05-27 19:12:57.939  3801  3801 D ANWJNI_SECOND: (3801|0x5467E4F8)[BTAPP] get auto_transfer data fail
05-27 19:12:57.939  3801  3801 D ANWJNI_SECOND: 
05-27 19:12:57.939  3801  3801 D ANWJNI_SECOND: (3801|0x5467E4F8)[BTAPP] get audio_dsp_mute data fail
05-27 19:12:57.939  3801  3801 D ANWJNI_SECOND: 
05-27 19:12:57.939   581   581 I SpiService: fgesysctrl_getGPIO_status success val=1
05-27 19:12:57.939  3801  3801 D ANWJNI_SECOND: (3801|0x5467E4F8)[BTAPP] get audio_dsp_delay data fail
05-27 19:12:57.939  3801  3801 D ANWJNI_SECOND: 
05-27 19:12:57.939  3801  3801 D ANWJNI_SECOND: (3801|0x5467E4F8)[BTAPP] XML : hfp_audio_driver_open 
05-27 19:12:57.939  3801  3801 D ANWJNI_SECOND: 
05-27 19:12:57.939  3801  3801 D ANWJNI_SECOND: (3801|0x5467E4F8)[BTAPP] hfp audio driver close
05-27 19:12:57.939  3801  3801 D ANWJNI_SECOND: 
05-27 19:12:57.939  3801  3801 D ANWJNI_SECOND: (3801|0x5467E4F8)[BTAPP] XML : hfp_wbs_open_data 
05-27 19:12:57.939  3801  3801 D ANWJNI_SECOND: 
05-27 19:12:57.939  3801  3801 D ANWJNI_SECOND: (3801|0x5467E4F8)[BTAPP] hfp wbs enable
05-27 19:12:57.939  3801  3801 D ANWJNI_SECOND: 
05-27 19:12:57.939  3801  3801 D ANWJNI_SECOND: (3801|0x5467E4F8)[BTAPP] get avrcp_browsing_open data fail
05-27 19:12:57.939  3801  3801 D ANWJNI_SECOND: 
05-27 19:12:57.939  3801  3801 D ANWJNI_SECOND: (3801|0x5467E4F8)[BTAPP] get connect_special_profile_id data fail
05-27 19:12:57.939  3801  3801 D ANWJNI_SECOND: 
05-27 19:12:57.939  3801  3801 D ANWJNI_SECOND: (3801|0x5467E4F8)[BTAPP] XML : connect_single_profile 
05-27 19:12:57.939  3801  3801 D ANWJNI_SECOND: 
05-27 19:12:57.939  3801  3801 D ANWJNI_SECOND: (3801|0x5467E4F8)[BTAPP] connect_single_profile open
05-27 19:12:57.939  3801  3801 D ANWJNI_SECOND: 
05-27 19:12:57.940  3801  3801 D ANWJNI_SECOND: (3801|0x5467E4F8)[BTAPP] XML : find waveout_pre_buffer_count setting
05-27 19:12:57.940  3801  3801 D ANWJNI_SECOND: 
05-27 19:12:57.940  3801  3801 D ANWJNI_SECOND: (3801|0x5467E4F8)[BTAPP] XML : set waveout_pre_buffer_count success(101)
05-27 19:12:57.940  3801  3801 D ANWJNI_SECOND: 
05-27 19:12:57.940  3801  3801 D ANWJNI_SECOND: (3801|0x5467E4F8)[BTAPP] XML : find waveout_pre_buffer_count setting
05-27 19:12:57.940  3801  3801 D ANWJNI_SECOND: 
05-27 09:04:06.898   581   581 D spi_rst_gpio_get_output: GPIO 145 value: 1
05-27 09:04:06.898   581   581 D spidev_ioctl: gpio status=1)
05-27 09:04:06.904   581   581 D spi_rst_gpio_get_output: GPIO 145 value: 1
05-27 09:04:06.904   581   581 D spidev_ioctl: gpio status=1)
05-27 19:12:57.940  3801  3801 D ANWJNI_SECOND: (3801|0x5467E4F8)[BTAPP] XML : set local_music_pre_buffer_count success(40)
05-27 19:12:57.940  3801  3801 D ANWJNI_SECOND: 
05-27 19:12:57.940  3801  3801 D ANWJNI_SECOND: (3801|0x5467E4F8)[BTAPP] XML : inband_ring 
05-27 19:12:57.940  3801  3801 D ANWJNI_SECOND: 
05-27 19:12:57.940  3801  3801 D ANWJNI_SECOND: (3801|0x5467E4F8)[BTAPP] inband_ring open
05-27 19:12:57.940  3801  3801 D ANWJNI_SECOND: 
05-27 19:12:57.940  3801  3801 D ANWJNI_SECOND: (3801|0x5467E4F8)[BTAPP] XML : find map_download_max_size setting
05-27 19:12:57.940  3801  3801 D ANWJNI_SECOND: 
05-27 19:12:57.940  3801  3801 D ANWJNI_SECOND: (3801|0x5467E4F8)[BTAPP] XML : set map_download_max_size failed(20)
05-27 19:12:57.940  3801  3801 D ANWJNI_SECOND: 
05-27 19:12:57.940  3801  3801 D ANWJNI_SECOND: (3801|0x5467E4F8)[BTAPP] XML : stack debug
05-27 19:12:57.940  3801  3801 D ANWJNI_SECOND: 
05-27 19:12:57.940  3801  3801 D ANWJNI_SECOND: (3801|0x5467E4F8)[BTAPP] XML : stack debug open
05-27 19:12:57.940  3801  3801 D ANWJNI_SECOND: 
05-27 19:12:57.940  3801  3801 D ANWAPI_SECOND: (3801|0x5467E4F8)[BTAPI] >>>AnWBT_Usr_DebugLog
05-27 19:12:57.940  3801  3801 D ANWAPI_SECOND: (3801|0x5467E4F8)[BTAPI] <<<<AnWBT_Usr_DebugLog: ret=0
05-27 19:12:57.940  3801  3801 D ANWJNI_SECOND: (3801|0x5467E4F8)[BTAPP] XML : app debug
05-27 19:12:57.940  3801  3801 D ANWJNI_SECOND: 
05-27 19:12:57.940  3801  3801 D ANWJNI_SECOND: (3801|0x5467E4F8)[BTAPP] XML : app debug open
05-27 19:12:57.940  3801  3801 D ANWJNI_SECOND: 
05-27 19:12:57.940  3801  3801 D ANWJNI_SECOND: (3801|0x5467E4F8)[BTAPP] XML : api debug
05-27 19:12:57.940  3801  3801 D ANWJNI_SECOND: 
05-27 19:12:57.940  3801  3801 D ANWJNI_SECOND: (3801|0x5467E4F8)[BTAPP] XML : api debug open
05-27 19:12:57.940  3801  3801 D ANWJNI_SECOND: 
05-27 19:12:57.940  3801  3801 D ANWJNI_SECOND: (3801|0x5467E4F8)[BTAPP] XML : hfp debug
05-27 19:12:57.940  3801  3801 D ANWJNI_SECOND: 
05-27 19:12:57.941  3801  3801 D ANWJNI_SECOND: (3801|0x5467E4F8)[BTAPP] XML : hfp debug open
05-27 19:12:57.941  3801  3801 D ANWJNI_SECOND: 
05-27 19:12:57.941  3801  3801 D ANWJNI_SECOND: (3801|0x5467E4F8)[BTAPP] XML : a2dp debug
05-27 19:12:57.941  3801  3801 D ANWJNI_SECOND: 
05-27 19:12:57.941  3801  3801 D ANWJNI_SECOND: (3801|0x5467E4F8)[BTAPP] XML : a2dp debug open
05-27 19:12:57.941  3801  3801 D ANWJNI_SECOND: 
05-27 19:12:57.941  3801  3801 D ANWJNI_SECOND: (3801|0x5467E4F8)[BTAPP] XML : waveout debug
05-27 19:12:57.941  3801  3801 D ANWJNI_SECOND: 
05-27 19:12:57.941  3801  3801 D ANWJNI_SECOND: (3801|0x5467E4F8)[BTAPP] XML : waveout debug open
05-27 19:12:57.941  3801  3801 D ANWJNI_SECOND: 
05-27 19:12:57.941  3801  3801 D ANWJNI_SECOND: (3801|0x5467E4F8)[BTAPP] XML : avrcp debug
05-27 19:12:57.941  3801  3801 D ANWJNI_SECOND: 
05-27 19:12:57.941  3801  3801 D ANWJNI_SECOND: (3801|0x5467E4F8)[BTAPP] XML : avrcp debug open
05-27 19:12:57.941  3801  3801 D ANWJNI_SECOND: 
05-27 19:12:57.941  3801  3801 D ANWJNI_SECOND: (3801|0x5467E4F8)[BTAPP] XML : pbap debug
05-27 19:12:57.941  3801  3801 D ANWJNI_SECOND: 
05-27 19:12:57.941  3801  3801 D ANWJNI_SECOND: (3801|0x5467E4F8)[BTAPP] XML : pbap debug open
05-27 19:12:57.941  3801  3801 D ANWJNI_SECOND: 
05-27 19:12:57.941  3801  3801 D ANWJNI_SECOND: (3801|0x5467E4F8)[BTAPP] XML : map debug
05-27 19:12:57.941  3801  3801 D ANWJNI_SECOND: 
05-27 19:12:57.941  3801  3801 D ANWJNI_SECOND: (3801|0x5467E4F8)[BTAPP] XML : map debug open
05-27 19:12:57.941  3801  3801 D ANWJNI_SECOND: 
05-27 19:12:57.941  3801  3801 D ANWJNI_SECOND: (3801|0x5467E4F8)[BTAPP] get debug_iap data fail
05-27 19:12:57.941  3801  3801 D ANWJNI_SECOND: 
05-27 19:12:57.941  3801  3801 D ANWJNI_SECOND: (3801|0x5467E4F8)[BTAPP] XML : btsnoop
05-27 19:12:57.941  3801  3801 D ANWJNI_SECOND: 
05-27 19:12:57.942  3801  3801 D ANWJNI_SECOND: (3801|0x5467E4F8)[BTAPP] XML : btsnoop open
05-27 19:12:57.942  3801  3801 D ANWJNI_SECOND: 
05-27 19:12:57.942  3801  3801 D ANWJNI_SECOND: (3801|0x5467E4F8)[BTAPP] XML : file_path 
05-27 19:12:57.942  3801  3801 D ANWJNI_SECOND: 
05-27 19:12:57.942  3801  3801 D ANWJNI_SECOND: (3801|0x5467E4F8)[BTAPP] XML : file_path /data/misc/anw/ is exist,so break
05-27 19:12:57.942  3801  3801 D ANWJNI_SECOND: 
05-27 19:12:57.942  3801  3801 D ANW_AVRCP_SECOND: AnWBT_Set_Storage_Path path /data/misc/anw/
05-27 19:12:57.942  3801  3801 D ANWJNI_SECOND: (3801|0x5467E4F8)[BTAPP] XML : btsnoop_file_path 
05-27 19:12:57.942  3801  3801 D ANWJNI_SECOND: 
05-27 19:12:57.942  3801  3801 D ANWJNI_SECOND: (3801|0x5467E4F8)[BTAPP] XML : btsnoop_path /data/misc/anw/logs/ is exist,so break
05-27 19:12:57.942  3801  3801 D ANWJNI_SECOND: 
05-27 19:12:57.942  3801  3801 D ANWJNI_SECOND: (3801|0x5467E4F8)[BTAPP] XML : find btsnoop_file_size_MB setting
05-27 19:12:57.942  3801  3801 D ANWJNI_SECOND: 
05-27 19:12:57.942  3801  3801 D ANWJNI_SECOND: (3801|0x5467E4F8)[BTAPP] XML : find maxBtSnoopFileSize_MB(100)(100)
05-27 19:12:57.942  3801  3801 D ANWJNI_SECOND: 
05-27 19:12:57.942  3801  3801 D ANWJNI_SECOND: (3801|0x5467E4F8)[BTAPP] XML : find rfkillstate_path:/sys/class/gpio/gpio142/value
05-27 19:12:57.942  3801  3801 D ANWJNI_SECOND: 
05-27 19:12:57.942  3801  3801 D ANWAPI_SECOND: (3801|0x5467E4F8)[BTAPI] AnW_BT_SetRfkillStatePath
05-27 19:12:57.942  3801  3801 D ANWJNI_SECOND: (3801|0x5467E4F8)[BTAPP] get dump_pcm data fail
05-27 19:12:57.942  3801  3801 D ANWJNI_SECOND: 
05-27 19:12:57.942  3801  3801 D ANWJNI_SECOND: (3801|0x5467E4F8)[BTAPP] XML : accept_avrcp_ct_control
05-27 19:12:57.942  3801  3801 D ANWJNI_SECOND: 
05-27 19:12:57.942  3801  3801 D ANWJNI_SECOND: (3801|0x5467E4F8)[BTAPP] XML : accept_avrcp_ct_control close
05-27 19:12:57.942  3801  3801 D ANWJNI_SECOND: 
05-27 19:12:57.943  3801  3801 D ANWJNI_SECOND: (3801|0x5467E4F8)[BTAPP] XML : find maxHFPAGConnNum setting
05-27 19:12:57.943  3801  3801 D ANWJNI_SECOND: 
05-27 19:12:57.943  3801  3801 D ANWJNI_SECOND: (3801|0x5467E4F8)[BTAPP] XML : find maxHFPAGConnNum(2)(2)
05-27 19:12:57.943  3801  3801 D ANWJNI_SECOND: 
05-27 19:12:57.943  3801  3801 D ANWJNI_SECOND: (3801|0x5467E4F8)[BTAPP] XML : find maxHFPHFConnNum setting
05-27 19:12:57.943  3801  3801 D ANWJNI_SECOND: 
05-27 19:12:57.943  3801  3801 D ANWJNI_SECOND: (3801|0x5467E4F8)[BTAPP] XML : find maxHFPHFConnNum(0)(0)
05-27 19:12:57.943  3801  3801 D ANWJNI_SECOND: 
05-27 19:12:57.943  3801  3801 D ANWJNI_SECOND: (3801|0x5467E4F8)[BTAPP] XML : find maxPBAPConnNum setting
05-27 19:12:57.943  3801  3801 D ANWJNI_SECOND: 
05-27 19:12:57.943  3801  3801 D ANWJNI_SECOND: (3801|0x5467E4F8)[BTAPP] XML : find maxPBAPConnNum(0)(0)
05-27 19:12:57.943  3801  3801 D ANWJNI_SECOND: 
05-27 19:12:57.943  3801  3801 D ANWJNI_SECOND: (3801|0x5467E4F8)[BTAPP] XML : find maxMAPConnNum setting
05-27 19:12:57.943  3801  3801 D ANWJNI_SECOND: 
05-27 19:12:57.943  3801  3801 D ANWJNI_SECOND: (3801|0x5467E4F8)[BTAPP] XML : find maxMAPConnNum(0)(0)
05-27 19:12:57.943  3801  3801 D ANWJNI_SECOND: 
05-27 19:12:57.943  3801  3801 D ANWJNI_SECOND: (3801|0x5467E4F8)[BTAPP] XML : find maxA2DPSinkConnNum setting
05-27 19:12:57.943  3801  3801 D ANWJNI_SECOND: 
05-27 19:12:57.943  3801  3801 D ANWJNI_SECOND: (3801|0x5467E4F8)[BTAPP] XML : find maxA2DPSinkConnNum(0)(0)
05-27 19:12:57.943  3801  3801 D ANWJNI_SECOND: 
05-27 19:12:57.943  3801  3801 D ANWJNI_SECOND: (3801|0x5467E4F8)[BTAPP] XML : find maxA2DPSourceConnNum setting
05-27 19:12:57.943  3801  3801 D ANWJNI_SECOND: 
05-27 19:12:57.943  3801  3801 D ANWJNI_SECOND: (3801|0x5467E4F8)[BTAPP] XML : find maxA2DPSourceConnNum(2)(2)
05-27 19:12:57.943  3801  3801 D ANWJNI_SECOND: 
05-27 19:12:57.943  3801  3801 D ANWJNI_SECOND: (3801|0x5467E4F8)[BTAPP] XML : find maxAVRCPCTConnNum setting
05-27 19:12:57.943  3801  3801 D ANWJNI_SECOND: 
05-27 19:12:57.943  3801  3801 D ANWJNI_SECOND: (3801|0x5467E4F8)[BTAPP] XML : find (0)(0)
05-27 19:12:57.943  3801  3801 D ANWJNI_SECOND: 
05-27 19:12:57.943  3801  3801 D ANWJNI_SECOND: (3801|0x5467E4F8)[BTAPP] XML : find maxAVRCPTGConnNum setting
05-27 19:12:57.943  3801  3801 D ANWJNI_SECOND: 
05-27 19:12:57.943  3801  3801 D ANWJNI_SECOND: (3801|0x5467E4F8)[BTAPP] XML : find maxAVRCPTGConnNum(2)(2)
05-27 19:12:57.943  3801  3801 D ANWJNI_SECOND: 
05-27 19:12:57.943  3801  3801 D ANWJNI_SECOND: (3801|0x5467E4F8)[BTAPP] XML : find maxDeviceConnNum setting
05-27 19:12:57.943  3801  3801 D ANWJNI_SECOND: 
05-27 19:12:57.943  3801  3801 D ANWJNI_SECOND: (3801|0x5467E4F8)[BTAPP] XML : find maxDeviceConnNum(2)(2)
05-27 19:12:57.943  3801  3801 D ANWJNI_SECOND: 
05-27 19:12:57.943  3801  3801 D ANWJNI_SECOND: (3801|0x5467E4F8)[BTAPP] XML : find maxSCOConnNum setting
05-27 19:12:57.943  3801  3801 D ANWJNI_SECOND: 
05-27 19:12:57.943  3801  3801 D ANWJNI_SECOND: (3801|0x5467E4F8)[BTAPP] XML : find maxSCOConnNum(2)(2)
05-27 19:12:57.943  3801  3801 D ANWJNI_SECOND: 
05-27 19:12:57.944  3801  3801 D ANWJNI_SECOND: (3801|0x5467E4F8)[BTAPP] XML : find maxHFSCOConnNum setting
05-27 19:12:57.944  3801  3801 D ANWJNI_SECOND: 
05-27 19:12:57.944  3801  3801 D ANWJNI_SECOND: (3801|0x5467E4F8)[BTAPP] XML : find maxHFSCOConnNum(0)(0)
05-27 19:12:57.944  3801  3801 D ANWJNI_SECOND: 
05-27 19:12:57.944  3801  3801 D ANWJNI_SECOND: (3801|0x5467E4F8)[BTAPP] XML : find maxAGSCOConnNum setting
05-27 19:12:57.944  3801  3801 D ANWJNI_SECOND: 
05-27 19:12:57.944  3801  3801 D ANWJNI_SECOND: (3801|0x5467E4F8)[BTAPP] XML : find maxAGSCOConnNum(2)(2)
05-27 19:12:57.944  3801  3801 D ANWJNI_SECOND: 
05-27 19:12:57.944  3801  3801 D ANWJNI_SECOND: (3801|0x5467E4F8)[BTAPP] XML : find maxOppConnNum_data setting
05-27 19:12:57.944  3801  3801 D ANWJNI_SECOND: 
05-27 19:12:57.944  3801  3801 D ANWJNI_SECOND: (3801|0x5467E4F8)[BTAPP] XML : find maxOPPConnNum(0)(0)
05-27 19:12:57.944  3801  3801 D ANWJNI_SECOND: 
05-27 19:12:57.944  3801  3801 D ANWJNI_SECOND: (3801|0x5467E4F8)[BTAPP] XML : find maxHidHostConnNum_data setting
05-27 19:12:57.944  3801  3801 D ANWJNI_SECOND: 
05-27 19:12:57.944  3801  3801 D ANWJNI_SECOND: (3801|0x5467E4F8)[BTAPP] XML : find maxHidHostConnNum(0)(0)
05-27 19:12:57.944  3801  3801 D ANWJNI_SECOND: 
05-27 19:12:57.944  3801  3801 D ANWJNI_SECOND: (3801|0x5467E4F8)[BTAPP] XML : music_mode_auto_select
05-27 19:12:57.944  3801  3801 D ANWJNI_SECOND: 
05-27 19:12:57.944  3801  3801 D ANWJNI_SECOND: (3801|0x5467E4F8)[BTAPP] XML : music_mode_auto_select open
05-27 19:12:57.944  3801  3801 D ANWJNI_SECOND: 
05-27 19:12:57.944  3801  3801 D ANWJNI_SECOND: (3801|0x5467E4F8)[BTAPP] XML : BQB_test_setting
05-27 19:12:57.944  3801  3801 D ANWJNI_SECOND: 
05-27 19:12:57.944  3801  3801 D ANWJNI_SECOND: (3801|0x5467E4F8)[BTAPP] XML : BQB_test_setting close
05-27 19:12:57.944  3801  3801 D ANWJNI_SECOND: 
05-27 19:12:57.944  3801  3801 D ANWJNI_SECOND: (3801|0x5467E4F8)[BTAPP] XML : find aaudio_device_id setting
05-27 19:12:57.944  3801  3801 D ANWJNI_SECOND: 
05-27 19:12:57.944  3801  3801 D ANWJNI_SECOND: (3801|0x5467E4F8)[BTAPP] XML : find aaudio_device_id(16)(16)
05-27 19:12:57.944  3801  3801 D ANWJNI_SECOND: 
05-27 19:12:57.944  3801  3801 D ANWJNI_SECOND: (3801|0x5467E4F8)[BTAPP] XML : local_device_name_data 
05-27 19:12:57.944  3801  3801 D ANWJNI_SECOND: 
05-27 19:12:57.944  3801  3801 D ANWAPI_SECOND: (3801|0x5467E4F8)[BTAPI] AnWBT_Set_Local_Device_Before_Init LJ_FUJIA
05-27 19:12:57.944   581   581 I SpiService: fgesysctrl_getGPIO_status success val=0
05-27 19:12:57.944  3801  3801 D ANWJNI_SECOND: (3801|0x5467E4F8)[BTAPP] get a2dp_sink_pcm data fail
05-27 19:12:57.944  3801  3801 D ANWJNI_SECOND: 
05-27 19:12:57.944  3801  3801 D ANWJNI_SECOND: (3801|0x5467E4F8)[BTAPP] XML : master_device_file_path 
05-27 19:12:57.944  3801  3801 D ANWJNI_SECOND: 
05-27 19:12:57.944  3801  3801 D ANWJNI_SECOND: (3801|0x5467E4F8)[BTAPP] XML : master_device_file_path /anw/target_device_info is not exist
05-27 19:12:57.944  3801  3801 D ANWJNI_SECOND: 
05-27 19:12:57.945  3801  3801 D ANWJNI_SECOND: (3801|0x5467E4F8)[BTAPP] XML : read_rssi_switch
05-27 19:12:57.945  3801  3801 D ANWJNI_SECOND: 
05-27 19:12:57.945  3801  3801 D ANWJNI_SECOND: (3801|0x5467E4F8)[BTAPP] XML : read_rssi_switch close
05-27 19:12:57.945  3801  3801 D ANWJNI_SECOND: 
05-27 19:12:57.945  3801  3801 D ANWJNI_SECOND: (3801|0x5467E4F8)[BTAPP] XML : pbapClient_autoConnectAndDownload
05-27 19:12:57.945  3801  3801 D ANWJNI_SECOND: 
05-27 19:12:57.945  3801  3801 D ANWJNI_SECOND: (3801|0x5467E4F8)[BTAPP] XML : PBAP Client auto connect an download close
05-27 19:12:57.945  3801  3801 D ANWJNI_SECOND: 
05-27 19:12:57.945  3801  3801 D ANWJNI_SECOND: (3801|0x5467E4F8)[BTAPP] get callDisconnect_AutoDownloadCalllog data fail
05-27 19:12:57.945  3801  3801 D ANWJNI_SECOND: 
05-27 19:12:57.945  3801  3801 D ANWJNI_SECOND: (3801|0x5467E4F8)[BTAPP] XML : UART_path 
05-27 19:12:57.945  3801  3801 D ANWJNI_SECOND: 
05-27 19:12:57.945  3801  3801 D ANWJNI_SECOND: (3801|0x5467E4F8)[BTAPP] XML : UART_path:[/dev/ttyS3]
05-27 19:12:57.945  3801  3801 D ANWJNI_SECOND: 
05-27 19:12:57.945  3801  3801 D ANWJNI_SECOND: (3801|0x5467E4F8)[BTAPP] get BTADDR_path data fail
05-27 19:12:57.945  3801  3801 D ANWJNI_SECOND: 
05-27 19:12:57.945  3801  3801 D ANWJNI_SECOND: (3801|0x5467E4F8)[BTAPP] XML : BTADDR path not find
05-27 19:12:57.945  3801  3801 D ANWJNI_SECOND: 
05-27 19:12:57.945  3801  3801 D ANWJNI_SECOND: (3801|0x5467E4F8)[BTAPP] XML : find UART_baudRate_init(115200)
05-27 19:12:57.945  3801  3801 D ANWJNI_SECOND: 
05-27 19:12:57.945  3801  3801 D ANWJNI_SECOND: (3801|0x5467E4F8)[BTAPP] XML : find UART_baudRate_normal(3000000)
05-27 19:12:57.945  3801  3801 D ANWJNI_SECOND: 
05-27 19:12:57.945  3801  3801 D ANWJNI_SECOND: (3801|0x5467E4F8)[BTAPP] XML : AVRCP_ABSOLUTE_VOLUME
05-27 19:12:57.945  3801  3801 D ANWJNI_SECOND: 
05-27 19:12:57.945  3801  3801 D ANWJNI_SECOND: (3801|0x5467E4F8)[BTAPP] XML : avrcp absolute volume change open
05-27 19:12:57.945  3801  3801 D ANWJNI_SECOND: 
05-27 19:12:57.945  3801  3801 D ANWAPI_SECOND: (3801|0x5467E4F8)[BTAPI] AnWBT_Set_Avrcp_Absoulte_Volume_Change[1]
05-27 19:12:57.945  3801  3801 D ANWJNI_SECOND: (3801|0x5467E4F8)[BTAPP] get generate_random_address data fail
05-27 19:12:57.945  3801  3801 D ANWJNI_SECOND: 
05-27 19:12:57.945  3801  3801 D ANWJNI_SECOND: (3801|0x5467E4F8)[BTAPP] get reject_a2dp_avrcp data fail
05-27 19:12:57.945  3801  3801 D ANWJNI_SECOND: 
05-27 19:12:57.945  3801  3801 D ANWJNI_SECOND: (3801|0x5467E4F8)[BTAPP] XML : find connect_by_sdp_limit setting
05-27 19:12:57.945  3801  3801 D ANWJNI_SECOND: 
05-27 19:12:57.945  3801  3801 D ANWJNI_SECOND: (3801|0x5467E4F8)[BTAPP] connect_by_sdp_limit set(close)
05-27 19:12:57.945  3801  3801 D ANWJNI_SECOND: 
05-27 19:12:57.946  3801  3801 D ANWJNI_SECOND: (3801|0x5467E4F8)[BTAPP] XML : find hfpag_auto_select_main_device setting
05-27 19:12:57.946  3801  3801 D ANWJNI_SECOND: 
05-27 19:12:57.946  3801  3801 D ANWJNI_SECOND: (3801|0x5467E4F8)[BTAPP] hfpag_auto_select_main_device set(open)
05-27 19:12:57.946  3801  3801 D ANWJNI_SECOND: 
05-27 19:12:57.946  3801  3801 D ANWJNI_SECOND: (3801|0x5467E4F8)[BTAPP] XML : find waveout_file_size_MB setting
05-27 19:12:57.946  3801  3801 D ANWJNI_SECOND: 
05-27 19:12:57.946  3801  3801 D ANWJNI_SECOND: (3801|0x5467E4F8)[BTAPP] XML : find waveout_file_size_MB_data(50)
05-27 19:12:57.946  3801  3801 D ANWJNI_SECOND: 
05-27 19:12:57.946  3801  3801 D ANWJNI_SECOND: (3801|0x5467E4F8)[BTAPP] free source_data
05-27 19:12:57.946  3801  3801 D ANWJNI_SECOND: 
05-27 19:12:57.946  3801  3801 D ANWJNI_SECOND: (3801|0x5467E4F8)[BTAPP] Read XMLfile End
05-27 19:12:57.946  3801  3801 D ANWJNI_SECOND: 
05-27 19:12:57.946  3801  3801 D ANWJNI_SECOND: (3801|0x5467E4F8)[BTAPP] run Read (/system/etc/bluetooth/anw_AA_CP_setting.cfg) Start
05-27 19:12:57.946  3801  3801 D ANWJNI_SECOND: 
05-27 19:12:57.946  3801  3801 D ANWJNI_SECOND: (3801|0x5467E4F8)[BTAPP] open BT config file (/system/etc/bluetooth/anw_AA_CP_setting.cfg) failed.
05-27 19:12:57.946  3801  3801 D ANWJNI_SECOND: 
05-27 19:12:57.946  3801  3801 D ANWJNI_SECOND: (3801|0x5467E4F8)[BTAPP] run Read (/data/misc/anw//btmonitor_lastrecord) Start
05-27 19:12:57.946  3801  3801 D ANWJNI_SECOND: 
05-27 19:12:57.946  3801  3801 D ANWJNI_SECOND: (3801|0x5467E4F8)[BTAPP] open BT last record file (/data/misc/anw//btmonitor_lastrecord) success.
05-27 19:12:57.946  3801  3801 D ANWJNI_SECOND: 
05-27 19:12:57.946  3801  3801 D ANWJNI_SECOND: (3801|0x5467E4F8)[BTAPP] read last_connected_device last_scan_mode::3
05-27 19:12:57.946  3801  3801 D ANWJNI_SECOND: 
05-27 19:12:57.946  3801  3801 D ANWJNI_SECOND: 
05-27 19:12:57.946  3801  3801 D ANWJNI_SECOND: (3801|0x5467E4F8)[BTAPP] read last_scan_mode
05-27 19:12:57.946  3801  3801 D ANWJNI_SECOND: 
05-27 19:12:57.946  3801  3801 D ANWJNI_SECOND: (3801|0x5467E4F8)[BTAPP] last_scan_mode find,value is 3
05-27 19:12:57.946  3801  3801 D ANWJNI_SECOND: 
05-27 19:12:57.946  3801  3801 D ANWJNI_SECOND: (3801|0x5467E4F8)[BTAPP] read last_poweron_state
05-27 19:12:57.946  3801  3801 D ANWJNI_SECOND: 
05-27 19:12:57.946  3801  3801 I ANWJNI_SECOND: --- JNI_OnLoad
05-27 09:04:06.909   581   581 D spi_rst_gpio_get_output: GPIO 145 value: 0
05-27 09:04:06.909   581   581 D spidev_ioctl: gpio status=0)
05-27 19:12:57.950 13911 14183 I SentryImuMcuAngleSender: 179.986rollDeg
05-27 19:12:57.950 13911 14183 I SentryImuMcuAngleSender: 1,0,0
05-27 19:12:57.953  3801  3801 D AnwSdkService: onCreate
05-27 19:12:57.953  3801  3801 D AnwSdkService: run createMessageHandleThread
05-27 19:12:57.954  3801  3801 D AnwSdkService: run createAudioFocusListenerMessageHandleThread
05-27 19:12:57.955   572   572 I Sensors : 230 AccelSensor: x:-0.169580,y:0.003659,z:-9.969840
05-27 19:12:57.957   283   307 I rvcservice: t.code = 4, t.value = 0
05-27 19:12:57.958   581   581 I SpiService: fgesysctrl_getGPIO_status success val=1
05-27 19:12:57.959  3801  3801 I AnwSdkService: mhcilog1:
05-27 19:12:57.959  3801  3801 I AnwSdkService: mhcilog4:
05-27 09:04:06.923   581   581 D spi_rst_gpio_get_output: GPIO 145 value: 1
05-27 09:04:06.923   581   581 D spidev_ioctl: gpio status=1)
05-27 19:12:57.962   536   536 D commservice260303: msg.id = 1028,0
05-27 19:12:57.962   536   536 D commservice260303: i = 170, msgid = 8A000404
05-27 19:12:57.962   536   536 D commservice260303: msgid = -1979710460,did=138
05-27 19:12:57.962   536   536 D commservice260303: CommProtocolLibCmdBaseI2C::dataproc {"command":{"id":"imu_status","sub":""},"content":{"TimeStamp":12,"FrameCounter":288325,"GD_X":-0.011070843786001205,"GD_Y":0.0059551820158958435,"GD_Z":0.0018319635419175029,"AD_X":-0.003730475902557373,"AD_Y":-6.132305134087801E-4,"AD_Z":-0.16459178924560547,"TempDsp":0,"Status":0,"CalibState":1,"SigAmpInvalid":0}},-1979710460
05-27 19:12:57.962   536   536 D commservice260303: send2Cluster len:318, 7B22636F6D6D616E64223A7B226964223A22696D755F737461747573222C22737562223A22227D2C22636F6E74656E74223A7B2254696D655374616D70223A31322C224672616D65436F756E746572223A3238383332352C2247445F58223A2D302E3031313037303834333738363030313230352C2247445F59223A302E303035393535313832303135383935383433352C2247445F5A223A302E303031383331393633353431393137353032392C2241445F58223A2D302E3030333733303437353930323535373337332C2241445F59223A2D362E313332333035313334303837383031452D342C2241445F5A223A2D302E31363435393137383932343536303534372C2254656D70447370223A302C22537461747573223A302C2243616C69625374617465223A312C22536967416D70496E76616C6964223A307D7D, 138 
05-27 19:12:57.962   536   536 D commservice260303: Push Message into SendPool fn=497681408
05-27 19:12:57.962   536   536 D commservice260303: ComProtocolLibSend2Cluster::send2ClusterRaw fn=497681408 , len=334
05-27 19:12:57.962   536   536 D commservice260303: sendCmdToPort :334!!!
05-27 19:12:57.962   536   536 D commservice260303: send Cmd To Port ++++5AA5014A8A010004AA1D6A16D1B97B22636F6D6D616E64223A7B226964223A22696D755F737461747573222C22737562223A22227D2C22636F6E74656E74223A7B2254696D655374616D70223A31322C224672616D65436F756E746572223A3238383332352C2247445F58223A2D302E3031313037303834333738363030313230352C2247445F59223A302E303035393535313832303135383935383433352C2247445F5A223A302E303031383331393633353431393137353032392C2241445F58223A2D302E3030333733303437353930323535373337332C2241445F59223A2D362E313332333035313334303837383031452D342C2241445F5A223A2D302E31363435393137383932343536303534372C2254656D70447370223A302C22537461747573223A302C2243616C69625374617465223A312C22536967416D70496E76616C6964223A307D7D6681
05-27 19:12:57.962   536   536 D commservice260303: bufferevent_write retrun value = 0
05-27 19:12:57.962   536   560 D commservice260303: client datas send succeed,send finish
05-27 19:12:57.963 10188 11034 D InputReader: syncTouch: pointerCount 1 -> 1, touching ids 0x80000000 -> 0x80000000, hovering ids 0x00000000 -> 0x00000000, canceled ids 0x00000000
05-27 19:12:57.963 10188 11034 D InputReader: dispatchTouches action MOVE now(ns): 12245213979045
05-27 19:12:57.963 10188 11034 D InputReader: notifyMotion call dispatcher
05-27 19:12:57.963 10188 10632 D VelocityTracker: VelocityTracker: stopped for 67.201 ms, clearing state.
05-27 09:04:06.928   581   581 D spi_rst_gpio_get_output: GPIO 145 value: 1
05-27 19:12:57.963 13911 14192 D Sentinelmode_1.2.5.17_sentry: <SentryImuClusterFgeSender>imu_status sent to Linux, frame=288325, tsNs=12245205, tsMs=12, intervalMs=42, ad=(-0.003730476,-6.132305E-4,-0.16459179), gd=(-0.011070844,0.005955182,0.0018319635)
05-27 19:12:57.963 10188 10632 D VelocityTracker: VelocityTracker: addMovement eventTime=12245213798000, idBits=0x80000000, activePointerId=0
05-27 19:12:57.963 10188 10632 D VelocityTracker:   0: position (257.799, 374.480), estimator (degree=0, xCoeff=[ 257.798584 ], yCoeff=[ 374.479889 ], confidence=1.000000)
05-27 19:12:57.963   581   581 I SpiService: fgesysctrl_getGPIO_status success val=1
05-27 09:04:06.928   581   581 D spidev_ioctl: gpio status=1)
05-27 19:12:57.969   581   581 I SpiService: fgesysctrl_getGPIO_status success val=1
05-27 19:12:57.969  3801  3801 I ANWJNI_SECOND: +++ InitialCallback=====
05-27 19:12:57.971  3801  3801 I ANWJNI_SECOND: --- InitialCallback(77)(78)
05-27 19:12:57.971 13911 14183 I SentryImuMcuAngleSender: 179.97897rollDeg
05-27 19:12:57.971  3801  3801 I ANWJNI_SECOND: --- InitialCallback(79)(80)
05-27 19:12:57.971 13911 14183 I SentryImuMcuAngleSender: 1,0,0
05-27 19:12:57.971  3801  3801 I ANWJNI_SECOND: --- InitialCallback:0
05-27 19:12:57.971  3801  3801 D AnwSdkService: onCreate:0,78,80
05-27 19:12:57.971  3801  3801 D AnwSdkService: pbap_socket_fd1 = 78
05-27 19:12:57.971  3801  3801 D AnwSdkService: run createPbapContactMessageHandleThread
05-27 09:04:06.933   581   581 D spi_rst_gpio_get_output: GPIO 145 value: 1
05-27 09:04:06.933   581   581 D spidev_ioctl: gpio status=1)
05-27 19:12:57.973   830   830 D SurfaceFlinger: unisoc-graphics, commit has frameMissed:2, vysncId:449171
05-27 19:12:57.973  3801  3801 D AnwSdkService: run createPbapParsedDataUpdateMessageHandleThread
05-27 19:12:57.974   581   581 I SpiService: fgesysctrl_getGPIO_status success val=1
05-27 19:12:57.978  3801  3801 W ContextImpl: Calling a method in the system process without a qualified user: android.app.ContextImpl.startService:1863 android.content.ContextWrapper.startService:817 com.anwsdk.service.anwbtservice.onCreate:7516 android.app.ActivityThread.handleCreateService:4616 android.app.ActivityThread.-$$Nest$mhandleCreateService:0 
05-27 09:04:06.939   581   581 D spi_rst_gpio_get_output: GPIO 145 value: 1
05-27 09:04:06.939   581   581 D spidev_ioctl: gpio status=1)
05-27 19:12:57.980   581   581 I SpiService: fgesysctrl_getGPIO_status success val=1
05-27 19:12:57.980 10188 11034 D InputReader: syncTouch: pointerCount 1 -> 1, touching ids 0x80000000 -> 0x80000000, hovering ids 0x00000000 -> 0x00000000, canceled ids 0x00000000
05-27 19:12:57.980 10188 11034 D InputReader: dispatchTouches action MOVE now(ns): 12245231121430
05-27 19:12:57.980 10188  7044 W ActivityManager: Unable to start service Intent { cmp=com.anwsdk.service/.HfpClientConnectionService } U=0: not found with resolvedType = null, flags = 268436480, userId = 0, callingUid = 1000
05-27 19:12:57.980 10188 11034 D InputReader: notifyMotion call dispatcher
05-27 19:12:57.980 10188 10632 D VelocityTracker: VelocityTracker: addMovement eventTime=12245230647000, idBits=0x80000000, activePointerId=0
05-27 19:12:57.980  3801  3801 D AnwSdkService: 20210721 checking self APK rom size
05-27 19:12:57.980 10188 10632 D VelocityTracker: solveLeastSquares: m=2, n=2, x=[ 0.000000, -0.016849 ], y=[ 259.797028, 257.798584 ], w=[ 1.000000, 1.000000 ]
05-27 19:12:57.980 10188 10632 D VelocityTracker:   - a=[ [ 1.000000, 0.000000 ], [ 1.000000, -0.016849 ] ]
05-27 19:12:57.981 10188 10632 D VelocityTracker:   - q=[ [ 0.707107, 0.707107 ], [ 0.707107, -0.707107 ] ]
05-27 19:12:57.981 10188 10632 D VelocityTracker:   - r=[ [ 1.414214, -0.011914 ], [ 0.000000, 0.011914 ] ]
05-27 19:12:57.981 10188 10632 D VelocityTracker:   - qr=[ [ 1.000000, 0.000000 ], [ 1.000000, -0.016849 ] ]
05-27 19:12:57.981 10188 10632 D VelocityTracker:   - b=[ 259.797028, 118.609322 ]
05-27 19:12:57.981 10188 10632 D VelocityTracker:   - sserr=0.000000
05-27 19:12:57.981 10188 10632 D VelocityTracker:   - sstot=1.996888
05-27 09:04:06.944   581   581 D spi_rst_gpio_get_output: GPIO 145 value: 1
05-27 09:04:06.944   581   581 D spidev_ioctl: gpio status=1)
05-27 19:12:57.981 10188 10632 D VelocityTracker:   - det=1.000000
05-27 19:12:57.981 10188 10632 D VelocityTracker: solveLeastSquares: m=2, n=2, x=[ 0.000000, -0.016849 ], y=[ 402.441071, 374.479889 ], w=[ 1.000000, 1.000000 ]
05-27 19:12:57.981 10188 10632 D VelocityTracker:   - a=[ [ 1.000000, 0.000000 ], [ 1.000000, -0.016849 ] ]
05-27 19:12:57.981 10188 10632 D VelocityTracker:   - q=[ [ 0.707107, 0.707107 ], [ 0.707107, -0.707107 ] ]
05-27 19:12:57.981 10188 10632 D VelocityTracker:   - r=[ [ 1.414214, -0.011914 ], [ 0.000000, 0.011914 ] ]
05-27 19:12:57.981 10188 10632 D VelocityTracker:   - qr=[ [ 1.000000, 0.000000 ], [ 1.000000, -0.016849 ] ]
05-27 19:12:57.981 10188 10632 D VelocityTracker:   - b=[ 402.441101, 1659.516235 ]
05-27 19:12:57.981 10188 10632 D VelocityTracker:   - sserr=0.000000
05-27 19:12:57.981 10188 10632 D VelocityTracker:   - sstot=390.913849
05-27 19:12:57.981 10188 10632 D VelocityTracker:   - det=1.000000
05-27 19:12:57.981 10188 10632 D VelocityTracker: estimate: degree=1, xCoeff=[ 259.797028, 118.609322 ], yCoeff=[ 402.441101, 1659.516235 ], confidence=1.000000
05-27 19:12:57.981 10188 10632 D VelocityTracker:   0: position (259.797, 402.441), estimator (degree=1, xCoeff=[ 259.797028, 118.609322 ], yCoeff=[ 402.441101, 1659.516235 ], confidence=1.000000)
05-27 19:12:57.985   581   581 I SpiService: fgesysctrl_getGPIO_status success val=0
05-27 09:04:06.950   581   581 D spi_rst_gpio_get_output: GPIO 145 value: 0
05-27 09:04:06.950   581   581 D spidev_ioctl: gpio status=0)
05-27 19:12:57.990   830   830 D SurfaceFlinger: unisoc-graphics, commit has frameMissed:2, vysncId:449186
05-27 19:12:57.992 13911 14183 I SentryImuMcuAngleSender: 179.97198rollDeg
05-27 19:12:57.992 13911 14183 I SentryImuMcuAngleSender: 1,0,0
05-27 09:04:06.957     0     0 W         : c6 [    C6] Irq_monitor:Irq                                           IPI[1]occur        8916 times interval 1020 ms
05-27 19:12:57.997 10188 11034 D InputReader: syncTouch: pointerCount 1 -> 1, touching ids 0x80000000 -> 0x80000000, hovering ids 0x00000000 -> 0x00000000, canceled ids 0x00000000
05-27 19:12:57.997 10188 11034 D InputReader: dispatchTouches action MOVE now(ns): 12245248062315
05-27 19:12:57.997 10188 11034 D InputReader: notifyMotion call dispatcher
05-27 19:12:57.997 10188 10632 D VelocityTracker: VelocityTracker: addMovement eventTime=12245247846000, idBits=0x80000000, activePointerId=0
05-27 19:12:57.997 10188 10632 D VelocityTracker:   0: position (259.797, 430.402), estimator (degree=2, xCoeff=[ 259.797089, -59.900932, -3483.246582 ], yCoeff=[ 430.402069, 1608.659424, -992.507690 ], confidence=1.000000)
05-27 19:12:57.999   581   581 I SpiService: fgesysctrl_getGPIO_status success val=1
05-27 09:04:06.962   303   303 I [Audio:SBLCK] p_tt: 1584362,1584362
05-27 09:04:06.963   581   581 D spi_rst_gpio_get_output: GPIO 145 value: 1
05-27 09:04:06.963   581   581 D spidev_ioctl: gpio status=1)
05-27 19:12:58.004   536   536 D commservice260303: msg.id = 1028,0
05-27 19:12:58.004   536   536 D commservice260303: i = 170, msgid = 8A000404
05-27 19:12:58.004   536   536 D commservice260303: msgid = -1979710460,did=138
05-27 19:12:58.004   536   536 D commservice260303: CommProtocolLibCmdBaseI2C::dataproc {"command":{"id":"imu_status","sub":""},"content":{"TimeStamp":12,"FrameCounter":288326,"GD_X":-0.011147825978696346,"GD_Y":0.004963258747011423,"GD_Z":0.0021378109231591225,"AD_X":-0.0061500221490859985,"AD_Y":6.057946011424065E-4,"AD_Z":-0.17191123962402344,"TempDsp":0,"Status":0,"CalibState":1,"SigAmpInvalid":0}},-1979710460
05-27 19:12:58.004   536   536 D commservice260303: send2Cluster len:317, 7B22636F6D6D616E64223A7B226964223A22696D755F737461747573222C22737562223A22227D2C22636F6E74656E74223A7B2254696D655374616D70223A31322C224672616D65436F756E746572223A3238383332362C2247445F58223A2D302E3031313134373832353937383639363334362C2247445F59223A302E3030343936333235383734373031313432332C2247445F5A223A302E303032313337383130393233313539313232352C2241445F58223A2D302E303036313530303232313439303835393938352C2241445F59223A362E303537393436303131343234303635452D342C2241445F5A223A2D302E31373139313132333936323430323334342C2254656D70447370223A302C22537461747573223A302C2243616C69625374617465223A312C22536967416D70496E76616C6964223A307D7D, 138 
05-27 19:12:58.004   536   536 D commservice260303: Push Message into SendPool fn=514458624
05-27 19:12:58.004   536   536 D commservice260303: ComProtocolLibSend2Cluster::send2ClusterRaw fn=514458624 , len=333
05-27 19:12:58.004   536   536 D commservice260303: sendCmdToPort :333!!!
05-27 19:12:58.004   536   536 D commservice260303: send Cmd To Port ++++5AA501498A010004AA1E6A16D1BA7B22636F6D6D616E64223A7B226964223A22696D755F737461747573222C22737562223A22227D2C22636F6E74656E74223A7B2254696D655374616D70223A31322C224672616D65436F756E746572223A3238383332362C2247445F58223A2D302E3031313134373832353937383639363334362C2247445F59223A302E3030343936333235383734373031313432332C2247445F5A223A302E303032313337383130393233313539313232352C2241445F58223A2D302E303036313530303232313439303835393938352C2241445F59223A362E303537393436303131343234303635452D342C2241445F5A223A2D302E31373139313132333936323430323334342C2254656D70447370223A302C22537461747573223A302C2243616C69625374617465223A312C22536967416D70496E76616C6964223A307D7D7EFA
05-27 19:12:58.004   536   536 D commservice260303: bufferevent_write retrun value = 0
05-27 19:12:58.004   536   560 D commservice260303: client datas send succeed,send finish
05-27 19:12:58.004   581   581 I SpiService: fgesysctrl_getGPIO_status success val=1
05-27 09:04:06.969   581   581 D spi_rst_gpio_get_output: GPIO 145 value: 1
05-27 09:04:06.969   581   581 D spidev_ioctl: gpio status=1)
05-27 19:12:58.005 13911 14192 D Sentinelmode_1.2.5.17_sentry: <SentryImuClusterFgeSender>imu_status sent to Linux, frame=288326, tsNs=12245240, tsMs=12, intervalMs=43, ad=(-0.006150022,6.057946E-4,-0.17191124), gd=(-0.011147826,0.0049632587,0.002137811)
05-27 19:12:58.005  3801  3801 D AnwSdkService: apk rom size:40.90M
05-27 19:12:58.006  3801  3801 D AnwSdkService: [android.permission.READ_EXTERNAL_STORAGE] permision is GRANTED
05-27 19:12:58.007  3801  3801 D AnwSdkService: [android.permission.WRITE_EXTERNAL_STORAGE] permision is GRANTED
05-27 19:12:58.010   581   581 I SpiService: fgesysctrl_getGPIO_status success val=1
05-27 19:12:58.010  3801  3801 D AnwSdkService: onCreate end
05-27 19:12:58.011  3801  3801 D AnwSdkService: onBind
05-27 09:04:06.974   581   581 D spi_rst_gpio_get_output: GPIO 145 value: 1
05-27 09:04:06.974   581   581 D spidev_ioctl: gpio status=1)
05-27 19:12:58.013 13435 13435 D BtManager: onServiceConnected
05-27 19:12:58.013  3801  3821 D AnwSdkService: GetPowerStatus = POWER_OFF
05-27 19:12:58.013 10188 11034 D InputReader: syncTouch: pointerCount 1 -> 1, touching ids 0x80000000 -> 0x80000000, hovering ids 0x00000000 -> 0x00000000, canceled ids 0x00000000
05-27 19:12:58.013  3801  3821 D AnwSdkService: ANWBT_GetBTPowerStatus() POWER_OFF
05-27 19:12:58.013 10188 11034 D InputReader: dispatchTouches action MOVE now(ns): 12245264610853
05-27 19:12:58.013 10188 11034 D InputReader: notifyMotion call dispatcher
05-27 19:12:58.013  3801  3821 D AnwSdkService: GetPowerStatus = POWER_OFF
05-27 19:12:58.014 10188 10632 D VelocityTracker: VelocityTracker: addMovement eventTime=12245264482000, idBits=0x80000000, activePointerId=0
05-27 19:12:58.014 10188 10632 D VelocityTracker:   0: position (255.800, 456.366), estimator (degree=2, xCoeff=[ 255.907242, -302.772186, -5278.397461 ], yCoeff=[ 456.393860, 1543.049316, -1453.205200 ], confidence=1.000000)
05-27 19:12:58.014 13435 13435 D BtManager: ANWBT_BTPowerOn
05-27 19:12:58.014 13435 13435 D BtManager: ANWBT_GetBTPowerStatus
05-27 19:12:58.014  3801  3817 D AnwSdkService: GetPowerStatus = POWER_OFF
05-27 19:12:58.014  3801  3817 D AnwSdkService: ANWBT_GetBTPowerStatus() POWER_OFF
05-27 19:12:58.014  3801  3817 D AnwSdkService: GetPowerStatus = POWER_OFF
05-27 19:12:58.015 13911 14183 I SentryImuMcuAngleSender: 179.97548rollDeg
05-27 19:12:58.015 13911 14183 I SentryImuMcuAngleSender: 1,0,0
05-27 19:12:58.015   581   581 I SpiService: fgesysctrl_getGPIO_status success val=1
05-27 19:12:58.015  3801  3817 D AnwSdkService: anw-update,bt_java_data:20260516
05-27 19:12:58.015  3801  3817 D AnwSdkService: ANWBT_BTPowerOn()
05-27 19:12:58.016 30773 30785 I dvr_service_: [EncoderHandler::runMediaThread] runMediaThread started:1,state:1, cam2:started:1,state:1, lastSwitch:1, mIsMuxerStart:1,format:0,is_str_ing:0
05-27 09:04:06.979   581   581 D spi_rst_gpio_get_output: GPIO 145 value: 1
05-27 09:04:06.979   581   581 D spidev_ioctl: gpio status=1)
05-27 19:12:58.018  3801  3817 D AnwSdkService: GetPowerStatus = POWER_OFF
05-27 19:12:58.018 11579 11579 D VelocityTracker: VelocityTracker: stopped for 67.201 ms, clearing state.
05-27 19:12:58.019 11579 11579 D VelocityTracker: VelocityTracker: addMovement eventTime=12245213798000, idBits=0x80000000, activePointerId=0
05-27 19:12:58.019  3801  3817 D AnwSdkService: SetPowerStatus = POWER_ONING
05-27 19:12:58.019 11579 11579 D VelocityTracker:   0: position (257.799, 216.480), estimator (degree=0, xCoeff=[ 257.798584 ], yCoeff=[ 216.479889 ], confidence=1.000000)
05-27 19:12:58.019 11579 11579 D VelocityTracker: VelocityTracker: addMovement eventTime=12245230647000, idBits=0x80000000, activePointerId=0
05-27 19:12:58.019 11579 11579 D VelocityTracker: solveLeastSquares: m=2, n=2, x=[ 0.000000, -0.016849 ], y=[ 259.797028, 257.798584 ], w=[ 1.000000, 1.000000 ]
05-27 19:12:58.019 11579 11579 D VelocityTracker:   - a=[ [ 1.000000, 0.000000 ], [ 1.000000, -0.016849 ] ]
05-27 19:12:58.019 11579 11579 D VelocityTracker:   - q=[ [ 0.707107, 0.707107 ], [ 0.707107, -0.707107 ] ]
05-27 19:12:58.019 11579 11579 D VelocityTracker:   - r=[ [ 1.414214, -0.011914 ], [ 0.000000, 0.011914 ] ]
05-27 19:12:58.019 11579 11579 D VelocityTracker:   - qr=[ [ 1.000000, 0.000000 ], [ 1.000000, -0.016849 ] ]
05-27 19:12:58.019 11579 11579 D VelocityTracker:   - b=[ 259.797028, 118.609322 ]
05-27 19:12:58.019 11579 11579 D VelocityTracker:   - sserr=0.000000
05-27 19:12:58.019 11579 11579 D VelocityTracker:   - sstot=1.996888
05-27 19:12:58.019 11579 11579 D VelocityTracker:   - det=1.000000
05-27 19:12:58.019 11579 11579 D VelocityTracker: solveLeastSquares: m=2, n=2, x=[ 0.000000, -0.016849 ], y=[ 244.441071, 216.479889 ], w=[ 1.000000, 1.000000 ]
05-27 19:12:58.019 11579 11579 D VelocityTracker:   - a=[ [ 1.000000, 0.000000 ], [ 1.000000, -0.016849 ] ]
05-27 19:12:58.019 11579 11579 D VelocityTracker:   - q=[ [ 0.707107, 0.707107 ], [ 0.707107, -0.707107 ] ]
05-27 19:12:58.019 11579 11579 D VelocityTracker:   - r=[ [ 1.414214, -0.011914 ], [ 0.000000, 0.011914 ] ]
05-27 19:12:58.019 11579 11579 D VelocityTracker:   - qr=[ [ 1.000000, 0.000000 ], [ 1.000000, -0.016849 ] ]
05-27 19:12:58.019 11579 11579 D VelocityTracker:   - b=[ 244.441086, 1659.514893 ]
05-27 19:12:58.019 11579 11579 D VelocityTracker:   - sserr=0.000000
05-27 19:12:58.019 11579 11579 D VelocityTracker:   - sstot=390.913849
05-27 19:12:58.019 11579 11579 D VelocityTracker:   - det=1.000000
05-27 19:12:58.019 11579 11579 D VelocityTracker: estimate: degree=1, xCoeff=[ 259.797028, 118.609322 ], yCoeff=[ 244.441086, 1659.514893 ], confidence=1.000000
05-27 19:12:58.019 11579 11579 D VelocityTracker:   0: position (259.797, 244.441), estimator (degree=1, xCoeff=[ 259.797028, 118.609322 ], yCoeff=[ 244.441086, 1659.514893 ], confidence=1.000000)
05-27 19:12:58.019 11579 11579 D VelocityTracker: VelocityTracker: addMovement eventTime=12245247846000, idBits=0x80000000, activePointerId=0
05-27 19:12:58.019 11579 11579 D VelocityTracker:   0: position (259.797, 272.402), estimator (degree=2, xCoeff=[ 259.797089, -59.900932, -3483.246582 ], yCoeff=[ 272.402161, 1608.680420, -991.947144 ], confidence=1.000000)
05-27 19:12:58.019 11579 11579 D VelocityTracker: VelocityTracker: addMovement eventTime=12245252942516, idBits=0x80000000, activePointerId=0
05-27 19:12:58.019 11579 11579 D VelocityTracker:   0: position (258.573, 280.356), estimator (degree=2, xCoeff=[ 258.794495, -155.529144, -4651.816406 ], yCoeff=[ 280.414886, 1582.690063, -1300.628174 ], confidence=1.000000)
05-27 19:12:58.019 11579 11579 D VelocityTracker: VelocityTracker: stopped for 67.201 ms, clearing state.
05-27 19:12:58.019 11579 11579 D VelocityTracker: VelocityTracker: addMovement eventTime=12245213798000, idBits=0x80000000, activePointerId=0
05-27 19:12:58.019 11579 11579 D VelocityTracker:   0: position (257.799, 216.480), estimator (degree=0, xCoeff=[ 257.798584 ], yCoeff=[ 216.479889 ], confidence=1.000000)
05-27 19:12:58.019 11579 11579 D VelocityTracker: VelocityTracker: addMovement eventTime=12245230647000, idBits=0x80000000, activePointerId=0
05-27 19:12:58.019 11579 11579 D VelocityTracker: solveLeastSquares: m=2, n=2, x=[ 0.000000, -0.016849 ], y=[ 259.797028, 257.798584 ], w=[ 1.000000, 1.000000 ]
05-27 19:12:58.019 11579 11579 D VelocityTracker:   - a=[ [ 1.000000, 0.000000 ], [ 1.000000, -0.016849 ] ]
05-27 19:12:58.019 11579 11579 D VelocityTracker:   - q=[ [ 0.707107, 0.707107 ], [ 0.707107, -0.707107 ] ]
05-27 09:04:06.985   581   581 D spi_rst_gpio_get_output: GPIO 145 value: 1
05-27 09:04:06.985   581   581 D spidev_ioctl: gpio status=1)
05-27 19:12:58.020 11579 11579 D VelocityTracker:   - r=[ [ 1.414214, -0.011914 ], [ 0.000000, 0.011914 ] ]
05-27 19:12:58.020 11579 11579 D VelocityTracker:   - qr=[ [ 1.000000, 0.000000 ], [ 1.000000, -0.016849 ] ]
05-27 19:12:58.020 11579 11579 D VelocityTracker:   - b=[ 259.797028, 118.609322 ]
05-27 19:12:58.020 11579 11579 D VelocityTracker:   - sserr=0.000000
05-27 19:12:58.020 11579 11579 D VelocityTracker:   - sstot=1.996888
05-27 19:12:58.020 11579 11579 D VelocityTracker:   - det=1.000000
05-27 19:12:58.020 11579 11579 D VelocityTracker: solveLeastSquares: m=2, n=2, x=[ 0.000000, -0.016849 ], y=[ 244.441071, 216.479889 ], w=[ 1.000000, 1.000000 ]
05-27 19:12:58.020 11579 11579 D VelocityTracker:   - a=[ [ 1.000000, 0.000000 ], [ 1.000000, -0.016849 ] ]
05-27 19:12:58.020 11579 11579 D VelocityTracker:   - q=[ [ 0.707107, 0.707107 ], [ 0.707107, -0.707107 ] ]
05-27 19:12:58.020 11579 11579 D VelocityTracker:   - r=[ [ 1.414214, -0.011914 ], [ 0.000000, 0.011914 ] ]
05-27 19:12:58.020 11579 11579 D VelocityTracker:   - qr=[ [ 1.000000, 0.000000 ], [ 1.000000, -0.016849 ] ]
05-27 19:12:58.020 11579 11579 D VelocityTracker:   - b=[ 244.441086, 1659.514893 ]
05-27 19:12:58.020 11579 11579 D VelocityTracker:   - sserr=0.000000
05-27 19:12:58.020 11579 11579 D VelocityTracker:   - sstot=390.913849
05-27 19:12:58.020 11579 11579 D VelocityTracker:   - det=1.000000
05-27 19:12:58.020 11579 11579 D VelocityTracker: estimate: degree=1, xCoeff=[ 259.797028, 118.609322 ], yCoeff=[ 244.441086, 1659.514893 ], confidence=1.000000
05-27 19:12:58.020 11579 11579 D VelocityTracker:   0: position (259.797, 244.441), estimator (degree=1, xCoeff=[ 259.797028, 118.609322 ], yCoeff=[ 244.441086, 1659.514893 ], confidence=1.000000)
05-27 19:12:58.020 11579 11579 D VelocityTracker: VelocityTracker: addMovement eventTime=12245247846000, idBits=0x80000000, activePointerId=0
05-27 19:12:58.020 11579 11579 D VelocityTracker:   0: position (259.797, 272.402), estimator (degree=2, xCoeff=[ 259.797089, -59.900932, -3483.246582 ], yCoeff=[ 272.402161, 1608.680420, -991.947144 ], confidence=1.000000)
05-27 19:12:58.020 11579 11579 D VelocityTracker: VelocityTracker: addMovement eventTime=12245252942516, idBits=0x80000000, activePointerId=0
05-27 19:12:58.020 11579 11579 D VelocityTracker:   0: position (258.573, 280.356), estimator (degree=2, xCoeff=[ 258.794495, -155.529144, -4651.816406 ], yCoeff=[ 280.414886, 1582.690063, -1300.628174 ], confidence=1.000000)
05-27 19:12:58.020   581   581 I SpiService: fgesysctrl_getGPIO_status success val=1
05-27 19:12:58.021  3801  3830 I ANWJNI_SECOND: anw-update,bt_jni_data: 20260516
05-27 19:12:58.021  3801  3830 D ANWAPI_SECOND: (3801|0x2599FCB0)[BTAPI] SDK >>>>AnWBT_Snoop_Open
05-27 19:12:58.022  3801  3830 D ANWJNI_SECOND: (3801|0x2599FCB0)[BTAPP] PowOn_Thread
05-27 19:12:58.022  3801  3830 D ANWJNI_SECOND: 
05-27 19:12:58.023  3801  3831 D ANWJNI_SECOND: (3801|0x1E9FBCB0)[BTAPP] BTPowerOn!!
05-27 19:12:58.023  3801  3831 D ANWJNI_SECOND: (3801|0x1E9FBCB0)[BTAPP] in thread_power_on_func,getpid()=3801, priority = 10
05-27 19:12:58.023  3801  3831 D ANWJNI_SECOND: 
05-27 19:12:58.023  3801  3831 D ANWJNI_SECOND: (3801|0x1E9FBCB0)[BTAPP] doPowerOn_Timeout_Thread_Create
05-27 19:12:58.023  3801  3831 D ANWJNI_SECOND: 
05-27 19:12:58.023  3801  3831 D ANWJNI_SECOND: (3801|0x1E9FBCB0)[BTAPP] AnWBT_SetInitialValue(hfphf:0)(hfpag:2)(pbap:0)(map:0)(a2dpsink:0)(a2dpsource:2)(avrcpct:0)(avrcttg:2)
05-27 19:12:58.023  3801  3831 D ANWJNI_SECOND: 
05-27 19:12:58.023  3801  3831 D ANWAPI_SECOND: (3801|0x1E9FBCB0)[BTAPI] SDK >>>>AnWBT_SetInitialValue devclass: 0x3c020c
05-27 19:12:58.023  3801  3831 D ANWAPI_SECOND: (3801|0x1E9FBCB0)[BTAPI] AnWBT_SetInitialValue avrcp_tg_attribute=6
05-27 19:12:58.023  3801  3831 D ANWAPI_SECOND: (3801|0x1E9FBCB0)[BTAPI] SDK <<<<AnWBT_SetInitialValue 0x0
05-27 19:12:58.023  3801  3831 D ANWAPI_SECOND: (3801|0x1E9FBCB0)[BTAPI] SDK >>>>AnWBT_HFP_Enable_WBS 1
05-27 19:12:58.023  3801  3831 D ANWAPI_SECOND: (3801|0x1E9FBCB0)[BTAPI] SDK <<<<AnWBT_HFP_Enable_WBS 0
05-27 19:12:58.023  3801  3831 D ANW_WAVEOUT_SECOND: (3801|0x1E9FBCB0)[WAVEOUT] init Audio PCM Thread Mute(800)(101)
05-27 19:12:58.023  3801  3831 D ANW_WAVEOUT_SECOND: 
05-27 19:12:58.023  3801  3831 D ANWAPI_SECOND: (3801|0x1E9FBCB0)[BTAPI] anw-update,bt_sdk_data:20260516-not_supportLea
05-27 19:12:58.023  3801  3831 D ANWAPI_SECOND: (3801|0x1E9FBCB0)[BTAPI] SDK >>>>AnWBT_Init
05-27 19:12:58.024  3801  3831 D ANWAPI_SECOND: (3801|0x1E9FBCB0)[BTAPI] AnWBTSDK_Version=0x0300002a
05-27 19:12:58.024  3801  3831 D ANWAPI_SECOND: (3801|0x1E9FBCB0)[BTAPI] >>>>AnWBT_EEPROM_Read 
05-27 19:12:58.024  3801  3831 D ANWAPI_SECOND: (3801|0x1E9FBCB0)[BTAPI] B:Rpaired_storage[0]name[]addr[00:00:00:00:00:00]linkkey[00:00:00:00:00:00:00:00:00:00:00:00:00:00:00:00]
05-27 19:12:58.024  3801  3831 D ANWAPI_SECOND: (3801|0x1E9FBCB0)[BTAPI] B:Rpaired_storage[1]name[]addr[00:00:00:00:00:00]linkkey[00:00:00:00:00:00:00:00:00:00:00:00:00:00:00:00]
05-27 19:12:58.024  3801  3831 D ANWAPI_SECOND: (3801|0x1E9FBCB0)[BTAPI] B:Rpaired_storage[2]name[]addr[00:00:00:00:00:00]linkkey[00:00:00:00:00:00:00:00:00:00:00:00:00:00:00:00]
05-27 19:12:58.024  3801  3831 D ANWAPI_SECOND: (3801|0x1E9FBCB0)[BTAPI] B:Rpaired_storage[3]name[]addr[00:00:00:00:00:00]linkkey[00:00:00:00:00:00:00:00:00:00:00:00:00:00:00:00]
05-27 19:12:58.024  3801  3831 D ANWAPI_SECOND: (3801|0x1E9FBCB0)[BTAPI] B:Rpaired_storage[4]name[]addr[00:00:00:00:00:00]linkkey[00:00:00:00:00:00:00:00:00:00:00:00:00:00:00:00]
05-27 19:12:58.024  3801  3831 D ANWAPI_SECOND: (3801|0x1E9FBCB0)[BTAPI] B:Rpaired_storage[5]name[]addr[00:00:00:00:00:00]linkkey[00:00:00:00:00:00:00:00:00:00:00:00:00:00:00:00]
05-27 19:12:58.024  3801  3831 D ANWAPI_SECOND: (3801|0x1E9FBCB0)[BTAPI] B:Rpaired_storage[6]name[]addr[00:00:00:00:00:00]linkkey[00:00:00:00:00:00:00:00:00:00:00:00:00:00:00:00]
05-27 19:12:58.024  3801  3831 D ANWAPI_SECOND: (3801|0x1E9FBCB0)[BTAPI] B:Rpaired_storage[7]name[]addr[00:00:00:00:00:00]linkkey[00:00:00:00:00:00:00:00:00:00:00:00:00:00:00:00]
05-27 19:12:58.024  3801  3831 D ANWAPI_SECOND: (3801|0x1E9FBCB0)[BTAPI] B:Rpaired_storage[8]name[]addr[00:00:00:00:00:00]linkkey[00:00:00:00:00:00:00:00:00:00:00:00:00:00:00:00]
05-27 19:12:58.024  3801  3831 D ANWAPI_SECOND: (3801|0x1E9FBCB0)[BTAPI] B:Rpaired_storage[9]name[]addr[00:00:00:00:00:00]linkkey[00:00:00:00:00:00:00:00:00:00:00:00:00:00:00:00]
05-27 19:12:58.024  3801  3831 D ANWAPI_SECOND: (3801|0x1E9FBCB0)[BTAPI] B:Rpaired_storage[10]name[]addr[00:00:00:00:00:00]linkkey[00:00:00:00:00:00:00:00:00:00:00:00:00:00:00:00]
05-27 19:12:58.024  3801  3831 D ANW_AVRCP_SECOND: AnWBT_ReadStorage =/data/misc/anw//anwbt_storage.bin
05-27 09:04:06.990   581   581 D spi_rst_gpio_get_output: GPIO 145 value: 0
05-27 19:12:58.024  3801  3831 D ANW_AVRCP_SECOND: AnWBT_ReadStorage open anwbt_bt_storage success
05-27 19:12:58.024  3801  3831 D ANW_AVRCP_SECOND: 
05-27 09:04:06.990   581   581 D spidev_ioctl: gpio status=0)
05-27 19:12:58.024  3801  3831 D ANW_AVRCP_SECOND: read storage size=6600
05-27 19:12:58.024  3801  3831 D ANW_AVRCP_SECOND: 
05-27 19:12:58.024  3801  3831 D ANWAPI_SECOND: (3801|0x1E9FBCB0)[BTAPI] A:Readpaired_storage[0]name[]cod[0]support[0]addr[00:00:00:00:00:00]linkkey[00:00:00:00:00:00:00:00:00:00:00:00:00:00:00:00]
05-27 19:12:58.025  3801  3831 D ANWAPI_SECOND: (3801|0x1E9FBCB0)[BTAPI] A:Readpaired_storage[1]name[]cod[0]support[0]addr[00:00:00:00:00:00]linkkey[00:00:00:00:00:00:00:00:00:00:00:00:00:00:00:00]
05-27 19:12:58.025  3801  3831 D ANWAPI_SECOND: (3801|0x1E9FBCB0)[BTAPI] A:Readpaired_storage[2]name[]cod[0]support[0]addr[00:00:00:00:00:00]linkkey[00:00:00:00:00:00:00:00:00:00:00:00:00:00:00:00]
05-27 19:12:58.025  3801  3831 D ANWAPI_SECOND: (3801|0x1E9FBCB0)[BTAPI] A:Readpaired_storage[3]name[]cod[0]support[0]addr[00:00:00:00:00:00]linkkey[00:00:00:00:00:00:00:00:00:00:00:00:00:00:00:00]
05-27 19:12:58.025  3801  3831 D ANWAPI_SECOND: (3801|0x1E9FBCB0)[BTAPI] A:Readpaired_storage[4]name[]cod[0]support[0]addr[00:00:00:00:00:00]linkkey[00:00:00:00:00:00:00:00:00:00:00:00:00:00:00:00]
05-27 19:12:58.025  3801  3831 D ANWAPI_SECOND: (3801|0x1E9FBCB0)[BTAPI] A:Readpaired_storage[5]name[]cod[0]support[0]addr[00:00:00:00:00:00]linkkey[00:00:00:00:00:00:00:00:00:00:00:00:00:00:00:00]
05-27 19:12:58.025  3801  3831 D ANWAPI_SECOND: (3801|0x1E9FBCB0)[BTAPI] A:Readpaired_storage[6]name[]cod[0]support[0]addr[00:00:00:00:00:00]linkkey[00:00:00:00:00:00:00:00:00:00:00:00:00:00:00:00]
05-27 19:12:58.025  3801  3831 D ANWAPI_SECOND: (3801|0x1E9FBCB0)[BTAPI] A:Readpaired_storage[7]name[]cod[0]support[0]addr[00:00:00:00:00:00]linkkey[00:00:00:00:00:00:00:00:00:00:00:00:00:00:00:00]
