05-27 19:12:55.750   581   581 I SpiService: fgesysctrl_getGPIO_status success val=1
05-27 19:12:55.751   283   307 I rvcservice: t.code = 3, t.value = 0
05-27 09:04:04.715   581   581 D spi_rst_gpio_get_output: GPIO 145 value: 1
05-27 09:04:04.715   581   581 D spidev_ioctl: gpio status=1)
05-27 19:12:55.756   581   581 I SpiService: fgesysctrl_getGPIO_status success val=1
05-27 09:04:04.720   581   581 D spi_rst_gpio_get_output: GPIO 145 value: 1
05-27 09:04:04.720   581   581 D spidev_ioctl: gpio status=1)
05-27 19:12:55.761   581   581 I SpiService: fgesysctrl_getGPIO_status success val=1
05-27 09:04:04.726   581   581 D spi_rst_gpio_get_output: GPIO 145 value: 1
05-27 09:04:04.726   581   581 D spidev_ioctl: gpio status=1)
05-27 19:12:55.766   830   830 D SurfaceFlinger: unisoc-graphics, commit has frameMissed:2, vysncId:447621
05-27 19:12:55.767   581   581 I SpiService: fgesysctrl_getGPIO_status success val=1
05-27 09:04:04.731   581   581 D spi_rst_gpio_get_output: GPIO 145 value: 1
05-27 09:04:04.731   581   581 D spidev_ioctl: gpio status=1)
05-27 19:12:55.769 13911 14183 I SentryImuMcuAngleSender: 179.986rollDeg
05-27 19:12:55.770 13911 14183 I SentryImuMcuAngleSender: 1,0,0
05-27 19:12:55.772   581   581 I SpiService: fgesysctrl_getGPIO_status success val=1
05-27 09:04:04.737   581   581 D spi_rst_gpio_get_output: GPIO 145 value: 1
05-27 09:04:04.737   581   581 D spidev_ioctl: gpio status=1)
05-27 19:12:55.773 13911 14131 D SVR_MNG_SvrMngProxy: getServer: mSvrManger is null
05-27 19:12:55.773 13911 14131 D SVR_MNG_SvrMngProxy: getNewStub: 
05-27 19:12:55.773 13911 14131 D SVR_MNG_SvrMngProxy: getNewStub: getSvrManagerService start
05-27 19:12:55.773 13911 14131 D SVR_MNG_SvrMngProxy: getNewStub: getSvrManagerService end
05-27 19:12:55.773 13911 14131 D SVR_MNG_SvrMngProxy: getServer: svrMngService doesn't start
05-27 19:12:55.774   536   536 D commservice260303: msg.id = 1028,0
05-27 19:12:55.774   536   536 D commservice260303: i = 170, msgid = 8A000404
05-27 19:12:55.774   536   536 D commservice260303: msgid = -1979710460,did=138
05-27 19:12:55.774   536   536 D commservice260303: CommProtocolLibCmdBaseI2C::dataproc {"command":{"id":"imu_status","sub":""},"content":{"TimeStamp":12,"FrameCounter":288271,"GD_X":-0.011223767884075642,"GD_Y":0.00519212381914258,"GD_Z":0.002519079949706793,"AD_X":-0.0026618093252182007,"AD_Y":-0.0020886275451630354,"AD_Z":-0.1755809783935547,"TempDsp":0,"Status":0,"CalibState":1,"SigAmpInvalid":0}},-1979710460
05-27 19:12:55.774   536   536 D commservice260303: send2Cluster len:316, 7B22636F6D6D616E64223A7B226964223A22696D755F737461747573222C22737562223A22227D2C22636F6E74656E74223A7B2254696D655374616D70223A31322C224672616D65436F756E746572223A3238383237312C2247445F58223A2D302E3031313232333736373838343037353634322C2247445F59223A302E30303531393231323338313931343235382C2247445F5A223A302E3030323531393037393934393730363739332C2241445F58223A2D302E303032363631383039333235323138323030372C2241445F59223A2D302E303032303838363237353435313633303335342C2241445F5A223A2D302E313735353830393738333933353534372C2254656D70447370223A302C22537461747573223A302C2243616C69625374617465223A312C22536967416D70496E76616C6964223A307D7D, 138 
05-27 19:12:55.774   536   536 D commservice260303: Push Message into SendPool fn=-425131008
05-27 19:12:55.774   536   536 D commservice260303: ComProtocolLibSend2Cluster::send2ClusterRaw fn=-425131008 , len=332
05-27 19:12:55.774   536   536 D commservice260303: sendCmdToPort :332!!!
05-27 19:12:55.774   536   536 D commservice260303: send Cmd To Port ++++5AA501488A010004A9E66A16D1B77B22636F6D6D616E64223A7B226964223A22696D755F737461747573222C22737562223A22227D2C22636F6E74656E74223A7B2254696D655374616D70223A31322C224672616D65436F756E746572223A3238383237312C2247445F58223A2D302E3031313232333736373838343037353634322C2247445F59223A302E30303531393231323338313931343235382C2247445F5A223A302E3030323531393037393934393730363739332C2241445F58223A2D302E303032363631383039333235323138323030372C2241445F59223A2D302E303032303838363237353435313633303335342C2241445F5A223A2D302E313735353830393738333933353534372C2254656D70447370223A302C22537461747573223A302C2243616C69625374617465223A312C22536967416D70496E76616C6964223A307D7DF863
05-27 19:12:55.774   536   536 D commservice260303: bufferevent_write retrun value = 0
05-27 19:12:55.774   536   560 D commservice260303: client datas send succeed,send finish
05-27 19:12:55.774 13911 14192 D Sentinelmode_1.2.5.17_sentry: <SentryImuClusterFgeSender>imu_status sent to Linux, frame=288271, tsNs=12243013, tsMs=12, intervalMs=40, ad=(-0.0026618093,-0.0020886275,-0.17558098), gd=(-0.011223768,0.005192124,0.00251908)
05-27 19:12:55.778   581   581 I SpiService: fgesysctrl_getGPIO_status success val=0
05-27 09:04:04.742   581   581 D spi_rst_gpio_get_output: GPIO 145 value: 0
05-27 09:04:04.742   581   581 D spidev_ioctl: gpio status=0)
05-27 19:12:55.783   830   830 D SurfaceFlinger: unisoc-graphics, commit has frameMissed:2, vysncId:447636
05-27 19:12:55.789 13911 14183 I SentryImuMcuAngleSender: 179.993rollDeg
05-27 19:12:55.790 13911 14183 I SentryImuMcuAngleSender: 1,0,0
05-27 19:12:55.792   581   581 I SpiService: fgesysctrl_getGPIO_status success val=1
05-27 09:04:04.757   581   581 D spi_rst_gpio_get_output: GPIO 145 value: 1
05-27 09:04:04.757   581   581 D spidev_ioctl: gpio status=1)
05-27 19:12:55.797   572   572 I Sensors : 230 AccelSensor: x:-0.169580,y:0.002440,z:-9.975330
05-27 19:12:55.798   581   581 I SpiService: fgesysctrl_getGPIO_status success val=1
05-27 09:04:04.762   581   581 D spi_rst_gpio_get_output: GPIO 145 value: 1
05-27 09:04:04.762   581   581 D spidev_ioctl: gpio status=1)
05-27 19:12:55.803   581   581 I SpiService: fgesysctrl_getGPIO_status success val=1
05-27 09:04:04.768   581   581 D spi_rst_gpio_get_output: GPIO 145 value: 1
05-27 09:04:04.768   581   581 D spidev_ioctl: gpio status=1)
05-27 19:12:55.809   581   581 I SpiService: fgesysctrl_getGPIO_status success val=1
05-27 19:12:55.810 13911 14183 I SentryImuMcuAngleSender: 179.986rollDeg
05-27 19:12:55.810 13911 14183 I SentryImuMcuAngleSender: 1,0,0
05-27 09:04:04.773   581   581 D spi_rst_gpio_get_output: GPIO 145 value: 1
05-27 09:04:04.773   581   581 D spidev_ioctl: gpio status=1)
05-27 19:12:55.814   581   581 I SpiService: fgesysctrl_getGPIO_status success val=0
05-27 19:12:55.814   536   536 D commservice260303: msg.id = 1028,0
05-27 19:12:55.814   536   536 D commservice260303: i = 170, msgid = 8A000404
05-27 19:12:55.814   536   536 D commservice260303: msgid = -1979710460,did=138
05-27 19:12:55.815   536   536 D commservice260303: CommProtocolLibCmdBaseI2C::dataproc {"command":{"id":"imu_status","sub":""},"content":{"TimeStamp":12,"FrameCounter":288272,"GD_X":-0.011300750076770782,"GD_Y":0.004733873065561056,"GD_Z":0.0019079053308814764,"AD_X":-0.003270760178565979,"AD_Y":-0.0020709342788904905,"AD_Z":-0.1700916290283203,"TempDsp":0,"Status":0,"CalibState":1,"SigAmpInvalid":0}},-1979710460
05-27 19:12:55.815   536   536 D commservice260303: send2Cluster len:317, 7B22636F6D6D616E64223A7B226964223A22696D755F737461747573222C22737562223A22227D2C22636F6E74656E74223A7B2254696D655374616D70223A31322C224672616D65436F756E746572223A3238383237322C2247445F58223A2D302E3031313330303735303037363737303738322C2247445F59223A302E3030343733333837333036353536313035362C2247445F5A223A302E303031393037393035333330383831343736342C2241445F58223A2D302E3030333237303736303137383536353937392C2241445F59223A2D302E303032303730393334323738383930343930352C2241445F5A223A2D302E313730303931363239303238333230332C2254656D70447370223A302C22537461747573223A302C2243616C69625374617465223A312C22536967416D70496E76616C6964223A307D7D, 138 
05-27 19:12:55.815   536   536 D commservice260303: Push Message into SendPool fn=-408353792
05-27 19:12:55.815   536   536 D commservice260303: ComProtocolLibSend2Cluster::send2ClusterRaw fn=-408353792 , len=333
05-27 19:12:55.815   536   536 D commservice260303: sendCmdToPort :333!!!
05-27 19:12:55.815   536   536 D commservice260303: send Cmd To Port ++++5AA501498A010004A9E76A16D1B77B22636F6D6D616E64223A7B226964223A22696D755F737461747573222C22737562223A22227D2C22636F6E74656E74223A7B2254696D655374616D70223A31322C224672616D65436F756E746572223A3238383237322C2247445F58223A2D302E3031313330303735303037363737303738322C2247445F59223A302E3030343733333837333036353536313035362C2247445F5A223A302E303031393037393035333330383831343736342C2241445F58223A2D302E3030333237303736303137383536353937392C2241445F59223A2D302E303032303730393334323738383930343930352C2241445F5A223A2D302E313730303931363239303238333230332C2254656D70447370223A302C22537461747573223A302C2243616C69625374617465223A312C22536967416D70496E76616C6964223A307D7DF270
05-27 19:12:55.815   536   536 D commservice260303: bufferevent_write retrun value = 0
05-27 19:12:55.815   536   560 D commservice260303: client datas send succeed,send finish
05-27 19:12:55.816 13911 14192 D Sentinelmode_1.2.5.17_sentry: <SentryImuClusterFgeSender>imu_status sent to Linux, frame=288272, tsNs=12243047, tsMs=12, intervalMs=41, ad=(-0.0032707602,-0.0020709343,-0.17009163), gd=(-0.01130075,0.004733873,0.0019079053)
05-27 09:04:04.779   581   581 D spi_rst_gpio_get_output: GPIO 145 value: 0
05-27 09:04:04.779   581   581 D spidev_ioctl: gpio status=0)
05-27 19:12:55.828   581   581 I SpiService: fgesysctrl_getGPIO_status success val=1
05-27 09:04:04.793   581   581 D spi_rst_gpio_get_output: GPIO 145 value: 1
05-27 09:04:04.793   581   581 D spidev_ioctl: gpio status=1)
05-27 19:12:55.830 13911 14183 I SentryImuMcuAngleSender: 179.97198rollDeg
05-27 19:12:55.831 13911 14183 I SentryImuMcuAngleSender: 1,0,0
05-27 19:12:55.834   581   581 I SpiService: fgesysctrl_getGPIO_status success val=1
05-27 09:04:04.798   581   581 D spi_rst_gpio_get_output: GPIO 145 value: 1
05-27 09:04:04.798   581   581 D spidev_ioctl: gpio status=1)
05-27 19:12:55.839   581   581 I SpiService: fgesysctrl_getGPIO_status success val=1
05-27 09:04:04.804   581   581 D spi_rst_gpio_get_output: GPIO 145 value: 1
05-27 09:04:04.804   581   581 D spidev_ioctl: gpio status=1)
05-27 19:12:55.845   581   581 I SpiService: fgesysctrl_getGPIO_status success val=1
05-27 09:04:04.809   581   581 D spi_rst_gpio_get_output: GPIO 145 value: 1
05-27 09:04:04.809   581   581 D spidev_ioctl: gpio status=1)
05-27 19:12:55.850   581   581 I SpiService: fgesysctrl_getGPIO_status success val=1
05-27 19:12:55.851 13911 14183 I SentryImuMcuAngleSender: 179.96497rollDeg
05-27 19:12:55.851 13911 14183 I SentryImuMcuAngleSender: 1,0,0
05-27 19:12:55.852   283   307 I rvcservice: t.code = 2, t.value = 9977160
05-27 09:04:04.815   581   581 D spi_rst_gpio_get_output: GPIO 145 value: 1
05-27 09:04:04.815   581   581 D spidev_ioctl: gpio status=1)
05-27 19:12:55.855   581   581 I SpiService: fgesysctrl_getGPIO_status success val=0
05-27 09:04:04.820   581   581 D spi_rst_gpio_get_output: GPIO 145 value: 0
05-27 09:04:04.820   581   581 D spidev_ioctl: gpio status=0)
05-27 19:12:55.857   536   536 D commservice260303: msg.id = 1028,0
05-27 19:12:55.857   536   536 D commservice260303: i = 170, msgid = 8A000404
05-27 19:12:55.858   536   536 D commservice260303: msgid = -1979710460,did=138
05-27 19:12:55.858   536   536 D commservice260303: CommProtocolLibCmdBaseI2C::dataproc {"command":{"id":"imu_status","sub":""},"content":{"TimeStamp":12,"FrameCounter":288273,"GD_X":-0.012063807807862759,"GD_Y":0.004580949433147907,"GD_Z":0.0019848872907459736,"AD_X":-8.412003517150879E-4,"AD_Y":0.0021870718337595463,"AD_Z":-0.1676502227783203,"TempDsp":0,"Status":0,"CalibState":1,"SigAmpInvalid":0}},-1979710460
05-27 19:12:55.858   536   536 D commservice260303: send2Cluster len:316, 7B22636F6D6D616E64223A7B226964223A22696D755F737461747573222C22737562223A22227D2C22636F6E74656E74223A7B2254696D655374616D70223A31322C224672616D65436F756E746572223A3238383237332C2247445F58223A2D302E3031323036333830373830373836323735392C2247445F59223A302E3030343538303934393433333134373930372C2247445F5A223A302E303031393834383837323930373435393733362C2241445F58223A2D382E343132303033353137313530383739452D342C2241445F59223A302E303032313837303731383333373539353436332C2241445F5A223A2D302E313637363530323232373738333230332C2254656D70447370223A302C22537461747573223A302C2243616C69625374617465223A312C22536967416D70496E76616C6964223A307D7D, 138 
05-27 19:12:55.858   536   536 D commservice260303: Push Message into SendPool fn=-391576576
05-27 19:12:55.858   536   536 D commservice260303: ComProtocolLibSend2Cluster::send2ClusterRaw fn=-391576576 , len=332
05-27 19:12:55.858   536   536 D commservice260303: sendCmdToPort :332!!!
05-27 19:12:55.858   536   536 D commservice260303: send Cmd To Port ++++5AA501488A010004A9E86A16D1B77B22636F6D6D616E64223A7B226964223A22696D755F737461747573222C22737562223A22227D2C22636F6E74656E74223A7B2254696D655374616D70223A31322C224672616D65436F756E746572223A3238383237332C2247445F58223A2D302E3031323036333830373830373836323735392C2247445F59223A302E3030343538303934393433333134373930372C2247445F5A223A302E303031393834383837323930373435393733362C2241445F58223A2D382E343132303033353137313530383739452D342C2241445F59223A302E303032313837303731383333373539353436332C2241445F5A223A2D302E313637363530323232373738333230332C2254656D70447370223A302C22537461747573223A302C2243616C69625374617465223A312C22536967416D70496E76616C6964223A307D7D2A47
05-27 19:12:55.858   536   536 D commservice260303: bufferevent_write retrun value = 0
05-27 19:12:55.858   536   560 D commservice260303: client datas send succeed,send finish
05-27 19:12:55.859 13911 14192 D Sentinelmode_1.2.5.17_sentry: <SentryImuClusterFgeSender>imu_status sent to Linux, frame=288273, tsNs=12243101, tsMs=12, intervalMs=43, ad=(-8.4120035E-4,0.0021870718,-0.16765022), gd=(-0.012063808,0.0045809494,0.0019848873)
05-27 19:12:55.860 10188 11122 E WifiVendorHal: getWifiLinkLayerStats_1_6_Internal(l.1202) failed {.code = ERROR_UNKNOWN, .description = unknown error}
05-27 19:12:55.865 13911 14183 I SentryImuMcuAngleSender: [4, 18, 1, 0, 0],5
05-27 19:12:55.865 13911 14183 I McuCommManager: mcuCommSendcmd [4, 18, 1, 0, 0]
05-27 19:12:55.866 13911 14183 I SentryImuMcuAngleSender: true
05-27 19:12:55.866 13911 14183 W Sentinelmode_1.2.5.17_sentry: <SentryImuMcuAngleSender>MCU IMU send interval abnormal: 1002ms
05-27 09:04:04.827 10047 10047 W         : AICWFDBG(LOGTRACE)	rwnx_send_msg (118)MM_GET_STA_INFO_CFM reqcfm:1 in_irq:0 in_softirq:0 in_atomic:0
05-27 09:04:04.827 10047 10047 W         : AICWFDBG(LOGTRACE)	rwnx_cmd_malloc get cmd_array[0]:000000004c96fbbb
05-27 09:04:04.828   354   354 W         : AICWFDBG(LOGDEBUG)	rwnx_rx_handle_msg msg->id:0x76
05-27 09:04:04.828 10047 10047 W         : AICWFDBG(LOGTRACE)	rwnx_cmd_free cmd_array[0]:000000004c96fbbb
05-27 09:04:04.828 10047 10047 W         : AICWFDBG(LOGDEBUG)	rwnx_fill_station_info ModTx(2):5 TxIndex:8 ModRx(2):5 RxHTIndex:10 RxVHTIndex:8 RxHEIndex:11 RSSI:-37
05-27 19:12:55.868   830   830 D SurfaceFlinger: unisoc-graphics, commit has frameMissed:2, vysncId:447689
05-27 19:12:55.870   581   581 I SpiService: fgesysctrl_getGPIO_status success val=1
05-27 19:12:55.861  3752  3752 I auditd  : type=1400 audit(0.0:82367): avc: denied { append } for comm="logcat" path="/mnt/log_data/AndroidLog/logcat/logcat_2026_05_27_19_12_53_201-53.txt" dev="vda93" ino=180286 scontext=u:r:logpersist:s0 tcontext=u:object_r:log_data_file:s0 tclass=file permissive=1
05-27 19:12:55.861  3752  3752 I logcat  : type=1400 audit(0.0:82367): avc: denied { append } for path="/mnt/log_data/AndroidLog/logcat/logcat_2026_05_27_19_12_53_201-53.txt" dev="vda93" ino=180286 scontext=u:r:logpersist:s0 tcontext=u:object_r:log_data_file:s0 tclass=file permissive=1
05-27 19:12:55.871 13911 14183 I SentryImuMcuAngleSender: 179.96495rollDeg
05-27 19:12:55.872 13911 14183 I SentryImuMcuAngleSender: 1,0,0
05-27 09:04:04.834   581   581 D spi_rst_gpio_get_output: GPIO 145 value: 1
05-27 09:04:04.835   581   581 D spidev_ioctl: gpio status=1)
05-27 19:12:55.875   581   581 I SpiService: fgesysctrl_getGPIO_status success val=1
05-27 09:04:04.840   581   581 D spi_rst_gpio_get_output: GPIO 145 value: 1
05-27 09:04:04.840   581   581 D spidev_ioctl: gpio status=1)
05-27 19:12:55.881   581   581 I SpiService: fgesysctrl_getGPIO_status success val=1
05-27 09:04:04.845   581   581 D spi_rst_gpio_get_output: GPIO 145 value: 1
05-27 09:04:04.845   581   581 D spidev_ioctl: gpio status=1)
05-27 19:12:55.884   830   830 D SurfaceFlinger: unisoc-graphics, commit has frameMissed:2, vysncId:447704
05-27 19:12:55.886   581   581 I SpiService: fgesysctrl_getGPIO_status success val=1
05-27 19:12:55.887   572   622 I Sensors : 230 GyroSensor: x:-0.011071,y:0.005574,z:0.002443
05-27 09:04:04.851   581   581 D spi_rst_gpio_get_output: GPIO 145 value: 1
05-27 09:04:04.851   581   581 D spidev_ioctl: gpio status=1)
05-27 19:12:55.891   581   581 I SpiService: fgesysctrl_getGPIO_status success val=1
05-27 19:12:55.892 13911 14183 I SentryImuMcuAngleSender: 179.96846rollDeg
05-27 19:12:55.892 13911 14183 I SentryImuMcuAngleSender: 1,0,0
05-27 09:04:04.856   581   581 D spi_rst_gpio_get_output: GPIO 145 value: 1
05-27 09:04:04.856   581   581 D spidev_ioctl: gpio status=1)
05-27 19:12:55.896   536   536 D commservice260303: msg.id = 1028,0
05-27 19:12:55.896   536   536 D commservice260303: i = 170, msgid = 8A000404
05-27 19:12:55.896   536   536 D commservice260303: msgid = -1979710460,did=138
05-27 19:12:55.896   536   536 D commservice260303: CommProtocolLibCmdBaseI2C::dataproc {"command":{"id":"imu_status","sub":""},"content":{"TimeStamp":12,"FrameCounter":288274,"GD_X":-0.011070843786001205,"GD_Y":0.005573912989348173,"GD_Z":0.002443138277158141,"AD_X":-0.0026727616786956787,"AD_Y":9.589395485818386E-4,"AD_Z":-0.1694812774658203,"TempDsp":0,"Status":0,"CalibState":1,"SigAmpInvalid":0}},-1979710460
05-27 19:12:55.896   536   536 D commservice260303: send2Cluster len:315, 7B22636F6D6D616E64223A7B226964223A22696D755F737461747573222C22737562223A22227D2C22636F6E74656E74223A7B2254696D655374616D70223A31322C224672616D65436F756E746572223A3238383237342C2247445F58223A2D302E3031313037303834333738363030313230352C2247445F59223A302E3030353537333931323938393334383137332C2247445F5A223A302E3030323434333133383237373135383134312C2241445F58223A2D302E303032363732373631363738363935363738372C2241445F59223A392E353839333935343835383138333836452D342C2241445F5A223A2D302E313639343831323737343635383230332C2254656D70447370223A302C22537461747573223A302C2243616C69625374617465223A312C22536967416D70496E76616C6964223A307D7D, 138 
05-27 19:12:55.896   536   536 D commservice260303: Push Message into SendPool fn=-374799360
05-27 19:12:55.896   536   536 D commservice260303: ComProtocolLibSend2Cluster::send2ClusterRaw fn=-374799360 , len=331
05-27 19:12:55.896   536   536 D commservice260303: sendCmdToPort :331!!!
05-27 19:12:55.896   536   536 D commservice260303: send Cmd To Port ++++5AA501478A010004A9E96A16D1B77B22636F6D6D616E64223A7B226964223A22696D755F737461747573222C22737562223A22227D2C22636F6E74656E74223A7B2254696D655374616D70223A31322C224672616D65436F756E746572223A3238383237342C2247445F58223A2D302E3031313037303834333738363030313230352C2247445F59223A302E3030353537333931323938393334383137332C2247445F5A223A302E3030323434333133383237373135383134312C2241445F58223A2D302E303032363732373631363738363935363738372C2241445F59223A392E353839333935343835383138333836452D342C2241445F5A223A2D302E313639343831323737343635383230332C2254656D70447370223A302C22537461747573223A302C2243616C69625374617465223A312C22536967416D70496E76616C6964223A307D7D6704
05-27 19:12:55.897   536   536 D commservice260303: bufferevent_write retrun value = 0
05-27 19:12:55.897   536   560 D commservice260303: client datas send succeed,send finish
05-27 19:12:55.897   581   581 I SpiService: fgesysctrl_getGPIO_status success val=0
05-27 19:12:55.897   481   597 I mcuc    : send SPI:6AA600873B0005041201000022
05-27 19:12:55.897 13911 14192 D Sentinelmode_1.2.5.17_sentry: <SentryImuClusterFgeSender>imu_status sent to Linux, frame=288274, tsNs=12243137, tsMs=12, intervalMs=39, ad=(-0.0026727617,9.5893955E-4,-0.16948128), gd=(-0.011070844,0.005573913,0.0024431383)
05-27 09:04:04.861   581   581 D spi_rst_gpio_get_output: GPIO 145 value: 0
05-27 09:04:04.861   581   581 D spidev_ioctl: gpio status=0)
05-27 19:12:55.906 30773 30786 I dvr_service_: CameraX 0  audioOK: 164416000,audios:2570
05-27 19:12:55.911   581   581 I SpiService: fgesysctrl_getGPIO_status success val=1
05-27 19:12:55.912 13911 14183 I SentryImuMcuAngleSender: 179.97197rollDeg
05-27 19:12:55.913 13911 14183 I SentryImuMcuAngleSender: 1,0,0
05-27 09:04:04.875   581   581 D spi_rst_gpio_get_output: GPIO 145 value: 1
05-27 09:04:04.875   581   581 D spidev_ioctl: gpio status=1)
05-27 19:12:55.916   581   581 I SpiService: fgesysctrl_getGPIO_status success val=1
05-27 09:04:04.881   581   581 D spi_rst_gpio_get_output: GPIO 145 value: 1
05-27 09:04:04.881   581   581 D spidev_ioctl: gpio status=1)
05-27 19:12:55.922   581   581 I SpiService: fgesysctrl_getGPIO_status success val=1
05-27 09:04:04.886   581   581 D spi_rst_gpio_get_output: GPIO 145 value: 1
05-27 09:04:04.886   581   581 D spidev_ioctl: gpio status=1)
05-27 19:12:55.927   581   581 I SpiService: fgesysctrl_getGPIO_status success val=1
05-27 09:04:04.892   581   581 D spi_rst_gpio_get_output: GPIO 145 value: 1
05-27 09:04:04.892   581   581 D spidev_ioctl: gpio status=1)
05-27 19:12:55.932   581   581 I SpiService: fgesysctrl_getGPIO_status success val=1
05-27 09:04:04.897   581   581 D spi_rst_gpio_get_output: GPIO 145 value: 1
05-27 19:12:55.933 13911 14183 I SentryImuMcuAngleSender: 179.97897rollDeg
05-27 09:04:04.897   581   581 D spidev_ioctl: gpio status=1)
05-27 19:12:55.933 13911 14183 I SentryImuMcuAngleSender: 1,0,0
05-27 19:12:55.936   830   830 D SurfaceFlinger: unisoc-graphics, commit has frameMissed:2, vysncId:447735
05-27 19:12:55.937   536   536 D commservice260303: msg.id = 1028,1
05-27 19:12:55.937   536   536 D commservice260303: i = 170, msgid = 8A000404
05-27 19:12:55.937   536   536 D commservice260303: msgid = -1979710460,did=138
05-27 19:12:55.937   536   536 D commservice260303: CommProtocolLibCmdBaseI2C::dataproc {"command":{"id":"imu_status","sub":""},"content":{"TimeStamp":12,"FrameCounter":288275,"GD_X":-0.011682018637657166,"GD_Y":0.004428025335073471,"GD_Z":0.002443138277158141,"AD_X":-0.002066895365715027,"AD_Y":-8.695998694747686E-4,"AD_Z":-0.16826248168945312,"TempDsp":0,"Status":0,"CalibState":1,"SigAmpInvalid":0}},-1979710460
05-27 19:12:55.937   536   536 D commservice260303: send2Cluster len:316, 7B22636F6D6D616E64223A7B226964223A22696D755F737461747573222C22737562223A22227D2C22636F6E74656E74223A7B2254696D655374616D70223A31322C224672616D65436F756E746572223A3238383237352C2247445F58223A2D302E3031313638323031383633373635373136362C2247445F59223A302E3030343432383032353333353037333437312C2247445F5A223A302E3030323434333133383237373135383134312C2241445F58223A2D302E3030323036363839353336353731353032372C2241445F59223A2D382E363935393938363934373437363836452D342C2241445F5A223A2D302E31363832363234383136383934353331322C2254656D70447370223A302C22537461747573223A302C2243616C69625374617465223A312C22536967416D70496E76616C6964223A307D7D, 138 
05-27 19:12:55.937   536   536 D commservice260303: Push Message into SendPool fn=-358022144
05-27 19:12:55.937   536   536 D commservice260303: ComProtocolLibSend2Cluster::send2ClusterRaw fn=-358022144 , len=332
05-27 19:12:55.937   536   536 D commservice260303: sendCmdToPort :332!!!
05-27 19:12:55.937   536   536 D commservice260303: send Cmd To Port ++++5AA501488A010004A9EA6A16D1B77B22636F6D6D616E64223A7B226964223A22696D755F737461747573222C22737562223A22227D2C22636F6E74656E74223A7B2254696D655374616D70223A31322C224672616D65436F756E746572223A3238383237352C2247445F58223A2D302E3031313638323031383633373635373136362C2247445F59223A302E3030343432383032353333353037333437312C2247445F5A223A302E3030323434333133383237373135383134312C2241445F58223A2D302E3030323036363839353336353731353032372C2241445F59223A2D382E363935393938363934373437363836452D342C2241445F5A223A2D302E31363832363234383136383934353331322C2254656D70447370223A302C22537461747573223A302C2243616C69625374617465223A312C22536967416D70496E76616C6964223A307D7D5ED2
05-27 19:12:55.937   536   536 D commservice260303: bufferevent_write retrun value = 0
05-27 19:12:55.937   536   560 D commservice260303: client datas send succeed,send finish
05-27 19:12:55.937 13911 14192 D Sentinelmode_1.2.5.17_sentry: <SentryImuClusterFgeSender>imu_status sent to Linux, frame=288275, tsNs=12243173, tsMs=12, intervalMs=40, ad=(-0.0020668954,-8.6959987E-4,-0.16826248), gd=(-0.011682019,0.0044280253,0.0024431383)
05-27 19:12:55.938   581   581 I SpiService: fgesysctrl_getGPIO_status success val=0
05-27 09:04:04.902   581   581 D spi_rst_gpio_get_output: GPIO 145 value: 0
05-27 09:04:04.903   581   581 D spidev_ioctl: gpio status=0)
05-27 09:04:04.909     0     0 W         : c6 [    C6] Irq_monitor:Irq                                           IPI[1]occur        8193 times interval 1024 ms
05-27 19:12:55.952   283   307 I rvcservice: t.code = 3, t.value = 0
05-27 19:12:55.952   581   581 I SpiService: fgesysctrl_getGPIO_status success val=1
05-27 09:04:04.917   581   581 D spi_rst_gpio_get_output: GPIO 145 value: 1
05-27 19:12:55.953   830   830 D SurfaceFlinger: unisoc-graphics, commit has frameMissed:2, vysncId:447750
05-27 09:04:04.917   581   581 D spidev_ioctl: gpio status=1)
05-27 19:12:55.954 13911 14183 I SentryImuMcuAngleSender: 179.98248rollDeg
05-27 19:12:55.954 13911 14183 I SentryImuMcuAngleSender: 1,0,0
05-27 19:12:55.958   581   581 I SpiService: fgesysctrl_getGPIO_status success val=1
05-27 09:04:04.922   581   581 D spi_rst_gpio_get_output: GPIO 145 value: 1
05-27 09:04:04.922   581   581 D spidev_ioctl: gpio status=1)
05-27 19:12:55.963   581   581 I SpiService: fgesysctrl_getGPIO_status success val=1
05-27 09:04:04.928   581   581 D spi_rst_gpio_get_output: GPIO 145 value: 1
05-27 09:04:04.928   581   581 D spidev_ioctl: gpio status=1)
05-27 19:12:55.965 30773 30786 I dvr_service_: CameraX 1  audioOK: 164416000,audios:2570
05-27 19:12:55.968   581   581 I SpiService: fgesysctrl_getGPIO_status success val=1
05-27 09:04:04.933   581   581 D spi_rst_gpio_get_output: GPIO 145 value: 1
05-27 09:04:04.933   581   581 D spidev_ioctl: gpio status=1)
05-27 19:12:55.974   581   581 I SpiService: fgesysctrl_getGPIO_status success val=1
05-27 19:12:55.975 13911 14183 I SentryImuMcuAngleSender: 179.98949rollDeg
05-27 19:12:55.975 13911 14183 I SentryImuMcuAngleSender: 1,0,0
05-27 09:04:04.938   581   581 D spi_rst_gpio_get_output: GPIO 145 value: 1
05-27 09:04:04.938   581   581 D spidev_ioctl: gpio status=1)
05-27 19:12:55.977   536   536 D commservice260303: msg.id = 1028,1
05-27 19:12:55.977   536   536 D commservice260303: i = 170, msgid = 8A000404
05-27 19:12:55.977   536   536 D commservice260303: msgid = -1979710460,did=138
05-27 19:12:55.977   536   536 D commservice260303: CommProtocolLibCmdBaseI2C::dataproc {"command":{"id":"imu_status","sub":""},"content":{"TimeStamp":12,"FrameCounter":288276,"GD_X":-0.011910883709788322,"GD_Y":0.0056498548947274685,"GD_Z":0.0019079053308814764,"AD_X":-8.669793605804443E-4,"AD_Y":-0.003891915548592806,"AD_Z":-0.1719207763671875,"TempDsp":0,"Status":0,"CalibState":1,"SigAmpInvalid":0}},-1979710460
05-27 19:12:55.977   536   536 D commservice260303: send2Cluster len:317, 7B22636F6D6D616E64223A7B226964223A22696D755F737461747573222C22737562223A22227D2C22636F6E74656E74223A7B2254696D655374616D70223A31322C224672616D65436F756E746572223A3238383237362C2247445F58223A2D302E3031313931303838333730393738383332322C2247445F59223A302E303035363439383534383934373237343638352C2247445F5A223A302E303031393037393035333330383831343736342C2241445F58223A2D382E363639373933363035383034343433452D342C2241445F59223A2D302E3030333839313931353534383539323830362C2241445F5A223A2D302E313731393230373736333637313837352C2254656D70447370223A302C22537461747573223A302C2243616C69625374617465223A312C22536967416D70496E76616C6964223A307D7D, 138 
05-27 19:12:55.977   536   536 D commservice260303: Push Message into SendPool fn=-341244928
05-27 19:12:55.977   536   536 D commservice260303: ComProtocolLibSend2Cluster::send2ClusterRaw fn=-341244928 , len=333
05-27 19:12:55.977   536   536 D commservice260303: sendCmdToPort :333!!!
05-27 19:12:55.977   536   536 D commservice260303: send Cmd To Port ++++5AA501498A010004A9EB6A16D1B77B22636F6D6D616E64223A7B226964223A22696D755F737461747573222C22737562223A22227D2C22636F6E74656E74223A7B2254696D655374616D70223A31322C224672616D65436F756E746572223A3238383237362C2247445F58223A2D302E3031313931303838333730393738383332322C2247445F59223A302E303035363439383534383934373237343638352C2247445F5A223A302E303031393037393035333330383831343736342C2241445F58223A2D382E363639373933363035383034343433452D342C2241445F59223A2D302E3030333839313931353534383539323830362C2241445F5A223A2D302E313731393230373736333637313837352C2254656D70447370223A302C22537461747573223A302C2243616C69625374617465223A312C22536967416D70496E76616C6964223A307D7DCCE3
05-27 19:12:55.977   536   536 D commservice260303: bufferevent_write retrun value = 0
05-27 19:12:55.978   536   560 D commservice260303: client datas send succeed,send finish
05-27 19:12:55.978 13911 14192 D Sentinelmode_1.2.5.17_sentry: <SentryImuClusterFgeSender>imu_status sent to Linux, frame=288276, tsNs=12243226, tsMs=12, intervalMs=40, ad=(-8.6697936E-4,-0.0038919155,-0.17192078), gd=(-0.011910884,0.005649855,0.0019079053)
05-27 19:12:55.979   581   581 I SpiService: fgesysctrl_getGPIO_status success val=0
05-27 09:04:04.944   581   581 D spi_rst_gpio_get_output: GPIO 145 value: 0
05-27 09:04:04.944   581   581 D spidev_ioctl: gpio status=0)
05-27 19:12:55.993   581   581 I SpiService: fgesysctrl_getGPIO_status success val=1
05-27 19:12:55.994   572   572 I Sensors : 230 AccelSensor: x:-0.165920,y:0.000000,z:-9.973500
05-27 19:12:55.994   481   598 I mcuc    : rev,n=1,6AA681F6C4003589008806000300000000000000006400640064101000000000000000000000000000000000000000000000000000000000000000002A
05-27 19:12:55.994   351   373 D automotive.vehicle@2.0-adayo-datacomm-mcu: MCUDatacomm sendMessageFromVehicle prop: 0x89, areaId: 0x0, status: 0x88, timestamp: 0x6
05-27 19:12:55.994   351   373 D automotive.vehicle@2.0-adayo-datacomm-mcu: MCUDatacomm 1sendMessageFromVehicle ---> type = 3 
05-27 19:12:55.994   351   373 D automotive.vehicle@2.0-adayo-func-bcm: sendMessageFromVehicle sendMessageFromVehicle
05-27 19:12:55.994   351   516 D automotive.vehicle@2.0-adayo-func-bcm: jjfan1 ______procotolSize :45
05-27 19:12:55.994   351   516 D automotive.vehicle@2.0-adayo-func-bcm: BCMFunc sendMessageFromVehicle_l dataType: 12,mByte=8,propid=0x21600001
05-27 19:12:55.994   351   516 D automotive.vehicle@2.0-adayo-func-bcm: BCMFunc sendMessageFromVehicle_l msgBuff[8]=0x0,start:2,len:11,temp:6,
05-27 19:12:55.994   351   516 D automotive.vehicle@2.0-adayo-func-bcm: BCMFunc sendMessageFromVehicle_l msgBuff[7]=0x0,start:0,len:5,temp:5,
05-27 19:12:55.994   351   516 D automotive.vehicle@2.0-adayo-func-bcm: BCMFunc sendMessageFromVehicle_l prop: 0x21600001 , SPLITE_BIT_DATA_INTEGER1 data:0
05-27 19:12:55.994   351   516 D automotive.vehicle@2.0-adayo-func-bcm: BCMFunc sendMessageFromVehicle_l prop: 0x21600001 , SPLITE_BIT_DATA_INTEGER4 procotol.calc[0]:0.100000,procotol.calc[1]:0.000000
05-27 19:12:55.994   351   516 D automotive.vehicle@2.0-adayo-func-bcm: BCMFunc sendMessageFromVehicle_l prop: 0x21600001 ,areaId: 0x0  SPLITE_BIT_DATA_INTEGER : 0.000000,calc[0]:0.100000,calc[1]:0.000000
05-27 19:12:55.995   351   516 D automotive.vehicle@2.0-adayo-func-bcm: BCMFunc sendMessageFromVehicle_l id:559939585, area:0 not report! 
05-27 19:12:55.995   351   516 D automotive.vehicle@2.0-adayo-func-bcm: BCMFunc sendMessageFromVehicle_l dataType: 12,mByte=9,propid=0x2140004d
05-27 19:12:55.995   351   516 D automotive.vehicle@2.0-adayo-func-bcm: BCMFunc sendMessageFromVehicle_l msgBuff[9]=0x0,start:0,len:3,temp:3,
05-27 19:12:55.995   351   516 D automotive.vehicle@2.0-adayo-func-bcm: BCMFunc sendMessageFromVehicle_l prop: 0x2140004d ,areaId: 0x0  SPLITE_BIT_DATA_INTEGER : 0
05-27 19:12:55.995   351   516 D automotive.vehicle@2.0-adayo-func-bcm: BCMFunc sendMessageFromVehicle_l id:557842509, area:0 not report! 
05-27 19:12:55.995   351   516 D automotive.vehicle@2.0-adayo-func-bcm: BCMFunc sendMessageFromVehicle_l dataType: 12,mByte=10,propid=0x21400009
05-27 19:12:55.995   351   516 D automotive.vehicle@2.0-adayo-func-bcm: BCMFunc sendMessageFromVehicle_l msgBuff[10]=0x0,start:0,len:3,temp:3,
05-27 19:12:55.995   351   516 D automotive.vehicle@2.0-adayo-func-bcm: BCMFunc sendMessageFromVehicle_l prop: 0x21400009 ,areaId: 0x0  SPLITE_BIT_DATA_INTEGER : 0
05-27 19:12:55.995   351   516 D automotive.vehicle@2.0-adayo-func-bcm: BCMFunc sendMessageFromVehicle_l id:557842441, area:0 not report! 
05-27 19:12:55.995   351   516 D automotive.vehicle@2.0-adayo-func-bcm: BCMFunc sendMessageFromVehicle_l dataType: 12,mByte=10,propid=0x2140000a
05-27 19:12:55.995   351   516 D automotive.vehicle@2.0-adayo-func-bcm: BCMFunc sendMessageFromVehicle_l msgBuff[10]=0x0,start:4,len:3,temp:3,
05-27 19:12:55.995   351   516 D automotive.vehicle@2.0-adayo-func-bcm: BCMFunc sendMessageFromVehicle_l prop: 0x2140000a ,areaId: 0x0  SPLITE_BIT_DATA_INTEGER : 0
05-27 19:12:55.995   351   516 D automotive.vehicle@2.0-adayo-func-bcm: BCMFunc sendMessageFromVehicle_l id:557842442, area:0 not report! 
05-27 19:12:55.995   351   516 D automotive.vehicle@2.0-adayo-func-bcm: BCMFunc sendMessageFromVehicle_l dataType: 12,mByte=11,propid=0x21400096
05-27 19:12:55.995   351   516 D automotive.vehicle@2.0-adayo-func-bcm: BCMFunc sendMessageFromVehicle_l msgBuff[11]=0x0,start:0,len:8,temp:8,
05-27 19:12:55.995   351   516 D automotive.vehicle@2.0-adayo-func-bcm: BCMFunc sendMessageFromVehicle_l prop: 0x21400096 ,areaId: 0x0  SPLITE_BIT_DATA_INTEGER : 0
05-27 19:12:55.995   351   516 D automotive.vehicle@2.0-adayo-func-bcm: BCMFunc sendMessageFromVehicle_l id:557842582, area:0 not report! 
05-27 19:12:55.995   351   516 D automotive.vehicle@2.0-adayo-func-bcm: BCMFunc sendMessageFromVehicle_l dataType: 12,mByte=12,propid=0x2140008a
05-27 19:12:55.995   351   516 D automotive.vehicle@2.0-adayo-func-bcm: BCMFunc sendMessageFromVehicle_l msgBuff[12]=0x0,start:0,len:4,temp:4,
05-27 19:12:55.995 13911 14183 I SentryImuMcuAngleSender: 180.0rollDeg
05-27 19:12:55.995   351   516 D automotive.vehicle@2.0-adayo-func-bcm: BCMFunc sendMessageFromVehicle_l prop: 0x2140008a ,areaId: 0x0  SPLITE_BIT_DATA_INTEGER : 0
05-27 19:12:55.995   351   516 D automotive.vehicle@2.0-adayo-func-bcm: BCMFunc sendMessageFromVehicle_l id:557842570, area:0 not report! 
05-27 19:12:55.995 13911 14183 I SentryImuMcuAngleSender: 1,0,0
05-27 19:12:55.995   351   516 D automotive.vehicle@2.0-adayo-func-bcm: BCMFunc sendMessageFromVehicle_l dataType: 12,mByte=14,propid=0x21400005
05-27 19:12:55.995   351   516 D automotive.vehicle@2.0-adayo-func-bcm: BCMFunc sendMessageFromVehicle_l msgBuff[14]=0x64,start:0,len:10,temp:8,
05-27 19:12:55.995   351   516 D automotive.vehicle@2.0-adayo-func-bcm: BCMFunc sendMessageFromVehicle_l msgBuff[13]=0x0,start:0,len:2,temp:2,
05-27 19:12:55.995   351   516 D automotive.vehicle@2.0-adayo-func-bcm: BCMFunc sendMessageFromVehicle_l prop: 0x21400005 ,areaId: 0x0  SPLITE_BIT_DATA_INTEGER : 100
05-27 19:12:55.995   351   516 D automotive.vehicle@2.0-adayo-func-bcm: BCMFunc sendMessageFromVehicle_l id:557842437, area:0 not report! 
05-27 19:12:55.995   351   516 D automotive.vehicle@2.0-adayo-func-bcm: BCMFunc sendMessageFromVehicle_l dataType: 12,mByte=16,propid=0x21600006
05-27 19:12:55.995   351   516 D automotive.vehicle@2.0-adayo-func-bcm: BCMFunc sendMessageFromVehicle_l msgBuff[16]=0x64,start:0,len:10,temp:8,
05-27 19:12:55.995   351   516 D automotive.vehicle@2.0-adayo-func-bcm: BCMFunc sendMessageFromVehicle_l msgBuff[15]=0x0,start:0,len:2,temp:2,
05-27 19:12:55.995   351   516 D automotive.vehicle@2.0-adayo-func-bcm: BCMFunc sendMessageFromVehicle_l prop: 0x21600006 , SPLITE_BIT_DATA_INTEGER1 data:100
05-27 19:12:55.995   351   516 D automotive.vehicle@2.0-adayo-func-bcm: BCMFunc sendMessageFromVehicle_l prop: 0x21600006 , SPLITE_BIT_DATA_INTEGER4 procotol.calc[0]:0.100000,procotol.calc[1]:0.000000
05-27 19:12:55.995   351   516 D automotive.vehicle@2.0-adayo-func-bcm: BCMFunc sendMessageFromVehicle_l prop: 0x21600006 ,areaId: 0x0  SPLITE_BIT_DATA_INTEGER : 80.000000,calc[0]:0.100000,calc[1]:0.000000
05-27 19:12:55.995   351   516 D automotive.vehicle@2.0-adayo-func-bcm: BCMFunc sendMessageFromVehicle_l id:559939590, area:0 not report! 
05-27 19:12:55.995   351   516 D automotive.vehicle@2.0-adayo-func-bcm: BCMFunc sendMessageFromVehicle_l dataType: 12,mByte=18,propid=0x21600007
05-27 19:12:55.995   351   516 D automotive.vehicle@2.0-adayo-func-bcm: BCMFunc sendMessageFromVehicle_l msgBuff[18]=0x64,start:0,len:10,temp:8,
05-27 19:12:55.996   351   516 D automotive.vehicle@2.0-adayo-func-bcm: BCMFunc sendMessageFromVehicle_l msgBuff[17]=0x0,start:0,len:2,temp:2,
05-27 19:12:55.996   351   516 D automotive.vehicle@2.0-adayo-func-bcm: BCMFunc sendMessageFromVehicle_l prop: 0x21600007 , SPLITE_BIT_DATA_INTEGER1 data:100
05-27 19:12:55.996   351   516 D automotive.vehicle@2.0-adayo-func-bcm: BCMFunc sendMessageFromVehicle_l prop: 0x21600007 , SPLITE_BIT_DATA_INTEGER4 procotol.calc[0]:0.100000,procotol.calc[1]:0.000000
05-27 19:12:55.996   351   516 D automotive.vehicle@2.0-adayo-func-bcm: BCMFunc sendMessageFromVehicle_l prop: 0x21600007 ,areaId: 0x0  SPLITE_BIT_DATA_INTEGER : 70.000000,calc[0]:0.100000,calc[1]:0.000000
05-27 19:12:55.996   351   516 D automotive.vehicle@2.0-adayo-func-bcm: BCMFunc sendMessageFromVehicle_l id:559939591, area:0 not report! 
05-27 19:12:55.996   351   516 D automotive.vehicle@2.0-adayo-func-bcm: BCMFunc sendMessageFromVehicle_l dataType: 12,mByte=19,propid=0x21400087
05-27 19:12:55.996   351   516 D automotive.vehicle@2.0-adayo-func-bcm: BCMFunc sendMessageFromVehicle_l msgBuff[19]=0x10,start:3,len:1,temp:1,
05-27 19:12:55.996   351   516 D automotive.vehicle@2.0-adayo-func-bcm: BCMFunc sendMessageFromVehicle_l prop: 0x21400087 ,areaId: 0x0  SPLITE_BIT_DATA_INTEGER : 0
05-27 19:12:55.996   351   516 D automotive.vehicle@2.0-adayo-func-bcm: BCMFunc sendMessageFromVehicle_l id:557842567, area:0 not report! 
05-27 19:12:55.996   351   516 D automotive.vehicle@2.0-adayo-func-bcm: BCMFunc sendMessageFromVehicle_l dataType: 12,mByte=19,propid=0x2140004e
05-27 19:12:55.996   351   516 D automotive.vehicle@2.0-adayo-func-bcm: BCMFunc sendMessageFromVehicle_l msgBuff[19]=0x10,start:5,len:1,temp:1,
05-27 19:12:55.996   351   516 D automotive.vehicle@2.0-adayo-func-bcm: BCMFunc sendMessageFromVehicle_l prop: 0x2140004e ,areaId: 0x0  SPLITE_BIT_DATA_INTEGER : 0
05-27 19:12:55.996   351   516 D automotive.vehicle@2.0-adayo-func-bcm: BCMFunc sendMessageFromVehicle_l id:557842510, area:0 not report! 
05-27 19:12:55.996   351   516 D automotive.vehicle@2.0-adayo-func-bcm: BCMFunc sendMessageFromVehicle_l dataType: 12,mByte=19,propid=0x2140004f
05-27 19:12:55.996   351   516 D automotive.vehicle@2.0-adayo-func-bcm: BCMFunc sendMessageFromVehicle_l msgBuff[19]=0x10,start:7,len:1,temp:1,
05-27 19:12:55.996   351   516 D automotive.vehicle@2.0-adayo-func-bcm: BCMFunc sendMessageFromVehicle_l prop: 0x2140004f ,areaId: 0x0  SPLITE_BIT_DATA_INTEGER : 0
05-27 19:12:55.996   351   516 D automotive.vehicle@2.0-adayo-func-bcm: BCMFunc sendMessageFromVehicle_l id:557842511, area:0 not report! 
05-27 19:12:55.996   351   516 D automotive.vehicle@2.0-adayo-func-bcm: BCMFunc sendMessageFromVehicle_l dataType: 12,mByte=20,propid=0x21400031
05-27 19:12:55.996   351   516 D automotive.vehicle@2.0-adayo-func-bcm: BCMFunc sendMessageFromVehicle_l msgBuff[20]=0x10,start:0,len:3,temp:3,
05-27 19:12:55.996   351   516 D automotive.vehicle@2.0-adayo-func-bcm: BCMFunc sendMessageFromVehicle_l prop: 0x21400031 ,areaId: 0x0  SPLITE_BIT_DATA_INTEGER : 0
05-27 19:12:55.996   351   516 D automotive.vehicle@2.0-adayo-func-bcm: BCMFunc sendMessageFromVehicle_l id:557842481, area:0 not report! 
05-27 19:12:55.996   351   516 D automotive.vehicle@2.0-adayo-func-bcm: BCMFunc sendMessageFromVehicle_l dataType: 12,mByte=20,propid=0x2140003a
05-27 19:12:55.996   351   516 D automotive.vehicle@2.0-adayo-func-bcm: BCMFunc sendMessageFromVehicle_l msgBuff[20]=0x10,start:5,len:3,temp:3,
05-27 19:12:55.996   351   516 D automotive.vehicle@2.0-adayo-func-bcm: BCMFunc sendMessageFromVehicle_l prop: 0x2140003a ,areaId: 0x0  SPLITE_BIT_DATA_INTEGER : 0
05-27 19:12:55.996   351   516 D automotive.vehicle@2.0-adayo-func-bcm: BCMFunc sendMessageFromVehicle_l id:557842490, area:0 not report! 
05-27 19:12:55.996   351   516 D automotive.vehicle@2.0-adayo-func-bcm: BCMFunc sendMessageFromVehicle_l dataType: 12,mByte=21,propid=0x2140008b
05-27 19:12:55.996   351   516 D automotive.vehicle@2.0-adayo-func-bcm: BCMFunc sendMessageFromVehicle_l msgBuff[21]=0x0,start:0,len:3,temp:3,
05-27 19:12:55.996   351   516 D automotive.vehicle@2.0-adayo-func-bcm: BCMFunc sendMessageFromVehicle_l prop: 0x2140008b ,areaId: 0x0  SPLITE_BIT_DATA_INTEGER : 0
05-27 19:12:55.996   351   516 D automotive.vehicle@2.0-adayo-func-bcm: BCMFunc sendMessageFromVehicle_l id:557842571, area:0 not report! 
05-27 19:12:55.996   351   516 D automotive.vehicle@2.0-adayo-func-bcm: BCMFunc sendMessageFromVehicle_l dataType: 12,mByte=22,propid=0x2140008c
05-27 19:12:55.996   351   516 D automotive.vehicle@2.0-adayo-func-bcm: BCMFunc sendMessageFromVehicle_l msgBuff[22]=0x0,start:1,len:1,temp:1,
05-27 19:12:55.996   351   516 D automotive.vehicle@2.0-adayo-func-bcm: BCMFunc sendMessageFromVehicle_l prop: 0x2140008c ,areaId: 0x0  SPLITE_BIT_DATA_INTEGER : 0
05-27 19:12:55.996   351   516 D automotive.vehicle@2.0-adayo-func-bcm: BCMFunc sendMessageFromVehicle_l id:557842572, area:0 not report! 
05-27 19:12:55.996   351   516 D automotive.vehicle@2.0-adayo-func-bcm: BCMFunc sendMessageFromVehicle_l dataType: 12,mByte=23,propid=0x2140008e
05-27 19:12:55.996   351   516 D automotive.vehicle@2.0-adayo-func-bcm: BCMFunc sendMessageFromVehicle_l msgBuff[23]=0x0,start:0,len:1,temp:1,
05-27 19:12:55.996   351   516 D automotive.vehicle@2.0-adayo-func-bcm: BCMFunc sendMessageFromVehicle_l prop: 0x2140008e ,areaId: 0x0  SPLITE_BIT_DATA_INTEGER : 0
05-27 19:12:55.996   351   516 D automotive.vehicle@2.0-adayo-func-bcm: BCMFunc sendMessageFromVehicle_l id:557842574, area:0 not report! 
05-27 19:12:55.996   351   516 D automotive.vehicle@2.0-adayo-func-bcm: BCMFunc sendMessageFromVehicle_l dataType: 12,mByte=23,propid=0x2140008f
05-27 19:12:55.997   351   516 D automotive.vehicle@2.0-adayo-func-bcm: BCMFunc sendMessageFromVehicle_l msgBuff[23]=0x0,start:1,len:1,temp:1,
05-27 19:12:55.997   351   516 D automotive.vehicle@2.0-adayo-func-bcm: BCMFunc sendMessageFromVehicle_l prop: 0x2140008f ,areaId: 0x0  SPLITE_BIT_DATA_INTEGER : 0
05-27 19:12:55.997   351   516 D automotive.vehicle@2.0-adayo-func-bcm: BCMFunc sendMessageFromVehicle_l id:557842575, area:0 not report! 
05-27 19:12:55.997   351   516 D automotive.vehicle@2.0-adayo-func-bcm: BCMFunc sendMessageFromVehicle_l dataType: 12,mByte=24,propid=0x2140000b
05-27 09:04:04.958   581   581 D spi_rst_gpio_get_output: GPIO 145 value: 1
05-27 09:04:04.958   581   581 D spidev_ioctl: gpio status=1)
05-27 19:12:55.997   351   516 D automotive.vehicle@2.0-adayo-func-bcm: BCMFunc sendMessageFromVehicle_l msgBuff[24]=0x0,start:2,len:3,temp:3,
05-27 19:12:55.997   351   516 D automotive.vehicle@2.0-adayo-func-bcm: BCMFunc sendMessageFromVehicle_l prop: 0x2140000b ,areaId: 0x0  SPLITE_BIT_DATA_INTEGER : 0
05-27 19:12:55.997   351   516 D automotive.vehicle@2.0-adayo-func-bcm: BCMFunc sendMessageFromVehicle_l id:557842443, area:0 not report! 
05-27 19:12:55.997   351   516 D automotive.vehicle@2.0-adayo-func-bcm: BCMFunc sendMessageFromVehicle_l dataType: 12,mByte=26,propid=0x21400086
05-27 19:12:55.997   351   516 D automotive.vehicle@2.0-adayo-func-bcm: BCMFunc sendMessageFromVehicle_l msgBuff[26]=0x0,start:0,len:11,temp:8,
05-27 19:12:55.997   351   516 D automotive.vehicle@2.0-adayo-func-bcm: BCMFunc sendMessageFromVehicle_l msgBuff[25]=0x0,start:0,len:3,temp:3,
05-27 19:12:55.997   351   516 D automotive.vehicle@2.0-adayo-func-bcm: BCMFunc sendMessageFromVehicle_l prop: 0x21400086 ,areaId: 0x0  SPLITE_BIT_DATA_INTEGER : 0
05-27 19:12:55.997   351   516 D automotive.vehicle@2.0-adayo-func-bcm: BCMFunc sendMessageFromVehicle_l id:557842566, area:0 not report! 
05-27 19:12:55.997   351   516 D automotive.vehicle@2.0-adayo-func-bcm: BCMFunc sendMessageFromVehicle_l dataType: 12,mByte=28,propid=0x21600004
05-27 19:12:55.997   351   516 D automotive.vehicle@2.0-adayo-func-bcm: BCMFunc sendMessageFromVehicle_l msgBuff[28]=0x0,start:0,len:16,temp:8,
05-27 19:12:55.997   351   516 D automotive.vehicle@2.0-adayo-func-bcm: BCMFunc sendMessageFromVehicle_l msgBuff[27]=0x0,start:0,len:8,temp:8,
05-27 19:12:55.997   351   516 D automotive.vehicle@2.0-adayo-func-bcm: BCMFunc sendMessageFromVehicle_l prop: 0x21600004 , SPLITE_BIT_DATA_INTEGER1 data:0
05-27 19:12:55.997   351   516 D automotive.vehicle@2.0-adayo-func-bcm: BCMFunc sendMessageFromVehicle_l prop: 0x21600004 , SPLITE_BIT_DATA_INTEGER4 procotol.calc[0]:0.100000,procotol.calc[1]:0.000000
05-27 19:12:55.997   351   516 D automotive.vehicle@2.0-adayo-func-bcm: BCMFunc sendMessageFromVehicle_l prop: 0x21600004 ,areaId: 0x0  SPLITE_BIT_DATA_INTEGER : 0.000000,calc[0]:0.100000,calc[1]:0.000000
05-27 19:12:55.997   351   516 D automotive.vehicle@2.0-adayo-func-bcm: BCMFunc sendMessageFromVehicle_l id:559939588, area:0 not report! 
05-27 19:12:55.997   351   516 D automotive.vehicle@2.0-adayo-func-bcm: BCMFunc sendMessageFromVehicle_l dataType: 12,mByte=30,propid=0x21400003
05-27 19:12:55.997   351   516 D automotive.vehicle@2.0-adayo-func-bcm: BCMFunc sendMessageFromVehicle_l msgBuff[30]=0x0,start:0,len:16,temp:8,
05-27 19:12:55.997   351   516 D automotive.vehicle@2.0-adayo-func-bcm: BCMFunc sendMessageFromVehicle_l msgBuff[29]=0x0,start:0,len:8,temp:8,
05-27 19:12:55.997   351   516 D automotive.vehicle@2.0-adayo-func-bcm: BCMFunc sendMessageFromVehicle_l prop: 0x21400003 ,areaId: 0x0  SPLITE_BIT_DATA_INTEGER : 0
05-27 19:12:55.997   351   516 D automotive.vehicle@2.0-adayo-func-bcm: BCMFunc sendMessageFromVehicle_l id:557842435, area:0 not report! 
05-27 19:12:55.997   351   516 D automotive.vehicle@2.0-adayo-func-bcm: BCMFunc sendMessageFromVehicle_l dataType: 12,mByte=32,propid=0x21600002
05-27 19:12:55.997   351   516 D automotive.vehicle@2.0-adayo-func-bcm: BCMFunc sendMessageFromVehicle_l msgBuff[32]=0x0,start:5,len:11,temp:3,
05-27 19:12:55.997   351   516 D automotive.vehicle@2.0-adayo-func-bcm: BCMFunc sendMessageFromVehicle_l msgBuff[31]=0x0,start:0,len:8,temp:8,
05-27 19:12:55.997   351   516 D automotive.vehicle@2.0-adayo-func-bcm: BCMFunc sendMessageFromVehicle_l prop: 0x21600002 , SPLITE_BIT_DATA_INTEGER1 data:0
05-27 19:12:55.997   351   516 D automotive.vehicle@2.0-adayo-func-bcm: BCMFunc sendMessageFromVehicle_l prop: 0x21600002 , SPLITE_BIT_DATA_INTEGER4 procotol.calc[0]:0.100000,procotol.calc[1]:0.000000
05-27 19:12:55.997   351   516 D automotive.vehicle@2.0-adayo-func-bcm: BCMFunc sendMessageFromVehicle_l prop: 0x21600002 ,areaId: 0x0  SPLITE_BIT_DATA_INTEGER : 0.000000,calc[0]:0.100000,calc[1]:0.000000
05-27 19:12:55.997   351   516 D automotive.vehicle@2.0-adayo-func-bcm: BCMFunc sendMessageFromVehicle_l id:559939586, area:0 not report! 
05-27 19:12:55.997   351   516 D automotive.vehicle@2.0-adayo-func-bcm: BCMFunc sendMessageFromVehicle_l dataType: 12,mByte=34,propid=0x216000dd
05-27 19:12:55.997   351   516 D automotive.vehicle@2.0-adayo-func-bcm: BCMFunc sendMessageFromVehicle_l msgBuff[34]=0x0,start:5,len:11,temp:3,
05-27 19:12:55.998   351   516 D automotive.vehicle@2.0-adayo-func-bcm: BCMFunc sendMessageFromVehicle_l msgBuff[33]=0x0,start:0,len:8,temp:8,
05-27 19:12:55.998   351   516 D automotive.vehicle@2.0-adayo-func-bcm: BCMFunc sendMessageFromVehicle_l prop: 0x216000dd , SPLITE_BIT_DATA_INTEGER1 data:0
05-27 19:12:55.998   351   516 D automotive.vehicle@2.0-adayo-func-bcm: BCMFunc sendMessageFromVehicle_l prop: 0x216000dd , SPLITE_BIT_DATA_INTEGER4 procotol.calc[0]:0.200000,procotol.calc[1]:0.000000
05-27 19:12:55.998   351   516 D automotive.vehicle@2.0-adayo-func-bcm: BCMFunc sendMessageFromVehicle_l prop: 0x216000dd ,areaId: 0x0  SPLITE_BIT_DATA_INTEGER : 0.000000,calc[0]:0.200000,calc[1]:0.000000
05-27 19:12:55.998   351   516 D automotive.vehicle@2.0-adayo-func-bcm: BCMFunc sendMessageFromVehicle_l id:559939805, area:0 not report! 
05-27 19:12:55.998   351   516 D automotive.vehicle@2.0-adayo-func-bcm: BCMFunc sendMessageFromVehicle_l dataType: 12,mByte=35,propid=0x216000de
05-27 19:12:55.998   351   516 D automotive.vehicle@2.0-adayo-func-bcm: BCMFunc sendMessageFromVehicle_l msgBuff[35]=0x0,start:0,len:8,temp:8,
05-27 19:12:55.998   351   516 D automotive.vehicle@2.0-adayo-func-bcm: BCMFunc sendMessageFromVehicle_l prop: 0x216000de , SPLITE_BIT_DATA_INTEGER1 data:0
05-27 19:12:55.998   351   516 D automotive.vehicle@2.0-adayo-func-bcm: BCMFunc sendMessageFromVehicle_l prop: 0x216000de , SPLITE_BIT_DATA_INTEGER4 procotol.calc[0]:0.392157,procotol.calc[1]:0.000000
05-27 19:12:55.998   351   516 D automotive.vehicle@2.0-adayo-func-bcm: BCMFunc sendMessageFromVehicle_l prop: 0x216000de ,areaId: 0x0  SPLITE_BIT_DATA_INTEGER : 0.000000,calc[0]:0.392157,calc[1]:0.000000
05-27 19:12:55.998   351   516 D automotive.vehicle@2.0-adayo-func-bcm: BCMFunc sendMessageFromVehicle_l id:559939806, area:0 not report! 
05-27 19:12:55.998   351   516 D automotive.vehicle@2.0-adayo-func-bcm: BCMFunc sendMessageFromVehicle_l dataType: 12,mByte=36,propid=0x214000df
