05-27 19:12:56.429 28437 28493 D ANWStack: [  12243680][ANWBT] L2CAP: L2_RetrieveHandle called, cid=0x84
05-27 19:12:56.429 28437 28493 D ANWStack: 
05-27 19:12:56.433   581   581 I SpiService: fgesysctrl_getGPIO_status success val=0
05-27 19:12:56.433   481   597 I mcuc    : send SPI:6AA602F6C700028300BC6AA602F6C800028415A56AA602F6C900028305B5
05-27 09:04:05.398   581   581 D spi_rst_gpio_get_output: GPIO 145 value: 0
05-27 09:04:05.398   581   581 D spidev_ioctl: gpio status=0)
05-27 19:12:56.446 13911 14183 I SentryImuMcuAngleSender: 179.993rollDeg
05-27 19:12:56.446 13911 14183 I SentryImuMcuAngleSender: 1,0,0
05-27 19:12:56.446   566 11459 I gps_hdbd: Received: '$GNINS,1,1,TYPE,I,V,012847.000,20838000,FUS,-2,0,0,0,MOT,V,1,PATT,0.00,0.00,0.00,VEL,0.000,0.000,0.000,POS,40.0001330924,116.0001570688,84.176,IIA,1,0.00,0.00,0.00,BGA,0.31,-0.66,-0.13,0.000,0.000,0.000,IGA,0,-1,0,0,-2,98,VG,16c2ff1*1B
'
05-27 19:12:56.447   581   581 I SpiService: fgesysctrl_getGPIO_status success val=1
05-27 19:12:56.447 28437 28493 D ANWAPI  : (28437|0xFF195CB0)[BTAPI] AnwhciEventCallback 19 1
05-27 09:04:05.412   581   581 D spi_rst_gpio_get_output: GPIO 145 value: 1
05-27 09:04:05.412   581   581 D spidev_ioctl: gpio status=1)
05-27 19:12:56.451 28437 28493 D ANWStack: [  12243702][ANWBT] >>Avctp_L2cap_Data_Ind_Cb
05-27 19:12:56.451 28437 28493 D ANWStack: 
05-27 19:12:56.452 28437 28493 D ANWStack: [  12243702][ANWBT] AVCTP Message Length = 22
05-27 19:12:56.452 28437 28493 D ANWStack: [  12243702][ANWBT] Receive AVCTP_SINGLE_PACKET
05-27 19:12:56.452 28437 28493 D ANW_AVRCP: (28437|0xFF195CB0)[AVRCP] [**AVRCP**] 0x82 0x110e
05-27 19:12:56.452 28437 28493 D ANW_AVRCP: (28437|0xFF195CB0)[AVRCP] opcode match 0x0
05-27 19:12:56.452 28437 28493 D ANW_AVRCP: 
05-27 19:12:56.452 28437 28493 D ANW_AVRCP: (28437|0xFF195CB0)[AVRCP] subopcode match 0x30, update ctype 0x1->0xc
05-27 19:12:56.452 28437 28493 D ANW_AVRCP: 
05-27 19:12:56.452 28437 28493 D ANW_AVRCP: (28437|0xFF195CB0)[AVRCP] AVRCP_Packet_Parser Response
05-27 19:12:56.452 28437 28493 D ANW_AVRCP: 
05-27 19:12:56.452 28437 28493 D ANW_AVRCP: (28437|0xFF195CB0)[AVRCP] AVRCP_Get_Play_Status_RSP_Handler 0/0 0
05-27 19:12:56.452 28437 28493 D ANWAPI  : (28437|0xFF195CB0)[BTAPI] connmgr_find_by_handle pData = 0xb40000740d7f9a10,7
05-27 19:12:56.452 28437 28493 D ANWAPI  : (28437|0xFF195CB0)[BTAPI] ===BTAPI_MallocIdxMsg 1030 16
05-27 19:12:56.452 28437 28493 D ANWAPI  : (28437|0xFF195CB0)[BTAPI] *BT_CB_Dispatch
05-27 19:12:56.452 28437 28493 D ANWAPI  : (28437|0xFF195CB0)[BTAPI] *****SDK callback(0x406)
05-27 19:12:56.452 28437 28493 D ANWAPI  : (28437|0xFF195CB0)[BTAPI] SDK***** [58:b9:65:7c:37:70]
05-27 19:12:56.452 28437 28493 D ANWAPI  : (28437|0xFF195CB0)[BTAPI] btsdk_exec_apicb start
05-27 19:12:56.452 28437 28493 D ANWAPI  : (28437|0xFF195CB0)[BTAPI] Up: AvrcpMsgHandler receive[58:B9:65:7C:37:70], Get Device ID(0)
05-27 19:12:56.452 28437 28493 D ANWAPI  : 
05-27 19:12:56.452 28437 28493 D ANWAPI  : (28437|0xFF195CB0)[BTAPI] Up: AnWBT_AVRCP_CURRENT_PLAY_STATUS_IND
05-27 19:12:56.452 28437 28493 D ANWAPI  : 
05-27 19:12:56.452 28437 28493 D ANWAPI  : (28437|0xFF195CB0)[BTAPI] songLengthMs     =0
05-27 19:12:56.452 28437 28493 D ANWAPI  : 
05-27 19:12:56.452 28437 28493 D ANWAPI  : (28437|0xFF195CB0)[BTAPI] songPositionMs   =0
05-27 19:12:56.452 28437 28493 D ANWAPI  : 
05-27 19:12:56.453 28437 28493 I ANW bt_btif: AvrcpMsgHandler: HAL bt_rc_ctrl_callbacks->play_position_changed_cb
05-27 19:12:56.453 28437 28493 I BluetoothAvrcpControllerJni: btavrcp_play_position_changed_callback
05-27 19:12:56.453   581   581 I SpiService: fgesysctrl_getGPIO_status success val=1
05-27 09:04:05.417   581   581 D spi_rst_gpio_get_output: GPIO 145 value: 1
05-27 09:04:05.417   581   581 D spidev_ioctl: gpio status=1)
05-27 19:12:56.453 28437 28493 D AvrcpControllerService: onPlayPositionChanged pos 0
05-27 19:12:56.453   283   307 I rvcservice: t.code = 2, t.value = 9973500
05-27 19:12:56.453 28437 28493 D ANWAPI  : (28437|0xFF195CB0)[BTAPI] currentPlayStatus=0
05-27 19:12:56.453 28437 28493 D ANWAPI  : 
05-27 19:12:56.453 28437 28493 I ANW bt_btif: AvrcpMsgHandler: HAL bt_rc_ctrl_callbacks->play_status_changed_cb
05-27 19:12:56.453 28437 28493 I BluetoothAvrcpControllerJni: btavrcp_play_status_changed_callback
05-27 19:12:56.453 28437 28493 D AvrcpControllerService: onPlayStatusChanged 0
05-27 19:12:56.454 28437  3402 D AvrcpControllerStateMachine: Avrcp.GetFolderList processMessage 206
05-27 19:12:56.454 28437  3402 D AvrcpControllerStateMachine: Avrcp.ConnectedAvrcpController processMessage 206
05-27 19:12:56.454 28437  3402 D AvrcpPlayer: getPlayBackState state 1 time 0
05-27 19:12:56.454 28437 28493 D ANWAPI  : (28437|0xFF195CB0)[BTAPI] btsdk_exec_apicb end
05-27 19:12:56.454 28437  3402 D BluetoothMediaBrowserService: notifyChanged PlaybackStatePlaybackState {state=1, position=0, buffered position=0, speed=0.0, updated=12243705, actions=16511, error code=0, error message=null, custom actions=[], active item id=-1}
05-27 19:12:56.455 28437  3402 D AvrcpControllerStateMachine: Avrcp.GetFolderList processMessage 207
05-27 19:12:56.455 28437  3402 D AvrcpControllerStateMachine: Avrcp.ConnectedAvrcpController processMessage 207
05-27 19:12:56.455 15525 15525 I NSLogUtils_BtMusicModel: onPlaybackStateChanged state: PlaybackState {state=1, position=0, buffered position=0, speed=0.0, updated=12243705, actions=16511, custom actions=[], active item id=-1, error=null} mIsBCallInCall=false
05-27 19:12:56.456   566 11459 I gps_hdbd: Received: '$GNINS,CARSPEED,ADR_STATUS,0,Pulse_count,0,1,0,0,20838000,122230,0.000,0.000,0.000*07
'
05-27 19:12:56.457 28437 28437 W AudioMediaPlayerWrapper: onPlaybackStateChanged(): com.android.bluetooth tried to update with no new data
05-27 19:12:56.457 28437  3402 D AvrcpPlayer: getPlayBackState state 1 time 0
05-27 19:12:56.457 28437  3402 D BluetoothMediaBrowserService: notifyChanged PlaybackStatePlaybackState {state=1, position=0, buffered position=0, speed=0.0, updated=12243708, actions=16511, error code=0, error message=null, custom actions=[], active item id=-1}
05-27 19:12:56.458 28437  3402 D AvrcpControllerStateMachine: Avrcp.ConnectedAvrcpController shouldRequestFocus() true
05-27 19:12:56.458   581   581 I SpiService: fgesysctrl_getGPIO_status success val=1
05-27 19:12:56.453 13549 13549 I auditd  : type=1400 audit(0.0:82368): avc: denied { getattr } for comm="CACHEABLE" path="/mnt/log_data/AndroidLog/logcat/logcat_2026_05_27_19_07_49_927-52.txt" dev="vda93" ino=180285 scontext=u:r:system_app:s0 tcontext=u:object_r:log_data_file:s0 tclass=file permissive=1
05-27 19:12:56.453 13549 13549 I CACHEABLE: type=1400 audit(0.0:82368): avc: denied { getattr } for path="/mnt/log_data/AndroidLog/logcat/logcat_2026_05_27_19_07_49_927-52.txt" dev="vda93" ino=180285 scontext=u:r:system_app:s0 tcontext=u:object_r:log_data_file:s0 tclass=file permissive=1
05-27 19:12:56.459 15525 15525 I NSLogUtils_BtMusicModel: musicChange metaData: android.media.MediaMetadata@ce0e91
05-27 19:12:56.459 15525 15525 I NSLogUtils_BtMusicModel: musicChange title: null,artist: null,duration: 0,album: null,albumArtUri: null
05-27 19:12:56.460 28437 28437 W AudioMediaPlayerWrapper: onPlaybackStateChanged(): com.android.bluetooth tried to update with no new data
05-27 19:12:56.460 15525 15525 D NSLogUtils_MediaForegroundService: updateNotification isPlaying=false title=null text=null
05-27 19:12:56.460 15525 15525 I NSLogUtils_MediaForegroundService: getAlbumArtBitmap IMG uri is null
05-27 09:04:05.423   581   581 D spi_rst_gpio_get_output: GPIO 145 value: 1
05-27 09:04:05.423   581   581 D spidev_ioctl: gpio status=1)
05-27 19:12:56.461   830   830 D SurfaceFlinger: unisoc-graphics, commit has frameMissed:2, vysncId:448099
05-27 19:12:56.462   566 11459 I gps_hdbd: Received: '$GNTXT,04,01,04,INS,V,1,,,,FLG,1,000000,1,0,1,0,0,Con,0*71
'
05-27 19:12:56.462   566 11459 I gps_hdbd: Received: '$GNTXT,INSTALL,0.00,0.00,0.00,0.00,0.00,0.00,0*20
'
05-27 19:12:56.462   536   536 D commservice260303: msg.id = 1028,0
05-27 19:12:56.462   536   536 D commservice260303: i = 170, msgid = 8A000404
05-27 19:12:56.462   536   536 D commservice260303: msgid = -1979710460,did=138
05-27 19:12:56.462   536   536 D commservice260303: CommProtocolLibCmdBaseI2C::dataproc {"command":{"id":"imu_status","sub":""},"content":{"TimeStamp":12,"FrameCounter":288288,"GD_X":-0.011834942735731602,"GD_Y":0.004428025335073471,"GD_Z":0.0021378109231591225,"AD_X":-0.0022467225790023804,"AD_Y":-0.0032325575593858957,"AD_Z":-0.16886615753173828,"TempDsp":0,"Status":0,"CalibState":1,"SigAmpInvalid":0}},-1979710460
05-27 19:12:56.462   536   536 D commservice260303: send2Cluster len:319, 7B22636F6D6D616E64223A7B226964223A22696D755F737461747573222C22737562223A22227D2C22636F6E74656E74223A7B2254696D655374616D70223A31322C224672616D65436F756E746572223A3238383238382C2247445F58223A2D302E3031313833343934323733353733313630322C2247445F59223A302E3030343432383032353333353037333437312C2247445F5A223A302E303032313337383130393233313539313232352C2241445F58223A2D302E303032323436373232353739303032333830342C2241445F59223A2D302E303033323332353537353539333835383935372C2241445F5A223A2D302E31363838363631353735333137333832382C2254656D70447370223A302C22537461747573223A302C2243616C69625374617465223A312C22536967416D70496E76616C6964223A307D7D, 138 
05-27 19:12:56.462   536   536 D commservice260303: Push Message into SendPool fn=-139918336
05-27 19:12:56.462   536   536 D commservice260303: ComProtocolLibSend2Cluster::send2ClusterRaw fn=-139918336 , len=335
05-27 19:12:56.462   536   536 D commservice260303: sendCmdToPort :335!!!
05-27 19:12:56.462   536   536 D commservice260303: send Cmd To Port ++++5AA5014B8A010004A9F76A16D1B87B22636F6D6D616E64223A7B226964223A22696D755F737461747573222C22737562223A22227D2C22636F6E74656E74223A7B2254696D655374616D70223A31322C224672616D65436F756E746572223A3238383238382C2247445F58223A2D302E3031313833343934323733353733313630322C2247445F59223A302E3030343432383032353333353037333437312C2247445F5A223A302E303032313337383130393233313539313232352C2241445F58223A2D302E303032323436373232353739303032333830342C2241445F59223A2D302E303033323332353537353539333835383935372C2241445F5A223A2D302E31363838363631353735333137333832382C2254656D70447370223A302C22537461747573223A302C2243616C69625374617465223A312C22536967416D70496E76616C6964223A307D7DAAF6
05-27 19:12:56.463   536   536 D commservice260303: bufferevent_write retrun value = 0
05-27 19:12:56.463   536   560 D commservice260303: client datas send succeed,send finish
05-27 19:12:56.463 13911 14192 D Sentinelmode_1.2.5.17_sentry: <SentryImuClusterFgeSender>imu_status sent to Linux, frame=288288, tsNs=12243678, tsMs=12, intervalMs=39, ad=(-0.0022467226,-0.0032325576,-0.16886616), gd=(-0.011834943,0.0044280253,0.002137811)
05-27 19:12:56.464   581   581 I SpiService: fgesysctrl_getGPIO_status success val=1
05-27 19:12:56.464 13549 13800 I ADAYO_LOG_: addEncryptorBean(EncryptorModel.java:28)key:logcat_2026_05_27_19_12_53_200-52.zip
05-27 19:12:56.464 13549 13800 I ADAYO_LOG_: writeEncryptorFile(EncryptorModel.java:48)mHashMapList:38
05-27 09:04:05.428   581   581 D spi_rst_gpio_get_output: GPIO 145 value: 1
05-27 09:04:05.428   581   581 D spidev_ioctl: gpio status=1)
05-27 19:12:56.466 13549 13800 W System.err: java.io.IOException: No such file or directory
05-27 19:12:56.466 13549 13800 W System.err: 	at java.io.UnixFileSystem.createFileExclusively0(Native Method)
05-27 19:12:56.466 13549 13800 W System.err: 	at java.io.UnixFileSystem.createFileExclusively(UnixFileSystem.java:317)
05-27 19:12:56.466 13549 13800 W System.err: 	at java.io.File.createNewFile(File.java:1006)
05-27 19:12:56.466 13549 13800 W System.err: 	at com.adayo.log.utils.FileUtil.writeStringToFile(FileUtil.java:253)
05-27 19:12:56.466 13549 13800 W System.err: 	at com.adayo.log.model.EncryptorModel.writeEncryptorFile(EncryptorModel.java:53)
05-27 19:12:56.466 13911 14183 I SentryImuMcuAngleSender: 179.993rollDeg
05-27 19:12:56.467 13549 13800 W System.err: 	at com.adayo.log.model.EncryptorModel.addEncryptorBean(EncryptorModel.java:31)
05-27 19:12:56.467 13549 13800 W System.err: 	at com.adayo.log.function.collect.LogcatFunc.startZip(LogcatFunc.java:404)
05-27 19:12:56.467 13911 14183 I SentryImuMcuAngleSender: 1,0,0
05-27 19:12:56.467 13549 13800 W System.err: 	at com.adayo.log.function.collect.LogcatFunc.startSeparationAndZip(LogcatFunc.java:293)
05-27 19:12:56.467 13549 13800 W System.err: 	at com.adayo.log.function.collect.LogcatFunc.access$000(LogcatFunc.java:56)
05-27 19:12:56.467 13549 13800 W System.err: 	at com.adayo.log.function.collect.LogcatFunc$WatchCallable.call(LogcatFunc.java:505)
05-27 19:12:56.467 13549 13800 W System.err: 	at com.adayo.log.function.collect.LogcatFunc$WatchCallable.call(LogcatFunc.java:431)
05-27 19:12:56.467 10188 10188 D NotificationService: EnqueueNotificationRunnable.run for: 0|com.yadea.btmusic|8001|null|1000
05-27 19:12:56.467 13549 13800 W System.err: 	at com.adayo.log.utils.easythread.RunnableWrapper.run(RunnableWrapper.java:37)
05-27 19:12:56.467 13549 13800 W System.err: 	at java.util.concurrent.ThreadPoolExecutor.runWorker(ThreadPoolExecutor.java:1137)
05-27 19:12:56.467 10188 10188 I notification_enqueue: [1000,15525,com.yadea.btmusic,8001,NULL,0,Notification(channel=media_playback_channel shortcut=null contentView=null vibrate=null sound=null defaults=0x0 flags=0x48 color=0x00000000 category=transport groupKey=silent actions=3 vis=PUBLIC),1]
05-27 19:12:56.467 13549 13800 W System.err: 	at java.util.concurrent.ThreadPoolExecutor$Worker.run(ThreadPoolExecutor.java:637)
05-27 19:12:56.467 13549 13800 W System.err: 	at java.lang.Thread.run(Thread.java:1023)
05-27 19:12:56.467 13549 13800 W System.err: java.io.FileNotFoundException: /log/offlinelogs/AndroidLog/logKey.txt: open failed: ENOENT (No such file or directory)
05-27 19:12:56.468 13549 13800 W System.err: 	at libcore.io.IoBridge.open(IoBridge.java:574)
05-27 19:12:56.468 13549 13800 W System.err: 	at java.io.FileOutputStream.<init>(FileOutputStream.java:236)
05-27 19:12:56.468 13549 13800 W System.err: 	at java.io.FileOutputStream.<init>(FileOutputStream.java:186)
05-27 19:12:56.468 13549 13800 W System.err: 	at com.adayo.log.utils.FileUtil.writeStringToFile(FileUtil.java:258)
05-27 19:12:56.468 13549 13800 W System.err: 	at com.adayo.log.model.EncryptorModel.writeEncryptorFile(EncryptorModel.java:53)
05-27 19:12:56.468 13549 13800 W System.err: 	at com.adayo.log.model.EncryptorModel.addEncryptorBean(EncryptorModel.java:31)
05-27 19:12:56.468 13549 13800 W System.err: 	at com.adayo.log.function.collect.LogcatFunc.startZip(LogcatFunc.java:404)
05-27 19:12:56.468 13549 13800 W System.err: 	at com.adayo.log.function.collect.LogcatFunc.startSeparationAndZip(LogcatFunc.java:293)
05-27 19:12:56.468 13549 13800 W System.err: 	at com.adayo.log.function.collect.LogcatFunc.access$000(LogcatFunc.java:56)
05-27 19:12:56.468 13549 13800 W System.err: 	at com.adayo.log.function.collect.LogcatFunc$WatchCallable.call(LogcatFunc.java:505)
05-27 19:12:56.468 13549 13800 W System.err: 	at com.adayo.log.function.collect.LogcatFunc$WatchCallable.call(LogcatFunc.java:431)
05-27 19:12:56.468 13549 13800 W System.err: 	at com.adayo.log.utils.easythread.RunnableWrapper.run(RunnableWrapper.java:37)
05-27 19:12:56.468 13549 13800 W System.err: 	at java.util.concurrent.ThreadPoolExecutor.runWorker(ThreadPoolExecutor.java:1137)
05-27 19:12:56.468 13549 13800 W System.err: 	at java.util.concurrent.ThreadPoolExecutor$Worker.run(ThreadPoolExecutor.java:637)
05-27 19:12:56.468 13549 13800 W System.err: 	at java.lang.Thread.run(Thread.java:1023)
05-27 19:12:56.468 15525 15525 I NSLogUtils_BtMusicModel: onPlaybackStateChanged state: PlaybackState {state=1, position=0, buffered position=0, speed=0.0, updated=12243708, actions=16511, custom actions=[], active item id=-1, error=null} mIsBCallInCall=false
05-27 19:12:56.469 13549 13800 W System.err: Caused by: android.system.ErrnoException: open failed: ENOENT (No such file or directory)
05-27 19:12:56.469 11731 11731 I ExtAssistant: ENQUEUED 0|com.yadea.btmusic|8001|null|1000 on media_playback_channel
05-27 19:12:56.469 13549 13800 W System.err: 	at libcore.io.Linux.open(Native Method)
05-27 19:12:56.469 13549 13800 W System.err: 	at libcore.io.ForwardingOs.open(ForwardingOs.java:563)
05-27 19:12:56.469 13549 13800 W System.err: 	at libcore.io.BlockGuardOs.open(BlockGuardOs.java:274)
05-27 19:12:56.469 13549 13800 W System.err: 	at libcore.io.ForwardingOs.open(ForwardingOs.java:563)
05-27 19:12:56.469 13549 13800 W System.err: 	at android.app.ActivityThread$AndroidOs.open(ActivityThread.java:7919)
05-27 19:12:56.469 13549 13800 W System.err: 	at libcore.io.IoBridge.open(IoBridge.java:560)
05-27 19:12:56.469   581   581 I SpiService: fgesysctrl_getGPIO_status success val=1
05-27 19:12:56.469 13549 13800 W System.err: 	... 14 more
05-27 19:12:56.469 11731 13524 D ExtAssistant: Creating Adjustment for 0|com.yadea.btmusic|8001|null|1000, with 0 actions, and 0 replies.
05-27 19:12:56.471 15525 15525 I NSLogUtils_BtMusicModel: musicChange metaData: android.media.MediaMetadata@ce0e91
05-27 19:12:56.471 15525 15525 I NSLogUtils_BtMusicModel: musicChange title: null,artist: null,duration: 0,album: null,albumArtUri: null
05-27 19:12:56.472 15525 15525 D NSLogUtils_MediaForegroundService: updateNotification isPlaying=false title=null text=null
05-27 19:12:56.472 15525 15525 I NSLogUtils_MediaForegroundService: getAlbumArtBitmap IMG uri is null
05-27 09:04:05.434   581   581 D spi_rst_gpio_get_output: GPIO 145 value: 1
05-27 09:04:05.434   581   581 D spidev_ioctl: gpio status=1)
05-27 19:12:56.474   581   581 I SpiService: fgesysctrl_getGPIO_status success val=0
05-27 19:12:56.476 10188 10188 D NotificationService: EnqueueNotificationRunnable.run for: 0|com.yadea.btmusic|8001|null|1000
05-27 19:12:56.476 10188 10188 I notification_enqueue: [1000,15525,com.yadea.btmusic,8001,NULL,0,Notification(channel=media_playback_channel shortcut=null contentView=null vibrate=null sound=null defaults=0x0 flags=0x48 color=0x00000000 category=transport groupKey=silent actions=3 vis=PUBLIC),1]
05-27 09:04:05.439   581   581 D spi_rst_gpio_get_output: GPIO 145 value: 0
05-27 09:04:05.439   581   581 D spidev_ioctl: gpio status=0)
05-27 19:12:56.477   572   622 I Sensors : 230 GyroSensor: x:-0.011224,y:0.005803,z:0.001756
05-27 19:12:56.477   830   830 D SurfaceFlinger: unisoc-graphics, commit has frameMissed:2, vysncId:448114
05-27 19:12:56.480 11731 11731 I ExtAssistant: ENQUEUED 0|com.yadea.btmusic|8001|null|1000 on media_playback_channel
05-27 19:12:56.481 11731 13524 D ExtAssistant: Creating Adjustment for 0|com.yadea.btmusic|8001|null|1000, with 0 actions, and 0 replies.
05-27 19:12:56.486   481   598 I mcuc    : rev,n=1,6AA681F6CA000A890034010409011234564D
05-27 19:12:56.486 13911 14183 I SentryImuMcuAngleSender: 179.96497rollDeg
05-27 19:12:56.486  1121  1144 I tboxmids_ap: [2026-05-27 19:12:56.486] [MCU RX] src=MCU dst=ZMQ len=10 type=BINARY data=00 08 34 01 04 09 01 12 34 56 
05-27 19:12:56.486   351   373 D automotive.vehicle@2.0-adayo-datacomm-mcu: MCUDatacomm sendMessageFromVehicle prop: 0x89, areaId: 0x0, status: 0x34, timestamp: 0x1
05-27 19:12:56.486 13911 14183 I SentryImuMcuAngleSender: 1,0,0
05-27 19:12:56.486   351   373 D automotive.vehicle@2.0-adayo-datacomm-mcu: MCUDatacomm 1sendMessageFromVehicle ---> type = 12 
05-27 19:12:56.487  1083  1083 I MyAppLog: [2026-05-27 19:12:56.487 I tboxap mcuCommTboxmidsRecvCb:97] [Mcu] [mcuCommTboxmidsRecvCb] recv from tboxmids, size:10
05-27 19:12:56.487  1083  1083 I MyAppLog: [2026-05-27 19:12:56.487 I tboxap mcuCommTboxmidsRecvCb:98] [Mcu] [tboxmids -> tboxap]: :00 08 34 01 04 09 01 12 34 56
05-27 19:12:56.487  1083  1083 I MyAppLog: [2026-05-27 19:12:56.487 I tboxap mcuPtlParseData:990] [Mcu] [Mcu  Parse]: (cmd):0901 (param):0901123456
05-27 19:12:56.487  1083  1083 W MyAppLog: [2026-05-27 19:12:56.487 W tboxap mcuParamDataRevPack:918] [Mcu] mcuParamDataRevPack start pack data!!!
05-27 19:12:56.487  1083  1083 W MyAppLog: [2026-05-27 19:12:56.487 W tboxap mcuSaveQueryData:219] [Mcu] [mcuSaveQueryData] unknown query item:0x56
05-27 19:12:56.488  1083  1083 W MyAppLog: [2026-05-27 19:12:56.487 W tboxap mcuHandleQueryInd:1700] [Mcu] [mcuHandleQueryInd] unknown query item:0x56
05-27 19:12:56.488  1083  1083 W MyAppLog: [2026-05-27 19:12:56.487 W tboxap mcuHandleQueryInd:1700] [Mcu] [mcuHandleQueryInd] unknown query item:0x56
05-27 19:12:56.488  1083  1083 W MyAppLog: [2026-05-27 19:12:56.487 W tboxap mcuHandleQueryInd:1700] [Mcu] [mcuHandleQueryInd] unknown query item:0x56
05-27 19:12:56.488  1083  1083 W MyAppLog: [2026-05-27 19:12:56.487 W tboxap mcuHandleQueryInd:1700] [Mcu] [mcuHandleQueryInd] unknown query item:0x56
05-27 19:12:56.488  1083  1083 W MyAppLog: [2026-05-27 19:12:56.487 W tboxap mcuHandleQueryInd:1700] [Mcu] [mcuHandleQueryInd] unknown query item:0x56
05-27 19:12:56.488  1083  1083 W MyAppLog: [2026-05-27 19:12:56.487 W tboxap mcuHandleQueryInd:1700] [Mcu] [mcuHandleQueryInd] unknown query item:0x56
05-27 19:12:56.488  1083  1083 W MyAppLog: [2026-05-27 19:12:56.487 W tboxap mcuHandleQueryInd:1700] [Mcu] [mcuHandleQueryInd] unknown query item:0x56
05-27 19:12:56.488  1083  1083 W MyAppLog: [2026-05-27 19:12:56.487 W tboxap mcuHandleQueryInd:1700] [Mcu] [mcuHandleQueryInd] unknown query item:0x56
05-27 19:12:56.488  1083  1083 W MyAppLog: [2026-05-27 19:12:56.487 W tboxap mcuHandleQueryInd:1700] [Mcu] [mcuHandleQueryInd] unknown query item:0x56
05-27 19:12:56.488  1083  1083 W MyAppLog: [2026-05-27 19:12:56.487 W tboxap mcuHandleQueryInd:1700] [Mcu] [mcuHandleQueryInd] unknown query item:0x56
05-27 19:12:56.488  1083  1083 W MyAppLog: [2026-05-27 19:12:56.487 W tboxap mcuHandleQueryInd:1700] [Mcu] [mcuHandleQueryInd] unknown query item:0x56
05-27 19:12:56.488   581   581 I SpiService: fgesysctrl_getGPIO_status success val=1
05-27 19:12:56.488  1083  1083 W MyAppLog: [2026-05-27 19:12:56.487 W tboxap mcuHandleQueryInd:1700] [Mcu] [mcuHandleQueryInd] unknown query item:0x56
05-27 19:12:56.489  1083  1083 W MyAppLog: [2026-05-27 19:12:56.487 W tboxap mcuHandleQueryInd:1700] [Mcu] [mcuHandleQueryInd] unknown query item:0x56
05-27 09:04:05.453   581   581 D spi_rst_gpio_get_output: GPIO 145 value: 1
05-27 09:04:05.453   581   581 D spidev_ioctl: gpio status=1)
05-27 19:12:56.485 13549 13549 I auditd  : type=1400 audit(0.0:82369): avc: denied { search } for comm="CACHEABLE" name="/" dev="vda93" ino=2 scontext=u:r:system_app:s0 tcontext=u:object_r:log_data_file:s0 tclass=dir permissive=1
05-27 19:12:56.485 13549 13549 I CACHEABLE: type=1400 audit(0.0:82369): avc: denied { search } for name="/" dev="vda93" ino=2 scontext=u:r:system_app:s0 tcontext=u:object_r:log_data_file:s0 tclass=dir permissive=1
05-27 19:12:56.485 13549 13549 I auditd  : type=1400 audit(0.0:82370): avc: denied { write } for comm="CACHEABLE" name="logcat" dev="vda93" ino=180226 scontext=u:r:system_app:s0 tcontext=u:object_r:log_data_file:s0 tclass=dir permissive=1
05-27 19:12:56.485 13549 13549 I CACHEABLE: type=1400 audit(0.0:82370): avc: denied { write } for name="logcat" dev="vda93" ino=180226 scontext=u:r:system_app:s0 tcontext=u:object_r:log_data_file:s0 tclass=dir permissive=1
05-27 19:12:56.485 13549 13549 I auditd  : type=1400 audit(0.0:82371): avc: denied { remove_name } for comm="CACHEABLE" name="logcat_2026_05_27_19_07_49_927-52.txt" dev="vda93" ino=180285 scontext=u:r:system_app:s0 tcontext=u:object_r:log_data_file:s0 tclass=dir permissive=1
05-27 19:12:56.485 13549 13549 I CACHEABLE: type=1400 audit(0.0:82371): avc: denied { remove_name } for name="logcat_2026_05_27_19_07_49_927-52.txt" dev="vda93" ino=180285 scontext=u:r:system_app:s0 tcontext=u:object_r:log_data_file:s0 tclass=dir permissive=1
05-27 19:12:56.485 13549 13549 I auditd  : type=1400 audit(0.0:82372): avc: denied { unlink } for comm="CACHEABLE" name="logcat_2026_05_27_19_07_49_927-52.txt" dev="vda93" ino=180285 scontext=u:r:system_app:s0 tcontext=u:object_r:log_data_file:s0 tclass=file permissive=1
05-27 19:12:56.485 13549 13549 I CACHEABLE: type=1400 audit(0.0:82372): avc: denied { unlink } for name="logcat_2026_05_27_19_07_49_927-52.txt" dev="vda93" ino=180285 scontext=u:r:system_app:s0 tcontext=u:object_r:log_data_file:s0 tclass=file permissive=1
05-27 19:12:56.489 13549 13800 I ADAYO_LOG_: startZip(LogcatFunc.java:409)zipFile:true,txtFilePath: /mnt/log_data/AndroidLog/logcat/logcat_2026_05_27_19_07_49_927-52.txt
05-27 19:12:56.489  1083  1083 W MyAppLog: [2026-05-27 19:12:56.487 W tboxap mcuHandleQueryInd:1700] [Mcu] [mcuHandleQueryInd] unknown query item:0x56
05-27 19:12:56.489  1083  1083 W MyAppLog: [2026-05-27 19:12:56.487 W tboxap mcuHandleQueryInd:1700] [Mcu] [mcuHandleQueryInd] unknown query item:0x56
05-27 19:12:56.489  1083  1083 W MyAppLog: [2026-05-27 19:12:56.487 W tboxap mcuHandleQueryInd:1700] [Mcu] [mcuHandleQueryInd] unknown query item:0x56
05-27 19:12:56.489  1083  1083 W MyAppLog: [2026-05-27 19:12:56.487 W tboxap mcuHandleQueryInd:1700] [Mcu] [mcuHandleQueryInd] unknown query item:0x56
05-27 19:12:56.489  1083  1083 W MyAppLog: [2026-05-27 19:12:56.487 W tboxap mcuHandleQueryInd:1700] [Mcu] [mcuHandleQueryInd] unknown query item:0x56
05-27 19:12:56.489  1083  1083 W MyAppLog: [2026-05-27 19:12:56.487 W tboxap mcuHandleQueryInd:1700] [Mcu] [mcuHandleQueryInd] unknown query item:0x56
05-27 19:12:56.489  1083  1083 W MyAppLog: [2026-05-27 19:12:56.487 W tboxap mcuHandleQueryInd:1700] [Mcu] [mcuHandleQueryInd] unknown query item:0x56
05-27 19:12:56.489  1083  1083 W MyAppLog: [2026-05-27 19:12:56.487 W tboxap mcuHandleQueryInd:1700] [Mcu] [mcuHandleQueryInd] unknown query item:0x56
05-27 19:12:56.489  1083  1083 W MyAppLog: [2026-05-27 19:12:56.487 W tboxap mcuHandleQueryInd:1700] [Mcu] [mcuHandleQueryInd] unknown query item:0x56
05-27 19:12:56.489  1083  1083 W MyAppLog: [2026-05-27 19:12:56.487 W tboxap mcuHandleQueryInd:1700] [Mcu] [mcuHandleQueryInd] unknown query item:0x56
05-27 19:12:56.489  1083  1083 W MyAppLog: [2026-05-27 19:12:56.487 W tboxap mcuHandleQueryInd:1700] [Mcu] [mcuHandleQueryInd] unknown query item:0x56
05-27 19:12:56.489  1083  1083 W MyAppLog: [2026-05-27 19:12:56.487 W tboxap mcuHandleQueryInd:1700] [Mcu] [mcuHandleQueryInd] unknown query item:0x56
05-27 19:12:56.489  1083  1083 W MyAppLog: [2026-05-27 19:12:56.487 W tboxap mcuHandleQueryInd:1700] [Mcu] [mcuHandleQueryInd] unknown query item:0x56
05-27 19:12:56.490  1083  1083 W MyAppLog: [2026-05-27 19:12:56.487 W tboxap mcuHandleQueryInd:1700] [Mcu] [mcuHandleQueryInd] unknown query item:0x56
05-27 19:12:56.490  1083  1083 W MyAppLog: [2026-05-27 19:12:56.487 W tboxap mcuHandleQueryInd:1700] [Mcu] [mcuHandleQueryInd] unknown query item:0x56
05-27 19:12:56.490  1083  1083 W MyAppLog: [2026-05-27 19:12:56.487 W tboxap mcuHandleQueryInd:1700] [Mcu] [mcuHandleQueryInd] unknown query item:0x56
05-27 19:12:56.490  1083  1083 W MyAppLog: [2026-05-27 19:12:56.487 W tboxap mcuHandleQueryInd:1700] [Mcu] [mcuHandleQueryInd] unknown query item:0x56
05-27 19:12:56.490  1083  1083 W MyAppLog: [2026-05-27 19:12:56.487 W tboxap mcuHandleQueryInd:1700] [Mcu] [mcuHandleQueryInd] unknown query item:0x56
05-27 19:12:56.490  1083  1083 W MyAppLog: [2026-05-27 19:12:56.487 W tboxap mcuHandleQueryInd:1700] [Mcu] [mcuHandleQueryInd] unknown query item:0x56
05-27 19:12:56.490  1083  1083 W MyAppLog: [2026-05-27 19:12:56.487 W tboxap mcuHandleQueryInd:1700] [Mcu] [mcuHandleQueryInd] unknown query item:0x56
05-27 19:12:56.490  1083  1083 W MyAppLog: [2026-05-27 19:12:56.487 W tboxap mcuHandleQueryInd:1700] [Mcu] [mcuHandleQueryInd] unknown query item:0x56
05-27 19:12:56.490  1083  1083 W MyAppLog: [2026-05-27 19:12:56.487 W tboxap mcuHandleQueryInd:1700] [Mcu] [mcuHandleQueryInd] unknown query item:0x56
05-27 19:12:56.490  1083  1083 W MyAppLog: [2026-05-27 19:12:56.487 W tboxap mcuHandleQueryInd:1700] [Mcu] [mcuHandleQueryInd] unknown query item:0x56
05-27 19:12:56.490  1083  1083 W MyAppLog: [2026-05-27 19:12:56.487 W tboxap mcuHandleQueryInd:1700] [Mcu] [mcuHandleQueryInd] unknown query item:0x56
05-27 19:12:56.490  1083  1083 W MyAppLog: [2026-05-27 19:12:56.487 W tboxap mcuHandleQueryInd:1700] [Mcu] [mcuHandleQueryInd] unknown query item:0x56
05-27 19:12:56.490  1083  1083 W MyAppLog: [2026-05-27 19:12:56.487 W tboxap mcuHandleQueryInd:1700] [Mcu] [mcuHandleQueryInd] unknown query item:0x56
05-27 19:12:56.490  1083  1083 W MyAppLog: [2026-05-27 19:12:56.487 W tboxap mcuHandleQueryInd:1700] [Mcu] [mcuHandleQueryInd] unknown query item:0x56
05-27 19:12:56.490  1083  1083 W MyAppLog: [2026-05-27 19:12:56.487 W tboxap mcuHandleQueryInd:1700] [Mcu] [mcuHandleQueryInd] unknown query item:0x56
05-27 19:12:56.490  1083  1083 W MyAppLog: [2026-05-27 19:12:56.487 W tboxap mcuHandleQueryInd:1700] [Mcu] [mcuHandleQueryInd] unknown query item:0x56
05-27 19:12:56.491  1083  1083 W MyAppLog: [2026-05-27 19:12:56.487 W tboxap mcuHandleQueryInd:1700] [Mcu] [mcuHandleQueryInd] unknown query item:0x56
05-27 19:12:56.491  1083  1083 W MyAppLog: [2026-05-27 19:12:56.487 W tboxap mcuHandleQueryInd:1700] [Mcu] [mcuHandleQueryInd] unknown query item:0x56
05-27 19:12:56.491  1083  1083 W MyAppLog: [2026-05-27 19:12:56.487 W tboxap mcuHandleQueryInd:1700] [Mcu] [mcuHandleQueryInd] unknown query item:0x56
05-27 19:12:56.491  1083  1083 W MyAppLog: [2026-05-27 19:12:56.487 W tboxap mcuHandleQueryInd:1700] [Mcu] [mcuHandleQueryInd] unknown query item:0x56
05-27 19:12:56.491  1083  1083 W MyAppLog: [2026-05-27 19:12:56.487 W tboxap mcuHandleQueryInd:1700] [Mcu] [mcuHandleQueryInd] unknown query item:0x56
05-27 19:12:56.491  1083  1083 W MyAppLog: [2026-05-27 19:12:56.487 W tboxap mcuHandleQueryInd:1700] [Mcu] [mcuHandleQueryInd] unknown query item:0x56
05-27 19:12:56.491  1083  1083 W MyAppLog: [2026-05-27 19:12:56.487 W tboxap mcuHandleQueryInd:1700] [Mcu] [mcuHandleQueryInd] unknown query item:0x56
05-27 19:12:56.491  1083  1083 W MyAppLog: [2026-05-27 19:12:56.487 W tboxap mcuHandleQueryInd:1700] [Mcu] [mcuHandleQueryInd] unknown query item:0x56
05-27 19:12:56.491  1083  1083 W MyAppLog: [2026-05-27 19:12:56.487 W tboxap mcuHandleQueryInd:1700] [Mcu] [mcuHandleQueryInd] unknown query item:0x56
05-27 19:12:56.491  1083  1083 W MyAppLog: [2026-05-27 19:12:56.487 W tboxap mcuHandleQueryInd:1700] [Mcu] [mcuHandleQueryInd] unknown query item:0x56
05-27 19:12:56.494   581   581 I SpiService: fgesysctrl_getGPIO_status success val=1
05-27 09:04:05.458   581   581 D spi_rst_gpio_get_output: GPIO 145 value: 1
05-27 09:04:05.458   581   581 D spidev_ioctl: gpio status=1)
05-27 19:12:56.499   581   581 I SpiService: fgesysctrl_getGPIO_status success val=1
05-27 09:04:05.464   581   581 D spi_rst_gpio_get_output: GPIO 145 value: 1
05-27 09:04:05.464   581   581 D spidev_ioctl: gpio status=1)
05-27 19:12:56.502   536   536 D commservice260303: msg.id = 1028,0
05-27 19:12:56.502   536   536 D commservice260303: i = 170, msgid = 8A000404
05-27 19:12:56.502   536   536 D commservice260303: msgid = -1979710460,did=138
05-27 19:12:56.502   536   536 D commservice260303: CommProtocolLibCmdBaseI2C::dataproc {"command":{"id":"imu_status","sub":""},"content":{"TimeStamp":12,"FrameCounter":288289,"GD_X":-0.011300750076770782,"GD_Y":0.005573912989348173,"GD_Z":0.001679039909504354,"AD_X":-0.003473043441772461,"AD_Y":0.0016327854245901108,"AD_Z":-0.16947650909423828,"TempDsp":0,"Status":0,"CalibState":1,"SigAmpInvalid":0}},-1979710460
05-27 19:12:56.502   536   536 D commservice260303: send2Cluster len:316, 7B22636F6D6D616E64223A7B226964223A22696D755F737461747573222C22737562223A22227D2C22636F6E74656E74223A7B2254696D655374616D70223A31322C224672616D65436F756E746572223A3238383238392C2247445F58223A2D302E3031313330303735303037363737303738322C2247445F59223A302E3030353537333931323938393334383137332C2247445F5A223A302E3030313637393033393930393530343335342C2241445F58223A2D302E3030333437333034333434313737323436312C2241445F59223A302E303031363332373835343234353930313130382C2241445F5A223A2D302E31363934373635303930393432333832382C2254656D70447370223A302C22537461747573223A302C2243616C69625374617465223A312C22536967416D70496E76616C6964223A307D7D, 138 
05-27 19:12:56.502   536   536 D commservice260303: Push Message into SendPool fn=-123141120
05-27 19:12:56.502   536   536 D commservice260303: ComProtocolLibSend2Cluster::send2ClusterRaw fn=-123141120 , len=332
05-27 19:12:56.502   536   536 D commservice260303: sendCmdToPort :332!!!
05-27 19:12:56.502   536   536 D commservice260303: send Cmd To Port ++++5AA501488A010004A9F86A16D1B87B22636F6D6D616E64223A7B226964223A22696D755F737461747573222C22737562223A22227D2C22636F6E74656E74223A7B2254696D655374616D70223A31322C224672616D65436F756E746572223A3238383238392C2247445F58223A2D302E3031313330303735303037363737303738322C2247445F59223A302E3030353537333931323938393334383137332C2247445F5A223A302E3030313637393033393930393530343335342C2241445F58223A2D302E3030333437333034333434313737323436312C2241445F59223A302E303031363332373835343234353930313130382C2241445F5A223A2D302E31363934373635303930393432333832382C2254656D70447370223A302C22537461747573223A302C2243616C69625374617465223A312C22536967416D70496E76616C6964223A307D7DF4A7
05-27 19:12:56.502   536   536 D commservice260303: bufferevent_write retrun value = 0
05-27 19:12:56.503   536   560 D commservice260303: client datas send succeed,send finish
05-27 19:12:56.503 13911 14192 D Sentinelmode_1.2.5.17_sentry: <SentryImuClusterFgeSender>imu_status sent to Linux, frame=288289, tsNs=12243743, tsMs=12, intervalMs=40, ad=(-0.0034730434,0.0016327854,-0.16947651), gd=(-0.01130075,0.005573913,0.0016790399)
05-27 19:12:56.504   581   581 I SpiService: fgesysctrl_getGPIO_status success val=1
05-27 09:04:05.469   581   581 D spi_rst_gpio_get_output: GPIO 145 value: 1
05-27 09:04:05.469   581   581 D spidev_ioctl: gpio status=1)
05-27 19:12:56.506 13911 14183 I SentryImuMcuAngleSender: 179.96497rollDeg
05-27 19:12:56.507 13911 14183 I SentryImuMcuAngleSender: 1,0,0
05-27 19:12:56.510   581   581 I SpiService: fgesysctrl_getGPIO_status success val=1
05-27 09:04:05.474   581   581 D spi_rst_gpio_get_output: GPIO 145 value: 1
05-27 09:04:05.474   581   581 D spidev_ioctl: gpio status=1)
05-27 19:12:56.515   581   581 I SpiService: fgesysctrl_getGPIO_status success val=0
05-27 19:12:56.515   481   597 I mcuc    : send SPI:6AA602F6CA00028900B3
05-27 09:04:05.480   581   581 D spi_rst_gpio_get_output: GPIO 145 value: 0
05-27 09:04:05.480   581   581 D spidev_ioctl: gpio status=0)
05-27 19:12:56.519  3711  3757 D ANWAPI_SECOND: (3711|0x1A144CB0)[BTAPI] run AnWBT_WaitInitFinish
05-27 19:12:56.519  3711  3757 D ANWAPI_SECOND: (3711|0x1A144CB0)[BTAPI] bb_vendor(3)hcit_type(3)
05-27 19:12:56.519  3711  3757 D ANWAPI_SECOND: (3711|0x1A144CB0)[BTAPI] RTL8761, config_uart_path[/dev/ttyS3], baudrate_init(115200), baudrate_normal(3000000)
05-27 19:12:56.519  3711  3757 D ANWAPI_SECOND: (3711|0x1A144CB0)[BTAPI] RTL8761, config_BT_ADDR_path[]
05-27 19:12:56.519  3711  3757 D ANWAPI_SECOND: (3711|0x1A144CB0)[BTAPI] BTUart_Configure start
05-27 19:12:56.519  3711  3757 I ANWStack: [  12243770][ANWBT] Device name = /dev/ttyS3,baudrate_init =115200(115200),baudrate =3000000(3000000)
05-27 19:12:56.519  3711  3757 I ANWStack: 
05-27 19:12:56.519  3711  3757 I ANWStack: [  12243770][ANWBT] BTUart_StartUp  speed = 115200
05-27 19:12:56.519  3711  3757 I ANWStack: 
05-27 19:12:56.520  3711  3757 D ANWStack: Mac Address /data/vendor/bluetooth/btmac.txt open fail - No such file or directory
05-27 19:12:56.520  3711  3757 D ANWStack: Mac Address from file  /data/vendor/bluetooth/btmac.txt -  (1)
05-27 19:12:56.513  3711  3711 I auditd  : type=1400 audit(0.0:82373): avc: denied { read write } for comm="BTInit_Task" name="ttyS3" dev="tmpfs" ino=3005 scontext=u:r:system_app:s0 tcontext=u:object_r:serial_device:s0 tclass=chr_file permissive=1
05-27 19:12:56.513  3711  3711 I BTInit_Task: type=1400 audit(0.0:82373): avc: denied { read write } for name="ttyS3" dev="tmpfs" ino=3005 scontext=u:r:system_app:s0 tcontext=u:object_r:serial_device:s0 tclass=chr_file permissive=1
05-27 19:12:56.513  3711  3711 I auditd  : type=1400 audit(0.0:82374): avc: denied { open } for comm="BTInit_Task" path="/dev/ttyS3" dev="tmpfs" ino=3005 scontext=u:r:system_app:s0 tcontext=u:object_r:serial_device:s0 tclass=chr_file permissive=1
05-27 19:12:56.513  3711  3711 I BTInit_Task: type=1400 audit(0.0:82374): avc: denied { open } for path="/dev/ttyS3" dev="tmpfs" ino=3005 scontext=u:r:system_app:s0 tcontext=u:object_r:serial_device:s0 tclass=chr_file permissive=1
05-27 19:12:56.523  3711  3757 D ANWStack: rtk_8761C_init@1, fd 0x55
05-27 19:12:56.523  3711  3757 D ANWStack: type RTL_8761C, init speed 115200
05-27 19:12:56.523  3711  3757 D ANWStack: rtk_8761C_init@2, fd 0x55
05-27 19:12:56.523  3711  3757 D ANWStack: Realtek Bluetooth init uart with init speed:115200, type:HCI UART H4
05-27 19:12:56.523  3711  3757 D ANWStack: Realtek Bluetooth :Realtek hciattach version 3.1.d5a90fd.20250813-162457 
05-27 19:12:56.523  3711  3757 D ANWStack: 
05-27 19:12:56.523  3711  3757 D ANWStack: Realtek Bluetooth :Use epoll
05-27 19:12:56.523  3711  3757 D ANWStack: Realtek Bluetooth :Realtek H4 IC
05-27 19:12:56.517  3711  3711 I auditd  : type=1400 audit(0.0:82375): avc: denied { ioctl } for comm="BTInit_Task" path="/dev/ttyS3" dev="tmpfs" ino=3005 ioctlcmd=0x540b scontext=u:r:system_app:s0 tcontext=u:object_r:serial_device:s0 tclass=chr_file permissive=1
05-27 19:12:56.517  3711  3711 I BTInit_Task: type=1400 audit(0.0:82375): avc: denied { ioctl } for path="/dev/ttyS3" dev="tmpfs" ino=3005 ioctlcmd=0x540b scontext=u:r:system_app:s0 tcontext=u:object_r:serial_device:s0 tclass=chr_file permissive=1
05-27 09:04:05.487  3757  3757 E sprd_serial 20230000.serial: request TX DMA channel failed, ret = -19
05-27 09:04:05.487  3757  3757 E sprd_serial 20230000.serial: request RX DMA channel failed, ret = -19
05-27 19:12:56.525 13549 13800 I ADAYO_LOG_: startZip(LogcatFunc.java:412)deleteFile:logcat_2026_05_27_19_07_49_927-52.txt,delete:true
05-27 19:12:56.526 13549 13800 I ADAYO_LOG_: startSeparationAndZip(LogcatFunc.java:294)startZip over
05-27 19:12:56.527 13911 14183 I SentryImuMcuAngleSender: 179.97197rollDeg
05-27 19:12:56.527 13911 14183 I SentryImuMcuAngleSender: 1,0,0
05-27 19:12:56.529   581   581 I SpiService: fgesysctrl_getGPIO_status success val=1
05-27 19:12:56.530   830   830 D SurfaceFlinger: unisoc-graphics, commit has frameMissed:2, vysncId:448145
05-27 09:04:05.494   581   581 D spi_rst_gpio_get_output: GPIO 145 value: 1
05-27 09:04:05.494   581   581 D spidev_ioctl: gpio status=1)
05-27 19:12:56.535   581   581 I SpiService: fgesysctrl_getGPIO_status success val=1
05-27 09:04:05.498   303   303 I [Audio:SBLCK] p_tt: 1584090,1584090
05-27 09:04:05.499   581   581 D spi_rst_gpio_get_output: GPIO 145 value: 1
05-27 09:04:05.499   581   581 D spidev_ioctl: gpio status=1)
05-27 19:12:56.538 15863 15914 W AIN-DaemonApplication: dds kernel success.
05-27 19:12:56.540   581   581 I SpiService: fgesysctrl_getGPIO_status success val=1
05-27 09:04:05.505   581   581 D spi_rst_gpio_get_output: GPIO 145 value: 1
05-27 09:04:05.505   581   581 D spidev_ioctl: gpio status=1)
05-27 19:12:56.542   536   536 D commservice260303: msg.id = 1028,0
05-27 19:12:56.543   536   536 D commservice260303: i = 170, msgid = 8A000404
05-27 19:12:56.543   536   536 D commservice260303: msgid = -1979710460,did=138
05-27 19:12:56.543   536   536 D commservice260303: CommProtocolLibCmdBaseI2C::dataproc {"command":{"id":"imu_status","sub":""},"content":{"TimeStamp":12,"FrameCounter":288290,"GD_X":-0.011147825978696346,"GD_Y":0.0056498548947274685,"GD_Z":0.0021378109231591225,"AD_X":-0.004073664546012878,"AD_Y":-8.064133580774069E-4,"AD_Z":-0.16947650909423828,"TempDsp":0,"Status":0,"CalibState":1,"SigAmpInvalid":0}},-1979710460
05-27 19:12:56.543   536   536 D commservice260303: send2Cluster len:318, 7B22636F6D6D616E64223A7B226964223A22696D755F737461747573222C22737562223A22227D2C22636F6E74656E74223A7B2254696D655374616D70223A31322C224672616D65436F756E746572223A3238383239302C2247445F58223A2D302E3031313134373832353937383639363334362C2247445F59223A302E303035363439383534383934373237343638352C2247445F5A223A302E303032313337383130393233313539313232352C2241445F58223A2D302E3030343037333636343534363031323837382C2241445F59223A2D382E303634313333353830373734303639452D342C2241445F5A223A2D302E31363934373635303930393432333832382C2254656D70447370223A302C22537461747573223A302C2243616C69625374617465223A312C22536967416D70496E76616C6964223A307D7D, 138 
05-27 19:12:56.543   536   536 D commservice260303: Push Message into SendPool fn=-106363904
05-27 19:12:56.543   536   536 D commservice260303: ComProtocolLibSend2Cluster::send2ClusterRaw fn=-106363904 , len=334
05-27 19:12:56.543   536   536 D commservice260303: sendCmdToPort :334!!!
05-27 19:12:56.543   536   536 D commservice260303: send Cmd To Port ++++5AA5014A8A010004A9F96A16D1B87B22636F6D6D616E64223A7B226964223A22696D755F737461747573222C22737562223A22227D2C22636F6E74656E74223A7B2254696D655374616D70223A31322C224672616D65436F756E746572223A3238383239302C2247445F58223A2D302E3031313134373832353937383639363334362C2247445F59223A302E303035363439383534383934373237343638352C2247445F5A223A302E303032313337383130393233313539313232352C2241445F58223A2D302E3030343037333636343534363031323837382C2241445F59223A2D382E303634313333353830373734303639452D342C2241445F5A223A2D302E31363934373635303930393432333832382C2254656D70447370223A302C22537461747573223A302C2243616C69625374617465223A312C22536967416D70496E76616C6964223A307D7D089B
05-27 19:12:56.543   536   536 D commservice260303: bufferevent_write retrun value = 0
05-27 19:12:56.543   536   560 D commservice260303: client datas send succeed,send finish
05-27 19:12:56.543 13911 14192 D Sentinelmode_1.2.5.17_sentry: <SentryImuClusterFgeSender>imu_status sent to Linux, frame=288290, tsNs=12243778, tsMs=12, intervalMs=41, ad=(-0.0040736645,-8.0641336E-4,-0.16947651), gd=(-0.011147826,0.005649855,0.002137811)
05-27 19:12:56.544   536   760 I commservice260303: [mcuCommFunctionTcp::ProtocolCheckConnectTimeOutProc:613] keyID:256,tcpEvent:5,tcpcount:0,heartbeat:1,noHeartBeatNumber:0,endispatch:0,strState:0
05-27 19:12:56.544 30773 30786 I dvr_service_: CameraX 0  audioOK: 165056000,audios:2580
05-27 19:12:56.544   536   760 D commservice260303: ProtocolCheckConnectTimeOutProc,629,clear heartbeat
05-27 19:12:56.545   581   581 I SpiService: fgesysctrl_getGPIO_status success val=1
05-27 19:12:56.546   830   830 D SurfaceFlinger: unisoc-graphics, commit has frameMissed:2, vysncId:448160
05-27 19:12:56.548 13911 14183 I SentryImuMcuAngleSender: 179.97897rollDeg
05-27 19:12:56.548 13911 14183 I SentryImuMcuAngleSender: 1,0,0
05-27 09:04:05.510   581   581 D spi_rst_gpio_get_output: GPIO 145 value: 1
05-27 09:04:05.510   581   581 D spidev_ioctl: gpio status=1)
05-27 19:12:56.551   581   581 I SpiService: fgesysctrl_getGPIO_status success val=1
05-27 09:04:05.515   581   581 D spi_rst_gpio_get_output: GPIO 145 value: 1
05-27 09:04:05.515   581   581 D spidev_ioctl: gpio status=1)
05-27 19:12:56.553   283   307 I rvcservice: t.code = 3, t.value = 0
05-27 19:12:56.556   581   581 I SpiService: fgesysctrl_getGPIO_status success val=0
05-27 09:04:05.521   581   581 D spi_rst_gpio_get_output: GPIO 145 value: 0
05-27 09:04:05.521   581   581 D spidev_ioctl: gpio status=0)
05-27 19:12:56.568 13911 14183 I SentryImuMcuAngleSender: 179.96846rollDeg
05-27 19:12:56.568 13911 14183 I SentryImuMcuAngleSender: 1,0,0
05-27 19:12:56.570   581   581 I SpiService: fgesysctrl_getGPIO_status success val=1
05-27 19:12:56.571   481   598 I mcuc    : rev,n=1,6AA681F6CB000A8900350104091312345639
05-27 19:12:56.571   351   373 D automotive.vehicle@2.0-adayo-datacomm-mcu: MCUDatacomm sendMessageFromVehicle prop: 0x89, areaId: 0x0, status: 0x35, timestamp: 0x1
05-27 19:12:56.571  1121  1144 I tboxmids_ap: [2026-05-27 19:12:56.571] [MCU RX] src=MCU dst=ZMQ len=10 type=BINARY data=00 08 35 01 04 09 13 12 34 56 
05-27 19:12:56.571   351   373 D automotive.vehicle@2.0-adayo-datacomm-mcu: MCUDatacomm 1sendMessageFromVehicle ---> type = 12 
05-27 19:12:56.571  1083  1083 I MyAppLog: [2026-05-27 19:12:56.571 I tboxap mcuCommTboxmidsRecvCb:97] [Mcu] [mcuCommTboxmidsRecvCb] recv from tboxmids, size:10
05-27 19:12:56.571  1083  1083 I MyAppLog: [2026-05-27 19:12:56.571 I tboxap mcuCommTboxmidsRecvCb:98] [Mcu] [tboxmids -> tboxap]: :00 08 35 01 04 09 13 12 34 56
05-27 19:12:56.572  1083  1083 W MyAppLog: [2026-05-27 19:12:56.571 W tboxap mcuYadiFrameParse:852] [Mcu] [mcuYadiFrameParse] cmd:0913(MCU_SEC_BATT1_DYNAMIC_IND) payload too short:5 < 36
05-27 19:12:56.572  1083  1083 W MyAppLog: [2026-05-27 19:12:56.571 W tboxap mcuPtlParseData:982] [Mcu] [mcuPtlParseData] invalid yadi frame, len:10
05-27 09:04:05.534   581   581 D spi_rst_gpio_get_output: GPIO 145 value: 1
05-27 09:04:05.534   581   581 D spidev_ioctl: gpio status=1)
05-27 19:12:56.575   581   581 I SpiService: fgesysctrl_getGPIO_status success val=1
05-27 09:04:05.540   581   581 D spi_rst_gpio_get_output: GPIO 145 value: 1
05-27 09:04:05.540   581   581 D spidev_ioctl: gpio status=1)
05-27 19:12:56.580   581   581 I SpiService: fgesysctrl_getGPIO_status success val=1
05-27 09:04:05.545   581   581 D spi_rst_gpio_get_output: GPIO 145 value: 1
05-27 09:04:05.545   581   581 D spidev_ioctl: gpio status=1)
05-27 19:12:56.582   572   622 I Sensors : 230 AccelSensor: x:-0.167140,y:0.004880,z:-9.972281
05-27 19:12:56.583   536   536 D commservice260303: msg.id = 1028,1
05-27 19:12:56.583   536   536 D commservice260303: i = 170, msgid = 8A000404
05-27 19:12:56.583   536   536 D commservice260303: msgid = -1979710460,did=138
05-27 19:12:56.583   536   536 D commservice260303: CommProtocolLibCmdBaseI2C::dataproc {"command":{"id":"imu_status","sub":""},"content":{"TimeStamp":12,"FrameCounter":288291,"GD_X":-0.01153013575822115,"GD_Y":0.006108105648308992,"GD_Z":0.0021378109231591225,"AD_X":-0.001635327935218811,"AD_Y":0.001024083700031042,"AD_Z":-0.1670370101928711,"TempDsp":0,"Status":0,"CalibState":1,"SigAmpInvalid":0}},-1979710460
05-27 19:12:56.583   536   536 D commservice260303: send2Cluster len:314, 7B22636F6D6D616E64223A7B226964223A22696D755F737461747573222C22737562223A22227D2C22636F6E74656E74223A7B2254696D655374616D70223A31322C224672616D65436F756E746572223A3238383239312C2247445F58223A2D302E30313135333031333537353832323131352C2247445F59223A302E3030363130383130353634383330383939322C2247445F5A223A302E303032313337383130393233313539313232352C2241445F58223A2D302E3030313633353332373933353231383831312C2241445F59223A302E3030313032343038333730303033313034322C2241445F5A223A2D302E313637303337303130313932383731312C2254656D70447370223A302C22537461747573223A302C2243616C69625374617465223A312C22536967416D70496E76616C6964223A307D7D, 138 
05-27 19:12:56.583   536   536 D commservice260303: Push Message into SendPool fn=-89586688
05-27 19:12:56.583   536   536 D commservice260303: ComProtocolLibSend2Cluster::send2ClusterRaw fn=-89586688 , len=330
05-27 19:12:56.583   536   536 D commservice260303: sendCmdToPort :330!!!
05-27 19:12:56.583   536   536 D commservice260303: send Cmd To Port ++++5AA501468A010004A9FA6A16D1B87B22636F6D6D616E64223A7B226964223A22696D755F737461747573222C22737562223A22227D2C22636F6E74656E74223A7B2254696D655374616D70223A31322C224672616D65436F756E746572223A3238383239312C2247445F58223A2D302E30313135333031333537353832323131352C2247445F59223A302E3030363130383130353634383330383939322C2247445F5A223A302E303032313337383130393233313539313232352C2241445F58223A2D302E3030313633353332373933353231383831312C2241445F59223A302E3030313032343038333730303033313034322C2241445F5A223A2D302E313637303337303130313932383731312C2254656D70447370223A302C22537461747573223A302C2243616C69625374617465223A312C22536967416D70496E76616C6964223A307D7D429F
05-27 19:12:56.583   536   536 D commservice260303: bufferevent_write retrun value = 0
05-27 19:12:56.583   536   560 D commservice260303: client datas send succeed,send finish
05-27 19:12:56.583 13911 14192 D Sentinelmode_1.2.5.17_sentry: <SentryImuClusterFgeSender>imu_status sent to Linux, frame=288291, tsNs=12243816, tsMs=12, intervalMs=40, ad=(-0.0016353279,0.0010240837,-0.16703701), gd=(-0.011530136,0.0061081056,0.002137811)
05-27 19:12:56.586   581   581 I SpiService: fgesysctrl_getGPIO_status success val=1
05-27 19:12:56.589 13911 14183 I SentryImuMcuAngleSender: 179.97197rollDeg
05-27 19:12:56.589 13911 14183 I SentryImuMcuAngleSender: 1,0,0
05-27 09:04:05.550   581   581 D spi_rst_gpio_get_output: GPIO 145 value: 1
05-27 09:04:05.550   581   581 D spidev_ioctl: gpio status=1)
05-27 19:12:56.591   581   581 I SpiService: fgesysctrl_getGPIO_status success val=1
05-27 09:04:05.556   581   581 D spi_rst_gpio_get_output: GPIO 145 value: 1
05-27 09:04:05.556   581   581 D spidev_ioctl: gpio status=1)
05-27 19:12:56.596   581   581 I SpiService: fgesysctrl_getGPIO_status success val=0
05-27 19:12:56.596   481   597 I mcuc    : send SPI:6AA602F6CB00028900B2
05-27 09:04:05.561   581   581 D spi_rst_gpio_get_output: GPIO 145 value: 0
05-27 09:04:05.561   581   581 D spidev_ioctl: gpio status=0)
05-27 19:12:56.604 30773 30786 I dvr_service_: CameraX 1  audioOK: 165056000,audios:2580
05-27 19:12:56.609 13911 14183 I SentryImuMcuAngleSender: 179.97197rollDeg
05-27 19:12:56.609 13911 14183 I SentryImuMcuAngleSender: 1,0,0
05-27 19:12:56.610   581   581 I SpiService: fgesysctrl_getGPIO_status success val=1
05-27 09:04:05.575   581   581 D spi_rst_gpio_get_output: GPIO 145 value: 1
05-27 09:04:05.575   581   581 D spidev_ioctl: gpio status=1)
05-27 19:12:56.616   581   581 I SpiService: fgesysctrl_getGPIO_status success val=1
05-27 09:04:05.580   581   581 D spi_rst_gpio_get_output: GPIO 145 value: 1
05-27 09:04:05.580   581   581 D spidev_ioctl: gpio status=1)
