05-27 19:12:57.297 10188 10632 D VelocityTracker:   0: position (272.787, 300.583), estimator (degree=0, xCoeff=[ 272.786896 ], yCoeff=[ 300.582520 ], confidence=1.000000)
05-27 19:12:57.300   581   581 I SpiService: fgesysctrl_getGPIO_status success val=1
05-27 09:04:06.264   581   581 D spi_rst_gpio_get_output: GPIO 145 value: 1
05-27 09:04:06.264   581   581 D spidev_ioctl: gpio status=1)
05-27 19:12:57.303 13911 14183 I SentryImuMcuAngleSender: 179.98949rollDeg
05-27 19:12:57.303 13911 14183 I SentryImuMcuAngleSender: 1,0,0
05-27 19:12:57.305   581   581 I SpiService: fgesysctrl_getGPIO_status success val=1
05-27 09:04:06.270   581   581 D spi_rst_gpio_get_output: GPIO 145 value: 1
05-27 09:04:06.270   581   581 D spidev_ioctl: gpio status=1)
05-27 19:12:57.309   830   830 D SurfaceFlinger: unisoc-graphics, commit has frameMissed:2, vysncId:448704
05-27 19:12:57.311 11579 11579 D VelocityTracker: VelocityTracker: stopped for 66.662 ms, clearing state.
05-27 19:12:57.311 11579 11579 D VelocityTracker: VelocityTracker: addMovement eventTime=12244546952000, idBits=0x80000000, activePointerId=0
05-27 19:12:57.311 11579 11579 D VelocityTracker:   0: position (272.787, 142.583), estimator (degree=0, xCoeff=[ 272.786896 ], yCoeff=[ 142.582520 ], confidence=1.000000)
05-27 19:12:57.311   581   581 I SpiService: fgesysctrl_getGPIO_status success val=1
05-27 19:12:57.311 11579 11579 D VelocityTracker: VelocityTracker: stopped for 66.662 ms, clearing state.
05-27 19:12:57.311 11579 11579 D VelocityTracker: VelocityTracker: addMovement eventTime=12244546952000, idBits=0x80000000, activePointerId=0
05-27 19:12:57.311   536   536 D commservice260303: msg.id = 1028,0
05-27 19:12:57.311 11579 11579 D VelocityTracker:   0: position (272.787, 142.583), estimator (degree=0, xCoeff=[ 272.786896 ], yCoeff=[ 142.582520 ], confidence=1.000000)
05-27 19:12:57.311   536   536 D commservice260303: i = 170, msgid = 8A000404
05-27 19:12:57.311   536   536 D commservice260303: msgid = -1979710460,did=138
05-27 19:12:57.312   536   536 D commservice260303: CommProtocolLibCmdBaseI2C::dataproc {"command":{"id":"imu_status","sub":""},"content":{"TimeStamp":12,"FrameCounter":288309,"GD_X":-0.011834942735731602,"GD_Y":0.004656890872865915,"GD_Z":0.0018319635419175029,"AD_X":-0.0036798715591430664,"AD_Y":-0.0026481724344193935,"AD_Z":-0.16703224182128906,"TempDsp":0,"Status":0,"CalibState":1,"SigAmpInvalid":0}},-1979710460
05-27 19:12:57.312 10188 11034 D InputReader: syncTouch: pointerCount 1 -> 1, touching ids 0x80000000 -> 0x80000000, hovering ids 0x00000000 -> 0x00000000, canceled ids 0x00000000
05-27 19:12:57.312 10188 11034 D InputReader: dispatchTouches action MOVE now(ns): 12244563008046
05-27 19:12:57.312 10188 11034 D InputReader: notifyMotion call dispatcher
05-27 19:12:57.312   536   536 D commservice260303: send2Cluster len:319, 7B22636F6D6D616E64223A7B226964223A22696D755F737461747573222C22737562223A22227D2C22636F6E74656E74223A7B2254696D655374616D70223A31322C224672616D65436F756E746572223A3238383330392C2247445F58223A2D302E3031313833343934323733353733313630322C2247445F59223A302E3030343635363839303837323836353931352C2247445F5A223A302E303031383331393633353431393137353032392C2241445F58223A2D302E303033363739383731353539313433303636342C2241445F59223A2D302E303032363438313732343334343139333933352C2241445F5A223A2D302E31363730333232343138323132383930362C2254656D70447370223A302C22537461747573223A302C2243616C69625374617465223A312C22536967416D70496E76616C6964223A307D7D, 138 
05-27 19:12:57.312   536   536 D commservice260303: Push Message into SendPool fn=212468736
05-27 19:12:57.312   536   536 D commservice260303: ComProtocolLibSend2Cluster::send2ClusterRaw fn=212468736 , len=335
05-27 19:12:57.312   536   536 D commservice260303: sendCmdToPort :335!!!
05-27 19:12:57.312   536   536 D commservice260303: send Cmd To Port ++++5AA5014B8A010004AA0C6A16D1B97B22636F6D6D616E64223A7B226964223A22696D755F737461747573222C22737562223A22227D2C22636F6E74656E74223A7B2254696D655374616D70223A31322C224672616D65436F756E746572223A3238383330392C2247445F58223A2D302E3031313833343934323733353733313630322C2247445F59223A302E3030343635363839303837323836353931352C2247445F5A223A302E303031383331393633353431393137353032392C2241445F58223A2D302E303033363739383731353539313433303636342C2241445F59223A2D302E303032363438313732343334343139333933352C2241445F5A223A2D302E31363730333232343138323132383930362C2254656D70447370223A302C22537461747573223A302C2243616C69625374617465223A312C22536967416D70496E76616C6964223A307D7DFD17
05-27 19:12:57.312   536   536 D commservice260303: bufferevent_write retrun value = 0
05-27 19:12:57.313   536   560 D commservice260303: client datas send succeed,send finish
05-27 19:12:57.313 10188 10632 D VelocityTracker: VelocityTracker: addMovement eventTime=12244562691000, idBits=0x80000000, activePointerId=0
05-27 09:04:06.275   581   581 D spi_rst_gpio_get_output: GPIO 145 value: 1
05-27 09:04:06.275   581   581 D spidev_ioctl: gpio status=1)
05-27 19:12:57.313 13911 14192 D Sentinelmode_1.2.5.17_sentry: <SentryImuClusterFgeSender>imu_status sent to Linux, frame=288309, tsNs=12244546, tsMs=12, intervalMs=41, ad=(-0.0036798716,-0.0026481724,-0.16703224), gd=(-0.011834943,0.004656891,0.0018319635)
05-27 19:12:57.313 10188 10632 D VelocityTracker: solveLeastSquares: m=2, n=2, x=[ 0.000000, -0.015739 ], y=[ 274.785309, 272.786896 ], w=[ 1.000000, 1.000000 ]
05-27 19:12:57.313 10188 10632 D VelocityTracker:   - a=[ [ 1.000000, 0.000000 ], [ 1.000000, -0.015739 ] ]
05-27 19:12:57.313 10188 10632 D VelocityTracker:   - q=[ [ 0.707107, 0.707107 ], [ 0.707107, -0.707107 ] ]
05-27 19:12:57.313 11344 11344 E SystemUI_NavBarFragment: SysUIConfig.icCarServiceConnected：false
05-27 19:12:57.314 10188 10632 D VelocityTracker:   - r=[ [ 1.414214, -0.011129 ], [ 0.000000, 0.011129 ] ]
05-27 19:12:57.313  3776  3776 I ADAYO_LOG_TRACE_KERNEL: execute start
05-27 19:12:57.314 10188 10632 D VelocityTracker:   - qr=[ [ 1.000000, -0.000000 ], [ 1.000000, -0.015739 ] ]
05-27 19:12:57.314 10188 10632 D VelocityTracker:   - b=[ 274.785309, 126.971573 ]
05-27 19:12:57.314 10188 10632 D VelocityTracker:   - sserr=0.000000
05-27 19:12:57.314 10188 10632 D VelocityTracker:   - sstot=1.996827
05-27 19:12:57.315 10188 10632 D VelocityTracker:   - det=1.000000
05-27 19:12:57.315 10188 10632 D VelocityTracker: solveLeastSquares: m=2, n=2, x=[ 0.000000, -0.015739 ], y=[ 333.536774, 300.582520 ], w=[ 1.000000, 1.000000 ]
05-27 19:12:57.315 10188 10632 D VelocityTracker:   - a=[ [ 1.000000, 0.000000 ], [ 1.000000, -0.015739 ] ]
05-27 19:12:57.315 10188 10632 D VelocityTracker:   - q=[ [ 0.707107, 0.707107 ], [ 0.707107, -0.707107 ] ]
05-27 19:12:57.315 10188 10632 D VelocityTracker:   - r=[ [ 1.414214, -0.011129 ], [ 0.000000, 0.011129 ] ]
05-27 09:04:06.281   581   581 D spi_rst_gpio_get_output: GPIO 145 value: 1
05-27 09:04:06.281   581   581 D spidev_ioctl: gpio status=1)
05-27 19:12:57.315 10188 10632 D VelocityTracker:   - qr=[ [ 1.000000, -0.000000 ], [ 1.000000, -0.015739 ] ]
05-27 19:12:57.315 10188 10632 D VelocityTracker:   - b=[ 333.536774, 2093.795654 ]
05-27 19:12:57.315 10188 10632 D VelocityTracker:   - sserr=0.000000
05-27 19:12:57.315 10188 10632 D VelocityTracker:   - sstot=542.991455
05-27 19:12:57.316 10188 10632 D VelocityTracker:   - det=1.000000
05-27 19:12:57.316 10188 10632 D VelocityTracker: estimate: degree=1, xCoeff=[ 274.785309, 126.971573 ], yCoeff=[ 333.536774, 2093.795654 ], confidence=1.000000
05-27 19:12:57.316 10188 10632 D VelocityTracker:   0: position (274.785, 333.537), estimator (degree=1, xCoeff=[ 274.785309, 126.971573 ], yCoeff=[ 333.536774, 2093.795654 ], confidence=1.000000)
05-27 19:12:57.317   581   581 I SpiService: fgesysctrl_getGPIO_status success val=1
05-27 19:12:57.320 10046  3775 I resolv  : retrying_poll: 48 retrying_poll returning 1
05-27 19:12:57.320 10046  3775 I resolv  : res_nsend: used send_dg 353 terrno: 0
05-27 19:12:57.321 10046  3775 I resolv  : res_stats_set_sample: rcode = 0, sec = 49
05-27 19:12:57.321 10046  3775 I resolv  : res_cache_add_stats_sample_locked: adding sample to stats, next = 26, count = 64
05-27 19:12:57.321 10046  3775 D resolv  : res_nsend: got answer:
05-27 19:12:57.321 10046  3775 I resolv  : answer_getTTL: TTL = 50
05-27 19:12:57.321 10046  3775 I resolv  : _cache_add_p: entry 1024 added (count=50)
05-27 19:12:57.321 10046  3775 I resolv  : cache_dump_mru_locked: MRU LIST (50):  1024 998 1023 957 1022 1021 976 964 1020 975 931 1019 995 1018 993 970 992 991 1017 1016 1015 953 1014 1013 1012 990 1011 1010 1009 1008 1007 1006 1005 1004 1003 1002 1001 1000 951 980 987 999 986 916 912 504 510 3 2 1
05-27 19:12:57.322 10046  3775 D resolv  : doQuery: rcode=0, ancount=6
05-27 19:12:57.322   581   581 I SpiService: fgesysctrl_getGPIO_status success val=1
05-27 19:12:57.323 15863 16069 D TrafficStats: tagSocket(188) with statsTag=0xffffffff, statsUid=-1
05-27 19:12:57.324 13911 14183 I SentryImuMcuAngleSender: 179.99649rollDeg
05-27 19:12:57.324 13911 14183 I SentryImuMcuAngleSender: 1,0,0
05-27 19:12:57.324 11472 26284 D NetworkMonitor/103: isDataStall: result=-1, tcp packets received=106, latest tcp fail rate=-1
05-27 09:04:06.287   581   581 D spi_rst_gpio_get_output: GPIO 145 value: 1
05-27 09:04:06.287   581   581 D spidev_ioctl: gpio status=1)
05-27 19:12:57.326   830   830 D SurfaceFlinger: unisoc-graphics, commit has frameMissed:2, vysncId:448719
05-27 19:12:57.328 10188 11034 D InputReader: syncTouch: pointerCount 1 -> 1, touching ids 0x80000000 -> 0x80000000, hovering ids 0x00000000 -> 0x00000000, canceled ids 0x00000000
05-27 19:12:57.329 10188 11034 D InputReader: dispatchTouches action MOVE now(ns): 12244579945123
05-27 19:12:57.329 10188 11034 D InputReader: notifyMotion call dispatcher
05-27 19:12:57.330 10188 10632 D VelocityTracker: VelocityTracker: addMovement eventTime=12244579550000, idBits=0x80000000, activePointerId=0
05-27 19:12:57.330 10188 10632 D VelocityTracker:   0: position (275.785, 372.483), estimator (degree=2, xCoeff=[ 275.784424, 24.229408, -2077.617432 ], yCoeff=[ 372.482574, 2421.943359, 6634.867188 ], confidence=1.000000)
05-27 19:12:57.330   581   581 I SpiService: fgesysctrl_getGPIO_status success val=0
05-27 09:04:06.294   581   581 D spi_rst_gpio_get_output: GPIO 145 value: 0
05-27 09:04:06.294   581   581 D spidev_ioctl: gpio status=0)
05-27 19:12:57.342 11579 11579 D VelocityTracker: VelocityTracker: addMovement eventTime=12244562691000, idBits=0x80000000, activePointerId=0
05-27 19:12:57.342 11579 11579 D VelocityTracker: solveLeastSquares: m=2, n=2, x=[ 0.000000, -0.015739 ], y=[ 274.785309, 272.786896 ], w=[ 1.000000, 1.000000 ]
05-27 19:12:57.342 11579 11579 D VelocityTracker:   - a=[ [ 1.000000, 0.000000 ], [ 1.000000, -0.015739 ] ]
05-27 19:12:57.343 11579 11579 D VelocityTracker:   - q=[ [ 0.707107, 0.707107 ], [ 0.707107, -0.707107 ] ]
05-27 19:12:57.343 11579 11579 D VelocityTracker:   - r=[ [ 1.414214, -0.011129 ], [ 0.000000, 0.011129 ] ]
05-27 19:12:57.343 11579 11579 D VelocityTracker:   - qr=[ [ 1.000000, -0.000000 ], [ 1.000000, -0.015739 ] ]
05-27 19:12:57.343 11579 11579 D VelocityTracker:   - b=[ 274.785309, 126.971573 ]
05-27 19:12:57.343 11579 11579 D VelocityTracker:   - sserr=0.000000
05-27 19:12:57.343 11579 11579 D VelocityTracker:   - sstot=1.996827
05-27 19:12:57.343 11579 11579 D VelocityTracker:   - det=1.000000
05-27 19:12:57.343 11579 11579 D VelocityTracker: solveLeastSquares: m=2, n=2, x=[ 0.000000, -0.015739 ], y=[ 175.536774, 142.582520 ], w=[ 1.000000, 1.000000 ]
05-27 19:12:57.343 11579 11579 D VelocityTracker:   - a=[ [ 1.000000, 0.000000 ], [ 1.000000, -0.015739 ] ]
05-27 19:12:57.343 11579 11579 D VelocityTracker:   - q=[ [ 0.707107, 0.707107 ], [ 0.707107, -0.707107 ] ]
05-27 19:12:57.343 11579 11579 D VelocityTracker:   - r=[ [ 1.414214, -0.011129 ], [ 0.000000, 0.011129 ] ]
05-27 19:12:57.343 11579 11579 D VelocityTracker:   - qr=[ [ 1.000000, -0.000000 ], [ 1.000000, -0.015739 ] ]
05-27 19:12:57.344 11579 11579 D VelocityTracker:   - b=[ 175.536774, 2093.796387 ]
05-27 19:12:57.344 11579 11579 D VelocityTracker:   - sserr=0.000000
05-27 19:12:57.344 11579 11579 D VelocityTracker:   - sstot=542.991455
05-27 19:12:57.344 13911 14183 I SentryImuMcuAngleSender: 179.993rollDeg
05-27 19:12:57.344 11579 11579 D VelocityTracker:   - det=1.000000
05-27 19:12:57.344 13911 14183 I SentryImuMcuAngleSender: 1,0,0
05-27 19:12:57.344 11579 11579 D VelocityTracker: estimate: degree=1, xCoeff=[ 274.785309, 126.971573 ], yCoeff=[ 175.536774, 2093.796387 ], confidence=1.000000
05-27 19:12:57.344 11579 11579 D VelocityTracker:   0: position (274.785, 175.537), estimator (degree=1, xCoeff=[ 274.785309, 126.971573 ], yCoeff=[ 175.536774, 2093.796387 ], confidence=1.000000)
05-27 19:12:57.344 11579 11579 D VelocityTracker: VelocityTracker: addMovement eventTime=12244572090137, idBits=0x80000000, activePointerId=0
05-27 19:12:57.344 11579 11579 D VelocityTracker:   0: position (275.342, 197.250), estimator (degree=2, xCoeff=[ 275.342316, 33.952232, -2693.190186 ], yCoeff=[ 197.249634, 2390.952393, 8603.726562 ], confidence=1.000000)
05-27 19:12:57.344 11579 11579 D VelocityTracker: VelocityTracker: addMovement eventTime=12244562691000, idBits=0x80000000, activePointerId=0
05-27 19:12:57.345 11579 11579 D VelocityTracker: solveLeastSquares: m=2, n=2, x=[ 0.000000, -0.015739 ], y=[ 274.785309, 272.786896 ], w=[ 1.000000, 1.000000 ]
05-27 19:12:57.345 11579 11579 D VelocityTracker:   - a=[ [ 1.000000, 0.000000 ], [ 1.000000, -0.015739 ] ]
05-27 19:12:57.345 11579 11579 D VelocityTracker:   - q=[ [ 0.707107, 0.707107 ], [ 0.707107, -0.707107 ] ]
05-27 19:12:57.345 11579 11579 D VelocityTracker:   - r=[ [ 1.414214, -0.011129 ], [ 0.000000, 0.011129 ] ]
05-27 19:12:57.345 11579 11579 D VelocityTracker:   - qr=[ [ 1.000000, -0.000000 ], [ 1.000000, -0.015739 ] ]
05-27 19:12:57.345 11579 11579 D VelocityTracker:   - b=[ 274.785309, 126.971573 ]
05-27 19:12:57.345 11579 11579 D VelocityTracker:   - sserr=0.000000
05-27 19:12:57.345 11579 11579 D VelocityTracker:   - sstot=1.996827
05-27 19:12:57.345 11579 11579 D VelocityTracker:   - det=1.000000
05-27 19:12:57.346   581   581 I SpiService: fgesysctrl_getGPIO_status success val=1
05-27 19:12:57.345 11579 11579 D VelocityTracker: solveLeastSquares: m=2, n=2, x=[ 0.000000, -0.015739 ], y=[ 175.536774, 142.582520 ], w=[ 1.000000, 1.000000 ]
05-27 19:12:57.346 11579 11579 D VelocityTracker:   - a=[ [ 1.000000, 0.000000 ], [ 1.000000, -0.015739 ] ]
05-27 19:12:57.346 11579 11579 D VelocityTracker:   - q=[ [ 0.707107, 0.707107 ], [ 0.707107, -0.707107 ] ]
05-27 09:04:06.310   581   581 D spi_rst_gpio_get_output: GPIO 145 value: 1
05-27 09:04:06.310   581   581 D spidev_ioctl: gpio status=1)
05-27 19:12:57.346 11579 11579 D VelocityTracker:   - r=[ [ 1.414214, -0.011129 ], [ 0.000000, 0.011129 ] ]
05-27 19:12:57.346 11579 11579 D VelocityTracker:   - qr=[ [ 1.000000, -0.000000 ], [ 1.000000, -0.015739 ] ]
05-27 19:12:57.346 11579 11579 D VelocityTracker:   - b=[ 175.536774, 2093.796387 ]
05-27 19:12:57.346 11579 11579 D VelocityTracker:   - sserr=0.000000
05-27 19:12:57.347 10188 11034 D InputReader: syncTouch: pointerCount 1 -> 1, touching ids 0x80000000 -> 0x80000000, hovering ids 0x00000000 -> 0x00000000, canceled ids 0x00000000
05-27 19:12:57.347 11579 11579 D VelocityTracker:   - sstot=542.991455
05-27 19:12:57.347 10188 11034 D InputReader: dispatchTouches action MOVE now(ns): 12244597924353
05-27 19:12:57.347 10188 11034 D InputReader: notifyMotion call dispatcher
05-27 19:12:57.347   481   598 I mcuc    : rev,n=1,6AA681F6CD000A8900370104092112345627
05-27 19:12:57.347  1121  1144 I tboxmids_ap: [2026-05-27 19:12:57.347] [MCU RX] src=MCU dst=ZMQ len=10 type=BINARY data=00 08 37 01 04 09 21 12 34 56 
05-27 19:12:57.347 11579 11579 D VelocityTracker:   - det=1.000000
05-27 19:12:57.347   351   373 D automotive.vehicle@2.0-adayo-datacomm-mcu: MCUDatacomm sendMessageFromVehicle prop: 0x89, areaId: 0x0, status: 0x37, timestamp: 0x1
05-27 19:12:57.347 11579 11579 D VelocityTracker: estimate: degree=1, xCoeff=[ 274.785309, 126.971573 ], yCoeff=[ 175.536774, 2093.796387 ], confidence=1.000000
05-27 19:12:57.347   351   373 D automotive.vehicle@2.0-adayo-datacomm-mcu: MCUDatacomm 1sendMessageFromVehicle ---> type = 12 
05-27 19:12:57.348 11579 11579 D VelocityTracker:   0: position (274.785, 175.537), estimator (degree=1, xCoeff=[ 274.785309, 126.971573 ], yCoeff=[ 175.536774, 2093.796387 ], confidence=1.000000)
05-27 19:12:57.348 11579 11579 D VelocityTracker: VelocityTracker: addMovement eventTime=12244572090137, idBits=0x80000000, activePointerId=0
05-27 19:12:57.348 11579 11579 D VelocityTracker:   0: position (275.342, 197.250), estimator (degree=2, xCoeff=[ 275.342316, 33.952232, -2693.190186 ], yCoeff=[ 197.249634, 2390.952393, 8603.726562 ], confidence=1.000000)
05-27 19:12:57.349  1083  1083 I MyAppLog: [2026-05-27 19:12:57.348 I tboxap mcuCommTboxmidsRecvCb:97] [Mcu] [mcuCommTboxmidsRecvCb] recv from tboxmids, size:10
05-27 19:12:57.351   581   581 I SpiService: fgesysctrl_getGPIO_status success val=1
05-27 19:12:57.352   536   536 D commservice260303: msg.id = 1028,0
05-27 09:04:06.316   581   581 D spi_rst_gpio_get_output: GPIO 145 value: 1
05-27 09:04:06.316   581   581 D spidev_ioctl: gpio status=1)
05-27 19:12:57.353   536   536 D commservice260303: i = 170, msgid = 8A000404
05-27 19:12:57.353  1083  1083 I MyAppLog: [2026-05-27 19:12:57.348 I tboxap mcuCommTboxmidsRecvCb:98] [Mcu] [tboxmids -> tboxap]: :00 08 37 01 04 09 21 12 34 56
05-27 19:12:57.353   536   536 D commservice260303: msgid = -1979710460,did=138
05-27 19:12:57.353   536   536 D commservice260303: CommProtocolLibCmdBaseI2C::dataproc {"command":{"id":"imu_status","sub":""},"content":{"TimeStamp":12,"FrameCounter":288310,"GD_X":-0.01153013575822115,"GD_Y":0.00519212381914258,"GD_Z":0.001679039909504354,"AD_X":-0.002438068389892578,"AD_Y":-7.925888057798147E-4,"AD_Z":-0.17008209228515625,"TempDsp":0,"Status":0,"CalibState":1,"SigAmpInvalid":0}},-1979710460
05-27 19:12:57.353  1083  1083 I MyAppLog: [2026-05-27 19:12:57.348 I tboxap mcuPtlParseData:990] [Mcu] [Mcu  Parse]: (cmd):0921 (param):0921123456
05-27 19:12:57.353   536   536 D commservice260303: send2Cluster len:314, 7B22636F6D6D616E64223A7B226964223A22696D755F737461747573222C22737562223A22227D2C22636F6E74656E74223A7B2254696D655374616D70223A31322C224672616D65436F756E746572223A3238383331302C2247445F58223A2D302E30313135333031333537353832323131352C2247445F59223A302E30303531393231323338313931343235382C2247445F5A223A302E3030313637393033393930393530343335342C2241445F58223A2D302E3030323433383036383338393839323537382C2241445F59223A2D372E393235383838303537373938313437452D342C2241445F5A223A2D302E31373030383230393232383531353632352C2254656D70447370223A302C22537461747573223A302C2243616C69625374617465223A312C22536967416D70496E76616C6964223A307D7D, 138 
05-27 19:12:57.354   536   536 D commservice260303: Push Message into SendPool fn=229245952
05-27 19:12:57.354  1083  1083 W MyAppLog: [2026-05-27 19:12:57.348 W tboxap mcuParamDataRevPack:918] [Mcu] mcuParamDataRevPack start pack data!!!
05-27 19:12:57.354   536   536 D commservice260303: ComProtocolLibSend2Cluster::send2ClusterRaw fn=229245952 , len=330
05-27 19:12:57.354   536   536 D commservice260303: sendCmdToPort :330!!!
05-27 19:12:57.354  1083  1083 W MyAppLog: [2026-05-27 19:12:57.349 W tboxap mcuHandleFaultCodeInd:1947] [Mcu] [mcuHandleFaultCodeInd] recv 0x0921 fault count:18 stored:2 firstCode:0x34
05-27 19:12:57.354   536   536 D commservice260303: send Cmd To Port ++++5AA501468A010004AA0D6A16D1B97B22636F6D6D616E64223A7B226964223A22696D755F737461747573222C22737562223A22227D2C22636F6E74656E74223A7B2254696D655374616D70223A31322C224672616D65436F756E746572223A3238383331302C2247445F58223A2D302E30313135333031333537353832323131352C2247445F59223A302E30303531393231323338313931343235382C2247445F5A223A302E3030313637393033393930393530343335342C2241445F58223A2D302E3030323433383036383338393839323537382C2241445F59223A2D372E393235383838303537373938313437452D342C2241445F5A223A2D302E31373030383230393232383531353632352C2254656D70447370223A302C22537461747573223A302C2243616C69625374617465223A312C22536967416D70496E76616C6964223A307D7D8E09
05-27 19:12:57.354  1083  1083 I MyAppLog: [2026-05-27 19:12:57.349 I tboxap mcuSendYadiTransfer:196] [Mcu] [mcuYadiSend]: :00 06 8B 04 01 09 A1 01
05-27 19:12:57.354   536   536 D commservice260303: bufferevent_write retrun value = 0
05-27 19:12:57.354  1083  1083 W MyAppLog: [2026-05-27 19:12:57.349 W tboxap tsp_ExternalEvent:109] [Tsp] [tsp_ExternalEvent] recv ExternalEvent = 55, size:2
05-27 19:12:57.354   536   560 D commservice260303: client datas send succeed,send finish
05-27 19:12:57.354 13911 14192 D Sentinelmode_1.2.5.17_sentry: <SentryImuClusterFgeSender>imu_status sent to Linux, frame=288310, tsNs=12244599, tsMs=12, intervalMs=41, ad=(-0.0024380684,-7.925888E-4,-0.17008209), gd=(-0.011530136,0.005192124,0.0016790399)
05-27 19:12:57.355   283   307 I rvcservice: t.code = 4, t.value = 0
05-27 19:12:57.357 10188 10632 D VelocityTracker: VelocityTracker: addMovement eventTime=12244597576000, idBits=0x80000000, activePointerId=0
05-27 19:12:57.357   481   599 I mcuc    : start timer OK = 34624 
05-27 19:12:57.357 10188 10632 D VelocityTracker:   0: position (276.784, 409.431), estimator (degree=2, xCoeff=[ 276.733643, 25.445360, -1013.372131 ], yCoeff=[ 409.790710, 2115.977539, -987.109253 ], confidence=1.000000)
05-27 19:12:57.358   581   581 I SpiService: fgesysctrl_getGPIO_status success val=1
05-27 09:04:06.323   581   581 D spi_rst_gpio_get_output: GPIO 145 value: 1
05-27 09:04:06.323   581   581 D spidev_ioctl: gpio status=1)
05-27 19:12:57.363 10188 11034 D InputReader: dispatchTouches action MOVE now(ns): 12244614138238
05-27 19:12:57.363 10188 11034 D InputReader: notifyMotion call dispatcher
05-27 19:12:57.364 10188 10632 D VelocityTracker: VelocityTracker: addMovement eventTime=12244613930000, idBits=0x80000000, activePointerId=0
05-27 19:12:57.364 10188 10632 D VelocityTracker:   0: position (276.784, 441.387), estimator (degree=2, xCoeff=[ 276.795074, -12.072563, -1061.905640 ], yCoeff=[ 441.717957, 1957.621094, -2386.116211 ], confidence=1.000000)
05-27 19:12:57.364   581   581 I SpiService: fgesysctrl_getGPIO_status success val=1
05-27 09:04:06.329   581   581 D spi_rst_gpio_get_output: GPIO 145 value: 1
05-27 09:04:06.329   581   581 D spidev_ioctl: gpio status=1)
05-27 19:12:57.367   572   622 I Sensors : 230 AccelSensor: x:-0.165920,y:0.005490,z:-9.974720
05-27 19:12:57.367 13911 14183 I SentryImuMcuAngleSender: 179.96846rollDeg
05-27 19:12:57.367 13911 14183 I SentryImuMcuAngleSender: 1,0,0
05-27 19:12:57.369   581   581 I SpiService: fgesysctrl_getGPIO_status success val=0
05-27 19:12:57.369   481   597 I mcuc    : send SPI:6AA602F6CD00028900B06AA601874000F809018B040109A101000000000000000000000000000000000000000000000000000000000000000000000000000000000000000000000000000000000000000000000000000000000000000000000000000000000000000000000000000000000000000000000000000000000000000000000000000000000000000000000000000000000000000000000000000000000000000000000000000000000000000000000000000000000000000000000000000000000000000000000000000000000000000000000000000000000000000000000000000000000000000000000000000000000000000000000000000000000000000000000000FB
05-27 19:12:57.373  3778  3778 I ADAYO_LOG_TRACE_KERNEL: executing
05-27 09:04:06.334   581   581 D spi_rst_gpio_get_output: GPIO 145 value: 0
05-27 09:04:06.334   581   581 D spidev_ioctl: gpio status=0)
05-27 19:12:57.375 11579 11579 D VelocityTracker: VelocityTracker: addMovement eventTime=12244579550000, idBits=0x80000000, activePointerId=0
05-27 19:12:57.375 11579 11579 D VelocityTracker:   0: position (275.785, 214.483), estimator (degree=2, xCoeff=[ 275.747650, 28.733629, -1893.859375 ], yCoeff=[ 214.600159, 2407.597900, 6049.088379 ], confidence=1.000000)
05-27 19:12:57.375 11579 11579 D VelocityTracker: VelocityTracker: addMovement eventTime=12244597576000, idBits=0x80000000, activePointerId=0
05-27 19:12:57.375 11579 11579 D VelocityTracker:   0: position (276.784, 251.431), estimator (degree=2, xCoeff=[ 276.736572, 28.332037, -955.883057 ], yCoeff=[ 251.790192, 2115.086182, -1004.957947 ], confidence=1.000000)
05-27 19:12:57.375 11579 11579 D VelocityTracker: VelocityTracker: addMovement eventTime=12244605437901, idBits=0x80000000, activePointerId=0
05-27 19:12:57.375 11579 11579 D VelocityTracker:   0: position (277.220, 267.546), estimator (degree=2, xCoeff=[ 277.129120, 26.791559, -784.329834 ], yCoeff=[ 267.775116, 2064.987549, -1441.281250 ], confidence=1.000000)
05-27 19:12:57.378 10188 11034 D InputReader: syncTouch: pointerCount 1 -> 1, touching ids 0x80000000 -> 0x80000000, hovering ids 0x00000000 -> 0x00000000, canceled ids 0x00000000
05-27 19:12:57.378 10188 11034 D InputReader: dispatchTouches action MOVE now(ns): 12244629637123
05-27 19:12:57.378 10188 11034 D InputReader: notifyMotion call dispatcher
05-27 19:12:57.380 10188 10632 D VelocityTracker: VelocityTracker: addMovement eventTime=12244629414000, idBits=0x80000000, activePointerId=0
05-27 19:12:57.380 10188 10632 D VelocityTracker:   0: position (276.784, 466.352), estimator (degree=2, xCoeff=[ 276.700012, -29.635609, -920.075500 ], yCoeff=[ 467.344391, 1701.777466, -4070.585938 ], confidence=1.000000)
05-27 19:12:57.383   581   581 I SpiService: fgesysctrl_getGPIO_status success val=1
05-27 19:12:57.384 11579 11579 D VelocityTracker: VelocityTracker: addMovement eventTime=12244613930000, idBits=0x80000000, activePointerId=0
05-27 19:12:57.384 11579 11579 D VelocityTracker:   0: position (276.784, 283.387), estimator (degree=2, xCoeff=[ 276.958649, -5.620572, -1007.062378 ], yCoeff=[ 284.004059, 1973.234009, -2226.159668 ], confidence=1.000000)
05-27 19:12:57.384 11579 11579 D VelocityTracker: VelocityTracker: addMovement eventTime=12244622111783, idBits=0x80000000, activePointerId=0
05-27 19:12:57.384 11579 11579 D VelocityTracker:   0: position (276.784, 296.579), estimator (degree=2, xCoeff=[ 276.807526, -24.052355, -1027.808350 ], yCoeff=[ 297.884033, 1826.884521, -3396.188477 ], confidence=1.000000)
05-27 09:04:06.348   581   581 D spi_rst_gpio_get_output: GPIO 145 value: 1
05-27 09:04:06.348   581   581 D spidev_ioctl: gpio status=1)
05-27 19:12:57.387 13911 14183 I SentryImuMcuAngleSender: 179.98949rollDeg
05-27 19:12:57.387 13911 14183 I SentryImuMcuAngleSender: 1,0,0
05-27 19:12:57.389   581   581 I SpiService: fgesysctrl_getGPIO_status success val=1
05-27 09:04:06.353   581   581 D spi_rst_gpio_get_output: GPIO 145 value: 1
05-27 09:04:06.353   581   581 D spidev_ioctl: gpio status=1)
05-27 19:12:57.391   566 11459 I gps_hdbd: Received: '$GNGGA,012848.000,,,,,0,00,,,M,,M,,*61
'
05-27 19:12:57.392   566 11459 I gps_hdbd: Received: '$GNGSA,A,1,,,,,,,,,,,,,,,,1*1D
'
05-27 19:12:57.393   536   536 D commservice260303: msg.id = 1028,0
05-27 19:12:57.393   536   536 D commservice260303: i = 170, msgid = 8A000404
05-27 19:12:57.393   536   536 D commservice260303: msgid = -1979710460,did=138
05-27 19:12:57.393   536   536 D commservice260303: CommProtocolLibCmdBaseI2C::dataproc {"command":{"id":"imu_status","sub":""},"content":{"TimeStamp":12,"FrameCounter":288311,"GD_X":-0.011300750076770782,"GD_Y":0.004580949433147907,"GD_Z":0.0017560218693688512,"AD_X":-1.6510486602783203E-5,"AD_Y":-0.0026165321469306946,"AD_Z":-0.16703224182128906,"TempDsp":0,"Status":0,"CalibState":1,"SigAmpInvalid":0}},-1979710460
05-27 19:12:57.393   536   536 D commservice260303: send2Cluster len:319, 7B22636F6D6D616E64223A7B226964223A22696D755F737461747573222C22737562223A22227D2C22636F6E74656E74223A7B2254696D655374616D70223A31322C224672616D65436F756E746572223A3238383331312C2247445F58223A2D302E3031313330303735303037363737303738322C2247445F59223A302E3030343538303934393433333134373930372C2247445F5A223A302E303031373536303231383639333638383531322C2241445F58223A2D312E36353130343836363032373833323033452D352C2241445F59223A2D302E303032363136353332313436393330363934362C2241445F5A223A2D302E31363730333232343138323132383930362C2254656D70447370223A302C22537461747573223A302C2243616C69625374617465223A312C22536967416D70496E76616C6964223A307D7D, 138 
05-27 19:12:57.393   536   536 D commservice260303: Push Message into SendPool fn=246023168
05-27 19:12:57.393   536   536 D commservice260303: ComProtocolLibSend2Cluster::send2ClusterRaw fn=246023168 , len=335
05-27 19:12:57.393   536   536 D commservice260303: sendCmdToPort :335!!!
05-27 19:12:57.393   536   536 D commservice260303: send Cmd To Port ++++5AA5014B8A010004AA0E6A16D1B97B22636F6D6D616E64223A7B226964223A22696D755F737461747573222C22737562223A22227D2C22636F6E74656E74223A7B2254696D655374616D70223A31322C224672616D65436F756E746572223A3238383331312C2247445F58223A2D302E3031313330303735303037363737303738322C2247445F59223A302E3030343538303934393433333134373930372C2247445F5A223A302E303031373536303231383639333638383531322C2241445F58223A2D312E36353130343836363032373833323033452D352C2241445F59223A2D302E303032363136353332313436393330363934362C2241445F5A223A2D302E31363730333232343138323132383930362C2254656D70447370223A302C22537461747573223A302C2243616C69625374617465223A312C22536967416D70496E76616C6964223A307D7DFBF3
05-27 19:12:57.393   536   536 D commservice260303: bufferevent_write retrun value = 0
05-27 19:12:57.393   536   560 D commservice260303: client datas send succeed,send finish
05-27 19:12:57.393 13911 14192 D Sentinelmode_1.2.5.17_sentry: <SentryImuClusterFgeSender>imu_status sent to Linux, frame=288311, tsNs=12244636, tsMs=12, intervalMs=39, ad=(-1.6510487E-5,-0.0026165321,-0.16703224), gd=(-0.01130075,0.0045809494,0.0017560219)
05-27 19:12:57.394   581   581 I SpiService: fgesysctrl_getGPIO_status success val=1
05-27 19:12:57.395 10188 11034 D InputReader: syncTouch: pointerCount 1 -> 1, touching ids 0x80000000 -> 0x80000000, hovering ids 0x00000000 -> 0x00000000, canceled ids 0x00000000
05-27 19:12:57.395 10188 11034 D InputReader: dispatchTouches action MOVE now(ns): 12244646679930
05-27 19:12:57.395 10188 11034 D InputReader: notifyMotion call dispatcher
05-27 19:12:57.396 10188 10632 D VelocityTracker: VelocityTracker: addMovement eventTime=12244646402000, idBits=0x80000000, activePointerId=0
05-27 19:12:57.396 10188 10632 D VelocityTracker:   0: position (273.786, 485.326), estimator (degree=2, xCoeff=[ 274.281952, -122.077209, -1394.711182 ], yCoeff=[ 487.580811, 1285.285400, -6228.713867 ], confidence=1.000000)
05-27 09:04:06.359   581   581 D spi_rst_gpio_get_output: GPIO 145 value: 1
05-27 09:04:06.359   581   581 D spidev_ioctl: gpio status=1)
05-27 19:12:57.397   566 11459 I gps_hdbd: Received: '$GNGSA,A,1,,,,,,,,,,,,,,,,3*1F
'
05-27 19:12:57.397   566 11459 I gps_hdbd: Received: '$GNGSA,A,1,,,,,,,,,,,,,,,,4*18
'
05-27 19:12:57.398   566 11459 I gps_hdbd: Received: '$BDGSV,1,1,00,1*75
'
05-27 19:12:57.399   581   581 I SpiService: fgesysctrl_getGPIO_status success val=1
05-27 19:12:57.401  3781  3781 I ADAYO_LOG_TRACE_KERNEL: collect_root_path:/mnt/log_data
05-27 09:04:06.364   581   581 D spi_rst_gpio_get_output: GPIO 145 value: 1
05-27 09:04:06.364   581   581 D spidev_ioctl: gpio status=1)
05-27 09:04:06.369   581   581 D spi_rst_gpio_get_output: GPIO 145 value: 1
05-27 09:04:06.369   581   581 D spidev_ioctl: gpio status=1)
05-27 19:12:57.405   581   581 I SpiService: fgesysctrl_getGPIO_status success val=1
05-27 19:12:57.405   566 11459 I gps_hdbd: Received: '$BDGSV,1,1,00,5*71
'
05-27 19:12:57.408 13911 14183 I SentryImuMcuAngleSender: 179.98949rollDeg
05-27 19:12:57.408 13911 14183 I SentryImuMcuAngleSender: 1,0,0
05-27 19:12:57.409 11579 11579 D VelocityTracker: VelocityTracker: addMovement eventTime=12244629414000, idBits=0x80000000, activePointerId=0
05-27 19:12:57.409 11579 11579 D VelocityTracker:   0: position (276.784, 308.352), estimator (degree=2, xCoeff=[ 276.693573, -33.421677, -972.373108 ], yCoeff=[ 309.523102, 1703.550537, -4121.286133 ], confidence=1.000000)
05-27 19:12:57.409 11579 11579 D VelocityTracker: VelocityTracker: addMovement eventTime=12244638785665, idBits=0x80000000, activePointerId=0
05-27 19:12:57.409 11579 11579 D VelocityTracker:   0: position (275.130, 318.819), estimator (degree=2, xCoeff=[ 275.624908, -80.937996, -1232.116455 ], yCoeff=[ 321.498657, 1467.733643, -5527.348145 ], confidence=1.000000)
05-27 19:12:57.410   581   581 I SpiService: fgesysctrl_getGPIO_status success val=0
05-27 19:12:57.411   566 11459 I gps_hdbd: Received: '$GPGSV,1,1,01,199,42,165,,1*60
'
05-27 19:12:57.412   566 11459 I gps_hdbd: Received: '$GPGSV,1,1,00,8*6D
'
05-27 19:12:57.412 10188 11034 D InputReader: syncTouch: pointerCount 1 -> 1, touching ids 0x80000000 -> 0x80000000, hovering ids 0x00000000 -> 0x00000000, canceled ids 0x00000000
05-27 19:12:57.413 10188 11034 D InputReader: dispatchTouches action MOVE now(ns): 12244663877084
05-27 19:12:57.413 10188 11034 D InputReader: notifyMotion call dispatcher
05-27 09:04:06.375   581   581 D spi_rst_gpio_get_output: GPIO 145 value: 0
05-27 09:04:06.375   581   581 D spidev_ioctl: gpio status=0)
05-27 19:12:57.413   566 11459 I gps_hdbd: Received: '$GAGSV,1,1,00,7*73
'
05-27 19:12:57.414 10188 10632 D VelocityTracker: VelocityTracker: addMovement eventTime=12244663579000, idBits=0x80000000, activePointerId=0
05-27 19:12:57.414 10188 10632 D VelocityTracker:   0: position (269.789, 502.302), estimator (degree=2, xCoeff=[ 269.945557, -261.149506, -2314.609375 ], yCoeff=[ 502.178864, 768.974426, -9303.689453 ], confidence=1.000000)
05-27 19:12:57.417   566 11459 I gps_hdbd: Received: '$GAGSV,1,1,00,1*75
'
05-27 19:12:57.419   481   598 I mcuc    : rev,n=1,6AA682874000020901AB
05-27 19:12:57.424   581   581 I SpiService: fgesysctrl_getGPIO_status success val=1
05-27 19:12:57.424   566 11459 I gps_hdbd: Received: '$GNRMC,012848.000,V,,,,,,,270526,120.0,E,N,V*42
'
05-27 19:12:57.425   566 11459 I gps_hdbd: RMC : CALL gnss_sv_status_cb, view_in_sat <1>
05-27 19:12:57.425   566 11459 I gps_hdbd: [reportSvStatus]--->PLATFORM_BSP::Enter
05-27 09:04:06.389   581   581 D spi_rst_gpio_get_output: GPIO 145 value: 1
05-27 09:04:06.389   581   581 D spidev_ioctl: gpio status=1)
05-27 19:12:57.425  1083  1083 W MyAppLog: [2026-05-27 19:12:57.425 W tboxap gpsSyncGpsInfoToDm:361] [Gps] [gpsSyncGpsInfoToDm] fix=0 mode=49 corner:0x01 alt=0.00 sat=0 hdop=0.00 pdop=0.00 vdop=0.00
05-27 19:12:57.425   566 11459 I gps_hdbd: hy abnormal deal:hy_cnr30_satellite_cnt=0
05-27 19:12:57.425   566 11459 D gps_hdbd: hy abnormal deal:hy_fixStatus_fail_count=0
05-27 19:12:57.428 13911 14183 I SentryImuMcuAngleSender: 180.0rollDeg
05-27 19:12:57.428 13911 14183 I SentryImuMcuAngleSender: 1,0,0
05-27 19:12:57.430   581   581 I SpiService: fgesysctrl_getGPIO_status success val=1
05-27 19:12:57.430 10188 11034 D InputReader: syncTouch: pointerCount 1 -> 1, touching ids 0x80000000 -> 0x80000000, hovering ids 0x00000000 -> 0x00000000, canceled ids 0x00000000
05-27 19:12:57.430 10188 11034 D InputReader: dispatchTouches action MOVE now(ns): 12244681327123
05-27 19:12:57.430 10188 11034 D InputReader: notifyMotion call dispatcher
05-27 19:12:57.432   566 11459 I gps_hdbd: Received: '$GNZDA,012848.000,27,05,2026,00,00*49
'
05-27 19:12:57.432 10188 10632 D VelocityTracker: VelocityTracker: addMovement eventTime=12244679360000, idBits=0x80000000, activePointerId=0
05-27 19:12:57.432 10188 10632 D VelocityTracker:   0: position (261.795, 522.275), estimator (degree=2, xCoeff=[ 262.669983, -428.402679, -3040.428955 ], yCoeff=[ 519.671692, 755.779602, -7142.742188 ], confidence=1.000000)
05-27 09:04:06.394   581   581 D spi_rst_gpio_get_output: GPIO 145 value: 1
05-27 09:04:06.394   581   581 D spidev_ioctl: gpio status=1)
05-27 19:12:57.434   536   536 D commservice260303: msg.id = 1028,0
05-27 19:12:57.434   536   536 D commservice260303: i = 170, msgid = 8A000404
05-27 19:12:57.434   536   536 D commservice260303: msgid = -1979710460,did=138
05-27 19:12:57.434   536   536 D commservice260303: CommProtocolLibCmdBaseI2C::dataproc {"command":{"id":"imu_status","sub":""},"content":{"TimeStamp":12,"FrameCounter":288312,"GD_X":-0.01160607673227787,"GD_Y":0.005420989356935024,"GD_Z":0.0019848872907459736,"AD_X":0.002997845411300659,"AD_Y":-0.004411149770021439,"AD_Z":-0.16703224182128906,"TempDsp":0,"Status":0,"CalibState":1,"SigAmpInvalid":0}},-1979710460
05-27 19:12:57.434   536   536 D commservice260303: send2Cluster len:315, 7B22636F6D6D616E64223A7B226964223A22696D755F737461747573222C22737562223A22227D2C22636F6E74656E74223A7B2254696D655374616D70223A31322C224672616D65436F756E746572223A3238383331322C2247445F58223A2D302E30313136303630373637333232373738372C2247445F59223A302E3030353432303938393335363933353032342C2247445F5A223A302E303031393834383837323930373435393733362C2241445F58223A302E3030323939373834353431313330303635392C2241445F59223A2D302E3030343431313134393737303032313433392C2241445F5A223A2D302E31363730333232343138323132383930362C2254656D70447370223A302C22537461747573223A302C2243616C69625374617465223A312C22536967416D70496E76616C6964223A307D7D, 138 
05-27 19:12:57.434   536   536 D commservice260303: Push Message into SendPool fn=262800384
05-27 19:12:57.434   536   536 D commservice260303: ComProtocolLibSend2Cluster::send2ClusterRaw fn=262800384 , len=331
05-27 19:12:57.434   536   536 D commservice260303: sendCmdToPort :331!!!
05-27 19:12:57.434   536   536 D commservice260303: send Cmd To Port ++++5AA501478A010004AA0F6A16D1B97B22636F6D6D616E64223A7B226964223A22696D755F737461747573222C22737562223A22227D2C22636F6E74656E74223A7B2254696D655374616D70223A31322C224672616D65436F756E746572223A3238383331322C2247445F58223A2D302E30313136303630373637333232373738372C2247445F59223A302E3030353432303938393335363933353032342C2247445F5A223A302E303031393834383837323930373435393733362C2241445F58223A302E3030323939373834353431313330303635392C2241445F59223A2D302E3030343431313134393737303032313433392C2241445F5A223A2D302E31363730333232343138323132383930362C2254656D70447370223A302C22537461747573223A302C2243616C69625374617465223A312C22536967416D70496E76616C6964223A307D7D164A
05-27 19:12:57.435   536   536 D commservice260303: bufferevent_write retrun value = 0
05-27 19:12:57.435   581   581 I SpiService: fgesysctrl_getGPIO_status success val=1
05-27 19:12:57.435   536   560 D commservice260303: client datas send succeed,send finish
05-27 19:12:57.435 13911 14192 D Sentinelmode_1.2.5.17_sentry: <SentryImuClusterFgeSender>imu_status sent to Linux, frame=288312, tsNs=12244676, tsMs=12, intervalMs=42, ad=(0.0029978454,-0.00441115,-0.16703224), gd=(-0.011606077,0.0054209894,0.0019848873)
05-27 09:04:06.399   581   581 D spi_rst_gpio_get_output: GPIO 145 value: 1
05-27 09:04:06.400   581   581 D spidev_ioctl: gpio status=1)
05-27 19:12:57.440   581   581 I SpiService: fgesysctrl_getGPIO_status success val=1
05-27 09:04:06.405   581   581 D spi_rst_gpio_get_output: GPIO 145 value: 1
05-27 09:04:06.405   581   581 D spidev_ioctl: gpio status=1)
05-27 19:12:57.441 11579 11579 D VelocityTracker: VelocityTracker: addMovement eventTime=12244646402000, idBits=0x80000000, activePointerId=0
05-27 19:12:57.441 11579 11579 D VelocityTracker:   0: position (273.786, 327.326), estimator (degree=2, xCoeff=[ 274.335083, -124.000099, -1431.465942 ], yCoeff=[ 329.727234, 1277.432983, -6397.919434 ], confidence=1.000000)
05-27 19:12:57.441 11579 11579 D VelocityTracker: VelocityTracker: addMovement eventTime=12244663579000, idBits=0x80000000, activePointerId=0
05-27 19:12:57.441 11579 11579 D VelocityTracker:   0: position (269.789, 344.302), estimator (degree=2, xCoeff=[ 270.080597, -249.111359, -2138.435547 ], yCoeff=[ 344.277802, 788.480896, -9009.688477 ], confidence=1.000000)
05-27 19:12:57.441 11579 11579 D VelocityTracker: VelocityTracker: addMovement eventTime=12244672133429, idBits=0x80000000, activePointerId=0
05-27 19:12:57.441 11579 11579 D VelocityTracker:   0: position (265.456, 355.129), estimator (degree=2, xCoeff=[ 266.283905, -350.089630, -2733.540527 ], yCoeff=[ 353.149536, 732.996765, -8262.771484 ], confidence=1.000000)
05-27 19:12:57.446   581   581 I SpiService: fgesysctrl_getGPIO_status success val=1
05-27 09:04:06.411   581   581 D spi_rst_gpio_get_output: GPIO 145 value: 1
05-27 09:04:06.411   581   581 D spidev_ioctl: gpio status=1)
05-27 19:12:57.449 13911 14183 I SentryImuMcuAngleSender: 180.0rollDeg
05-27 19:12:57.449 13911 14183 I SentryImuMcuAngleSender: 1,0,0
05-27 19:12:57.449   566 11459 I gps_hdbd: Received: '$GNINS,1,1,TYPE,I,V,012848.000,20839000,FUS,-4,0,0,0,MOT,V,1,PATT,0.00,0.00,0.00,VEL,0.000,0.000,0.000,POS,40.0001330924,116.0001570688,84.176,IIA,1,0.00,0.00,0.00,BGA,0.31,-0.66,-0.13,0.000,0.000,0.000,IGA,0,-1,0,0,-2,98,VG,16c2ff1*13
'
05-27 19:12:57.451 15863 16069 D AIN-HttpHealthPolicy: response: 200, cost=187
05-27 19:12:57.451 15863 16068 D AIN-PingWorker: updateHost: result=true,host=www.aliyun.com,delay=187
05-27 19:12:57.451 15863 16068 D AIN-NetCheckerOutputer: onHealthy
05-27 19:12:57.451   581   581 I SpiService: fgesysctrl_getGPIO_status success val=0
05-27 19:12:57.451 15863 16068 D AIN-ServiceHub: getService with: name = service_tracker
05-27 19:12:57.452 10188 11034 D InputReader: syncTouch: pointerCount 1 -> 1, touching ids 0x80000000 -> 0x80000000, hovering ids 0x00000000 -> 0x00000000, canceled ids 0x00000000
05-27 19:12:57.452 10188 11034 D InputReader: dispatchTouches action MOVE now(ns): 12244703607507
05-27 19:12:57.452 10188 11034 D InputReader: notifyMotion call dispatcher
05-27 09:04:06.416   581   581 D spi_rst_gpio_get_output: GPIO 145 value: 0
05-27 09:04:06.416   581   581 D spidev_ioctl: gpio status=0)
05-27 19:12:57.455   283   307 I rvcservice: t.code = 3, t.value = 0
05-27 19:12:57.456 10188 10632 D VelocityTracker: VelocityTracker: addMovement eventTime=12244696237000, idBits=0x80000000, activePointerId=0
05-27 19:12:57.456 10188 10632 D VelocityTracker:   0: position (248.806, 545.243), estimator (degree=2, xCoeff=[ 249.841812, -725.858215, -4690.086426 ], yCoeff=[ 542.074097, 966.164062, -3498.287109 ], confidence=1.000000)
05-27 19:12:57.457 11579 11579 D VelocityTracker: VelocityTracker: addMovement eventTime=12244679360000, idBits=0x80000000, activePointerId=0
05-27 19:12:57.457 11579 11579 D VelocityTracker:   0: position (261.795, 364.275), estimator (degree=2, xCoeff=[ 262.678986, -423.964233, -3006.049316 ], yCoeff=[ 361.228149, 732.007446, -7323.757324 ], confidence=1.000000)
05-27 19:12:57.457 11579 11579 D VelocityTracker: VelocityTracker: addMovement eventTime=12244692453687, idBits=0x80000000, activePointerId=0
05-27 19:12:57.457 11579 11579 D VelocityTracker:   0: position (251.718, 382.094), estimator (degree=2, xCoeff=[ 253.159897, -656.143066, -4396.446289 ], yCoeff=[ 377.859558, 884.984680, -4341.684570 ], confidence=1.000000)
05-27 19:12:57.459   566 11459 I gps_hdbd: Received: '$GNINS,CARSPEED,ADR_STATUS,0,Pulse_count,0,1,0,0,20839000,122240,0.000,0.000,0.000*01
'
05-27 19:12:57.464 10188 11034 D InputReader: syncTouch: pointerCount 1 -> 1, touching ids 0x80000000 -> 0x80000000, hovering ids 0x00000000 -> 0x00000000, canceled ids 0x00000000
05-27 19:12:57.464 10188 11034 D InputReader: dispatchTouches action MOVE now(ns): 12244715493315
05-27 19:12:57.464 10188 11034 D InputReader: notifyMotion call dispatcher
05-27 19:12:57.464  2152  3787 E WM-WorkerWrapper: Work [ id=e0f37f39-e296-42ca-95b1-b4f01f899bb5, tags={ com.tencent.map.pangu.mqttv3.android.server.AlarmPingWorker, alarm_ping_worker } ] failed because it threw an exception/error
05-27 19:12:57.464  2152  3787 E WM-WorkerWrapper: java.util.concurrent.ExecutionException: java.lang.IllegalArgumentException: Neither service nor client can be null.
05-27 19:12:57.464  2152  3787 E WM-WorkerWrapper: 	at androidx.work.impl.utils.futures.AbstractFuture.getDoneValue(Proguard:21)
05-27 19:12:57.464  2152  3787 E WM-WorkerWrapper: 	at androidx.work.impl.utils.futures.AbstractFuture.get(Proguard:48)
05-27 19:12:57.464  2152  3787 E WM-WorkerWrapper: 	at androidx.work.impl.WorkerWrapper$2.run(Proguard:5)
05-27 19:12:57.464  2152  3787 E WM-WorkerWrapper: 	at androidx.work.impl.utils.SerialExecutorImpl$Task.run(Proguard:3)
05-27 19:12:57.464  2152  3787 E WM-WorkerWrapper: 	at java.util.concurrent.ThreadPoolExecutor.runWorker(ThreadPoolExecutor.java:1137)
05-27 19:12:57.464  2152  3787 E WM-WorkerWrapper: 	at java.util.concurrent.ThreadPoolExecutor$Worker.run(ThreadPoolExecutor.java:637)
05-27 19:12:57.464  2152  3787 E WM-WorkerWrapper: 	at java.lang.Thread.run(Thread.java:1023)
05-27 19:12:57.464  2152  3787 E WM-WorkerWrapper: Caused by: java.lang.IllegalArgumentException: Neither service nor client can be null.
05-27 19:12:57.464  2152  3787 E WM-WorkerWrapper: 	at com.tencent.map.pangu.mqttv3.android.server.AlarmPingSender.<init>(Proguard:16)
05-27 19:12:57.464  2152  3787 E WM-WorkerWrapper: 	at com.tencent.map.pangu.mqttv3.android.server.AlarmPingSender.getInstance(Proguard:14)
05-27 19:12:57.464  2152  3787 E WM-WorkerWrapper: 	at com.tencent.map.pangu.mqttv3.android.server.AlarmPingWorker.doWork(Proguard:2)
05-27 19:12:57.464  2152  3787 E WM-WorkerWrapper: 	at androidx.work.Worker$1.run(Proguard:3)
05-27 19:12:57.464  2152  3787 E WM-WorkerWrapper: 	... 3 more
05-27 19:12:57.465 10188 10632 D VelocityTracker: VelocityTracker: addMovement eventTime=12244715126000, idBits=0x80000000, activePointerId=0
05-27 19:12:57.465   566 11459 I gps_hdbd: Received: '$GNTXT,04,01,04,INS,V,1,,,,FLG,1,000000,1,0,1,0,0,Con,0*71
'
05-27 19:12:57.465 10188 10632 D VelocityTracker:   0: position (232.818, 567.212), estimator (degree=2, xCoeff=[ 232.577911, -1009.947449, -5801.006836 ], yCoeff=[ 567.998596, 1332.062012, 1705.385376 ], confidence=1.000000)
05-27 19:12:57.465   566 11459 I gps_hdbd: Received: '$GNTXT,INSTALL,0.00,0.00,0.00,0.00,0.00,0.00,0*20
'
05-27 19:12:57.465   581   581 I SpiService: fgesysctrl_getGPIO_status success val=1
05-27 19:12:57.468  2152  3787 I WM-WorkerWrapper: Worker result FAILURE for Work [ id=e0f37f39-e296-42ca-95b1-b4f01f899bb5, tags={ com.tencent.map.pangu.mqttv3.android.server.AlarmPingWorker, alarm_ping_worker } ]
05-27 09:04:06.430   581   581 D spi_rst_gpio_get_output: GPIO 145 value: 1
05-27 09:04:06.430   581   581 D spidev_ioctl: gpio status=1)
05-27 19:12:57.469 13911 14183 I SentryImuMcuAngleSender: 180.0rollDeg
05-27 19:12:57.469 13911 14183 I SentryImuMcuAngleSender: 1,0,0
05-27 19:12:57.471   581   581 I SpiService: fgesysctrl_getGPIO_status success val=1
05-27 19:12:57.471 10188 16726 D PackageManager: Considering set com.tencent.wecarnavi/androidx.work.impl.background.systemalarm.RescheduleReceiver's state as 2 with userId = 0, callingPackage = null
05-27 19:12:57.472 10188 16726 D PackageManager: Instant App installer not found with android.intent.action.INSTALL_INSTANT_APP_PACKAGE
05-27 19:12:57.472 10188 16726 D PackageManager: Clear ephemeral installer activity
05-27 09:04:06.435   581   581 D spi_rst_gpio_get_output: GPIO 145 value: 1
05-27 09:04:06.435   581   581 D spidev_ioctl: gpio status=1)
05-27 19:12:57.474   536   536 D commservice260303: msg.id = 1028,0
05-27 19:12:57.474   536   536 D commservice260303: i = 170, msgid = 8A000404
05-27 19:12:57.474   536   536 D commservice260303: msgid = -1979710460,did=138
05-27 19:12:57.474   536   536 D commservice260303: CommProtocolLibCmdBaseI2C::dataproc {"command":{"id":"imu_status","sub":""},"content":{"TimeStamp":12,"FrameCounter":288313,"GD_X":-0.011759000830352306,"GD_Y":0.005268065724521875,"GD_Z":0.002519079949706793,"AD_X":0.0011554360389709473,"AD_Y":4.671681672334671E-4,"AD_Z":-0.16703224182128906,"TempDsp":0,"Status":0,"CalibState":1,"SigAmpInvalid":0}},-1979710460
05-27 19:12:57.474   536   536 D commservice260303: send2Cluster len:315, 7B22636F6D6D616E64223A7B226964223A22696D755F737461747573222C22737562223A22227D2C22636F6E74656E74223A7B2254696D655374616D70223A31322C224672616D65436F756E746572223A3238383331332C2247445F58223A2D302E3031313735393030303833303335323330362C2247445F59223A302E3030353236383036353732343532313837352C2247445F5A223A302E3030323531393037393934393730363739332C2241445F58223A302E303031313535343336303338393730393437332C2241445F59223A342E363731363831363732333334363731452D342C2241445F5A223A2D302E31363730333232343138323132383930362C2254656D70447370223A302C22537461747573223A302C2243616C69625374617465223A312C22536967416D70496E76616C6964223A307D7D, 138 
05-27 19:12:57.474   536   536 D commservice260303: Push Message into SendPool fn=279577600
05-27 19:12:57.474   536   536 D commservice260303: ComProtocolLibSend2Cluster::send2ClusterRaw fn=279577600 , len=331
05-27 19:12:57.474   536   536 D commservice260303: sendCmdToPort :331!!!
05-27 19:12:57.474   536   536 D commservice260303: send Cmd To Port ++++5AA501478A010004AA106A16D1B97B22636F6D6D616E64223A7B226964223A22696D755F737461747573222C22737562223A22227D2C22636F6E74656E74223A7B2254696D655374616D70223A31322C224672616D65436F756E746572223A3238383331332C2247445F58223A2D302E3031313735393030303833303335323330362C2247445F59223A302E3030353236383036353732343532313837352C2247445F5A223A302E3030323531393037393934393730363739332C2241445F58223A302E303031313535343336303338393730393437332C2241445F59223A342E363731363831363732333334363731452D342C2241445F5A223A2D302E31363730333232343138323132383930362C2254656D70447370223A302C22537461747573223A302C2243616C69625374617465223A312C22536967416D70496E76616C6964223A307D7D1112
05-27 19:12:57.474   536   536 D commservice260303: bufferevent_write retrun value = 0
05-27 19:12:57.474   536   560 D commservice260303: client datas send succeed,send finish
05-27 19:12:57.474 13911 14192 D Sentinelmode_1.2.5.17_sentry: <SentryImuClusterFgeSender>imu_status sent to Linux, frame=288313, tsNs=12244722, tsMs=12, intervalMs=39, ad=(0.001155436,4.6716817E-4,-0.16703224), gd=(-0.011759001,0.0052680657,0.00251908)
