05-27 19:12:58.210   581   581 I SpiService: fgesysctrl_getGPIO_status success val=1
05-27 19:12:58.211   830   830 D SurfaceFlinger: unisoc-graphics, commit has frameMissed:2, vysncId:449322
05-27 09:04:07.175   581   581 D spi_rst_gpio_get_output: GPIO 145 value: 1
05-27 09:04:07.175   581   581 D spidev_ioctl: gpio status=1)
05-27 19:12:58.215   581   581 I SpiService: fgesysctrl_getGPIO_status success val=1
05-27 09:04:07.180   581   581 D spi_rst_gpio_get_output: GPIO 145 value: 1
05-27 09:04:07.180   581   581 D spidev_ioctl: gpio status=1)
05-27 19:12:58.220 13911 14183 I SentryImuMcuAngleSender: 179.98598rollDeg
05-27 19:12:58.220 13911 14183 I SentryImuMcuAngleSender: 1,0,0
05-27 09:04:07.185   581   581 D spi_rst_gpio_get_output: GPIO 145 value: 1
05-27 09:04:07.185   581   581 D spidev_ioctl: gpio status=1)
05-27 19:12:58.221   581   581 I SpiService: fgesysctrl_getGPIO_status success val=1
05-27 19:12:58.226   581   581 I SpiService: fgesysctrl_getGPIO_status success val=1
05-27 09:04:07.191   581   581 D spi_rst_gpio_get_output: GPIO 145 value: 1
05-27 09:04:07.191   581   581 D spidev_ioctl: gpio status=1)
05-27 19:12:58.231   581   581 I SpiService: fgesysctrl_getGPIO_status success val=0
05-27 09:04:07.196   581   581 D spi_rst_gpio_get_output: GPIO 145 value: 0
05-27 09:04:07.196   581   581 D spidev_ioctl: gpio status=0)
05-27 19:12:58.240   572   572 I Sensors : 230 GyroSensor: x:-0.012064,y:0.005955,z:0.002138
05-27 19:12:58.240   481   598 I mcuc    : rev,n=1,6AA682874200020901A9
05-27 19:12:58.242 13911 14183 I SentryImuMcuAngleSender: 179.97548rollDeg
05-27 19:12:58.242 13911 14183 I SentryImuMcuAngleSender: 1,0,0
05-27 19:12:58.243   536   536 D commservice260303: msg.id = 1028,1
05-27 19:12:58.243   536   536 D commservice260303: i = 170, msgid = 8A000404
05-27 19:12:58.243   536   536 D commservice260303: msgid = -1979710460,did=138
05-27 19:12:58.243   536   536 D commservice260303: CommProtocolLibCmdBaseI2C::dataproc {"command":{"id":"imu_status","sub":""},"content":{"TimeStamp":12,"FrameCounter":288332,"GD_X":-0.012063807807862759,"GD_Y":0.0059551820158958435,"GD_Z":0.0021378109231591225,"AD_X":-0.0030595511198043823,"AD_Y":5.0681643187999725E-5,"AD_Z":-0.17069149017333984,"TempDsp":0,"Status":0,"CalibState":1,"SigAmpInvalid":0}},-1979710460
05-27 19:12:58.244   536   536 D commservice260303: send2Cluster len:319, 7B22636F6D6D616E64223A7B226964223A22696D755F737461747573222C22737562223A22227D2C22636F6E74656E74223A7B2254696D655374616D70223A31322C224672616D65436F756E746572223A3238383333322C2247445F58223A2D302E3031323036333830373830373836323735392C2247445F59223A302E303035393535313832303135383935383433352C2247445F5A223A302E303032313337383130393233313539313232352C2241445F58223A2D302E303033303539353531313139383034333832332C2241445F59223A352E30363831363433313837393939373235452D352C2241445F5A223A2D302E31373036393134393031373333333938342C2254656D70447370223A302C22537461747573223A302C2243616C69625374617465223A312C22536967416D70496E76616C6964223A307D7D, 138 
05-27 19:12:58.244   536   536 D commservice260303: Push Message into SendPool fn=615121920
05-27 19:12:58.244   536   536 D commservice260303: ComProtocolLibSend2Cluster::send2ClusterRaw fn=615121920 , len=335
05-27 19:12:58.244   536   536 D commservice260303: sendCmdToPort :335!!!
05-27 19:12:58.244   536   536 D commservice260303: send Cmd To Port ++++5AA5014B8A010004AA246A16D1BA7B22636F6D6D616E64223A7B226964223A22696D755F737461747573222C22737562223A22227D2C22636F6E74656E74223A7B2254696D655374616D70223A31322C224672616D65436F756E746572223A3238383333322C2247445F58223A2D302E3031323036333830373830373836323735392C2247445F59223A302E303035393535313832303135383935383433352C2247445F5A223A302E303032313337383130393233313539313232352C2241445F58223A2D302E303033303539353531313139383034333832332C2241445F59223A352E30363831363433313837393939373235452D352C2241445F5A223A2D302E31373036393134393031373333333938342C2254656D70447370223A302C22537461747573223A302C2243616C69625374617465223A312C22536967416D70496E76616C6964223A307D7D5002
05-27 19:12:58.244   536   536 D commservice260303: bufferevent_write retrun value = 0
05-27 19:12:58.244   536   560 D commservice260303: client datas send succeed,send finish
05-27 19:12:58.244 13911 14192 D Sentinelmode_1.2.5.17_sentry: <SentryImuClusterFgeSender>imu_status sent to Linux, frame=288332, tsNs=12245490, tsMs=12, intervalMs=40, ad=(-0.0030595511,5.0681643E-5,-0.17069149), gd=(-0.012063808,0.005955182,0.002137811)
05-27 19:12:58.245   581   581 I SpiService: fgesysctrl_getGPIO_status success val=1
05-27 09:04:07.210   581   581 D spi_rst_gpio_get_output: GPIO 145 value: 1
05-27 09:04:07.210   581   581 D spidev_ioctl: gpio status=1)
05-27 19:12:58.250   581   581 I SpiService: fgesysctrl_getGPIO_status success val=1
05-27 09:04:07.215   581   581 D spi_rst_gpio_get_output: GPIO 145 value: 1
05-27 09:04:07.215   581   581 D spidev_ioctl: gpio status=1)
05-27 19:12:58.256   581   581 I SpiService: fgesysctrl_getGPIO_status success val=1
05-27 09:04:07.220   581   581 D spi_rst_gpio_get_output: GPIO 145 value: 1
05-27 09:04:07.220   581   581 D spidev_ioctl: gpio status=1)
05-27 19:12:58.257   283   307 I rvcservice: t.code = 7, t.value = 12245401
05-27 19:12:58.261   581   581 I SpiService: fgesysctrl_getGPIO_status success val=1
05-27 19:12:58.262 13911 14183 I SentryImuMcuAngleSender: 179.96495rollDeg
05-27 19:12:58.262 13911 14183 I SentryImuMcuAngleSender: 1,0,0
05-27 09:04:07.226   581   581 D spi_rst_gpio_get_output: GPIO 145 value: 1
05-27 09:04:07.226   581   581 D spidev_ioctl: gpio status=1)
05-27 19:12:58.266   581   581 I SpiService: fgesysctrl_getGPIO_status success val=1
05-27 09:04:07.231   581   581 D spi_rst_gpio_get_output: GPIO 145 value: 1
05-27 09:04:07.231   581   581 D spidev_ioctl: gpio status=1)
05-27 19:12:58.272   581   581 I SpiService: fgesysctrl_getGPIO_status success val=0
05-27 09:04:07.236   581   581 D spi_rst_gpio_get_output: GPIO 145 value: 0
05-27 09:04:07.236   581   581 D spidev_ioctl: gpio status=0)
05-27 19:12:58.283 13911 14183 I SentryImuMcuAngleSender: 179.95093rollDeg
05-27 19:12:58.283 13911 14183 I SentryImuMcuAngleSender: 1,0,0
05-27 19:12:58.283   536   536 D commservice260303: msg.id = 1028,0
05-27 19:12:58.284   536   536 D commservice260303: i = 170, msgid = 8A000404
05-27 19:12:58.284   536   536 D commservice260303: msgid = -1979710460,did=138
05-27 19:12:58.284   536   536 D commservice260303: CommProtocolLibCmdBaseI2C::dataproc {"command":{"id":"imu_status","sub":""},"content":{"TimeStamp":12,"FrameCounter":288333,"GD_X":-0.01153013575822115,"GD_Y":0.00549693126231432,"GD_Z":0.002213752595707774,"AD_X":-2.8789043426513672E-5,"AD_Y":0.004300566390156746,"AD_Z":-0.16703224182128906,"TempDsp":0,"Status":0,"CalibState":1,"SigAmpInvalid":0}},-1979710460
05-27 19:12:58.284   536   536 D commservice260303: send2Cluster len:314, 7B22636F6D6D616E64223A7B226964223A22696D755F737461747573222C22737562223A22227D2C22636F6E74656E74223A7B2254696D655374616D70223A31322C224672616D65436F756E746572223A3238383333332C2247445F58223A2D302E30313135333031333537353832323131352C2247445F59223A302E30303534393639333132363233313433322C2247445F5A223A302E3030323231333735323539353730373737342C2241445F58223A2D322E38373839303433343236353133363732452D352C2241445F59223A302E3030343330303536363339303135363734362C2241445F5A223A2D302E31363730333232343138323132383930362C2254656D70447370223A302C22537461747573223A302C2243616C69625374617465223A312C22536967416D70496E76616C6964223A307D7D, 138 
05-27 19:12:58.284   536   536 D commservice260303: Push Message into SendPool fn=631899136
05-27 19:12:58.284   536   536 D commservice260303: ComProtocolLibSend2Cluster::send2ClusterRaw fn=631899136 , len=330
05-27 19:12:58.284   536   536 D commservice260303: sendCmdToPort :330!!!
05-27 19:12:58.284   536   536 D commservice260303: send Cmd To Port ++++5AA501468A010004AA256A16D1BA7B22636F6D6D616E64223A7B226964223A22696D755F737461747573222C22737562223A22227D2C22636F6E74656E74223A7B2254696D655374616D70223A31322C224672616D65436F756E746572223A3238383333332C2247445F58223A2D302E30313135333031333537353832323131352C2247445F59223A302E30303534393639333132363233313433322C2247445F5A223A302E3030323231333735323539353730373737342C2241445F58223A2D322E38373839303433343236353133363732452D352C2241445F59223A302E3030343330303536363339303135363734362C2241445F5A223A2D302E31363730333232343138323132383930362C2254656D70447370223A302C22537461747573223A302C2243616C69625374617465223A312C22536967416D70496E76616C6964223A307D7DD62B
05-27 19:12:58.284   536   536 D commservice260303: bufferevent_write retrun value = 0
05-27 19:12:58.284   536   560 D commservice260303: client datas send succeed,send finish
05-27 19:12:58.284 13911 14192 D Sentinelmode_1.2.5.17_sentry: <SentryImuClusterFgeSender>imu_status sent to Linux, frame=288333, tsNs=12245526, tsMs=12, intervalMs=40, ad=(-2.8789043E-5,0.0043005664,-0.16703224), gd=(-0.011530136,0.0054969313,0.0022137526)
05-27 19:12:58.285   581   581 I SpiService: fgesysctrl_getGPIO_status success val=1
05-27 09:04:07.250   581   581 D spi_rst_gpio_get_output: GPIO 145 value: 1
05-27 09:04:07.250   581   581 D spidev_ioctl: gpio status=1)
05-27 19:12:58.290   581   581 I SpiService: fgesysctrl_getGPIO_status success val=1
05-27 09:04:07.255   581   581 D spi_rst_gpio_get_output: GPIO 145 value: 1
05-27 09:04:07.255   581   581 D spidev_ioctl: gpio status=1)
05-27 19:12:58.296   581   581 I SpiService: fgesysctrl_getGPIO_status success val=1
05-27 09:04:07.260   581   581 D spi_rst_gpio_get_output: GPIO 145 value: 1
05-27 09:04:07.260   581   581 D spidev_ioctl: gpio status=1)
05-27 19:12:58.301   581   581 I SpiService: fgesysctrl_getGPIO_status success val=1
05-27 19:12:58.304 13911 14183 I SentryImuMcuAngleSender: 179.95096rollDeg
05-27 19:12:58.304 13911 14183 I SentryImuMcuAngleSender: 1,0,0
05-27 09:04:07.266   581   581 D spi_rst_gpio_get_output: GPIO 145 value: 1
05-27 09:04:07.266   581   581 D spidev_ioctl: gpio status=1)
05-27 19:12:58.307   581   581 I SpiService: fgesysctrl_getGPIO_status success val=1
05-27 09:04:07.272   581   581 D spi_rst_gpio_get_output: GPIO 145 value: 1
05-27 09:04:07.272   581   581 D spidev_ioctl: gpio status=1)
05-27 19:12:58.312   830   830 D SurfaceFlinger: unisoc-graphics, commit has frameMissed:2, vysncId:449390
05-27 19:12:58.313   581   581 I SpiService: fgesysctrl_getGPIO_status success val=0
05-27 19:12:58.314 11344 11344 E SystemUI_NavBarFragment: SysUIConfig.icCarServiceConnected：false
05-27 09:04:07.277   581   581 D spi_rst_gpio_get_output: GPIO 145 value: 0
05-27 09:04:07.277   581   581 D spidev_ioctl: gpio status=0)
05-27 19:12:58.323   536   536 D commservice260303: msg.id = 1028,0
05-27 19:12:58.323   536   536 D commservice260303: i = 170, msgid = 8A000404
05-27 19:12:58.324   536   536 D commservice260303: msgid = -1979710460,did=138
05-27 19:12:58.324   536   536 D commservice260303: CommProtocolLibCmdBaseI2C::dataproc {"command":{"id":"imu_status","sub":""},"content":{"TimeStamp":12,"FrameCounter":288334,"GD_X":-0.011682018637657166,"GD_Y":0.00549693126231432,"GD_Z":0.00259606190957129,"AD_X":0.003597766160964966,"AD_Y":0.00427356967702508,"AD_Z":-0.16825294494628906,"TempDsp":0,"Status":0,"CalibState":1,"SigAmpInvalid":0}},-1979710460
05-27 19:12:58.324   536   536 D commservice260303: send2Cluster len:311, 7B22636F6D6D616E64223A7B226964223A22696D755F737461747573222C22737562223A22227D2C22636F6E74656E74223A7B2254696D655374616D70223A31322C224672616D65436F756E746572223A3238383333342C2247445F58223A2D302E3031313638323031383633373635373136362C2247445F59223A302E30303534393639333132363233313433322C2247445F5A223A302E30303235393630363139303935373132392C2241445F58223A302E3030333539373736363136303936343936362C2241445F59223A302E30303432373335363936373730323530382C2241445F5A223A2D302E31363832353239343439343632383930362C2254656D70447370223A302C22537461747573223A302C2243616C69625374617465223A312C22536967416D70496E76616C6964223A307D7D, 138 
05-27 19:12:58.324   536   536 D commservice260303: Push Message into SendPool fn=648676352
05-27 19:12:58.324   536   536 D commservice260303: ComProtocolLibSend2Cluster::send2ClusterRaw fn=648676352 , len=327
05-27 19:12:58.324   536   536 D commservice260303: sendCmdToPort :327!!!
05-27 19:12:58.324   536   536 D commservice260303: send Cmd To Port ++++5AA501438A010004AA266A16D1BA7B22636F6D6D616E64223A7B226964223A22696D755F737461747573222C22737562223A22227D2C22636F6E74656E74223A7B2254696D655374616D70223A31322C224672616D65436F756E746572223A3238383333342C2247445F58223A2D302E3031313638323031383633373635373136362C2247445F59223A302E30303534393639333132363233313433322C2247445F5A223A302E30303235393630363139303935373132392C2241445F58223A302E3030333539373736363136303936343936362C2241445F59223A302E30303432373335363936373730323530382C2241445F5A223A2D302E31363832353239343439343632383930362C2254656D70447370223A302C22537461747573223A302C2243616C69625374617465223A312C22536967416D70496E76616C6964223A307D7DAF32
05-27 19:12:58.324   536   536 D commservice260303: bufferevent_write retrun value = 0
05-27 19:12:58.324   536   560 D commservice260303: client datas send succeed,send finish
05-27 19:12:58.325 13911 14192 D Sentinelmode_1.2.5.17_sentry: <SentryImuClusterFgeSender>imu_status sent to Linux, frame=288334, tsNs=12245561, tsMs=12, intervalMs=40, ad=(0.0035977662,0.0042735697,-0.16825294), gd=(-0.011682019,0.0054969313,0.002596062)
05-27 19:12:58.325 13911 14183 I SentryImuMcuAngleSender: 179.95094rollDeg
05-27 19:12:58.325 13911 14183 I SentryImuMcuAngleSender: 1,0,0
05-27 19:12:58.328   581   581 I SpiService: fgesysctrl_getGPIO_status success val=1
05-27 09:04:07.292   581   581 D spi_rst_gpio_get_output: GPIO 145 value: 1
05-27 09:04:07.292   581   581 D spidev_ioctl: gpio status=1)
05-27 19:12:58.329   830   830 D SurfaceFlinger: unisoc-graphics, commit has frameMissed:2, vysncId:449405
05-27 19:12:58.334   581   581 I SpiService: fgesysctrl_getGPIO_status success val=1
05-27 09:04:07.298   581   581 D spi_rst_gpio_get_output: GPIO 145 value: 1
05-27 09:04:07.298   581   581 D spidev_ioctl: gpio status=1)
05-27 19:12:58.339   581   581 I SpiService: fgesysctrl_getGPIO_status success val=1
05-27 09:04:07.304   581   581 D spi_rst_gpio_get_output: GPIO 145 value: 1
05-27 09:04:07.304   581   581 D spidev_ioctl: gpio status=1)
05-27 19:12:58.345   581   581 I SpiService: fgesysctrl_getGPIO_status success val=1
05-27 19:12:58.345 13911 14183 I SentryImuMcuAngleSender: 179.9404rollDeg
05-27 19:12:58.345 13911 14183 I SentryImuMcuAngleSender: 1,0,0
05-27 19:12:58.347   572   572 I Sensors : 230 AccelSensor: x:-0.167140,y:0.009760,z:-9.969840
05-27 09:04:07.309   581   581 D spi_rst_gpio_get_output: GPIO 145 value: 1
05-27 09:04:07.310   581   581 D spidev_ioctl: gpio status=1)
05-27 19:12:58.351   581   581 I SpiService: fgesysctrl_getGPIO_status success val=0
05-27 09:04:07.315   581   581 D spi_rst_gpio_get_output: GPIO 145 value: 0
05-27 09:04:07.315   581   581 D spidev_ioctl: gpio status=0)
05-27 19:12:58.357   283   307 I rvcservice: t.code = 3, t.value = 0
05-27 19:12:58.365   536   536 D commservice260303: msg.id = 1028,1
05-27 19:12:58.365   536   536 D commservice260303: i = 170, msgid = 8A000404
05-27 19:12:58.365   536   536 D commservice260303: msgid = -1979710460,did=138
05-27 19:12:58.365   536   536 D commservice260303: CommProtocolLibCmdBaseI2C::dataproc {"command":{"id":"imu_status","sub":""},"content":{"TimeStamp":12,"FrameCounter":288335,"GD_X":-0.012063807807862759,"GD_Y":0.005039200186729431,"GD_Z":0.0018319635419175029,"AD_X":-0.0013064295053482056,"AD_Y":0.005457002203911543,"AD_Z":-0.16459178924560547,"TempDsp":0,"Status":0,"CalibState":1,"SigAmpInvalid":0}},-1979710460
05-27 19:12:58.366   536   536 D commservice260303: send2Cluster len:317, 7B22636F6D6D616E64223A7B226964223A22696D755F737461747573222C22737562223A22227D2C22636F6E74656E74223A7B2254696D655374616D70223A31322C224672616D65436F756E746572223A3238383333352C2247445F58223A2D302E3031323036333830373830373836323735392C2247445F59223A302E3030353033393230303138363732393433312C2247445F5A223A302E303031383331393633353431393137353032392C2241445F58223A2D302E303031333036343239353035333438323035362C2241445F59223A302E3030353435373030323230333931313534332C2241445F5A223A2D302E31363435393137383932343536303534372C2254656D70447370223A302C22537461747573223A302C2243616C69625374617465223A312C22536967416D70496E76616C6964223A307D7D, 138 
05-27 19:12:58.366   536   536 D commservice260303: Push Message into SendPool fn=665453568
05-27 19:12:58.366   581   581 I SpiService: fgesysctrl_getGPIO_status success val=1
05-27 19:12:58.366   536   536 D commservice260303: ComProtocolLibSend2Cluster::send2ClusterRaw fn=665453568 , len=333
05-27 19:12:58.366   536   536 D commservice260303: sendCmdToPort :333!!!
05-27 19:12:58.366 13911 14183 I SentryImuMcuAngleSender: 179.94391rollDeg
05-27 19:12:58.366 13911 14183 I SentryImuMcuAngleSender: 1,0,0
05-27 19:12:58.366   536   536 D commservice260303: send Cmd To Port ++++5AA501498A010004AA276A16D1BA7B22636F6D6D616E64223A7B226964223A22696D755F737461747573222C22737562223A22227D2C22636F6E74656E74223A7B2254696D655374616D70223A31322C224672616D65436F756E746572223A3238383333352C2247445F58223A2D302E3031323036333830373830373836323735392C2247445F59223A302E3030353033393230303138363732393433312C2247445F5A223A302E303031383331393633353431393137353032392C2241445F58223A2D302E303031333036343239353035333438323035362C2241445F59223A302E3030353435373030323230333931313534332C2241445F5A223A2D302E31363435393137383932343536303534372C2254656D70447370223A302C22537461747573223A302C2243616C69625374617465223A312C22536967416D70496E76616C6964223A307D7DFDF2
05-27 19:12:58.367   536   536 D commservice260303: bufferevent_write retrun value = 0
05-27 19:12:58.367   536   560 D commservice260303: client datas send succeed,send finish
05-27 19:12:58.367 13911 14192 D Sentinelmode_1.2.5.17_sentry: <SentryImuClusterFgeSender>imu_status sent to Linux, frame=288335, tsNs=12245597, tsMs=12, intervalMs=43, ad=(-0.0013064295,0.005457002,-0.16459179), gd=(-0.012063808,0.0050392,0.0018319635)
05-27 09:04:07.330   581   581 D spi_rst_gpio_get_output: GPIO 145 value: 1
05-27 09:04:07.330   581   581 D spidev_ioctl: gpio status=1)
05-27 19:12:58.371   581   581 I SpiService: fgesysctrl_getGPIO_status success val=1
05-27 09:04:07.336   581   581 D spi_rst_gpio_get_output: GPIO 145 value: 1
05-27 09:04:07.336   581   581 D spidev_ioctl: gpio status=1)
05-27 19:12:58.377   581   581 I SpiService: fgesysctrl_getGPIO_status success val=1
05-27 09:04:07.342   581   581 D spi_rst_gpio_get_output: GPIO 145 value: 1
05-27 09:04:07.342   581   581 D spidev_ioctl: gpio status=1)
05-27 19:12:58.383   581   581 I SpiService: fgesysctrl_getGPIO_status success val=1
05-27 09:04:07.347   581   581 D spi_rst_gpio_get_output: GPIO 145 value: 1
05-27 09:04:07.347   581   581 D spidev_ioctl: gpio status=1)
05-27 19:12:58.386 13911 14183 I SentryImuMcuAngleSender: 179.96495rollDeg
05-27 19:12:58.386 13911 14183 I SentryImuMcuAngleSender: 1,0,0
05-27 19:12:58.388   581   581 I SpiService: fgesysctrl_getGPIO_status success val=1
05-27 09:04:07.353   581   581 D spi_rst_gpio_get_output: GPIO 145 value: 1
05-27 09:04:07.353   581   581 D spidev_ioctl: gpio status=1)
05-27 19:12:58.389   566 11459 I gps_hdbd: Received: '$GNGGA,012849.000,,,,,0,00,,,M,,M,,*60
'
05-27 19:12:58.390   566 11459 I gps_hdbd: Received: '$GNGSA,A,1,,,,,,,,,,,,,,,,1*1D
'
05-27 19:12:58.394   581   581 I SpiService: fgesysctrl_getGPIO_status success val=0
05-27 19:12:58.395   566 11459 I gps_hdbd: Received: '$GNGSA,A,1,,,,,,,,,,,,,,,,3*1F
'
05-27 19:12:58.396   566 11459 I gps_hdbd: Received: '$GNGSA,A,1,,,,,,,,,,,,,,,,4*18
'
05-27 19:12:58.396   566 11459 I gps_hdbd: Received: '$BDGSV,1,1,00,1*75
'
05-27 09:04:07.359   581   581 D spi_rst_gpio_get_output: GPIO 145 value: 0
05-27 09:04:07.359   581   581 D spidev_ioctl: gpio status=0)
05-27 19:12:58.401   566 11459 I gps_hdbd: Received: '$BDGSV,1,1,00,5*71
'
05-27 19:12:58.405   536   536 D commservice260303: msg.id = 1028,0
05-27 19:12:58.405   536   536 D commservice260303: i = 170, msgid = 8A000404
05-27 19:12:58.405   536   536 D commservice260303: msgid = -1979710460,did=138
05-27 19:12:58.405   536   536 D commservice260303: CommProtocolLibCmdBaseI2C::dataproc {"command":{"id":"imu_status","sub":""},"content":{"TimeStamp":12,"FrameCounter":288336,"GD_X":-0.011682018637657166,"GD_Y":0.004733873065561056,"GD_Z":0.0022902146447449923,"AD_X":-0.0012995153665542603,"AD_Y":0.0029935832135379314,"AD_Z":-0.16703224182128906,"TempDsp":0,"Status":0,"CalibState":1,"SigAmpInvalid":0}},-1979710460
05-27 19:12:58.405   536   536 D commservice260303: send2Cluster len:318, 7B22636F6D6D616E64223A7B226964223A22696D755F737461747573222C22737562223A22227D2C22636F6E74656E74223A7B2254696D655374616D70223A31322C224672616D65436F756E746572223A3238383333362C2247445F58223A2D302E3031313638323031383633373635373136362C2247445F59223A302E3030343733333837333036353536313035362C2247445F5A223A302E303032323930323134363434373434393932332C2241445F58223A2D302E303031323939353135333636353534323630332C2241445F59223A302E303032393933353833323133353337393331342C2241445F5A223A2D302E31363730333232343138323132383930362C2254656D70447370223A302C22537461747573223A302C2243616C69625374617465223A312C22536967416D70496E76616C6964223A307D7D, 138 
05-27 19:12:58.405   536   536 D commservice260303: Push Message into SendPool fn=682230784
05-27 19:12:58.405   536   536 D commservice260303: ComProtocolLibSend2Cluster::send2ClusterRaw fn=682230784 , len=334
05-27 19:12:58.405   536   536 D commservice260303: sendCmdToPort :334!!!
05-27 19:12:58.406   536   536 D commservice260303: send Cmd To Port ++++5AA5014A8A010004AA286A16D1BA7B22636F6D6D616E64223A7B226964223A22696D755F737461747573222C22737562223A22227D2C22636F6E74656E74223A7B2254696D655374616D70223A31322C224672616D65436F756E746572223A3238383333362C2247445F58223A2D302E3031313638323031383633373635373136362C2247445F59223A302E3030343733333837333036353536313035362C2247445F5A223A302E303032323930323134363434373434393932332C2241445F58223A2D302E303031323939353135333636353534323630332C2241445F59223A302E303032393933353833323133353337393331342C2241445F5A223A2D302E31363730333232343138323132383930362C2254656D70447370223A302C22537461747573223A302C2243616C69625374617465223A312C22536967416D70496E76616C6964223A307D7DDC07
05-27 19:12:58.406   536   536 D commservice260303: bufferevent_write retrun value = 0
05-27 19:12:58.406   536   560 D commservice260303: client datas send succeed,send finish
05-27 19:12:58.406 13911 14192 D Sentinelmode_1.2.5.17_sentry: <SentryImuClusterFgeSender>imu_status sent to Linux, frame=288336, tsNs=12245653, tsMs=12, intervalMs=39, ad=(-0.0012995154,0.0029935832,-0.16703224), gd=(-0.011682019,0.004733873,0.0022902146)
05-27 19:12:58.406 13911 14183 I SentryImuMcuAngleSender: 179.95795rollDeg
05-27 19:12:58.406 13911 14183 I SentryImuMcuAngleSender: 1,0,0
05-27 19:12:58.407   566 11459 I gps_hdbd: Received: '$GPGSV,1,1,01,199,42,165,,1*60
'
05-27 19:12:58.407   566 11459 I gps_hdbd: Received: '$GPGSV,1,1,00,8*6D
'
05-27 19:12:58.407   566 11459 I gps_hdbd: Received: '$GAGSV,1,1,00,7*73
'
05-27 19:12:58.410   581   581 I SpiService: fgesysctrl_getGPIO_status success val=1
05-27 19:12:58.412   566 11459 I gps_hdbd: Received: '$GAGSV,1,1,00,1*75
'
05-27 09:04:07.374   581   581 D spi_rst_gpio_get_output: GPIO 145 value: 1
05-27 09:04:07.374   581   581 D spidev_ioctl: gpio status=1)
05-27 19:12:58.414   830   830 D SurfaceFlinger: unisoc-graphics, commit has frameMissed:2, vysncId:449458
05-27 19:12:58.415   581   581 I SpiService: fgesysctrl_getGPIO_status success val=1
05-27 09:04:07.380   581   581 D spi_rst_gpio_get_output: GPIO 145 value: 1
05-27 09:04:07.380   581   581 D spidev_ioctl: gpio status=1)
05-27 19:12:58.418   566 11459 I gps_hdbd: Received: '$GNRMC,012849.000,V,,,,,,,270526,120.0,E,N,V*43
'
05-27 19:12:58.419   566 11459 I gps_hdbd: RMC : CALL gnss_sv_status_cb, view_in_sat <1>
05-27 19:12:58.419   566 11459 I gps_hdbd: [reportSvStatus]--->PLATFORM_BSP::Enter
05-27 19:12:58.419   566 11459 I gps_hdbd: hy abnormal deal:hy_cnr30_satellite_cnt=0
05-27 19:12:58.419   566 11459 D gps_hdbd: hy abnormal deal:hy_fixStatus_fail_count=0
05-27 19:12:58.419   566 11459 I gps_hdbd: Received: '$GNZDA,012849.000,27,05,2026,00,00*48
'
05-27 19:12:58.419  1083  1083 W MyAppLog: [2026-05-27 19:12:58.419 W tboxap gpsSyncGpsInfoToDm:361] [Gps] [gpsSyncGpsInfoToDm] fix=0 mode=49 corner:0x01 alt=0.00 sat=0 hdop=0.00 pdop=0.00 vdop=0.00
05-27 19:12:58.420   581   581 I SpiService: fgesysctrl_getGPIO_status success val=1
05-27 09:04:07.385   581   581 D spi_rst_gpio_get_output: GPIO 145 value: 1
05-27 09:04:07.385   581   581 D spidev_ioctl: gpio status=1)
05-27 19:12:58.425   581   581 I SpiService: fgesysctrl_getGPIO_status success val=1
05-27 19:12:58.427 13911 14183 I SentryImuMcuAngleSender: 179.95795rollDeg
05-27 19:12:58.427 13911 14183 I SentryImuMcuAngleSender: 1,0,0
05-27 09:04:07.390   581   581 D spi_rst_gpio_get_output: GPIO 145 value: 1
05-27 09:04:07.390   581   581 D spidev_ioctl: gpio status=1)
05-27 19:12:58.431   581   581 I SpiService: fgesysctrl_getGPIO_status success val=1
05-27 19:12:58.431   830   830 D SurfaceFlinger: unisoc-graphics, commit has frameMissed:2, vysncId:449473
05-27 09:04:07.395   581   581 D spi_rst_gpio_get_output: GPIO 145 value: 1
05-27 09:04:07.395   581   581 D spidev_ioctl: gpio status=1)
05-27 19:12:58.436   581   581 I SpiService: fgesysctrl_getGPIO_status success val=0
05-27 09:04:07.401   581   581 D spi_rst_gpio_get_output: GPIO 145 value: 0
05-27 09:04:07.401   581   581 D spidev_ioctl: gpio status=0)
05-27 19:12:58.441   566 11459 I gps_hdbd: Received: '$GNINS,1,1,TYPE,I,V,012849.000,20840000,FUS,-5,0,0,0,MOT,V,1,PATT,0.00,0.00,0.00,VEL,0.000,0.000,0.000,POS,40.0001330924,116.0001570688,84.176,IIA,1,0.00,0.00,0.00,BGA,0.31,-0.66,-0.13,0.000,0.000,0.000,IGA,0,-1,0,0,-2,98,VG,16c2ff1*1D
'
05-27 19:12:58.445   536   536 D commservice260303: msg.id = 1028,0
05-27 19:12:58.445   536   536 D commservice260303: i = 170, msgid = 8A000404
05-27 19:12:58.445   536   536 D commservice260303: msgid = -1979710460,did=138
05-27 19:12:58.445   536   536 D commservice260303: CommProtocolLibCmdBaseI2C::dataproc {"command":{"id":"imu_status","sub":""},"content":{"TimeStamp":12,"FrameCounter":288337,"GD_X":-0.011300750076770782,"GD_Y":0.005345047451555729,"GD_Z":0.0019079053308814764,"AD_X":-8.782744407653809E-5,"AD_Y":0.0029841624200344086,"AD_Z":-0.16581153869628906,"TempDsp":0,"Status":0,"CalibState":1,"SigAmpInvalid":0}},-1979710460
05-27 19:12:58.446   536   536 D commservice260303: send2Cluster len:317, 7B22636F6D6D616E64223A7B226964223A22696D755F737461747573222C22737562223A22227D2C22636F6E74656E74223A7B2254696D655374616D70223A31322C224672616D65436F756E746572223A3238383333372C2247445F58223A2D302E3031313330303735303037363737303738322C2247445F59223A302E3030353334353034373435313535353732392C2247445F5A223A302E303031393037393035333330383831343736342C2241445F58223A2D382E373832373434343037363533383039452D352C2241445F59223A302E303032393834313632343230303334343038362C2241445F5A223A2D302E31363538313135333836393632383930362C2254656D70447370223A302C22537461747573223A302C2243616C69625374617465223A312C22536967416D70496E76616C6964223A307D7D, 138 
05-27 19:12:58.446   536   536 D commservice260303: Push Message into SendPool fn=699008000
05-27 19:12:58.446   536   536 D commservice260303: ComProtocolLibSend2Cluster::send2ClusterRaw fn=699008000 , len=333
05-27 19:12:58.446   536   536 D commservice260303: sendCmdToPort :333!!!
05-27 19:12:58.446   536   536 D commservice260303: send Cmd To Port ++++5AA501498A010004AA296A16D1BA7B22636F6D6D616E64223A7B226964223A22696D755F737461747573222C22737562223A22227D2C22636F6E74656E74223A7B2254696D655374616D70223A31322C224672616D65436F756E746572223A3238383333372C2247445F58223A2D302E3031313330303735303037363737303738322C2247445F59223A302E3030353334353034373435313535353732392C2247445F5A223A302E303031393037393035333330383831343736342C2241445F58223A2D382E373832373434343037363533383039452D352C2241445F59223A302E303032393834313632343230303334343038362C2241445F5A223A2D302E31363538313135333836393632383930362C2254656D70447370223A302C22537461747573223A302C2243616C69625374617465223A312C22536967416D70496E76616C6964223A307D7D8676
05-27 19:12:58.446   536   536 D commservice260303: bufferevent_write retrun value = 0
05-27 19:12:58.446   536   560 D commservice260303: client datas send succeed,send finish
05-27 19:12:58.446 13911 14192 D Sentinelmode_1.2.5.17_sentry: <SentryImuClusterFgeSender>imu_status sent to Linux, frame=288337, tsNs=12245675, tsMs=12, intervalMs=40, ad=(-8.7827444E-5,0.0029841624,-0.16581154), gd=(-0.01130075,0.0053450475,0.0019079053)
05-27 19:12:58.447 13911 14183 I SentryImuMcuAngleSender: 179.95795rollDeg
05-27 19:12:58.447 13911 14183 I SentryImuMcuAngleSender: 1,0,0
05-27 19:12:58.450   581   581 I SpiService: fgesysctrl_getGPIO_status success val=1
05-27 09:04:07.414   581   581 D spi_rst_gpio_get_output: GPIO 145 value: 1
05-27 09:04:07.414   581   581 D spidev_ioctl: gpio status=1)
05-27 19:12:58.453   566 11459 I gps_hdbd: Received: '$GNINS,CARSPEED,ADR_STATUS,0,Pulse_count,0,1,0,0,20840000,122250,0.000,0.000,0.000*0E
'
05-27 19:12:58.455   581   581 I SpiService: fgesysctrl_getGPIO_status success val=1
05-27 09:04:07.420   581   581 D spi_rst_gpio_get_output: GPIO 145 value: 1
05-27 09:04:07.420   581   581 D spidev_ioctl: gpio status=1)
05-27 19:12:58.458   283   307 I rvcservice: t.code = 2, t.value = 9969840
05-27 19:12:58.458   566 11459 I gps_hdbd: Received: '$GNTXT,04,01,04,INS,V,1,,,,FLG,1,000000,1,0,1,0,0,Con,0*71
'
05-27 19:12:58.459   566 11459 I gps_hdbd: Received: '$GNTXT,INSTALL,0.00,0.00,0.00,0.00,0.00,0.00,0*20
'
05-27 19:12:58.460   581   581 I SpiService: fgesysctrl_getGPIO_status success val=1
05-27 09:04:07.425   581   581 D spi_rst_gpio_get_output: GPIO 145 value: 1
05-27 09:04:07.425   581   581 D spidev_ioctl: gpio status=1)
05-27 19:12:58.464   572   572 I Sensors : 230 GyroSensor: x:-0.011606,y:0.005574,z:0.002214
05-27 19:12:58.464 30773 30786 I dvr_service_: CameraX 0  audioOK: 166976000,audios:2610
05-27 19:12:58.466   581   581 I SpiService: fgesysctrl_getGPIO_status success val=1
05-27 19:12:58.468 13911 14183 I SentryImuMcuAngleSender: 179.96844rollDeg
05-27 19:12:58.468 13911 14183 I SentryImuMcuAngleSender: 1,0,0
05-27 09:04:07.430   581   581 D spi_rst_gpio_get_output: GPIO 145 value: 1
05-27 09:04:07.430   581   581 D spidev_ioctl: gpio status=1)
05-27 19:12:58.471   581   581 I SpiService: fgesysctrl_getGPIO_status success val=1
05-27 09:04:07.435   581   581 D spi_rst_gpio_get_output: GPIO 145 value: 1
05-27 09:04:07.435   581   581 D spidev_ioctl: gpio status=1)
05-27 19:12:58.474 10188 10756 D BroadcastQueue: Add broadcast <BroadcastRecord{72bc278 u0 android.intent.action.PACKAGE_CHANGED}> into [parallel | background], pending size 0
05-27 19:12:58.475 10188 10188 I NotificationService: action=android.intent.action.PACKAGE_CHANGED removing=false
05-27 09:04:07.441   581   581 D spi_rst_gpio_get_output: GPIO 145 value: 0
05-27 19:12:58.475 10188 10188 D NotificationListeners: onPackagesChanged removingPackage=false pkgList=[com.tencent.wecarnavi] mEnabledServicesPackageNames={}
05-27 19:12:58.475 10188 10188 D NotificationAssistants: onPackagesChanged removingPackage=false pkgList=[com.tencent.wecarnavi] mEnabledServicesPackageNames={android.ext.services}
05-27 19:12:58.475 10188 10188 D ConditionProviders: onPackagesChanged removingPackage=false pkgList=[com.tencent.wecarnavi] mEnabledServicesPackageNames={}
05-27 19:12:58.476 10188 10188 D JobScheduler: Receieved: android.intent.action.PACKAGE_CHANGED
05-27 19:12:58.476 10188 10188 D JobScheduler: Something in com.tencent.wecarnavi changed. Reevaluating controller states.
05-27 19:12:58.476 10188 10188 D JobScheduler.Time: JobInfo : packageName = android, serviceComponent = ComponentInfo{android/com.android.server.net.watchlist.ReportWatchlistJobService}, sourceUid = 1000, alarmTimeElapsed = 2026-05-28 07:21:24
05-27 19:12:58.476 10188 10188 I JobScheduler.Time: Skipping JobStatus{9160192 #1000/13254266 android/com.android.server.camera.CameraStatsJobService u=0 s=1000 TIME=+20h44m24s263ms:none IDLE satisfied:0xb400000 unsatisfied:0x80000004} because delay won't make it ready.
05-27 19:12:58.476 10188 10188 I JobScheduler.Time: Skipping JobStatus{b411781 #1000/808 android/com.android.server.MountServiceIdler u=0 s=1000 TIME=+1d3h47m1s524ms:none CHARGING BATNOTLOW IDLE satisfied:0xb400003 unsatisfied:0x80000004} because delay won't make it ready.
05-27 19:12:58.476   581   581 I SpiService: fgesysctrl_getGPIO_status success val=0
05-27 09:04:07.441   581   581 D spidev_ioctl: gpio status=0)
05-27 19:12:58.476 10188 10188 D JobScheduler.Time: JobInfo : packageName = android, serviceComponent = ComponentInfo{android/com.android.server.backup.KeyValueBackupJob}, sourceUid = 1000, alarmTimeElapsed = 2026-05-27 23:23:20
05-27 19:12:58.477 10188 10188 D JobScheduler: MSG_CHECK_CHANGED_JOB_LIST
05-27 19:12:58.477 10188 10188 D JobScheduler: Check changed jobs...
05-27 19:12:58.477 10188 10188 D JobScheduler: maybeQueueReadyJobsForExecutionLocked: Not running anything.
05-27 19:12:58.477 10188 10188 D JobScheduler: pending queue: 0 jobs.
05-27 19:12:58.477 10188 10188 D JobScheduler.Concurrency: Pending queue: 
05-27 19:12:58.479 10188 11034 I InputReader: Reconfiguring input devices, changes=KEYBOARD_LAYOUTS | 
05-27 19:12:58.480 10188 10188 D RemoteDisplayProvider: Received package manager broadcast: Intent { act=android.intent.action.PACKAGE_CHANGED dat=package: flg=0x45000010 (has extras) }
05-27 19:12:58.480 10188 10188 D Telecom : Logging: START_SESSION
05-27 19:12:58.480 28437 28437 D MediaPlayerList: Name of package changed: com.tencent.wecarnavi
05-27 19:12:58.481 10188 10188 I Telecom : DefaultDialerCache: Refreshing default dialer for user 0: now null: DDC.oR@AaM
05-27 19:12:58.481 10188 10188 D Telecom : Logging: END_SESSION (dur: 0 ms): DDC.oR@AaM
05-27 19:12:58.482 10188 10660 D BroadcastQueue: Done with parallel broadcast [background] [BroadcastRecord{72bc278 u0 android.intent.action.PACKAGE_CHANGED}]
05-27 19:12:58.482 10188 11005 I RoleService: Granting default roles...
05-27 19:12:58.483 10188 11005 I am_uid_active: 10092
05-27 19:12:58.484 10188 11005 I am_create_service: [0,6080183,.RoleControllerServiceImpl,10092,14593]
05-27 19:12:58.484 11346 11346 D CarPackageManagerService: PackageParsingEventReceiver Received android.intent.action.PACKAGE_CHANGED
05-27 19:12:58.485 11346 11346 D CarPackageManagerService: Pkg Changed:com.tencent.wecarnavi
05-27 19:12:58.485 11346 11346 D CarPackageManagerService: Changed components
05-27 19:12:58.485 11346 11346 D CarPackageManagerService: androidx.work.impl.background.systemalarm.RescheduleReceiver
05-27 19:12:58.485 10188 10188 D JobScheduler.DeviceIdle: uid 10092 going active
05-27 19:12:58.485 10188 10188 D JobScheduler: pending queue: 0 jobs.
05-27 19:12:58.485 10188 10188 D JobScheduler.Concurrency: Pending queue: 
05-27 19:12:58.485 10188 10982 D JobScheduler.Background: Job status updated: 3/3 checked/total jobs, 9 us
05-27 19:12:58.485 10188 11485 D PowerController.AppState: - reportAppProcStateInfo() E -
05-27 19:12:58.485 11346 11550 D CarPackageManagerService: Updating allowlist and denylist mapping for package: com.tencent.wecarnavi for UserId: 0
05-27 19:12:58.485 10188 11499 D PowerController.RecogA: handleMessage(MSG_REPORT_EVENT)
05-27 19:12:58.485 10188 10188 D JobScheduler: pending queue: 0 jobs.
05-27 19:12:58.485 10188 10188 D JobScheduler.Concurrency: Pending queue: 
05-27 19:12:58.485 10188 10188 D JobScheduler: MSG_CHECK_CHANGED_JOB_LIST
05-27 19:12:58.486 10188 10188 D JobScheduler: Check changed jobs...
05-27 19:12:58.486 10188 10188 D JobScheduler: maybeQueueReadyJobsForExecutionLocked: Not running anything.
05-27 19:12:58.486 10188 10188 D JobScheduler: pending queue: 0 jobs.
05-27 19:12:58.486   536   536 D commservice260303: msg.id = 1028,0
05-27 19:12:58.486 10188 10188 D JobScheduler.Concurrency: Pending queue: 
05-27 19:12:58.486   536   536 D commservice260303: i = 170, msgid = 8A000404
05-27 19:12:58.486   536   536 D commservice260303: msgid = -1979710460,did=138
05-27 19:12:58.486   536   536 D commservice260303: CommProtocolLibCmdBaseI2C::dataproc {"command":{"id":"imu_status","sub":""},"content":{"TimeStamp":12,"FrameCounter":288338,"GD_X":-0.011682018637657166,"GD_Y":0.004199160262942314,"GD_Z":0.0020608289632946253,"AD_X":0.0023054033517837524,"AD_Y":-6.727895233780146E-4,"AD_Z":-0.16459178924560547,"TempDsp":0,"Status":0,"CalibState":1,"SigAmpInvalid":0}},-1979710460
05-27 19:12:58.486   536   536 D commservice260303: send2Cluster len:317, 7B22636F6D6D616E64223A7B226964223A22696D755F737461747573222C22737562223A22227D2C22636F6E74656E74223A7B2254696D655374616D70223A31322C224672616D65436F756E746572223A3238383333382C2247445F58223A2D302E3031313638323031383633373635373136362C2247445F59223A302E3030343139393136303236323934323331342C2247445F5A223A302E303032303630383238393633323934363235332C2241445F58223A302E303032333035343033333531373833373532342C2241445F59223A2D362E373237383935323333373830313436452D342C2241445F5A223A2D302E31363435393137383932343536303534372C2254656D70447370223A302C22537461747573223A302C2243616C69625374617465223A312C22536967416D70496E76616C6964223A307D7D, 138 
05-27 19:12:58.486   536   536 D commservice260303: Push Message into SendPool fn=715785216
05-27 19:12:58.486   536   536 D commservice260303: ComProtocolLibSend2Cluster::send2ClusterRaw fn=715785216 , len=333
05-27 19:12:58.486   536   536 D commservice260303: sendCmdToPort :333!!!
05-27 19:12:58.486   536   536 D commservice260303: send Cmd To Port ++++5AA501498A010004AA2A6A16D1BA7B22636F6D6D616E64223A7B226964223A22696D755F737461747573222C22737562223A22227D2C22636F6E74656E74223A7B2254696D655374616D70223A31322C224672616D65436F756E746572223A3238383333382C2247445F58223A2D302E3031313638323031383633373635373136362C2247445F59223A302E3030343139393136303236323934323331342C2247445F5A223A302E303032303630383238393633323934363235332C2241445F58223A302E303032333035343033333531373833373532342C2241445F59223A2D362E373237383935323333373830313436452D342C2241445F5A223A2D302E31363435393137383932343536303534372C2254656D70447370223A302C22537461747573223A302C2243616C69625374617465223A312C22536967416D70496E76616C6964223A307D7D0166
05-27 19:12:58.487   536   536 D commservice260303: bufferevent_write retrun value = 0
05-27 19:12:58.487   536   560 D commservice260303: client datas send succeed,send finish
05-27 09:04:07.447   303   303 I [Audio:SBLCK] p_tt: 1584452,1584452
05-27 19:12:58.487 13911 14192 D Sentinelmode_1.2.5.17_sentry: <SentryImuClusterFgeSender>imu_status sent to Linux, frame=288338, tsNs=12245724, tsMs=12, intervalMs=41, ad=(0.0023054034,-6.727895E-4,-0.16459179), gd=(-0.011682019,0.0041991603,0.002060829)
05-27 19:12:58.487 11346 11550 D CarPackageManagerService: adding com.tencent.wecarnavi.main.SplashActivity from com.tencent.wecarnavi to allowlist
05-27 19:12:58.487 11346 11550 D CarPackageManagerService: adding com.tencent.navibiz.main.policy.PolicyMainActivity from com.tencent.wecarnavi to allowlist
05-27 19:12:58.487 11346 11550 D CarPackageManagerService: adding com.tencent.navibiz.main.MainUIActivity from com.tencent.wecarnavi to allowlist
05-27 19:12:58.488 28437 28437 D HidDeviceService: handleMessage(): msg.what=8
05-27 19:12:58.488 10902 10936 D APM_AudioPolicyManager: setAppState(portId:48, state:2)
05-27 19:12:58.488 10902 10936 D APM_AudioPolicyManager: setAppState(portId:48, state:2)
05-27 19:12:58.489 13911 14183 I SentryImuMcuAngleSender: 179.97897rollDeg
05-27 19:12:58.489 13911 14183 I SentryImuMcuAngleSender: 1,0,0
05-27 19:12:58.490   581   581 I SpiService: fgesysctrl_getGPIO_status success val=1
05-27 09:04:07.455   581   581 D spi_rst_gpio_get_output: GPIO 145 value: 1
05-27 09:04:07.455   581   581 D spidev_ioctl: gpio status=1)
05-27 19:12:58.495   581   581 I SpiService: fgesysctrl_getGPIO_status success val=1
05-27 09:04:07.460   581   581 D spi_rst_gpio_get_output: GPIO 145 value: 1
05-27 09:04:07.460   581   581 D spidev_ioctl: gpio status=1)
05-27 19:12:58.501   581   581 I SpiService: fgesysctrl_getGPIO_status success val=1
05-27 09:04:07.465   581   581 D spi_rst_gpio_get_output: GPIO 145 value: 1
05-27 09:04:07.465   581   581 D spidev_ioctl: gpio status=1)
05-27 19:12:58.504 11696 11696 D CarrierSvcBindHelper: onPackageModified: com.tencent.wecarnavi
05-27 19:12:58.506   581   581 I SpiService: fgesysctrl_getGPIO_status success val=1
05-27 09:04:07.470   581   581 D spi_rst_gpio_get_output: GPIO 145 value: 1
05-27 09:04:07.470   581   581 D spidev_ioctl: gpio status=1)
05-27 19:12:58.509 13911 14183 I SentryImuMcuAngleSender: 179.97899rollDeg
05-27 19:12:58.509 13911 14183 I SentryImuMcuAngleSender: 1,0,0
05-27 19:12:58.511   581   581 I SpiService: fgesysctrl_getGPIO_status success val=1
05-27 19:12:58.512 11696 11696 D CarrierSvcBindHelper: No carrier app for: 0
05-27 09:04:07.476   581   581 D spi_rst_gpio_get_output: GPIO 145 value: 1
05-27 09:04:07.476   581   581 D spidev_ioctl: gpio status=1)
05-27 19:12:58.513 11696 11696 D CarrierSvcBindHelper: No carrier app for: 1
05-27 09:04:07.481   581   581 D spi_rst_gpio_get_output: GPIO 145 value: 0
05-27 09:04:07.481   581   581 D spidev_ioctl: gpio status=0)
05-27 19:12:58.516   830   830 D SurfaceFlinger: unisoc-graphics, commit has frameMissed:2, vysncId:449526
05-27 19:12:58.517   581   581 I SpiService: fgesysctrl_getGPIO_status success val=0
05-27 19:12:58.517 10188 10659 D CompatibilityInfo: applyToConfigurationCompat inoutConfig.densityDpi= 160
05-27 19:12:58.525 11696 11696 D ImsResolver: maybeAddedImsService, packageName: com.tencent.wecarnavi
05-27 19:12:58.525 30773 30786 I dvr_service_: CameraX 1  audioOK: 166976000,audios:2610
05-27 19:12:58.526   536   536 D commservice260303: msg.id = 1028,0
05-27 19:12:58.526   536   536 D commservice260303: i = 170, msgid = 8A000404
05-27 19:12:58.526   536   536 D commservice260303: msgid = -1979710460,did=138
05-27 19:12:58.526   536   536 D commservice260303: CommProtocolLibCmdBaseI2C::dataproc {"command":{"id":"imu_status","sub":""},"content":{"TimeStamp":12,"FrameCounter":288339,"GD_X":-0.011377211660146713,"GD_Y":0.005420989356935024,"GD_Z":0.0019848872907459736,"AD_X":4.5137107372283936E-4,"AD_Y":-6.69980188831687E-4,"AD_Z":-0.17191123962402344,"TempDsp":0,"Status":0,"CalibState":1,"SigAmpInvalid":0}},-1979710460
05-27 19:12:58.526   536   536 D commservice260303: send2Cluster len:316, 7B22636F6D6D616E64223A7B226964223A22696D755F737461747573222C22737562223A22227D2C22636F6E74656E74223A7B2254696D655374616D70223A31322C224672616D65436F756E746572223A3238383333392C2247445F58223A2D302E3031313337373231313636303134363731332C2247445F59223A302E3030353432303938393335363933353032342C2247445F5A223A302E303031393834383837323930373435393733362C2241445F58223A342E35313337313037333732323833393336452D342C2241445F59223A2D362E3639393830313838383331363837452D342C2241445F5A223A2D302E31373139313132333936323430323334342C2254656D70447370223A302C22537461747573223A302C2243616C69625374617465223A312C22536967416D70496E76616C6964223A307D7D, 138 
05-27 19:12:58.526   536   536 D commservice260303: Push Message into SendPool fn=732562432
05-27 19:12:58.526   536   536 D commservice260303: ComProtocolLibSend2Cluster::send2ClusterRaw fn=732562432 , len=332
05-27 19:12:58.526   536   536 D commservice260303: sendCmdToPort :332!!!
05-27 19:12:58.526   536   536 D commservice260303: send Cmd To Port ++++5AA501488A010004AA2B6A16D1BA7B22636F6D6D616E64223A7B226964223A22696D755F737461747573222C22737562223A22227D2C22636F6E74656E74223A7B2254696D655374616D70223A31322C224672616D65436F756E746572223A3238383333392C2247445F58223A2D302E3031313337373231313636303134363731332C2247445F59223A302E3030353432303938393335363933353032342C2247445F5A223A302E303031393834383837323930373435393733362C2241445F58223A342E35313337313037333732323833393336452D342C2241445F59223A2D362E3639393830313838383331363837452D342C2241445F5A223A2D302E31373139313132333936323430323334342C2254656D70447370223A302C22537461747573223A302C2243616C69625374617465223A312C22536967416D70496E76616C6964223A307D7DAADE
05-27 19:12:58.526   536   536 D commservice260303: bufferevent_write retrun value = 0
05-27 19:12:58.526   536   560 D commservice260303: client datas send succeed,send finish
05-27 19:12:58.526 13911 14192 D Sentinelmode_1.2.5.17_sentry: <SentryImuClusterFgeSender>imu_status sent to Linux, frame=288339, tsNs=12245757, tsMs=12, intervalMs=39, ad=(4.5137107E-4,-6.699802E-4,-0.17191124), gd=(-0.011377212,0.0054209894,0.0019848873)
05-27 19:12:58.529 13911 14183 I SentryImuMcuAngleSender: 179.98248rollDeg
05-27 19:12:58.530 13911 14183 I SentryImuMcuAngleSender: 1,0,0
05-27 19:12:58.531   581   581 I SpiService: fgesysctrl_getGPIO_status success val=1
05-27 09:04:07.495   581   581 D spi_rst_gpio_get_output: GPIO 145 value: 1
05-27 09:04:07.495   581   581 D spidev_ioctl: gpio status=1)
05-27 19:12:58.533 10188 10659 D CompatibilityInfo: applyToConfigurationCompat inoutConfig.densityDpi= 160
05-27 19:12:58.534   830   830 D SurfaceFlinger: unisoc-graphics, commit has frameMissed:2, vysncId:449548
05-27 19:12:58.536   581   581 I SpiService: fgesysctrl_getGPIO_status success val=1
05-27 09:04:07.500   581   581 D spi_rst_gpio_get_output: GPIO 145 value: 1
05-27 09:04:07.501   581   581 D spidev_ioctl: gpio status=1)
05-27 19:12:58.540 14593  3838 W Role    : Cannot get ApplicationInfo for default holder: com.android.contacts
05-27 19:12:58.541   581   581 I SpiService: fgesysctrl_getGPIO_status success val=1
05-27 19:12:58.543   572   622 I Sensors : 230 AccelSensor: x:-0.169580,y:0.003659,z:-9.977160
05-27 19:12:58.544   536   760 I commservice260303: [mcuCommFunctionTcp::ProtocolCheckConnectTimeOutProc:613] keyID:256,tcpEvent:5,tcpcount:0,heartbeat:1,noHeartBeatNumber:0,endispatch:0,strState:0
05-27 19:12:58.544   536   760 D commservice260303: ProtocolCheckConnectTimeOutProc,629,clear heartbeat
05-27 09:04:07.506   581   581 D spi_rst_gpio_get_output: GPIO 145 value: 1
05-27 09:04:07.506   581   581 D spidev_ioctl: gpio status=1)
05-27 19:12:58.547   581   581 I SpiService: fgesysctrl_getGPIO_status success val=1
05-27 09:04:07.511   581   581 D spi_rst_gpio_get_output: GPIO 145 value: 1
05-27 09:04:07.511   581   581 D spidev_ioctl: gpio status=1)
05-27 19:12:58.550 13911 14183 I SentryImuMcuAngleSender: 179.97899rollDeg
05-27 19:12:58.550 13911 14183 I SentryImuMcuAngleSender: 1,0,0
05-27 19:12:58.552   581   581 I SpiService: fgesysctrl_getGPIO_status success val=1
05-27 09:04:07.517   581   581 D spi_rst_gpio_get_output: GPIO 145 value: 1
05-27 09:04:07.517   581   581 D spidev_ioctl: gpio status=1)
05-27 19:12:58.557 10188 10659 D CompatibilityInfo: applyToConfigurationCompat inoutConfig.densityDpi= 160
05-27 19:12:58.558   283   307 I rvcservice: t.code = 3, t.value = 0
05-27 19:12:58.558   581   581 I SpiService: fgesysctrl_getGPIO_status success val=0
05-27 19:12:58.566   536   536 D commservice260303: msg.id = 1028,0
05-27 19:12:58.566   536   536 D commservice260303: i = 170, msgid = 8A000404
05-27 19:12:58.566   536   536 D commservice260303: msgid = -1979710460,did=138
05-27 19:12:58.566   536   536 D commservice260303: CommProtocolLibCmdBaseI2C::dataproc {"command":{"id":"imu_status","sub":""},"content":{"TimeStamp":12,"FrameCounter":288340,"GD_X":-0.011223767884075642,"GD_Y":0.004276141989976168,"GD_Z":0.0018319635419175029,"AD_X":-0.0074653178453445435,"AD_Y":0.001772142481058836,"AD_Z":-0.16703224182128906,"TempDsp":0,"Status":0,"CalibState":1,"SigAmpInvalid":0}},-1979710460
05-27 19:12:58.566   536   536 D commservice260303: send2Cluster len:317, 7B22636F6D6D616E64223A7B226964223A22696D755F737461747573222C22737562223A22227D2C22636F6E74656E74223A7B2254696D655374616D70223A31322C224672616D65436F756E746572223A3238383334302C2247445F58223A2D302E3031313232333736373838343037353634322C2247445F59223A302E3030343237363134313938393937363136382C2247445F5A223A302E303031383331393633353431393137353032392C2241445F58223A2D302E303037343635333137383435333434353433352C2241445F59223A302E3030313737323134323438313035383833362C2241445F5A223A2D302E31363730333232343138323132383930362C2254656D70447370223A302C22537461747573223A302C2243616C69625374617465223A312C22536967416D70496E76616C6964223A307D7D, 138 
05-27 19:12:58.566   536   536 D commservice260303: Push Message into SendPool fn=749339648
05-27 09:04:07.523   581   581 D spi_rst_gpio_get_output: GPIO 145 value: 0
05-27 19:12:58.566   536   536 D commservice260303: ComProtocolLibSend2Cluster::send2ClusterRaw fn=749339648 , len=333
05-27 09:04:07.523   581   581 D spidev_ioctl: gpio status=0)
05-27 19:12:58.566   536   536 D commservice260303: sendCmdToPort :333!!!
05-27 19:12:58.566   536   536 D commservice260303: send Cmd To Port ++++5AA501498A010004AA2C6A16D1BA7B22636F6D6D616E64223A7B226964223A22696D755F737461747573222C22737562223A22227D2C22636F6E74656E74223A7B2254696D655374616D70223A31322C224672616D65436F756E746572223A3238383334302C2247445F58223A2D302E3031313232333736373838343037353634322C2247445F59223A302E3030343237363134313938393937363136382C2247445F5A223A302E303031383331393633353431393137353032392C2241445F58223A2D302E303037343635333137383435333434353433352C2241445F59223A302E3030313737323134323438313035383833362C2241445F5A223A2D302E31363730333232343138323132383930362C2254656D70447370223A302C22537461747573223A302C2243616C69625374617465223A312C22536967416D70496E76616C6964223A307D7D0A9F
05-27 19:12:58.567   536   536 D commservice260303: bufferevent_write retrun value = 0
05-27 19:12:58.567   536   560 D commservice260303: client datas send succeed,send finish
