05-27 19:13:01.547  3878  3878 D ANWJNI_SECOND: (3878|0x5467E4F8)[BTAPP] XML : find UART_baudRate_normal(3000000)
05-27 19:13:01.547  3878  3878 D ANWJNI_SECOND: 
05-27 19:13:01.547  3878  3878 D ANWJNI_SECOND: (3878|0x5467E4F8)[BTAPP] XML : AVRCP_ABSOLUTE_VOLUME
05-27 19:13:01.547  3878  3878 D ANWJNI_SECOND: 
05-27 19:13:01.547  3878  3878 D ANWJNI_SECOND: (3878|0x5467E4F8)[BTAPP] XML : avrcp absolute volume change open
05-27 19:13:01.547  3878  3878 D ANWJNI_SECOND: 
05-27 19:13:01.547  3878  3878 D ANWAPI_SECOND: (3878|0x5467E4F8)[BTAPI] AnWBT_Set_Avrcp_Absoulte_Volume_Change[1]
05-27 19:13:01.547  3878  3878 D ANWJNI_SECOND: (3878|0x5467E4F8)[BTAPP] get generate_random_address data fail
05-27 19:13:01.547  3878  3878 D ANWJNI_SECOND: 
05-27 19:13:01.547  3878  3878 D ANWJNI_SECOND: (3878|0x5467E4F8)[BTAPP] get reject_a2dp_avrcp data fail
05-27 19:13:01.547  3878  3878 D ANWJNI_SECOND: 
05-27 19:13:01.547  3878  3878 D ANWJNI_SECOND: (3878|0x5467E4F8)[BTAPP] XML : find connect_by_sdp_limit setting
05-27 19:13:01.547  3878  3878 D ANWJNI_SECOND: 
05-27 19:13:01.547  3878  3878 D ANWJNI_SECOND: (3878|0x5467E4F8)[BTAPP] connect_by_sdp_limit set(close)
05-27 19:13:01.547  3878  3878 D ANWJNI_SECOND: 
05-27 19:13:01.547  3878  3878 D ANWJNI_SECOND: (3878|0x5467E4F8)[BTAPP] XML : find hfpag_auto_select_main_device setting
05-27 19:13:01.547  3878  3878 D ANWJNI_SECOND: 
05-27 19:13:01.547  3878  3878 D ANWJNI_SECOND: (3878|0x5467E4F8)[BTAPP] hfpag_auto_select_main_device set(open)
05-27 19:13:01.547  3878  3878 D ANWJNI_SECOND: 
05-27 19:13:01.547  3879  3879 D BluetoothAvrcpController: Proxy object connected
05-27 19:13:01.547  3878  3878 D ANWJNI_SECOND: (3878|0x5467E4F8)[BTAPP] XML : find waveout_file_size_MB setting
05-27 19:13:01.547  3878  3878 D ANWJNI_SECOND: 
05-27 19:13:01.548  3878  3878 D ANWJNI_SECOND: (3878|0x5467E4F8)[BTAPP] XML : find waveout_file_size_MB_data(50)
05-27 19:13:01.548  3878  3878 D ANWJNI_SECOND: 
05-27 19:13:01.548  3879  3879 D NSLogUtils_BluetoothController: AVRCP service connected successfully
05-27 19:13:01.548  3878  3878 D ANWJNI_SECOND: (3878|0x5467E4F8)[BTAPP] free source_data
05-27 19:13:01.548  3878  3878 D ANWJNI_SECOND: 
05-27 19:13:01.548  3878  3878 D ANWJNI_SECOND: (3878|0x5467E4F8)[BTAPP] Read XMLfile End
05-27 19:13:01.548  3878  3878 D ANWJNI_SECOND: 
05-27 19:13:01.548  3879  3879 D NSLogUtils_BtMusicModel: setPlayerForeground  isForground->true, isPlayerForeground->false, setValueForced:false
05-27 19:13:01.548  3879  3879 D NSLogUtils_BtMusicModel: setPlayerForeground ========really set up to the system======== isForground->true
05-27 19:13:01.548  3878  3878 D ANWJNI_SECOND: (3878|0x5467E4F8)[BTAPP] run Read (/system/etc/bluetooth/anw_AA_CP_setting.cfg) Start
05-27 19:13:01.548  3878  3878 D ANWJNI_SECOND: 
05-27 19:13:01.548  3879  3879 E NSLogUtils_BtMusicModel: setPlayerForeground mController is null
05-27 19:13:01.548  3878  3878 D ANWJNI_SECOND: (3878|0x5467E4F8)[BTAPP] open BT config file (/system/etc/bluetooth/anw_AA_CP_setting.cfg) failed.
05-27 19:13:01.548  3878  3878 D ANWJNI_SECOND: 
05-27 19:13:01.548  3878  3878 D ANWJNI_SECOND: (3878|0x5467E4F8)[BTAPP] run Read (/data/misc/anw//btmonitor_lastrecord) Start
05-27 19:13:01.548  3878  3878 D ANWJNI_SECOND: 
05-27 19:13:01.548   581   581 I SpiService: fgesysctrl_getGPIO_status success val=1
05-27 19:13:01.548  3878  3878 D ANWJNI_SECOND: (3878|0x5467E4F8)[BTAPP] open BT last record file (/data/misc/anw//btmonitor_lastrecord) success.
05-27 19:13:01.548  3878  3878 D ANWJNI_SECOND: 
05-27 19:13:01.548  3878  3878 D ANWJNI_SECOND: (3878|0x5467E4F8)[BTAPP] read last_connected_device last_scan_mode::3
05-27 19:13:01.548  3878  3878 D ANWJNI_SECOND: 
05-27 19:13:01.548  3878  3878 D ANWJNI_SECOND: 
05-27 19:13:01.548  3878  3878 D ANWJNI_SECOND: (3878|0x5467E4F8)[BTAPP] read last_scan_mode
05-27 19:13:01.548  3878  3878 D ANWJNI_SECOND: 
05-27 19:13:01.548  3878  3878 D ANWJNI_SECOND: (3878|0x5467E4F8)[BTAPP] last_scan_mode find,value is 3
05-27 19:13:01.548  3878  3878 D ANWJNI_SECOND: 
05-27 19:13:01.548  3878  3878 D ANWJNI_SECOND: (3878|0x5467E4F8)[BTAPP] read last_poweron_state
05-27 19:13:01.548  3878  3878 D ANWJNI_SECOND: 
05-27 09:04:10.513   581   581 D spi_rst_gpio_get_output: GPIO 145 value: 1
05-27 09:04:10.513   581   581 D spidev_ioctl: gpio status=1)
05-27 19:13:01.549 28437 28437 D BluetoothMediaBrowserService: onGetRoot
05-27 19:13:01.549  3879  3879 I NSLogUtils_BtMusicModel: browserConnectionCallback onConnected: 
05-27 19:13:01.549  3879  3879 D NSLogUtils_BtMusicModel: setPlayerForeground  isForground->true, isPlayerForeground->false, setValueForced:false
05-27 19:13:01.549  3879  3879 D NSLogUtils_BtMusicModel: setPlayerForeground ========really set up to the system======== isForground->true
05-27 19:13:01.550 10188 11235 I MediaSessionService: tempAllowlistTargetPkgIfPossible callingPackage:com.yadea.btmusic targetPackage:com.android.bluetooth reason:MediaSessionRecord:custom-autochips.bluetooth.a2dp.CUSTOM_ACTION_PLAYER_STATE_FOREGROUND [WIU] [FGS]
05-27 19:13:01.550  3878  3878 I ANWJNI_SECOND: --- JNI_OnLoad
05-27 19:13:01.551  3879  3879 I NSLogUtils_BtMusicModel: browserConnectionCallback onConnected state: 1
05-27 19:13:01.551  3879  3879 I NSLogUtils_BtMusicModel: musicChange metaData: android.media.MediaMetadata@ce0e91
05-27 19:13:01.552  3879  3879 I NSLogUtils_BtMusicModel: musicChange title: null,artist: null,duration: 0,album: null,albumArtUri: null
05-27 19:13:01.552  3879  3879 D NSLogUtils_BluetoothPlayerService: MediaMetadata ->android.media.MediaMetadata@17aee1b1
05-27 19:13:01.552  3879  3879 D NSLogUtils_MediaServiceCmdController: refreshPlayControl  callBackMediaMetadata musicTitle: null
05-27 19:13:01.553   581   581 I SpiService: fgesysctrl_getGPIO_status success val=0
05-27 19:13:01.554 10188 11034 I InputReader: processEventsLocked: type=3 Count=3 code=57 value=-1 deviceId=5 when=12248805127000
05-27 19:13:01.554 10188 11034 D InputReader: syncTouch: pointerCount 1 -> 0, touching ids 0x80000000 -> 0x00000000, hovering ids 0x00000000 -> 0x00000000, canceled ids 0x00000000
05-27 19:13:01.554 10188 11034 D InputReader: dispatchTouches action UP now(ns): 12248805328004
05-27 19:13:01.554 10188 11034 D InputReader: notifyMotion call dispatcher
05-27 19:13:01.555   649   723 D UniTelDemo: input code = 330, value = 0
05-27 19:13:01.555 10188 10188 D Telecom : Logging: START_SESSION
05-27 19:13:01.556 10188 10188 D Telecom : Logging: END_SESSION (dur: 1 ms): TSI.iIMC@Aag
05-27 19:13:01.556 10188 10188 D Telecom : Logging: START_SESSION
05-27 19:13:01.556 10188 10188 D Telecom : Logging: END_SESSION (dur: 0 ms): TSI.iISMC(a)@Aak
05-27 19:13:01.556 10188 10188 D ResponseStatsTracker: notification:+3h24m8s606ms; event=<posted>, pkg=com.yadea.btmusic, usr=0
05-27 19:13:01.556 10188 10188 I sysui_multi_action: [757,1501,758,1,793,204,794,0,795,204,796,8001,806,com.yadea.btmusic,857,media_playback_channel,858,2,946,silent,947,0,1500,0,1641,transport,1688,1,1745,1043716538]
05-27 19:13:01.556 10188 10188 I sysui_multi_action: [757,804,799,note_interruptive,801,0,802,1]
05-27 19:13:01.557 10188 10188 D NotificationService: 0|com.yadea.btmusic|8001|null|1000: updating permissions
05-27 19:13:01.557 10188 10188 D NotificationService: 0|com.yadea.btmusic|8001|null|1000: updating permissions
05-27 19:13:01.557 10188 10188 D NotificationService: 0|com.yadea.btmusic|8001|null|1000: updating permissions
05-27 09:04:10.518   581   581 D spi_rst_gpio_get_output: GPIO 145 value: 0
05-27 09:04:10.518   581   581 D spidev_ioctl: gpio status=0)
05-27 19:13:01.557 10188 10188 D NotificationService: 0|com.yadea.btmusic|8001|null|1000: updating permissions
05-27 19:13:01.557 10188 10188 D NotificationService: 0|com.yadea.btmusic|8001|null|1000: updating permissions
05-27 19:13:01.557 10188 10188 D NotificationService: 0|com.yadea.btmusic|8001|null|1000: updating permissions
05-27 19:13:01.557 10188 10188 I NotificationHistory: History disabled for user 0
05-27 19:13:01.557 10188 10188 W NotificationHistory: Attempted to add notif for locked/gone/disabled user 0
05-27 19:13:01.557  3878  3878 D AnwSdkService: onCreate
05-27 19:13:01.558  3878  3878 D AnwSdkService: run createMessageHandleThread
05-27 19:13:01.558 10188 11485 D PowerController.AppState: - reportAppStateEventInfo() E -
05-27 19:13:01.558 10188 11499 D PowerController.RecogA: handleMessage(MSG_REPORT_EVENT)
05-27 19:13:01.558 13911 14183 I SentryImuMcuAngleSender: 179.958rollDeg
05-27 19:13:01.558   536  2579 D commservice260303: send heart beat package to Cluster
05-27 19:13:01.558 13911 14183 I SentryImuMcuAngleSender: 1,0,0
05-27 19:13:01.558   536  2579 D commservice260303: send2Cluster len:40, 7B22636F6D6D616E64223A7B226964223A22686561727462656174222C22737562223A22227D7D0A, 129 
05-27 19:13:01.558   536  2579 D commservice260303: Push Message into SendPool fn=2007630848
05-27 19:13:01.558   536  2579 D commservice260303: ComProtocolLibSend2Cluster::send2ClusterRaw fn=2007630848 , len=56
05-27 19:13:01.558   536  2579 D commservice260303: sendCmdToPort :56!!!
05-27 19:13:01.558   536  2579 D commservice260303: send Cmd To Port ++++5AA5003481010004AA776A16D1BD7B22636F6D6D616E64223A7B226964223A22686561727462656174222C22737562223A22227D7D0AD593
05-27 19:13:01.558 10188 10188 D JobScheduler.Quota: Processing event 12 for <0>com.yadea.btmusic
05-27 19:13:01.559 10188 11485 D PowerController.AppState: - updateNotification() E -
05-27 19:13:01.559   536  2579 D commservice260303: bufferevent_write retrun value = 0
05-27 19:13:01.559 10188 10188 D JobScheduler.Quota: debits overflowed by -15000
05-27 19:13:01.559   536   560 D commservice260303: client datas send succeed,send finish
05-27 19:13:01.561  3878  3878 D AnwSdkService: run createAudioFocusListenerMessageHandleThread
05-27 19:13:01.561 11731 11731 I ExtAssistant: POSTED 0|com.yadea.btmusic|8001|null|1000
05-27 19:13:01.562   536   560 D commservice260303: recv len:91, 5AA500570100000047F86A16D1BD7B22636F6D6D616E64223A7B226964223A22686561727462656174222C22737562223A22227D2C22726573706F6E65223A7B22636F6465223A302C226D657373616765223A226F6B227D7D579F from server
05-27 19:13:01.563   536  2578 D commservice260303: mcuDataAnalyzeHandle templen:91,len:91,pos:0, 5AA500570100000047F86A16D1BD7B22636F6D6D616E64223A7B226964223A22686561727462656174222C22737562223A22227D2C22726573706F6E65223A7B22636F6465223A302C226D657373616765223A226F6B227D7D579F 
05-27 19:13:01.563   536  2578 I commservice260303: checksumCal = 22431
05-27 19:13:01.563   536  2578 D commservice260303: Protocol_C2I_Commservice::dataproc {"command":{"id":"heartbeat","sub":""},"respone":{"code":0,"message":"ok"}},1
05-27 19:13:01.563   536  2578 D commservice260303: Protocol_C2I_Commservice::dataproc Receive a heartbeat command from Cluster, setTcpHeartbeat = EID_UID_HEARTBEAT
05-27 19:13:01.563   283   307 I rvcservice: t.code = 0, t.value = 0
05-27 19:13:01.563  3878  3878 I AnwSdkService: mhcilog1:
05-27 19:13:01.564  3878  3878 I AnwSdkService: mhcilog4:
05-27 19:13:01.564  3879  3879 D NSLogUtils_BluetoothPlayerService: MediaForegroundService is running: true
05-27 19:13:01.564  3879  3879 D NSLogUtils_BluetoothPlayerService: MediaForegroundService already running, data will be updated via callback
05-27 19:13:01.564 11344 11344 D CarNotificationListener: onNotificationPosted: StatusBarNotification(pkg=com.yadea.btmusic user=UserHandle{0} id=8001 tag=null key=0|com.yadea.btmusic|8001|null|1000: Notification(channel=media_playback_channel shortcut=null contentView=null vibrate=null sound=null defaults=0x0 flags=0x68 color=0x00000000 category=transport groupKey=silent actions=3 vis=PUBLIC))
05-27 19:13:01.565 11344 11344 D CarNotificationListener: Is incoming notification a group summary?: false
05-27 19:13:01.565  3879  3879 I NSLogUtils_BtMusicModel: browserConnectionCallback onConnected metadata: android.media.MediaMetadata@ce0e91
05-27 19:13:01.565  3879  3879 I NSLogUtils_BtMusicModel: musicChange metaData: android.media.MediaMetadata@ce0e91
05-27 19:13:01.565  3879  3879 I NSLogUtils_BtMusicModel: musicChange title: null,artist: null,duration: 0,album: null,albumArtUri: null
05-27 19:13:01.565 11344 11344 D NavBarFragment: onShow: AlertEntry:StatusBarNotification(pkg=com.yadea.btmusic user=UserHandle{0} id=8001 tag=null key=0|com.yadea.btmusic|8001|null|1000: Notification(channel=media_playback_channel shortcut=null contentView=null vibrate=null sound=null defaults=0x0 flags=0x68 color=0x00000000 category=transport groupKey=silent actions=3 vis=PUBLIC))
05-27 19:13:01.565 11344 11344 D NavBarFragment: bindMediaActions: action[0] title=Previous, intent=PendingIntent{17f1079: android.os.BinderProxy@47dbe97}
05-27 19:13:01.565 11344 11344 D NavBarFragment: bindMediaActions: action[1] title=Play, intent=PendingIntent{b511be: android.os.BinderProxy@b9dcca2}
05-27 19:13:01.565 11344 11344 D NavBarFragment: bindMediaActions: action[2] title=Next, intent=PendingIntent{f74a21f: android.os.BinderProxy@9a4186d}
05-27 19:13:01.565 11344 11344 D NavBarFragment: bindMediaActions: previous=0, playPause=1, next=2, key=0|com.yadea.btmusic|8001|null|1000
05-27 19:13:01.566 11344 11344 D NavBarFragment: updateMediaInfo: title=null, text=null, pkg=com.yadea.btmusic
05-27 19:13:01.566 10188 11235 D MediaSessionRecord: registering controller callback android.media.session.ISessionControllerCallback$Stub$Proxy@4d179ed from controllercom.yadea.btmusic
05-27 19:13:01.568   581   581 I SpiService: fgesysctrl_getGPIO_status success val=1
05-27 09:04:10.532   581   581 D spi_rst_gpio_get_output: GPIO 145 value: 1
05-27 09:04:10.532   581   581 D spidev_ioctl: gpio status=1)
05-27 19:13:01.569  3878  3878 I ANWJNI_SECOND: +++ InitialCallback=====
05-27 19:13:01.570   481   598 I mcuc    : rev,n=1,6AA681F6E4000A89003F0104091112345618
05-27 19:13:01.570   481   598 I mcuc    : rev,n=2,6AA682874B00020901A0
05-27 19:13:01.570   351   373 D automotive.vehicle@2.0-adayo-datacomm-mcu: MCUDatacomm sendMessageFromVehicle prop: 0x89, areaId: 0x0, status: 0x3f, timestamp: 0x1
05-27 19:13:01.570   351   373 D automotive.vehicle@2.0-adayo-datacomm-mcu: MCUDatacomm 1sendMessageFromVehicle ---> type = 12 
05-27 19:13:01.570  1121  1144 I tboxmids_ap: [2026-05-27 19:13:01.570] [MCU RX] src=MCU dst=ZMQ len=10 type=BINARY data=00 08 3F 01 04 09 11 12 34 56 
05-27 19:13:01.571   536   536 D commservice260303: msg.id = 1028,0
05-27 19:13:01.571   536   536 D commservice260303: i = 170, msgid = 8A000404
05-27 19:13:01.571   536   536 D commservice260303: msgid = -1979710460,did=138
05-27 19:13:01.571   536   536 D commservice260303: CommProtocolLibCmdBaseI2C::dataproc {"command":{"id":"imu_status","sub":""},"content":{"TimeStamp":12,"FrameCounter":288414,"GD_X":-0.012139749713242054,"GD_Y":0.005039200186729431,"GD_Z":0.0017560218693688512,"AD_X":-0.0026654303073883057,"AD_Y":0.0035187837202101946,"AD_Z":-0.16885852813720703,"TempDsp":0,"Status":0,"CalibState":1,"SigAmpInvalid":0}},-1979710460
05-27 19:13:01.571   536   536 D commservice260303: send2Cluster len:318, 7B22636F6D6D616E64223A7B226964223A22696D755F737461747573222C22737562223A22227D2C22636F6E74656E74223A7B2254696D655374616D70223A31322C224672616D65436F756E746572223A3238383431342C2247445F58223A2D302E3031323133393734393731333234323035342C2247445F59223A302E3030353033393230303138363732393433312C2247445F5A223A302E303031373536303231383639333638383531322C2241445F58223A2D302E303032363635343330333037333838333035372C2241445F59223A302E303033353138373833373230323130313934362C2241445F5A223A2D302E31363838353835323831333732303730332C2254656D70447370223A302C22537461747573223A302C2243616C69625374617465223A312C22536967416D70496E76616C6964223A307D7D, 138 
05-27 19:13:01.571   536   536 D commservice260303: Push Message into SendPool fn=2024408064
05-27 19:13:01.571   536   536 D commservice260303: ComProtocolLibSend2Cluster::send2ClusterRaw fn=2024408064 , len=334
05-27 19:13:01.571   536   536 D commservice260303: sendCmdToPort :334!!!
05-27 19:13:01.571   536   536 D commservice260303: send Cmd To Port ++++5AA5014A8A010004AA786A16D1BD7B22636F6D6D616E64223A7B226964223A22696D755F737461747573222C22737562223A22227D2C22636F6E74656E74223A7B2254696D655374616D70223A31322C224672616D65436F756E746572223A3238383431342C2247445F58223A2D302E3031323133393734393731333234323035342C2247445F59223A302E3030353033393230303138363732393433312C2247445F5A223A302E303031373536303231383639333638383531322C2241445F58223A2D302E303032363635343330333037333838333035372C2241445F59223A302E303033353138373833373230323130313934362C2241445F5A223A2D302E31363838353835323831333732303730332C2254656D70447370223A302C22537461747573223A302C2243616C69625374617465223A312C22536967416D70496E76616C6964223A307D7DC3F1
05-27 19:13:01.571   536   536 D commservice260303: bufferevent_write retrun value = 0
05-27 19:13:01.571  1083  1083 I MyAppLog: [2026-05-27 19:13:01.571 I tboxap mcuCommTboxmidsRecvCb:97] [Mcu] [mcuCommTboxmidsRecvCb] recv from tboxmids, size:10
05-27 19:13:01.571   536   560 D commservice260303: client datas send succeed,send finish
05-27 19:13:01.571  1083  1083 I MyAppLog: [2026-05-27 19:13:01.571 I tboxap mcuCommTboxmidsRecvCb:98] [Mcu] [tboxmids -> tboxap]: :00 08 3F 01 04 09 11 12 34 56
05-27 19:13:01.572  1083  1083 W MyAppLog: [2026-05-27 19:13:01.571 W tboxap mcuYadiFrameParse:852] [Mcu] [mcuYadiFrameParse] cmd:0911(MCU_VHL_DYNAMIC_DATA_IND) payload too short:5 < 54
05-27 19:13:01.572  1083  1083 W MyAppLog: [2026-05-27 19:13:01.571 W tboxap mcuPtlParseData:982] [Mcu] [mcuPtlParseData] invalid yadi frame, len:10
05-27 19:13:01.572  3878  3878 I ANWJNI_SECOND: --- InitialCallback(77)(78)
05-27 19:13:01.572  3878  3878 I ANWJNI_SECOND: --- InitialCallback(79)(80)
05-27 19:13:01.572  3878  3878 I ANWJNI_SECOND: --- InitialCallback:0
05-27 19:13:01.572  3878  3878 D AnwSdkService: onCreate:0,78,80
05-27 19:13:01.572  3878  3878 D AnwSdkService: pbap_socket_fd1 = 78
05-27 19:13:01.572  3878  3878 D AnwSdkService: run createPbapContactMessageHandleThread
05-27 09:04:10.537   303   303 I [Audio:SBLCK] p_tt: 1585026,1585026
05-27 09:04:10.538   581   581 D spi_rst_gpio_get_output: GPIO 145 value: 1
05-27 09:04:10.538   581   581 D spidev_ioctl: gpio status=1)
05-27 19:13:01.573   581   581 I SpiService: fgesysctrl_getGPIO_status success val=1
05-27 19:13:01.574   572   622 I Sensors : 230 GyroSensor: x:-0.011453,y:0.004428,z:0.001908
05-27 19:13:01.575  3878  3878 D AnwSdkService: run createPbapParsedDataUpdateMessageHandleThread
05-27 19:13:01.578 13911 14192 D Sentinelmode_1.2.5.17_sentry: <SentryImuClusterFgeSender>imu_status sent to Linux, frame=288414, tsNs=12248806, tsMs=12, intervalMs=47, ad=(-0.0026654303,0.0035187837,-0.16885853), gd=(-0.01213975,0.0050392,0.0017560219)
05-27 19:13:01.578   581   581 I SpiService: fgesysctrl_getGPIO_status success val=1
05-27 19:13:01.578 13911 14183 I SentryImuMcuAngleSender: 179.97195rollDeg
05-27 19:13:01.579 13911 14183 I SentryImuMcuAngleSender: 1,0,0
05-27 19:13:01.579  3878  3878 W ContextImpl: Calling a method in the system process without a qualified user: android.app.ContextImpl.startService:1863 android.content.ContextWrapper.startService:817 com.anwsdk.service.anwbtservice.onCreate:7516 android.app.ActivityThread.handleCreateService:4616 android.app.ActivityThread.-$$Nest$mhandleCreateService:0 
05-27 19:13:01.580 10188 11235 W ActivityManager: Unable to start service Intent { cmp=com.anwsdk.service/.HfpClientConnectionService } U=0: not found with resolvedType = null, flags = 268436480, userId = 0, callingUid = 1000
05-27 19:13:01.580  3878  3878 D AnwSdkService: 20210721 checking self APK rom size
05-27 09:04:10.543   581   581 D spi_rst_gpio_get_output: GPIO 145 value: 1
05-27 09:04:10.543   581   581 D spidev_ioctl: gpio status=1)
05-27 19:13:01.584   581   581 I SpiService: fgesysctrl_getGPIO_status success val=1
05-27 09:04:10.548   581   581 D spi_rst_gpio_get_output: GPIO 145 value: 1
05-27 09:04:10.548   581   581 D spidev_ioctl: gpio status=1)
05-27 19:13:01.589   581   581 I SpiService: fgesysctrl_getGPIO_status success val=0
05-27 19:13:01.589   481   597 I mcuc    : send SPI:6AA602F6E40002890099
05-27 09:04:10.554   581   581 D spi_rst_gpio_get_output: GPIO 145 value: 0
05-27 09:04:10.554   581   581 D spidev_ioctl: gpio status=0)
05-27 19:13:01.598 13911 14183 I SentryImuMcuAngleSender: 179.99298rollDeg
05-27 19:13:01.598 13911 14183 I SentryImuMcuAngleSender: 1,0,0
05-27 19:13:01.600 11579 11579 D ApplistFragment: onItemClick: package_name:com.yadea.btmusic
05-27 19:13:01.600 11579 11579 D NSLogUtils_FastClickUtils: canClick() 
05-27 19:13:01.600 11579 11579 D ApplistFragment: launcherApp package_name:com.yadea.btmusic
05-27 19:13:01.601 11579 11579 D NSLogUtils_AppInfoUtils: launch scaleX:197, scaleY:209, width:96, height:96
05-27 19:13:01.601 11579 11579 D NSLogUtils_AppInfoUtils:  launch intent->Intent { act=android.intent.action.MAIN cat=[android.intent.category.LAUNCHER] flg=0x10200000 pkg=com.yadea.btmusic cmp=com.yadea.btmusic/.MainActivity }
05-27 19:13:01.601 11579 11579 W ContextImpl: Calling a method in the system process without a qualified user: android.app.ContextImpl.startActivity:1083 android.content.ContextWrapper.startActivity:454 com.yadea.launcher.utils.AppInfoUtils.launch:368 com.yadea.launcher.utils.AppInfoUtils.launch:341 com.yadea.launcher.function.applist.ApplistFragment.launcherApp:271 
05-27 19:13:01.601 10188 11235 I ActivityTaskManager: START u0 {act=android.intent.action.MAIN cat=[android.intent.category.LAUNCHER] flg=0x10200000 pkg=com.yadea.btmusic cmp=com.yadea.btmusic/.MainActivity} from uid 1000, pid 11579
05-27 19:13:01.602 10188 11235 D CompatibilityChangeReporter: Compat change id reported: 194480991; UID 1000; state: ENABLED
05-27 19:13:01.603   581   581 I SpiService: fgesysctrl_getGPIO_status success val=1
05-27 09:04:10.568   581   581 D spi_rst_gpio_get_output: GPIO 145 value: 1
05-27 09:04:10.568   581   581 D spidev_ioctl: gpio status=1)
05-27 09:04:10.573   581   581 D spi_rst_gpio_get_output: GPIO 145 value: 1
05-27 09:04:10.573   581   581 D spidev_ioctl: gpio status=1)
05-27 19:13:01.605 10188 11235 I wm_task_created: [47,-1]
05-27 19:13:01.607 10188 11235 D WindowManager: Enter findFocusedWindowIfNeeded ,topFocusedDisplayId = -1, mPerDisplayFocusEnabled = true,(topFocusedDisplayId == INVALID_DISPLAY) = true, this = Display{#0 state=ON size=1280x720 ROTATION_0}
05-27 19:13:01.608 10188 11235 D WindowManager: Enter findFocusedWindow mTmpWindow = Window{d38d48f u0 com.yadea.launcher/com.yadea.launcher.function.applist.AppListActivity}-[Surface(name=*Title#826)/@0xb041383], mFindFocusedWindow = com.android.server.wm.DisplayContent$$ExternalSyntheticLambda20@7fd1f20, this = Display{#0 state=ON size=1280x720 ROTATION_0}, mFocusedApp = ActivityRecord{4184dde u0 com.yadea.launcher/.function.applist.AppListActivity} t35 d0}
05-27 19:13:01.608 10188 11235 D WindowManager: updateFocusedWindowLocked , mode = 3, updateInputWindows = false,topFocusedDisplayId = -1,newFocus= Window{d38d48f u0 com.yadea.launcher/com.yadea.launcher.function.applist.AppListActivity}-[Surface(name=*Title#826)/@0xb041383], mCurrentFocus = Window{d38d48f u0 com.yadea.launcher/com.yadea.launcher.function.applist.AppListActivity}-[Surface(name=*Title#826)/@0xb041383], callers=com.android.server.wm.RootWindowContainer.updateFocusedWindowLocked:493 com.android.server.wm.WindowManagerService.updateFocusedWindowLocked:6165 com.android.server.wm.DisplayContent.layoutAndAssignWindowLayersIfNeeded:3896 com.android.server.wm.Task.onChildPositionChanged:6055 com.android.server.wm.WindowContainer.onChildAdded:780 com.android.server.wm.WindowContainer.setParent:565 com.android.server.wm.WindowContainer.addChild:770 com.android.server.wm.TaskFragment.addChild:1835 com.android.server.wm.Task.addChild:1429 com.android.server.wm.ActivityStarter.addOrReparentStartingActivity:2978 
05-27 19:13:01.608 10188 11235 D WindowManager: Enter findFocusedWindowIfNeeded ,topFocusedDisplayId = 0, mPerDisplayFocusEnabled = true,(topFocusedDisplayId == INVALID_DISPLAY) = false, this = Display{#2 state=ON size=1280x720 ROTATION_0}
05-27 19:13:01.608 10188 11235 D WindowManager: Enter findFocusedWindow mTmpWindow = null, mFindFocusedWindow = com.android.server.wm.DisplayContent$$ExternalSyntheticLambda20@d9d674e, this = Display{#2 state=ON size=1280x720 ROTATION_0}, mFocusedApp = null
05-27 19:13:01.608 10188 11235 D WindowManager: updateFocusedWindowLocked , mode = 3, updateInputWindows = false,topFocusedDisplayId = 0,newFocus= null, mCurrentFocus = null, callers=com.android.server.wm.RootWindowContainer.updateFocusedWindowLocked:493 com.android.server.wm.WindowManagerService.updateFocusedWindowLocked:6165 com.android.server.wm.DisplayContent.layoutAndAssignWindowLayersIfNeeded:3896 com.android.server.wm.Task.onChildPositionChanged:6055 com.android.server.wm.WindowContainer.onChildAdded:780 com.android.server.wm.WindowContainer.setParent:565 com.android.server.wm.WindowContainer.addChild:770 com.android.server.wm.TaskFragment.addChild:1835 com.android.server.wm.Task.addChild:1429 com.android.server.wm.ActivityStarter.addOrReparentStartingActivity:2978 
05-27 19:13:01.606  3878  3878 D AnwSdkService: apk rom size:40.90M
05-27 19:13:01.608   581   581 I SpiService: fgesysctrl_getGPIO_status success val=1
05-27 19:13:01.609 10188 11235 D CompatibilityChangeReporter: Compat change id reported: 174042980; UID 1000; state: DISABLED
05-27 19:13:01.610 10188 11235 D CompatibilityChangeReporter: Compat change id reported: 197654537; UID 1000; state: ENABLED
05-27 19:13:01.610  3878  3878 D AnwSdkService: [android.permission.READ_EXTERNAL_STORAGE] permision is GRANTED
05-27 19:13:01.610 10188 11235 I wm_task_moved: [47,1,7]
05-27 19:13:01.610 10188 11235 I wm_task_to_front: [0,47]
05-27 19:13:01.610   536   536 D commservice260303: msg.id = 1028,0
05-27 19:13:01.610 10188 11235 D WindowManager: Enter findFocusedWindowIfNeeded ,topFocusedDisplayId = -1, mPerDisplayFocusEnabled = true,(topFocusedDisplayId == INVALID_DISPLAY) = true, this = Display{#0 state=ON size=1280x720 ROTATION_0}
05-27 19:13:01.610   536   536 D commservice260303: i = 170, msgid = 8A000404
05-27 19:13:01.610   536   536 D commservice260303: msgid = -1979710460,did=138
05-27 19:13:01.610   536   536 D commservice260303: CommProtocolLibCmdBaseI2C::dataproc {"command":{"id":"imu_status","sub":""},"content":{"TimeStamp":12,"FrameCounter":288415,"GD_X":-0.011147825978696346,"GD_Y":0.004580949433147907,"GD_Z":0.0019848872907459736,"AD_X":-0.009951487183570862,"AD_Y":-0.0025749297346919775,"AD_Z":-0.16825008392333984,"TempDsp":0,"Status":0,"CalibState":1,"SigAmpInvalid":0}},-1979710460
05-27 19:13:01.611   536   536 D commservice260303: send2Cluster len:318, 7B22636F6D6D616E64223A7B226964223A22696D755F737461747573222C22737562223A22227D2C22636F6E74656E74223A7B2254696D655374616D70223A31322C224672616D65436F756E746572223A3238383431352C2247445F58223A2D302E3031313134373832353937383639363334362C2247445F59223A302E3030343538303934393433333134373930372C2247445F5A223A302E303031393834383837323930373435393733362C2241445F58223A2D302E3030393935313438373138333537303836322C2241445F59223A2D302E303032353734393239373334363931393737352C2241445F5A223A2D302E31363832353030383339323333333938342C2254656D70447370223A302C22537461747573223A302C2243616C69625374617465223A312C22536967416D70496E76616C6964223A307D7D, 138 
05-27 19:13:01.611   536   536 D commservice260303: Push Message into SendPool fn=2041185280
05-27 19:13:01.611   536   536 D commservice260303: ComProtocolLibSend2Cluster::send2ClusterRaw fn=2041185280 , len=334
05-27 19:13:01.611  3878  3878 D AnwSdkService: [android.permission.WRITE_EXTERNAL_STORAGE] permision is GRANTED
05-27 19:13:01.611   536   536 D commservice260303: sendCmdToPort :334!!!
05-27 19:13:01.611   536   536 D commservice260303: send Cmd To Port ++++5AA5014A8A010004AA796A16D1BD7B22636F6D6D616E64223A7B226964223A22696D755F737461747573222C22737562223A22227D2C22636F6E74656E74223A7B2254696D655374616D70223A31322C224672616D65436F756E746572223A3238383431352C2247445F58223A2D302E3031313134373832353937383639363334362C2247445F59223A302E3030343538303934393433333134373930372C2247445F5A223A302E303031393834383837323930373435393733362C2241445F58223A2D302E3030393935313438373138333537303836322C2241445F59223A2D302E303032353734393239373334363931393737352C2241445F5A223A2D302E31363832353030383339323333333938342C2254656D70447370223A302C22537461747573223A302C2243616C69625374617465223A312C22536967416D70496E76616C6964223A307D7D5DD2
05-27 19:13:01.611   536   536 D commservice260303: bufferevent_write retrun value = 0
05-27 19:13:01.611 10188 11235 D WindowManager: Enter findFocusedWindow mTmpWindow = Window{d38d48f u0 com.yadea.launcher/com.yadea.launcher.function.applist.AppListActivity}-[Surface(name=*Title#826)/@0xb041383], mFindFocusedWindow = com.android.server.wm.DisplayContent$$ExternalSyntheticLambda20@7fd1f20, this = Display{#0 state=ON size=1280x720 ROTATION_0}, mFocusedApp = ActivityRecord{4184dde u0 com.yadea.launcher/.function.applist.AppListActivity} t35 d0}
05-27 19:13:01.611   536   560 D commservice260303: client datas send succeed,send finish
05-27 19:13:01.611 10188 11235 D WindowManager: updateFocusedWindowLocked , mode = 3, updateInputWindows = false,topFocusedDisplayId = -1,newFocus= Window{d38d48f u0 com.yadea.launcher/com.yadea.launcher.function.applist.AppListActivity}-[Surface(name=*Title#826)/@0xb041383], mCurrentFocus = Window{d38d48f u0 com.yadea.launcher/com.yadea.launcher.function.applist.AppListActivity}-[Surface(name=*Title#826)/@0xb041383], callers=com.android.server.wm.RootWindowContainer.updateFocusedWindowLocked:493 com.android.server.wm.WindowManagerService.updateFocusedWindowLocked:6165 com.android.server.wm.DisplayContent.layoutAndAssignWindowLayersIfNeeded:3896 com.android.server.wm.TaskDisplayArea.positionChildTaskAt:417 com.android.server.wm.TaskDisplayArea.positionChildAt:376 com.android.server.wm.Task.moveToFrontInner:4731 com.android.server.wm.Task.moveToFront:4706 com.android.server.wm.ActivityStarter.startActivityInner:1921 com.android.server.wm.ActivityStarter.startActivityUnchecked:1710 com.android.server.wm.ActivityStarter.executeRequest:1261 
05-27 19:13:01.611 10188 11235 D WindowManager: Enter findFocusedWindowIfNeeded ,topFocusedDisplayId = 0, mPerDisplayFocusEnabled = true,(topFocusedDisplayId == INVALID_DISPLAY) = false, this = Display{#2 state=ON size=1280x720 ROTATION_0}
05-27 19:13:01.611 10188 11235 D WindowManager: Enter findFocusedWindow mTmpWindow = null, mFindFocusedWindow = com.android.server.wm.DisplayContent$$ExternalSyntheticLambda20@d9d674e, this = Display{#2 state=ON size=1280x720 ROTATION_0}, mFocusedApp = null
05-27 19:13:01.611 10188 11235 D WindowManager: updateFocusedWindowLocked , mode = 3, updateInputWindows = false,topFocusedDisplayId = 0,newFocus= null, mCurrentFocus = null, callers=com.android.server.wm.RootWindowContainer.updateFocusedWindowLocked:493 com.android.server.wm.WindowManagerService.updateFocusedWindowLocked:6165 com.android.server.wm.DisplayContent.layoutAndAssignWindowLayersIfNeeded:3896 com.android.server.wm.TaskDisplayArea.positionChildTaskAt:417 com.android.server.wm.TaskDisplayArea.positionChildAt:376 com.android.server.wm.Task.moveToFrontInner:4731 com.android.server.wm.Task.moveToFront:4706 com.android.server.wm.ActivityStarter.startActivityInner:1921 com.android.server.wm.ActivityStarter.startActivityUnchecked:1710 com.android.server.wm.ActivityStarter.executeRequest:1261 
05-27 19:13:01.612 10188 11235 I wm_create_task: [0,47]
05-27 19:13:01.611 13911 14192 D Sentinelmode_1.2.5.17_sentry: <SentryImuClusterFgeSender>imu_status sent to Linux, frame=288415, tsNs=12248842, tsMs=12, intervalMs=34, ad=(-0.009951487,-0.0025749297,-0.16825008), gd=(-0.011147826,0.0045809494,0.0019848873)
05-27 19:13:01.612 10188 11235 I wm_create_activity: [0,224553072,47,com.yadea.btmusic/.MainActivity,android.intent.action.MAIN,NULL,NULL,270532608]
05-27 19:13:01.612 10188 11235 I wm_task_moved: [47,1,7]
05-27 19:13:01.612 10188 11235 D WindowManager: Enter findFocusedWindowIfNeeded ,topFocusedDisplayId = -1, mPerDisplayFocusEnabled = true,(topFocusedDisplayId == INVALID_DISPLAY) = true, this = Display{#0 state=ON size=1280x720 ROTATION_0}
05-27 19:13:01.612   281   281 D PowerHAL: ###Enter launch scene bgn###
05-27 19:13:01.612   281   281 E PowerHAL: !!!default value check failed
05-27 19:13:01.612   281   281 E PowerHAL: !!!Undefined resource /sys/devices/system/cpu/cpufreq/policy0/scaling_min_freq
05-27 19:13:01.612   281   281 D PowerHAL: ###Enter launch scene end###
05-27 19:13:01.612 10188 11235 D WindowManager: Enter findFocusedWindow mTmpWindow = Window{d38d48f u0 com.yadea.launcher/com.yadea.launcher.function.applist.AppListActivity}-[Surface(name=*Title#826)/@0xb041383], mFindFocusedWindow = com.android.server.wm.DisplayContent$$ExternalSyntheticLambda20@7fd1f20, this = Display{#0 state=ON size=1280x720 ROTATION_0}, mFocusedApp = ActivityRecord{4184dde u0 com.yadea.launcher/.function.applist.AppListActivity} t35 d0}
05-27 19:13:01.612 10188 11235 D WindowManager: updateFocusedWindowLocked , mode = 3, updateInputWindows = false,topFocusedDisplayId = -1,newFocus= Window{d38d48f u0 com.yadea.launcher/com.yadea.launcher.function.applist.AppListActivity}-[Surface(name=*Title#826)/@0xb041383], mCurrentFocus = Window{d38d48f u0 com.yadea.launcher/com.yadea.launcher.function.applist.AppListActivity}-[Surface(name=*Title#826)/@0xb041383], callers=com.android.server.wm.RootWindowContainer.updateFocusedWindowLocked:493 com.android.server.wm.WindowManagerService.updateFocusedWindowLocked:6165 com.android.server.wm.DisplayContent.layoutAndAssignWindowLayersIfNeeded:3896 com.android.server.wm.TaskDisplayArea.positionChildTaskAt:417 com.android.server.wm.TaskDisplayArea.positionChildAt:376 com.android.server.wm.Task.moveToFrontInner:4731 com.android.server.wm.Task.moveToFront:4706 com.android.server.wm.Task.moveToFront:4696 com.android.server.wm.Task.positionChildAtTop:6009 com.android.server.wm.Task.startActivityLocked:5101 
05-27 19:13:01.612 10188 11235 D WindowManager: Enter findFocusedWindowIfNeeded ,topFocusedDisplayId = 0, mPerDisplayFocusEnabled = true,(topFocusedDisplayId == INVALID_DISPLAY) = false, this = Display{#2 state=ON size=1280x720 ROTATION_0}
05-27 19:13:01.612 10188 11235 D WindowManager: Enter findFocusedWindow mTmpWindow = null, mFindFocusedWindow = com.android.server.wm.DisplayContent$$ExternalSyntheticLambda20@d9d674e, this = Display{#2 state=ON size=1280x720 ROTATION_0}, mFocusedApp = null
05-27 19:13:01.613 10188 11235 D WindowManager: updateFocusedWindowLocked , mode = 3, updateInputWindows = false,topFocusedDisplayId = 0,newFocus= null, mCurrentFocus = null, callers=com.android.server.wm.RootWindowContainer.updateFocusedWindowLocked:493 com.android.server.wm.WindowManagerService.updateFocusedWindowLocked:6165 com.android.server.wm.DisplayContent.layoutAndAssignWindowLayersIfNeeded:3896 com.android.server.wm.TaskDisplayArea.positionChildTaskAt:417 com.android.server.wm.TaskDisplayArea.positionChildAt:376 com.android.server.wm.Task.moveToFrontInner:4731 com.android.server.wm.Task.moveToFront:4706 com.android.server.wm.Task.moveToFront:4696 com.android.server.wm.Task.positionChildAtTop:6009 com.android.server.wm.Task.startActivityLocked:5101 
05-27 19:13:01.613 10188 11235 D CompatibilityChangeReporter: Compat change id reported: 205907456; UID 1000; state: ENABLED
05-27 19:13:01.613 10188 11235 D WindowManager: startPausing: taskFrag =Task{ac83dd5 #35 type=standard A=1000:com.yadea.launcher.applist U=0 visible=true visibleRequested=true mode=fullscreen translucent=true sz=1} mResumedActivity=ActivityRecord{4184dde u0 com.yadea.launcher/.function.applist.AppListActivity} t35 d0}
05-27 19:13:01.613 10188 11235 I wm_pause_activity: [0,68701662,com.yadea.launcher/.function.applist.AppListActivity,userLeaving=true,pauseBackTasks]
05-27 19:13:01.614   581   581 I SpiService: fgesysctrl_getGPIO_status success val=1
05-27 19:13:01.615 10188 10630 I sysui_multi_action: [757,803,799,window_time_0,802,2]
05-27 19:13:01.615 10188 11235 D WindowManager: resumeTopActivity: Restarting ActivityRecord{d626870 u0 com.yadea.btmusic/.MainActivity} t47 d0}
05-27 19:13:01.616 10188 11235 D CompatibilityChangeReporter: Compat change id reported: 181136395; UID 1000; state: DISABLED
05-27 19:13:01.616 10188 11235 D CompatibilityChangeReporter: Compat change id reported: 174042936; UID 1000; state: DISABLED
05-27 19:13:01.616 10188 11235 I wm_restart_activity: [0,224553072,47,com.yadea.btmusic/.MainActivity]
05-27 09:04:10.578   581   581 D spi_rst_gpio_get_output: GPIO 145 value: 1
05-27 09:04:10.578   581   581 D spidev_ioctl: gpio status=1)
05-27 19:13:01.617 10188 11235 D WindowManager: setFocusedApp mFocusedApp = ActivityRecord{d626870 u0 com.yadea.btmusic/.MainActivity} t47 d0}displayId = 0Callers = com.android.server.wm.ActivityTaskManagerService.setResumedActivityUncheckLocked:4592 com.android.server.wm.TaskFragment.onActivityStateChanged:761 com.android.server.wm.ActivityRecord.setState:5499 com.android.server.wm.Task.minimalResumeActivityLocked:4795 
05-27 19:13:01.618 10188 11235 D WindowManager: Enter findFocusedWindowIfNeeded ,topFocusedDisplayId = -1, mPerDisplayFocusEnabled = true,(topFocusedDisplayId == INVALID_DISPLAY) = true, this = Display{#0 state=ON size=1280x720 ROTATION_0}
05-27 19:13:01.618 10188 11235 D WindowManager: findFocusedWindow: Reached focused app , focusedApp = ActivityRecord{d626870 u0 com.yadea.btmusic/.MainActivity} t47 d0}, activity = ActivityRecord{4184dde u0 com.yadea.launcher/.function.applist.AppListActivity} t35 d0}
05-27 19:13:01.618 10188 11235 D WindowManager: Enter findFocusedWindow mTmpWindow = null, mFindFocusedWindow = com.android.server.wm.DisplayContent$$ExternalSyntheticLambda20@7fd1f20, this = Display{#0 state=ON size=1280x720 ROTATION_0}, mFocusedApp = ActivityRecord{d626870 u0 com.yadea.btmusic/.MainActivity} t47 d0}
05-27 19:13:01.618 10188 11235 D WindowManager: updateFocusedWindowLocked , mode = 0, updateInputWindows = true,topFocusedDisplayId = -1,newFocus= null, mCurrentFocus = Window{d38d48f u0 com.yadea.launcher/com.yadea.launcher.function.applist.AppListActivity}-[Surface(name=*Title#826)/@0xb041383], callers=com.android.server.wm.RootWindowContainer.updateFocusedWindowLocked:493 com.android.server.wm.WindowManagerService.updateFocusedWindowLocked:6165 com.android.server.wm.ActivityTaskManagerService.setResumedActivityUncheckLocked:4594 com.android.server.wm.TaskFragment.onActivityStateChanged:761 com.android.server.wm.ActivityRecord.setState:5499 com.android.server.wm.Task.minimalResumeActivityLocked:4795 com.android.server.wm.ActivityTaskSupervisor.realStartActivityLocked:976 com.android.server.wm.ActivityTaskSupervisor.startSpecificActivity:1043 com.android.server.wm.TaskFragment.resumeTopActivity:1483 com.android.server.wm.Task.resumeTopActivityInnerLocked:5047 
05-27 19:13:01.619 10188 11235 I WindowManager: Input focus has changed to null from d38d48f com.yadea.launcher/com.yadea.launcher.function.applist.AppListActivity mDisplayId 0 updateInputWindows true, callers=com.android.server.wm.DisplayContent.updateFocusedWindowLocked:3778 com.android.server.wm.RootWindowContainer.updateFocusedWindowLocked:493 com.android.server.wm.WindowManagerService.updateFocusedWindowLocked:6165 com.android.server.wm.ActivityTaskManagerService.setResumedActivityUncheckLocked:4594 com.android.server.wm.TaskFragment.onActivityStateChanged:761 
05-27 19:13:01.619 13911 14183 I SentryImuMcuAngleSender: -179.99649rollDeg
05-27 19:13:01.619 13911 14183 I SentryImuMcuAngleSender: 1,0,0
05-27 19:13:01.619 10188 11235 D WindowManager: Enter findFocusedWindowIfNeeded ,topFocusedDisplayId = 0, mPerDisplayFocusEnabled = true,(topFocusedDisplayId == INVALID_DISPLAY) = false, this = Display{#2 state=ON size=1280x720 ROTATION_0}
05-27 19:13:01.619 10188 11235 D WindowManager: Enter findFocusedWindow mTmpWindow = null, mFindFocusedWindow = com.android.server.wm.DisplayContent$$ExternalSyntheticLambda20@d9d674e, this = Display{#2 state=ON size=1280x720 ROTATION_0}, mFocusedApp = null
05-27 19:13:01.619   581   581 I SpiService: fgesysctrl_getGPIO_status success val=1
05-27 19:13:01.619 10188 11235 D WindowManager: updateFocusedWindowLocked , mode = 0, updateInputWindows = true,topFocusedDisplayId = 0,newFocus= null, mCurrentFocus = null, callers=com.android.server.wm.RootWindowContainer.updateFocusedWindowLocked:493 com.android.server.wm.WindowManagerService.updateFocusedWindowLocked:6165 com.android.server.wm.ActivityTaskManagerService.setResumedActivityUncheckLocked:4594 com.android.server.wm.TaskFragment.onActivityStateChanged:761 com.android.server.wm.ActivityRecord.setState:5499 com.android.server.wm.Task.minimalResumeActivityLocked:4795 com.android.server.wm.ActivityTaskSupervisor.realStartActivityLocked:976 com.android.server.wm.ActivityTaskSupervisor.startSpecificActivity:1043 com.android.server.wm.TaskFragment.resumeTopActivity:1483 com.android.server.wm.Task.resumeTopActivityInnerLocked:5047 
05-27 19:13:01.620 10188 11235 I wm_set_resumed_activity: [0,com.yadea.btmusic/.MainActivity,minimalResumeActivityLocked]
05-27 19:13:01.620  3878  3878 D AnwSdkService: onCreate end
05-27 19:13:01.620 10188 11235 I ActivityTaskManager: ->startActivity for ActivityRecord{d626870 u0 com.yadea.btmusic/.MainActivity} t47 d0} result:START_SUCCESS
05-27 19:13:01.621 10188 11235 D WindowManager: Display{#2 state=ON size=1280x720 ROTATION_0} applySurfaceChangesTransaction  mTmpUpdateAllDrawn.isEmpty true
05-27 09:04:10.584   581   581 D spi_rst_gpio_get_output: GPIO 145 value: 1
05-27 09:04:10.584   581   581 D spidev_ioctl: gpio status=1)
05-27 19:13:01.622  3878  3878 D AnwSdkService: onBind
05-27 19:13:01.623 10188 11235 D WindowManager: Display{#0 state=ON size=1280x720 ROTATION_0} applySurfaceChangesTransaction  mTmpUpdateAllDrawn.isEmpty true
05-27 09:04:10.589   581   581 D spi_rst_gpio_get_output: GPIO 145 value: 1
05-27 09:04:10.589   581   581 D spidev_ioctl: gpio status=1)
05-27 19:13:01.624 10188 11235 D CompatibilityChangeReporter: Compat change id reported: 194833441; UID 1000; state: ENABLED
05-27 19:13:01.625   581   581 I SpiService: fgesysctrl_getGPIO_status success val=1
05-27 19:13:01.625 10188 10637 I input_focus: [Requesting to set focus to null window,reason=UpdateInputWindows, mCurrentFocusWindow=d38d48f com.yadea.launcher/com.yadea.launcher.function.applist.AppListActivity]
05-27 19:13:01.625 13435 13435 D BtManager: onServiceConnected
05-27 19:13:01.626  3878  3911 D AnwSdkService: GetPowerStatus = POWER_OFF
05-27 19:13:01.627  3878  3911 D AnwSdkService: ANWBT_GetBTPowerStatus() POWER_OFF
05-27 19:13:01.627  3878  3911 D AnwSdkService: GetPowerStatus = POWER_OFF
05-27 19:13:01.628 13435 13435 D BtManager: ANWBT_BTPowerOn
05-27 19:13:01.628 13435 13435 D BtManager: ANWBT_GetBTPowerStatus
05-27 19:13:01.628  3878  3911 D AnwSdkService: GetPowerStatus = POWER_OFF
05-27 19:13:01.629  3878  3911 D AnwSdkService: ANWBT_GetBTPowerStatus() POWER_OFF
05-27 19:13:01.629  3878  3911 D AnwSdkService: GetPowerStatus = POWER_OFF
05-27 19:13:01.626 11346 11405 I CAR.AM  : onForegroundActivitiesChanged uid 1000 pid 3879 fg true
05-27 19:13:01.629  3878  3911 D AnwSdkService: anw-update,bt_java_data:20260516
05-27 19:13:01.629  3878  3911 D AnwSdkService: ANWBT_BTPowerOn()
05-27 19:13:01.630  3878  3911 D AnwSdkService: GetPowerStatus = POWER_OFF
05-27 19:13:01.630   581   581 I SpiService: fgesysctrl_getGPIO_status success val=1
05-27 19:13:01.630  3878  3911 D AnwSdkService: SetPowerStatus = POWER_ONING
05-27 19:13:01.630 11344 11430 D SystemUI_ActivityManagerService: handleTopTaskChanged pkg:com.yadea.btmusic;className:com.yadea.btmusic.MainActivity;displayId:0;reason:onTaskMovedToFront
05-27 19:13:01.630 11344 11430 D SystemUI_NavBarFragment: onTaskMovedToFront pkg:com.yadea.btmusic;className:com.yadea.btmusic.MainActivity
05-27 19:13:01.630 11344 11430 D SystemUI_ActivityManagerService: onTaskFocusChanged ignore taskId=35;focused=false
05-27 19:13:01.631 11344 11430 D SystemUI_ActivityManagerService: onTaskFocusChanged ignore taskId=47;focused=true
05-27 19:13:01.632 11344 11344 D TopActivityChangeManager: setCurrentTopActivity topActivityClassName: com.yadea.btmusic.MainActivity ,result: true
05-27 19:13:01.632 11344 11344 I SystemUI_ActorController: hideShortcutWindow()
05-27 19:13:01.632 11344 11344 E SystemUI_QuickSettingActor: -------------hide------------
05-27 19:13:01.632 11344 11344 D SystemUI_NavBarFragment: changeNavSelector: 1
05-27 19:13:01.632 10188 11235 D WindowManager: relayoutWindow: Window=Window{d38d48f u0 com.yadea.launcher/com.yadea.launcher.function.applist.AppListActivity}-[Surface(name=*Title#826)/@0xb041383] ,oldVis=0 ,newVis=0 ,focusMayChange=false, win.mViewVisibility = 0, viewVisibility = 0, flagChanges & FLAG_NOT_FOCUSABLE = 0, !win.mRelayoutCalled = false
05-27 19:13:01.632 10188 11235 D WindowManager: Display{#2 state=ON size=1280x720 ROTATION_0} applySurfaceChangesTransaction  mTmpUpdateAllDrawn.isEmpty true
05-27 19:13:01.633 11344 11344 D TopActivityChangeManager: mTopActivityChangeContentObserver topActivityClassName: com.yadea.btmusic.MainActivity
05-27 09:04:10.594   581   581 D spi_rst_gpio_get_output: GPIO 145 value: 1
05-27 19:13:01.633 30773 30785 I dvr_service_: [EncoderHandler::runMediaThread] runMediaThread started:1,state:1, cam2:started:1,state:1, lastSwitch:1, mIsMuxerStart:1,format:0,is_str_ing:0
05-27 19:13:01.633 11344 11344 D SystemUI_GestureServiceConnector: setDZoneNormalSubPageMode: DZoneClick will go to S1
05-27 09:04:10.595   581   581 D spidev_ioctl: gpio status=1)
05-27 19:13:01.634 10188 11235 D WindowManager: Display{#0 state=ON size=1280x720 ROTATION_0} applySurfaceChangesTransaction  mTmpUpdateAllDrawn.isEmpty true
05-27 19:13:01.634 10188 11485 D PowerController.AppState: - reportAppStateEventInfo() E -
05-27 19:13:01.634 10188 11499 D PowerController.RecogA: handleMessage(MSG_REPORT_EVENT)
05-27 19:13:01.634 10188 11235 D WindowManager: relayoutWindow: Window=Window{d38d48f u0 com.yadea.launcher/com.yadea.launcher.function.applist.AppListActivity}-[Surface(name=*Title#826)/@0xb041383],focusMayChange = false
05-27 19:13:01.634 10188 11485 D PowerController.AppState: - reportAppStateEventInfo() E -
05-27 19:13:01.634 10188 11485 D PowerController.AppState: - reportAppStateEventInfo() E -
05-27 19:13:01.635 10188 11499 D PowerController.RecogA: handleMessage(MSG_REPORT_EVENT)
05-27 19:13:01.635 10188 11499 D PowerController.RecogA: handleMessage(MSG_REPORT_EVENT)
05-27 19:13:01.635 10188 10637 D WindowManager: inputWindowHandle changed and setInputWindowInfo inputWindowHandle = d38d48f com.yadea.launcher/com.yadea.launcher.function.applist.AppListActivity, frame=[0,0,0,0], touchableRegion=SkRegion((0,0,1280,720)), scaleFactor=1.0, transform=null, windowToken=android.os.BinderProxy@c59c7ee, isClone=false, inputConfig=8, layoutParamsFlags=-2122251984, layoutParamsType=2, surfaceInset=0, changed=true
05-27 19:13:01.635 10188 11485 D PowerController.AppState: - reportAppStateEventInfo() E -
05-27 19:13:01.635 10188 11499 D PowerController.RecogA: handleMessage(MSG_REPORT_EVENT)
05-27 19:13:01.635 11579 11579 D ViewRootImpl: performTraversals relayoutWindow: maybeSyncSeqId=-1, mSyncSeqId=0, relayoutResult=0
05-27 19:13:01.635   581   581 I SpiService: fgesysctrl_getGPIO_status success val=0
05-27 19:13:01.636 10188 11505 D CompatibilityChangeReporter: Compat change id reported: 197654537; UID 1000; state: DISABLED
05-27 09:04:10.600   581   581 D spi_rst_gpio_get_output: GPIO 145 value: 0
05-27 19:13:01.637 11579 11579 I wm_on_top_resumed_lost_called: [68701662,com.yadea.launcher.function.applist.AppListActivity,topStateChangedWhenResumed]
05-27 09:04:10.600   581   581 D spidev_ioctl: gpio status=0)
05-27 19:13:01.639 11579 11579 D NSLogUtils_AppListActivity: onPause: 
05-27 19:13:01.640 11579 11579 D FragmentManager: movefrom RESUMED: ApplistFragment{40f7745} (b757c3cd-9f2e-42a1-9a3b-5d6b93240c29 id=0x7f0902a2 tag=android:switcher:2131296930:0)
05-27 19:13:01.640 11579 11579 I wm_on_paused_called: [68701662,com.yadea.launcher.function.applist.AppListActivity,performPause]
05-27 19:13:01.641 13911 14183 I SentryImuMcuAngleSender: 180.0rollDeg
05-27 19:13:01.641 13911 14183 I SentryImuMcuAngleSender: 1,0,0
05-27 19:13:01.645   830   830 D SurfaceFlinger: unisoc-graphics, commit has frameMissed:2, vysncId:452138
05-27 19:13:01.648 10188  6599 D InputManager: setFocusedWindow:request.displayId is 0
05-27 19:13:01.648 10188  6599 I InputDispatcher: disablePointerCaptureForcedLocked:return
05-27 19:13:01.648 10188 11033 I input_focus: [Focus leaving d38d48f com.yadea.launcher/com.yadea.launcher.function.applist.AppListActivity (server),reason=Waiting for window because NOT_FOCUSABLE]
05-27 19:13:01.649   581   581 I SpiService: fgesysctrl_getGPIO_status success val=1
05-27 19:13:01.650 10188 10188 D JobScheduler.Quota: Processing event 6 for <0>com.yadea.btmusic
05-27 19:13:01.650 10188 10188 D JobScheduler.Quota: Processing event 2 for <0>com.yadea.launcher
05-27 19:13:01.650 10188 10188 D JobScheduler.Quota: Crediting <0>com.yadea.launcher 10000ms for 1 time chunks
05-27 19:13:01.650  3878  3928 I ANWJNI_SECOND: anw-update,bt_jni_data: 20260516
05-27 09:04:10.614   581   581 D spi_rst_gpio_get_output: GPIO 145 value: 1
05-27 19:13:01.650 10188 10188 D JobScheduler.Quota: debits overflowed by -10000
05-27 19:13:01.650  3878  3928 D ANWAPI_SECOND: (3878|0x285E3CB0)[BTAPI] SDK >>>>AnWBT_Snoop_Open
05-27 19:13:01.650  3879  3879 D CompatibilityInfo: applyToConfigurationCompat inoutConfig.densityDpi= 160
05-27 19:13:01.651 10188 10188 D JobScheduler.Quota: Processing event 1 for <0>com.yadea.btmusic
