05-27 19:12:57.476   581   581 I SpiService: fgesysctrl_getGPIO_status success val=1
05-27 09:04:06.441   581   581 D spi_rst_gpio_get_output: GPIO 145 value: 1
05-27 09:04:06.441   581   581 D spidev_ioctl: gpio status=1)
05-27 19:12:57.477   572   622 I Sensors : 230 GyroSensor: x:-0.011301,y:0.005115,z:0.002443
05-27 19:12:57.478 10188 16726 D JobScheduler: CANCEL: 7a86b2e #u0a80/17 com.tencent.wecarnavi/androidx.work.impl.background.systemjob.SystemJobService
05-27 19:12:57.478 10188 16726 I JobScheduler.Time: Skipping JobStatus{9160192 #1000/13254266 android/com.android.server.camera.CameraStatsJobService u=0 s=1000 TIME=+20h44m25s261ms:none IDLE satisfied:0xb400000 unsatisfied:0x80000004} because delay won't make it ready.
05-27 19:12:57.478 10188 16726 I JobScheduler.Time: Skipping JobStatus{b411781 #1000/808 android/com.android.server.MountServiceIdler u=0 s=1000 TIME=+1d3h47m2s522ms:none CHARGING BATNOTLOW IDLE satisfied:0xb400003 unsatisfied:0x80000004} because delay won't make it ready.
05-27 19:12:57.478 10188 16726 D JobScheduler.Time: Setting *job.delay* for: 2026-05-27 23:23:19
05-27 19:12:57.479 10188 16726 D AlarmManagerService: set alarm to kernel: 12248.578000000, type=2 
05-27 19:12:57.479 10188 16726 D AlarmManagerService: set alarm to kernel: 12247.251000000, type=3 
05-27 19:12:57.479 10188 16726 D AlarmManagerService: set alarm to kernel: 12248.578000000, type=2 
05-27 19:12:57.479 10188 16726 D AlarmManagerService: set alarm to kernel: 12247.251000000, type=3 
05-27 19:12:57.479 10188 16726 D JobScheduler.Time: JobInfo : packageName = android, serviceComponent = ComponentInfo{android/com.android.server.backup.KeyValueBackupJob}, sourceUid = 1000, alarmTimeElapsed = 2026-05-27 23:23:19
05-27 19:12:57.479 10188 16726 D JobScheduler.Time: JobInfo : packageName = android, serviceComponent = ComponentInfo{android/com.android.server.net.watchlist.ReportWatchlistJobService}, sourceUid = 1000, alarmTimeElapsed = 2026-05-28 07:21:23
05-27 19:12:57.480 10188 11034 D InputReader: syncTouch: pointerCount 1 -> 1, touching ids 0x80000000 -> 0x80000000, hovering ids 0x00000000 -> 0x00000000, canceled ids 0x00000000
05-27 19:12:57.480 10188 11034 D InputReader: dispatchTouches action MOVE now(ns): 12244730913007
05-27 19:12:57.480 10188 11034 D InputReader: notifyMotion call dispatcher
05-27 19:12:57.480 10188 10188 D JobScheduler: MSG_CHECK_CHANGED_JOB_LIST
05-27 19:12:57.480 10188 10188 D JobScheduler: Check changed jobs...
05-27 19:12:57.481 10188 10632 D VelocityTracker: VelocityTracker: addMovement eventTime=12244730647000, idBits=0x80000000, activePointerId=0
05-27 19:12:57.481 10188 10188 D JobScheduler: maybeQueueReadyJobsForExecutionLocked: Not running anything.
05-27 19:12:57.481 10188 10632 D VelocityTracker:   0: position (220.827, 579.196), estimator (degree=2, xCoeff=[ 219.628571, -1025.695557, -4406.804688 ], yCoeff=[ 581.188477, 1049.391602, -1314.564331 ], confidence=1.000000)
05-27 19:12:57.481 10188 10188 D JobScheduler: pending queue: 0 jobs.
05-27 19:12:57.481 10188 10188 D JobScheduler.Concurrency: Pending queue: 
05-27 19:12:57.481   581   581 I SpiService: fgesysctrl_getGPIO_status success val=1
05-27 09:04:06.446   581   581 D spi_rst_gpio_get_output: GPIO 145 value: 1
05-27 09:04:06.446   581   581 D spidev_ioctl: gpio status=1)
05-27 19:12:57.487   581   581 I SpiService: fgesysctrl_getGPIO_status success val=1
05-27 09:04:06.451   581   581 D spi_rst_gpio_get_output: GPIO 145 value: 1
05-27 09:04:06.451   581   581 D spidev_ioctl: gpio status=1)
05-27 19:12:57.490 13911 14183 I SentryImuMcuAngleSender: 179.97197rollDeg
05-27 19:12:57.490 13911 14183 I SentryImuMcuAngleSender: 1,0,0
05-27 19:12:57.492   581   581 I SpiService: fgesysctrl_getGPIO_status success val=0
05-27 09:04:06.457   581   581 D spi_rst_gpio_get_output: GPIO 145 value: 0
05-27 09:04:06.457   581   581 D spidev_ioctl: gpio status=0)
05-27 19:12:57.489  3792  3792 I auditd  : type=1400 audit(0.0:82388): avc: denied { fsetid } for comm="chmod" capability=4 scontext=u:r:toolbox:s0 tcontext=u:r:toolbox:s0 tclass=capability permissive=1
05-27 19:12:57.489  3792  3792 I chmod   : type=1400 audit(0.0:82388): avc: denied { fsetid } for capability=4 scontext=u:r:toolbox:s0 tcontext=u:r:toolbox:s0 tclass=capability permissive=1
05-27 19:12:57.497 10188 11034 D InputReader: syncTouch: pointerCount 1 -> 1, touching ids 0x80000000 -> 0x80000000, hovering ids 0x00000000 -> 0x00000000, canceled ids 0x00000000
05-27 19:12:57.497 10188 11034 D InputReader: dispatchTouches action MOVE now(ns): 12244748198892
05-27 19:12:57.497 10188 11034 D InputReader: notifyMotion call dispatcher
05-27 19:12:57.497 10188 10632 D VelocityTracker: VelocityTracker: addMovement eventTime=12244747782000, idBits=0x80000000, activePointerId=0
05-27 19:12:57.497 10188 10632 D VelocityTracker:   0: position (213.833, 587.185), estimator (degree=2, xCoeff=[ 212.082657, -647.732056, 688.736328 ], yCoeff=[ 588.207397, 469.789856, -6746.902344 ], confidence=1.000000)
05-27 19:12:57.506   581   581 I SpiService: fgesysctrl_getGPIO_status success val=1
05-27 09:04:06.471   581   581 D spi_rst_gpio_get_output: GPIO 145 value: 1
05-27 09:04:06.471   581   581 D spidev_ioctl: gpio status=1)
05-27 19:12:57.511 13911 14183 I SentryImuMcuAngleSender: 179.98598rollDeg
05-27 19:12:57.512 13911 14183 I SentryImuMcuAngleSender: 1,0,0
05-27 19:12:57.512 10188 11034 I InputReader: processEventsLocked: type=3 Count=3 code=57 value=-1 deviceId=5 when=12244763466000
05-27 19:12:57.512   649   723 D UniTelDemo: input code = 330, value = 0
05-27 19:12:57.512 10188 11034 D InputReader: syncTouch: pointerCount 1 -> 0, touching ids 0x80000000 -> 0x00000000, hovering ids 0x00000000 -> 0x00000000, canceled ids 0x00000000
05-27 19:12:57.512 10188 11034 D InputReader: dispatchTouches action UP now(ns): 12244763669392
05-27 19:12:57.512 10188 11034 D InputReader: notifyMotion call dispatcher
05-27 19:12:57.513   581   581 I SpiService: fgesysctrl_getGPIO_status success val=1
05-27 09:04:06.477   581   581 D spi_rst_gpio_get_output: GPIO 145 value: 1
05-27 09:04:06.477   581   581 D spidev_ioctl: gpio status=1)
05-27 19:12:57.516   536   536 D commservice260303: msg.id = 1028,0
05-27 19:12:57.516   536   536 D commservice260303: i = 170, msgid = 8A000404
05-27 19:12:57.516   536   536 D commservice260303: msgid = -1979710460,did=138
05-27 19:12:57.516   536   536 D commservice260303: CommProtocolLibCmdBaseI2C::dataproc {"command":{"id":"imu_status","sub":""},"content":{"TimeStamp":12,"FrameCounter":288314,"GD_X":-0.011682018637657166,"GD_Y":0.0059551820158958435,"GD_Z":0.00259606190957129,"AD_X":-0.004938170313835144,"AD_Y":-0.0019724296871572733,"AD_Z":-0.16764068603515625,"TempDsp":0,"Status":0,"CalibState":1,"SigAmpInvalid":0}},-1979710460
05-27 19:12:57.517   536   536 D commservice260303: send2Cluster len:317, 7B22636F6D6D616E64223A7B226964223A22696D755F737461747573222C22737562223A22227D2C22636F6E74656E74223A7B2254696D655374616D70223A31322C224672616D65436F756E746572223A3238383331342C2247445F58223A2D302E3031313638323031383633373635373136362C2247445F59223A302E303035393535313832303135383935383433352C2247445F5A223A302E30303235393630363139303935373132392C2241445F58223A2D302E3030343933383137303331333833353134342C2241445F59223A2D302E303031393732343239363837313537323733332C2241445F5A223A2D302E31363736343036383630333531353632352C2254656D70447370223A302C22537461747573223A302C2243616C69625374617465223A312C22536967416D70496E76616C6964223A307D7D, 138 
05-27 19:12:57.517   536   536 D commservice260303: Push Message into SendPool fn=296354816
05-27 19:12:57.517   536   536 D commservice260303: ComProtocolLibSend2Cluster::send2ClusterRaw fn=296354816 , len=333
05-27 19:12:57.517   536   536 D commservice260303: sendCmdToPort :333!!!
05-27 19:12:57.517   536   536 D commservice260303: send Cmd To Port ++++5AA501498A010004AA116A16D1B97B22636F6D6D616E64223A7B226964223A22696D755F737461747573222C22737562223A22227D2C22636F6E74656E74223A7B2254696D655374616D70223A31322C224672616D65436F756E746572223A3238383331342C2247445F58223A2D302E3031313638323031383633373635373136362C2247445F59223A302E303035393535313832303135383935383433352C2247445F5A223A302E30303235393630363139303935373132392C2241445F58223A2D302E3030343933383137303331333833353134342C2241445F59223A2D302E303031393732343239363837313537323733332C2241445F5A223A2D302E31363736343036383630333531353632352C2254656D70447370223A302C22537461747573223A302C2243616C69625374617465223A312C22536967416D70496E76616C6964223A307D7DEBEF
05-27 19:12:57.517   536   536 D commservice260303: bufferevent_write retrun value = 0
05-27 19:12:57.517   536   560 D commservice260303: client datas send succeed,send finish
05-27 19:12:57.517 13911 14192 D Sentinelmode_1.2.5.17_sentry: <SentryImuClusterFgeSender>imu_status sent to Linux, frame=288314, tsNs=12244759, tsMs=12, intervalMs=43, ad=(-0.0049381703,-0.0019724297,-0.16764069), gd=(-0.011682019,0.005955182,0.002596062)
05-27 19:12:57.518   581   581 I SpiService: fgesysctrl_getGPIO_status success val=1
05-27 19:12:57.520 11579 11579 D VelocityTracker: VelocityTracker: addMovement eventTime=12244696237000, idBits=0x80000000, activePointerId=0
05-27 19:12:57.520 11579 11579 D VelocityTracker:   0: position (248.806, 387.243), estimator (degree=2, xCoeff=[ 249.781113, -721.565918, -4656.051270 ], yCoeff=[ 383.953247, 960.422607, -3467.581299 ], confidence=1.000000)
05-27 19:12:57.520 11579 11579 D VelocityTracker: VelocityTracker: addMovement eventTime=12244715126000, idBits=0x80000000, activePointerId=0
05-27 19:12:57.520 11579 11579 D VelocityTracker:   0: position (232.818, 409.212), estimator (degree=2, xCoeff=[ 232.522278, -1002.772278, -5703.705078 ], yCoeff=[ 409.738586, 1282.442871, 951.603333 ], confidence=1.000000)
05-27 19:12:57.520 11579 11579 D VelocityTracker: VelocityTracker: addMovement eventTime=12244730647000, idBits=0x80000000, activePointerId=0
05-27 19:12:57.520 11579 11579 D VelocityTracker:   0: position (220.827, 421.196), estimator (degree=2, xCoeff=[ 219.364960, -1049.708862, -4735.123047 ], yCoeff=[ 423.755493, 1106.610596, -554.989014 ], confidence=1.000000)
05-27 19:12:57.520 11579 11579 D VelocityTracker: VelocityTracker: addMovement eventTime=12244747782000, idBits=0x80000000, activePointerId=0
05-27 19:12:57.520 11579 11579 D VelocityTracker:   0: position (213.833, 429.185), estimator (degree=2, xCoeff=[ 211.884720, -674.402344, 421.674713 ], yCoeff=[ 430.379700, 491.169281, -6565.584961 ], confidence=1.000000)
05-27 09:04:06.483   581   581 D spi_rst_gpio_get_output: GPIO 145 value: 1
05-27 09:04:06.483   581   581 D spidev_ioctl: gpio status=1)
05-27 19:12:57.524   581   581 I SpiService: fgesysctrl_getGPIO_status success val=1
05-27 09:04:06.488   581   581 D spi_rst_gpio_get_output: GPIO 145 value: 1
05-27 09:04:06.488   581   581 D spidev_ioctl: gpio status=1)
05-27 09:04:06.494   581   581 D spi_rst_gpio_get_output: GPIO 145 value: 1
05-27 09:04:06.494   581   581 D spidev_ioctl: gpio status=1)
05-27 19:12:57.525  3711  3757 D ANWStack: Realtek Bluetooth :01 01 10 00
05-27 19:12:57.529   581   581 I SpiService: fgesysctrl_getGPIO_status success val=1
05-27 19:12:57.530 10188 10982 D BroadcastQueue: Add broadcast <BroadcastRecord{4cc69e1 u0 android.os.action.POWER_SAVE_TEMP_WHITELIST_CHANGED}> into [parallel | background], pending size 0
05-27 19:12:57.530   594   594 E vendor.sprd.hardware.memtrack-service: MemTrack_DEBUG--Open mali gpu_memory failed
05-27 19:12:57.530 10188 10982 D JobScheduler.Background: Job status updated: 27/27 checked/total jobs, 21 us
05-27 19:12:57.530 10188 10660 D BroadcastQueue: Done with parallel broadcast [background] [BroadcastRecord{4cc69e1 u0 android.os.action.POWER_SAVE_TEMP_WHITELIST_CHANGED}]
05-27 19:12:57.531 10188 10188 D JobScheduler.DeviceIdle: Got temp whitelist [1000, 1002]
05-27 19:12:57.531 10188 10982 D NetworkPolicy: no need to update restrict power rules for uid 10023
05-27 19:12:57.531 13911 14183 I SentryImuMcuAngleSender: 179.99298rollDeg
05-27 19:12:57.531 13911 14183 I SentryImuMcuAngleSender: 1,0,0
05-27 19:12:57.533 28437 28493 D ANW_AVRCP: (28437|0xFF195CB0)[AVRCP] API getPlayStatusTimerHandler
05-27 19:12:57.533 28437 28493 D ANW_AVRCP: (28437|0xFF195CB0)[AVRCP] API AVRCP_GetPlayStatus
05-27 19:12:57.533 28437 28493 D ANWStack: [  12244784][ANWBT] <<Avctp_Send_Message 0/1:
05-27 19:12:57.533 28437 28493 D ANWStack: 
05-27 19:12:57.533 28437 28493 D ANWStack: [  12244784][ANWBT] L2CAP: L2_RetrieveHandle called, cid=0x84
05-27 19:12:57.533 28437 28493 D ANWStack: 
05-27 19:12:57.535   581   581 I SpiService: fgesysctrl_getGPIO_status success val=0
05-27 19:12:57.543 28437 28493 D ANWAPI  : (28437|0xFF195CB0)[BTAPI] AnwhciEventCallback 19 1
05-27 19:12:57.546 28437 28493 D ANWStack: [  12244797][ANWBT] >>Avctp_L2cap_Data_Ind_Cb
05-27 19:12:57.546 28437 28493 D ANWStack: 
05-27 19:12:57.546 28437 28493 D ANWStack: [  12244797][ANWBT] AVCTP Message Length = 22
05-27 19:12:57.546 28437 28493 D ANWStack: [  12244797][ANWBT] Receive AVCTP_SINGLE_PACKET
05-27 09:04:06.499   581   581 D spi_rst_gpio_get_output: GPIO 145 value: 0
05-27 09:04:06.499   581   581 D spidev_ioctl: gpio status=0)
05-27 09:04:06.513   581   581 D spi_rst_gpio_get_output: GPIO 145 value: 1
05-27 09:04:06.513   581   581 D spidev_ioctl: gpio status=1)
05-27 09:04:06.519   581   581 D spi_rst_gpio_get_output: GPIO 145 value: 1
05-27 09:04:06.519   581   581 D spidev_ioctl: gpio status=1)
05-27 19:12:57.545  3796  3796 I auditd  : type=1400 audit(0.0:82389): avc: denied { write } for comm="touch" name="default-1.txt" dev="vda93" ino=180272 scontext=u:r:toolbox:s0 tcontext=u:object_r:log_data_file:s0 tclass=file permissive=1
05-27 19:12:57.545  3796  3796 I touch   : type=1400 audit(0.0:82389): avc: denied { write } for name="default-1.txt" dev="vda93" ino=180272 scontext=u:r:toolbox:s0 tcontext=u:object_r:log_data_file:s0 tclass=file permissive=1
05-27 19:12:57.549   536   536 I auditd  : type=1400 audit(0.0:82390): avc: denied { write } for comm="fgecomservice@1" path="socket:[34776]" dev="sockfs" ino=34776 scontext=u:r:hal_fgecomservice_default:s0 tcontext=u:r:hal_fgecomservice_default:s0 tclass=vsock_socket permissive=1
05-27 19:12:57.549   536   536 I fgecomservice@1: type=1400 audit(0.0:82390): avc: denied { write } for path="socket:[34776]" dev="sockfs" ino=34776 scontext=u:r:hal_fgecomservice_default:s0 tcontext=u:r:hal_fgecomservice_default:s0 tclass=vsock_socket permissive=1
05-27 19:12:57.546 28437 28493 D ANW_AVRCP: (28437|0xFF195CB0)[AVRCP] [**AVRCP**] 0x92 0x110e
05-27 19:12:57.546 28437 28493 D ANW_AVRCP: (28437|0xFF195CB0)[AVRCP] opcode match 0x0
05-27 19:12:57.546 28437 28493 D ANW_AVRCP: 
05-27 19:12:57.546 28437 28493 D ANW_AVRCP: (28437|0xFF195CB0)[AVRCP] subopcode match 0x30, update ctype 0x1->0xc
05-27 19:12:57.546 28437 28493 D ANW_AVRCP: 
05-27 19:12:57.546 28437 28493 D ANW_AVRCP: (28437|0xFF195CB0)[AVRCP] AVRCP_Packet_Parser Response
05-27 19:12:57.546 28437 28493 D ANW_AVRCP: 
05-27 19:12:57.546 28437 28493 D ANW_AVRCP: (28437|0xFF195CB0)[AVRCP] AVRCP_Get_Play_Status_RSP_Handler 0/0 0
05-27 19:12:57.547 28437 28493 D ANWAPI  : (28437|0xFF195CB0)[BTAPI] connmgr_find_by_handle pData = 0xb40000740d7f9a10,7
05-27 19:12:57.547 28437 28493 D ANWAPI  : (28437|0xFF195CB0)[BTAPI] ===BTAPI_MallocIdxMsg 1030 16
05-27 19:12:57.547 28437 28493 D ANWAPI  : (28437|0xFF195CB0)[BTAPI] *BT_CB_Dispatch
05-27 19:12:57.547 28437 28493 D ANWAPI  : (28437|0xFF195CB0)[BTAPI] *****SDK callback(0x406)
05-27 09:04:06.524   581   581 D spi_rst_gpio_get_output: GPIO 145 value: 1
05-27 09:04:06.524   581   581 D spidev_ioctl: gpio status=1)
05-27 19:12:57.557   536   536 I auditd  : type=1400 audit(0.0:82391): avc: denied { getattr } for comm="fgecomservice@1" path="socket:[34776]" dev="sockfs" ino=34776 scontext=u:r:hal_fgecomservice_default:s0 tcontext=u:r:hal_fgecomservice_default:s0 tclass=vsock_socket permissive=1
05-27 19:12:57.557   536   536 I fgecomservice@1: type=1400 audit(0.0:82391): avc: denied { getattr } for path="socket:[34776]" dev="sockfs" ino=34776 scontext=u:r:hal_fgecomservice_default:s0 tcontext=u:r:hal_fgecomservice_default:s0 tclass=vsock_socket permissive=1
05-27 19:12:57.547 28437 28493 D ANWAPI  : (28437|0xFF195CB0)[BTAPI] SDK***** [58:b9:65:7c:37:70]
05-27 19:12:57.547 28437 28493 D ANWAPI  : (28437|0xFF195CB0)[BTAPI] btsdk_exec_apicb start
05-27 19:12:57.547 28437 28493 D ANWAPI  : (28437|0xFF195CB0)[BTAPI] Up: AvrcpMsgHandler receive[58:B9:65:7C:37:70], Get Device ID(0)
05-27 19:12:57.547 28437 28493 D ANWAPI  : 
05-27 19:12:57.547 28437 28493 D ANWAPI  : (28437|0xFF195CB0)[BTAPI] Up: AnWBT_AVRCP_CURRENT_PLAY_STATUS_IND
05-27 19:12:57.547 28437 28493 D ANWAPI  : 
05-27 19:12:57.547 28437 28493 D ANWAPI  : (28437|0xFF195CB0)[BTAPI] songLengthMs     =0
05-27 19:12:57.547 28437 28493 D ANWAPI  : 
05-27 19:12:57.547 28437 28493 D ANWAPI  : (28437|0xFF195CB0)[BTAPI] songPositionMs   =0
05-27 19:12:57.547 28437 28493 D ANWAPI  : 
05-27 09:04:06.530   581   581 D spi_rst_gpio_get_output: GPIO 145 value: 1
05-27 19:12:57.547 28437 28493 I ANW bt_btif: AvrcpMsgHandler: HAL bt_rc_ctrl_callbacks->play_position_changed_cb
05-27 09:04:06.530   581   581 D spidev_ioctl: gpio status=1)
05-27 19:12:57.547 28437 28493 I BluetoothAvrcpControllerJni: btavrcp_play_position_changed_callback
05-27 19:12:57.547 28437 28493 D AvrcpControllerService: onPlayPositionChanged pos 0
05-27 19:12:57.547 28437 28493 D ANWAPI  : (28437|0xFF195CB0)[BTAPI] currentPlayStatus=0
05-27 19:12:57.547 28437 28493 D ANWAPI  : 
05-27 19:12:57.547 28437 28493 I ANW bt_btif: AvrcpMsgHandler: HAL bt_rc_ctrl_callbacks->play_status_changed_cb
05-27 19:12:57.547 28437 28493 I BluetoothAvrcpControllerJni: btavrcp_play_status_changed_callback
05-27 19:12:57.547 28437  3402 D AvrcpControllerStateMachine: Avrcp.GetFolderList processMessage 206
05-27 19:12:57.548 28437 28493 D AvrcpControllerService: onPlayStatusChanged 0
05-27 19:12:57.548 28437  3402 D AvrcpControllerStateMachine: Avrcp.ConnectedAvrcpController processMessage 206
05-27 19:12:57.548 28437 28493 D ANWAPI  : (28437|0xFF195CB0)[BTAPI] btsdk_exec_apicb end
05-27 19:12:57.548 28437  3402 D AvrcpPlayer: getPlayBackState state 1 time 0
05-27 19:12:57.548 28437  3402 D BluetoothMediaBrowserService: notifyChanged PlaybackStatePlaybackState {state=1, position=0, buffered position=0, speed=0.0, updated=12244798, actions=16511, error code=0, error message=null, custom actions=[], active item id=-1}
05-27 19:12:57.549 28437  3402 D AvrcpControllerStateMachine: Avrcp.GetFolderList processMessage 207
05-27 19:12:57.549   581   581 I SpiService: fgesysctrl_getGPIO_status success val=1
05-27 19:12:57.549 15525 15525 I NSLogUtils_BtMusicModel: onPlaybackStateChanged state: PlaybackState {state=1, position=0, buffered position=0, speed=0.0, updated=12244798, actions=16511, custom actions=[], active item id=-1, error=null} mIsBCallInCall=false
05-27 19:12:57.549 28437  3402 D AvrcpControllerStateMachine: Avrcp.ConnectedAvrcpController processMessage 207
05-27 19:12:57.549 28437  3402 D AvrcpPlayer: getPlayBackState state 1 time 0
05-27 19:12:57.549 28437  3402 D BluetoothMediaBrowserService: notifyChanged PlaybackStatePlaybackState {state=1, position=0, buffered position=0, speed=0.0, updated=12244800, actions=16511, error code=0, error message=null, custom actions=[], active item id=-1}
05-27 19:12:57.550 15525 15525 I NSLogUtils_BtMusicModel: musicChange metaData: android.media.MediaMetadata@ce0e91
05-27 19:12:57.550 15525 15525 I NSLogUtils_BtMusicModel: musicChange title: null,artist: null,duration: 0,album: null,albumArtUri: null
05-27 19:12:57.550 15525 15525 D NSLogUtils_MediaForegroundService: updateNotification isPlaying=false title=null text=null
05-27 19:12:57.550   481   598 I mcuc    : rev,n=1,6AA681F6CE001B89008A0600030E303132333435363738394142434445464700864CBB
05-27 19:12:57.550   351   373 D automotive.vehicle@2.0-adayo-datacomm-mcu: MCUDatacomm sendMessageFromVehicle prop: 0x89, areaId: 0x0, status: 0x8a, timestamp: 0x6
05-27 19:12:57.550   351   373 D automotive.vehicle@2.0-adayo-datacomm-mcu: MCUDatacomm 1sendMessageFromVehicle ---> type = 3 
05-27 19:12:57.550   351   373 D automotive.vehicle@2.0-adayo-func-bcm: sendMessageFromVehicle sendMessageFromVehicle
05-27 19:12:57.550   351   516 D automotive.vehicle@2.0-adayo-func-bcm: jjfan1 ______procotolSize :1
05-27 19:12:57.551   351   516 D automotive.vehicle@2.0-adayo-func-bcm: BCMFunc sendMessageFromVehicle_l dataType: 13,mByte=7,propid=0x2110001a
05-27 19:12:57.551   351   516 D automotive.vehicle@2.0-adayo-func-bcm: BCMFunc VEHICLE_VIN_CODE111 0x2110001a 
05-27 19:12:57.551   351   516 E automotive.vehicle@2.0-adayo-func-bcm: byteArrayToASCIIString, index 7 hex: 30, ascii: 0
05-27 19:12:57.551   351   516 E automotive.vehicle@2.0-adayo-func-bcm: byteArrayToASCIIString, index 8 hex: 31, ascii: 01
05-27 19:12:57.551   351   516 E automotive.vehicle@2.0-adayo-func-bcm: byteArrayToASCIIString, index 9 hex: 32, ascii: 012
05-27 19:12:57.551 15525 15525 I NSLogUtils_MediaForegroundService: getAlbumArtBitmap IMG uri is null
05-27 19:12:57.551   351   516 E automotive.vehicle@2.0-adayo-func-bcm: byteArrayToASCIIString, index 10 hex: 33, ascii: 0123
05-27 19:12:57.551   351   516 E automotive.vehicle@2.0-adayo-func-bcm: byteArrayToASCIIString, index 11 hex: 34, ascii: 01234
05-27 19:12:57.551   351   516 E automotive.vehicle@2.0-adayo-func-bcm: byteArrayToASCIIString, index 12 hex: 35, ascii: 012345
05-27 19:12:57.551   351   516 E automotive.vehicle@2.0-adayo-func-bcm: byteArrayToASCIIString, index 13 hex: 36, ascii: 0123456
05-27 19:12:57.551   351   516 E automotive.vehicle@2.0-adayo-func-bcm: byteArrayToASCIIString, index 14 hex: 37, ascii: 01234567
05-27 19:12:57.551   351   516 E automotive.vehicle@2.0-adayo-func-bcm: byteArrayToASCIIString, index 15 hex: 38, ascii: 012345678
05-27 19:12:57.551   351   516 E automotive.vehicle@2.0-adayo-func-bcm: byteArrayToASCIIString, index 16 hex: 39, ascii: 0123456789
05-27 19:12:57.551   351   516 E automotive.vehicle@2.0-adayo-func-bcm: byteArrayToASCIIString, index 17 hex: 41, ascii: 0123456789A
05-27 19:12:57.551   351   516 E automotive.vehicle@2.0-adayo-func-bcm: byteArrayToASCIIString, index 18 hex: 42, ascii: 0123456789AB
05-27 19:12:57.551   351   516 E automotive.vehicle@2.0-adayo-func-bcm: byteArrayToASCIIString, index 19 hex: 43, ascii: 0123456789ABC
05-27 19:12:57.551   351   516 E automotive.vehicle@2.0-adayo-func-bcm: byteArrayToASCIIString, index 20 hex: 44, ascii: 0123456789ABCD
05-27 19:12:57.551   351   516 E automotive.vehicle@2.0-adayo-func-bcm: byteArrayToASCIIString, index 21 hex: 45, ascii: 0123456789ABCDE
05-27 19:12:57.551   351   516 E automotive.vehicle@2.0-adayo-func-bcm: byteArrayToASCIIString, index 22 hex: 46, ascii: 0123456789ABCDEF
05-27 19:12:57.551   351   516 E automotive.vehicle@2.0-adayo-func-bcm: byteArrayToASCIIString, index 23 hex: 47, ascii: 0123456789ABCDEFG
05-27 19:12:57.551   351   516 D automotive.vehicle@2.0-adayo-func-bcm: BCMFunc VEHICLE_VIN_CODE222 0x2110001a ,value:0123456789ABCDEFG
05-27 19:12:57.551   351   516 D automotive.vehicle@2.0-adayo-func-bcm: BCMFunc sendMessageFromVehicle_l id:554696730, area:0 not report! 
05-27 19:12:57.551 28437 28437 W AudioMediaPlayerWrapper: onPlaybackStateChanged(): com.android.bluetooth tried to update with no new data
05-27 19:12:57.552 28437  3402 D AvrcpControllerStateMachine: Avrcp.ConnectedAvrcpController shouldRequestFocus() true
05-27 19:12:57.552 13911 14183 I SentryImuMcuAngleSender: 179.986rollDeg
05-27 19:12:57.552 13911 14183 I SentryImuMcuAngleSender: 1,0,0
05-27 19:12:57.553 28437 28437 W AudioMediaPlayerWrapper: onPlaybackStateChanged(): com.android.bluetooth tried to update with no new data
05-27 19:12:57.553 10188 10188 D NotificationService: EnqueueNotificationRunnable.run for: 0|com.yadea.btmusic|8001|null|1000
05-27 19:12:57.553 10188 10188 I notification_enqueue: [1000,15525,com.yadea.btmusic,8001,NULL,0,Notification(channel=media_playback_channel shortcut=null contentView=null vibrate=null sound=null defaults=0x0 flags=0x48 color=0x00000000 category=transport groupKey=silent actions=3 vis=PUBLIC),1]
05-27 19:12:57.554   581   581 I SpiService: fgesysctrl_getGPIO_status success val=1
05-27 19:12:57.555   536   536 D commservice260303: msg.id = 1028,0
05-27 19:12:57.555   536   536 D commservice260303: i = 170, msgid = 8A000404
05-27 19:12:57.555   536   536 D commservice260303: msgid = -1979710460,did=138
05-27 19:12:57.555   536   536 D commservice260303: CommProtocolLibCmdBaseI2C::dataproc {"command":{"id":"imu_status","sub":""},"content":{"TimeStamp":12,"FrameCounter":288315,"GD_X":-0.011834942735731602,"GD_Y":0.005268065724521875,"GD_Z":0.0021378109231591225,"AD_X":-0.003709346055984497,"AD_Y":-0.001955412095412612,"AD_Z":-0.16947174072265625,"TempDsp":0,"Status":0,"CalibState":1,"SigAmpInvalid":0}},-1979710460
05-27 19:12:57.555   536   536 D commservice260303: send2Cluster len:317, 7B22636F6D6D616E64223A7B226964223A22696D755F737461747573222C22737562223A22227D2C22636F6E74656E74223A7B2254696D655374616D70223A31322C224672616D65436F756E746572223A3238383331352C2247445F58223A2D302E3031313833343934323733353733313630322C2247445F59223A302E3030353236383036353732343532313837352C2247445F5A223A302E303032313337383130393233313539313232352C2241445F58223A2D302E3030333730393334363035353938343439372C2241445F59223A2D302E3030313935353431323039353431323631322C2241445F5A223A2D302E31363934373137343037323236353632352C2254656D70447370223A302C22537461747573223A302C2243616C69625374617465223A312C22536967416D70496E76616C6964223A307D7D, 138 
05-27 19:12:57.555   536   536 D commservice260303: Push Message into SendPool fn=313132032
05-27 19:12:57.555   536   536 D commservice260303: ComProtocolLibSend2Cluster::send2ClusterRaw fn=313132032 , len=333
05-27 19:12:57.555   536   536 D commservice260303: sendCmdToPort :333!!!
05-27 19:12:57.555   536   536 D commservice260303: send Cmd To Port ++++5AA501498A010004AA126A16D1B97B22636F6D6D616E64223A7B226964223A22696D755F737461747573222C22737562223A22227D2C22636F6E74656E74223A7B2254696D655374616D70223A31322C224672616D65436F756E746572223A3238383331352C2247445F58223A2D302E3031313833343934323733353733313630322C2247445F59223A302E3030353236383036353732343532313837352C2247445F5A223A302E303032313337383130393233313539313232352C2241445F58223A2D302E3030333730393334363035353938343439372C2241445F59223A2D302E3030313935353431323039353431323631322C2241445F5A223A2D302E31363934373137343037323236353632352C2254656D70447370223A302C22537461747573223A302C2243616C69625374617465223A312C22536967416D70496E76616C6964223A307D7D9543
05-27 19:12:57.555 15525 15525 I NSLogUtils_BtMusicModel: onPlaybackStateChanged state: PlaybackState {state=1, position=0, buffered position=0, speed=0.0, updated=12244800, actions=16511, custom actions=[], active item id=-1, error=null} mIsBCallInCall=false
05-27 19:12:57.555 11731 11731 I ExtAssistant: ENQUEUED 0|com.yadea.btmusic|8001|null|1000 on media_playback_channel
05-27 19:12:57.555   536   536 D commservice260303: bufferevent_write retrun value = 0
05-27 19:12:57.555 13911 14192 D Sentinelmode_1.2.5.17_sentry: <SentryImuClusterFgeSender>imu_status sent to Linux, frame=288315, tsNs=12244795, tsMs=12, intervalMs=38, ad=(-0.003709346,-0.001955412,-0.16947174), gd=(-0.011834943,0.0052680657,0.002137811)
05-27 19:12:57.555   536   560 D commservice260303: client datas send succeed,send finish
05-27 19:12:57.556   283   307 I rvcservice: t.code = 1, t.value = -163479
05-27 19:12:57.556 15525 15525 I NSLogUtils_BtMusicModel: musicChange metaData: android.media.MediaMetadata@ce0e91
05-27 19:12:57.557 15525 15525 I NSLogUtils_BtMusicModel: musicChange title: null,artist: null,duration: 0,album: null,albumArtUri: null
05-27 19:12:57.557 15525 15525 D NSLogUtils_MediaForegroundService: updateNotification isPlaying=false title=null text=null
05-27 19:12:57.557 15525 15525 I NSLogUtils_MediaForegroundService: getAlbumArtBitmap IMG uri is null
05-27 19:12:57.558   536  2579 D commservice260303: send heart beat package to Cluster
05-27 19:12:57.558   536  2579 D commservice260303: send2Cluster len:40, 7B22636F6D6D616E64223A7B226964223A22686561727462656174222C22737562223A22227D7D0A, 129 
05-27 19:12:57.558   536  2579 D commservice260303: Push Message into SendPool fn=329909248
05-27 19:12:57.558   536  2579 D commservice260303: ComProtocolLibSend2Cluster::send2ClusterRaw fn=329909248 , len=56
05-27 19:12:57.558   536  2579 D commservice260303: sendCmdToPort :56!!!
05-27 19:12:57.558   536  2579 D commservice260303: send Cmd To Port ++++5AA5003481010004AA136A16D1B97B22636F6D6D616E64223A7B226964223A22686561727462656174222C22737562223A22227D7D0A2F93
05-27 19:12:57.558   536  2579 D commservice260303: bufferevent_write retrun value = 0
05-27 19:12:57.559   536   560 D commservice260303: client datas send succeed,send finish
05-27 19:12:57.559 11731 13524 D ExtAssistant: Creating Adjustment for 0|com.yadea.btmusic|8001|null|1000, with 0 actions, and 0 replies.
05-27 19:12:57.560 10188 10188 D NotificationService: EnqueueNotificationRunnable.run for: 0|com.yadea.btmusic|8001|null|1000
05-27 19:12:57.560 10188 10188 I notification_enqueue: [1000,15525,com.yadea.btmusic,8001,NULL,0,Notification(channel=media_playback_channel shortcut=null contentView=null vibrate=null sound=null defaults=0x0 flags=0x48 color=0x00000000 category=transport groupKey=silent actions=3 vis=PUBLIC),1]
05-27 19:12:57.560   581   581 I SpiService: fgesysctrl_getGPIO_status success val=1
05-27 19:12:57.561   536   560 D commservice260303: recv len:91, 5AA500570100000047F16A16D1B97B22636F6D6D616E64223A7B226964223A22686561727462656174222C22737562223A22227D2C22726573706F6E65223A7B22636F6465223A302C226D657373616765223A226F6B227D7D64C1 from server
05-27 19:12:57.561   536  2578 D commservice260303: mcuDataAnalyzeHandle templen:91,len:91,pos:0, 5AA500570100000047F16A16D1B97B22636F6D6D616E64223A7B226964223A22686561727462656174222C22737562223A22227D2C22726573706F6E65223A7B22636F6465223A302C226D657373616765223A226F6B227D7D64C1 
05-27 19:12:57.561   536  2578 I commservice260303: checksumCal = 25793
05-27 19:12:57.561   536  2578 D commservice260303: Protocol_C2I_Commservice::dataproc {"command":{"id":"heartbeat","sub":""},"respone":{"code":0,"message":"ok"}},1
05-27 19:12:57.557   536   536 I auditd  : type=1400 audit(0.0:82392): avc: denied { read } for comm="fgecomservice@1" path="socket:[34776]" dev="sockfs" ino=34776 scontext=u:r:hal_fgecomservice_default:s0 tcontext=u:r:hal_fgecomservice_default:s0 tclass=vsock_socket permissive=1
05-27 19:12:57.557   536   536 I fgecomservice@1: type=1400 audit(0.0:82392): avc: denied { read } for path="socket:[34776]" dev="sockfs" ino=34776 scontext=u:r:hal_fgecomservice_default:s0 tcontext=u:r:hal_fgecomservice_default:s0 tclass=vsock_socket permissive=1
05-27 09:04:06.535   581   581 D spi_rst_gpio_get_output: GPIO 145 value: 0
05-27 09:04:06.535   581   581 D spidev_ioctl: gpio status=0)
05-27 09:04:06.550   581   581 D spi_rst_gpio_get_output: GPIO 145 value: 1
05-27 09:04:06.550   581   581 D spidev_ioctl: gpio status=1)
05-27 09:04:06.555   581   581 D spi_rst_gpio_get_output: GPIO 145 value: 1
05-27 09:04:06.555   581   581 D spidev_ioctl: gpio status=1)
05-27 09:04:06.561   581   581 D spi_rst_gpio_get_output: GPIO 145 value: 1
05-27 09:04:06.561   581   581 D spidev_ioctl: gpio status=1)
05-27 19:12:57.561   536  2578 D commservice260303: Protocol_C2I_Commservice::dataproc Receive a heartbeat command from Cluster, setTcpHeartbeat = EID_UID_HEARTBEAT
05-27 19:12:57.562 11731 11731 I ExtAssistant: ENQUEUED 0|com.yadea.btmusic|8001|null|1000 on media_playback_channel
05-27 19:12:57.562   572   622 I Sensors : 230 AccelSensor: x:-0.168360,y:0.004880,z:-9.972281
05-27 19:12:57.562 11731 13524 D ExtAssistant: Creating Adjustment for 0|com.yadea.btmusic|8001|null|1000, with 0 actions, and 0 replies.
05-27 19:12:57.565   581   581 I SpiService: fgesysctrl_getGPIO_status success val=1
05-27 19:12:57.571   581   581 I SpiService: fgesysctrl_getGPIO_status success val=0
05-27 19:12:57.571   481   597 I mcuc    : send SPI:6AA602F6CE00028900AF
05-27 19:12:57.578 13911 14183 I SentryImuMcuAngleSender: 179.97197rollDeg
05-27 19:12:57.578 13911 14183 I SentryImuMcuAngleSender: 1,0,0
05-27 19:12:57.583 10188 10659 I am_pss  : [2152,10080,com.tencent.wecarnavi,141133824,117313536,13312,271781888,0,3,26]
05-27 19:12:57.584   594   594 E vendor.sprd.hardware.memtrack-service: MemTrack_DEBUG--Open mali gpu_memory failed
05-27 19:12:57.585   581   581 I SpiService: fgesysctrl_getGPIO_status success val=1
05-27 19:12:57.591   581   581 I SpiService: fgesysctrl_getGPIO_status success val=1
05-27 19:12:57.595   536   536 D commservice260303: msg.id = 1028,0
05-27 19:12:57.595   536   536 D commservice260303: i = 170, msgid = 8A000404
05-27 19:12:57.595   536   536 D commservice260303: msgid = -1979710460,did=138
05-27 19:12:57.595   536   536 D commservice260303: CommProtocolLibCmdBaseI2C::dataproc {"command":{"id":"imu_status","sub":""},"content":{"TimeStamp":12,"FrameCounter":288316,"GD_X":-0.012293193489313126,"GD_Y":0.00549693126231432,"GD_Z":0.002900869119912386,"AD_X":-0.0037075281143188477,"AD_Y":-1.2536486610770226E-4,"AD_Z":-0.16642189025878906,"TempDsp":0,"Status":0,"CalibState":1,"SigAmpInvalid":0}},-1979710460
05-27 19:12:57.595   536   536 D commservice260303: send2Cluster len:317, 7B22636F6D6D616E64223A7B226964223A22696D755F737461747573222C22737562223A22227D2C22636F6E74656E74223A7B2254696D655374616D70223A31322C224672616D65436F756E746572223A3238383331362C2247445F58223A2D302E3031323239333139333438393331333132362C2247445F59223A302E30303534393639333132363233313433322C2247445F5A223A302E3030323930303836393131393931323338362C2241445F58223A2D302E303033373037353238313134333138383437372C2241445F59223A2D312E32353336343836363130373730323236452D342C2241445F5A223A2D302E31363634323138393032353837383930362C2254656D70447370223A302C22537461747573223A302C2243616C69625374617465223A312C22536967416D70496E76616C6964223A307D7D, 138 
05-27 19:12:57.595   536   536 D commservice260303: Push Message into SendPool fn=346686464
05-27 19:12:57.595   536   536 D commservice260303: ComProtocolLibSend2Cluster::send2ClusterRaw fn=346686464 , len=333
05-27 19:12:57.595   536   536 D commservice260303: sendCmdToPort :333!!!
05-27 19:12:57.596   536   536 D commservice260303: send Cmd To Port ++++5AA501498A010004AA146A16D1B97B22636F6D6D616E64223A7B226964223A22696D755F737461747573222C22737562223A22227D2C22636F6E74656E74223A7B2254696D655374616D70223A31322C224672616D65436F756E746572223A3238383331362C2247445F58223A2D302E3031323239333139333438393331333132362C2247445F59223A302E30303534393639333132363233313433322C2247445F5A223A302E3030323930303836393131393931323338362C2241445F58223A2D302E303033373037353238313134333138383437372C2241445F59223A2D312E32353336343836363130373730323236452D342C2241445F5A223A2D302E31363634323138393032353837383930362C2254656D70447370223A302C22537461747573223A302C2243616C69625374617465223A312C22536967416D70496E76616C6964223A307D7D32B7
05-27 19:12:57.596   536   536 D commservice260303: bufferevent_write retrun value = 0
05-27 19:12:57.596   536   560 D commservice260303: client datas send succeed,send finish
05-27 19:12:57.596 13911 14192 D Sentinelmode_1.2.5.17_sentry: <SentryImuClusterFgeSender>imu_status sent to Linux, frame=288316, tsNs=12244831, tsMs=12, intervalMs=41, ad=(-0.003707528,-1.2536487E-4,-0.16642189), gd=(-0.0122931935,0.0054969313,0.0029008691)
05-27 19:12:57.596   581   581 I SpiService: fgesysctrl_getGPIO_status success val=1
05-27 19:12:57.599 13911 14183 I SentryImuMcuAngleSender: 180.0rollDeg
05-27 19:12:57.599 13911 14183 I SentryImuMcuAngleSender: 1,0,0
05-27 19:12:57.602   581   581 I SpiService: fgesysctrl_getGPIO_status success val=1
05-27 09:04:06.567   581   581 D spi_rst_gpio_get_output: GPIO 145 value: 1
05-27 09:04:06.567   581   581 D spidev_ioctl: gpio status=1)
05-27 19:12:57.603   586   614 D vendor.sprd.hardware.aprd-service: GPS Get GPSver failed No such file or directory
05-27 19:12:57.604   586   614 D vendor.sprd.hardware.aprd-service: GE xmlDoc is NULL, may not set GPS on.
05-27 19:12:57.604 10188 10659 I am_pss  : [2174,10080,com.tencent.wecarnavi:coreService,50835456,27566080,14336,176201728,0,3,18]
05-27 19:12:57.608   581   581 I SpiService: fgesysctrl_getGPIO_status success val=1
05-27 09:04:06.572   581   581 D spi_rst_gpio_get_output: GPIO 145 value: 1
05-27 09:04:06.572   581   581 D spidev_ioctl: gpio status=1)
05-27 19:12:57.613   581   581 I SpiService: fgesysctrl_getGPIO_status success val=0
05-27 09:04:06.578   581   581 D spi_rst_gpio_get_output: GPIO 145 value: 0
05-27 09:04:06.578   581   581 D spidev_ioctl: gpio status=0)
05-27 19:12:57.620 13911 14183 I SentryImuMcuAngleSender: -179.993rollDeg
05-27 19:12:57.620 13911 14183 I SentryImuMcuAngleSender: 1,0,0
05-27 19:12:57.629   581   581 I SpiService: fgesysctrl_getGPIO_status success val=1
05-27 19:12:57.630   481   598 I mcuc    : rev,n=1,6AA681F6CF008C8305000055000000B000000000000100010000BADE4CB1772A934C804C7769C54C7F98F54C80B27E82A638FD0900000000040000B3000000000000000000000000000000B44300000000000300000000000000AA000000E40701010000000000000000BB06050507EA051B000008009403CB00CC000000000000000000000000000000B5000000000000000050
05-27 19:12:57.630   351   373 D automotive.vehicle@2.0-adayo-datacomm-mcu: MCUDatacomm sendMessageFromVehicle prop: 0x83, areaId: 0x5, status: 0x0, timestamp: 0x0
05-27 19:12:57.630   351   373 D automotive.vehicle@2.0-adayo-datacomm-mcu: MCUDatacomm 1sendMessageFromVehicle ---> type = 7 
05-27 19:12:57.630   351   373 I automotive.vehicle@2.0-adayo-func-mcu: MCUFunc :sendMessageFromVehicle  msgBuff[0] = 131 
05-27 19:12:57.630   351   373 I automotive.vehicle@2.0-adayo-func-mcu: MCUFunc :sendMessageFromVehicle  msgBuff[1] = 5 
05-27 19:12:57.630   351   373 I automotive.vehicle@2.0-adayo-func-mcu: MCUFunc :sendMessageFromVehicle  msgBuff[2] = 0 
05-27 19:12:57.630   351   373 I automotive.vehicle@2.0-adayo-func-mcu: MCUFunc :sendMessageFromVehicle  msgBuff[3] = 0 
05-27 19:12:57.630   351   373 I automotive.vehicle@2.0-adayo-func-mcu: MCUFunc :sendMessageFromVehicle  msgBuff[4] = 85 
05-27 19:12:57.631   351   373 I automotive.vehicle@2.0-adayo-func-mcu: MCUFunc :sendMessageFromVehicle  msgBuff[5] = 0 
05-27 09:04:06.594   581   581 D spi_rst_gpio_get_output: GPIO 145 value: 1
05-27 09:04:06.594   581   581 D spidev_ioctl: gpio status=1)
05-27 19:12:57.635   830   830 D SurfaceFlinger: unisoc-graphics, commit has frameMissed:2, vysncId:448933
05-27 19:12:57.635   536   536 D commservice260303: msg.id = 1028,0
05-27 19:12:57.635   536   536 D commservice260303: i = 170, msgid = 8A000404
05-27 19:12:57.635   536   536 D commservice260303: msgid = -1979710460,did=138
05-27 19:12:57.635   536   536 D commservice260303: CommProtocolLibCmdBaseI2C::dataproc {"command":{"id":"imu_status","sub":""},"content":{"TimeStamp":12,"FrameCounter":288317,"GD_X":-0.011147825978696346,"GD_Y":0.005879240110516548,"GD_Z":0.0031302545685321093,"AD_X":-0.0037021636962890625,"AD_Y":-0.0055839261040091515,"AD_Z":-0.17069149017333984,"TempDsp":0,"Status":0,"CalibState":1,"SigAmpInvalid":0}},-1979710460
05-27 19:12:57.635   536   536 D commservice260303: send2Cluster len:319, 7B22636F6D6D616E64223A7B226964223A22696D755F737461747573222C22737562223A22227D2C22636F6E74656E74223A7B2254696D655374616D70223A31322C224672616D65436F756E746572223A3238383331372C2247445F58223A2D302E3031313134373832353937383639363334362C2247445F59223A302E3030353837393234303131303531363534382C2247445F5A223A302E303033313330323534353638353332313039332C2241445F58223A2D302E303033373032313633363936323839303632352C2241445F59223A2D302E303035353833393236313034303039313531352C2241445F5A223A2D302E31373036393134393031373333333938342C2254656D70447370223A302C22537461747573223A302C2243616C69625374617465223A312C22536967416D70496E76616C6964223A307D7D, 138 
05-27 19:12:57.636   536   536 D commservice260303: Push Message into SendPool fn=363463680
05-27 19:12:57.636   536   536 D commservice260303: ComProtocolLibSend2Cluster::send2ClusterRaw fn=363463680 , len=335
05-27 19:12:57.636   536   536 D commservice260303: sendCmdToPort :335!!!
05-27 19:12:57.636   536   536 D commservice260303: send Cmd To Port ++++5AA5014B8A010004AA156A16D1B97B22636F6D6D616E64223A7B226964223A22696D755F737461747573222C22737562223A22227D2C22636F6E74656E74223A7B2254696D655374616D70223A31322C224672616D65436F756E746572223A3238383331372C2247445F58223A2D302E3031313134373832353937383639363334362C2247445F59223A302E3030353837393234303131303531363534382C2247445F5A223A302E303033313330323534353638353332313039332C2241445F58223A2D302E303033373032313633363936323839303632352C2241445F59223A2D302E303035353833393236313034303039313531352C2241445F5A223A2D302E31373036393134393031373333333938342C2254656D70447370223A302C22537461747573223A302C2243616C69625374617465223A312C22536967416D70496E76616C6964223A307D7D0D52
05-27 19:12:57.636   581   581 I SpiService: fgesysctrl_getGPIO_status success val=1
05-27 19:12:57.636   536   536 D commservice260303: bufferevent_write retrun value = 0
05-27 19:12:57.636   536   560 D commservice260303: client datas send succeed,send finish
05-27 09:04:06.601   581   581 D spi_rst_gpio_get_output: GPIO 145 value: 1
05-27 19:12:57.637 13911 14192 D Sentinelmode_1.2.5.17_sentry: <SentryImuClusterFgeSender>imu_status sent to Linux, frame=288317, tsNs=12244867, tsMs=12, intervalMs=40, ad=(-0.0037021637,-0.005583926,-0.17069149), gd=(-0.011147826,0.00587924,0.0031302546)
05-27 09:04:06.601   581   581 D spidev_ioctl: gpio status=1)
05-27 19:12:57.641 13911 14183 I SentryImuMcuAngleSender: 180.0rollDeg
05-27 19:12:57.641 13911 14183 I SentryImuMcuAngleSender: 1,0,0
05-27 19:12:57.642   581   581 I SpiService: fgesysctrl_getGPIO_status success val=1
05-27 09:04:06.606   581   581 D spi_rst_gpio_get_output: GPIO 145 value: 1
05-27 09:04:06.606   581   581 D spidev_ioctl: gpio status=1)
05-27 19:12:57.647   581   581 I SpiService: fgesysctrl_getGPIO_status success val=1
05-27 09:04:06.612   581   581 D spi_rst_gpio_get_output: GPIO 145 value: 1
05-27 09:04:06.612   581   581 D spidev_ioctl: gpio status=1)
05-27 19:12:57.651   830   830 D SurfaceFlinger: unisoc-graphics, commit has frameMissed:2, vysncId:448948
05-27 19:12:57.652   572   572 I Sensors : 230 GyroSensor: x:-0.011759,y:0.005803,z:0.002214
05-27 19:12:57.653   581   581 I SpiService: fgesysctrl_getGPIO_status success val=0
05-27 19:12:57.653   481   597 I mcuc    : send SPI:6AA602F6CF00028305AF
05-27 19:12:57.656   283   307 I rvcservice: t.code = 3, t.value = 0
05-27 09:04:06.618   581   581 D spi_rst_gpio_get_output: GPIO 145 value: 0
05-27 09:04:06.618   581   581 D spidev_ioctl: gpio status=0)
05-27 19:12:57.659 10188  7044 I ActivityManager: Death received in com.android.server.am.ActivityManagerService$AppDeathRecipient@851d306 for thread android.os.BinderProxy@5c6ddc7, proc:ProcessRecord{a3854ad 3711:com.anwsdk.service:remote/1000}
05-27 19:12:57.659 13435 13435 D BtManager: onServiceDisconnected
05-27 19:12:57.660 10188 10678 I libprocessgroup: Successfully killed process cgroup uid 1000 pid 3711 in 0ms
05-27 19:12:57.661 10188  7044 I ActivityManager: Process com.anwsdk.service:remote (pid 3711) has died: cch CACC
05-27 19:12:57.661 10041 10041 I Zygote  : Process 3711 exited cleanly (1)
05-27 19:12:57.661 10188  7044 I am_proc_died: [0,3711,com.anwsdk.service:remote,900,17]
05-27 19:12:57.661 13911 14183 I SentryImuMcuAngleSender: 179.99298rollDeg
05-27 19:12:57.661 13911 14183 I SentryImuMcuAngleSender: 1,0,0
05-27 19:12:57.661 10188 10678 I ActivityManager: Got SIGCHLD from zygote: pid=3711, uid=1000, status=100
05-27 19:12:57.662 10188  7044 I ActivityManager: app ProcessRecord{a3854ad 3711:com.anwsdk.service:remote/1000} mThread:android.app.IApplicationThread$Stub$Proxy@c293ff4 mDeathRecipient:com.android.server.am.ActivityManagerService$AppDeathRecipient@851d306 has been unlinked.
05-27 19:12:57.662 10188 10680 I ActivityManager: zygote: proc died: pid=3711 uid=1000, status=256
05-27 19:12:57.663 10188  7044 W ActivityManager: Scheduling restart of crashed service com.anwsdk.service/.anwbtservice in 0ms for persistent
05-27 19:12:57.663 10188  7044 I am_schedule_service_restart: [0,com.anwsdk.service/.anwbtservice,0]
05-27 19:12:57.663 10188 10680 E UnisocStabilityCollection: getKill:true,cur=1,killType=3 ,name=proc_died:1000, reason=proc_died
05-27 19:12:57.663 10188 10680 E UnisocStabilityCollection: getKill sum:23
05-27 19:12:57.663 10188  7044 I ActivityManager: note: ProcessRecord{a3854ad 3711:com.anwsdk.service:remote/1000} died, saving the exit info
05-27 19:12:57.664 10188 10680 I ActivityManager: Update process exit info for com.anwsdk.service(3711/u1000)
05-27 19:12:57.664 10188  7044 D ActivityTaskManager: put all activities to cleanup list, wpc=ProcessRecord{a3854ad 0:com.anwsdk.service:remote/1000} mHasActivities=false activeActivitySize=0
05-27 19:12:57.667 10188 10188 D JobScheduler.Quota: Processing event 31 for <0>com.anwsdk.service
05-27 19:12:57.668 10188 10660 I ActivityManager: com.anwsdk.service is exempt from freezer
05-27 19:12:57.668   830   830 D SurfaceFlinger: unisoc-graphics, commit has frameMissed:2, vysncId:448956
05-27 19:12:57.668   581   581 I SpiService: fgesysctrl_getGPIO_status success val=1
05-27 09:04:06.633   581   581 D spi_rst_gpio_get_output: GPIO 145 value: 1
05-27 09:04:06.633   581   581 D spidev_ioctl: gpio status=1)
05-27 19:12:57.669 10188 10660 D CompatibilityChangeReporter: Compat change id reported: 135634846; UID 1000; state: DISABLED
05-27 19:12:57.669 10188 10660 D CompatibilityChangeReporter: Compat change id reported: 177438394; UID 1000; state: DISABLED
05-27 19:12:57.669 10188 10660 D CompatibilityChangeReporter: Compat change id reported: 135772972; UID 1000; state: DISABLED
05-27 19:12:57.670 10188 10660 D CompatibilityChangeReporter: Compat change id reported: 135754954; UID 1000; state: ENABLED
05-27 19:12:57.670 10188 10660 D ActivityManager: ProcessRecord{9c4c31d 0:com.anwsdk.service:remote/1000} setPendingStart=true callers=com.android.server.am.ProcessList.startProcessLocked:1922 com.android.server.am.UnisocProcessList.startProcessLocked:320 com.android.server.am.ProcessList.startProcessLocked:2391 com.android.server.am.ProcessList.startProcessLocked:2534 com.android.server.am.ActivityManagerService.startProcessLocked:2890 com.android.server.am.ActiveServices.bringUpServiceLocked:4326 com.android.server.am.ActiveServices.performServiceRestartLocked:4104 com.android.server.am.ActiveServices$ServiceRestarter.run:3320 android.os.Handler.handleCallback:942 android.os.Handler.dispatchMessage:99 
05-27 19:12:57.670 10188 10660 I ActivityManager: Posting procStart msg for 0:com.anwsdk.service:remote/1000
05-27 19:12:57.670 10188 10661 D ActivityManager: asking zygote to start proc:ProcessRecord{9c4c31d 0:com.anwsdk.service:remote/1000}
05-27 19:12:57.671 10188 10661 D Prefork : startResult is empty and running normal execution.
05-27 19:12:57.674   581   581 I SpiService: fgesysctrl_getGPIO_status success val=1
05-27 09:04:06.639   581   581 D spi_rst_gpio_get_output: GPIO 145 value: 1
05-27 09:04:06.639   581   581 D spidev_ioctl: gpio status=1)
05-27 09:04:06.640     0     0 I         : c5 [    C5] io insert-issue:  633   16    2    2    0    0    0    0    0    0    0    0
05-27 09:04:06.640     0     0 I         : c5 [    C5] |_i2i       sda[  8- 8192ms]:    6    0    0    0    0    0    0    0    0    0    0    0
05-27 09:04:06.640     0     0 I         : c5 [    C5] |_i2i    others[  8- 8192ms]:  627   16    2    2    0    0    0    0    0    0    0    0
05-27 09:04:06.640     0     0 I         : c5 [    C5] io issue-comp:  537   84   32    0    0    0    0    0    0    0    0    0
05-27 09:04:06.640     0     0 I         : c5 [    C5] |_i2c       sda[  8- 8192ms]:    6    0    0    0    0    0    0    0    0    0    0    0
05-27 09:04:06.640     0     0 I         : c5 [    C5] |_i2c    others[  8- 8192ms]:  531   84   32    0    0    0    0    0    0    0    0    0
05-27 19:12:57.675   536   536 D commservice260303: msg.id = 1028,0
05-27 19:12:57.675   536   536 D commservice260303: i = 170, msgid = 8A000404
05-27 19:12:57.675   536   536 D commservice260303: msgid = -1979710460,did=138
05-27 19:12:57.675   536   536 D commservice260303: CommProtocolLibCmdBaseI2C::dataproc {"command":{"id":"imu_status","sub":""},"content":{"TimeStamp":12,"FrameCounter":288318,"GD_X":-0.01160607673227787,"GD_Y":0.006336971186101437,"GD_Z":0.001679039909504354,"AD_X":-5.899369716644287E-5,"AD_Y":-0.0018928025383502245,"AD_Z":-0.16520118713378906,"TempDsp":0,"Status":0,"CalibState":1,"SigAmpInvalid":0}},-1979710460
05-27 19:12:57.675   536   536 D commservice260303: send2Cluster len:316, 7B22636F6D6D616E64223A7B226964223A22696D755F737461747573222C22737562223A22227D2C22636F6E74656E74223A7B2254696D655374616D70223A31322C224672616D65436F756E746572223A3238383331382C2247445F58223A2D302E30313136303630373637333232373738372C2247445F59223A302E3030363333363937313138363130313433372C2247445F5A223A302E3030313637393033393930393530343335342C2241445F58223A2D352E383939333639373136363434323837452D352C2241445F59223A2D302E303031383932383032353338333530323234352C2241445F5A223A2D302E31363532303131383731333337383930362C2254656D70447370223A302C22537461747573223A302C2243616C69625374617465223A312C22536967416D70496E76616C6964223A307D7D, 138 
05-27 19:12:57.675   536   536 D commservice260303: Push Message into SendPool fn=380240896
05-27 19:12:57.675   536   536 D commservice260303: ComProtocolLibSend2Cluster::send2ClusterRaw fn=380240896 , len=332
05-27 19:12:57.675   536   536 D commservice260303: sendCmdToPort :332!!!
