05-27 19:13:02.257   536   536 D commservice260303: CommProtocolLibCmdBaseI2C::dataproc {"command":{"id":"imu_status","sub":""},"content":{"TimeStamp":12,"FrameCounter":288431,"GD_X":-0.010690094903111458,"GD_Y":0.0059551820158958435,"GD_Z":0.0021378109231591225,"AD_X":-0.0061349570751190186,"AD_Y":1.1945143342018127E-4,"AD_Z":-0.17068862915039062,"TempDsp":0,"Status":0,"CalibState":1,"SigAmpInvalid":0}},-1979710460
05-27 19:13:02.257   536   536 D commservice260303: send2Cluster len:319, 7B22636F6D6D616E64223A7B226964223A22696D755F737461747573222C22737562223A22227D2C22636F6E74656E74223A7B2254696D655374616D70223A31322C224672616D65436F756E746572223A3238383433312C2247445F58223A2D302E3031303639303039343930333131313435382C2247445F59223A302E303035393535313832303135383935383433352C2247445F5A223A302E303032313337383130393233313539313232352C2241445F58223A2D302E303036313334393537303735313139303138362C2241445F59223A312E31393435313433333432303138313237452D342C2241445F5A223A2D302E31373036383836323931353033393036322C2254656D70447370223A302C22537461747573223A302C2243616C69625374617465223A312C22536967416D70496E76616C6964223A307D7D, 138 
05-27 19:13:02.257   536   536 D commservice260303: Push Message into SendPool fn=-1985346560
05-27 19:13:02.257   536   536 D commservice260303: ComProtocolLibSend2Cluster::send2ClusterRaw fn=-1985346560 , len=335
05-27 19:13:02.257   536   536 D commservice260303: sendCmdToPort :335!!!
05-27 19:13:02.257   536   536 D commservice260303: send Cmd To Port ++++5AA5014B8A010004AA896A16D1BE7B22636F6D6D616E64223A7B226964223A22696D755F737461747573222C22737562223A22227D2C22636F6E74656E74223A7B2254696D655374616D70223A31322C224672616D65436F756E746572223A3238383433312C2247445F58223A2D302E3031303639303039343930333131313435382C2247445F59223A302E303035393535313832303135383935383433352C2247445F5A223A302E303032313337383130393233313539313232352C2241445F58223A2D302E303036313334393537303735313139303138362C2241445F59223A312E31393435313433333432303138313237452D342C2241445F5A223A2D302E31373036383836323931353033393036322C2254656D70447370223A302C22537461747573223A302C2243616C69625374617465223A312C22536967416D70496E76616C6964223A307D7D57A0
05-27 19:13:02.257   536   536 D commservice260303: bufferevent_write retrun value = 0
05-27 19:13:02.257   536   560 D commservice260303: client datas send succeed,send finish
05-27 19:13:02.257 13911 14192 D Sentinelmode_1.2.5.17_sentry: <SentryImuClusterFgeSender>imu_status sent to Linux, frame=288431, tsNs=12249501, tsMs=12, intervalMs=39, ad=(-0.006134957,1.1945143E-4,-0.17068863), gd=(-0.010690095,0.005955182,0.002137811)
05-27 09:04:11.225  3946  3946 W audit   : audit_lost=49133 audit_rate_limit=5 audit_backlog_limit=64
05-27 09:04:11.225  3946  3946 E audit   : rate limit exceeded
05-27 19:13:02.264 13911 14183 I SentryImuMcuAngleSender: 179.97899rollDeg
05-27 19:13:02.264 13911 14183 I SentryImuMcuAngleSender: 1,0,0
05-27 19:13:02.266   283   307 I rvcservice: t.code = 2, t.value = 9978380
05-27 09:04:11.233   581   581 D spi_rst_gpio_get_output: GPIO 145 value: 1
05-27 09:04:11.233   581   581 D spidev_ioctl: gpio status=1)
05-27 19:13:02.269   581   581 I SpiService: fgesysctrl_getGPIO_status success val=1
05-27 19:13:02.269   572   622 I Sensors : 230 AccelSensor: x:-0.172019,y:0.001220,z:-9.977160
05-27 19:13:02.274   581   581 I SpiService: fgesysctrl_getGPIO_status success val=1
05-27 09:04:11.239   581   581 D spi_rst_gpio_get_output: GPIO 145 value: 1
05-27 09:04:11.239   581   581 D spidev_ioctl: gpio status=1)
05-27 19:13:02.279   581   581 I SpiService: fgesysctrl_getGPIO_status success val=1
05-27 09:04:11.244   581   581 D spi_rst_gpio_get_output: GPIO 145 value: 1
05-27 09:04:11.244   581   581 D spidev_ioctl: gpio status=1)
05-27 19:13:02.284 13911 14183 I SentryImuMcuAngleSender: 179.993rollDeg
05-27 19:13:02.284 13911 14183 I SentryImuMcuAngleSender: 1,0,0
05-27 19:13:02.285   581   581 I SpiService: fgesysctrl_getGPIO_status success val=1
05-27 19:13:02.286  3947  3947 I ADAYO_LOG_TRACE_KERNEL: execute start
05-27 09:04:11.249   581   581 D spi_rst_gpio_get_output: GPIO 145 value: 1
05-27 09:04:11.249   581   581 D spidev_ioctl: gpio status=1)
05-27 19:13:02.285  3948  3948 I auditd  : type=1400 audit(0.0:82443): avc: denied { write } for comm="getprop" path="pipe:[3077626]" dev="pipefs" ino=3077626 scontext=u:r:toolbox:s0 tcontext=u:r:init:s0 tclass=fifo_file permissive=1
05-27 19:13:02.285  3948  3948 I getprop : type=1400 audit(0.0:82443): avc: denied { write } for path="pipe:[3077626]" dev="pipefs" ino=3077626 scontext=u:r:toolbox:s0 tcontext=u:r:init:s0 tclass=fifo_file permissive=1
05-27 19:13:02.290   581   581 I SpiService: fgesysctrl_getGPIO_status success val=1
05-27 09:04:11.255   581   581 D spi_rst_gpio_get_output: GPIO 145 value: 1
05-27 09:04:11.255   581   581 D spidev_ioctl: gpio status=1)
05-27 19:13:02.295   581   581 I SpiService: fgesysctrl_getGPIO_status success val=1
05-27 19:13:02.296   536   536 D commservice260303: msg.id = 1028,0
05-27 19:13:02.296   536   536 D commservice260303: i = 170, msgid = 8A000404
05-27 19:13:02.296   536   536 D commservice260303: msgid = -1979710460,did=138
05-27 19:13:02.296   536   536 D commservice260303: CommProtocolLibCmdBaseI2C::dataproc {"command":{"id":"imu_status","sub":""},"content":{"TimeStamp":12,"FrameCounter":288432,"GD_X":-0.011987865902483463,"GD_Y":0.005802778527140617,"GD_Z":0.002519079949706793,"AD_X":-0.002467036247253418,"AD_Y":-0.0016969122225418687,"AD_Z":-0.17130374908447266,"TempDsp":0,"Status":0,"CalibState":1,"SigAmpInvalid":0}},-1979710460
05-27 09:04:11.260   581   581 D spi_rst_gpio_get_output: GPIO 145 value: 1
05-27 09:04:11.260   581   581 D spidev_ioctl: gpio status=1)
05-27 19:13:02.297   536   536 D commservice260303: send2Cluster len:317, 7B22636F6D6D616E64223A7B226964223A22696D755F737461747573222C22737562223A22227D2C22636F6E74656E74223A7B2254696D655374616D70223A31322C224672616D65436F756E746572223A3238383433322C2247445F58223A2D302E3031313938373836353930323438333436332C2247445F59223A302E3030353830323737383532373134303631372C2247445F5A223A302E3030323531393037393934393730363739332C2241445F58223A2D302E3030323436373033363234373235333431382C2241445F59223A2D302E303031363936393132323232353431383638372C2241445F5A223A2D302E31373133303337343930383434373236362C2254656D70447370223A302C22537461747573223A302C2243616C69625374617465223A312C22536967416D70496E76616C6964223A307D7D, 138 
05-27 19:13:02.289  3948  3948 I auditd  : type=1400 audit(0.0:82444): avc: denied { getattr } for comm="getprop" path="pipe:[3077626]" dev="pipefs" ino=3077626 scontext=u:r:toolbox:s0 tcontext=u:r:init:s0 tclass=fifo_file permissive=1
05-27 19:13:02.289  3948  3948 I getprop : type=1400 audit(0.0:82444): avc: denied { getattr } for path="pipe:[3077626]" dev="pipefs" ino=3077626 scontext=u:r:toolbox:s0 tcontext=u:r:init:s0 tclass=fifo_file permissive=1
05-27 19:13:02.297   536   536 D commservice260303: Push Message into SendPool fn=-1968569344
05-27 19:13:02.297   536   536 D commservice260303: ComProtocolLibSend2Cluster::send2ClusterRaw fn=-1968569344 , len=333
05-27 19:13:02.297   536   536 D commservice260303: sendCmdToPort :333!!!
05-27 19:13:02.297   536   536 D commservice260303: send Cmd To Port ++++5AA501498A010004AA8A6A16D1BE7B22636F6D6D616E64223A7B226964223A22696D755F737461747573222C22737562223A22227D2C22636F6E74656E74223A7B2254696D655374616D70223A31322C224672616D65436F756E746572223A3238383433322C2247445F58223A2D302E3031313938373836353930323438333436332C2247445F59223A302E3030353830323737383532373134303631372C2247445F5A223A302E3030323531393037393934393730363739332C2241445F58223A2D302E3030323436373033363234373235333431382C2241445F59223A2D302E303031363936393132323232353431383638372C2241445F5A223A2D302E31373133303337343930383434373236362C2254656D70447370223A302C22537461747573223A302C2243616C69625374617465223A312C22536967416D70496E76616C6964223A307D7D84C8
05-27 19:13:02.297   536   536 D commservice260303: bufferevent_write retrun value = 0
05-27 19:13:02.297   536   560 D commservice260303: client datas send succeed,send finish
05-27 19:13:02.298 13911 14192 D Sentinelmode_1.2.5.17_sentry: <SentryImuClusterFgeSender>imu_status sent to Linux, frame=288432, tsNs=12249538, tsMs=12, intervalMs=40, ad=(-0.0024670362,-0.0016969122,-0.17130375), gd=(-0.011987866,0.0058027785,0.00251908)
05-27 19:13:02.301   581   581 I SpiService: fgesysctrl_getGPIO_status success val=0
05-27 09:04:11.265   581   581 D spi_rst_gpio_get_output: GPIO 145 value: 0
05-27 09:04:11.265   581   581 D spidev_ioctl: gpio status=0)
05-27 19:13:02.304 30773 30786 I dvr_service_: CameraX 0  audioOK: 170816000,audios:2670
05-27 19:13:02.307 13911 14183 I SentryImuMcuAngleSender: 179.98949rollDeg
05-27 19:13:02.307 13911 14183 I SentryImuMcuAngleSender: 1,0,0
05-27 19:13:02.310  3949  3949 I ADAYO_LOG_TRACE_KERNEL: executing
05-27 19:13:02.301  1044  1044 I auditd  : type=1400 audit(0.0:82445): avc: denied { call } for comm="oid.aac.encoder" scontext=u:r:mediaswcodec:s0 tcontext=u:r:adayo_dvr_service:s0 tclass=binder permissive=1
05-27 19:13:02.301  1044  1044 I oid.aac.encoder: type=1400 audit(0.0:82445): avc: denied { call } for scontext=u:r:mediaswcodec:s0 tcontext=u:r:adayo_dvr_service:s0 tclass=binder permissive=1
05-27 19:13:02.301 30773 30773 I auditd  : type=1400 audit(0.0:82446): avc: denied { use } for comm=4E444B204D65646961436F6465635F path="/dmabuf:" dev="dmabuf" ino=3062285 scontext=u:r:adayo_dvr_service:s0 tcontext=u:r:mediaswcodec:s0 tclass=fd permissive=1
05-27 19:13:02.301 30773 30773 I /system/bin/adayo_dvr_service: type=1400 audit(0.0:82446): avc: denied { use } for comm=4E444B204D65646961436F6465635F path="/dmabuf:" dev="dmabuf" ino=3062285 scontext=u:r:adayo_dvr_service:s0 tcontext=u:r:mediaswcodec:s0 tclass=fd permissive=1
05-27 19:13:02.317 11344 11344 E SystemUI_NavBarFragment: SysUIConfig.icCarServiceConnected：false
05-27 19:13:02.317   481   598 I mcuc    : rev,n=1,6AA681F6E7000A8900420104090012345623
05-27 19:13:02.317  1121  1144 I tboxmids_ap: [2026-05-27 19:13:02.317] [MCU RX] src=MCU dst=ZMQ len=10 type=BINARY data=00 08 42 01 04 09 00 12 34 56 
05-27 19:13:02.317   351   373 D automotive.vehicle@2.0-adayo-datacomm-mcu: MCUDatacomm sendMessageFromVehicle prop: 0x89, areaId: 0x0, status: 0x42, timestamp: 0x1
05-27 19:13:02.318   351   373 D automotive.vehicle@2.0-adayo-datacomm-mcu: MCUDatacomm 1sendMessageFromVehicle ---> type = 12 
05-27 19:13:02.318  1083  1083 I MyAppLog: [2026-05-27 19:13:02.318 I tboxap mcuCommTboxmidsRecvCb:97] [Mcu] [mcuCommTboxmidsRecvCb] recv from tboxmids, size:10
05-27 19:13:02.318   581   581 I SpiService: fgesysctrl_getGPIO_status success val=1
05-27 19:13:02.318  1083  1083 I MyAppLog: [2026-05-27 19:13:02.318 I tboxap mcuCommTboxmidsRecvCb:98] [Mcu] [tboxmids -> tboxap]: :00 08 42 01 04 09 00 12 34 56
05-27 19:13:02.318  1083  1083 I MyAppLog: [2026-05-27 19:13:02.318 I tboxap mcuPtlParseData:990] [Mcu] [Mcu  Parse]: (cmd):0900 (param):0900123456
05-27 19:13:02.318  1083  1083 W MyAppLog: [2026-05-27 19:13:02.318 W tboxap mcuParamDataRevPack:918] [Mcu] mcuParamDataRevPack start pack data!!!
05-27 19:13:02.318  1083  1083 I MyAppLog: [2026-05-27 19:13:02.318 I tboxap MCU_HANDSHAKE_IND_McuInd:317] [Mcu] [MCU_HANDSHAKE_IND_McuInd] wakeReason:0x12 -> loginReason:0x08 protoVer:0x34
05-27 19:13:02.319  1083  1083 W MyAppLog: [2026-05-27 19:13:02.318 W tboxap mcuHandleHandshakeInd:1654] [Mcu] [mcuHandleHandshakeInd] recv 0x0900 handshake response wakeReason:0x12 protoVer:0x34
05-27 09:04:11.283   581   581 D spi_rst_gpio_get_output: GPIO 145 value: 1
05-27 09:04:11.283   581   581 D spidev_ioctl: gpio status=1)
05-27 19:13:02.324   581   581 I SpiService: fgesysctrl_getGPIO_status success val=1
05-27 09:04:11.288   581   581 D spi_rst_gpio_get_output: GPIO 145 value: 1
05-27 09:04:11.288   581   581 D spidev_ioctl: gpio status=1)
05-27 19:13:02.326 13911 14183 I SentryImuMcuAngleSender: 179.993rollDeg
05-27 19:13:02.326 13911 14183 I SentryImuMcuAngleSender: 1,0,0
05-27 19:13:02.329   581   581 I SpiService: fgesysctrl_getGPIO_status success val=1
05-27 09:04:11.294   581   581 D spi_rst_gpio_get_output: GPIO 145 value: 1
05-27 09:04:11.294   581   581 D spidev_ioctl: gpio status=1)
05-27 19:13:02.334  3951  3951 I ADAYO_LOG_TRACE_KERNEL: collect_root_path:/mnt/log_data
05-27 19:13:02.335   581   581 I SpiService: fgesysctrl_getGPIO_status success val=1
05-27 09:04:11.299   581   581 D spi_rst_gpio_get_output: GPIO 145 value: 1
05-27 09:04:11.299   581   581 D spidev_ioctl: gpio status=1)
05-27 19:13:02.338   536   536 D commservice260303: msg.id = 1028,0
05-27 19:13:02.338   536   536 D commservice260303: i = 170, msgid = 8A000404
05-27 19:13:02.338   536   536 D commservice260303: msgid = -1979710460,did=138
05-27 19:13:02.338   536   536 D commservice260303: CommProtocolLibCmdBaseI2C::dataproc {"command":{"id":"imu_status","sub":""},"content":{"TimeStamp":12,"FrameCounter":288433,"GD_X":-0.011910883709788322,"GD_Y":0.004352083895355463,"GD_Z":0.0019079053308814764,"AD_X":-0.002475544810295105,"AD_Y":-0.002294805832207203,"AD_Z":-0.17190837860107422,"TempDsp":0,"Status":0,"CalibState":1,"SigAmpInvalid":0}},-1979710460
05-27 19:13:02.338   536   536 D commservice260303: send2Cluster len:317, 7B22636F6D6D616E64223A7B226964223A22696D755F737461747573222C22737562223A22227D2C22636F6E74656E74223A7B2254696D655374616D70223A31322C224672616D65436F756E746572223A3238383433332C2247445F58223A2D302E3031313931303838333730393738383332322C2247445F59223A302E3030343335323038333839353335353436332C2247445F5A223A302E303031393037393035333330383831343736342C2241445F58223A2D302E3030323437353534343831303239353130352C2241445F59223A2D302E3030323239343830353833323230373230332C2241445F5A223A2D302E31373139303833373836303130373432322C2254656D70447370223A302C22537461747573223A302C2243616C69625374617465223A312C22536967416D70496E76616C6964223A307D7D, 138 
05-27 19:13:02.338   536   536 D commservice260303: Push Message into SendPool fn=-1951792128
05-27 19:13:02.338   536   536 D commservice260303: ComProtocolLibSend2Cluster::send2ClusterRaw fn=-1951792128 , len=333
05-27 19:13:02.338   536   536 D commservice260303: sendCmdToPort :333!!!
05-27 19:13:02.338   536   536 D commservice260303: send Cmd To Port ++++5AA501498A010004AA8B6A16D1BE7B22636F6D6D616E64223A7B226964223A22696D755F737461747573222C22737562223A22227D2C22636F6E74656E74223A7B2254696D655374616D70223A31322C224672616D65436F756E746572223A3238383433332C2247445F58223A2D302E3031313931303838333730393738383332322C2247445F59223A302E3030343335323038333839353335353436332C2247445F5A223A302E303031393037393035333330383831343736342C2241445F58223A2D302E3030323437353534343831303239353130352C2241445F59223A2D302E3030323239343830353833323230373230332C2241445F5A223A2D302E31373139303833373836303130373432322C2254656D70447370223A302C22537461747573223A302C2243616C69625374617465223A312C22536967416D70496E76616C6964223A307D7DE198
05-27 19:13:02.338   536   536 D commservice260303: bufferevent_write retrun value = 0
05-27 19:13:02.338   536   560 D commservice260303: client datas send succeed,send finish
05-27 19:13:02.338 13911 14192 D Sentinelmode_1.2.5.17_sentry: <SentryImuClusterFgeSender>imu_status sent to Linux, frame=288433, tsNs=12249573, tsMs=12, intervalMs=41, ad=(-0.0024755448,-0.0022948058,-0.17190838), gd=(-0.011910884,0.004352084,0.0019079053)
05-27 19:13:02.340   581   581 I SpiService: fgesysctrl_getGPIO_status success val=0
05-27 19:13:02.340   481   597 I mcuc    : send SPI:6AA602F6E70002890096
05-27 09:04:11.304   581   581 D spi_rst_gpio_get_output: GPIO 145 value: 0
05-27 09:04:11.304   581   581 D spidev_ioctl: gpio status=0)
05-27 19:13:02.347 13911 14183 I SentryImuMcuAngleSender: 179.99649rollDeg
05-27 19:13:02.347 13911 14183 I SentryImuMcuAngleSender: 1,0,0
05-27 19:13:02.341  3952  3952 I auditd  : type=1400 audit(0.0:82447): avc: denied { getattr } for comm="mkdir" path="/mnt/log_data" dev="vda93" ino=2 scontext=u:r:toolbox:s0 tcontext=u:object_r:log_data_file:s0 tclass=dir permissive=1
05-27 19:13:02.341  3952  3952 I mkdir   : type=1400 audit(0.0:82447): avc: denied { getattr } for path="/mnt/log_data" dev="vda93" ino=2 scontext=u:r:toolbox:s0 tcontext=u:object_r:log_data_file:s0 tclass=dir permissive=1
05-27 19:13:02.354   581   581 I SpiService: fgesysctrl_getGPIO_status success val=1
05-27 09:04:11.318   581   581 D spi_rst_gpio_get_output: GPIO 145 value: 1
05-27 09:04:11.318   581   581 D spidev_ioctl: gpio status=1)
05-27 19:13:02.358   572   572 I Sensors : 230 GyroSensor: x:-0.012064,y:0.004963,z:0.001908
05-27 19:13:02.359   581   581 I SpiService: fgesysctrl_getGPIO_status success val=1
05-27 09:04:11.323   581   581 D spi_rst_gpio_get_output: GPIO 145 value: 1
05-27 09:04:11.323   581   581 D spidev_ioctl: gpio status=1)
05-27 19:13:02.364   581   581 I SpiService: fgesysctrl_getGPIO_status success val=1
05-27 09:04:11.329   581   581 D spi_rst_gpio_get_output: GPIO 145 value: 1
05-27 09:04:11.329   581   581 D spidev_ioctl: gpio status=1)
05-27 19:13:02.365 30773 30786 I dvr_service_: CameraX 1  audioOK: 170816000,audios:2670
05-27 19:13:02.366   283   307 I rvcservice: t.code = 3, t.value = 0
05-27 19:13:02.367 13911 14183 I SentryImuMcuAngleSender: 179.99649rollDeg
05-27 19:13:02.367 13911 14183 I SentryImuMcuAngleSender: 1,0,0
05-27 19:13:02.370   581   581 I SpiService: fgesysctrl_getGPIO_status success val=1
05-27 19:13:02.373  1083  1083 I MyAppLog: [2026-05-27 19:13:02.372 I tboxap mcuMainPeriodic100msTask:914] [Mcu] [mcuMainPeriodic100msTask] MCU version not ready, send 0x0981 item 0x01 retry:1
05-27 19:13:02.373  1083  1083 I MyAppLog: [2026-05-27 19:13:02.373 I tboxap mcuSendYadiTransfer:196] [Mcu] [mcuYadiSend]: :00 08 91 04 01 09 81 02 01 01
05-27 09:04:11.334   581   581 D spi_rst_gpio_get_output: GPIO 145 value: 1
05-27 09:04:11.334   581   581 D spidev_ioctl: gpio status=1)
05-27 19:13:02.375   581   581 I SpiService: fgesysctrl_getGPIO_status success val=1
05-27 09:04:11.340   581   581 D spi_rst_gpio_get_output: GPIO 145 value: 1
05-27 09:04:11.340   581   581 D spidev_ioctl: gpio status=1)
05-27 19:13:02.377   481   599 I mcuc    : start timer OK = 34638 
05-27 19:13:02.378   536   536 D commservice260303: msg.id = 1028,0
05-27 19:13:02.378   536   536 D commservice260303: i = 170, msgid = 8A000404
05-27 19:13:02.378   536   536 D commservice260303: msgid = -1979710460,did=138
05-27 19:13:02.379   536   536 D commservice260303: CommProtocolLibCmdBaseI2C::dataproc {"command":{"id":"imu_status","sub":""},"content":{"TimeStamp":12,"FrameCounter":288434,"GD_X":-0.012063807807862759,"GD_Y":0.004963258747011423,"GD_Z":0.0019079053308814764,"AD_X":-0.0036951452493667603,"AD_Y":-0.002886307891458273,"AD_Z":-0.1743488311767578,"TempDsp":0,"Status":0,"CalibState":1,"SigAmpInvalid":0}},-1979710460
05-27 19:13:02.379   536   536 D commservice260303: send2Cluster len:317, 7B22636F6D6D616E64223A7B226964223A22696D755F737461747573222C22737562223A22227D2C22636F6E74656E74223A7B2254696D655374616D70223A31322C224672616D65436F756E746572223A3238383433342C2247445F58223A2D302E3031323036333830373830373836323735392C2247445F59223A302E3030343936333235383734373031313432332C2247445F5A223A302E303031393037393035333330383831343736342C2241445F58223A2D302E303033363935313435323439333636373630332C2241445F59223A2D302E3030323838363330373839313435383237332C2241445F5A223A2D302E313734333438383331313736373537382C2254656D70447370223A302C22537461747573223A302C2243616C69625374617465223A312C22536967416D70496E76616C6964223A307D7D, 138 
05-27 19:13:02.379   536   536 D commservice260303: Push Message into SendPool fn=-1935014912
05-27 19:13:02.379   536   536 D commservice260303: ComProtocolLibSend2Cluster::send2ClusterRaw fn=-1935014912 , len=333
05-27 19:13:02.379   536   536 D commservice260303: sendCmdToPort :333!!!
05-27 19:13:02.379   536   536 D commservice260303: send Cmd To Port ++++5AA501498A010004AA8C6A16D1BE7B22636F6D6D616E64223A7B226964223A22696D755F737461747573222C22737562223A22227D2C22636F6E74656E74223A7B2254696D655374616D70223A31322C224672616D65436F756E746572223A3238383433342C2247445F58223A2D302E3031323036333830373830373836323735392C2247445F59223A302E3030343936333235383734373031313432332C2247445F5A223A302E303031393037393035333330383831343736342C2241445F58223A2D302E303033363935313435323439333636373630332C2241445F59223A2D302E3030323838363330373839313435383237332C2241445F5A223A2D302E313734333438383331313736373537382C2254656D70447370223A302C22537461747573223A302C2243616C69625374617465223A312C22536967416D70496E76616C6964223A307D7D68FD
05-27 19:13:02.379   536   536 D commservice260303: bufferevent_write retrun value = 0
05-27 19:13:02.380   536   560 D commservice260303: client datas send succeed,send finish
05-27 19:13:02.380 13911 14192 D Sentinelmode_1.2.5.17_sentry: <SentryImuClusterFgeSender>imu_status sent to Linux, frame=288434, tsNs=12249608, tsMs=12, intervalMs=42, ad=(-0.0036951452,-0.002886308,-0.17434883), gd=(-0.012063808,0.0049632587,0.0019079053)
05-27 19:13:02.381   581   581 I SpiService: fgesysctrl_getGPIO_status success val=0
05-27 19:13:02.382   481   597 I mcuc    : send SPI:6AA601874E00F8090191040109810201010000000000000000000000000000000000000000000000000000000000000000000000000000000000000000000000000000000000000000000000000000000000000000000000000000000000000000000000000000000000000000000000000000000000000000000000000000000000000000000000000000000000000000000000000000000000000000000000000000000000000000000000000000000000000000000000000000000000000000000000000000000000000000000000000000000000000000000000000000000000000000000000000000000000000000000000000000000000000000000004
05-27 09:04:11.346   581   581 D spi_rst_gpio_get_output: GPIO 145 value: 0
05-27 09:04:11.346   581   581 D spidev_ioctl: gpio status=0)
05-27 19:13:02.388 13911 14183 I SentryImuMcuAngleSender: 179.993rollDeg
05-27 19:13:02.388 13911 14183 I SentryImuMcuAngleSender: 1,0,0
05-27 19:13:02.388   566 11459 I gps_hdbd: Received: '$GNGGA,012853.000,,,,,0,00,,,M,,M,,*6B
'
05-27 19:13:02.391 10188 10686 D BatteryExternalStatsWorker: begin updateExternalStatsSync reason=procstate-change
05-27 19:13:02.391 10188 10686 D BatteryExternalStatsWorker: begin WifiManager.getWifiActivityEnergyInfoAsync
05-27 19:13:02.392 10188 10686 D BatteryExternalStatsWorker: begin BluetoothAdapter.requestActivityInfo
05-27 19:13:02.393 10188 10686 D BatteryExternalStatsWorker: end BluetoothAdapter.requestActivityInfo
05-27 19:13:02.393 10188 10686 D BatteryExternalStatsWorker: awaitControllerInfo wifi cast 0 ms
05-27 19:13:02.394   566 11459 I gps_hdbd: Received: '$GNGSA,A,1,,,,,,,,,,,,,,,,1*1D
'
05-27 19:13:02.395   566 11459 I gps_hdbd: Received: '$GNGSA,A,1,,,,,,,,,,,,,,,,3*1F
'
05-27 19:13:02.396 10188 11235 W BatteryExternalStatsWorker: error reading Bluetooth stats: 11
05-27 19:13:02.397   581   581 I SpiService: fgesysctrl_getGPIO_status success val=1
05-27 09:04:11.361   581   581 D spi_rst_gpio_get_output: GPIO 145 value: 1
05-27 09:04:11.361   581   581 D spidev_ioctl: gpio status=1)
05-27 19:13:02.398 10188 10686 D BatteryExternalStatsWorker: awaitControllerInfo bt cast 5 ms
05-27 19:13:02.398 10188 10686 D BatteryExternalStatsWorker: get modem info cast 0 ms
05-27 19:13:02.399 10188 10686 D BatteryExternalStatsWorker: UPDATE_ALL cast 0 ms
05-27 19:13:02.399 10188 10686 D BatteryExternalStatsWorker: end updateExternalStatsSync
05-27 19:13:02.400   566 11459 I gps_hdbd: Received: '$GNGSA,A,1,,,,,,,,,,,,,,,,4*18
'
05-27 19:13:02.401   566 11459 I gps_hdbd: Received: '$BDGSV,1,1,00,1*75
'
05-27 19:13:02.402   581   581 I SpiService: fgesysctrl_getGPIO_status success val=1
05-27 09:04:11.367   581   581 D spi_rst_gpio_get_output: GPIO 145 value: 1
05-27 09:04:11.367   581   581 D spidev_ioctl: gpio status=1)
05-27 19:13:02.405   566 11459 I gps_hdbd: Received: '$BDGSV,1,1,00,5*71
'
05-27 19:13:02.406   566 11459 I gps_hdbd: Received: '$GPGSV,1,1,01,199,42,165,,1*60
'
05-27 19:13:02.408   581   581 I SpiService: fgesysctrl_getGPIO_status success val=1
05-27 09:04:11.373   581   581 D spi_rst_gpio_get_output: GPIO 145 value: 1
05-27 09:04:11.373   581   581 D spidev_ioctl: gpio status=1)
05-27 19:13:02.410 13911 14183 I SentryImuMcuAngleSender: 179.98248rollDeg
05-27 19:13:02.410 13911 14183 I SentryImuMcuAngleSender: 1,0,0
05-27 19:13:02.411   566 11459 I gps_hdbd: Received: '$GPGSV,1,1,00,8*6D
'
05-27 19:13:02.412   566 11459 I gps_hdbd: Received: '$GAGSV,1,1,00,7*73
'
05-27 19:13:02.414   581   581 I SpiService: fgesysctrl_getGPIO_status success val=1
05-27 09:04:11.378   581   581 D spi_rst_gpio_get_output: GPIO 145 value: 1
05-27 09:04:11.378   581   581 D spidev_ioctl: gpio status=1)
05-27 19:13:02.418   536   536 D commservice260303: msg.id = 1028,0
05-27 19:13:02.418   536   536 D commservice260303: i = 170, msgid = 8A000404
05-27 19:13:02.418   536   536 D commservice260303: msgid = -1979710460,did=138
05-27 19:13:02.419   536   536 D commservice260303: CommProtocolLibCmdBaseI2C::dataproc {"command":{"id":"imu_status","sub":""},"content":{"TimeStamp":12,"FrameCounter":288435,"GD_X":-0.01221725158393383,"GD_Y":0.0051151420921087265,"GD_Z":0.00259606190957129,"AD_X":-0.004897370934486389,"AD_Y":0.0013878422323614359,"AD_Z":-0.17313385009765625,"TempDsp":0,"Status":0,"CalibState":1,"SigAmpInvalid":0}},-1979710460
05-27 19:13:02.419   536   536 D commservice260303: send2Cluster len:315, 7B22636F6D6D616E64223A7B226964223A22696D755F737461747573222C22737562223A22227D2C22636F6E74656E74223A7B2254696D655374616D70223A31322C224672616D65436F756E746572223A3238383433352C2247445F58223A2D302E30313232313732353135383339333338332C2247445F59223A302E303035313135313432303932313038373236352C2247445F5A223A302E30303235393630363139303935373132392C2241445F58223A2D302E3030343839373337303933343438363338392C2241445F59223A302E303031333837383432323332333631343335392C2241445F5A223A2D302E31373331333338353030393736353632352C2254656D70447370223A302C22537461747573223A302C2243616C69625374617465223A312C22536967416D70496E76616C6964223A307D7D, 138 
05-27 19:13:02.419   536   536 D commservice260303: Push Message into SendPool fn=-1918237696
05-27 19:13:02.419   536   536 D commservice260303: ComProtocolLibSend2Cluster::send2ClusterRaw fn=-1918237696 , len=331
05-27 19:13:02.419   536   536 D commservice260303: sendCmdToPort :331!!!
05-27 19:13:02.419   581   581 I SpiService: fgesysctrl_getGPIO_status success val=1
05-27 19:13:02.419   536   536 D commservice260303: send Cmd To Port ++++5AA501478A010004AA8D6A16D1BE7B22636F6D6D616E64223A7B226964223A22696D755F737461747573222C22737562223A22227D2C22636F6E74656E74223A7B2254696D655374616D70223A31322C224672616D65436F756E746572223A3238383433352C2247445F58223A2D302E30313232313732353135383339333338332C2247445F59223A302E303035313135313432303932313038373236352C2247445F5A223A302E30303235393630363139303935373132392C2241445F58223A2D302E3030343839373337303933343438363338392C2241445F59223A302E303031333837383432323332333631343335392C2241445F5A223A2D302E31373331333338353030393736353632352C2254656D70447370223A302C22537461747573223A302C2243616C69625374617465223A312C22536967416D70496E76616C6964223A307D7D1092
05-27 19:13:02.420   536   536 D commservice260303: bufferevent_write retrun value = 0
05-27 09:04:11.384   581   581 D spi_rst_gpio_get_output: GPIO 145 value: 1
05-27 09:04:11.384   581   581 D spidev_ioctl: gpio status=1)
05-27 19:13:02.420   536   560 D commservice260303: client datas send succeed,send finish
05-27 19:13:02.421 13911 14192 D Sentinelmode_1.2.5.17_sentry: <SentryImuClusterFgeSender>imu_status sent to Linux, frame=288435, tsNs=12249663, tsMs=12, intervalMs=40, ad=(-0.004897371,0.0013878422,-0.17313385), gd=(-0.012217252,0.005115142,0.002596062)
05-27 19:13:02.421   566 11459 I gps_hdbd: Received: '$GAGSV,1,1,00,1*75
'
05-27 19:13:02.423   566 11459 I gps_hdbd: Received: '$GNRMC,012853.000,V,,,,,,,270526,120.0,E,N,V*48
'
05-27 19:13:02.423   566 11459 I gps_hdbd: RMC : CALL gnss_sv_status_cb, view_in_sat <1>
05-27 19:13:02.424   566 11459 I gps_hdbd: [reportSvStatus]--->PLATFORM_BSP::Enter
05-27 19:13:02.424   566 11459 I gps_hdbd: hy abnormal deal:hy_cnr30_satellite_cnt=0
05-27 19:13:02.424   566 11459 D gps_hdbd: hy abnormal deal:hy_fixStatus_fail_count=0
05-27 19:13:02.424  1083  1083 W MyAppLog: [2026-05-27 19:13:02.424 W tboxap gpsSyncGpsInfoToDm:361] [Gps] [gpsSyncGpsInfoToDm] fix=0 mode=49 corner:0x01 alt=0.00 sat=0 hdop=0.00 pdop=0.00 vdop=0.00
05-27 19:13:02.424   566 11459 I gps_hdbd: Received: '$GNZDA,012853.000,27,05,2026,00,00*43
'
05-27 19:13:02.425   581   581 I SpiService: fgesysctrl_getGPIO_status success val=0
05-27 09:04:11.390   581   581 D spi_rst_gpio_get_output: GPIO 145 value: 0
05-27 09:04:11.390   581   581 D spidev_ioctl: gpio status=0)
05-27 19:13:02.430 13911 14183 I SentryImuMcuAngleSender: 179.97198rollDeg
05-27 19:13:02.430 13911 14183 I SentryImuMcuAngleSender: 1,0,0
05-27 19:13:02.436 10188 10637 D SurfaceAnimator: Task{fa3f0f #47 type=standard A=1000:com.yadea.btmusic U=0 visible=true visibleRequested=true mode=fullscreen translucent=true sz=1} onAnimationFinished:target=null, type=1, anim = com.android.server.wm.LocalAnimationAdapter@fa99ce, mAnimation = com.android.server.wm.LocalAnimationAdapter@fa99ce mLeash is Surface(name=Surface(name=Task=47#843)/@0x8e470ef - animation-leash of app_transition#849)/@0xb8717fc
05-27 19:13:02.436 10188 10637 D SurfaceAnimator: start resetAndInvokeFinish mLeash is Surface(name=Surface(name=Task=47#843)/@0x8e470ef - animation-leash of app_transition#849)/@0xb8717fc anim = com.android.server.wm.LocalAnimationAdapter@fa99ce
05-27 19:13:02.436   481   598 I mcuc    : rev,n=1,6AA682874E000209019D
05-27 19:13:02.437 10188 10637 D SurfaceAnimator: removeLeash: leash Surface(name=Surface(name=Task=47#843)/@0x8e470ef - animation-leash of app_transition#849)/@0xb8717fc reparent ? true destroy? true parent Surface(name=DefaultTaskDisplayArea#203)/@0xeecd359 surface.isValid ? true parent.isValid ? true
05-27 09:04:11.405   581   581 D spi_rst_gpio_get_output: GPIO 145 value: 1
05-27 09:04:11.405   581   581 D spidev_ioctl: gpio status=1)
05-27 19:13:02.447 10188 10637 D WindowManager: Enter findFocusedWindowIfNeeded ,topFocusedDisplayId = 0, mPerDisplayFocusEnabled = true,(topFocusedDisplayId == INVALID_DISPLAY) = false, this = Display{#2 state=ON size=1280x720 ROTATION_0}
05-27 19:13:02.448 10188 10637 D WindowManager: Enter findFocusedWindow mTmpWindow = null, mFindFocusedWindow = com.android.server.wm.DisplayContent$$ExternalSyntheticLambda20@d9d674e, this = Display{#2 state=ON size=1280x720 ROTATION_0}, mFocusedApp = null
05-27 19:13:02.449 10188 10637 D WindowManager: updateFocusedWindowLocked , mode = 2, updateInputWindows = false,topFocusedDisplayId = 0,newFocus= null, mCurrentFocus = null, callers=com.android.server.wm.RootWindowContainer.updateFocusedWindowLocked:493 com.android.server.wm.WindowManagerService.updateFocusedWindowLocked:6165 com.android.server.wm.RootWindowContainer.performSurfacePlacementNoTrace:882 com.android.server.wm.RootWindowContainer.performSurfacePlacement:801 com.android.server.wm.WindowSurfacePlacer.performSurfacePlacementLoop:186 com.android.server.wm.WindowSurfacePlacer.performSurfacePlacement:127 com.android.server.wm.WindowSurfacePlacer.performSurfacePlacement:116 com.android.server.wm.WindowSurfacePlacer$Traverser.run:58 android.os.Handler.handleCallback:942 android.os.Handler.dispatchMessage:99 
05-27 09:04:11.411   581   581 D spi_rst_gpio_get_output: GPIO 145 value: 1
05-27 09:04:11.411   581   581 D spidev_ioctl: gpio status=1)
05-27 19:13:02.450 10188 10637 D WindowManager: Display{#2 state=ON size=1280x720 ROTATION_0} applySurfaceChangesTransaction  mTmpUpdateAllDrawn.isEmpty true
05-27 09:04:11.416   581   581 D spi_rst_gpio_get_output: GPIO 145 value: 1
05-27 09:04:11.416   581   581 D spidev_ioctl: gpio status=1)
05-27 19:13:02.451 13911 14183 I SentryImuMcuAngleSender: 179.97198rollDeg
05-27 19:13:02.451 13911 14183 I SentryImuMcuAngleSender: 1,0,0
05-27 19:13:02.452   581   581 I SpiService: fgesysctrl_getGPIO_status success val=1
05-27 19:13:02.452   566 11459 I gps_hdbd: Received: '$GNINS,CARSPEED,ADR_STATUS,0,Pulse_count,0,1,0,0,20844000,122290,0.000,0.000,0.000*06
'
05-27 19:13:02.457 10188 10637 D WindowManager: Display{#0 state=ON size=1280x720 ROTATION_0} applySurfaceChangesTransaction  mTmpUpdateAllDrawn.isEmpty true
05-27 19:13:02.458   581   581 I SpiService: fgesysctrl_getGPIO_status success val=1
05-27 19:13:02.458   536   536 D commservice260303: msg.id = 1028,0
05-27 19:13:02.458   536   536 D commservice260303: i = 170, msgid = 8A000404
05-27 19:13:02.458   536   536 D commservice260303: msgid = -1979710460,did=138
05-27 19:13:02.459   536   536 D commservice260303: CommProtocolLibCmdBaseI2C::dataproc {"command":{"id":"imu_status","sub":""},"content":{"TimeStamp":12,"FrameCounter":288436,"GD_X":-0.01221725158393383,"GD_Y":0.0051151420921087265,"GD_Z":0.00259606190957129,"AD_X":-0.004897370934486389,"AD_Y":0.0013878422323614359,"AD_Z":-0.17313385009765625,"TempDsp":0,"Status":0,"CalibState":1,"SigAmpInvalid":0}},-1979710460
05-27 19:13:02.459   566 11459 I gps_hdbd: Received: '$GNTXT,04,01,04,INS,V,1,,,,FLG,1,000000,1,0,1,0,0,Con,0*71
'
05-27 19:13:02.459   536   536 D commservice260303: send2Cluster len:315, 7B22636F6D6D616E64223A7B226964223A22696D755F737461747573222C22737562223A22227D2C22636F6E74656E74223A7B2254696D655374616D70223A31322C224672616D65436F756E746572223A3238383433362C2247445F58223A2D302E30313232313732353135383339333338332C2247445F59223A302E303035313135313432303932313038373236352C2247445F5A223A302E30303235393630363139303935373132392C2241445F58223A2D302E3030343839373337303933343438363338392C2241445F59223A302E303031333837383432323332333631343335392C2241445F5A223A2D302E31373331333338353030393736353632352C2254656D70447370223A302C22537461747573223A302C2243616C69625374617465223A312C22536967416D70496E76616C6964223A307D7D, 138 
05-27 19:13:02.459   536   536 D commservice260303: Push Message into SendPool fn=-1901460480
05-27 19:13:02.459   536   536 D commservice260303: ComProtocolLibSend2Cluster::send2ClusterRaw fn=-1901460480 , len=331
05-27 19:13:02.459   536   536 D commservice260303: sendCmdToPort :331!!!
05-27 19:13:02.459   536   536 D commservice260303: send Cmd To Port ++++5AA501478A010004AA8E6A16D1BE7B22636F6D6D616E64223A7B226964223A22696D755F737461747573222C22737562223A22227D2C22636F6E74656E74223A7B2254696D655374616D70223A31322C224672616D65436F756E746572223A3238383433362C2247445F58223A2D302E30313232313732353135383339333338332C2247445F59223A302E303035313135313432303932313038373236352C2247445F5A223A302E30303235393630363139303935373132392C2241445F58223A2D302E3030343839373337303933343438363338392C2241445F59223A302E303031333837383432323332333631343335392C2241445F5A223A2D302E31373331333338353030393736353632352C2254656D70447370223A302C22537461747573223A302C2243616C69625374617465223A312C22536967416D70496E76616C6964223A307D7DDE2E
05-27 19:13:02.459   536   536 D commservice260303: bufferevent_write retrun value = 0
05-27 19:13:02.459   536   560 D commservice260303: client datas send succeed,send finish
05-27 19:13:02.460 13911 14192 D Sentinelmode_1.2.5.17_sentry: <SentryImuClusterFgeSender>imu_status sent to Linux, frame=288436, tsNs=12249663, tsMs=12, intervalMs=40, ad=(-0.004897371,0.0013878422,-0.17313385), gd=(-0.012217252,0.005115142,0.002596062)
05-27 09:04:11.422   581   581 D spi_rst_gpio_get_output: GPIO 145 value: 1
05-27 09:04:11.422   581   581 D spidev_ioctl: gpio status=1)
05-27 19:13:02.461   830   893 W TransactionTracing: Could not find layer handle 0xb400007a1041a830
05-27 19:13:02.461 10188 10637 D WindowManager: inputWindowHandle changed and setInputWindowInfo inputWindowHandle = a8d23cc com.yadea.btmusic/com.yadea.btmusic.MainActivity, frame=[0,0,0,0], touchableRegion=SkRegion((0,0,1280,720)), scaleFactor=1.0, transform=null, windowToken=android.os.BinderProxy@c6f09ff, isClone=false, inputConfig=0, layoutParamsFlags=-2122252000, layoutParamsType=1, surfaceInset=0, changed=true
05-27 19:13:02.461 10188 10637 D WindowManager: requestFocus , focusToken = android.os.BinderProxy@ac89615, mInputFocus = android.os.BinderProxy@ac89615, windowName = a8d23cc com.yadea.btmusic/com.yadea.btmusic.MainActivity
05-27 19:13:02.464   581   581 I SpiService: fgesysctrl_getGPIO_status success val=0
05-27 19:13:02.464   566 11459 I gps_hdbd: Received: '$GNTXT,INSTALL,0.00,0.00,0.00,0.00,0.00,0.00,0*20
'
05-27 09:04:11.428   581   581 D spi_rst_gpio_get_output: GPIO 145 value: 0
05-27 09:04:11.428   581   581 D spidev_ioctl: gpio status=0)
05-27 19:13:02.465 10188 10637 D WindowManager: Display{#2 state=ON size=1280x720 ROTATION_0} applySurfaceChangesTransaction  mTmpUpdateAllDrawn.isEmpty true
05-27 19:13:02.466   283   307 I rvcservice: t.code = 0, t.value = 610
05-27 19:13:02.468 10188 10637 D WindowManager: Display{#0 state=ON size=1280x720 ROTATION_0} applySurfaceChangesTransaction  mTmpUpdateAllDrawn.isEmpty true
05-27 19:13:02.468  3879  3879 D NSLogUtils_BluetoothController: Initialize Bluetooth state: true
05-27 19:13:02.468  3879  3879 D NSLogUtils_BluetoothController: 正在检查已连接的蓝牙设备
05-27 19:13:02.472 10188 10637 D WindowManager: requestFocus , focusToken = android.os.BinderProxy@ac89615, mInputFocus = android.os.BinderProxy@ac89615, windowName = a8d23cc com.yadea.btmusic/com.yadea.btmusic.MainActivity
05-27 19:13:02.472 13911 14183 I SentryImuMcuAngleSender: 179.97198rollDeg
05-27 19:13:02.472 13911 14183 I SentryImuMcuAngleSender: 1,0,0
05-27 19:13:02.474  3879  3879 D NSLogUtils_BluetoothController: 发现1个已配对设备
05-27 19:13:02.475 28437  3353 I anw_bt_btif: get_connection_state, AnW
05-27 19:13:02.476 28437  3353 I ANW bt_btif: do_get_connect_state
05-27 19:13:02.476 28437  3353 D ANWAPI  : (28437|0x841E8CB0)[BTAPI] SPPMIN(0)SPPMAX(4)
05-27 19:13:02.476 28437  3353 D ANWAPI  : 
05-27 19:13:02.476 28437  3353 I anw_bt_btif: get_connection_state, AnW state 3
05-27 19:13:02.477  3879  3879 D NSLogUtils_BluetoothController: 设备58:B9:65:7C:37:70连接状态（反射）：true
05-27 19:13:02.478  3879  3879 D BluetoothController: changeConnected  isConnected->true
05-27 19:13:02.478  3879  3879 D NSLogUtils_MainActivity: Bluetooth connection status callback->true a2dpIsConnect=true switch status=true
05-27 19:13:02.478  3879  3879 D NSLogUtils_MainActivity: Device name->iPhone
05-27 19:13:02.478  3879  3879 D NSLogUtils_MainActivity: Bluetooth connection status callback->true a2dpIsConnect=true switch status=true
05-27 19:13:02.478  3879  3879 D NSLogUtils_MainActivity: Device name->iPhone
05-27 19:13:02.478  3879  3879 D NSLogUtils_BluetoothController: 发现已连接设备：iPhone
05-27 19:13:02.478  3879  3879 D NSLogUtils_BluetoothController: checking the current a2dp connection status
05-27 19:13:02.479 28437  3353 D A2dpSinkService: getDevicesMatchingConnectionStates[2]
05-27 19:13:02.479 28437  3353 D A2dpSinkService: Device: 58:B9:65:7C:37:70State: 2
05-27 19:13:02.479 28437  3353 D A2dpSinkService: [58:B9:65:7C:37:70]
05-27 19:13:02.479 28437  3353 D A2dpSinkService: GetDevicesDone
05-27 19:13:02.480   572   622 I Sensors : 230 AccelSensor: x:-0.172019,y:0.002440,z:-9.976550
05-27 19:13:02.481  3879  3879 D NSLogUtils_BluetoothController: discovered the existing a2dp connection：iPhone（status code：2）
05-27 19:13:02.481  3879  3879 D NSLogUtils_MainActivity: Bluetooth connection status callback->true a2dpIsConnect=true switch status=true
05-27 19:13:02.481  3879  3879 D NSLogUtils_MainActivity: Device name->iPhone
05-27 19:13:02.481  3879  3879 D NSLogUtils_MainActivity: Bluetooth connection status callback->true a2dpIsConnect=true switch status=true
05-27 19:13:02.481  3879  3879 D NSLogUtils_MainActivity: Device name->iPhone
05-27 19:13:02.483  3879  3879 D NSLogUtils_BluetoothController: a2dp device status check: iPhone - Connected
05-27 09:04:11.448   581   581 D spi_rst_gpio_get_output: GPIO 145 value: 1
05-27 09:04:11.448   581   581 D spidev_ioctl: gpio status=1)
05-27 19:13:02.484   581   581 I SpiService: fgesysctrl_getGPIO_status success val=1
05-27 19:13:02.489   581   581 I SpiService: fgesysctrl_getGPIO_status success val=1
05-27 09:04:11.454   581   581 D spi_rst_gpio_get_output: GPIO 145 value: 1
05-27 09:04:11.454   581   581 D spidev_ioctl: gpio status=1)
05-27 19:13:02.493 13911 14183 I SentryImuMcuAngleSender: 179.993rollDeg
05-27 19:13:02.493 13911 14183 I SentryImuMcuAngleSender: 1,0,0
05-27 19:13:02.494   581   581 I SpiService: fgesysctrl_getGPIO_status success val=1
05-27 09:04:11.459   581   581 D spi_rst_gpio_get_output: GPIO 145 value: 1
05-27 09:04:11.459   581   581 D spidev_ioctl: gpio status=1)
05-27 19:13:02.498   536   536 D commservice260303: msg.id = 1028,0
05-27 19:13:02.498   536   536 D commservice260303: i = 170, msgid = 8A000404
05-27 19:13:02.498   536   536 D commservice260303: msgid = -1979710460,did=138
05-27 19:13:02.498   536   536 D commservice260303: CommProtocolLibCmdBaseI2C::dataproc {"command":{"id":"imu_status","sub":""},"content":{"TimeStamp":12,"FrameCounter":288437,"GD_X":-0.011910883709788322,"GD_Y":0.00519212381914258,"GD_Z":0.00259606190957129,"AD_X":-0.0030461400747299194,"AD_Y":-0.0022626244463026524,"AD_Z":-0.17496395111083984,"TempDsp":0,"Status":0,"CalibState":1,"SigAmpInvalid":0}},-1979710460
05-27 19:13:02.499   536   536 D commservice260303: send2Cluster len:316, 7B22636F6D6D616E64223A7B226964223A22696D755F737461747573222C22737562223A22227D2C22636F6E74656E74223A7B2254696D655374616D70223A31322C224672616D65436F756E746572223A3238383433372C2247445F58223A2D302E3031313931303838333730393738383332322C2247445F59223A302E30303531393231323338313931343235382C2247445F5A223A302E30303235393630363139303935373132392C2241445F58223A2D302E303033303436313430303734373239393139342C2241445F59223A2D302E303032323632363234343436333032363532342C2241445F5A223A2D302E31373439363339353131313038333938342C2254656D70447370223A302C22537461747573223A302C2243616C69625374617465223A312C22536967416D70496E76616C6964223A307D7D, 138 
05-27 19:13:02.499   536   536 D commservice260303: Push Message into SendPool fn=-1884683264
05-27 19:13:02.499   536   536 D commservice260303: ComProtocolLibSend2Cluster::send2ClusterRaw fn=-1884683264 , len=332
05-27 19:13:02.499   536   536 D commservice260303: sendCmdToPort :332!!!
05-27 19:13:02.499   536   536 D commservice260303: send Cmd To Port ++++5AA501488A010004AA8F6A16D1BE7B22636F6D6D616E64223A7B226964223A22696D755F737461747573222C22737562223A22227D2C22636F6E74656E74223A7B2254696D655374616D70223A31322C224672616D65436F756E746572223A3238383433372C2247445F58223A2D302E3031313931303838333730393738383332322C2247445F59223A302E30303531393231323338313931343235382C2247445F5A223A302E30303235393630363139303935373132392C2241445F58223A2D302E303033303436313430303734373239393139342C2241445F59223A2D302E303032323632363234343436333032363532342C2241445F5A223A2D302E31373439363339353131313038333938342C2254656D70447370223A302C22537461747573223A302C2243616C69625374617465223A312C22536967416D70496E76616C6964223A307D7D335C
05-27 19:13:02.499   536   536 D commservice260303: bufferevent_write retrun value = 0
05-27 19:13:02.499   536   560 D commservice260303: client datas send succeed,send finish
05-27 19:13:02.499 13911 14192 D Sentinelmode_1.2.5.17_sentry: <SentryImuClusterFgeSender>imu_status sent to Linux, frame=288437, tsNs=12249734, tsMs=12, intervalMs=39, ad=(-0.00304614,-0.0022626244,-0.17496395), gd=(-0.011910884,0.005192124,0.002596062)
05-27 19:13:02.500   581   581 I SpiService: fgesysctrl_getGPIO_status success val=1
05-27 09:04:11.464   581   581 D spi_rst_gpio_get_output: GPIO 145 value: 1
05-27 09:04:11.464   581   581 D spidev_ioctl: gpio status=1)
05-27 19:13:02.505   581   581 I SpiService: fgesysctrl_getGPIO_status success val=1
05-27 09:04:11.470   581   581 D spi_rst_gpio_get_output: GPIO 145 value: 1
05-27 09:04:11.470   581   581 D spidev_ioctl: gpio status=1)
05-27 19:13:02.510   581   581 I SpiService: fgesysctrl_getGPIO_status success val=1
05-27 09:04:11.475   581   581 D spi_rst_gpio_get_output: GPIO 145 value: 1
05-27 09:04:11.475   581   581 D spidev_ioctl: gpio status=1)
05-27 19:13:02.514 13911 14183 I SentryImuMcuAngleSender: 179.986rollDeg
05-27 19:13:02.514 13911 14183 I SentryImuMcuAngleSender: 1,0,0
05-27 19:13:02.516   581   581 I SpiService: fgesysctrl_getGPIO_status success val=0
05-27 09:04:11.480   581   581 D spi_rst_gpio_get_output: GPIO 145 value: 0
05-27 09:04:11.480   581   581 D spidev_ioctl: gpio status=0)
05-27 19:13:02.530   581   581 I SpiService: fgesysctrl_getGPIO_status success val=1
05-27 09:04:11.494   581   581 D spi_rst_gpio_get_output: GPIO 145 value: 1
05-27 09:04:11.494   581   581 D spidev_ioctl: gpio status=1)
05-27 19:13:02.534 13911 14183 I SentryImuMcuAngleSender: 179.97197rollDeg
05-27 19:13:02.534 13911 14183 I SentryImuMcuAngleSender: 1,0,0
05-27 19:13:02.535   581   581 I SpiService: fgesysctrl_getGPIO_status success val=1
05-27 19:13:02.536 17284 17338 D VersionPrinter: com.aispeech.lyra.assistant- VersionName:[8.0.1_260521.1.yadi_HuoXing] - append:[] - active:[]
05-27 19:13:02.539   536   536 D commservice260303: msg.id = 1028,0
05-27 19:13:02.539   536   536 D commservice260303: i = 170, msgid = 8A000404
05-27 19:13:02.539   536   536 D commservice260303: msgid = -1979710460,did=138
05-27 19:13:02.539   536   536 D commservice260303: CommProtocolLibCmdBaseI2C::dataproc {"command":{"id":"imu_status","sub":""},"content":{"TimeStamp":12,"FrameCounter":288438,"GD_X":-0.011377211660146713,"GD_Y":0.004656890872865915,"GD_Z":0.0019079053308814764,"AD_X":0.0017967671155929565,"AD_Y":0.0038233904633671045,"AD_Z":-0.16885852813720703,"TempDsp":0,"Status":0,"CalibState":1,"SigAmpInvalid":0}},-1979710460
05-27 09:04:11.499   581   581 D spi_rst_gpio_get_output: GPIO 145 value: 1
05-27 19:13:02.539   536   536 D commservice260303: send2Cluster len:317, 7B22636F6D6D616E64223A7B226964223A22696D755F737461747573222C22737562223A22227D2C22636F6E74656E74223A7B2254696D655374616D70223A31322C224672616D65436F756E746572223A3238383433382C2247445F58223A2D302E3031313337373231313636303134363731332C2247445F59223A302E3030343635363839303837323836353931352C2247445F5A223A302E303031393037393035333330383831343736342C2241445F58223A302E303031373936373637313135353932393536352C2241445F59223A302E303033383233333930343633333637313034352C2241445F5A223A2D302E31363838353835323831333732303730332C2254656D70447370223A302C22537461747573223A302C2243616C69625374617465223A312C22536967416D70496E76616C6964223A307D7D, 138 
05-27 09:04:11.499   581   581 D spidev_ioctl: gpio status=1)
05-27 19:13:02.539   536   536 D commservice260303: Push Message into SendPool fn=-1867906048
05-27 19:13:02.539   536   536 D commservice260303: ComProtocolLibSend2Cluster::send2ClusterRaw fn=-1867906048 , len=333
05-27 19:13:02.539   536   536 D commservice260303: sendCmdToPort :333!!!
05-27 19:13:02.540   536   536 D commservice260303: send Cmd To Port ++++5AA501498A010004AA906A16D1BE7B22636F6D6D616E64223A7B226964223A22696D755F737461747573222C22737562223A22227D2C22636F6E74656E74223A7B2254696D655374616D70223A31322C224672616D65436F756E746572223A3238383433382C2247445F58223A2D302E3031313337373231313636303134363731332C2247445F59223A302E3030343635363839303837323836353931352C2247445F5A223A302E303031393037393035333330383831343736342C2241445F58223A302E303031373936373637313135353932393536352C2241445F59223A302E303033383233333930343633333637313034352C2241445F5A223A2D302E31363838353835323831333732303730332C2254656D70447370223A302C22537461747573223A302C2243616C69625374617465223A312C22536967416D70496E76616C6964223A307D7D0BCD
05-27 19:13:02.540   536   536 D commservice260303: bufferevent_write retrun value = 0
05-27 19:13:02.540   536   560 D commservice260303: client datas send succeed,send finish
05-27 19:13:02.540 13911 14192 D Sentinelmode_1.2.5.17_sentry: <SentryImuClusterFgeSender>imu_status sent to Linux, frame=288438, tsNs=12249787, tsMs=12, intervalMs=41, ad=(0.0017967671,0.0038233905,-0.16885853), gd=(-0.011377212,0.004656891,0.0019079053)
05-27 19:13:02.540   581   581 I SpiService: fgesysctrl_getGPIO_status success val=1
05-27 19:13:02.540 30773 30785 I dvr_service_: [EncoderHandler::runMediaThread] runMediaThread started:1,state:1, cam2:started:1,state:1, lastSwitch:1, mIsMuxerStart:1,format:0,is_str_ing:0
05-27 09:04:11.505   581   581 D spi_rst_gpio_get_output: GPIO 145 value: 1
05-27 09:04:11.505   581   581 D spidev_ioctl: gpio status=1)
05-27 19:13:02.544   536   760 I commservice260303: [mcuCommFunctionTcp::ProtocolCheckConnectTimeOutProc:613] keyID:256,tcpEvent:5,tcpcount:0,heartbeat:1,noHeartBeatNumber:0,endispatch:0,strState:0
05-27 19:13:02.544   536   760 D commservice260303: ProtocolCheckConnectTimeOutProc,629,clear heartbeat
05-27 19:13:02.545   581   581 I SpiService: fgesysctrl_getGPIO_status success val=1
05-27 09:04:11.510   581   581 D spi_rst_gpio_get_output: GPIO 145 value: 1
05-27 09:04:11.510   581   581 D spidev_ioctl: gpio status=1)
05-27 19:13:02.551   581   581 I SpiService: fgesysctrl_getGPIO_status success val=1
05-27 09:04:11.515   581   581 D spi_rst_gpio_get_output: GPIO 145 value: 1
05-27 09:04:11.515   581   581 D spidev_ioctl: gpio status=1)
05-27 19:13:02.554   572   622 I Sensors : 230 GyroSensor: x:-0.011301,y:0.004581,z:0.001679
05-27 19:13:02.554 13911 14183 I SentryImuMcuAngleSender: 179.95795rollDeg
05-27 19:13:02.555 13911 14183 I SentryImuMcuAngleSender: 1,0,0
05-27 19:13:02.556   581   581 I SpiService: fgesysctrl_getGPIO_status success val=0
05-27 09:04:11.521   581   581 D spi_rst_gpio_get_output: GPIO 145 value: 0
05-27 09:04:11.521   581   581 D spidev_ioctl: gpio status=0)
05-27 19:13:02.566   283   307 I rvcservice: t.code = 3, t.value = 0
