05-27 19:12:56.621   581   581 I SpiService: fgesysctrl_getGPIO_status success val=1
05-27 19:12:56.623   536   536 D commservice260303: msg.id = 1028,1
05-27 19:12:56.623   536   536 D commservice260303: i = 170, msgid = 8A000404
05-27 19:12:56.624   536   536 D commservice260303: msgid = -1979710460,did=138
05-27 19:12:56.624   536   536 D commservice260303: CommProtocolLibCmdBaseI2C::dataproc {"command":{"id":"imu_status","sub":""},"content":{"TimeStamp":12,"FrameCounter":288292,"GD_X":-0.011910883709788322,"GD_Y":0.004733873065561056,"GD_Z":0.00137423281557858,"AD_X":-0.003472849726676941,"AD_Y":4.10592183470726E-4,"AD_Z":-0.1682577133178711,"TempDsp":0,"Status":0,"CalibState":1,"SigAmpInvalid":0}},-1979710460
05-27 19:12:56.624   536   536 D commservice260303: send2Cluster len:312, 7B22636F6D6D616E64223A7B226964223A22696D755F737461747573222C22737562223A22227D2C22636F6E74656E74223A7B2254696D655374616D70223A31322C224672616D65436F756E746572223A3238383239322C2247445F58223A2D302E3031313931303838333730393738383332322C2247445F59223A302E3030343733333837333036353536313035362C2247445F5A223A302E30303133373432333238313535373835382C2241445F58223A2D302E3030333437323834393732363637363934312C2241445F59223A342E3130353932313833343730373236452D342C2241445F5A223A2D302E313638323537373133333137383731312C2254656D70447370223A302C22537461747573223A302C2243616C69625374617465223A312C22536967416D70496E76616C6964223A307D7D, 138 
05-27 19:12:56.624   536   536 D commservice260303: Push Message into SendPool fn=-72809472
05-27 19:12:56.624   536   536 D commservice260303: ComProtocolLibSend2Cluster::send2ClusterRaw fn=-72809472 , len=328
05-27 19:12:56.624   536   536 D commservice260303: sendCmdToPort :328!!!
05-27 19:12:56.624   536   536 D commservice260303: send Cmd To Port ++++5AA501448A010004A9FB6A16D1B87B22636F6D6D616E64223A7B226964223A22696D755F737461747573222C22737562223A22227D2C22636F6E74656E74223A7B2254696D655374616D70223A31322C224672616D65436F756E746572223A3238383239322C2247445F58223A2D302E3031313931303838333730393738383332322C2247445F59223A302E3030343733333837333036353536313035362C2247445F5A223A302E30303133373432333238313535373835382C2241445F58223A2D302E3030333437323834393732363637363934312C2241445F59223A342E3130353932313833343730373236452D342C2241445F5A223A2D302E313638323537373133333137383731312C2254656D70447370223A302C22537461747573223A302C2243616C69625374617465223A312C22536967416D70496E76616C6964223A307D7D5564
05-27 19:12:56.624   536   536 D commservice260303: bufferevent_write retrun value = 0
05-27 19:12:56.624   536   560 D commservice260303: client datas send succeed,send finish
05-27 19:12:56.625 13911 14192 D Sentinelmode_1.2.5.17_sentry: <SentryImuClusterFgeSender>imu_status sent to Linux, frame=288292, tsNs=12243869, tsMs=12, intervalMs=41, ad=(-0.0034728497,4.1059218E-4,-0.16825771), gd=(-0.011910884,0.004733873,0.0013742328)
05-27 09:04:05.586   581   581 D spi_rst_gpio_get_output: GPIO 145 value: 1
05-27 09:04:05.586   581   581 D spidev_ioctl: gpio status=1)
05-27 19:12:56.626   581   581 I SpiService: fgesysctrl_getGPIO_status success val=1
05-27 09:04:05.591   581   581 D spi_rst_gpio_get_output: GPIO 145 value: 1
05-27 09:04:05.591   581   581 D spidev_ioctl: gpio status=1)
05-27 19:12:56.630 13911 14183 I SentryImuMcuAngleSender: 179.97197rollDeg
05-27 19:12:56.630 13911 14183 I SentryImuMcuAngleSender: 1,0,0
05-27 09:04:05.596   581   581 D spi_rst_gpio_get_output: GPIO 145 value: 1
05-27 09:04:05.596   581   581 D spidev_ioctl: gpio status=1)
05-27 19:12:56.631   830   830 D SurfaceFlinger: unisoc-graphics, commit has frameMissed:2, vysncId:448213
05-27 19:12:56.632   581   581 I SpiService: fgesysctrl_getGPIO_status success val=1
05-27 19:12:56.637   581   581 I SpiService: fgesysctrl_getGPIO_status success val=0
05-27 09:04:05.602   581   581 D spi_rst_gpio_get_output: GPIO 145 value: 0
05-27 09:04:05.602   581   581 D spidev_ioctl: gpio status=0)
05-27 19:12:56.650 13911 14183 I SentryImuMcuAngleSender: 179.98248rollDeg
05-27 19:12:56.650 13911 14183 I SentryImuMcuAngleSender: 1,0,0
05-27 19:12:56.651   581   581 I SpiService: fgesysctrl_getGPIO_status success val=1
05-27 09:04:05.616   581   581 D spi_rst_gpio_get_output: GPIO 145 value: 1
05-27 09:04:05.616   581   581 D spidev_ioctl: gpio status=1)
05-27 19:12:56.653   283   307 I rvcservice: t.code = 3, t.value = 0
05-27 19:12:56.656   581   581 I SpiService: fgesysctrl_getGPIO_status success val=1
05-27 09:04:05.621   581   581 D spi_rst_gpio_get_output: GPIO 145 value: 1
05-27 09:04:05.621   581   581 D spidev_ioctl: gpio status=1)
05-27 19:12:56.662   581   581 I SpiService: fgesysctrl_getGPIO_status success val=1
05-27 19:12:56.664   536   536 D commservice260303: msg.id = 1028,0
05-27 19:12:56.664   536   536 D commservice260303: i = 170, msgid = 8A000404
05-27 19:12:56.664   536   536 D commservice260303: msgid = -1979710460,did=138
05-27 19:12:56.664   536   536 D commservice260303: CommProtocolLibCmdBaseI2C::dataproc {"command":{"id":"imu_status","sub":""},"content":{"TimeStamp":12,"FrameCounter":288293,"GD_X":-0.012599040754139423,"GD_Y":0.004963258747011423,"GD_Z":0.0021378109231591225,"AD_X":-0.0034690946340560913,"AD_Y":4.142974503338337E-4,"AD_Z":-0.17069625854492188,"TempDsp":0,"Status":0,"CalibState":1,"SigAmpInvalid":0}},-1979710460
05-27 09:04:05.626   581   581 D spi_rst_gpio_get_output: GPIO 145 value: 1
05-27 09:04:05.626   581   581 D spidev_ioctl: gpio status=1)
05-27 19:12:56.665   536   536 D commservice260303: send2Cluster len:317, 7B22636F6D6D616E64223A7B226964223A22696D755F737461747573222C22737562223A22227D2C22636F6E74656E74223A7B2254696D655374616D70223A31322C224672616D65436F756E746572223A3238383239332C2247445F58223A2D302E3031323539393034303735343133393432332C2247445F59223A302E3030343936333235383734373031313432332C2247445F5A223A302E303032313337383130393233313539313232352C2241445F58223A2D302E303033343639303934363334303536303931332C2241445F59223A342E313432393734353033333338333337452D342C2241445F5A223A2D302E31373036393632353835343439323138382C2254656D70447370223A302C22537461747573223A302C2243616C69625374617465223A312C22536967416D70496E76616C6964223A307D7D, 138 
05-27 19:12:56.665   536   536 D commservice260303: Push Message into SendPool fn=-56032256
05-27 19:12:56.665   536   536 D commservice260303: ComProtocolLibSend2Cluster::send2ClusterRaw fn=-56032256 , len=333
05-27 19:12:56.665   536   536 D commservice260303: sendCmdToPort :333!!!
05-27 19:12:56.666   536   536 D commservice260303: send Cmd To Port ++++5AA501498A010004A9FC6A16D1B87B22636F6D6D616E64223A7B226964223A22696D755F737461747573222C22737562223A22227D2C22636F6E74656E74223A7B2254696D655374616D70223A31322C224672616D65436F756E746572223A3238383239332C2247445F58223A2D302E3031323539393034303735343133393432332C2247445F59223A302E3030343936333235383734373031313432332C2247445F5A223A302E303032313337383130393233313539313232352C2241445F58223A2D302E303033343639303934363334303536303931332C2241445F59223A342E313432393734353033333338333337452D342C2241445F5A223A2D302E31373036393632353835343439323138382C2254656D70447370223A302C22537461747573223A302C2243616C69625374617465223A312C22536967416D70496E76616C6964223A307D7D9990
05-27 19:12:56.666   536   536 D commservice260303: bufferevent_write retrun value = 0
05-27 19:12:56.666   536   560 D commservice260303: client datas send succeed,send finish
05-27 19:12:56.666 13911 14192 D Sentinelmode_1.2.5.17_sentry: <SentryImuClusterFgeSender>imu_status sent to Linux, frame=288293, tsNs=12243903, tsMs=12, intervalMs=42, ad=(-0.0034690946,4.1429745E-4,-0.17069626), gd=(-0.012599041,0.0049632587,0.002137811)
05-27 19:12:56.667   581   581 I SpiService: fgesysctrl_getGPIO_status success val=1
05-27 19:12:56.668 10188 10188 D Telecom : Logging: START_SESSION
05-27 09:04:05.631   581   581 D spi_rst_gpio_get_output: GPIO 145 value: 1
05-27 19:12:56.669 10188 10188 D Telecom : Logging: END_SESSION (dur: 1 ms): TSI.iIMC@AZs
05-27 09:04:05.631   581   581 D spidev_ioctl: gpio status=1)
05-27 19:12:56.669 10188 10188 D Telecom : Logging: START_SESSION
05-27 19:12:56.670 10188 10188 D Telecom : Logging: END_SESSION (dur: 0 ms): TSI.iISMC(a)@AZw
05-27 19:12:56.670 10188 10188 D ResponseStatsTracker: notification:+3h24m3s718ms; event=<updated>, pkg=com.yadea.btmusic, usr=0
05-27 19:12:56.671 13911 14183 I SentryImuMcuAngleSender: 179.97197rollDeg
05-27 19:12:56.671 10188 10188 D NotificationService: 0|com.yadea.btmusic|8001|null|1000: updating permissions
05-27 19:12:56.671 13911 14183 I SentryImuMcuAngleSender: 1,0,0
05-27 19:12:56.671 10188 10188 D NotificationService: 0|com.yadea.btmusic|8001|null|1000: updating permissions
05-27 19:12:56.671 10188 10188 D NotificationService: 0|com.yadea.btmusic|8001|null|1000: updating permissions
05-27 19:12:56.671 10188 10188 D NotificationService: 0|com.yadea.btmusic|8001|null|1000: updating permissions
05-27 19:12:56.672 10188 10188 D NotificationService: 0|com.yadea.btmusic|8001|null|1000: updating permissions
05-27 19:12:56.672 10188 10188 D NotificationService: 0|com.yadea.btmusic|8001|null|1000: updating permissions
05-27 19:12:56.672   581   581 I SpiService: fgesysctrl_getGPIO_status success val=1
05-27 19:12:56.672   572   572 I Sensors : 230 GyroSensor: x:-0.011759,y:0.005497,z:0.002138
05-27 09:04:05.637   581   581 D spi_rst_gpio_get_output: GPIO 145 value: 1
05-27 09:04:05.637   581   581 D spidev_ioctl: gpio status=1)
05-27 19:12:56.674 11344 11344 D CarNotificationListener: onNotificationPosted: StatusBarNotification(pkg=com.yadea.btmusic user=UserHandle{0} id=8001 tag=null key=0|com.yadea.btmusic|8001|null|1000: Notification(channel=media_playback_channel shortcut=null contentView=null vibrate=null sound=null defaults=0x0 flags=0x68 color=0x00000000 category=transport groupKey=silent actions=3 vis=PUBLIC))
05-27 19:12:56.674 11344 11344 D CarNotificationListener: Is incoming notification a group summary?: false
05-27 19:12:56.674 11731 11731 I ExtAssistant: POSTED 0|com.yadea.btmusic|8001|null|1000
05-27 19:12:56.674 10188 11485 D PowerController.AppState: - updateNotification() E -
05-27 19:12:56.674 11344 11344 D NavBarFragment: onShow: AlertEntry:StatusBarNotification(pkg=com.yadea.btmusic user=UserHandle{0} id=8001 tag=null key=0|com.yadea.btmusic|8001|null|1000: Notification(channel=media_playback_channel shortcut=null contentView=null vibrate=null sound=null defaults=0x0 flags=0x68 color=0x00000000 category=transport groupKey=silent actions=3 vis=PUBLIC))
05-27 19:12:56.675 11344 11344 D NavBarFragment: bindMediaActions: action[0] title=Previous, intent=PendingIntent{9f038d3: android.os.BinderProxy@47dbe97}
05-27 19:12:56.675 11344 11344 D NavBarFragment: bindMediaActions: action[1] title=Play, intent=PendingIntent{2caac10: android.os.BinderProxy@b9dcca2}
05-27 19:12:56.675 11344 11344 D NavBarFragment: bindMediaActions: action[2] title=Next, intent=PendingIntent{5185309: android.os.BinderProxy@9a4186d}
05-27 19:12:56.675 11344 11344 D NavBarFragment: bindMediaActions: previous=0, playPause=1, next=2, key=0|com.yadea.btmusic|8001|null|1000
05-27 19:12:56.675 11344 11344 D NavBarFragment: updateMediaInfo: title=null, text=null, pkg=com.yadea.btmusic
05-27 19:12:56.678   581   581 I SpiService: fgesysctrl_getGPIO_status success val=0
05-27 19:12:56.678 10188 10188 D Telecom : Logging: START_SESSION
05-27 19:12:56.678 10188 10188 D Telecom : Logging: END_SESSION (dur: 0 ms): TSI.iIMC@AZ0
05-27 19:12:56.679 10188 10188 D Telecom : Logging: START_SESSION
05-27 19:12:56.679 10188 10188 D Telecom : Logging: END_SESSION (dur: 0 ms): TSI.iISMC(a)@AZ4
05-27 19:12:56.679 10188 10188 D ResponseStatsTracker: notification:+3h24m3s727ms; event=<updated>, pkg=com.yadea.btmusic, usr=0
05-27 19:12:56.680 10188 10188 D NotificationService: 0|com.yadea.btmusic|8001|null|1000: updating permissions
05-27 19:12:56.681 10188 10188 D NotificationService: 0|com.yadea.btmusic|8001|null|1000: updating permissions
05-27 19:12:56.681 10188 10188 D NotificationService: 0|com.yadea.btmusic|8001|null|1000: updating permissions
05-27 19:12:56.681 10188 10188 D NotificationService: 0|com.yadea.btmusic|8001|null|1000: updating permissions
05-27 09:04:05.642   581   581 D spidev_ioctl: gpio status=0)
05-27 19:12:56.681 10188 10188 D NotificationService: 0|com.yadea.btmusic|8001|null|1000: updating permissions
05-27 19:12:56.681 10188 10188 D NotificationService: 0|com.yadea.btmusic|8001|null|1000: updating permissions
05-27 19:12:56.681   830   830 D SurfaceFlinger: unisoc-graphics, commit has frameMissed:2, vysncId:448251
05-27 19:12:56.684 10188 11485 D PowerController.AppState: - updateNotification() E -
05-27 19:12:56.684 11731 11731 I ExtAssistant: POSTED 0|com.yadea.btmusic|8001|null|1000
05-27 19:12:56.687 15863 15863 D AIN-NaviLocationPresenter: ACC is OFF, skip upload location
05-27 19:12:56.687 11344 11344 D CarNotificationListener: onNotificationPosted: StatusBarNotification(pkg=com.yadea.btmusic user=UserHandle{0} id=8001 tag=null key=0|com.yadea.btmusic|8001|null|1000: Notification(channel=media_playback_channel shortcut=null contentView=null vibrate=null sound=null defaults=0x0 flags=0x68 color=0x00000000 category=transport groupKey=silent actions=3 vis=PUBLIC))
05-27 19:12:56.687 11344 11344 D CarNotificationListener: Is incoming notification a group summary?: false
05-27 19:12:56.688 11344 11344 D NavBarFragment: onShow: AlertEntry:StatusBarNotification(pkg=com.yadea.btmusic user=UserHandle{0} id=8001 tag=null key=0|com.yadea.btmusic|8001|null|1000: Notification(channel=media_playback_channel shortcut=null contentView=null vibrate=null sound=null defaults=0x0 flags=0x68 color=0x00000000 category=transport groupKey=silent actions=3 vis=PUBLIC))
05-27 19:12:56.688 11344 11344 D NavBarFragment: bindMediaActions: action[0] title=Previous, intent=PendingIntent{69e490e: android.os.BinderProxy@47dbe97}
05-27 19:12:56.688 11344 11344 D NavBarFragment: bindMediaActions: action[1] title=Play, intent=PendingIntent{a7b8f2f: android.os.BinderProxy@b9dcca2}
05-27 19:12:56.688 11344 11344 D NavBarFragment: bindMediaActions: action[2] title=Next, intent=PendingIntent{996793c: android.os.BinderProxy@9a4186d}
05-27 19:12:56.688 11344 11344 D NavBarFragment: bindMediaActions: previous=0, playPause=1, next=2, key=0|com.yadea.btmusic|8001|null|1000
05-27 19:12:56.688 11344 11344 D NavBarFragment: updateMediaInfo: title=null, text=null, pkg=com.yadea.btmusic
05-27 19:12:56.691   581   581 I SpiService: fgesysctrl_getGPIO_status success val=1
05-27 19:12:56.692 13911 14183 I SentryImuMcuAngleSender: 179.97197rollDeg
05-27 19:12:56.692 13911 14183 I SentryImuMcuAngleSender: 1,0,0
05-27 09:04:05.656   581   581 D spi_rst_gpio_get_output: GPIO 145 value: 1
05-27 09:04:05.656   581   581 D spidev_ioctl: gpio status=1)
05-27 19:12:56.697   581   581 I SpiService: fgesysctrl_getGPIO_status success val=1
05-27 19:12:56.698   830   830 D SurfaceFlinger: unisoc-graphics, commit has frameMissed:2, vysncId:448266
05-27 09:04:05.661   581   581 D spi_rst_gpio_get_output: GPIO 145 value: 1
05-27 09:04:05.661   581   581 D spidev_ioctl: gpio status=1)
05-27 09:04:05.667   581   581 D spi_rst_gpio_get_output: GPIO 145 value: 1
05-27 09:04:05.667   581   581 D spidev_ioctl: gpio status=1)
05-27 19:12:56.702   581   581 I SpiService: fgesysctrl_getGPIO_status success val=1
05-27 19:12:56.704   536   536 D commservice260303: msg.id = 1028,0
05-27 19:12:56.704   536   536 D commservice260303: i = 170, msgid = 8A000404
05-27 19:12:56.705   536   536 D commservice260303: msgid = -1979710460,did=138
05-27 19:12:56.705   536   536 D commservice260303: CommProtocolLibCmdBaseI2C::dataproc {"command":{"id":"imu_status","sub":""},"content":{"TimeStamp":12,"FrameCounter":288294,"GD_X":-0.011910883709788322,"GD_Y":0.005345047451555729,"GD_Z":0.0020608289632946253,"AD_X":-0.001635134220123291,"AD_Y":4.1212281212210655E-4,"AD_Z":-0.1664266586303711,"TempDsp":0,"Status":0,"CalibState":1,"SigAmpInvalid":0}},-1979710460
05-27 19:12:56.705   536   536 D commservice260303: send2Cluster len:316, 7B22636F6D6D616E64223A7B226964223A22696D755F737461747573222C22737562223A22227D2C22636F6E74656E74223A7B2254696D655374616D70223A31322C224672616D65436F756E746572223A3238383239342C2247445F58223A2D302E3031313931303838333730393738383332322C2247445F59223A302E3030353334353034373435313535353732392C2247445F5A223A302E303032303630383238393633323934363235332C2241445F58223A2D302E3030313633353133343232303132333239312C2241445F59223A342E31323132323831323132323130363535452D342C2241445F5A223A2D302E313636343236363538363330333731312C2254656D70447370223A302C22537461747573223A302C2243616C69625374617465223A312C22536967416D70496E76616C6964223A307D7D, 138 
05-27 19:12:56.705   536   536 D commservice260303: Push Message into SendPool fn=-39255040
05-27 19:12:56.705   536   536 D commservice260303: ComProtocolLibSend2Cluster::send2ClusterRaw fn=-39255040 , len=332
05-27 19:12:56.705   536   536 D commservice260303: sendCmdToPort :332!!!
05-27 19:12:56.705   536   536 D commservice260303: send Cmd To Port ++++5AA501488A010004A9FD6A16D1B87B22636F6D6D616E64223A7B226964223A22696D755F737461747573222C22737562223A22227D2C22636F6E74656E74223A7B2254696D655374616D70223A31322C224672616D65436F756E746572223A3238383239342C2247445F58223A2D302E3031313931303838333730393738383332322C2247445F59223A302E3030353334353034373435313535353732392C2247445F5A223A302E303032303630383238393633323934363235332C2241445F58223A2D302E3030313633353133343232303132333239312C2241445F59223A342E31323132323831323132323130363535452D342C2241445F5A223A2D302E313636343236363538363330333731312C2254656D70447370223A302C22537461747573223A302C2243616C69625374617465223A312C22536967416D70496E76616C6964223A307D7DDAD0
05-27 19:12:56.705   536   536 D commservice260303: bufferevent_write retrun value = 0
05-27 19:12:56.705   536   560 D commservice260303: client datas send succeed,send finish
05-27 19:12:56.706 13911 14192 D Sentinelmode_1.2.5.17_sentry: <SentryImuClusterFgeSender>imu_status sent to Linux, frame=288294, tsNs=12243939, tsMs=12, intervalMs=39, ad=(-0.0016351342,4.121228E-4,-0.16642666), gd=(-0.011910884,0.0053450475,0.002060829)
05-27 19:12:56.707   581   581 I SpiService: fgesysctrl_getGPIO_status success val=1
05-27 09:04:05.672   581   581 D spi_rst_gpio_get_output: GPIO 145 value: 1
05-27 09:04:05.672   581   581 D spidev_ioctl: gpio status=1)
05-27 19:12:56.711 13911 14183 I SentryImuMcuAngleSender: 179.96497rollDeg
05-27 19:12:56.711 13911 14183 I SentryImuMcuAngleSender: 1,0,0
05-27 19:12:56.713   581   581 I SpiService: fgesysctrl_getGPIO_status success val=1
05-27 09:04:05.677   581   581 D spi_rst_gpio_get_output: GPIO 145 value: 1
05-27 09:04:05.677   581   581 D spidev_ioctl: gpio status=1)
05-27 19:12:56.718   581   581 I SpiService: fgesysctrl_getGPIO_status success val=0
05-27 09:04:05.683   581   581 D spi_rst_gpio_get_output: GPIO 145 value: 0
05-27 09:04:05.683   581   581 D spidev_ioctl: gpio status=0)
05-27 19:12:56.732   581   581 I SpiService: fgesysctrl_getGPIO_status success val=1
05-27 19:12:56.732 13911 14183 I SentryImuMcuAngleSender: 179.96147rollDeg
05-27 19:12:56.732 13911 14183 I SentryImuMcuAngleSender: 1,0,0
05-27 09:04:05.696   581   581 D spi_rst_gpio_get_output: GPIO 145 value: 1
05-27 09:04:05.696   581   581 D spidev_ioctl: gpio status=1)
05-27 19:12:56.737   581   581 I SpiService: fgesysctrl_getGPIO_status success val=1
05-27 09:04:05.702   581   581 D spi_rst_gpio_get_output: GPIO 145 value: 1
05-27 09:04:05.702   581   581 D spidev_ioctl: gpio status=1)
05-27 19:12:56.742   581   581 I SpiService: fgesysctrl_getGPIO_status success val=1
05-27 09:04:05.707   581   581 D spi_rst_gpio_get_output: GPIO 145 value: 1
05-27 09:04:05.707   581   581 D spidev_ioctl: gpio status=1)
05-27 19:12:56.746   536   536 D commservice260303: msg.id = 1028,0
05-27 19:12:56.746   536   536 D commservice260303: i = 170, msgid = 8A000404
05-27 19:12:56.746   536   536 D commservice260303: msgid = -1979710460,did=138
05-27 19:12:56.746   536   536 D commservice260303: CommProtocolLibCmdBaseI2C::dataproc {"command":{"id":"imu_status","sub":""},"content":{"TimeStamp":12,"FrameCounter":288295,"GD_X":-0.011910883709788322,"GD_Y":0.00549693126231432,"GD_Z":0.0021378109231591225,"AD_X":0.002591177821159363,"AD_Y":0.002831215038895607,"AD_Z":-0.1682577133178711,"TempDsp":0,"Status":0,"CalibState":1,"SigAmpInvalid":0}},-1979710460
05-27 19:12:56.746   536   536 D commservice260303: send2Cluster len:313, 7B22636F6D6D616E64223A7B226964223A22696D755F737461747573222C22737562223A22227D2C22636F6E74656E74223A7B2254696D655374616D70223A31322C224672616D65436F756E746572223A3238383239352C2247445F58223A2D302E3031313931303838333730393738383332322C2247445F59223A302E30303534393639333132363233313433322C2247445F5A223A302E303032313337383130393233313539313232352C2241445F58223A302E3030323539313137373832313135393336332C2241445F59223A302E3030323833313231353033383839353630372C2241445F5A223A2D302E313638323537373133333137383731312C2254656D70447370223A302C22537461747573223A302C2243616C69625374617465223A312C22536967416D70496E76616C6964223A307D7D, 138 
05-27 19:12:56.746   536   536 D commservice260303: Push Message into SendPool fn=-22477824
05-27 19:12:56.746   536   536 D commservice260303: ComProtocolLibSend2Cluster::send2ClusterRaw fn=-22477824 , len=329
05-27 19:12:56.746   536   536 D commservice260303: sendCmdToPort :329!!!
05-27 19:12:56.746   536   536 D commservice260303: send Cmd To Port ++++5AA501458A010004A9FE6A16D1B87B22636F6D6D616E64223A7B226964223A22696D755F737461747573222C22737562223A22227D2C22636F6E74656E74223A7B2254696D655374616D70223A31322C224672616D65436F756E746572223A3238383239352C2247445F58223A2D302E3031313931303838333730393738383332322C2247445F59223A302E30303534393639333132363233313433322C2247445F5A223A302E303032313337383130393233313539313232352C2241445F58223A302E3030323539313137373832313135393336332C2241445F59223A302E3030323833313231353033383839353630372C2241445F5A223A2D302E313638323537373133333137383731312C2254656D70447370223A302C22537461747573223A302C2243616C69625374617465223A312C22536967416D70496E76616C6964223A307D7D09BE
05-27 19:12:56.746   536   536 D commservice260303: bufferevent_write retrun value = 0
05-27 19:12:56.746   536   560 D commservice260303: client datas send succeed,send finish
05-27 19:12:56.746 13911 14192 D Sentinelmode_1.2.5.17_sentry: <SentryImuClusterFgeSender>imu_status sent to Linux, frame=288295, tsNs=12243992, tsMs=12, intervalMs=41, ad=(0.0025911778,0.002831215,-0.16825771), gd=(-0.011910884,0.0054969313,0.002137811)
05-27 19:12:56.748   581   581 I SpiService: fgesysctrl_getGPIO_status success val=1
05-27 09:04:05.712   581   581 D spi_rst_gpio_get_output: GPIO 145 value: 1
05-27 09:04:05.712   581   581 D spidev_ioctl: gpio status=1)
05-27 19:12:56.750 13911 13911 I Sentinelmode_1.2.5.17_sentry: <SentinelCarServiceManager>sensorType:291504647
05-27 19:12:56.753 13911 14183 I SentryImuMcuAngleSender: 179.95795rollDeg
05-27 19:12:56.753 13911 14183 I SentryImuMcuAngleSender: 1,0,0
05-27 19:12:56.753   581   581 I SpiService: fgesysctrl_getGPIO_status success val=1
05-27 19:12:56.754   283   307 I rvcservice: t.code = 4, t.value = 0
05-27 09:04:05.718   581   581 D spi_rst_gpio_get_output: GPIO 145 value: 1
05-27 09:04:05.718   581   581 D spidev_ioctl: gpio status=1)
05-27 19:12:56.758   581   581 I SpiService: fgesysctrl_getGPIO_status success val=0
05-27 09:04:05.723   581   581 D spi_rst_gpio_get_output: GPIO 145 value: 0
05-27 09:04:05.723   581   581 D spidev_ioctl: gpio status=0)
05-27 19:12:56.772   581   581 I SpiService: fgesysctrl_getGPIO_status success val=1
05-27 19:12:56.773 13911 14183 I SentryImuMcuAngleSender: 179.95793rollDeg
05-27 19:12:56.773 13911 14183 I SentryImuMcuAngleSender: 1,0,0
05-27 09:04:05.737   581   581 D spi_rst_gpio_get_output: GPIO 145 value: 1
05-27 09:04:05.737   581   581 D spidev_ioctl: gpio status=1)
05-27 19:12:56.775 13911 14131 D SVR_MNG_SvrMngProxy: getServer: mSvrManger is null
05-27 19:12:56.775 13911 14131 D SVR_MNG_SvrMngProxy: getNewStub: 
05-27 19:12:56.775 13911 14131 D SVR_MNG_SvrMngProxy: getNewStub: getSvrManagerService start
05-27 19:12:56.777 13911 14131 D SVR_MNG_SvrMngProxy: getNewStub: getSvrManagerService end
05-27 19:12:56.777 13911 14131 D SVR_MNG_SvrMngProxy: getServer: svrMngService doesn't start
05-27 19:12:56.777   581   581 I SpiService: fgesysctrl_getGPIO_status success val=1
05-27 19:12:56.778   572   572 I Sensors : 230 AccelSensor: x:-0.167749,y:0.006100,z:-9.972281
05-27 09:04:05.742   581   581 D spi_rst_gpio_get_output: GPIO 145 value: 1
05-27 09:04:05.742   581   581 D spidev_ioctl: gpio status=1)
05-27 19:12:56.783   581   581 I SpiService: fgesysctrl_getGPIO_status success val=1
05-27 09:04:05.747   581   581 D spi_rst_gpio_get_output: GPIO 145 value: 1
05-27 09:04:05.747   581   581 D spidev_ioctl: gpio status=1)
05-27 19:12:56.786   536   536 D commservice260303: msg.id = 1028,0
05-27 19:12:56.786   536   536 D commservice260303: i = 170, msgid = 8A000404
05-27 19:12:56.786   536   536 D commservice260303: msgid = -1979710460,did=138
05-27 19:12:56.786   536   536 D commservice260303: CommProtocolLibCmdBaseI2C::dataproc {"command":{"id":"imu_status","sub":""},"content":{"TimeStamp":12,"FrameCounter":288296,"GD_X":-0.01221725158393383,"GD_Y":0.004428025335073471,"GD_Z":0.002213752595707774,"AD_X":-0.0016874074935913086,"AD_Y":0.0015980685129761696,"AD_Z":-0.1670370101928711,"TempDsp":0,"Status":0,"CalibState":1,"SigAmpInvalid":0}},-1979710460
05-27 19:12:56.786   536   536 D commservice260303: send2Cluster len:315, 7B22636F6D6D616E64223A7B226964223A22696D755F737461747573222C22737562223A22227D2C22636F6E74656E74223A7B2254696D655374616D70223A31322C224672616D65436F756E746572223A3238383239362C2247445F58223A2D302E30313232313732353135383339333338332C2247445F59223A302E3030343432383032353333353037333437312C2247445F5A223A302E3030323231333735323539353730373737342C2241445F58223A2D302E303031363837343037343933353931333038362C2241445F59223A302E303031353938303638353132393736313639362C2241445F5A223A2D302E313637303337303130313932383731312C2254656D70447370223A302C22537461747573223A302C2243616C69625374617465223A312C22536967416D70496E76616C6964223A307D7D, 138 
05-27 19:12:56.786   536   536 D commservice260303: Push Message into SendPool fn=-5700608
05-27 19:12:56.786   536   536 D commservice260303: ComProtocolLibSend2Cluster::send2ClusterRaw fn=-5700608 , len=331
05-27 19:12:56.786   536   536 D commservice260303: sendCmdToPort :331!!!
05-27 19:12:56.787   536   536 D commservice260303: send Cmd To Port ++++5AA501478A010004A9FF6A16D1B87B22636F6D6D616E64223A7B226964223A22696D755F737461747573222C22737562223A22227D2C22636F6E74656E74223A7B2254696D655374616D70223A31322C224672616D65436F756E746572223A3238383239362C2247445F58223A2D302E30313232313732353135383339333338332C2247445F59223A302E3030343432383032353333353037333437312C2247445F5A223A302E3030323231333735323539353730373737342C2241445F58223A2D302E303031363837343037343933353931333038362C2241445F59223A302E303031353938303638353132393736313639362C2241445F5A223A2D302E313637303337303130313932383731312C2254656D70447370223A302C22537461747573223A302C2243616C69625374617465223A312C22536967416D70496E76616C6964223A307D7D4D91
05-27 19:12:56.787   536   536 D commservice260303: bufferevent_write retrun value = 0
05-27 19:12:56.787   536   560 D commservice260303: client datas send succeed,send finish
05-27 19:12:56.787 13911 14192 D Sentinelmode_1.2.5.17_sentry: <SentryImuClusterFgeSender>imu_status sent to Linux, frame=288296, tsNs=12244028, tsMs=12, intervalMs=41, ad=(-0.0016874075,0.0015980685,-0.16703701), gd=(-0.012217252,0.0044280253,0.0022137526)
05-27 19:12:56.788   581   581 I SpiService: fgesysctrl_getGPIO_status success val=1
05-27 09:04:05.753   581   581 D spi_rst_gpio_get_output: GPIO 145 value: 1
05-27 09:04:05.753   581   581 D spidev_ioctl: gpio status=1)
05-27 19:12:56.793   581   581 I SpiService: fgesysctrl_getGPIO_status success val=1
05-27 19:12:56.794 13911 14183 I SentryImuMcuAngleSender: 179.96495rollDeg
05-27 19:12:56.794 13911 14183 I SentryImuMcuAngleSender: 1,0,0
05-27 09:04:05.758   581   581 D spi_rst_gpio_get_output: GPIO 145 value: 1
05-27 09:04:05.758   581   581 D spidev_ioctl: gpio status=1)
05-27 19:12:56.799   581   581 I SpiService: fgesysctrl_getGPIO_status success val=0
05-27 09:04:05.763   581   581 D spi_rst_gpio_get_output: GPIO 145 value: 0
05-27 09:04:05.763   581   581 D spidev_ioctl: gpio status=0)
05-27 19:12:56.813   581   581 I SpiService: fgesysctrl_getGPIO_status success val=1
05-27 09:04:05.777   581   581 D spi_rst_gpio_get_output: GPIO 145 value: 1
05-27 09:04:05.777   581   581 D spidev_ioctl: gpio status=1)
05-27 19:12:56.815 13911 14183 I SentryImuMcuAngleSender: 179.94745rollDeg
05-27 19:12:56.815 13911 14183 I SentryImuMcuAngleSender: 1,0,0
05-27 19:12:56.817   830   830 D SurfaceFlinger: unisoc-graphics, commit has frameMissed:2, vysncId:448356
05-27 19:12:56.818   581   581 I SpiService: fgesysctrl_getGPIO_status success val=1
05-27 09:04:05.782   581   581 D spi_rst_gpio_get_output: GPIO 145 value: 1
05-27 09:04:05.782   581   581 D spidev_ioctl: gpio status=1)
05-27 19:12:56.823   581   581 I SpiService: fgesysctrl_getGPIO_status success val=1
05-27 09:04:05.788   581   581 D spi_rst_gpio_get_output: GPIO 145 value: 1
05-27 09:04:05.788   581   581 D spidev_ioctl: gpio status=1)
05-27 19:12:56.826   536   536 D commservice260303: msg.id = 1028,1
05-27 19:12:56.826   536   536 D commservice260303: i = 170, msgid = 8A000404
05-27 19:12:56.826   536   536 D commservice260303: msgid = -1979710460,did=138
05-27 19:12:56.826   536   536 D commservice260303: CommProtocolLibCmdBaseI2C::dataproc {"command":{"id":"imu_status","sub":""},"content":{"TimeStamp":12,"FrameCounter":288297,"GD_X":-0.011300750076770782,"GD_Y":0.0051151420921087265,"GD_Z":0.0022902146447449923,"AD_X":-0.0016970932483673096,"AD_Y":0.004621014464646578,"AD_Z":-0.17191600799560547,"TempDsp":0,"Status":0,"CalibState":1,"SigAmpInvalid":0}},-1979710460
05-27 19:12:56.827   536   536 D commservice260303: send2Cluster len:318, 7B22636F6D6D616E64223A7B226964223A22696D755F737461747573222C22737562223A22227D2C22636F6E74656E74223A7B2254696D655374616D70223A31322C224672616D65436F756E746572223A3238383239372C2247445F58223A2D302E3031313330303735303037363737303738322C2247445F59223A302E303035313135313432303932313038373236352C2247445F5A223A302E303032323930323134363434373434393932332C2241445F58223A2D302E303031363937303933323438333637333039362C2241445F59223A302E3030343632313031343436343634363537382C2241445F5A223A2D302E31373139313630303739393536303534372C2254656D70447370223A302C22537461747573223A302C2243616C69625374617465223A312C22536967416D70496E76616C6964223A307D7D, 138 
05-27 19:12:56.827   536   536 D commservice260303: Push Message into SendPool fn=11142144
05-27 19:12:56.827   536   536 D commservice260303: ComProtocolLibSend2Cluster::send2ClusterRaw fn=11142144 , len=334
05-27 19:12:56.827   536   536 D commservice260303: sendCmdToPort :334!!!
05-27 19:12:56.827   536   536 D commservice260303: send Cmd To Port ++++5AA5014A8A010004AA006A16D1B87B22636F6D6D616E64223A7B226964223A22696D755F737461747573222C22737562223A22227D2C22636F6E74656E74223A7B2254696D655374616D70223A31322C224672616D65436F756E746572223A3238383239372C2247445F58223A2D302E3031313330303735303037363737303738322C2247445F59223A302E303035313135313432303932313038373236352C2247445F5A223A302E303032323930323134363434373434393932332C2241445F58223A2D302E303031363937303933323438333637333039362C2241445F59223A302E3030343632313031343436343634363537382C2241445F5A223A2D302E31373139313630303739393536303534372C2254656D70447370223A302C22537461747573223A302C2243616C69625374617465223A312C22536967416D70496E76616C6964223A307D7DE788
05-27 19:12:56.827   536   536 D commservice260303: bufferevent_write retrun value = 0
05-27 19:12:56.827   536   560 D commservice260303: client datas send succeed,send finish
05-27 19:12:56.827 13911 14192 D Sentinelmode_1.2.5.17_sentry: <SentryImuClusterFgeSender>imu_status sent to Linux, frame=288297, tsNs=12244064, tsMs=12, intervalMs=40, ad=(-0.0016970932,0.0046210145,-0.17191601), gd=(-0.01130075,0.005115142,0.0022902146)
05-27 19:12:56.828   581   581 I SpiService: fgesysctrl_getGPIO_status success val=1
05-27 09:04:05.793   581   581 D spi_rst_gpio_get_output: GPIO 145 value: 1
05-27 09:04:05.793   581   581 D spidev_ioctl: gpio status=1)
05-27 19:12:56.834   830   830 D SurfaceFlinger: unisoc-graphics, commit has frameMissed:2, vysncId:448364
05-27 19:12:56.834   581   581 I SpiService: fgesysctrl_getGPIO_status success val=1
05-27 19:12:56.834   351   351 D DefaultVehicleHal: setProperty setValues start
05-27 19:12:56.834   351   351 D 2026-5-19:FakeVehicleHardware: setProperty FakeVehicleHardware  ID: 0x11500f31
05-27 19:12:56.834   351   351 D 2026-5-19:FakeVehicleHardware: setProperty id:0x11500f31,value:12244084
05-27 19:12:56.834   351   351 D DefaultVehicleHal: setProperty setValues end
05-27 19:12:56.834   351   368 D 2026-5-19:FakeVehicleHardware: setProperty FakeVehicleHardware  setValue START
05-27 19:12:56.834   351   368 D 2026-5-19:FakeVehicleHardware: setProperty FakeVehicleHardware  setValue end
05-27 19:12:56.834 13911 14183 I SentryImuMcuAngleSender: 179.95093rollDeg
05-27 19:12:56.835 13911 14183 I SentryImuMcuAngleSender: 1,0,0
05-27 09:04:05.798   581   581 D spi_rst_gpio_get_output: GPIO 145 value: 1
05-27 09:04:05.798   581   581 D spidev_ioctl: gpio status=1)
05-27 19:12:56.839   581   581 I SpiService: fgesysctrl_getGPIO_status success val=0
05-27 09:04:05.804   581   581 D spi_rst_gpio_get_output: GPIO 145 value: 0
05-27 09:04:05.804   581   581 D spidev_ioctl: gpio status=0)
05-27 19:12:56.853   581   581 I SpiService: fgesysctrl_getGPIO_status success val=1
05-27 19:12:56.853   566  1171 I gps_hdbd: [gps_upgrade_thread 3506]Enter
05-27 19:12:56.853   566  1171 I gps_hdbd: [gps_upgrade_thread 3535] sys.gps.update:0 ,file:not ,upgrate_ing:0
05-27 19:12:56.854   283   307 I rvcservice: t.code = 3, t.value = 0
05-27 19:12:56.854 13911 14183 I SentryImuMcuAngleSender: 179.96495rollDeg
05-27 19:12:56.855 13911 14183 I SentryImuMcuAngleSender: 1,0,0
05-27 09:04:05.818   581   581 D spi_rst_gpio_get_output: GPIO 145 value: 1
05-27 09:04:05.818   581   581 D spidev_ioctl: gpio status=1)
05-27 19:12:56.858   581   581 I SpiService: fgesysctrl_getGPIO_status success val=1
05-27 09:04:05.823   581   581 D spi_rst_gpio_get_output: GPIO 145 value: 1
05-27 09:04:05.823   581   581 D spidev_ioctl: gpio status=1)
05-27 19:12:56.864   581   581 I SpiService: fgesysctrl_getGPIO_status success val=1
05-27 09:04:05.828   581   581 D spi_rst_gpio_get_output: GPIO 145 value: 1
05-27 09:04:05.828   581   581 D spidev_ioctl: gpio status=1)
05-27 19:12:56.866   536   536 D commservice260303: msg.id = 1028,0
05-27 19:12:56.866   536   536 D commservice260303: i = 170, msgid = 8A000404
05-27 19:12:56.866   536   536 D commservice260303: msgid = -1979710460,did=138
05-27 19:12:56.866   536   536 D commservice260303: CommProtocolLibCmdBaseI2C::dataproc {"command":{"id":"imu_status","sub":""},"content":{"TimeStamp":12,"FrameCounter":288298,"GD_X":-0.011759000830352306,"GD_Y":0.004580949433147907,"GD_Z":0.0018319635419175029,"AD_X":-0.005344122648239136,"AD_Y":0.0015535233542323112,"AD_Z":-0.1658163070678711,"TempDsp":0,"Status":0,"CalibState":1,"SigAmpInvalid":0}},-1979710460
05-27 19:12:56.866   536   536 D commservice260303: send2Cluster len:316, 7B22636F6D6D616E64223A7B226964223A22696D755F737461747573222C22737562223A22227D2C22636F6E74656E74223A7B2254696D655374616D70223A31322C224672616D65436F756E746572223A3238383239382C2247445F58223A2D302E3031313735393030303833303335323330362C2247445F59223A302E3030343538303934393433333134373930372C2247445F5A223A302E303031383331393633353431393137353032392C2241445F58223A2D302E3030353334343132323634383233393133362C2241445F59223A302E303031353533353233333534323332333131322C2241445F5A223A2D302E313635383136333037303637383731312C2254656D70447370223A302C22537461747573223A302C2243616C69625374617465223A312C22536967416D70496E76616C6964223A307D7D, 138 
05-27 19:12:56.866   536   536 D commservice260303: Push Message into SendPool fn=27919360
05-27 19:12:56.866   536   536 D commservice260303: ComProtocolLibSend2Cluster::send2ClusterRaw fn=27919360 , len=332
05-27 19:12:56.866   536   536 D commservice260303: sendCmdToPort :332!!!
05-27 19:12:56.867   536   536 D commservice260303: send Cmd To Port ++++5AA501488A010004AA016A16D1B87B22636F6D6D616E64223A7B226964223A22696D755F737461747573222C22737562223A22227D2C22636F6E74656E74223A7B2254696D655374616D70223A31322C224672616D65436F756E746572223A3238383239382C2247445F58223A2D302E3031313735393030303833303335323330362C2247445F59223A302E3030343538303934393433333134373930372C2247445F5A223A302E303031383331393633353431393137353032392C2241445F58223A2D302E3030353334343132323634383233393133362C2241445F59223A302E303031353533353233333534323332333131322C2241445F5A223A2D302E313635383136333037303637383731312C2254656D70447370223A302C22537461747573223A302C2243616C69625374617465223A312C22536967416D70496E76616C6964223A307D7DCD30
05-27 19:12:56.867   536   536 D commservice260303: bufferevent_write retrun value = 0
05-27 19:12:56.867   536   560 D commservice260303: client datas send succeed,send finish
05-27 19:12:56.867   572   572 I Sensors : 230 GyroSensor: x:-0.011453,y:0.004886,z:0.002061
05-27 19:12:56.867 13911 14183 I SentryImuMcuAngleSender: [4, 18, 1, 0, 0],5
05-27 19:12:56.867 13911 14183 I McuCommManager: mcuCommSendcmd [4, 18, 1, 0, 0]
05-27 19:12:56.868 13911 14183 I SentryImuMcuAngleSender: true
05-27 19:12:56.868 13911 14183 W Sentinelmode_1.2.5.17_sentry: <SentryImuMcuAngleSender>MCU IMU send interval abnormal: 1002ms
05-27 19:12:56.869 13911 14192 D Sentinelmode_1.2.5.17_sentry: <SentryImuClusterFgeSender>imu_status sent to Linux, frame=288298, tsNs=12244099, tsMs=12, intervalMs=42, ad=(-0.0053441226,0.0015535234,-0.1658163), gd=(-0.011759001,0.0045809494,0.0018319635)
05-27 19:12:56.869   581   581 I SpiService: fgesysctrl_getGPIO_status success val=1
05-27 09:04:05.834   581   581 D spi_rst_gpio_get_output: GPIO 145 value: 1
05-27 09:04:05.834   581   581 D spidev_ioctl: gpio status=1)
05-27 19:12:56.874 13911 14183 I SentryImuMcuAngleSender: 179.97899rollDeg
05-27 19:12:56.874 13911 14183 I SentryImuMcuAngleSender: 1,0,0
05-27 19:12:56.874   581   581 I SpiService: fgesysctrl_getGPIO_status success val=1
05-27 09:04:05.839   581   581 D spi_rst_gpio_get_output: GPIO 145 value: 1
05-27 09:04:05.839   581   581 D spidev_ioctl: gpio status=1)
05-27 19:12:56.880   581   581 I SpiService: fgesysctrl_getGPIO_status success val=0
05-27 19:12:56.880   481   597 I mcuc    : send SPI:6AA600873E000504120100001F
05-27 19:12:56.884   351   515 W automotive.vehicle@2.0-adayo-func-bcm: BCMFunc sendMessageFromClient_l sendMessage prop: 0x11500f31 not in table
05-27 09:04:05.844   581   581 D spi_rst_gpio_get_output: GPIO 145 value: 0
05-27 09:04:05.844   581   581 D spidev_ioctl: gpio status=0)
05-27 19:12:56.893   581   581 I SpiService: fgesysctrl_getGPIO_status success val=1
05-27 19:12:56.894 13911 14183 I SentryImuMcuAngleSender: 179.97899rollDeg
05-27 19:12:56.895 13911 14183 I SentryImuMcuAngleSender: 1,0,0
05-27 09:04:05.858   581   581 D spi_rst_gpio_get_output: GPIO 145 value: 1
05-27 09:04:05.858   581   581 D spidev_ioctl: gpio status=1)
05-27 19:12:56.899   581   581 I SpiService: fgesysctrl_getGPIO_status success val=1
05-27 09:04:05.863   581   581 D spi_rst_gpio_get_output: GPIO 145 value: 1
05-27 09:04:05.863   581   581 D spidev_ioctl: gpio status=1)
05-27 19:12:56.902   830   830 D SurfaceFlinger: unisoc-graphics, commit has frameMissed:2, vysncId:448410
05-27 19:12:56.904   581   581 I SpiService: fgesysctrl_getGPIO_status success val=1
05-27 09:04:05.869   581   581 D spi_rst_gpio_get_output: GPIO 145 value: 1
05-27 09:04:05.869   581   581 D spidev_ioctl: gpio status=1)
05-27 19:12:56.906   536   536 D commservice260303: msg.id = 1028,0
05-27 19:12:56.906   536   536 D commservice260303: i = 170, msgid = 8A000404
05-27 19:12:56.906   536   536 D commservice260303: msgid = -1979710460,did=138
05-27 19:12:56.906   536   536 D commservice260303: CommProtocolLibCmdBaseI2C::dataproc {"command":{"id":"imu_status","sub":""},"content":{"TimeStamp":12,"FrameCounter":288299,"GD_X":-0.011377211660146713,"GD_Y":0.005345047451555729,"GD_Z":0.0021378109231591225,"AD_X":-0.002898886799812317,"AD_Y":-8.78199702128768E-4,"AD_Z":-0.1682577133178711,"TempDsp":0,"Status":0,"CalibState":1,"SigAmpInvalid":0}},-1979710460
05-27 19:12:56.906   536   536 D commservice260303: send2Cluster len:315, 7B22636F6D6D616E64223A7B226964223A22696D755F737461747573222C22737562223A22227D2C22636F6E74656E74223A7B2254696D655374616D70223A31322C224672616D65436F756E746572223A3238383239392C2247445F58223A2D302E3031313337373231313636303134363731332C2247445F59223A302E3030353334353034373435313535353732392C2247445F5A223A302E303032313337383130393233313539313232352C2241445F58223A2D302E3030323839383838363739393831323331372C2241445F59223A2D382E3738313939373032313238373638452D342C2241445F5A223A2D302E313638323537373133333137383731312C2254656D70447370223A302C22537461747573223A302C2243616C69625374617465223A312C22536967416D70496E76616C6964223A307D7D, 138 
05-27 19:12:56.906   536   536 D commservice260303: Push Message into SendPool fn=44696576
05-27 19:12:56.906   536   536 D commservice260303: ComProtocolLibSend2Cluster::send2ClusterRaw fn=44696576 , len=331
05-27 19:12:56.907   536   536 D commservice260303: sendCmdToPort :331!!!
05-27 19:12:56.907   536   536 D commservice260303: send Cmd To Port ++++5AA501478A010004AA026A16D1B87B22636F6D6D616E64223A7B226964223A22696D755F737461747573222C22737562223A22227D2C22636F6E74656E74223A7B2254696D655374616D70223A31322C224672616D65436F756E746572223A3238383239392C2247445F58223A2D302E3031313337373231313636303134363731332C2247445F59223A302E3030353334353034373435313535353732392C2247445F5A223A302E303032313337383130393233313539313232352C2241445F58223A2D302E3030323839383838363739393831323331372C2241445F59223A2D382E3738313939373032313238373638452D342C2241445F5A223A2D302E313638323537373133333137383731312C2254656D70447370223A302C22537461747573223A302C2243616C69625374617465223A312C22536967416D70496E76616C6964223A307D7DE875
05-27 19:12:56.907   536   536 D commservice260303: bufferevent_write retrun value = 0
05-27 19:12:56.907   536   560 D commservice260303: client datas send succeed,send finish
05-27 19:12:56.907 13911 14192 D Sentinelmode_1.2.5.17_sentry: <SentryImuClusterFgeSender>imu_status sent to Linux, frame=288299, tsNs=12244153, tsMs=12, intervalMs=38, ad=(-0.0028988868,-8.781997E-4,-0.16825771), gd=(-0.011377212,0.0053450475,0.002137811)
05-27 19:12:56.909   581   581 I SpiService: fgesysctrl_getGPIO_status success val=1
05-27 09:04:05.874   581   581 D spi_rst_gpio_get_output: GPIO 145 value: 1
05-27 09:04:05.874   581   581 D spidev_ioctl: gpio status=1)
05-27 19:12:56.915   581   581 I SpiService: fgesysctrl_getGPIO_status success val=1
05-27 19:12:56.915 13911 14183 I SentryImuMcuAngleSender: 179.97897rollDeg
05-27 19:12:56.916 13911 14183 I SentryImuMcuAngleSender: 1,0,0
05-27 09:04:05.879   581   581 D spi_rst_gpio_get_output: GPIO 145 value: 1
05-27 09:04:05.879   581   581 D spidev_ioctl: gpio status=1)
05-27 19:12:56.919   830   830 D SurfaceFlinger: unisoc-graphics, commit has frameMissed:2, vysncId:448425
05-27 19:12:56.920   581   581 I SpiService: fgesysctrl_getGPIO_status success val=0
05-27 09:04:05.885   581   581 D spi_rst_gpio_get_output: GPIO 145 value: 0
05-27 09:04:05.885   581   581 D spidev_ioctl: gpio status=0)
05-27 19:12:56.934   581   581 I SpiService: fgesysctrl_getGPIO_status success val=1
05-27 19:12:56.935 13911 14183 I SentryImuMcuAngleSender: 179.99298rollDeg
05-27 19:12:56.935   830   830 D SurfaceFlinger: unisoc-graphics, commit has frameMissed:2, vysncId:448433
05-27 19:12:56.936 13911 14183 I SentryImuMcuAngleSender: 1,0,0
05-27 09:04:05.899   581   581 D spi_rst_gpio_get_output: GPIO 145 value: 1
05-27 09:04:05.899   581   581 D spidev_ioctl: gpio status=1)
05-27 19:12:56.939   581   581 I SpiService: fgesysctrl_getGPIO_status success val=1
05-27 09:04:05.904   581   581 D spi_rst_gpio_get_output: GPIO 145 value: 1
05-27 09:04:05.904   581   581 D spidev_ioctl: gpio status=1)
05-27 19:12:56.945   581   581 I SpiService: fgesysctrl_getGPIO_status success val=1
05-27 09:04:05.909   581   581 D spi_rst_gpio_get_output: GPIO 145 value: 1
05-27 09:04:05.909   581   581 D spidev_ioctl: gpio status=1)
05-27 19:12:56.946   536   536 D commservice260303: msg.id = 1028,0
05-27 19:12:56.946   536   536 D commservice260303: i = 170, msgid = 8A000404
05-27 19:12:56.946   536   536 D commservice260303: msgid = -1979710460,did=138
05-27 19:12:56.946   536   536 D commservice260303: CommProtocolLibCmdBaseI2C::dataproc {"command":{"id":"imu_status","sub":""},"content":{"TimeStamp":12,"FrameCounter":288300,"GD_X":-0.011070843786001205,"GD_Y":0.0051151420921087265,"GD_Z":0.0017560218693688512,"AD_X":1.3475120067596436E-4,"AD_Y":-0.003903305623680353,"AD_Z":-0.16764545440673828,"TempDsp":0,"Status":0,"CalibState":1,"SigAmpInvalid":0}},-1979710460
05-27 19:12:56.946   536   536 D commservice260303: send2Cluster len:318, 7B22636F6D6D616E64223A7B226964223A22696D755F737461747573222C22737562223A22227D2C22636F6E74656E74223A7B2254696D655374616D70223A31322C224672616D65436F756E746572223A3238383330302C2247445F58223A2D302E3031313037303834333738363030313230352C2247445F59223A302E303035313135313432303932313038373236352C2247445F5A223A302E303031373536303231383639333638383531322C2241445F58223A312E33343735313230303637353936343336452D342C2241445F59223A2D302E3030333930333330353632333638303335332C2241445F5A223A2D302E31363736343534353434303637333832382C2254656D70447370223A302C22537461747573223A302C2243616C69625374617465223A312C22536967416D70496E76616C6964223A307D7D, 138 
05-27 19:12:56.946   536   536 D commservice260303: Push Message into SendPool fn=61473792
05-27 19:12:56.946   536   536 D commservice260303: ComProtocolLibSend2Cluster::send2ClusterRaw fn=61473792 , len=334
05-27 19:12:56.946   536   536 D commservice260303: sendCmdToPort :334!!!
05-27 19:12:56.947   536   536 D commservice260303: send Cmd To Port ++++5AA5014A8A010004AA036A16D1B87B22636F6D6D616E64223A7B226964223A22696D755F737461747573222C22737562223A22227D2C22636F6E74656E74223A7B2254696D655374616D70223A31322C224672616D65436F756E746572223A3238383330302C2247445F58223A2D302E3031313037303834333738363030313230352C2247445F59223A302E303035313135313432303932313038373236352C2247445F5A223A302E303031373536303231383639333638383531322C2241445F58223A312E33343735313230303637353936343336452D342C2241445F59223A2D302E3030333930333330353632333638303335332C2241445F5A223A2D302E31363736343534353434303637333832382C2254656D70447370223A302C22537461747573223A302C2243616C69625374617465223A312C22536967416D70496E76616C6964223A307D7D13C8
05-27 19:12:56.947   536   536 D commservice260303: bufferevent_write retrun value = 0
05-27 19:12:56.947   536   560 D commservice260303: client datas send succeed,send finish
05-27 19:12:56.947 13911 14192 D Sentinelmode_1.2.5.17_sentry: <SentryImuClusterFgeSender>imu_status sent to Linux, frame=288300, tsNs=12244188, tsMs=12, intervalMs=40, ad=(1.347512E-4,-0.0039033056,-0.16764545), gd=(-0.011070844,0.005115142,0.0017560219)
05-27 19:12:56.950   581   581 I SpiService: fgesysctrl_getGPIO_status success val=1
05-27 09:04:05.914   581   581 D spi_rst_gpio_get_output: GPIO 145 value: 1
05-27 09:04:05.914   581   581 D spidev_ioctl: gpio status=1)
05-27 19:12:56.953   269   269 D libvintf: HalManifest::getHidlTransport(framework): Cannot find android.hardware.usb@1.0::IUsb/default
05-27 19:12:56.954   283   307 I rvcservice: t.code = 1, t.value = -170800
05-27 09:04:05.920   581   581 D spi_rst_gpio_get_output: GPIO 145 value: 1
05-27 09:04:05.920   581   581 D spidev_ioctl: gpio status=1)
05-27 19:12:56.955   581   581 I SpiService: fgesysctrl_getGPIO_status success val=1
05-27 19:12:56.956   269   269 D libvintf: HalManifest::getHidlTransport(device): Cannot find android.hardware.usb@1.0::IUsb/default
05-27 19:12:56.956   269   269 I hwservicemanager: getTransport: Cannot find entry android.hardware.usb@1.0::IUsb/default in either framework or device VINTF manifest.
05-27 19:12:56.957 12348 12448 E ExtUsbManager: UsbHalController: android.hardware.usb.V1_0.IUsb getService failed!
05-27 19:12:56.957 12348 12448 E ExtUsbManager: java.util.NoSuchElementException
05-27 19:12:56.957 12348 12448 E ExtUsbManager: 	at android.os.HwBinder.getService(Native Method)
05-27 19:12:56.957 12348 12448 E ExtUsbManager: 	at android.os.HwBinder.getService(HwBinder.java:81)
05-27 19:12:56.957 12348 12448 E ExtUsbManager: 	at android.hardware.usb.V1_0.IUsb.getService(IUsb.java:74)
05-27 19:12:56.957 12348 12448 E ExtUsbManager: 	at android.hardware.usb.V1_0.IUsb.getService(IUsb.java:84)
05-27 19:12:56.957 12348 12448 E ExtUsbManager: 	at ts.car.usb.UsbHalController.createService(UsbHalController.java:37)
05-27 19:12:56.957 12348 12448 E ExtUsbManager: 	at ts.car.usb.UsbHalController.createService(UsbHalController.java:18)
05-27 19:12:56.957 12348 12448 E ExtUsbManager: 	at ts.car.usb.utils.AutoServiceConnector4Hidl.autoConnect(AutoServiceConnector4Hidl.java:47)
05-27 19:12:56.957 12348 12448 E ExtUsbManager: 	at ts.car.usb.utils.AutoServiceConnector4Hidl$$ExternalSyntheticLambda0.run(Unknown Source:2)
05-27 19:12:56.957 12348 12448 E ExtUsbManager: 	at android.os.Handler.handleCallback(Handler.java:942)
05-27 19:12:56.957 12348 12448 E ExtUsbManager: 	at android.os.Handler.dispatchMessage(Handler.java:99)
05-27 19:12:56.957 12348 12448 E ExtUsbManager: 	at android.os.Looper.loopOnce(Looper.java:201)
05-27 19:12:56.957 12348 12448 E ExtUsbManager: 	at android.os.Looper.loop(Looper.java:288)
