05-27 19:13:01.449   536   536 D commservice260303: send Cmd To Port ++++5AA501478A010004AA746A16D1BD7B22636F6D6D616E64223A7B226964223A22696D755F737461747573222C22737562223A22227D2C22636F6E74656E74223A7B2254696D655374616D70223A31322C224672616D65436F756E746572223A3238383431312C2247445F58223A2D302E30313232313732353135383339333338332C2247445F59223A302E3030353837393234303131303531363534382C2247445F5A223A302E303031383331393633353431393137353032392C2241445F58223A2D302E30303638363131353032363437333939392C2241445F59223A302E303031363832343837373832303930393032332C2241445F5A223A2D302E31353937303839373637343536303534372C2254656D70447370223A302C22537461747573223A302C2243616C69625374617465223A312C22536967416D70496E76616C6964223A307D7DC47F
05-27 19:13:01.449   536   536 D commservice260303: bufferevent_write retrun value = 0
05-27 19:13:01.449   536   560 D commservice260303: client datas send succeed,send finish
05-27 19:13:01.449   581   581 I SpiService: fgesysctrl_getGPIO_status success val=1
05-27 19:13:01.449 13911 14192 D Sentinelmode_1.2.5.17_sentry: <SentryImuClusterFgeSender>imu_status sent to Linux, frame=288411, tsNs=12248667, tsMs=12, intervalMs=41, ad=(-0.0068611503,0.0016824878,-0.15970898), gd=(-0.012217252,0.00587924,0.0018319635)
05-27 19:13:01.451   566 11459 I gps_hdbd: Received: '$GNINS,CARSPEED,ADR_STATUS,0,Pulse_count,0,1,0,0,20843000,122280,0.000,0.000,0.000*00
'
05-27 19:13:01.452 13911 14183 I SentryImuMcuAngleSender: 179.96843rollDeg
05-27 19:13:01.452 13911 14183 I SentryImuMcuAngleSender: 1,0,0
05-27 09:04:10.413   581   581 D spi_rst_gpio_get_output: GPIO 145 value: 1
05-27 09:04:10.413   581   581 D spidev_ioctl: gpio status=1)
05-27 19:13:01.453  3878  3878 W .service:remote: ClassLoaderContext shared library size mismatch. Expected=0, found=1 (PCL[] | PCL[]{PCL[/system/framework/javax.obex.jar*2267184930]})
05-27 19:13:01.454  3879  3879 D NSLogUtils_BluetoothController: Start initializing Bluetooth state
05-27 19:13:01.454   581   581 I SpiService: fgesysctrl_getGPIO_status success val=1
05-27 19:13:01.456  3879  3879 D NSLogUtils_BluetoothController: 正在检查已连接的蓝牙设备
05-27 09:04:10.419   581   581 D spi_rst_gpio_get_output: GPIO 145 value: 1
05-27 09:04:10.419   581   581 D spidev_ioctl: gpio status=1)
05-27 19:13:01.456   566 11459 I gps_hdbd: Received: '$GNTXT,04,01,04,INS,V,1,,,,FLG,1,000000,1,0,1,0,0,Con,0*71
'
05-27 19:13:01.458  3879  3879 D NSLogUtils_BluetoothController: 发现1个已配对设备
05-27 19:13:01.458 28437  3353 I anw_bt_btif: get_connection_state, AnW
05-27 19:13:01.459 28437  3353 I ANW bt_btif: do_get_connect_state
05-27 19:13:01.459 28437  3353 D ANWAPI  : (28437|0x841E8CB0)[BTAPI] SPPMIN(0)SPPMAX(4)
05-27 19:13:01.459 28437  3353 D ANWAPI  : 
05-27 19:13:01.459 28437  3353 I anw_bt_btif: get_connection_state, AnW state 3
05-27 19:13:01.459 10188 11235 I DexManager: com.anwsdk.service loads from com.anwsdk.service-1 : 0 : /system/app/BluetoothExt/BluetoothExt.apk
05-27 19:13:01.459  3879  3879 D NSLogUtils_BluetoothController: 设备58:B9:65:7C:37:70连接状态（反射）：true
05-27 19:13:01.460   581   581 I SpiService: fgesysctrl_getGPIO_status success val=1
05-27 19:13:01.460  3879  3879 D BluetoothController: changeConnected  isConnected->true
05-27 19:13:01.460  3879  3879 D NSLogUtils_BluetoothController: 发现已连接设备：iPhone
05-27 19:13:01.460  3879  3879 D NSLogUtils_BluetoothController: 尝试为iPhone建立A2DP连接
05-27 19:13:01.460  3879  3879 E NSLogUtils_BluetoothController: 连接A2DP失败：mBluetoothA2dp为空，正在初始化A2DP协议
05-27 19:13:01.460  3879  3879 D NSLogUtils_BluetoothController: Try to get A2DP protocol proxy
05-27 09:04:10.424   581   581 D spi_rst_gpio_get_output: GPIO 145 value: 1
05-27 09:04:10.424   581   581 D spidev_ioctl: gpio status=1)
05-27 19:13:01.461  3879  3879 D BluetoothA2dpSink: Binding service...
05-27 19:13:01.463   566 11459 I gps_hdbd: Received: '$GNTXT,INSTALL,0.00,0.00,0.00,0.00,0.00,0.00,0*20
'
05-27 19:13:01.463   283   307 I rvcservice: t.code = 3, t.value = 0
05-27 19:13:01.463  3879  3879 D NSLogUtils_BluetoothController: Call getProfileProxy to get A2DP, result: true
05-27 19:13:01.464  3879  3879 E NSLogUtils_BluetoothController: Failed to check A2DP connection: mBluetoothA2dp is null
05-27 09:04:10.430   581   581 D spi_rst_gpio_get_output: GPIO 145 value: 0
05-27 09:04:10.430   581   581 D spidev_ioctl: gpio status=0)
05-27 19:13:01.465   581   581 I SpiService: fgesysctrl_getGPIO_status success val=0
05-27 19:13:01.465 10188 11235 D CompatibilityChangeReporter: Compat change id reported: 161145287; UID 1000; state: DISABLED
05-27 19:13:01.466  3879  3879 D NSLogUtils_BluetoothController: Bluetooth broadcast receiver registered
05-27 19:13:01.467  3879  3879 D NSLogUtils_BluetoothController: Bluetooth controller initialization completed
05-27 19:13:01.467  1083  1083 I MyAppLog: [2026-05-27 19:13:01.467 I tboxap mcuSendYadiTransfer:196] [Mcu] [mcuYadiSend]: :00 08 90 04 01 09 81 02 01 01
05-27 19:13:01.470   481   599 I mcuc    : start timer OK = 34635 
05-27 19:13:01.473 13911 14183 I SentryImuMcuAngleSender: 179.993rollDeg
05-27 19:13:01.473 13911 14183 I SentryImuMcuAngleSender: 1,0,0
05-27 19:13:01.475  3878  3878 D CompatibilityInfo: applyToConfigurationCompat inoutConfig.densityDpi= 160
05-27 19:13:01.478  3879  3879 D hicar_HiCarManager: isServiceConnected: mIHiCarAidlInterface == null
05-27 19:13:01.480  3879  3879 D NSLogUtils_MediaForegroundService: onCreate
05-27 19:13:01.480  3879  3879 D CompatibilityChangeReporter: Compat change id reported: 160794467; UID 1000; state: ENABLED
05-27 19:13:01.481   581   581 I SpiService: fgesysctrl_getGPIO_status success val=1
05-27 09:04:10.445   581   581 D spi_rst_gpio_get_output: GPIO 145 value: 1
05-27 09:04:10.445   581   581 D spidev_ioctl: gpio status=1)
05-27 19:13:01.483 10188 11235 D MediaSessionStack: updateMediaButtonSessionIfNeeded, callers=com.android.server.media.MediaSessionStack.addSession:91 com.android.server.media.MediaSessionService.createSessionInternal:706 
05-27 19:13:01.483 10188 11235 D MediaSessionStack: updateMediaButtonSessionIfNeeded, checking uid=1002, mediaButtonSession=com.android.bluetooth/BluetoothMediaBrowserService (userId=0), ignoreButtonSession=false
05-27 19:13:01.483 10188 11235 D MediaSessionService: Created session for com.yadea.btmusic with tag MediaForegroundService
05-27 19:13:01.483 28437 28437 D MediaPlayerList: onActiveSessionsChanged: controller: com.android.bluetooth
05-27 19:13:01.483 28437 28437 D MediaPlayerList: Already have a controller for the player: com.android.bluetooth, updating instead
05-27 19:13:01.484 10188  6599 D MediaSessionRecord: unregistering callback android.os.BinderProxy@157bd4b
05-27 19:13:01.485   572   572 I Sensors : 230 AccelSensor: x:-0.163479,y:0.000000,z:-9.975940
05-27 19:13:01.485 10188 11235 D MediaSessionRecord: registering controller callback android.media.session.ISessionControllerCallback$Stub$Proxy@10aa328 from controllercom.android.bluetooth
05-27 19:13:01.485  3879  3879 I NSLogUtils_MediaForegroundService: createNotificationChannel
05-27 19:13:01.486 28437 28437 D MediaPlayerList: sendMediaUpdate
05-27 19:13:01.486 28437 28437 I MediaPlayerList: sendMediaUpdate: Creating a one item queue for a player with no queue
05-27 19:13:01.486 28437 28437 D MediaPlayerList: sendMediaUpdate state=PlaybackState {state=1, position=0, buffered position=0, speed=0.0, updated=12248116, actions=16511, custom actions=[], active item id=-1, error=null}
05-27 19:13:01.486 28437 28437 D AvrcpTargetService: onMediaUpdated: track_changed=false state=false queue=false
05-27 19:13:01.486 28437 28437 D AvrcpNativeInterface: sendMediaUpdate: metadata=false playStatus=false queue=false
05-27 19:13:01.486 28437 28437 D AvrcpTargetJni: sendMediaUpdateNative
05-27 19:13:01.486 28437 28437 I droid.bluetooth: run avrcp SendMediaUpdate, AnW
05-27 19:13:01.486   581   581 I SpiService: fgesysctrl_getGPIO_status success val=1
05-27 19:13:01.486  3879  3879 D NSLogUtils_MediaForegroundService: 9999 refreshPlayControl
05-27 19:13:01.486  3878  3878 D libEGL  : <.service:remote>[setCacheFilename]: file=/data/user_de/0/com.anwsdk.service/code_cache/com.android.opengl.shaders_cache
05-27 19:13:01.486  3879  3879 D NSLogUtils_BluetoothPlayerService: addFocusChangeListener increased focus monitoring
05-27 19:13:01.487  3879  3879 D NSLogUtils_MediaForegroundService: updateNotifyData - refreshing notification data
05-27 19:13:01.487  3879  3879 I NSLogUtils_BtMusicModel: init start
05-27 19:13:01.488   536   536 D commservice260303: msg.id = 1028,0
05-27 19:13:01.488   536   536 D commservice260303: i = 170, msgid = 8A000404
05-27 19:13:01.488   536   536 D commservice260303: msgid = -1979710460,did=138
05-27 19:13:01.488   536   536 D commservice260303: CommProtocolLibCmdBaseI2C::dataproc {"command":{"id":"imu_status","sub":""},"content":{"TimeStamp":12,"FrameCounter":288412,"GD_X":-0.012063807807862759,"GD_Y":0.0059551820158958435,"GD_Z":0.0019079053308814764,"AD_X":0.0022633373737335205,"AD_Y":-0.003776001976802945,"AD_Z":-0.17068862915039062,"TempDsp":0,"Status":0,"CalibState":1,"SigAmpInvalid":0}},-1979710460
05-27 19:13:01.489   536   536 D commservice260303: send2Cluster len:318, 7B22636F6D6D616E64223A7B226964223A22696D755F737461747573222C22737562223A22227D2C22636F6E74656E74223A7B2254696D655374616D70223A31322C224672616D65436F756E746572223A3238383431322C2247445F58223A2D302E3031323036333830373830373836323735392C2247445F59223A302E303035393535313832303135383935383433352C2247445F5A223A302E303031393037393035333330383831343736342C2241445F58223A302E303032323633333337333733373333353230352C2241445F59223A2D302E3030333737363030313937363830323934352C2241445F5A223A2D302E31373036383836323931353033393036322C2254656D70447370223A302C22537461747573223A302C2243616C69625374617465223A312C22536967416D70496E76616C6964223A307D7D, 138 
05-27 19:13:01.489   536   536 D commservice260303: Push Message into SendPool fn=1974076416
05-27 19:13:01.489   536   536 D commservice260303: ComProtocolLibSend2Cluster::send2ClusterRaw fn=1974076416 , len=334
05-27 19:13:01.489   536   536 D commservice260303: sendCmdToPort :334!!!
05-27 19:13:01.489   536   536 D commservice260303: send Cmd To Port ++++5AA5014A8A010004AA756A16D1BD7B22636F6D6D616E64223A7B226964223A22696D755F737461747573222C22737562223A22227D2C22636F6E74656E74223A7B2254696D655374616D70223A31322C224672616D65436F756E746572223A3238383431322C2247445F58223A2D302E3031323036333830373830373836323735392C2247445F59223A302E303035393535313832303135383935383433352C2247445F5A223A302E303031393037393035333330383831343736342C2241445F58223A302E303032323633333337333733373333353230352C2241445F59223A2D302E3030333737363030313937363830323934352C2241445F5A223A2D302E31373036383836323931353033393036322C2254656D70447370223A302C22537461747573223A302C2243616C69625374617465223A312C22536967416D70496E76616C6964223A307D7DECB7
05-27 19:13:01.489   536   536 D commservice260303: bufferevent_write retrun value = 0
05-27 19:13:01.489   536   560 D commservice260303: client datas send succeed,send finish
05-27 09:04:10.450   581   581 D spidev_ioctl: gpio status=1)
05-27 19:13:01.489 13911 14192 D Sentinelmode_1.2.5.17_sentry: <SentryImuClusterFgeSender>imu_status sent to Linux, frame=288412, tsNs=12248735, tsMs=12, intervalMs=40, ad=(0.0022633374,-0.003776002,-0.17068863), gd=(-0.012063808,0.005955182,0.0019079053)
05-27 19:13:01.489  3879  3879 I NSLogUtils_BtMusicModel: init end
05-27 19:13:01.489  3879  3879 D NSLogUtils_MediaForegroundService: updateNotification isPlaying=false title=null text=null
05-27 19:13:01.490  3879  3879 I NSLogUtils_MediaForegroundService: getAlbumArtBitmap IMG uri is null
05-27 19:13:01.491   581   581 I SpiService: fgesysctrl_getGPIO_status success val=1
05-27 09:04:10.456   581   581 D spi_rst_gpio_get_output: GPIO 145 value: 1
05-27 09:04:10.456   581   581 D spidev_ioctl: gpio status=1)
05-27 19:13:01.493 13911 14183 I SentryImuMcuAngleSender: 180.0rollDeg
05-27 19:13:01.493 13911 14183 I SentryImuMcuAngleSender: 1,0,0
05-27 19:13:01.496   581   581 I SpiService: fgesysctrl_getGPIO_status success val=1
05-27 09:04:10.461   581   581 D spi_rst_gpio_get_output: GPIO 145 value: 1
05-27 09:04:10.461   581   581 D spidev_ioctl: gpio status=1)
05-27 19:13:01.498 10188 10188 D NotificationService: EnqueueNotificationRunnable.run for: 0|com.yadea.btmusic|8001|null|1000
05-27 19:13:01.498 10188 10188 I notification_enqueue: [1000,3879,com.yadea.btmusic,8001,NULL,0,Notification(channel=media_playback_channel shortcut=null contentView=null vibrate=null sound=null defaults=0x0 flags=0x48 color=0x00000000 category=transport groupKey=silent actions=3 vis=PUBLIC),0]
05-27 19:13:01.498  3878  3878 D NetworkSecurityConfig: No Network Security Config specified, using platform default
05-27 19:13:01.498  3879  3879 D NSLogUtils_MediaForegroundService: onStartCommand
05-27 19:13:01.498  3879  3879 I NSLogUtils_MediaForegroundService: getAlbumArtBitmap IMG uri is null
05-27 19:13:01.499 11731 11731 I ExtAssistant: ENQUEUED 0|com.yadea.btmusic|8001|null|1000 on media_playback_channel
05-27 19:13:01.499  3878  3878 D NetworkSecurityConfig: No Network Security Config specified, using platform default
05-27 19:13:01.499 11731 13524 D ExtAssistant: Creating Adjustment for 0|com.yadea.btmusic|8001|null|1000, with 0 actions, and 0 replies.
05-27 19:13:01.501  3879  3879 D NSLogUtils_MediaForegroundService: startForeground called immediately in onStartCommand
05-27 19:13:01.502   581   581 I SpiService: fgesysctrl_getGPIO_status success val=1
05-27 19:13:01.502  3879  3879 W app_main_service: get call_back is null!
05-27 19:13:01.502 10188 10188 D NotificationService: EnqueueNotificationRunnable.run for: 0|com.yadea.btmusic|8001|null|1000
05-27 19:13:01.502 10188 10188 I notification_enqueue: [1000,3879,com.yadea.btmusic,8001,NULL,0,Notification(channel=media_playback_channel shortcut=null contentView=null vibrate=null sound=null defaults=0x0 flags=0x48 color=0x00000000 category=transport groupKey=silent actions=3 vis=PUBLIC),0]
05-27 19:13:01.502  3879  3879 E LocalServiceManager: initLifecycle owner:com.androidext.core.init.MainService@55a1a7e
05-27 19:13:01.502  3879  3879 W BaseManager: createInstance cls:class com.androidext.core.watchdog.WatchDogService, obj:com.androidext.core.watchdog.WatchDogService@6e3dbdf
05-27 19:13:01.502  3879  3879 W BaseManager: target class :com.androidext.core.watchdog.WatchDogService is not support
05-27 19:13:01.502  3879  3879 W BaseManager: unInitAction yet
05-27 19:13:01.502  3879  3879 W BaseManager: createInstance cls:class com.androidext.core.logger.LocalLoggerService, obj:com.androidext.core.logger.LocalLoggerService@97cc02c
05-27 19:13:01.503  3879  3879 W BaseManager: target class :com.androidext.core.logger.LocalLoggerService is not support
05-27 19:13:01.503  3879  3879 W BaseManager: unInitAction yet
05-27 19:13:01.503  3879  3879 I InitService:  initService->initLifecycle()
05-27 19:13:01.503  3879  3879 W com.yadea.btmusic: main service onCreate ...
05-27 19:13:01.504  3879  3879 E LocalServiceManager: onCreate owner:com.androidext.core.init.MainService@55a1a7e
05-27 19:13:01.504  3879  3879 W libBackgroundHandlerThread: start :false
05-27 19:13:01.504  3879  3879 W libBackgroundHandlerThread: start :false
05-27 09:04:10.466   581   581 D spi_rst_gpio_get_output: GPIO 145 value: 1
05-27 09:04:10.466   581   581 D spidev_ioctl: gpio status=1)
05-27 09:04:10.467   303   303 I [Audio:SBLCK] p_tt: 1585013,1585013
05-27 19:13:01.505 11731 11731 I ExtAssistant: ENQUEUED 0|com.yadea.btmusic|8001|null|1000 on media_playback_channel
05-27 19:13:01.506 11731 13524 D ExtAssistant: Creating Adjustment for 0|com.yadea.btmusic|8001|null|1000, with 0 actions, and 0 replies.
05-27 19:13:01.506  3879  3879 E NSLogUtils_MediaServiceCmdControllerService: MediaServiceCmdControllerService  onCreate
05-27 19:13:01.507   581   581 I SpiService: fgesysctrl_getGPIO_status success val=1
05-27 09:04:10.472   581   581 D spi_rst_gpio_get_output: GPIO 145 value: 1
05-27 09:04:10.472   581   581 D spidev_ioctl: gpio status=1)
05-27 19:13:01.509  3879  3879 D NSLogUtils_SourceChangeManager: getCurrentSource source: MUSIC_SOURCE_BT
05-27 19:13:01.509  3879  3879 D NSLogUtils_MediaServiceCmdControllerService: refreshSource mSourceChangeContentObserver source->MUSIC_SOURCE_BT ,setValueInit: true
05-27 19:13:01.509  3879  3879 D NSLogUtils_MediaServiceCmdController: refreshPlayControl
05-27 19:13:01.509  3879  3879 D NSLogUtils_BluetoothPlayerService: addFocusChangeListener increased focus monitoring
05-27 19:13:01.509  3879  3879 D NSLogUtils_BtMusicModel: setPlayerForeground  isForground->true, isPlayerForeground->false, setValueForced:true
05-27 19:13:01.509  3879  3879 D NSLogUtils_BtMusicModel: setPlayerForeground ========really set up to the system======== isForground->true
05-27 19:13:01.509  3879  3879 E NSLogUtils_BtMusicModel: setPlayerForeground mController is null
05-27 19:13:01.510  3879  3879 D NSLogUtils_SourceChangeManager: registerSourceChangeListener listener added, listener: com.yadea.btmusic.service.MediaServiceCmdControllerService@a876bcc
05-27 19:13:01.510  3879  3879 D NSLogUtils_BluetoothPlayerService: onCreate
05-27 19:13:01.510  3879  3879 D NSLogUtils_BluetoothPlayerService: MediaMetadata ->null
05-27 19:13:01.510  3879  3879 D NSLogUtils_MediaServiceCmdController: refreshPlayControl  callBackMediaMetadata musicTitle: null
05-27 19:13:01.510  3879  3879 E App_cmd : newNotifyBundle return for null
05-27 19:13:01.510  3879  3879 E App_cmd : newNotifyBundle fail cook:callback_metadata,val:null
05-27 19:13:01.510  3879  3879 E App_cmd : newNotifyBundle return for null
05-27 19:13:01.510  3879  3879 E App_cmd : newNotifyBundle fail cook:callback_playback,val:null
05-27 19:13:01.510  3879  3879 D NSLogUtils_MusicCarService: onCreate: 
05-27 19:13:01.511  3879  3879 D carlib_CarServiceManager: [main] - Initializing Car service
05-27 09:04:10.477   581   581 D spi_rst_gpio_get_output: GPIO 145 value: 0
05-27 09:04:10.477   581   581 D spidev_ioctl: gpio status=0)
05-27 19:13:01.513   581   581 I SpiService: fgesysctrl_getGPIO_status success val=0
05-27 19:13:01.513   481   597 I mcuc    : send SPI:6AA601874B00F8090190040109810201010000000000000000000000000000000000000000000000000000000000000000000000000000000000000000000000000000000000000000000000000000000000000000000000000000000000000000000000000000000000000000000000000000000000000000000000000000000000000000000000000000000000000000000000000000000000000000000000000000000000000000000000000000000000000000000000000000000000000000000000000000000000000000000000000000000000000000000000000000000000000000000000000000000000000000000000000000000000000000000008
05-27 19:13:01.513  3879  3879 D carlib_CarServiceManager: [main] - Car service connected: android.car.Car@d8767d7
05-27 19:13:01.513  3879  3879 D carlib_PropertyManager: [main] - Car service connected in PropertyManager
05-27 19:13:01.514  3879  3879 D carlib_PropertyManager: [main] - Car service not connected, caching callback:194308292 with 3 properties
05-27 19:13:01.514  3879  3879 D NSLogUtils_MusicCarService: Car service initialized successfully
05-27 19:13:01.514  3879  3879 W ContextImpl: Calling a method in the system process without a qualified user: android.app.ContextImpl.bindService:1950 android.content.ContextWrapper.bindService:853 android.content.ContextWrapper.bindService:853 android.car.Car.startCarService:2289 android.car.Car.createCar:1654 
05-27 19:13:01.515 13911 14183 I SentryImuMcuAngleSender: 179.98598rollDeg
05-27 19:13:01.515 13911 14183 I SentryImuMcuAngleSender: 1,0,0
05-27 19:13:01.517  3879  3879 D carlib_CarServiceManager: [main] - Car service initialized: android.car.Car@d8767d7
05-27 19:13:01.517  3879  3879 E app_main_service: not use startForeground
05-27 19:13:01.518  3879  3879 E app_main_service: not use startForeground
05-27 19:13:01.518  3879  3879 D BluetoothA2dpSink: Proxy object connected
05-27 19:13:01.518  3879  3879 D NSLogUtils_BluetoothController: onServiceConnected  profile->11
05-27 19:13:01.518  3879  3879 D NSLogUtils_BluetoothController: A2DP service connected successfully
05-27 19:13:01.519  3879  3879 D NSLogUtils_BluetoothController: checking the current a2dp connection status
05-27 19:13:01.522 28437  3353 D A2dpSinkService: getDevicesMatchingConnectionStates[2]
05-27 19:13:01.522 28437  3353 D A2dpSinkService: Device: 58:B9:65:7C:37:70State: 2
05-27 19:13:01.522 28437  3353 D A2dpSinkService: [58:B9:65:7C:37:70]
05-27 19:13:01.522 28437  3353 D A2dpSinkService: GetDevicesDone
05-27 19:13:01.524  3879  3879 D NSLogUtils_BluetoothController: discovered the existing a2dp connection：iPhone（status code：2）
05-27 19:13:01.525  3879  3879 D NSLogUtils_BluetoothController: a2dp device status check: iPhone - Connected
05-27 19:13:01.526  3879  3879 D BluetoothAvrcpController: Binding service...
05-27 19:13:01.527   581   581 I SpiService: fgesysctrl_getGPIO_status success val=1
05-27 09:04:10.491   581   581 D spi_rst_gpio_get_output: GPIO 145 value: 1
05-27 09:04:10.491   581   581 D spidev_ioctl: gpio status=1)
05-27 19:13:01.529  3879  3879 W ContextImpl: Calling a method in the system process without a qualified user: android.app.ContextImpl.bindService:1950 android.content.ContextWrapper.bindService:853 android.media.browse.MediaBrowser$1.run:193 android.os.Handler.handleCallback:942 android.os.Handler.dispatchMessage:99 
05-27 19:13:01.529   536   536 D commservice260303: msg.id = 1028,0
05-27 19:13:01.529   536   536 D commservice260303: i = 170, msgid = 8A000404
05-27 19:13:01.529   536   536 D commservice260303: msgid = -1979710460,did=138
05-27 19:13:01.529   536   536 D commservice260303: CommProtocolLibCmdBaseI2C::dataproc {"command":{"id":"imu_status","sub":""},"content":{"TimeStamp":12,"FrameCounter":288413,"GD_X":-0.010994902811944485,"GD_Y":0.0056498548947274685,"GD_Z":0.0019079053308814764,"AD_X":0.0022246986627578735,"AD_Y":0.002321461448445916,"AD_Z":-0.17312908172607422,"TempDsp":0,"Status":0,"CalibState":1,"SigAmpInvalid":0}},-1979710460
05-27 19:13:01.529   536   536 D commservice260303: send2Cluster len:317, 7B22636F6D6D616E64223A7B226964223A22696D755F737461747573222C22737562223A22227D2C22636F6E74656E74223A7B2254696D655374616D70223A31322C224672616D65436F756E746572223A3238383431332C2247445F58223A2D302E3031303939343930323831313934343438352C2247445F59223A302E303035363439383534383934373237343638352C2247445F5A223A302E303031393037393035333330383831343736342C2241445F58223A302E303032323234363938363632373537383733352C2241445F59223A302E3030323332313436313434383434353931362C2241445F5A223A2D302E31373331323930383137323630373432322C2254656D70447370223A302C22537461747573223A302C2243616C69625374617465223A312C22536967416D70496E76616C6964223A307D7D, 138 
05-27 19:13:01.529   536   536 D commservice260303: Push Message into SendPool fn=1990853632
05-27 19:13:01.529   536   536 D commservice260303: ComProtocolLibSend2Cluster::send2ClusterRaw fn=1990853632 , len=333
05-27 19:13:01.529   536   536 D commservice260303: sendCmdToPort :333!!!
05-27 19:13:01.529   536   536 D commservice260303: send Cmd To Port ++++5AA501498A010004AA766A16D1BD7B22636F6D6D616E64223A7B226964223A22696D755F737461747573222C22737562223A22227D2C22636F6E74656E74223A7B2254696D655374616D70223A31322C224672616D65436F756E746572223A3238383431332C2247445F58223A2D302E3031303939343930323831313934343438352C2247445F59223A302E303035363439383534383934373237343638352C2247445F5A223A302E303031393037393035333330383831343736342C2241445F58223A302E303032323234363938363632373537383733352C2241445F59223A302E3030323332313436313434383434353931362C2241445F5A223A2D302E31373331323930383137323630373432322C2254656D70447370223A302C22537461747573223A302C2243616C69625374617465223A312C22536967416D70496E76616C6964223A307D7D6E4E
05-27 19:13:01.530   536   536 D commservice260303: bufferevent_write retrun value = 0
05-27 19:13:01.530   536   560 D commservice260303: client datas send succeed,send finish
05-27 19:13:01.530 13911 14192 D Sentinelmode_1.2.5.17_sentry: <SentryImuClusterFgeSender>imu_status sent to Linux, frame=288413, tsNs=12248770, tsMs=12, intervalMs=41, ad=(0.0022246987,0.0023214614,-0.17312908), gd=(-0.010994903,0.005649855,0.0019079053)
05-27 19:13:01.531  3879  3879 D carlib_PropertyManager: [main] - Processing 1 pending callbacks
05-27 19:13:01.532   581   581 I SpiService: fgesysctrl_getGPIO_status success val=1
05-27 09:04:10.497   581   581 D spi_rst_gpio_get_output: GPIO 145 value: 1
05-27 09:04:10.497   581   581 D spidev_ioctl: gpio status=1)
05-27 19:13:01.533  3878  3878 I ANWJNI_SECOND: +++ JNI_OnLoad
05-27 19:13:01.533  3878  3878 I ANWJNI_SECOND: +++ registerNativeMethods
05-27 19:13:01.534  3878  3878 I ANWJNI_SECOND: numMethods = 245
05-27 19:13:01.535  3878  3878 I ANWJNI_SECOND: --- registerNativeMethods
05-27 19:13:01.536  3878  3878 D ANWJNI_SECOND: (3878|0x5467E4F8)[BTAPP] read XML config file
05-27 19:13:01.536  3878  3878 D ANWJNI_SECOND: 
05-27 19:13:01.536  3878  3878 D ANWJNI_SECOND: (3878|0x5467E4F8)[BTAPP] run Read (/system/etc/bluetooth/btmonitor-config_second.xml) Start
05-27 19:13:01.536  3878  3878 D ANWJNI_SECOND: 
05-27 19:13:01.536  3878  3878 D ANWJNI_SECOND: (3878|0x5467E4F8)[BTAPP] run Read (btmonitor-config.xml) source_data != NULL
05-27 19:13:01.536  3878  3878 D ANWJNI_SECOND: 
05-27 19:13:01.536  3878  3878 D ANWJNI_SECOND: (3878|0x5467E4F8)[BTAPP] XML : find HID setting
05-27 19:13:01.536  3878  3878 D ANWJNI_SECOND: 
05-27 19:13:01.536  3878  3878 D ANWJNI_SECOND: (3878|0x5467E4F8)[BTAPP] HID set(close)
05-27 19:13:01.536  3878  3878 D ANWJNI_SECOND: 
05-27 19:13:01.536  3878  3878 D ANWJNI_SECOND: (3878|0x5467E4F8)[BTAPP] XML : find SPP setting
05-27 19:13:01.536  3878  3878 D ANWJNI_SECOND: 
05-27 19:13:01.536  3878  3878 D ANWJNI_SECOND: (3878|0x5467E4F8)[BTAPP] SPP set(close)
05-27 19:13:01.536  3878  3878 D ANWJNI_SECOND: 
05-27 19:13:01.536  3878  3878 D ANWJNI_SECOND: (3878|0x5467E4F8)[BTAPP] XML : find PINCode setting
05-27 19:13:01.536  3878  3878 D ANWJNI_SECOND: 
05-27 19:13:01.536  3878  3878 D ANWJNI_SECOND: (3878|0x5467E4F8)[BTAPP] PinCode set(close)
05-27 19:13:01.536  3878  3878 D ANWJNI_SECOND: 
05-27 19:13:01.536  3878  3878 D ANWJNI_SECOND: (3878|0x5467E4F8)[BTAPP] get setpincode data fail
05-27 19:13:01.536  3878  3878 D ANWJNI_SECOND: 
05-27 19:13:01.536  3878  3878 D ANWJNI_SECOND: (3878|0x5467E4F8)[BTAPP] get set_legacy_pin data fail
05-27 19:13:01.536  3878  3878 D ANWJNI_SECOND: 
05-27 19:13:01.536  3878  3878 D ANWJNI_SECOND: (3878|0x5467E4F8)[BTAPP] XML : find spp_uuid setting
05-27 19:13:01.536  3878  3878 D ANWJNI_SECOND: 
05-27 19:13:01.536  3878  3878 D ANWJNI_SECOND: (3878|0x5467E4F8)[BTAPP] XML : ca_spp_uuid len(32)
05-27 19:13:01.536  3878  3878 D ANWJNI_SECOND: 
05-27 19:13:01.537  3878  3878 D ANWJNI_SECOND: (3878|0x5467E4F8)[BTAPP] XML : SPP_UUID_fromXML len(16):(
05-27 19:13:01.537  3878  3878 D ANWJNI_SECOND: (3878|0x5467E4F8)[BTAPP] 0xfa 
05-27 19:13:01.537  3878  3878 D ANWJNI_SECOND: (3878|0x5467E4F8)[BTAPP] 0xeb 
05-27 19:13:01.537  3878  3878 D ANWJNI_SECOND: (3878|0x5467E4F8)[BTAPP] 0xdc 
05-27 19:13:01.537  3878  3878 D ANWJNI_SECOND: (3878|0x5467E4F8)[BTAPP] 0x12 
05-27 19:13:01.537  3878  3878 D ANWJNI_SECOND: (3878|0x5467E4F8)[BTAPP] 0x7 
05-27 19:13:01.537  3878  3878 D ANWJNI_SECOND: (3878|0x5467E4F8)[BTAPP] 0x2c 
05-27 19:13:01.537  3878  3878 D ANWJNI_SECOND: (3878|0x5467E4F8)[BTAPP] 0xb0 
05-27 19:13:01.537  3878  3878 D ANWJNI_SECOND: (3878|0x5467E4F8)[BTAPP] 0xa4 
05-27 19:13:01.537 13911 14183 I SentryImuMcuAngleSender: 179.96497rollDeg
05-27 19:13:01.537  3878  3878 D ANWJNI_SECOND: (3878|0x5467E4F8)[BTAPP] 0x10 
05-27 19:13:01.537 13911 14183 I SentryImuMcuAngleSender: 1,0,0
05-27 19:13:01.537  3878  3878 D ANWJNI_SECOND: (3878|0x5467E4F8)[BTAPP] 0xa 
05-27 19:13:01.537  3878  3878 D ANWJNI_SECOND: (3878|0x5467E4F8)[BTAPP] 0x5a 
05-27 19:13:01.537  3878  3878 D ANWJNI_SECOND: (3878|0x5467E4F8)[BTAPP] 0x61 
05-27 19:13:01.537  3878  3878 D ANWJNI_SECOND: (3878|0x5467E4F8)[BTAPP] 0x8d 
05-27 19:13:01.537  3878  3878 D ANWJNI_SECOND: (3878|0x5467E4F8)[BTAPP] 0xc9 
05-27 19:13:01.537  3878  3878 D ANWJNI_SECOND: (3878|0x5467E4F8)[BTAPP] 0x40 
05-27 19:13:01.537   581   581 I SpiService: fgesysctrl_getGPIO_status success val=1
05-27 19:13:01.537  3878  3878 D ANWJNI_SECOND: (3878|0x5467E4F8)[BTAPP] 0x1c 
05-27 19:13:01.537  3878  3878 D ANWJNI_SECOND: (3878|0x5467E4F8)[BTAPP] )
05-27 19:13:01.537  3878  3878 D ANWJNI_SECOND: 
05-27 19:13:01.538  3878  3878 D ANWJNI_SECOND: (3878|0x5467E4F8)[BTAPP] XML : find Apple spp_uuid setting
05-27 19:13:01.538  3878  3878 D ANWJNI_SECOND: 
05-27 19:13:01.538  3878  3878 D ANWJNI_SECOND: (3878|0x5467E4F8)[BTAPP] XML : Apple ca_spp_uuid len(32)
05-27 19:13:01.538  3878  3878 D ANWJNI_SECOND: 
05-27 19:13:01.538  3878  3878 D ANWJNI_SECOND: (3878|0x5467E4F8)[BTAPP] XML : Apple SPP_UUID_fromXML len(16):(
05-27 19:13:01.538  3878  3878 D ANWJNI_SECOND: (3878|0x5467E4F8)[BTAPP] 0x0 
05-27 19:13:01.538  3878  3878 D ANWJNI_SECOND: (3878|0x5467E4F8)[BTAPP] 0x0 
05-27 19:13:01.538  3878  3878 D ANWJNI_SECOND: (3878|0x5467E4F8)[BTAPP] 0x0 
05-27 19:13:01.538  3878  3878 D ANWJNI_SECOND: (3878|0x5467E4F8)[BTAPP] 0x0 
05-27 19:13:01.538  3878  3878 D ANWJNI_SECOND: (3878|0x5467E4F8)[BTAPP] 0xde 
05-27 19:13:01.538  3878  3878 D ANWJNI_SECOND: (3878|0x5467E4F8)[BTAPP] 0xca 
05-27 19:13:01.538  3878  3878 D ANWJNI_SECOND: (3878|0x5467E4F8)[BTAPP] 0xfa 
05-27 19:13:01.538  3878  3878 D ANWJNI_SECOND: (3878|0x5467E4F8)[BTAPP] 0xde 
05-27 19:13:01.538  3878  3878 D ANWJNI_SECOND: (3878|0x5467E4F8)[BTAPP] 0xde 
05-27 19:13:01.538  3878  3878 D ANWJNI_SECOND: (3878|0x5467E4F8)[BTAPP] 0xca 
05-27 19:13:01.538  3878  3878 D ANWJNI_SECOND: (3878|0x5467E4F8)[BTAPP] 0xde 
05-27 19:13:01.538  3878  3878 D ANWJNI_SECOND: (3878|0x5467E4F8)[BTAPP] 0xaf 
05-27 19:13:01.539  3878  3878 D ANWJNI_SECOND: (3878|0x5467E4F8)[BTAPP] 0xde 
05-27 19:13:01.539  3878  3878 D ANWJNI_SECOND: (3878|0x5467E4F8)[BTAPP] 0xca 
05-27 19:13:01.539  3878  3878 D ANWJNI_SECOND: (3878|0x5467E4F8)[BTAPP] 0xca 
05-27 19:13:01.539  3878  3878 D ANWJNI_SECOND: (3878|0x5467E4F8)[BTAPP] 0xfe 
05-27 19:13:01.539  3878  3878 D ANWJNI_SECOND: (3878|0x5467E4F8)[BTAPP] )
05-27 19:13:01.539  3878  3878 D ANWJNI_SECOND: 
05-27 19:13:01.539  3878  3878 D ANWJNI_SECOND: (3878|0x5467E4F8)[BTAPP] XML : find calllogsize setting
05-27 19:13:01.539  3878  3878 D ANWJNI_SECOND: 
05-27 19:13:01.539  3878  3878 D ANWJNI_SECOND: (3878|0x5467E4F8)[BTAPP] XML : find ca_calllogsize(100)(100)
05-27 19:13:01.539  3878  3878 D ANWJNI_SECOND: 
05-27 19:13:01.539  3878  3878 D ANWJNI_SECOND: (3878|0x5467E4F8)[BTAPP] get contactssize data fail
05-27 19:13:01.539  3878  3878 D ANWJNI_SECOND: 
05-27 19:13:01.539  3878  3878 D ANWJNI_SECOND: (3878|0x5467E4F8)[BTAPP] get mincallsize data fail
05-27 19:13:01.539  3878  3878 D ANWJNI_SECOND: 
05-27 19:13:01.539  3878  3878 D ANWJNI_SECOND: (3878|0x5467E4F8)[BTAPP] XML : find voice setting
05-27 19:13:01.539  3878  3878 D ANWJNI_SECOND: 
05-27 19:13:01.539  3878  3878 D ANWJNI_SECOND: (3878|0x5467E4F8)[BTAPP] voice set(close)
05-27 19:13:01.539  3878  3878 D ANWJNI_SECOND: 
05-27 19:13:01.539  3878  3878 D ANWJNI_SECOND: (3878|0x5467E4F8)[BTAPP] XML : find voicedelay setting
05-27 19:13:01.539  3878  3878 D ANWJNI_SECOND: 
05-27 19:13:01.539  3878  3878 D ANWJNI_SECOND: (3878|0x5467E4F8)[BTAPP] voicedelay set(close)
05-27 19:13:01.539  3878  3878 D ANWJNI_SECOND: 
05-27 19:13:01.539  3878  3878 D ANWJNI_SECOND: (3878|0x5467E4F8)[BTAPP] get wechatvoice data fail
05-27 19:13:01.539  3878  3878 D ANWJNI_SECOND: 
05-27 19:13:01.539  3878  3878 D ANWJNI_SECOND: (3878|0x5467E4F8)[BTAPP] XML : pair any way
05-27 19:13:01.539  3878  3878 D ANWJNI_SECOND: 
05-27 19:13:01.539  3878  3878 D ANWJNI_SECOND: (3878|0x5467E4F8)[BTAPP] pairing need confirmation  accept
05-27 19:13:01.539  3878  3878 D ANWJNI_SECOND: 
05-27 19:13:01.539  3878  3878 D ANWJNI_SECOND: (3878|0x5467E4F8)[BTAPP] get use_combine data fail
05-27 19:13:01.539  3878  3878 D ANWJNI_SECOND: 
05-27 19:13:01.539  3878  3878 D ANWJNI_SECOND: (3878|0x5467E4F8)[BTAPP] XML : select pbap_photo or not
05-27 19:13:01.539  3878  3878 D ANWJNI_SECOND: 
05-27 19:13:01.539  3878  3878 D ANWJNI_SECOND: (3878|0x5467E4F8)[BTAPP] select pbap_photo
05-27 19:13:01.539  3878  3878 D ANWJNI_SECOND: 
05-27 19:13:01.540  3878  3878 D ANWJNI_SECOND: (3878|0x5467E4F8)[BTAPP] XML : select pbap_email or not
05-27 19:13:01.540  3878  3878 D ANWJNI_SECOND: 
05-27 19:13:01.540  3878  3878 D ANWJNI_SECOND: (3878|0x5467E4F8)[BTAPP] select pbap_email
05-27 19:13:01.540  3878  3878 D ANWJNI_SECOND: 
05-27 19:13:01.540  3878  3878 D ANWJNI_SECOND: (3878|0x5467E4F8)[BTAPP] XML : select pbap_adr or not
05-27 19:13:01.540  3878  3878 D ANWJNI_SECOND: 
05-27 19:13:01.540  3878  3878 D ANWJNI_SECOND: (3878|0x5467E4F8)[BTAPP] select pbap_adr
05-27 19:13:01.540  3878  3878 D ANWJNI_SECOND: 
05-27 19:13:01.540  3878  3878 D ANWJNI_SECOND: (3878|0x5467E4F8)[BTAPP] XML : select pbap_url or not
05-27 19:13:01.540  3878  3878 D ANWJNI_SECOND: 
05-27 19:13:01.540  3878  3878 D ANWJNI_SECOND: (3878|0x5467E4F8)[BTAPP] select pbap_url
05-27 19:13:01.540  3878  3878 D ANWJNI_SECOND: 
05-27 19:13:01.540  3878  3878 D ANWJNI_SECOND: (3878|0x5467E4F8)[BTAPP] get volume_control data fail
05-27 19:13:01.540  3878  3878 D ANWJNI_SECOND: 
05-27 19:13:01.540  3878  3878 D ANWJNI_SECOND: (3878|0x5467E4F8)[BTAPP] get carplay data fail
05-27 19:13:01.540  3878  3878 D ANWJNI_SECOND: 
05-27 19:13:01.540  3878  3878 D ANWJNI_SECOND: (3878|0x5467E4F8)[BTAPP] XML : select socket or not
05-27 19:13:01.540  3878  3878 D ANWJNI_SECOND: 
05-27 19:13:01.540  3878  3878 D ANWJNI_SECOND: (3878|0x5467E4F8)[BTAPP]  support socket
05-27 19:13:01.540  3878  3878 D ANWJNI_SECOND: 
05-27 19:13:01.540  3878  3878 D ANWJNI_SECOND: (3878|0x5467E4F8)[BTAPP] get androidauto data fail
05-27 19:13:01.540  3878  3878 D ANWJNI_SECOND: 
05-27 19:13:01.540  3878  3878 D ANWJNI_SECOND: (3878|0x5467E4F8)[BTAPP] get auto_transfer data fail
05-27 19:13:01.540  3878  3878 D ANWJNI_SECOND: 
05-27 19:13:01.540  3878  3878 D ANWJNI_SECOND: (3878|0x5467E4F8)[BTAPP] get audio_dsp_mute data fail
05-27 19:13:01.540  3878  3878 D ANWJNI_SECOND: 
05-27 19:13:01.540  3878  3878 D ANWJNI_SECOND: (3878|0x5467E4F8)[BTAPP] get audio_dsp_delay data fail
05-27 19:13:01.540  3878  3878 D ANWJNI_SECOND: 
05-27 19:13:01.540  3878  3878 D ANWJNI_SECOND: (3878|0x5467E4F8)[BTAPP] XML : hfp_audio_driver_open 
05-27 19:13:01.540  3878  3878 D ANWJNI_SECOND: 
05-27 19:13:01.540  3878  3878 D ANWJNI_SECOND: (3878|0x5467E4F8)[BTAPP] hfp audio driver close
05-27 19:13:01.540  3878  3878 D ANWJNI_SECOND: 
05-27 19:13:01.541  3878  3878 D ANWJNI_SECOND: (3878|0x5467E4F8)[BTAPP] XML : hfp_wbs_open_data 
05-27 19:13:01.541  3878  3878 D ANWJNI_SECOND: 
05-27 19:13:01.541  3878  3878 D ANWJNI_SECOND: (3878|0x5467E4F8)[BTAPP] hfp wbs enable
05-27 19:13:01.541  3878  3878 D ANWJNI_SECOND: 
05-27 19:13:01.541  3878  3878 D ANWJNI_SECOND: (3878|0x5467E4F8)[BTAPP] get avrcp_browsing_open data fail
05-27 19:13:01.541  3878  3878 D ANWJNI_SECOND: 
05-27 09:04:10.502   581   581 D spi_rst_gpio_get_output: GPIO 145 value: 1
05-27 09:04:10.502   581   581 D spidev_ioctl: gpio status=1)
05-27 19:13:01.541  3878  3878 D ANWJNI_SECOND: (3878|0x5467E4F8)[BTAPP] get connect_special_profile_id data fail
05-27 19:13:01.541  3878  3878 D ANWJNI_SECOND: 
05-27 19:13:01.541  3878  3878 D ANWJNI_SECOND: (3878|0x5467E4F8)[BTAPP] XML : connect_single_profile 
05-27 19:13:01.541  3878  3878 D ANWJNI_SECOND: 
05-27 19:13:01.541  3878  3878 D ANWJNI_SECOND: (3878|0x5467E4F8)[BTAPP] connect_single_profile open
05-27 19:13:01.541  3878  3878 D ANWJNI_SECOND: 
05-27 19:13:01.541  3878  3878 D ANWJNI_SECOND: (3878|0x5467E4F8)[BTAPP] XML : find waveout_pre_buffer_count setting
05-27 19:13:01.541  3878  3878 D ANWJNI_SECOND: 
05-27 19:13:01.541  3878  3878 D ANWJNI_SECOND: (3878|0x5467E4F8)[BTAPP] XML : set waveout_pre_buffer_count success(101)
05-27 19:13:01.541  3878  3878 D ANWJNI_SECOND: 
05-27 19:13:01.541  3878  3878 D ANWJNI_SECOND: (3878|0x5467E4F8)[BTAPP] XML : find waveout_pre_buffer_count setting
05-27 19:13:01.541  3878  3878 D ANWJNI_SECOND: 
05-27 19:13:01.541  3878  3878 D ANWJNI_SECOND: (3878|0x5467E4F8)[BTAPP] XML : set local_music_pre_buffer_count success(40)
05-27 19:13:01.541  3878  3878 D ANWJNI_SECOND: 
05-27 19:13:01.541  3878  3878 D ANWJNI_SECOND: (3878|0x5467E4F8)[BTAPP] XML : inband_ring 
05-27 19:13:01.541  3878  3878 D ANWJNI_SECOND: 
05-27 19:13:01.541  3878  3878 D ANWJNI_SECOND: (3878|0x5467E4F8)[BTAPP] inband_ring open
05-27 19:13:01.541  3878  3878 D ANWJNI_SECOND: 
05-27 19:13:01.541  3878  3878 D ANWJNI_SECOND: (3878|0x5467E4F8)[BTAPP] XML : find map_download_max_size setting
05-27 19:13:01.541  3878  3878 D ANWJNI_SECOND: 
05-27 19:13:01.541  3878  3878 D ANWJNI_SECOND: (3878|0x5467E4F8)[BTAPP] XML : set map_download_max_size failed(20)
05-27 19:13:01.541  3878  3878 D ANWJNI_SECOND: 
05-27 19:13:01.542  3878  3878 D ANWJNI_SECOND: (3878|0x5467E4F8)[BTAPP] XML : stack debug
05-27 19:13:01.542  3878  3878 D ANWJNI_SECOND: 
05-27 19:13:01.542  3878  3878 D ANWJNI_SECOND: (3878|0x5467E4F8)[BTAPP] XML : stack debug open
05-27 19:13:01.542  3878  3878 D ANWJNI_SECOND: 
05-27 19:13:01.542  3878  3878 D ANWAPI_SECOND: (3878|0x5467E4F8)[BTAPI] >>>AnWBT_Usr_DebugLog
05-27 19:13:01.542  3878  3878 D ANWAPI_SECOND: (3878|0x5467E4F8)[BTAPI] <<<<AnWBT_Usr_DebugLog: ret=0
05-27 19:13:01.542  3878  3878 D ANWJNI_SECOND: (3878|0x5467E4F8)[BTAPP] XML : app debug
05-27 19:13:01.542  3878  3878 D ANWJNI_SECOND: 
05-27 19:13:01.542  3878  3878 D ANWJNI_SECOND: (3878|0x5467E4F8)[BTAPP] XML : app debug open
05-27 19:13:01.542  3878  3878 D ANWJNI_SECOND: 
05-27 19:13:01.542  3878  3878 D ANWJNI_SECOND: (3878|0x5467E4F8)[BTAPP] XML : api debug
05-27 19:13:01.542  3878  3878 D ANWJNI_SECOND: 
05-27 19:13:01.542  3878  3878 D ANWJNI_SECOND: (3878|0x5467E4F8)[BTAPP] XML : api debug open
05-27 19:13:01.542  3878  3878 D ANWJNI_SECOND: 
05-27 19:13:01.542  3878  3878 D ANWJNI_SECOND: (3878|0x5467E4F8)[BTAPP] XML : hfp debug
05-27 19:13:01.542  3878  3878 D ANWJNI_SECOND: 
05-27 19:13:01.542  3878  3878 D ANWJNI_SECOND: (3878|0x5467E4F8)[BTAPP] XML : hfp debug open
05-27 19:13:01.542  3878  3878 D ANWJNI_SECOND: 
05-27 19:13:01.542  3878  3878 D ANWJNI_SECOND: (3878|0x5467E4F8)[BTAPP] XML : a2dp debug
05-27 19:13:01.542  3878  3878 D ANWJNI_SECOND: 
05-27 19:13:01.542  3878  3878 D ANWJNI_SECOND: (3878|0x5467E4F8)[BTAPP] XML : a2dp debug open
05-27 19:13:01.542  3878  3878 D ANWJNI_SECOND: 
05-27 19:13:01.542  3878  3878 D ANWJNI_SECOND: (3878|0x5467E4F8)[BTAPP] XML : waveout debug
05-27 19:13:01.542  3878  3878 D ANWJNI_SECOND: 
05-27 19:13:01.542  3878  3878 D ANWJNI_SECOND: (3878|0x5467E4F8)[BTAPP] XML : waveout debug open
05-27 19:13:01.542  3878  3878 D ANWJNI_SECOND: 
05-27 19:13:01.542  3878  3878 D ANWJNI_SECOND: (3878|0x5467E4F8)[BTAPP] XML : avrcp debug
05-27 19:13:01.542  3878  3878 D ANWJNI_SECOND: 
05-27 19:13:01.543  3878  3878 D ANWJNI_SECOND: (3878|0x5467E4F8)[BTAPP] XML : avrcp debug open
05-27 19:13:01.543  3878  3878 D ANWJNI_SECOND: 
05-27 19:13:01.543  3878  3878 D ANWJNI_SECOND: (3878|0x5467E4F8)[BTAPP] XML : pbap debug
05-27 19:13:01.543  3878  3878 D ANWJNI_SECOND: 
05-27 19:13:01.543  3878  3878 D ANWJNI_SECOND: (3878|0x5467E4F8)[BTAPP] XML : pbap debug open
05-27 19:13:01.543  3878  3878 D ANWJNI_SECOND: 
05-27 19:13:01.543   581   581 I SpiService: fgesysctrl_getGPIO_status success val=1
05-27 19:13:01.543  3878  3878 D ANWJNI_SECOND: (3878|0x5467E4F8)[BTAPP] XML : map debug
05-27 19:13:01.543  3878  3878 D ANWJNI_SECOND: 
05-27 19:13:01.543  3878  3878 D ANWJNI_SECOND: (3878|0x5467E4F8)[BTAPP] XML : map debug open
05-27 19:13:01.543  3878  3878 D ANWJNI_SECOND: 
05-27 09:04:10.507   581   581 D spi_rst_gpio_get_output: GPIO 145 value: 1
05-27 09:04:10.507   581   581 D spidev_ioctl: gpio status=1)
05-27 19:13:01.543  3878  3878 D ANWJNI_SECOND: (3878|0x5467E4F8)[BTAPP] get debug_iap data fail
05-27 19:13:01.543  3878  3878 D ANWJNI_SECOND: 
05-27 19:13:01.543  3878  3878 D ANWJNI_SECOND: (3878|0x5467E4F8)[BTAPP] XML : btsnoop
05-27 19:13:01.543  3878  3878 D ANWJNI_SECOND: 
05-27 19:13:01.543  3878  3878 D ANWJNI_SECOND: (3878|0x5467E4F8)[BTAPP] XML : btsnoop open
05-27 19:13:01.543  3878  3878 D ANWJNI_SECOND: 
05-27 19:13:01.543  3878  3878 D ANWJNI_SECOND: (3878|0x5467E4F8)[BTAPP] XML : file_path 
05-27 19:13:01.543  3878  3878 D ANWJNI_SECOND: 
05-27 19:13:01.543  3878  3878 D ANWJNI_SECOND: (3878|0x5467E4F8)[BTAPP] XML : file_path /data/misc/anw/ is exist,so break
05-27 19:13:01.543  3878  3878 D ANWJNI_SECOND: 
05-27 19:13:01.543  3878  3878 D ANW_AVRCP_SECOND: AnWBT_Set_Storage_Path path /data/misc/anw/
05-27 19:13:01.543  3878  3878 D ANWJNI_SECOND: (3878|0x5467E4F8)[BTAPP] XML : btsnoop_file_path 
05-27 19:13:01.543  3878  3878 D ANWJNI_SECOND: 
05-27 19:13:01.543  3878  3878 D ANWJNI_SECOND: (3878|0x5467E4F8)[BTAPP] XML : btsnoop_path /data/misc/anw/logs/ is exist,so break
05-27 19:13:01.543  3878  3878 D ANWJNI_SECOND: 
05-27 19:13:01.543  3878  3878 D ANWJNI_SECOND: (3878|0x5467E4F8)[BTAPP] XML : find btsnoop_file_size_MB setting
05-27 19:13:01.543  3878  3878 D ANWJNI_SECOND: 
05-27 19:13:01.543  3878  3878 D ANWJNI_SECOND: (3878|0x5467E4F8)[BTAPP] XML : find maxBtSnoopFileSize_MB(100)(100)
05-27 19:13:01.543  3878  3878 D ANWJNI_SECOND: 
05-27 19:13:01.544  3878  3878 D ANWJNI_SECOND: (3878|0x5467E4F8)[BTAPP] XML : find rfkillstate_path:/sys/class/gpio/gpio142/value
05-27 19:13:01.544  3878  3878 D ANWJNI_SECOND: 
05-27 19:13:01.544  3878  3878 D ANWAPI_SECOND: (3878|0x5467E4F8)[BTAPI] AnW_BT_SetRfkillStatePath
05-27 19:13:01.544  3878  3878 D ANWJNI_SECOND: (3878|0x5467E4F8)[BTAPP] get dump_pcm data fail
05-27 19:13:01.544  3878  3878 D ANWJNI_SECOND: 
05-27 19:13:01.544  3878  3878 D ANWJNI_SECOND: (3878|0x5467E4F8)[BTAPP] XML : accept_avrcp_ct_control
05-27 19:13:01.544  3878  3878 D ANWJNI_SECOND: 
05-27 19:13:01.544  3878  3878 D ANWJNI_SECOND: (3878|0x5467E4F8)[BTAPP] XML : accept_avrcp_ct_control close
05-27 19:13:01.544  3878  3878 D ANWJNI_SECOND: 
05-27 19:13:01.544  3878  3878 D ANWJNI_SECOND: (3878|0x5467E4F8)[BTAPP] XML : find maxHFPAGConnNum setting
05-27 19:13:01.544  3878  3878 D ANWJNI_SECOND: 
05-27 19:13:01.544  3878  3878 D ANWJNI_SECOND: (3878|0x5467E4F8)[BTAPP] XML : find maxHFPAGConnNum(2)(2)
05-27 19:13:01.544  3878  3878 D ANWJNI_SECOND: 
05-27 19:13:01.544  3878  3878 D ANWJNI_SECOND: (3878|0x5467E4F8)[BTAPP] XML : find maxHFPHFConnNum setting
05-27 19:13:01.544  3878  3878 D ANWJNI_SECOND: 
05-27 19:13:01.544  3878  3878 D ANWJNI_SECOND: (3878|0x5467E4F8)[BTAPP] XML : find maxHFPHFConnNum(0)(0)
05-27 19:13:01.544  3878  3878 D ANWJNI_SECOND: 
05-27 19:13:01.544  3878  3878 D ANWJNI_SECOND: (3878|0x5467E4F8)[BTAPP] XML : find maxPBAPConnNum setting
05-27 19:13:01.544  3878  3878 D ANWJNI_SECOND: 
05-27 19:13:01.544  3878  3878 D ANWJNI_SECOND: (3878|0x5467E4F8)[BTAPP] XML : find maxPBAPConnNum(0)(0)
05-27 19:13:01.544  3878  3878 D ANWJNI_SECOND: 
05-27 19:13:01.544  3878  3878 D ANWJNI_SECOND: (3878|0x5467E4F8)[BTAPP] XML : find maxMAPConnNum setting
05-27 19:13:01.544  3878  3878 D ANWJNI_SECOND: 
05-27 19:13:01.544  3878  3878 D ANWJNI_SECOND: (3878|0x5467E4F8)[BTAPP] XML : find maxMAPConnNum(0)(0)
05-27 19:13:01.544  3878  3878 D ANWJNI_SECOND: 
05-27 19:13:01.544  3878  3878 D ANWJNI_SECOND: (3878|0x5467E4F8)[BTAPP] XML : find maxA2DPSinkConnNum setting
05-27 19:13:01.544  3878  3878 D ANWJNI_SECOND: 
05-27 19:13:01.544  3878  3878 D ANWJNI_SECOND: (3878|0x5467E4F8)[BTAPP] XML : find maxA2DPSinkConnNum(0)(0)
05-27 19:13:01.544  3878  3878 D ANWJNI_SECOND: 
05-27 19:13:01.545  3878  3878 D ANWJNI_SECOND: (3878|0x5467E4F8)[BTAPP] XML : find maxA2DPSourceConnNum setting
05-27 19:13:01.545  3878  3878 D ANWJNI_SECOND: 
05-27 19:13:01.545  3878  3878 D ANWJNI_SECOND: (3878|0x5467E4F8)[BTAPP] XML : find maxA2DPSourceConnNum(2)(2)
05-27 19:13:01.545  3878  3878 D ANWJNI_SECOND: 
05-27 19:13:01.545  3878  3878 D ANWJNI_SECOND: (3878|0x5467E4F8)[BTAPP] XML : find maxAVRCPCTConnNum setting
05-27 19:13:01.545  3878  3878 D ANWJNI_SECOND: 
05-27 19:13:01.545  3878  3878 D ANWJNI_SECOND: (3878|0x5467E4F8)[BTAPP] XML : find (0)(0)
05-27 19:13:01.545  3878  3878 D ANWJNI_SECOND: 
05-27 19:13:01.545  3878  3878 D ANWJNI_SECOND: (3878|0x5467E4F8)[BTAPP] XML : find maxAVRCPTGConnNum setting
05-27 19:13:01.545  3878  3878 D ANWJNI_SECOND: 
05-27 19:13:01.545  3878  3878 D ANWJNI_SECOND: (3878|0x5467E4F8)[BTAPP] XML : find maxAVRCPTGConnNum(2)(2)
05-27 19:13:01.545  3878  3878 D ANWJNI_SECOND: 
05-27 19:13:01.545  3878  3878 D ANWJNI_SECOND: (3878|0x5467E4F8)[BTAPP] XML : find maxDeviceConnNum setting
05-27 19:13:01.545  3878  3878 D ANWJNI_SECOND: 
05-27 19:13:01.545  3878  3878 D ANWJNI_SECOND: (3878|0x5467E4F8)[BTAPP] XML : find maxDeviceConnNum(2)(2)
05-27 19:13:01.545  3878  3878 D ANWJNI_SECOND: 
05-27 19:13:01.545  3878  3878 D ANWJNI_SECOND: (3878|0x5467E4F8)[BTAPP] XML : find maxSCOConnNum setting
05-27 19:13:01.545  3878  3878 D ANWJNI_SECOND: 
05-27 19:13:01.545  3878  3878 D ANWJNI_SECOND: (3878|0x5467E4F8)[BTAPP] XML : find maxSCOConnNum(2)(2)
05-27 19:13:01.545  3878  3878 D ANWJNI_SECOND: 
05-27 19:13:01.545  3878  3878 D ANWJNI_SECOND: (3878|0x5467E4F8)[BTAPP] XML : find maxHFSCOConnNum setting
05-27 19:13:01.545  3878  3878 D ANWJNI_SECOND: 
05-27 19:13:01.545  3878  3878 D ANWJNI_SECOND: (3878|0x5467E4F8)[BTAPP] XML : find maxHFSCOConnNum(0)(0)
05-27 19:13:01.545  3878  3878 D ANWJNI_SECOND: 
05-27 19:13:01.545  3878  3878 D ANWJNI_SECOND: (3878|0x5467E4F8)[BTAPP] XML : find maxAGSCOConnNum setting
05-27 19:13:01.545  3878  3878 D ANWJNI_SECOND: 
05-27 19:13:01.545  3878  3878 D ANWJNI_SECOND: (3878|0x5467E4F8)[BTAPP] XML : find maxAGSCOConnNum(2)(2)
05-27 19:13:01.545  3878  3878 D ANWJNI_SECOND: 
05-27 19:13:01.545  3878  3878 D ANWJNI_SECOND: (3878|0x5467E4F8)[BTAPP] XML : find maxOppConnNum_data setting
05-27 19:13:01.545  3878  3878 D ANWJNI_SECOND: 
05-27 19:13:01.545  3878  3878 D ANWJNI_SECOND: (3878|0x5467E4F8)[BTAPP] XML : find maxOPPConnNum(0)(0)
05-27 19:13:01.545  3878  3878 D ANWJNI_SECOND: 
05-27 19:13:01.545  3878  3878 D ANWJNI_SECOND: (3878|0x5467E4F8)[BTAPP] XML : find maxHidHostConnNum_data setting
05-27 19:13:01.545  3878  3878 D ANWJNI_SECOND: 
05-27 19:13:01.545  3878  3878 D ANWJNI_SECOND: (3878|0x5467E4F8)[BTAPP] XML : find maxHidHostConnNum(0)(0)
05-27 19:13:01.545  3878  3878 D ANWJNI_SECOND: 
05-27 19:13:01.546  3878  3878 D ANWJNI_SECOND: (3878|0x5467E4F8)[BTAPP] XML : music_mode_auto_select
05-27 19:13:01.546  3878  3878 D ANWJNI_SECOND: 
05-27 19:13:01.546  3878  3878 D ANWJNI_SECOND: (3878|0x5467E4F8)[BTAPP] XML : music_mode_auto_select open
05-27 19:13:01.546  3878  3878 D ANWJNI_SECOND: 
05-27 19:13:01.546  3878  3878 D ANWJNI_SECOND: (3878|0x5467E4F8)[BTAPP] XML : BQB_test_setting
05-27 19:13:01.546  3878  3878 D ANWJNI_SECOND: 
05-27 19:13:01.546  3878  3878 D ANWJNI_SECOND: (3878|0x5467E4F8)[BTAPP] XML : BQB_test_setting close
05-27 19:13:01.546  3878  3878 D ANWJNI_SECOND: 
05-27 19:13:01.546  3878  3878 D ANWJNI_SECOND: (3878|0x5467E4F8)[BTAPP] XML : find aaudio_device_id setting
05-27 19:13:01.546  3878  3878 D ANWJNI_SECOND: 
05-27 19:13:01.546  3878  3878 D ANWJNI_SECOND: (3878|0x5467E4F8)[BTAPP] XML : find aaudio_device_id(16)(16)
05-27 19:13:01.546  3878  3878 D ANWJNI_SECOND: 
05-27 19:13:01.546  3878  3878 D ANWJNI_SECOND: (3878|0x5467E4F8)[BTAPP] XML : local_device_name_data 
05-27 19:13:01.546  3878  3878 D ANWJNI_SECOND: 
05-27 19:13:01.546  3878  3878 D ANWAPI_SECOND: (3878|0x5467E4F8)[BTAPI] AnWBT_Set_Local_Device_Before_Init LJ_FUJIA
05-27 19:13:01.546  3878  3878 D ANWJNI_SECOND: (3878|0x5467E4F8)[BTAPP] get a2dp_sink_pcm data fail
05-27 19:13:01.546  3878  3878 D ANWJNI_SECOND: 
05-27 19:13:01.546  3878  3878 D ANWJNI_SECOND: (3878|0x5467E4F8)[BTAPP] XML : master_device_file_path 
05-27 19:13:01.546  3878  3878 D ANWJNI_SECOND: 
05-27 19:13:01.546  3878  3878 D ANWJNI_SECOND: (3878|0x5467E4F8)[BTAPP] XML : master_device_file_path /anw/target_device_info is not exist
05-27 19:13:01.546  3878  3878 D ANWJNI_SECOND: 
05-27 19:13:01.546  3878  3878 D ANWJNI_SECOND: (3878|0x5467E4F8)[BTAPP] XML : read_rssi_switch
05-27 19:13:01.546  3878  3878 D ANWJNI_SECOND: 
05-27 19:13:01.546  3878  3878 D ANWJNI_SECOND: (3878|0x5467E4F8)[BTAPP] XML : read_rssi_switch close
05-27 19:13:01.546  3878  3878 D ANWJNI_SECOND: 
05-27 19:13:01.546  3878  3878 D ANWJNI_SECOND: (3878|0x5467E4F8)[BTAPP] XML : pbapClient_autoConnectAndDownload
05-27 19:13:01.546  3878  3878 D ANWJNI_SECOND: 
05-27 19:13:01.546  3878  3878 D ANWJNI_SECOND: (3878|0x5467E4F8)[BTAPP] XML : PBAP Client auto connect an download close
05-27 19:13:01.546  3878  3878 D ANWJNI_SECOND: 
05-27 19:13:01.546  3878  3878 D ANWJNI_SECOND: (3878|0x5467E4F8)[BTAPP] get callDisconnect_AutoDownloadCalllog data fail
05-27 19:13:01.546  3878  3878 D ANWJNI_SECOND: 
05-27 19:13:01.547  3878  3878 D ANWJNI_SECOND: (3878|0x5467E4F8)[BTAPP] XML : UART_path 
05-27 19:13:01.547  3878  3878 D ANWJNI_SECOND: 
05-27 19:13:01.547  3878  3878 D ANWJNI_SECOND: (3878|0x5467E4F8)[BTAPP] XML : UART_path:[/dev/ttyS3]
05-27 19:13:01.547  3878  3878 D ANWJNI_SECOND: 
05-27 19:13:01.547  3878  3878 D ANWJNI_SECOND: (3878|0x5467E4F8)[BTAPP] get BTADDR_path data fail
05-27 19:13:01.547  3878  3878 D ANWJNI_SECOND: 
05-27 19:13:01.547  3878  3878 D ANWJNI_SECOND: (3878|0x5467E4F8)[BTAPP] XML : BTADDR path not find
05-27 19:13:01.547  3878  3878 D ANWJNI_SECOND: 
05-27 19:13:01.547  3878  3878 D ANWJNI_SECOND: (3878|0x5467E4F8)[BTAPP] XML : find UART_baudRate_init(115200)
05-27 19:13:01.547  3878  3878 D ANWJNI_SECOND: 
