05-27 19:12:57.676   536   536 D commservice260303: send Cmd To Port ++++5AA501488A010004AA166A16D1B97B22636F6D6D616E64223A7B226964223A22696D755F737461747573222C22737562223A22227D2C22636F6E74656E74223A7B2254696D655374616D70223A31322C224672616D65436F756E746572223A3238383331382C2247445F58223A2D302E30313136303630373637333232373738372C2247445F59223A302E3030363333363937313138363130313433372C2247445F5A223A302E3030313637393033393930393530343335342C2241445F58223A2D352E383939333639373136363434323837452D352C2241445F59223A2D302E303031383932383032353338333530323234352C2241445F5A223A2D302E31363532303131383731333337383930362C2254656D70447370223A302C22537461747573223A302C2243616C69625374617465223A312C22536967416D70496E76616C6964223A307D7D13C8
05-27 19:12:57.676   536   536 D commservice260303: bufferevent_write retrun value = 0
05-27 19:12:57.676   536   560 D commservice260303: client datas send succeed,send finish
05-27 19:12:57.676 13911 14192 D Sentinelmode_1.2.5.17_sentry: <SentryImuClusterFgeSender>imu_status sent to Linux, frame=288318, tsNs=12244921, tsMs=12, intervalMs=40, ad=(-5.8993697E-5,-0.0018928025,-0.16520119), gd=(-0.011606077,0.006336971,0.0016790399)
05-27 19:12:57.679   581   581 I SpiService: fgesysctrl_getGPIO_status success val=1
05-27 09:04:06.644   581   581 D spi_rst_gpio_get_output: GPIO 145 value: 1
05-27 09:04:06.644   581   581 D spidev_ioctl: gpio status=1)
05-27 19:12:57.682 13911 14183 I SentryImuMcuAngleSender: 179.98598rollDeg
05-27 19:12:57.682 13911 14183 I SentryImuMcuAngleSender: 1,0,0
05-27 19:12:57.684 10041 10041 D Zygote  : Forked child process 3801
05-27 19:12:57.684 10188 10661 I am_proc_start: [0,3801,1000,com.anwsdk.service:remote,service,{com.anwsdk.service/com.anwsdk.service.anwbtservice}]
05-27 19:12:57.684 10188 10661 I ActivityManager: Start proc 3801:com.anwsdk.service:remote/1000 for service {com.anwsdk.service/com.anwsdk.service.anwbtservice}
05-27 19:12:57.685 10188 10661 D ActivityManager: ProcessRecord{9c4c31d 3801:com.anwsdk.service:remote/1000} setPendingStart=false callers=com.android.server.am.ProcessList.handleProcessStartedLocked:2646 com.android.server.am.UnisocProcessList.handleProcessStartedLocked:377 com.android.server.am.ProcessList.handleProcessStartedLocked:2585 com.android.server.am.ProcessList.lambda$handleProcessStart$1$com-android-server-am-ProcessList:1993 com.android.server.am.ProcessList$$ExternalSyntheticLambda1.run:22 com.android.server.am.ProcessList.handleProcessStart:2016 com.android.server.am.ProcessList.lambda$startProcessLocked$0$com-android-server-am-ProcessList:1950 com.android.server.am.ProcessList$$ExternalSyntheticLambda5.run:22 android.os.Handler.handleCallback:942 android.os.Handler.dispatchMessage:99 
05-27 19:12:57.685   581   581 I SpiService: fgesysctrl_getGPIO_status success val=1
05-27 09:04:06.649   581   581 D spi_rst_gpio_get_output: GPIO 145 value: 1
05-27 09:04:06.649   581   581 D spidev_ioctl: gpio status=1)
05-27 19:12:57.689  3801  3801 I Zygote  : seccomp disabled by setenforce 0
05-27 19:12:57.690   581   581 I SpiService: fgesysctrl_getGPIO_status success val=1
05-27 09:04:06.655   581   581 D spi_rst_gpio_get_output: GPIO 145 value: 1
05-27 09:04:06.655   581   581 D spidev_ioctl: gpio status=1)
05-27 19:12:57.695  3801  3801 I .service:remote: Late-enabling -Xcheck:jni
05-27 19:12:57.696   581   581 I SpiService: fgesysctrl_getGPIO_status success val=1
05-27 09:04:06.660   581   581 D spi_rst_gpio_get_output: GPIO 145 value: 1
05-27 09:04:06.660   581   581 D spidev_ioctl: gpio status=1)
05-27 19:12:57.701   581   581 I SpiService: fgesysctrl_getGPIO_status success val=0
05-27 19:12:57.703 13911 14183 I SentryImuMcuAngleSender: 179.98598rollDeg
05-27 19:12:57.703 13911 14183 I SentryImuMcuAngleSender: 1,0,0
05-27 09:04:06.666   581   581 D spi_rst_gpio_get_output: GPIO 145 value: 0
05-27 09:04:06.666   581   581 D spidev_ioctl: gpio status=0)
05-27 19:12:57.715   536   536 D commservice260303: msg.id = 1028,0
05-27 19:12:57.715   581   581 I SpiService: fgesysctrl_getGPIO_status success val=1
05-27 19:12:57.716   536   536 D commservice260303: i = 170, msgid = 8A000404
05-27 19:12:57.716   536   536 D commservice260303: msgid = -1979710460,did=138
05-27 19:12:57.716   536   536 D commservice260303: CommProtocolLibCmdBaseI2C::dataproc {"command":{"id":"imu_status","sub":""},"content":{"TimeStamp":12,"FrameCounter":288319,"GD_X":-0.011682018637657166,"GD_Y":0.005802778527140617,"GD_Z":0.0019079053308814764,"AD_X":-7.684528827667236E-5,"AD_Y":-6.648048292845488E-4,"AD_Z":-0.16947174072265625,"TempDsp":0,"Status":0,"CalibState":1,"SigAmpInvalid":0}},-1979710460
05-27 19:12:57.716   536   536 D commservice260303: send2Cluster len:317, 7B22636F6D6D616E64223A7B226964223A22696D755F737461747573222C22737562223A22227D2C22636F6E74656E74223A7B2254696D655374616D70223A31322C224672616D65436F756E746572223A3238383331392C2247445F58223A2D302E3031313638323031383633373635373136362C2247445F59223A302E3030353830323737383532373134303631372C2247445F5A223A302E303031393037393035333330383831343736342C2241445F58223A2D372E363834353238383237363637323336452D352C2241445F59223A2D362E363438303438323932383435343838452D342C2241445F5A223A2D302E31363934373137343037323236353632352C2254656D70447370223A302C22537461747573223A302C2243616C69625374617465223A312C22536967416D70496E76616C6964223A307D7D, 138 
05-27 19:12:57.716   536   536 D commservice260303: Push Message into SendPool fn=397018112
05-27 19:12:57.716   536   536 D commservice260303: ComProtocolLibSend2Cluster::send2ClusterRaw fn=397018112 , len=333
05-27 19:12:57.716   536   536 D commservice260303: sendCmdToPort :333!!!
05-27 19:12:57.716   536   536 D commservice260303: send Cmd To Port ++++5AA501498A010004AA176A16D1B97B22636F6D6D616E64223A7B226964223A22696D755F737461747573222C22737562223A22227D2C22636F6E74656E74223A7B2254696D655374616D70223A31322C224672616D65436F756E746572223A3238383331392C2247445F58223A2D302E3031313638323031383633373635373136362C2247445F59223A302E3030353830323737383532373134303631372C2247445F5A223A302E303031393037393035333330383831343736342C2241445F58223A2D372E363834353238383237363637323336452D352C2241445F59223A2D362E363438303438323932383435343838452D342C2241445F5A223A2D302E31363934373137343037323236353632352C2254656D70447370223A302C22537461747573223A302C2243616C69625374617465223A312C22536967416D70496E76616C6964223A307D7D7F24
05-27 09:04:06.680   581   581 D spi_rst_gpio_get_output: GPIO 145 value: 1
05-27 09:04:06.680   581   581 D spidev_ioctl: gpio status=1)
05-27 19:12:57.716   536   536 D commservice260303: bufferevent_write retrun value = 0
05-27 19:12:57.717   536   560 D commservice260303: client datas send succeed,send finish
05-27 19:12:57.717 13911 14192 D Sentinelmode_1.2.5.17_sentry: <SentryImuClusterFgeSender>imu_status sent to Linux, frame=288319, tsNs=12244956, tsMs=12, intervalMs=40, ad=(-7.684529E-5,-6.6480483E-4,-0.16947174), gd=(-0.011682019,0.0058027785,0.0019079053)
05-27 19:12:57.721   581   581 I SpiService: fgesysctrl_getGPIO_status success val=1
05-27 09:04:06.686   581   581 D spi_rst_gpio_get_output: GPIO 145 value: 1
05-27 09:04:06.686   581   581 D spidev_ioctl: gpio status=1)
05-27 19:12:57.723 13911 14183 I SentryImuMcuAngleSender: 179.97899rollDeg
05-27 19:12:57.724 13911 14183 I SentryImuMcuAngleSender: 1,0,0
05-27 19:12:57.726   581   581 I SpiService: fgesysctrl_getGPIO_status success val=1
05-27 09:04:06.691   581   581 D spi_rst_gpio_get_output: GPIO 145 value: 1
05-27 09:04:06.691   581   581 D spidev_ioctl: gpio status=1)
05-27 09:04:06.697   581   581 D spi_rst_gpio_get_output: GPIO 145 value: 1
05-27 09:04:06.697   581   581 D spidev_ioctl: gpio status=1)
05-27 19:12:57.732   581   581 I SpiService: fgesysctrl_getGPIO_status success val=1
05-27 19:12:57.738   581   581 I SpiService: fgesysctrl_getGPIO_status success val=0
05-27 19:12:57.738  3801  3801 D .service:remote: Received session metadata: 8409146455907788257
05-27 09:04:06.702   581   581 D spi_rst_gpio_get_output: GPIO 145 value: 0
05-27 09:04:06.702   581   581 D spidev_ioctl: gpio status=0)
05-27 19:12:57.743 13911 14183 I SentryImuMcuAngleSender: 179.97197rollDeg
05-27 19:12:57.744 13911 14183 I SentryImuMcuAngleSender: 1,0,0
05-27 19:12:57.750 13911 13911 I Sentinelmode_1.2.5.17_sentry: <SentinelCarServiceManager>sensorType:291504647
05-27 19:12:57.752   581   581 I SpiService: fgesysctrl_getGPIO_status success val=1
05-27 09:04:06.716   581   581 D spi_rst_gpio_get_output: GPIO 145 value: 1
05-27 09:04:06.716   581   581 D spidev_ioctl: gpio status=1)
05-27 19:12:57.753 10188 10188 D Telecom : Logging: START_SESSION
05-27 19:12:57.754 10188 10188 D Telecom : Logging: END_SESSION (dur: 0 ms): TSI.iIMC@AZ8
05-27 19:12:57.754 10188 10188 D Telecom : Logging: START_SESSION
05-27 19:12:57.754 10188 10188 D Telecom : Logging: END_SESSION (dur: 0 ms): TSI.iISMC(a)@AaA
05-27 19:12:57.754 10188 10188 D ResponseStatsTracker: notification:+3h24m4s804ms; event=<updated>, pkg=com.yadea.btmusic, usr=0
05-27 19:12:57.754 10188 10188 D NotificationService: 0|com.yadea.btmusic|8001|null|1000: updating permissions
05-27 19:12:57.755 10188 10188 D NotificationService: 0|com.yadea.btmusic|8001|null|1000: updating permissions
05-27 19:12:57.755 10188 10188 D NotificationService: 0|com.yadea.btmusic|8001|null|1000: updating permissions
05-27 19:12:57.755 10188 10188 D NotificationService: 0|com.yadea.btmusic|8001|null|1000: updating permissions
05-27 19:12:57.755 10188 10188 D NotificationService: 0|com.yadea.btmusic|8001|null|1000: updating permissions
05-27 19:12:57.755 10188 10188 D NotificationService: 0|com.yadea.btmusic|8001|null|1000: updating permissions
05-27 19:12:57.755   536   536 D commservice260303: msg.id = 1028,1
05-27 19:12:57.755   536   536 D commservice260303: i = 170, msgid = 8A000404
05-27 19:12:57.755   536   536 D commservice260303: msgid = -1979710460,did=138
05-27 19:12:57.755   536   536 D commservice260303: CommProtocolLibCmdBaseI2C::dataproc {"command":{"id":"imu_status","sub":""},"content":{"TimeStamp":12,"FrameCounter":288320,"GD_X":-0.011223767884075642,"GD_Y":0.00549693126231432,"GD_Z":0.0022902146447449923,"AD_X":-0.004954829812049866,"AD_Y":5.526086315512657E-4,"AD_Z":-0.17069149017333984,"TempDsp":0,"Status":0,"CalibState":1,"SigAmpInvalid":0}},-1979710460
05-27 19:12:57.755   536   536 D commservice260303: send2Cluster len:315, 7B22636F6D6D616E64223A7B226964223A22696D755F737461747573222C22737562223A22227D2C22636F6E74656E74223A7B2254696D655374616D70223A31322C224672616D65436F756E746572223A3238383332302C2247445F58223A2D302E3031313232333736373838343037353634322C2247445F59223A302E30303534393639333132363233313433322C2247445F5A223A302E303032323930323134363434373434393932332C2241445F58223A2D302E3030343935343832393831323034393836362C2241445F59223A352E353236303836333135353132363537452D342C2241445F5A223A2D302E31373036393134393031373333333938342C2254656D70447370223A302C22537461747573223A302C2243616C69625374617465223A312C22536967416D70496E76616C6964223A307D7D, 138 
05-27 19:12:57.756   536   536 D commservice260303: Push Message into SendPool fn=413795328
05-27 19:12:57.756   536   536 D commservice260303: ComProtocolLibSend2Cluster::send2ClusterRaw fn=413795328 , len=331
05-27 19:12:57.756   536   536 D commservice260303: sendCmdToPort :331!!!
05-27 19:12:57.756   536   536 D commservice260303: send Cmd To Port ++++5AA501478A010004AA186A16D1B97B22636F6D6D616E64223A7B226964223A22696D755F737461747573222C22737562223A22227D2C22636F6E74656E74223A7B2254696D655374616D70223A31322C224672616D65436F756E746572223A3238383332302C2247445F58223A2D302E3031313232333736373838343037353634322C2247445F59223A302E30303534393639333132363233313433322C2247445F5A223A302E303032323930323134363434373434393932332C2241445F58223A2D302E3030343935343832393831323034393836362C2241445F59223A352E353236303836333135353132363537452D342C2241445F5A223A2D302E31373036393134393031373333333938342C2254656D70447370223A302C22537461747573223A302C2243616C69625374617465223A312C22536967416D70496E76616C6964223A307D7DF4D0
05-27 19:12:57.756   536   536 D commservice260303: bufferevent_write retrun value = 0
05-27 19:12:57.756   536   560 D commservice260303: client datas send succeed,send finish
05-27 19:12:57.756   283   307 I rvcservice: t.code = 0, t.value = 0
05-27 19:12:57.756 11344 11344 D CarNotificationListener: onNotificationPosted: StatusBarNotification(pkg=com.yadea.btmusic user=UserHandle{0} id=8001 tag=null key=0|com.yadea.btmusic|8001|null|1000: Notification(channel=media_playback_channel shortcut=null contentView=null vibrate=null sound=null defaults=0x0 flags=0x68 color=0x00000000 category=transport groupKey=silent actions=3 vis=PUBLIC))
05-27 19:12:57.756 11344 11344 D CarNotificationListener: Is incoming notification a group summary?: false
05-27 19:12:57.757 13911 14192 D Sentinelmode_1.2.5.17_sentry: <SentryImuClusterFgeSender>imu_status sent to Linux, frame=288320, tsNs=12244991, tsMs=12, intervalMs=40, ad=(-0.00495483,5.5260863E-4,-0.17069149), gd=(-0.011223768,0.0054969313,0.0022902146)
05-27 19:12:57.757   581   581 I SpiService: fgesysctrl_getGPIO_status success val=1
05-27 19:12:57.757 10188 11485 D PowerController.AppState: - updateNotification() E -
05-27 19:12:57.757 11344 11344 D NavBarFragment: onShow: AlertEntry:StatusBarNotification(pkg=com.yadea.btmusic user=UserHandle{0} id=8001 tag=null key=0|com.yadea.btmusic|8001|null|1000: Notification(channel=media_playback_channel shortcut=null contentView=null vibrate=null sound=null defaults=0x0 flags=0x68 color=0x00000000 category=transport groupKey=silent actions=3 vis=PUBLIC))
05-27 19:12:57.758 11344 11344 D NavBarFragment: bindMediaActions: action[0] title=Previous, intent=PendingIntent{e6a16c5: android.os.BinderProxy@47dbe97}
05-27 19:12:57.758 11344 11344 D NavBarFragment: bindMediaActions: action[1] title=Play, intent=PendingIntent{779e81a: android.os.BinderProxy@b9dcca2}
05-27 19:12:57.758 11731 11731 I ExtAssistant: POSTED 0|com.yadea.btmusic|8001|null|1000
05-27 19:12:57.759   572   572 I Sensors : 230 AccelSensor: x:-0.172019,y:0.002440,z:-9.975940
05-27 19:12:57.759 11344 11344 D NavBarFragment: bindMediaActions: action[2] title=Next, intent=PendingIntent{1bbef4b: android.os.BinderProxy@9a4186d}
05-27 19:12:57.760 11344 11344 D NavBarFragment: bindMediaActions: previous=0, playPause=1, next=2, key=0|com.yadea.btmusic|8001|null|1000
05-27 19:12:57.760 10188 10188 D Telecom : Logging: START_SESSION
05-27 19:12:57.761 10188 10188 D Telecom : Logging: END_SESSION (dur: 1 ms): TSI.iIMC@AaE
05-27 09:04:06.722   581   581 D spi_rst_gpio_get_output: GPIO 145 value: 1
05-27 09:04:06.722   581   581 D spidev_ioctl: gpio status=1)
05-27 19:12:57.761 10188 10188 D Telecom : Logging: START_SESSION
05-27 19:12:57.761 11344 11344 D NavBarFragment: updateMediaInfo: title=null, text=null, pkg=com.yadea.btmusic
05-27 19:12:57.761 10188 10188 D Telecom : Logging: END_SESSION (dur: 0 ms): TSI.iISMC(a)@AaI
05-27 19:12:57.761 10188 10188 D ResponseStatsTracker: notification:+3h24m4s811ms; event=<updated>, pkg=com.yadea.btmusic, usr=0
05-27 19:12:57.761 10188 10188 D NotificationService: 0|com.yadea.btmusic|8001|null|1000: updating permissions
05-27 19:12:57.761 10188 10188 D NotificationService: 0|com.yadea.btmusic|8001|null|1000: updating permissions
05-27 19:12:57.762 10188 10188 D NotificationService: 0|com.yadea.btmusic|8001|null|1000: updating permissions
05-27 19:12:57.762 10188 10188 D NotificationService: 0|com.yadea.btmusic|8001|null|1000: updating permissions
05-27 19:12:57.762 10188 10188 D NotificationService: 0|com.yadea.btmusic|8001|null|1000: updating permissions
05-27 19:12:57.762 10188 10188 D NotificationService: 0|com.yadea.btmusic|8001|null|1000: updating permissions
05-27 19:12:57.762   581   581 I SpiService: fgesysctrl_getGPIO_status success val=1
05-27 19:12:57.763  1116  1135 I adbd    : jdwp connection from 3801
05-27 19:12:57.763 13911 14183 I SentryImuMcuAngleSender: 179.986rollDeg
05-27 19:12:57.764 13911 14183 I SentryImuMcuAngleSender: 1,0,0
05-27 19:12:57.764 11731 11731 I ExtAssistant: POSTED 0|com.yadea.btmusic|8001|null|1000
05-27 09:04:06.727   581   581 D spi_rst_gpio_get_output: GPIO 145 value: 1
05-27 09:04:06.727   581   581 D spidev_ioctl: gpio status=1)
05-27 19:12:57.764 10188 11485 D PowerController.AppState: - updateNotification() E -
05-27 19:12:57.768   581   581 I SpiService: fgesysctrl_getGPIO_status success val=1
05-27 09:04:06.732   581   581 D spi_rst_gpio_get_output: GPIO 145 value: 1
05-27 09:04:06.732   581   581 D spidev_ioctl: gpio status=1)
05-27 19:12:57.771 11344 11344 D CarNotificationListener: onNotificationPosted: StatusBarNotification(pkg=com.yadea.btmusic user=UserHandle{0} id=8001 tag=null key=0|com.yadea.btmusic|8001|null|1000: Notification(channel=media_playback_channel shortcut=null contentView=null vibrate=null sound=null defaults=0x0 flags=0x68 color=0x00000000 category=transport groupKey=silent actions=3 vis=PUBLIC))
05-27 19:12:57.771 11344 11344 D CarNotificationListener: Is incoming notification a group summary?: false
05-27 19:12:57.772 11344 11344 D NavBarFragment: onShow: AlertEntry:StatusBarNotification(pkg=com.yadea.btmusic user=UserHandle{0} id=8001 tag=null key=0|com.yadea.btmusic|8001|null|1000: Notification(channel=media_playback_channel shortcut=null contentView=null vibrate=null sound=null defaults=0x0 flags=0x68 color=0x00000000 category=transport groupKey=silent actions=3 vis=PUBLIC))
05-27 19:12:57.773 11344 11344 D NavBarFragment: bindMediaActions: action[0] title=Previous, intent=PendingIntent{eefed28: android.os.BinderProxy@47dbe97}
05-27 19:12:57.773 11344 11344 D NavBarFragment: bindMediaActions: action[1] title=Play, intent=PendingIntent{b5a5a41: android.os.BinderProxy@b9dcca2}
05-27 19:12:57.773 11344 11344 D NavBarFragment: bindMediaActions: action[2] title=Next, intent=PendingIntent{c3e6be6: android.os.BinderProxy@9a4186d}
05-27 19:12:57.773   581   581 I SpiService: fgesysctrl_getGPIO_status success val=1
05-27 19:12:57.774 11344 11344 D NavBarFragment: bindMediaActions: previous=0, playPause=1, next=2, key=0|com.yadea.btmusic|8001|null|1000
05-27 19:12:57.774 11344 11344 D NavBarFragment: updateMediaInfo: title=null, text=null, pkg=com.yadea.btmusic
05-27 09:04:06.738   581   581 D spi_rst_gpio_get_output: GPIO 145 value: 1
05-27 09:04:06.738   581   581 D spidev_ioctl: gpio status=1)
05-27 19:12:57.777  3801  3801 W ziparchive: Unable to open '/system_ext/framework/unisoc-framework.dm': No such file or directory
05-27 19:12:57.777  3801  3801 W ziparchive: Unable to open '/system_ext/framework/unisoc-framework.dm': No such file or directory
05-27 19:12:57.779   581   581 I SpiService: fgesysctrl_getGPIO_status success val=0
05-27 19:12:57.780 13911 14131 D SVR_MNG_SvrMngProxy: getServer: mSvrManger is null
05-27 19:12:57.780 13911 14131 D SVR_MNG_SvrMngProxy: getNewStub: 
05-27 19:12:57.780 13911 14131 D SVR_MNG_SvrMngProxy: getNewStub: getSvrManagerService start
05-27 19:12:57.781 13911 14131 D SVR_MNG_SvrMngProxy: getNewStub: getSvrManagerService end
05-27 19:12:57.781 13911 14131 D SVR_MNG_SvrMngProxy: getServer: svrMngService doesn't start
05-27 09:04:06.744   581   581 D spi_rst_gpio_get_output: GPIO 145 value: 0
05-27 09:04:06.744   581   581 D spidev_ioctl: gpio status=0)
05-27 19:12:57.784 13911 14183 I SentryImuMcuAngleSender: 179.986rollDeg
05-27 19:12:57.784 13911 14183 I SentryImuMcuAngleSender: 1,0,0
05-27 19:12:57.787  3801  3801 I service_manager_slow: [11,activity]
05-27 19:12:57.789 10188 11468 I am_proc_bound: [0,3801,com.anwsdk.service:remote]
05-27 19:12:57.793 10188 11468 I am_create_service: [0,208025669,.anwbtservice,1000,3801]
05-27 09:04:06.759   581   581 D spi_rst_gpio_get_output: GPIO 145 value: 1
05-27 09:04:06.759   581   581 D spidev_ioctl: gpio status=1)
05-27 19:12:57.794   581   581 I SpiService: fgesysctrl_getGPIO_status success val=1
05-27 19:12:57.798   536   536 D commservice260303: msg.id = 1028,0
05-27 19:12:57.798   536   536 D commservice260303: i = 170, msgid = 8A000404
05-27 19:12:57.798   536   536 D commservice260303: msgid = -1979710460,did=138
05-27 19:12:57.798   536   536 D commservice260303: CommProtocolLibCmdBaseI2C::dataproc {"command":{"id":"imu_status","sub":""},"content":{"TimeStamp":12,"FrameCounter":288321,"GD_X":-0.011834942735731602,"GD_Y":0.0057257963344454765,"GD_Z":0.002443138277158141,"AD_X":-0.00615324079990387,"AD_Y":-0.001874698093160987,"AD_Z":-0.17069149017333984,"TempDsp":0,"Status":0,"CalibState":1,"SigAmpInvalid":0}},-1979710460
05-27 19:12:57.798   536   536 D commservice260303: send2Cluster len:316, 7B22636F6D6D616E64223A7B226964223A22696D755F737461747573222C22737562223A22227D2C22636F6E74656E74223A7B2254696D655374616D70223A31322C224672616D65436F756E746572223A3238383332312C2247445F58223A2D302E3031313833343934323733353733313630322C2247445F59223A302E303035373235373936333334343435343736352C2247445F5A223A302E3030323434333133383237373135383134312C2241445F58223A2D302E30303631353332343037393939303338372C2241445F59223A2D302E3030313837343639383039333136303938372C2241445F5A223A2D302E31373036393134393031373333333938342C2254656D70447370223A302C22537461747573223A302C2243616C69625374617465223A312C22536967416D70496E76616C6964223A307D7D, 138 
05-27 19:12:57.798   536   536 D commservice260303: Push Message into SendPool fn=430572544
05-27 19:12:57.798   536   536 D commservice260303: ComProtocolLibSend2Cluster::send2ClusterRaw fn=430572544 , len=332
05-27 19:12:57.798   536   536 D commservice260303: sendCmdToPort :332!!!
05-27 19:12:57.798   536   536 D commservice260303: send Cmd To Port ++++5AA501488A010004AA196A16D1B97B22636F6D6D616E64223A7B226964223A22696D755F737461747573222C22737562223A22227D2C22636F6E74656E74223A7B2254696D655374616D70223A31322C224672616D65436F756E746572223A3238383332312C2247445F58223A2D302E3031313833343934323733353733313630322C2247445F59223A302E303035373235373936333334343435343736352C2247445F5A223A302E3030323434333133383237373135383134312C2241445F58223A2D302E30303631353332343037393939303338372C2241445F59223A2D302E3030313837343639383039333136303938372C2241445F5A223A2D302E31373036393134393031373333333938342C2254656D70447370223A302C22537461747573223A302C2243616C69625374617465223A312C22536967416D70496E76616C6964223A307D7D8BD2
05-27 19:12:57.798   536   536 D commservice260303: bufferevent_write retrun value = 0
05-27 19:12:57.799   536   560 D commservice260303: client datas send succeed,send finish
05-27 19:12:57.799 13911 14192 D Sentinelmode_1.2.5.17_sentry: <SentryImuClusterFgeSender>imu_status sent to Linux, frame=288321, tsNs=12245044, tsMs=12, intervalMs=42, ad=(-0.006153241,-0.0018746981,-0.17069149), gd=(-0.011834943,0.0057257963,0.0024431383)
05-27 19:12:57.801   581   581 I SpiService: fgesysctrl_getGPIO_status success val=1
05-27 09:04:06.765   581   581 D spi_rst_gpio_get_output: GPIO 145 value: 1
05-27 09:04:06.765   581   581 D spidev_ioctl: gpio status=1)
05-27 19:12:57.804 13911 14183 I SentryImuMcuAngleSender: 179.98949rollDeg
05-27 19:12:57.804 13911 14183 I SentryImuMcuAngleSender: 1,0,0
05-27 19:12:57.805  3801  3801 D CompatibilityChangeReporter: Compat change id reported: 171979766; UID 1000; state: ENABLED
05-27 19:12:57.806   581   581 I SpiService: fgesysctrl_getGPIO_status success val=1
05-27 09:04:06.771   581   581 D spi_rst_gpio_get_output: GPIO 145 value: 1
05-27 09:04:06.771   581   581 D spidev_ioctl: gpio status=1)
05-27 19:12:57.812   581   581 I SpiService: fgesysctrl_getGPIO_status success val=1
05-27 09:04:06.777   581   581 D spi_rst_gpio_get_output: GPIO 145 value: 1
05-27 19:12:57.818   581   581 I SpiService: fgesysctrl_getGPIO_status success val=1
05-27 09:04:06.777   581   581 D spidev_ioctl: gpio status=1)
05-27 09:04:06.782   581   581 D spi_rst_gpio_get_output: GPIO 145 value: 1
05-27 09:04:06.782   581   581 D spidev_ioctl: gpio status=1)
05-27 19:12:57.820  3801  3801 D CompatibilityInfo: applyToConfigurationCompat inoutConfig.densityDpi= 160
05-27 19:12:57.824   581   581 I SpiService: fgesysctrl_getGPIO_status success val=0
05-27 19:12:57.825 30773 30786 I dvr_service_: CameraX 0  audioOK: 166336000,audios:2600
05-27 19:12:57.825 13911 14183 I SentryImuMcuAngleSender: 179.99298rollDeg
05-27 19:12:57.825 13911 14183 I SentryImuMcuAngleSender: 1,0,0
05-27 19:12:57.830   566 11459 I gps_hdbd: nmea_cs <0> != calc_cs <d4>, return -1
05-27 19:12:57.838   581   581 I SpiService: fgesysctrl_getGPIO_status success val=1
05-27 19:12:57.839   536   536 D commservice260303: msg.id = 1028,1
05-27 19:12:57.839   536   536 D commservice260303: i = 170, msgid = 8A000404
05-27 19:12:57.839   536   536 D commservice260303: msgid = -1979710460,did=138
05-27 19:12:57.839   536   536 D commservice260303: CommProtocolLibCmdBaseI2C::dataproc {"command":{"id":"imu_status","sub":""},"content":{"TimeStamp":12,"FrameCounter":288322,"GD_X":-0.011147825978696346,"GD_Y":0.005345047451555729,"GD_Z":0.002519079949706793,"AD_X":-0.003688812255859375,"AD_Y":-0.0030655788723379374,"AD_Z":-0.16825294494628906,"TempDsp":0,"Status":0,"CalibState":1,"SigAmpInvalid":0}},-1979710460
05-27 09:04:06.803   581   581 D spi_rst_gpio_get_output: GPIO 145 value: 1
05-27 09:04:06.803   581   581 D spidev_ioctl: gpio status=1)
05-27 19:12:57.839   536   536 D commservice260303: send2Cluster len:317, 7B22636F6D6D616E64223A7B226964223A22696D755F737461747573222C22737562223A22227D2C22636F6E74656E74223A7B2254696D655374616D70223A31322C224672616D65436F756E746572223A3238383332322C2247445F58223A2D302E3031313134373832353937383639363334362C2247445F59223A302E3030353334353034373435313535353732392C2247445F5A223A302E3030323531393037393934393730363739332C2241445F58223A2D302E3030333638383831323235353835393337352C2241445F59223A2D302E303033303635353738383732333337393337342C2241445F5A223A2D302E31363832353239343439343632383930362C2254656D70447370223A302C22537461747573223A302C2243616C69625374617465223A312C22536967416D70496E76616C6964223A307D7D, 138 
05-27 19:12:57.839   536   536 D commservice260303: Push Message into SendPool fn=447349760
05-27 19:12:57.840   536   536 D commservice260303: ComProtocolLibSend2Cluster::send2ClusterRaw fn=447349760 , len=333
05-27 19:12:57.840   536   536 D commservice260303: sendCmdToPort :333!!!
05-27 19:12:57.840   536   536 D commservice260303: send Cmd To Port ++++5AA501498A010004AA1A6A16D1B97B22636F6D6D616E64223A7B226964223A22696D755F737461747573222C22737562223A22227D2C22636F6E74656E74223A7B2254696D655374616D70223A31322C224672616D65436F756E746572223A3238383332322C2247445F58223A2D302E3031313134373832353937383639363334362C2247445F59223A302E3030353334353034373435313535353732392C2247445F5A223A302E3030323531393037393934393730363739332C2241445F58223A2D302E3030333638383831323235353835393337352C2241445F59223A2D302E303033303635353738383732333337393337342C2241445F5A223A2D302E31363832353239343439343632383930362C2254656D70447370223A302C22537461747573223A302C2243616C69625374617465223A312C22536967416D70496E76616C6964223A307D7D68C9
05-27 19:12:57.840   536   536 D commservice260303: bufferevent_write retrun value = 0
05-27 19:12:57.840   536   560 D commservice260303: client datas send succeed,send finish
05-27 19:12:57.840 13911 14192 D Sentinelmode_1.2.5.17_sentry: <SentryImuClusterFgeSender>imu_status sent to Linux, frame=288322, tsNs=12245081, tsMs=12, intervalMs=42, ad=(-0.0036888123,-0.0030655789,-0.16825294), gd=(-0.011147826,0.0053450475,0.00251908)
05-27 19:12:57.844   581   581 I SpiService: fgesysctrl_getGPIO_status success val=1
05-27 09:04:06.808   581   581 D spi_rst_gpio_get_output: GPIO 145 value: 1
05-27 09:04:06.808   581   581 D spidev_ioctl: gpio status=1)
05-27 19:12:57.846 13911 14183 I SentryImuMcuAngleSender: 179.99298rollDeg
05-27 19:12:57.846 13911 14183 I SentryImuMcuAngleSender: 1,0,0
05-27 19:12:57.847  3801  3801 D adservices: Registering AdServices's TopicsManager.
05-27 19:12:57.848   572   572 I Sensors : 230 GyroSensor: x:-0.011530,y:0.005192,z:0.002519
05-27 19:12:57.849  3801  3801 D CompatibilityInfo: applyToConfigurationCompat inoutConfig.densityDpi= 160
05-27 19:12:57.849   581   581 I SpiService: fgesysctrl_getGPIO_status success val=1
05-27 09:04:06.814   581   581 D spi_rst_gpio_get_output: GPIO 145 value: 1
05-27 09:04:06.814   581   581 D spidev_ioctl: gpio status=1)
05-27 19:12:57.855   581   581 I SpiService: fgesysctrl_getGPIO_status success val=1
05-27 19:12:57.856   283   307 I rvcservice: t.code = 3, t.value = 0
05-27 19:12:57.857 10188 11468 I DexManager: com.anwsdk.service loads from null-0 : 0 : /system/framework/javax.obex.jar
05-27 19:12:57.857 10188 11468 I DexManager: Could not find owning package for dex file: /system/framework/javax.obex.jar
05-27 09:04:06.820   581   581 D spi_rst_gpio_get_output: GPIO 145 value: 1
05-27 09:04:06.820   581   581 D spidev_ioctl: gpio status=1)
05-27 19:12:57.861   581   581 I SpiService: fgesysctrl_getGPIO_status success val=0
05-27 09:04:06.825   581   581 D spi_rst_gpio_get_output: GPIO 145 value: 0
05-27 09:04:06.825   581   581 D spidev_ioctl: gpio status=0)
05-27 09:04:06.841   581   581 D spi_rst_gpio_get_output: GPIO 145 value: 1
05-27 09:04:06.841   581   581 D spidev_ioctl: gpio status=1)
05-27 19:12:57.866  3801  3801 W .service:remote: ClassLoaderContext shared library size mismatch. Expected=0, found=1 (PCL[] | PCL[]{PCL[/system/framework/javax.obex.jar*2267184930]})
05-27 19:12:57.866 13911 14183 I SentryImuMcuAngleSender: 179.97546rollDeg
05-27 19:12:57.866 13911 14183 I SentryImuMcuAngleSender: 1,0,0
05-27 19:12:57.869 13911 14183 I SentryImuMcuAngleSender: [4, 18, 1, 0, 0],5
05-27 19:12:57.869 13911 14183 I McuCommManager: mcuCommSendcmd [4, 18, 1, 0, 0]
05-27 19:12:57.869 13911 14183 I SentryImuMcuAngleSender: true
05-27 19:12:57.869 13911 14183 W Sentinelmode_1.2.5.17_sentry: <SentryImuMcuAngleSender>MCU IMU send interval abnormal: 1001ms
05-27 19:12:57.872 10188 11468 I DexManager: com.anwsdk.service loads from com.anwsdk.service-1 : 0 : /system/app/BluetoothExt/BluetoothExt.apk
05-27 19:12:57.876   581   581 I SpiService: fgesysctrl_getGPIO_status success val=1
05-27 19:12:57.879  3822  3822 I ADAYO_LOG_TRACE_KERNEL: execute interrupt
05-27 19:12:57.879   536   536 D commservice260303: msg.id = 1028,0
05-27 19:12:57.879   536   536 D commservice260303: i = 170, msgid = 8A000404
05-27 19:12:57.880   536   536 D commservice260303: msgid = -1979710460,did=138
05-27 19:12:57.880   536   536 D commservice260303: CommProtocolLibCmdBaseI2C::dataproc {"command":{"id":"imu_status","sub":""},"content":{"TimeStamp":12,"FrameCounter":288323,"GD_X":-0.011453153565526009,"GD_Y":0.005573912989348173,"GD_Z":0.002519079949706793,"AD_X":0.0011717826128005981,"AD_Y":0.0018087802454829216,"AD_Z":-0.17313194274902344,"TempDsp":0,"Status":0,"CalibState":1,"SigAmpInvalid":0}},-1979710460
05-27 19:12:57.880   536   536 D commservice260303: send2Cluster len:316, 7B22636F6D6D616E64223A7B226964223A22696D755F737461747573222C22737562223A22227D2C22636F6E74656E74223A7B2254696D655374616D70223A31322C224672616D65436F756E746572223A3238383332332C2247445F58223A2D302E3031313435333135333536353532363030392C2247445F59223A302E3030353537333931323938393334383137332C2247445F5A223A302E3030323531393037393934393730363739332C2241445F58223A302E303031313731373832363132383030353938312C2241445F59223A302E303031383038373830323435343832393231362C2241445F5A223A2D302E31373331333139343237343930323334342C2254656D70447370223A302C22537461747573223A302C2243616C69625374617465223A312C22536967416D70496E76616C6964223A307D7D, 138 
05-27 19:12:57.880  3801  3801 D CompatibilityInfo: applyToConfigurationCompat inoutConfig.densityDpi= 160
05-27 19:12:57.880   536   536 D commservice260303: Push Message into SendPool fn=464126976
05-27 19:12:57.880   536   536 D commservice260303: ComProtocolLibSend2Cluster::send2ClusterRaw fn=464126976 , len=332
05-27 19:12:57.880   536   536 D commservice260303: sendCmdToPort :332!!!
05-27 19:12:57.880   536   536 D commservice260303: send Cmd To Port ++++5AA501488A010004AA1B6A16D1B97B22636F6D6D616E64223A7B226964223A22696D755F737461747573222C22737562223A22227D2C22636F6E74656E74223A7B2254696D655374616D70223A31322C224672616D65436F756E746572223A3238383332332C2247445F58223A2D302E3031313435333135333536353532363030392C2247445F59223A302E3030353537333931323938393334383137332C2247445F5A223A302E3030323531393037393934393730363739332C2241445F58223A302E303031313731373832363132383030353938312C2241445F59223A302E303031383038373830323435343832393231362C2241445F5A223A2D302E31373331333139343237343930323334342C2254656D70447370223A302C22537461747573223A302C2243616C69625374617465223A312C22536967416D70496E76616C6964223A307D7DBE85
05-27 19:12:57.880   536   536 D commservice260303: bufferevent_write retrun value = 0
05-27 19:12:57.880   536   560 D commservice260303: client datas send succeed,send finish
05-27 19:12:57.881 13911 14192 D Sentinelmode_1.2.5.17_sentry: <SentryImuClusterFgeSender>imu_status sent to Linux, frame=288323, tsNs=12245117, tsMs=12, intervalMs=40, ad=(0.0011717826,0.0018087802,-0.17313194), gd=(-0.011453154,0.005573913,0.00251908)
05-27 19:12:57.882   581   581 I SpiService: fgesysctrl_getGPIO_status success val=1
05-27 09:04:06.847   581   581 D spi_rst_gpio_get_output: GPIO 145 value: 1
05-27 09:04:06.847   581   581 D spidev_ioctl: gpio status=1)
05-27 19:12:57.885 30773 30786 I dvr_service_: CameraX 1  audioOK: 166336000,audios:2600
05-27 19:12:57.886 13911 14183 I SentryImuMcuAngleSender: 179.97198rollDeg
05-27 19:12:57.886 13911 14183 I SentryImuMcuAngleSender: 1,0,0
05-27 19:12:57.888   581   581 I SpiService: fgesysctrl_getGPIO_status success val=1
05-27 09:04:06.852   581   581 D spi_rst_gpio_get_output: GPIO 145 value: 1
05-27 09:04:06.852   581   581 D spidev_ioctl: gpio status=1)
05-27 19:12:57.892  3801  3801 D libEGL  : <.service:remote>[setCacheFilename]: file=/data/user_de/0/com.anwsdk.service/code_cache/com.android.opengl.shaders_cache
05-27 19:12:57.893   581   581 I SpiService: fgesysctrl_getGPIO_status success val=1
05-27 19:12:57.894  3824  3824 I ADAYO_LOG_TRACE_KERNEL: execute end
05-27 19:12:57.895   649   723 D UniTelDemo: input code = 330, value = 1
05-27 19:12:57.895 10188 11034 D InputReader: syncTouch: pointerCount 0 -> 1, touching ids 0x00000000 -> 0x80000000, hovering ids 0x00000000 -> 0x00000000, canceled ids 0x00000000
05-27 19:12:57.896 10188 11034 D InputReader: dispatchTouches action DOWN now(ns): 12245146814738
05-27 19:12:57.896 10188 11034 D InputReader: notifyMotion call dispatcher
05-27 09:04:06.858   581   581 D spi_rst_gpio_get_output: GPIO 145 value: 1
05-27 09:04:06.858   581   581 D spidev_ioctl: gpio status=1)
05-27 09:04:06.861     1     1 I init    : Service 'trace_kernel' (pid 3773) exited with status 0
05-27 09:04:06.861     1     1 I init    : Sending signal 9 to service 'trace_kernel' (pid 3773) process group...
05-27 09:04:06.862     1     1 I libprocessgroup: Successfully killed process cgroup uid 0 pid 3773 in 0ms
05-27 19:12:57.897 10188 10632 D VelocityTracker: VelocityTracker: addMovement eventTime=12245146597000, idBits=0x80000000, activePointerId=0
05-27 19:12:57.897 10188 10632 D VelocityTracker:   0: position (256.799, 361.498), estimator (degree=0, xCoeff=[ 256.799377 ], yCoeff=[ 361.497925 ], confidence=1.000000)
05-27 19:12:57.897 11579 11579 D VelocityTracker: VelocityTracker: addMovement eventTime=12245146597000, idBits=0x80000000, activePointerId=0
05-27 19:12:57.897 11579 11579 D VelocityTracker:   0: position (256.799, 203.498), estimator (degree=0, xCoeff=[ 256.799377 ], yCoeff=[ 203.497925 ], confidence=1.000000)
05-27 19:12:57.897 11579 11579 D VelocityTracker: VelocityTracker: addMovement eventTime=12245146597000, idBits=0x80000000, activePointerId=0
05-27 19:12:57.897 11579 11579 D VelocityTracker:   0: position (256.799, 203.498), estimator (degree=0, xCoeff=[ 256.799377 ], yCoeff=[ 203.497925 ], confidence=1.000000)
05-27 19:12:57.898   581   581 I SpiService: fgesysctrl_getGPIO_status success val=0
05-27 19:12:57.899   481   597 I mcuc    : send SPI:6AA6008741000504120100001C
05-27 09:04:06.863   581   581 D spi_rst_gpio_get_output: GPIO 145 value: 0
05-27 09:04:06.863   581   581 D spidev_ioctl: gpio status=0)
05-27 19:12:57.905  3801  3801 D NetworkSecurityConfig: No Network Security Config specified, using platform default
05-27 19:12:57.905   830   830 D SurfaceFlinger: unisoc-graphics, commit has frameMissed:2, vysncId:449118
05-27 19:12:57.907 13911 14183 I SentryImuMcuAngleSender: 179.986rollDeg
05-27 19:12:57.907 13911 14183 I SentryImuMcuAngleSender: 1,0,0
05-27 19:12:57.907  3801  3801 D NetworkSecurityConfig: No Network Security Config specified, using platform default
05-27 19:12:57.913   581   581 I SpiService: fgesysctrl_getGPIO_status success val=1
05-27 09:04:06.877   581   581 D spi_rst_gpio_get_output: GPIO 145 value: 1
05-27 09:04:06.877   581   581 D spidev_ioctl: gpio status=1)
05-27 19:12:57.918   581   581 I SpiService: fgesysctrl_getGPIO_status success val=1
05-27 19:12:57.920   536   536 D commservice260303: msg.id = 1028,0
05-27 19:12:57.920   536   536 D commservice260303: i = 170, msgid = 8A000404
05-27 19:12:57.920   536   536 D commservice260303: msgid = -1979710460,did=138
05-27 19:12:57.920   536   536 D commservice260303: CommProtocolLibCmdBaseI2C::dataproc {"command":{"id":"imu_status","sub":""},"content":{"TimeStamp":12,"FrameCounter":288324,"GD_X":-0.010766036808490753,"GD_Y":0.0048857564106583595,"GD_Z":0.0019848872907459736,"AD_X":-0.0012887120246887207,"AD_Y":-0.0018408854957669973,"AD_Z":-0.17252349853515625,"TempDsp":0,"Status":0,"CalibState":1,"SigAmpInvalid":0}},-1979710460
05-27 19:12:57.920   536   536 D commservice260303: send2Cluster len:320, 7B22636F6D6D616E64223A7B226964223A22696D755F737461747573222C22737562223A22227D2C22636F6E74656E74223A7B2254696D655374616D70223A31322C224672616D65436F756E746572223A3238383332342C2247445F58223A2D302E3031303736363033363830383439303735332C2247445F59223A302E303034383835373536343130363538333539352C2247445F5A223A302E303031393834383837323930373435393733362C2241445F58223A2D302E303031323838373132303234363838373230372C2241445F59223A2D302E303031383430383835343935373636393937332C2241445F5A223A2D302E31373235323334393835333531353632352C2254656D70447370223A302C22537461747573223A302C2243616C69625374617465223A312C22536967416D70496E76616C6964223A307D7D, 138 
05-27 19:12:57.920   536   536 D commservice260303: Push Message into SendPool fn=480904192
05-27 19:12:57.920   536   536 D commservice260303: ComProtocolLibSend2Cluster::send2ClusterRaw fn=480904192 , len=336
05-27 19:12:57.920   536   536 D commservice260303: sendCmdToPort :336!!!
05-27 19:12:57.920   536   536 D commservice260303: send Cmd To Port ++++5AA5014C8A010004AA1C6A16D1B97B22636F6D6D616E64223A7B226964223A22696D755F737461747573222C22737562223A22227D2C22636F6E74656E74223A7B2254696D655374616D70223A31322C224672616D65436F756E746572223A3238383332342C2247445F58223A2D302E3031303736363033363830383439303735332C2247445F59223A302E303034383835373536343130363538333539352C2247445F5A223A302E303031393834383837323930373435393733362C2241445F58223A2D302E303031323838373132303234363838373230372C2241445F59223A2D302E303031383430383835343935373636393937332C2241445F5A223A2D302E31373235323334393835333531353632352C2254656D70447370223A302C22537461747573223A302C2243616C69625374617465223A312C22536967416D70496E76616C6964223A307D7D2E6A
05-27 19:12:57.920   536   536 D commservice260303: bufferevent_write retrun value = 0
05-27 19:12:57.920   536   560 D commservice260303: client datas send succeed,send finish
05-27 19:12:57.921 13911 14192 D Sentinelmode_1.2.5.17_sentry: <SentryImuClusterFgeSender>imu_status sent to Linux, frame=288324, tsNs=12245169, tsMs=12, intervalMs=40, ad=(-0.001288712,-0.0018408855,-0.1725235), gd=(-0.010766037,0.0048857564,0.0019848873)
05-27 09:04:06.882   581   581 D spi_rst_gpio_get_output: GPIO 145 value: 1
05-27 09:04:06.882   581   581 D spidev_ioctl: gpio status=1)
05-27 19:12:57.923   581   581 I SpiService: fgesysctrl_getGPIO_status success val=1
05-27 19:12:57.925   830   830 D SurfaceFlinger: unisoc-graphics, commit has frameMissed:2, vysncId:449133
05-27 09:04:06.888   581   581 D spi_rst_gpio_get_output: GPIO 145 value: 1
05-27 09:04:06.888   581   581 D spidev_ioctl: gpio status=1)
05-27 19:12:57.928 13911 14183 I SentryImuMcuAngleSender: 179.986rollDeg
05-27 19:12:57.928 13911 14183 I SentryImuMcuAngleSender: 1,0,0
05-27 19:12:57.928   581   581 I SpiService: fgesysctrl_getGPIO_status success val=1
05-27 09:04:06.893   581   581 D spi_rst_gpio_get_output: GPIO 145 value: 1
05-27 09:04:06.893   581   581 D spidev_ioctl: gpio status=1)
05-27 19:12:57.933  3801  3801 I ANWJNI_SECOND: +++ JNI_OnLoad
05-27 19:12:57.933  3801  3801 I ANWJNI_SECOND: +++ registerNativeMethods
05-27 19:12:57.933  3801  3801 I ANWJNI_SECOND: numMethods = 245
05-27 19:12:57.934   581   581 I SpiService: fgesysctrl_getGPIO_status success val=1
05-27 19:12:57.934  3801  3801 I ANWJNI_SECOND: --- registerNativeMethods
05-27 19:12:57.935  3801  3801 D ANWJNI_SECOND: (3801|0x5467E4F8)[BTAPP] read XML config file
05-27 19:12:57.935  3801  3801 D ANWJNI_SECOND: 
05-27 19:12:57.935  3801  3801 D ANWJNI_SECOND: (3801|0x5467E4F8)[BTAPP] run Read (/system/etc/bluetooth/btmonitor-config_second.xml) Start
05-27 19:12:57.935  3801  3801 D ANWJNI_SECOND: 
05-27 19:12:57.935  3801  3801 D ANWJNI_SECOND: (3801|0x5467E4F8)[BTAPP] run Read (btmonitor-config.xml) source_data != NULL
05-27 19:12:57.935  3801  3801 D ANWJNI_SECOND: 
05-27 19:12:57.935  3801  3801 D ANWJNI_SECOND: (3801|0x5467E4F8)[BTAPP] XML : find HID setting
05-27 19:12:57.935  3801  3801 D ANWJNI_SECOND: 
05-27 19:12:57.935  3801  3801 D ANWJNI_SECOND: (3801|0x5467E4F8)[BTAPP] HID set(close)
05-27 19:12:57.935  3801  3801 D ANWJNI_SECOND: 
05-27 19:12:57.935  3801  3801 D ANWJNI_SECOND: (3801|0x5467E4F8)[BTAPP] XML : find SPP setting
05-27 19:12:57.935  3801  3801 D ANWJNI_SECOND: 
05-27 19:12:57.935  3801  3801 D ANWJNI_SECOND: (3801|0x5467E4F8)[BTAPP] SPP set(close)
05-27 19:12:57.935  3801  3801 D ANWJNI_SECOND: 
05-27 19:12:57.935  3801  3801 D ANWJNI_SECOND: (3801|0x5467E4F8)[BTAPP] XML : find PINCode setting
05-27 19:12:57.935  3801  3801 D ANWJNI_SECOND: 
05-27 19:12:57.936  3801  3801 D ANWJNI_SECOND: (3801|0x5467E4F8)[BTAPP] PinCode set(close)
05-27 19:12:57.936  3801  3801 D ANWJNI_SECOND: 
05-27 19:12:57.936  3801  3801 D ANWJNI_SECOND: (3801|0x5467E4F8)[BTAPP] get setpincode data fail
05-27 19:12:57.936  3801  3801 D ANWJNI_SECOND: 
05-27 19:12:57.936  3801  3801 D ANWJNI_SECOND: (3801|0x5467E4F8)[BTAPP] get set_legacy_pin data fail
05-27 19:12:57.936  3801  3801 D ANWJNI_SECOND: 
05-27 19:12:57.936  3801  3801 D ANWJNI_SECOND: (3801|0x5467E4F8)[BTAPP] XML : find spp_uuid setting
05-27 19:12:57.936  3801  3801 D ANWJNI_SECOND: 
05-27 19:12:57.936  3801  3801 D ANWJNI_SECOND: (3801|0x5467E4F8)[BTAPP] XML : ca_spp_uuid len(32)
05-27 19:12:57.936  3801  3801 D ANWJNI_SECOND: 
05-27 19:12:57.936  3801  3801 D ANWJNI_SECOND: (3801|0x5467E4F8)[BTAPP] XML : SPP_UUID_fromXML len(16):(
05-27 19:12:57.936  3801  3801 D ANWJNI_SECOND: (3801|0x5467E4F8)[BTAPP] 0xfa 
05-27 19:12:57.936  3801  3801 D ANWJNI_SECOND: (3801|0x5467E4F8)[BTAPP] 0xeb 
05-27 19:12:57.936  3801  3801 D ANWJNI_SECOND: (3801|0x5467E4F8)[BTAPP] 0xdc 
05-27 19:12:57.936  3801  3801 D ANWJNI_SECOND: (3801|0x5467E4F8)[BTAPP] 0x12 
05-27 19:12:57.936  3801  3801 D ANWJNI_SECOND: (3801|0x5467E4F8)[BTAPP] 0x7 
05-27 19:12:57.936  3801  3801 D ANWJNI_SECOND: (3801|0x5467E4F8)[BTAPP] 0x2c 
05-27 19:12:57.936  3801  3801 D ANWJNI_SECOND: (3801|0x5467E4F8)[BTAPP] 0xb0 
05-27 19:12:57.936  3801  3801 D ANWJNI_SECOND: (3801|0x5467E4F8)[BTAPP] 0xa4 
05-27 19:12:57.936  3801  3801 D ANWJNI_SECOND: (3801|0x5467E4F8)[BTAPP] 0x10 
05-27 19:12:57.936  3801  3801 D ANWJNI_SECOND: (3801|0x5467E4F8)[BTAPP] 0xa 
05-27 19:12:57.936  3801  3801 D ANWJNI_SECOND: (3801|0x5467E4F8)[BTAPP] 0x5a 
05-27 19:12:57.936  3801  3801 D ANWJNI_SECOND: (3801|0x5467E4F8)[BTAPP] 0x61 
05-27 19:12:57.936  3801  3801 D ANWJNI_SECOND: (3801|0x5467E4F8)[BTAPP] 0x8d 
05-27 19:12:57.936  3801  3801 D ANWJNI_SECOND: (3801|0x5467E4F8)[BTAPP] 0xc9 
05-27 19:12:57.936  3801  3801 D ANWJNI_SECOND: (3801|0x5467E4F8)[BTAPP] 0x40 
05-27 19:12:57.937  3801  3801 D ANWJNI_SECOND: (3801|0x5467E4F8)[BTAPP] 0x1c 
05-27 19:12:57.937  3801  3801 D ANWJNI_SECOND: (3801|0x5467E4F8)[BTAPP] )
05-27 19:12:57.937  3801  3801 D ANWJNI_SECOND: 
05-27 19:12:57.937  3801  3801 D ANWJNI_SECOND: (3801|0x5467E4F8)[BTAPP] XML : find Apple spp_uuid setting
05-27 19:12:57.937  3801  3801 D ANWJNI_SECOND: 
05-27 19:12:57.937  3801  3801 D ANWJNI_SECOND: (3801|0x5467E4F8)[BTAPP] XML : Apple ca_spp_uuid len(32)
05-27 19:12:57.937  3801  3801 D ANWJNI_SECOND: 
05-27 19:12:57.937  3801  3801 D ANWJNI_SECOND: (3801|0x5467E4F8)[BTAPP] XML : Apple SPP_UUID_fromXML len(16):(
05-27 19:12:57.937  3801  3801 D ANWJNI_SECOND: (3801|0x5467E4F8)[BTAPP] 0x0 
05-27 19:12:57.937  3801  3801 D ANWJNI_SECOND: (3801|0x5467E4F8)[BTAPP] 0x0 
05-27 19:12:57.937  3801  3801 D ANWJNI_SECOND: (3801|0x5467E4F8)[BTAPP] 0x0 
05-27 19:12:57.937  3801  3801 D ANWJNI_SECOND: (3801|0x5467E4F8)[BTAPP] 0x0 
05-27 19:12:57.937  3801  3801 D ANWJNI_SECOND: (3801|0x5467E4F8)[BTAPP] 0xde 
05-27 19:12:57.937  3801  3801 D ANWJNI_SECOND: (3801|0x5467E4F8)[BTAPP] 0xca 
05-27 19:12:57.937  3801  3801 D ANWJNI_SECOND: (3801|0x5467E4F8)[BTAPP] 0xfa 
05-27 19:12:57.937  3801  3801 D ANWJNI_SECOND: (3801|0x5467E4F8)[BTAPP] 0xde 
05-27 19:12:57.937  3801  3801 D ANWJNI_SECOND: (3801|0x5467E4F8)[BTAPP] 0xde 
05-27 19:12:57.937  3801  3801 D ANWJNI_SECOND: (3801|0x5467E4F8)[BTAPP] 0xca 
05-27 19:12:57.937  3801  3801 D ANWJNI_SECOND: (3801|0x5467E4F8)[BTAPP] 0xde 
05-27 19:12:57.937  3801  3801 D ANWJNI_SECOND: (3801|0x5467E4F8)[BTAPP] 0xaf 
05-27 19:12:57.937  3801  3801 D ANWJNI_SECOND: (3801|0x5467E4F8)[BTAPP] 0xde 
05-27 19:12:57.937  3801  3801 D ANWJNI_SECOND: (3801|0x5467E4F8)[BTAPP] 0xca 
05-27 19:12:57.937  3801  3801 D ANWJNI_SECOND: (3801|0x5467E4F8)[BTAPP] 0xca 
05-27 19:12:57.938  3801  3801 D ANWJNI_SECOND: (3801|0x5467E4F8)[BTAPP] 0xfe 
05-27 19:12:57.938  3801  3801 D ANWJNI_SECOND: (3801|0x5467E4F8)[BTAPP] )
05-27 19:12:57.938  3801  3801 D ANWJNI_SECOND: 
05-27 19:12:57.938  3801  3801 D ANWJNI_SECOND: (3801|0x5467E4F8)[BTAPP] XML : find calllogsize setting
05-27 19:12:57.938  3801  3801 D ANWJNI_SECOND: 
05-27 19:12:57.938  3801  3801 D ANWJNI_SECOND: (3801|0x5467E4F8)[BTAPP] XML : find ca_calllogsize(100)(100)
05-27 19:12:57.938  3801  3801 D ANWJNI_SECOND: 
05-27 19:12:57.938  3801  3801 D ANWJNI_SECOND: (3801|0x5467E4F8)[BTAPP] get contactssize data fail
05-27 19:12:57.938  3801  3801 D ANWJNI_SECOND: 
05-27 19:12:57.938  3801  3801 D ANWJNI_SECOND: (3801|0x5467E4F8)[BTAPP] get mincallsize data fail
05-27 19:12:57.938  3801  3801 D ANWJNI_SECOND: 
05-27 19:12:57.938  3801  3801 D ANWJNI_SECOND: (3801|0x5467E4F8)[BTAPP] XML : find voice setting
05-27 19:12:57.938  3801  3801 D ANWJNI_SECOND: 
05-27 19:12:57.938  3801  3801 D ANWJNI_SECOND: (3801|0x5467E4F8)[BTAPP] voice set(close)
05-27 19:12:57.938  3801  3801 D ANWJNI_SECOND: 
05-27 19:12:57.938  3801  3801 D ANWJNI_SECOND: (3801|0x5467E4F8)[BTAPP] XML : find voicedelay setting
05-27 19:12:57.938  3801  3801 D ANWJNI_SECOND: 
05-27 19:12:57.938  3801  3801 D ANWJNI_SECOND: (3801|0x5467E4F8)[BTAPP] voicedelay set(close)
05-27 19:12:57.938  3801  3801 D ANWJNI_SECOND: 
05-27 19:12:57.938  3801  3801 D ANWJNI_SECOND: (3801|0x5467E4F8)[BTAPP] get wechatvoice data fail
05-27 19:12:57.938  3801  3801 D ANWJNI_SECOND: 
05-27 19:12:57.938  3801  3801 D ANWJNI_SECOND: (3801|0x5467E4F8)[BTAPP] XML : pair any way
05-27 19:12:57.938  3801  3801 D ANWJNI_SECOND: 
05-27 19:12:57.938  3801  3801 D ANWJNI_SECOND: (3801|0x5467E4F8)[BTAPP] pairing need confirmation  accept
05-27 19:12:57.938  3801  3801 D ANWJNI_SECOND: 
05-27 19:12:57.938  3801  3801 D ANWJNI_SECOND: (3801|0x5467E4F8)[BTAPP] get use_combine data fail
05-27 19:12:57.938  3801  3801 D ANWJNI_SECOND: 
05-27 19:12:57.938  3801  3801 D ANWJNI_SECOND: (3801|0x5467E4F8)[BTAPP] XML : select pbap_photo or not
05-27 19:12:57.938  3801  3801 D ANWJNI_SECOND: 
05-27 19:12:57.938  3801  3801 D ANWJNI_SECOND: (3801|0x5467E4F8)[BTAPP] select pbap_photo
05-27 19:12:57.938  3801  3801 D ANWJNI_SECOND: 
05-27 19:12:57.938  3801  3801 D ANWJNI_SECOND: (3801|0x5467E4F8)[BTAPP] XML : select pbap_email or not
05-27 19:12:57.938  3801  3801 D ANWJNI_SECOND: 
05-27 19:12:57.938  3801  3801 D ANWJNI_SECOND: (3801|0x5467E4F8)[BTAPP] select pbap_email
05-27 19:12:57.938  3801  3801 D ANWJNI_SECOND: 
05-27 19:12:57.938  3801  3801 D ANWJNI_SECOND: (3801|0x5467E4F8)[BTAPP] XML : select pbap_adr or not
05-27 19:12:57.938  3801  3801 D ANWJNI_SECOND: 
05-27 19:12:57.938  3801  3801 D ANWJNI_SECOND: (3801|0x5467E4F8)[BTAPP] select pbap_adr
05-27 19:12:57.938  3801  3801 D ANWJNI_SECOND: 
05-27 19:12:57.939  3801  3801 D ANWJNI_SECOND: (3801|0x5467E4F8)[BTAPP] XML : select pbap_url or not
05-27 19:12:57.939  3801  3801 D ANWJNI_SECOND: 
05-27 19:12:57.939  3801  3801 D ANWJNI_SECOND: (3801|0x5467E4F8)[BTAPP] select pbap_url
05-27 19:12:57.939  3801  3801 D ANWJNI_SECOND: 
05-27 19:12:57.939  3801  3801 D ANWJNI_SECOND: (3801|0x5467E4F8)[BTAPP] get volume_control data fail
05-27 19:12:57.939  3801  3801 D ANWJNI_SECOND: 
05-27 19:12:57.939  3801  3801 D ANWJNI_SECOND: (3801|0x5467E4F8)[BTAPP] get carplay data fail
05-27 19:12:57.939  3801  3801 D ANWJNI_SECOND: 
05-27 19:12:57.939  3801  3801 D ANWJNI_SECOND: (3801|0x5467E4F8)[BTAPP] XML : select socket or not
05-27 19:12:57.939  3801  3801 D ANWJNI_SECOND: 
05-27 19:12:57.939  3801  3801 D ANWJNI_SECOND: (3801|0x5467E4F8)[BTAPP]  support socket
05-27 19:12:57.939  3801  3801 D ANWJNI_SECOND: 
05-27 19:12:57.939  3801  3801 D ANWJNI_SECOND: (3801|0x5467E4F8)[BTAPP] get androidauto data fail
05-27 19:12:57.939  3801  3801 D ANWJNI_SECOND: 
