05-27 19:13:00.054 10188 10637 D WindowManager: Display{#2 state=ON size=1280x720 ROTATION_0} applySurfaceChangesTransaction  mTmpUpdateAllDrawn.isEmpty true
05-27 19:13:00.057 10188 10637 D WindowManager: Display{#0 state=ON size=1280x720 ROTATION_0} applySurfaceChangesTransaction  mTmpUpdateAllDrawn.isEmpty true
05-27 19:13:00.057   581   581 I SpiService: fgesysctrl_getGPIO_status success val=1
05-27 19:13:00.059 10188 10637 D WindowManager: requestFocus , focusToken = android.os.BinderProxy@790431c, mInputFocus = android.os.BinderProxy@790431c, windowName = d38d48f com.yadea.launcher/com.yadea.launcher.function.applist.AppListActivity
05-27 19:13:00.060 10188 10637 D ActivityTaskManager: onRemovedFromDisplay , this = ActivityRecord{514f5c6 u0 com.yadea.btmusic/.MainActivity} t46 d0 f}},delayed = false,isEmpty = true, Callers:com.android.server.wm.ActivityRecord.removeImmediately:4103 com.android.server.wm.ActivityRecord.removeIfPossible:4114 com.android.server.wm.ActivityRecord.handleCompleteDeferredRemoval:4120 com.android.server.wm.WindowContainer.handleCompleteDeferredRemoval:1349 com.android.server.wm.TaskFragment.handleCompleteDeferredRemoval:2561 com.android.server.wm.WindowContainer.handleCompleteDeferredRemoval:1349 
05-27 19:13:00.060 10188 10637 D SurfaceAnimator: ActivityRecord{514f5c6 u0 com.yadea.btmusic/.MainActivity} t46 d0 f}} cancelAnimation mLeash = null, AnimationType= 0, animation = null, restarting= false, forwardCancel= true
05-27 19:13:00.060 10188 10637 I wm_task_removed: [46,removeChild:removeChild last r=ActivityRecord{514f5c6 u0 com.yadea.btmusic/.MainActivity} t-1 d0 f}} in t=Task{50154dd #46 type=standard A=1000:com.yadea.btmusic U=0 visible=false visibleRequested=false mode=fullscreen translucent=true sz=0}]
05-27 19:13:00.061 10188 10637 I wm_task_removed: [46,removeChild]
05-27 09:04:09.022   581   581 D spi_rst_gpio_get_output: GPIO 145 value: 1
05-27 09:04:09.022   581   581 D spidev_ioctl: gpio status=1)
05-27 19:13:00.061   283   307 I rvcservice: t.code = 3, t.value = 0
05-27 19:13:00.062 10188 10637 D WindowManager: Display{#2 state=ON size=1280x720 ROTATION_0} applySurfaceChangesTransaction  mTmpUpdateAllDrawn.isEmpty true
05-27 19:13:00.062 11344 11391 D SystemUI_ActivityManagerService: onTaskRemoved: taskId=46
05-27 19:13:00.062 13911 14183 I SentryImuMcuAngleSender: 179.986rollDeg
05-27 19:13:00.062   581   581 I SpiService: fgesysctrl_getGPIO_status success val=1
05-27 19:13:00.062 13911 14183 I SentryImuMcuAngleSender: 1,0,0
05-27 19:13:00.063 10188 10637 D WindowManager: Display{#0 state=ON size=1280x720 ROTATION_0} applySurfaceChangesTransaction  mTmpUpdateAllDrawn.isEmpty true
05-27 19:13:00.064 10188 10637 D WindowManager: requestFocus , focusToken = android.os.BinderProxy@790431c, mInputFocus = android.os.BinderProxy@790431c, windowName = d38d48f com.yadea.launcher/com.yadea.launcher.function.applist.AppListActivity
05-27 09:04:09.027   581   581 D spi_rst_gpio_get_output: GPIO 145 value: 1
05-27 09:04:09.027   581   581 D spidev_ioctl: gpio status=1)
05-27 19:13:00.066 11344 11391 D SystemUI_ActivityManagerService: handleTopTaskChanged pkg:com.yadea.launcher;className:com.yadea.launcher.function.applist.AppListActivity;displayId:0;reason:onTaskRemoved
05-27 19:13:00.066 11344 11391 D SystemUI_NavBarFragment: onTaskMovedToFront pkg:com.yadea.launcher;className:com.yadea.launcher.function.applist.AppListActivity
05-27 19:13:00.066 11344 11391 D SystemUI_ActivityManagerService: onTaskRemoved: taskId=46
05-27 19:13:00.066 11344 11344 D TopActivityChangeManager: setCurrentTopActivity topActivityClassName: com.yadea.launcher.function.applist.AppListActivity ,result: true
05-27 19:13:00.066 11344 11344 I SystemUI_ActorController: hideShortcutWindow()
05-27 19:13:00.067 11344 11344 E SystemUI_QuickSettingActor: -------------hide------------
05-27 19:13:00.067 11344 11391 D SystemUI_ActivityManagerService: handleTopTaskChanged pkg:com.yadea.launcher;className:com.yadea.launcher.function.applist.AppListActivity;displayId:0;reason:onTaskRemoved
05-27 19:13:00.067 11344 11391 D SystemUI_NavBarFragment: onTaskMovedToFront pkg:com.yadea.launcher;className:com.yadea.launcher.function.applist.AppListActivity
05-27 19:13:00.067 11344 11344 D TopActivityChangeManager: setCurrentTopActivity topActivityClassName: com.yadea.launcher.function.applist.AppListActivity ,result: true
05-27 19:13:00.067 11344 11344 I SystemUI_ActorController: hideShortcutWindow()
05-27 19:13:00.067 11344 11344 E SystemUI_QuickSettingActor: -------------hide------------
05-27 19:13:00.068   581   581 I SpiService: fgesysctrl_getGPIO_status success val=1
05-27 09:04:09.032   581   581 D spi_rst_gpio_get_output: GPIO 145 value: 1
05-27 09:04:09.032   581   581 D spidev_ioctl: gpio status=1)
05-27 19:13:00.071   269   269 D libvintf: HalManifest::getHidlTransport(framework): Cannot find android.hardware.graphics.mapper@4.0::IMapper/default
05-27 19:13:00.073 10188 20605 I MESA    : Using IMapper v4 API
05-27 19:13:00.073 10188 11001 I commit_sys_config_file: [settings-0-0,20]
05-27 19:13:00.073 10188 20605 W EGL-MAIN: pci id for fd 399: 56484d42:0010, driver (null)
05-27 19:13:00.073 10188 20605 W EGL-MAIN: failed to get driver name for fd -1
05-27 19:13:00.073 10188 20605 W EGL-MAIN: MESA-LOADER: failed to retrieve device information
05-27 19:13:00.073 10188 20605 W EGL-MAIN: failed to get driver name for fd -1
05-27 19:13:00.073   581   581 I SpiService: fgesysctrl_getGPIO_status success val=0
05-27 19:13:00.074   536   536 D commservice260303: msg.id = 1028,0
05-27 19:13:00.074   536   536 D commservice260303: i = 170, msgid = 8A000404
05-27 19:13:00.074   536   536 D commservice260303: msgid = -1979710460,did=138
05-27 19:13:00.074   536   536 D commservice260303: CommProtocolLibCmdBaseI2C::dataproc {"command":{"id":"imu_status","sub":""},"content":{"TimeStamp":12,"FrameCounter":288377,"GD_X":-0.011300750076770782,"GD_Y":0.004733873065561056,"GD_Z":0.0022902146447449923,"AD_X":-0.0019591152667999268,"AD_Y":-0.0016393966507166624,"AD_Z":-0.17130184173583984,"TempDsp":0,"Status":0,"CalibState":1,"SigAmpInvalid":0}},-1979710460
05-27 19:13:00.074   536   536 D commservice260303: send2Cluster len:319, 7B22636F6D6D616E64223A7B226964223A22696D755F737461747573222C22737562223A22227D2C22636F6E74656E74223A7B2254696D655374616D70223A31322C224672616D65436F756E746572223A3238383337372C2247445F58223A2D302E3031313330303735303037363737303738322C2247445F59223A302E3030343733333837333036353536313035362C2247445F5A223A302E303032323930323134363434373434393932332C2241445F58223A2D302E303031393539313135323636373939393236382C2241445F59223A2D302E303031363339333936363530373136363632342C2241445F5A223A2D302E31373133303138343137333538333938342C2254656D70447370223A302C22537461747573223A302C2243616C69625374617465223A312C22536967416D70496E76616C6964223A307D7D, 138 
05-27 19:13:00.074   536   536 D commservice260303: Push Message into SendPool fn=1386873856
05-27 19:13:00.074   536   536 D commservice260303: ComProtocolLibSend2Cluster::send2ClusterRaw fn=1386873856 , len=335
05-27 19:13:00.074   536   536 D commservice260303: sendCmdToPort :335!!!
05-27 19:13:00.074   536   536 D commservice260303: send Cmd To Port ++++5AA5014B8A010004AA526A16D1BC7B22636F6D6D616E64223A7B226964223A22696D755F737461747573222C22737562223A22227D2C22636F6E74656E74223A7B2254696D655374616D70223A31322C224672616D65436F756E746572223A3238383337372C2247445F58223A2D302E3031313330303735303037363737303738322C2247445F59223A302E3030343733333837333036353536313035362C2247445F5A223A302E303032323930323134363434373434393932332C2241445F58223A2D302E303031393539313135323636373939393236382C2241445F59223A2D302E303031363339333936363530373136363632342C2241445F5A223A2D302E31373133303138343137333538333938342C2254656D70447370223A302C22537461747573223A302C2243616C69625374617465223A312C22536967416D70496E76616C6964223A307D7D636B
05-27 19:13:00.074   536   536 D commservice260303: bufferevent_write retrun value = 0
05-27 19:13:00.074   536   560 D commservice260303: client datas send succeed,send finish
05-27 19:13:00.075 13911 14192 D Sentinelmode_1.2.5.17_sentry: <SentryImuClusterFgeSender>imu_status sent to Linux, frame=288377, tsNs=12247308, tsMs=12, intervalMs=40, ad=(-0.0019591153,-0.0016393967,-0.17130184), gd=(-0.01130075,0.004733873,0.0022902146)
05-27 19:13:00.076 10188 20605 E OpenGLRenderer: Device claims wide gamut support, cannot find matching config, error = EGL_SUCCESS
05-27 19:13:00.076 10188 20605 W OpenGLRenderer: Failed to initialize 101010-2 format, error = EGL_SUCCESS
05-27 09:04:09.038   581   581 D spi_rst_gpio_get_output: GPIO 145 value: 0
05-27 09:04:09.038   581   581 D spidev_ioctl: gpio status=0)
05-27 19:13:00.082 13911 14183 I SentryImuMcuAngleSender: 179.97899rollDeg
05-27 19:13:00.083 13911 14183 I SentryImuMcuAngleSender: 1,0,0
05-27 09:04:09.047 20605 20605 I         : [drm] process(RenderThread) tgid=10188 create context 24
05-27 19:13:00.088   581   581 I SpiService: fgesysctrl_getGPIO_status success val=1
05-27 09:04:09.052   581   581 D spi_rst_gpio_get_output: GPIO 145 value: 1
05-27 09:04:09.052   581   581 D spidev_ioctl: gpio status=1)
05-27 19:13:00.093   581   581 I SpiService: fgesysctrl_getGPIO_status success val=1
05-27 19:13:00.094   830   830 E ClientCache: failed to get buffer, invalid process token
05-27 09:04:09.058   581   581 D spi_rst_gpio_get_output: GPIO 145 value: 1
05-27 09:04:09.058   581   581 D spidev_ioctl: gpio status=1)
05-27 19:13:00.099   581   581 I SpiService: fgesysctrl_getGPIO_status success val=1
05-27 19:13:00.099 10188 20605 D libEGL  : <system_server>[getBlob]: get key(9f96cb69d902d3d2622527415702d14877caa550). keySZ=20 valSZ=4 rs=4 
05-27 19:13:00.099 10188 20605 D libEGL  : <system_server>[getBlob]: get key(2c4f370369dbaa8cfebdb66ca9a16dcb323bbde9). keySZ=20 valSZ=4 rs=4 
05-27 19:13:00.099 10188 20605 D libEGL  : <system_server>[getBlob]: get key(17afd9360ac1c8347a7ee7442714e11e66abe737). keySZ=20 valSZ=65536 rs=805 
05-27 09:04:09.063   581   581 D spi_rst_gpio_get_output: GPIO 145 value: 1
05-27 09:04:09.063   581   581 D spidev_ioctl: gpio status=1)
05-27 19:13:00.102 13911 14183 I SentryImuMcuAngleSender: 179.97198rollDeg
05-27 19:13:00.103 13911 14183 I SentryImuMcuAngleSender: 1,0,0
05-27 19:13:00.103   830   830 E BpTransactionCompletedListener: Failed to transact (-32)
05-27 19:13:00.104   581   581 I SpiService: fgesysctrl_getGPIO_status success val=1
05-27 09:04:09.069   581   581 D spi_rst_gpio_get_output: GPIO 145 value: 1
05-27 09:04:09.069   581   581 D spidev_ioctl: gpio status=1)
05-27 19:13:00.110   581   581 I SpiService: fgesysctrl_getGPIO_status success val=0
05-27 19:13:00.112   572   622 I Sensors : 230 AccelSensor: x:-0.168360,y:0.005490,z:-9.974720
05-27 19:13:00.112 30773 30788 I dvr_service_: [runShortMediaThread:298] cameraId:1 medias:300,audios:220,stateAudio:0,mShortState:0,warnEvent:0,state:1
05-27 09:04:09.074   581   581 D spi_rst_gpio_get_output: GPIO 145 value: 0
05-27 09:04:09.074   581   581 D spidev_ioctl: gpio status=0)
05-27 19:13:00.115   536   536 D commservice260303: msg.id = 1028,0
05-27 19:13:00.115   536   536 D commservice260303: i = 170, msgid = 8A000404
05-27 19:13:00.115   536   536 D commservice260303: msgid = -1979710460,did=138
05-27 19:13:00.115   536   536 D commservice260303: CommProtocolLibCmdBaseI2C::dataproc {"command":{"id":"imu_status","sub":""},"content":{"TimeStamp":12,"FrameCounter":288378,"GD_X":-0.011377211660146713,"GD_Y":0.005268065724521875,"GD_Z":0.0021378109231591225,"AD_X":-0.002587229013442993,"AD_Y":0.0014055990613996983,"AD_Z":-0.16947174072265625,"TempDsp":0,"Status":0,"CalibState":1,"SigAmpInvalid":0}},-1979710460
05-27 19:13:00.115   536   536 D commservice260303: send2Cluster len:317, 7B22636F6D6D616E64223A7B226964223A22696D755F737461747573222C22737562223A22227D2C22636F6E74656E74223A7B2254696D655374616D70223A31322C224672616D65436F756E746572223A3238383337382C2247445F58223A2D302E3031313337373231313636303134363731332C2247445F59223A302E3030353236383036353732343532313837352C2247445F5A223A302E303032313337383130393233313539313232352C2241445F58223A2D302E3030323538373232393031333434323939332C2241445F59223A302E303031343035353939303631333939363938332C2241445F5A223A2D302E31363934373137343037323236353632352C2254656D70447370223A302C22537461747573223A302C2243616C69625374617465223A312C22536967416D70496E76616C6964223A307D7D, 138 
05-27 19:13:00.115   536   536 D commservice260303: Push Message into SendPool fn=1403651072
05-27 19:13:00.115   536   536 D commservice260303: ComProtocolLibSend2Cluster::send2ClusterRaw fn=1403651072 , len=333
05-27 19:13:00.115   536   536 D commservice260303: sendCmdToPort :333!!!
05-27 19:13:00.116   536   536 D commservice260303: send Cmd To Port ++++5AA501498A010004AA536A16D1BC7B22636F6D6D616E64223A7B226964223A22696D755F737461747573222C22737562223A22227D2C22636F6E74656E74223A7B2254696D655374616D70223A31322C224672616D65436F756E746572223A3238383337382C2247445F58223A2D302E3031313337373231313636303134363731332C2247445F59223A302E3030353236383036353732343532313837352C2247445F5A223A302E303032313337383130393233313539313232352C2241445F58223A2D302E3030323538373232393031333434323939332C2241445F59223A302E303031343035353939303631333939363938332C2241445F5A223A2D302E31363934373137343037323236353632352C2254656D70447370223A302C22537461747573223A302C2243616C69625374617465223A312C22536967416D70496E76616C6964223A307D7DF9F1
05-27 19:13:00.116   536   536 D commservice260303: bufferevent_write retrun value = 0
05-27 19:13:00.116   536   560 D commservice260303: client datas send succeed,send finish
05-27 19:13:00.116 13911 14192 D Sentinelmode_1.2.5.17_sentry: <SentryImuClusterFgeSender>imu_status sent to Linux, frame=288378, tsNs=12247362, tsMs=12, intervalMs=42, ad=(-0.002587229,0.0014055991,-0.16947174), gd=(-0.011377212,0.0052680657,0.002137811)
05-27 19:13:00.123 13911 14183 I SentryImuMcuAngleSender: 179.96846rollDeg
05-27 19:13:00.123 13911 14183 I SentryImuMcuAngleSender: 1,0,0
05-27 19:13:00.124   581   581 I SpiService: fgesysctrl_getGPIO_status success val=1
05-27 19:13:00.125   481   598 I mcuc    : rev,n=1,6AA681F6D9008C8305000055000000B000000000000100010000BAF14DB1662AA84D724D6669DC4D719AE14D72B2833DA63C067E00000000040000B3000000000000000000000000000000B44300000000000300000000000000AA000000E40701010000000000000000BB06050507EA051B000008009403CB00CC000000000000000000000000000000B500000000000000001E
05-27 19:13:00.125   351   373 D automotive.vehicle@2.0-adayo-datacomm-mcu: MCUDatacomm sendMessageFromVehicle prop: 0x83, areaId: 0x5, status: 0x0, timestamp: 0x0
05-27 19:13:00.125   351   373 D automotive.vehicle@2.0-adayo-datacomm-mcu: MCUDatacomm 1sendMessageFromVehicle ---> type = 7 
05-27 19:13:00.125   351   373 I automotive.vehicle@2.0-adayo-func-mcu: MCUFunc :sendMessageFromVehicle  msgBuff[0] = 131 
05-27 19:13:00.125   351   373 I automotive.vehicle@2.0-adayo-func-mcu: MCUFunc :sendMessageFromVehicle  msgBuff[1] = 5 
05-27 19:13:00.125   351   373 I automotive.vehicle@2.0-adayo-func-mcu: MCUFunc :sendMessageFromVehicle  msgBuff[2] = 0 
05-27 19:13:00.125   351   373 I automotive.vehicle@2.0-adayo-func-mcu: MCUFunc :sendMessageFromVehicle  msgBuff[3] = 0 
05-27 19:13:00.125   351   373 I automotive.vehicle@2.0-adayo-func-mcu: MCUFunc :sendMessageFromVehicle  msgBuff[4] = 85 
05-27 19:13:00.125   351   373 I automotive.vehicle@2.0-adayo-func-mcu: MCUFunc :sendMessageFromVehicle  msgBuff[5] = 0 
05-27 09:04:09.089   581   581 D spi_rst_gpio_get_output: GPIO 145 value: 1
05-27 09:04:09.089   581   581 D spidev_ioctl: gpio status=1)
05-27 09:04:09.089   303   303 I [Audio:SBLCK] p_tt: 1584757,1584757
05-27 19:13:00.130   581   581 I SpiService: fgesysctrl_getGPIO_status success val=1
05-27 09:04:09.094   581   581 D spi_rst_gpio_get_output: GPIO 145 value: 1
05-27 09:04:09.094   581   581 D spidev_ioctl: gpio status=1)
05-27 19:13:00.135   581   581 I SpiService: fgesysctrl_getGPIO_status success val=1
05-27 09:04:09.100   581   581 D spi_rst_gpio_get_output: GPIO 145 value: 1
05-27 09:04:09.100   581   581 D spidev_ioctl: gpio status=1)
05-27 19:13:00.140   581   581 I SpiService: fgesysctrl_getGPIO_status success val=1
05-27 09:04:09.105   581   581 D spi_rst_gpio_get_output: GPIO 145 value: 1
05-27 09:04:09.105   581   581 D spidev_ioctl: gpio status=1)
05-27 19:13:00.143 13911 14183 I SentryImuMcuAngleSender: 179.97897rollDeg
05-27 19:13:00.143 13911 14183 I SentryImuMcuAngleSender: 1,0,0
05-27 19:13:00.146   581   581 I SpiService: fgesysctrl_getGPIO_status success val=1
05-27 09:04:09.110   581   581 D spi_rst_gpio_get_output: GPIO 145 value: 1
05-27 09:04:09.110   581   581 D spidev_ioctl: gpio status=1)
05-27 19:13:00.150  3801  3833 D ANWAPI_SECOND: (3801|0x12980CB0)[BTAPI] run AnWBT_WaitInitFinish
05-27 19:13:00.150  3801  3833 D ANWAPI_SECOND: (3801|0x12980CB0)[BTAPI] bb_vendor(3)hcit_type(3)
05-27 19:13:00.150  3801  3833 D ANWAPI_SECOND: (3801|0x12980CB0)[BTAPI] RTL8761, config_uart_path[/dev/ttyS3], baudrate_init(115200), baudrate_normal(3000000)
05-27 19:13:00.150  3801  3833 D ANWAPI_SECOND: (3801|0x12980CB0)[BTAPI] RTL8761, config_BT_ADDR_path[]
05-27 19:13:00.150  3801  3833 D ANWAPI_SECOND: (3801|0x12980CB0)[BTAPI] BTUart_Configure start
05-27 19:13:00.150  3801  3833 I ANWStack: [  12247401][ANWBT] Device name = /dev/ttyS3,baudrate_init =115200(115200),baudrate =3000000(3000000)
05-27 19:13:00.150  3801  3833 I ANWStack: 
05-27 19:13:00.150  3801  3833 I ANWStack: [  12247401][ANWBT] BTUart_StartUp  speed = 115200
05-27 19:13:00.150  3801  3833 I ANWStack: 
05-27 19:13:00.151  3801  3833 D ANWStack: Mac Address /data/vendor/bluetooth/btmac.txt open fail - No such file or directory
05-27 19:13:00.151  3801  3833 D ANWStack: Mac Address from file  /data/vendor/bluetooth/btmac.txt -  (1)
05-27 19:13:00.151   581   581 I SpiService: fgesysctrl_getGPIO_status success val=0
05-27 19:13:00.151   481   597 I mcuc    : send SPI:6AA602F6D900028305A5
05-27 19:13:00.145  3801  3801 I auditd  : type=1400 audit(0.0:82418): avc: denied { read write } for comm="BTInit_Task" name="ttyS3" dev="tmpfs" ino=3005 scontext=u:r:system_app:s0 tcontext=u:object_r:serial_device:s0 tclass=chr_file permissive=1
05-27 19:13:00.145  3801  3801 I BTInit_Task: type=1400 audit(0.0:82418): avc: denied { read write } for name="ttyS3" dev="tmpfs" ino=3005 scontext=u:r:system_app:s0 tcontext=u:object_r:serial_device:s0 tclass=chr_file permissive=1
05-27 09:04:09.116   581   581 D spi_rst_gpio_get_output: GPIO 145 value: 0
05-27 09:04:09.116   581   581 D spidev_ioctl: gpio status=0)
05-27 09:04:09.117  3833  3833 E sprd_serial 20230000.serial: request TX DMA channel failed, ret = -19
05-27 09:04:09.117  3833  3833 E sprd_serial 20230000.serial: request RX DMA channel failed, ret = -19
05-27 19:13:00.153  3801  3833 D ANWStack: rtk_8761C_init@1, fd 0x55
05-27 19:13:00.153  3801  3833 D ANWStack: type RTL_8761C, init speed 115200
05-27 19:13:00.153  3801  3833 D ANWStack: rtk_8761C_init@2, fd 0x55
05-27 19:13:00.153  3801  3833 D ANWStack: Realtek Bluetooth init uart with init speed:115200, type:HCI UART H4
05-27 19:13:00.153  3801  3833 D ANWStack: Realtek Bluetooth :Realtek hciattach version 3.1.d5a90fd.20250813-162457 
05-27 19:13:00.153  3801  3833 D ANWStack: 
05-27 19:13:00.153  3801  3833 D ANWStack: Realtek Bluetooth :Use epoll
05-27 19:13:00.153  3801  3833 D ANWStack: Realtek Bluetooth :Realtek H4 IC
05-27 19:13:00.145  3801  3801 I auditd  : type=1400 audit(0.0:82419): avc: denied { open } for comm="BTInit_Task" path="/dev/ttyS3" dev="tmpfs" ino=3005 scontext=u:r:system_app:s0 tcontext=u:object_r:serial_device:s0 tclass=chr_file permissive=1
05-27 19:13:00.145  3801  3801 I BTInit_Task: type=1400 audit(0.0:82419): avc: denied { open } for path="/dev/ttyS3" dev="tmpfs" ino=3005 scontext=u:r:system_app:s0 tcontext=u:object_r:serial_device:s0 tclass=chr_file permissive=1
05-27 19:13:00.149  3801  3801 I auditd  : type=1400 audit(0.0:82420): avc: denied { ioctl } for comm="BTInit_Task" path="/dev/ttyS3" dev="tmpfs" ino=3005 ioctlcmd=0x540b scontext=u:r:system_app:s0 tcontext=u:object_r:serial_device:s0 tclass=chr_file permissive=1
05-27 19:13:00.149  3801  3801 I BTInit_Task: type=1400 audit(0.0:82420): avc: denied { ioctl } for path="/dev/ttyS3" dev="tmpfs" ino=3005 ioctlcmd=0x540b scontext=u:r:system_app:s0 tcontext=u:object_r:serial_device:s0 tclass=chr_file permissive=1
05-27 19:13:00.155   536   536 D commservice260303: msg.id = 1028,0
05-27 19:13:00.156   536   536 D commservice260303: i = 170, msgid = 8A000404
05-27 19:13:00.156   536   536 D commservice260303: msgid = -1979710460,did=138
05-27 19:13:00.156   536   536 D commservice260303: CommProtocolLibCmdBaseI2C::dataproc {"command":{"id":"imu_status","sub":""},"content":{"TimeStamp":12,"FrameCounter":288379,"GD_X":-0.01221725158393383,"GD_Y":0.005802778527140617,"GD_Z":0.0019848872907459736,"AD_X":-0.0025889426469802856,"AD_Y":-4.219592083245516E-4,"AD_Z":-0.16947174072265625,"TempDsp":0,"Status":0,"CalibState":1,"SigAmpInvalid":0}},-1979710460
05-27 19:13:00.156   536   536 D commservice260303: send2Cluster len:317, 7B22636F6D6D616E64223A7B226964223A22696D755F737461747573222C22737562223A22227D2C22636F6E74656E74223A7B2254696D655374616D70223A31322C224672616D65436F756E746572223A3238383337392C2247445F58223A2D302E30313232313732353135383339333338332C2247445F59223A302E3030353830323737383532373134303631372C2247445F5A223A302E303031393834383837323930373435393733362C2241445F58223A2D302E303032353838393432363436393830323835362C2241445F59223A2D342E323139353932303833323435353136452D342C2241445F5A223A2D302E31363934373137343037323236353632352C2254656D70447370223A302C22537461747573223A302C2243616C69625374617465223A312C22536967416D70496E76616C6964223A307D7D, 138 
05-27 19:13:00.156   536   536 D commservice260303: Push Message into SendPool fn=1420428288
05-27 19:13:00.156   536   536 D commservice260303: ComProtocolLibSend2Cluster::send2ClusterRaw fn=1420428288 , len=333
05-27 19:13:00.156   536   536 D commservice260303: sendCmdToPort :333!!!
05-27 19:13:00.156   536   536 D commservice260303: send Cmd To Port ++++5AA501498A010004AA546A16D1BC7B22636F6D6D616E64223A7B226964223A22696D755F737461747573222C22737562223A22227D2C22636F6E74656E74223A7B2254696D655374616D70223A31322C224672616D65436F756E746572223A3238383337392C2247445F58223A2D302E30313232313732353135383339333338332C2247445F59223A302E3030353830323737383532373134303631372C2247445F5A223A302E303031393834383837323930373435393733362C2241445F58223A2D302E303032353838393432363436393830323835362C2241445F59223A2D342E323139353932303833323435353136452D342C2241445F5A223A2D302E31363934373137343037323236353632352C2254656D70447370223A302C22537461747573223A302C2243616C69625374617465223A312C22536967416D70496E76616C6964223A307D7D316A
05-27 19:13:00.156   536   536 D commservice260303: bufferevent_write retrun value = 0
05-27 19:13:00.156   536   560 D commservice260303: client datas send succeed,send finish
05-27 19:13:00.157 13911 14192 D Sentinelmode_1.2.5.17_sentry: <SentryImuClusterFgeSender>imu_status sent to Linux, frame=288379, tsNs=12247399, tsMs=12, intervalMs=41, ad=(-0.0025889426,-4.219592E-4,-0.16947174), gd=(-0.012217252,0.0058027785,0.0019848873)
05-27 19:13:00.161   283   307 I rvcservice: t.code = 1, t.value = -167749
05-27 19:13:00.164 13911 14183 I SentryImuMcuAngleSender: 179.97899rollDeg
05-27 19:13:00.164 13911 14183 I SentryImuMcuAngleSender: 1,0,0
05-27 19:13:00.165   581   581 I SpiService: fgesysctrl_getGPIO_status success val=1
05-27 09:04:09.130   581   581 D spi_rst_gpio_get_output: GPIO 145 value: 1
05-27 09:04:09.130   581   581 D spidev_ioctl: gpio status=1)
05-27 19:13:00.170   581   581 I SpiService: fgesysctrl_getGPIO_status success val=1
05-27 09:04:09.135   581   581 D spi_rst_gpio_get_output: GPIO 145 value: 1
05-27 09:04:09.135   581   581 D spidev_ioctl: gpio status=1)
05-27 19:13:00.176   581   581 I SpiService: fgesysctrl_getGPIO_status success val=1
05-27 09:04:09.140   581   581 D spi_rst_gpio_get_output: GPIO 145 value: 1
05-27 09:04:09.140   581   581 D spidev_ioctl: gpio status=1)
05-27 19:13:00.181   581   581 I SpiService: fgesysctrl_getGPIO_status success val=1
05-27 19:13:00.184 13911 14183 I SentryImuMcuAngleSender: 179.97197rollDeg
05-27 19:13:00.185 13911 14183 I SentryImuMcuAngleSender: 1,0,0
05-27 09:04:09.145   581   581 D spi_rst_gpio_get_output: GPIO 145 value: 1
05-27 09:04:09.145   581   581 D spidev_ioctl: gpio status=1)
05-27 19:13:00.186   581   581 I SpiService: fgesysctrl_getGPIO_status success val=1
05-27 09:04:09.151   581   581 D spi_rst_gpio_get_output: GPIO 145 value: 1
05-27 09:04:09.151   581   581 D spidev_ioctl: gpio status=1)
05-27 19:13:00.191   536   560 D commservice260303: recv len:77, 5AA500490600000047F66A16D1BC7B22636F6D6D616E64223A7B226964223A226473695F6C7578222C22737562223A22227D2C22636F6E74656E74223A7B2276616C7565223A3230307D7D85FE from server
05-27 19:13:00.191   536  2578 D commservice260303: mcuDataAnalyzeHandle templen:77,len:77,pos:0, 5AA500490600000047F66A16D1BC7B22636F6D6D616E64223A7B226964223A226473695F6C7578222C22737562223A22227D2C22636F6E74656E74223A7B2276616C7565223A3230307D7D85FE 
05-27 19:13:00.191   536  2578 I commservice260303: checksumCal = 34302
05-27 19:13:00.191   536  2578 D commservice260303: CommProtocolLibCmdBaseC2I::dataproc {"command":{"id":"dsi_lux","sub":""},"content":{"value":200}},6
05-27 19:13:00.192   581   581 I SpiService: fgesysctrl_getGPIO_status success val=0
05-27 19:13:00.192   536  2578 D commservice260303: mcuCommMessageManager::notifyMsgToClient hwbinder OK
05-27 19:13:00.192   481   597 I mcuc    : send SPI:6AA60087470002060129
05-27 19:13:00.192   536  2578 D commservice260303: McuProtocolLibSend2Service::send2Service ret=1
05-27 19:13:00.192 12246 12440 D ivicomm_CommManager: fgeComServiceCallback: {"command":{"id":"dsi_lux","sub":""},"content":{"value":200}}
05-27 19:13:00.193 12246 12440 D ivicomm_CallbackManager: registerCallback DSI_LUX: {"value":200} mCommStateCallbackMap size:4
05-27 09:04:09.156   581   581 D spi_rst_gpio_get_output: GPIO 145 value: 0
05-27 09:04:09.156   581   581 D spidev_ioctl: gpio status=0)
05-27 19:13:00.193 11579 11719 D NSLogUtils_VehicleService: L2A comm state: id=dsi_lux, value=200
05-27 19:13:00.194 11344 11391 D SystemUI_SystemSettingsControllerService: onCommState: commandID = dsi_lux; value = 200
05-27 19:13:00.196   536   536 D commservice260303: msg.id = 1028,0
05-27 19:13:00.196   536   536 D commservice260303: i = 170, msgid = 8A000404
05-27 19:13:00.196   536   536 D commservice260303: msgid = -1979710460,did=138
05-27 19:13:00.196   536   536 D commservice260303: CommProtocolLibCmdBaseI2C::dataproc {"command":{"id":"imu_status","sub":""},"content":{"TimeStamp":12,"FrameCounter":288380,"GD_X":-0.010537171736359596,"GD_Y":0.00519212381914258,"GD_Z":0.0019079053308814764,"AD_X":-0.003807052969932556,"AD_Y":7.938407361507416E-4,"AD_Z":-0.16886138916015625,"TempDsp":0,"Status":0,"CalibState":1,"SigAmpInvalid":0}},-1979710460
05-27 19:13:00.196   536   536 D commservice260303: send2Cluster len:315, 7B22636F6D6D616E64223A7B226964223A22696D755F737461747573222C22737562223A22227D2C22636F6E74656E74223A7B2254696D655374616D70223A31322C224672616D65436F756E746572223A3238383338302C2247445F58223A2D302E3031303533373137313733363335393539362C2247445F59223A302E30303531393231323338313931343235382C2247445F5A223A302E303031393037393035333330383831343736342C2241445F58223A2D302E3030333830373035323936393933323535362C2241445F59223A372E393338343037333631353037343136452D342C2241445F5A223A2D302E31363838363133383931363031353632352C2254656D70447370223A302C22537461747573223A302C2243616C69625374617465223A312C22536967416D70496E76616C6964223A307D7D, 138 
05-27 19:13:00.196   536   536 D commservice260303: Push Message into SendPool fn=1437205504
05-27 19:13:00.196   536   536 D commservice260303: ComProtocolLibSend2Cluster::send2ClusterRaw fn=1437205504 , len=331
05-27 19:13:00.196   536   536 D commservice260303: sendCmdToPort :331!!!
05-27 19:13:00.196   536   536 D commservice260303: send Cmd To Port ++++5AA501478A010004AA556A16D1BC7B22636F6D6D616E64223A7B226964223A22696D755F737461747573222C22737562223A22227D2C22636F6E74656E74223A7B2254696D655374616D70223A31322C224672616D65436F756E746572223A3238383338302C2247445F58223A2D302E3031303533373137313733363335393539362C2247445F59223A302E30303531393231323338313931343235382C2247445F5A223A302E303031393037393035333330383831343736342C2241445F58223A2D302E3030333830373035323936393933323535362C2241445F59223A372E393338343037333631353037343136452D342C2241445F5A223A2D302E31363838363133383931363031353632352C2254656D70447370223A302C22537461747573223A302C2243616C69625374617465223A312C22536967416D70496E76616C6964223A307D7D11CE
05-27 19:13:00.196   536   536 D commservice260303: bufferevent_write retrun value = 0
05-27 19:13:00.196   536   560 D commservice260303: client datas send succeed,send finish
05-27 19:13:00.197 13911 14192 D Sentinelmode_1.2.5.17_sentry: <SentryImuClusterFgeSender>imu_status sent to Linux, frame=288380, tsNs=12247433, tsMs=12, intervalMs=39, ad=(-0.003807053,7.9384074E-4,-0.16886139), gd=(-0.010537172,0.005192124,0.0019079053)
05-27 19:13:00.201   572   622 I Sensors : 230 GyroSensor: x:-0.010690,y:0.005115,z:0.002367
05-27 19:13:00.205 13911 14183 I SentryImuMcuAngleSender: 179.98248rollDeg
05-27 19:13:00.205 13911 14183 I SentryImuMcuAngleSender: 1,0,0
05-27 19:13:00.206   581   581 I SpiService: fgesysctrl_getGPIO_status success val=1
05-27 09:04:09.171   581   581 D spi_rst_gpio_get_output: GPIO 145 value: 1
05-27 09:04:09.171   581   581 D spidev_ioctl: gpio status=1)
05-27 19:13:00.212   581   581 I SpiService: fgesysctrl_getGPIO_status success val=1
05-27 09:04:09.176   581   581 D spi_rst_gpio_get_output: GPIO 145 value: 1
05-27 09:04:09.176   581   581 D spidev_ioctl: gpio status=1)
05-27 19:13:00.215 30773 30787 I dvr_service_: [runShortMediaThread:298] cameraId:0 medias:300,audios:220,stateAudio:0,mShortState:0,warnEvent:0,state:1
05-27 19:13:00.217   581   581 I SpiService: fgesysctrl_getGPIO_status success val=1
05-27 09:04:09.182   581   581 D spi_rst_gpio_get_output: GPIO 145 value: 1
05-27 09:04:09.182   581   581 D spidev_ioctl: gpio status=1)
05-27 19:13:00.223   581   581 I SpiService: fgesysctrl_getGPIO_status success val=1
05-27 09:04:09.187   581   581 D spi_rst_gpio_get_output: GPIO 145 value: 1
05-27 09:04:09.187   581   581 D spidev_ioctl: gpio status=1)
05-27 19:13:00.225 13911 14183 I SentryImuMcuAngleSender: 179.986rollDeg
05-27 19:13:00.226 13911 14183 I SentryImuMcuAngleSender: 1,0,0
05-27 19:13:00.228   581   581 I SpiService: fgesysctrl_getGPIO_status success val=1
05-27 09:04:09.193   581   581 D spi_rst_gpio_get_output: GPIO 145 value: 1
05-27 09:04:09.193   581   581 D spidev_ioctl: gpio status=1)
05-27 19:13:00.234   581   581 I SpiService: fgesysctrl_getGPIO_status success val=0
05-27 19:13:00.236   536   536 D commservice260303: msg.id = 1028,2
05-27 19:13:00.236   536   536 D commservice260303: i = 170, msgid = 8A000404
05-27 19:13:00.236   536   536 D commservice260303: msgid = -1979710460,did=138
05-27 19:13:00.236   536   536 D commservice260303: CommProtocolLibCmdBaseI2C::dataproc {"command":{"id":"imu_status","sub":""},"content":{"TimeStamp":12,"FrameCounter":288381,"GD_X":-0.010994902811944485,"GD_Y":0.004656890872865915,"GD_Z":0.00259606190957129,"AD_X":-0.0031917989253997803,"AD_Y":-0.0016369724180549383,"AD_Z":-0.17069149017333984,"TempDsp":0,"Status":0,"CalibState":1,"SigAmpInvalid":0}},-1979710460
05-27 19:13:00.237   536   536 D commservice260303: send2Cluster len:317, 7B22636F6D6D616E64223A7B226964223A22696D755F737461747573222C22737562223A22227D2C22636F6E74656E74223A7B2254696D655374616D70223A31322C224672616D65436F756E746572223A3238383338312C2247445F58223A2D302E3031303939343930323831313934343438352C2247445F59223A302E3030343635363839303837323836353931352C2247445F5A223A302E30303235393630363139303935373132392C2241445F58223A2D302E303033313931373938393235333939373830332C2241445F59223A2D302E303031363336393732343138303534393338332C2241445F5A223A2D302E31373036393134393031373333333938342C2254656D70447370223A302C22537461747573223A302C2243616C69625374617465223A312C22536967416D70496E76616C6964223A307D7D, 138 
05-27 19:13:00.237   536   536 D commservice260303: Push Message into SendPool fn=1453982720
05-27 19:13:00.237   536   536 D commservice260303: ComProtocolLibSend2Cluster::send2ClusterRaw fn=1453982720 , len=333
05-27 19:13:00.237   536   536 D commservice260303: sendCmdToPort :333!!!
05-27 19:13:00.237   536   536 D commservice260303: send Cmd To Port ++++5AA501498A010004AA566A16D1BC7B22636F6D6D616E64223A7B226964223A22696D755F737461747573222C22737562223A22227D2C22636F6E74656E74223A7B2254696D655374616D70223A31322C224672616D65436F756E746572223A3238383338312C2247445F58223A2D302E3031303939343930323831313934343438352C2247445F59223A302E3030343635363839303837323836353931352C2247445F5A223A302E30303235393630363139303935373132392C2241445F58223A2D302E303033313931373938393235333939373830332C2241445F59223A2D302E303031363336393732343138303534393338332C2241445F5A223A2D302E31373036393134393031373333333938342C2254656D70447370223A302C22537461747573223A302C2243616C69625374617465223A312C22536967416D70496E76616C6964223A307D7D073A
05-27 09:04:09.198   581   581 D spi_rst_gpio_get_output: GPIO 145 value: 0
05-27 19:13:00.237   536   536 D commservice260303: bufferevent_write retrun value = 0
05-27 09:04:09.198   581   581 D spidev_ioctl: gpio status=0)
05-27 19:13:00.238   536   560 D commservice260303: client datas send succeed,send finish
05-27 19:13:00.238 13911 14192 D Sentinelmode_1.2.5.17_sentry: <SentryImuClusterFgeSender>imu_status sent to Linux, frame=288381, tsNs=12247469, tsMs=12, intervalMs=41, ad=(-0.003191799,-0.0016369724,-0.17069149), gd=(-0.010994903,0.004656891,0.002596062)
05-27 19:13:00.246 13911 14183 I SentryImuMcuAngleSender: 179.993rollDeg
05-27 19:13:00.246   830   830 D SurfaceFlinger: unisoc-graphics, commit has frameMissed:2, vysncId:451196
05-27 19:13:00.246 13911 14183 I SentryImuMcuAngleSender: 1,0,0
05-27 19:13:00.248   581   581 I SpiService: fgesysctrl_getGPIO_status success val=1
05-27 09:04:09.213   581   581 D spi_rst_gpio_get_output: GPIO 145 value: 1
05-27 09:04:09.213   581   581 D spidev_ioctl: gpio status=1)
05-27 19:13:00.254   581   581 I SpiService: fgesysctrl_getGPIO_status success val=1
05-27 09:04:09.218   581   581 D spi_rst_gpio_get_output: GPIO 145 value: 1
05-27 09:04:09.218   581   581 D spidev_ioctl: gpio status=1)
05-27 19:13:00.259   581   581 I SpiService: fgesysctrl_getGPIO_status success val=1
05-27 09:04:09.224   581   581 D spi_rst_gpio_get_output: GPIO 145 value: 1
05-27 09:04:09.224   581   581 D spidev_ioctl: gpio status=1)
05-27 19:13:00.261   283   307 I rvcservice: t.code = 3, t.value = 0
05-27 19:13:00.265   581   581 I SpiService: fgesysctrl_getGPIO_status success val=1
05-27 19:13:00.266   830   830 D SurfaceFlinger: unisoc-graphics, commit has frameMissed:2, vysncId:451218
05-27 19:13:00.267 13911 14183 I SentryImuMcuAngleSender: 179.99649rollDeg
05-27 19:13:00.267 13911 14183 I SentryImuMcuAngleSender: 1,0,0
05-27 09:04:09.229   581   581 D spi_rst_gpio_get_output: GPIO 145 value: 1
05-27 09:04:09.229   581   581 D spidev_ioctl: gpio status=1)
05-27 19:13:00.270   581   581 I SpiService: fgesysctrl_getGPIO_status success val=1
05-27 09:04:09.235   581   581 D spi_rst_gpio_get_output: GPIO 145 value: 1
05-27 09:04:09.235   581   581 D spidev_ioctl: gpio status=1)
05-27 19:13:00.276   536   536 D commservice260303: msg.id = 1028,0
05-27 19:13:00.276   581   581 I SpiService: fgesysctrl_getGPIO_status success val=0
05-27 19:13:00.276   536   536 D commservice260303: i = 170, msgid = 8A000404
05-27 19:13:00.276   536   536 D commservice260303: msgid = -1979710460,did=138
05-27 19:13:00.276   536   536 D commservice260303: CommProtocolLibCmdBaseI2C::dataproc {"command":{"id":"imu_status","sub":""},"content":{"TimeStamp":12,"FrameCounter":288382,"GD_X":-0.012063807807862759,"GD_Y":0.0048857564106583595,"GD_Z":0.0023671966046094894,"AD_X":-0.0038032233715057373,"AD_Y":-0.00100285978987813,"AD_Z":-0.1871633529663086,"TempDsp":0,"Status":0,"CalibState":1,"SigAmpInvalid":0}},-1979710460
05-27 19:13:00.276   536   536 D commservice260303: send2Cluster len:317, 7B22636F6D6D616E64223A7B226964223A22696D755F737461747573222C22737562223A22227D2C22636F6E74656E74223A7B2254696D655374616D70223A31322C224672616D65436F756E746572223A3238383338322C2247445F58223A2D302E3031323036333830373830373836323735392C2247445F59223A302E303034383835373536343130363538333539352C2247445F5A223A302E303032333637313936363034363039343839342C2241445F58223A2D302E303033383033323233333731353035373337332C2241445F59223A2D302E30303130303238353937383938373831332C2241445F5A223A2D302E313837313633333532393636333038362C2254656D70447370223A302C22537461747573223A302C2243616C69625374617465223A312C22536967416D70496E76616C6964223A307D7D, 138 
05-27 19:13:00.276   536   536 D commservice260303: Push Message into SendPool fn=1470759936
05-27 19:13:00.276   536   536 D commservice260303: ComProtocolLibSend2Cluster::send2ClusterRaw fn=1470759936 , len=333
05-27 19:13:00.276   536   536 D commservice260303: sendCmdToPort :333!!!
05-27 19:13:00.277   536   536 D commservice260303: send Cmd To Port ++++5AA501498A010004AA576A16D1BC7B22636F6D6D616E64223A7B226964223A22696D755F737461747573222C22737562223A22227D2C22636F6E74656E74223A7B2254696D655374616D70223A31322C224672616D65436F756E746572223A3238383338322C2247445F58223A2D302E3031323036333830373830373836323735392C2247445F59223A302E303034383835373536343130363538333539352C2247445F5A223A302E303032333637313936363034363039343839342C2241445F58223A2D302E303033383033323233333731353035373337332C2241445F59223A2D302E30303130303238353937383938373831332C2241445F5A223A2D302E313837313633333532393636333038362C2254656D70447370223A302C22537461747573223A302C2243616C69625374617465223A312C22536967416D70496E76616C6964223A307D7D3E64
05-27 09:04:09.240   581   581 D spi_rst_gpio_get_output: GPIO 145 value: 0
05-27 09:04:09.240   581   581 D spidev_ioctl: gpio status=0)
05-27 19:13:00.277   536   536 D commservice260303: bufferevent_write retrun value = 0
05-27 19:13:00.277 13911 14192 D Sentinelmode_1.2.5.17_sentry: <SentryImuClusterFgeSender>imu_status sent to Linux, frame=288382, tsNs=12247523, tsMs=12, intervalMs=40, ad=(-0.0038032234,-0.0010028598,-0.18716335), gd=(-0.012063808,0.0048857564,0.0023671966)
05-27 19:13:00.277   536   560 D commservice260303: client datas send succeed,send finish
05-27 19:13:00.290   581   581 I SpiService: fgesysctrl_getGPIO_status success val=1
05-27 19:13:00.290 13911 14183 I SentryImuMcuAngleSender: 179.98251rollDeg
05-27 19:13:00.290 13911 14183 I SentryImuMcuAngleSender: 1,0,0
05-27 09:04:09.255   581   581 D spi_rst_gpio_get_output: GPIO 145 value: 1
05-27 09:04:09.255   581   581 D spidev_ioctl: gpio status=1)
05-27 19:13:00.295 10188 10636 W ActivityTaskManager: Activity top resumed state loss timeout for ActivityRecord{514f5c6 u0 com.yadea.btmusic/.MainActivity} t-1 d0 f}}
05-27 19:13:00.296   581   581 I SpiService: fgesysctrl_getGPIO_status success val=1
05-27 09:04:09.260   581   581 D spi_rst_gpio_get_output: GPIO 145 value: 1
05-27 09:04:09.260   581   581 D spidev_ioctl: gpio status=1)
05-27 19:13:00.301   581   581 I SpiService: fgesysctrl_getGPIO_status success val=1
05-27 09:04:09.266   581   581 D spi_rst_gpio_get_output: GPIO 145 value: 1
05-27 09:04:09.266   581   581 D spidev_ioctl: gpio status=1)
05-27 19:13:00.306   581   581 I SpiService: fgesysctrl_getGPIO_status success val=1
05-27 19:13:00.308   572   572 I Sensors : 230 AccelSensor: x:-0.167140,y:0.000000,z:-9.969840
05-27 09:04:09.271   581   581 D spi_rst_gpio_get_output: GPIO 145 value: 1
05-27 09:04:09.271   581   581 D spidev_ioctl: gpio status=1)
05-27 19:13:00.310 13911 14183 I SentryImuMcuAngleSender: 180.0rollDeg
05-27 19:13:00.311 13911 14183 I SentryImuMcuAngleSender: 1,0,0
05-27 19:13:00.312   581   581 I SpiService: fgesysctrl_getGPIO_status success val=1
05-27 19:13:00.314 11344 11344 E SystemUI_NavBarFragment: SysUIConfig.icCarServiceConnected：false
05-27 09:04:09.276   581   581 D spi_rst_gpio_get_output: GPIO 145 value: 1
05-27 09:04:09.276   581   581 D spidev_ioctl: gpio status=1)
05-27 19:13:00.316 11579 11579 I wm_on_top_resumed_gained_called: [68701662,com.yadea.launcher.function.applist.AppListActivity,topStateChangedWhenResumed]
05-27 19:13:00.316   536   536 D commservice260303: msg.id = 1028,1
05-27 19:13:00.316   536   536 D commservice260303: i = 170, msgid = 8A000404
05-27 19:13:00.316   536   536 D commservice260303: msgid = -1979710460,did=138
05-27 19:13:00.316   536   536 D commservice260303: CommProtocolLibCmdBaseI2C::dataproc {"command":{"id":"imu_status","sub":""},"content":{"TimeStamp":12,"FrameCounter":288383,"GD_X":-0.011377211660146713,"GD_Y":0.0056498548947274685,"GD_Z":0.0019079053308814764,"AD_X":-0.0013673752546310425,"AD_Y":-0.0040304576978087425,"AD_Z":-0.16459178924560547,"TempDsp":0,"Status":0,"CalibState":1,"SigAmpInvalid":0}},-1979710460
05-27 19:13:00.316   536   536 D commservice260303: send2Cluster len:320, 7B22636F6D6D616E64223A7B226964223A22696D755F737461747573222C22737562223A22227D2C22636F6E74656E74223A7B2254696D655374616D70223A31322C224672616D65436F756E746572223A3238383338332C2247445F58223A2D302E3031313337373231313636303134363731332C2247445F59223A302E303035363439383534383934373237343638352C2247445F5A223A302E303031393037393035333330383831343736342C2241445F58223A2D302E303031333637333735323534363331303432352C2241445F59223A2D302E303034303330343537363937383038373432352C2241445F5A223A2D302E31363435393137383932343536303534372C2254656D70447370223A302C22537461747573223A302C2243616C69625374617465223A312C22536967416D70496E76616C6964223A307D7D, 138 
05-27 19:13:00.316   536   536 D commservice260303: Push Message into SendPool fn=1487537152
05-27 19:13:00.317   536   536 D commservice260303: ComProtocolLibSend2Cluster::send2ClusterRaw fn=1487537152 , len=336
05-27 19:13:00.317   536   536 D commservice260303: sendCmdToPort :336!!!
05-27 19:13:00.317   536   536 D commservice260303: send Cmd To Port ++++5AA5014C8A010004AA586A16D1BC7B22636F6D6D616E64223A7B226964223A22696D755F737461747573222C22737562223A22227D2C22636F6E74656E74223A7B2254696D655374616D70223A31322C224672616D65436F756E746572223A3238383338332C2247445F58223A2D302E3031313337373231313636303134363731332C2247445F59223A302E303035363439383534383934373237343638352C2247445F5A223A302E303031393037393035333330383831343736342C2241445F58223A2D302E303031333637333735323534363331303432352C2241445F59223A2D302E303034303330343537363937383038373432352C2241445F5A223A2D302E31363435393137383932343536303534372C2254656D70447370223A302C22537461747573223A302C2243616C69625374617465223A312C22536967416D70496E76616C6964223A307D7D213D
05-27 19:13:00.317   536   536 D commservice260303: bufferevent_write retrun value = 0
05-27 19:13:00.317   581   581 I SpiService: fgesysctrl_getGPIO_status success val=0
05-27 19:13:00.317   536   560 D commservice260303: client datas send succeed,send finish
05-27 19:13:00.318 13911 14192 D Sentinelmode_1.2.5.17_sentry: <SentryImuClusterFgeSender>imu_status sent to Linux, frame=288383, tsNs=12247558, tsMs=12, intervalMs=40, ad=(-0.0013673753,-0.0040304577,-0.16459179), gd=(-0.011377212,0.005649855,0.0019079053)
05-27 09:04:09.281   581   581 D spi_rst_gpio_get_output: GPIO 145 value: 0
05-27 09:04:09.281   581   581 D spidev_ioctl: gpio status=0)
05-27 19:13:00.317 30773 30773 I auditd  : type=1400 audit(0.0:82421): avc: denied { call } for comm=4E444B204D65646961436F6465635F scontext=u:r:adayo_dvr_service:s0 tcontext=u:r:mediaswcodec:s0 tclass=binder permissive=1
05-27 19:13:00.317 30773 30773 I /system/bin/adayo_dvr_service: type=1400 audit(0.0:82421): avc: denied { call } for comm=4E444B204D65646961436F6465635F scontext=u:r:adayo_dvr_service:s0 tcontext=u:r:mediaswcodec:s0 tclass=binder permissive=1
05-27 19:13:00.331 13911 14183 I SentryImuMcuAngleSender: 179.993rollDeg
05-27 19:13:00.331 13911 14183 I SentryImuMcuAngleSender: 1,0,0
05-27 19:13:00.331   581   581 I SpiService: fgesysctrl_getGPIO_status success val=1
05-27 09:04:09.295   581   581 D spi_rst_gpio_get_output: GPIO 145 value: 1
05-27 09:04:09.296   581   581 D spidev_ioctl: gpio status=1)
05-27 19:13:00.336   581   581 I SpiService: fgesysctrl_getGPIO_status success val=1
05-27 09:04:09.301   581   581 D spi_rst_gpio_get_output: GPIO 145 value: 1
05-27 09:04:09.301   581   581 D spidev_ioctl: gpio status=1)
05-27 19:13:00.342   581   581 I SpiService: fgesysctrl_getGPIO_status success val=1
05-27 09:04:09.306   581   581 D spi_rst_gpio_get_output: GPIO 145 value: 1
05-27 09:04:09.306   581   581 D spidev_ioctl: gpio status=1)
05-27 19:13:00.347   581   581 I SpiService: fgesysctrl_getGPIO_status success val=1
05-27 09:04:09.311   581   581 D spi_rst_gpio_get_output: GPIO 145 value: 1
05-27 09:04:09.311   581   581 D spidev_ioctl: gpio status=1)
05-27 19:13:00.349   830   830 D SurfaceFlinger: unisoc-graphics, commit has frameMissed:2, vysncId:451271
05-27 19:13:00.351 13911 14183 I SentryImuMcuAngleSender: 180.0rollDeg
05-27 19:13:00.351 13911 14183 I SentryImuMcuAngleSender: 1,0,0
05-27 19:13:00.352 13911 16534 D VersionPrinter: com.adayo.app.dvrlocalservice- VersionName:[1.2.5.17_sentry] - append:[] - active:[]
05-27 19:13:00.352   581   581 I SpiService: fgesysctrl_getGPIO_status success val=1
05-27 09:04:09.317   581   581 D spi_rst_gpio_get_output: GPIO 145 value: 1
05-27 09:04:09.317   581   581 D spidev_ioctl: gpio status=1)
05-27 19:13:00.357   536   536 D commservice260303: msg.id = 1028,0
05-27 19:13:00.357   536   536 D commservice260303: i = 170, msgid = 8A000404
05-27 19:13:00.357   536   536 D commservice260303: msgid = -1979710460,did=138
05-27 19:13:00.357   581   581 I SpiService: fgesysctrl_getGPIO_status success val=0
05-27 19:13:00.357   536   536 D commservice260303: CommProtocolLibCmdBaseI2C::dataproc {"command":{"id":"imu_status","sub":""},"content":{"TimeStamp":12,"FrameCounter":288384,"GD_X":-0.011300750076770782,"GD_Y":0.004963258747011423,"GD_Z":0.0020608289632946253,"AD_X":-0.0013751387596130371,"AD_Y":-0.004008243791759014,"AD_Z":-0.17130184173583984,"TempDsp":0,"Status":0,"CalibState":1,"SigAmpInvalid":0}},-1979710460
05-27 19:13:00.358   536   536 D commservice260303: send2Cluster len:318, 7B22636F6D6D616E64223A7B226964223A22696D755F737461747573222C22737562223A22227D2C22636F6E74656E74223A7B2254696D655374616D70223A31322C224672616D65436F756E746572223A3238383338342C2247445F58223A2D302E3031313330303735303037363737303738322C2247445F59223A302E3030343936333235383734373031313432332C2247445F5A223A302E303032303630383238393633323934363235332C2241445F58223A2D302E303031333735313338373539363133303337312C2241445F59223A2D302E3030343030383234333739313735393031342C2241445F5A223A2D302E31373133303138343137333538333938342C2254656D70447370223A302C22537461747573223A302C2243616C69625374617465223A312C22536967416D70496E76616C6964223A307D7D, 138 
05-27 19:13:00.358   536   536 D commservice260303: Push Message into SendPool fn=1504314368
05-27 19:13:00.358   536   536 D commservice260303: ComProtocolLibSend2Cluster::send2ClusterRaw fn=1504314368 , len=334
05-27 19:13:00.358   536   536 D commservice260303: sendCmdToPort :334!!!
05-27 19:13:00.358   536   536 D commservice260303: send Cmd To Port ++++5AA5014A8A010004AA596A16D1BC7B22636F6D6D616E64223A7B226964223A22696D755F737461747573222C22737562223A22227D2C22636F6E74656E74223A7B2254696D655374616D70223A31322C224672616D65436F756E746572223A3238383338342C2247445F58223A2D302E3031313330303735303037363737303738322C2247445F59223A302E3030343936333235383734373031313432332C2247445F5A223A302E303032303630383238393633323934363235332C2241445F58223A2D302E303031333735313338373539363133303337312C2241445F59223A2D302E3030343030383234333739313735393031342C2241445F5A223A2D302E31373133303138343137333538333938342C2254656D70447370223A302C22537461747573223A302C2243616C69625374617465223A312C22536967416D70496E76616C6964223A307D7D7532
05-27 19:13:00.358   536   536 D commservice260303: bufferevent_write retrun value = 0
05-27 19:13:00.358   536   560 D commservice260303: client datas send succeed,send finish
05-27 19:13:00.358 13911 14192 D Sentinelmode_1.2.5.17_sentry: <SentryImuClusterFgeSender>imu_status sent to Linux, frame=288384, tsNs=12247594, tsMs=12, intervalMs=41, ad=(-0.0013751388,-0.004008244,-0.17130184), gd=(-0.01130075,0.0049632587,0.002060829)
05-27 09:04:09.322   581   581 D spi_rst_gpio_get_output: GPIO 145 value: 0
05-27 09:04:09.322   581   581 D spidev_ioctl: gpio status=0)
05-27 19:13:00.361  1083  1083 I MyAppLog: [2026-05-27 19:13:00.361 I tboxap mcuSendYadiTransfer:196] [Mcu] [mcuYadiSend]: :00 08 8E 04 01 09 81 02 01 01
05-27 19:13:00.361   283   307 I rvcservice: t.code = 0, t.value = 0
05-27 19:13:00.364   481   599 I mcuc    : start timer OK = 34632 
05-27 19:13:00.371   581   581 I SpiService: fgesysctrl_getGPIO_status success val=1
05-27 19:13:00.371 13911 14183 I SentryImuMcuAngleSender: 180.0rollDeg
05-27 19:13:00.371 13911 14183 I SentryImuMcuAngleSender: 1,0,0
05-27 09:04:09.336   581   581 D spi_rst_gpio_get_output: GPIO 145 value: 1
05-27 09:04:09.336   581   581 D spidev_ioctl: gpio status=1)
05-27 19:13:00.376   581   581 I SpiService: fgesysctrl_getGPIO_status success val=1
05-27 09:04:09.341   581   581 D spi_rst_gpio_get_output: GPIO 145 value: 1
05-27 09:04:09.341   581   581 D spidev_ioctl: gpio status=1)
05-27 19:13:00.382   581   581 I SpiService: fgesysctrl_getGPIO_status success val=1
05-27 09:04:09.346   581   581 D spi_rst_gpio_get_output: GPIO 145 value: 1
05-27 09:04:09.346   581   581 D spidev_ioctl: gpio status=1)
05-27 19:13:00.385 30773 30786 I dvr_service_: CameraX 0  audioOK: 168896000,audios:2640
