05-27 19:12:54.227   351   516 D automotive.vehicle@2.0-adayo-func-bcm: BCMFunc sendMessageFromVehicle_l prop: 0x214000ad ,areaId: 0x0  SPLITE_BIT_DATA_INTEGER : 1
05-27 19:12:54.227   351   516 D automotive.vehicle@2.0-adayo-func-bcm: BCMFunc sendMessageFromVehicle_l id:557842605, area:0 not report! 
05-27 19:12:54.227   351   516 D automotive.vehicle@2.0-adayo-func-bcm: BCMFunc sendMessageFromVehicle_l dataType: 12,mByte=32,propid=0x214000ae
05-27 19:12:54.227   351   516 D automotive.vehicle@2.0-adayo-func-bcm: BCMFunc sendMessageFromVehicle_l msgBuff[32]=0x1,start:0,len:8,temp:8,
05-27 19:12:54.227   351   516 D automotive.vehicle@2.0-adayo-func-bcm: BCMFunc sendMessageFromVehicle_l prop: 0x214000ae ,areaId: 0x0  SPLITE_BIT_DATA_INTEGER : 1
05-27 19:12:54.227   351   516 D automotive.vehicle@2.0-adayo-func-bcm: BCMFunc sendMessageFromVehicle_l id:557842606, area:0 not report! 
05-27 19:12:54.227   351   516 D automotive.vehicle@2.0-adayo-func-bcm: BCMFunc sendMessageFromVehicle_l dataType: 12,mByte=33,propid=0x2140007a
05-27 19:12:54.227   351   516 D automotive.vehicle@2.0-adayo-func-bcm: BCMFunc sendMessageFromVehicle_l msgBuff[33]=0x1,start:0,len:8,temp:8,
05-27 19:12:54.227   351   516 D automotive.vehicle@2.0-adayo-func-bcm: BCMFunc sendMessageFromVehicle_l prop: 0x2140007a ,areaId: 0x0  SPLITE_BIT_DATA_INTEGER : 1
05-27 19:12:54.227   351   516 D automotive.vehicle@2.0-adayo-func-bcm: BCMFunc sendMessageFromVehicle_l id:557842554, area:0 not report! 
05-27 19:12:54.227   351   516 D automotive.vehicle@2.0-adayo-func-bcm: BCMFunc sendMessageFromVehicle_l dataType: 12,mByte=34,propid=0x214000af
05-27 19:12:54.227   351   516 D automotive.vehicle@2.0-adayo-func-bcm: BCMFunc sendMessageFromVehicle_l msgBuff[34]=0x1,start:0,len:8,temp:8,
05-27 19:12:54.227   351   516 D automotive.vehicle@2.0-adayo-func-bcm: BCMFunc sendMessageFromVehicle_l prop: 0x214000af ,areaId: 0x0  SPLITE_BIT_DATA_INTEGER : 1
05-27 19:12:54.227   351   516 D automotive.vehicle@2.0-adayo-func-bcm: BCMFunc sendMessageFromVehicle_l id:557842607, area:0 not report! 
05-27 19:12:54.227   351   516 D automotive.vehicle@2.0-adayo-func-bcm: BCMFunc sendMessageFromVehicle_l dataType: 12,mByte=35,propid=0x21400079
05-27 19:12:54.227   351   516 D automotive.vehicle@2.0-adayo-func-bcm: BCMFunc sendMessageFromVehicle_l msgBuff[35]=0x1,start:0,len:8,temp:8,
05-27 19:12:54.227   351   516 D automotive.vehicle@2.0-adayo-func-bcm: BCMFunc sendMessageFromVehicle_l prop: 0x21400079 ,areaId: 0x0  SPLITE_BIT_DATA_INTEGER : 1
05-27 19:12:54.227   351   516 D automotive.vehicle@2.0-adayo-func-bcm: BCMFunc sendMessageFromVehicle_l id:557842553, area:0 not report! 
05-27 19:12:54.228   581   581 I SpiService: fgesysctrl_getGPIO_status success val=1
05-27 19:12:54.228   572   572 I Sensors : 230 AccelSensor: x:-0.167140,y:0.007319,z:-9.974720
05-27 19:12:54.233   581   581 I SpiService: fgesysctrl_getGPIO_status success val=1
05-27 09:04:03.198   581   581 D spi_rst_gpio_get_output: GPIO 145 value: 1
05-27 09:04:03.198   581   581 D spidev_ioctl: gpio status=1)
05-27 19:12:54.235   536   536 D commservice260303: msg.id = 1028,0
05-27 19:12:54.236   536   536 D commservice260303: i = 170, msgid = 8A000404
05-27 19:12:54.236   536   536 D commservice260303: msgid = -1979710460,did=138
05-27 19:12:54.236   536   536 D commservice260303: CommProtocolLibCmdBaseI2C::dataproc {"command":{"id":"imu_status","sub":""},"content":{"TimeStamp":12,"FrameCounter":288233,"GD_X":-0.012063807807862759,"GD_Y":0.0064898948185145855,"GD_Z":0.0020608289632946253,"AD_X":-5.062371492385864E-4,"AD_Y":0.002775748260319233,"AD_Z":-0.16948509216308594,"TempDsp":0,"Status":0,"CalibState":1,"SigAmpInvalid":0}},-1979710460
05-27 19:12:54.236   536   536 D commservice260303: send2Cluster len:317, 7B22636F6D6D616E64223A7B226964223A22696D755F737461747573222C22737562223A22227D2C22636F6E74656E74223A7B2254696D655374616D70223A31322C224672616D65436F756E746572223A3238383233332C2247445F58223A2D302E3031323036333830373830373836323735392C2247445F59223A302E303036343839383934383138353134353835352C2247445F5A223A302E303032303630383238393633323934363235332C2241445F58223A2D352E303632333731343932333835383634452D342C2241445F59223A302E3030323737353734383236303331393233332C2241445F5A223A2D302E31363934383530393231363330383539342C2254656D70447370223A302C22537461747573223A302C2243616C69625374617465223A312C22536967416D70496E76616C6964223A307D7D, 138 
05-27 19:12:54.236   536   536 D commservice260303: Push Message into SendPool fn=-1079442432
05-27 19:12:54.236   536   536 D commservice260303: ComProtocolLibSend2Cluster::send2ClusterRaw fn=-1079442432 , len=333
05-27 19:12:54.236   536   536 D commservice260303: sendCmdToPort :333!!!
05-27 19:12:54.236   536   536 D commservice260303: send Cmd To Port ++++5AA501498A010004A9BF6A16D1B67B22636F6D6D616E64223A7B226964223A22696D755F737461747573222C22737562223A22227D2C22636F6E74656E74223A7B2254696D655374616D70223A31322C224672616D65436F756E746572223A3238383233332C2247445F58223A2D302E3031323036333830373830373836323735392C2247445F59223A302E303036343839383934383138353134353835352C2247445F5A223A302E303032303630383238393633323934363235332C2241445F58223A2D352E303632333731343932333835383634452D342C2241445F59223A302E3030323737353734383236303331393233332C2241445F5A223A2D302E31363934383530393231363330383539342C2254656D70447370223A302C22537461747573223A302C2243616C69625374617465223A312C22536967416D70496E76616C6964223A307D7DDEED
05-27 19:12:54.236   536   536 D commservice260303: bufferevent_write retrun value = 0
05-27 19:12:54.236   536   560 D commservice260303: client datas send succeed,send finish
05-27 19:12:54.237 13911 14192 D Sentinelmode_1.2.5.17_sentry: <SentryImuClusterFgeSender>imu_status sent to Linux, frame=288233, tsNs=12241479, tsMs=12, intervalMs=40, ad=(-5.0623715E-4,0.0027757483,-0.16948509), gd=(-0.012063808,0.006489895,0.002060829)
05-27 19:12:54.238   581   581 I SpiService: fgesysctrl_getGPIO_status success val=1
05-27 09:04:03.203   581   581 D spi_rst_gpio_get_output: GPIO 145 value: 1
05-27 09:04:03.203   581   581 D spidev_ioctl: gpio status=1)
05-27 19:12:54.243 13911 14183 I SentryImuMcuAngleSender: 179.95796rollDeg
05-27 19:12:54.244 13911 14183 I SentryImuMcuAngleSender: 1,0,0
05-27 19:12:54.244   581   581 I SpiService: fgesysctrl_getGPIO_status success val=1
05-27 09:04:03.208   581   581 D spi_rst_gpio_get_output: GPIO 145 value: 1
05-27 09:04:03.208   581   581 D spidev_ioctl: gpio status=1)
05-27 19:12:54.246   566 11459 I gps_hdbd: nmea_cs <0> != calc_cs <16>, return -1
05-27 19:12:54.248   283   307 I rvcservice: t.code = 3, t.value = 0
05-27 19:12:54.249   581   581 I SpiService: fgesysctrl_getGPIO_status success val=0
05-27 19:12:54.249   481   597 I mcuc    : send SPI:6AA602F6BB00028900C2
05-27 09:04:03.214   581   581 D spi_rst_gpio_get_output: GPIO 145 value: 0
05-27 09:04:03.214   581   581 D spidev_ioctl: gpio status=0)
05-27 19:12:54.257   830   830 D SurfaceFlinger: unisoc-graphics, commit has frameMissed:2, vysncId:446580
05-27 19:12:54.260 15863 16069 D AIN-HttpHealthPolicy: response: 200, cost=170
05-27 19:12:54.260 15863 16068 D AIN-PingWorker: updateHost: result=true,host=www.kuaishou.com,delay=170
05-27 19:12:54.260 15863 16068 D AIN-NetCheckerOutputer: onHealthy
05-27 19:12:54.260 15863 16068 D AIN-ServiceHub: getService with: name = service_tracker
05-27 19:12:54.262  3711  3711 I ANWJNI_SECOND: +++ JNI_OnLoad
05-27 19:12:54.262  3711  3711 I ANWJNI_SECOND: +++ registerNativeMethods
05-27 19:12:54.262  3711  3711 I ANWJNI_SECOND: numMethods = 245
05-27 19:12:54.264  3711  3711 I ANWJNI_SECOND: --- registerNativeMethods
05-27 19:12:54.264 13911 14183 I SentryImuMcuAngleSender: 179.94391rollDeg
05-27 19:12:54.264 13911 14183 I SentryImuMcuAngleSender: 1,0,0
05-27 19:12:54.265   581   581 I SpiService: fgesysctrl_getGPIO_status success val=1
05-27 09:04:03.229   581   581 D spi_rst_gpio_get_output: GPIO 145 value: 1
05-27 09:04:03.229   581   581 D spidev_ioctl: gpio status=1)
05-27 19:12:54.265  3711  3711 D ANWJNI_SECOND: (3711|0x5467E4F8)[BTAPP] read XML config file
05-27 19:12:54.265  3711  3711 D ANWJNI_SECOND: 
05-27 19:12:54.265  3711  3711 D ANWJNI_SECOND: (3711|0x5467E4F8)[BTAPP] run Read (/system/etc/bluetooth/btmonitor-config_second.xml) Start
05-27 19:12:54.265  3711  3711 D ANWJNI_SECOND: 
05-27 19:12:54.265  3711  3711 D ANWJNI_SECOND: (3711|0x5467E4F8)[BTAPP] run Read (btmonitor-config.xml) source_data != NULL
05-27 19:12:54.265  3711  3711 D ANWJNI_SECOND: 
05-27 19:12:54.265  3711  3711 D ANWJNI_SECOND: (3711|0x5467E4F8)[BTAPP] XML : find HID setting
05-27 19:12:54.265  3711  3711 D ANWJNI_SECOND: 
05-27 19:12:54.266  3711  3711 D ANWJNI_SECOND: (3711|0x5467E4F8)[BTAPP] HID set(close)
05-27 19:12:54.266  3711  3711 D ANWJNI_SECOND: 
05-27 19:12:54.266  3711  3711 D ANWJNI_SECOND: (3711|0x5467E4F8)[BTAPP] XML : find SPP setting
05-27 19:12:54.266  3711  3711 D ANWJNI_SECOND: 
05-27 19:12:54.266  3711  3711 D ANWJNI_SECOND: (3711|0x5467E4F8)[BTAPP] SPP set(close)
05-27 19:12:54.266  3711  3711 D ANWJNI_SECOND: 
05-27 19:12:54.266  3711  3711 D ANWJNI_SECOND: (3711|0x5467E4F8)[BTAPP] XML : find PINCode setting
05-27 19:12:54.266  3711  3711 D ANWJNI_SECOND: 
05-27 19:12:54.266  3711  3711 D ANWJNI_SECOND: (3711|0x5467E4F8)[BTAPP] PinCode set(close)
05-27 19:12:54.266  3711  3711 D ANWJNI_SECOND: 
05-27 19:12:54.266  3711  3711 D ANWJNI_SECOND: (3711|0x5467E4F8)[BTAPP] get setpincode data fail
05-27 19:12:54.266  3711  3711 D ANWJNI_SECOND: 
05-27 19:12:54.266  3711  3711 D ANWJNI_SECOND: (3711|0x5467E4F8)[BTAPP] get set_legacy_pin data fail
05-27 19:12:54.266  3711  3711 D ANWJNI_SECOND: 
05-27 19:12:54.266  3711  3711 D ANWJNI_SECOND: (3711|0x5467E4F8)[BTAPP] XML : find spp_uuid setting
05-27 19:12:54.266  3711  3711 D ANWJNI_SECOND: 
05-27 19:12:54.266  3711  3711 D ANWJNI_SECOND: (3711|0x5467E4F8)[BTAPP] XML : ca_spp_uuid len(32)
05-27 19:12:54.266  3711  3711 D ANWJNI_SECOND: 
05-27 19:12:54.266  3711  3711 D ANWJNI_SECOND: (3711|0x5467E4F8)[BTAPP] XML : SPP_UUID_fromXML len(16):(
05-27 19:12:54.266  3711  3711 D ANWJNI_SECOND: (3711|0x5467E4F8)[BTAPP] 0xfa 
05-27 19:12:54.266  3711  3711 D ANWJNI_SECOND: (3711|0x5467E4F8)[BTAPP] 0xeb 
05-27 19:12:54.266  3711  3711 D ANWJNI_SECOND: (3711|0x5467E4F8)[BTAPP] 0xdc 
05-27 19:12:54.266  3711  3711 D ANWJNI_SECOND: (3711|0x5467E4F8)[BTAPP] 0x12 
05-27 19:12:54.266  3711  3711 D ANWJNI_SECOND: (3711|0x5467E4F8)[BTAPP] 0x7 
05-27 19:12:54.266  3711  3711 D ANWJNI_SECOND: (3711|0x5467E4F8)[BTAPP] 0x2c 
05-27 19:12:54.267  3711  3711 D ANWJNI_SECOND: (3711|0x5467E4F8)[BTAPP] 0xb0 
05-27 19:12:54.267  3711  3711 D ANWJNI_SECOND: (3711|0x5467E4F8)[BTAPP] 0xa4 
05-27 19:12:54.267  3711  3711 D ANWJNI_SECOND: (3711|0x5467E4F8)[BTAPP] 0x10 
05-27 19:12:54.267  3711  3711 D ANWJNI_SECOND: (3711|0x5467E4F8)[BTAPP] 0xa 
05-27 19:12:54.267  3711  3711 D ANWJNI_SECOND: (3711|0x5467E4F8)[BTAPP] 0x5a 
05-27 19:12:54.267  3711  3711 D ANWJNI_SECOND: (3711|0x5467E4F8)[BTAPP] 0x61 
05-27 19:12:54.267  3711  3711 D ANWJNI_SECOND: (3711|0x5467E4F8)[BTAPP] 0x8d 
05-27 19:12:54.267  3711  3711 D ANWJNI_SECOND: (3711|0x5467E4F8)[BTAPP] 0xc9 
05-27 19:12:54.267  3711  3711 D ANWJNI_SECOND: (3711|0x5467E4F8)[BTAPP] 0x40 
05-27 19:12:54.267  3711  3711 D ANWJNI_SECOND: (3711|0x5467E4F8)[BTAPP] 0x1c 
05-27 19:12:54.267  3711  3711 D ANWJNI_SECOND: (3711|0x5467E4F8)[BTAPP] )
05-27 19:12:54.267  3711  3711 D ANWJNI_SECOND: 
05-27 19:12:54.267  3711  3711 D ANWJNI_SECOND: (3711|0x5467E4F8)[BTAPP] XML : find Apple spp_uuid setting
05-27 19:12:54.267  3711  3711 D ANWJNI_SECOND: 
05-27 19:12:54.267  3711  3711 D ANWJNI_SECOND: (3711|0x5467E4F8)[BTAPP] XML : Apple ca_spp_uuid len(32)
05-27 19:12:54.267  3711  3711 D ANWJNI_SECOND: 
05-27 19:12:54.267  3711  3711 D ANWJNI_SECOND: (3711|0x5467E4F8)[BTAPP] XML : Apple SPP_UUID_fromXML len(16):(
05-27 19:12:54.267  3711  3711 D ANWJNI_SECOND: (3711|0x5467E4F8)[BTAPP] 0x0 
05-27 19:12:54.267  3711  3711 D ANWJNI_SECOND: (3711|0x5467E4F8)[BTAPP] 0x0 
05-27 19:12:54.267  3711  3711 D ANWJNI_SECOND: (3711|0x5467E4F8)[BTAPP] 0x0 
05-27 19:12:54.267  3711  3711 D ANWJNI_SECOND: (3711|0x5467E4F8)[BTAPP] 0x0 
05-27 19:12:54.267  3711  3711 D ANWJNI_SECOND: (3711|0x5467E4F8)[BTAPP] 0xde 
05-27 19:12:54.267  3711  3711 D ANWJNI_SECOND: (3711|0x5467E4F8)[BTAPP] 0xca 
05-27 19:12:54.267  3711  3711 D ANWJNI_SECOND: (3711|0x5467E4F8)[BTAPP] 0xfa 
05-27 19:12:54.268  3711  3711 D ANWJNI_SECOND: (3711|0x5467E4F8)[BTAPP] 0xde 
05-27 19:12:54.268  3711  3711 D ANWJNI_SECOND: (3711|0x5467E4F8)[BTAPP] 0xde 
05-27 19:12:54.268  3711  3711 D ANWJNI_SECOND: (3711|0x5467E4F8)[BTAPP] 0xca 
05-27 19:12:54.268  3711  3711 D ANWJNI_SECOND: (3711|0x5467E4F8)[BTAPP] 0xde 
05-27 19:12:54.268  3711  3711 D ANWJNI_SECOND: (3711|0x5467E4F8)[BTAPP] 0xaf 
05-27 19:12:54.268  3711  3711 D ANWJNI_SECOND: (3711|0x5467E4F8)[BTAPP] 0xde 
05-27 19:12:54.268  3711  3711 D ANWJNI_SECOND: (3711|0x5467E4F8)[BTAPP] 0xca 
05-27 19:12:54.268  3711  3711 D ANWJNI_SECOND: (3711|0x5467E4F8)[BTAPP] 0xca 
05-27 19:12:54.268  3711  3711 D ANWJNI_SECOND: (3711|0x5467E4F8)[BTAPP] 0xfe 
05-27 19:12:54.268  3711  3711 D ANWJNI_SECOND: (3711|0x5467E4F8)[BTAPP] )
05-27 19:12:54.268  3711  3711 D ANWJNI_SECOND: 
05-27 19:12:54.268  3711  3711 D ANWJNI_SECOND: (3711|0x5467E4F8)[BTAPP] XML : find calllogsize setting
05-27 19:12:54.268  3711  3711 D ANWJNI_SECOND: 
05-27 19:12:54.268  3711  3711 D ANWJNI_SECOND: (3711|0x5467E4F8)[BTAPP] XML : find ca_calllogsize(100)(100)
05-27 19:12:54.268  3711  3711 D ANWJNI_SECOND: 
05-27 19:12:54.268  3711  3711 D ANWJNI_SECOND: (3711|0x5467E4F8)[BTAPP] get contactssize data fail
05-27 19:12:54.268  3711  3711 D ANWJNI_SECOND: 
05-27 19:12:54.268  3711  3711 D ANWJNI_SECOND: (3711|0x5467E4F8)[BTAPP] get mincallsize data fail
05-27 19:12:54.268  3711  3711 D ANWJNI_SECOND: 
05-27 19:12:54.268  3711  3711 D ANWJNI_SECOND: (3711|0x5467E4F8)[BTAPP] XML : find voice setting
05-27 19:12:54.268  3711  3711 D ANWJNI_SECOND: 
05-27 19:12:54.268  3711  3711 D ANWJNI_SECOND: (3711|0x5467E4F8)[BTAPP] voice set(close)
05-27 19:12:54.268  3711  3711 D ANWJNI_SECOND: 
05-27 19:12:54.268  3711  3711 D ANWJNI_SECOND: (3711|0x5467E4F8)[BTAPP] XML : find voicedelay setting
05-27 19:12:54.268  3711  3711 D ANWJNI_SECOND: 
05-27 19:12:54.268  3711  3711 D ANWJNI_SECOND: (3711|0x5467E4F8)[BTAPP] voicedelay set(close)
05-27 19:12:54.268  3711  3711 D ANWJNI_SECOND: 
05-27 19:12:54.268  3711  3711 D ANWJNI_SECOND: (3711|0x5467E4F8)[BTAPP] get wechatvoice data fail
05-27 19:12:54.268  3711  3711 D ANWJNI_SECOND: 
05-27 19:12:54.269  3711  3711 D ANWJNI_SECOND: (3711|0x5467E4F8)[BTAPP] XML : pair any way
05-27 19:12:54.269  3711  3711 D ANWJNI_SECOND: 
05-27 19:12:54.269  3711  3711 D ANWJNI_SECOND: (3711|0x5467E4F8)[BTAPP] pairing need confirmation  accept
05-27 19:12:54.269  3711  3711 D ANWJNI_SECOND: 
05-27 19:12:54.269  3711  3711 D ANWJNI_SECOND: (3711|0x5467E4F8)[BTAPP] get use_combine data fail
05-27 19:12:54.269  3711  3711 D ANWJNI_SECOND: 
05-27 19:12:54.269  3711  3711 D ANWJNI_SECOND: (3711|0x5467E4F8)[BTAPP] XML : select pbap_photo or not
05-27 19:12:54.269  3711  3711 D ANWJNI_SECOND: 
05-27 19:12:54.269  3711  3711 D ANWJNI_SECOND: (3711|0x5467E4F8)[BTAPP] select pbap_photo
05-27 19:12:54.269  3711  3711 D ANWJNI_SECOND: 
05-27 19:12:54.269  3711  3711 D ANWJNI_SECOND: (3711|0x5467E4F8)[BTAPP] XML : select pbap_email or not
05-27 19:12:54.269  3711  3711 D ANWJNI_SECOND: 
05-27 19:12:54.269  3711  3711 D ANWJNI_SECOND: (3711|0x5467E4F8)[BTAPP] select pbap_email
05-27 19:12:54.269  3711  3711 D ANWJNI_SECOND: 
05-27 19:12:54.269  3711  3711 D ANWJNI_SECOND: (3711|0x5467E4F8)[BTAPP] XML : select pbap_adr or not
05-27 19:12:54.269  3711  3711 D ANWJNI_SECOND: 
05-27 19:12:54.269  3711  3711 D ANWJNI_SECOND: (3711|0x5467E4F8)[BTAPP] select pbap_adr
05-27 19:12:54.269  3711  3711 D ANWJNI_SECOND: 
05-27 19:12:54.269  3711  3711 D ANWJNI_SECOND: (3711|0x5467E4F8)[BTAPP] XML : select pbap_url or not
05-27 19:12:54.269  3711  3711 D ANWJNI_SECOND: 
05-27 19:12:54.269  3711  3711 D ANWJNI_SECOND: (3711|0x5467E4F8)[BTAPP] select pbap_url
05-27 19:12:54.269  3711  3711 D ANWJNI_SECOND: 
05-27 19:12:54.269  3711  3711 D ANWJNI_SECOND: (3711|0x5467E4F8)[BTAPP] get volume_control data fail
05-27 19:12:54.269  3711  3711 D ANWJNI_SECOND: 
05-27 19:12:54.269 28437 28493 D ANWAPI  : (28437|0xFF195CB0)[BTAPI] AnwhciEventCallback 19 1
05-27 19:12:54.269  3711  3711 D ANWJNI_SECOND: (3711|0x5467E4F8)[BTAPP] get carplay data fail
05-27 19:12:54.269  3711  3711 D ANWJNI_SECOND: 
05-27 19:12:54.269  3711  3711 D ANWJNI_SECOND: (3711|0x5467E4F8)[BTAPP] XML : select socket or not
05-27 19:12:54.269  3711  3711 D ANWJNI_SECOND: 
05-27 19:12:54.269  3711  3711 D ANWJNI_SECOND: (3711|0x5467E4F8)[BTAPP]  support socket
05-27 19:12:54.269  3711  3711 D ANWJNI_SECOND: 
05-27 19:12:54.269  3711  3711 D ANWJNI_SECOND: (3711|0x5467E4F8)[BTAPP] get androidauto data fail
05-27 19:12:54.269  3711  3711 D ANWJNI_SECOND: 
05-27 19:12:54.270  3711  3711 D ANWJNI_SECOND: (3711|0x5467E4F8)[BTAPP] get auto_transfer data fail
05-27 19:12:54.270  3711  3711 D ANWJNI_SECOND: 
05-27 19:12:54.270  3711  3711 D ANWJNI_SECOND: (3711|0x5467E4F8)[BTAPP] get audio_dsp_mute data fail
05-27 19:12:54.270  3711  3711 D ANWJNI_SECOND: 
05-27 19:12:54.270  3711  3711 D ANWJNI_SECOND: (3711|0x5467E4F8)[BTAPP] get audio_dsp_delay data fail
05-27 19:12:54.270  3711  3711 D ANWJNI_SECOND: 
05-27 19:12:54.270  3711  3711 D ANWJNI_SECOND: (3711|0x5467E4F8)[BTAPP] XML : hfp_audio_driver_open 
05-27 19:12:54.270  3711  3711 D ANWJNI_SECOND: 
05-27 19:12:54.270  3711  3711 D ANWJNI_SECOND: (3711|0x5467E4F8)[BTAPP] hfp audio driver close
05-27 19:12:54.270  3711  3711 D ANWJNI_SECOND: 
05-27 19:12:54.270  3711  3711 D ANWJNI_SECOND: (3711|0x5467E4F8)[BTAPP] XML : hfp_wbs_open_data 
05-27 19:12:54.270  3711  3711 D ANWJNI_SECOND: 
05-27 19:12:54.270  3711  3711 D ANWJNI_SECOND: (3711|0x5467E4F8)[BTAPP] hfp wbs enable
05-27 19:12:54.270  3711  3711 D ANWJNI_SECOND: 
05-27 19:12:54.270  3711  3711 D ANWJNI_SECOND: (3711|0x5467E4F8)[BTAPP] get avrcp_browsing_open data fail
05-27 19:12:54.270  3711  3711 D ANWJNI_SECOND: 
05-27 19:12:54.270  3711  3711 D ANWJNI_SECOND: (3711|0x5467E4F8)[BTAPP] get connect_special_profile_id data fail
05-27 19:12:54.270  3711  3711 D ANWJNI_SECOND: 
05-27 19:12:54.270  3711  3711 D ANWJNI_SECOND: (3711|0x5467E4F8)[BTAPP] XML : connect_single_profile 
05-27 19:12:54.270  3711  3711 D ANWJNI_SECOND: 
05-27 19:12:54.270  3711  3711 D ANWJNI_SECOND: (3711|0x5467E4F8)[BTAPP] connect_single_profile open
05-27 19:12:54.270  3711  3711 D ANWJNI_SECOND: 
05-27 19:12:54.270   581   581 I SpiService: fgesysctrl_getGPIO_status success val=1
05-27 19:12:54.270  3711  3711 D ANWJNI_SECOND: (3711|0x5467E4F8)[BTAPP] XML : find waveout_pre_buffer_count setting
05-27 19:12:54.270  3711  3711 D ANWJNI_SECOND: 
05-27 19:12:54.270  3711  3711 D ANWJNI_SECOND: (3711|0x5467E4F8)[BTAPP] XML : set waveout_pre_buffer_count success(101)
05-27 19:12:54.270  3711  3711 D ANWJNI_SECOND: 
05-27 19:12:54.270  3711  3711 D ANWJNI_SECOND: (3711|0x5467E4F8)[BTAPP] XML : find waveout_pre_buffer_count setting
05-27 19:12:54.270  3711  3711 D ANWJNI_SECOND: 
05-27 19:12:54.270  3711  3711 D ANWJNI_SECOND: (3711|0x5467E4F8)[BTAPP] XML : set local_music_pre_buffer_count success(40)
05-27 19:12:54.270  3711  3711 D ANWJNI_SECOND: 
05-27 19:12:54.270  3711  3711 D ANWJNI_SECOND: (3711|0x5467E4F8)[BTAPP] XML : inband_ring 
05-27 19:12:54.270  3711  3711 D ANWJNI_SECOND: 
05-27 19:12:54.270  3711  3711 D ANWJNI_SECOND: (3711|0x5467E4F8)[BTAPP] inband_ring open
05-27 19:12:54.270  3711  3711 D ANWJNI_SECOND: 
05-27 19:12:54.270  3711  3711 D ANWJNI_SECOND: (3711|0x5467E4F8)[BTAPP] XML : find map_download_max_size setting
05-27 19:12:54.270  3711  3711 D ANWJNI_SECOND: 
05-27 19:12:54.271  3711  3711 D ANWJNI_SECOND: (3711|0x5467E4F8)[BTAPP] XML : set map_download_max_size failed(20)
05-27 19:12:54.271  3711  3711 D ANWJNI_SECOND: 
05-27 19:12:54.271  3711  3711 D ANWJNI_SECOND: (3711|0x5467E4F8)[BTAPP] XML : stack debug
05-27 19:12:54.271  3711  3711 D ANWJNI_SECOND: 
05-27 19:12:54.271  3711  3711 D ANWJNI_SECOND: (3711|0x5467E4F8)[BTAPP] XML : stack debug open
05-27 19:12:54.271  3711  3711 D ANWJNI_SECOND: 
05-27 19:12:54.271  3711  3711 D ANWAPI_SECOND: (3711|0x5467E4F8)[BTAPI] >>>AnWBT_Usr_DebugLog
05-27 19:12:54.271  3711  3711 D ANWAPI_SECOND: (3711|0x5467E4F8)[BTAPI] <<<<AnWBT_Usr_DebugLog: ret=0
05-27 19:12:54.271  3711  3711 D ANWJNI_SECOND: (3711|0x5467E4F8)[BTAPP] XML : app debug
05-27 19:12:54.271  3711  3711 D ANWJNI_SECOND: 
05-27 19:12:54.271  3711  3711 D ANWJNI_SECOND: (3711|0x5467E4F8)[BTAPP] XML : app debug open
05-27 19:12:54.271  3711  3711 D ANWJNI_SECOND: 
05-27 19:12:54.271  3711  3711 D ANWJNI_SECOND: (3711|0x5467E4F8)[BTAPP] XML : api debug
05-27 19:12:54.271  3711  3711 D ANWJNI_SECOND: 
05-27 19:12:54.271  3711  3711 D ANWJNI_SECOND: (3711|0x5467E4F8)[BTAPP] XML : api debug open
05-27 19:12:54.271  3711  3711 D ANWJNI_SECOND: 
05-27 19:12:54.271  3711  3711 D ANWJNI_SECOND: (3711|0x5467E4F8)[BTAPP] XML : hfp debug
05-27 19:12:54.271  3711  3711 D ANWJNI_SECOND: 
05-27 19:12:54.271  3711  3711 D ANWJNI_SECOND: (3711|0x5467E4F8)[BTAPP] XML : hfp debug open
05-27 19:12:54.271  3711  3711 D ANWJNI_SECOND: 
05-27 19:12:54.271  3711  3711 D ANWJNI_SECOND: (3711|0x5467E4F8)[BTAPP] XML : a2dp debug
05-27 19:12:54.271  3711  3711 D ANWJNI_SECOND: 
05-27 19:12:54.271  3711  3711 D ANWJNI_SECOND: (3711|0x5467E4F8)[BTAPP] XML : a2dp debug open
05-27 19:12:54.271  3711  3711 D ANWJNI_SECOND: 
05-27 19:12:54.271  3711  3711 D ANWJNI_SECOND: (3711|0x5467E4F8)[BTAPP] XML : waveout debug
05-27 19:12:54.271  3711  3711 D ANWJNI_SECOND: 
05-27 19:12:54.271  3711  3711 D ANWJNI_SECOND: (3711|0x5467E4F8)[BTAPP] XML : waveout debug open
05-27 19:12:54.271  3711  3711 D ANWJNI_SECOND: 
05-27 19:12:54.271  3711  3711 D ANWJNI_SECOND: (3711|0x5467E4F8)[BTAPP] XML : avrcp debug
05-27 19:12:54.271  3711  3711 D ANWJNI_SECOND: 
05-27 19:12:54.272  3711  3711 D ANWJNI_SECOND: (3711|0x5467E4F8)[BTAPP] XML : avrcp debug open
05-27 19:12:54.272  3711  3711 D ANWJNI_SECOND: 
05-27 19:12:54.272  3711  3711 D ANWJNI_SECOND: (3711|0x5467E4F8)[BTAPP] XML : pbap debug
05-27 19:12:54.272  3711  3711 D ANWJNI_SECOND: 
05-27 19:12:54.272  3711  3711 D ANWJNI_SECOND: (3711|0x5467E4F8)[BTAPP] XML : pbap debug open
05-27 19:12:54.272  3711  3711 D ANWJNI_SECOND: 
05-27 19:12:54.272  3711  3711 D ANWJNI_SECOND: (3711|0x5467E4F8)[BTAPP] XML : map debug
05-27 19:12:54.272  3711  3711 D ANWJNI_SECOND: 
05-27 19:12:54.272  3711  3711 D ANWJNI_SECOND: (3711|0x5467E4F8)[BTAPP] XML : map debug open
05-27 19:12:54.272  3711  3711 D ANWJNI_SECOND: 
05-27 19:12:54.272  3711  3711 D ANWJNI_SECOND: (3711|0x5467E4F8)[BTAPP] get debug_iap data fail
05-27 19:12:54.272  3711  3711 D ANWJNI_SECOND: 
05-27 19:12:54.272  3711  3711 D ANWJNI_SECOND: (3711|0x5467E4F8)[BTAPP] XML : btsnoop
05-27 19:12:54.272  3711  3711 D ANWJNI_SECOND: 
05-27 19:12:54.272  3711  3711 D ANWJNI_SECOND: (3711|0x5467E4F8)[BTAPP] XML : btsnoop open
05-27 19:12:54.272  3711  3711 D ANWJNI_SECOND: 
05-27 19:12:54.272  3711  3711 D ANWJNI_SECOND: (3711|0x5467E4F8)[BTAPP] XML : file_path 
05-27 19:12:54.272  3711  3711 D ANWJNI_SECOND: 
05-27 19:12:54.272  3711  3711 D ANWJNI_SECOND: (3711|0x5467E4F8)[BTAPP] XML : file_path /data/misc/anw/ is exist,so break
05-27 19:12:54.272  3711  3711 D ANWJNI_SECOND: 
05-27 19:12:54.272  3711  3711 D ANW_AVRCP_SECOND: AnWBT_Set_Storage_Path path /data/misc/anw/
05-27 19:12:54.272  3711  3711 D ANWJNI_SECOND: (3711|0x5467E4F8)[BTAPP] XML : btsnoop_file_path 
05-27 19:12:54.272  3711  3711 D ANWJNI_SECOND: 
05-27 19:12:54.272  3711  3711 D ANWJNI_SECOND: (3711|0x5467E4F8)[BTAPP] XML : btsnoop_path /data/misc/anw/logs/ is exist,so break
05-27 19:12:54.272  3711  3711 D ANWJNI_SECOND: 
05-27 19:12:54.272  3711  3711 D ANWJNI_SECOND: (3711|0x5467E4F8)[BTAPP] XML : find btsnoop_file_size_MB setting
05-27 19:12:54.272  3711  3711 D ANWJNI_SECOND: 
05-27 19:12:54.272  3711  3711 D ANWJNI_SECOND: (3711|0x5467E4F8)[BTAPP] XML : find maxBtSnoopFileSize_MB(100)(100)
05-27 19:12:54.272  3711  3711 D ANWJNI_SECOND: 
05-27 19:12:54.273  3711  3711 D ANWJNI_SECOND: (3711|0x5467E4F8)[BTAPP] XML : find rfkillstate_path:/sys/class/gpio/gpio142/value
05-27 19:12:54.273  3711  3711 D ANWJNI_SECOND: 
05-27 19:12:54.273  3711  3711 D ANWAPI_SECOND: (3711|0x5467E4F8)[BTAPI] AnW_BT_SetRfkillStatePath
05-27 09:04:03.235   581   581 D spi_rst_gpio_get_output: GPIO 145 value: 1
05-27 09:04:03.235   581   581 D spidev_ioctl: gpio status=1)
05-27 19:12:54.273  3711  3711 D ANWJNI_SECOND: (3711|0x5467E4F8)[BTAPP] get dump_pcm data fail
05-27 19:12:54.273  3711  3711 D ANWJNI_SECOND: 
05-27 19:12:54.274   830   830 D SurfaceFlinger: unisoc-graphics, commit has frameMissed:2, vysncId:446595
05-27 19:12:54.275   581   581 I SpiService: fgesysctrl_getGPIO_status success val=1
05-27 09:04:03.240   581   581 D spi_rst_gpio_get_output: GPIO 145 value: 1
05-27 09:04:03.240   581   581 D spidev_ioctl: gpio status=1)
05-27 19:12:54.277   536   536 D commservice260303: msg.id = 1028,0
05-27 19:12:54.277   536   536 D commservice260303: i = 170, msgid = 8A000404
05-27 19:12:54.277   536   536 D commservice260303: msgid = -1979710460,did=138
05-27 19:12:54.277   536   536 D commservice260303: CommProtocolLibCmdBaseI2C::dataproc {"command":{"id":"imu_status","sub":""},"content":{"TimeStamp":12,"FrameCounter":288234,"GD_X":-0.010994902811944485,"GD_Y":0.0056498548947274685,"GD_Z":0.00259606190957129,"AD_X":-0.005375891923904419,"AD_Y":0.002750420942902565,"AD_Z":-0.16704559326171875,"TempDsp":0,"Status":0,"CalibState":1,"SigAmpInvalid":0}},-1979710460
05-27 19:12:54.277   536   536 D commservice260303: send2Cluster len:315, 7B22636F6D6D616E64223A7B226964223A22696D755F737461747573222C22737562223A22227D2C22636F6E74656E74223A7B2254696D655374616D70223A31322C224672616D65436F756E746572223A3238383233342C2247445F58223A2D302E3031303939343930323831313934343438352C2247445F59223A302E303035363439383534383934373237343638352C2247445F5A223A302E30303235393630363139303935373132392C2241445F58223A2D302E3030353337353839313932333930343431392C2241445F59223A302E3030323735303432303934323930323536352C2241445F5A223A2D302E31363730343535393332363137313837352C2254656D70447370223A302C22537461747573223A302C2243616C69625374617465223A312C22536967416D70496E76616C6964223A307D7D, 138 
05-27 19:12:54.277   536   536 D commservice260303: Push Message into SendPool fn=-1062665216
05-27 19:12:54.277   536   536 D commservice260303: ComProtocolLibSend2Cluster::send2ClusterRaw fn=-1062665216 , len=331
05-27 19:12:54.277   536   536 D commservice260303: sendCmdToPort :331!!!
05-27 19:12:54.278   536   536 D commservice260303: send Cmd To Port ++++5AA501478A010004A9C06A16D1B67B22636F6D6D616E64223A7B226964223A22696D755F737461747573222C22737562223A22227D2C22636F6E74656E74223A7B2254696D655374616D70223A31322C224672616D65436F756E746572223A3238383233342C2247445F58223A2D302E3031303939343930323831313934343438352C2247445F59223A302E303035363439383534383934373237343638352C2247445F5A223A302E30303235393630363139303935373132392C2241445F58223A2D302E3030353337353839313932333930343431392C2241445F59223A302E3030323735303432303934323930323536352C2241445F5A223A2D302E31363730343535393332363137313837352C2254656D70447370223A302C22537461747573223A302C2243616C69625374617465223A312C22536967416D70496E76616C6964223A307D7D2EAA
05-27 19:12:54.278   536   536 D commservice260303: bufferevent_write retrun value = 0
05-27 19:12:54.278   536   560 D commservice260303: client datas send succeed,send finish
05-27 19:12:54.278  3711  3711 D ANWJNI_SECOND: (3711|0x5467E4F8)[BTAPP] XML : accept_avrcp_ct_control
05-27 19:12:54.278  3711  3711 D ANWJNI_SECOND: 
05-27 19:12:54.278  3711  3711 D ANWJNI_SECOND: (3711|0x5467E4F8)[BTAPP] XML : accept_avrcp_ct_control close
05-27 19:12:54.278  3711  3711 D ANWJNI_SECOND: 
05-27 19:12:54.278  3711  3711 D ANWJNI_SECOND: (3711|0x5467E4F8)[BTAPP] XML : find maxHFPAGConnNum setting
05-27 19:12:54.278  3711  3711 D ANWJNI_SECOND: 
05-27 19:12:54.278  3711  3711 D ANWJNI_SECOND: (3711|0x5467E4F8)[BTAPP] XML : find maxHFPAGConnNum(2)(2)
05-27 19:12:54.278  3711  3711 D ANWJNI_SECOND: 
05-27 19:12:54.278  3711  3711 D ANWJNI_SECOND: (3711|0x5467E4F8)[BTAPP] XML : find maxHFPHFConnNum setting
05-27 19:12:54.278  3711  3711 D ANWJNI_SECOND: 
05-27 19:12:54.278  3711  3711 D ANWJNI_SECOND: (3711|0x5467E4F8)[BTAPP] XML : find maxHFPHFConnNum(0)(0)
05-27 19:12:54.278  3711  3711 D ANWJNI_SECOND: 
05-27 09:04:03.246   581   581 D spi_rst_gpio_get_output: GPIO 145 value: 1
05-27 09:04:03.246   581   581 D spidev_ioctl: gpio status=1)
05-27 09:04:03.251   581   581 D spi_rst_gpio_get_output: GPIO 145 value: 1
05-27 09:04:03.251   581   581 D spidev_ioctl: gpio status=1)
05-27 19:12:54.278  3711  3711 D ANWJNI_SECOND: (3711|0x5467E4F8)[BTAPP] XML : find maxPBAPConnNum setting
05-27 19:12:54.278  3711  3711 D ANWJNI_SECOND: 
05-27 19:12:54.278  3711  3711 D ANWJNI_SECOND: (3711|0x5467E4F8)[BTAPP] XML : find maxPBAPConnNum(0)(0)
05-27 19:12:54.278  3711  3711 D ANWJNI_SECOND: 
05-27 19:12:54.278  3711  3711 D ANWJNI_SECOND: (3711|0x5467E4F8)[BTAPP] XML : find maxMAPConnNum setting
05-27 19:12:54.278  3711  3711 D ANWJNI_SECOND: 
05-27 19:12:54.279  3711  3711 D ANWJNI_SECOND: (3711|0x5467E4F8)[BTAPP] XML : find maxMAPConnNum(0)(0)
05-27 19:12:54.279  3711  3711 D ANWJNI_SECOND: 
05-27 19:12:54.279  3711  3711 D ANWJNI_SECOND: (3711|0x5467E4F8)[BTAPP] XML : find maxA2DPSinkConnNum setting
05-27 19:12:54.279  3711  3711 D ANWJNI_SECOND: 
05-27 19:12:54.279  3711  3711 D ANWJNI_SECOND: (3711|0x5467E4F8)[BTAPP] XML : find maxA2DPSinkConnNum(0)(0)
05-27 19:12:54.279  3711  3711 D ANWJNI_SECOND: 
05-27 19:12:54.279  3711  3711 D ANWJNI_SECOND: (3711|0x5467E4F8)[BTAPP] XML : find maxA2DPSourceConnNum setting
05-27 19:12:54.279  3711  3711 D ANWJNI_SECOND: 
05-27 19:12:54.279  3711  3711 D ANWJNI_SECOND: (3711|0x5467E4F8)[BTAPP] XML : find maxA2DPSourceConnNum(2)(2)
05-27 19:12:54.279  3711  3711 D ANWJNI_SECOND: 
05-27 19:12:54.279  3711  3711 D ANWJNI_SECOND: (3711|0x5467E4F8)[BTAPP] XML : find maxAVRCPCTConnNum setting
05-27 19:12:54.279  3711  3711 D ANWJNI_SECOND: 
05-27 19:12:54.279  3711  3711 D ANWJNI_SECOND: (3711|0x5467E4F8)[BTAPP] XML : find (0)(0)
05-27 19:12:54.279  3711  3711 D ANWJNI_SECOND: 
05-27 19:12:54.279 13911 14192 D Sentinelmode_1.2.5.17_sentry: <SentryImuClusterFgeSender>imu_status sent to Linux, frame=288234, tsNs=12241517, tsMs=12, intervalMs=42, ad=(-0.005375892,0.002750421,-0.1670456), gd=(-0.010994903,0.005649855,0.002596062)
05-27 19:12:54.279  3711  3711 D ANWJNI_SECOND: (3711|0x5467E4F8)[BTAPP] XML : find maxAVRCPTGConnNum setting
05-27 19:12:54.279  3711  3711 D ANWJNI_SECOND: 
05-27 19:12:54.279  3711  3711 D ANWJNI_SECOND: (3711|0x5467E4F8)[BTAPP] XML : find maxAVRCPTGConnNum(2)(2)
05-27 19:12:54.279  3711  3711 D ANWJNI_SECOND: 
05-27 19:12:54.279  3711  3711 D ANWJNI_SECOND: (3711|0x5467E4F8)[BTAPP] XML : find maxDeviceConnNum setting
05-27 19:12:54.279  3711  3711 D ANWJNI_SECOND: 
05-27 19:12:54.280  3711  3711 D ANWJNI_SECOND: (3711|0x5467E4F8)[BTAPP] XML : find maxDeviceConnNum(2)(2)
05-27 19:12:54.280  3711  3711 D ANWJNI_SECOND: 
05-27 19:12:54.280  3711  3711 D ANWJNI_SECOND: (3711|0x5467E4F8)[BTAPP] XML : find maxSCOConnNum setting
05-27 19:12:54.280  3711  3711 D ANWJNI_SECOND: 
05-27 19:12:54.280  3711  3711 D ANWJNI_SECOND: (3711|0x5467E4F8)[BTAPP] XML : find maxSCOConnNum(2)(2)
05-27 19:12:54.280  3711  3711 D ANWJNI_SECOND: 
05-27 19:12:54.280  3711  3711 D ANWJNI_SECOND: (3711|0x5467E4F8)[BTAPP] XML : find maxHFSCOConnNum setting
05-27 19:12:54.280  3711  3711 D ANWJNI_SECOND: 
05-27 19:12:54.280  3711  3711 D ANWJNI_SECOND: (3711|0x5467E4F8)[BTAPP] XML : find maxHFSCOConnNum(0)(0)
05-27 19:12:54.280  3711  3711 D ANWJNI_SECOND: 
05-27 19:12:54.280  3711  3711 D ANWJNI_SECOND: (3711|0x5467E4F8)[BTAPP] XML : find maxAGSCOConnNum setting
05-27 19:12:54.280  3711  3711 D ANWJNI_SECOND: 
05-27 19:12:54.280  3711  3711 D ANWJNI_SECOND: (3711|0x5467E4F8)[BTAPP] XML : find maxAGSCOConnNum(2)(2)
05-27 19:12:54.280  3711  3711 D ANWJNI_SECOND: 
05-27 19:12:54.280  3711  3711 D ANWJNI_SECOND: (3711|0x5467E4F8)[BTAPP] XML : find maxOppConnNum_data setting
05-27 19:12:54.280  3711  3711 D ANWJNI_SECOND: 
05-27 19:12:54.280  3711  3711 D ANWJNI_SECOND: (3711|0x5467E4F8)[BTAPP] XML : find maxOPPConnNum(0)(0)
05-27 19:12:54.280  3711  3711 D ANWJNI_SECOND: 
05-27 19:12:54.280  3711  3711 D ANWJNI_SECOND: (3711|0x5467E4F8)[BTAPP] XML : find maxHidHostConnNum_data setting
05-27 19:12:54.280  3711  3711 D ANWJNI_SECOND: 
05-27 19:12:54.280  3711  3711 D ANWJNI_SECOND: (3711|0x5467E4F8)[BTAPP] XML : find maxHidHostConnNum(0)(0)
05-27 19:12:54.280  3711  3711 D ANWJNI_SECOND: 
05-27 19:12:54.280  3711  3711 D ANWJNI_SECOND: (3711|0x5467E4F8)[BTAPP] XML : music_mode_auto_select
05-27 19:12:54.280  3711  3711 D ANWJNI_SECOND: 
05-27 19:12:54.280  3711  3711 D ANWJNI_SECOND: (3711|0x5467E4F8)[BTAPP] XML : music_mode_auto_select open
05-27 19:12:54.280  3711  3711 D ANWJNI_SECOND: 
05-27 19:12:54.280  3711  3711 D ANWJNI_SECOND: (3711|0x5467E4F8)[BTAPP] XML : BQB_test_setting
05-27 19:12:54.280  3711  3711 D ANWJNI_SECOND: 
05-27 19:12:54.280  3711  3711 D ANWJNI_SECOND: (3711|0x5467E4F8)[BTAPP] XML : BQB_test_setting close
05-27 19:12:54.280  3711  3711 D ANWJNI_SECOND: 
05-27 19:12:54.280  3711  3711 D ANWJNI_SECOND: (3711|0x5467E4F8)[BTAPP] XML : find aaudio_device_id setting
05-27 19:12:54.280  3711  3711 D ANWJNI_SECOND: 
05-27 19:12:54.280  3711  3711 D ANWJNI_SECOND: (3711|0x5467E4F8)[BTAPP] XML : find aaudio_device_id(16)(16)
05-27 19:12:54.280  3711  3711 D ANWJNI_SECOND: 
05-27 19:12:54.280  3711  3711 D ANWJNI_SECOND: (3711|0x5467E4F8)[BTAPP] XML : local_device_name_data 
05-27 19:12:54.280  3711  3711 D ANWJNI_SECOND: 
05-27 19:12:54.280  3711  3711 D ANWAPI_SECOND: (3711|0x5467E4F8)[BTAPI] AnWBT_Set_Local_Device_Before_Init LJ_FUJIA
05-27 19:12:54.281  3711  3711 D ANWJNI_SECOND: (3711|0x5467E4F8)[BTAPP] get a2dp_sink_pcm data fail
05-27 19:12:54.281  3711  3711 D ANWJNI_SECOND: 
05-27 19:12:54.281  3711  3711 D ANWJNI_SECOND: (3711|0x5467E4F8)[BTAPP] XML : master_device_file_path 
05-27 19:12:54.281  3711  3711 D ANWJNI_SECOND: 
05-27 19:12:54.281  3711  3711 D ANWJNI_SECOND: (3711|0x5467E4F8)[BTAPP] XML : master_device_file_path /anw/target_device_info is not exist
05-27 19:12:54.281  3711  3711 D ANWJNI_SECOND: 
05-27 19:12:54.281  3711  3711 D ANWJNI_SECOND: (3711|0x5467E4F8)[BTAPP] XML : read_rssi_switch
05-27 19:12:54.281  3711  3711 D ANWJNI_SECOND: 
05-27 19:12:54.281  3711  3711 D ANWJNI_SECOND: (3711|0x5467E4F8)[BTAPP] XML : read_rssi_switch close
05-27 19:12:54.281  3711  3711 D ANWJNI_SECOND: 
05-27 19:12:54.281  3711  3711 D ANWJNI_SECOND: (3711|0x5467E4F8)[BTAPP] XML : pbapClient_autoConnectAndDownload
05-27 19:12:54.281  3711  3711 D ANWJNI_SECOND: 
05-27 19:12:54.281  3711  3711 D ANWJNI_SECOND: (3711|0x5467E4F8)[BTAPP] XML : PBAP Client auto connect an download close
05-27 19:12:54.281  3711  3711 D ANWJNI_SECOND: 
05-27 19:12:54.281  3711  3711 D ANWJNI_SECOND: (3711|0x5467E4F8)[BTAPP] get callDisconnect_AutoDownloadCalllog data fail
05-27 19:12:54.281  3711  3711 D ANWJNI_SECOND: 
05-27 19:12:54.281  3711  3711 D ANWJNI_SECOND: (3711|0x5467E4F8)[BTAPP] XML : UART_path 
05-27 19:12:54.281  3711  3711 D ANWJNI_SECOND: 
05-27 19:12:54.281   581   581 I SpiService: fgesysctrl_getGPIO_status success val=1
05-27 19:12:54.281  3711  3711 D ANWJNI_SECOND: (3711|0x5467E4F8)[BTAPP] XML : UART_path:[/dev/ttyS3]
05-27 19:12:54.281  3711  3711 D ANWJNI_SECOND: 
05-27 19:12:54.281  3711  3711 D ANWJNI_SECOND: (3711|0x5467E4F8)[BTAPP] get BTADDR_path data fail
05-27 19:12:54.281  3711  3711 D ANWJNI_SECOND: 
05-27 19:12:54.281  3711  3711 D ANWJNI_SECOND: (3711|0x5467E4F8)[BTAPP] XML : BTADDR path not find
05-27 19:12:54.281  3711  3711 D ANWJNI_SECOND: 
05-27 19:12:54.281  3711  3711 D ANWJNI_SECOND: (3711|0x5467E4F8)[BTAPP] XML : find UART_baudRate_init(115200)
05-27 19:12:54.281  3711  3711 D ANWJNI_SECOND: 
05-27 19:12:54.281  3711  3711 D ANWJNI_SECOND: (3711|0x5467E4F8)[BTAPP] XML : find UART_baudRate_normal(3000000)
05-27 19:12:54.281  3711  3711 D ANWJNI_SECOND: 
05-27 19:12:54.281  3711  3711 D ANWJNI_SECOND: (3711|0x5467E4F8)[BTAPP] XML : AVRCP_ABSOLUTE_VOLUME
05-27 19:12:54.281  3711  3711 D ANWJNI_SECOND: 
05-27 19:12:54.281  3711  3711 D ANWJNI_SECOND: (3711|0x5467E4F8)[BTAPP] XML : avrcp absolute volume change open
05-27 19:12:54.281  3711  3711 D ANWJNI_SECOND: 
05-27 19:12:54.281  3711  3711 D ANWAPI_SECOND: (3711|0x5467E4F8)[BTAPI] AnWBT_Set_Avrcp_Absoulte_Volume_Change[1]
05-27 19:12:54.282  3711  3711 D ANWJNI_SECOND: (3711|0x5467E4F8)[BTAPP] get generate_random_address data fail
05-27 19:12:54.282  3711  3711 D ANWJNI_SECOND: 
05-27 19:12:54.282  3711  3711 D ANWJNI_SECOND: (3711|0x5467E4F8)[BTAPP] get reject_a2dp_avrcp data fail
05-27 19:12:54.282  3711  3711 D ANWJNI_SECOND: 
05-27 19:12:54.282  3711  3711 D ANWJNI_SECOND: (3711|0x5467E4F8)[BTAPP] XML : find connect_by_sdp_limit setting
05-27 19:12:54.282  3711  3711 D ANWJNI_SECOND: 
05-27 19:12:54.282  3711  3711 D ANWJNI_SECOND: (3711|0x5467E4F8)[BTAPP] connect_by_sdp_limit set(close)
05-27 19:12:54.282  3711  3711 D ANWJNI_SECOND: 
05-27 19:12:54.282  3711  3711 D ANWJNI_SECOND: (3711|0x5467E4F8)[BTAPP] XML : find hfpag_auto_select_main_device setting
05-27 19:12:54.282  3711  3711 D ANWJNI_SECOND: 
05-27 19:12:54.282  3711  3711 D ANWJNI_SECOND: (3711|0x5467E4F8)[BTAPP] hfpag_auto_select_main_device set(open)
05-27 19:12:54.282  3711  3711 D ANWJNI_SECOND: 
05-27 19:12:54.282  3711  3711 D ANWJNI_SECOND: (3711|0x5467E4F8)[BTAPP] XML : find waveout_file_size_MB setting
05-27 19:12:54.282  3711  3711 D ANWJNI_SECOND: 
05-27 19:12:54.282  3711  3711 D ANWJNI_SECOND: (3711|0x5467E4F8)[BTAPP] XML : find waveout_file_size_MB_data(50)
05-27 19:12:54.282  3711  3711 D ANWJNI_SECOND: 
05-27 19:12:54.282  3711  3711 D ANWJNI_SECOND: (3711|0x5467E4F8)[BTAPP] free source_data
05-27 19:12:54.282  3711  3711 D ANWJNI_SECOND: 
05-27 19:12:54.282  3711  3711 D ANWJNI_SECOND: (3711|0x5467E4F8)[BTAPP] Read XMLfile End
05-27 19:12:54.282  3711  3711 D ANWJNI_SECOND: 
05-27 19:12:54.282  3711  3711 D ANWJNI_SECOND: (3711|0x5467E4F8)[BTAPP] run Read (/system/etc/bluetooth/anw_AA_CP_setting.cfg) Start
05-27 19:12:54.282  3711  3711 D ANWJNI_SECOND: 
05-27 19:12:54.282  3711  3711 D ANWJNI_SECOND: (3711|0x5467E4F8)[BTAPP] open BT config file (/system/etc/bluetooth/anw_AA_CP_setting.cfg) failed.
05-27 19:12:54.282  3711  3711 D ANWJNI_SECOND: 
05-27 19:12:54.282  3711  3711 D ANWJNI_SECOND: (3711|0x5467E4F8)[BTAPP] run Read (/data/misc/anw//btmonitor_lastrecord) Start
05-27 19:12:54.282  3711  3711 D ANWJNI_SECOND: 
05-27 19:12:54.282  3711  3711 D ANWJNI_SECOND: (3711|0x5467E4F8)[BTAPP] open BT last record file (/data/misc/anw//btmonitor_lastrecord) success.
05-27 19:12:54.282  3711  3711 D ANWJNI_SECOND: 
05-27 19:12:54.282  3711  3711 D ANWJNI_SECOND: (3711|0x5467E4F8)[BTAPP] read last_connected_device last_scan_mode::3
05-27 19:12:54.282  3711  3711 D ANWJNI_SECOND: 
05-27 19:12:54.282  3711  3711 D ANWJNI_SECOND: 
05-27 19:12:54.283  3711  3711 D ANWJNI_SECOND: (3711|0x5467E4F8)[BTAPP] read last_scan_mode
05-27 19:12:54.283  3711  3711 D ANWJNI_SECOND: 
05-27 19:12:54.283 28437 28493 D ANWStack: [  12241533][ANWBT] >>Avctp_L2cap_Data_Ind_Cb
05-27 19:12:54.283 28437 28493 D ANWStack: 
05-27 19:12:54.283  3711  3711 D ANWJNI_SECOND: (3711|0x5467E4F8)[BTAPP] last_scan_mode find,value is 3
05-27 19:12:54.283  3711  3711 D ANWJNI_SECOND: 
05-27 19:12:54.283 28437 28493 D ANWStack: [  12241533][ANWBT] AVCTP Message Length = 22
05-27 19:12:54.283  3711  3711 D ANWJNI_SECOND: (3711|0x5467E4F8)[BTAPP] read last_poweron_state
05-27 19:12:54.283  3711  3711 D ANWJNI_SECOND: 
05-27 19:12:54.283  3711  3711 I ANWJNI_SECOND: --- JNI_OnLoad
05-27 19:12:54.283 28437 28493 D ANWStack: [  12241534][ANWBT] Receive AVCTP_SINGLE_PACKET
05-27 19:12:54.283 28437 28493 D ANW_AVRCP: (28437|0xFF195CB0)[AVRCP] [**AVRCP**] 0x62 0x110e
05-27 09:04:03.256   581   581 D spi_rst_gpio_get_output: GPIO 145 value: 0
05-27 09:04:03.256   581   581 D spidev_ioctl: gpio status=0)
05-27 19:12:54.283 28437 28493 D ANW_AVRCP: (28437|0xFF195CB0)[AVRCP] opcode match 0x0
05-27 19:12:54.283 28437 28493 D ANW_AVRCP: 
05-27 19:12:54.283 28437 28493 D ANW_AVRCP: (28437|0xFF195CB0)[AVRCP] subopcode match 0x30, update ctype 0x1->0xc
05-27 19:12:54.283 28437 28493 D ANW_AVRCP: 
05-27 19:12:54.283 28437 28493 D ANW_AVRCP: (28437|0xFF195CB0)[AVRCP] AVRCP_Packet_Parser Response
05-27 19:12:54.283 28437 28493 D ANW_AVRCP: 
05-27 19:12:54.283 28437 28493 D ANW_AVRCP: (28437|0xFF195CB0)[AVRCP] AVRCP_Get_Play_Status_RSP_Handler 0/0 0
05-27 19:12:54.283 28437 28493 D ANWAPI  : (28437|0xFF195CB0)[BTAPI] connmgr_find_by_handle pData = 0xb40000740d7f9a10,7
05-27 19:12:54.283 28437 28493 D ANWAPI  : (28437|0xFF195CB0)[BTAPI] ===BTAPI_MallocIdxMsg 1030 16
05-27 19:12:54.283 28437 28493 D ANWAPI  : (28437|0xFF195CB0)[BTAPI] *BT_CB_Dispatch
05-27 19:12:54.283 28437 28493 D ANWAPI  : (28437|0xFF195CB0)[BTAPI] *****SDK callback(0x406)
05-27 19:12:54.283 28437 28493 D ANWAPI  : (28437|0xFF195CB0)[BTAPI] SDK***** [58:b9:65:7c:37:70]
05-27 19:12:54.283 28437 28493 D ANWAPI  : (28437|0xFF195CB0)[BTAPI] btsdk_exec_apicb start
05-27 19:12:54.283 28437 28493 D ANWAPI  : (28437|0xFF195CB0)[BTAPI] Up: AvrcpMsgHandler receive[58:B9:65:7C:37:70], Get Device ID(0)
05-27 19:12:54.283 28437 28493 D ANWAPI  : 
05-27 19:12:54.283 28437 28493 D ANWAPI  : (28437|0xFF195CB0)[BTAPI] Up: AnWBT_AVRCP_CURRENT_PLAY_STATUS_IND
05-27 19:12:54.283 28437 28493 D ANWAPI  : 
05-27 19:12:54.284 28437 28493 D ANWAPI  : (28437|0xFF195CB0)[BTAPI] songLengthMs     =0
05-27 19:12:54.284 28437 28493 D ANWAPI  : 
05-27 19:12:54.284 28437 28493 D ANWAPI  : (28437|0xFF195CB0)[BTAPI] songPositionMs   =0
05-27 19:12:54.284 28437 28493 D ANWAPI  : 
05-27 19:12:54.284 28437 28493 I ANW bt_btif: AvrcpMsgHandler: HAL bt_rc_ctrl_callbacks->play_position_changed_cb
05-27 19:12:54.284 28437 28493 I BluetoothAvrcpControllerJni: btavrcp_play_position_changed_callback
05-27 19:12:54.284 28437 28493 D AvrcpControllerService: onPlayPositionChanged pos 0
05-27 19:12:54.284 28437 28493 D ANWAPI  : (28437|0xFF195CB0)[BTAPI] currentPlayStatus=0
05-27 19:12:54.284 28437 28493 D ANWAPI  : 
05-27 19:12:54.284 28437 28493 I ANW bt_btif: AvrcpMsgHandler: HAL bt_rc_ctrl_callbacks->play_status_changed_cb
05-27 19:12:54.284 28437 28493 I BluetoothAvrcpControllerJni: btavrcp_play_status_changed_callback
05-27 19:12:54.284 28437 28493 D AvrcpControllerService: onPlayStatusChanged 0
05-27 19:12:54.285 28437 28493 D ANWAPI  : (28437|0xFF195CB0)[BTAPI] btsdk_exec_apicb end
05-27 19:12:54.285 13911 14183 I SentryImuMcuAngleSender: 179.97897rollDeg
05-27 19:12:54.285 13911 14183 I SentryImuMcuAngleSender: 1,0,0
05-27 19:12:54.285 28437  3402 D AvrcpControllerStateMachine: Avrcp.GetFolderList processMessage 206
05-27 19:12:54.286 28437  3402 D AvrcpControllerStateMachine: Avrcp.ConnectedAvrcpController processMessage 206
05-27 19:12:54.286 28437  3402 D AvrcpPlayer: getPlayBackState state 1 time 0
05-27 19:12:54.286 28437  3402 D BluetoothMediaBrowserService: notifyChanged PlaybackStatePlaybackState {state=1, position=0, buffered position=0, speed=0.0, updated=12241536, actions=16511, error code=0, error message=null, custom actions=[], active item id=-1}
05-27 19:12:54.286   581   581 I SpiService: fgesysctrl_getGPIO_status success val=1
05-27 19:12:54.288  3711  3711 D AnwSdkService: onCreate
05-27 19:12:54.288 28437  3402 D AvrcpControllerStateMachine: Avrcp.GetFolderList processMessage 207
05-27 19:12:54.288  3711  3711 D AnwSdkService: run createMessageHandleThread
05-27 19:12:54.288 28437  3402 D AvrcpControllerStateMachine: Avrcp.ConnectedAvrcpController processMessage 207
05-27 19:12:54.288 28437  3402 D AvrcpPlayer: getPlayBackState state 1 time 0
05-27 19:12:54.288 28437  3402 D BluetoothMediaBrowserService: notifyChanged PlaybackStatePlaybackState {state=1, position=0, buffered position=0, speed=0.0, updated=12241539, actions=16511, error code=0, error message=null, custom actions=[], active item id=-1}
05-27 19:12:54.288 15525 15525 I NSLogUtils_BtMusicModel: onPlaybackStateChanged state: PlaybackState {state=1, position=0, buffered position=0, speed=0.0, updated=12241536, actions=16511, custom actions=[], active item id=-1, error=null} mIsBCallInCall=false
05-27 19:12:54.290 28437  3402 D AvrcpControllerStateMachine: Avrcp.ConnectedAvrcpController shouldRequestFocus() true
05-27 19:12:54.290  3711  3711 D AnwSdkService: run createAudioFocusListenerMessageHandleThread
05-27 19:12:54.291 28437 28437 W AudioMediaPlayerWrapper: onPlaybackStateChanged(): com.android.bluetooth tried to update with no new data
05-27 19:12:54.291 15525 15525 I NSLogUtils_BtMusicModel: musicChange metaData: android.media.MediaMetadata@ce0e91
05-27 19:12:54.291 15525 15525 I NSLogUtils_BtMusicModel: musicChange title: null,artist: null,duration: 0,album: null,albumArtUri: null
05-27 19:12:54.292   581   581 I SpiService: fgesysctrl_getGPIO_status success val=0
05-27 19:12:54.293  3711  3711 I AnwSdkService: mhcilog1:
05-27 19:12:54.294  3711  3711 I AnwSdkService: mhcilog4:
05-27 19:12:54.298 15525 15525 D NSLogUtils_MediaForegroundService: updateNotification isPlaying=false title=null text=null
05-27 19:12:54.299 15525 15525 I NSLogUtils_MediaForegroundService: getAlbumArtBitmap IMG uri is null
05-27 19:12:54.299 28437 28437 W AudioMediaPlayerWrapper: onPlaybackStateChanged(): com.android.bluetooth tried to update with no new data
05-27 19:12:54.301  3711  3711 I ANWJNI_SECOND: +++ InitialCallback=====
05-27 19:12:54.302  3711  3711 I ANWJNI_SECOND: --- InitialCallback(77)(78)
05-27 19:12:54.302  3711  3711 I ANWJNI_SECOND: --- InitialCallback(79)(80)
05-27 19:12:54.302  3711  3711 I ANWJNI_SECOND: --- InitialCallback:0
05-27 19:12:54.303  3711  3711 D AnwSdkService: onCreate:0,78,80
05-27 19:12:54.303  3711  3711 D AnwSdkService: pbap_socket_fd1 = 78
05-27 19:12:54.303  3711  3711 D AnwSdkService: run createPbapContactMessageHandleThread
05-27 19:12:54.306 13911 14183 I SentryImuMcuAngleSender: -179.99298rollDeg
05-27 19:12:54.306 13911 14183 I SentryImuMcuAngleSender: 1,0,0
05-27 19:12:54.306   581   581 I SpiService: fgesysctrl_getGPIO_status success val=1
05-27 19:12:54.306  1044 30796 D BufferPoolAccessor2.0: bufferpool2 0xb400006f82870318 : 1(6144 size) total buffers - 1(6144 size) used buffers - 162364/162369 (recycle/alloc) - 5/162368 (fetch/transfer)
05-27 09:04:03.271   581   581 D spi_rst_gpio_get_output: GPIO 145 value: 1
05-27 09:04:03.271   581   581 D spidev_ioctl: gpio status=1)
05-27 09:04:03.276   581   581 D spi_rst_gpio_get_output: GPIO 145 value: 1
05-27 09:04:03.276   581   581 D spidev_ioctl: gpio status=1)
05-27 19:12:54.310 11344 11344 E SystemUI_NavBarFragment: SysUIConfig.icCarServiceConnected：false
05-27 19:12:54.312   581   581 I SpiService: fgesysctrl_getGPIO_status success val=1
05-27 19:12:54.316   536   536 D commservice260303: msg.id = 1028,1
05-27 19:12:54.316   536   536 D commservice260303: i = 170, msgid = 8A000404
05-27 19:12:54.316   536   536 D commservice260303: msgid = -1979710460,did=138
05-27 19:12:54.316   536   536 D commservice260303: CommProtocolLibCmdBaseI2C::dataproc {"command":{"id":"imu_status","sub":""},"content":{"TimeStamp":12,"FrameCounter":288235,"GD_X":-0.011910883709788322,"GD_Y":0.0051151420921087265,"GD_Z":0.00259606190957129,"AD_X":-0.004752591252326965,"AD_Y":-0.005767403170466423,"AD_Z":-0.16704559326171875,"TempDsp":0,"Status":0,"CalibState":1,"SigAmpInvalid":0}},-1979710460
05-27 19:12:54.316   536   536 D commservice260303: send2Cluster len:316, 7B22636F6D6D616E64223A7B226964223A22696D755F737461747573222C22737562223A22227D2C22636F6E74656E74223A7B2254696D655374616D70223A31322C224672616D65436F756E746572223A3238383233352C2247445F58223A2D302E3031313931303838333730393738383332322C2247445F59223A302E303035313135313432303932313038373236352C2247445F5A223A302E30303235393630363139303935373132392C2241445F58223A2D302E3030343735323539313235323332363936352C2241445F59223A2D302E3030353736373430333137303436363432332C2241445F5A223A2D302E31363730343535393332363137313837352C2254656D70447370223A302C22537461747573223A302C2243616C69625374617465223A312C22536967416D70496E76616C6964223A307D7D, 138 
05-27 19:12:54.317   536   536 D commservice260303: Push Message into SendPool fn=-1045888000
05-27 19:12:54.317   536   536 D commservice260303: ComProtocolLibSend2Cluster::send2ClusterRaw fn=-1045888000 , len=332
05-27 19:12:54.317   536   536 D commservice260303: sendCmdToPort :332!!!
05-27 19:12:54.317   536   536 D commservice260303: send Cmd To Port ++++5AA501488A010004A9C16A16D1B67B22636F6D6D616E64223A7B226964223A22696D755F737461747573222C22737562223A22227D2C22636F6E74656E74223A7B2254696D655374616D70223A31322C224672616D65436F756E746572223A3238383233352C2247445F58223A2D302E3031313931303838333730393738383332322C2247445F59223A302E303035313135313432303932313038373236352C2247445F5A223A302E30303235393630363139303935373132392C2241445F58223A2D302E3030343735323539313235323332363936352C2241445F59223A2D302E3030353736373430333137303436363432332C2241445F5A223A2D302E31363730343535393332363137313837352C2254656D70447370223A302C22537461747573223A302C2243616C69625374617465223A312C22536967416D70496E76616C6964223A307D7DF503
05-27 19:12:54.317   536   536 D commservice260303: bufferevent_write retrun value = 0
05-27 19:12:54.317   581   581 I SpiService: fgesysctrl_getGPIO_status success val=1
05-27 19:12:54.317   536   560 D commservice260303: client datas send succeed,send finish
