05-27 19:12:56.957 12348 12448 E ExtUsbManager: 	at android.os.HandlerThread.run(HandlerThread.java:67)
05-27 19:12:56.958 13911 14183 I SentryImuMcuAngleSender: 179.99649rollDeg
05-27 19:12:56.958 13911 14183 I SentryImuMcuAngleSender: 1,0,0
05-27 19:12:56.958   269   269 D libvintf: HalManifest::getHidlTransport(framework): Cannot find vendor.ts.usbext@1.0::IUsbext/default
05-27 19:12:56.958   269   269 D libvintf: HalManifest::getHidlTransport(device): Cannot find vendor.ts.usbext@1.0::IUsbext/default
05-27 19:12:56.958   269   269 I hwservicemanager: getTransport: Cannot find entry vendor.ts.usbext@1.0::IUsbext/default in either framework or device VINTF manifest.
05-27 19:12:56.959 12348 12448 E ExtUsbManager: UsbHalExtController: vendor.ts.usbext.V1_0.IUsbext getService failed!
05-27 19:12:56.959 12348 12448 E ExtUsbManager: java.util.NoSuchElementException
05-27 19:12:56.959 12348 12448 E ExtUsbManager: 	at android.os.HwBinder.getService(Native Method)
05-27 19:12:56.959 12348 12448 E ExtUsbManager: 	at android.os.HwBinder.getService(HwBinder.java:81)
05-27 19:12:56.959 12348 12448 E ExtUsbManager: 	at vendor.ts.usbext.V1_0.IUsbext.getService(IUsbext.java:74)
05-27 19:12:56.959 12348 12448 E ExtUsbManager: 	at vendor.ts.usbext.V1_0.IUsbext.getService(IUsbext.java:84)
05-27 19:12:56.959 12348 12448 E ExtUsbManager: 	at ts.car.usb.UsbHalExtController.createService(UsbHalExtController.java:37)
05-27 19:12:56.959 12348 12448 E ExtUsbManager: 	at ts.car.usb.UsbHalExtController.createService(UsbHalExtController.java:18)
05-27 19:12:56.959 12348 12448 E ExtUsbManager: 	at ts.car.usb.utils.AutoServiceConnector4Hidl.autoConnect(AutoServiceConnector4Hidl.java:47)
05-27 19:12:56.959 12348 12448 E ExtUsbManager: 	at ts.car.usb.utils.AutoServiceConnector4Hidl$$ExternalSyntheticLambda0.run(Unknown Source:2)
05-27 19:12:56.959 12348 12448 E ExtUsbManager: 	at android.os.Handler.handleCallback(Handler.java:942)
05-27 19:12:56.959 12348 12448 E ExtUsbManager: 	at android.os.Handler.dispatchMessage(Handler.java:99)
05-27 19:12:56.959 12348 12448 E ExtUsbManager: 	at android.os.Looper.loopOnce(Looper.java:201)
05-27 19:12:56.959 12348 12448 E ExtUsbManager: 	at android.os.Looper.loop(Looper.java:288)
05-27 19:12:56.959 12348 12448 E ExtUsbManager: 	at android.os.HandlerThread.run(HandlerThread.java:67)
05-27 19:12:56.959   269   269 D libvintf: HalManifest::getHidlTransport(framework): Cannot find android.hardware.usb.gadget@1.0::IUsbGadget/default
05-27 19:12:56.959   269   269 D libvintf: HalManifest::getHidlTransport(device): Cannot find android.hardware.usb.gadget@1.0::IUsbGadget/default
05-27 19:12:56.959   269   269 I hwservicemanager: getTransport: Cannot find entry android.hardware.usb.gadget@1.0::IUsbGadget/default in either framework or device VINTF manifest.
05-27 19:12:56.959 12348 12448 E ExtUsbManager: UsbGadgetController: android.hardware.usb.gadget.V1_0.IUsbGadget getService failed!
05-27 19:12:56.959 12348 12448 E ExtUsbManager: java.util.NoSuchElementException
05-27 19:12:56.959 12348 12448 E ExtUsbManager: 	at android.os.HwBinder.getService(Native Method)
05-27 19:12:56.959 12348 12448 E ExtUsbManager: 	at android.os.HwBinder.getService(HwBinder.java:81)
05-27 19:12:56.959 12348 12448 E ExtUsbManager: 	at android.hardware.usb.gadget.V1_0.IUsbGadget.getService(IUsbGadget.java:74)
05-27 19:12:56.959 12348 12448 E ExtUsbManager: 	at android.hardware.usb.gadget.V1_0.IUsbGadget.getService(IUsbGadget.java:84)
05-27 19:12:56.959 12348 12448 E ExtUsbManager: 	at ts.car.usb.UsbGadgetController.createService(UsbGadgetController.java:36)
05-27 19:12:56.959 12348 12448 E ExtUsbManager: 	at ts.car.usb.UsbGadgetController.createService(UsbGadgetController.java:17)
05-27 19:12:56.959 12348 12448 E ExtUsbManager: 	at ts.car.usb.utils.AutoServiceConnector4Hidl.autoConnect(AutoServiceConnector4Hidl.java:47)
05-27 19:12:56.959 12348 12448 E ExtUsbManager: 	at ts.car.usb.utils.AutoServiceConnector4Hidl$$ExternalSyntheticLambda0.run(Unknown Source:2)
05-27 19:12:56.959 12348 12448 E ExtUsbManager: 	at android.os.Handler.handleCallback(Handler.java:942)
05-27 19:12:56.959 12348 12448 E ExtUsbManager: 	at android.os.Handler.dispatchMessage(Handler.java:99)
05-27 19:12:56.959 12348 12448 E ExtUsbManager: 	at android.os.Looper.loopOnce(Looper.java:201)
05-27 19:12:56.959 12348 12448 E ExtUsbManager: 	at android.os.Looper.loop(Looper.java:288)
05-27 19:12:56.959 12348 12448 E ExtUsbManager: 	at android.os.HandlerThread.run(HandlerThread.java:67)
05-27 19:12:56.961   581   581 I SpiService: fgesysctrl_getGPIO_status success val=0
05-27 09:04:05.925   581   581 D spi_rst_gpio_get_output: GPIO 145 value: 0
05-27 09:04:05.925   581   581 D spidev_ioctl: gpio status=0)
05-27 19:12:56.974   572   572 I Sensors : 230 AccelSensor: x:-0.165920,y:0.000000,z:-9.973500
05-27 19:12:56.974   581   581 I SpiService: fgesysctrl_getGPIO_status success val=1
05-27 09:04:05.939   581   581 D spi_rst_gpio_get_output: GPIO 145 value: 1
05-27 09:04:05.939   581   581 D spidev_ioctl: gpio status=1)
05-27 09:04:05.941     0     0 W         : c6 [    C6] Irq_monitor:Irq                                           IPI[1]occur        8924 times interval 1032 ms
05-27 19:12:56.978 13911 14183 I SentryImuMcuAngleSender: 180.0rollDeg
05-27 19:12:56.978 13911 14183 I SentryImuMcuAngleSender: 1,0,0
05-27 19:12:56.980   581   581 I SpiService: fgesysctrl_getGPIO_status success val=1
05-27 09:04:05.944   581   581 D spi_rst_gpio_get_output: GPIO 145 value: 1
05-27 09:04:05.944   581   581 D spidev_ioctl: gpio status=1)
05-27 19:12:56.985   581   581 I SpiService: fgesysctrl_getGPIO_status success val=1
05-27 19:12:56.986   536   536 D commservice260303: msg.id = 1028,1
05-27 19:12:56.986   536   536 D commservice260303: i = 170, msgid = 8A000404
05-27 19:12:56.986   536   536 D commservice260303: msgid = -1979710460,did=138
05-27 19:12:56.986   536   536 D commservice260303: CommProtocolLibCmdBaseI2C::dataproc {"command":{"id":"imu_status","sub":""},"content":{"TimeStamp":12,"FrameCounter":288301,"GD_X":-0.010766036808490753,"GD_Y":0.006108105648308992,"GD_Z":0.0019848872907459736,"AD_X":1.1171400547027588E-4,"AD_Y":-0.004488044884055853,"AD_Z":-0.1682577133178711,"TempDsp":0,"Status":0,"CalibState":1,"SigAmpInvalid":0}},-1979710460
05-27 19:12:56.986   536   536 D commservice260303: send2Cluster len:316, 7B22636F6D6D616E64223A7B226964223A22696D755F737461747573222C22737562223A22227D2C22636F6E74656E74223A7B2254696D655374616D70223A31322C224672616D65436F756E746572223A3238383330312C2247445F58223A2D302E3031303736363033363830383439303735332C2247445F59223A302E3030363130383130353634383330383939322C2247445F5A223A302E303031393834383837323930373435393733362C2241445F58223A312E31313731343030353437303237353838452D342C2241445F59223A2D302E3030343438383034343838343035353835332C2241445F5A223A2D302E313638323537373133333137383731312C2254656D70447370223A302C22537461747573223A302C2243616C69625374617465223A312C22536967416D70496E76616C6964223A307D7D, 138 
05-27 19:12:56.986   536   536 D commservice260303: Push Message into SendPool fn=78251008
05-27 19:12:56.986   536   536 D commservice260303: ComProtocolLibSend2Cluster::send2ClusterRaw fn=78251008 , len=332
05-27 19:12:56.986   536   536 D commservice260303: sendCmdToPort :332!!!
05-27 19:12:56.986   536   536 D commservice260303: send Cmd To Port ++++5AA501488A010004AA046A16D1B87B22636F6D6D616E64223A7B226964223A22696D755F737461747573222C22737562223A22227D2C22636F6E74656E74223A7B2254696D655374616D70223A31322C224672616D65436F756E746572223A3238383330312C2247445F58223A2D302E3031303736363033363830383439303735332C2247445F59223A302E3030363130383130353634383330383939322C2247445F5A223A302E303031393834383837323930373435393733362C2241445F58223A312E31313731343030353437303237353838452D342C2241445F59223A2D302E3030343438383034343838343035353835332C2241445F5A223A2D302E313638323537373133333137383731312C2254656D70447370223A302C22537461747573223A302C2243616C69625374617465223A312C22536967416D70496E76616C6964223A307D7DF544
05-27 19:12:56.986   536   536 D commservice260303: bufferevent_write retrun value = 0
05-27 19:12:56.986   536   560 D commservice260303: client datas send succeed,send finish
05-27 19:12:56.986 13911 14192 D Sentinelmode_1.2.5.17_sentry: <SentryImuClusterFgeSender>imu_status sent to Linux, frame=288301, tsNs=12244224, tsMs=12, intervalMs=39, ad=(1.11714005E-4,-0.004488045,-0.16825771), gd=(-0.010766037,0.0061081056,0.0019848873)
05-27 09:04:05.949   581   581 D spi_rst_gpio_get_output: GPIO 145 value: 1
05-27 09:04:05.950   581   581 D spidev_ioctl: gpio status=1)
05-27 19:12:56.990   581   581 I SpiService: fgesysctrl_getGPIO_status success val=1
05-27 09:04:05.955   581   581 D spi_rst_gpio_get_output: GPIO 145 value: 1
05-27 09:04:05.955   581   581 D spidev_ioctl: gpio status=1)
05-27 19:12:56.996   581   581 I SpiService: fgesysctrl_getGPIO_status success val=1
05-27 09:04:05.960   581   581 D spi_rst_gpio_get_output: GPIO 145 value: 1
05-27 09:04:05.960   581   581 D spidev_ioctl: gpio status=1)
05-27 19:12:57.000 13911 14183 I SentryImuMcuAngleSender: 179.993rollDeg
05-27 19:12:57.000 13911 14183 I SentryImuMcuAngleSender: 1,0,0
05-27 19:12:57.001   581   581 I SpiService: fgesysctrl_getGPIO_status success val=0
05-27 19:12:57.004   830   830 D SurfaceFlinger: unisoc-graphics, commit has frameMissed:2, vysncId:448479
05-27 09:04:05.965   581   581 D spi_rst_gpio_get_output: GPIO 145 value: 0
05-27 09:04:05.965   581   581 D spidev_ioctl: gpio status=0)
05-27 19:12:57.015   581   581 I SpiService: fgesysctrl_getGPIO_status success val=1
05-27 19:12:57.015   481   598 I mcuc    : rev,n=1,6AA681F6CC000A890036010409001234564A
05-27 19:12:57.015   351   373 D automotive.vehicle@2.0-adayo-datacomm-mcu: MCUDatacomm sendMessageFromVehicle prop: 0x89, areaId: 0x0, status: 0x36, timestamp: 0x1
05-27 19:12:57.015  1121  1144 I tboxmids_ap: [2026-05-27 19:12:57.015] [MCU RX] src=MCU dst=ZMQ len=10 type=BINARY data=00 08 36 01 04 09 00 12 34 56 
05-27 19:12:57.015   351   373 D automotive.vehicle@2.0-adayo-datacomm-mcu: MCUDatacomm 1sendMessageFromVehicle ---> type = 12 
05-27 19:12:57.016  1083  1083 I MyAppLog: [2026-05-27 19:12:57.016 I tboxap mcuCommTboxmidsRecvCb:97] [Mcu] [mcuCommTboxmidsRecvCb] recv from tboxmids, size:10
05-27 19:12:57.016  1083  1083 I MyAppLog: [2026-05-27 19:12:57.016 I tboxap mcuCommTboxmidsRecvCb:98] [Mcu] [tboxmids -> tboxap]: :00 08 36 01 04 09 00 12 34 56
05-27 19:12:57.016  1083  1083 I MyAppLog: [2026-05-27 19:12:57.016 I tboxap mcuPtlParseData:990] [Mcu] [Mcu  Parse]: (cmd):0900 (param):0900123456
05-27 19:12:57.016  1083  1083 W MyAppLog: [2026-05-27 19:12:57.016 W tboxap mcuParamDataRevPack:918] [Mcu] mcuParamDataRevPack start pack data!!!
05-27 19:12:57.016  1083  1083 I MyAppLog: [2026-05-27 19:12:57.016 I tboxap MCU_HANDSHAKE_IND_McuInd:317] [Mcu] [MCU_HANDSHAKE_IND_McuInd] wakeReason:0x12 -> loginReason:0x08 protoVer:0x34
05-27 19:12:57.016  1083  1083 W MyAppLog: [2026-05-27 19:12:57.016 W tboxap mcuHandleHandshakeInd:1654] [Mcu] [mcuHandleHandshakeInd] recv 0x0900 handshake response wakeReason:0x12 protoVer:0x34
05-27 09:04:05.979   581   581 D spi_rst_gpio_get_output: GPIO 145 value: 1
05-27 09:04:05.979   581   581 D spidev_ioctl: gpio status=1)
05-27 19:12:57.019 13911 14183 I SentryImuMcuAngleSender: 179.986rollDeg
05-27 19:12:57.019 13911 14183 I SentryImuMcuAngleSender: 1,0,0
05-27 19:12:57.020   581   581 I SpiService: fgesysctrl_getGPIO_status success val=1
05-27 19:12:57.020   830   830 D SurfaceFlinger: unisoc-graphics, commit has frameMissed:2, vysncId:448494
05-27 09:04:05.984   581   581 D spi_rst_gpio_get_output: GPIO 145 value: 1
05-27 09:04:05.984   581   581 D spidev_ioctl: gpio status=1)
05-27 19:12:57.025   581   581 I SpiService: fgesysctrl_getGPIO_status success val=1
05-27 19:12:57.026   536   536 D commservice260303: msg.id = 1028,0
05-27 19:12:57.026   536   536 D commservice260303: i = 170, msgid = 8A000404
05-27 19:12:57.026   536   536 D commservice260303: msgid = -1979710460,did=138
05-27 19:12:57.026   536   536 D commservice260303: CommProtocolLibCmdBaseI2C::dataproc {"command":{"id":"imu_status","sub":""},"content":{"TimeStamp":12,"FrameCounter":288302,"GD_X":-0.010613113641738892,"GD_Y":0.0056498548947274685,"GD_Z":0.0020608289632946253,"AD_X":-0.001120239496231079,"AD_Y":-0.0020308911334723234,"AD_Z":-0.17252826690673828,"TempDsp":0,"Status":0,"CalibState":1,"SigAmpInvalid":0}},-1979710460
05-27 19:12:57.026   536   536 D commservice260303: send2Cluster len:319, 7B22636F6D6D616E64223A7B226964223A22696D755F737461747573222C22737562223A22227D2C22636F6E74656E74223A7B2254696D655374616D70223A31322C224672616D65436F756E746572223A3238383330322C2247445F58223A2D302E3031303631333131333634313733383839322C2247445F59223A302E303035363439383534383934373237343638352C2247445F5A223A302E303032303630383238393633323934363235332C2241445F58223A2D302E3030313132303233393439363233313037392C2241445F59223A2D302E303032303330383931313333343732333233342C2241445F5A223A2D302E31373235323832363639303637333832382C2254656D70447370223A302C22537461747573223A302C2243616C69625374617465223A312C22536967416D70496E76616C6964223A307D7D, 138 
05-27 19:12:57.026   536   536 D commservice260303: Push Message into SendPool fn=95028224
05-27 19:12:57.026   536   536 D commservice260303: ComProtocolLibSend2Cluster::send2ClusterRaw fn=95028224 , len=335
05-27 19:12:57.026   536   536 D commservice260303: sendCmdToPort :335!!!
05-27 19:12:57.026   536   536 D commservice260303: send Cmd To Port ++++5AA5014B8A010004AA056A16D1B97B22636F6D6D616E64223A7B226964223A22696D755F737461747573222C22737562223A22227D2C22636F6E74656E74223A7B2254696D655374616D70223A31322C224672616D65436F756E746572223A3238383330322C2247445F58223A2D302E3031303631333131333634313733383839322C2247445F59223A302E303035363439383534383934373237343638352C2247445F5A223A302E303032303630383238393633323934363235332C2241445F58223A2D302E3030313132303233393439363233313037392C2241445F59223A2D302E303032303330383931313333343732333233342C2241445F5A223A2D302E31373235323832363639303637333832382C2254656D70447370223A302C22537461747573223A302C2243616C69625374617465223A312C22536967416D70496E76616C6964223A307D7D8933
05-27 19:12:57.026   536   536 D commservice260303: bufferevent_write retrun value = 0
05-27 19:12:57.026   536   560 D commservice260303: client datas send succeed,send finish
05-27 19:12:57.026 13911 14192 D Sentinelmode_1.2.5.17_sentry: <SentryImuClusterFgeSender>imu_status sent to Linux, frame=288302, tsNs=12244260, tsMs=12, intervalMs=40, ad=(-0.0011202395,-0.0020308911,-0.17252827), gd=(-0.010613114,0.005649855,0.002060829)
05-27 09:04:05.990   581   581 D spi_rst_gpio_get_output: GPIO 145 value: 1
05-27 09:04:05.990   581   581 D spidev_ioctl: gpio status=1)
05-27 19:12:57.030   581   581 I SpiService: fgesysctrl_getGPIO_status success val=1
05-27 09:04:05.995   581   581 D spi_rst_gpio_get_output: GPIO 145 value: 1
05-27 09:04:05.995   581   581 D spidev_ioctl: gpio status=1)
05-27 19:12:57.036   581   581 I SpiService: fgesysctrl_getGPIO_status success val=1
05-27 09:04:06.000   581   581 D spi_rst_gpio_get_output: GPIO 145 value: 1
05-27 09:04:06.000   581   581 D spidev_ioctl: gpio status=1)
05-27 19:12:57.039 13911 14183 I SentryImuMcuAngleSender: 179.98248rollDeg
05-27 19:12:57.039 13911 14183 I SentryImuMcuAngleSender: 1,0,0
05-27 19:12:57.041   581   581 I SpiService: fgesysctrl_getGPIO_status success val=1
05-27 19:12:57.044  1083  1083 I MyAppLog: [2026-05-27 19:12:57.044 I tboxap mcuMainPeriodic100msTask:914] [Mcu] [mcuMainPeriodic100msTask] MCU version not ready, send 0x0981 item 0x01 retry:1
05-27 09:04:06.006   581   581 D spi_rst_gpio_get_output: GPIO 145 value: 1
05-27 09:04:06.006   581   581 D spidev_ioctl: gpio status=1)
05-27 19:12:57.045  1083  1083 I MyAppLog: [2026-05-27 19:12:57.044 I tboxap mcuSendYadiTransfer:196] [Mcu] [mcuYadiSend]: :00 08 8A 04 01 09 81 02 01 01
05-27 19:12:57.046   581   581 I SpiService: fgesysctrl_getGPIO_status success val=0
05-27 19:12:57.046   481   597 I mcuc    : send SPI:6AA602F6CC00028900B16AA601873F00F809018A04010981020101000000000000000000000000000000000000000000000000000000000000000000000000000000000000000000000000000000000000000000000000000000000000000000000000000000000000000000000000000000000000000000000000000000000000000000000000000000000000000000000000000000000000000000000000000000000000000000000000000000000000000000000000000000000000000000000000000000000000000000000000000000000000000000000000000000000000000000000000000000000000000000000000000000000000000000000000000000000000000000001A
05-27 19:12:57.047   481   599 I mcuc    : start timer OK = 34623 
05-27 09:04:06.011   581   581 D spi_rst_gpio_get_output: GPIO 145 value: 0
05-27 09:04:06.011   581   581 D spidev_ioctl: gpio status=0)
05-27 19:12:57.054   283   307 I rvcservice: t.code = 3, t.value = 0
05-27 19:12:57.060 13911 14183 I SentryImuMcuAngleSender: 179.95795rollDeg
05-27 19:12:57.060 13911 14183 I SentryImuMcuAngleSender: 1,0,0
05-27 19:12:57.060   581   581 I SpiService: fgesysctrl_getGPIO_status success val=1
05-27 09:04:06.025   581   581 D spi_rst_gpio_get_output: GPIO 145 value: 1
05-27 09:04:06.025   581   581 D spidev_ioctl: gpio status=1)
05-27 19:12:57.063   572   622 I Sensors : 230 GyroSensor: x:-0.011988,y:0.005268,z:0.002519
05-27 19:12:57.066   581   581 I SpiService: fgesysctrl_getGPIO_status success val=1
05-27 19:12:57.066   536   536 D commservice260303: msg.id = 1028,0
05-27 19:12:57.066   536   536 D commservice260303: i = 170, msgid = 8A000404
05-27 19:12:57.066   536   536 D commservice260303: msgid = -1979710460,did=138
05-27 19:12:57.066   536   536 D commservice260303: CommProtocolLibCmdBaseI2C::dataproc {"command":{"id":"imu_status","sub":""},"content":{"TimeStamp":12,"FrameCounter":288303,"GD_X":-0.011987865902483463,"GD_Y":0.005268065724521875,"GD_Z":0.002519079949706793,"AD_X":-0.0011290162801742554,"AD_Y":0.002835656050592661,"AD_Z":-0.16764545440673828,"TempDsp":0,"Status":0,"CalibState":1,"SigAmpInvalid":0}},-1979710460
05-27 19:12:57.066   536   536 D commservice260303: send2Cluster len:316, 7B22636F6D6D616E64223A7B226964223A22696D755F737461747573222C22737562223A22227D2C22636F6E74656E74223A7B2254696D655374616D70223A31322C224672616D65436F756E746572223A3238383330332C2247445F58223A2D302E3031313938373836353930323438333436332C2247445F59223A302E3030353236383036353732343532313837352C2247445F5A223A302E3030323531393037393934393730363739332C2241445F58223A2D302E303031313239303136323830313734323535342C2241445F59223A302E3030323833353635363035303539323636312C2241445F5A223A2D302E31363736343534353434303637333832382C2254656D70447370223A302C22537461747573223A302C2243616C69625374617465223A312C22536967416D70496E76616C6964223A307D7D, 138 
05-27 19:12:57.066   536   536 D commservice260303: Push Message into SendPool fn=111805440
05-27 19:12:57.066   536   536 D commservice260303: ComProtocolLibSend2Cluster::send2ClusterRaw fn=111805440 , len=332
05-27 19:12:57.066   536   536 D commservice260303: sendCmdToPort :332!!!
05-27 19:12:57.066   536   536 D commservice260303: send Cmd To Port ++++5AA501488A010004AA066A16D1B97B22636F6D6D616E64223A7B226964223A22696D755F737461747573222C22737562223A22227D2C22636F6E74656E74223A7B2254696D655374616D70223A31322C224672616D65436F756E746572223A3238383330332C2247445F58223A2D302E3031313938373836353930323438333436332C2247445F59223A302E3030353236383036353732343532313837352C2247445F5A223A302E3030323531393037393934393730363739332C2241445F58223A2D302E303031313239303136323830313734323535342C2241445F59223A302E3030323833353635363035303539323636312C2241445F5A223A2D302E31363736343534353434303637333832382C2254656D70447370223A302C22537461747573223A302C2243616C69625374617465223A312C22536967416D70496E76616C6964223A307D7D32A0
05-27 19:12:57.066   536   536 D commservice260303: bufferevent_write retrun value = 0
05-27 19:12:57.066   536   560 D commservice260303: client datas send succeed,send finish
05-27 19:12:57.067 13911 14192 D Sentinelmode_1.2.5.17_sentry: <SentryImuClusterFgeSender>imu_status sent to Linux, frame=288303, tsNs=12244313, tsMs=12, intervalMs=40, ad=(-0.0011290163,0.002835656,-0.16764545), gd=(-0.011987866,0.0052680657,0.00251908)
05-27 09:04:06.030   581   581 D spi_rst_gpio_get_output: GPIO 145 value: 1
05-27 09:04:06.030   581   581 D spidev_ioctl: gpio status=1)
05-27 19:12:57.071   581   581 I SpiService: fgesysctrl_getGPIO_status success val=1
05-27 09:04:06.036   581   581 D spi_rst_gpio_get_output: GPIO 145 value: 1
05-27 09:04:06.036   581   581 D spidev_ioctl: gpio status=1)
05-27 19:12:57.076   581   581 I SpiService: fgesysctrl_getGPIO_status success val=1
05-27 09:04:06.041   581   581 D spi_rst_gpio_get_output: GPIO 145 value: 1
05-27 09:04:06.041   581   581 D spidev_ioctl: gpio status=1)
05-27 19:12:57.080 13911 14183 I SentryImuMcuAngleSender: 179.95795rollDeg
05-27 19:12:57.081 13911 14183 I SentryImuMcuAngleSender: 1,0,0
05-27 19:12:57.081   581   581 I SpiService: fgesysctrl_getGPIO_status success val=0
05-27 09:04:06.046   581   581 D spi_rst_gpio_get_output: GPIO 145 value: 0
05-27 09:04:06.046   581   581 D spidev_ioctl: gpio status=0)
05-27 19:12:57.092   481   598 I mcuc    : rev,n=1,6AA682873F00020901AC
05-27 19:12:57.095   581   581 I SpiService: fgesysctrl_getGPIO_status success val=1
05-27 09:04:06.060   581   581 D spi_rst_gpio_get_output: GPIO 145 value: 1
05-27 09:04:06.060   581   581 D spidev_ioctl: gpio status=1)
05-27 19:12:57.100   581   581 I SpiService: fgesysctrl_getGPIO_status success val=1
05-27 19:12:57.100 13911 14183 I SentryImuMcuAngleSender: 179.98949rollDeg
05-27 19:12:57.101 13911 14183 I SentryImuMcuAngleSender: 1,0,0
05-27 09:04:06.065   581   581 D spi_rst_gpio_get_output: GPIO 145 value: 1
05-27 09:04:06.065   581   581 D spidev_ioctl: gpio status=1)
05-27 19:12:57.105 30773 30788 I dvr_service_: [runShortMediaThread:298] cameraId:1 medias:300,audios:220,stateAudio:0,mShortState:0,warnEvent:0,state:1
05-27 19:12:57.106   581   581 I SpiService: fgesysctrl_getGPIO_status success val=1
05-27 19:12:57.106   536   536 D commservice260303: msg.id = 1028,0
05-27 19:12:57.106   536   536 D commservice260303: i = 170, msgid = 8A000404
05-27 19:12:57.106   536   536 D commservice260303: msgid = -1979710460,did=138
05-27 19:12:57.106   536   536 D commservice260303: CommProtocolLibCmdBaseI2C::dataproc {"command":{"id":"imu_status","sub":""},"content":{"TimeStamp":12,"FrameCounter":288304,"GD_X":-0.011987865902483463,"GD_Y":0.00549693126231432,"GD_Z":0.002213752595707774,"AD_X":-0.003568306565284729,"AD_Y":-0.002642588224261999,"AD_Z":-0.17069625854492188,"TempDsp":0,"Status":0,"CalibState":1,"SigAmpInvalid":0}},-1979710460
05-27 19:12:57.106   536   536 D commservice260303: send2Cluster len:315, 7B22636F6D6D616E64223A7B226964223A22696D755F737461747573222C22737562223A22227D2C22636F6E74656E74223A7B2254696D655374616D70223A31322C224672616D65436F756E746572223A3238383330342C2247445F58223A2D302E3031313938373836353930323438333436332C2247445F59223A302E30303534393639333132363233313433322C2247445F5A223A302E3030323231333735323539353730373737342C2241445F58223A2D302E3030333536383330363536353238343732392C2241445F59223A2D302E3030323634323538383232343236313939392C2241445F5A223A2D302E31373036393632353835343439323138382C2254656D70447370223A302C22537461747573223A302C2243616C69625374617465223A312C22536967416D70496E76616C6964223A307D7D, 138 
05-27 19:12:57.106   536   536 D commservice260303: Push Message into SendPool fn=128582656
05-27 19:12:57.106   536   536 D commservice260303: ComProtocolLibSend2Cluster::send2ClusterRaw fn=128582656 , len=331
05-27 19:12:57.106   536   536 D commservice260303: sendCmdToPort :331!!!
05-27 19:12:57.106   536   536 D commservice260303: send Cmd To Port ++++5AA501478A010004AA076A16D1B97B22636F6D6D616E64223A7B226964223A22696D755F737461747573222C22737562223A22227D2C22636F6E74656E74223A7B2254696D655374616D70223A31322C224672616D65436F756E746572223A3238383330342C2247445F58223A2D302E3031313938373836353930323438333436332C2247445F59223A302E30303534393639333132363233313433322C2247445F5A223A302E3030323231333735323539353730373737342C2241445F58223A2D302E3030333536383330363536353238343732392C2241445F59223A2D302E3030323634323538383232343236313939392C2241445F5A223A2D302E31373036393632353835343439323138382C2254656D70447370223A302C22537461747573223A302C2243616C69625374617465223A312C22536967416D70496E76616C6964223A307D7D75DF
05-27 19:12:57.106   536   536 D commservice260303: bufferevent_write retrun value = 0
05-27 19:12:57.106   536   560 D commservice260303: client datas send succeed,send finish
05-27 19:12:57.106 13911 14192 D Sentinelmode_1.2.5.17_sentry: <SentryImuClusterFgeSender>imu_status sent to Linux, frame=288304, tsNs=12244349, tsMs=12, intervalMs=40, ad=(-0.0035683066,-0.0026425882,-0.17069626), gd=(-0.011987866,0.0054969313,0.0022137526)
05-27 09:04:06.070   581   581 D spi_rst_gpio_get_output: GPIO 145 value: 1
05-27 09:04:06.070   581   581 D spidev_ioctl: gpio status=1)
05-27 19:12:57.111   581   581 I SpiService: fgesysctrl_getGPIO_status success val=1
05-27 19:12:57.112 30773 30785 I dvr_service_: [EncoderHandler::runMediaThread] runMediaThread started:1,state:1, cam2:started:1,state:1, lastSwitch:1, mIsMuxerStart:1,format:0,is_str_ing:0
05-27 09:04:06.076   581   581 D spi_rst_gpio_get_output: GPIO 145 value: 1
05-27 09:04:06.076   581   581 D spidev_ioctl: gpio status=1)
05-27 19:12:57.116   581   581 I SpiService: fgesysctrl_getGPIO_status success val=1
05-27 09:04:06.081   581   581 D spi_rst_gpio_get_output: GPIO 145 value: 1
05-27 09:04:06.081   581   581 D spidev_ioctl: gpio status=1)
05-27 19:12:57.120 13911 14183 I SentryImuMcuAngleSender: 179.97899rollDeg
05-27 19:12:57.120 13911 14183 I SentryImuMcuAngleSender: 1,0,0
05-27 19:12:57.121   581   581 I SpiService: fgesysctrl_getGPIO_status success val=0
05-27 09:04:06.086   581   581 D spi_rst_gpio_get_output: GPIO 145 value: 0
05-27 09:04:06.086   581   581 D spidev_ioctl: gpio status=0)
05-27 19:12:57.128 13549 13549 I ADAYO_LOG_: handleMessage(UsbFunc.java:352)copyQnx = 0
05-27 19:12:57.129 13549 13549 I ADAYO_LOG_: handleMessage(UsbFunc.java:404)copyState = 2
05-27 19:12:57.135   581   581 I SpiService: fgesysctrl_getGPIO_status success val=1
05-27 09:04:06.100   581   581 D spi_rst_gpio_get_output: GPIO 145 value: 1
05-27 09:04:06.100   581   581 D spidev_ioctl: gpio status=1)
05-27 19:12:57.139   830   830 D SurfaceFlinger: unisoc-graphics, commit has frameMissed:2, vysncId:448576
05-27 19:12:57.141 13911 14183 I SentryImuMcuAngleSender: 179.96495rollDeg
05-27 19:12:57.141 13911 14183 I SentryImuMcuAngleSender: 1,0,0
05-27 19:12:57.141   581   581 I SpiService: fgesysctrl_getGPIO_status success val=1
05-27 09:04:06.105   581   581 D spi_rst_gpio_get_output: GPIO 145 value: 1
05-27 09:04:06.105   581   581 D spidev_ioctl: gpio status=1)
05-27 19:12:57.146   581   581 I SpiService: fgesysctrl_getGPIO_status success val=1
05-27 19:12:57.146   536   536 D commservice260303: msg.id = 1028,0
05-27 19:12:57.146   536   536 D commservice260303: i = 170, msgid = 8A000404
05-27 19:12:57.146   536   536 D commservice260303: msgid = -1979710460,did=138
05-27 19:12:57.146   536   536 D commservice260303: CommProtocolLibCmdBaseI2C::dataproc {"command":{"id":"imu_status","sub":""},"content":{"TimeStamp":12,"FrameCounter":288305,"GD_X":-0.012370175682008266,"GD_Y":0.005802778527140617,"GD_Z":0.002900869119912386,"AD_X":-5.235373973846436E-4,"AD_Y":0.0016257870011031628,"AD_Z":-0.1682577133178711,"TempDsp":0,"Status":0,"CalibState":1,"SigAmpInvalid":0}},-1979710460
05-27 19:12:57.146   536   536 D commservice260303: send2Cluster len:315, 7B22636F6D6D616E64223A7B226964223A22696D755F737461747573222C22737562223A22227D2C22636F6E74656E74223A7B2254696D655374616D70223A31322C224672616D65436F756E746572223A3238383330352C2247445F58223A2D302E3031323337303137353638323030383236362C2247445F59223A302E3030353830323737383532373134303631372C2247445F5A223A302E3030323930303836393131393931323338362C2241445F58223A2D352E323335333733393733383436343336452D342C2241445F59223A302E303031363235373837303031313033313632382C2241445F5A223A2D302E313638323537373133333137383731312C2254656D70447370223A302C22537461747573223A302C2243616C69625374617465223A312C22536967416D70496E76616C6964223A307D7D, 138 
05-27 19:12:57.146   536   536 D commservice260303: Push Message into SendPool fn=145359872
05-27 19:12:57.146   536   536 D commservice260303: ComProtocolLibSend2Cluster::send2ClusterRaw fn=145359872 , len=331
05-27 19:12:57.146   536   536 D commservice260303: sendCmdToPort :331!!!
05-27 19:12:57.146   536   536 D commservice260303: send Cmd To Port ++++5AA501478A010004AA086A16D1B97B22636F6D6D616E64223A7B226964223A22696D755F737461747573222C22737562223A22227D2C22636F6E74656E74223A7B2254696D655374616D70223A31322C224672616D65436F756E746572223A3238383330352C2247445F58223A2D302E3031323337303137353638323030383236362C2247445F59223A302E3030353830323737383532373134303631372C2247445F5A223A302E3030323930303836393131393931323338362C2241445F58223A2D352E323335333733393733383436343336452D342C2241445F59223A302E303031363235373837303031313033313632382C2241445F5A223A2D302E313638323537373133333137383731312C2254656D70447370223A302C22537461747573223A302C2243616C69625374617465223A312C22536967416D70496E76616C6964223A307D7D9548
05-27 19:12:57.147   536   536 D commservice260303: bufferevent_write retrun value = 0
05-27 19:12:57.147   536   560 D commservice260303: client datas send succeed,send finish
05-27 19:12:57.147 13911 14192 D Sentinelmode_1.2.5.17_sentry: <SentryImuClusterFgeSender>imu_status sent to Linux, frame=288305, tsNs=12244385, tsMs=12, intervalMs=41, ad=(-5.235374E-4,0.001625787,-0.16825771), gd=(-0.012370176,0.0058027785,0.0029008691)
05-27 09:04:06.111   581   581 D spi_rst_gpio_get_output: GPIO 145 value: 1
05-27 09:04:06.111   581   581 D spidev_ioctl: gpio status=1)
05-27 19:12:57.151   581   581 I SpiService: fgesysctrl_getGPIO_status success val=1
05-27 09:04:06.116   581   581 D spi_rst_gpio_get_output: GPIO 145 value: 1
05-27 09:04:06.116   581   581 D spidev_ioctl: gpio status=1)
05-27 19:12:57.154   283   307 I rvcservice: t.code = 0, t.value = 0
05-27 19:12:57.155   830   830 D SurfaceFlinger: unisoc-graphics, commit has frameMissed:2, vysncId:448584
05-27 19:12:57.157   581   581 I SpiService: fgesysctrl_getGPIO_status success val=1
05-27 09:04:06.121   581   581 D spi_rst_gpio_get_output: GPIO 145 value: 1
05-27 09:04:06.121   581   581 D spidev_ioctl: gpio status=1)
05-27 19:12:57.160 13911 14183 I SentryImuMcuAngleSender: 179.96495rollDeg
05-27 19:12:57.160 13911 14183 I SentryImuMcuAngleSender: 1,0,0
05-27 19:12:57.162   581   581 I SpiService: fgesysctrl_getGPIO_status success val=1
05-27 09:04:06.126   581   581 D spi_rst_gpio_get_output: GPIO 145 value: 1
05-27 09:04:06.126   581   581 D spidev_ioctl: gpio status=1)
05-27 19:12:57.167   581   581 I SpiService: fgesysctrl_getGPIO_status success val=0
05-27 09:04:06.132   581   581 D spi_rst_gpio_get_output: GPIO 145 value: 0
05-27 09:04:06.132   581   581 D spidev_ioctl: gpio status=0)
05-27 19:12:57.173   572   622 I Sensors : 230 AccelSensor: x:-0.163479,y:0.006100,z:-9.972890
05-27 19:12:57.181 13911 14183 I SentryImuMcuAngleSender: 179.96495rollDeg
05-27 19:12:57.181 13911 14183 I SentryImuMcuAngleSender: 1,0,0
05-27 19:12:57.181   581   581 I SpiService: fgesysctrl_getGPIO_status success val=1
05-27 19:12:57.185 30773 30786 I dvr_service_: CameraX 0  audioOK: 165696000,audios:2590
05-27 19:12:57.186   581   581 I SpiService: fgesysctrl_getGPIO_status success val=1
05-27 19:12:57.187   536   536 D commservice260303: msg.id = 1028,0
05-27 19:12:57.187   536   536 D commservice260303: i = 170, msgid = 8A000404
05-27 19:12:57.187   536   536 D commservice260303: msgid = -1979710460,did=138
05-27 19:12:57.187   536   536 D commservice260303: CommProtocolLibCmdBaseI2C::dataproc {"command":{"id":"imu_status","sub":""},"content":{"TimeStamp":12,"FrameCounter":288306,"GD_X":-0.012903847731649876,"GD_Y":0.006032164208590984,"GD_Z":0.002213752595707774,"AD_X":0.002495184540748596,"AD_Y":0.0016158516518771648,"AD_Z":-0.16764545440673828,"TempDsp":0,"Status":0,"CalibState":1,"SigAmpInvalid":0}},-1979710460
05-27 19:12:57.187   536   536 D commservice260303: send2Cluster len:315, 7B22636F6D6D616E64223A7B226964223A22696D755F737461747573222C22737562223A22227D2C22636F6E74656E74223A7B2254696D655374616D70223A31322C224672616D65436F756E746572223A3238383330362C2247445F58223A2D302E3031323930333834373733313634393837362C2247445F59223A302E3030363033323136343230383539303938342C2247445F5A223A302E3030323231333735323539353730373737342C2241445F58223A302E3030323439353138343534303734383539362C2241445F59223A302E303031363135383531363531383737313634382C2241445F5A223A2D302E31363736343534353434303637333832382C2254656D70447370223A302C22537461747573223A302C2243616C69625374617465223A312C22536967416D70496E76616C6964223A307D7D, 138 
05-27 19:12:57.187   536   536 D commservice260303: Push Message into SendPool fn=162137088
05-27 19:12:57.187   536   536 D commservice260303: ComProtocolLibSend2Cluster::send2ClusterRaw fn=162137088 , len=331
05-27 09:04:06.145   581   581 D spi_rst_gpio_get_output: GPIO 145 value: 1
05-27 09:04:06.145   581   581 D spidev_ioctl: gpio status=1)
05-27 09:04:06.151   581   581 D spi_rst_gpio_get_output: GPIO 145 value: 1
05-27 09:04:06.151   581   581 D spidev_ioctl: gpio status=1)
05-27 19:12:57.187   536   536 D commservice260303: sendCmdToPort :331!!!
05-27 19:12:57.187   536   536 D commservice260303: send Cmd To Port ++++5AA501478A010004AA096A16D1B97B22636F6D6D616E64223A7B226964223A22696D755F737461747573222C22737562223A22227D2C22636F6E74656E74223A7B2254696D655374616D70223A31322C224672616D65436F756E746572223A3238383330362C2247445F58223A2D302E3031323930333834373733313634393837362C2247445F59223A302E3030363033323136343230383539303938342C2247445F5A223A302E3030323231333735323539353730373737342C2241445F58223A302E3030323439353138343534303734383539362C2241445F59223A302E303031363135383531363531383737313634382C2241445F5A223A2D302E31363736343534353434303637333832382C2254656D70447370223A302C22537461747573223A302C2243616C69625374617465223A312C22536967416D70496E76616C6964223A307D7D2E73
05-27 19:12:57.187   536   536 D commservice260303: bufferevent_write retrun value = 0
05-27 19:12:57.187   536   560 D commservice260303: client datas send succeed,send finish
05-27 19:12:57.187 13911 14192 D Sentinelmode_1.2.5.17_sentry: <SentryImuClusterFgeSender>imu_status sent to Linux, frame=288306, tsNs=12244423, tsMs=12, intervalMs=40, ad=(0.0024951845,0.0016158517,-0.16764545), gd=(-0.012903848,0.006032164,0.0022137526)
05-27 19:12:57.192   581   581 I SpiService: fgesysctrl_getGPIO_status success val=1
05-27 09:04:06.156   581   581 D spi_rst_gpio_get_output: GPIO 145 value: 1
05-27 09:04:06.156   581   581 D spidev_ioctl: gpio status=1)
05-27 19:12:57.197   581   581 I SpiService: fgesysctrl_getGPIO_status success val=1
05-27 09:04:06.162   581   581 D spi_rst_gpio_get_output: GPIO 145 value: 1
05-27 09:04:06.162   581   581 D spidev_ioctl: gpio status=1)
05-27 19:12:57.201 13911 14183 I SentryImuMcuAngleSender: 179.97197rollDeg
05-27 19:12:57.201 13911 14183 I SentryImuMcuAngleSender: 1,0,0
05-27 19:12:57.202   581   581 I SpiService: fgesysctrl_getGPIO_status success val=1
05-27 09:04:06.167   581   581 D spi_rst_gpio_get_output: GPIO 145 value: 1
05-27 09:04:06.167   581   581 D spidev_ioctl: gpio status=1)
05-27 19:12:57.208   581   581 I SpiService: fgesysctrl_getGPIO_status success val=0
05-27 19:12:57.208   830   830 D SurfaceFlinger: unisoc-graphics, commit has frameMissed:2, vysncId:448622
05-27 19:12:57.208 30773 30787 I dvr_service_: [runShortMediaThread:298] cameraId:0 medias:300,audios:220,stateAudio:0,mShortState:0,warnEvent:0,state:1
05-27 09:04:06.172   581   581 D spi_rst_gpio_get_output: GPIO 145 value: 0
05-27 09:04:06.172   581   581 D spidev_ioctl: gpio status=0)
05-27 19:12:57.221   581   581 I SpiService: fgesysctrl_getGPIO_status success val=1
05-27 19:12:57.222 13911 14183 I SentryImuMcuAngleSender: 179.98598rollDeg
05-27 19:12:57.222 13911 14183 I SentryImuMcuAngleSender: 1,0,0
05-27 19:12:57.224   830   830 D SurfaceFlinger: unisoc-graphics, commit has frameMissed:2, vysncId:448630
05-27 09:04:06.186   581   581 D spi_rst_gpio_get_output: GPIO 145 value: 1
05-27 09:04:06.186   581   581 D spidev_ioctl: gpio status=1)
05-27 19:12:57.227   581   581 I SpiService: fgesysctrl_getGPIO_status success val=1
05-27 19:12:57.227   536   536 D commservice260303: msg.id = 1028,1
05-27 19:12:57.227   536   536 D commservice260303: i = 170, msgid = 8A000404
05-27 19:12:57.227   536   536 D commservice260303: msgid = -1979710460,did=138
05-27 19:12:57.227   536   536 D commservice260303: CommProtocolLibCmdBaseI2C::dataproc {"command":{"id":"imu_status","sub":""},"content":{"TimeStamp":12,"FrameCounter":288307,"GD_X":-0.011910883709788322,"GD_Y":0.004809814505279064,"GD_Z":0.002443138277158141,"AD_X":0.0012274235486984253,"AD_Y":-0.0014235684648156166,"AD_Z":-0.16886138916015625,"TempDsp":0,"Status":0,"CalibState":1,"SigAmpInvalid":0}},-1979710460
05-27 19:12:57.227   536   536 D commservice260303: send2Cluster len:317, 7B22636F6D6D616E64223A7B226964223A22696D755F737461747573222C22737562223A22227D2C22636F6E74656E74223A7B2254696D655374616D70223A31322C224672616D65436F756E746572223A3238383330372C2247445F58223A2D302E3031313931303838333730393738383332322C2247445F59223A302E3030343830393831343530353237393036342C2247445F5A223A302E3030323434333133383237373135383134312C2241445F58223A302E303031323237343233353438363938343235332C2241445F59223A2D302E303031343233353638343634383135363136362C2241445F5A223A2D302E31363838363133383931363031353632352C2254656D70447370223A302C22537461747573223A302C2243616C69625374617465223A312C22536967416D70496E76616C6964223A307D7D, 138 
05-27 19:12:57.227   536   536 D commservice260303: Push Message into SendPool fn=178914304
05-27 19:12:57.227   536   536 D commservice260303: ComProtocolLibSend2Cluster::send2ClusterRaw fn=178914304 , len=333
05-27 19:12:57.228   536   536 D commservice260303: sendCmdToPort :333!!!
05-27 19:12:57.228   536   536 D commservice260303: send Cmd To Port ++++5AA501498A010004AA0A6A16D1B97B22636F6D6D616E64223A7B226964223A22696D755F737461747573222C22737562223A22227D2C22636F6E74656E74223A7B2254696D655374616D70223A31322C224672616D65436F756E746572223A3238383330372C2247445F58223A2D302E3031313931303838333730393738383332322C2247445F59223A302E3030343830393831343530353237393036342C2247445F5A223A302E3030323434333133383237373135383134312C2241445F58223A302E303031323237343233353438363938343235332C2241445F59223A2D302E303031343233353638343634383135363136362C2241445F5A223A2D302E31363838363133383931363031353632352C2254656D70447370223A302C22537461747573223A302C2243616C69625374617465223A312C22536967416D70496E76616C6964223A307D7D59A8
05-27 19:12:57.228   536   536 D commservice260303: bufferevent_write retrun value = 0
05-27 19:12:57.228   536   560 D commservice260303: client datas send succeed,send finish
05-27 19:12:57.228 13911 14192 D Sentinelmode_1.2.5.17_sentry: <SentryImuClusterFgeSender>imu_status sent to Linux, frame=288307, tsNs=12244474, tsMs=12, intervalMs=41, ad=(0.0012274235,-0.0014235685,-0.16886139), gd=(-0.011910884,0.0048098145,0.0024431383)
05-27 09:04:06.191   581   581 D spi_rst_gpio_get_output: GPIO 145 value: 1
05-27 09:04:06.191   581   581 D spidev_ioctl: gpio status=1)
--------- beginning of radio
05-27 19:12:57.229   649   723 D UniTelDemo: input code = 330, value = 1
05-27 19:12:57.229 10188 11034 D InputReader: syncTouch: pointerCount 0 -> 1, touching ids 0x00000000 -> 0x80000000, hovering ids 0x00000000 -> 0x00000000, canceled ids 0x00000000
05-27 19:12:57.229 10188 11034 D InputReader: dispatchTouches action DOWN now(ns): 12244480568738
05-27 19:12:57.229 10188 11034 D InputReader: notifyMotion call dispatcher
05-27 19:12:57.230 10188 11033 I input_interaction: Interaction with: d38d48f com.yadea.launcher/com.yadea.launcher.function.applist.AppListActivity (server), [Gesture Monitor] CustomGesture-touch (server), PointerEventDispatcher2 (server), 
05-27 19:12:57.230 10188 10632 D VelocityTracker: VelocityTracker: addMovement eventTime=12244480290000, idBits=0x80000000, activePointerId=0
05-27 19:12:57.230 10188 10632 D VelocityTracker:   0: position (271.788, 292.594), estimator (degree=0, xCoeff=[ 271.787659 ], yCoeff=[ 292.593628 ], confidence=1.000000)
05-27 19:12:57.232   581   581 I SpiService: fgesysctrl_getGPIO_status success val=1
05-27 09:04:06.196   581   581 D spi_rst_gpio_get_output: GPIO 145 value: 1
05-27 09:04:06.196   581   581 D spidev_ioctl: gpio status=1)
05-27 19:12:57.237   536   536 W commservice260303: [FgeComService::getAQConnectStatus:378]
05-27 19:12:57.237 11579 11579 D VelocityTracker: VelocityTracker: addMovement eventTime=12244480290000, idBits=0x80000000, activePointerId=0
05-27 19:12:57.237   536   536 W commservice260303: [mcuCommFunctionTcp::getAQConnectStatus:406] 1
05-27 19:12:57.237 11579 11579 D VelocityTracker:   0: position (271.788, 134.594), estimator (degree=0, xCoeff=[ 271.787659 ], yCoeff=[ 134.593628 ], confidence=1.000000)
05-27 19:12:57.237   536   536 W commservice260303: [FgeComService::getAQConnectStatus:380] status:1
05-27 19:12:57.237 11579 11579 D VelocityTracker: VelocityTracker: addMovement eventTime=12244480290000, idBits=0x80000000, activePointerId=0
05-27 19:12:57.237   581   581 I SpiService: fgesysctrl_getGPIO_status success val=1
05-27 19:12:57.237 11579 11579 D VelocityTracker:   0: position (271.788, 134.594), estimator (degree=0, xCoeff=[ 271.787659 ], yCoeff=[ 134.593628 ], confidence=1.000000)
05-27 19:12:57.237 12246 12246 E ivicomm_CommManager: getA2lConnectStatus aqConnectStatus:1
05-27 19:12:57.237 12246 12246 D ivicomm_ConnectStateManager: notifyState newState=1curState=1
05-27 09:04:06.202   581   581 D spi_rst_gpio_get_output: GPIO 145 value: 1
05-27 09:04:06.202   581   581 D spidev_ioctl: gpio status=1)
05-27 09:04:06.205     1     1 I init    : starting service 'trace_kernel'...
05-27 19:12:57.242 13911 14183 I SentryImuMcuAngleSender: 179.96848rollDeg
05-27 19:12:57.242   581   581 I SpiService: fgesysctrl_getGPIO_status success val=1
05-27 19:12:57.242 13911 14183 I SentryImuMcuAngleSender: 1,0,0
05-27 09:04:06.207   581   581 D spi_rst_gpio_get_output: GPIO 145 value: 1
05-27 09:04:06.207   581   581 D spidev_ioctl: gpio status=1)
05-27 19:12:57.245 30773 30786 I dvr_service_: CameraX 1  audioOK: 165696000,audios:2590
05-27 19:12:57.248   581   581 I SpiService: fgesysctrl_getGPIO_status success val=0
05-27 09:04:06.212   581   581 D spi_rst_gpio_get_output: GPIO 145 value: 0
05-27 09:04:06.212   581   581 D spidev_ioctl: gpio status=0)
05-27 09:04:06.217  3773  3773 W audit   : audit_lost=49090 audit_rate_limit=5 audit_backlog_limit=64
05-27 09:04:06.217  3773  3773 E audit   : rate limit exceeded
05-27 19:12:57.254   283   307 I rvcservice: t.code = 3, t.value = 0
05-27 19:12:57.259   572   572 I Sensors : 230 GyroSensor: x:-0.011453,y:0.005345,z:0.002138
05-27 09:04:06.223     0     0 E         : c1 [    C1] |__c2e     mmc1:  485    0    0    0    0    0    0    0    0    0    0    0    0    0
05-27 09:04:06.223     0     0 E         : c1 [    C1] |__d2e     mmc1:  157    0    0    0    0    0    0    0    0    0    0    0    0    0
05-27 09:04:06.223     0     0 E         : c1 [    C1] |__blocks  mmc1:    0  135   19    1    2    0    0    0    0    0    0    0    0    0
05-27 09:04:06.223     0     0 E         : c1 [    C1] |__speed   mmc1: r= 0.0 M/s, w= 0.0 M/s, r_blk= 0, w_blk= 0
05-27 19:12:57.262   581   581 I SpiService: fgesysctrl_getGPIO_status success val=1
05-27 19:12:57.262 13911 14183 I SentryImuMcuAngleSender: 179.95795rollDeg
05-27 19:12:57.262 13911 14183 I SentryImuMcuAngleSender: 1,0,0
05-27 19:12:57.264 15863 16069 D AIN-HttpHealthPolicy: call() called start, host=www.aliyun.com
05-27 09:04:06.226   581   581 D spi_rst_gpio_get_output: GPIO 145 value: 1
05-27 09:04:06.226   581   581 D spidev_ioctl: gpio status=1)
05-27 19:12:57.266 10046  3774 D resolv  : GetAddrInfoHandler::run: {103 786535 103 983143 1000 0}
05-27 19:12:57.267 10046  3774 D resolv  : resolv_getaddrinfo: explore_fqdn(): ai_family=0 ai_socktype=1 ai_protocol=6
05-27 19:12:57.267   581   581 I SpiService: fgesysctrl_getGPIO_status success val=1
05-27 09:04:06.232   581   581 D spi_rst_gpio_get_output: GPIO 145 value: 1
05-27 09:04:06.232   581   581 D spidev_ioctl: gpio status=1)
05-27 19:12:57.268 10046  3775 D resolv  : doQuery: (1, 1)
05-27 19:12:57.268 10046  3775 D resolv  : res_nmkquery: (QUERY, IN, A)
05-27 19:12:57.268 10046  3775 D resolv  : res_nsend
05-27 19:12:57.269 10046  3775 I resolv  : resolv_cache_lookup: lookup
05-27 19:12:57.269 10046  3775 I resolv  : resolv_cache_lookup: NOT IN CACHE (STALE ENTRY 0xb400007295472130DISCARDED)
05-27 19:12:57.269 10046  3775 I resolv  : _cache_remove_p: entry 969 removed (count=49)
05-27 19:12:57.269 10046  3775 I resolv  : resolv_populate_res_for_net: netid=103
05-27 19:12:57.269 10046  3775 I resolv  : res_stats_usable_server: NS stats: S 64 + E 0 + T 0 + I 0 = 64, rtt = 41, min_samples = 8
05-27 19:12:57.269 10046  3775 I resolv  : res_stats_usable_server: success rate 100
05-27 19:12:57.269 10046  3775 D resolv  : res_nsend: Querying server (# 1) address = 10.254.254.254:53
05-27 19:12:57.270 10046  3775 D resolv  : send_dg: new DG socket
05-27 19:12:57.270 10046  3775 I resolv  : get_timeout: using timeout of 5000 msec
05-27 19:12:57.271 10046  3775 I resolv  : retrying_poll: 48 retrying_poll
05-27 19:12:57.271   536   536 D commservice260303: msg.id = 1028,0
05-27 19:12:57.271   536   536 D commservice260303: i = 170, msgid = 8A000404
05-27 19:12:57.271   536   536 D commservice260303: msgid = -1979710460,did=138
05-27 19:12:57.271   536   536 D commservice260303: CommProtocolLibCmdBaseI2C::dataproc {"command":{"id":"imu_status","sub":""},"content":{"TimeStamp":12,"FrameCounter":288308,"GD_X":-0.011453153565526009,"GD_Y":0.005345047451555729,"GD_Z":0.0021378109231591225,"AD_X":-1.3336539268493652E-5,"AD_Y":0.0028338967822492123,"AD_Z":-0.16764068603515625,"TempDsp":0,"Status":0,"CalibState":1,"SigAmpInvalid":0}},-1979710460
05-27 19:12:57.271   536   536 D commservice260303: send2Cluster len:318, 7B22636F6D6D616E64223A7B226964223A22696D755F737461747573222C22737562223A22227D2C22636F6E74656E74223A7B2254696D655374616D70223A31322C224672616D65436F756E746572223A3238383330382C2247445F58223A2D302E3031313435333135333536353532363030392C2247445F59223A302E3030353334353034373435313535353732392C2247445F5A223A302E303032313337383130393233313539313232352C2241445F58223A2D312E33333336353339323638343933363532452D352C2241445F59223A302E303032383333383936373832323439323132332C2241445F5A223A2D302E31363736343036383630333531353632352C2254656D70447370223A302C22537461747573223A302C2243616C69625374617465223A312C22536967416D70496E76616C6964223A307D7D, 138 
05-27 19:12:57.271   536   536 D commservice260303: Push Message into SendPool fn=195691520
05-27 19:12:57.271   536   536 D commservice260303: ComProtocolLibSend2Cluster::send2ClusterRaw fn=195691520 , len=334
05-27 19:12:57.271   536   536 D commservice260303: sendCmdToPort :334!!!
05-27 19:12:57.271   536   536 D commservice260303: send Cmd To Port ++++5AA5014A8A010004AA0B6A16D1B97B22636F6D6D616E64223A7B226964223A22696D755F737461747573222C22737562223A22227D2C22636F6E74656E74223A7B2254696D655374616D70223A31322C224672616D65436F756E746572223A3238383330382C2247445F58223A2D302E3031313435333135333536353532363030392C2247445F59223A302E3030353334353034373435313535353732392C2247445F5A223A302E303032313337383130393233313539313232352C2241445F58223A2D312E33333336353339323638343933363532452D352C2241445F59223A302E303032383333383936373832323439323132332C2241445F5A223A2D302E31363736343036383630333531353632352C2254656D70447370223A302C22537461747573223A302C2243616C69625374617465223A312C22536967416D70496E76616C6964223A307D7DC980
05-27 19:12:57.272   536   536 D commservice260303: bufferevent_write retrun value = 0
05-27 19:12:57.272   536   560 D commservice260303: client datas send succeed,send finish
05-27 19:12:57.272 13911 14192 D Sentinelmode_1.2.5.17_sentry: <SentryImuClusterFgeSender>imu_status sent to Linux, frame=288308, tsNs=12244509, tsMs=12, intervalMs=44, ad=(-1.3336539E-5,0.0028338968,-0.16764069), gd=(-0.011453154,0.0053450475,0.002137811)
05-27 19:12:57.273   581   581 I SpiService: fgesysctrl_getGPIO_status success val=1
05-27 09:04:06.238   581   581 D spi_rst_gpio_get_output: GPIO 145 value: 1
05-27 09:04:06.238   581   581 D spidev_ioctl: gpio status=1)
05-27 09:04:06.241   303   303 I [Audio:SBLCK] p_tt: 1584228,1584228
05-27 19:12:57.279   581   581 I SpiService: fgesysctrl_getGPIO_status success val=1
05-27 09:04:06.243   581   581 D spi_rst_gpio_get_output: GPIO 145 value: 1
05-27 09:04:06.243   581   581 D spidev_ioctl: gpio status=1)
05-27 19:12:57.282 13911 14183 I SentryImuMcuAngleSender: 179.97195rollDeg
05-27 19:12:57.282 13911 14183 I SentryImuMcuAngleSender: 1,0,0
05-27 19:12:57.285   581   581 I SpiService: fgesysctrl_getGPIO_status success val=0
05-27 09:04:06.249   581   581 D spi_rst_gpio_get_output: GPIO 145 value: 0
05-27 09:04:06.249   581   581 D spidev_ioctl: gpio status=0)
05-27 19:12:57.296 10188 11034 D InputReader: syncTouch: pointerCount 1 -> 1, touching ids 0x80000000 -> 0x80000000, hovering ids 0x00000000 -> 0x00000000, canceled ids 0x00000000
05-27 19:12:57.296 10188 11034 D InputReader: dispatchTouches action MOVE now(ns): 12244547266238
05-27 19:12:57.296 10188 11034 D InputReader: notifyMotion call dispatcher
05-27 19:12:57.297 10188 10632 D VelocityTracker: VelocityTracker: stopped for 66.662 ms, clearing state.
05-27 19:12:57.297 10188 10632 D VelocityTracker: VelocityTracker: addMovement eventTime=12244546952000, idBits=0x80000000, activePointerId=0
