05-27 19:12:55.187   536  2578 D commservice260303: mcuDataAnalyzeHandle templen:77,len:77,pos:0, 5AA500490600000047EE6A16D1B77B22636F6D6D616E64223A7B226964223A226473695F6C7578222C22737562223A22227D2C22636F6E74656E74223A7B2276616C7565223A3230307D7D2AD7 
05-27 19:12:55.188   536  2578 I commservice260303: checksumCal = 10967
05-27 19:12:55.188   536  2578 D commservice260303: CommProtocolLibCmdBaseC2I::dataproc {"command":{"id":"dsi_lux","sub":""},"content":{"value":200}},6
05-27 19:12:55.188   536  2578 D commservice260303: mcuCommMessageManager::notifyMsgToClient hwbinder OK
05-27 19:12:55.188   536  2578 D commservice260303: McuProtocolLibSend2Service::send2Service ret=1
05-27 19:12:55.188 12246 12440 D ivicomm_CommManager: fgeComServiceCallback: {"command":{"id":"dsi_lux","sub":""},"content":{"value":200}}
05-27 19:12:55.188 12246 12440 D ivicomm_CallbackManager: registerCallback DSI_LUX: {"value":200} mCommStateCallbackMap size:4
05-27 09:04:04.150   581   581 D spi_rst_gpio_get_output: GPIO 145 value: 1
05-27 09:04:04.150   581   581 D spidev_ioctl: gpio status=1)
05-27 19:12:55.189 11579 13975 D NSLogUtils_VehicleService: L2A comm state: id=dsi_lux, value=200
05-27 19:12:55.190 11344 11391 D SystemUI_SystemSettingsControllerService: onCommState: commandID = dsi_lux; value = 200
05-27 19:12:55.191   581   581 I SpiService: fgesysctrl_getGPIO_status success val=0
05-27 19:12:55.192   481   597 I mcuc    : send SPI:6AA602F6BE00028305C06AA602F6BF00028B308C6AA602F6C000028B318A
05-27 19:12:55.200 13911 14183 I SentryImuMcuAngleSender: 179.993rollDeg
05-27 19:12:55.200 13911 14183 I SentryImuMcuAngleSender: 1,0,0
05-27 09:04:04.156   581   581 D spi_rst_gpio_get_output: GPIO 145 value: 0
05-27 09:04:04.156   581   581 D spidev_ioctl: gpio status=0)
05-27 19:12:55.207   536   536 D commservice260303: msg.id = 1028,0
05-27 19:12:55.207   536   536 D commservice260303: i = 170, msgid = 8A000404
05-27 19:12:55.207   536   536 D commservice260303: msgid = -1979710460,did=138
05-27 19:12:55.207   536   536 D commservice260303: CommProtocolLibCmdBaseI2C::dataproc {"command":{"id":"imu_status","sub":""},"content":{"TimeStamp":12,"FrameCounter":288257,"GD_X":-0.011682018637657166,"GD_Y":0.005345047451555729,"GD_Z":0.0018319635419175029,"AD_X":-0.006707832217216492,"AD_Y":-0.0032833328004926443,"AD_Z":-0.16887474060058594,"TempDsp":0,"Status":0,"CalibState":1,"SigAmpInvalid":0}},-1979710460
05-27 19:12:55.207   536   536 D commservice260303: send2Cluster len:318, 7B22636F6D6D616E64223A7B226964223A22696D755F737461747573222C22737562223A22227D2C22636F6E74656E74223A7B2254696D655374616D70223A31322C224672616D65436F756E746572223A3238383235372C2247445F58223A2D302E3031313638323031383633373635373136362C2247445F59223A302E3030353334353034373435313535353732392C2247445F5A223A302E303031383331393633353431393137353032392C2241445F58223A2D302E3030363730373833323231373231363439322C2241445F59223A2D302E303033323833333332383030343932363434332C2241445F5A223A2D302E31363838373437343036303035383539342C2254656D70447370223A302C22537461747573223A302C2243616C69625374617465223A312C22536967416D70496E76616C6964223A307D7D, 138 
05-27 19:12:55.207   536   536 D commservice260303: Push Message into SendPool fn=-676789248
05-27 19:12:55.207   536   536 D commservice260303: ComProtocolLibSend2Cluster::send2ClusterRaw fn=-676789248 , len=334
05-27 19:12:55.207   536   536 D commservice260303: sendCmdToPort :334!!!
05-27 19:12:55.208   536   536 D commservice260303: send Cmd To Port ++++5AA5014A8A010004A9D76A16D1B77B22636F6D6D616E64223A7B226964223A22696D755F737461747573222C22737562223A22227D2C22636F6E74656E74223A7B2254696D655374616D70223A31322C224672616D65436F756E746572223A3238383235372C2247445F58223A2D302E3031313638323031383633373635373136362C2247445F59223A302E3030353334353034373435313535353732392C2247445F5A223A302E303031383331393633353431393137353032392C2241445F58223A2D302E3030363730373833323231373231363439322C2241445F59223A2D302E303033323833333332383030343932363434332C2241445F5A223A2D302E31363838373437343036303035383539342C2254656D70447370223A302C22537461747573223A302C2243616C69625374617465223A312C22536967416D70496E76616C6964223A307D7D5D87
05-27 19:12:55.208   536   536 D commservice260303: bufferevent_write retrun value = 0
05-27 19:12:55.208   481   598 I mcuc    : rev,n=1,6AA682873900020901B2
05-27 19:12:55.208 13911 14192 D Sentinelmode_1.2.5.17_sentry: <SentryImuClusterFgeSender>imu_status sent to Linux, frame=288257, tsNs=12242442, tsMs=12, intervalMs=42, ad=(-0.006707832,-0.0032833328,-0.16887474), gd=(-0.011682019,0.0053450475,0.0018319635)
05-27 19:12:55.209   572   622 I Sensors : 230 AccelSensor: x:-0.173850,y:0.003659,z:-9.972281
05-27 19:12:55.209   536   560 D commservice260303: client datas send succeed,send finish
05-27 19:12:55.210   581   581 I SpiService: fgesysctrl_getGPIO_status success val=1
05-27 09:04:04.174   581   581 D spi_rst_gpio_get_output: GPIO 145 value: 1
05-27 09:04:04.175   581   581 D spidev_ioctl: gpio status=1)
05-27 19:12:55.215   581   581 I SpiService: fgesysctrl_getGPIO_status success val=1
05-27 09:04:04.180   581   581 D spi_rst_gpio_get_output: GPIO 145 value: 1
05-27 09:04:04.180   581   581 D spidev_ioctl: gpio status=1)
05-27 19:12:55.221 13911 14183 I SentryImuMcuAngleSender: 179.97897rollDeg
05-27 19:12:55.221 13911 14183 I SentryImuMcuAngleSender: 1,0,0
05-27 19:12:55.221   581   581 I SpiService: fgesysctrl_getGPIO_status success val=1
05-27 09:04:04.186   581   581 D spi_rst_gpio_get_output: GPIO 145 value: 1
05-27 09:04:04.186   581   581 D spidev_ioctl: gpio status=1)
05-27 19:12:55.227   581   581 I SpiService: fgesysctrl_getGPIO_status success val=1
05-27 09:04:04.191   581   581 D spi_rst_gpio_get_output: GPIO 145 value: 1
05-27 09:04:04.191   581   581 D spidev_ioctl: gpio status=1)
05-27 19:12:55.232   581   581 I SpiService: fgesysctrl_getGPIO_status success val=0
05-27 09:04:04.197   581   581 D spi_rst_gpio_get_output: GPIO 145 value: 0
05-27 09:04:04.197   581   581 D spidev_ioctl: gpio status=0)
05-27 19:12:55.235   536   536 W commservice260303: [FgeComService::getAQConnectStatus:378]
05-27 19:12:55.235   536   536 W commservice260303: [mcuCommFunctionTcp::getAQConnectStatus:406] 1
05-27 19:12:55.235   536   536 W commservice260303: [FgeComService::getAQConnectStatus:380] status:1
05-27 19:12:55.235 12246 12246 E ivicomm_CommManager: getA2lConnectStatus aqConnectStatus:1
05-27 19:12:55.235 12246 12246 D ivicomm_ConnectStateManager: notifyState newState=1curState=1
05-27 19:12:55.241 13911 14183 I SentryImuMcuAngleSender: 179.97546rollDeg
05-27 19:12:55.242 13911 14183 I SentryImuMcuAngleSender: 1,0,0
05-27 19:12:55.246   581   581 I SpiService: fgesysctrl_getGPIO_status success val=1
05-27 19:12:55.247   536   536 D commservice260303: msg.id = 1028,0
05-27 19:12:55.247   536   536 D commservice260303: i = 170, msgid = 8A000404
05-27 19:12:55.247   536   536 D commservice260303: msgid = -1979710460,did=138
05-27 19:12:55.247   536   536 D commservice260303: CommProtocolLibCmdBaseI2C::dataproc {"command":{"id":"imu_status","sub":""},"content":{"TimeStamp":12,"FrameCounter":288258,"GD_X":-0.011223767884075642,"GD_Y":0.004505007527768612,"GD_Z":0.0028249274473637342,"AD_X":-0.004233062267303467,"AD_Y":0.0015953308902680874,"AD_Z":-0.16948509216308594,"TempDsp":0,"Status":0,"CalibState":1,"SigAmpInvalid":0}},-1979710460
05-27 19:12:55.248   536   536 D commservice260303: send2Cluster len:317, 7B22636F6D6D616E64223A7B226964223A22696D755F737461747573222C22737562223A22227D2C22636F6E74656E74223A7B2254696D655374616D70223A31322C224672616D65436F756E746572223A3238383235382C2247445F58223A2D302E3031313232333736373838343037353634322C2247445F59223A302E3030343530353030373532373736383631322C2247445F5A223A302E303032383234393237343437333633373334322C2241445F58223A2D302E3030343233333036323236373330333436372C2241445F59223A302E303031353935333330383930323638303837342C2241445F5A223A2D302E31363934383530393231363330383539342C2254656D70447370223A302C22537461747573223A302C2243616C69625374617465223A312C22536967416D70496E76616C6964223A307D7D, 138 
05-27 19:12:55.248   536   536 D commservice260303: Push Message into SendPool fn=-660012032
05-27 19:12:55.248   536   536 D commservice260303: ComProtocolLibSend2Cluster::send2ClusterRaw fn=-660012032 , len=333
05-27 19:12:55.248   536   536 D commservice260303: sendCmdToPort :333!!!
05-27 19:12:55.248   536   536 D commservice260303: send Cmd To Port ++++5AA501498A010004A9D86A16D1B77B22636F6D6D616E64223A7B226964223A22696D755F737461747573222C22737562223A22227D2C22636F6E74656E74223A7B2254696D655374616D70223A31322C224672616D65436F756E746572223A3238383235382C2247445F58223A2D302E3031313232333736373838343037353634322C2247445F59223A302E3030343530353030373532373736383631322C2247445F5A223A302E303032383234393237343437333633373334322C2241445F58223A2D302E3030343233333036323236373330333436372C2241445F59223A302E303031353935333330383930323638303837342C2241445F5A223A2D302E31363934383530393231363330383539342C2254656D70447370223A302C22537461747573223A302C2243616C69625374617465223A312C22536967416D70496E76616C6964223A307D7D42CF
05-27 19:12:55.248   536   536 D commservice260303: bufferevent_write retrun value = 0
05-27 19:12:55.248   536   560 D commservice260303: client datas send succeed,send finish
05-27 19:12:55.248 13911 14192 D Sentinelmode_1.2.5.17_sentry: <SentryImuClusterFgeSender>imu_status sent to Linux, frame=288258, tsNs=12242495, tsMs=12, intervalMs=40, ad=(-0.0042330623,0.0015953309,-0.16948509), gd=(-0.011223768,0.0045050075,0.0028249274)
05-27 09:04:04.211   581   581 D spi_rst_gpio_get_output: GPIO 145 value: 1
05-27 09:04:04.211   581   581 D spidev_ioctl: gpio status=1)
05-27 19:12:55.250   283   307 I rvcservice: t.code = 2, t.value = 9969840
05-27 19:12:55.252   581   581 I SpiService: fgesysctrl_getGPIO_status success val=1
05-27 09:04:04.217   581   581 D spi_rst_gpio_get_output: GPIO 145 value: 1
05-27 09:04:04.217   581   581 D spidev_ioctl: gpio status=1)
05-27 19:12:55.258   830   830 D SurfaceFlinger: unisoc-graphics, commit has frameMissed:2, vysncId:447264
05-27 19:12:55.258   581   581 I SpiService: fgesysctrl_getGPIO_status success val=1
05-27 19:12:55.258 11579 11579 W Choreographer: Frame time is 0.071354 ms in the future!  Check that graphics HAL is generating vsync timestamps using the correct timebase.
05-27 09:04:04.223   581   581 D spi_rst_gpio_get_output: GPIO 145 value: 1
05-27 09:04:04.223   581   581 D spidev_ioctl: gpio status=1)
05-27 19:12:55.262 13911 14183 I SentryImuMcuAngleSender: 179.96497rollDeg
05-27 19:12:55.262 13911 14183 I SentryImuMcuAngleSender: 1,0,0
05-27 19:12:55.263   581   581 I SpiService: fgesysctrl_getGPIO_status success val=1
05-27 09:04:04.228   581   581 D spi_rst_gpio_get_output: GPIO 145 value: 1
05-27 09:04:04.228   581   581 D spidev_ioctl: gpio status=1)
05-27 19:12:55.265 30773 30786 I dvr_service_: CameraX 0  audioOK: 163776000,audios:2560
05-27 19:12:55.269   566 11459 I gps_hdbd: nmea_cs <0> != calc_cs <1b>, return -1
05-27 19:12:55.269   581   581 I SpiService: fgesysctrl_getGPIO_status success val=1
05-27 09:04:04.233   581   581 D spi_rst_gpio_get_output: GPIO 145 value: 1
05-27 09:04:04.233   581   581 D spidev_ioctl: gpio status=1)
05-27 19:12:55.274   581   581 I SpiService: fgesysctrl_getGPIO_status success val=0
05-27 19:12:55.275   830   830 D SurfaceFlinger: unisoc-graphics, commit has frameMissed:2, vysncId:447279
05-27 09:04:04.239   581   581 D spi_rst_gpio_get_output: GPIO 145 value: 0
05-27 09:04:04.239   581   581 D spidev_ioctl: gpio status=0)
05-27 19:12:55.282 13911 14183 I SentryImuMcuAngleSender: 179.97899rollDeg
05-27 19:12:55.283 13911 14183 I SentryImuMcuAngleSender: 1,0,0
05-27 19:12:55.288   536   536 D commservice260303: msg.id = 1028,1
05-27 19:12:55.288   536   536 D commservice260303: i = 170, msgid = 8A000404
05-27 19:12:55.288   536   536 D commservice260303: msgid = -1979710460,did=138
05-27 19:12:55.288   581   581 I SpiService: fgesysctrl_getGPIO_status success val=1
05-27 19:12:55.288   536   536 D commservice260303: CommProtocolLibCmdBaseI2C::dataproc {"command":{"id":"imu_status","sub":""},"content":{"TimeStamp":12,"FrameCounter":288259,"GD_X":-0.011070843786001205,"GD_Y":0.0059551820158958435,"GD_Z":0.002519079949706793,"AD_X":0.0030591487884521484,"AD_Y":-8.475447539240122E-4,"AD_Z":-0.16948509216308594,"TempDsp":0,"Status":0,"CalibState":1,"SigAmpInvalid":0}},-1979710460
05-27 19:12:55.289   536   536 D commservice260303: send2Cluster len:317, 7B22636F6D6D616E64223A7B226964223A22696D755F737461747573222C22737562223A22227D2C22636F6E74656E74223A7B2254696D655374616D70223A31322C224672616D65436F756E746572223A3238383235392C2247445F58223A2D302E3031313037303834333738363030313230352C2247445F59223A302E303035393535313832303135383935383433352C2247445F5A223A302E3030323531393037393934393730363739332C2241445F58223A302E303033303539313438373838343532313438342C2241445F59223A2D382E343735343437353339323430313232452D342C2241445F5A223A2D302E31363934383530393231363330383539342C2254656D70447370223A302C22537461747573223A302C2243616C69625374617465223A312C22536967416D70496E76616C6964223A307D7D, 138 
05-27 19:12:55.289   536   536 D commservice260303: Push Message into SendPool fn=-643234816
05-27 19:12:55.289   536   536 D commservice260303: ComProtocolLibSend2Cluster::send2ClusterRaw fn=-643234816 , len=333
05-27 19:12:55.289   536   536 D commservice260303: sendCmdToPort :333!!!
05-27 09:04:04.253   581   581 D spi_rst_gpio_get_output: GPIO 145 value: 1
05-27 09:04:04.253   581   581 D spidev_ioctl: gpio status=1)
05-27 19:12:55.289   536   536 D commservice260303: send Cmd To Port ++++5AA501498A010004A9D96A16D1B77B22636F6D6D616E64223A7B226964223A22696D755F737461747573222C22737562223A22227D2C22636F6E74656E74223A7B2254696D655374616D70223A31322C224672616D65436F756E746572223A3238383235392C2247445F58223A2D302E3031313037303834333738363030313230352C2247445F59223A302E303035393535313832303135383935383433352C2247445F5A223A302E3030323531393037393934393730363739332C2241445F58223A302E303033303539313438373838343532313438342C2241445F59223A2D382E343735343437353339323430313232452D342C2241445F5A223A2D302E31363934383530393231363330383539342C2254656D70447370223A302C22537461747573223A302C2243616C69625374617465223A312C22536967416D70496E76616C6964223A307D7D08DD
05-27 19:12:55.289   536   536 D commservice260303: bufferevent_write retrun value = 0
05-27 19:12:55.289   536   560 D commservice260303: client datas send succeed,send finish
05-27 19:12:55.289 13911 14192 D Sentinelmode_1.2.5.17_sentry: <SentryImuClusterFgeSender>imu_status sent to Linux, frame=288259, tsNs=12242530, tsMs=12, intervalMs=41, ad=(0.0030591488,-8.4754475E-4,-0.16948509), gd=(-0.011070844,0.005955182,0.00251908)
05-27 19:12:55.294   581   581 I SpiService: fgesysctrl_getGPIO_status success val=1
05-27 09:04:04.258   581   581 D spi_rst_gpio_get_output: GPIO 145 value: 1
05-27 09:04:04.258   581   581 D spidev_ioctl: gpio status=1)
05-27 19:12:55.298   572   572 I Sensors : 230 GyroSensor: x:-0.011377,y:0.005345,z:0.002061
05-27 19:12:55.299   581   581 I SpiService: fgesysctrl_getGPIO_status success val=1
05-27 09:04:04.264   581   581 D spi_rst_gpio_get_output: GPIO 145 value: 1
05-27 09:04:04.264   581   581 D spidev_ioctl: gpio status=1)
05-27 19:12:55.303 13911 14183 I SentryImuMcuAngleSender: 179.986rollDeg
05-27 19:12:55.303 13911 14183 I SentryImuMcuAngleSender: 1,0,0
05-27 19:12:55.304 30773 30785 I dvr_service_: [EncoderHandler::runMediaThread] runMediaThread started:1,state:1, cam2:started:1,state:1, lastSwitch:1, mIsMuxerStart:1,format:0,is_str_ing:0
05-27 19:12:55.304   581   581 I SpiService: fgesysctrl_getGPIO_status success val=1
05-27 09:04:04.269   581   581 D spi_rst_gpio_get_output: GPIO 145 value: 1
05-27 09:04:04.269   581   581 D spidev_ioctl: gpio status=1)
05-27 19:12:55.310   581   581 I SpiService: fgesysctrl_getGPIO_status success val=1
05-27 19:12:55.311 11344 11344 E SystemUI_NavBarFragment: SysUIConfig.icCarServiceConnected：false
05-27 09:04:04.274   581   581 D spi_rst_gpio_get_output: GPIO 145 value: 1
05-27 09:04:04.274   581   581 D spidev_ioctl: gpio status=1)
05-27 19:12:55.315   581   581 I SpiService: fgesysctrl_getGPIO_status success val=0
05-27 09:04:04.280   581   581 D spi_rst_gpio_get_output: GPIO 145 value: 0
05-27 09:04:04.280   581   581 D spidev_ioctl: gpio status=0)
05-27 19:12:55.323 13911 14183 I SentryImuMcuAngleSender: 179.97198rollDeg
05-27 19:12:55.324 13911 14183 I SentryImuMcuAngleSender: 1,0,0
05-27 19:12:55.324 30773 30786 I dvr_service_: CameraX 1  audioOK: 163776000,audios:2560
05-27 19:12:55.325 28437 28493 D ANW_AVRCP: (28437|0xFF195CB0)[AVRCP] API getPlayStatusTimerHandler
05-27 19:12:55.325 28437 28493 D ANW_AVRCP: (28437|0xFF195CB0)[AVRCP] API AVRCP_GetPlayStatus
05-27 19:12:55.325 28437 28493 D ANWStack: [  12242576][ANWBT] <<Avctp_Send_Message 0/1:
05-27 19:12:55.325 28437 28493 D ANWStack: 
05-27 19:12:55.325 28437 28493 D ANWStack: [  12242576][ANWBT] L2CAP: L2_RetrieveHandle called, cid=0x84
05-27 19:12:55.325 28437 28493 D ANWStack: 
05-27 19:12:55.328   536   536 D commservice260303: msg.id = 1028,0
05-27 19:12:55.328   536   536 D commservice260303: i = 170, msgid = 8A000404
05-27 19:12:55.328   536   536 D commservice260303: msgid = -1979710460,did=138
05-27 19:12:55.328   536   536 D commservice260303: CommProtocolLibCmdBaseI2C::dataproc {"command":{"id":"imu_status","sub":""},"content":{"TimeStamp":12,"FrameCounter":288260,"GD_X":-0.011223767884075642,"GD_Y":0.0057257963344454765,"GD_Z":0.0019848872907459736,"AD_X":-6.248205900192261E-4,"AD_Y":3.788094036281109E-4,"AD_Z":-0.17314529418945312,"TempDsp":0,"Status":0,"CalibState":1,"SigAmpInvalid":0}},-1979710460
05-27 19:12:55.328   536   536 D commservice260303: send2Cluster len:317, 7B22636F6D6D616E64223A7B226964223A22696D755F737461747573222C22737562223A22227D2C22636F6E74656E74223A7B2254696D655374616D70223A31322C224672616D65436F756E746572223A3238383236302C2247445F58223A2D302E3031313232333736373838343037353634322C2247445F59223A302E303035373235373936333334343435343736352C2247445F5A223A302E303031393834383837323930373435393733362C2241445F58223A2D362E323438323035393030313932323631452D342C2241445F59223A332E373838303934303336323831313039452D342C2241445F5A223A2D302E31373331343532393431383934353331322C2254656D70447370223A302C22537461747573223A302C2243616C69625374617465223A312C22536967416D70496E76616C6964223A307D7D, 138 
05-27 19:12:55.328   536   536 D commservice260303: Push Message into SendPool fn=-626457600
05-27 19:12:55.328   536   536 D commservice260303: ComProtocolLibSend2Cluster::send2ClusterRaw fn=-626457600 , len=333
05-27 19:12:55.328   536   536 D commservice260303: sendCmdToPort :333!!!
05-27 19:12:55.328   536   536 D commservice260303: send Cmd To Port ++++5AA501498A010004A9DA6A16D1B77B22636F6D6D616E64223A7B226964223A22696D755F737461747573222C22737562223A22227D2C22636F6E74656E74223A7B2254696D655374616D70223A31322C224672616D65436F756E746572223A3238383236302C2247445F58223A2D302E3031313232333736373838343037353634322C2247445F59223A302E303035373235373936333334343435343736352C2247445F5A223A302E303031393834383837323930373435393733362C2241445F58223A2D362E323438323035393030313932323631452D342C2241445F59223A332E373838303934303336323831313039452D342C2241445F5A223A2D302E31373331343532393431383934353331322C2254656D70447370223A302C22537461747573223A302C2243616C69625374617465223A312C22536967416D70496E76616C6964223A307D7D5AF3
05-27 19:12:55.328   536   536 D commservice260303: bufferevent_write retrun value = 0
05-27 19:12:55.328   536   560 D commservice260303: client datas send succeed,send finish
05-27 19:12:55.329 13911 14192 D Sentinelmode_1.2.5.17_sentry: <SentryImuClusterFgeSender>imu_status sent to Linux, frame=288260, tsNs=12242566, tsMs=12, intervalMs=39, ad=(-6.248206E-4,3.788094E-4,-0.1731453), gd=(-0.011223768,0.0057257963,0.0019848873)
05-27 19:12:55.329   581   581 I SpiService: fgesysctrl_getGPIO_status success val=1
05-27 09:04:04.294   581   581 D spi_rst_gpio_get_output: GPIO 145 value: 1
05-27 09:04:04.294   581   581 D spidev_ioctl: gpio status=1)
05-27 19:12:55.334   581   581 I SpiService: fgesysctrl_getGPIO_status success val=1
05-27 19:12:55.336 28437 28493 D ANWAPI  : (28437|0xFF195CB0)[BTAPI] AnwhciEventCallback 19 1
05-27 09:04:04.299   581   581 D spi_rst_gpio_get_output: GPIO 145 value: 1
05-27 09:04:04.299   581   581 D spidev_ioctl: gpio status=1)
05-27 19:12:55.340   581   581 I SpiService: fgesysctrl_getGPIO_status success val=1
05-27 09:04:04.304   581   581 D spi_rst_gpio_get_output: GPIO 145 value: 1
05-27 09:04:04.304   581   581 D spidev_ioctl: gpio status=1)
05-27 19:12:55.341 28437 28493 D ANWStack: [  12242592][ANWBT] >>Avctp_L2cap_Data_Ind_Cb
05-27 19:12:55.341 28437 28493 D ANWStack: 
05-27 19:12:55.341 28437 28493 D ANWStack: [  12242592][ANWBT] AVCTP Message Length = 22
05-27 19:12:55.341 28437 28493 D ANWStack: [  12242592][ANWBT] Receive AVCTP_SINGLE_PACKET
05-27 19:12:55.341 28437 28493 D ANW_AVRCP: (28437|0xFF195CB0)[AVRCP] [**AVRCP**] 0x72 0x110e
05-27 19:12:55.341 28437 28493 D ANW_AVRCP: (28437|0xFF195CB0)[AVRCP] opcode match 0x0
05-27 19:12:55.341 28437 28493 D ANW_AVRCP: 
05-27 19:12:55.341 28437 28493 D ANW_AVRCP: (28437|0xFF195CB0)[AVRCP] subopcode match 0x30, update ctype 0x1->0xc
05-27 19:12:55.341 28437 28493 D ANW_AVRCP: 
05-27 19:12:55.341 28437 28493 D ANW_AVRCP: (28437|0xFF195CB0)[AVRCP] AVRCP_Packet_Parser Response
05-27 19:12:55.341 28437 28493 D ANW_AVRCP: 
05-27 19:12:55.341 28437 28493 D ANW_AVRCP: (28437|0xFF195CB0)[AVRCP] AVRCP_Get_Play_Status_RSP_Handler 0/0 0
05-27 19:12:55.342 28437 28493 D ANWAPI  : (28437|0xFF195CB0)[BTAPI] connmgr_find_by_handle pData = 0xb40000740d7f9a10,7
05-27 19:12:55.342 28437 28493 D ANWAPI  : (28437|0xFF195CB0)[BTAPI] ===BTAPI_MallocIdxMsg 1030 16
05-27 19:12:55.342 28437 28493 D ANWAPI  : (28437|0xFF195CB0)[BTAPI] *BT_CB_Dispatch
05-27 19:12:55.342 28437 28493 D ANWAPI  : (28437|0xFF195CB0)[BTAPI] *****SDK callback(0x406)
05-27 19:12:55.342 28437 28493 D ANWAPI  : (28437|0xFF195CB0)[BTAPI] SDK***** [58:b9:65:7c:37:70]
05-27 19:12:55.342 28437 28493 D ANWAPI  : (28437|0xFF195CB0)[BTAPI] btsdk_exec_apicb start
05-27 19:12:55.342 28437 28493 D ANWAPI  : (28437|0xFF195CB0)[BTAPI] Up: AvrcpMsgHandler receive[58:B9:65:7C:37:70], Get Device ID(0)
05-27 19:12:55.342 28437 28493 D ANWAPI  : 
05-27 19:12:55.342 28437 28493 D ANWAPI  : (28437|0xFF195CB0)[BTAPI] Up: AnWBT_AVRCP_CURRENT_PLAY_STATUS_IND
05-27 19:12:55.342 28437 28493 D ANWAPI  : 
05-27 19:12:55.342 28437 28493 D ANWAPI  : (28437|0xFF195CB0)[BTAPI] songLengthMs     =0
05-27 19:12:55.342 28437 28493 D ANWAPI  : 
05-27 19:12:55.342 28437 28493 D ANWAPI  : (28437|0xFF195CB0)[BTAPI] songPositionMs   =0
05-27 19:12:55.342 28437 28493 D ANWAPI  : 
05-27 19:12:55.342 28437 28493 I ANW bt_btif: AvrcpMsgHandler: HAL bt_rc_ctrl_callbacks->play_position_changed_cb
05-27 19:12:55.342 28437 28493 I BluetoothAvrcpControllerJni: btavrcp_play_position_changed_callback
05-27 19:12:55.342 28437 28493 D AvrcpControllerService: onPlayPositionChanged pos 0
05-27 19:12:55.342 28437 28493 D ANWAPI  : (28437|0xFF195CB0)[BTAPI] currentPlayStatus=0
05-27 19:12:55.342 28437 28493 D ANWAPI  : 
05-27 19:12:55.342 28437 28493 I ANW bt_btif: AvrcpMsgHandler: HAL bt_rc_ctrl_callbacks->play_status_changed_cb
05-27 19:12:55.342 28437 28493 I BluetoothAvrcpControllerJni: btavrcp_play_status_changed_callback
05-27 19:12:55.342 28437 28493 D AvrcpControllerService: onPlayStatusChanged 0
05-27 19:12:55.342 28437 28493 D ANWAPI  : (28437|0xFF195CB0)[BTAPI] btsdk_exec_apicb end
05-27 19:12:55.344 13911 14183 I SentryImuMcuAngleSender: 179.94397rollDeg
05-27 19:12:55.344 13911 14183 I SentryImuMcuAngleSender: 1,0,0
05-27 19:12:55.344 28437  3402 D AvrcpControllerStateMachine: Avrcp.GetFolderList processMessage 206
05-27 19:12:55.344 28437  3402 D AvrcpControllerStateMachine: Avrcp.ConnectedAvrcpController processMessage 206
05-27 19:12:55.345 28437  3402 D AvrcpPlayer: getPlayBackState state 1 time 0
05-27 19:12:55.345 28437  3402 D BluetoothMediaBrowserService: notifyChanged PlaybackStatePlaybackState {state=1, position=0, buffered position=0, speed=0.0, updated=12242595, actions=16511, error code=0, error message=null, custom actions=[], active item id=-1}
05-27 19:12:55.345   581   581 I SpiService: fgesysctrl_getGPIO_status success val=1
05-27 19:12:55.346 28437  3402 D AvrcpControllerStateMachine: Avrcp.GetFolderList processMessage 207
05-27 19:12:55.346 28437  3402 D AvrcpControllerStateMachine: Avrcp.ConnectedAvrcpController processMessage 207
05-27 19:12:55.346 28437  3402 D AvrcpPlayer: getPlayBackState state 1 time 0
05-27 19:12:55.346 28437  3402 D BluetoothMediaBrowserService: notifyChanged PlaybackStatePlaybackState {state=1, position=0, buffered position=0, speed=0.0, updated=12242597, actions=16511, error code=0, error message=null, custom actions=[], active item id=-1}
05-27 19:12:55.346 28437 28437 W AudioMediaPlayerWrapper: onPlaybackStateChanged(): com.android.bluetooth tried to update with no new data
05-27 19:12:55.347 28437  3402 D AvrcpControllerStateMachine: Avrcp.ConnectedAvrcpController shouldRequestFocus() true
05-27 19:12:55.347 28437 28437 W AudioMediaPlayerWrapper: onPlaybackStateChanged(): com.android.bluetooth tried to update with no new data
05-27 19:12:55.348 15525 15525 I NSLogUtils_BtMusicModel: onPlaybackStateChanged state: PlaybackState {state=1, position=0, buffered position=0, speed=0.0, updated=12242595, actions=16511, custom actions=[], active item id=-1, error=null} mIsBCallInCall=false
05-27 09:04:04.310   581   581 D spi_rst_gpio_get_output: GPIO 145 value: 1
05-27 09:04:04.310   581   581 D spidev_ioctl: gpio status=1)
05-27 19:12:55.349 15525 15525 I NSLogUtils_BtMusicModel: musicChange metaData: android.media.MediaMetadata@ce0e91
05-27 19:12:55.349 15525 15525 I NSLogUtils_BtMusicModel: musicChange title: null,artist: null,duration: 0,album: null,albumArtUri: null
05-27 19:12:55.350 15525 15525 D NSLogUtils_MediaForegroundService: updateNotification isPlaying=false title=null text=null
05-27 19:12:55.350 15525 15525 I NSLogUtils_MediaForegroundService: getAlbumArtBitmap IMG uri is null
05-27 19:12:55.350   283   307 I rvcservice: t.code = 3, t.value = 0
05-27 19:12:55.351   581   581 I SpiService: fgesysctrl_getGPIO_status success val=1
05-27 19:12:55.345  1122  1122 I auditd  : type=1400 audit(0.0:82366): avc: denied { dac_read_search } for comm="tbox_ap" capability=2 scontext=u:r:tboxd:s0 tcontext=u:r:tboxd:s0 tclass=capability permissive=1
05-27 19:12:55.345  1122  1122 I tbox_ap : type=1400 audit(0.0:82366): avc: denied { dac_read_search } for capability=2 scontext=u:r:tboxd:s0 tcontext=u:r:tboxd:s0 tclass=capability permissive=1
05-27 09:04:04.315   581   581 D spi_rst_gpio_get_output: GPIO 145 value: 1
05-27 09:04:04.315   581   581 D spidev_ioctl: gpio status=1)
05-27 19:12:55.352 10188 10188 D NotificationService: EnqueueNotificationRunnable.run for: 0|com.yadea.btmusic|8001|null|1000
05-27 19:12:55.353 15525 15525 I NSLogUtils_BtMusicModel: onPlaybackStateChanged state: PlaybackState {state=1, position=0, buffered position=0, speed=0.0, updated=12242597, actions=16511, custom actions=[], active item id=-1, error=null} mIsBCallInCall=false
05-27 19:12:55.353 10188 10188 I notification_enqueue: [1000,15525,com.yadea.btmusic,8001,NULL,0,Notification(channel=media_playback_channel shortcut=null contentView=null vibrate=null sound=null defaults=0x0 flags=0x48 color=0x00000000 category=transport groupKey=silent actions=3 vis=PUBLIC),1]
05-27 19:12:55.353 15525 15525 I NSLogUtils_BtMusicModel: musicChange metaData: android.media.MediaMetadata@ce0e91
05-27 19:12:55.353 15525 15525 I NSLogUtils_BtMusicModel: musicChange title: null,artist: null,duration: 0,album: null,albumArtUri: null
05-27 19:12:55.354 15525 15525 D NSLogUtils_MediaForegroundService: updateNotification isPlaying=false title=null text=null
05-27 19:12:55.354 15525 15525 I NSLogUtils_MediaForegroundService: getAlbumArtBitmap IMG uri is null
05-27 19:12:55.355 11731 11731 I ExtAssistant: ENQUEUED 0|com.yadea.btmusic|8001|null|1000 on media_playback_channel
05-27 19:12:55.356 11731 13524 D ExtAssistant: Creating Adjustment for 0|com.yadea.btmusic|8001|null|1000, with 0 actions, and 0 replies.
05-27 19:12:55.356   581   581 I SpiService: fgesysctrl_getGPIO_status success val=0
05-27 19:12:55.357 10188 10188 D NotificationService: EnqueueNotificationRunnable.run for: 0|com.yadea.btmusic|8001|null|1000
05-27 19:12:55.357 10188 10188 I notification_enqueue: [1000,15525,com.yadea.btmusic,8001,NULL,0,Notification(channel=media_playback_channel shortcut=null contentView=null vibrate=null sound=null defaults=0x0 flags=0x48 color=0x00000000 category=transport groupKey=silent actions=3 vis=PUBLIC),1]
05-27 19:12:55.358 11731 11731 I ExtAssistant: ENQUEUED 0|com.yadea.btmusic|8001|null|1000 on media_playback_channel
05-27 19:12:55.359   830   830 D SurfaceFlinger: unisoc-graphics, commit has frameMissed:2, vysncId:447332
05-27 19:12:55.359 11731 13524 D ExtAssistant: Creating Adjustment for 0|com.yadea.btmusic|8001|null|1000, with 0 actions, and 0 replies.
05-27 09:04:04.321   581   581 D spi_rst_gpio_get_output: GPIO 145 value: 0
05-27 09:04:04.321   581   581 D spidev_ioctl: gpio status=0)
05-27 19:12:55.365 13911 14183 I SentryImuMcuAngleSender: 179.92993rollDeg
05-27 19:12:55.365 13911 14183 I SentryImuMcuAngleSender: 1,0,0
05-27 19:12:55.368   536   536 D commservice260303: msg.id = 1028,0
05-27 19:12:55.368   536   536 D commservice260303: i = 170, msgid = 8A000404
05-27 19:12:55.368   536   536 D commservice260303: msgid = -1979710460,did=138
05-27 19:12:55.368   536   536 D commservice260303: CommProtocolLibCmdBaseI2C::dataproc {"command":{"id":"imu_status","sub":""},"content":{"TimeStamp":12,"FrameCounter":288261,"GD_X":-0.011682018637657166,"GD_Y":0.006185087841004133,"GD_Z":0.0021378109231591225,"AD_X":-6.394684314727783E-4,"AD_Y":0.007658754475414753,"AD_Z":-0.1713113784790039,"TempDsp":0,"Status":0,"CalibState":1,"SigAmpInvalid":0}},-1979710460
05-27 19:12:55.368   536   536 D commservice260303: send2Cluster len:315, 7B22636F6D6D616E64223A7B226964223A22696D755F737461747573222C22737562223A22227D2C22636F6E74656E74223A7B2254696D655374616D70223A31322C224672616D65436F756E746572223A3238383236312C2247445F58223A2D302E3031313638323031383633373635373136362C2247445F59223A302E3030363138353038373834313030343133332C2247445F5A223A302E303032313337383130393233313539313232352C2241445F58223A2D362E333934363834333134373237373833452D342C2241445F59223A302E3030373635383735343437353431343735332C2241445F5A223A2D302E313731333131333738343739303033392C2254656D70447370223A302C22537461747573223A302C2243616C69625374617465223A312C22536967416D70496E76616C6964223A307D7D, 138 
05-27 19:12:55.368   536   536 D commservice260303: Push Message into SendPool fn=-609680384
05-27 19:12:55.368   536   536 D commservice260303: ComProtocolLibSend2Cluster::send2ClusterRaw fn=-609680384 , len=331
05-27 19:12:55.368   536   536 D commservice260303: sendCmdToPort :331!!!
05-27 19:12:55.369   536   536 D commservice260303: send Cmd To Port ++++5AA501478A010004A9DB6A16D1B77B22636F6D6D616E64223A7B226964223A22696D755F737461747573222C22737562223A22227D2C22636F6E74656E74223A7B2254696D655374616D70223A31322C224672616D65436F756E746572223A3238383236312C2247445F58223A2D302E3031313638323031383633373635373136362C2247445F59223A302E3030363138353038373834313030343133332C2247445F5A223A302E303032313337383130393233313539313232352C2241445F58223A2D362E333934363834333134373237373833452D342C2241445F59223A302E3030373635383735343437353431343735332C2241445F5A223A2D302E313731333131333738343739303033392C2254656D70447370223A302C22537461747573223A302C2243616C69625374617465223A312C22536967416D70496E76616C6964223A307D7DB7A5
05-27 19:12:55.369   536   536 D commservice260303: bufferevent_write retrun value = 0
05-27 19:12:55.369   536   560 D commservice260303: client datas send succeed,send finish
05-27 19:12:55.369 13911 14192 D Sentinelmode_1.2.5.17_sentry: <SentryImuClusterFgeSender>imu_status sent to Linux, frame=288261, tsNs=12242603, tsMs=12, intervalMs=41, ad=(-6.3946843E-4,0.0076587545,-0.17131138), gd=(-0.011682019,0.006185088,0.002137811)
05-27 19:12:55.373   581   581 I SpiService: fgesysctrl_getGPIO_status success val=1
05-27 19:12:55.375   481   598 I mcuc    : rev,n=1,6AA681F6C10014890087060003080101010101010101010103FF0186
05-27 19:12:55.375   351   373 D automotive.vehicle@2.0-adayo-datacomm-mcu: MCUDatacomm sendMessageFromVehicle prop: 0x89, areaId: 0x0, status: 0x87, timestamp: 0x6
05-27 19:12:55.375   351   373 D automotive.vehicle@2.0-adayo-datacomm-mcu: MCUDatacomm 1sendMessageFromVehicle ---> type = 3 
05-27 19:12:55.375   351   373 D automotive.vehicle@2.0-adayo-func-bcm: sendMessageFromVehicle sendMessageFromVehicle
05-27 19:12:55.375   351   516 D automotive.vehicle@2.0-adayo-func-bcm: jjfan1 ______procotolSize :13
05-27 19:12:55.375   351   516 D automotive.vehicle@2.0-adayo-func-bcm: BCMFunc sendMessageFromVehicle_l dataType: 12,mByte=7,propid=0x21400056
05-27 19:12:55.375   351   516 D automotive.vehicle@2.0-adayo-func-bcm: BCMFunc sendMessageFromVehicle_l msgBuff[7]=0x1,start:0,len:8,temp:8,
05-27 19:12:55.375   351   516 D automotive.vehicle@2.0-adayo-func-bcm: BCMFunc sendMessageFromVehicle_l prop: 0x21400056 ,areaId: 0x0  SPLITE_BIT_DATA_INTEGER : 1
05-27 19:12:55.375   351   516 D automotive.vehicle@2.0-adayo-func-bcm: BCMFunc sendMessageFromVehicle_l id:557842518, area:0 not report! 
05-27 19:12:55.375   351   516 D automotive.vehicle@2.0-adayo-func-bcm: BCMFunc sendMessageFromVehicle_l dataType: 12,mByte=8,propid=0x21400057
05-27 19:12:55.375   351   516 D automotive.vehicle@2.0-adayo-func-bcm: BCMFunc sendMessageFromVehicle_l msgBuff[8]=0x1,start:0,len:8,temp:8,
05-27 19:12:55.375   351   516 D automotive.vehicle@2.0-adayo-func-bcm: BCMFunc sendMessageFromVehicle_l prop: 0x21400057 ,areaId: 0x0  SPLITE_BIT_DATA_INTEGER : 1
05-27 19:12:55.375   351   516 D automotive.vehicle@2.0-adayo-func-bcm: BCMFunc sendMessageFromVehicle_l id:557842519, area:0 not report! 
05-27 19:12:55.375   351   516 D automotive.vehicle@2.0-adayo-func-bcm: BCMFunc sendMessageFromVehicle_l dataType: 12,mByte=9,propid=0x21400058
05-27 19:12:55.375   351   516 D automotive.vehicle@2.0-adayo-func-bcm: BCMFunc sendMessageFromVehicle_l msgBuff[9]=0x1,start:0,len:8,temp:8,
05-27 19:12:55.375   351   516 D automotive.vehicle@2.0-adayo-func-bcm: BCMFunc sendMessageFromVehicle_l prop: 0x21400058 ,areaId: 0x0  SPLITE_BIT_DATA_INTEGER : 1
05-27 19:12:55.375   351   516 D automotive.vehicle@2.0-adayo-func-bcm: BCMFunc sendMessageFromVehicle_l id:557842520, area:0 not report! 
05-27 19:12:55.375   351   516 D automotive.vehicle@2.0-adayo-func-bcm: BCMFunc sendMessageFromVehicle_l dataType: 12,mByte=10,propid=0x21400059
05-27 19:12:55.375   351   516 D automotive.vehicle@2.0-adayo-func-bcm: BCMFunc sendMessageFromVehicle_l msgBuff[10]=0x1,start:0,len:8,temp:8,
05-27 19:12:55.375   351   516 D automotive.vehicle@2.0-adayo-func-bcm: BCMFunc sendMessageFromVehicle_l prop: 0x21400059 ,areaId: 0x0  SPLITE_BIT_DATA_INTEGER : 1
05-27 19:12:55.375   351   516 D automotive.vehicle@2.0-adayo-func-bcm: BCMFunc sendMessageFromVehicle_l id:557842521, area:0 not report! 
05-27 19:12:55.375   351   516 D automotive.vehicle@2.0-adayo-func-bcm: BCMFunc sendMessageFromVehicle_l dataType: 12,mByte=11,propid=0x2140005a
05-27 19:12:55.375   351   516 D automotive.vehicle@2.0-adayo-func-bcm: BCMFunc sendMessageFromVehicle_l msgBuff[11]=0x1,start:0,len:8,temp:8,
05-27 19:12:55.375   351   516 D automotive.vehicle@2.0-adayo-func-bcm: BCMFunc sendMessageFromVehicle_l prop: 0x2140005a ,areaId: 0x0  SPLITE_BIT_DATA_INTEGER : 1
05-27 19:12:55.375   351   516 D automotive.vehicle@2.0-adayo-func-bcm: BCMFunc sendMessageFromVehicle_l id:557842522, area:0 not report! 
05-27 19:12:55.375   351   516 D automotive.vehicle@2.0-adayo-func-bcm: BCMFunc sendMessageFromVehicle_l dataType: 12,mByte=12,propid=0x2140005b
05-27 19:12:55.375   351   516 D automotive.vehicle@2.0-adayo-func-bcm: BCMFunc sendMessageFromVehicle_l msgBuff[12]=0x1,start:0,len:8,temp:8,
05-27 19:12:55.375   351   516 D automotive.vehicle@2.0-adayo-func-bcm: BCMFunc sendMessageFromVehicle_l prop: 0x2140005b ,areaId: 0x0  SPLITE_BIT_DATA_INTEGER : 1
05-27 19:12:55.375   351   516 D automotive.vehicle@2.0-adayo-func-bcm: BCMFunc sendMessageFromVehicle_l id:557842523, area:0 not report! 
05-27 19:12:55.375   351   516 D automotive.vehicle@2.0-adayo-func-bcm: BCMFunc sendMessageFromVehicle_l dataType: 12,mByte=13,propid=0x2140005c
05-27 19:12:55.375   351   516 D automotive.vehicle@2.0-adayo-func-bcm: BCMFunc sendMessageFromVehicle_l msgBuff[13]=0x1,start:0,len:8,temp:8,
05-27 19:12:55.376   351   516 D automotive.vehicle@2.0-adayo-func-bcm: BCMFunc sendMessageFromVehicle_l prop: 0x2140005c ,areaId: 0x0  SPLITE_BIT_DATA_INTEGER : 1
05-27 19:12:55.376   351   516 D automotive.vehicle@2.0-adayo-func-bcm: BCMFunc sendMessageFromVehicle_l id:557842524, area:0 not report! 
05-27 19:12:55.376   351   516 D automotive.vehicle@2.0-adayo-func-bcm: BCMFunc sendMessageFromVehicle_l dataType: 12,mByte=14,propid=0x2140005d
05-27 19:12:55.376   351   516 D automotive.vehicle@2.0-adayo-func-bcm: BCMFunc sendMessageFromVehicle_l msgBuff[14]=0x1,start:0,len:8,temp:8,
05-27 19:12:55.376   351   516 D automotive.vehicle@2.0-adayo-func-bcm: BCMFunc sendMessageFromVehicle_l prop: 0x2140005d ,areaId: 0x0  SPLITE_BIT_DATA_INTEGER : 1
05-27 19:12:55.376   351   516 D automotive.vehicle@2.0-adayo-func-bcm: BCMFunc sendMessageFromVehicle_l id:557842525, area:0 not report! 
05-27 19:12:55.376   351   516 D automotive.vehicle@2.0-adayo-func-bcm: BCMFunc sendMessageFromVehicle_l dataType: 12,mByte=15,propid=0x2140005e
05-27 19:12:55.376   351   516 D automotive.vehicle@2.0-adayo-func-bcm: BCMFunc sendMessageFromVehicle_l msgBuff[15]=0x1,start:0,len:8,temp:8,
05-27 19:12:55.376   351   516 D automotive.vehicle@2.0-adayo-func-bcm: BCMFunc sendMessageFromVehicle_l prop: 0x2140005e ,areaId: 0x0  SPLITE_BIT_DATA_INTEGER : 1
05-27 19:12:55.376   351   516 D automotive.vehicle@2.0-adayo-func-bcm: BCMFunc sendMessageFromVehicle_l id:557842526, area:0 not report! 
05-27 19:12:55.376   351   516 D automotive.vehicle@2.0-adayo-func-bcm: BCMFunc sendMessageFromVehicle_l dataType: 12,mByte=16,propid=0x2140005f
05-27 19:12:55.376   351   516 D automotive.vehicle@2.0-adayo-func-bcm: BCMFunc sendMessageFromVehicle_l msgBuff[16]=0x1,start:0,len:8,temp:8,
05-27 19:12:55.376   351   516 D automotive.vehicle@2.0-adayo-func-bcm: BCMFunc sendMessageFromVehicle_l prop: 0x2140005f ,areaId: 0x0  SPLITE_BIT_DATA_INTEGER : 1
05-27 19:12:55.376   351   516 D automotive.vehicle@2.0-adayo-func-bcm: BCMFunc sendMessageFromVehicle_l id:557842527, area:0 not report! 
05-27 19:12:55.376   351   516 D automotive.vehicle@2.0-adayo-func-bcm: BCMFunc sendMessageFromVehicle_l dataType: 12,mByte=17,propid=0x21400060
05-27 19:12:55.376   351   516 D automotive.vehicle@2.0-adayo-func-bcm: BCMFunc sendMessageFromVehicle_l msgBuff[17]=0x3,start:0,len:8,temp:8,
05-27 19:12:55.376   351   516 D automotive.vehicle@2.0-adayo-func-bcm: BCMFunc sendMessageFromVehicle_l prop: 0x21400060 ,areaId: 0x0  SPLITE_BIT_DATA_INTEGER : 3
05-27 19:12:55.376   351   516 D automotive.vehicle@2.0-adayo-func-bcm: BCMFunc sendMessageFromVehicle_l id:557842528, area:0 not report! 
05-27 19:12:55.376   351   516 D automotive.vehicle@2.0-adayo-func-bcm: BCMFunc sendMessageFromVehicle_l dataType: 12,mByte=18,propid=0x21400061
05-27 19:12:55.376   351   516 D automotive.vehicle@2.0-adayo-func-bcm: BCMFunc sendMessageFromVehicle_l msgBuff[18]=0xff,start:0,len:8,temp:8,
05-27 09:04:04.338   581   581 D spi_rst_gpio_get_output: GPIO 145 value: 1
05-27 09:04:04.338   581   581 D spidev_ioctl: gpio status=1)
05-27 19:12:55.376   351   516 D automotive.vehicle@2.0-adayo-func-bcm: BCMFunc sendMessageFromVehicle_l prop: 0x21400061 ,areaId: 0x0  SPLITE_BIT_DATA_INTEGER : 255
05-27 19:12:55.376   351   516 D automotive.vehicle@2.0-adayo-func-bcm: BCMFunc sendMessageFromVehicle_l id:557842529, area:0 not report! 
05-27 19:12:55.376   351   516 D automotive.vehicle@2.0-adayo-func-bcm: BCMFunc sendMessageFromVehicle_l dataType: 12,mByte=19,propid=0x2140010a
05-27 19:12:55.376   351   516 D automotive.vehicle@2.0-adayo-func-bcm: BCMFunc sendMessageFromVehicle_l msgBuff[19]=0x1,start:0,len:8,temp:8,
05-27 19:12:55.376   351   516 D automotive.vehicle@2.0-adayo-func-bcm: BCMFunc sendMessageFromVehicle_l prop: 0x2140010a ,areaId: 0x0  SPLITE_BIT_DATA_INTEGER : 1
05-27 19:12:55.376   351   516 D automotive.vehicle@2.0-adayo-func-bcm: BCMFunc sendMessageFromVehicle_l id:557842698, area:0 not report! 
05-27 19:12:55.378   830   830 D SurfaceFlinger: unisoc-graphics, commit has frameMissed:2, vysncId:447347
05-27 09:04:04.345   581   581 D spi_rst_gpio_get_output: GPIO 145 value: 1
05-27 09:04:04.345   581   581 D spidev_ioctl: gpio status=1)
05-27 19:12:55.380   581   581 I SpiService: fgesysctrl_getGPIO_status success val=1
05-27 19:12:55.386 13911 14183 I SentryImuMcuAngleSender: 179.94745rollDeg
05-27 19:12:55.386 13911 14183 I SentryImuMcuAngleSender: 1,0,0
05-27 19:12:55.388   581   581 I SpiService: fgesysctrl_getGPIO_status success val=1
05-27 19:12:55.388   566 11459 I gps_hdbd: Received: '$GNGGA,012846.000,,,,,0,00,,,M,,M,,*6F
'
05-27 09:04:04.353   581   581 D spi_rst_gpio_get_output: GPIO 145 value: 1
05-27 09:04:04.353   581   581 D spidev_ioctl: gpio status=1)
05-27 19:12:55.394   581   581 I SpiService: fgesysctrl_getGPIO_status success val=1
05-27 19:12:55.394   566 11459 I gps_hdbd: Received: '$GNGSA,A,1,,,,,,,,,,,,,,,,1*1D
'
05-27 09:04:04.358   581   581 D spi_rst_gpio_get_output: GPIO 145 value: 1
05-27 09:04:04.358   581   581 D spidev_ioctl: gpio status=1)
05-27 19:12:55.399   581   581 I SpiService: fgesysctrl_getGPIO_status success val=0
05-27 19:12:55.400   481   597 I mcuc    : send SPI:6AA602F6C100028900BC
05-27 09:04:04.364   581   581 D spi_rst_gpio_get_output: GPIO 145 value: 0
05-27 09:04:04.364   581   581 D spidev_ioctl: gpio status=0)
05-27 19:12:55.402   566 11459 I gps_hdbd: Received: '$GNGSA,A,1,,,,,,,,,,,,,,,,3*1F
'
05-27 19:12:55.402   566 11459 I gps_hdbd: Received: '$GNGSA,A,1,,,,,,,,,,,,,,,,4*18
'
05-27 19:12:55.403   566 11459 I gps_hdbd: Received: '$BDGSV,1,1,00,1*75
'
05-27 19:12:55.405 13911 14183 I SentryImuMcuAngleSender: 179.97899rollDeg
05-27 19:12:55.405 13911 14183 I SentryImuMcuAngleSender: 1,0,0
05-27 19:12:55.406   566 11459 I gps_hdbd: Received: '$BDGSV,1,1,00,5*71
'
05-27 19:12:55.407   572   572 I Sensors : 230 AccelSensor: x:-0.164090,y:0.000000,z:-9.972281
05-27 19:12:55.408   536   536 D commservice260303: msg.id = 1028,0
05-27 19:12:55.408   536   536 D commservice260303: i = 170, msgid = 8A000404
05-27 19:12:55.408   536   536 D commservice260303: msgid = -1979710460,did=138
05-27 19:12:55.408   536   536 D commservice260303: CommProtocolLibCmdBaseI2C::dataproc {"command":{"id":"imu_status","sub":""},"content":{"TimeStamp":12,"FrameCounter":288262,"GD_X":-0.011987865902483463,"GD_Y":0.005879240110516548,"GD_Z":0.0019848872907459736,"AD_X":0.0017772167921066284,"AD_Y":-8.936112280935049E-4,"AD_Z":-0.1755809783935547,"TempDsp":0,"Status":0,"CalibState":1,"SigAmpInvalid":0}},-1979710460
05-27 19:12:55.408   536   536 D commservice260303: send2Cluster len:316, 7B22636F6D6D616E64223A7B226964223A22696D755F737461747573222C22737562223A22227D2C22636F6E74656E74223A7B2254696D655374616D70223A31322C224672616D65436F756E746572223A3238383236322C2247445F58223A2D302E3031313938373836353930323438333436332C2247445F59223A302E3030353837393234303131303531363534382C2247445F5A223A302E303031393834383837323930373435393733362C2241445F58223A302E303031373737323136373932313036363238342C2241445F59223A2D382E393336313132323830393335303439452D342C2241445F5A223A2D302E313735353830393738333933353534372C2254656D70447370223A302C22537461747573223A302C2243616C69625374617465223A312C22536967416D70496E76616C6964223A307D7D, 138 
05-27 19:12:55.409   536   536 D commservice260303: Push Message into SendPool fn=-592903168
05-27 19:12:55.409   536   536 D commservice260303: ComProtocolLibSend2Cluster::send2ClusterRaw fn=-592903168 , len=332
05-27 19:12:55.409   536   536 D commservice260303: sendCmdToPort :332!!!
05-27 19:12:55.409   536   536 D commservice260303: send Cmd To Port ++++5AA501488A010004A9DC6A16D1B77B22636F6D6D616E64223A7B226964223A22696D755F737461747573222C22737562223A22227D2C22636F6E74656E74223A7B2254696D655374616D70223A31322C224672616D65436F756E746572223A3238383236322C2247445F58223A2D302E3031313938373836353930323438333436332C2247445F59223A302E3030353837393234303131303531363534382C2247445F5A223A302E303031393834383837323930373435393733362C2241445F58223A302E303031373737323136373932313036363238342C2241445F59223A2D382E393336313132323830393335303439452D342C2241445F5A223A2D302E313735353830393738333933353534372C2254656D70447370223A302C22537461747573223A302C2243616C69625374617465223A312C22536967416D70496E76616C6964223A307D7D982F
05-27 19:12:55.409   536   536 D commservice260303: bufferevent_write retrun value = 0
05-27 19:12:55.409   536   560 D commservice260303: client datas send succeed,send finish
05-27 19:12:55.410 13911 14192 D Sentinelmode_1.2.5.17_sentry: <SentryImuClusterFgeSender>imu_status sent to Linux, frame=288262, tsNs=12242657, tsMs=12, intervalMs=40, ad=(0.0017772168,-8.936112E-4,-0.17558098), gd=(-0.011987866,0.00587924,0.0019848873)
05-27 19:12:55.412   566 11459 I gps_hdbd: Received: '$GPGSV,1,1,01,199,42,165,,1*60
'
05-27 19:12:55.413   566 11459 I gps_hdbd: Received: '$GPGSV,1,1,00,8*6D
'
05-27 19:12:55.413   566 11459 I gps_hdbd: Received: '$GAGSV,1,1,00,7*73
'
05-27 19:12:55.415   581   581 I SpiService: fgesysctrl_getGPIO_status success val=1
05-27 09:04:04.379   303   303 I [Audio:SBLCK] p_tt: 1583882,1583882
05-27 09:04:04.380   581   581 D spi_rst_gpio_get_output: GPIO 145 value: 1
05-27 09:04:04.380   581   581 D spidev_ioctl: gpio status=1)
05-27 19:12:55.418   566 11459 I gps_hdbd: Received: '$GAGSV,1,1,00,1*75
'
05-27 09:04:04.385   581   581 D spi_rst_gpio_get_output: GPIO 145 value: 1
05-27 19:12:55.421   581   581 I SpiService: fgesysctrl_getGPIO_status success val=1
05-27 19:12:55.424   566 11459 I gps_hdbd: [reportSvStatus]--->PLATFORM_BSP::Enter
05-27 19:12:55.425   566 11459 I gps_hdbd: hy abnormal deal:hy_cnr30_satellite_cnt=0
05-27 19:12:55.425   566 11459 D gps_hdbd: hy abnormal deal:hy_fixStatus_fail_count=0
05-27 19:12:55.425 13911 14183 I SentryImuMcuAngleSender: 180.0rollDeg
05-27 19:12:55.425  1083  1083 W MyAppLog: [2026-05-27 19:12:55.424 W tboxap gpsSyncGpsInfoToDm:361] [Gps] [gpsSyncGpsInfoToDm] fix=0 mode=49 corner:0x01 alt=0.00 sat=0 hdop=0.00 pdop=0.00 vdop=0.00
05-27 19:12:55.425 13911 14183 I SentryImuMcuAngleSender: 1,0,0
05-27 19:12:55.425   566 11459 I gps_hdbd: Received: '$GNZDA,012846.000,27,05,2026,00,00*47
'
05-27 19:12:55.427   581   581 I SpiService: fgesysctrl_getGPIO_status success val=1
05-27 19:12:55.427   830   830 D SurfaceFlinger: unisoc-graphics, commit has frameMissed:2, vysncId:447378
05-27 09:04:04.391   581   581 D spi_rst_gpio_get_output: GPIO 145 value: 1
05-27 09:04:04.391   581   581 D spidev_ioctl: gpio status=1)
05-27 19:12:55.432   581   581 I SpiService: fgesysctrl_getGPIO_status success val=1
05-27 09:04:04.397   581   581 D spi_rst_gpio_get_output: GPIO 145 value: 1
05-27 09:04:04.397   581   581 D spidev_ioctl: gpio status=1)
05-27 19:12:55.438   581   581 I SpiService: fgesysctrl_getGPIO_status success val=0
05-27 09:04:04.403   581   581 D spi_rst_gpio_get_output: GPIO 145 value: 0
05-27 09:04:04.403   581   581 D spidev_ioctl: gpio status=0)
05-27 19:12:55.444   830   830 D SurfaceFlinger: unisoc-graphics, commit has frameMissed:2, vysncId:447393
05-27 19:12:55.446 13911 14183 I SentryImuMcuAngleSender: -179.98598rollDeg
05-27 19:12:55.446 13911 14183 I SentryImuMcuAngleSender: 1,0,0
05-27 19:12:55.447   566 11459 I gps_hdbd: Received: '$GNINS,1,1,TYPE,I,V,012846.000,20837000,FUS,-18,0,0,0,MOT,V,1,PATT,0.00,0.00,0.00,VEL,0.000,0.000,0.000,POS,40.0001330924,116.0001570688,84.176,IIA,1,0.00,0.00,0.00,BGA,0.31,-0.66,-0.13,0.000,0.000,0.000,IGA,0,-1,0,0,-2,98,VG,16c2ff1*2E
'
05-27 19:12:55.448 10188 13555 E TaskPersister: File error accessing recents directory (directory doesn't exist?).
05-27 19:12:55.449   536   536 D commservice260303: msg.id = 1028,1
05-27 19:12:55.449   536   536 D commservice260303: i = 170, msgid = 8A000404
05-27 19:12:55.449   536   536 D commservice260303: msgid = -1979710460,did=138
05-27 19:12:55.449   536   536 D commservice260303: CommProtocolLibCmdBaseI2C::dataproc {"command":{"id":"imu_status","sub":""},"content":{"TimeStamp":12,"FrameCounter":288263,"GD_X":-0.011682018637657166,"GD_Y":0.005268065724521875,"GD_Z":0.0018319635419175029,"AD_X":5.292296409606934E-4,"AD_Y":-0.006954571232199669,"AD_Z":-0.16094112396240234,"TempDsp":0,"Status":0,"CalibState":1,"SigAmpInvalid":0}},-1979710460
05-27 19:12:55.449   536   536 D commservice260303: send2Cluster len:316, 7B22636F6D6D616E64223A7B226964223A22696D755F737461747573222C22737562223A22227D2C22636F6E74656E74223A7B2254696D655374616D70223A31322C224672616D65436F756E746572223A3238383236332C2247445F58223A2D302E3031313638323031383633373635373136362C2247445F59223A302E3030353236383036353732343532313837352C2247445F5A223A302E303031383331393633353431393137353032392C2241445F58223A352E323932323936343039363036393334452D342C2241445F59223A2D302E3030363935343537313233323139393636392C2241445F5A223A2D302E31363039343131323339363234303233342C2254656D70447370223A302C22537461747573223A302C2243616C69625374617465223A312C22536967416D70496E76616C6964223A307D7D, 138 
05-27 19:12:55.449   536   536 D commservice260303: Push Message into SendPool fn=-576125952
