05-27 19:13:01.368   536   536 D commservice260303: send Cmd To Port ++++5AA5014C8A010004AA726A16D1BD7B22636F6D6D616E64223A7B226964223A22696D755F737461747573222C22737562223A22227D2C22636F6E74656E74223A7B2254696D655374616D70223A31322C224672616D65436F756E746572223A3238383430392C2247445F58223A2D302E3031303639303039343930333131313435382C2247445F59223A302E303034383835373536343130363538333539352C2247445F5A223A302E303032323930323134363434373434393932332C2241445F58223A2D302E303033383633303636343334383630323239352C2241445F59223A2D302E303031393737363432303636373736373532352C2241445F5A223A2D302E31363832353030383339323333333938342C2254656D70447370223A302C22537461747573223A302C2243616C69625374617465223A312C22536967416D70496E76616C6964223A307D7D3F92
05-27 19:13:01.368   536   536 D commservice260303: bufferevent_write retrun value = 0
05-27 19:13:01.368 13911 14192 D Sentinelmode_1.2.5.17_sentry: <SentryImuClusterFgeSender>imu_status sent to Linux, frame=288409, tsNs=12248611, tsMs=12, intervalMs=43, ad=(-0.0038630664,-0.001977642,-0.16825008), gd=(-0.010690095,0.0048857564,0.0022902146)
05-27 19:13:01.369  3879  3879 D adservices: Registering AdServices's TopicsManager.
05-27 19:13:01.369   536   560 D commservice260303: client datas send succeed,send finish
05-27 19:13:01.369   481   598 I mcuc    : rev,n=4,6AA681F6E2009E8B3002DA01020403A0030000030100000100000000002901A100000000003B000202000002020002A208FA2901B8EF028000038000048000A305CC6206C654070000080000000000A4000000000000000000000101000700A5020000000F0102000200FF0100A6DBDD01010101010000000101010000000A0A0A0000010101040402020000000000000000000000000000000000000000000000000000EEC4
05-27 19:13:01.369 13911 14183 I SentryImuMcuAngleSender: 179.98949rollDeg
05-27 19:13:01.370 13911 14183 I SentryImuMcuAngleSender: 1,0,0
05-27 19:13:01.370  3879  3879 D CompatibilityInfo: applyToConfigurationCompat inoutConfig.densityDpi= 160
05-27 19:13:01.371   481   598 I mcuc    : rev,n=5,6AA681F6E3006B89008F0600030A4000003419400000000040000005354000000010400059232C4000014000020000000000000000000000000000000100000000000000000000000000000000000000000000000000000000000000000000000000000000000000000000000000000000000D
05-27 19:13:01.372   351   373 D automotive.vehicle@2.0-adayo-datacomm-mcu: MCUDatacomm sendMessageFromVehicle prop: 0x89, areaId: 0x0, status: 0x8f, timestamp: 0x6
05-27 19:13:01.372   351   373 D automotive.vehicle@2.0-adayo-datacomm-mcu: MCUDatacomm 1sendMessageFromVehicle ---> type = 3 
05-27 19:13:01.372   351   373 D automotive.vehicle@2.0-adayo-func-bcm: sendMessageFromVehicle sendMessageFromVehicle
05-27 19:13:01.372   351   516 D automotive.vehicle@2.0-adayo-func-bcm: jjfan1 ______procotolSize :38
05-27 19:13:01.372   351   516 D automotive.vehicle@2.0-adayo-func-bcm: BCMFunc sendMessageFromVehicle_l dataType: 12,mByte=7,propid=0x2140006b
05-27 19:13:01.372   351   516 D automotive.vehicle@2.0-adayo-func-bcm: BCMFunc sendMessageFromVehicle_l msgBuff[7]=0x40,start:0,len:6,temp:6,
05-27 19:13:01.372   351   516 D automotive.vehicle@2.0-adayo-func-bcm: BCMFunc sendMessageFromVehicle_l prop: 0x2140006b ,areaId: 0x0  SPLITE_BIT_DATA_INTEGER : 0
05-27 19:13:01.372   351   516 D automotive.vehicle@2.0-adayo-func-bcm: BCMFunc sendMessageFromVehicle_l id:557842539, area:0 not report! 
05-27 19:13:01.372   351   516 D automotive.vehicle@2.0-adayo-func-bcm: BCMFunc sendMessageFromVehicle_l dataType: 12,mByte=7,propid=0x2140006c
05-27 19:13:01.372   351   516 D automotive.vehicle@2.0-adayo-func-bcm: BCMFunc sendMessageFromVehicle_l msgBuff[7]=0x40,start:6,len:2,temp:2,
05-27 19:13:01.373   351   516 D automotive.vehicle@2.0-adayo-func-bcm: BCMFunc sendMessageFromVehicle_l prop: 0x2140006c ,areaId: 0x0  SPLITE_BIT_DATA_INTEGER : 1
05-27 19:13:01.373   351   516 D automotive.vehicle@2.0-adayo-func-bcm: BCMFunc sendMessageFromVehicle_l id:557842540, area:0 not report! 
05-27 19:13:01.373   351   516 D automotive.vehicle@2.0-adayo-func-bcm: BCMFunc sendMessageFromVehicle_l dataType: 12,mByte=11,propid=0x2140004a
05-27 19:13:01.373   351   516 D automotive.vehicle@2.0-adayo-func-bcm: BCMFunc sendMessageFromVehicle_l msgBuff[11]=0x19,start:0,len:32,temp:8,
05-27 19:13:01.373   351   516 D automotive.vehicle@2.0-adayo-func-bcm: BCMFunc sendMessageFromVehicle_l msgBuff[10]=0x34,start:0,len:24,temp:8,
05-27 19:13:01.373   351   516 D automotive.vehicle@2.0-adayo-func-bcm: BCMFunc sendMessageFromVehicle_l msgBuff[9]=0x0,start:0,len:16,temp:8,
05-27 19:13:01.373   351   516 D automotive.vehicle@2.0-adayo-func-bcm: BCMFunc sendMessageFromVehicle_l msgBuff[8]=0x0,start:0,len:8,temp:8,
05-27 19:13:01.373   351   516 D automotive.vehicle@2.0-adayo-func-bcm: BCMFunc sendMessageFromVehicle_l prop: 0x2140004a ,areaId: 0x0  SPLITE_BIT_DATA_INTEGER : 13337
05-27 19:13:01.373   581   581 I SpiService: fgesysctrl_getGPIO_status success val=1
05-27 19:13:01.373   351   516 D automotive.vehicle@2.0-adayo-func-bcm: BCMFunc sendMessageFromVehicle_l id:557842506, area:0 not report! 
05-27 19:13:01.373   351   516 D automotive.vehicle@2.0-adayo-func-bcm: BCMFunc sendMessageFromVehicle_l dataType: 12,mByte=12,propid=0x2140006d
05-27 19:13:01.373   351   516 D automotive.vehicle@2.0-adayo-func-bcm: BCMFunc sendMessageFromVehicle_l msgBuff[12]=0x40,start:0,len:6,temp:6,
05-27 19:13:01.373   351   516 D automotive.vehicle@2.0-adayo-func-bcm: BCMFunc sendMessageFromVehicle_l prop: 0x2140006d ,areaId: 0x0  SPLITE_BIT_DATA_INTEGER : 0
05-27 19:13:01.373   351   516 D automotive.vehicle@2.0-adayo-func-bcm: BCMFunc sendMessageFromVehicle_l id:557842541, area:0 not report! 
05-27 19:13:01.373   351   516 D automotive.vehicle@2.0-adayo-func-bcm: BCMFunc sendMessageFromVehicle_l dataType: 12,mByte=12,propid=0x2140006e
05-27 19:13:01.373   351   516 D automotive.vehicle@2.0-adayo-func-bcm: BCMFunc sendMessageFromVehicle_l msgBuff[12]=0x40,start:6,len:2,temp:2,
05-27 19:13:01.373   351   516 D automotive.vehicle@2.0-adayo-func-bcm: BCMFunc sendMessageFromVehicle_l prop: 0x2140006e ,areaId: 0x0  SPLITE_BIT_DATA_INTEGER : 1
05-27 19:13:01.373   351   516 D automotive.vehicle@2.0-adayo-func-bcm: BCMFunc sendMessageFromVehicle_l id:557842542, area:0 not report! 
05-27 19:13:01.373   351   516 D automotive.vehicle@2.0-adayo-func-bcm: BCMFunc sendMessageFromVehicle_l dataType: 12,mByte=16,propid=0x21600040
05-27 19:13:01.373   351   516 D automotive.vehicle@2.0-adayo-func-bcm: BCMFunc sendMessageFromVehicle_l msgBuff[16]=0x0,start:0,len:32,temp:8,
05-27 19:13:01.373   351   516 D automotive.vehicle@2.0-adayo-func-bcm: BCMFunc sendMessageFromVehicle_l msgBuff[15]=0x0,start:0,len:24,temp:8,
05-27 19:13:01.373   351   516 D automotive.vehicle@2.0-adayo-func-bcm: BCMFunc sendMessageFromVehicle_l msgBuff[14]=0x0,start:0,len:16,temp:8,
05-27 19:13:01.374   351   516 D automotive.vehicle@2.0-adayo-func-bcm: BCMFunc sendMessageFromVehicle_l msgBuff[13]=0x0,start:0,len:8,temp:8,
05-27 19:13:01.374   351   516 D automotive.vehicle@2.0-adayo-func-bcm: BCMFunc sendMessageFromVehicle_l prop: 0x21600040 , SPLITE_BIT_DATA_INTEGER1 data:0
05-27 19:13:01.374   351   516 D automotive.vehicle@2.0-adayo-func-bcm: BCMFunc sendMessageFromVehicle_l prop: 0x21600040 , SPLITE_BIT_DATA_INTEGER4 procotol.calc[0]:0.100000,procotol.calc[1]:0.000000
05-27 19:13:01.374   351   516 D automotive.vehicle@2.0-adayo-func-bcm: BCMFunc sendMessageFromVehicle_l prop: 0x21600040 ,areaId: 0x0  SPLITE_BIT_DATA_INTEGER : 0.000000,calc[0]:0.100000,calc[1]:0.000000
05-27 19:13:01.374   351   516 D automotive.vehicle@2.0-adayo-func-bcm: BCMFunc sendMessageFromVehicle_l id:559939648, area:0 not report! 
05-27 19:13:01.374   351   516 D automotive.vehicle@2.0-adayo-func-bcm: BCMFunc sendMessageFromVehicle_l dataType: 12,mByte=17,propid=0x2140006f
05-27 19:13:01.374   351   516 D automotive.vehicle@2.0-adayo-func-bcm: BCMFunc sendMessageFromVehicle_l msgBuff[17]=0x40,start:0,len:6,temp:6,
05-27 19:13:01.374   351   516 D automotive.vehicle@2.0-adayo-func-bcm: BCMFunc sendMessageFromVehicle_l prop: 0x2140006f ,areaId: 0x0  SPLITE_BIT_DATA_INTEGER : 0
05-27 19:13:01.374   351   516 D automotive.vehicle@2.0-adayo-func-bcm: BCMFunc sendMessageFromVehicle_l id:557842543, area:0 not report! 
05-27 19:13:01.374   351   516 D automotive.vehicle@2.0-adayo-func-bcm: BCMFunc sendMessageFromVehicle_l dataType: 12,mByte=17,propid=0x21400070
05-27 19:13:01.374   351   516 D automotive.vehicle@2.0-adayo-func-bcm: BCMFunc sendMessageFromVehicle_l msgBuff[17]=0x40,start:6,len:2,temp:2,
05-27 19:13:01.374   351   516 D automotive.vehicle@2.0-adayo-func-bcm: BCMFunc sendMessageFromVehicle_l prop: 0x21400070 ,areaId: 0x0  SPLITE_BIT_DATA_INTEGER : 1
05-27 19:13:01.374   351   516 D automotive.vehicle@2.0-adayo-func-bcm: BCMFunc sendMessageFromVehicle_l id:557842544, area:0 not report! 
05-27 19:13:01.374   351   516 D automotive.vehicle@2.0-adayo-func-bcm: BCMFunc sendMessageFromVehicle_l dataType: 12,mByte=21,propid=0x2160004c
05-27 19:13:01.374   351   516 D automotive.vehicle@2.0-adayo-func-bcm: BCMFunc sendMessageFromVehicle_l msgBuff[21]=0x35,start:0,len:32,temp:8,
05-27 19:13:01.374   351   516 D automotive.vehicle@2.0-adayo-func-bcm: BCMFunc sendMessageFromVehicle_l msgBuff[20]=0x5,start:0,len:24,temp:8,
05-27 19:13:01.374   351   516 D automotive.vehicle@2.0-adayo-func-bcm: BCMFunc sendMessageFromVehicle_l msgBuff[19]=0x0,start:0,len:16,temp:8,
05-27 19:13:01.374   351   516 D automotive.vehicle@2.0-adayo-func-bcm: BCMFunc sendMessageFromVehicle_l msgBuff[18]=0x0,start:0,len:8,temp:8,
05-27 19:13:01.374   351   516 D automotive.vehicle@2.0-adayo-func-bcm: BCMFunc sendMessageFromVehicle_l prop: 0x2160004c , SPLITE_BIT_DATA_INTEGER1 data:1333
05-27 19:13:01.374   351   516 D automotive.vehicle@2.0-adayo-func-bcm: BCMFunc sendMessageFromVehicle_l prop: 0x2160004c , SPLITE_BIT_DATA_INTEGER4 procotol.calc[0]:0.100000,procotol.calc[1]:0.000000
05-27 19:13:01.374   351   516 D automotive.vehicle@2.0-adayo-func-bcm: BCMFunc sendMessageFromVehicle_l prop: 0x2160004c ,areaId: 0x0  SPLITE_BIT_DATA_INTEGER : 133.300003,calc[0]:0.100000,calc[1]:0.000000
05-27 19:13:01.375   351   516 D automotive.vehicle@2.0-adayo-func-bcm: BCMFunc sendMessageFromVehicle_l id:559939660, area:0 not report! 
05-27 19:13:01.375   351   516 D automotive.vehicle@2.0-adayo-func-bcm: BCMFunc sendMessageFromVehicle_l dataType: 12,mByte=22,propid=0x21400071
05-27 19:13:01.375   351   516 D automotive.vehicle@2.0-adayo-func-bcm: BCMFunc sendMessageFromVehicle_l msgBuff[22]=0x40,start:0,len:6,temp:6,
05-27 19:13:01.375   351   516 D automotive.vehicle@2.0-adayo-func-bcm: BCMFunc sendMessageFromVehicle_l prop: 0x21400071 ,areaId: 0x0  SPLITE_BIT_DATA_INTEGER : 0
05-27 19:13:01.375   351   516 D automotive.vehicle@2.0-adayo-func-bcm: BCMFunc sendMessageFromVehicle_l id:557842545, area:0 not report! 
05-27 09:04:10.348   581   581 D spi_rst_gpio_get_output: GPIO 145 value: 1
05-27 09:04:10.348   581   581 D spidev_ioctl: gpio status=1)
05-27 19:13:01.375   351   516 D automotive.vehicle@2.0-adayo-func-bcm: BCMFunc sendMessageFromVehicle_l dataType: 12,mByte=22,propid=0x21400072
05-27 19:13:01.375   351   516 D automotive.vehicle@2.0-adayo-func-bcm: BCMFunc sendMessageFromVehicle_l msgBuff[22]=0x40,start:6,len:2,temp:2,
05-27 19:13:01.375   351   516 D automotive.vehicle@2.0-adayo-func-bcm: BCMFunc sendMessageFromVehicle_l prop: 0x21400072 ,areaId: 0x0  SPLITE_BIT_DATA_INTEGER : 1
05-27 19:13:01.375   351   516 D automotive.vehicle@2.0-adayo-func-bcm: BCMFunc sendMessageFromVehicle_l id:557842546, area:0 not report! 
05-27 19:13:01.375   351   516 D automotive.vehicle@2.0-adayo-func-bcm: BCMFunc sendMessageFromVehicle_l dataType: 12,mByte=24,propid=0x21400050
05-27 19:13:01.375   351   516 D automotive.vehicle@2.0-adayo-func-bcm: BCMFunc sendMessageFromVehicle_l msgBuff[24]=0x0,start:0,len:16,temp:8,
05-27 19:13:01.375   351   516 D automotive.vehicle@2.0-adayo-func-bcm: BCMFunc sendMessageFromVehicle_l msgBuff[23]=0x0,start:0,len:8,temp:8,
05-27 19:13:01.375   351   516 D automotive.vehicle@2.0-adayo-func-bcm: BCMFunc sendMessageFromVehicle_l prop: 0x21400050 ,areaId: 0x0  SPLITE_BIT_DATA_INTEGER : 0
05-27 19:13:01.375   351   516 D automotive.vehicle@2.0-adayo-func-bcm: BCMFunc sendMessageFromVehicle_l id:557842512, area:0 not report! 
05-27 19:13:01.375   351   516 D automotive.vehicle@2.0-adayo-func-bcm: BCMFunc sendMessageFromVehicle_l dataType: 12,mByte=25,propid=0x21400051
05-27 19:13:01.375   351   516 D automotive.vehicle@2.0-adayo-func-bcm: BCMFunc sendMessageFromVehicle_l msgBuff[25]=0x0,start:0,len:8,temp:8,
05-27 19:13:01.375   351   516 D automotive.vehicle@2.0-adayo-func-bcm: BCMFunc sendMessageFromVehicle_l prop: 0x21400051 ,areaId: 0x0  SPLITE_BIT_DATA_INTEGER : 0
05-27 19:13:01.375   351   516 D automotive.vehicle@2.0-adayo-func-bcm: BCMFunc sendMessageFromVehicle_l id:557842513, area:0 not report! 
05-27 19:13:01.375   351   516 D automotive.vehicle@2.0-adayo-func-bcm: BCMFunc sendMessageFromVehicle_l dataType: 12,mByte=26,propid=0x21400052
05-27 19:13:01.375   351   516 D automotive.vehicle@2.0-adayo-func-bcm: BCMFunc sendMessageFromVehicle_l msgBuff[26]=0x10,start:0,len:8,temp:8,
05-27 19:13:01.375   351   516 D automotive.vehicle@2.0-adayo-func-bcm: BCMFunc sendMessageFromVehicle_l prop: 0x21400052 ,areaId: 0x0  SPLITE_BIT_DATA_INTEGER : 16
05-27 19:13:01.376   351   516 D automotive.vehicle@2.0-adayo-func-bcm: BCMFunc sendMessageFromVehicle_l id:557842514, area:0 not report! 
05-27 19:13:01.376   351   516 D automotive.vehicle@2.0-adayo-func-bcm: BCMFunc sendMessageFromVehicle_l dataType: 12,mByte=27,propid=0x21400073
05-27 19:13:01.376   351   516 D automotive.vehicle@2.0-adayo-func-bcm: BCMFunc sendMessageFromVehicle_l msgBuff[27]=0x40,start:0,len:6,temp:6,
05-27 19:13:01.376   351   516 D automotive.vehicle@2.0-adayo-func-bcm: BCMFunc sendMessageFromVehicle_l prop: 0x21400073 ,areaId: 0x0  SPLITE_BIT_DATA_INTEGER : 0
05-27 19:13:01.376   351   516 D automotive.vehicle@2.0-adayo-func-bcm: BCMFunc sendMessageFromVehicle_l id:557842547, area:0 not report! 
05-27 19:13:01.376   351   516 D automotive.vehicle@2.0-adayo-func-bcm: BCMFunc sendMessageFromVehicle_l dataType: 12,mByte=27,propid=0x21400074
05-27 19:13:01.376   351   516 D automotive.vehicle@2.0-adayo-func-bcm: BCMFunc sendMessageFromVehicle_l msgBuff[27]=0x40,start:6,len:2,temp:2,
05-27 19:13:01.376   351   516 D automotive.vehicle@2.0-adayo-func-bcm: BCMFunc sendMessageFromVehicle_l prop: 0x21400074 ,areaId: 0x0  SPLITE_BIT_DATA_INTEGER : 1
05-27 19:13:01.376   351   516 D automotive.vehicle@2.0-adayo-func-bcm: BCMFunc sendMessageFromVehicle_l id:557842548, area:0 not report! 
05-27 19:13:01.376   351   516 D automotive.vehicle@2.0-adayo-func-bcm: BCMFunc sendMessageFromVehicle_l dataType: 12,mByte=29,propid=0x21400053
05-27 19:13:01.376   351   516 D automotive.vehicle@2.0-adayo-func-bcm: BCMFunc sendMessageFromVehicle_l msgBuff[29]=0x59,start:0,len:16,temp:8,
05-27 19:13:01.376   351   516 D automotive.vehicle@2.0-adayo-func-bcm: BCMFunc sendMessageFromVehicle_l msgBuff[28]=0x0,start:0,len:8,temp:8,
05-27 19:13:01.376   351   516 D automotive.vehicle@2.0-adayo-func-bcm: BCMFunc sendMessageFromVehicle_l prop: 0x21400053 ,areaId: 0x0  SPLITE_BIT_DATA_INTEGER : 89
05-27 19:13:01.376   351   516 D automotive.vehicle@2.0-adayo-func-bcm: BCMFunc sendMessageFromVehicle_l id:557842515, area:0 not report! 
05-27 19:13:01.376   351   516 D automotive.vehicle@2.0-adayo-func-bcm: BCMFunc sendMessageFromVehicle_l dataType: 12,mByte=30,propid=0x21400054
05-27 19:13:01.376   351   516 D automotive.vehicle@2.0-adayo-func-bcm: BCMFunc sendMessageFromVehicle_l msgBuff[30]=0x23,start:0,len:8,temp:8,
05-27 19:13:01.376   351   516 D automotive.vehicle@2.0-adayo-func-bcm: BCMFunc sendMessageFromVehicle_l prop: 0x21400054 ,areaId: 0x0  SPLITE_BIT_DATA_INTEGER : 35
05-27 19:13:01.376   351   516 D automotive.vehicle@2.0-adayo-func-bcm: BCMFunc sendMessageFromVehicle_l id:557842516, area:0 not report! 
05-27 19:13:01.376   351   516 D automotive.vehicle@2.0-adayo-func-bcm: BCMFunc sendMessageFromVehicle_l dataType: 12,mByte=31,propid=0x21400055
05-27 19:13:01.376   351   516 D automotive.vehicle@2.0-adayo-func-bcm: BCMFunc sendMessageFromVehicle_l msgBuff[31]=0x2c,start:0,len:8,temp:8,
05-27 19:13:01.377   351   516 D automotive.vehicle@2.0-adayo-func-bcm: BCMFunc sendMessageFromVehicle_l prop: 0x21400055 ,areaId: 0x0  SPLITE_BIT_DATA_INTEGER : 44
05-27 19:13:01.377   351   516 D automotive.vehicle@2.0-adayo-func-bcm: BCMFunc sendMessageFromVehicle_l id:557842517, area:0 not report! 
05-27 19:13:01.377   351   516 D automotive.vehicle@2.0-adayo-func-bcm: BCMFunc sendMessageFromVehicle_l dataType: 12,mByte=32,propid=0x21400075
05-27 19:13:01.377   351   516 D automotive.vehicle@2.0-adayo-func-bcm: BCMFunc sendMessageFromVehicle_l msgBuff[32]=0x40,start:0,len:6,temp:6,
05-27 19:13:01.377   351   516 D automotive.vehicle@2.0-adayo-func-bcm: BCMFunc sendMessageFromVehicle_l prop: 0x21400075 ,areaId: 0x0  SPLITE_BIT_DATA_INTEGER : 0
05-27 19:13:01.377   351   516 D automotive.vehicle@2.0-adayo-func-bcm: BCMFunc sendMessageFromVehicle_l id:557842549, area:0 not report! 
05-27 19:13:01.377   351   516 D automotive.vehicle@2.0-adayo-func-bcm: BCMFunc sendMessageFromVehicle_l dataType: 12,mByte=32,propid=0x21400076
05-27 19:13:01.377   351   516 D automotive.vehicle@2.0-adayo-func-bcm: BCMFunc sendMessageFromVehicle_l msgBuff[32]=0x40,start:6,len:2,temp:2,
05-27 19:13:01.377   351   516 D automotive.vehicle@2.0-adayo-func-bcm: BCMFunc sendMessageFromVehicle_l prop: 0x21400076 ,areaId: 0x0  SPLITE_BIT_DATA_INTEGER : 1
05-27 19:13:01.377   351   516 D automotive.vehicle@2.0-adayo-func-bcm: BCMFunc sendMessageFromVehicle_l id:557842550, area:0 not report! 
05-27 19:13:01.377   351   516 D automotive.vehicle@2.0-adayo-func-bcm: BCMFunc sendMessageFromVehicle_l dataType: 12,mByte=34,propid=0x2140004b
05-27 19:13:01.377   351   516 D automotive.vehicle@2.0-adayo-func-bcm: BCMFunc sendMessageFromVehicle_l msgBuff[34]=0x1,start:0,len:16,temp:8,
05-27 19:13:01.377   351   516 D automotive.vehicle@2.0-adayo-func-bcm: BCMFunc sendMessageFromVehicle_l msgBuff[33]=0x0,start:0,len:8,temp:8,
05-27 19:13:01.377   351   516 D automotive.vehicle@2.0-adayo-func-bcm: BCMFunc sendMessageFromVehicle_l prop: 0x2140004b ,areaId: 0x0  SPLITE_BIT_DATA_INTEGER : 1
05-27 19:13:01.377   351   516 D automotive.vehicle@2.0-adayo-func-bcm: BCMFunc sendMessageFromVehicle_l id:557842507, area:0 not report! 
05-27 19:13:01.378   351   516 D automotive.vehicle@2.0-adayo-func-bcm: BCMFunc sendMessageFromVehicle_l dataType: 12,mByte=35,propid=0x21400077
05-27 19:13:01.378   351   516 D automotive.vehicle@2.0-adayo-func-bcm: BCMFunc sendMessageFromVehicle_l msgBuff[35]=0x40,start:0,len:6,temp:6,
05-27 19:13:01.378   351   516 D automotive.vehicle@2.0-adayo-func-bcm: BCMFunc sendMessageFromVehicle_l prop: 0x21400077 ,areaId: 0x0  SPLITE_BIT_DATA_INTEGER : 0
05-27 19:13:01.378   351   516 D automotive.vehicle@2.0-adayo-func-bcm: BCMFunc sendMessageFromVehicle_l id:557842551, area:0 not report! 
05-27 19:13:01.378   351   516 D automotive.vehicle@2.0-adayo-func-bcm: BCMFunc sendMessageFromVehicle_l dataType: 12,mByte=35,propid=0x21400078
05-27 19:13:01.378   572   572 I Sensors : 230 GyroSensor: x:-0.010995,y:0.005345,z:0.002290
05-27 19:13:01.378   351   516 D automotive.vehicle@2.0-adayo-func-bcm: BCMFunc sendMessageFromVehicle_l msgBuff[35]=0x40,start:6,len:2,temp:2,
05-27 19:13:01.378   351   516 D automotive.vehicle@2.0-adayo-func-bcm: BCMFunc sendMessageFromVehicle_l prop: 0x21400078 ,areaId: 0x0  SPLITE_BIT_DATA_INTEGER : 1
05-27 19:13:01.378   351   516 D automotive.vehicle@2.0-adayo-func-bcm: BCMFunc sendMessageFromVehicle_l id:557842552, area:0 not report! 
05-27 19:13:01.378   351   516 D automotive.vehicle@2.0-adayo-func-bcm: BCMFunc sendMessageFromVehicle_l dataType: 12,mByte=37,propid=0x2140004c
05-27 19:13:01.378   351   516 D automotive.vehicle@2.0-adayo-func-bcm: BCMFunc sendMessageFromVehicle_l msgBuff[37]=0x2,start:0,len:16,temp:8,
05-27 19:13:01.378   351   516 D automotive.vehicle@2.0-adayo-func-bcm: BCMFunc sendMessageFromVehicle_l msgBuff[36]=0x0,start:0,len:8,temp:8,
05-27 19:13:01.378   351   516 D automotive.vehicle@2.0-adayo-func-bcm: BCMFunc sendMessageFromVehicle_l prop: 0x2140004c ,areaId: 0x0  SPLITE_BIT_DATA_INTEGER : 2
05-27 19:13:01.378   351   516 D automotive.vehicle@2.0-adayo-func-bcm: BCMFunc sendMessageFromVehicle_l id:557842508, area:0 not report! 
05-27 19:13:01.378   351   516 D automotive.vehicle@2.0-adayo-func-bcm: BCMFunc sendMessageFromVehicle_l dataType: 12,mByte=38,propid=0x2140009b
05-27 19:13:01.378   351   516 D automotive.vehicle@2.0-adayo-func-bcm: BCMFunc sendMessageFromVehicle_l msgBuff[38]=0x0,start:0,len:8,temp:8,
05-27 19:13:01.378   351   516 D automotive.vehicle@2.0-adayo-func-bcm: BCMFunc sendMessageFromVehicle_l prop: 0x2140009b ,areaId: 0x0  SPLITE_BIT_DATA_INTEGER : 0
05-27 19:13:01.378   351   516 D automotive.vehicle@2.0-adayo-func-bcm: BCMFunc sendMessageFromVehicle_l id:557842587, area:0 not report! 
05-27 19:13:01.378   351   516 D automotive.vehicle@2.0-adayo-func-bcm: BCMFunc sendMessageFromVehicle_l dataType: 12,mByte=39,propid=0x2140009c
05-27 19:13:01.378   351   516 D automotive.vehicle@2.0-adayo-func-bcm: BCMFunc sendMessageFromVehicle_l msgBuff[39]=0x0,start:0,len:8,temp:8,
05-27 19:13:01.378   351   516 D automotive.vehicle@2.0-adayo-func-bcm: BCMFunc sendMessageFromVehicle_l prop: 0x2140009c ,areaId: 0x0  SPLITE_BIT_DATA_INTEGER : 0
05-27 19:13:01.378   581   581 I SpiService: fgesysctrl_getGPIO_status success val=1
05-27 19:13:01.378   351   516 D automotive.vehicle@2.0-adayo-func-bcm: BCMFunc sendMessageFromVehicle_l id:557842588, area:0 not report! 
05-27 19:13:01.379   351   516 D automotive.vehicle@2.0-adayo-func-bcm: BCMFunc sendMessageFromVehicle_l dataType: 12,mByte=40,propid=0x2140009d
05-27 19:13:01.379   351   516 D automotive.vehicle@2.0-adayo-func-bcm: BCMFunc sendMessageFromVehicle_l msgBuff[40]=0x0,start:0,len:8,temp:8,
05-27 19:13:01.379   351   516 D automotive.vehicle@2.0-adayo-func-bcm: BCMFunc sendMessageFromVehicle_l prop: 0x2140009d ,areaId: 0x0  SPLITE_BIT_DATA_INTEGER : 0
05-27 19:13:01.379   351   516 D automotive.vehicle@2.0-adayo-func-bcm: BCMFunc sendMessageFromVehicle_l id:557842589, area:0 not report! 
05-27 19:13:01.379   351   516 D automotive.vehicle@2.0-adayo-func-bcm: BCMFunc sendMessageFromVehicle_l dataType: 12,mByte=41,propid=0x2140009e
05-27 19:13:01.379   351   516 D automotive.vehicle@2.0-adayo-func-bcm: BCMFunc sendMessageFromVehicle_l msgBuff[41]=0x0,start:0,len:8,temp:8,
05-27 19:13:01.379   351   516 D automotive.vehicle@2.0-adayo-func-bcm: BCMFunc sendMessageFromVehicle_l prop: 0x2140009e ,areaId: 0x0  SPLITE_BIT_DATA_INTEGER : 0
05-27 19:13:01.379   351   516 D automotive.vehicle@2.0-adayo-func-bcm: BCMFunc sendMessageFromVehicle_l id:557842590, area:0 not report! 
05-27 19:13:01.379   351   516 D automotive.vehicle@2.0-adayo-func-bcm: BCMFunc sendMessageFromVehicle_l dataType: 12,mByte=43,propid=0x2160009f
05-27 19:13:01.379   351   516 D automotive.vehicle@2.0-adayo-func-bcm: BCMFunc sendMessageFromVehicle_l msgBuff[43]=0x0,start:0,len:16,temp:8,
05-27 19:13:01.379   351   516 D automotive.vehicle@2.0-adayo-func-bcm: BCMFunc sendMessageFromVehicle_l msgBuff[42]=0x0,start:0,len:8,temp:8,
05-27 19:13:01.379   351   516 D automotive.vehicle@2.0-adayo-func-bcm: BCMFunc sendMessageFromVehicle_l prop: 0x2160009f , SPLITE_BIT_DATA_INTEGER1 data:0
05-27 19:13:01.379   351   516 D automotive.vehicle@2.0-adayo-func-bcm: BCMFunc sendMessageFromVehicle_l prop: 0x2160009f , SPLITE_BIT_DATA_INTEGER4 procotol.calc[0]:0.100000,procotol.calc[1]:0.000000
05-27 19:13:01.379   351   516 D automotive.vehicle@2.0-adayo-func-bcm: BCMFunc sendMessageFromVehicle_l prop: 0x2160009f ,areaId: 0x0  SPLITE_BIT_DATA_INTEGER : 0.000000,calc[0]:0.100000,calc[1]:0.000000
05-27 19:13:01.379   351   516 D automotive.vehicle@2.0-adayo-func-bcm: BCMFunc sendMessageFromVehicle_l id:559939743, area:0 not report! 
05-27 19:13:01.379   351   516 D automotive.vehicle@2.0-adayo-func-bcm: BCMFunc sendMessageFromVehicle_l dataType: 12,mByte=45,propid=0x216000f3
05-27 19:13:01.379   351   516 D automotive.vehicle@2.0-adayo-func-bcm: BCMFunc sendMessageFromVehicle_l msgBuff[45]=0x0,start:0,len:16,temp:8,
05-27 19:13:01.379   351   516 D automotive.vehicle@2.0-adayo-func-bcm: BCMFunc sendMessageFromVehicle_l msgBuff[44]=0x0,start:0,len:8,temp:8,
05-27 19:13:01.379   351   516 D automotive.vehicle@2.0-adayo-func-bcm: BCMFunc sendMessageFromVehicle_l prop: 0x216000f3 , SPLITE_BIT_DATA_INTEGER1 data:0
05-27 19:13:01.380   351   516 D automotive.vehicle@2.0-adayo-func-bcm: BCMFunc sendMessageFromVehicle_l prop: 0x216000f3 , SPLITE_BIT_DATA_INTEGER4 procotol.calc[0]:0.100000,procotol.calc[1]:0.000000
05-27 19:13:01.380   351   516 D automotive.vehicle@2.0-adayo-func-bcm: BCMFunc sendMessageFromVehicle_l prop: 0x216000f3 ,areaId: 0x0  SPLITE_BIT_DATA_INTEGER : 0.000000,calc[0]:0.100000,calc[1]:0.000000
05-27 19:13:01.380   351   516 D automotive.vehicle@2.0-adayo-func-bcm: BCMFunc sendMessageFromVehicle_l id:559939827, area:0 not report! 
05-27 19:13:01.380   351   516 D automotive.vehicle@2.0-adayo-func-bcm: BCMFunc sendMessageFromVehicle_l dataType: 12,mByte=47,propid=0x214000f4
05-27 19:13:01.380   351   516 D automotive.vehicle@2.0-adayo-func-bcm: BCMFunc sendMessageFromVehicle_l msgBuff[47]=0x0,start:0,len:16,temp:8,
05-27 19:13:01.380   351   516 D automotive.vehicle@2.0-adayo-func-bcm: BCMFunc sendMessageFromVehicle_l msgBuff[46]=0x0,start:0,len:8,temp:8,
05-27 19:13:01.380  3878  3878 D CompatibilityChangeReporter: Compat change id reported: 171979766; UID 1000; state: ENABLED
05-27 19:13:01.380   351   516 D automotive.vehicle@2.0-adayo-func-bcm: BCMFunc sendMessageFromVehicle_l prop: 0x214000f4 ,areaId: 0x0  SPLITE_BIT_DATA_INTEGER : 0
05-27 19:13:01.380   351   516 D automotive.vehicle@2.0-adayo-func-bcm: BCMFunc sendMessageFromVehicle_l id:557842676, area:0 not report! 
05-27 19:13:01.380   351   516 D automotive.vehicle@2.0-adayo-func-bcm: BCMFunc sendMessageFromVehicle_l dataType: 12,mByte=48,propid=0x214000fe
05-27 19:13:01.380   351   516 D automotive.vehicle@2.0-adayo-func-bcm: BCMFunc sendMessageFromVehicle_l msgBuff[48]=0x0,start:0,len:8,temp:8,
05-27 19:13:01.380   351   516 D automotive.vehicle@2.0-adayo-func-bcm: BCMFunc sendMessageFromVehicle_l prop: 0x214000fe ,areaId: 0x0  SPLITE_BIT_DATA_INTEGER : 0
05-27 19:13:01.380   351   516 D automotive.vehicle@2.0-adayo-func-bcm: BCMFunc sendMessageFromVehicle_l id:557842686, area:0 not report! 
05-27 19:13:01.380   351   516 D automotive.vehicle@2.0-adayo-func-bcm: BCMFunc sendMessageFromVehicle_l dataType: 12,mByte=49,propid=0x21400100
05-27 19:13:01.380   351   516 D automotive.vehicle@2.0-adayo-func-bcm: BCMFunc sendMessageFromVehicle_l msgBuff[49]=0x0,start:0,len:8,temp:8,
05-27 19:13:01.380   351   516 D automotive.vehicle@2.0-adayo-func-bcm: BCMFunc sendMessageFromVehicle_l prop: 0x21400100 ,areaId: 0x0  SPLITE_BIT_DATA_INTEGER : 0
05-27 19:13:01.380   351   516 D automotive.vehicle@2.0-adayo-func-bcm: BCMFunc sendMessageFromVehicle_l id:557842688, area:0 not report! 
05-27 19:13:01.380   351   516 D automotive.vehicle@2.0-adayo-func-bcm: BCMFunc sendMessageFromVehicle_l dataType: 12,mByte=50,propid=0x214000fa
05-27 19:13:01.380   351   516 D automotive.vehicle@2.0-adayo-func-bcm: BCMFunc sendMessageFromVehicle_l msgBuff[50]=0x0,start:0,len:8,temp:8,
05-27 19:13:01.380   351   516 D automotive.vehicle@2.0-adayo-func-bcm: BCMFunc sendMessageFromVehicle_l prop: 0x214000fa ,areaId: 0x0  SPLITE_BIT_DATA_INTEGER : 0
05-27 19:13:01.380   351   516 D automotive.vehicle@2.0-adayo-func-bcm: BCMFunc sendMessageFromVehicle_l id:557842682, area:0 not report! 
05-27 19:13:01.380   351   516 D automotive.vehicle@2.0-adayo-func-bcm: BCMFunc sendMessageFromVehicle_l dataType: 12,mByte=51,propid=0x214000fb
05-27 19:13:01.381   351   516 D automotive.vehicle@2.0-adayo-func-bcm: BCMFunc sendMessageFromVehicle_l msgBuff[51]=0x0,start:0,len:8,temp:8,
05-27 19:13:01.381   351   516 D automotive.vehicle@2.0-adayo-func-bcm: BCMFunc sendMessageFromVehicle_l prop: 0x214000fb ,areaId: 0x0  SPLITE_BIT_DATA_INTEGER : 0
05-27 19:13:01.381   351   516 D automotive.vehicle@2.0-adayo-func-bcm: BCMFunc sendMessageFromVehicle_l id:557842683, area:0 not report! 
05-27 19:13:01.381   351   516 D automotive.vehicle@2.0-adayo-func-bcm: BCMFunc sendMessageFromVehicle_l dataType: 12,mByte=52,propid=0x214000fc
05-27 19:13:01.381   351   516 D automotive.vehicle@2.0-adayo-func-bcm: BCMFunc sendMessageFromVehicle_l msgBuff[52]=0x0,start:0,len:8,temp:8,
05-27 19:13:01.381   351   516 D automotive.vehicle@2.0-adayo-func-bcm: BCMFunc sendMessageFromVehicle_l prop: 0x214000fc ,areaId: 0x0  SPLITE_BIT_DATA_INTEGER : 0
05-27 19:13:01.381   351   516 D automotive.vehicle@2.0-adayo-func-bcm: BCMFunc sendMessageFromVehicle_l id:557842684, area:0 not report! 
05-27 19:13:01.381   351   516 D automotive.vehicle@2.0-adayo-func-bcm: BCMFunc sendMessageFromVehicle_l dataType: 12,mByte=53,propid=0x21400106
05-27 19:13:01.381   351   516 D automotive.vehicle@2.0-adayo-func-bcm: BCMFunc sendMessageFromVehicle_l msgBuff[53]=0x1,start:0,len:8,temp:8,
05-27 19:13:01.381   351   516 D automotive.vehicle@2.0-adayo-func-bcm: BCMFunc sendMessageFromVehicle_l prop: 0x21400106 ,areaId: 0x0  SPLITE_BIT_DATA_INTEGER : 1
05-27 19:13:01.381   351   516 D automotive.vehicle@2.0-adayo-func-bcm: BCMFunc sendMessageFromVehicle_l id:557842694, area:0 not report! 
05-27 19:13:01.383   830   830 D SurfaceFlinger: unisoc-graphics, commit has frameMissed:2, vysncId:451969
05-27 19:13:01.383 10188 11235 I DexManager: com.yadea.btmusic loads from com.yadea.btmusic-1 : 0 : /system_ext/priv-app/NsrBTMusic/NsrBTMusic.apk
05-27 19:13:01.384   581   581 I SpiService: fgesysctrl_getGPIO_status success val=1
05-27 19:13:01.387   566 11459 I gps_hdbd: Received: '$GNGGA,012852.000,,,,,0,00,,,M,,M,,*6A
'
05-27 19:13:01.389   581   581 I SpiService: fgesysctrl_getGPIO_status success val=0
05-27 19:13:01.389   481   597 I mcuc    : send SPI:6AA602F6DF00028300A46AA602F6E0000284158D6AA602F6E1000283059D6AA602F6E200028B30696AA602F6E3000289009A
05-27 19:13:01.390 13911 14183 I SentryImuMcuAngleSender: 179.986rollDeg
05-27 19:13:01.390 13911 14183 I SentryImuMcuAngleSender: 1,0,0
05-27 09:04:10.354   581   581 D spi_rst_gpio_get_output: GPIO 145 value: 0
05-27 09:04:10.354   581   581 D spidev_ioctl: gpio status=0)
05-27 19:13:01.392  3879  3879 D CompatibilityInfo: applyToConfigurationCompat inoutConfig.densityDpi= 160
05-27 19:13:01.393   566 11459 I gps_hdbd: Received: '$GNGSA,A,1,,,,,,,,,,,,,,,,1*1D
'
05-27 19:13:01.393   566 11459 I gps_hdbd: Received: '$GNGSA,A,1,,,,,,,,,,,,,,,,3*1F
'
05-27 19:13:01.398  3879  3879 D libEGL  : <m.yadea.btmusic>[setCacheFilename]: file=/data/user_de/0/com.yadea.btmusic/code_cache/com.android.opengl.shaders_cache
05-27 19:13:01.398  3878  3878 D CompatibilityInfo: applyToConfigurationCompat inoutConfig.densityDpi= 160
05-27 19:13:01.399   566 11459 I gps_hdbd: Received: '$GNGSA,A,1,,,,,,,,,,,,,,,,4*18
'
05-27 19:13:01.399   566 11459 I gps_hdbd: Received: '$BDGSV,1,1,00,1*75
'
05-27 19:13:01.399   830   830 D SurfaceFlinger: unisoc-graphics, commit has frameMissed:2, vysncId:451977
05-27 19:13:01.403   581   581 I SpiService: fgesysctrl_getGPIO_status success val=1
05-27 19:13:01.405   566 11459 I gps_hdbd: Received: '$BDGSV,1,1,00,5*71
'
05-27 19:13:01.405  3879  3879 D NetworkSecurityConfig: No Network Security Config specified, using platform default
05-27 19:13:01.405  3879  3879 D NetworkSecurityConfig: No Network Security Config specified, using platform default
05-27 09:04:10.368   581   581 D spidev_ioctl: gpio status=1)
05-27 09:04:10.373   581   581 D spi_rst_gpio_get_output: GPIO 145 value: 1
05-27 09:04:10.373   581   581 D spidev_ioctl: gpio status=1)
05-27 19:13:01.405   566 11459 I gps_hdbd: Received: '$GPGSV,1,1,01,199,42,165,,1*60
'
05-27 19:13:01.408   536   536 D commservice260303: msg.id = 1028,0
05-27 19:13:01.408   536   536 D commservice260303: i = 170, msgid = 8A000404
05-27 19:13:01.408   536   536 D commservice260303: msgid = -1979710460,did=138
05-27 19:13:01.408   536   536 D commservice260303: CommProtocolLibCmdBaseI2C::dataproc {"command":{"id":"imu_status","sub":""},"content":{"TimeStamp":12,"FrameCounter":288410,"GD_X":-0.012063807807862759,"GD_Y":0.006336971186101437,"GD_Z":0.002213752595707774,"AD_X":-0.00931459665298462,"AD_Y":-1.4291051775217056E-4,"AD_Z":-0.1743488311767578,"TempDsp":0,"Status":0,"CalibState":1,"SigAmpInvalid":0}},-1979710460
05-27 19:13:01.408   536   536 D commservice260303: send2Cluster len:315, 7B22636F6D6D616E64223A7B226964223A22696D755F737461747573222C22737562223A22227D2C22636F6E74656E74223A7B2254696D655374616D70223A31322C224672616D65436F756E746572223A3238383431302C2247445F58223A2D302E3031323036333830373830373836323735392C2247445F59223A302E3030363333363937313138363130313433372C2247445F5A223A302E3030323231333735323539353730373737342C2241445F58223A2D302E30303933313435393636353239383436322C2241445F59223A2D312E34323931303531373735323137303536452D342C2241445F5A223A2D302E313734333438383331313736373537382C2254656D70447370223A302C22537461747573223A302C2243616C69625374617465223A312C22536967416D70496E76616C6964223A307D7D, 138 
05-27 19:13:01.408   536   536 D commservice260303: Push Message into SendPool fn=1940521984
05-27 19:13:01.408   536   536 D commservice260303: ComProtocolLibSend2Cluster::send2ClusterRaw fn=1940521984 , len=331
05-27 19:13:01.408   536   536 D commservice260303: sendCmdToPort :331!!!
05-27 19:13:01.408   536   536 D commservice260303: send Cmd To Port ++++5AA501478A010004AA736A16D1BD7B22636F6D6D616E64223A7B226964223A22696D755F737461747573222C22737562223A22227D2C22636F6E74656E74223A7B2254696D655374616D70223A31322C224672616D65436F756E746572223A3238383431302C2247445F58223A2D302E3031323036333830373830373836323735392C2247445F59223A302E3030363333363937313138363130313433372C2247445F5A223A302E3030323231333735323539353730373737342C2241445F58223A2D302E30303933313435393636353239383436322C2241445F59223A2D312E34323931303531373735323137303536452D342C2241445F5A223A2D302E313734333438383331313736373537382C2254656D70447370223A302C22537461747573223A302C2243616C69625374617465223A312C22536967416D70496E76616C6964223A307D7D6DC6
05-27 19:13:01.408   536   536 D commservice260303: bufferevent_write retrun value = 0
05-27 19:13:01.408   581   581 I SpiService: fgesysctrl_getGPIO_status success val=1
05-27 19:13:01.408   536   560 D commservice260303: client datas send succeed,send finish
05-27 19:13:01.409 13911 14192 D Sentinelmode_1.2.5.17_sentry: <SentryImuClusterFgeSender>imu_status sent to Linux, frame=288410, tsNs=12248650, tsMs=12, intervalMs=40, ad=(-0.009314597,-1.4291052E-4,-0.17434883), gd=(-0.012063808,0.006336971,0.0022137526)
05-27 19:13:01.410  3879  3879 W FrameworkInitializer: frameworkInitializer start
05-27 19:13:01.410  3879  3879 I MultiDex: VM with version 2.1.0 has multidex support
05-27 19:13:01.410  3879  3879 I MultiDex: Installing application
05-27 19:13:01.410  3879  3879 I MultiDex: VM has multidex support, MultiDex support library is disabled.
05-27 19:13:01.410   566 11459 I gps_hdbd: Received: '$GPGSV,1,1,00,8*6D
'
05-27 19:13:01.410 13911 14183 I SentryImuMcuAngleSender: 179.97899rollDeg
05-27 19:13:01.411 13911 14183 I SentryImuMcuAngleSender: 1,0,0
05-27 19:13:01.411  3879  3879 D CompatibilityChangeReporter: Compat change id reported: 183155436; UID 1000; state: ENABLED
05-27 19:13:01.411   566 11459 I gps_hdbd: Received: '$GAGSV,1,1,00,7*73
'
05-27 19:13:01.411   566 11459 I gps_hdbd: Received: '$GAGSV,1,1,00,1*75
'
05-27 19:13:01.414   581   581 I SpiService: fgesysctrl_getGPIO_status success val=1
05-27 19:13:01.415  3879  3879 E FrameworkInitializer: app packageName:com.yadea.btmusic, versionCode:1, VersionName:1.0
05-27 09:04:10.378   581   581 D spi_rst_gpio_get_output: GPIO 145 value: 1
05-27 09:04:10.378   581   581 D spidev_ioctl: gpio status=1)
05-27 19:13:01.416  3879  3879 W BaseManager: createInstance cls:class com.androidext.core.init.LocalMainServiceManager, obj:com.androidext.core.init.LocalMainServiceManager@51a497a
05-27 19:13:01.417 10188 11034 D InputReader: syncTouch: pointerCount 0 -> 1, touching ids 0x00000000 -> 0x80000000, hovering ids 0x00000000 -> 0x00000000, canceled ids 0x00000000
05-27 19:13:01.417 10188 11034 D InputReader: dispatchTouches action DOWN now(ns): 12248668385927
05-27 19:13:01.417 10188 11034 D InputReader: notifyMotion call dispatcher
05-27 19:13:01.417   649   723 D UniTelDemo: input code = 330, value = 1
05-27 19:13:01.417  3879  3879 W BaseManager: createInstance cls:class com.androidext.core.watchdog.WatchDogService, obj:com.androidext.core.watchdog.WatchDogService@121b321
05-27 19:13:01.418  3879  3879 W BaseManager: target class :com.androidext.core.watchdog.WatchDogService is not support
05-27 19:13:01.418  3879  3879 W BaseManager: unInitAction yet
05-27 19:13:01.418 10188 10632 D VelocityTracker: VelocityTracker: addMovement eventTime=12248668248000, idBits=0x80000000, activePointerId=0
05-27 19:13:01.418 10188 10632 D VelocityTracker:   0: position (250.804, 267.628), estimator (degree=0, xCoeff=[ 250.804062 ], yCoeff=[ 267.628296 ], confidence=1.000000)
05-27 19:13:01.419   581   581 I SpiService: fgesysctrl_getGPIO_status success val=1
05-27 09:04:10.384   581   581 D spi_rst_gpio_get_output: GPIO 145 value: 1
05-27 09:04:10.384   581   581 D spidev_ioctl: gpio status=1)
05-27 19:13:01.421  3879  3879 W BaseManager: createInstance cls:class com.androidext.core.logger.LocalLoggerService, obj:com.androidext.core.logger.LocalLoggerService@a810a34
05-27 19:13:01.421  3879  3879 W BaseManager: target class :com.androidext.core.logger.LocalLoggerService is not support
05-27 19:13:01.421  3879  3879 W BaseManager: unInitAction yet
05-27 19:13:01.422  3879  3879 W BaseManager: createInstance cls:class com.androidext.core.logger.LoggerPrinterService, obj:com.androidext.core.logger.LoggerPrinterService@fd48dd2
05-27 19:13:01.422  3879  3879 W BaseManager: handInitLifecycle return for owner is null or init Lifecycle yet,mLifecycleOwner:null,owner:null
05-27 19:13:01.422  3879  3879 W BaseManager: createInstance cls:class com.androidext.core.basemanager.MainDependentService, obj:com.androidext.core.basemanager.MainDependentService@23e95a0
05-27 19:13:01.422   566 11459 I gps_hdbd: Received: '$GNRMC,012852.000,V,,,,,,,270526,120.0,E,N,V*49
'
05-27 19:13:01.422   566 11459 I gps_hdbd: RMC : CALL gnss_sv_status_cb, view_in_sat <1>
05-27 19:13:01.422   566 11459 I gps_hdbd: [reportSvStatus]--->PLATFORM_BSP::Enter
05-27 19:13:01.423  3879  3879 W BaseManager: createInstance cls:class com.yadea.btmusic.service.InitService, obj:com.yadea.btmusic.service.InitService@4c9b51e
05-27 19:13:01.423   566 11459 I gps_hdbd: hy abnormal deal:hy_cnr30_satellite_cnt=0
05-27 19:13:01.423   566 11459 D gps_hdbd: hy abnormal deal:hy_fixStatus_fail_count=0
05-27 19:13:01.423  3879  3879 I InitService:  InitService->doInit()
05-27 19:13:01.423  3879  3879 W BaseManager: createInstance cls:class com.yadea.btmusic.service.MediaServiceCmdControllerService, obj:com.yadea.btmusic.service.MediaServiceCmdControllerService@a876bcc
05-27 19:13:01.423   566 11459 I gps_hdbd: Received: '$GNZDA,012852.000,27,05,2026,00,00*42
'
05-27 19:13:01.423  3879  3879 W BaseManager: handInitLifecycle return for owner is null or init Lifecycle yet,mLifecycleOwner:null,owner:null
05-27 19:13:01.423  1083  1083 W MyAppLog: [2026-05-27 19:13:01.423 W tboxap gpsSyncGpsInfoToDm:361] [Gps] [gpsSyncGpsInfoToDm] fix=0 mode=49 corner:0x01 alt=0.00 sat=0 hdop=0.00 pdop=0.00 vdop=0.00
05-27 19:13:01.424   581   581 I SpiService: fgesysctrl_getGPIO_status success val=1
05-27 09:04:10.389   581   581 D spi_rst_gpio_get_output: GPIO 145 value: 1
05-27 09:04:10.389   581   581 D spidev_ioctl: gpio status=1)
05-27 19:13:01.427  3879  3879 W BaseManager: createInstance cls:class com.yadea.btmusic.service.BluetoothPlayerService, obj:com.yadea.btmusic.service.BluetoothPlayerService@b58052a
05-27 19:13:01.427  3879  3879 W BaseManager: handInitLifecycle return for owner is null or init Lifecycle yet,mLifecycleOwner:null,owner:null
05-27 19:13:01.428 11579 11579 D VelocityTracker: VelocityTracker: addMovement eventTime=12248668248000, idBits=0x80000000, activePointerId=0
05-27 19:13:01.428 11579 11579 D VelocityTracker:   0: position (250.804, 109.628), estimator (degree=0, xCoeff=[ 250.804062 ], yCoeff=[ 109.628296 ], confidence=1.000000)
05-27 19:13:01.428 11579 11579 D VelocityTracker: VelocityTracker: addMovement eventTime=12248668248000, idBits=0x80000000, activePointerId=0
05-27 19:13:01.428 11579 11579 D VelocityTracker:   0: position (250.804, 109.628), estimator (degree=0, xCoeff=[ 250.804062 ], yCoeff=[ 109.628296 ], confidence=1.000000)
05-27 19:13:01.430   581   581 I SpiService: fgesysctrl_getGPIO_status success val=0
05-27 19:13:01.431  3879  3879 W BaseManager: createInstance cls:class com.yadea.btmusic.service.MusicCarService, obj:com.yadea.btmusic.service.MusicCarService@6a578b8
05-27 19:13:01.431  3878  3878 D adservices: Registering AdServices's TopicsManager.
05-27 19:13:01.431  3879  3879 W BaseManager: handInitLifecycle return for owner is null or init Lifecycle yet,mLifecycleOwner:null,owner:null
05-27 19:13:01.431  3879  3879 W BaseManager: handInitLifecycle return for owner is null or init Lifecycle yet,mLifecycleOwner:null,owner:null
05-27 19:13:01.431  3879  3879 W BaseManager: handInitLifecycle return for owner is null or init Lifecycle yet,mLifecycleOwner:null,owner:null
05-27 19:13:01.432 13911 14183 I SentryImuMcuAngleSender: 179.96843rollDeg
05-27 19:13:01.432 13911 14183 I SentryImuMcuAngleSender: 1,0,0
05-27 09:04:10.394   581   581 D spi_rst_gpio_get_output: GPIO 145 value: 0
05-27 09:04:10.394   581   581 D spidev_ioctl: gpio status=0)
05-27 19:13:01.433  3879  3879 E app_main_service: startMainService obj:0,type:0,isSystemApp:true,isOAbove:true
05-27 19:13:01.434  3879  3879 W ContextImpl: Calling a method in the system process without a qualified user: android.app.ContextImpl.startService:1863 android.content.ContextWrapper.startService:817 android.content.ContextWrapper.startService:817 com.androidext.core.init.MainService.startService:240 com.androidext.core.init.MainService.startMainService:224 
05-27 19:13:01.435  3878  3878 D CompatibilityInfo: applyToConfigurationCompat inoutConfig.densityDpi= 160
05-27 19:13:01.436  3879  3879 W BaseManager: handInitLifecycle return for owner is null or init Lifecycle yet,mLifecycleOwner:null,owner:null
05-27 19:13:01.436  3879  3879 W FrameworkInitializer: frameworkInitializer end took: 26 ms
05-27 19:13:01.441  3879  3879 D DisplayEventReceiver: DisplayEventReceiver nativeInit  , vsyncSource = 0, eventRegistration = 0, mReceiverPtr = b40000740d7f3b00caller : android.view.Choreographer$FrameDisplayEventReceiver.<init>:1208 android.view.Choreographer.<init>:295 android.view.Choreographer.<init>:0 android.view.Choreographer$1.initialValue:121 android.view.Choreographer$1.initialValue:114 java.lang.ThreadLocal.setInitialValue:180 java.lang.ThreadLocal.get:170 android.view.Choreographer.getInstance:323 androidx.profileinstaller.ProfileInstallerInitializer$Choreographer16Impl.postFrameCallback:161 androidx.profileinstaller.ProfileInstallerInitializer.delayAfterFirstFrame:94 
05-27 09:04:10.408   581   581 D spi_rst_gpio_get_output: GPIO 145 value: 1
05-27 09:04:10.408   581   581 D spidev_ioctl: gpio status=1)
05-27 19:13:01.444   581   581 I SpiService: fgesysctrl_getGPIO_status success val=1
05-27 19:13:01.445 10188  6599 I DexManager: com.anwsdk.service loads from null-0 : 0 : /system/framework/javax.obex.jar
05-27 19:13:01.445   566 11459 I gps_hdbd: Received: '$GNINS,1,1,TYPE,I,V,012852.000,20843000,FUS,-10,0,0,0,MOT,V,1,PATT,0.00,0.00,0.00,VEL,0.000,0.000,0.000,POS,40.0001330924,116.0001570688,84.176,IIA,1,0.00,0.00,0.00,BGA,0.31,-0.66,-0.13,0.000,0.000,0.000,IGA,0,-1,0,0,-2,98,VG,16c2ff1*20
'
05-27 19:13:01.445 10188  6599 I DexManager: Could not find owning package for dex file: /system/framework/javax.obex.jar
05-27 19:13:01.446  3879  3879 E cmdManager: Class loaded by dalvik.system.PathClassLoader[DexPathList[[zip file "/system_ext/priv-app/NsrBTMusic/NsrBTMusic.apk"],nativeLibraryDirectories=[/system_ext/priv-app/NsrBTMusic/lib/arm64, /system_ext/priv-app/NsrBTMusic/NsrBTMusic.apk!/lib/arm64-v8a, /system/lib64, /system_ext/lib64, /system/lib64, /system_ext/lib64]]] for class com.androidext.commandcontroller.send.CommandControllerManager
05-27 19:13:01.446  3879  3879 E cmdManager: Instance created by dalvik.system.PathClassLoader[DexPathList[[zip file "/system_ext/priv-app/NsrBTMusic/NsrBTMusic.apk"],nativeLibraryDirectories=[/system_ext/priv-app/NsrBTMusic/lib/arm64, /system_ext/priv-app/NsrBTMusic/NsrBTMusic.apk!/lib/arm64-v8a, /system/lib64, /system_ext/lib64, /system/lib64, /system_ext/lib64]]] for class com.androidext.commandcontroller.send.CommandControllerManager. mCount:1
05-27 19:13:01.447  3879  3879 W System.err: java.lang.ClassNotFoundException: com.neusoft.btmusic.service.MediaServiceCmdController
05-27 19:13:01.447  3879  3879 W System.err: 	at java.lang.Class.classForName(Native Method)
05-27 19:13:01.447  3879  3879 W System.err: 	at java.lang.Class.forName(Class.java:454)
05-27 19:13:01.447  3879  3879 W System.err: 	at java.lang.Class.forName(Class.java:379)
05-27 19:13:01.448  3879  3879 W System.err: 	at com.androidext.commandcontroller.utils.Utils.getClass(Utils.java:79)
05-27 19:13:01.448  3879  3879 W System.err: 	at com.androidext.commandcontroller.send.CommandControllerManager.getTargetCommandControllerCallback(CommandControllerManager.java:180)
05-27 19:13:01.448  3879  3879 W System.err: 	at com.androidext.commandcontroller.receiver.CommandControllerReceiver.init(CommandControllerReceiver.java:226)
05-27 19:13:01.448  3879  3879 W System.err: 	at com.androidext.commandcontroller.receiver.CommandControllerReceiver.onCreate(CommandControllerReceiver.java:44)
05-27 19:13:01.448  3879  3879 W System.err: 	at android.content.ContentProvider.attachInfo(ContentProvider.java:2474)
05-27 19:13:01.448  3879  3879 W System.err: 	at android.content.ContentProvider.attachInfo(ContentProvider.java:2443)
05-27 19:13:01.448  3879  3879 W System.err: 	at android.app.ActivityThread.installProvider(ActivityThread.java:7616)
05-27 19:13:01.448  3879  3879 W System.err: 	at android.app.ActivityThread.installContentProviders(ActivityThread.java:7125)
05-27 19:13:01.448  3879  3879 W System.err: 	at android.app.ActivityThread.handleBindApplication(ActivityThread.java:6893)
05-27 19:13:01.448  3879  3879 W System.err: 	at android.app.ActivityThread.-$$Nest$mhandleBindApplication(Unknown Source:0)
05-27 19:13:01.448  3879  3879 W System.err: 	at android.app.ActivityThread$H.handleMessage(ActivityThread.java:2219)
05-27 19:13:01.448  3879  3879 W System.err: 	at android.os.Handler.dispatchMessage(Handler.java:106)
05-27 19:13:01.448  3879  3879 W System.err: 	at android.os.Looper.loopOnce(Looper.java:201)
05-27 19:13:01.448  3879  3879 W System.err: 	at android.os.Looper.loop(Looper.java:288)
05-27 19:13:01.448  3879  3879 W System.err: 	at android.app.ActivityThread.main(ActivityThread.java:8061)
05-27 19:13:01.448  3879  3879 W System.err: 	at java.lang.reflect.Method.invoke(Native Method)
05-27 19:13:01.448  3879  3879 W System.err: 	at com.android.internal.os.RuntimeInit$MethodAndArgsCaller.run(RuntimeInit.java:703)
05-27 19:13:01.448   536   536 D commservice260303: msg.id = 1028,0
05-27 19:13:01.448  3879  3879 W System.err: 	at com.android.internal.os.ZygoteInit.main(ZygoteInit.java:911)
05-27 19:13:01.448   536   536 D commservice260303: i = 170, msgid = 8A000404
05-27 19:13:01.448   536   536 D commservice260303: msgid = -1979710460,did=138
05-27 19:13:01.448   536   536 D commservice260303: CommProtocolLibCmdBaseI2C::dataproc {"command":{"id":"imu_status","sub":""},"content":{"TimeStamp":12,"FrameCounter":288411,"GD_X":-0.01221725158393383,"GD_Y":0.005879240110516548,"GD_Z":0.0018319635419175029,"AD_X":-0.00686115026473999,"AD_Y":0.0016824877820909023,"AD_Z":-0.15970897674560547,"TempDsp":0,"Status":0,"CalibState":1,"SigAmpInvalid":0}},-1979710460
05-27 19:13:01.448  3879  3879 W System.err: Caused by: java.lang.ClassNotFoundException: com.neusoft.btmusic.service.MediaServiceCmdController
05-27 19:13:01.448   536   536 D commservice260303: send2Cluster len:315, 7B22636F6D6D616E64223A7B226964223A22696D755F737461747573222C22737562223A22227D2C22636F6E74656E74223A7B2254696D655374616D70223A31322C224672616D65436F756E746572223A3238383431312C2247445F58223A2D302E30313232313732353135383339333338332C2247445F59223A302E3030353837393234303131303531363534382C2247445F5A223A302E303031383331393633353431393137353032392C2241445F58223A2D302E30303638363131353032363437333939392C2241445F59223A302E303031363832343837373832303930393032332C2241445F5A223A2D302E31353937303839373637343536303534372C2254656D70447370223A302C22537461747573223A302C2243616C69625374617465223A312C22536967416D70496E76616C6964223A307D7D, 138 
05-27 19:13:01.448  3879  3879 W System.err: 	... 21 more
05-27 19:13:01.448   536   536 D commservice260303: Push Message into SendPool fn=1957299200
05-27 19:13:01.448   536   536 D commservice260303: ComProtocolLibSend2Cluster::send2ClusterRaw fn=1957299200 , len=331
05-27 19:13:01.448  3879  3879 E cmdReceiver: instanceCallback fail cls:com.neusoft.btmusic.service.MediaServiceCmdController
05-27 19:13:01.448   536   536 D commservice260303: sendCmdToPort :331!!!
