05-27 19:12:58.978   536   536 D commservice260303: CommProtocolLibCmdBaseI2C::dataproc {"command":{"id":"imu_status","sub":""},"content":{"TimeStamp":12,"FrameCounter":288350,"GD_X":-0.011682018637657166,"GD_Y":0.005039200186729431,"GD_Z":0.002747945487499237,"AD_X":-0.007537767291069031,"AD_Y":-6.134139839559793E-4,"AD_Z":-0.17435169219970703,"TempDsp":0,"Status":0,"CalibState":1,"SigAmpInvalid":0}},-1979710460
05-27 19:12:58.978   536   536 D commservice260303: send2Cluster len:316, 7B22636F6D6D616E64223A7B226964223A22696D755F737461747573222C22737562223A22227D2C22636F6E74656E74223A7B2254696D655374616D70223A31322C224672616D65436F756E746572223A3238383335302C2247445F58223A2D302E3031313638323031383633373635373136362C2247445F59223A302E3030353033393230303138363732393433312C2247445F5A223A302E3030323734373934353438373439393233372C2241445F58223A2D302E3030373533373736373239313036393033312C2241445F59223A2D362E313334313339383339353539373933452D342C2241445F5A223A2D302E31373433353136393231393937303730332C2254656D70447370223A302C22537461747573223A302C2243616C69625374617465223A312C22536967416D70496E76616C6964223A307D7D, 138 
05-27 19:12:58.978   536   536 D commservice260303: Push Message into SendPool fn=917111808
05-27 19:12:58.978   536   536 D commservice260303: ComProtocolLibSend2Cluster::send2ClusterRaw fn=917111808 , len=332
05-27 19:12:58.978   536   536 D commservice260303: sendCmdToPort :332!!!
05-27 19:12:58.978   536   536 D commservice260303: send Cmd To Port ++++5AA501488A010004AA366A16D1BA7B22636F6D6D616E64223A7B226964223A22696D755F737461747573222C22737562223A22227D2C22636F6E74656E74223A7B2254696D655374616D70223A31322C224672616D65436F756E746572223A3238383335302C2247445F58223A2D302E3031313638323031383633373635373136362C2247445F59223A302E3030353033393230303138363732393433312C2247445F5A223A302E3030323734373934353438373439393233372C2241445F58223A2D302E3030373533373736373239313036393033312C2241445F59223A2D362E313334313339383339353539373933452D342C2241445F5A223A2D302E31373433353136393231393937303730332C2254656D70447370223A302C22537461747573223A302C2243616C69625374617465223A312C22536967416D70496E76616C6964223A307D7D6BAC
05-27 19:12:58.978   536   536 D commservice260303: bufferevent_write retrun value = 0
05-27 19:12:58.978   536   560 D commservice260303: client datas send succeed,send finish
05-27 19:12:58.979 13911 14192 D Sentinelmode_1.2.5.17_sentry: <SentryImuClusterFgeSender>imu_status sent to Linux, frame=288350, tsNs=12246223, tsMs=12, intervalMs=37, ad=(-0.0075377673,-6.13414E-4,-0.17435169), gd=(-0.011682019,0.0050392,0.0027479455)
05-27 19:12:58.979 13911 14183 I SentryImuMcuAngleSender: 179.97899rollDeg
05-27 19:12:58.979 13911 14183 I SentryImuMcuAngleSender: 1,0,0
05-27 19:12:58.982   481   598 I mcuc    : rev,n=1,6AA681F6D5000A89003A0104091412345629
05-27 19:12:58.982  1121  1144 I tboxmids_ap: [2026-05-27 19:12:58.982] [MCU RX] src=MCU dst=ZMQ len=10 type=BINARY data=00 08 3A 01 04 09 14 12 34 56 
05-27 19:12:58.982   351   373 D automotive.vehicle@2.0-adayo-datacomm-mcu: MCUDatacomm sendMessageFromVehicle prop: 0x89, areaId: 0x0, status: 0x3a, timestamp: 0x1
05-27 19:12:58.982   351   373 D automotive.vehicle@2.0-adayo-datacomm-mcu: MCUDatacomm 1sendMessageFromVehicle ---> type = 12 
05-27 19:12:58.982   581   581 I SpiService: fgesysctrl_getGPIO_status success val=1
05-27 19:12:58.983  1083  1083 I MyAppLog: [2026-05-27 19:12:58.982 I tboxap mcuCommTboxmidsRecvCb:97] [Mcu] [mcuCommTboxmidsRecvCb] recv from tboxmids, size:10
05-27 19:12:58.983  1083  1083 I MyAppLog: [2026-05-27 19:12:58.982 I tboxap mcuCommTboxmidsRecvCb:98] [Mcu] [tboxmids -> tboxap]: :00 08 3A 01 04 09 14 12 34 56
05-27 19:12:58.983  1083  1083 W MyAppLog: [2026-05-27 19:12:58.982 W tboxap mcuYadiFrameParse:852] [Mcu] [mcuYadiFrameParse] cmd:0914(MCU_SEC_BATT2_DYNAMIC_IND) payload too short:5 < 36
05-27 19:12:58.983  1083  1083 W MyAppLog: [2026-05-27 19:12:58.983 W tboxap mcuPtlParseData:982] [Mcu] [mcuPtlParseData] invalid yadi frame, len:10
05-27 09:04:07.947   581   581 D spi_rst_gpio_get_output: GPIO 145 value: 1
05-27 09:04:07.947   581   581 D spidev_ioctl: gpio status=1)
05-27 19:12:58.988   581   581 I SpiService: fgesysctrl_getGPIO_status success val=1
05-27 09:04:07.952   581   581 D spi_rst_gpio_get_output: GPIO 145 value: 1
05-27 09:04:07.952   581   581 D spidev_ioctl: gpio status=1)
05-27 19:12:58.993   581   581 I SpiService: fgesysctrl_getGPIO_status success val=1
05-27 19:12:58.994  6212  6212 W Choreographer: Frame time is 0.175814 ms in the future!  Check that graphics HAL is generating vsync timestamps using the correct timebase.
05-27 09:04:07.958   581   581 D spi_rst_gpio_get_output: GPIO 145 value: 1
05-27 09:04:07.958   581   581 D spidev_ioctl: gpio status=1)
05-27 19:12:58.998   581   581 I SpiService: fgesysctrl_getGPIO_status success val=1
05-27 19:12:59.000 13911 14183 I SentryImuMcuAngleSender: 179.986rollDeg
05-27 19:12:59.000 13911 14183 I SentryImuMcuAngleSender: 1,0,0
05-27 09:04:07.963   581   581 D spi_rst_gpio_get_output: GPIO 145 value: 1
05-27 09:04:07.963   581   581 D spidev_ioctl: gpio status=1)
05-27 19:12:59.004   581   581 I SpiService: fgesysctrl_getGPIO_status success val=1
05-27 09:04:07.968   581   581 D spi_rst_gpio_get_output: GPIO 145 value: 1
05-27 09:04:07.968   581   581 D spidev_ioctl: gpio status=1)
05-27 19:12:59.009   581   581 I SpiService: fgesysctrl_getGPIO_status success val=0
05-27 19:12:59.009   481   597 I mcuc    : send SPI:6AA602F6D500028900A8
05-27 09:04:07.974   581   581 D spi_rst_gpio_get_output: GPIO 145 value: 0
05-27 09:04:07.974   581   581 D spidev_ioctl: gpio status=0)
05-27 19:12:59.015 11861 12466 D CarPlay : VideoModel onTaskStackChanged.
05-27 19:12:59.015 11344 11430 D SystemUI_ActivityManagerService: onTaskStackChanged , lastPkg=com.yadea.btmusic
05-27 19:12:59.017 11861 12466 D CarPlay : VideoModel getMainScreenTopActivity end, topActivity: ComponentInfo{com.yadea.btmusic/com.yadea.btmusic.MainActivity}
05-27 19:12:59.018   536   536 D commservice260303: msg.id = 1028,0
05-27 19:12:59.018   536   536 D commservice260303: i = 170, msgid = 8A000404
05-27 19:12:59.018   536   536 D commservice260303: msgid = -1979710460,did=138
05-27 19:12:59.018   536   536 D commservice260303: CommProtocolLibCmdBaseI2C::dataproc {"command":{"id":"imu_status","sub":""},"content":{"TimeStamp":12,"FrameCounter":288351,"GD_X":-0.011300750076770782,"GD_Y":0.0056498548947274685,"GD_Z":0.0022902146447449923,"AD_X":-0.007507532835006714,"AD_Y":0.001219680067151785,"AD_Z":-0.16520118713378906,"TempDsp":0,"Status":0,"CalibState":1,"SigAmpInvalid":0}},-1979710460
05-27 19:12:59.018   536   536 D commservice260303: send2Cluster len:317, 7B22636F6D6D616E64223A7B226964223A22696D755F737461747573222C22737562223A22227D2C22636F6E74656E74223A7B2254696D655374616D70223A31322C224672616D65436F756E746572223A3238383335312C2247445F58223A2D302E3031313330303735303037363737303738322C2247445F59223A302E303035363439383534383934373237343638352C2247445F5A223A302E303032323930323134363434373434393932332C2241445F58223A2D302E3030373530373533323833353030363731342C2241445F59223A302E3030313231393638303036373135313738352C2241445F5A223A2D302E31363532303131383731333337383930362C2254656D70447370223A302C22537461747573223A302C2243616C69625374617465223A312C22536967416D70496E76616C6964223A307D7D, 138 
05-27 19:12:59.018   536   536 D commservice260303: Push Message into SendPool fn=933889024
05-27 19:12:59.018   536   536 D commservice260303: ComProtocolLibSend2Cluster::send2ClusterRaw fn=933889024 , len=333
05-27 19:12:59.018   536   536 D commservice260303: sendCmdToPort :333!!!
05-27 19:12:59.018   536   536 D commservice260303: send Cmd To Port ++++5AA501498A010004AA376A16D1BB7B22636F6D6D616E64223A7B226964223A22696D755F737461747573222C22737562223A22227D2C22636F6E74656E74223A7B2254696D655374616D70223A31322C224672616D65436F756E746572223A3238383335312C2247445F58223A2D302E3031313330303735303037363737303738322C2247445F59223A302E303035363439383534383934373237343638352C2247445F5A223A302E303032323930323134363434373434393932332C2241445F58223A2D302E3030373530373533323833353030363731342C2241445F59223A302E3030313231393638303036373135313738352C2241445F5A223A2D302E31363532303131383731333337383930362C2254656D70447370223A302C22537461747573223A302C2243616C69625374617465223A312C22536967416D70496E76616C6964223A307D7D31F7
05-27 19:12:59.018   536   536 D commservice260303: bufferevent_write retrun value = 0
05-27 19:12:59.018   536   560 D commservice260303: client datas send succeed,send finish
05-27 19:12:59.019 13911 14192 D Sentinelmode_1.2.5.17_sentry: <SentryImuClusterFgeSender>imu_status sent to Linux, frame=288351, tsNs=12246257, tsMs=12, intervalMs=41, ad=(-0.007507533,0.0012196801,-0.16520119), gd=(-0.01130075,0.005649855,0.0022902146)
05-27 19:12:59.019 11861 12466 D CarPlay : VideoModel getMainScreenTopActivity end, topActivity: ComponentInfo{com.yadea.btmusic/com.yadea.btmusic.MainActivity}
05-27 19:12:59.019 11861 12466 D CarPlay : VideoModel foregroundViewChanged, boot has not completed, ignore
05-27 19:12:59.020 13911 14183 I SentryImuMcuAngleSender: 179.96844rollDeg
05-27 19:12:59.020 13911 14183 I SentryImuMcuAngleSender: 1,0,0
05-27 19:12:59.023   581   581 I SpiService: fgesysctrl_getGPIO_status success val=1
05-27 19:12:59.024   572   572 I Sensors : 230 GyroSensor: x:-0.010690,y:0.005574,z:0.002367
05-27 09:04:07.985     0     0 W         : c6 [    C6] Irq_monitor:Irq                                           IPI[1]occur       11002 times interval 1032 ms
05-27 09:04:07.988   581   581 D spi_rst_gpio_get_output: GPIO 145 value: 1
05-27 09:04:07.988   581   581 D spidev_ioctl: gpio status=1)
05-27 19:12:59.029   581   581 I SpiService: fgesysctrl_getGPIO_status success val=1
05-27 09:04:07.993   581   581 D spi_rst_gpio_get_output: GPIO 145 value: 1
05-27 09:04:07.993   581   581 D spidev_ioctl: gpio status=1)
05-27 19:12:59.034   581   581 I SpiService: fgesysctrl_getGPIO_status success val=1
05-27 09:04:07.999   581   581 D spi_rst_gpio_get_output: GPIO 145 value: 1
05-27 09:04:07.999   581   581 D spidev_ioctl: gpio status=1)
05-27 19:12:59.040   581   581 I SpiService: fgesysctrl_getGPIO_status success val=1
05-27 19:12:59.041 13911 14183 I SentryImuMcuAngleSender: 179.95795rollDeg
05-27 19:12:59.041 13911 14183 I SentryImuMcuAngleSender: 1,0,0
05-27 09:04:08.005   581   581 D spi_rst_gpio_get_output: GPIO 145 value: 1
05-27 09:04:08.005   581   581 D spidev_ioctl: gpio status=1)
05-27 19:12:59.046   581   581 I SpiService: fgesysctrl_getGPIO_status success val=1
05-27 09:04:08.010   581   581 D spi_rst_gpio_get_output: GPIO 145 value: 1
05-27 09:04:08.010   581   581 D spidev_ioctl: gpio status=1)
05-27 19:12:59.051   581   581 I SpiService: fgesysctrl_getGPIO_status success val=0
05-27 09:04:08.016   581   581 D spi_rst_gpio_get_output: GPIO 145 value: 0
05-27 09:04:08.016   581   581 D spidev_ioctl: gpio status=0)
05-27 19:12:59.058   536   536 D commservice260303: msg.id = 1028,1
05-27 19:12:59.058   536   536 D commservice260303: i = 170, msgid = 8A000404
05-27 19:12:59.058   536   536 D commservice260303: msgid = -1979710460,did=138
05-27 19:12:59.058   536   536 D commservice260303: CommProtocolLibCmdBaseI2C::dataproc {"command":{"id":"imu_status","sub":""},"content":{"TimeStamp":12,"FrameCounter":288352,"GD_X":-0.011377211660146713,"GD_Y":0.005345047451555729,"GD_Z":0.0021378109231591225,"AD_X":-0.007473841309547424,"AD_Y":0.0030301990918815136,"AD_Z":-0.16947174072265625,"TempDsp":0,"Status":0,"CalibState":1,"SigAmpInvalid":0}},-1979710460
05-27 19:12:59.059   283   307 I rvcservice: t.code = 2, t.value = 9974109
05-27 19:12:59.059   536   536 D commservice260303: send2Cluster len:317, 7B22636F6D6D616E64223A7B226964223A22696D755F737461747573222C22737562223A22227D2C22636F6E74656E74223A7B2254696D655374616D70223A31322C224672616D65436F756E746572223A3238383335322C2247445F58223A2D302E3031313337373231313636303134363731332C2247445F59223A302E3030353334353034373435313535353732392C2247445F5A223A302E303032313337383130393233313539313232352C2241445F58223A2D302E3030373437333834313330393534373432342C2241445F59223A302E303033303330313939303931383831353133362C2241445F5A223A2D302E31363934373137343037323236353632352C2254656D70447370223A302C22537461747573223A302C2243616C69625374617465223A312C22536967416D70496E76616C6964223A307D7D, 138 
05-27 19:12:59.059   536   536 D commservice260303: Push Message into SendPool fn=950666240
05-27 19:12:59.059   536   536 D commservice260303: ComProtocolLibSend2Cluster::send2ClusterRaw fn=950666240 , len=333
05-27 19:12:59.059   536   536 D commservice260303: sendCmdToPort :333!!!
05-27 19:12:59.060   536   536 D commservice260303: send Cmd To Port ++++5AA501498A010004AA386A16D1BB7B22636F6D6D616E64223A7B226964223A22696D755F737461747573222C22737562223A22227D2C22636F6E74656E74223A7B2254696D655374616D70223A31322C224672616D65436F756E746572223A3238383335322C2247445F58223A2D302E3031313337373231313636303134363731332C2247445F59223A302E3030353334353034373435313535353732392C2247445F5A223A302E303032313337383130393233313539313232352C2241445F58223A2D302E3030373437333834313330393534373432342C2241445F59223A302E303033303330313939303931383831353133362C2241445F5A223A2D302E31363934373137343037323236353632352C2254656D70447370223A302C22537461747573223A302C2243616C69625374617465223A312C22536967416D70496E76616C6964223A307D7D8C52
05-27 19:12:59.060   536   536 D commservice260303: bufferevent_write retrun value = 0
05-27 19:12:59.060   536   560 D commservice260303: client datas send succeed,send finish
05-27 19:12:59.062 13911 14183 I SentryImuMcuAngleSender: 179.95796rollDeg
05-27 19:12:59.062 13911 14183 I SentryImuMcuAngleSender: 1,0,0
05-27 19:12:59.062 13911 14192 D Sentinelmode_1.2.5.17_sentry: <SentryImuClusterFgeSender>imu_status sent to Linux, frame=288352, tsNs=12246292, tsMs=12, intervalMs=43, ad=(-0.0074738413,0.003030199,-0.16947174), gd=(-0.011377212,0.0053450475,0.002137811)
05-27 19:12:59.061  1122  1122 I auditd  : type=1400 audit(0.0:82416): avc: denied { dac_override } for comm="tbox_ap" capability=1 scontext=u:r:tboxd:s0 tcontext=u:r:tboxd:s0 tclass=capability permissive=1
05-27 19:12:59.061  1122  1122 I tbox_ap : type=1400 audit(0.0:82416): avc: denied { dac_override } for capability=1 scontext=u:r:tboxd:s0 tcontext=u:r:tboxd:s0 tclass=capability permissive=1
05-27 19:12:59.066   581   581 I SpiService: fgesysctrl_getGPIO_status success val=1
05-27 19:12:59.068  1077  1077 D TboxPowerHelperZmq: lease keepalive owner=tbox_ap_1122_14296_54645e6d req=2806016758563998093
05-27 09:04:08.031   581   581 D spi_rst_gpio_get_output: GPIO 145 value: 1
05-27 09:04:08.031   581   581 D spidev_ioctl: gpio status=1)
05-27 19:12:59.072   581   581 I SpiService: fgesysctrl_getGPIO_status success val=1
05-27 09:04:08.037   581   581 D spi_rst_gpio_get_output: GPIO 145 value: 1
05-27 09:04:08.037   581   581 D spidev_ioctl: gpio status=1)
05-27 19:12:59.078 15525 15525 D CompatibilityChangeReporter: Compat change id reported: 210923482; UID 1000; state: ENABLED
05-27 19:12:59.078   581   581 I SpiService: fgesysctrl_getGPIO_status success val=1
05-27 19:12:59.079   566  1173 D gps_hdbd: [request_agps_thread 979] get sys.gps.agnssd:1
05-27 09:04:08.042   581   581 D spi_rst_gpio_get_output: GPIO 145 value: 1
05-27 09:04:08.043   581   581 D spidev_ioctl: gpio status=1)
05-27 19:12:59.083 13911 14183 I SentryImuMcuAngleSender: 179.97197rollDeg
05-27 19:12:59.083 13911 14183 I SentryImuMcuAngleSender: 1,0,0
05-27 19:12:59.084   581   581 I SpiService: fgesysctrl_getGPIO_status success val=1
05-27 09:04:08.048   581   581 D spi_rst_gpio_get_output: GPIO 145 value: 1
05-27 09:04:08.048   581   581 D spidev_ioctl: gpio status=1)
05-27 19:12:59.089   581   581 I SpiService: fgesysctrl_getGPIO_status success val=0
05-27 09:04:08.054   581   581 D spi_rst_gpio_get_output: GPIO 145 value: 0
05-27 09:04:08.054   581   581 D spidev_ioctl: gpio status=0)
05-27 19:12:59.094   830   830 D SurfaceFlinger: unisoc-graphics, commit has frameMissed:2, vysncId:449969
05-27 19:12:59.099   536   536 D commservice260303: msg.id = 1028,1
05-27 19:12:59.099   536   536 D commservice260303: i = 170, msgid = 8A000404
05-27 19:12:59.099   536   536 D commservice260303: msgid = -1979710460,did=138
05-27 19:12:59.099   536   536 D commservice260303: CommProtocolLibCmdBaseI2C::dataproc {"command":{"id":"imu_status","sub":""},"content":{"TimeStamp":12,"FrameCounter":288353,"GD_X":-0.01091896090656519,"GD_Y":0.005802778527140617,"GD_Z":0.0021378109231591225,"AD_X":0.0010576099157333374,"AD_Y":0.0011879191733896732,"AD_Z":-0.17008209228515625,"TempDsp":0,"Status":0,"CalibState":1,"SigAmpInvalid":0}},-1979710460
05-27 19:12:59.099   536   536 D commservice260303: send2Cluster len:316, 7B22636F6D6D616E64223A7B226964223A22696D755F737461747573222C22737562223A22227D2C22636F6E74656E74223A7B2254696D655374616D70223A31322C224672616D65436F756E746572223A3238383335332C2247445F58223A2D302E30313039313839363039303635363531392C2247445F59223A302E3030353830323737383532373134303631372C2247445F5A223A302E303032313337383130393233313539313232352C2241445F58223A302E303031303537363039393135373333333337342C2241445F59223A302E303031313837393139313733333839363733322C2241445F5A223A2D302E31373030383230393232383531353632352C2254656D70447370223A302C22537461747573223A302C2243616C69625374617465223A312C22536967416D70496E76616C6964223A307D7D, 138 
05-27 19:12:59.099   536   536 D commservice260303: Push Message into SendPool fn=967443456
05-27 19:12:59.099   536   536 D commservice260303: ComProtocolLibSend2Cluster::send2ClusterRaw fn=967443456 , len=332
05-27 19:12:59.099   536   536 D commservice260303: sendCmdToPort :332!!!
05-27 19:12:59.100   536   536 D commservice260303: send Cmd To Port ++++5AA501488A010004AA396A16D1BB7B22636F6D6D616E64223A7B226964223A22696D755F737461747573222C22737562223A22227D2C22636F6E74656E74223A7B2254696D655374616D70223A31322C224672616D65436F756E746572223A3238383335332C2247445F58223A2D302E30313039313839363039303635363531392C2247445F59223A302E3030353830323737383532373134303631372C2247445F5A223A302E303032313337383130393233313539313232352C2241445F58223A302E303031303537363039393135373333333337342C2241445F59223A302E303031313837393139313733333839363733322C2241445F5A223A2D302E31373030383230393232383531353632352C2254656D70447370223A302C22537461747573223A302C2243616C69625374617465223A312C22536967416D70496E76616C6964223A307D7D0784
05-27 19:12:59.100   536   536 D commservice260303: bufferevent_write retrun value = 0
05-27 19:12:59.100   536   560 D commservice260303: client datas send succeed,send finish
05-27 19:12:59.100 13911 14192 D Sentinelmode_1.2.5.17_sentry: <SentryImuClusterFgeSender>imu_status sent to Linux, frame=288353, tsNs=12246347, tsMs=12, intervalMs=38, ad=(0.0010576099,0.0011879192,-0.17008209), gd=(-0.010918961,0.0058027785,0.002137811)
05-27 19:12:59.103 13911 14183 I SentryImuMcuAngleSender: 179.96848rollDeg
05-27 19:12:59.103 13911 14183 I SentryImuMcuAngleSender: 1,0,0
05-27 19:12:59.105   581   581 I SpiService: fgesysctrl_getGPIO_status success val=1
05-27 09:04:08.069   581   581 D spi_rst_gpio_get_output: GPIO 145 value: 1
05-27 09:04:08.069   581   581 D spidev_ioctl: gpio status=1)
05-27 19:12:59.105 30773 30786 I dvr_service_: CameraX 0  audioOK: 167616000,audios:2620
05-27 19:12:59.110   581   581 I SpiService: fgesysctrl_getGPIO_status success val=1
05-27 09:04:08.075   581   581 D spi_rst_gpio_get_output: GPIO 145 value: 1
05-27 09:04:08.075   581   581 D spidev_ioctl: gpio status=1)
05-27 19:12:59.114   830   830 D SurfaceFlinger: unisoc-graphics, commit has frameMissed:2, vysncId:449977
05-27 19:12:59.116   581   581 I SpiService: fgesysctrl_getGPIO_status success val=1
05-27 09:04:08.081   581   581 D spi_rst_gpio_get_output: GPIO 145 value: 1
05-27 09:04:08.081   581   581 D spidev_ioctl: gpio status=1)
05-27 19:12:59.122   581   581 I SpiService: fgesysctrl_getGPIO_status success val=1
05-27 19:12:59.123 13911 14183 I SentryImuMcuAngleSender: 179.96497rollDeg
05-27 19:12:59.123 13911 14183 I SentryImuMcuAngleSender: 1,0,0
05-27 09:04:08.086   581   581 D spi_rst_gpio_get_output: GPIO 145 value: 1
05-27 09:04:08.086   581   581 D spidev_ioctl: gpio status=1)
05-27 19:12:59.127   581   581 I SpiService: fgesysctrl_getGPIO_status success val=1
05-27 09:04:08.092   581   581 D spi_rst_gpio_get_output: GPIO 145 value: 1
05-27 09:04:08.092   581   581 D spidev_ioctl: gpio status=1)
05-27 19:12:59.129 13549 13549 I ADAYO_LOG_: handleMessage(UsbFunc.java:352)copyQnx = 0
05-27 19:12:59.130 13549 13549 I ADAYO_LOG_: handleMessage(UsbFunc.java:404)copyState = 2
05-27 19:12:59.131   572   622 I Sensors : 230 AccelSensor: x:-0.164090,y:0.006100,z:-9.974720
05-27 19:12:59.133   581   581 I SpiService: fgesysctrl_getGPIO_status success val=0
05-27 09:04:08.098   581   581 D spi_rst_gpio_get_output: GPIO 145 value: 0
05-27 09:04:08.098   581   581 D spidev_ioctl: gpio status=0)
05-27 19:12:59.139   536   536 D commservice260303: msg.id = 1028,0
05-27 19:12:59.140   536   536 D commservice260303: i = 170, msgid = 8A000404
05-27 19:12:59.140   536   536 D commservice260303: msgid = -1979710460,did=138
05-27 19:12:59.140   536   536 D commservice260303: CommProtocolLibCmdBaseI2C::dataproc {"command":{"id":"imu_status","sub":""},"content":{"TimeStamp":12,"FrameCounter":288354,"GD_X":-0.01091896090656519,"GD_Y":0.0056498548947274685,"GD_Z":0.0021378109231591225,"AD_X":0.0016358047723770142,"AD_Y":0.0017871693708002567,"AD_Z":-0.16947174072265625,"TempDsp":0,"Status":0,"CalibState":1,"SigAmpInvalid":0}},-1979710460
05-27 19:12:59.140   536   536 D commservice260303: send2Cluster len:317, 7B22636F6D6D616E64223A7B226964223A22696D755F737461747573222C22737562223A22227D2C22636F6E74656E74223A7B2254696D655374616D70223A31322C224672616D65436F756E746572223A3238383335342C2247445F58223A2D302E30313039313839363039303635363531392C2247445F59223A302E303035363439383534383934373237343638352C2247445F5A223A302E303032313337383130393233313539313232352C2241445F58223A302E303031363335383034373732333737303134322C2241445F59223A302E303031373837313639333730383030323536372C2241445F5A223A2D302E31363934373137343037323236353632352C2254656D70447370223A302C22537461747573223A302C2243616C69625374617465223A312C22536967416D70496E76616C6964223A307D7D, 138 
05-27 19:12:59.140   536   536 D commservice260303: Push Message into SendPool fn=984220672
05-27 19:12:59.140   536   536 D commservice260303: ComProtocolLibSend2Cluster::send2ClusterRaw fn=984220672 , len=333
05-27 19:12:59.140   536   536 D commservice260303: sendCmdToPort :333!!!
05-27 19:12:59.140   536   536 D commservice260303: send Cmd To Port ++++5AA501498A010004AA3A6A16D1BB7B22636F6D6D616E64223A7B226964223A22696D755F737461747573222C22737562223A22227D2C22636F6E74656E74223A7B2254696D655374616D70223A31322C224672616D65436F756E746572223A3238383335342C2247445F58223A2D302E30313039313839363039303635363531392C2247445F59223A302E303035363439383534383934373237343638352C2247445F5A223A302E303032313337383130393233313539313232352C2241445F58223A302E303031363335383034373732333737303134322C2241445F59223A302E303031373837313639333730383030323536372C2241445F5A223A2D302E31363934373137343037323236353632352C2254656D70447370223A302C22537461747573223A302C2243616C69625374617465223A312C22536967416D70496E76616C6964223A307D7D411B
05-27 19:12:59.140   536   536 D commservice260303: bufferevent_write retrun value = 0
05-27 19:12:59.141 13911 14192 D Sentinelmode_1.2.5.17_sentry: <SentryImuClusterFgeSender>imu_status sent to Linux, frame=288354, tsNs=12246381, tsMs=12, intervalMs=40, ad=(0.0016358048,0.0017871694,-0.16947174), gd=(-0.010918961,0.005649855,0.002137811)
05-27 19:12:59.142 10188 11001 I commit_sys_config_file: [settings-0-0,9]
05-27 19:12:59.142   536   560 D commservice260303: client datas send succeed,send finish
05-27 19:12:59.144 13911 14183 I SentryImuMcuAngleSender: 179.96497rollDeg
05-27 19:12:59.144 13911 14183 I SentryImuMcuAngleSender: 1,0,0
05-27 19:12:59.148   581   581 I SpiService: fgesysctrl_getGPIO_status success val=1
05-27 19:12:59.148  3801  3833 D ANWAPI_SECOND: (3801|0x12980CB0)[BTAPI] set_bluetooth_power : open /sys/class/gpio/gpio142/value
05-27 19:12:59.149  3801  3833 D ANWAPI_SECOND: (3801|0x12980CB0)[BTAPI] set_bluetooth_power : open(/sys/class/gpio/gpio142/value) for write failed,fd=-1
05-27 09:04:08.113   581   581 D spi_rst_gpio_get_output: GPIO 145 value: 1
05-27 09:04:08.113   581   581 D spidev_ioctl: gpio status=1)
05-27 19:12:59.150  3801  3833 D ANWAPI_SECOND: (3801|0x12980CB0)[BTAPI] open set_bluetooth_power : write(No such file or directory) failed,errno = 2
05-27 19:12:59.154   581   581 I SpiService: fgesysctrl_getGPIO_status success val=1
05-27 09:04:08.118   581   581 D spi_rst_gpio_get_output: GPIO 145 value: 1
05-27 09:04:08.118   581   581 D spidev_ioctl: gpio status=1)
05-27 19:12:59.159   283   307 I rvcservice: t.code = 3, t.value = 0
05-27 19:12:59.160   581   581 I SpiService: fgesysctrl_getGPIO_status success val=1
05-27 09:04:08.124   581   581 D spi_rst_gpio_get_output: GPIO 145 value: 1
05-27 09:04:08.124   581   581 D spidev_ioctl: gpio status=1)
05-27 19:12:59.164 15525 15525 D NSLogUtils_SourceChangeManager: getCurrentSourceWithoutDefaultValue source: null
05-27 19:12:59.164 15525 15525 D NSLogUtils_SourceChangeManager: setCurrentSource new source: MUSIC_SOURCE_BT ,currentSource: null
05-27 19:12:59.165 13911 14183 I SentryImuMcuAngleSender: 179.95795rollDeg
05-27 19:12:59.165 13911 14183 I SentryImuMcuAngleSender: 1,0,0
05-27 19:12:59.165   581   581 I SpiService: fgesysctrl_getGPIO_status success val=1
05-27 19:12:59.166 15525 15525 D NSLogUtils_SourceChangeManager: setCurrentSource source: MUSIC_SOURCE_BT ,result: true
05-27 19:12:59.166 15525 15525 D NSLogUtils_MediaServiceCmdController: refreshPlayControl
05-27 19:12:59.166 15525 15525 D NSLogUtils_BluetoothPlayerService: addFocusChangeListener increased focus monitoring
05-27 19:12:59.167 15525 15525 D NSLogUtils_SourceChangeManager: registerSourceChangeListener listener added, listener: com.yadea.btmusic.MainActivity@40f9461
05-27 09:04:08.130   581   581 D spi_rst_gpio_get_output: GPIO 145 value: 1
05-27 09:04:08.130   581   581 D spidev_ioctl: gpio status=1)
05-27 19:12:59.170 15525 15525 D NSLogUtils_MainActivity: handleIntent  key->null
05-27 19:12:59.170 30773 30786 I dvr_service_: CameraX 1  audioOK: 167616000,audios:2620
05-27 19:12:59.171 15525 15525 I wm_on_create_called: [85259718,com.yadea.btmusic.MainActivity,performCreate]
05-27 19:12:59.171   581   581 I SpiService: fgesysctrl_getGPIO_status success val=1
05-27 09:04:08.135 30796 30796 W audit   : audit_lost=49121 audit_rate_limit=5 audit_backlog_limit=64
05-27 09:04:08.135 30796 30796 E audit   : rate limit exceeded
05-27 09:04:08.135   581   581 D spi_rst_gpio_get_output: GPIO 145 value: 1
05-27 09:04:08.135   581   581 D spidev_ioctl: gpio status=1)
05-27 19:12:59.176 15525 15525 I wm_on_start_called: [85259718,com.yadea.btmusic.MainActivity,handleStartActivity]
05-27 09:04:08.141   581   581 D spi_rst_gpio_get_output: GPIO 145 value: 0
05-27 19:12:59.177   581   581 I SpiService: fgesysctrl_getGPIO_status success val=0
05-27 09:04:08.141   581   581 D spidev_ioctl: gpio status=0)
05-27 19:12:59.179 15525 15525 D NSLogUtils_MainActivity: mMusicTitle->null
05-27 19:12:59.180   536   536 D commservice260303: msg.id = 1028,0
05-27 19:12:59.180   536   536 D commservice260303: i = 170, msgid = 8A000404
05-27 19:12:59.180 15525 15525 D NSLogUtils_MainActivity: progress->0
05-27 19:12:59.180   536   536 D commservice260303: msgid = -1979710460,did=138
05-27 19:12:59.180   536   536 D commservice260303: CommProtocolLibCmdBaseI2C::dataproc {"command":{"id":"imu_status","sub":""},"content":{"TimeStamp":12,"FrameCounter":288355,"GD_X":-0.011070843786001205,"GD_Y":0.00519212381914258,"GD_Z":0.0021378109231591225,"AD_X":0.0022165775299072266,"AD_Y":0.0023805606178939342,"AD_Z":-0.16703224182128906,"TempDsp":0,"Status":0,"CalibState":1,"SigAmpInvalid":0}},-1979710460
05-27 19:12:59.180   536   536 D commservice260303: send2Cluster len:316, 7B22636F6D6D616E64223A7B226964223A22696D755F737461747573222C22737562223A22227D2C22636F6E74656E74223A7B2254696D655374616D70223A31322C224672616D65436F756E746572223A3238383335352C2247445F58223A2D302E3031313037303834333738363030313230352C2247445F59223A302E30303531393231323338313931343235382C2247445F5A223A302E303032313337383130393233313539313232352C2241445F58223A302E303032323136353737353239393037323236362C2241445F59223A302E303032333830353630363137383933393334322C2241445F5A223A2D302E31363730333232343138323132383930362C2254656D70447370223A302C22537461747573223A302C2243616C69625374617465223A312C22536967416D70496E76616C6964223A307D7D, 138 
05-27 19:12:59.180   536   536 D commservice260303: Push Message into SendPool fn=1000997888
05-27 19:12:59.180   536   536 D commservice260303: ComProtocolLibSend2Cluster::send2ClusterRaw fn=1000997888 , len=332
05-27 19:12:59.180   536   536 D commservice260303: sendCmdToPort :332!!!
05-27 19:12:59.181   536   536 D commservice260303: send Cmd To Port ++++5AA501488A010004AA3B6A16D1BB7B22636F6D6D616E64223A7B226964223A22696D755F737461747573222C22737562223A22227D2C22636F6E74656E74223A7B2254696D655374616D70223A31322C224672616D65436F756E746572223A3238383335352C2247445F58223A2D302E3031313037303834333738363030313230352C2247445F59223A302E30303531393231323338313931343235382C2247445F5A223A302E303032313337383130393233313539313232352C2241445F58223A302E303032323136353737353239393037323236362C2241445F59223A302E303032333830353630363137383933393334322C2241445F5A223A2D302E31363730333232343138323132383930362C2254656D70447370223A302C22537461747573223A302C2243616C69625374617465223A312C22536967416D70496E76616C6964223A307D7DEB7E
05-27 19:12:59.181   536   536 D commservice260303: bufferevent_write retrun value = 0
05-27 19:12:59.181   536   560 D commservice260303: client datas send succeed,send finish
05-27 19:12:59.181 13911 14192 D Sentinelmode_1.2.5.17_sentry: <SentryImuClusterFgeSender>imu_status sent to Linux, frame=288355, tsNs=12246418, tsMs=12, intervalMs=41, ad=(0.0022165775,0.0023805606,-0.16703224), gd=(-0.011070844,0.005192124,0.002137811)
05-27 19:12:59.186 13911 14183 I SentryImuMcuAngleSender: 179.98248rollDeg
05-27 19:12:59.186 13911 14183 I SentryImuMcuAngleSender: 1,0,0
05-27 19:12:59.187 15525 15525 D NSLogUtils_MainActivity: total->0
05-27 19:12:59.187 15525 15525 D NSLogUtils_MainActivity: mMusicArtist->null
05-27 19:12:59.187 15525 15525 D NSLogUtils_MainActivity: Received music playback state change message->false
05-27 19:12:59.187 15525 15525 I NSLogUtils_TAG: setPlayAndPauseState isPlay:false
05-27 19:12:59.189   536   560 D commservice260303: recv len:77, 5AA500490600000047F46A16D1BB7B22636F6D6D616E64223A7B226964223A226473695F6C7578222C22737562223A22227D2C22636F6E74656E74223A7B2276616C7565223A3230307D7D6FF5 from server
05-27 19:12:59.189   536  2578 D commservice260303: mcuDataAnalyzeHandle templen:77,len:77,pos:0, 5AA500490600000047F46A16D1BB7B22636F6D6D616E64223A7B226964223A226473695F6C7578222C22737562223A22227D2C22636F6E74656E74223A7B2276616C7565223A3230307D7D6FF5 
05-27 19:12:59.189   536  2578 I commservice260303: checksumCal = 28661
05-27 19:12:59.189   536  2578 D commservice260303: CommProtocolLibCmdBaseC2I::dataproc {"command":{"id":"dsi_lux","sub":""},"content":{"value":200}},6
05-27 19:12:59.189   536  2578 D commservice260303: mcuCommMessageManager::notifyMsgToClient hwbinder OK
05-27 19:12:59.190   536  2578 D commservice260303: McuProtocolLibSend2Service::send2Service ret=1
05-27 19:12:59.190 12246 12440 D ivicomm_CommManager: fgeComServiceCallback: {"command":{"id":"dsi_lux","sub":""},"content":{"value":200}}
05-27 19:12:59.190 12246 12440 D ivicomm_CallbackManager: registerCallback DSI_LUX: {"value":200} mCommStateCallbackMap size:4
05-27 19:12:59.191 11579 11619 D NSLogUtils_VehicleService: L2A comm state: id=dsi_lux, value=200
05-27 19:12:59.192   581   581 I SpiService: fgesysctrl_getGPIO_status success val=1
05-27 19:12:59.192 11344 11430 D SystemUI_SystemSettingsControllerService: onCommState: commandID = dsi_lux; value = 200
05-27 19:12:59.193 15525 15525 D NSLogUtils_MainActivity: uri->null
05-27 09:04:08.156   581   581 D spi_rst_gpio_get_output: GPIO 145 value: 1
05-27 19:12:59.193 15525 15525 D NSLogUtils_MainActivity: Bluetooth connection status callback->true a2dpIsConnect=true switch status=true
05-27 09:04:08.156   581   581 D spidev_ioctl: gpio status=1)
05-27 19:12:59.193 15525 15525 D NSLogUtils_MainActivity: Device name->iPhone
05-27 19:12:59.194 15525 15525 D NSLogUtils_SourceChangeManager: getCurrentSource source: MUSIC_SOURCE_BT
05-27 19:12:59.195 15525 15525 I wm_on_resume_called: [85259718,com.yadea.btmusic.MainActivity,RESUME_ACTIVITY]
05-27 19:12:59.196   281   281 D vendor.unisoc.hardware.power-service: Enter getSceneIdByName: sceneName:com.yadea.btmusic
05-27 19:12:59.197   830   830 D SurfaceFlinger: unisoc-graphics, commit has frameMissed:2, vysncId:450044
05-27 19:12:59.198   581   581 I SpiService: fgesysctrl_getGPIO_status success val=1
05-27 09:04:08.162   581   581 D spi_rst_gpio_get_output: GPIO 145 value: 1
05-27 09:04:08.162   581   581 D spidev_ioctl: gpio status=1)
05-27 19:12:59.203   581   581 I SpiService: fgesysctrl_getGPIO_status success val=1
05-27 09:04:08.168   581   581 D spi_rst_gpio_get_output: GPIO 145 value: 1
05-27 09:04:08.168   581   581 D spidev_ioctl: gpio status=1)
05-27 19:12:59.207 13911 14183 I SentryImuMcuAngleSender: -179.99649rollDeg
05-27 19:12:59.207 13911 14183 I SentryImuMcuAngleSender: 1,0,0
05-27 19:12:59.209   581   581 I SpiService: fgesysctrl_getGPIO_status success val=1
05-27 19:12:59.213 15525 15525 D VRI[MainActivity]: Enter setView, mView = DecorView@bf6c593[MainActivity], mForceDecorViewVisibility = false, mWindowAttributes.privateFlags = 302121024, this = android.view.UnisocViewRootImpl@af719d0
05-27 09:04:08.174   581   581 D spi_rst_gpio_get_output: GPIO 145 value: 1
05-27 09:04:08.174   581   581 D spidev_ioctl: gpio status=1)
05-27 19:12:59.213   830   830 D SurfaceFlinger: unisoc-graphics, commit has frameMissed:2, vysncId:450059
05-27 19:12:59.215   581   581 I SpiService: fgesysctrl_getGPIO_status success val=0
05-27 09:04:08.180   581   581 D spi_rst_gpio_get_output: GPIO 145 value: 0
05-27 09:04:08.180   581   581 D spidev_ioctl: gpio status=0)
05-27 19:12:59.219 15525 15525 D VRI[MainActivity]: mView = DecorView@bf6c593[MainActivity]set mAppVisible, mAppVisible = true, res = 11, this = android.view.UnisocViewRootImpl@af719d0
05-27 19:12:59.221   572   572 I Sensors : 230 GyroSensor: x:-0.012522,y:0.005803,z:0.002596
05-27 19:12:59.221   536   536 D commservice260303: msg.id = 1028,0
05-27 19:12:59.221   536   536 D commservice260303: i = 170, msgid = 8A000404
05-27 19:12:59.221   536   536 D commservice260303: msgid = -1979710460,did=138
05-27 19:12:59.221   536   536 D commservice260303: CommProtocolLibCmdBaseI2C::dataproc {"command":{"id":"imu_status","sub":""},"content":{"TimeStamp":12,"FrameCounter":288356,"GD_X":-0.011682018637657166,"GD_Y":0.005420989356935024,"GD_Z":0.0028249274473637342,"AD_X":-0.0014615952968597412,"AD_Y":-0.004919593688100576,"AD_Z":-0.16824817657470703,"TempDsp":0,"Status":0,"CalibState":1,"SigAmpInvalid":0}},-1979710460
05-27 19:12:59.221 10188 11468 I WindowManager: Resumed activity; dropping state of: ActivityRecord{514f5c6 u0 com.yadea.btmusic/.MainActivity} t46 d0}
05-27 19:12:59.222 15525 15525 I wm_on_top_resumed_gained_called: [85259718,com.yadea.btmusic.MainActivity,topStateChangedWhenResumed]
05-27 19:12:59.222   536   536 D commservice260303: send2Cluster len:318, 7B22636F6D6D616E64223A7B226964223A22696D755F737461747573222C22737562223A22227D2C22636F6E74656E74223A7B2254696D655374616D70223A31322C224672616D65436F756E746572223A3238383335362C2247445F58223A2D302E3031313638323031383633373635373136362C2247445F59223A302E3030353432303938393335363933353032342C2247445F5A223A302E303032383234393237343437333633373334322C2241445F58223A2D302E303031343631353935323936383539373431322C2241445F59223A2D302E3030343931393539333638383130303537362C2241445F5A223A2D302E31363832343831373635373437303730332C2254656D70447370223A302C22537461747573223A302C2243616C69625374617465223A312C22536967416D70496E76616C6964223A307D7D, 138 
05-27 19:12:59.222   536   536 D commservice260303: Push Message into SendPool fn=1017775104
05-27 19:12:59.222   536   536 D commservice260303: ComProtocolLibSend2Cluster::send2ClusterRaw fn=1017775104 , len=334
05-27 19:12:59.222   536   536 D commservice260303: sendCmdToPort :334!!!
05-27 19:12:59.223   536   536 D commservice260303: send Cmd To Port ++++5AA5014A8A010004AA3C6A16D1BB7B22636F6D6D616E64223A7B226964223A22696D755F737461747573222C22737562223A22227D2C22636F6E74656E74223A7B2254696D655374616D70223A31322C224672616D65436F756E746572223A3238383335362C2247445F58223A2D302E3031313638323031383633373635373136362C2247445F59223A302E3030353432303938393335363933353032342C2247445F5A223A302E303032383234393237343437333633373334322C2241445F58223A2D302E303031343631353935323936383539373431322C2241445F59223A2D302E3030343931393539333638383130303537362C2241445F5A223A2D302E31363832343831373635373437303730332C2254656D70447370223A302C22537461747573223A302C2243616C69625374617465223A312C22536967416D70496E76616C6964223A307D7DE6F9
05-27 19:12:59.223   536   536 D commservice260303: bufferevent_write retrun value = 0
05-27 19:12:59.223   536   560 D commservice260303: client datas send succeed,send finish
05-27 19:12:59.223 13911 14192 D Sentinelmode_1.2.5.17_sentry: <SentryImuClusterFgeSender>imu_status sent to Linux, frame=288356, tsNs=12246453, tsMs=12, intervalMs=42, ad=(-0.0014615953,-0.0049195937,-0.16824818), gd=(-0.011682019,0.0054209894,0.0028249274)
05-27 19:12:59.224 10188 11468 D CoreBackPreview: Window{1138277 u0 com.yadea.btmusic/com.yadea.btmusic.MainActivity}: Setting back callback OnBackInvokedCallbackInfo{mCallback=android.window.IOnBackInvokedCallback$Stub$Proxy@1b9ca02, mPriority=-1}
05-27 19:12:59.228 13911 14183 I SentryImuMcuAngleSender: 179.99298rollDeg
05-27 19:12:59.228 13911 14183 I SentryImuMcuAngleSender: 1,0,0
05-27 19:12:59.231   581   581 I SpiService: fgesysctrl_getGPIO_status success val=1
05-27 09:04:08.196   581   581 D spi_rst_gpio_get_output: GPIO 145 value: 1
05-27 09:04:08.196   581   581 D spidev_ioctl: gpio status=1)
05-27 19:12:59.234 10188 11468 I FocusResolver: request window <null> NOT_FOCUSABLE
05-27 19:12:59.237   581   581 I SpiService: fgesysctrl_getGPIO_status success val=1
05-27 19:12:59.240   536   536 W commservice260303: [FgeComService::getAQConnectStatus:378]
05-27 19:12:59.240   536   536 W commservice260303: [mcuCommFunctionTcp::getAQConnectStatus:406] 1
05-27 19:12:59.240   536   536 W commservice260303: [FgeComService::getAQConnectStatus:380] status:1
05-27 19:12:59.240 12246 12246 E ivicomm_CommManager: getA2lConnectStatus aqConnectStatus:1
05-27 19:12:59.240 12246 12246 D ivicomm_ConnectStateManager: notifyState newState=1curState=1
05-27 09:04:08.202   581   581 D spi_rst_gpio_get_output: GPIO 145 value: 1
05-27 09:04:08.202   581   581 D spidev_ioctl: gpio status=1)
05-27 19:12:59.243   581   581 I SpiService: fgesysctrl_getGPIO_status success val=1
05-27 09:04:08.207   581   581 D spi_rst_gpio_get_output: GPIO 145 value: 1
05-27 09:04:08.207   581   581 D spidev_ioctl: gpio status=1)
05-27 09:04:08.213   581   581 D spi_rst_gpio_get_output: GPIO 145 value: 1
05-27 09:04:08.213   581   581 D spidev_ioctl: gpio status=1)
05-27 19:12:59.248   581   581 I SpiService: fgesysctrl_getGPIO_status success val=1
05-27 19:12:59.249 13911 14183 I SentryImuMcuAngleSender: 179.97195rollDeg
05-27 19:12:59.249 13911 14183 I SentryImuMcuAngleSender: 1,0,0
05-27 19:12:59.250 10188 11468 I FocusResolver: request window <null> NOT_FOCUSABLE
05-27 19:12:59.254   581   581 I SpiService: fgesysctrl_getGPIO_status success val=0
05-27 19:12:59.256  1083  1083 I MyAppLog: [2026-05-27 19:12:59.256 I tboxap mcuSendYadiTransfer:196] [Mcu] [mcuYadiSend]: :00 08 8D 04 01 09 81 02 01 01
05-27 09:04:08.218   581   581 D spi_rst_gpio_get_output: GPIO 145 value: 0
05-27 09:04:08.218   581   581 D spidev_ioctl: gpio status=0)
05-27 19:12:59.258   481   599 I mcuc    : start timer OK = 34629 
05-27 19:12:59.259   283   307 I rvcservice: t.code = 0, t.value = 6100
05-27 19:12:59.262   536   536 D commservice260303: msg.id = 1028,0
05-27 19:12:59.262   536   536 D commservice260303: i = 170, msgid = 8A000404
05-27 19:12:59.262   536   536 D commservice260303: msgid = -1979710460,did=138
05-27 19:12:59.262   536   536 D commservice260303: CommProtocolLibCmdBaseI2C::dataproc {"command":{"id":"imu_status","sub":""},"content":{"TimeStamp":12,"FrameCounter":288357,"GD_X":-0.011987865902483463,"GD_Y":0.0051151420921087265,"GD_Z":0.002519079949706793,"AD_X":-0.003890976309776306,"AD_Y":0.004225813318043947,"AD_Z":-0.17069149017333984,"TempDsp":0,"Status":0,"CalibState":1,"SigAmpInvalid":0}},-1979710460
05-27 19:12:59.262   536   536 D commservice260303: send2Cluster len:316, 7B22636F6D6D616E64223A7B226964223A22696D755F737461747573222C22737562223A22227D2C22636F6E74656E74223A7B2254696D655374616D70223A31322C224672616D65436F756E746572223A3238383335372C2247445F58223A2D302E3031313938373836353930323438333436332C2247445F59223A302E303035313135313432303932313038373236352C2247445F5A223A302E3030323531393037393934393730363739332C2241445F58223A2D302E3030333839303937363330393737363330362C2241445F59223A302E3030343232353831333331383034333934372C2241445F5A223A2D302E31373036393134393031373333333938342C2254656D70447370223A302C22537461747573223A302C2243616C69625374617465223A312C22536967416D70496E76616C6964223A307D7D, 138 
05-27 19:12:59.262   536   536 D commservice260303: Push Message into SendPool fn=1034552320
05-27 19:12:59.262   536   536 D commservice260303: ComProtocolLibSend2Cluster::send2ClusterRaw fn=1034552320 , len=332
05-27 19:12:59.262   536   536 D commservice260303: sendCmdToPort :332!!!
05-27 19:12:59.262   536   536 D commservice260303: send Cmd To Port ++++5AA501488A010004AA3D6A16D1BB7B22636F6D6D616E64223A7B226964223A22696D755F737461747573222C22737562223A22227D2C22636F6E74656E74223A7B2254696D655374616D70223A31322C224672616D65436F756E746572223A3238383335372C2247445F58223A2D302E3031313938373836353930323438333436332C2247445F59223A302E303035313135313432303932313038373236352C2247445F5A223A302E3030323531393037393934393730363739332C2241445F58223A2D302E3030333839303937363330393737363330362C2241445F59223A302E3030343232353831333331383034333934372C2241445F5A223A2D302E31373036393134393031373333333938342C2254656D70447370223A302C22537461747573223A302C2243616C69625374617465223A312C22536967416D70496E76616C6964223A307D7D2D5C
05-27 19:12:59.263   536   536 D commservice260303: bufferevent_write retrun value = 0
05-27 19:12:59.263   536   560 D commservice260303: client datas send succeed,send finish
05-27 19:12:59.263 13911 14192 D Sentinelmode_1.2.5.17_sentry: <SentryImuClusterFgeSender>imu_status sent to Linux, frame=288357, tsNs=12246507, tsMs=12, intervalMs=40, ad=(-0.0038909763,0.0042258133,-0.17069149), gd=(-0.011987866,0.005115142,0.00251908)
05-27 19:12:59.267   481   598 I mcuc    : rev,n=1,6AA681F6D6000A89003B0104091212345629
05-27 19:12:59.267   351   373 D automotive.vehicle@2.0-adayo-datacomm-mcu: MCUDatacomm sendMessageFromVehicle prop: 0x89, areaId: 0x0, status: 0x3b, timestamp: 0x1
05-27 19:12:59.267  1121  1144 I tboxmids_ap: [2026-05-27 19:12:59.267] [MCU RX] src=MCU dst=ZMQ len=10 type=BINARY data=00 08 3B 01 04 09 12 12 34 56 
05-27 19:12:59.268   351   373 D automotive.vehicle@2.0-adayo-datacomm-mcu: MCUDatacomm 1sendMessageFromVehicle ---> type = 12 
05-27 19:12:59.268   581   581 I SpiService: fgesysctrl_getGPIO_status success val=1
05-27 19:12:59.268  1083  1083 I MyAppLog: [2026-05-27 19:12:59.268 I tboxap mcuCommTboxmidsRecvCb:97] [Mcu] [mcuCommTboxmidsRecvCb] recv from tboxmids, size:10
05-27 19:12:59.268  1083  1083 I MyAppLog: [2026-05-27 19:12:59.268 I tboxap mcuCommTboxmidsRecvCb:98] [Mcu] [tboxmids -> tboxap]: :00 08 3B 01 04 09 12 12 34 56
05-27 19:12:59.268  1083  1083 W MyAppLog: [2026-05-27 19:12:59.268 W tboxap mcuYadiFrameParse:852] [Mcu] [mcuYadiFrameParse] cmd:0912(MCU_MAIN_BATT_DYNAMIC_IND) payload too short:5 < 36
05-27 19:12:59.268  1083  1083 W MyAppLog: [2026-05-27 19:12:59.268 W tboxap mcuPtlParseData:982] [Mcu] [mcuPtlParseData] invalid yadi frame, len:10
05-27 09:04:08.233   581   581 D spi_rst_gpio_get_output: GPIO 145 value: 1
05-27 09:04:08.233   581   581 D spidev_ioctl: gpio status=1)
05-27 19:12:59.270 13911 14183 I SentryImuMcuAngleSender: 179.95096rollDeg
05-27 19:12:59.270 13911 14183 I SentryImuMcuAngleSender: 1,0,0
05-27 19:12:59.273   581   581 I SpiService: fgesysctrl_getGPIO_status success val=1
05-27 09:04:08.238   581   581 D spi_rst_gpio_get_output: GPIO 145 value: 1
05-27 09:04:08.238   581   581 D spidev_ioctl: gpio status=1)
05-27 19:12:59.279   581   581 I SpiService: fgesysctrl_getGPIO_status success val=1
05-27 09:04:08.243   581   581 D spi_rst_gpio_get_output: GPIO 145 value: 1
05-27 09:04:08.243   581   581 D spidev_ioctl: gpio status=1)
05-27 19:12:59.284   581   581 I SpiService: fgesysctrl_getGPIO_status success val=1
05-27 09:04:08.249   581   581 D spi_rst_gpio_get_output: GPIO 145 value: 1
05-27 09:04:08.249   581   581 D spidev_ioctl: gpio status=1)
05-27 19:12:59.289   581   581 I SpiService: fgesysctrl_getGPIO_status success val=1
05-27 19:12:59.290 13911 14183 I SentryImuMcuAngleSender: 179.95798rollDeg
05-27 19:12:59.290 13911 14183 I SentryImuMcuAngleSender: 1,0,0
05-27 09:04:08.254   581   581 D spi_rst_gpio_get_output: GPIO 145 value: 1
05-27 09:04:08.254   581   581 D spidev_ioctl: gpio status=1)
05-27 19:12:59.295   581   581 I SpiService: fgesysctrl_getGPIO_status success val=0
05-27 09:04:08.259   581   581 D spi_rst_gpio_get_output: GPIO 145 value: 0
05-27 09:04:08.259   581   581 D spidev_ioctl: gpio status=0)
05-27 19:12:59.295   481   597 I mcuc    : send SPI:6AA601874500F809018D0401098102010100000000000000000000000000000000000000000000000000000000000000000000000000000000000000000000000000000000000000000000000000000000000000000000000000000000000000000000000000000000000000000000000000000000000000000000000000000000000000000000000000000000000000000000000000000000000000000000000000000000000000000000000000000000000000000000000000000000000000000000000000000000000000000000000000000000000000000000000000000000000000000000000000000000000000000000000000000000000000000000116AA602F6D600028900A7
05-27 19:12:59.301 10188 11468 D WindowManager: relayoutWindow: Window=Window{1138277 u0 com.yadea.btmusic/com.yadea.btmusic.MainActivity} ,oldVis=4 ,newVis=0 ,focusMayChange=true, win.mViewVisibility = 0, viewVisibility = 0, flagChanges & FLAG_NOT_FOCUSABLE = 0, !win.mRelayoutCalled = false
05-27 19:12:59.301 10188 11468 D WindowManager: resetDrawState: mDrawState=0 ,mWin=Window{1138277 u0 com.yadea.btmusic/com.yadea.btmusic.MainActivity} com.android.server.wm.WindowStateAnimator.createSurfaceLocked:329 com.android.server.wm.WindowManagerService.createSurfaceControl:2708 com.android.server.wm.WindowManagerService.relayoutWindow:2467 
05-27 19:12:59.302   536   536 D commservice260303: msg.id = 1028,1
05-27 19:12:59.302   536   536 D commservice260303: i = 170, msgid = 8A000404
05-27 19:12:59.302   536   536 D commservice260303: msgid = -1979710460,did=138
05-27 19:12:59.302   536   536 D commservice260303: CommProtocolLibCmdBaseI2C::dataproc {"command":{"id":"imu_status","sub":""},"content":{"TimeStamp":12,"FrameCounter":288358,"GD_X":-0.012522058561444283,"GD_Y":0.00641395291313529,"GD_Z":0.002443138277158141,"AD_X":-2.3983418941497803E-4,"AD_Y":5.547031760215759E-4,"AD_Z":-0.16824817657470703,"TempDsp":0,"Status":0,"CalibState":1,"SigAmpInvalid":0}},-1979710460
05-27 19:12:59.302   536   536 D commservice260303: send2Cluster len:315, 7B22636F6D6D616E64223A7B226964223A22696D755F737461747573222C22737562223A22227D2C22636F6E74656E74223A7B2254696D655374616D70223A31322C224672616D65436F756E746572223A3238383335382C2247445F58223A2D302E3031323532323035383536313434343238332C2247445F59223A302E30303634313339353239313331333532392C2247445F5A223A302E3030323434333133383237373135383134312C2241445F58223A2D322E33393833343138393431343937383033452D342C2241445F59223A352E353437303331373630323135373539452D342C2241445F5A223A2D302E31363832343831373635373437303730332C2254656D70447370223A302C22537461747573223A302C2243616C69625374617465223A312C22536967416D70496E76616C6964223A307D7D, 138 
05-27 19:12:59.302   536   536 D commservice260303: Push Message into SendPool fn=1051329536
05-27 19:12:59.302   536   536 D commservice260303: ComProtocolLibSend2Cluster::send2ClusterRaw fn=1051329536 , len=331
05-27 19:12:59.302   536   536 D commservice260303: sendCmdToPort :331!!!
05-27 19:12:59.302   536   536 D commservice260303: send Cmd To Port ++++5AA501478A010004AA3E6A16D1BB7B22636F6D6D616E64223A7B226964223A22696D755F737461747573222C22737562223A22227D2C22636F6E74656E74223A7B2254696D655374616D70223A31322C224672616D65436F756E746572223A3238383335382C2247445F58223A2D302E3031323532323035383536313434343238332C2247445F59223A302E30303634313339353239313331333532392C2247445F5A223A302E3030323434333133383237373135383134312C2241445F58223A2D322E33393833343138393431343937383033452D342C2241445F59223A352E353437303331373630323135373539452D342C2241445F5A223A2D302E31363832343831373635373437303730332C2254656D70447370223A302C22537461747573223A302C2243616C69625374617465223A312C22536967416D70496E76616C6964223A307D7D5C8A
05-27 19:12:59.303   536   536 D commservice260303: bufferevent_write retrun value = 0
05-27 19:12:59.303   536   560 D commservice260303: client datas send succeed,send finish
