05-27 19:13:00.678   536   536 D commservice260303: CommProtocolLibCmdBaseI2C::dataproc {"command":{"id":"imu_status","sub":""},"content":{"TimeStamp":12,"FrameCounter":288392,"GD_X":-0.010001938790082932,"GD_Y":0.005420989356935024,"GD_Z":0.0022902146447449923,"AD_X":-0.008704647421836853,"AD_Y":0.0021253246814012527,"AD_Z":-0.17191123962402344,"TempDsp":0,"Status":0,"CalibState":1,"SigAmpInvalid":0}},-1979710460
05-27 19:13:00.678   536   536 D commservice260303: send2Cluster len:317, 7B22636F6D6D616E64223A7B226964223A22696D755F737461747573222C22737562223A22227D2C22636F6E74656E74223A7B2254696D655374616D70223A31322C224672616D65436F756E746572223A3238383339322C2247445F58223A2D302E3031303030313933383739303038323933322C2247445F59223A302E3030353432303938393335363933353032342C2247445F5A223A302E303032323930323134363434373434393932332C2241445F58223A2D302E3030383730343634373432313833363835332C2241445F59223A302E303032313235333234363831343031323532372C2241445F5A223A2D302E31373139313132333936323430323334342C2254656D70447370223A302C22537461747573223A302C2243616C69625374617465223A312C22536967416D70496E76616C6964223A307D7D, 138 
05-27 19:13:00.679   536   536 D commservice260303: Push Message into SendPool fn=1638532096
05-27 19:13:00.679   536   536 D commservice260303: ComProtocolLibSend2Cluster::send2ClusterRaw fn=1638532096 , len=333
05-27 19:13:00.679   536   536 D commservice260303: sendCmdToPort :333!!!
05-27 19:13:00.679   536   536 D commservice260303: send Cmd To Port ++++5AA501498A010004AA616A16D1BC7B22636F6D6D616E64223A7B226964223A22696D755F737461747573222C22737562223A22227D2C22636F6E74656E74223A7B2254696D655374616D70223A31322C224672616D65436F756E746572223A3238383339322C2247445F58223A2D302E3031303030313933383739303038323933322C2247445F59223A302E3030353432303938393335363933353032342C2247445F5A223A302E303032323930323134363434373434393932332C2241445F58223A2D302E3030383730343634373432313833363835332C2241445F59223A302E303032313235333234363831343031323532372C2241445F5A223A2D302E31373139313132333936323430323334342C2254656D70447370223A302C22537461747573223A302C2243616C69625374617465223A312C22536967416D70496E76616C6964223A307D7D1BE8
05-27 19:13:00.679   536   536 D commservice260303: bufferevent_write retrun value = 0
05-27 19:13:00.679   536   560 D commservice260303: client datas send succeed,send finish
05-27 19:13:00.680 13911 14192 D Sentinelmode_1.2.5.17_sentry: <SentryImuClusterFgeSender>imu_status sent to Linux, frame=288392, tsNs=12247916, tsMs=12, intervalMs=40, ad=(-0.008704647,0.0021253247,-0.17191124), gd=(-0.010001939,0.0054209894,0.0022902146)
05-27 09:04:09.642   581   581 D spi_rst_gpio_get_output: GPIO 145 value: 1
05-27 09:04:09.642   581   581 D spidev_ioctl: gpio status=1)
05-27 19:13:00.683   581   581 I SpiService: fgesysctrl_getGPIO_status success val=1
05-27 09:04:09.648   581   581 D spi_rst_gpio_get_output: GPIO 145 value: 1
05-27 09:04:09.648   581   581 D spidev_ioctl: gpio status=1)
05-27 19:13:00.689   581   581 I SpiService: fgesysctrl_getGPIO_status success val=1
05-27 19:13:00.692 15863 15863 D AIN-NaviLocationPresenter: ACC is OFF, skip upload location
05-27 09:04:09.654   581   581 D spi_rst_gpio_get_output: GPIO 145 value: 1
05-27 09:04:09.654   581   581 D spidev_ioctl: gpio status=1)
05-27 19:13:00.695   581   581 I SpiService: fgesysctrl_getGPIO_status success val=0
05-27 09:04:09.659   581   581 D spi_rst_gpio_get_output: GPIO 145 value: 0
05-27 09:04:09.659   581   581 D spidev_ioctl: gpio status=0)
05-27 19:13:00.698 13911 14183 I SentryImuMcuAngleSender: 179.97197rollDeg
05-27 19:13:00.698 13911 14183 I SentryImuMcuAngleSender: 1,0,0
05-27 19:13:00.700   572   622 I Sensors : 230 AccelSensor: x:-0.170190,y:0.004880,z:-9.973500
05-27 19:13:00.710   581   581 I SpiService: fgesysctrl_getGPIO_status success val=1
05-27 09:04:09.675   581   581 D spi_rst_gpio_get_output: GPIO 145 value: 1
05-27 09:04:09.675   581   581 D spidev_ioctl: gpio status=1)
05-27 19:13:00.715   581   581 I SpiService: fgesysctrl_getGPIO_status success val=1
05-27 09:04:09.680   581   581 D spi_rst_gpio_get_output: GPIO 145 value: 1
05-27 09:04:09.680   581   581 D spidev_ioctl: gpio status=1)
05-27 19:13:00.718 13911 14183 I SentryImuMcuAngleSender: 180.0rollDeg
05-27 19:13:00.718 13911 14183 I SentryImuMcuAngleSender: 1,0,0
05-27 19:13:00.719   536   536 D commservice260303: msg.id = 1028,0
05-27 19:13:00.719   536   536 D commservice260303: i = 170, msgid = 8A000404
05-27 19:13:00.719   536   536 D commservice260303: msgid = -1979710460,did=138
05-27 19:13:00.719   536   536 D commservice260303: CommProtocolLibCmdBaseI2C::dataproc {"command":{"id":"imu_status","sub":""},"content":{"TimeStamp":12,"FrameCounter":288393,"GD_X":-0.010613113641738892,"GD_Y":0.004505007527768612,"GD_Z":0.0019848872907459736,"AD_X":-0.0044244080781936646,"AD_Y":8.994899690151215E-4,"AD_Z":-0.16825294494628906,"TempDsp":0,"Status":0,"CalibState":1,"SigAmpInvalid":0}},-1979710460
05-27 19:13:00.719   536   536 D commservice260303: send2Cluster len:317, 7B22636F6D6D616E64223A7B226964223A22696D755F737461747573222C22737562223A22227D2C22636F6E74656E74223A7B2254696D655374616D70223A31322C224672616D65436F756E746572223A3238383339332C2247445F58223A2D302E3031303631333131333634313733383839322C2247445F59223A302E3030343530353030373532373736383631322C2247445F5A223A302E303031393834383837323930373435393733362C2241445F58223A2D302E303034343234343038303738313933363634362C2241445F59223A382E393934383939363930313531323135452D342C2241445F5A223A2D302E31363832353239343439343632383930362C2254656D70447370223A302C22537461747573223A302C2243616C69625374617465223A312C22536967416D70496E76616C6964223A307D7D, 138 
05-27 19:13:00.719   536   536 D commservice260303: Push Message into SendPool fn=1655309312
05-27 19:13:00.719   536   536 D commservice260303: ComProtocolLibSend2Cluster::send2ClusterRaw fn=1655309312 , len=333
05-27 19:13:00.719   536   536 D commservice260303: sendCmdToPort :333!!!
05-27 19:13:00.719   536   536 D commservice260303: send Cmd To Port ++++5AA501498A010004AA626A16D1BC7B22636F6D6D616E64223A7B226964223A22696D755F737461747573222C22737562223A22227D2C22636F6E74656E74223A7B2254696D655374616D70223A31322C224672616D65436F756E746572223A3238383339332C2247445F58223A2D302E3031303631333131333634313733383839322C2247445F59223A302E3030343530353030373532373736383631322C2247445F5A223A302E303031393834383837323930373435393733362C2241445F58223A2D302E303034343234343038303738313933363634362C2241445F59223A382E393934383939363930313531323135452D342C2241445F5A223A2D302E31363832353239343439343632383930362C2254656D70447370223A302C22537461747573223A302C2243616C69625374617465223A312C22536967416D70496E76616C6964223A307D7D8BB0
05-27 19:13:00.719   536   536 D commservice260303: bufferevent_write retrun value = 0
05-27 19:13:00.719   536   560 D commservice260303: client datas send succeed,send finish
05-27 19:13:00.719 13911 14192 D Sentinelmode_1.2.5.17_sentry: <SentryImuClusterFgeSender>imu_status sent to Linux, frame=288393, tsNs=12247950, tsMs=12, intervalMs=39, ad=(-0.004424408,8.9948997E-4,-0.16825294), gd=(-0.010613114,0.0045050075,0.0019848873)
05-27 19:13:00.721   581   581 I SpiService: fgesysctrl_getGPIO_status success val=1
05-27 09:04:09.685   581   581 D spi_rst_gpio_get_output: GPIO 145 value: 1
05-27 09:04:09.685   581   581 D spidev_ioctl: gpio status=1)
05-27 19:13:00.726   581   581 I SpiService: fgesysctrl_getGPIO_status success val=1
05-27 09:04:09.691   581   581 D spi_rst_gpio_get_output: GPIO 145 value: 1
05-27 09:04:09.691   581   581 D spidev_ioctl: gpio status=1)
05-27 19:13:00.729 30773 30785 I dvr_service_: [EncoderHandler::runMediaThread] runMediaThread started:1,state:1, cam2:started:1,state:1, lastSwitch:1, mIsMuxerStart:1,format:0,is_str_ing:0
05-27 19:13:00.731   581   581 I SpiService: fgesysctrl_getGPIO_status success val=1
05-27 09:04:09.696   581   581 D spi_rst_gpio_get_output: GPIO 145 value: 1
05-27 09:04:09.696   581   581 D spidev_ioctl: gpio status=1)
05-27 09:04:09.701   581   581 D spi_rst_gpio_get_output: GPIO 145 value: 0
05-27 09:04:09.701   581   581 D spidev_ioctl: gpio status=0)
05-27 19:13:00.737   581   581 I SpiService: fgesysctrl_getGPIO_status success val=0
05-27 19:13:00.738 13911 14183 I SentryImuMcuAngleSender: -179.99649rollDeg
05-27 19:13:00.738 13911 14183 I SentryImuMcuAngleSender: 1,0,0
05-27 19:13:00.750   581   581 I SpiService: fgesysctrl_getGPIO_status success val=1
05-27 09:04:09.715   581   581 D spi_rst_gpio_get_output: GPIO 145 value: 1
05-27 09:04:09.715   581   581 D spidev_ioctl: gpio status=1)
05-27 19:13:00.756   581   581 I SpiService: fgesysctrl_getGPIO_status success val=1
05-27 09:04:09.720   581   581 D spi_rst_gpio_get_output: GPIO 145 value: 1
05-27 09:04:09.720   581   581 D spidev_ioctl: gpio status=1)
05-27 19:13:00.758 13911 14183 I SentryImuMcuAngleSender: 179.99298rollDeg
05-27 19:13:00.758 13911 14183 I SentryImuMcuAngleSender: 1,0,0
05-27 19:13:00.759   536   536 D commservice260303: msg.id = 1028,0
05-27 19:13:00.759   536   536 D commservice260303: i = 170, msgid = 8A000404
05-27 19:13:00.759   536   536 D commservice260303: msgid = -1979710460,did=138
05-27 19:13:00.759   536   536 D commservice260303: CommProtocolLibCmdBaseI2C::dataproc {"command":{"id":"imu_status","sub":""},"content":{"TimeStamp":12,"FrameCounter":288394,"GD_X":-0.011377211660146713,"GD_Y":0.00519212381914258,"GD_Z":0.0023671966046094894,"AD_X":4.4380128383636475E-4,"AD_Y":-0.0027229555416852236,"AD_Z":-0.16703224182128906,"TempDsp":0,"Status":0,"CalibState":1,"SigAmpInvalid":0}},-1979710460
05-27 19:13:00.759   536   536 D commservice260303: send2Cluster len:317, 7B22636F6D6D616E64223A7B226964223A22696D755F737461747573222C22737562223A22227D2C22636F6E74656E74223A7B2254696D655374616D70223A31322C224672616D65436F756E746572223A3238383339342C2247445F58223A2D302E3031313337373231313636303134363731332C2247445F59223A302E30303531393231323338313931343235382C2247445F5A223A302E303032333637313936363034363039343839342C2241445F58223A342E34333830313238333833363336343735452D342C2241445F59223A2D302E303032373232393535353431363835323233362C2241445F5A223A2D302E31363730333232343138323132383930362C2254656D70447370223A302C22537461747573223A302C2243616C69625374617465223A312C22536967416D70496E76616C6964223A307D7D, 138 
05-27 19:13:00.759   536   536 D commservice260303: Push Message into SendPool fn=1672086528
05-27 19:13:00.759   536   536 D commservice260303: ComProtocolLibSend2Cluster::send2ClusterRaw fn=1672086528 , len=333
05-27 19:13:00.759   536   536 D commservice260303: sendCmdToPort :333!!!
05-27 19:13:00.759   536   536 D commservice260303: send Cmd To Port ++++5AA501498A010004AA636A16D1BC7B22636F6D6D616E64223A7B226964223A22696D755F737461747573222C22737562223A22227D2C22636F6E74656E74223A7B2254696D655374616D70223A31322C224672616D65436F756E746572223A3238383339342C2247445F58223A2D302E3031313337373231313636303134363731332C2247445F59223A302E30303531393231323338313931343235382C2247445F5A223A302E303032333637313936363034363039343839342C2241445F58223A342E34333830313238333833363336343735452D342C2241445F59223A2D302E303032373232393535353431363835323233362C2241445F5A223A2D302E31363730333232343138323132383930362C2254656D70447370223A302C22537461747573223A302C2243616C69625374617465223A312C22536967416D70496E76616C6964223A307D7D9D9D
05-27 19:13:00.759   536   536 D commservice260303: bufferevent_write retrun value = 0
05-27 19:13:00.759   536   560 D commservice260303: client datas send succeed,send finish
05-27 19:13:00.759 13911 14192 D Sentinelmode_1.2.5.17_sentry: <SentryImuClusterFgeSender>imu_status sent to Linux, frame=288394, tsNs=12248004, tsMs=12, intervalMs=40, ad=(4.4380128E-4,-0.0027229555,-0.16703224), gd=(-0.011377212,0.005192124,0.0023671966)
05-27 19:13:00.761   581   581 I SpiService: fgesysctrl_getGPIO_status success val=1
05-27 19:13:00.762   283   307 I rvcservice: t.code = 1, t.value = -169580
05-27 09:04:09.726   581   581 D spi_rst_gpio_get_output: GPIO 145 value: 1
05-27 09:04:09.726   581   581 D spidev_ioctl: gpio status=1)
05-27 19:13:00.766   581   581 I SpiService: fgesysctrl_getGPIO_status success val=1
05-27 09:04:09.731   581   581 D spi_rst_gpio_get_output: GPIO 145 value: 1
05-27 09:04:09.731   581   581 D spidev_ioctl: gpio status=1)
05-27 19:13:00.771   581   581 I SpiService: fgesysctrl_getGPIO_status success val=1
05-27 09:04:09.736   581   581 D spi_rst_gpio_get_output: GPIO 145 value: 1
05-27 09:04:09.736   581   581 D spidev_ioctl: gpio status=1)
05-27 19:13:00.777   581   581 I SpiService: fgesysctrl_getGPIO_status success val=0
05-27 19:13:00.779 13911 14183 I SentryImuMcuAngleSender: 179.99649rollDeg
05-27 19:13:00.779 13911 14183 I SentryImuMcuAngleSender: 1,0,0
05-27 09:04:09.742   581   581 D spi_rst_gpio_get_output: GPIO 145 value: 0
05-27 09:04:09.742   581   581 D spidev_ioctl: gpio status=0)
05-27 19:13:00.787 13911 14131 D SVR_MNG_SvrMngProxy: getServer: mSvrManger is null
05-27 19:13:00.787 13911 14131 D SVR_MNG_SvrMngProxy: getNewStub: 
05-27 19:13:00.787 13911 14131 D SVR_MNG_SvrMngProxy: getNewStub: getSvrManagerService start
05-27 19:13:00.789 13911 14131 D SVR_MNG_SvrMngProxy: getNewStub: getSvrManagerService end
05-27 19:13:00.789   572   622 I Sensors : 230 GyroSensor: x:-0.011148,y:0.004886,z:0.002290
05-27 19:13:00.789 13911 14131 D SVR_MNG_SvrMngProxy: getServer: svrMngService doesn't start
05-27 19:13:00.791   581   581 I SpiService: fgesysctrl_getGPIO_status success val=1
05-27 09:04:09.755   581   581 D spi_rst_gpio_get_output: GPIO 145 value: 1
05-27 09:04:09.755   581   581 D spidev_ioctl: gpio status=1)
05-27 19:13:00.796   581   581 I SpiService: fgesysctrl_getGPIO_status success val=1
05-27 09:04:09.761   581   581 D spi_rst_gpio_get_output: GPIO 145 value: 1
05-27 09:04:09.761   581   581 D spidev_ioctl: gpio status=1)
05-27 19:13:00.799 13911 14183 I SentryImuMcuAngleSender: -179.98596rollDeg
05-27 19:13:00.799 13911 14183 I SentryImuMcuAngleSender: 1,0,0
05-27 19:13:00.800   536   536 D commservice260303: msg.id = 1028,0
05-27 19:13:00.800   536   536 D commservice260303: i = 170, msgid = 8A000404
05-27 19:13:00.800   536   536 D commservice260303: msgid = -1979710460,did=138
05-27 19:13:00.800   536   536 D commservice260303: CommProtocolLibCmdBaseI2C::dataproc {"command":{"id":"imu_status","sub":""},"content":{"TimeStamp":12,"FrameCounter":288395,"GD_X":-0.011147825978696346,"GD_Y":0.0048857564106583595,"GD_Z":0.0022902146447449923,"AD_X":0.005883157253265381,"AD_Y":-0.006350926123559475,"AD_Z":-0.15787696838378906,"TempDsp":0,"Status":0,"CalibState":1,"SigAmpInvalid":0}},-1979710460
05-27 19:13:00.800   536   536 D commservice260303: send2Cluster len:317, 7B22636F6D6D616E64223A7B226964223A22696D755F737461747573222C22737562223A22227D2C22636F6E74656E74223A7B2254696D655374616D70223A31322C224672616D65436F756E746572223A3238383339352C2247445F58223A2D302E3031313134373832353937383639363334362C2247445F59223A302E303034383835373536343130363538333539352C2247445F5A223A302E303032323930323134363434373434393932332C2241445F58223A302E3030353838333135373235333236353338312C2241445F59223A2D302E3030363335303932363132333535393437352C2241445F5A223A2D302E31353738373639363833383337383930362C2254656D70447370223A302C22537461747573223A302C2243616C69625374617465223A312C22536967416D70496E76616C6964223A307D7D, 138 
05-27 19:13:00.800   536   536 D commservice260303: Push Message into SendPool fn=1688863744
05-27 19:13:00.800   536   536 D commservice260303: ComProtocolLibSend2Cluster::send2ClusterRaw fn=1688863744 , len=333
05-27 19:13:00.800   536   536 D commservice260303: sendCmdToPort :333!!!
05-27 19:13:00.800   536   536 D commservice260303: send Cmd To Port ++++5AA501498A010004AA646A16D1BC7B22636F6D6D616E64223A7B226964223A22696D755F737461747573222C22737562223A22227D2C22636F6E74656E74223A7B2254696D655374616D70223A31322C224672616D65436F756E746572223A3238383339352C2247445F58223A2D302E3031313134373832353937383639363334362C2247445F59223A302E303034383835373536343130363538333539352C2247445F5A223A302E303032323930323134363434373434393932332C2241445F58223A302E3030353838333135373235333236353338312C2241445F59223A2D302E3030363335303932363132333535393437352C2241445F5A223A2D302E31353738373639363833383337383930362C2254656D70447370223A302C22537461747573223A302C2243616C69625374617465223A312C22536967416D70496E76616C6964223A307D7D0107
05-27 19:13:00.800   536   536 D commservice260303: bufferevent_write retrun value = 0
05-27 19:13:00.800   536   560 D commservice260303: client datas send succeed,send finish
05-27 19:13:00.800 13911 14192 D Sentinelmode_1.2.5.17_sentry: <SentryImuClusterFgeSender>imu_status sent to Linux, frame=288395, tsNs=12248039, tsMs=12, intervalMs=41, ad=(0.0058831573,-0.006350926,-0.15787697), gd=(-0.011147826,0.0048857564,0.0022902146)
05-27 19:13:00.801   581   581 I SpiService: fgesysctrl_getGPIO_status success val=1
05-27 09:04:09.766   581   581 D spi_rst_gpio_get_output: GPIO 145 value: 1
05-27 09:04:09.766   581   581 D spidev_ioctl: gpio status=1)
05-27 19:13:00.807   581   581 I SpiService: fgesysctrl_getGPIO_status success val=1
05-27 09:04:09.771   581   581 D spi_rst_gpio_get_output: GPIO 145 value: 1
05-27 09:04:09.771   581   581 D spidev_ioctl: gpio status=1)
05-27 19:13:00.812   581   581 I SpiService: fgesysctrl_getGPIO_status success val=1
05-27 09:04:09.777   581   581 D spi_rst_gpio_get_output: GPIO 145 value: 1
05-27 09:04:09.777   581   581 D spidev_ioctl: gpio status=1)
05-27 19:13:00.817   581   581 I SpiService: fgesysctrl_getGPIO_status success val=0
05-27 19:13:00.820 13911 14183 I SentryImuMcuAngleSender: 180.0rollDeg
05-27 19:13:00.820 13911 14183 I SentryImuMcuAngleSender: 1,0,0
05-27 09:04:09.782   581   581 D spi_rst_gpio_get_output: GPIO 145 value: 0
05-27 09:04:09.782   581   581 D spidev_ioctl: gpio status=0)
05-27 19:13:00.831   581   581 I SpiService: fgesysctrl_getGPIO_status success val=1
05-27 09:04:09.796   581   581 D spi_rst_gpio_get_output: GPIO 145 value: 1
05-27 09:04:09.796   581   581 D spidev_ioctl: gpio status=1)
05-27 19:13:00.837   581   581 I SpiService: fgesysctrl_getGPIO_status success val=1
05-27 19:13:00.841   536   536 D commservice260303: msg.id = 1028,1
05-27 09:04:09.801   581   581 D spi_rst_gpio_get_output: GPIO 145 value: 1
05-27 09:04:09.802   581   581 D spidev_ioctl: gpio status=1)
05-27 09:04:09.807   581   581 D spi_rst_gpio_get_output: GPIO 145 value: 1
05-27 09:04:09.807   581   581 D spidev_ioctl: gpio status=1)
05-27 19:13:00.841 13911 14183 I SentryImuMcuAngleSender: 179.97902rollDeg
05-27 19:13:00.841   536   536 D commservice260303: i = 170, msgid = 8A000404
05-27 19:13:00.841 28437 28493 D ANW_AVRCP: (28437|0xFF195CB0)[AVRCP] API AVRCP_GetPlayStatus
05-27 19:13:00.841   536   536 D commservice260303: msgid = -1979710460,did=138
05-27 19:13:00.841 13911 14183 I SentryImuMcuAngleSender: 1,0,0
05-27 19:13:00.841 28437 28493 D ANWStack: [  12248092][ANWBT] <<Avctp_Send_Message 0/1:
05-27 19:13:00.841 28437 28493 D ANWStack: 
05-27 19:13:00.841   536   536 D commservice260303: CommProtocolLibCmdBaseI2C::dataproc {"command":{"id":"imu_status","sub":""},"content":{"TimeStamp":12,"FrameCounter":288396,"GD_X":-0.011377211660146713,"GD_Y":0.0059551820158958435,"GD_Z":0.0020608289632946253,"AD_X":-0.004492506384849548,"AD_Y":-2.3877574130892754E-4,"AD_Z":-0.19020748138427734,"TempDsp":0,"Status":0,"CalibState":1,"SigAmpInvalid":0}},-1979710460
05-27 19:13:00.841 28437 28493 D ANWStack: [  12248092][ANWBT] L2CAP: L2_RetrieveHandle called, cid=0x84
05-27 19:13:00.841 28437 28493 D ANWStack: 
05-27 19:13:00.841   536   536 D commservice260303: send2Cluster len:319, 7B22636F6D6D616E64223A7B226964223A22696D755F737461747573222C22737562223A22227D2C22636F6E74656E74223A7B2254696D655374616D70223A31322C224672616D65436F756E746572223A3238383339362C2247445F58223A2D302E3031313337373231313636303134363731332C2247445F59223A302E303035393535313832303135383935383433352C2247445F5A223A302E303032303630383238393633323934363235332C2241445F58223A2D302E3030343439323530363338343834393534382C2241445F59223A2D322E33383737353734313330383932373534452D342C2241445F5A223A2D302E31393032303734383133383432373733342C2254656D70447370223A302C22537461747573223A302C2243616C69625374617465223A312C22536967416D70496E76616C6964223A307D7D, 138 
05-27 19:13:00.842   536   536 D commservice260303: Push Message into SendPool fn=1705640960
05-27 19:13:00.842   536   536 D commservice260303: ComProtocolLibSend2Cluster::send2ClusterRaw fn=1705640960 , len=335
05-27 19:13:00.842   536   536 D commservice260303: sendCmdToPort :335!!!
05-27 19:13:00.842   536   536 D commservice260303: send Cmd To Port ++++5AA5014B8A010004AA656A16D1BC7B22636F6D6D616E64223A7B226964223A22696D755F737461747573222C22737562223A22227D2C22636F6E74656E74223A7B2254696D655374616D70223A31322C224672616D65436F756E746572223A3238383339362C2247445F58223A2D302E3031313337373231313636303134363731332C2247445F59223A302E303035393535313832303135383935383433352C2247445F5A223A302E303032303630383238393633323934363235332C2241445F58223A2D302E3030343439323530363338343834393534382C2241445F59223A2D322E33383737353734313330383932373534452D342C2241445F5A223A2D302E31393032303734383133383432373733342C2254656D70447370223A302C22537461747573223A302C2243616C69625374617465223A312C22536967416D70496E76616C6964223A307D7D7CE7
05-27 19:13:00.842   536   536 D commservice260303: bufferevent_write retrun value = 0
05-27 19:13:00.842   536   560 D commservice260303: client datas send succeed,send finish
05-27 19:13:00.842   581   581 I SpiService: fgesysctrl_getGPIO_status success val=1
05-27 19:13:00.843 13911 14192 D Sentinelmode_1.2.5.17_sentry: <SentryImuClusterFgeSender>imu_status sent to Linux, frame=288396, tsNs=12248075, tsMs=12, intervalMs=42, ad=(-0.0044925064,-2.3877574E-4,-0.19020748), gd=(-0.011377212,0.005955182,0.002060829)
05-27 19:13:00.848   581   581 I SpiService: fgesysctrl_getGPIO_status success val=1
05-27 09:04:09.813   581   581 D spi_rst_gpio_get_output: GPIO 145 value: 1
05-27 09:04:09.813   581   581 D spidev_ioctl: gpio status=1)
05-27 19:13:00.854   581   581 I SpiService: fgesysctrl_getGPIO_status success val=1
05-27 09:04:09.818   581   581 D spi_rst_gpio_get_output: GPIO 145 value: 1
05-27 09:04:09.818   581   581 D spidev_ioctl: gpio status=1)
05-27 19:13:00.857   830   830 D SurfaceFlinger: unisoc-graphics, commit has frameMissed:2, vysncId:451620
05-27 19:13:00.859   581   581 I SpiService: fgesysctrl_getGPIO_status success val=0
05-27 19:13:00.859 28437 28493 D ANWAPI  : (28437|0xFF195CB0)[BTAPI] AnwhciEventCallback 19 1
05-27 09:04:09.824   581   581 D spi_rst_gpio_get_output: GPIO 145 value: 0
05-27 09:04:09.824   581   581 D spidev_ioctl: gpio status=0)
05-27 19:13:00.861 13911 14183 I SentryImuMcuAngleSender: 180.0rollDeg
05-27 19:13:00.861 13911 14183 I SentryImuMcuAngleSender: 1,0,0
05-27 19:13:00.862   283   307 I rvcservice: t.code = 3, t.value = 0
05-27 19:13:00.863 28437 28493 D ANWStack: [  12248113][ANWBT] >>Avctp_L2cap_Data_Ind_Cb
05-27 19:13:00.863 28437 28493 D ANWStack: 
05-27 19:13:00.863 28437 28493 D ANWStack: [  12248113][ANWBT] AVCTP Message Length = 22
05-27 19:13:00.863 28437 28493 D ANWStack: [  12248114][ANWBT] Receive AVCTP_SINGLE_PACKET
05-27 19:13:00.863 28437 28493 D ANW_AVRCP: (28437|0xFF195CB0)[AVRCP] [**AVRCP**] 0xc2 0x110e
05-27 19:13:00.863 28437 28493 D ANW_AVRCP: (28437|0xFF195CB0)[AVRCP] opcode match 0x0
05-27 19:13:00.863 28437 28493 D ANW_AVRCP: 
05-27 19:13:00.863 28437 28493 D ANW_AVRCP: (28437|0xFF195CB0)[AVRCP] subopcode match 0x30, update ctype 0x1->0xc
05-27 19:13:00.863 28437 28493 D ANW_AVRCP: 
05-27 19:13:00.863 28437 28493 D ANW_AVRCP: (28437|0xFF195CB0)[AVRCP] AVRCP_Packet_Parser Response
05-27 19:13:00.863 28437 28493 D ANW_AVRCP: 
05-27 19:13:00.863 28437 28493 D ANW_AVRCP: (28437|0xFF195CB0)[AVRCP] AVRCP_Get_Play_Status_RSP_Handler 0/0 0
05-27 19:13:00.863 28437 28493 D ANWAPI  : (28437|0xFF195CB0)[BTAPI] connmgr_find_by_handle pData = 0xb40000740d7f9a10,7
05-27 19:13:00.863 28437 28493 D ANWAPI  : (28437|0xFF195CB0)[BTAPI] ===BTAPI_MallocIdxMsg 1030 16
05-27 19:13:00.863 28437 28493 D ANWAPI  : (28437|0xFF195CB0)[BTAPI] *BT_CB_Dispatch
05-27 19:13:00.863 28437 28493 D ANWAPI  : (28437|0xFF195CB0)[BTAPI] *****SDK callback(0x406)
05-27 19:13:00.863 28437 28493 D ANWAPI  : (28437|0xFF195CB0)[BTAPI] SDK***** [58:b9:65:7c:37:70]
05-27 19:13:00.863 28437 28493 D ANWAPI  : (28437|0xFF195CB0)[BTAPI] btsdk_exec_apicb start
05-27 19:13:00.863 28437 28493 D ANWAPI  : (28437|0xFF195CB0)[BTAPI] Up: AvrcpMsgHandler receive[58:B9:65:7C:37:70], Get Device ID(0)
05-27 19:13:00.863 28437 28493 D ANWAPI  : 
05-27 19:13:00.863 28437 28493 D ANWAPI  : (28437|0xFF195CB0)[BTAPI] Up: AnWBT_AVRCP_CURRENT_PLAY_STATUS_IND
05-27 19:13:00.863 28437 28493 D ANWAPI  : 
05-27 19:13:00.863 28437 28493 D ANWAPI  : (28437|0xFF195CB0)[BTAPI] songLengthMs     =0
05-27 19:13:00.863 28437 28493 D ANWAPI  : 
05-27 19:13:00.863 28437 28493 D ANWAPI  : (28437|0xFF195CB0)[BTAPI] songPositionMs   =0
05-27 19:13:00.863 28437 28493 D ANWAPI  : 
05-27 19:13:00.864 28437 28493 I ANW bt_btif: AvrcpMsgHandler: HAL bt_rc_ctrl_callbacks->play_position_changed_cb
05-27 19:13:00.864 28437 28493 I BluetoothAvrcpControllerJni: btavrcp_play_position_changed_callback
05-27 19:13:00.864 28437 28493 D AvrcpControllerService: onPlayPositionChanged pos 0
05-27 19:13:00.864 28437 28493 D ANWAPI  : (28437|0xFF195CB0)[BTAPI] currentPlayStatus=0
05-27 19:13:00.864 28437 28493 D ANWAPI  : 
05-27 19:13:00.864 28437 28493 I ANW bt_btif: AvrcpMsgHandler: HAL bt_rc_ctrl_callbacks->play_status_changed_cb
05-27 19:13:00.864 28437 28493 I BluetoothAvrcpControllerJni: btavrcp_play_status_changed_callback
05-27 19:13:00.864 28437 28493 D AvrcpControllerService: onPlayStatusChanged 0
05-27 19:13:00.864 28437 28493 D ANWAPI  : (28437|0xFF195CB0)[BTAPI] btsdk_exec_apicb end
05-27 19:13:00.864 28437  3402 D AvrcpControllerStateMachine: Avrcp.ConnectedAvrcpController processMessage 206
05-27 19:13:00.864 28437  3402 D AvrcpPlayer: getPlayBackState state 1 time 0
05-27 19:13:00.864 28437  3402 D BluetoothMediaBrowserService: notifyChanged PlaybackStatePlaybackState {state=1, position=0, buffered position=0, speed=0.0, updated=12248115, actions=16511, error code=0, error message=null, custom actions=[], active item id=-1}
05-27 19:13:00.865 28437  3402 D AvrcpControllerStateMachine: Avrcp.ConnectedAvrcpController processMessage 207
05-27 19:13:00.865 28437  3402 D AvrcpPlayer: getPlayBackState state 1 time 0
05-27 19:13:00.865 28437  3402 D BluetoothMediaBrowserService: notifyChanged PlaybackStatePlaybackState {state=1, position=0, buffered position=0, speed=0.0, updated=12248116, actions=16511, error code=0, error message=null, custom actions=[], active item id=-1}
05-27 19:13:00.866 28437  3402 D AvrcpControllerStateMachine: Avrcp.ConnectedAvrcpController shouldRequestFocus() true
05-27 19:13:00.867 28437 28437 W AudioMediaPlayerWrapper: onPlaybackStateChanged(): com.android.bluetooth tried to update with no new data
05-27 19:13:00.867 28437 28437 W AudioMediaPlayerWrapper: onPlaybackStateChanged(): com.android.bluetooth tried to update with no new data
05-27 19:13:00.873 13911 14183 I SentryImuMcuAngleSender: [4, 18, 1, 0, 0],5
05-27 19:13:00.873 13911 14183 I McuCommManager: mcuCommSendcmd [4, 18, 1, 0, 0]
05-27 19:13:00.873 13911 14183 I SentryImuMcuAngleSender: true
05-27 19:13:00.873   581   581 I SpiService: fgesysctrl_getGPIO_status success val=1
05-27 19:13:00.874 13911 14183 W Sentinelmode_1.2.5.17_sentry: <SentryImuMcuAngleSender>MCU IMU send interval abnormal: 1001ms
05-27 19:13:00.874   830   830 D SurfaceFlinger: unisoc-graphics, commit has frameMissed:2, vysncId:451628
05-27 09:04:09.838   581   581 D spi_rst_gpio_get_output: GPIO 145 value: 1
05-27 09:04:09.838   581   581 D spidev_ioctl: gpio status=1)
05-27 19:13:00.877 11346 16541 D VersionPrinter: com.android.car- VersionName:[13] - append:[] - active:[]
05-27 19:13:00.879   581   581 I SpiService: fgesysctrl_getGPIO_status success val=1
05-27 09:04:09.843   581   581 D spi_rst_gpio_get_output: GPIO 145 value: 1
05-27 09:04:09.843   581   581 D spidev_ioctl: gpio status=1)
05-27 19:13:00.881   536   536 D commservice260303: msg.id = 1028,1
05-27 19:13:00.881   536   536 D commservice260303: i = 170, msgid = 8A000404
05-27 19:13:00.881   536   536 D commservice260303: msgid = -1979710460,did=138
05-27 19:13:00.881   536   536 D commservice260303: CommProtocolLibCmdBaseI2C::dataproc {"command":{"id":"imu_status","sub":""},"content":{"TimeStamp":12,"FrameCounter":288397,"GD_X":-0.011987865902483463,"GD_Y":0.0048857564106583595,"GD_Z":0.0023671966046094894,"AD_X":-0.005087330937385559,"AD_Y":-0.007518712431192398,"AD_Z":-0.16824817657470703,"TempDsp":0,"Status":0,"CalibState":1,"SigAmpInvalid":0}},-1979710460
05-27 19:13:00.882   536   536 D commservice260303: send2Cluster len:318, 7B22636F6D6D616E64223A7B226964223A22696D755F737461747573222C22737562223A22227D2C22636F6E74656E74223A7B2254696D655374616D70223A31322C224672616D65436F756E746572223A3238383339372C2247445F58223A2D302E3031313938373836353930323438333436332C2247445F59223A302E303034383835373536343130363538333539352C2247445F5A223A302E303032333637313936363034363039343839342C2241445F58223A2D302E3030353038373333303933373338353535392C2241445F59223A2D302E3030373531383731323433313139323339382C2241445F5A223A2D302E31363832343831373635373437303730332C2254656D70447370223A302C22537461747573223A302C2243616C69625374617465223A312C22536967416D70496E76616C6964223A307D7D, 138 
05-27 19:13:00.882   536   536 D commservice260303: Push Message into SendPool fn=1722418176
05-27 19:13:00.882 13911 14183 I SentryImuMcuAngleSender: -179.97897rollDeg
05-27 19:13:00.882   536   536 D commservice260303: ComProtocolLibSend2Cluster::send2ClusterRaw fn=1722418176 , len=334
05-27 19:13:00.882 13911 14183 I SentryImuMcuAngleSender: 1,0,0
05-27 19:13:00.882   536   536 D commservice260303: sendCmdToPort :334!!!
05-27 19:13:00.882   536   536 D commservice260303: send Cmd To Port ++++5AA5014A8A010004AA666A16D1BC7B22636F6D6D616E64223A7B226964223A22696D755F737461747573222C22737562223A22227D2C22636F6E74656E74223A7B2254696D655374616D70223A31322C224672616D65436F756E746572223A3238383339372C2247445F58223A2D302E3031313938373836353930323438333436332C2247445F59223A302E303034383835373536343130363538333539352C2247445F5A223A302E303032333637313936363034363039343839342C2241445F58223A2D302E3030353038373333303933373338353535392C2241445F59223A2D302E3030373531383731323433313139323339382C2241445F5A223A2D302E31363832343831373635373437303730332C2254656D70447370223A302C22537461747573223A302C2243616C69625374617465223A312C22536967416D70496E76616C6964223A307D7D67BC
05-27 19:13:00.882   536   536 D commservice260303: bufferevent_write retrun value = 0
05-27 19:13:00.882   536   560 D commservice260303: client datas send succeed,send finish
05-27 19:13:00.882 13911 14192 D Sentinelmode_1.2.5.17_sentry: <SentryImuClusterFgeSender>imu_status sent to Linux, frame=288397, tsNs=12248129, tsMs=12, intervalMs=40, ad=(-0.005087331,-0.0075187124,-0.16824818), gd=(-0.011987866,0.0048857564,0.0023671966)
05-27 19:13:00.884   581   581 I SpiService: fgesysctrl_getGPIO_status success val=1
05-27 09:04:09.849   581   581 D spi_rst_gpio_get_output: GPIO 145 value: 1
05-27 09:04:09.849   581   581 D spidev_ioctl: gpio status=1)
05-27 19:13:00.890   581   581 I SpiService: fgesysctrl_getGPIO_status success val=1
05-27 09:04:09.854   581   581 D spi_rst_gpio_get_output: GPIO 145 value: 1
05-27 09:04:09.854   581   581 D spidev_ioctl: gpio status=1)
05-27 19:13:00.895   581   581 I SpiService: fgesysctrl_getGPIO_status success val=1
05-27 19:13:00.896   572   572 I Sensors : 230 AccelSensor: x:-0.162260,y:-0.000610,z:-9.969840
05-27 09:04:09.860   581   581 D spi_rst_gpio_get_output: GPIO 145 value: 1
05-27 09:04:09.860   581   581 D spidev_ioctl: gpio status=1)
05-27 19:13:00.900   581   581 I SpiService: fgesysctrl_getGPIO_status success val=0
05-27 19:13:00.901   481   597 I mcuc    : send SPI:6AA60087490005041201000014
05-27 09:04:09.865   581   581 D spi_rst_gpio_get_output: GPIO 145 value: 0
05-27 09:04:09.865   581   581 D spidev_ioctl: gpio status=0)
05-27 19:13:00.903 13911 14183 I SentryImuMcuAngleSender: -179.99649rollDeg
05-27 19:13:00.903 13911 14183 I SentryImuMcuAngleSender: 1,0,0
05-27 19:13:00.914   581   581 I SpiService: fgesysctrl_getGPIO_status success val=1
05-27 09:04:09.879   581   581 D spi_rst_gpio_get_output: GPIO 145 value: 1
05-27 09:04:09.879   581   581 D spidev_ioctl: gpio status=1)
05-27 19:13:00.920   581   581 I SpiService: fgesysctrl_getGPIO_status success val=1
05-27 09:04:09.884   581   581 D spi_rst_gpio_get_output: GPIO 145 value: 1
05-27 09:04:09.884   581   581 D spidev_ioctl: gpio status=1)
05-27 19:13:00.921   536   536 D commservice260303: msg.id = 1028,0
05-27 19:13:00.921   536   536 D commservice260303: i = 170, msgid = 8A000404
05-27 19:13:00.921   536   536 D commservice260303: msgid = -1979710460,did=138
05-27 19:13:00.921   536   536 D commservice260303: CommProtocolLibCmdBaseI2C::dataproc {"command":{"id":"imu_status","sub":""},"content":{"TimeStamp":12,"FrameCounter":288398,"GD_X":-0.012522058561444283,"GD_Y":0.002213752595707774,"GD_Z":0.0023671966046094894,"AD_X":0.004020243883132935,"AD_Y":0.004682926926761866,"AD_Z":-0.26706600189208984,"TempDsp":0,"Status":0,"CalibState":1,"SigAmpInvalid":0}},-1979710460
05-27 19:13:00.921   536   536 D commservice260303: send2Cluster len:315, 7B22636F6D6D616E64223A7B226964223A22696D755F737461747573222C22737562223A22227D2C22636F6E74656E74223A7B2254696D655374616D70223A31322C224672616D65436F756E746572223A3238383339382C2247445F58223A2D302E3031323532323035383536313434343238332C2247445F59223A302E3030323231333735323539353730373737342C2247445F5A223A302E303032333637313936363034363039343839342C2241445F58223A302E3030343032303234333838333133323933352C2241445F59223A302E3030343638323932363932363736313836362C2241445F5A223A2D302E32363730363630303138393230383938342C2254656D70447370223A302C22537461747573223A302C2243616C69625374617465223A312C22536967416D70496E76616C6964223A307D7D, 138 
05-27 19:13:00.921   536   536 D commservice260303: Push Message into SendPool fn=1739195392
05-27 19:13:00.921   536   536 D commservice260303: ComProtocolLibSend2Cluster::send2ClusterRaw fn=1739195392 , len=331
05-27 19:13:00.921   536   536 D commservice260303: sendCmdToPort :331!!!
05-27 19:13:00.922   536   536 D commservice260303: send Cmd To Port ++++5AA501478A010004AA676A16D1BC7B22636F6D6D616E64223A7B226964223A22696D755F737461747573222C22737562223A22227D2C22636F6E74656E74223A7B2254696D655374616D70223A31322C224672616D65436F756E746572223A3238383339382C2247445F58223A2D302E3031323532323035383536313434343238332C2247445F59223A302E3030323231333735323539353730373737342C2247445F5A223A302E303032333637313936363034363039343839342C2241445F58223A302E3030343032303234333838333133323933352C2241445F59223A302E3030343638323932363932363736313836362C2241445F5A223A2D302E32363730363630303138393230383938342C2254656D70447370223A302C22537461747573223A302C2243616C69625374617465223A312C22536967416D70496E76616C6964223A307D7D87FF
05-27 19:13:00.922   536   536 D commservice260303: bufferevent_write retrun value = 0
05-27 19:13:00.922   536   560 D commservice260303: client datas send succeed,send finish
05-27 19:13:00.923 13911 14183 I SentryImuMcuAngleSender: 179.95142rollDeg
05-27 19:13:00.923 13911 14183 I SentryImuMcuAngleSender: 1,0,0
05-27 19:13:00.924 13911 14192 D Sentinelmode_1.2.5.17_sentry: <SentryImuClusterFgeSender>imu_status sent to Linux, frame=288398, tsNs=12248164, tsMs=12, intervalMs=42, ad=(0.004020244,0.004682927,-0.267066), gd=(-0.012522059,0.0022137526,0.0023671966)
05-27 19:13:00.925   581   581 I SpiService: fgesysctrl_getGPIO_status success val=1
05-27 09:04:09.890   581   581 D spi_rst_gpio_get_output: GPIO 145 value: 1
05-27 09:04:09.890   581   581 D spidev_ioctl: gpio status=1)
05-27 19:13:00.930   581   581 I SpiService: fgesysctrl_getGPIO_status success val=1
05-27 09:04:09.895   581   581 D spi_rst_gpio_get_output: GPIO 145 value: 1
05-27 09:04:09.895   581   581 D spidev_ioctl: gpio status=1)
05-27 19:13:00.936   581   581 I SpiService: fgesysctrl_getGPIO_status success val=1
05-27 09:04:09.900   581   581 D spi_rst_gpio_get_output: GPIO 145 value: 1
05-27 09:04:09.900   581   581 D spidev_ioctl: gpio status=1)
05-27 19:13:00.941   581   581 I SpiService: fgesysctrl_getGPIO_status success val=0
05-27 19:13:00.943 13911 14183 I SentryImuMcuAngleSender: 179.993rollDeg
05-27 19:13:00.943 13911 14183 I SentryImuMcuAngleSender: 1,0,0
05-27 09:04:09.905   581   581 D spi_rst_gpio_get_output: GPIO 145 value: 0
05-27 09:04:09.905   581   581 D spidev_ioctl: gpio status=0)
05-27 19:13:00.950 13911 13911 I Sentinelmode_1.2.5.17_sentry: <SentinelCarServiceManager>sensorType:291504647
05-27 19:13:00.954   481   598 I mcuc    : rev,n=1,6AA681F6DC000A89003D0104090212345631
05-27 19:13:00.954  1121  1144 I tboxmids_ap: [2026-05-27 19:13:00.954] [MCU RX] src=MCU dst=ZMQ len=10 type=BINARY data=00 08 3D 01 04 09 02 12 34 56 
05-27 19:13:00.954   351   373 D automotive.vehicle@2.0-adayo-datacomm-mcu: MCUDatacomm sendMessageFromVehicle prop: 0x89, areaId: 0x0, status: 0x3d, timestamp: 0x1
05-27 19:13:00.955   581   581 I SpiService: fgesysctrl_getGPIO_status success val=1
05-27 19:13:00.955   351   373 D automotive.vehicle@2.0-adayo-datacomm-mcu: MCUDatacomm 1sendMessageFromVehicle ---> type = 12 
05-27 19:13:00.955  1083  1083 I MyAppLog: [2026-05-27 19:13:00.955 I tboxap mcuCommTboxmidsRecvCb:97] [Mcu] [mcuCommTboxmidsRecvCb] recv from tboxmids, size:10
05-27 19:13:00.955  1083  1083 I MyAppLog: [2026-05-27 19:13:00.955 I tboxap mcuCommTboxmidsRecvCb:98] [Mcu] [tboxmids -> tboxap]: :00 08 3D 01 04 09 02 12 34 56
05-27 19:13:00.955  1083  1083 I MyAppLog: [2026-05-27 19:13:00.955 I tboxap mcuPtlParseData:990] [Mcu] [Mcu  Parse]: (cmd):0902 (param):0902123456
05-27 19:13:00.955  1083  1083 W MyAppLog: [2026-05-27 19:13:00.955 W tboxap mcuParamDataRevPack:918] [Mcu] mcuParamDataRevPack start pack data!!!
05-27 19:13:00.955  1083  1083 W MyAppLog: [2026-05-27 19:13:00.955 W tboxap mcuHandlePowerReqInd:1739] [Mcu] [mcuHandlePowerReqInd] recv 0x0902 power req type:0x12
05-27 09:04:09.919   581   581 D spi_rst_gpio_get_output: GPIO 145 value: 1
05-27 09:04:09.919   581   581 D spidev_ioctl: gpio status=1)
05-27 19:13:00.960   581   581 I SpiService: fgesysctrl_getGPIO_status success val=1
05-27 09:04:09.925   581   581 D spi_rst_gpio_get_output: GPIO 145 value: 1
05-27 09:04:09.925   581   581 D spidev_ioctl: gpio status=1)
05-27 19:13:00.961   536   536 D commservice260303: msg.id = 1028,0
05-27 19:13:00.961   536   536 D commservice260303: i = 170, msgid = 8A000404
05-27 19:13:00.961   536   536 D commservice260303: msgid = -1979710460,did=138
05-27 19:13:00.961   536   536 D commservice260303: CommProtocolLibCmdBaseI2C::dataproc {"command":{"id":"imu_status","sub":""},"content":{"TimeStamp":12,"FrameCounter":288399,"GD_X":-0.012903847731649876,"GD_Y":0.0029768107924610376,"GD_Z":0.0015271564479917288,"AD_X":-0.013032093644142151,"AD_Y":-0.0014034591149538755,"AD_Z":-0.11334705352783203,"TempDsp":0,"Status":0,"CalibState":1,"SigAmpInvalid":0}},-1979710460
05-27 19:13:00.962   536   536 D commservice260303: send2Cluster len:319, 7B22636F6D6D616E64223A7B226964223A22696D755F737461747573222C22737562223A22227D2C22636F6E74656E74223A7B2254696D655374616D70223A31322C224672616D65436F756E746572223A3238383339392C2247445F58223A2D302E3031323930333834373733313634393837362C2247445F59223A302E303032393736383130373932343631303337362C2247445F5A223A302E303031353237313536343437393931373238382C2241445F58223A2D302E3031333033323039333634343134323135312C2241445F59223A2D302E303031343033343539313134393533383735352C2241445F5A223A2D302E31313333343730353335323738333230332C2254656D70447370223A302C22537461747573223A302C2243616C69625374617465223A312C22536967416D70496E76616C6964223A307D7D, 138 
05-27 19:13:00.962   536   536 D commservice260303: Push Message into SendPool fn=1755972608
05-27 19:13:00.962   536   536 D commservice260303: ComProtocolLibSend2Cluster::send2ClusterRaw fn=1755972608 , len=335
05-27 19:13:00.962   536   536 D commservice260303: sendCmdToPort :335!!!
05-27 19:13:00.962   536   536 D commservice260303: send Cmd To Port ++++5AA5014B8A010004AA686A16D1BC7B22636F6D6D616E64223A7B226964223A22696D755F737461747573222C22737562223A22227D2C22636F6E74656E74223A7B2254696D655374616D70223A31322C224672616D65436F756E746572223A3238383339392C2247445F58223A2D302E3031323930333834373733313634393837362C2247445F59223A302E303032393736383130373932343631303337362C2247445F5A223A302E303031353237313536343437393931373238382C2241445F58223A2D302E3031333033323039333634343134323135312C2241445F59223A2D302E303031343033343539313134393533383735352C2241445F5A223A2D302E31313333343730353335323738333230332C2254656D70447370223A302C22537461747573223A302C2243616C69625374617465223A312C22536967416D70496E76616C6964223A307D7D7565
05-27 19:13:00.962   536   536 D commservice260303: bufferevent_write retrun value = 0
05-27 19:13:00.962   536   560 D commservice260303: client datas send succeed,send finish
05-27 19:13:00.962   283   307 I rvcservice: t.code = 0, t.value = 0
05-27 19:13:00.962 13911 14192 D Sentinelmode_1.2.5.17_sentry: <SentryImuClusterFgeSender>imu_status sent to Linux, frame=288399, tsNs=12248200, tsMs=12, intervalMs=38, ad=(-0.013032094,-0.0014034591,-0.11334705), gd=(-0.012903848,0.0029768108,0.0015271564)
05-27 19:13:00.963 13911 14183 I SentryImuMcuAngleSender: 179.9859rollDeg
05-27 19:13:00.963 13911 14183 I SentryImuMcuAngleSender: 1,0,0
05-27 19:13:00.964   269   269 D libvintf: HalManifest::getHidlTransport(framework): Cannot find android.hardware.usb@1.0::IUsb/default
05-27 19:13:00.964   269   269 D libvintf: HalManifest::getHidlTransport(device): Cannot find android.hardware.usb@1.0::IUsb/default
05-27 19:13:00.964   269   269 I hwservicemanager: getTransport: Cannot find entry android.hardware.usb@1.0::IUsb/default in either framework or device VINTF manifest.
05-27 19:13:00.964 12348 12448 E ExtUsbManager: UsbHalController: android.hardware.usb.V1_0.IUsb getService failed!
05-27 19:13:00.964 12348 12448 E ExtUsbManager: java.util.NoSuchElementException
05-27 19:13:00.964 12348 12448 E ExtUsbManager: 	at android.os.HwBinder.getService(Native Method)
05-27 19:13:00.964 12348 12448 E ExtUsbManager: 	at android.os.HwBinder.getService(HwBinder.java:81)
05-27 19:13:00.964 12348 12448 E ExtUsbManager: 	at android.hardware.usb.V1_0.IUsb.getService(IUsb.java:74)
05-27 19:13:00.964 12348 12448 E ExtUsbManager: 	at android.hardware.usb.V1_0.IUsb.getService(IUsb.java:84)
05-27 19:13:00.964 12348 12448 E ExtUsbManager: 	at ts.car.usb.UsbHalController.createService(UsbHalController.java:37)
05-27 19:13:00.964 12348 12448 E ExtUsbManager: 	at ts.car.usb.UsbHalController.createService(UsbHalController.java:18)
05-27 19:13:00.964 12348 12448 E ExtUsbManager: 	at ts.car.usb.utils.AutoServiceConnector4Hidl.autoConnect(AutoServiceConnector4Hidl.java:47)
05-27 19:13:00.964 12348 12448 E ExtUsbManager: 	at ts.car.usb.utils.AutoServiceConnector4Hidl$$ExternalSyntheticLambda0.run(Unknown Source:2)
05-27 19:13:00.964 12348 12448 E ExtUsbManager: 	at android.os.Handler.handleCallback(Handler.java:942)
05-27 19:13:00.964 12348 12448 E ExtUsbManager: 	at android.os.Handler.dispatchMessage(Handler.java:99)
05-27 19:13:00.964 12348 12448 E ExtUsbManager: 	at android.os.Looper.loopOnce(Looper.java:201)
05-27 19:13:00.964 12348 12448 E ExtUsbManager: 	at android.os.Looper.loop(Looper.java:288)
05-27 19:13:00.964 12348 12448 E ExtUsbManager: 	at android.os.HandlerThread.run(HandlerThread.java:67)
05-27 19:13:00.965   269   269 D libvintf: HalManifest::getHidlTransport(framework): Cannot find vendor.ts.usbext@1.0::IUsbext/default
05-27 19:13:00.965   269   269 D libvintf: HalManifest::getHidlTransport(device): Cannot find vendor.ts.usbext@1.0::IUsbext/default
05-27 19:13:00.965   269   269 I hwservicemanager: getTransport: Cannot find entry vendor.ts.usbext@1.0::IUsbext/default in either framework or device VINTF manifest.
05-27 19:13:00.965 12348 12448 E ExtUsbManager: UsbHalExtController: vendor.ts.usbext.V1_0.IUsbext getService failed!
05-27 19:13:00.965 12348 12448 E ExtUsbManager: java.util.NoSuchElementException
05-27 19:13:00.965 12348 12448 E ExtUsbManager: 	at android.os.HwBinder.getService(Native Method)
05-27 19:13:00.965 12348 12448 E ExtUsbManager: 	at android.os.HwBinder.getService(HwBinder.java:81)
05-27 19:13:00.965 12348 12448 E ExtUsbManager: 	at vendor.ts.usbext.V1_0.IUsbext.getService(IUsbext.java:74)
05-27 19:13:00.965 12348 12448 E ExtUsbManager: 	at vendor.ts.usbext.V1_0.IUsbext.getService(IUsbext.java:84)
05-27 19:13:00.965 12348 12448 E ExtUsbManager: 	at ts.car.usb.UsbHalExtController.createService(UsbHalExtController.java:37)
05-27 19:13:00.965 12348 12448 E ExtUsbManager: 	at ts.car.usb.UsbHalExtController.createService(UsbHalExtController.java:18)
05-27 19:13:00.965 12348 12448 E ExtUsbManager: 	at ts.car.usb.utils.AutoServiceConnector4Hidl.autoConnect(AutoServiceConnector4Hidl.java:47)
05-27 19:13:00.965 12348 12448 E ExtUsbManager: 	at ts.car.usb.utils.AutoServiceConnector4Hidl$$ExternalSyntheticLambda0.run(Unknown Source:2)
05-27 19:13:00.965 12348 12448 E ExtUsbManager: 	at android.os.Handler.handleCallback(Handler.java:942)
05-27 19:13:00.965 12348 12448 E ExtUsbManager: 	at android.os.Handler.dispatchMessage(Handler.java:99)
05-27 19:13:00.965 12348 12448 E ExtUsbManager: 	at android.os.Looper.loopOnce(Looper.java:201)
05-27 19:13:00.965 12348 12448 E ExtUsbManager: 	at android.os.Looper.loop(Looper.java:288)
05-27 19:13:00.965 12348 12448 E ExtUsbManager: 	at android.os.HandlerThread.run(HandlerThread.java:67)
05-27 19:13:00.965   581   581 I SpiService: fgesysctrl_getGPIO_status success val=1
05-27 19:13:00.965   269   269 D libvintf: HalManifest::getHidlTransport(framework): Cannot find android.hardware.usb.gadget@1.0::IUsbGadget/default
05-27 19:13:00.965   269   269 D libvintf: HalManifest::getHidlTransport(device): Cannot find android.hardware.usb.gadget@1.0::IUsbGadget/default
05-27 19:13:00.966   269   269 I hwservicemanager: getTransport: Cannot find entry android.hardware.usb.gadget@1.0::IUsbGadget/default in either framework or device VINTF manifest.
05-27 19:13:00.966 12348 12448 E ExtUsbManager: UsbGadgetController: android.hardware.usb.gadget.V1_0.IUsbGadget getService failed!
05-27 19:13:00.966 12348 12448 E ExtUsbManager: java.util.NoSuchElementException
05-27 19:13:00.966 12348 12448 E ExtUsbManager: 	at android.os.HwBinder.getService(Native Method)
05-27 19:13:00.966 12348 12448 E ExtUsbManager: 	at android.os.HwBinder.getService(HwBinder.java:81)
05-27 19:13:00.966 12348 12448 E ExtUsbManager: 	at android.hardware.usb.gadget.V1_0.IUsbGadget.getService(IUsbGadget.java:74)
05-27 19:13:00.966 12348 12448 E ExtUsbManager: 	at android.hardware.usb.gadget.V1_0.IUsbGadget.getService(IUsbGadget.java:84)
05-27 19:13:00.966 12348 12448 E ExtUsbManager: 	at ts.car.usb.UsbGadgetController.createService(UsbGadgetController.java:36)
05-27 19:13:00.966 12348 12448 E ExtUsbManager: 	at ts.car.usb.UsbGadgetController.createService(UsbGadgetController.java:17)
05-27 19:13:00.966 12348 12448 E ExtUsbManager: 	at ts.car.usb.utils.AutoServiceConnector4Hidl.autoConnect(AutoServiceConnector4Hidl.java:47)
05-27 19:13:00.966 12348 12448 E ExtUsbManager: 	at ts.car.usb.utils.AutoServiceConnector4Hidl$$ExternalSyntheticLambda0.run(Unknown Source:2)
05-27 19:13:00.966 12348 12448 E ExtUsbManager: 	at android.os.Handler.handleCallback(Handler.java:942)
05-27 19:13:00.966 12348 12448 E ExtUsbManager: 	at android.os.Handler.dispatchMessage(Handler.java:99)
05-27 19:13:00.966 12348 12448 E ExtUsbManager: 	at android.os.Looper.loopOnce(Looper.java:201)
05-27 19:13:00.966 12348 12448 E ExtUsbManager: 	at android.os.Looper.loop(Looper.java:288)
05-27 19:13:00.966 12348 12448 E ExtUsbManager: 	at android.os.HandlerThread.run(HandlerThread.java:67)
05-27 09:04:09.930   581   581 D spi_rst_gpio_get_output: GPIO 145 value: 1
05-27 09:04:09.930   581   581 D spidev_ioctl: gpio status=1)
05-27 19:13:00.971   581   581 I SpiService: fgesysctrl_getGPIO_status success val=1
05-27 09:04:09.935   581   581 D spi_rst_gpio_get_output: GPIO 145 value: 1
05-27 09:04:09.935   581   581 D spidev_ioctl: gpio status=1)
05-27 19:13:00.976   581   581 I SpiService: fgesysctrl_getGPIO_status success val=1
05-27 09:04:09.940   581   581 D spi_rst_gpio_get_output: GPIO 145 value: 1
05-27 09:04:09.941   581   581 D spidev_ioctl: gpio status=1)
05-27 19:13:00.981   581   581 I SpiService: fgesysctrl_getGPIO_status success val=0
05-27 19:13:00.981   481   597 I mcuc    : send SPI:6AA602F6DC00028900A1
05-27 19:13:00.983 13911 14183 I SentryImuMcuAngleSender: -179.98595rollDeg
05-27 19:13:00.984 13911 14183 I SentryImuMcuAngleSender: 1,0,0
05-27 09:04:09.946   581   581 D spi_rst_gpio_get_output: GPIO 145 value: 0
05-27 09:04:09.946   581   581 D spidev_ioctl: gpio status=0)
05-27 19:13:00.985   572   622 I Sensors : 230 GyroSensor: x:-0.011301,y:0.004810,z:0.002138
05-27 19:13:00.995   581   581 I SpiService: fgesysctrl_getGPIO_status success val=1
05-27 09:04:09.957  1221  1221 W audit   : audit_lost=49122 audit_rate_limit=5 audit_backlog_limit=64
05-27 09:04:09.957  1221  1221 E audit   : rate limit exceeded
05-27 09:04:09.960   581   581 D spi_rst_gpio_get_output: GPIO 145 value: 1
05-27 09:04:09.960   581   581 D spidev_ioctl: gpio status=1)
05-27 19:13:01.001   581   581 I SpiService: fgesysctrl_getGPIO_status success val=1
05-27 09:04:09.965   581   581 D spi_rst_gpio_get_output: GPIO 145 value: 1
05-27 09:04:09.965   581   581 D spidev_ioctl: gpio status=1)
05-27 19:13:01.001   536   536 D commservice260303: msg.id = 1028,0
05-27 19:13:01.001   536   536 D commservice260303: i = 170, msgid = 8A000404
