05-27 19:12:56.159   351   516 D automotive.vehicle@2.0-adayo-func-bcm: BCMFunc sendMessageFromVehicle_l msgBuff[36]=0x0,start:0,len:8,temp:8,
05-27 19:12:56.159  1083  1083 W MyAppLog: [2026-05-27 19:12:56.158 W tboxap mcuPtlParseData:982] [Mcu] [mcuPtlParseData] invalid yadi frame, len:10
05-27 19:12:56.159   351   516 D automotive.vehicle@2.0-adayo-func-bcm: BCMFunc sendMessageFromVehicle_l prop: 0x2140004c ,areaId: 0x0  SPLITE_BIT_DATA_INTEGER : 2
05-27 19:12:56.159   351   516 D automotive.vehicle@2.0-adayo-func-bcm: BCMFunc sendMessageFromVehicle_l id:557842508, area:0 not report! 
05-27 19:12:56.159   351   516 D automotive.vehicle@2.0-adayo-func-bcm: BCMFunc sendMessageFromVehicle_l dataType: 12,mByte=38,propid=0x2140009b
05-27 19:12:56.159   351   373 D automotive.vehicle@2.0-adayo-datacomm-mcu: MCUDatacomm sendMessageFromVehicle prop: 0x89, areaId: 0x0, status: 0x33, timestamp: 0x1
05-27 19:12:56.159   351   516 D automotive.vehicle@2.0-adayo-func-bcm: BCMFunc sendMessageFromVehicle_l msgBuff[38]=0x0,start:0,len:8,temp:8,
05-27 19:12:56.159   351   373 D automotive.vehicle@2.0-adayo-datacomm-mcu: MCUDatacomm 1sendMessageFromVehicle ---> type = 12 
05-27 19:12:56.159   351   516 D automotive.vehicle@2.0-adayo-func-bcm: BCMFunc sendMessageFromVehicle_l prop: 0x2140009b ,areaId: 0x0  SPLITE_BIT_DATA_INTEGER : 0
05-27 19:12:56.160   351   516 D automotive.vehicle@2.0-adayo-func-bcm: BCMFunc sendMessageFromVehicle_l id:557842587, area:0 not report! 
05-27 19:12:56.160   351   516 D automotive.vehicle@2.0-adayo-func-bcm: BCMFunc sendMessageFromVehicle_l dataType: 12,mByte=39,propid=0x2140009c
05-27 19:12:56.160   351   516 D automotive.vehicle@2.0-adayo-func-bcm: BCMFunc sendMessageFromVehicle_l msgBuff[39]=0x0,start:0,len:8,temp:8,
05-27 09:04:05.123   581   581 D spi_rst_gpio_get_output: GPIO 145 value: 1
05-27 09:04:05.123   581   581 D spidev_ioctl: gpio status=1)
05-27 19:12:56.160   351   516 D automotive.vehicle@2.0-adayo-func-bcm: BCMFunc sendMessageFromVehicle_l prop: 0x2140009c ,areaId: 0x0  SPLITE_BIT_DATA_INTEGER : 0
05-27 19:12:56.160   351   516 D automotive.vehicle@2.0-adayo-func-bcm: BCMFunc sendMessageFromVehicle_l id:557842588, area:0 not report! 
05-27 19:12:56.160   351   516 D automotive.vehicle@2.0-adayo-func-bcm: BCMFunc sendMessageFromVehicle_l dataType: 12,mByte=40,propid=0x2140009d
05-27 19:12:56.160   351   516 D automotive.vehicle@2.0-adayo-func-bcm: BCMFunc sendMessageFromVehicle_l msgBuff[40]=0x0,start:0,len:8,temp:8,
05-27 19:12:56.160   351   516 D automotive.vehicle@2.0-adayo-func-bcm: BCMFunc sendMessageFromVehicle_l prop: 0x2140009d ,areaId: 0x0  SPLITE_BIT_DATA_INTEGER : 0
05-27 19:12:56.160   351   516 D automotive.vehicle@2.0-adayo-func-bcm: BCMFunc sendMessageFromVehicle_l id:557842589, area:0 not report! 
05-27 19:12:56.160   351   516 D automotive.vehicle@2.0-adayo-func-bcm: BCMFunc sendMessageFromVehicle_l dataType: 12,mByte=41,propid=0x2140009e
05-27 19:12:56.160   351   516 D automotive.vehicle@2.0-adayo-func-bcm: BCMFunc sendMessageFromVehicle_l msgBuff[41]=0x0,start:0,len:8,temp:8,
05-27 19:12:56.160   351   516 D automotive.vehicle@2.0-adayo-func-bcm: BCMFunc sendMessageFromVehicle_l prop: 0x2140009e ,areaId: 0x0  SPLITE_BIT_DATA_INTEGER : 0
05-27 19:12:56.160   351   516 D automotive.vehicle@2.0-adayo-func-bcm: BCMFunc sendMessageFromVehicle_l id:557842590, area:0 not report! 
05-27 19:12:56.160   351   516 D automotive.vehicle@2.0-adayo-func-bcm: BCMFunc sendMessageFromVehicle_l dataType: 12,mByte=43,propid=0x2160009f
05-27 19:12:56.160   351   516 D automotive.vehicle@2.0-adayo-func-bcm: BCMFunc sendMessageFromVehicle_l msgBuff[43]=0x0,start:0,len:16,temp:8,
05-27 19:12:56.160   351   516 D automotive.vehicle@2.0-adayo-func-bcm: BCMFunc sendMessageFromVehicle_l msgBuff[42]=0x0,start:0,len:8,temp:8,
05-27 19:12:56.160   351   516 D automotive.vehicle@2.0-adayo-func-bcm: BCMFunc sendMessageFromVehicle_l prop: 0x2160009f , SPLITE_BIT_DATA_INTEGER1 data:0
05-27 19:12:56.160   351   516 D automotive.vehicle@2.0-adayo-func-bcm: BCMFunc sendMessageFromVehicle_l prop: 0x2160009f , SPLITE_BIT_DATA_INTEGER4 procotol.calc[0]:0.100000,procotol.calc[1]:0.000000
05-27 19:12:56.160   351   516 D automotive.vehicle@2.0-adayo-func-bcm: BCMFunc sendMessageFromVehicle_l prop: 0x2160009f ,areaId: 0x0  SPLITE_BIT_DATA_INTEGER : 0.000000,calc[0]:0.100000,calc[1]:0.000000
05-27 19:12:56.160   351   516 D automotive.vehicle@2.0-adayo-func-bcm: BCMFunc sendMessageFromVehicle_l id:559939743, area:0 not report! 
05-27 19:12:56.160   351   516 D automotive.vehicle@2.0-adayo-func-bcm: BCMFunc sendMessageFromVehicle_l dataType: 12,mByte=45,propid=0x216000f3
05-27 19:12:56.160   351   516 D automotive.vehicle@2.0-adayo-func-bcm: BCMFunc sendMessageFromVehicle_l msgBuff[45]=0x0,start:0,len:16,temp:8,
05-27 19:12:56.160   351   516 D automotive.vehicle@2.0-adayo-func-bcm: BCMFunc sendMessageFromVehicle_l msgBuff[44]=0x0,start:0,len:8,temp:8,
05-27 19:12:56.160   351   516 D automotive.vehicle@2.0-adayo-func-bcm: BCMFunc sendMessageFromVehicle_l prop: 0x216000f3 , SPLITE_BIT_DATA_INTEGER1 data:0
05-27 19:12:56.160   351   516 D automotive.vehicle@2.0-adayo-func-bcm: BCMFunc sendMessageFromVehicle_l prop: 0x216000f3 , SPLITE_BIT_DATA_INTEGER4 procotol.calc[0]:0.100000,procotol.calc[1]:0.000000
05-27 19:12:56.160   351   516 D automotive.vehicle@2.0-adayo-func-bcm: BCMFunc sendMessageFromVehicle_l prop: 0x216000f3 ,areaId: 0x0  SPLITE_BIT_DATA_INTEGER : 0.000000,calc[0]:0.100000,calc[1]:0.000000
05-27 19:12:56.160   351   516 D automotive.vehicle@2.0-adayo-func-bcm: BCMFunc sendMessageFromVehicle_l id:559939827, area:0 not report! 
05-27 19:12:56.160   351   516 D automotive.vehicle@2.0-adayo-func-bcm: BCMFunc sendMessageFromVehicle_l dataType: 12,mByte=47,propid=0x214000f4
05-27 19:12:56.160   351   516 D automotive.vehicle@2.0-adayo-func-bcm: BCMFunc sendMessageFromVehicle_l msgBuff[47]=0x0,start:0,len:16,temp:8,
05-27 19:12:56.160   351   516 D automotive.vehicle@2.0-adayo-func-bcm: BCMFunc sendMessageFromVehicle_l msgBuff[46]=0x0,start:0,len:8,temp:8,
05-27 19:12:56.160   351   516 D automotive.vehicle@2.0-adayo-func-bcm: BCMFunc sendMessageFromVehicle_l prop: 0x214000f4 ,areaId: 0x0  SPLITE_BIT_DATA_INTEGER : 0
05-27 19:12:56.160   351   516 D automotive.vehicle@2.0-adayo-func-bcm: BCMFunc sendMessageFromVehicle_l id:557842676, area:0 not report! 
05-27 19:12:56.160   351   516 D automotive.vehicle@2.0-adayo-func-bcm: BCMFunc sendMessageFromVehicle_l dataType: 12,mByte=48,propid=0x214000fe
05-27 19:12:56.160   351   516 D automotive.vehicle@2.0-adayo-func-bcm: BCMFunc sendMessageFromVehicle_l msgBuff[48]=0x0,start:0,len:8,temp:8,
05-27 19:12:56.160   351   516 D automotive.vehicle@2.0-adayo-func-bcm: BCMFunc sendMessageFromVehicle_l prop: 0x214000fe ,areaId: 0x0  SPLITE_BIT_DATA_INTEGER : 0
05-27 19:12:56.160   351   516 D automotive.vehicle@2.0-adayo-func-bcm: BCMFunc sendMessageFromVehicle_l id:557842686, area:0 not report! 
05-27 19:12:56.160   351   516 D automotive.vehicle@2.0-adayo-func-bcm: BCMFunc sendMessageFromVehicle_l dataType: 12,mByte=49,propid=0x21400100
05-27 09:04:05.129   581   581 D spi_rst_gpio_get_output: GPIO 145 value: 1
05-27 09:04:05.129   581   581 D spidev_ioctl: gpio status=1)
05-27 19:12:56.161   351   516 D automotive.vehicle@2.0-adayo-func-bcm: BCMFunc sendMessageFromVehicle_l msgBuff[49]=0x0,start:0,len:8,temp:8,
05-27 19:12:56.160 13911 14183 I SentryImuMcuAngleSender: 179.98248rollDeg
05-27 19:12:56.161   351   516 D automotive.vehicle@2.0-adayo-func-bcm: BCMFunc sendMessageFromVehicle_l prop: 0x21400100 ,areaId: 0x0  SPLITE_BIT_DATA_INTEGER : 0
05-27 19:12:56.161   351   516 D automotive.vehicle@2.0-adayo-func-bcm: BCMFunc sendMessageFromVehicle_l id:557842688, area:0 not report! 
05-27 19:12:56.161 13911 14183 I SentryImuMcuAngleSender: 1,0,0
05-27 19:12:56.161   351   516 D automotive.vehicle@2.0-adayo-func-bcm: BCMFunc sendMessageFromVehicle_l dataType: 12,mByte=50,propid=0x214000fa
05-27 19:12:56.161   351   516 D automotive.vehicle@2.0-adayo-func-bcm: BCMFunc sendMessageFromVehicle_l msgBuff[50]=0x0,start:0,len:8,temp:8,
05-27 19:12:56.161   351   516 D automotive.vehicle@2.0-adayo-func-bcm: BCMFunc sendMessageFromVehicle_l prop: 0x214000fa ,areaId: 0x0  SPLITE_BIT_DATA_INTEGER : 0
05-27 19:12:56.161   351   516 D automotive.vehicle@2.0-adayo-func-bcm: BCMFunc sendMessageFromVehicle_l id:557842682, area:0 not report! 
05-27 19:12:56.161   351   516 D automotive.vehicle@2.0-adayo-func-bcm: BCMFunc sendMessageFromVehicle_l dataType: 12,mByte=51,propid=0x214000fb
05-27 19:12:56.161   351   516 D automotive.vehicle@2.0-adayo-func-bcm: BCMFunc sendMessageFromVehicle_l msgBuff[51]=0x0,start:0,len:8,temp:8,
05-27 19:12:56.161   351   516 D automotive.vehicle@2.0-adayo-func-bcm: BCMFunc sendMessageFromVehicle_l prop: 0x214000fb ,areaId: 0x0  SPLITE_BIT_DATA_INTEGER : 0
05-27 19:12:56.161   351   516 D automotive.vehicle@2.0-adayo-func-bcm: BCMFunc sendMessageFromVehicle_l id:557842683, area:0 not report! 
05-27 19:12:56.161   351   516 D automotive.vehicle@2.0-adayo-func-bcm: BCMFunc sendMessageFromVehicle_l dataType: 12,mByte=52,propid=0x214000fc
05-27 19:12:56.161   351   516 D automotive.vehicle@2.0-adayo-func-bcm: BCMFunc sendMessageFromVehicle_l msgBuff[52]=0x0,start:0,len:8,temp:8,
05-27 19:12:56.161   351   516 D automotive.vehicle@2.0-adayo-func-bcm: BCMFunc sendMessageFromVehicle_l prop: 0x214000fc ,areaId: 0x0  SPLITE_BIT_DATA_INTEGER : 0
05-27 19:12:56.161   351   516 D automotive.vehicle@2.0-adayo-func-bcm: BCMFunc sendMessageFromVehicle_l id:557842684, area:0 not report! 
05-27 19:12:56.161   351   516 D automotive.vehicle@2.0-adayo-func-bcm: BCMFunc sendMessageFromVehicle_l dataType: 12,mByte=53,propid=0x21400106
05-27 19:12:56.161   351   516 D automotive.vehicle@2.0-adayo-func-bcm: BCMFunc sendMessageFromVehicle_l msgBuff[53]=0x1,start:0,len:8,temp:8,
05-27 19:12:56.161   351   516 D automotive.vehicle@2.0-adayo-func-bcm: BCMFunc sendMessageFromVehicle_l prop: 0x21400106 ,areaId: 0x0  SPLITE_BIT_DATA_INTEGER : 1
05-27 19:12:56.161   351   516 D automotive.vehicle@2.0-adayo-func-bcm: BCMFunc sendMessageFromVehicle_l id:557842694, area:0 not report! 
05-27 19:12:56.164   581   581 I SpiService: fgesysctrl_getGPIO_status success val=1
05-27 19:12:56.169   581   581 I SpiService: fgesysctrl_getGPIO_status success val=1
05-27 09:04:05.134   581   581 D spi_rst_gpio_get_output: GPIO 145 value: 1
05-27 09:04:05.134   581   581 D spidev_ioctl: gpio status=1)
05-27 19:12:56.175   581   581 I SpiService: fgesysctrl_getGPIO_status success val=1
05-27 09:04:05.139   581   581 D spi_rst_gpio_get_output: GPIO 145 value: 1
05-27 09:04:05.139   581   581 D spidev_ioctl: gpio status=1)
05-27 19:12:56.179   536   536 D commservice260303: msg.id = 1028,0
05-27 19:12:56.179   536   536 D commservice260303: i = 170, msgid = 8A000404
05-27 19:12:56.179   536   536 D commservice260303: msgid = -1979710460,did=138
05-27 19:12:56.179   536   536 D commservice260303: CommProtocolLibCmdBaseI2C::dataproc {"command":{"id":"imu_status","sub":""},"content":{"TimeStamp":12,"FrameCounter":288281,"GD_X":-0.011682018637657166,"GD_Y":0.005039200186729431,"GD_Z":0.0017560218693688512,"AD_X":-0.003365755081176758,"AD_Y":-8.016868960112333E-4,"AD_Z":-0.16947650909423828,"TempDsp":0,"Status":0,"CalibState":1,"SigAmpInvalid":0}},-1979710460
05-27 19:12:56.179   536   536 D commservice260303: send2Cluster len:317, 7B22636F6D6D616E64223A7B226964223A22696D755F737461747573222C22737562223A22227D2C22636F6E74656E74223A7B2254696D655374616D70223A31322C224672616D65436F756E746572223A3238383238312C2247445F58223A2D302E3031313638323031383633373635373136362C2247445F59223A302E3030353033393230303138363732393433312C2247445F5A223A302E303031373536303231383639333638383531322C2241445F58223A2D302E3030333336353735353038313137363735382C2241445F59223A2D382E303136383638393630313132333333452D342C2241445F5A223A2D302E31363934373635303930393432333832382C2254656D70447370223A302C22537461747573223A302C2243616C69625374617465223A312C22536967416D70496E76616C6964223A307D7D, 138 
05-27 19:12:56.179   536   536 D commservice260303: Push Message into SendPool fn=-257358848
05-27 19:12:56.179   536   536 D commservice260303: ComProtocolLibSend2Cluster::send2ClusterRaw fn=-257358848 , len=333
05-27 19:12:56.179   536   536 D commservice260303: sendCmdToPort :333!!!
05-27 19:12:56.179   536   536 D commservice260303: send Cmd To Port ++++5AA501498A010004A9F06A16D1B87B22636F6D6D616E64223A7B226964223A22696D755F737461747573222C22737562223A22227D2C22636F6E74656E74223A7B2254696D655374616D70223A31322C224672616D65436F756E746572223A3238383238312C2247445F58223A2D302E3031313638323031383633373635373136362C2247445F59223A302E3030353033393230303138363732393433312C2247445F5A223A302E303031373536303231383639333638383531322C2241445F58223A2D302E3030333336353735353038313137363735382C2241445F59223A2D382E303136383638393630313132333333452D342C2241445F5A223A2D302E31363934373635303930393432333832382C2254656D70447370223A302C22537461747573223A302C2243616C69625374617465223A312C22536967416D70496E76616C6964223A307D7DF421
05-27 19:12:56.179   536   536 D commservice260303: bufferevent_write retrun value = 0
05-27 19:12:56.180   536   560 D commservice260303: client datas send succeed,send finish
05-27 19:12:56.180 13911 14192 D Sentinelmode_1.2.5.17_sentry: <SentryImuClusterFgeSender>imu_status sent to Linux, frame=288281, tsNs=12243423, tsMs=12, intervalMs=39, ad=(-0.003365755,-8.016869E-4,-0.16947651), gd=(-0.011682019,0.0050392,0.0017560219)
05-27 19:12:56.180   581   581 I SpiService: fgesysctrl_getGPIO_status success val=1
05-27 19:12:56.180 13911 14183 I SentryImuMcuAngleSender: 179.97899rollDeg
05-27 19:12:56.180 13911 14183 I SentryImuMcuAngleSender: 1,0,0
05-27 09:04:05.145   581   581 D spi_rst_gpio_get_output: GPIO 145 value: 1
05-27 09:04:05.145   581   581 D spidev_ioctl: gpio status=1)
05-27 19:12:56.185   581   581 I SpiService: fgesysctrl_getGPIO_status success val=0
05-27 19:12:56.186   481   597 I mcuc    : send SPI:6AA602F6C500028900B86AA602F6C600028900B76AA600873C0002060134
05-27 09:04:05.150   581   581 D spi_rst_gpio_get_output: GPIO 145 value: 0
05-27 09:04:05.150   581   581 D spidev_ioctl: gpio status=0)
05-27 19:12:56.190   572   572 I Sensors : 230 AccelSensor: x:-0.169580,y:0.003659,z:-9.975940
05-27 19:12:56.195   536   560 D commservice260303: recv len:77, 5AA500490600000047F06A16D1B87B22636F6D6D616E64223A7B226964223A226473695F6C7578222C22737562223A22227D2C22636F6E74656E74223A7B2276616C7565223A3230307D7DC1CC from server
05-27 19:12:56.196   536  2578 D commservice260303: mcuDataAnalyzeHandle templen:77,len:77,pos:0, 5AA500490600000047F06A16D1B87B22636F6D6D616E64223A7B226964223A226473695F6C7578222C22737562223A22227D2C22636F6E74656E74223A7B2276616C7565223A3230307D7DC1CC 
05-27 19:12:56.196   536  2578 I commservice260303: checksumCal = 49612
05-27 19:12:56.196   536  2578 D commservice260303: CommProtocolLibCmdBaseC2I::dataproc {"command":{"id":"dsi_lux","sub":""},"content":{"value":200}},6
05-27 19:12:56.196   536  2578 D commservice260303: mcuCommMessageManager::notifyMsgToClient hwbinder OK
05-27 19:12:56.196   536  2578 D commservice260303: McuProtocolLibSend2Service::send2Service ret=1
05-27 19:12:56.196 12246 12440 D ivicomm_CommManager: fgeComServiceCallback: {"command":{"id":"dsi_lux","sub":""},"content":{"value":200}}
05-27 19:12:56.196 12246 12440 D ivicomm_CallbackManager: registerCallback DSI_LUX: {"value":200} mCommStateCallbackMap size:4
05-27 19:12:56.197 11579 11619 D NSLogUtils_VehicleService: L2A comm state: id=dsi_lux, value=200
05-27 19:12:56.197 11344 11391 D SystemUI_SystemSettingsControllerService: onCommState: commandID = dsi_lux; value = 200
05-27 19:12:56.200   581   581 I SpiService: fgesysctrl_getGPIO_status success val=1
05-27 19:12:56.200 13911 14183 I SentryImuMcuAngleSender: 179.97899rollDeg
05-27 19:12:56.200 13911 14183 I SentryImuMcuAngleSender: 1,0,0
05-27 09:04:05.164   581   581 D spi_rst_gpio_get_output: GPIO 145 value: 1
05-27 09:04:05.164   581   581 D spidev_ioctl: gpio status=1)
05-27 19:12:56.205   581   581 I SpiService: fgesysctrl_getGPIO_status success val=1
05-27 19:12:56.208 30773 30785 I dvr_service_: [EncoderHandler::runMediaThread] runMediaThread started:1,state:1, cam2:started:1,state:1, lastSwitch:1, mIsMuxerStart:1,format:0,is_str_ing:0
05-27 09:04:05.170   581   581 D spi_rst_gpio_get_output: GPIO 145 value: 1
05-27 09:04:05.170   581   581 D spidev_ioctl: gpio status=1)
05-27 19:12:56.211   581   581 I SpiService: fgesysctrl_getGPIO_status success val=1
05-27 09:04:05.175   581   581 D spi_rst_gpio_get_output: GPIO 145 value: 1
05-27 09:04:05.175   581   581 D spidev_ioctl: gpio status=1)
05-27 19:12:56.216   581   581 I SpiService: fgesysctrl_getGPIO_status success val=1
05-27 09:04:05.181   581   581 D spi_rst_gpio_get_output: GPIO 145 value: 1
05-27 09:04:05.181   581   581 D spidev_ioctl: gpio status=1)
05-27 19:12:56.219   536   536 D commservice260303: msg.id = 1028,1
05-27 19:12:56.219   536   536 D commservice260303: i = 170, msgid = 8A000404
05-27 19:12:56.219   536   536 D commservice260303: msgid = -1979710460,did=138
05-27 19:12:56.219   536   536 D commservice260303: CommProtocolLibCmdBaseI2C::dataproc {"command":{"id":"imu_status","sub":""},"content":{"TimeStamp":12,"FrameCounter":288282,"GD_X":-0.012063807807862759,"GD_Y":0.004580949433147907,"GD_Z":0.0018319635419175029,"AD_X":-3.224015235900879E-4,"AD_Y":-0.003226903500035405,"AD_Z":-0.16947650909423828,"TempDsp":0,"Status":0,"CalibState":1,"SigAmpInvalid":0}},-1979710460
05-27 19:12:56.219   536   536 D commservice260303: send2Cluster len:317, 7B22636F6D6D616E64223A7B226964223A22696D755F737461747573222C22737562223A22227D2C22636F6E74656E74223A7B2254696D655374616D70223A31322C224672616D65436F756E746572223A3238383238322C2247445F58223A2D302E3031323036333830373830373836323735392C2247445F59223A302E3030343538303934393433333134373930372C2247445F5A223A302E303031383331393633353431393137353032392C2241445F58223A2D332E323234303135323335393030383739452D342C2241445F59223A2D302E3030333232363930333530303033353430352C2241445F5A223A2D302E31363934373635303930393432333832382C2254656D70447370223A302C22537461747573223A302C2243616C69625374617465223A312C22536967416D70496E76616C6964223A307D7D, 138 
05-27 19:12:56.219   536   536 D commservice260303: Push Message into SendPool fn=-240581632
05-27 19:12:56.219   536   536 D commservice260303: ComProtocolLibSend2Cluster::send2ClusterRaw fn=-240581632 , len=333
05-27 19:12:56.219   536   536 D commservice260303: sendCmdToPort :333!!!
05-27 19:12:56.219   536   536 D commservice260303: send Cmd To Port ++++5AA501498A010004A9F16A16D1B87B22636F6D6D616E64223A7B226964223A22696D755F737461747573222C22737562223A22227D2C22636F6E74656E74223A7B2254696D655374616D70223A31322C224672616D65436F756E746572223A3238383238322C2247445F58223A2D302E3031323036333830373830373836323735392C2247445F59223A302E3030343538303934393433333134373930372C2247445F5A223A302E303031383331393633353431393137353032392C2241445F58223A2D332E323234303135323335393030383739452D342C2241445F59223A2D302E3030333232363930333530303033353430352C2241445F5A223A2D302E31363934373635303930393432333832382C2254656D70447370223A302C22537461747573223A302C2243616C69625374617465223A312C22536967416D70496E76616C6964223A307D7D7E88
05-27 19:12:56.219   536   536 D commservice260303: bufferevent_write retrun value = 0
05-27 19:12:56.220   536   560 D commservice260303: client datas send succeed,send finish
05-27 19:12:56.220 13911 14192 D Sentinelmode_1.2.5.17_sentry: <SentryImuClusterFgeSender>imu_status sent to Linux, frame=288282, tsNs=12243458, tsMs=12, intervalMs=41, ad=(-3.2240152E-4,-0.0032269035,-0.16947651), gd=(-0.012063808,0.0045809494,0.0018319635)
05-27 19:12:56.220 13911 14183 I SentryImuMcuAngleSender: 179.993rollDeg
05-27 19:12:56.220 13911 14183 I SentryImuMcuAngleSender: 1,0,0
05-27 19:12:56.222   581   581 I SpiService: fgesysctrl_getGPIO_status success val=1
05-27 09:04:05.186   581   581 D spi_rst_gpio_get_output: GPIO 145 value: 1
05-27 09:04:05.186   581   581 D spidev_ioctl: gpio status=1)
05-27 19:12:56.227   581   581 I SpiService: fgesysctrl_getGPIO_status success val=0
05-27 09:04:05.192   581   581 D spi_rst_gpio_get_output: GPIO 145 value: 0
05-27 09:04:05.192   581   581 D spidev_ioctl: gpio status=0)
05-27 19:12:56.240  1083  1083 I MyAppLog: [2026-05-27 19:12:56.239 I tboxap mcuSendYadiTransfer:196] [Mcu] [mcuYadiSend]: :00 08 89 04 01 09 81 02 01 01
05-27 19:12:56.241 13911 14183 I SentryImuMcuAngleSender: 180.0rollDeg
05-27 19:12:56.241 13911 14183 I SentryImuMcuAngleSender: 1,0,0
05-27 19:12:56.241   581   581 I SpiService: fgesysctrl_getGPIO_status success val=1
05-27 19:12:56.242   830   830 D SurfaceFlinger: unisoc-graphics, commit has frameMissed:2, vysncId:447940
05-27 19:12:56.242   481   599 I mcuc    : start timer OK = 34621 
05-27 09:04:05.206   581   581 D spi_rst_gpio_get_output: GPIO 145 value: 1
05-27 09:04:05.206   581   581 D spidev_ioctl: gpio status=1)
05-27 19:12:56.247   581   581 I SpiService: fgesysctrl_getGPIO_status success val=1
05-27 09:04:05.211   581   581 D spi_rst_gpio_get_output: GPIO 145 value: 1
05-27 09:04:05.211   581   581 D spidev_ioctl: gpio status=1)
05-27 19:12:56.252   581   581 I SpiService: fgesysctrl_getGPIO_status success val=1
05-27 19:12:56.253   283   307 I rvcservice: t.code = 7, t.value = 12243316
05-27 09:04:05.217   581   581 D spi_rst_gpio_get_output: GPIO 145 value: 1
05-27 09:04:05.217   581   581 D spidev_ioctl: gpio status=1)
05-27 19:12:56.257   581   581 I SpiService: fgesysctrl_getGPIO_status success val=1
05-27 19:12:56.259   536   536 D commservice260303: msg.id = 1028,0
05-27 19:12:56.259   536   536 D commservice260303: i = 170, msgid = 8A000404
05-27 19:12:56.259   536   536 D commservice260303: msgid = -1979710460,did=138
05-27 19:12:56.259   536   536 D commservice260303: CommProtocolLibCmdBaseI2C::dataproc {"command":{"id":"imu_status","sub":""},"content":{"TimeStamp":12,"FrameCounter":288283,"GD_X":-0.010613113641738892,"GD_Y":0.005879240110516548,"GD_Z":0.001679039909504354,"AD_X":0.0026950091123580933,"AD_Y":-0.0019864256028085947,"AD_Z":-0.16764545440673828,"TempDsp":0,"Status":0,"CalibState":1,"SigAmpInvalid":0}},-1979710460
05-27 19:12:56.259   536   536 D commservice260303: send2Cluster len:317, 7B22636F6D6D616E64223A7B226964223A22696D755F737461747573222C22737562223A22227D2C22636F6E74656E74223A7B2254696D655374616D70223A31322C224672616D65436F756E746572223A3238383238332C2247445F58223A2D302E3031303631333131333634313733383839322C2247445F59223A302E3030353837393234303131303531363534382C2247445F5A223A302E3030313637393033393930393530343335342C2241445F58223A302E303032363935303039313132333538303933332C2241445F59223A2D302E303031393836343235363032383038353934372C2241445F5A223A2D302E31363736343534353434303637333832382C2254656D70447370223A302C22537461747573223A302C2243616C69625374617465223A312C22536967416D70496E76616C6964223A307D7D, 138 
05-27 19:12:56.259   536   536 D commservice260303: Push Message into SendPool fn=-223804416
05-27 19:12:56.259   536   536 D commservice260303: ComProtocolLibSend2Cluster::send2ClusterRaw fn=-223804416 , len=333
05-27 19:12:56.259   536   536 D commservice260303: sendCmdToPort :333!!!
05-27 19:12:56.260   536   536 D commservice260303: send Cmd To Port ++++5AA501498A010004A9F26A16D1B87B22636F6D6D616E64223A7B226964223A22696D755F737461747573222C22737562223A22227D2C22636F6E74656E74223A7B2254696D655374616D70223A31322C224672616D65436F756E746572223A3238383238332C2247445F58223A2D302E3031303631333131333634313733383839322C2247445F59223A302E3030353837393234303131303531363534382C2247445F5A223A302E3030313637393033393930393530343335342C2241445F58223A302E303032363935303039313132333538303933332C2241445F59223A2D302E303031393836343235363032383038353934372C2241445F5A223A2D302E31363736343534353434303637333832382C2254656D70447370223A302C22537461747573223A302C2243616C69625374617465223A312C22536967416D70496E76616C6964223A307D7DB132
05-27 19:12:56.260   536   536 D commservice260303: bufferevent_write retrun value = 0
05-27 19:12:56.260   536   560 D commservice260303: client datas send succeed,send finish
05-27 19:12:56.260 13911 14192 D Sentinelmode_1.2.5.17_sentry: <SentryImuClusterFgeSender>imu_status sent to Linux, frame=288283, tsNs=12243493, tsMs=12, intervalMs=40, ad=(0.002695009,-0.0019864256,-0.16764545), gd=(-0.010613114,0.00587924,0.0016790399)
05-27 09:04:05.222   581   581 D spi_rst_gpio_get_output: GPIO 145 value: 1
05-27 09:04:05.222   581   581 D spidev_ioctl: gpio status=1)
05-27 19:12:56.262 13911 14183 I SentryImuMcuAngleSender: 179.98598rollDeg
05-27 19:12:56.262 13911 14183 I SentryImuMcuAngleSender: 1,0,0
05-27 19:12:56.263   581   581 I SpiService: fgesysctrl_getGPIO_status success val=1
05-27 09:04:05.227   581   581 D spi_rst_gpio_get_output: GPIO 145 value: 1
05-27 09:04:05.227   581   581 D spidev_ioctl: gpio status=1)
05-27 19:12:56.268   581   581 I SpiService: fgesysctrl_getGPIO_status success val=0
05-27 19:12:56.269   481   597 I mcuc    : send SPI:6AA601873D00F809018904010981020101000000000000000000000000000000000000000000000000000000000000000000000000000000000000000000000000000000000000000000000000000000000000000000000000000000000000000000000000000000000000000000000000000000000000000000000000000000000000000000000000000000000000000000000000000000000000000000000000000000000000000000000000000000000000000000000000000000000000000000000000000000000000000000000000000000000000000000000000000000000000000000000000000000000000000000000000000000000000000000001D
05-27 09:04:05.233   581   581 D spi_rst_gpio_get_output: GPIO 145 value: 0
05-27 09:04:05.233   581   581 D spidev_ioctl: gpio status=0)
05-27 19:12:56.279   572   622 I Sensors : 230 GyroSensor: x:-0.011835,y:0.005039,z:0.001527
05-27 19:12:56.283   581   581 I SpiService: fgesysctrl_getGPIO_status success val=1
05-27 19:12:56.283 13911 14183 I SentryImuMcuAngleSender: 179.95094rollDeg
05-27 19:12:56.283 13911 14183 I SentryImuMcuAngleSender: 1,0,0
05-27 09:04:05.247   581   581 D spi_rst_gpio_get_output: GPIO 145 value: 1
05-27 09:04:05.247   581   581 D spidev_ioctl: gpio status=1)
05-27 19:12:56.288   581   581 I SpiService: fgesysctrl_getGPIO_status success val=1
05-27 09:04:05.253   581   581 D spi_rst_gpio_get_output: GPIO 145 value: 1
05-27 09:04:05.253   581   581 D spidev_ioctl: gpio status=1)
05-27 19:12:56.292   830   830 D SurfaceFlinger: unisoc-graphics, commit has frameMissed:2, vysncId:447978
05-27 19:12:56.293   581   581 I SpiService: fgesysctrl_getGPIO_status success val=1
05-27 09:04:05.258   581   581 D spi_rst_gpio_get_output: GPIO 145 value: 1
05-27 09:04:05.258   581   581 D spidev_ioctl: gpio status=1)
05-27 19:12:56.299   536   536 D commservice260303: msg.id = 1028,1
05-27 19:12:56.299   536   536 D commservice260303: i = 170, msgid = 8A000404
05-27 19:12:56.299   536   536 D commservice260303: msgid = -1979710460,did=138
05-27 19:12:56.299   536   536 D commservice260303: CommProtocolLibCmdBaseI2C::dataproc {"command":{"id":"imu_status","sub":""},"content":{"TimeStamp":12,"FrameCounter":288284,"GD_X":-0.011910883709788322,"GD_Y":0.005345047451555729,"GD_Z":0.0012977708829566836,"AD_X":0.0026417672634124756,"AD_Y":0.005303123965859413,"AD_Z":-0.1682577133178711,"TempDsp":0,"Status":0,"CalibState":1,"SigAmpInvalid":0}},-1979710460
05-27 19:12:56.299   581   581 I SpiService: fgesysctrl_getGPIO_status success val=1
05-27 19:12:56.299   536   536 D commservice260303: send2Cluster len:315, 7B22636F6D6D616E64223A7B226964223A22696D755F737461747573222C22737562223A22227D2C22636F6E74656E74223A7B2254696D655374616D70223A31322C224672616D65436F756E746572223A3238383238342C2247445F58223A2D302E3031313931303838333730393738383332322C2247445F59223A302E3030353334353034373435313535353732392C2247445F5A223A302E303031323937373730383832393536363833362C2241445F58223A302E303032363431373637323633343132343735362C2241445F59223A302E3030353330333132333936353835393431332C2241445F5A223A2D302E313638323537373133333137383731312C2254656D70447370223A302C22537461747573223A302C2243616C69625374617465223A312C22536967416D70496E76616C6964223A307D7D, 138 
05-27 19:12:56.299   536   536 D commservice260303: Push Message into SendPool fn=-207027200
05-27 19:12:56.299   536   536 D commservice260303: ComProtocolLibSend2Cluster::send2ClusterRaw fn=-207027200 , len=331
05-27 19:12:56.299   536   536 D commservice260303: sendCmdToPort :331!!!
05-27 19:12:56.299   536   536 D commservice260303: send Cmd To Port ++++5AA501478A010004A9F36A16D1B87B22636F6D6D616E64223A7B226964223A22696D755F737461747573222C22737562223A22227D2C22636F6E74656E74223A7B2254696D655374616D70223A31322C224672616D65436F756E746572223A3238383238342C2247445F58223A2D302E3031313931303838333730393738383332322C2247445F59223A302E3030353334353034373435313535353732392C2247445F5A223A302E303031323937373730383832393536363833362C2241445F58223A302E303032363431373637323633343132343735362C2241445F59223A302E3030353330333132333936353835393431332C2241445F5A223A2D302E313638323537373133333137383731312C2254656D70447370223A302C22537461747573223A302C2243616C69625374617465223A312C22536967416D70496E76616C6964223A307D7DCFC2
05-27 19:12:56.300   536   536 D commservice260303: bufferevent_write retrun value = 0
05-27 19:12:56.300   536   560 D commservice260303: client datas send succeed,send finish
05-27 19:12:56.300 13911 14192 D Sentinelmode_1.2.5.17_sentry: <SentryImuClusterFgeSender>imu_status sent to Linux, frame=288284, tsNs=12243547, tsMs=12, intervalMs=40, ad=(0.0026417673,0.005303124,-0.16825771), gd=(-0.011910884,0.0053450475,0.0012977709)
05-27 09:04:05.263   581   581 D spi_rst_gpio_get_output: GPIO 145 value: 1
05-27 09:04:05.264   581   581 D spidev_ioctl: gpio status=1)
05-27 19:12:56.304 13911 14183 I SentryImuMcuAngleSender: 179.94392rollDeg
05-27 19:12:56.304 13911 14183 I SentryImuMcuAngleSender: 1,0,0
05-27 19:12:56.304   581   581 I SpiService: fgesysctrl_getGPIO_status success val=1
05-27 09:04:05.269   581   581 D spi_rst_gpio_get_output: GPIO 145 value: 1
05-27 09:04:05.269   581   581 D spidev_ioctl: gpio status=1)
05-27 19:12:56.308   830   830 D SurfaceFlinger: unisoc-graphics, commit has frameMissed:2, vysncId:447993
05-27 19:12:56.310   581   581 I SpiService: fgesysctrl_getGPIO_status success val=0
05-27 19:12:56.312 11344 11344 E SystemUI_NavBarFragment: SysUIConfig.icCarServiceConnected：false
05-27 09:04:05.274   581   581 D spi_rst_gpio_get_output: GPIO 145 value: 0
05-27 09:04:05.274   581   581 D spidev_ioctl: gpio status=0)
05-27 19:12:56.323   481   598 I mcuc    : rev,n=1,6AA682873D00020901AE
05-27 19:12:56.324   581   581 I SpiService: fgesysctrl_getGPIO_status success val=1
05-27 19:12:56.325 13911 14183 I SentryImuMcuAngleSender: 179.95796rollDeg
05-27 19:12:56.325 13911 14183 I SentryImuMcuAngleSender: 1,0,0
05-27 09:04:05.289   581   581 D spi_rst_gpio_get_output: GPIO 145 value: 1
05-27 09:04:05.289   581   581 D spidev_ioctl: gpio status=1)
05-27 19:12:56.329   581   581 I SpiService: fgesysctrl_getGPIO_status success val=1
05-27 09:04:05.294   581   581 D spi_rst_gpio_get_output: GPIO 145 value: 1
05-27 09:04:05.294   581   581 D spidev_ioctl: gpio status=1)
05-27 19:12:56.335   581   581 I SpiService: fgesysctrl_getGPIO_status success val=1
05-27 09:04:05.299   581   581 D spi_rst_gpio_get_output: GPIO 145 value: 1
05-27 09:04:05.299   581   581 D spidev_ioctl: gpio status=1)
05-27 19:12:56.339   536   536 D commservice260303: msg.id = 1028,0
05-27 19:12:56.339   536   536 D commservice260303: i = 170, msgid = 8A000404
05-27 19:12:56.339   536   536 D commservice260303: msgid = -1979710460,did=138
05-27 19:12:56.339   536   536 D commservice260303: CommProtocolLibCmdBaseI2C::dataproc {"command":{"id":"imu_status","sub":""},"content":{"TimeStamp":12,"FrameCounter":288285,"GD_X":-0.011682018637657166,"GD_Y":0.004963258747011423,"GD_Z":0.0017560218693688512,"AD_X":-0.0016413629055023193,"AD_Y":4.1237426921725273E-4,"AD_Z":-0.16947650909423828,"TempDsp":0,"Status":0,"CalibState":1,"SigAmpInvalid":0}},-1979710460
05-27 19:12:56.340   536   536 D commservice260303: send2Cluster len:318, 7B22636F6D6D616E64223A7B226964223A22696D755F737461747573222C22737562223A22227D2C22636F6E74656E74223A7B2254696D655374616D70223A31322C224672616D65436F756E746572223A3238383238352C2247445F58223A2D302E3031313638323031383633373635373136362C2247445F59223A302E3030343936333235383734373031313432332C2247445F5A223A302E303031373536303231383639333638383531322C2241445F58223A2D302E303031363431333632393035353032333139332C2241445F59223A342E31323337343236393231373235323733452D342C2241445F5A223A2D302E31363934373635303930393432333832382C2254656D70447370223A302C22537461747573223A302C2243616C69625374617465223A312C22536967416D70496E76616C6964223A307D7D, 138 
05-27 19:12:56.340   536   536 D commservice260303: Push Message into SendPool fn=-190249984
05-27 19:12:56.340   536   536 D commservice260303: ComProtocolLibSend2Cluster::send2ClusterRaw fn=-190249984 , len=334
05-27 19:12:56.340   536   536 D commservice260303: sendCmdToPort :334!!!
05-27 19:12:56.340   536   536 D commservice260303: send Cmd To Port ++++5AA5014A8A010004A9F46A16D1B87B22636F6D6D616E64223A7B226964223A22696D755F737461747573222C22737562223A22227D2C22636F6E74656E74223A7B2254696D655374616D70223A31322C224672616D65436F756E746572223A3238383238352C2247445F58223A2D302E3031313638323031383633373635373136362C2247445F59223A302E3030343936333235383734373031313432332C2247445F5A223A302E303031373536303231383639333638383531322C2241445F58223A2D302E303031363431333632393035353032333139332C2241445F59223A342E31323337343236393231373235323733452D342C2241445F5A223A2D302E31363934373635303930393432333832382C2254656D70447370223A302C22537461747573223A302C2243616C69625374617465223A312C22536967416D70496E76616C6964223A307D7DE8B8
05-27 19:12:56.340   536   536 D commservice260303: bufferevent_write retrun value = 0
05-27 19:12:56.340   581   581 I SpiService: fgesysctrl_getGPIO_status success val=1
05-27 19:12:56.340   536   560 D commservice260303: client datas send succeed,send finish
05-27 19:12:56.340 13911 14192 D Sentinelmode_1.2.5.17_sentry: <SentryImuClusterFgeSender>imu_status sent to Linux, frame=288285, tsNs=12243583, tsMs=12, intervalMs=40, ad=(-0.0016413629,4.1237427E-4,-0.16947651), gd=(-0.011682019,0.0049632587,0.0017560219)
05-27 09:04:05.304   581   581 D spi_rst_gpio_get_output: GPIO 145 value: 1
05-27 09:04:05.304   581   581 D spidev_ioctl: gpio status=1)
05-27 19:12:56.345   581   581 I SpiService: fgesysctrl_getGPIO_status success val=1
05-27 19:12:56.346 13911 14183 I SentryImuMcuAngleSender: 179.97197rollDeg
05-27 19:12:56.346 13911 14183 I SentryImuMcuAngleSender: 1,0,0
05-27 09:04:05.310   581   581 D spi_rst_gpio_get_output: GPIO 145 value: 1
05-27 09:04:05.310   581   581 D spidev_ioctl: gpio status=1)
05-27 19:12:56.351   581   581 I SpiService: fgesysctrl_getGPIO_status success val=0
05-27 09:04:05.315   581   581 D spi_rst_gpio_get_output: GPIO 145 value: 0
05-27 09:04:05.315   581   581 D spidev_ioctl: gpio status=0)
05-27 19:12:56.353   283   307 I rvcservice: t.code = 3, t.value = 0
05-27 19:12:56.360   830   830 D SurfaceFlinger: unisoc-graphics, commit has frameMissed:2, vysncId:448031
05-27 19:12:56.365   581   581 I SpiService: fgesysctrl_getGPIO_status success val=1
05-27 19:12:56.367 13911 14183 I SentryImuMcuAngleSender: 179.97546rollDeg
05-27 19:12:56.367 13911 14183 I SentryImuMcuAngleSender: 1,0,0
05-27 09:04:05.329   581   581 D spi_rst_gpio_get_output: GPIO 145 value: 1
05-27 09:04:05.329   581   581 D spidev_ioctl: gpio status=1)
05-27 19:12:56.370   581   581 I SpiService: fgesysctrl_getGPIO_status success val=1
05-27 09:04:05.335   581   581 D spi_rst_gpio_get_output: GPIO 145 value: 1
05-27 09:04:05.335   581   581 D spidev_ioctl: gpio status=1)
05-27 19:12:56.375   581   581 I SpiService: fgesysctrl_getGPIO_status success val=1
05-27 09:04:05.340   581   581 D spi_rst_gpio_get_output: GPIO 145 value: 1
05-27 09:04:05.340   581   581 D spidev_ioctl: gpio status=1)
05-27 19:12:56.377   830   830 D SurfaceFlinger: unisoc-graphics, commit has frameMissed:2, vysncId:448039
05-27 19:12:56.381   581   581 I SpiService: fgesysctrl_getGPIO_status success val=1
05-27 19:12:56.382   536   536 D commservice260303: msg.id = 1028,0
05-27 19:12:56.382   536   536 D commservice260303: i = 170, msgid = 8A000404
05-27 19:12:56.382   536   536 D commservice260303: msgid = -1979710460,did=138
05-27 19:12:56.382   536   536 D commservice260303: CommProtocolLibCmdBaseI2C::dataproc {"command":{"id":"imu_status","sub":""},"content":{"TimeStamp":12,"FrameCounter":288286,"GD_X":-0.012370175682008266,"GD_Y":0.004428025335073471,"GD_Z":0.002213752595707774,"AD_X":-0.0046847909688949585,"AD_Y":0.0010204487480223179,"AD_Z":-0.1682577133178711,"TempDsp":0,"Status":0,"CalibState":1,"SigAmpInvalid":0}},-1979710460
05-27 19:12:56.382   536   536 D commservice260303: send2Cluster len:316, 7B22636F6D6D616E64223A7B226964223A22696D755F737461747573222C22737562223A22227D2C22636F6E74656E74223A7B2254696D655374616D70223A31322C224672616D65436F756E746572223A3238383238362C2247445F58223A2D302E3031323337303137353638323030383236362C2247445F59223A302E3030343432383032353333353037333437312C2247445F5A223A302E3030323231333735323539353730373737342C2241445F58223A2D302E303034363834373930393638383934393538352C2241445F59223A302E303031303230343438373438303232333137392C2241445F5A223A2D302E313638323537373133333137383731312C2254656D70447370223A302C22537461747573223A302C2243616C69625374617465223A312C22536967416D70496E76616C6964223A307D7D, 138 
05-27 19:12:56.382   536   536 D commservice260303: Push Message into SendPool fn=-173472768
05-27 19:12:56.382   536   536 D commservice260303: ComProtocolLibSend2Cluster::send2ClusterRaw fn=-173472768 , len=332
05-27 19:12:56.382   536   536 D commservice260303: sendCmdToPort :332!!!
05-27 19:12:56.382   536   536 D commservice260303: send Cmd To Port ++++5AA501488A010004A9F56A16D1B87B22636F6D6D616E64223A7B226964223A22696D755F737461747573222C22737562223A22227D2C22636F6E74656E74223A7B2254696D655374616D70223A31322C224672616D65436F756E746572223A3238383238362C2247445F58223A2D302E3031323337303137353638323030383236362C2247445F59223A302E3030343432383032353333353037333437312C2247445F5A223A302E3030323231333735323539353730373737342C2241445F58223A2D302E303034363834373930393638383934393538352C2241445F59223A302E303031303230343438373438303232333137392C2241445F5A223A2D302E313638323537373133333137383731312C2254656D70447370223A302C22537461747573223A302C2243616C69625374617465223A312C22536967416D70496E76616C6964223A307D7D27C1
05-27 19:12:56.382   536   536 D commservice260303: bufferevent_write retrun value = 0
05-27 19:12:56.382   536   560 D commservice260303: client datas send succeed,send finish
05-27 19:12:56.383 13911 14192 D Sentinelmode_1.2.5.17_sentry: <SentryImuClusterFgeSender>imu_status sent to Linux, frame=288286, tsNs=12243619, tsMs=12, intervalMs=42, ad=(-0.004684791,0.0010204487,-0.16825771), gd=(-0.012370176,0.0044280253,0.0022137526)
05-27 09:04:05.345   581   581 D spi_rst_gpio_get_output: GPIO 145 value: 1
05-27 09:04:05.345   581   581 D spidev_ioctl: gpio status=1)
05-27 19:12:56.386 13911 14183 I SentryImuMcuAngleSender: 179.96846rollDeg
05-27 19:12:56.386 13911 14183 I SentryImuMcuAngleSender: 1,0,0
05-27 19:12:56.386   581   581 I SpiService: fgesysctrl_getGPIO_status success val=1
05-27 19:12:56.387   572   622 I Sensors : 230 AccelSensor: x:-0.169580,y:0.004880,z:-9.971670
05-27 09:04:05.351   581   581 D spi_rst_gpio_get_output: GPIO 145 value: 1
05-27 09:04:05.351   581   581 D spidev_ioctl: gpio status=1)
05-27 19:12:56.392   581   581 I SpiService: fgesysctrl_getGPIO_status success val=0
05-27 19:12:56.392   566 11459 I gps_hdbd: Received: '$GNGGA,012847.000,,,,,0,00,,,M,,M,,*6E
'
05-27 19:12:56.393   566 11459 I gps_hdbd: Received: '$GNGSA,A,1,,,,,,,,,,,,,,,,1*1D
'
05-27 09:04:05.356   581   581 D spi_rst_gpio_get_output: GPIO 145 value: 0
05-27 09:04:05.356   581   581 D spidev_ioctl: gpio status=0)
05-27 19:12:56.398   566 11459 I gps_hdbd: Received: '$GNGSA,A,1,,,,,,,,,,,,,,,,3*1F
'
05-27 19:12:56.398   566 11459 I gps_hdbd: Received: '$GNGSA,A,1,,,,,,,,,,,,,,,,4*18
'
05-27 19:12:56.399   566 11459 I gps_hdbd: Received: '$BDGSV,1,1,00,1*75
'
05-27 19:12:56.405   566 11459 I gps_hdbd: Received: '$BDGSV,1,1,00,5*71
'
05-27 19:12:56.406 13911 14183 I SentryImuMcuAngleSender: 179.97197rollDeg
05-27 19:12:56.406   581   581 I SpiService: fgesysctrl_getGPIO_status success val=1
05-27 19:12:56.406 13911 14183 I SentryImuMcuAngleSender: 1,0,0
05-27 19:12:56.407   481   598 I mcuc    : rev,n=1,6AA681F6C7000B8300E0000000000000000054
05-27 19:12:56.407   351   373 D automotive.vehicle@2.0-adayo-datacomm-mcu: MCUDatacomm sendMessageFromVehicle prop: 0x83, areaId: 0x0, status: 0x0, timestamp: 0x0
05-27 19:12:56.408   351   373 D automotive.vehicle@2.0-adayo-datacomm-mcu: MCUDatacomm 1sendMessageFromVehicle ---> type = 7 
05-27 19:12:56.408   351   373 I automotive.vehicle@2.0-adayo-func-mcu: MCUFunc :sendMessageFromVehicle  msgBuff[0] = 131 
05-27 19:12:56.408   351   373 I automotive.vehicle@2.0-adayo-func-mcu: MCUFunc :sendMessageFromVehicle  msgBuff[1] = 0 
05-27 19:12:56.408   351   373 I automotive.vehicle@2.0-adayo-func-mcu: MCUFunc :sendMessageFromVehicle  msgBuff[2] = 0 
05-27 19:12:56.408   351   373 I automotive.vehicle@2.0-adayo-func-mcu: MCUFunc :sendMessageFromVehicle  msgBuff[3] = 0 
05-27 19:12:56.408   351   373 I automotive.vehicle@2.0-adayo-func-mcu: MCUFunc :sendMessageFromVehicle  msgBuff[4] = 3 
05-27 19:12:56.408   351   373 I automotive.vehicle@2.0-adayo-func-mcu: MCUFunc :sendMessageFromVehicle  msgBuff[5] = 1 
05-27 19:12:56.408   351   373 I automotive.vehicle@2.0-adayo-func-mcu: MCUFunc :sendMessageFromVehicle  msgBuff[6] = 0 
05-27 19:12:56.408   351   373 I automotive.vehicle@2.0-adayo-func-mcu: MCUFunc :sendMessageFromVehicle  msgBuff[7] = 0 
05-27 19:12:56.408   351   373 I automotive.vehicle@2.0-adayo-func-mcu: MCUFunc :sendMessageFromVehicle  msgBuff[8] = 0 
05-27 19:12:56.408   351   373 I automotive.vehicle@2.0-adayo-func-mcu: MCUFunc :sendMessageFromVehicle  msgBuff[9] = 0 
05-27 19:12:56.408   351   373 I automotive.vehicle@2.0-adayo-func-mcu: MCUFunc :sendMessageFromVehicle  msgBuff[10] = 0 
05-27 19:12:56.408   351   373 I automotive.vehicle@2.0-adayo-func-mcu: MCUFunc :sendMessageFromVehicle  msgBuff[11] = 0 
05-27 19:12:56.408   351   373 I automotive.vehicle@2.0-adayo-func-mcu: MCUFunc :sendMessageFromVehicle  msgBuff[12] = 0 
05-27 19:12:56.408   351   373 I automotive.vehicle@2.0-adayo-func-mcu: MCUFunc :sendMessageFromVehicle  msgBuff[13] = 0 
05-27 19:12:56.408   351   373 I automotive.vehicle@2.0-adayo-func-mcu: MCUFunc :sendMessageFromVehicle  msgBuff[14] = 0 
05-27 19:12:56.408   351   373 I automotive.vehicle@2.0-adayo-func-mcu: MCUFunc :sendMessageFromVehicle  msgBuff[15] = 0 
05-27 19:12:56.408   351   373 I automotive.vehicle@2.0-adayo-func-mcu: MCUFunc :sendMessageFromVehicle  msgBuff[16] = 0 
05-27 09:04:05.370   581   581 D spi_rst_gpio_get_output: GPIO 145 value: 1
05-27 09:04:05.371   581   581 D spidev_ioctl: gpio status=1)
05-27 19:12:56.409   481   598 I mcuc    : rev,n=2,6AA681F6C8000384150025
05-27 19:12:56.410   566 11459 I gps_hdbd: Received: '$GPGSV,1,1,01,199,42,165,,1*60
'
05-27 19:12:56.411   566 11459 I gps_hdbd: Received: '$GPGSV,1,1,00,8*6D
'
05-27 19:12:56.411   566 11459 I gps_hdbd: Received: '$GAGSV,1,1,00,7*73
'
05-27 19:12:56.411   581   581 I SpiService: fgesysctrl_getGPIO_status success val=1
05-27 19:12:56.412   481   598 I mcuc    : rev,n=3,6AA681F6C9008C8305000055000000B000000000000100010000BAD44BB1F52A864C074BF669B84C0698004C07B27C24A638F84C00000000040000B3000000000000000000000000000000B44300000000000300000000000000AA000000E40701010000000000000000BB06050507EA051B000008009403CB00CC000000000000000000000000000000B5000000000000000001
05-27 19:12:56.412   351   373 D automotive.vehicle@2.0-adayo-datacomm-mcu: MCUDatacomm sendMessageFromVehicle prop: 0x83, areaId: 0x5, status: 0x0, timestamp: 0x0
05-27 19:12:56.412   351   373 D automotive.vehicle@2.0-adayo-datacomm-mcu: MCUDatacomm 1sendMessageFromVehicle ---> type = 7 
05-27 19:12:56.412   351   373 I automotive.vehicle@2.0-adayo-func-mcu: MCUFunc :sendMessageFromVehicle  msgBuff[0] = 131 
05-27 19:12:56.412   351   373 I automotive.vehicle@2.0-adayo-func-mcu: MCUFunc :sendMessageFromVehicle  msgBuff[1] = 5 
05-27 19:12:56.412   351   373 I automotive.vehicle@2.0-adayo-func-mcu: MCUFunc :sendMessageFromVehicle  msgBuff[2] = 0 
05-27 19:12:56.412   351   373 I automotive.vehicle@2.0-adayo-func-mcu: MCUFunc :sendMessageFromVehicle  msgBuff[3] = 0 
05-27 19:12:56.412   351   373 I automotive.vehicle@2.0-adayo-func-mcu: MCUFunc :sendMessageFromVehicle  msgBuff[4] = 85 
05-27 19:12:56.412   351   373 I automotive.vehicle@2.0-adayo-func-mcu: MCUFunc :sendMessageFromVehicle  msgBuff[5] = 0 
05-27 09:04:05.376   581   581 D spi_rst_gpio_get_output: GPIO 145 value: 1
05-27 09:04:05.376   581   581 D spidev_ioctl: gpio status=1)
05-27 19:12:56.416   566 11459 I gps_hdbd: Received: '$GAGSV,1,1,00,1*75
'
05-27 19:12:56.417   581   581 I SpiService: fgesysctrl_getGPIO_status success val=1
05-27 09:04:05.381   581   581 D spi_rst_gpio_get_output: GPIO 145 value: 1
05-27 09:04:05.381   581   581 D spidev_ioctl: gpio status=1)
05-27 19:12:56.422   566 11459 I gps_hdbd: Received: '$GNRMC,012847.000,V,,,,,,,270526,120.0,E,N,V*4D
'
05-27 19:12:56.422   581   581 I SpiService: fgesysctrl_getGPIO_status success val=1
05-27 19:12:56.422   566 11459 I gps_hdbd: RMC : CALL gnss_sv_status_cb, view_in_sat <1>
05-27 19:12:56.422   566 11459 I gps_hdbd: [reportSvStatus]--->PLATFORM_BSP::Enter
05-27 19:12:56.422   536   536 D commservice260303: msg.id = 1028,0
05-27 19:12:56.422   536   536 D commservice260303: i = 170, msgid = 8A000404
05-27 19:12:56.422   536   536 D commservice260303: msgid = -1979710460,did=138
05-27 19:12:56.422   536   536 D commservice260303: CommProtocolLibCmdBaseI2C::dataproc {"command":{"id":"imu_status","sub":""},"content":{"TimeStamp":12,"FrameCounter":288287,"GD_X":-0.012063807807862759,"GD_Y":0.004046236630529165,"GD_Z":0.0017560218693688512,"AD_X":-0.0022447556257247925,"AD_Y":-0.002023880137130618,"AD_Z":-0.1664266586303711,"TempDsp":0,"Status":0,"CalibState":1,"SigAmpInvalid":0}},-1979710460
05-27 19:12:56.422   536   536 D commservice260303: send2Cluster len:317, 7B22636F6D6D616E64223A7B226964223A22696D755F737461747573222C22737562223A22227D2C22636F6E74656E74223A7B2254696D655374616D70223A31322C224672616D65436F756E746572223A3238383238372C2247445F58223A2D302E3031323036333830373830373836323735392C2247445F59223A302E3030343034363233363633303532393136352C2247445F5A223A302E303031373536303231383639333638383531322C2241445F58223A2D302E303032323434373535363235373234373932352C2241445F59223A2D302E3030323032333838303133373133303631382C2241445F5A223A2D302E313636343236363538363330333731312C2254656D70447370223A302C22537461747573223A302C2243616C69625374617465223A312C22536967416D70496E76616C6964223A307D7D, 138 
05-27 19:12:56.423   536   536 D commservice260303: Push Message into SendPool fn=-156695552
05-27 19:12:56.423   536   536 D commservice260303: ComProtocolLibSend2Cluster::send2ClusterRaw fn=-156695552 , len=333
05-27 19:12:56.423   536   536 D commservice260303: sendCmdToPort :333!!!
05-27 19:12:56.423   536   536 D commservice260303: send Cmd To Port ++++5AA501498A010004A9F66A16D1B87B22636F6D6D616E64223A7B226964223A22696D755F737461747573222C22737562223A22227D2C22636F6E74656E74223A7B2254696D655374616D70223A31322C224672616D65436F756E746572223A3238383238372C2247445F58223A2D302E3031323036333830373830373836323735392C2247445F59223A302E3030343034363233363633303532393136352C2247445F5A223A302E303031373536303231383639333638383531322C2241445F58223A2D302E303032323434373535363235373234373932352C2241445F59223A2D302E3030323032333838303133373133303631382C2241445F5A223A2D302E313636343236363538363330333731312C2254656D70447370223A302C22537461747573223A302C2243616C69625374617465223A312C22536967416D70496E76616C6964223A307D7DA0B7
05-27 19:12:56.423   566 11459 I gps_hdbd: hy abnormal deal:hy_cnr30_satellite_cnt=0
05-27 19:12:56.423   536   536 D commservice260303: bufferevent_write retrun value = 0
05-27 19:12:56.423   566 11459 D gps_hdbd: hy abnormal deal:hy_fixStatus_fail_count=0
05-27 19:12:56.423   536   560 D commservice260303: client datas send succeed,send finish
05-27 19:12:56.423  1083  1083 W MyAppLog: [2026-05-27 19:12:56.422 W tboxap gpsSyncGpsInfoToDm:361] [Gps] [gpsSyncGpsInfoToDm] fix=0 mode=49 corner:0x01 alt=0.00 sat=0 hdop=0.00 pdop=0.00 vdop=0.00
05-27 19:12:56.423   566 11459 I gps_hdbd: Received: '$GNZDA,012847.000,27,05,2026,00,00*46
'
05-27 19:12:56.423 13911 14192 D Sentinelmode_1.2.5.17_sentry: <SentryImuClusterFgeSender>imu_status sent to Linux, frame=288287, tsNs=12243656, tsMs=12, intervalMs=41, ad=(-0.0022447556,-0.0020238801,-0.16642666), gd=(-0.012063808,0.0040462366,0.0017560219)
05-27 09:04:05.387   581   581 D spi_rst_gpio_get_output: GPIO 145 value: 1
05-27 09:04:05.387   581   581 D spidev_ioctl: gpio status=1)
05-27 19:12:56.427 13911 14183 I SentryImuMcuAngleSender: 179.98598rollDeg
05-27 19:12:56.427 13911 14183 I SentryImuMcuAngleSender: 1,0,0
05-27 19:12:56.428   581   581 I SpiService: fgesysctrl_getGPIO_status success val=1
05-27 09:04:05.392   581   581 D spi_rst_gpio_get_output: GPIO 145 value: 1
05-27 09:04:05.392   581   581 D spidev_ioctl: gpio status=1)
05-27 19:12:56.429 28437 28493 D ANW_AVRCP: (28437|0xFF195CB0)[AVRCP] API getPlayStatusTimerHandler
05-27 19:12:56.429 28437 28493 D ANW_AVRCP: (28437|0xFF195CB0)[AVRCP] API AVRCP_GetPlayStatus
05-27 19:12:56.429 28437 28493 D ANWStack: [  12243680][ANWBT] <<Avctp_Send_Message 0/1:
05-27 19:12:56.429 28437 28493 D ANWStack: 
