05-27 19:12:54.317  3711  3711 D AnwSdkService: run createPbapParsedDataUpdateMessageHandleThread
05-27 19:12:54.318   572   622 I Sensors : 230 GyroSensor: x:-0.011835,y:0.005268,z:0.002596
05-27 19:12:54.318 13911 14192 D Sentinelmode_1.2.5.17_sentry: <SentryImuClusterFgeSender>imu_status sent to Linux, frame=288235, tsNs=12241550, tsMs=12, intervalMs=39, ad=(-0.0047525913,-0.005767403,-0.1670456), gd=(-0.011910884,0.005115142,0.002596062)
05-27 09:04:03.282   581   581 D spi_rst_gpio_get_output: GPIO 145 value: 1
05-27 09:04:03.282   581   581 D spidev_ioctl: gpio status=1)
05-27 19:12:54.323   581   581 I SpiService: fgesysctrl_getGPIO_status success val=1
05-27 09:04:03.287   581   581 D spi_rst_gpio_get_output: GPIO 145 value: 1
05-27 09:04:03.287   581   581 D spidev_ioctl: gpio status=1)
05-27 09:04:03.293   581   581 D spi_rst_gpio_get_output: GPIO 145 value: 1
05-27 09:04:03.293   581   581 D spidev_ioctl: gpio status=1)
05-27 19:12:54.325   830   830 D SurfaceFlinger: unisoc-graphics, commit has frameMissed:2, vysncId:446626
05-27 19:12:54.328   581   581 I SpiService: fgesysctrl_getGPIO_status success val=1
05-27 19:12:54.331 13911 14183 I SentryImuMcuAngleSender: -179.99298rollDeg
05-27 19:12:54.331 13911 14183 I SentryImuMcuAngleSender: 1,0,0
05-27 19:12:54.333  3711  3711 W ContextImpl: Calling a method in the system process without a qualified user: android.app.ContextImpl.startService:1863 android.content.ContextWrapper.startService:817 com.anwsdk.service.anwbtservice.onCreate:7516 android.app.ActivityThread.handleCreateService:4616 android.app.ActivityThread.-$$Nest$mhandleCreateService:0 
05-27 19:12:54.333 10188 10188 D NotificationService: EnqueueNotificationRunnable.run for: 0|com.yadea.btmusic|8001|null|1000
05-27 19:12:54.333 10188 10188 I notification_enqueue: [1000,15525,com.yadea.btmusic,8001,NULL,0,Notification(channel=media_playback_channel shortcut=null contentView=null vibrate=null sound=null defaults=0x0 flags=0x48 color=0x00000000 category=transport groupKey=silent actions=3 vis=PUBLIC),1]
05-27 19:12:54.334   581   581 I SpiService: fgesysctrl_getGPIO_status success val=0
05-27 19:12:54.334 10188 16726 W ActivityManager: Unable to start service Intent { cmp=com.anwsdk.service/.HfpClientConnectionService } U=0: not found with resolvedType = null, flags = 268436480, userId = 0, callingUid = 1000
05-27 19:12:54.335  3711  3711 D AnwSdkService: 20210721 checking self APK rom size
05-27 19:12:54.335 15525 15525 I NSLogUtils_BtMusicModel: onPlaybackStateChanged state: PlaybackState {state=1, position=0, buffered position=0, speed=0.0, updated=12241539, actions=16511, custom actions=[], active item id=-1, error=null} mIsBCallInCall=false
05-27 09:04:03.299   581   581 D spi_rst_gpio_get_output: GPIO 145 value: 0
05-27 09:04:03.299   581   581 D spidev_ioctl: gpio status=0)
05-27 19:12:54.339 11731 11731 I ExtAssistant: ENQUEUED 0|com.yadea.btmusic|8001|null|1000 on media_playback_channel
05-27 19:12:54.339 15525 15525 I NSLogUtils_BtMusicModel: musicChange metaData: android.media.MediaMetadata@ce0e91
05-27 19:12:54.340 15525 15525 I NSLogUtils_BtMusicModel: musicChange title: null,artist: null,duration: 0,album: null,albumArtUri: null
05-27 19:12:54.340 11731 13524 D ExtAssistant: Creating Adjustment for 0|com.yadea.btmusic|8001|null|1000, with 0 actions, and 0 replies.
05-27 19:12:54.342 15525 15525 D NSLogUtils_MediaForegroundService: updateNotification isPlaying=false title=null text=null
05-27 19:12:54.342 15525 15525 I NSLogUtils_MediaForegroundService: getAlbumArtBitmap IMG uri is null
05-27 19:12:54.342   830   830 D SurfaceFlinger: unisoc-graphics, commit has frameMissed:2, vysncId:446634
05-27 19:12:54.347 10188 10188 D NotificationService: EnqueueNotificationRunnable.run for: 0|com.yadea.btmusic|8001|null|1000
05-27 19:12:54.347 10188 10188 I notification_enqueue: [1000,15525,com.yadea.btmusic,8001,NULL,0,Notification(channel=media_playback_channel shortcut=null contentView=null vibrate=null sound=null defaults=0x0 flags=0x48 color=0x00000000 category=transport groupKey=silent actions=3 vis=PUBLIC),1]
05-27 19:12:54.349   283   307 I rvcservice: t.code = 1, t.value = -168360
05-27 19:12:54.350   481   598 I mcuc    : rev,n=1,6AA681F6BC000A890030010409031234565D
05-27 19:12:54.350 11731 11731 I ExtAssistant: ENQUEUED 0|com.yadea.btmusic|8001|null|1000 on media_playback_channel
05-27 19:12:54.350   581   581 I SpiService: fgesysctrl_getGPIO_status success val=1
05-27 19:12:54.350  1121  1144 I tboxmids_ap: [2026-05-27 19:12:54.350] [MCU RX] src=MCU dst=ZMQ len=10 type=BINARY data=00 08 30 01 04 09 03 12 34 56 
05-27 19:12:54.350   351   373 D automotive.vehicle@2.0-adayo-datacomm-mcu: MCUDatacomm sendMessageFromVehicle prop: 0x89, areaId: 0x0, status: 0x30, timestamp: 0x1
05-27 19:12:54.350   351   373 D automotive.vehicle@2.0-adayo-datacomm-mcu: MCUDatacomm 1sendMessageFromVehicle ---> type = 12 
05-27 19:12:54.351 11731 13524 D ExtAssistant: Creating Adjustment for 0|com.yadea.btmusic|8001|null|1000, with 0 actions, and 0 replies.
05-27 19:12:54.352  1083  1083 I MyAppLog: [2026-05-27 19:12:54.351 I tboxap mcuCommTboxmidsRecvCb:97] [Mcu] [mcuCommTboxmidsRecvCb] recv from tboxmids, size:10
05-27 19:12:54.352  1083  1083 I MyAppLog: [2026-05-27 19:12:54.351 I tboxap mcuCommTboxmidsRecvCb:98] [Mcu] [tboxmids -> tboxap]: :00 08 30 01 04 09 03 12 34 56
05-27 09:04:03.314   581   581 D spi_rst_gpio_get_output: GPIO 145 value: 1
05-27 19:12:54.352  1083  1083 I MyAppLog: [2026-05-27 19:12:54.351 I tboxap mcuPtlParseData:990] [Mcu] [Mcu  Parse]: (cmd):0903 (param):0903123456
05-27 09:04:03.314   581   581 D spidev_ioctl: gpio status=1)
05-27 19:12:54.352 13911 14183 I SentryImuMcuAngleSender: 179.99298rollDeg
05-27 19:12:54.352 13911 14183 I SentryImuMcuAngleSender: 1,0,0
05-27 19:12:54.352  1083  1083 W MyAppLog: [2026-05-27 19:12:54.351 W tboxap mcuParamDataRevPack:918] [Mcu] mcuParamDataRevPack start pack data!!!
05-27 19:12:54.352  1083  1083 W MyAppLog: [2026-05-27 19:12:54.351 W tboxap mcuHandlePowerResultInd:1777] [Mcu] [mcuHandlePowerResultInd] recv 0x0903 power result type:0x12 result:0x34
05-27 19:12:54.353 13911 13911 I Sentinelmode_1.2.5.17_sentry: <SentinelCarServiceManager>sensorType:291504647
05-27 19:12:54.355   581   581 I SpiService: fgesysctrl_getGPIO_status success val=1
05-27 19:12:54.357   536   536 D commservice260303: msg.id = 1028,0
05-27 09:04:03.320   581   581 D spi_rst_gpio_get_output: GPIO 145 value: 1
05-27 09:04:03.320   581   581 D spidev_ioctl: gpio status=1)
05-27 19:12:54.357   536   536 D commservice260303: i = 170, msgid = 8A000404
05-27 19:12:54.357   536   536 D commservice260303: msgid = -1979710460,did=138
05-27 19:12:54.357   536   536 D commservice260303: CommProtocolLibCmdBaseI2C::dataproc {"command":{"id":"imu_status","sub":""},"content":{"TimeStamp":12,"FrameCounter":288236,"GD_X":-0.011377211660146713,"GD_Y":0.00519212381914258,"GD_Z":0.002443138277158141,"AD_X":-4.93958592414856E-4,"AD_Y":3.61613929271698E-4,"AD_Z":-0.16704559326171875,"TempDsp":0,"Status":0,"CalibState":1,"SigAmpInvalid":0}},-1979710460
05-27 19:12:54.357   536   536 D commservice260303: send2Cluster len:312, 7B22636F6D6D616E64223A7B226964223A22696D755F737461747573222C22737562223A22227D2C22636F6E74656E74223A7B2254696D655374616D70223A31322C224672616D65436F756E746572223A3238383233362C2247445F58223A2D302E3031313337373231313636303134363731332C2247445F59223A302E30303531393231323338313931343235382C2247445F5A223A302E3030323434333133383237373135383134312C2241445F58223A2D342E3933393538353932343134383536452D342C2241445F59223A332E3631363133393239323731363938452D342C2241445F5A223A2D302E31363730343535393332363137313837352C2254656D70447370223A302C22537461747573223A302C2243616C69625374617465223A312C22536967416D70496E76616C6964223A307D7D, 138 
05-27 19:12:54.357   536   536 D commservice260303: Push Message into SendPool fn=-1029110784
05-27 19:12:54.357   536   536 D commservice260303: ComProtocolLibSend2Cluster::send2ClusterRaw fn=-1029110784 , len=328
05-27 19:12:54.357   536   536 D commservice260303: sendCmdToPort :328!!!
05-27 19:12:54.357   536   536 D commservice260303: send Cmd To Port ++++5AA501448A010004A9C26A16D1B67B22636F6D6D616E64223A7B226964223A22696D755F737461747573222C22737562223A22227D2C22636F6E74656E74223A7B2254696D655374616D70223A31322C224672616D65436F756E746572223A3238383233362C2247445F58223A2D302E3031313337373231313636303134363731332C2247445F59223A302E30303531393231323338313931343235382C2247445F5A223A302E3030323434333133383237373135383134312C2241445F58223A2D342E3933393538353932343134383536452D342C2241445F59223A332E3631363133393239323731363938452D342C2241445F5A223A2D302E31363730343535393332363137313837352C2254656D70447370223A302C22537461747573223A302C2243616C69625374617465223A312C22536967416D70496E76616C6964223A307D7D31D8
05-27 19:12:54.357   536   536 D commservice260303: bufferevent_write retrun value = 0
05-27 19:12:54.358   536   560 D commservice260303: client datas send succeed,send finish
05-27 19:12:54.358 13911 14192 D Sentinelmode_1.2.5.17_sentry: <SentryImuClusterFgeSender>imu_status sent to Linux, frame=288236, tsNs=12241603, tsMs=12, intervalMs=39, ad=(-4.939586E-4,3.6161393E-4,-0.1670456), gd=(-0.011377212,0.005192124,0.0024431383)
05-27 19:12:54.360   830   830 D SurfaceFlinger: unisoc-graphics, commit has frameMissed:2, vysncId:446649
05-27 19:12:54.361   581   581 I SpiService: fgesysctrl_getGPIO_status success val=1
05-27 09:04:03.326   581   581 D spi_rst_gpio_get_output: GPIO 145 value: 1
05-27 09:04:03.326   581   581 D spidev_ioctl: gpio status=1)
05-27 09:04:03.331   581   581 D spi_rst_gpio_get_output: GPIO 145 value: 1
05-27 09:04:03.331   581   581 D spidev_ioctl: gpio status=1)
05-27 19:12:54.367   581   581 I SpiService: fgesysctrl_getGPIO_status success val=1
05-27 09:04:03.337   581   581 D spi_rst_gpio_get_output: GPIO 145 value: 0
05-27 09:04:03.337   581   581 D spidev_ioctl: gpio status=0)
05-27 19:12:54.372   581   581 I SpiService: fgesysctrl_getGPIO_status success val=0
05-27 19:12:54.372   481   597 I mcuc    : send SPI:6AA602F6BC00028900C1
05-27 19:12:54.373  3711  3711 D AnwSdkService: apk rom size:40.90M
05-27 19:12:54.375  3711  3711 D AnwSdkService: [android.permission.READ_EXTERNAL_STORAGE] permision is GRANTED
05-27 19:12:54.375  3711  3711 D AnwSdkService: [android.permission.WRITE_EXTERNAL_STORAGE] permision is GRANTED
05-27 19:12:54.381 13911 14183 I SentryImuMcuAngleSender: 179.97197rollDeg
05-27 19:12:54.381 13911 14183 I SentryImuMcuAngleSender: 1,0,0
05-27 19:12:54.381  3711  3711 D AnwSdkService: onCreate end
05-27 19:12:54.382  3711  3711 D AnwSdkService: onBind
05-27 19:12:54.384 13435 13435 D BtManager: onServiceConnected
05-27 19:12:54.384  3711  3735 D AnwSdkService: GetPowerStatus = POWER_OFF
05-27 09:04:03.351   581   581 D spi_rst_gpio_get_output: GPIO 145 value: 1
05-27 09:04:03.351   581   581 D spidev_ioctl: gpio status=1)
05-27 19:12:54.384  3711  3735 D AnwSdkService: ANWBT_GetBTPowerStatus() POWER_OFF
05-27 19:12:54.384  3711  3735 D AnwSdkService: GetPowerStatus = POWER_OFF
05-27 19:12:54.385 13435 13435 D BtManager: ANWBT_BTPowerOn
05-27 19:12:54.385 13435 13435 D BtManager: ANWBT_GetBTPowerStatus
05-27 19:12:54.386   566 11459 I gps_hdbd: Received: '$GNGGA,012845.000,,,,,0,00,,,M,,M,,*6C
'
05-27 19:12:54.387  3711  3730 D AnwSdkService: GetPowerStatus = POWER_OFF
05-27 19:12:54.387   581   581 I SpiService: fgesysctrl_getGPIO_status success val=1
05-27 19:12:54.387  3711  3730 D AnwSdkService: ANWBT_GetBTPowerStatus() POWER_OFF
05-27 19:12:54.387  3711  3730 D AnwSdkService: GetPowerStatus = POWER_OFF
05-27 19:12:54.388  3711  3730 D AnwSdkService: anw-update,bt_java_data:20260516
05-27 19:12:54.388  3711  3730 D AnwSdkService: ANWBT_BTPowerOn()
05-27 19:12:54.392  3711  3730 D AnwSdkService: GetPowerStatus = POWER_OFF
05-27 19:12:54.392   581   581 I SpiService: fgesysctrl_getGPIO_status success val=1
05-27 19:12:54.392   566 11459 I gps_hdbd: Received: '$GNGSA,A,1,,,,,,,,,,,,,,,,1*1D
'
05-27 19:12:54.393  3711  3730 D AnwSdkService: SetPowerStatus = POWER_ONING
05-27 19:12:54.395  3711  3753 I ANWJNI_SECOND: anw-update,bt_jni_data: 20260516
05-27 19:12:54.395  3711  3753 D ANWAPI_SECOND: (3711|0x1D44ACB0)[BTAPI] SDK >>>>AnWBT_Snoop_Open
05-27 19:12:54.395  3711  3753 D ANWJNI_SECOND: (3711|0x1D44ACB0)[BTAPP] PowOn_Thread
05-27 19:12:54.395  3711  3753 D ANWJNI_SECOND: 
05-27 19:12:54.395  3711  3754 D ANWJNI_SECOND: (3711|0x1C340CB0)[BTAPP] BTPowerOn!!
05-27 19:12:54.395  3711  3754 D ANWJNI_SECOND: (3711|0x1C340CB0)[BTAPP] in thread_power_on_func,getpid()=3711, priority = 10
05-27 19:12:54.395  3711  3754 D ANWJNI_SECOND: 
05-27 19:12:54.395  3711  3754 D ANWJNI_SECOND: (3711|0x1C340CB0)[BTAPP] doPowerOn_Timeout_Thread_Create
05-27 19:12:54.395  3711  3754 D ANWJNI_SECOND: 
05-27 19:12:54.396  3711  3754 D ANWJNI_SECOND: (3711|0x1C340CB0)[BTAPP] AnWBT_SetInitialValue(hfphf:0)(hfpag:2)(pbap:0)(map:0)(a2dpsink:0)(a2dpsource:2)(avrcpct:0)(avrcttg:2)
05-27 19:12:54.396  3711  3754 D ANWJNI_SECOND: 
05-27 19:12:54.396  3711  3754 D ANWAPI_SECOND: (3711|0x1C340CB0)[BTAPI] SDK >>>>AnWBT_SetInitialValue devclass: 0x3c020c
05-27 19:12:54.396  3711  3754 D ANWAPI_SECOND: (3711|0x1C340CB0)[BTAPI] AnWBT_SetInitialValue avrcp_tg_attribute=6
05-27 19:12:54.396  3711  3754 D ANWAPI_SECOND: (3711|0x1C340CB0)[BTAPI] SDK <<<<AnWBT_SetInitialValue 0x0
05-27 19:12:54.396  3711  3754 D ANWAPI_SECOND: (3711|0x1C340CB0)[BTAPI] SDK >>>>AnWBT_HFP_Enable_WBS 1
05-27 19:12:54.396  3711  3754 D ANWAPI_SECOND: (3711|0x1C340CB0)[BTAPI] SDK <<<<AnWBT_HFP_Enable_WBS 0
05-27 19:12:54.396  3711  3754 D ANW_WAVEOUT_SECOND: (3711|0x1C340CB0)[WAVEOUT] init Audio PCM Thread Mute(800)(101)
05-27 19:12:54.396  3711  3754 D ANW_WAVEOUT_SECOND: 
05-27 19:12:54.396  3711  3754 D ANWAPI_SECOND: (3711|0x1C340CB0)[BTAPI] anw-update,bt_sdk_data:20260516-not_supportLea
05-27 19:12:54.396 13435 13435 I BtManager: ANWBT_BTPowerOn result = 0
05-27 19:12:54.397 13435 13435 D BtManager: ret = 2
05-27 19:12:54.398  3711  3754 D ANWAPI_SECOND: (3711|0x1C340CB0)[BTAPI] SDK >>>>AnWBT_Init
05-27 19:12:54.398  3711  3754 D ANWAPI_SECOND: (3711|0x1C340CB0)[BTAPI] AnWBTSDK_Version=0x0300002a
05-27 19:12:54.398  3711  3754 D ANWAPI_SECOND: (3711|0x1C340CB0)[BTAPI] >>>>AnWBT_EEPROM_Read 
05-27 19:12:54.398  3711  3754 D ANWAPI_SECOND: (3711|0x1C340CB0)[BTAPI] B:Rpaired_storage[0]name[]addr[00:00:00:00:00:00]linkkey[00:00:00:00:00:00:00:00:00:00:00:00:00:00:00:00]
05-27 19:12:54.398  3711  3754 D ANWAPI_SECOND: (3711|0x1C340CB0)[BTAPI] B:Rpaired_storage[1]name[]addr[00:00:00:00:00:00]linkkey[00:00:00:00:00:00:00:00:00:00:00:00:00:00:00:00]
05-27 19:12:54.398  3711  3754 D ANWAPI_SECOND: (3711|0x1C340CB0)[BTAPI] B:Rpaired_storage[2]name[]addr[00:00:00:00:00:00]linkkey[00:00:00:00:00:00:00:00:00:00:00:00:00:00:00:00]
05-27 19:12:54.398   581   581 I SpiService: fgesysctrl_getGPIO_status success val=1
05-27 19:12:54.398  3711  3754 D ANWAPI_SECOND: (3711|0x1C340CB0)[BTAPI] B:Rpaired_storage[3]name[]addr[00:00:00:00:00:00]linkkey[00:00:00:00:00:00:00:00:00:00:00:00:00:00:00:00]
05-27 19:12:54.398  3711  3754 D ANWAPI_SECOND: (3711|0x1C340CB0)[BTAPI] B:Rpaired_storage[4]name[]addr[00:00:00:00:00:00]linkkey[00:00:00:00:00:00:00:00:00:00:00:00:00:00:00:00]
05-27 09:04:03.357   581   581 D spi_rst_gpio_get_output: GPIO 145 value: 1
05-27 09:04:03.357   581   581 D spidev_ioctl: gpio status=1)
05-27 09:04:03.363   581   581 D spi_rst_gpio_get_output: GPIO 145 value: 1
05-27 09:04:03.363   581   581 D spidev_ioctl: gpio status=1)
05-27 09:04:03.368   581   581 D spi_rst_gpio_get_output: GPIO 145 value: 1
05-27 19:12:54.398  3711  3754 D ANWAPI_SECOND: (3711|0x1C340CB0)[BTAPI] B:Rpaired_storage[5]name[]addr[00:00:00:00:00:00]linkkey[00:00:00:00:00:00:00:00:00:00:00:00:00:00:00:00]
05-27 19:12:54.398  3711  3754 D ANWAPI_SECOND: (3711|0x1C340CB0)[BTAPI] B:Rpaired_storage[6]name[]addr[00:00:00:00:00:00]linkkey[00:00:00:00:00:00:00:00:00:00:00:00:00:00:00:00]
05-27 09:04:03.368   581   581 D spidev_ioctl: gpio status=1)
05-27 09:04:03.370   278   278 I logd    : logdr: UID=0 GID=0 PID=3752 b tail=0 logMask=bf pid=0 start=0ns deadline=0ns
05-27 19:12:54.398   566 11459 I gps_hdbd: Received: '$GNGSA,A,1,,,,,,,,,,,,,,,,3*1F
'
05-27 09:04:03.374   581   581 D spi_rst_gpio_get_output: GPIO 145 value: 0
05-27 19:12:54.398  3711  3754 D ANWAPI_SECOND: (3711|0x1C340CB0)[BTAPI] B:Rpaired_storage[7]name[]addr[00:00:00:00:00:00]linkkey[00:00:00:00:00:00:00:00:00:00:00:00:00:00:00:00]
05-27 19:12:54.398  3711  3754 D ANWAPI_SECOND: (3711|0x1C340CB0)[BTAPI] B:Rpaired_storage[8]name[]addr[00:00:00:00:00:00]linkkey[00:00:00:00:00:00:00:00:00:00:00:00:00:00:00:00]
05-27 19:12:54.398  3711  3754 D ANWAPI_SECOND: (3711|0x1C340CB0)[BTAPI] B:Rpaired_storage[9]name[]addr[00:00:00:00:00:00]linkkey[00:00:00:00:00:00:00:00:00:00:00:00:00:00:00:00]
05-27 19:12:54.398  3711  3754 D ANWAPI_SECOND: (3711|0x1C340CB0)[BTAPI] B:Rpaired_storage[10]name[]addr[00:00:00:00:00:00]linkkey[00:00:00:00:00:00:00:00:00:00:00:00:00:00:00:00]
05-27 19:12:54.398   536   536 D commservice260303: msg.id = 1028,0
05-27 19:12:54.398  3711  3754 D ANW_AVRCP_SECOND: AnWBT_ReadStorage =/data/misc/anw//anwbt_storage.bin
05-27 19:12:54.399   536   536 D commservice260303: i = 170, msgid = 8A000404
05-27 19:12:54.399  3711  3754 D ANW_AVRCP_SECOND: AnWBT_ReadStorage open anwbt_bt_storage success
05-27 19:12:54.399  3711  3754 D ANW_AVRCP_SECOND: 
05-27 19:12:54.399   536   536 D commservice260303: msgid = -1979710460,did=138
05-27 19:12:54.399   536   536 D commservice260303: CommProtocolLibCmdBaseI2C::dataproc {"command":{"id":"imu_status","sub":""},"content":{"TimeStamp":12,"FrameCounter":288237,"GD_X":-0.011987865902483463,"GD_Y":0.005573912989348173,"GD_Z":0.002213752595707774,"AD_X":7.148087024688721E-4,"AD_Y":0.005226058419793844,"AD_Z":-0.17497539520263672,"TempDsp":0,"Status":0,"CalibState":1,"SigAmpInvalid":0}},-1979710460
05-27 19:12:54.399  3711  3754 D ANW_AVRCP_SECOND: read storage size=6600
05-27 19:12:54.399  3711  3754 D ANW_AVRCP_SECOND: 
05-27 19:12:54.399  3711  3754 D ANWAPI_SECOND: (3711|0x1C340CB0)[BTAPI] A:Readpaired_storage[0]name[]cod[0]support[0]addr[00:00:00:00:00:00]linkkey[00:00:00:00:00:00:00:00:00:00:00:00:00:00:00:00]
05-27 19:12:54.399  3711  3754 D ANWAPI_SECOND: (3711|0x1C340CB0)[BTAPI] A:Readpaired_storage[1]name[]cod[0]support[0]addr[00:00:00:00:00:00]linkkey[00:00:00:00:00:00:00:00:00:00:00:00:00:00:00:00]
05-27 19:12:54.399   536   536 D commservice260303: send2Cluster len:314, 7B22636F6D6D616E64223A7B226964223A22696D755F737461747573222C22737562223A22227D2C22636F6E74656E74223A7B2254696D655374616D70223A31322C224672616D65436F756E746572223A3238383233372C2247445F58223A2D302E3031313938373836353930323438333436332C2247445F59223A302E3030353537333931323938393334383137332C2247445F5A223A302E3030323231333735323539353730373737342C2241445F58223A372E313438303837303234363838373231452D342C2241445F59223A302E3030353232363035383431393739333834342C2241445F5A223A2D302E31373439373533393532303236333637322C2254656D70447370223A302C22537461747573223A302C2243616C69625374617465223A312C22536967416D70496E76616C6964223A307D7D, 138 
05-27 19:12:54.399  3711  3754 D ANWAPI_SECOND: (3711|0x1C340CB0)[BTAPI] A:Readpaired_storage[2]name[]cod[0]support[0]addr[00:00:00:00:00:00]linkkey[00:00:00:00:00:00:00:00:00:00:00:00:00:00:00:00]
05-27 19:12:54.399   536   536 D commservice260303: Push Message into SendPool fn=-1012333568
05-27 19:12:54.399  3711  3754 D ANWAPI_SECOND: (3711|0x1C340CB0)[BTAPI] A:Readpaired_storage[3]name[]cod[0]support[0]addr[00:00:00:00:00:00]linkkey[00:00:00:00:00:00:00:00:00:00:00:00:00:00:00:00]
05-27 19:12:54.399   536   536 D commservice260303: ComProtocolLibSend2Cluster::send2ClusterRaw fn=-1012333568 , len=330
05-27 19:12:54.399  3711  3754 D ANWAPI_SECOND: (3711|0x1C340CB0)[BTAPI] A:Readpaired_storage[4]name[]cod[0]support[0]addr[00:00:00:00:00:00]linkkey[00:00:00:00:00:00:00:00:00:00:00:00:00:00:00:00]
05-27 19:12:54.399   536   536 D commservice260303: sendCmdToPort :330!!!
05-27 19:12:54.399 30773 30785 I dvr_service_: [EncoderHandler::runMediaThread] runMediaThread started:1,state:1, cam2:started:1,state:1, lastSwitch:1, mIsMuxerStart:1,format:0,is_str_ing:0
05-27 19:12:54.399  3711  3754 D ANWAPI_SECOND: (3711|0x1C340CB0)[BTAPI] A:Readpaired_storage[5]name[]cod[0]support[0]addr[00:00:00:00:00:00]linkkey[00:00:00:00:00:00:00:00:00:00:00:00:00:00:00:00]
05-27 19:12:54.399  3711  3754 D ANWAPI_SECOND: (3711|0x1C340CB0)[BTAPI] A:Readpaired_storage[6]name[]cod[0]support[0]addr[00:00:00:00:00:00]linkkey[00:00:00:00:00:00:00:00:00:00:00:00:00:00:00:00]
05-27 19:12:54.399  3711  3754 D ANWAPI_SECOND: (3711|0x1C340CB0)[BTAPI] A:Readpaired_storage[7]name[]cod[0]support[0]addr[00:00:00:00:00:00]linkkey[00:00:00:00:00:00:00:00:00:00:00:00:00:00:00:00]
05-27 19:12:54.399  3711  3754 D ANWAPI_SECOND: (3711|0x1C340CB0)[BTAPI] A:Readpaired_storage[8]name[]cod[0]support[0]addr[00:00:00:00:00:00]linkkey[00:00:00:00:00:00:00:00:00:00:00:00:00:00:00:00]
05-27 19:12:54.400  3711  3754 D ANWAPI_SECOND: (3711|0x1C340CB0)[BTAPI] A:Readpaired_storage[9]name[]cod[0]support[0]addr[00:00:00:00:00:00]linkkey[00:00:00:00:00:00:00:00:00:00:00:00:00:00:00:00]
05-27 19:12:54.400   566 11459 I gps_hdbd: Received: '$GNGSA,A,1,,,,,,,,,,,,,,,,4*18
'
05-27 19:12:54.400  3711  3754 D ANWAPI_SECOND: (3711|0x1C340CB0)[BTAPI] A:Readpaired_storage[10]name[]cod[0]support[0]addr[00:00:00:00:00:00]linkkey[00:00:00:00:00:00:00:00:00:00:00:00:00:00:00:00]
05-27 19:12:54.400  3711  3754 D ANWAPI_SECOND: (3711|0x1C340CB0)[BTAPI] <<<<AnWBT_EEPROM_Read ret = 0
05-27 19:12:54.400  3711  3754 D ANWAPI_SECOND: (3711|0x1C340CB0)[BTAPI] local_name_set=0
05-27 19:12:54.400  3711  3754 D ANWAPI_SECOND: (3711|0x1C340CB0)[BTAPI] [Paired DevInf] Storage Write
05-27 19:12:54.400  3711  3754 D ANW_AVRCP_SECOND: AnWBT_WriteStorage =/data/misc/anw//anwbt_storage.bin
05-27 19:12:54.400   566 11459 I gps_hdbd: Received: '$BDGSV,1,1,00,1*75
'
05-27 19:12:54.400  3711  3754 D ANW_AVRCP_SECOND: AnWBT_WriteStorage open anwbt_bt_storage success
05-27 19:12:54.400  3711  3754 D ANW_AVRCP_SECOND: 
05-27 19:12:54.400   536   536 D commservice260303: send Cmd To Port ++++5AA501468A010004A9C36A16D1B67B22636F6D6D616E64223A7B226964223A22696D755F737461747573222C22737562223A22227D2C22636F6E74656E74223A7B2254696D655374616D70223A31322C224672616D65436F756E746572223A3238383233372C2247445F58223A2D302E3031313938373836353930323438333436332C2247445F59223A302E3030353537333931323938393334383137332C2247445F5A223A302E3030323231333735323539353730373737342C2241445F58223A372E313438303837303234363838373231452D342C2241445F59223A302E3030353232363035383431393739333834342C2241445F5A223A2D302E31373439373533393532303236333637322C2254656D70447370223A302C22537461747573223A302C2243616C69625374617465223A312C22536967416D70496E76616C6964223A307D7DEFAA
05-27 19:12:54.401   536   536 D commservice260303: bufferevent_write retrun value = 0
05-27 19:12:54.401   536   560 D commservice260303: client datas send succeed,send finish
05-27 19:12:54.401  3711  3755 D ANWJNI_SECOND: (3711|0x1B242CB0)[BTAPP] doPowerOn_Timeout_Thread
05-27 19:12:54.401  3711  3755 D ANWJNI_SECOND: 
05-27 19:12:54.402 13911 14192 D Sentinelmode_1.2.5.17_sentry: <SentryImuClusterFgeSender>imu_status sent to Linux, frame=288237, tsNs=12241631, tsMs=12, intervalMs=44, ad=(7.148087E-4,0.0052260584,-0.1749754), gd=(-0.011987866,0.005573913,0.0022137526)
05-27 19:12:54.402 13911 14183 I SentryImuMcuAngleSender: 179.94046rollDeg
05-27 19:12:54.402 13911 14183 I SentryImuMcuAngleSender: 1,0,0
05-27 19:12:54.403  3711  3754 D ANW_AVRCP_SECOND: write storage size=6600
05-27 19:12:54.403  3711  3754 D ANW_AVRCP_SECOND: 
05-27 19:12:54.403  3711  3754 D ANWAPI_SECOND: (3711|0x1C340CB0)[BTAPI] >>>>AnWBT_EEPROM_Read 
05-27 19:12:54.403  3711  3754 D ANWAPI_SECOND: (3711|0x1C340CB0)[BTAPI] B:Rpaired_storage[0]name[]addr[00:00:00:00:00:00]linkkey[00:00:00:00:00:00:00:00:00:00:00:00:00:00:00:00]
05-27 19:12:54.403  3711  3754 D ANWAPI_SECOND: (3711|0x1C340CB0)[BTAPI] B:Rpaired_storage[1]name[]addr[00:00:00:00:00:00]linkkey[00:00:00:00:00:00:00:00:00:00:00:00:00:00:00:00]
05-27 19:12:54.403  3711  3754 D ANWAPI_SECOND: (3711|0x1C340CB0)[BTAPI] B:Rpaired_storage[2]name[]addr[00:00:00:00:00:00]linkkey[00:00:00:00:00:00:00:00:00:00:00:00:00:00:00:00]
05-27 19:12:54.403  3711  3754 D ANWAPI_SECOND: (3711|0x1C340CB0)[BTAPI] B:Rpaired_storage[3]name[]addr[00:00:00:00:00:00]linkkey[00:00:00:00:00:00:00:00:00:00:00:00:00:00:00:00]
05-27 09:04:03.374   581   581 D spidev_ioctl: gpio status=0)
05-27 19:12:54.403  3711  3754 D ANWAPI_SECOND: (3711|0x1C340CB0)[BTAPI] B:Rpaired_storage[4]name[]addr[00:00:00:00:00:00]linkkey[00:00:00:00:00:00:00:00:00:00:00:00:00:00:00:00]
05-27 19:12:54.403  3711  3754 D ANWAPI_SECOND: (3711|0x1C340CB0)[BTAPI] B:Rpaired_storage[5]name[]addr[00:00:00:00:00:00]linkkey[00:00:00:00:00:00:00:00:00:00:00:00:00:00:00:00]
05-27 19:12:54.403  3711  3754 D ANWAPI_SECOND: (3711|0x1C340CB0)[BTAPI] B:Rpaired_storage[6]name[]addr[00:00:00:00:00:00]linkkey[00:00:00:00:00:00:00:00:00:00:00:00:00:00:00:00]
05-27 19:12:54.403  3711  3754 D ANWAPI_SECOND: (3711|0x1C340CB0)[BTAPI] B:Rpaired_storage[7]name[]addr[00:00:00:00:00:00]linkkey[00:00:00:00:00:00:00:00:00:00:00:00:00:00:00:00]
05-27 19:12:54.403  3711  3754 D ANWAPI_SECOND: (3711|0x1C340CB0)[BTAPI] B:Rpaired_storage[8]name[]addr[00:00:00:00:00:00]linkkey[00:00:00:00:00:00:00:00:00:00:00:00:00:00:00:00]
05-27 19:12:54.403  3711  3754 D ANWAPI_SECOND: (3711|0x1C340CB0)[BTAPI] B:Rpaired_storage[9]name[]addr[00:00:00:00:00:00]linkkey[00:00:00:00:00:00:00:00:00:00:00:00:00:00:00:00]
05-27 19:12:54.403  3711  3754 D ANWAPI_SECOND: (3711|0x1C340CB0)[BTAPI] B:Rpaired_storage[10]name[]addr[00:00:00:00:00:00]linkkey[00:00:00:00:00:00:00:00:00:00:00:00:00:00:00:00]
05-27 19:12:54.403  3711  3754 D ANW_AVRCP_SECOND: AnWBT_ReadStorage =/data/misc/anw//anwbt_storage.bin
05-27 19:12:54.404  3711  3754 D ANW_AVRCP_SECOND: AnWBT_ReadStorage open anwbt_bt_storage success
05-27 19:12:54.404  3711  3754 D ANW_AVRCP_SECOND: 
05-27 19:12:54.404   581   581 I SpiService: fgesysctrl_getGPIO_status success val=1
05-27 19:12:54.404  3711  3754 D ANW_AVRCP_SECOND: read storage size=6600
05-27 19:12:54.404  3711  3754 D ANW_AVRCP_SECOND: 
05-27 19:12:54.404  3711  3754 D ANWAPI_SECOND: (3711|0x1C340CB0)[BTAPI] A:Readpaired_storage[0]name[]cod[0]support[0]addr[00:00:00:00:00:00]linkkey[00:00:00:00:00:00:00:00:00:00:00:00:00:00:00:00]
05-27 19:12:54.404   566 11459 I gps_hdbd: Received: '$BDGSV,1,1,00,5*71
'
05-27 19:12:54.404  3711  3754 D ANWAPI_SECOND: (3711|0x1C340CB0)[BTAPI] A:Readpaired_storage[1]name[]cod[0]support[0]addr[00:00:00:00:00:00]linkkey[00:00:00:00:00:00:00:00:00:00:00:00:00:00:00:00]
05-27 19:12:54.404  3711  3754 D ANWAPI_SECOND: (3711|0x1C340CB0)[BTAPI] A:Readpaired_storage[2]name[]cod[0]support[0]addr[00:00:00:00:00:00]linkkey[00:00:00:00:00:00:00:00:00:00:00:00:00:00:00:00]
05-27 19:12:54.404  3711  3754 D ANWAPI_SECOND: (3711|0x1C340CB0)[BTAPI] A:Readpaired_storage[3]name[]cod[0]support[0]addr[00:00:00:00:00:00]linkkey[00:00:00:00:00:00:00:00:00:00:00:00:00:00:00:00]
05-27 19:12:54.404  3711  3754 D ANWAPI_SECOND: (3711|0x1C340CB0)[BTAPI] A:Readpaired_storage[4]name[]cod[0]support[0]addr[00:00:00:00:00:00]linkkey[00:00:00:00:00:00:00:00:00:00:00:00:00:00:00:00]
05-27 19:12:54.404  3711  3754 D ANWAPI_SECOND: (3711|0x1C340CB0)[BTAPI] A:Readpaired_storage[5]name[]cod[0]support[0]addr[00:00:00:00:00:00]linkkey[00:00:00:00:00:00:00:00:00:00:00:00:00:00:00:00]
05-27 19:12:54.404  3711  3754 D ANWAPI_SECOND: (3711|0x1C340CB0)[BTAPI] A:Readpaired_storage[6]name[]cod[0]support[0]addr[00:00:00:00:00:00]linkkey[00:00:00:00:00:00:00:00:00:00:00:00:00:00:00:00]
05-27 19:12:54.404  3711  3754 D ANWAPI_SECOND: (3711|0x1C340CB0)[BTAPI] A:Readpaired_storage[7]name[]cod[0]support[0]addr[00:00:00:00:00:00]linkkey[00:00:00:00:00:00:00:00:00:00:00:00:00:00:00:00]
05-27 19:12:54.404  3711  3754 D ANWAPI_SECOND: (3711|0x1C340CB0)[BTAPI] A:Readpaired_storage[8]name[]cod[0]support[0]addr[00:00:00:00:00:00]linkkey[00:00:00:00:00:00:00:00:00:00:00:00:00:00:00:00]
05-27 19:12:54.404  3711  3754 D ANWAPI_SECOND: (3711|0x1C340CB0)[BTAPI] A:Readpaired_storage[9]name[]cod[0]support[0]addr[00:00:00:00:00:00]linkkey[00:00:00:00:00:00:00:00:00:00:00:00:00:00:00:00]
05-27 19:12:54.404  3711  3754 D ANWAPI_SECOND: (3711|0x1C340CB0)[BTAPI] A:Readpaired_storage[10]name[]cod[0]support[0]addr[00:00:00:00:00:00]linkkey[00:00:00:00:00:00:00:00:00:00:00:00:00:00:00:00]
05-27 19:12:54.404  3711  3754 D ANWAPI_SECOND: (3711|0x1C340CB0)[BTAPI] <<<<AnWBT_EEPROM_Read ret = 0
05-27 19:12:54.404  3711  3754 D ANWAPI_SECOND: (3711|0x1C340CB0)[BTAPI] >>>>AnWBT_EEPROM_Read 
05-27 19:12:54.404   566 11459 I gps_hdbd: Received: '$GPGSV,1,1,01,199,42,165,,1*60
'
05-27 19:12:54.404  3711  3754 D ANWAPI_SECOND: (3711|0x1C340CB0)[BTAPI] B:Rle_paired_storage[0]addr[00:00:00:00:00:00]linkkey[00:00:00:00:00:00:00:00:00:00:00:00:00:00:00:00]
05-27 19:12:54.404  3711  3754 D ANWAPI_SECOND: (3711|0x1C340CB0)[BTAPI] B:Rle_paired_storage[1]addr[00:00:00:00:00:00]linkkey[00:00:00:00:00:00:00:00:00:00:00:00:00:00:00:00]
05-27 19:12:54.404  3711  3754 D ANWAPI_SECOND: (3711|0x1C340CB0)[BTAPI] B:Rle_paired_storage[2]addr[00:00:00:00:00:00]linkkey[00:00:00:00:00:00:00:00:00:00:00:00:00:00:00:00]
05-27 19:12:54.405  3711  3754 D ANWAPI_SECOND: (3711|0x1C340CB0)[BTAPI] B:Rle_paired_storage[3]addr[00:00:00:00:00:00]linkkey[00:00:00:00:00:00:00:00:00:00:00:00:00:00:00:00]
05-27 19:12:54.405  3711  3754 D ANWAPI_SECOND: (3711|0x1C340CB0)[BTAPI] B:Rle_paired_storage[4]addr[00:00:00:00:00:00]linkkey[00:00:00:00:00:00:00:00:00:00:00:00:00:00:00:00]
05-27 19:12:54.405  3711  3754 D ANWAPI_SECOND: (3711|0x1C340CB0)[BTAPI] B:Rle_paired_storage[5]addr[00:00:00:00:00:00]linkkey[00:00:00:00:00:00:00:00:00:00:00:00:00:00:00:00]
05-27 19:12:54.405  3711  3754 D ANWAPI_SECOND: (3711|0x1C340CB0)[BTAPI] B:Rle_paired_storage[6]addr[00:00:00:00:00:00]linkkey[00:00:00:00:00:00:00:00:00:00:00:00:00:00:00:00]
05-27 19:12:54.406  3711  3754 D ANW_AVRCP_SECOND: AnWBT_ReadStorage =/data/misc/anw//anwble_storage.bin
05-27 19:12:54.407  3711  3754 D ANW_AVRCP_SECOND: AnWBT_ReadStorage open anwbt_bt_storage success
05-27 19:12:54.407  3711  3754 D ANW_AVRCP_SECOND: 
05-27 19:12:54.407  3711  3754 D ANW_AVRCP_SECOND: read storage size=1336
05-27 19:12:54.407  3711  3754 D ANW_AVRCP_SECOND: 
05-27 19:12:54.407  3711  3754 D ANWAPI_SECOND: (3711|0x1C340CB0)[BTAPI] A:Rle_paired_storage[0]addr[00:00:00:00:00:00]linkkey[00:00:00:00:00:00:00:00:00:00:00:00:00:00:00:00]
05-27 19:12:54.407  3711  3754 D ANWAPI_SECOND: (3711|0x1C340CB0)[BTAPI] A:Rle_paired_storage[1]addr[00:00:00:00:00:00]linkkey[00:00:00:00:00:00:00:00:00:00:00:00:00:00:00:00]
05-27 19:12:54.407  3711  3754 D ANWAPI_SECOND: (3711|0x1C340CB0)[BTAPI] A:Rle_paired_storage[2]addr[00:00:00:00:00:00]linkkey[00:00:00:00:00:00:00:00:00:00:00:00:00:00:00:00]
05-27 19:12:54.407  3711  3754 D ANWAPI_SECOND: (3711|0x1C340CB0)[BTAPI] A:Rle_paired_storage[3]addr[00:00:00:00:00:00]linkkey[00:00:00:00:00:00:00:00:00:00:00:00:00:00:00:00]
05-27 19:12:54.407  3711  3754 D ANWAPI_SECOND: (3711|0x1C340CB0)[BTAPI] A:Rle_paired_storage[4]addr[00:00:00:00:00:00]linkkey[00:00:00:00:00:00:00:00:00:00:00:00:00:00:00:00]
05-27 19:12:54.407  3711  3754 D ANWAPI_SECOND: (3711|0x1C340CB0)[BTAPI] A:Rle_paired_storage[5]addr[00:00:00:00:00:00]linkkey[00:00:00:00:00:00:00:00:00:00:00:00:00:00:00:00]
05-27 19:12:54.407  3711  3754 D ANWAPI_SECOND: (3711|0x1C340CB0)[BTAPI] A:Rle_paired_storage[6]addr[00:00:00:00:00:00]linkkey[00:00:00:00:00:00:00:00:00:00:00:00:00:00:00:00]
05-27 19:12:54.407  3711  3754 D ANWAPI_SECOND: (3711|0x1C340CB0)[BTAPI] <<<<AnWBT_EEPROM_Read ret = 0
05-27 19:12:54.407  3711  3754 D ANWAPI_SECOND: (3711|0x1C340CB0)[BTAPI] btsdk_initial_param.flag=0x4000
05-27 19:12:54.407  3711  3754 D ANWAPI_SECOND: (3711|0x1C340CB0)[BTAPI] [Paired DevInf] Storage Write
05-27 19:12:54.407  3711  3754 D ANW_AVRCP_SECOND: AnWBT_WriteStorage =/data/misc/anw//anwbt_storage.bin
05-27 19:12:54.408  3711  3754 D ANW_AVRCP_SECOND: AnWBT_WriteStorage open anwbt_bt_storage success
05-27 19:12:54.408  3711  3754 D ANW_AVRCP_SECOND: 
05-27 19:12:54.409   581   581 I SpiService: fgesysctrl_getGPIO_status success val=0
05-27 19:12:54.410   566 11459 I gps_hdbd: Received: '$GPGSV,1,1,00,8*6D
'
05-27 19:12:54.410   830   830 D SurfaceFlinger: unisoc-graphics, commit has frameMissed:2, vysncId:446680
05-27 19:12:54.412  3711  3754 D ANW_AVRCP_SECOND: write storage size=6600
05-27 19:12:54.412  3711  3754 D ANW_AVRCP_SECOND: 
05-27 19:12:54.412  3711  3754 D ANWAPI_SECOND: (3711|0x1C340CB0)[BTAPI] >>>>AnWBT_EEPROM_Read 
05-27 19:12:54.412  3711  3754 D ANWAPI_SECOND: (3711|0x1C340CB0)[BTAPI] B:Rpaired_storage[0]name[]addr[00:00:00:00:00:00]linkkey[00:00:00:00:00:00:00:00:00:00:00:00:00:00:00:00]
05-27 19:12:54.412  3711  3754 D ANWAPI_SECOND: (3711|0x1C340CB0)[BTAPI] B:Rpaired_storage[1]name[]addr[00:00:00:00:00:00]linkkey[00:00:00:00:00:00:00:00:00:00:00:00:00:00:00:00]
05-27 19:12:54.413  3711  3754 D ANWAPI_SECOND: (3711|0x1C340CB0)[BTAPI] B:Rpaired_storage[2]name[]addr[00:00:00:00:00:00]linkkey[00:00:00:00:00:00:00:00:00:00:00:00:00:00:00:00]
05-27 19:12:54.413  3711  3754 D ANWAPI_SECOND: (3711|0x1C340CB0)[BTAPI] B:Rpaired_storage[3]name[]addr[00:00:00:00:00:00]linkkey[00:00:00:00:00:00:00:00:00:00:00:00:00:00:00:00]
05-27 19:12:54.413  3711  3754 D ANWAPI_SECOND: (3711|0x1C340CB0)[BTAPI] B:Rpaired_storage[4]name[]addr[00:00:00:00:00:00]linkkey[00:00:00:00:00:00:00:00:00:00:00:00:00:00:00:00]
05-27 19:12:54.413  3711  3754 D ANWAPI_SECOND: (3711|0x1C340CB0)[BTAPI] B:Rpaired_storage[5]name[]addr[00:00:00:00:00:00]linkkey[00:00:00:00:00:00:00:00:00:00:00:00:00:00:00:00]
05-27 19:12:54.413  3711  3754 D ANWAPI_SECOND: (3711|0x1C340CB0)[BTAPI] B:Rpaired_storage[6]name[]addr[00:00:00:00:00:00]linkkey[00:00:00:00:00:00:00:00:00:00:00:00:00:00:00:00]
05-27 19:12:54.413  3711  3754 D ANWAPI_SECOND: (3711|0x1C340CB0)[BTAPI] B:Rpaired_storage[7]name[]addr[00:00:00:00:00:00]linkkey[00:00:00:00:00:00:00:00:00:00:00:00:00:00:00:00]
05-27 19:12:54.413  3711  3754 D ANWAPI_SECOND: (3711|0x1C340CB0)[BTAPI] B:Rpaired_storage[8]name[]addr[00:00:00:00:00:00]linkkey[00:00:00:00:00:00:00:00:00:00:00:00:00:00:00:00]
05-27 19:12:54.413  3711  3754 D ANWAPI_SECOND: (3711|0x1C340CB0)[BTAPI] B:Rpaired_storage[9]name[]addr[00:00:00:00:00:00]linkkey[00:00:00:00:00:00:00:00:00:00:00:00:00:00:00:00]
05-27 19:12:54.413  3711  3754 D ANWAPI_SECOND: (3711|0x1C340CB0)[BTAPI] B:Rpaired_storage[10]name[]addr[00:00:00:00:00:00]linkkey[00:00:00:00:00:00:00:00:00:00:00:00:00:00:00:00]
05-27 19:12:54.414  3711  3754 D ANW_AVRCP_SECOND: AnWBT_ReadStorage =/data/misc/anw//anwbt_storage.bin
05-27 19:12:54.414  3711  3754 D ANW_AVRCP_SECOND: AnWBT_ReadStorage open anwbt_bt_storage success
05-27 19:12:54.414  3711  3754 D ANW_AVRCP_SECOND: 
05-27 19:12:54.414  3711  3754 D ANW_AVRCP_SECOND: read storage size=6600
05-27 19:12:54.414  3711  3754 D ANW_AVRCP_SECOND: 
05-27 19:12:54.414  3711  3754 D ANWAPI_SECOND: (3711|0x1C340CB0)[BTAPI] A:Readpaired_storage[0]name[]cod[0]support[0]addr[00:00:00:00:00:00]linkkey[00:00:00:00:00:00:00:00:00:00:00:00:00:00:00:00]
05-27 19:12:54.414  3711  3754 D ANWAPI_SECOND: (3711|0x1C340CB0)[BTAPI] A:Readpaired_storage[1]name[]cod[0]support[0]addr[00:00:00:00:00:00]linkkey[00:00:00:00:00:00:00:00:00:00:00:00:00:00:00:00]
05-27 19:12:54.414  3711  3754 D ANWAPI_SECOND: (3711|0x1C340CB0)[BTAPI] A:Readpaired_storage[2]name[]cod[0]support[0]addr[00:00:00:00:00:00]linkkey[00:00:00:00:00:00:00:00:00:00:00:00:00:00:00:00]
05-27 19:12:54.414  3711  3754 D ANWAPI_SECOND: (3711|0x1C340CB0)[BTAPI] A:Readpaired_storage[3]name[]cod[0]support[0]addr[00:00:00:00:00:00]linkkey[00:00:00:00:00:00:00:00:00:00:00:00:00:00:00:00]
05-27 19:12:54.414  3711  3754 D ANWAPI_SECOND: (3711|0x1C340CB0)[BTAPI] A:Readpaired_storage[4]name[]cod[0]support[0]addr[00:00:00:00:00:00]linkkey[00:00:00:00:00:00:00:00:00:00:00:00:00:00:00:00]
05-27 19:12:54.414  3711  3754 D ANWAPI_SECOND: (3711|0x1C340CB0)[BTAPI] A:Readpaired_storage[5]name[]cod[0]support[0]addr[00:00:00:00:00:00]linkkey[00:00:00:00:00:00:00:00:00:00:00:00:00:00:00:00]
05-27 09:04:03.388   581   581 D spi_rst_gpio_get_output: GPIO 145 value: 1
05-27 19:12:54.414  3711  3754 D ANWAPI_SECOND: (3711|0x1C340CB0)[BTAPI] A:Readpaired_storage[6]name[]cod[0]support[0]addr[00:00:00:00:00:00]linkkey[00:00:00:00:00:00:00:00:00:00:00:00:00:00:00:00]
05-27 19:12:54.414  3711  3754 D ANWAPI_SECOND: (3711|0x1C340CB0)[BTAPI] A:Readpaired_storage[7]name[]cod[0]support[0]addr[00:00:00:00:00:00]linkkey[00:00:00:00:00:00:00:00:00:00:00:00:00:00:00:00]
05-27 19:12:54.414  3711  3754 D ANWAPI_SECOND: (3711|0x1C340CB0)[BTAPI] A:Readpaired_storage[8]name[]cod[0]support[0]addr[00:00:00:00:00:00]linkkey[00:00:00:00:00:00:00:00:00:00:00:00:00:00:00:00]
05-27 19:12:54.414  3711  3754 D ANWAPI_SECOND: (3711|0x1C340CB0)[BTAPI] A:Readpaired_storage[9]name[]cod[0]support[0]addr[00:00:00:00:00:00]linkkey[00:00:00:00:00:00:00:00:00:00:00:00:00:00:00:00]
05-27 19:12:54.414  3711  3754 D ANWAPI_SECOND: (3711|0x1C340CB0)[BTAPI] A:Readpaired_storage[10]name[]cod[0]support[0]addr[00:00:00:00:00:00]linkkey[00:00:00:00:00:00:00:00:00:00:00:00:00:00:00:00]
05-27 19:12:54.414  3711  3754 D ANWAPI_SECOND: (3711|0x1C340CB0)[BTAPI] <<<<AnWBT_EEPROM_Read ret = 0
05-27 19:12:54.414  3711  3754 D ANWAPI_SECOND: (3711|0x1C340CB0)[BTAPI] build time = 11:28:38 sdk ver=0x 300002A
05-27 19:12:54.415  3711  3754 D ANWAPI_SECOND: (3711|0x1C340CB0)[BTAPI] creating init task
05-27 19:12:54.416  3711  3757 D ANWAPI_SECOND: (3711|0x1A144CB0)[BTAPI] Enter BTInit_Task stacd=1,437537968
05-27 09:04:03.388   581   581 D spidev_ioctl: gpio status=1)
05-27 19:12:54.416  3711  3757 D ANWAPI_SECOND: (3711|0x1A144CB0)[BTAPI] pthread_attr_init
05-27 19:12:54.416  3711  3757 D ANWAPI_SECOND: (3711|0x1A144CB0)[BTAPI] BTHost_Init: min priority 1, max priority 99
05-27 19:12:54.416  3711  3757 D ANWAPI_SECOND: (3711|0x1A144CB0)[BTAPI] Enter BTHost_Init
05-27 19:12:54.416  3711  3757 D ANWAPI_SECOND: (3711|0x1A144CB0)[BTAPI] BTHost_InitMessage
05-27 19:12:54.417  3711  3757 D ANWAPI_SECOND: (3711|0x1A144CB0)[BTAPI] btosal_msg_ff_initial
05-27 19:12:54.417  3711  3757 D ANW_WAVEOUT_SECOND: (3711|0x1A144CB0)[WAVEOUT] [AnWBT WAVE] A2dp_WaveOut_Init
05-27 19:12:54.417  3711  3757 D ANW_WAVEOUT_SECOND: 
05-27 19:12:54.417  3711  3757 D ANWAPI_SECOND: (3711|0x1A144CB0)[BTAPI] Check BTHost_Task status
05-27 19:12:54.418   566 11459 I gps_hdbd: Received: '$GAGSV,1,1,00,7*73
'
05-27 19:12:54.419   566 11459 I gps_hdbd: Received: '$GAGSV,1,1,00,1*75
'
05-27 19:12:54.421   566 11459 I gps_hdbd: Received: '$GNRMC,012845.000,V,,,,,,,270526,120.0,E,N,V*4F
'
05-27 19:12:54.421   566 11459 I gps_hdbd: RMC : CALL gnss_sv_status_cb, view_in_sat <1>
05-27 19:12:54.421   566 11459 I gps_hdbd: [reportSvStatus]--->PLATFORM_BSP::Enter
05-27 19:12:54.421  3711  3759 D ANWAPI_SECOND: (3711|0x18F48CB0)[BTAPI] Enter BTHost_Task
05-27 19:12:54.422  3711  3759 D ANWAPI_SECOND: (3711|0x18F48CB0)[BTAPI] BTHost_Task setpriority(0)(-15)
05-27 19:12:54.422   566 11459 I gps_hdbd: hy abnormal deal:hy_cnr30_satellite_cnt=0
05-27 19:12:54.422   566 11459 D gps_hdbd: hy abnormal deal:hy_fixStatus_fail_count=0
05-27 19:12:54.422   566 11459 I gps_hdbd: Received: '$GNZDA,012845.000,27,05,2026,00,00*44
'
05-27 19:12:54.422  1083  1083 W MyAppLog: [2026-05-27 19:12:54.422 W tboxap gpsSyncGpsInfoToDm:361] [Gps] [gpsSyncGpsInfoToDm] fix=0 mode=49 corner:0x01 alt=0.00 sat=0 hdop=0.00 pdop=0.00 vdop=0.00
05-27 19:12:54.423 13911 14183 I SentryImuMcuAngleSender: 179.98248rollDeg
05-27 19:12:54.423 13911 14183 I SentryImuMcuAngleSender: 1,0,0
05-27 19:12:54.423   581   581 I SpiService: fgesysctrl_getGPIO_status success val=1
05-27 19:12:54.427   830   830 D SurfaceFlinger: unisoc-graphics, commit has frameMissed:2, vysncId:446695
05-27 19:12:54.429   581   581 I SpiService: fgesysctrl_getGPIO_status success val=1
05-27 09:04:03.394   581   581 D spi_rst_gpio_get_output: GPIO 145 value: 1
05-27 09:04:03.394   581   581 D spidev_ioctl: gpio status=1)
05-27 19:12:54.435   581   581 I SpiService: fgesysctrl_getGPIO_status success val=1
05-27 09:04:03.399   581   581 D spi_rst_gpio_get_output: GPIO 145 value: 1
05-27 09:04:03.399   581   581 D spidev_ioctl: gpio status=1)
05-27 19:12:54.438   536   536 D commservice260303: msg.id = 1028,0
05-27 19:12:54.439   536   536 D commservice260303: i = 170, msgid = 8A000404
05-27 19:12:54.439   536   536 D commservice260303: msgid = -1979710460,did=138
05-27 19:12:54.439   536   536 D commservice260303: CommProtocolLibCmdBaseI2C::dataproc {"command":{"id":"imu_status","sub":""},"content":{"TimeStamp":12,"FrameCounter":288238,"GD_X":-0.01091896090656519,"GD_Y":0.0056498548947274685,"GD_Z":0.0019848872907459736,"AD_X":-5.248039960861206E-4,"AD_Y":-0.0014974186196923256,"AD_Z":-0.16826629638671875,"TempDsp":0,"Status":0,"CalibState":1,"SigAmpInvalid":0}},-1979710460
05-27 19:12:54.439   536   536 D commservice260303: send2Cluster len:318, 7B22636F6D6D616E64223A7B226964223A22696D755F737461747573222C22737562223A22227D2C22636F6E74656E74223A7B2254696D655374616D70223A31322C224672616D65436F756E746572223A3238383233382C2247445F58223A2D302E30313039313839363039303635363531392C2247445F59223A302E303035363439383534383934373237343638352C2247445F5A223A302E303031393834383837323930373435393733362C2241445F58223A2D352E323438303339393630383631323036452D342C2241445F59223A2D302E303031343937343138363139363932333235362C2241445F5A223A2D302E31363832363632393633383637313837352C2254656D70447370223A302C22537461747573223A302C2243616C69625374617465223A312C22536967416D70496E76616C6964223A307D7D, 138 
05-27 19:12:54.439   536   536 D commservice260303: Push Message into SendPool fn=-995556352
05-27 19:12:54.439   536   536 D commservice260303: ComProtocolLibSend2Cluster::send2ClusterRaw fn=-995556352 , len=334
05-27 19:12:54.439   536   536 D commservice260303: sendCmdToPort :334!!!
05-27 19:12:54.439   536   536 D commservice260303: send Cmd To Port ++++5AA5014A8A010004A9C46A16D1B67B22636F6D6D616E64223A7B226964223A22696D755F737461747573222C22737562223A22227D2C22636F6E74656E74223A7B2254696D655374616D70223A31322C224672616D65436F756E746572223A3238383233382C2247445F58223A2D302E30313039313839363039303635363531392C2247445F59223A302E303035363439383534383934373237343638352C2247445F5A223A302E303031393834383837323930373435393733362C2241445F58223A2D352E323438303339393630383631323036452D342C2241445F59223A2D302E303031343937343138363139363932333235362C2241445F5A223A2D302E31363832363632393633383637313837352C2254656D70447370223A302C22537461747573223A302C2243616C69625374617465223A312C22536967416D70496E76616C6964223A307D7D283B
05-27 19:12:54.439   536   536 D commservice260303: bufferevent_write retrun value = 0
05-27 19:12:54.439   536   560 D commservice260303: client datas send succeed,send finish
05-27 19:12:54.440 13911 14192 D Sentinelmode_1.2.5.17_sentry: <SentryImuClusterFgeSender>imu_status sent to Linux, frame=288238, tsNs=12241670, tsMs=12, intervalMs=38, ad=(-5.24804E-4,-0.0014974186,-0.1682663), gd=(-0.010918961,0.005649855,0.0019848873)
05-27 19:12:54.440   581   581 I SpiService: fgesysctrl_getGPIO_status success val=1
05-27 09:04:03.405   581   581 D spi_rst_gpio_get_output: GPIO 145 value: 1
05-27 09:04:03.405   581   581 D spidev_ioctl: gpio status=1)
05-27 19:12:54.443 13911 14183 I SentryImuMcuAngleSender: 179.98248rollDeg
05-27 19:12:54.444 13911 14183 I SentryImuMcuAngleSender: 1,0,0
05-27 19:12:54.444   566 11459 I gps_hdbd: Received: '$GNINS,1,1,TYPE,I,V,012845.000,20836000,FUS,-17,0,0,0,MOT,V,1,PATT,0.00,0.00,0.00,VEL,0.000,0.000,0.000,POS,40.0001330924,116.0001570688,84.176,IIA,1,0.00,0.00,0.00,BGA,0.31,-0.66,-0.13,0.000,0.000,0.000,IGA,0,-1,0,0,-2,98,VG,16c2ff1*23
'
05-27 19:12:54.446   581   581 I SpiService: fgesysctrl_getGPIO_status success val=1
05-27 09:04:03.410   581   581 D spi_rst_gpio_get_output: GPIO 145 value: 1
05-27 09:04:03.410   581   581 D spidev_ioctl: gpio status=1)
05-27 19:12:54.449   283   307 I rvcservice: t.code = 3, t.value = 0
05-27 19:12:54.450   566 11459 I gps_hdbd: Received: '$GNINS,CARSPEED,ADR_STATUS,0,Pulse_count,0,1,0,0,20836000,122210,0.000,0.000,0.000*0B
'
05-27 19:12:54.451   581   581 I SpiService: fgesysctrl_getGPIO_status success val=1
05-27 09:04:03.416   581   581 D spi_rst_gpio_get_output: GPIO 145 value: 1
05-27 09:04:03.416   581   581 D spidev_ioctl: gpio status=1)
05-27 19:12:54.456   566 11459 I gps_hdbd: Received: '$GNTXT,04,01,04,INS,V,1,,,,FLG,1,000000,1,0,1,0,0,Con,0*71
'
05-27 19:12:54.457   581   581 I SpiService: fgesysctrl_getGPIO_status success val=0
05-27 09:04:03.421   581   581 D spi_rst_gpio_get_output: GPIO 145 value: 0
05-27 09:04:03.421   581   581 D spidev_ioctl: gpio status=0)
05-27 19:12:54.461   566 11459 I gps_hdbd: Received: '$GNTXT,INSTALL,0.00,0.00,0.00,0.00,0.00,0.00,0*20
'
05-27 19:12:54.461   572   572 I Sensors : 230 AccelSensor: x:-0.168360,y:-0.003659,z:-9.974720
05-27 19:12:54.463 13911 14183 I SentryImuMcuAngleSender: -179.97899rollDeg
05-27 19:12:54.463 13911 14183 I SentryImuMcuAngleSender: 1,0,0
05-27 19:12:54.471   581   581 I SpiService: fgesysctrl_getGPIO_status success val=1
05-27 09:04:03.435   581   581 D spi_rst_gpio_get_output: GPIO 145 value: 1
05-27 09:04:03.435   581   581 D spidev_ioctl: gpio status=1)
05-27 19:12:54.476   581   581 I SpiService: fgesysctrl_getGPIO_status success val=1
05-27 09:04:03.441   581   581 D spi_rst_gpio_get_output: GPIO 145 value: 1
05-27 09:04:03.441   581   581 D spidev_ioctl: gpio status=1)
05-27 19:12:54.480   536   536 D commservice260303: msg.id = 1028,1
05-27 19:12:54.480   536   536 D commservice260303: i = 170, msgid = 8A000404
05-27 19:12:54.480   536   536 D commservice260303: msgid = -1979710460,did=138
05-27 19:12:54.480   536   536 D commservice260303: CommProtocolLibCmdBaseI2C::dataproc {"command":{"id":"imu_status","sub":""},"content":{"TimeStamp":12,"FrameCounter":288239,"GD_X":-0.011834942735731602,"GD_Y":0.0057257963344454765,"GD_Z":0.002519079949706793,"AD_X":-0.0017510056495666504,"AD_Y":0.0016073547303676605,"AD_Z":-0.16948509216308594,"TempDsp":0,"Status":0,"CalibState":1,"SigAmpInvalid":0}},-1979710460
05-27 19:12:54.480   536   536 D commservice260303: send2Cluster len:318, 7B22636F6D6D616E64223A7B226964223A22696D755F737461747573222C22737562223A22227D2C22636F6E74656E74223A7B2254696D655374616D70223A31322C224672616D65436F756E746572223A3238383233392C2247445F58223A2D302E3031313833343934323733353733313630322C2247445F59223A302E303035373235373936333334343435343736352C2247445F5A223A302E3030323531393037393934393730363739332C2241445F58223A2D302E303031373531303035363439353636363530342C2241445F59223A302E303031363037333534373330333637363630352C2241445F5A223A2D302E31363934383530393231363330383539342C2254656D70447370223A302C22537461747573223A302C2243616C69625374617465223A312C22536967416D70496E76616C6964223A307D7D, 138 
05-27 19:12:54.480   536   536 D commservice260303: Push Message into SendPool fn=-978779136
05-27 19:12:54.480   536   536 D commservice260303: ComProtocolLibSend2Cluster::send2ClusterRaw fn=-978779136 , len=334
05-27 19:12:54.480   536   536 D commservice260303: sendCmdToPort :334!!!
05-27 19:12:54.480   536   536 D commservice260303: send Cmd To Port ++++5AA5014A8A010004A9C56A16D1B67B22636F6D6D616E64223A7B226964223A22696D755F737461747573222C22737562223A22227D2C22636F6E74656E74223A7B2254696D655374616D70223A31322C224672616D65436F756E746572223A3238383233392C2247445F58223A2D302E3031313833343934323733353733313630322C2247445F59223A302E303035373235373936333334343435343736352C2247445F5A223A302E3030323531393037393934393730363739332C2241445F58223A2D302E303031373531303035363439353636363530342C2241445F59223A302E303031363037333534373330333637363630352C2241445F5A223A2D302E31363934383530393231363330383539342C2254656D70447370223A302C22537461747573223A302C2243616C69625374617465223A312C22536967416D70496E76616C6964223A307D7DDB8B
05-27 19:12:54.480   536   536 D commservice260303: bufferevent_write retrun value = 0
05-27 19:12:54.481 13911 14192 D Sentinelmode_1.2.5.17_sentry: <SentryImuClusterFgeSender>imu_status sent to Linux, frame=288239, tsNs=12241728, tsMs=12, intervalMs=41, ad=(-0.0017510056,0.0016073547,-0.16948509), gd=(-0.011834943,0.0057257963,0.00251908)
05-27 19:12:54.481   581   581 I SpiService: fgesysctrl_getGPIO_status success val=1
05-27 19:12:54.483 13911 14183 I SentryImuMcuAngleSender: 179.96497rollDeg
05-27 19:12:54.483 13911 14183 I SentryImuMcuAngleSender: 1,0,0
05-27 19:12:54.484   536   560 D commservice260303: client datas send succeed,send finish
05-27 09:04:03.446   581   581 D spi_rst_gpio_get_output: GPIO 145 value: 1
05-27 09:04:03.446   581   581 D spidev_ioctl: gpio status=1)
05-27 19:12:54.487   581   581 I SpiService: fgesysctrl_getGPIO_status success val=1
05-27 09:04:03.451   581   581 D spi_rst_gpio_get_output: GPIO 145 value: 1
05-27 09:04:03.451   581   581 D spidev_ioctl: gpio status=1)
05-27 19:12:54.492   581   581 I SpiService: fgesysctrl_getGPIO_status success val=0
05-27 09:04:03.457   581   581 D spi_rst_gpio_get_output: GPIO 145 value: 0
05-27 09:04:03.457   581   581 D spidev_ioctl: gpio status=0)
05-27 19:12:54.504 13911 14183 I SentryImuMcuAngleSender: 179.96846rollDeg
05-27 19:12:54.504 13911 14183 I SentryImuMcuAngleSender: 1,0,0
05-27 19:12:54.506   581   581 I SpiService: fgesysctrl_getGPIO_status success val=1
05-27 19:12:54.506   481   598 I mcuc    : rev,n=1,6AA681F6BD001B8900860600030E3031323334353637383941424344454647000101A0
05-27 19:12:54.507   351   373 D automotive.vehicle@2.0-adayo-datacomm-mcu: MCUDatacomm sendMessageFromVehicle prop: 0x89, areaId: 0x0, status: 0x86, timestamp: 0x6
