05-27 18:08:14.573   536   536 D commservice260303: send2Cluster len:314, 7B22636F6D6D616E64223A7B226964223A22696D755F737461747573222C22737562223A22227D2C22636F6E74656E74223A7B2254696D655374616D70223A382C224672616D65436F756E746572223A3139323637302C2247445F58223A2D302E3031313938373836353930323438333436332C2247445F59223A302E3030353432303938393335363933353032342C2247445F5A223A302E303032323930323134363434373434393932332C2241445F58223A2D302E3030363535323936343434383932383833332C2241445F59223A302E3030343837353439313833383930323233352C2241445F5A223A2D302E313636343134323630383634323537382C2254656D70447370223A302C22537461747573223A302C2243616C69625374617465223A312C22536967416D70496E76616C6964223A307D7D, 138 
05-27 18:08:14.573   536   536 D commservice260303: Push Message into SendPool fn=-1490287872
05-27 18:08:14.573   536   536 D commservice260303: ComProtocolLibSend2Cluster::send2ClusterRaw fn=-1490287872 , len=330
05-27 18:08:14.573   536   536 D commservice260303: sendCmdToPort :330!!!
05-27 18:08:14.574   536   536 D commservice260303: send Cmd To Port ++++5AA501468A0100032CA76A16C28E7B22636F6D6D616E64223A7B226964223A22696D755F737461747573222C22737562223A22227D2C22636F6E74656E74223A7B2254696D655374616D70223A382C224672616D65436F756E746572223A3139323637302C2247445F58223A2D302E3031313938373836353930323438333436332C2247445F59223A302E3030353432303938393335363933353032342C2247445F5A223A302E303032323930323134363434373434393932332C2241445F58223A2D302E3030363535323936343434383932383833332C2241445F59223A302E3030343837353439313833383930323233352C2241445F5A223A2D302E313636343134323630383634323537382C2254656D70447370223A302C22537461747573223A302C2243616C69625374617465223A312C22536967416D70496E76616C6964223A307D7D3F8B
05-27 18:08:14.574   536   536 D commservice260303: bufferevent_write retrun value = 0
05-27 18:08:14.574   536   560 D commservice260303: client datas send succeed,send finish
05-27 18:08:14.574 13911 14192 D Sentinelmode_1.2.5.17_sentry: <SentryImuClusterFgeSender>imu_status sent to Linux, frame=192670, tsNs=8361819, tsMs=8, intervalMs=42, ad=(-0.0065529644,0.004875492,-0.16641426), gd=(-0.011987866,0.0054209894,0.0022902146)
05-27 07:59:23.537   581   581 D spi_rst_gpio_get_output: GPIO 145 value: 1
05-27 07:59:23.537   581   581 D spidev_ioctl: gpio status=1)
05-27 18:08:14.578 20223 20223 D CompatibilityChangeReporter: Compat change id reported: 171979766; UID 1000; state: ENABLED
05-27 18:08:14.579   581   581 I SpiService: fgesysctrl_getGPIO_status success val=1
05-27 18:08:14.581 13911 14183 I SentryImuMcuAngleSender: 179.95093rollDeg
05-27 18:08:14.581 13911 14183 I SentryImuMcuAngleSender: 1,0,0
05-27 07:59:23.543   581   581 D spi_rst_gpio_get_output: GPIO 145 value: 1
05-27 07:59:23.543   581   581 D spidev_ioctl: gpio status=1)
05-27 18:08:14.583   299 30841 D EvsDriver: forwardFrame
05-27 18:08:14.583  1008 30856 D [OMXB]  : usingANWBuffer: handle:0xee741c40, format:1, w:1920, h:1080
05-27 18:08:14.583   299 30844 D EvsDriver: forwardFrame
05-27 18:08:14.584 20223 20223 D CompatibilityInfo: applyToConfigurationCompat inoutConfig.densityDpi= 160
05-27 18:08:14.584   299 30841 D EvsDriver: Delivered 0xb400007b7ca56a60 as id 0
05-27 18:08:14.584  1167  1184 D evsmanagerd: /dev/video4 forwarded the buffer #0 to 0xb4000074bf5f6850 from 0xb4000074bf5f41d0
05-27 18:08:14.585   581   581 I SpiService: fgesysctrl_getGPIO_status success val=1
05-27 07:59:23.549   581   581 D spi_rst_gpio_get_output: GPIO 145 value: 1
05-27 07:59:23.549   581   581 D spidev_ioctl: gpio status=1)
05-27 18:08:14.591   581   581 I SpiService: fgesysctrl_getGPIO_status success val=1
05-27 07:59:23.555   581   581 D spi_rst_gpio_get_output: GPIO 145 value: 1
05-27 07:59:23.556   581   581 D spidev_ioctl: gpio status=1)
05-27 18:08:14.592   283   307 I rvcservice: t.code = 3, t.value = 0
05-27 18:08:14.593   299  1163 D EvsDriver: doneWithFrame
05-27 18:08:14.595   299 30844 D EvsDriver: Delivered 0xb400007b7ca56900 as id 0
05-27 18:08:14.595  1167  1184 D evsmanagerd: /dev/video6 forwarded the buffer #0 to 0xb4000074bf5f5510 from 0xb4000074bf5f6d90
05-27 18:08:14.598   581   581 I SpiService: fgesysctrl_getGPIO_status success val=0
05-27 18:08:14.601   299  1163 D EvsDriver: doneWithFrame
05-27 07:59:23.563   581   581 D spi_rst_gpio_get_output: GPIO 145 value: 0
05-27 07:59:23.563   581   581 D spidev_ioctl: gpio status=0)
05-27 18:08:14.602 13911 14183 I SentryImuMcuAngleSender: 179.95795rollDeg
05-27 18:08:14.602 13911 14183 I SentryImuMcuAngleSender: 1,0,0
05-27 18:08:14.603  1008 30857 D [OMXB]  : usingANWBuffer: handle:0xee740d20, format:1, w:1920, h:1080
05-27 18:08:14.605   572   622 I Sensors : 230 GyroSensor: x:-0.011530,y:0.005345,z:0.002443
05-27 18:08:14.612 20223 20223 D adservices: Registering AdServices's TopicsManager.
05-27 18:08:14.612   581   581 I SpiService: fgesysctrl_getGPIO_status success val=1
05-27 18:08:14.613   536   536 D commservice260303: msg.id = 1028,0
05-27 18:08:14.613   536   536 D commservice260303: i = 170, msgid = 8A000404
05-27 18:08:14.613   536   536 D commservice260303: msgid = -1979710460,did=138
05-27 18:08:14.613   536   536 D commservice260303: CommProtocolLibCmdBaseI2C::dataproc {"command":{"id":"imu_status","sub":""},"content":{"TimeStamp":8,"FrameCounter":192671,"GD_X":-0.01153013575822115,"GD_Y":0.005345047451555729,"GD_Z":0.002443138277158141,"AD_X":-0.0077415406703948975,"AD_Y":5.928585305809975E-4,"AD_Z":-0.1670246124267578,"TempDsp":0,"Status":0,"CalibState":1,"SigAmpInvalid":0}},-1979710460
05-27 18:08:14.613   536   536 D commservice260303: send2Cluster len:313, 7B22636F6D6D616E64223A7B226964223A22696D755F737461747573222C22737562223A22227D2C22636F6E74656E74223A7B2254696D655374616D70223A382C224672616D65436F756E746572223A3139323637312C2247445F58223A2D302E30313135333031333537353832323131352C2247445F59223A302E3030353334353034373435313535353732392C2247445F5A223A302E3030323434333133383237373135383134312C2241445F58223A2D302E303037373431353430363730333934383937352C2241445F59223A352E393238353835333035383039393735452D342C2241445F5A223A2D302E313637303234363132343236373537382C2254656D70447370223A302C22537461747573223A302C2243616C69625374617465223A312C22536967416D70496E76616C6964223A307D7D, 138 
05-27 18:08:14.613   536   536 D commservice260303: Push Message into SendPool fn=-1473510656
05-27 18:08:14.613   536   536 D commservice260303: ComProtocolLibSend2Cluster::send2ClusterRaw fn=-1473510656 , len=329
05-27 18:08:14.613   536   536 D commservice260303: sendCmdToPort :329!!!
05-27 18:08:14.613   536   536 D commservice260303: send Cmd To Port ++++5AA501458A0100032CA86A16C28E7B22636F6D6D616E64223A7B226964223A22696D755F737461747573222C22737562223A22227D2C22636F6E74656E74223A7B2254696D655374616D70223A382C224672616D65436F756E746572223A3139323637312C2247445F58223A2D302E30313135333031333537353832323131352C2247445F59223A302E3030353334353034373435313535353732392C2247445F5A223A302E3030323434333133383237373135383134312C2241445F58223A2D302E303037373431353430363730333934383937352C2241445F59223A352E393238353835333035383039393735452D342C2241445F5A223A2D302E313637303234363132343236373537382C2254656D70447370223A302C22537461747573223A302C2243616C69625374617465223A312C22536967416D70496E76616C6964223A307D7DBEF7
05-27 18:08:14.613   536   536 D commservice260303: bufferevent_write retrun value = 0
05-27 18:08:14.613   536   560 D commservice260303: client datas send succeed,send finish
05-27 18:08:14.613 13911 14192 D Sentinelmode_1.2.5.17_sentry: <SentryImuClusterFgeSender>imu_status sent to Linux, frame=192671, tsNs=8361856, tsMs=8, intervalMs=39, ad=(-0.0077415407,5.9285853E-4,-0.16702461), gd=(-0.011530136,0.0053450475,0.0024431383)
05-27 18:08:14.615   299 30844 D EvsDriver: forwardFrame
05-27 18:08:14.616   299 30844 D EvsDriver: Delivered 0xb400007b7ca56900 as id 0
05-27 18:08:14.616  1167  1184 D evsmanagerd: /dev/video6 forwarded the buffer #0 to 0xb4000074bf5f5510 from 0xb4000074bf5f6d90
05-27 18:08:14.616   299 30841 D EvsDriver: forwardFrame
05-27 07:59:23.577   581   581 D spi_rst_gpio_get_output: GPIO 145 value: 1
05-27 07:59:23.577   581   581 D spidev_ioctl: gpio status=1)
05-27 07:59:23.583   581   581 D spi_rst_gpio_get_output: GPIO 145 value: 1
05-27 07:59:23.583   581   581 D spidev_ioctl: gpio status=1)
05-27 07:59:23.589   581   581 D spi_rst_gpio_get_output: GPIO 145 value: 1
05-27 07:59:23.589   581   581 D spidev_ioctl: gpio status=1)
05-27 18:08:14.617 20223 20223 D CompatibilityInfo: applyToConfigurationCompat inoutConfig.densityDpi= 160
05-27 18:08:14.618   299 30841 D EvsDriver: Delivered 0xb400007b7ca56a60 as id 0
05-27 18:08:14.618  1167  1184 D evsmanagerd: /dev/video4 forwarded the buffer #0 to 0xb4000074bf5f6850 from 0xb4000074bf5f41d0
05-27 18:08:14.618   581   581 I SpiService: fgesysctrl_getGPIO_status success val=1
05-27 18:08:14.621   299  1163 D EvsDriver: doneWithFrame
05-27 18:08:14.622   299  1163 D EvsDriver: doneWithFrame
05-27 18:08:14.624   581   581 I SpiService: fgesysctrl_getGPIO_status success val=1
05-27 18:08:14.625 13911 14183 I SentryImuMcuAngleSender: 179.97546rollDeg
05-27 18:08:14.625 13911 14183 I SentryImuMcuAngleSender: 1,0,0
05-27 18:08:14.627  1008 30856 D [OMXB]  : usingANWBuffer: handle:0xee743c90, format:1, w:1920, h:1080
05-27 18:08:14.630   581   581 I SpiService: fgesysctrl_getGPIO_status success val=1
05-27 18:08:14.632 10188 16726 I DexManager: com.anwsdk.service loads from null-0 : 0 : /system/framework/javax.obex.jar
05-27 18:08:14.632 10188 16726 I DexManager: Could not find owning package for dex file: /system/framework/javax.obex.jar
05-27 18:08:14.632   536   560 D commservice260303: recv len:77, 5AA500490600000030F26A16C28E7B22636F6D6D616E64223A7B226964223A226473695F6C7578222C22737562223A22227D2C22636F6E74656E74223A7B2276616C7565223A3230307D7D3008 from server
05-27 07:59:23.594   581   581 D spi_rst_gpio_get_output: GPIO 145 value: 1
05-27 07:59:23.594   581   581 D spidev_ioctl: gpio status=1)
05-27 18:08:14.633   536  2578 D commservice260303: mcuDataAnalyzeHandle templen:77,len:77,pos:0, 5AA500490600000030F26A16C28E7B22636F6D6D616E64223A7B226964223A226473695F6C7578222C22737562223A22227D2C22636F6E74656E74223A7B2276616C7565223A3230307D7D3008 
05-27 18:08:14.633   536  2578 I commservice260303: checksumCal = 12296
05-27 18:08:14.633   536  2578 D commservice260303: CommProtocolLibCmdBaseC2I::dataproc {"command":{"id":"dsi_lux","sub":""},"content":{"value":200}},6
05-27 18:08:14.633   536  2578 D commservice260303: mcuCommMessageManager::notifyMsgToClient hwbinder OK
05-27 18:08:14.633   536  2578 D commservice260303: McuProtocolLibSend2Service::send2Service ret=1
05-27 18:08:14.633 12246 12440 D ivicomm_CommManager: fgeComServiceCallback: {"command":{"id":"dsi_lux","sub":""},"content":{"value":200}}
05-27 18:08:14.633 12246 12440 D ivicomm_CallbackManager: registerCallback DSI_LUX: {"value":200} mCommStateCallbackMap size:4
05-27 18:08:14.635 11579 11619 D NSLogUtils_VehicleService: L2A comm state: id=dsi_lux, value=200
05-27 18:08:14.635   581   581 I SpiService: fgesysctrl_getGPIO_status success val=1
05-27 18:08:14.635 11344  6594 D SystemUI_SystemSettingsControllerService: onCommState: commandID = dsi_lux; value = 200
05-27 07:59:23.600   581   581 D spi_rst_gpio_get_output: GPIO 145 value: 1
05-27 07:59:23.600   581   581 D spidev_ioctl: gpio status=1)
05-27 18:08:14.641   581   581 I SpiService: fgesysctrl_getGPIO_status success val=0
05-27 18:08:14.644 20223 20223 W .service:remote: ClassLoaderContext shared library size mismatch. Expected=0, found=1 (PCL[] | PCL[]{PCL[/system/framework/javax.obex.jar*2267184930]})
05-27 07:59:23.605   581   581 D spi_rst_gpio_get_output: GPIO 145 value: 0
05-27 07:59:23.605   581   581 D spidev_ioctl: gpio status=0)
05-27 18:08:14.645   299 30841 D EvsDriver: forwardFrame
05-27 18:08:14.646 13911 14183 I SentryImuMcuAngleSender: 179.97197rollDeg
05-27 18:08:14.646 13911 14183 I SentryImuMcuAngleSender: 1,0,0
05-27 18:08:14.646   299 30841 D EvsDriver: Delivered 0xb400007b7ca56a60 as id 0
05-27 18:08:14.647  1167  1184 D evsmanagerd: /dev/video4 forwarded the buffer #0 to 0xb4000074bf5f6850 from 0xb4000074bf5f41d0
05-27 18:08:14.647 30773 30781 E dvr_service_: [myNum:0] Received S**** loss
05-27 18:08:14.647   299  1163 D EvsDriver: doneWithFrame
05-27 18:08:14.649   299 30844 D EvsDriver: forwardFrame
05-27 18:08:14.650   299 30844 D EvsDriver: Delivered 0xb400007b7ca56900 as id 0
05-27 18:08:14.650  1167  1184 D evsmanagerd: /dev/video6 forwarded the buffer #0 to 0xb4000074bf5f5510 from 0xb4000074bf5f6d90
05-27 18:08:14.650 30773 30781 E dvr_service_: [myNum:1] Received S**** loss
05-27 18:08:14.651   299  1163 D EvsDriver: doneWithFrame
05-27 18:08:14.651 10188 16726 I DexManager: com.anwsdk.service loads from com.anwsdk.service-1 : 0 : /system/app/BluetoothExt/BluetoothExt.apk
05-27 18:08:14.653   536   536 D commservice260303: msg.id = 1028,1
05-27 18:08:14.653   536   536 D commservice260303: i = 170, msgid = 8A000404
05-27 18:08:14.653   536   536 D commservice260303: msgid = -1979710460,did=138
05-27 18:08:14.653   536   536 D commservice260303: CommProtocolLibCmdBaseI2C::dataproc {"command":{"id":"imu_status","sub":""},"content":{"TimeStamp":8,"FrameCounter":192672,"GD_X":-0.011759000830352306,"GD_Y":0.004505007527768612,"GD_Z":0.0017560218693688512,"AD_X":7.906109094619751E-4,"AD_Y":0.0012024319730699062,"AD_Z":-0.1682453155517578,"TempDsp":0,"Status":0,"CalibState":1,"SigAmpInvalid":0}},-1979710460
05-27 18:08:14.653   536   536 D commservice260303: send2Cluster len:314, 7B22636F6D6D616E64223A7B226964223A22696D755F737461747573222C22737562223A22227D2C22636F6E74656E74223A7B2254696D655374616D70223A382C224672616D65436F756E746572223A3139323637322C2247445F58223A2D302E3031313735393030303833303335323330362C2247445F59223A302E3030343530353030373532373736383631322C2247445F5A223A302E303031373536303231383639333638383531322C2241445F58223A372E393036313039303934363139373531452D342C2241445F59223A302E303031323032343331393733303639393036322C2241445F5A223A2D302E313638323435333135353531373537382C2254656D70447370223A302C22537461747573223A302C2243616C69625374617465223A312C22536967416D70496E76616C6964223A307D7D, 138 
05-27 18:08:14.653   536   536 D commservice260303: Push Message into SendPool fn=-1456733440
05-27 18:08:14.653   536   536 D commservice260303: ComProtocolLibSend2Cluster::send2ClusterRaw fn=-1456733440 , len=330
05-27 18:08:14.653   536   536 D commservice260303: sendCmdToPort :330!!!
05-27 18:08:14.653   536   536 D commservice260303: send Cmd To Port ++++5AA501468A0100032CA96A16C28E7B22636F6D6D616E64223A7B226964223A22696D755F737461747573222C22737562223A22227D2C22636F6E74656E74223A7B2254696D655374616D70223A382C224672616D65436F756E746572223A3139323637322C2247445F58223A2D302E3031313735393030303833303335323330362C2247445F59223A302E3030343530353030373532373736383631322C2247445F5A223A302E303031373536303231383639333638383531322C2241445F58223A372E393036313039303934363139373531452D342C2241445F59223A302E303031323032343331393733303639393036322C2241445F5A223A2D302E313638323435333135353531373537382C2254656D70447370223A302C22537461747573223A302C2243616C69625374617465223A312C22536967416D70496E76616C6964223A307D7D4741
05-27 18:08:14.653   536   536 D commservice260303: bufferevent_write retrun value = 0
05-27 18:08:14.654   536   560 D commservice260303: client datas send succeed,send finish
05-27 18:08:14.654 13911 14192 D Sentinelmode_1.2.5.17_sentry: <SentryImuClusterFgeSender>imu_status sent to Linux, frame=192672, tsNs=8361889, tsMs=8, intervalMs=40, ad=(7.906109E-4,0.001202432,-0.16824532), gd=(-0.011759001,0.0045050075,0.0017560219)
05-27 18:08:14.655   581   581 I SpiService: fgesysctrl_getGPIO_status success val=1
05-27 07:59:23.620   581   581 D spi_rst_gpio_get_output: GPIO 145 value: 1
05-27 07:59:23.620   581   581 D spidev_ioctl: gpio status=1)
05-27 18:08:14.661  1008 30857 D [OMXB]  : usingANWBuffer: handle:0xee742690, format:1, w:1920, h:1080
05-27 18:08:14.661 20223 20223 D CompatibilityInfo: applyToConfigurationCompat inoutConfig.densityDpi= 160
05-27 18:08:14.661   581   581 I SpiService: fgesysctrl_getGPIO_status success val=1
05-27 07:59:23.626   581   581 D spi_rst_gpio_get_output: GPIO 145 value: 1
05-27 07:59:23.626   581   581 D spidev_ioctl: gpio status=1)
05-27 18:08:14.666   581   581 I SpiService: fgesysctrl_getGPIO_status success val=1
05-27 18:08:14.666 13911 14183 I SentryImuMcuAngleSender: 179.95795rollDeg
05-27 18:08:14.666 13911 14183 I SentryImuMcuAngleSender: 1,0,0
05-27 07:59:23.631   581   581 D spi_rst_gpio_get_output: GPIO 145 value: 1
05-27 07:59:23.631   581   581 D spidev_ioctl: gpio status=1)
05-27 18:08:14.671  1008 30856 D [OMXB]  : usingANWBuffer: handle:0xee7435b0, format:1, w:1920, h:1080
05-27 18:08:14.672   581   581 I SpiService: fgesysctrl_getGPIO_status success val=1
05-27 07:59:23.637   581   581 D spi_rst_gpio_get_output: GPIO 145 value: 1
05-27 07:59:23.637   581   581 D spidev_ioctl: gpio status=1)
05-27 18:08:14.676 20223 20223 D libEGL  : <.service:remote>[setCacheFilename]: file=/data/user_de/0/com.anwsdk.service/code_cache/com.android.opengl.shaders_cache
05-27 18:08:14.678   581   581 I SpiService: fgesysctrl_getGPIO_status success val=1
05-27 18:08:14.680   299 30841 D EvsDriver: forwardFrame
05-27 07:59:23.642   581   581 D spi_rst_gpio_get_output: GPIO 145 value: 1
05-27 07:59:23.642   581   581 D spidev_ioctl: gpio status=1)
05-27 18:08:14.682   299 30841 D EvsDriver: Delivered 0xb400007b7ca56a60 as id 0
05-27 18:08:14.682  1167  1184 D evsmanagerd: /dev/video4 forwarded the buffer #0 to 0xb4000074bf5f6850 from 0xb4000074bf5f41d0
05-27 18:08:14.683   299 30844 D EvsDriver: forwardFrame
05-27 18:08:14.683   581   581 I SpiService: fgesysctrl_getGPIO_status success val=0
05-27 07:59:23.648   581   581 D spi_rst_gpio_get_output: GPIO 145 value: 0
05-27 07:59:23.648   581   581 D spidev_ioctl: gpio status=0)
05-27 18:08:14.686  1167  1184 D evsmanagerd: /dev/video6 forwarded the buffer #0 to 0xb4000074bf5f5510 from 0xb4000074bf5f6d90
05-27 18:08:14.686   299  1163 D EvsDriver: doneWithFrame
05-27 18:08:14.688 30773 30785 I dvr_service_: [EncoderHandler::runMediaThread] runMediaThread started:1,state:1, cam2:started:1,state:1, lastSwitch:1, mIsMuxerStart:1,format:0,is_str_ing:0
05-27 18:08:14.689   299 30844 D EvsDriver: Delivered 0xb400007b7ca56900 as id 0
05-27 18:08:14.689   299  1163 D EvsDriver: doneWithFrame
05-27 18:08:14.689  1008 30857 D [OMXB]  : usingANWBuffer: handle:0xee740220, format:1, w:1920, h:1080
05-27 18:08:14.690 30773 30789 I dvr_service_: Camera 1: MediaOK:65970017, frames:1520, isKeyFrame:0,pts:8361607558
05-27 18:08:14.690 13911 14183 I SentryImuMcuAngleSender: 179.96143rollDeg
05-27 18:08:14.690 13911 14183 I SentryImuMcuAngleSender: 1,0,0
05-27 18:08:14.693   283   307 I rvcservice: t.code = 7, t.value = 8361764
05-27 18:08:14.697   536   536 D commservice260303: msg.id = 1028,1
05-27 18:08:14.697   536   536 D commservice260303: i = 170, msgid = 8A000404
05-27 18:08:14.697   536   536 D commservice260303: msgid = -1979710460,did=138
05-27 18:08:14.697   536   536 D commservice260303: CommProtocolLibCmdBaseI2C::dataproc {"command":{"id":"imu_status","sub":""},"content":{"TimeStamp":8,"FrameCounter":192673,"GD_X":-0.01160607673227787,"GD_Y":0.0051151420921087265,"GD_Z":0.002443138277158141,"AD_X":0.0044030845165252686,"AD_Y":0.003012054832652211,"AD_Z":-0.16336441040039062,"TempDsp":0,"Status":0,"CalibState":1,"SigAmpInvalid":0}},-1979710460
05-27 18:08:14.697   536   536 D commservice260303: send2Cluster len:314, 7B22636F6D6D616E64223A7B226964223A22696D755F737461747573222C22737562223A22227D2C22636F6E74656E74223A7B2254696D655374616D70223A382C224672616D65436F756E746572223A3139323637332C2247445F58223A2D302E30313136303630373637333232373738372C2247445F59223A302E303035313135313432303932313038373236352C2247445F5A223A302E3030323434333133383237373135383134312C2241445F58223A302E303034343033303834353136353235323638362C2241445F59223A302E3030333031323035343833323635323231312C2241445F5A223A2D302E31363333363434313034303033393036322C2254656D70447370223A302C22537461747573223A302C2243616C69625374617465223A312C22536967416D70496E76616C6964223A307D7D, 138 
05-27 18:08:14.697   536   536 D commservice260303: Push Message into SendPool fn=-1439956224
05-27 18:08:14.697   536   536 D commservice260303: ComProtocolLibSend2Cluster::send2ClusterRaw fn=-1439956224 , len=330
05-27 18:08:14.697   536   536 D commservice260303: sendCmdToPort :330!!!
05-27 18:08:14.697   536   536 D commservice260303: send Cmd To Port ++++5AA501468A0100032CAA6A16C28E7B22636F6D6D616E64223A7B226964223A22696D755F737461747573222C22737562223A22227D2C22636F6E74656E74223A7B2254696D655374616D70223A382C224672616D65436F756E746572223A3139323637332C2247445F58223A2D302E30313136303630373637333232373738372C2247445F59223A302E303035313135313432303932313038373236352C2247445F5A223A302E3030323434333133383237373135383134312C2241445F58223A302E303034343033303834353136353235323638362C2241445F59223A302E3030333031323035343833323635323231312C2241445F5A223A2D302E31363333363434313034303033393036322C2254656D70447370223A302C22537461747573223A302C2243616C69625374617465223A312C22536967416D70496E76616C6964223A307D7DD76D
05-27 18:08:14.698   536   536 D commservice260303: bufferevent_write retrun value = 0
05-27 18:08:14.698   536   560 D commservice260303: client datas send succeed,send finish
05-27 18:08:14.698 13911 14192 D Sentinelmode_1.2.5.17_sentry: <SentryImuClusterFgeSender>imu_status sent to Linux, frame=192673, tsNs=8361926, tsMs=8, intervalMs=45, ad=(0.0044030845,0.0030120548,-0.16336441), gd=(-0.011606077,0.005115142,0.0024431383)
05-27 18:08:14.699   581   581 I SpiService: fgesysctrl_getGPIO_status success val=1
05-27 18:08:14.701 15863 16069 D AIN-HttpHealthPolicy: call() called start, host=www.bilibili.com
05-27 07:59:23.664   581   581 D spi_rst_gpio_get_output: GPIO 145 value: 1
05-27 07:59:23.664   581   581 D spidev_ioctl: gpio status=1)
05-27 18:08:14.704 10046 20240 D resolv  : GetAddrInfoHandler::run: {103 786535 103 983143 1000 0}
05-27 18:08:14.704 10046 20240 D resolv  : resolv_getaddrinfo: explore_fqdn(): ai_family=0 ai_socktype=1 ai_protocol=6
05-27 18:08:14.705   581   581 I SpiService: fgesysctrl_getGPIO_status success val=1
05-27 18:08:14.705 10046 20241 D resolv  : doQuery: (1, 1)
05-27 18:08:14.706 10046 20241 D resolv  : res_nmkquery: (QUERY, IN, A)
05-27 18:08:14.706 10046 20241 D resolv  : res_nsend
05-27 18:08:14.706 10046 20241 I resolv  : resolv_cache_lookup: lookup
05-27 18:08:14.706 10046 20241 I resolv  : resolv_cache_lookup: FOUND IN CACHE entry=0xb4000072a546aab0
05-27 18:08:14.706 10046 20241 D resolv  : doQuery: rcode=0, ancount=4
05-27 18:08:14.708 15863 16069 D TrafficStats: tagSocket(166) with statsTag=0xffffffff, statsUid=-1
05-27 18:08:14.708   299 30844 D EvsDriver: forwardFrame
05-27 18:08:14.709  1008 30856 D [OMXB]  : usingANWBuffer: handle:0xee740bc0, format:1, w:1920, h:1080
05-27 07:59:23.670   581   581 D spi_rst_gpio_get_output: GPIO 145 value: 1
05-27 07:59:23.670   581   581 D spidev_ioctl: gpio status=1)
05-27 18:08:14.709   299 30844 D EvsDriver: Delivered 0xb400007b7ca56900 as id 0
05-27 18:08:14.710  1167  1184 D evsmanagerd: /dev/video6 forwarded the buffer #0 to 0xb4000074bf5f5510 from 0xb4000074bf5f6d90
05-27 18:08:14.710   572   572 I Sensors : 230 AccelSensor: x:-0.164700,y:-0.001220,z:-9.975940
05-27 18:08:14.711 13911 14183 I SentryImuMcuAngleSender: 179.97897rollDeg
05-27 18:08:14.712   581   581 I SpiService: fgesysctrl_getGPIO_status success val=1
05-27 18:08:14.712 13911 14183 I SentryImuMcuAngleSender: 1,0,0
05-27 07:59:23.676   581   581 D spi_rst_gpio_get_output: GPIO 145 value: 1
05-27 07:59:23.676   581   581 D spidev_ioctl: gpio status=1)
05-27 18:08:14.713   299  1163 D EvsDriver: doneWithFrame
05-27 07:59:23.682   581   581 D spi_rst_gpio_get_output: GPIO 145 value: 1
05-27 07:59:23.682   581   581 D spidev_ioctl: gpio status=1)
05-27 18:08:14.717   581   581 I SpiService: fgesysctrl_getGPIO_status success val=1
05-27 18:08:14.718 20223 20223 D NetworkSecurityConfig: No Network Security Config specified, using platform default
05-27 18:08:14.719   299 30841 D EvsDriver: forwardFrame
05-27 18:08:14.721   299 30841 D EvsDriver: Delivered 0xb400007b7ca56a60 as id 0
05-27 18:08:14.721  1167  1184 D evsmanagerd: /dev/video4 forwarded the buffer #0 to 0xb4000074bf5f6850 from 0xb4000074bf5f41d0
05-27 18:08:14.721 20223 20223 D NetworkSecurityConfig: No Network Security Config specified, using platform default
05-27 07:59:23.688   581   581 D spi_rst_gpio_get_output: GPIO 145 value: 0
05-27 07:59:23.688   581   581 D spidev_ioctl: gpio status=0)
05-27 18:08:14.724   581   581 I SpiService: fgesysctrl_getGPIO_status success val=0
05-27 18:08:14.727   299  1163 D EvsDriver: doneWithFrame
05-27 18:08:14.732 13911 14183 I SentryImuMcuAngleSender: -179.986rollDeg
05-27 18:08:14.732 13911 14183 I SentryImuMcuAngleSender: 1,0,0
05-27 18:08:14.733  1008 30857 D [OMXB]  : usingANWBuffer: handle:0xee742b60, format:1, w:1920, h:1080
05-27 18:08:14.736   536   536 D commservice260303: msg.id = 1028,0
05-27 18:08:14.736   536   536 D commservice260303: i = 170, msgid = 8A000404
05-27 18:08:14.736   536   536 D commservice260303: msgid = -1979710460,did=138
05-27 18:08:14.736   536   536 D commservice260303: CommProtocolLibCmdBaseI2C::dataproc {"command":{"id":"imu_status","sub":""},"content":{"TimeStamp":8,"FrameCounter":192674,"GD_X":-0.011223767884075642,"GD_Y":0.004733873065561056,"GD_Z":0.0023671966046094894,"AD_X":-0.0017275959253311157,"AD_Y":-0.006102269981056452,"AD_Z":-0.1731243133544922,"TempDsp":0,"Status":0,"CalibState":1,"SigAmpInvalid":0}},-1979710460
05-27 18:08:14.736   536   536 D commservice260303: send2Cluster len:316, 7B22636F6D6D616E64223A7B226964223A22696D755F737461747573222C22737562223A22227D2C22636F6E74656E74223A7B2254696D655374616D70223A382C224672616D65436F756E746572223A3139323637342C2247445F58223A2D302E3031313232333736373838343037353634322C2247445F59223A302E3030343733333837333036353536313035362C2247445F5A223A302E303032333637313936363034363039343839342C2241445F58223A2D302E303031373237353935393235333331313135372C2241445F59223A2D302E3030363130323236393938313035363435322C2241445F5A223A2D302E313733313234333133333534343932322C2254656D70447370223A302C22537461747573223A302C2243616C69625374617465223A312C22536967416D70496E76616C6964223A307D7D, 138 
05-27 18:08:14.736   536   536 D commservice260303: Push Message into SendPool fn=-1423179008
05-27 18:08:14.736   536   536 D commservice260303: ComProtocolLibSend2Cluster::send2ClusterRaw fn=-1423179008 , len=332
05-27 18:08:14.736   536   536 D commservice260303: sendCmdToPort :332!!!
05-27 18:08:14.736   536   536 D commservice260303: send Cmd To Port ++++5AA501488A0100032CAB6A16C28E7B22636F6D6D616E64223A7B226964223A22696D755F737461747573222C22737562223A22227D2C22636F6E74656E74223A7B2254696D655374616D70223A382C224672616D65436F756E746572223A3139323637342C2247445F58223A2D302E3031313232333736373838343037353634322C2247445F59223A302E3030343733333837333036353536313035362C2247445F5A223A302E303032333637313936363034363039343839342C2241445F58223A2D302E303031373237353935393235333331313135372C2241445F59223A2D302E3030363130323236393938313035363435322C2241445F5A223A2D302E313733313234333133333534343932322C2254656D70447370223A302C22537461747573223A302C2243616C69625374617465223A312C22536967416D70496E76616C6964223A307D7D4A17
05-27 18:08:14.736   536   536 D commservice260303: bufferevent_write retrun value = 0
05-27 18:08:14.736   536   560 D commservice260303: client datas send succeed,send finish
05-27 18:08:14.736 13911 14192 D Sentinelmode_1.2.5.17_sentry: <SentryImuClusterFgeSender>imu_status sent to Linux, frame=192674, tsNs=8361978, tsMs=8, intervalMs=38, ad=(-0.0017275959,-0.00610227,-0.17312431), gd=(-0.011223768,0.004733873,0.0023671966)
05-27 07:59:23.704   581   581 D spi_rst_gpio_get_output: GPIO 145 value: 1
05-27 07:59:23.704   581   581 D spidev_ioctl: gpio status=1)
05-27 18:08:14.740   581   581 I SpiService: fgesysctrl_getGPIO_status success val=1
05-27 18:08:14.745   581   581 I SpiService: fgesysctrl_getGPIO_status success val=1
05-27 18:08:14.745   299 30844 D EvsDriver: forwardFrame
05-27 18:08:14.748   299 30844 D EvsDriver: Delivered 0xb400007b7ca56900 as id 0
05-27 18:08:14.748  1167  1184 D evsmanagerd: /dev/video6 forwarded the buffer #0 to 0xb4000074bf5f5510 from 0xb4000074bf5f6d90
05-27 18:08:14.749   299 30841 D EvsDriver: forwardFrame
05-27 07:59:23.710   581   581 D spi_rst_gpio_get_output: GPIO 145 value: 1
05-27 07:59:23.710   581   581 D spidev_ioctl: gpio status=1)
05-27 18:08:14.752   581   581 I SpiService: fgesysctrl_getGPIO_status success val=1
05-27 18:08:14.752  1167  1479 D evsmanagerd: /dev/video4 forwarded the buffer #0 to 0xb4000074bf5f6850 from 0xb4000074bf5f41d0
05-27 18:08:14.752   299  1163 D EvsDriver: doneWithFrame
05-27 18:08:14.753 13911 14183 I SentryImuMcuAngleSender: 180.0rollDeg
05-27 18:08:14.753 13911 14183 I SentryImuMcuAngleSender: 1,0,0
05-27 07:59:23.716   581   581 D spi_rst_gpio_get_output: GPIO 145 value: 1
05-27 07:59:23.716   581   581 D spidev_ioctl: gpio status=1)
05-27 18:08:14.754   299 30841 D EvsDriver: Delivered 0xb400007b7ca56a60 as id 0
05-27 18:08:14.754   299  1163 D EvsDriver: doneWithFrame
05-27 18:08:14.757   581   581 I SpiService: fgesysctrl_getGPIO_status success val=1
05-27 07:59:23.722   581   581 D spi_rst_gpio_get_output: GPIO 145 value: 1
05-27 07:59:23.722   581   581 D spidev_ioctl: gpio status=1)
05-27 18:08:14.763   581   581 I SpiService: fgesysctrl_getGPIO_status success val=0
05-27 07:59:23.727   581   581 D spi_rst_gpio_get_output: GPIO 145 value: 0
05-27 07:59:23.727   581   581 D spidev_ioctl: gpio status=0)
05-27 18:08:14.766  1008 30856 D [OMXB]  : usingANWBuffer: handle:0xee742cc0, format:1, w:1920, h:1080
05-27 18:08:14.767 20223 20223 I ANWJNI_SECOND: +++ JNI_OnLoad
05-27 18:08:14.768 20223 20223 I ANWJNI_SECOND: +++ registerNativeMethods
05-27 18:08:14.768 20223 20223 I ANWJNI_SECOND: numMethods = 245
05-27 18:08:14.770 30773 30789 I dvr_service_: Camera 0: MediaOK:65970785, frames:1530, isKeyFrame:0,pts:8361647330
05-27 18:08:14.770 15863 16024 D AIN-ExternalMapLocation: MSG_LOCATE
05-27 18:08:14.771 15863 16024 D AIN-CustomMapProxy: sendMsgToCustomMap hascallback : true
05-27 18:08:14.771 15863 16024 D AIN-ServiceHub: getService with: name = service_multi_dhu_control
05-27 18:08:14.771 15863 16024 D AIN-NaviThirdPartyAccessor: hasCallback : true
05-27 18:08:14.771 15863 16024 D AIN-NaviThirdPartyAccessor: sendMsgToCustomMap msg : {"needResponse":true,"protocolFrom":"com.aispeech.lyra.daemon","protocolId":14012,"protocolVersion":"v1","requestCode":"c348587a-7ed9-401b-bd04-07d161452f22"}
05-27 18:08:14.771 17284 17302 D AIN-AiNaviManager: speech send msg to navi : {"needResponse":true,"protocolFrom":"com.aispeech.lyra.daemon","protocolId":14012,"protocolVersion":"v1","requestCode":"c348587a-7ed9-401b-bd04-07d161452f22"}
05-27 18:08:14.772 17284 17302 I AIN-MapAccessLayer: onMessage_with: protocolMsg = [{"needResponse":true,"protocolFrom":"com.aispeech.lyra.daemon","protocolId":14012,"protocolVersion":"v1","requestCode":"c348587a-7ed9-401b-bd04-07d161452f22"}]
05-27 18:08:14.772 17284 17344 D AIN-MapAccessLayer: 请求定位 14012
05-27 18:08:14.772 15863 16024 D AIN-NaviThirdPartyAccessor: callback[navi_com.aispeech.lyra.assistant] is invoked
05-27 18:08:14.772 15863 16024 I AIN-CustomMapProxy: requestCurLocation，requestLocationCount=1558 callTag=toLocate
05-27 18:08:14.772 20223 20223 I ANWJNI_SECOND: --- registerNativeMethods
05-27 18:08:14.773 13911 14183 I SentryImuMcuAngleSender: 179.98598rollDeg
05-27 18:08:14.773 13911 14183 I SentryImuMcuAngleSender: 1,0,0
05-27 18:08:14.774 20223 20223 D ANWJNI_SECOND: (20223|0x5467E4F8)[BTAPP] read XML config file
05-27 18:08:14.774 20223 20223 D ANWJNI_SECOND: 
05-27 18:08:14.774 20223 20223 D ANWJNI_SECOND: (20223|0x5467E4F8)[BTAPP] run Read (/system/etc/bluetooth/btmonitor-config_second.xml) Start
05-27 18:08:14.774 20223 20223 D ANWJNI_SECOND: 
05-27 18:08:14.774 20223 20223 D ANWJNI_SECOND: (20223|0x5467E4F8)[BTAPP] run Read (btmonitor-config.xml) source_data != NULL
05-27 18:08:14.774 20223 20223 D ANWJNI_SECOND: 
05-27 18:08:14.774 20223 20223 D ANWJNI_SECOND: (20223|0x5467E4F8)[BTAPP] XML : find HID setting
05-27 18:08:14.774 20223 20223 D ANWJNI_SECOND: 
05-27 18:08:14.774 20223 20223 D ANWJNI_SECOND: (20223|0x5467E4F8)[BTAPP] HID set(close)
05-27 18:08:14.774 20223 20223 D ANWJNI_SECOND: 
05-27 18:08:14.774 20223 20223 D ANWJNI_SECOND: (20223|0x5467E4F8)[BTAPP] XML : find SPP setting
05-27 18:08:14.774 20223 20223 D ANWJNI_SECOND: 
05-27 18:08:14.774 20223 20223 D ANWJNI_SECOND: (20223|0x5467E4F8)[BTAPP] SPP set(close)
05-27 18:08:14.774 20223 20223 D ANWJNI_SECOND: 
05-27 18:08:14.774 20223 20223 D ANWJNI_SECOND: (20223|0x5467E4F8)[BTAPP] XML : find PINCode setting
05-27 18:08:14.774 20223 20223 D ANWJNI_SECOND: 
05-27 18:08:14.774 20223 20223 D ANWJNI_SECOND: (20223|0x5467E4F8)[BTAPP] PinCode set(close)
05-27 18:08:14.774 20223 20223 D ANWJNI_SECOND: 
05-27 18:08:14.774 20223 20223 D ANWJNI_SECOND: (20223|0x5467E4F8)[BTAPP] get setpincode data fail
05-27 18:08:14.774 20223 20223 D ANWJNI_SECOND: 
05-27 18:08:14.774 20223 20223 D ANWJNI_SECOND: (20223|0x5467E4F8)[BTAPP] get set_legacy_pin data fail
05-27 18:08:14.774 20223 20223 D ANWJNI_SECOND: 
05-27 18:08:14.774 20223 20223 D ANWJNI_SECOND: (20223|0x5467E4F8)[BTAPP] XML : find spp_uuid setting
05-27 18:08:14.774 20223 20223 D ANWJNI_SECOND: 
05-27 18:08:14.774 20223 20223 D ANWJNI_SECOND: (20223|0x5467E4F8)[BTAPP] XML : ca_spp_uuid len(32)
05-27 18:08:14.774 20223 20223 D ANWJNI_SECOND: 
05-27 18:08:14.775 20223 20223 D ANWJNI_SECOND: (20223|0x5467E4F8)[BTAPP] XML : SPP_UUID_fromXML len(16):(
05-27 18:08:14.775 20223 20223 D ANWJNI_SECOND: (20223|0x5467E4F8)[BTAPP] 0xfa 
05-27 18:08:14.775 20223 20223 D ANWJNI_SECOND: (20223|0x5467E4F8)[BTAPP] 0xeb 
05-27 18:08:14.775 20223 20223 D ANWJNI_SECOND: (20223|0x5467E4F8)[BTAPP] 0xdc 
05-27 18:08:14.775 20223 20223 D ANWJNI_SECOND: (20223|0x5467E4F8)[BTAPP] 0x12 
05-27 18:08:14.775 20223 20223 D ANWJNI_SECOND: (20223|0x5467E4F8)[BTAPP] 0x7 
05-27 18:08:14.775 20223 20223 D ANWJNI_SECOND: (20223|0x5467E4F8)[BTAPP] 0x2c 
05-27 18:08:14.775 20223 20223 D ANWJNI_SECOND: (20223|0x5467E4F8)[BTAPP] 0xb0 
05-27 18:08:14.775 20223 20223 D ANWJNI_SECOND: (20223|0x5467E4F8)[BTAPP] 0xa4 
05-27 18:08:14.775 20223 20223 D ANWJNI_SECOND: (20223|0x5467E4F8)[BTAPP] 0x10 
05-27 18:08:14.775 20223 20223 D ANWJNI_SECOND: (20223|0x5467E4F8)[BTAPP] 0xa 
05-27 18:08:14.775 20223 20223 D ANWJNI_SECOND: (20223|0x5467E4F8)[BTAPP] 0x5a 
05-27 18:08:14.775 20223 20223 D ANWJNI_SECOND: (20223|0x5467E4F8)[BTAPP] 0x61 
05-27 18:08:14.775 20223 20223 D ANWJNI_SECOND: (20223|0x5467E4F8)[BTAPP] 0x8d 
05-27 18:08:14.775 20223 20223 D ANWJNI_SECOND: (20223|0x5467E4F8)[BTAPP] 0xc9 
05-27 18:08:14.775 20223 20223 D ANWJNI_SECOND: (20223|0x5467E4F8)[BTAPP] 0x40 
05-27 18:08:14.775 20223 20223 D ANWJNI_SECOND: (20223|0x5467E4F8)[BTAPP] 0x1c 
05-27 18:08:14.775 20223 20223 D ANWJNI_SECOND: (20223|0x5467E4F8)[BTAPP] )
05-27 18:08:14.775 20223 20223 D ANWJNI_SECOND: 
05-27 18:08:14.775 20223 20223 D ANWJNI_SECOND: (20223|0x5467E4F8)[BTAPP] XML : find Apple spp_uuid setting
05-27 18:08:14.775 20223 20223 D ANWJNI_SECOND: 
05-27 18:08:14.775 20223 20223 D ANWJNI_SECOND: (20223|0x5467E4F8)[BTAPP] XML : Apple ca_spp_uuid len(32)
05-27 18:08:14.775 20223 20223 D ANWJNI_SECOND: 
05-27 18:08:14.775 20223 20223 D ANWJNI_SECOND: (20223|0x5467E4F8)[BTAPP] XML : Apple SPP_UUID_fromXML len(16):(
05-27 18:08:14.775 20223 20223 D ANWJNI_SECOND: (20223|0x5467E4F8)[BTAPP] 0x0 
05-27 18:08:14.776 20223 20223 D ANWJNI_SECOND: (20223|0x5467E4F8)[BTAPP] 0x0 
05-27 18:08:14.776 20223 20223 D ANWJNI_SECOND: (20223|0x5467E4F8)[BTAPP] 0x0 
05-27 18:08:14.776 20223 20223 D ANWJNI_SECOND: (20223|0x5467E4F8)[BTAPP] 0x0 
05-27 18:08:14.776 20223 20223 D ANWJNI_SECOND: (20223|0x5467E4F8)[BTAPP] 0xde 
05-27 18:08:14.776 20223 20223 D ANWJNI_SECOND: (20223|0x5467E4F8)[BTAPP] 0xca 
05-27 18:08:14.776 20223 20223 D ANWJNI_SECOND: (20223|0x5467E4F8)[BTAPP] 0xfa 
05-27 18:08:14.776 20223 20223 D ANWJNI_SECOND: (20223|0x5467E4F8)[BTAPP] 0xde 
05-27 18:08:14.776 20223 20223 D ANWJNI_SECOND: (20223|0x5467E4F8)[BTAPP] 0xde 
05-27 18:08:14.776 20223 20223 D ANWJNI_SECOND: (20223|0x5467E4F8)[BTAPP] 0xca 
05-27 18:08:14.776 20223 20223 D ANWJNI_SECOND: (20223|0x5467E4F8)[BTAPP] 0xde 
05-27 18:08:14.776   536   536 D commservice260303: msg.id = 1028,0
05-27 18:08:14.776 20223 20223 D ANWJNI_SECOND: (20223|0x5467E4F8)[BTAPP] 0xaf 
05-27 18:08:14.776   536   536 D commservice260303: i = 170, msgid = 8A000404
05-27 18:08:14.776   536   536 D commservice260303: msgid = -1979710460,did=138
05-27 18:08:14.776 20223 20223 D ANWJNI_SECOND: (20223|0x5467E4F8)[BTAPP] 0xde 
05-27 18:08:14.776   536   536 D commservice260303: CommProtocolLibCmdBaseI2C::dataproc {"command":{"id":"imu_status","sub":""},"content":{"TimeStamp":8,"FrameCounter":192675,"GD_X":-0.01091896090656519,"GD_Y":0.00519212381914258,"GD_Z":0.0019848872907459736,"AD_X":-0.009017840027809143,"AD_Y":-0.001206731889396906,"AD_Z":-0.1670246124267578,"TempDsp":0,"Status":0,"CalibState":1,"SigAmpInvalid":0}},-1979710460
05-27 18:08:14.776 20223 20223 D ANWJNI_SECOND: (20223|0x5467E4F8)[BTAPP] 0xca 
05-27 18:08:14.776 20223 20223 D ANWJNI_SECOND: (20223|0x5467E4F8)[BTAPP] 0xca 
05-27 18:08:14.776   536   536 D commservice260303: send2Cluster len:313, 7B22636F6D6D616E64223A7B226964223A22696D755F737461747573222C22737562223A22227D2C22636F6E74656E74223A7B2254696D655374616D70223A382C224672616D65436F756E746572223A3139323637352C2247445F58223A2D302E30313039313839363039303635363531392C2247445F59223A302E30303531393231323338313931343235382C2247445F5A223A302E303031393834383837323930373435393733362C2241445F58223A2D302E3030393031373834303032373830393134332C2241445F59223A2D302E3030313230363733313838393339363930362C2241445F5A223A2D302E313637303234363132343236373537382C2254656D70447370223A302C22537461747573223A302C2243616C69625374617465223A312C22536967416D70496E76616C6964223A307D7D, 138 
05-27 18:08:14.776 20223 20223 D ANWJNI_SECOND: (20223|0x5467E4F8)[BTAPP] 0xfe 
05-27 18:08:14.776   536   536 D commservice260303: Push Message into SendPool fn=-1406401792
05-27 18:08:14.776   536   536 D commservice260303: ComProtocolLibSend2Cluster::send2ClusterRaw fn=-1406401792 , len=329
05-27 18:08:14.776 20223 20223 D ANWJNI_SECOND: (20223|0x5467E4F8)[BTAPP] )
05-27 18:08:14.776 20223 20223 D ANWJNI_SECOND: 
05-27 18:08:14.776   536   536 D commservice260303: sendCmdToPort :329!!!
05-27 18:08:14.776 20223 20223 D ANWJNI_SECOND: (20223|0x5467E4F8)[BTAPP] XML : find calllogsize setting
05-27 18:08:14.776 20223 20223 D ANWJNI_SECOND: 
05-27 18:08:14.776   536   536 D commservice260303: send Cmd To Port ++++5AA501458A0100032CAC6A16C28E7B22636F6D6D616E64223A7B226964223A22696D755F737461747573222C22737562223A22227D2C22636F6E74656E74223A7B2254696D655374616D70223A382C224672616D65436F756E746572223A3139323637352C2247445F58223A2D302E30313039313839363039303635363531392C2247445F59223A302E30303531393231323338313931343235382C2247445F5A223A302E303031393834383837323930373435393733362C2241445F58223A2D302E3030393031373834303032373830393134332C2241445F59223A2D302E3030313230363733313838393339363930362C2241445F5A223A2D302E313637303234363132343236373537382C2254656D70447370223A302C22537461747573223A302C2243616C69625374617465223A312C22536967416D70496E76616C6964223A307D7D53F8
05-27 18:08:14.776 20223 20223 D ANWJNI_SECOND: (20223|0x5467E4F8)[BTAPP] XML : find ca_calllogsize(100)(100)
05-27 18:08:14.776 20223 20223 D ANWJNI_SECOND: 
05-27 18:08:14.776   536   536 D commservice260303: bufferevent_write retrun value = 0
05-27 18:08:14.776 20223 20223 D ANWJNI_SECOND: (20223|0x5467E4F8)[BTAPP] get contactssize data fail
05-27 18:08:14.776 20223 20223 D ANWJNI_SECOND: 
05-27 18:08:14.776   536   560 D commservice260303: client datas send succeed,send finish
05-27 18:08:14.776 20223 20223 D ANWJNI_SECOND: (20223|0x5467E4F8)[BTAPP] get mincallsize data fail
05-27 18:08:14.776 20223 20223 D ANWJNI_SECOND: 
05-27 18:08:14.777 20223 20223 D ANWJNI_SECOND: (20223|0x5467E4F8)[BTAPP] XML : find voice setting
05-27 18:08:14.777 20223 20223 D ANWJNI_SECOND: 
05-27 18:08:14.777 20223 20223 D ANWJNI_SECOND: (20223|0x5467E4F8)[BTAPP] voice set(close)
05-27 18:08:14.777 20223 20223 D ANWJNI_SECOND: 
05-27 18:08:14.777 20223 20223 D ANWJNI_SECOND: (20223|0x5467E4F8)[BTAPP] XML : find voicedelay setting
05-27 18:08:14.777 20223 20223 D ANWJNI_SECOND: 
05-27 18:08:14.777 20223 20223 D ANWJNI_SECOND: (20223|0x5467E4F8)[BTAPP] voicedelay set(close)
05-27 18:08:14.777 20223 20223 D ANWJNI_SECOND: 
05-27 18:08:14.777 20223 20223 D ANWJNI_SECOND: (20223|0x5467E4F8)[BTAPP] get wechatvoice data fail
05-27 18:08:14.777 20223 20223 D ANWJNI_SECOND: 
05-27 18:08:14.777 13911 14192 D Sentinelmode_1.2.5.17_sentry: <SentryImuClusterFgeSender>imu_status sent to Linux, frame=192675, tsNs=8362014, tsMs=8, intervalMs=41, ad=(-0.00901784,-0.0012067319,-0.16702461), gd=(-0.010918961,0.005192124,0.0019848873)
05-27 18:08:14.777   581   581 I SpiService: fgesysctrl_getGPIO_status success val=1
05-27 18:08:14.777 20223 20223 D ANWJNI_SECOND: (20223|0x5467E4F8)[BTAPP] XML : pair any way
05-27 18:08:14.777 20223 20223 D ANWJNI_SECOND: 
05-27 18:08:14.777 20223 20223 D ANWJNI_SECOND: (20223|0x5467E4F8)[BTAPP] pairing need confirmation  accept
05-27 18:08:14.777 20223 20223 D ANWJNI_SECOND: 
05-27 18:08:14.777 20223 20223 D ANWJNI_SECOND: (20223|0x5467E4F8)[BTAPP] get use_combine data fail
05-27 18:08:14.777 20223 20223 D ANWJNI_SECOND: 
05-27 18:08:14.777 20223 20223 D ANWJNI_SECOND: (20223|0x5467E4F8)[BTAPP] XML : select pbap_photo or not
05-27 18:08:14.777 20223 20223 D ANWJNI_SECOND: 
05-27 18:08:14.777 20223 20223 D ANWJNI_SECOND: (20223|0x5467E4F8)[BTAPP] select pbap_photo
05-27 18:08:14.777 20223 20223 D ANWJNI_SECOND: 
05-27 18:08:14.777 20223 20223 D ANWJNI_SECOND: (20223|0x5467E4F8)[BTAPP] XML : select pbap_email or not
05-27 18:08:14.777 20223 20223 D ANWJNI_SECOND: 
05-27 18:08:14.777 20223 20223 D ANWJNI_SECOND: (20223|0x5467E4F8)[BTAPP] select pbap_email
05-27 18:08:14.777 20223 20223 D ANWJNI_SECOND: 
05-27 18:08:14.778 20223 20223 D ANWJNI_SECOND: (20223|0x5467E4F8)[BTAPP] XML : select pbap_adr or not
05-27 18:08:14.778 20223 20223 D ANWJNI_SECOND: 
05-27 18:08:14.778 20223 20223 D ANWJNI_SECOND: (20223|0x5467E4F8)[BTAPP] select pbap_adr
05-27 18:08:14.778 20223 20223 D ANWJNI_SECOND: 
05-27 18:08:14.778 20223 20223 D ANWJNI_SECOND: (20223|0x5467E4F8)[BTAPP] XML : select pbap_url or not
05-27 18:08:14.778 20223 20223 D ANWJNI_SECOND: 
05-27 18:08:14.778 20223 20223 D ANWJNI_SECOND: (20223|0x5467E4F8)[BTAPP] select pbap_url
05-27 18:08:14.778 20223 20223 D ANWJNI_SECOND: 
05-27 18:08:14.778 20223 20223 D ANWJNI_SECOND: (20223|0x5467E4F8)[BTAPP] get volume_control data fail
05-27 18:08:14.778 20223 20223 D ANWJNI_SECOND: 
05-27 18:08:14.778 20223 20223 D ANWJNI_SECOND: (20223|0x5467E4F8)[BTAPP] get carplay data fail
05-27 18:08:14.778 20223 20223 D ANWJNI_SECOND: 
05-27 18:08:14.778 20223 20223 D ANWJNI_SECOND: (20223|0x5467E4F8)[BTAPP] XML : select socket or not
05-27 18:08:14.778 20223 20223 D ANWJNI_SECOND: 
05-27 18:08:14.778 20223 20223 D ANWJNI_SECOND: (20223|0x5467E4F8)[BTAPP]  support socket
05-27 18:08:14.778 20223 20223 D ANWJNI_SECOND: 
05-27 18:08:14.778 20223 20223 D ANWJNI_SECOND: (20223|0x5467E4F8)[BTAPP] get androidauto data fail
05-27 18:08:14.778 20223 20223 D ANWJNI_SECOND: 
05-27 18:08:14.778 20223 20223 D ANWJNI_SECOND: (20223|0x5467E4F8)[BTAPP] get auto_transfer data fail
05-27 18:08:14.778 20223 20223 D ANWJNI_SECOND: 
05-27 18:08:14.778 20223 20223 D ANWJNI_SECOND: (20223|0x5467E4F8)[BTAPP] get audio_dsp_mute data fail
05-27 18:08:14.778 20223 20223 D ANWJNI_SECOND: 
05-27 18:08:14.778 20223 20223 D ANWJNI_SECOND: (20223|0x5467E4F8)[BTAPP] get audio_dsp_delay data fail
05-27 18:08:14.778 20223 20223 D ANWJNI_SECOND: 
05-27 18:08:14.778 20223 20223 D ANWJNI_SECOND: (20223|0x5467E4F8)[BTAPP] XML : hfp_audio_driver_open 
05-27 18:08:14.778 20223 20223 D ANWJNI_SECOND: 
05-27 18:08:14.778 20223 20223 D ANWJNI_SECOND: (20223|0x5467E4F8)[BTAPP] hfp audio driver close
05-27 18:08:14.778 20223 20223 D ANWJNI_SECOND: 
05-27 18:08:14.778 20223 20223 D ANWJNI_SECOND: (20223|0x5467E4F8)[BTAPP] XML : hfp_wbs_open_data 
05-27 18:08:14.778 20223 20223 D ANWJNI_SECOND: 
05-27 18:08:14.778 20223 20223 D ANWJNI_SECOND: (20223|0x5467E4F8)[BTAPP] hfp wbs enable
05-27 18:08:14.778 20223 20223 D ANWJNI_SECOND: 
05-27 18:08:14.778 20223 20223 D ANWJNI_SECOND: (20223|0x5467E4F8)[BTAPP] get avrcp_browsing_open data fail
05-27 18:08:14.778 20223 20223 D ANWJNI_SECOND: 
05-27 18:08:14.778 20223 20223 D ANWJNI_SECOND: (20223|0x5467E4F8)[BTAPP] get connect_special_profile_id data fail
05-27 18:08:14.778 20223 20223 D ANWJNI_SECOND: 
05-27 18:08:14.778 20223 20223 D ANWJNI_SECOND: (20223|0x5467E4F8)[BTAPP] XML : connect_single_profile 
05-27 18:08:14.778 20223 20223 D ANWJNI_SECOND: 
05-27 18:08:14.779 20223 20223 D ANWJNI_SECOND: (20223|0x5467E4F8)[BTAPP] connect_single_profile open
05-27 18:08:14.779 20223 20223 D ANWJNI_SECOND: 
05-27 18:08:14.779 20223 20223 D ANWJNI_SECOND: (20223|0x5467E4F8)[BTAPP] XML : find waveout_pre_buffer_count setting
05-27 18:08:14.779 20223 20223 D ANWJNI_SECOND: 
05-27 18:08:14.779 20223 20223 D ANWJNI_SECOND: (20223|0x5467E4F8)[BTAPP] XML : set waveout_pre_buffer_count success(101)
05-27 18:08:14.779 20223 20223 D ANWJNI_SECOND: 
05-27 18:08:14.779 20223 20223 D ANWJNI_SECOND: (20223|0x5467E4F8)[BTAPP] XML : find waveout_pre_buffer_count setting
05-27 18:08:14.779 20223 20223 D ANWJNI_SECOND: 
05-27 18:08:14.779 20223 20223 D ANWJNI_SECOND: (20223|0x5467E4F8)[BTAPP] XML : set local_music_pre_buffer_count success(40)
05-27 18:08:14.779 20223 20223 D ANWJNI_SECOND: 
05-27 18:08:14.779   299 30844 D EvsDriver: forwardFrame
05-27 18:08:14.779 20223 20223 D ANWJNI_SECOND: (20223|0x5467E4F8)[BTAPP] XML : inband_ring 
05-27 18:08:14.779 20223 20223 D ANWJNI_SECOND: 
05-27 18:08:14.779 20223 20223 D ANWJNI_SECOND: (20223|0x5467E4F8)[BTAPP] inband_ring open
05-27 18:08:14.779 20223 20223 D ANWJNI_SECOND: 
05-27 18:08:14.779 20223 20223 D ANWJNI_SECOND: (20223|0x5467E4F8)[BTAPP] XML : find map_download_max_size setting
05-27 18:08:14.779 20223 20223 D ANWJNI_SECOND: 
05-27 18:08:14.779 20223 20223 D ANWJNI_SECOND: (20223|0x5467E4F8)[BTAPP] XML : set map_download_max_size failed(20)
05-27 18:08:14.779 20223 20223 D ANWJNI_SECOND: 
05-27 07:59:23.742   581   581 D spi_rst_gpio_get_output: GPIO 145 value: 1
05-27 07:59:23.742   581   581 D spidev_ioctl: gpio status=1)
05-27 18:08:14.779 20223 20223 D ANWJNI_SECOND: (20223|0x5467E4F8)[BTAPP] XML : stack debug
05-27 18:08:14.779 20223 20223 D ANWJNI_SECOND: 
05-27 18:08:14.779 20223 20223 D ANWJNI_SECOND: (20223|0x5467E4F8)[BTAPP] XML : stack debug open
05-27 18:08:14.779 20223 20223 D ANWJNI_SECOND: 
05-27 18:08:14.779 20223 20223 D ANWAPI_SECOND: (20223|0x5467E4F8)[BTAPI] >>>AnWBT_Usr_DebugLog
05-27 18:08:14.779 20223 20223 D ANWAPI_SECOND: (20223|0x5467E4F8)[BTAPI] <<<<AnWBT_Usr_DebugLog: ret=0
05-27 18:08:14.780 20223 20223 D ANWJNI_SECOND: (20223|0x5467E4F8)[BTAPP] XML : app debug
05-27 18:08:14.780 20223 20223 D ANWJNI_SECOND: 
05-27 18:08:14.780 20223 20223 D ANWJNI_SECOND: (20223|0x5467E4F8)[BTAPP] XML : app debug open
05-27 18:08:14.780 20223 20223 D ANWJNI_SECOND: 
05-27 18:08:14.780 20223 20223 D ANWJNI_SECOND: (20223|0x5467E4F8)[BTAPP] XML : api debug
05-27 18:08:14.780 20223 20223 D ANWJNI_SECOND: 
05-27 18:08:14.780 20223 20223 D ANWJNI_SECOND: (20223|0x5467E4F8)[BTAPP] XML : api debug open
05-27 18:08:14.780 20223 20223 D ANWJNI_SECOND: 
05-27 18:08:14.780 20223 20223 D ANWJNI_SECOND: (20223|0x5467E4F8)[BTAPP] XML : hfp debug
05-27 18:08:14.780 20223 20223 D ANWJNI_SECOND: 
05-27 18:08:14.780 20223 20223 D ANWJNI_SECOND: (20223|0x5467E4F8)[BTAPP] XML : hfp debug open
05-27 18:08:14.780 20223 20223 D ANWJNI_SECOND: 
05-27 18:08:14.780 20223 20223 D ANWJNI_SECOND: (20223|0x5467E4F8)[BTAPP] XML : a2dp debug
05-27 18:08:14.780 20223 20223 D ANWJNI_SECOND: 
05-27 18:08:14.780 20223 20223 D ANWJNI_SECOND: (20223|0x5467E4F8)[BTAPP] XML : a2dp debug open
05-27 18:08:14.780 20223 20223 D ANWJNI_SECOND: 
05-27 18:08:14.780 20223 20223 D ANWJNI_SECOND: (20223|0x5467E4F8)[BTAPP] XML : waveout debug
05-27 18:08:14.780 20223 20223 D ANWJNI_SECOND: 
05-27 18:08:14.780 20223 20223 D ANWJNI_SECOND: (20223|0x5467E4F8)[BTAPP] XML : waveout debug open
05-27 18:08:14.780 20223 20223 D ANWJNI_SECOND: 
05-27 18:08:14.780 20223 20223 D ANWJNI_SECOND: (20223|0x5467E4F8)[BTAPP] XML : avrcp debug
05-27 18:08:14.780 20223 20223 D ANWJNI_SECOND: 
05-27 18:08:14.780 20223 20223 D ANWJNI_SECOND: (20223|0x5467E4F8)[BTAPP] XML : avrcp debug open
05-27 18:08:14.780 20223 20223 D ANWJNI_SECOND: 
05-27 18:08:14.780 20223 20223 D ANWJNI_SECOND: (20223|0x5467E4F8)[BTAPP] XML : pbap debug
05-27 18:08:14.780 20223 20223 D ANWJNI_SECOND: 
05-27 18:08:14.780  1167  1479 D evsmanagerd: /dev/video6 forwarded the buffer #0 to 0xb4000074bf5f5510 from 0xb4000074bf5f6d90
05-27 18:08:14.780 20223 20223 D ANWJNI_SECOND: (20223|0x5467E4F8)[BTAPP] XML : pbap debug open
05-27 18:08:14.780 20223 20223 D ANWJNI_SECOND: 
05-27 18:08:14.780 20223 20223 D ANWJNI_SECOND: (20223|0x5467E4F8)[BTAPP] XML : map debug
05-27 18:08:14.780 20223 20223 D ANWJNI_SECOND: 
05-27 18:08:14.780 20223 20223 D ANWJNI_SECOND: (20223|0x5467E4F8)[BTAPP] XML : map debug open
05-27 18:08:14.780 20223 20223 D ANWJNI_SECOND: 
05-27 18:08:14.780   299 30844 D EvsDriver: Delivered 0xb400007b7ca56900 as id 0
05-27 18:08:14.780 20223 20223 D ANWJNI_SECOND: (20223|0x5467E4F8)[BTAPP] get debug_iap data fail
05-27 18:08:14.780 20223 20223 D ANWJNI_SECOND: 
