05-27 18:08:10.916  1167  1479 D evsmanagerd: /dev/video4 forwarded the buffer #0 to 0xb4000074bf5f6850 from 0xb4000074bf5f41d0
05-27 18:08:10.916   581   581 I SpiService: fgesysctrl_getGPIO_status success val=1
05-27 07:59:19.880   581   581 D spi_rst_gpio_get_output: GPIO 145 value: 1
05-27 07:59:19.880   581   581 D spidev_ioctl: gpio status=1)
05-27 18:08:10.917   299 30841 D EvsDriver: Delivered 0xb400007b7ca56a60 as id 0
05-27 18:08:10.918   299  1153 D EvsDriver: doneWithFrame
05-27 07:59:19.886   581   581 D spi_rst_gpio_get_output: GPIO 145 value: 1
05-27 07:59:19.886   581   581 D spidev_ioctl: gpio status=1)
05-27 18:08:10.921   581   581 I SpiService: fgesysctrl_getGPIO_status success val=1
05-27 07:59:19.891   581   581 D spi_rst_gpio_get_output: GPIO 145 value: 1
05-27 18:08:10.921   299 30844 D EvsDriver: forwardFrame
05-27 18:08:10.924  1167  1479 D evsmanagerd: /dev/video6 forwarded the buffer #0 to 0xb4000074bf5f5510 from 0xb4000074bf5f6d90
05-27 18:08:10.924   299 30844 D EvsDriver: Delivered 0xb400007b7ca56900 as id 0
05-27 18:08:10.925 13911 14183 I SentryImuMcuAngleSender: -179.96497rollDeg
05-27 07:59:19.891   581   581 D spidev_ioctl: gpio status=1)
05-27 07:59:19.897   581   581 D spi_rst_gpio_get_output: GPIO 145 value: 1
05-27 07:59:19.897   581   581 D spidev_ioctl: gpio status=1)
05-27 18:08:10.925 13911 14183 I SentryImuMcuAngleSender: 1,0,0
05-27 18:08:10.927   299  1153 D EvsDriver: doneWithFrame
05-27 18:08:10.926   566  1173 D gps_hdbd: [request_agps_thread 979] get sys.gps.agnssd:1
05-27 18:08:10.927   581   581 I SpiService: fgesysctrl_getGPIO_status success val=1
05-27 18:08:10.930   536   536 D commservice260303: msg.id = 1028,1
05-27 18:08:10.931   536   536 D commservice260303: i = 170, msgid = 8A000404
05-27 18:08:10.931   536   536 D commservice260303: msgid = -1979710460,did=138
05-27 18:08:10.931   536   536 D commservice260303: CommProtocolLibCmdBaseI2C::dataproc {"command":{"id":"imu_status","sub":""},"content":{"TimeStamp":8,"FrameCounter":192581,"GD_X":-0.011300750076770782,"GD_Y":0.005573912989348173,"GD_Z":0.0021378109231591225,"AD_X":-0.0033572614192962646,"AD_Y":-0.00938076339662075,"AD_Z":-0.1719036102294922,"TempDsp":0,"Status":0,"CalibState":1,"SigAmpInvalid":0}},-1979710460
05-27 18:08:10.931   536   536 D commservice260303: send2Cluster len:315, 7B22636F6D6D616E64223A7B226964223A22696D755F737461747573222C22737562223A22227D2C22636F6E74656E74223A7B2254696D655374616D70223A382C224672616D65436F756E746572223A3139323538312C2247445F58223A2D302E3031313330303735303037363737303738322C2247445F59223A302E3030353537333931323938393334383137332C2247445F5A223A302E303032313337383130393233313539313232352C2241445F58223A2D302E303033333537323631343139323936323634362C2241445F59223A2D302E30303933383037363333393636323037352C2241445F5A223A2D302E313731393033363130323239343932322C2254656D70447370223A302C22537461747573223A302C2243616C69625374617465223A312C22536967416D70496E76616C6964223A307D7D, 138 
05-27 18:08:10.931   536   536 D commservice260303: Push Message into SendPool fn=1277952768
05-27 18:08:10.931   536   536 D commservice260303: ComProtocolLibSend2Cluster::send2ClusterRaw fn=1277952768 , len=331
05-27 18:08:10.931   536   536 D commservice260303: sendCmdToPort :331!!!
05-27 18:08:10.932   536   536 D commservice260303: send Cmd To Port ++++5AA501478A0100032C4C6A16C28A7B22636F6D6D616E64223A7B226964223A22696D755F737461747573222C22737562223A22227D2C22636F6E74656E74223A7B2254696D655374616D70223A382C224672616D65436F756E746572223A3139323538312C2247445F58223A2D302E3031313330303735303037363737303738322C2247445F59223A302E3030353537333931323938393334383137332C2247445F5A223A302E303032313337383130393233313539313232352C2241445F58223A2D302E303033333537323631343139323936323634362C2241445F59223A2D302E30303933383037363333393636323037352C2241445F5A223A2D302E313731393033363130323239343932322C2254656D70447370223A302C22537461747573223A302C2243616C69625374617465223A312C22536967416D70496E76616C6964223A307D7D0E85
05-27 18:08:10.932   536   536 D commservice260303: bufferevent_write retrun value = 0
05-27 18:08:10.932   536   560 D commservice260303: client datas send succeed,send finish
05-27 18:08:10.933   581   581 I SpiService: fgesysctrl_getGPIO_status success val=1
05-27 18:08:10.934 13911 14192 D Sentinelmode_1.2.5.17_sentry: <SentryImuClusterFgeSender>imu_status sent to Linux, frame=192581, tsNs=8358163, tsMs=8, intervalMs=43, ad=(-0.0033572614,-0.009380763,-0.17190361), gd=(-0.01130075,0.005573913,0.002137811)
05-27 18:08:10.938   581   581 I SpiService: fgesysctrl_getGPIO_status success val=1
05-27 07:59:19.903   581   581 D spi_rst_gpio_get_output: GPIO 145 value: 1
05-27 07:59:19.903   581   581 D spidev_ioctl: gpio status=1)
05-27 18:08:10.943  1008 30857 D [OMXB]  : usingANWBuffer: handle:0xee741400, format:1, w:1920, h:1080
05-27 18:08:10.944   581   581 I SpiService: fgesysctrl_getGPIO_status success val=0
05-27 07:59:19.908   581   581 D spi_rst_gpio_get_output: GPIO 145 value: 0
05-27 07:59:19.908   581   581 D spidev_ioctl: gpio status=0)
05-27 18:08:10.945 13911 14183 I SentryImuMcuAngleSender: 180.0rollDeg
05-27 18:08:10.946 13911 14183 I SentryImuMcuAngleSender: 1,0,0
05-27 18:08:10.949   299 30844 D EvsDriver: forwardFrame
05-27 18:08:10.949   299 30841 D EvsDriver: forwardFrame
05-27 18:08:10.951 13911 13911 I Sentinelmode_1.2.5.17_sentry: <SentinelCarServiceManager>sensorType:291504647
05-27 07:59:19.924   581   581 D spi_rst_gpio_get_output: GPIO 145 value: 1
05-27 07:59:19.924   581   581 D spidev_ioctl: gpio status=1)
05-27 18:08:10.953  1167  1479 D evsmanagerd: /dev/video6 forwarded the buffer #0 to 0xb4000074bf5f5510 from 0xb4000074bf5f6d90
05-27 18:08:10.953   299 30844 D EvsDriver: Delivered 0xb400007b7ca56900 as id 0
05-27 18:08:10.953   299 30841 D EvsDriver: Delivered 0xb400007b7ca56a60 as id 0
05-27 18:08:10.953  1167  1479 D evsmanagerd: /dev/video4 forwarded the buffer #0 to 0xb4000074bf5f6850 from 0xb4000074bf5f41d0
05-27 18:08:10.959   299  1153 D EvsDriver: doneWithFrame
05-27 18:08:10.959   299  1163 D EvsDriver: doneWithFrame
05-27 18:08:10.959   581   581 I SpiService: fgesysctrl_getGPIO_status success val=1
05-27 18:08:10.965   581   581 I SpiService: fgesysctrl_getGPIO_status success val=1
05-27 18:08:10.965 13911 14183 I SentryImuMcuAngleSender: 179.95795rollDeg
05-27 18:08:10.965 13911 14183 I SentryImuMcuAngleSender: 1,0,0
05-27 18:08:10.968 20145 20145 I ADAYO_LOG_TRACE_LOGCAT: execute start
05-27 07:59:19.929   581   581 D spi_rst_gpio_get_output: GPIO 145 value: 1
05-27 07:59:19.929   581   581 D spidev_ioctl: gpio status=1)
05-27 18:08:10.969   536   536 D commservice260303: msg.id = 1028,1
05-27 18:08:10.970   536   536 D commservice260303: i = 170, msgid = 8A000404
05-27 18:08:10.970   536   536 D commservice260303: msgid = -1979710460,did=138
05-27 18:08:10.970   536   536 D commservice260303: CommProtocolLibCmdBaseI2C::dataproc {"command":{"id":"imu_status","sub":""},"content":{"TimeStamp":8,"FrameCounter":192582,"GD_X":-0.01160607673227787,"GD_Y":0.004733873065561056,"GD_Z":0.0019079053308814764,"AD_X":-0.003961578011512756,"AD_Y":0.004036556463688612,"AD_Z":-0.16825008392333984,"TempDsp":0,"Status":0,"CalibState":1,"SigAmpInvalid":0}},-1979710460
05-27 18:08:10.970   536   536 D commservice260303: send2Cluster len:314, 7B22636F6D6D616E64223A7B226964223A22696D755F737461747573222C22737562223A22227D2C22636F6E74656E74223A7B2254696D655374616D70223A382C224672616D65436F756E746572223A3139323538322C2247445F58223A2D302E30313136303630373637333232373738372C2247445F59223A302E3030343733333837333036353536313035362C2247445F5A223A302E303031393037393035333330383831343736342C2241445F58223A2D302E3030333936313537383031313531323735362C2241445F59223A302E3030343033363535363436333638383631322C2241445F5A223A2D302E31363832353030383339323333333938342C2254656D70447370223A302C22537461747573223A302C2243616C69625374617465223A312C22536967416D70496E76616C6964223A307D7D, 138 
05-27 18:08:10.970   536   536 D commservice260303: Push Message into SendPool fn=1294729984
05-27 18:08:10.970   536   536 D commservice260303: ComProtocolLibSend2Cluster::send2ClusterRaw fn=1294729984 , len=330
05-27 18:08:10.970   536   536 D commservice260303: sendCmdToPort :330!!!
05-27 18:08:10.970   536   536 D commservice260303: send Cmd To Port ++++5AA501468A0100032C4D6A16C28A7B22636F6D6D616E64223A7B226964223A22696D755F737461747573222C22737562223A22227D2C22636F6E74656E74223A7B2254696D655374616D70223A382C224672616D65436F756E746572223A3139323538322C2247445F58223A2D302E30313136303630373637333232373738372C2247445F59223A302E3030343733333837333036353536313035362C2247445F5A223A302E303031393037393035333330383831343736342C2241445F58223A2D302E3030333936313537383031313531323735362C2241445F59223A302E3030343033363535363436333638383631322C2241445F5A223A2D302E31363832353030383339323333333938342C2254656D70447370223A302C22537461747573223A302C2243616C69625374617465223A312C22536967416D70496E76616C6964223A307D7D32F3
05-27 18:08:10.970   581   581 I SpiService: fgesysctrl_getGPIO_status success val=1
05-27 18:08:10.970   536   536 D commservice260303: bufferevent_write retrun value = 0
05-27 18:08:10.970   536   560 D commservice260303: client datas send succeed,send finish
05-27 18:08:10.971 13911 14192 D Sentinelmode_1.2.5.17_sentry: <SentryImuClusterFgeSender>imu_status sent to Linux, frame=192582, tsNs=8358199, tsMs=8, intervalMs=37, ad=(-0.003961578,0.0040365565,-0.16825008), gd=(-0.011606077,0.004733873,0.0019079053)
05-27 07:59:19.935   581   581 D spi_rst_gpio_get_output: GPIO 145 value: 1
05-27 07:59:19.935   581   581 D spidev_ioctl: gpio status=1)
05-27 18:08:10.976   581   581 I SpiService: fgesysctrl_getGPIO_status success val=1
05-27 07:59:19.940   581   581 D spi_rst_gpio_get_output: GPIO 145 value: 1
05-27 07:59:19.940   581   581 D spidev_ioctl: gpio status=1)
05-27 18:08:10.978  1008 30856 D [OMXB]  : usingANWBuffer: handle:0xee747180, format:1, w:1920, h:1080
05-27 18:08:10.979   283   307 I rvcservice: t.code = 3, t.value = 0
05-27 18:08:10.981 30773 30789 I dvr_service_: Camera 0: MediaOK:62369617, frames:1450, isKeyFrame:0,pts:8358046162
05-27 18:08:10.981   581   581 I SpiService: fgesysctrl_getGPIO_status success val=1
05-27 07:59:19.946   581   581 D spi_rst_gpio_get_output: GPIO 145 value: 1
05-27 07:59:19.946   581   581 D spidev_ioctl: gpio status=1)
05-27 18:08:10.984   572   622 I Sensors : 230 AccelSensor: x:-0.173239,y:0.004880,z:-9.975940
05-27 18:08:10.984  1077  1077 D TboxPowerHelperZmq: lease keepalive owner=tbox_ap_1122_14296_54645e6d req=2806016758563997317
05-27 18:08:10.985 20124 20124 I ANWJNI_SECOND: +++ JNI_OnLoad
05-27 18:08:10.985 20124 20124 I ANWJNI_SECOND: +++ registerNativeMethods
05-27 18:08:10.985 20124 20124 I ANWJNI_SECOND: numMethods = 245
05-27 18:08:10.985 13911 14183 I SentryImuMcuAngleSender: 179.97197rollDeg
05-27 18:08:10.985 13911 14183 I SentryImuMcuAngleSender: 1,0,0
05-27 18:08:10.986 20124 20124 I ANWJNI_SECOND: --- registerNativeMethods
05-27 18:08:10.987   581   581 I SpiService: fgesysctrl_getGPIO_status success val=0
05-27 18:08:10.987 20124 20124 D ANWJNI_SECOND: (20124|0x5467E4F8)[BTAPP] read XML config file
05-27 18:08:10.987 20124 20124 D ANWJNI_SECOND: 
05-27 18:08:10.987 20124 20124 D ANWJNI_SECOND: (20124|0x5467E4F8)[BTAPP] run Read (/system/etc/bluetooth/btmonitor-config_second.xml) Start
05-27 18:08:10.987 20124 20124 D ANWJNI_SECOND: 
05-27 18:08:10.988 20124 20124 D ANWJNI_SECOND: (20124|0x5467E4F8)[BTAPP] run Read (btmonitor-config.xml) source_data != NULL
05-27 18:08:10.988 20124 20124 D ANWJNI_SECOND: 
05-27 18:08:10.988 20124 20124 D ANWJNI_SECOND: (20124|0x5467E4F8)[BTAPP] XML : find HID setting
05-27 18:08:10.988 20124 20124 D ANWJNI_SECOND: 
05-27 18:08:10.988 20124 20124 D ANWJNI_SECOND: (20124|0x5467E4F8)[BTAPP] HID set(close)
05-27 18:08:10.988 20124 20124 D ANWJNI_SECOND: 
05-27 18:08:10.988 20124 20124 D ANWJNI_SECOND: (20124|0x5467E4F8)[BTAPP] XML : find SPP setting
05-27 18:08:10.988 20124 20124 D ANWJNI_SECOND: 
05-27 18:08:10.988 20124 20124 D ANWJNI_SECOND: (20124|0x5467E4F8)[BTAPP] SPP set(close)
05-27 18:08:10.988 20124 20124 D ANWJNI_SECOND: 
05-27 18:08:10.988 20124 20124 D ANWJNI_SECOND: (20124|0x5467E4F8)[BTAPP] XML : find PINCode setting
05-27 18:08:10.988 20124 20124 D ANWJNI_SECOND: 
05-27 18:08:10.988 20124 20124 D ANWJNI_SECOND: (20124|0x5467E4F8)[BTAPP] PinCode set(close)
05-27 18:08:10.988 20124 20124 D ANWJNI_SECOND: 
05-27 18:08:10.988 20124 20124 D ANWJNI_SECOND: (20124|0x5467E4F8)[BTAPP] get setpincode data fail
05-27 18:08:10.988 20124 20124 D ANWJNI_SECOND: 
05-27 18:08:10.988 20124 20124 D ANWJNI_SECOND: (20124|0x5467E4F8)[BTAPP] get set_legacy_pin data fail
05-27 18:08:10.988 20124 20124 D ANWJNI_SECOND: 
05-27 18:08:10.988 20124 20124 D ANWJNI_SECOND: (20124|0x5467E4F8)[BTAPP] XML : find spp_uuid setting
05-27 18:08:10.988 20124 20124 D ANWJNI_SECOND: 
05-27 18:08:10.988 20124 20124 D ANWJNI_SECOND: (20124|0x5467E4F8)[BTAPP] XML : ca_spp_uuid len(32)
05-27 18:08:10.988 20124 20124 D ANWJNI_SECOND: 
05-27 18:08:10.988 20124 20124 D ANWJNI_SECOND: (20124|0x5467E4F8)[BTAPP] XML : SPP_UUID_fromXML len(16):(
05-27 18:08:10.988 20124 20124 D ANWJNI_SECOND: (20124|0x5467E4F8)[BTAPP] 0xfa 
05-27 07:59:19.951   581   581 D spi_rst_gpio_get_output: GPIO 145 value: 0
05-27 07:59:19.951   581   581 D spidev_ioctl: gpio status=0)
05-27 18:08:10.988 20124 20124 D ANWJNI_SECOND: (20124|0x5467E4F8)[BTAPP] 0xeb 
05-27 18:08:10.988 20124 20124 D ANWJNI_SECOND: (20124|0x5467E4F8)[BTAPP] 0xdc 
05-27 18:08:10.988   299 30841 D EvsDriver: forwardFrame
05-27 18:08:10.988 20124 20124 D ANWJNI_SECOND: (20124|0x5467E4F8)[BTAPP] 0x12 
05-27 18:08:10.989 20124 20124 D ANWJNI_SECOND: (20124|0x5467E4F8)[BTAPP] 0x7 
05-27 18:08:10.989 20124 20124 D ANWJNI_SECOND: (20124|0x5467E4F8)[BTAPP] 0x2c 
05-27 18:08:10.989 20124 20124 D ANWJNI_SECOND: (20124|0x5467E4F8)[BTAPP] 0xb0 
05-27 18:08:10.989 20124 20124 D ANWJNI_SECOND: (20124|0x5467E4F8)[BTAPP] 0xa4 
05-27 18:08:10.989 20124 20124 D ANWJNI_SECOND: (20124|0x5467E4F8)[BTAPP] 0x10 
05-27 18:08:10.989 20124 20124 D ANWJNI_SECOND: (20124|0x5467E4F8)[BTAPP] 0xa 
05-27 18:08:10.989 20124 20124 D ANWJNI_SECOND: (20124|0x5467E4F8)[BTAPP] 0x5a 
05-27 18:08:10.989 20124 20124 D ANWJNI_SECOND: (20124|0x5467E4F8)[BTAPP] 0x61 
05-27 18:08:10.989 20124 20124 D ANWJNI_SECOND: (20124|0x5467E4F8)[BTAPP] 0x8d 
05-27 18:08:10.989 20124 20124 D ANWJNI_SECOND: (20124|0x5467E4F8)[BTAPP] 0xc9 
05-27 18:08:10.989 20124 20124 D ANWJNI_SECOND: (20124|0x5467E4F8)[BTAPP] 0x40 
05-27 18:08:10.989 20124 20124 D ANWJNI_SECOND: (20124|0x5467E4F8)[BTAPP] 0x1c 
05-27 18:08:10.989 20124 20124 D ANWJNI_SECOND: (20124|0x5467E4F8)[BTAPP] )
05-27 18:08:10.989 20124 20124 D ANWJNI_SECOND: 
05-27 18:08:10.989 20124 20124 D ANWJNI_SECOND: (20124|0x5467E4F8)[BTAPP] XML : find Apple spp_uuid setting
05-27 18:08:10.989 20124 20124 D ANWJNI_SECOND: 
05-27 18:08:10.989 20124 20124 D ANWJNI_SECOND: (20124|0x5467E4F8)[BTAPP] XML : Apple ca_spp_uuid len(32)
05-27 18:08:10.989 20124 20124 D ANWJNI_SECOND: 
05-27 18:08:10.989 20124 20124 D ANWJNI_SECOND: (20124|0x5467E4F8)[BTAPP] XML : Apple SPP_UUID_fromXML len(16):(
05-27 18:08:10.989 20124 20124 D ANWJNI_SECOND: (20124|0x5467E4F8)[BTAPP] 0x0 
05-27 18:08:10.989 20124 20124 D ANWJNI_SECOND: (20124|0x5467E4F8)[BTAPP] 0x0 
05-27 18:08:10.989 20124 20124 D ANWJNI_SECOND: (20124|0x5467E4F8)[BTAPP] 0x0 
05-27 18:08:10.989 20124 20124 D ANWJNI_SECOND: (20124|0x5467E4F8)[BTAPP] 0x0 
05-27 18:08:10.989 20124 20124 D ANWJNI_SECOND: (20124|0x5467E4F8)[BTAPP] 0xde 
05-27 18:08:10.990 20124 20124 D ANWJNI_SECOND: (20124|0x5467E4F8)[BTAPP] 0xca 
05-27 18:08:10.990 20124 20124 D ANWJNI_SECOND: (20124|0x5467E4F8)[BTAPP] 0xfa 
05-27 18:08:10.990 20124 20124 D ANWJNI_SECOND: (20124|0x5467E4F8)[BTAPP] 0xde 
05-27 18:08:10.990 20124 20124 D ANWJNI_SECOND: (20124|0x5467E4F8)[BTAPP] 0xde 
05-27 18:08:10.990 20124 20124 D ANWJNI_SECOND: (20124|0x5467E4F8)[BTAPP] 0xca 
05-27 18:08:10.990 20124 20124 D ANWJNI_SECOND: (20124|0x5467E4F8)[BTAPP] 0xde 
05-27 18:08:10.990 20124 20124 D ANWJNI_SECOND: (20124|0x5467E4F8)[BTAPP] 0xaf 
05-27 18:08:10.990 20124 20124 D ANWJNI_SECOND: (20124|0x5467E4F8)[BTAPP] 0xde 
05-27 18:08:10.990 20124 20124 D ANWJNI_SECOND: (20124|0x5467E4F8)[BTAPP] 0xca 
05-27 18:08:10.990 20124 20124 D ANWJNI_SECOND: (20124|0x5467E4F8)[BTAPP] 0xca 
05-27 18:08:10.990 20124 20124 D ANWJNI_SECOND: (20124|0x5467E4F8)[BTAPP] 0xfe 
05-27 18:08:10.990   299 30841 D EvsDriver: Delivered 0xb400007b7ca56a60 as id 0
05-27 18:08:10.990 20124 20124 D ANWJNI_SECOND: (20124|0x5467E4F8)[BTAPP] )
05-27 18:08:10.990 20124 20124 D ANWJNI_SECOND: 
05-27 18:08:10.990 20124 20124 D ANWJNI_SECOND: (20124|0x5467E4F8)[BTAPP] XML : find calllogsize setting
05-27 18:08:10.990 20124 20124 D ANWJNI_SECOND: 
05-27 18:08:10.990 20124 20124 D ANWJNI_SECOND: (20124|0x5467E4F8)[BTAPP] XML : find ca_calllogsize(100)(100)
05-27 18:08:10.990 20124 20124 D ANWJNI_SECOND: 
05-27 18:08:10.990   299 30844 D EvsDriver: forwardFrame
05-27 18:08:10.990  1167  1184 D evsmanagerd: /dev/video4 forwarded the buffer #0 to 0xb4000074bf5f6850 from 0xb4000074bf5f41d0
05-27 18:08:10.990 20124 20124 D ANWJNI_SECOND: (20124|0x5467E4F8)[BTAPP] get contactssize data fail
05-27 18:08:10.990 20124 20124 D ANWJNI_SECOND: 
05-27 18:08:10.990 20124 20124 D ANWJNI_SECOND: (20124|0x5467E4F8)[BTAPP] get mincallsize data fail
05-27 18:08:10.990 20124 20124 D ANWJNI_SECOND: 
05-27 18:08:10.990 20124 20124 D ANWJNI_SECOND: (20124|0x5467E4F8)[BTAPP] XML : find voice setting
05-27 18:08:10.990 20124 20124 D ANWJNI_SECOND: 
05-27 18:08:10.990 20124 20124 D ANWJNI_SECOND: (20124|0x5467E4F8)[BTAPP] voice set(close)
05-27 18:08:10.990 20124 20124 D ANWJNI_SECOND: 
05-27 18:08:10.990 20124 20124 D ANWJNI_SECOND: (20124|0x5467E4F8)[BTAPP] XML : find voicedelay setting
05-27 18:08:10.990 20124 20124 D ANWJNI_SECOND: 
05-27 18:08:10.990 20124 20124 D ANWJNI_SECOND: (20124|0x5467E4F8)[BTAPP] voicedelay set(close)
05-27 18:08:10.990 20124 20124 D ANWJNI_SECOND: 
05-27 18:08:10.991 20124 20124 D ANWJNI_SECOND: (20124|0x5467E4F8)[BTAPP] get wechatvoice data fail
05-27 18:08:10.991 20124 20124 D ANWJNI_SECOND: 
05-27 18:08:10.991 20124 20124 D ANWJNI_SECOND: (20124|0x5467E4F8)[BTAPP] XML : pair any way
05-27 18:08:10.991 20124 20124 D ANWJNI_SECOND: 
05-27 18:08:10.991 20124 20124 D ANWJNI_SECOND: (20124|0x5467E4F8)[BTAPP] pairing need confirmation  accept
05-27 18:08:10.991 20124 20124 D ANWJNI_SECOND: 
05-27 18:08:10.991 20124 20124 D ANWJNI_SECOND: (20124|0x5467E4F8)[BTAPP] get use_combine data fail
05-27 18:08:10.991 20124 20124 D ANWJNI_SECOND: 
05-27 18:08:10.991 20124 20124 D ANWJNI_SECOND: (20124|0x5467E4F8)[BTAPP] XML : select pbap_photo or not
05-27 18:08:10.991 20124 20124 D ANWJNI_SECOND: 
05-27 18:08:10.991 20124 20124 D ANWJNI_SECOND: (20124|0x5467E4F8)[BTAPP] select pbap_photo
05-27 18:08:10.991 20124 20124 D ANWJNI_SECOND: 
05-27 18:08:10.991 20124 20124 D ANWJNI_SECOND: (20124|0x5467E4F8)[BTAPP] XML : select pbap_email or not
05-27 18:08:10.991 20124 20124 D ANWJNI_SECOND: 
05-27 18:08:10.991 20124 20124 D ANWJNI_SECOND: (20124|0x5467E4F8)[BTAPP] select pbap_email
05-27 18:08:10.991 20124 20124 D ANWJNI_SECOND: 
05-27 18:08:10.991 20124 20124 D ANWJNI_SECOND: (20124|0x5467E4F8)[BTAPP] XML : select pbap_adr or not
05-27 18:08:10.991 20124 20124 D ANWJNI_SECOND: 
05-27 18:08:10.991 20124 20124 D ANWJNI_SECOND: (20124|0x5467E4F8)[BTAPP] select pbap_adr
05-27 18:08:10.991 20124 20124 D ANWJNI_SECOND: 
05-27 18:08:10.991 20124 20124 D ANWJNI_SECOND: (20124|0x5467E4F8)[BTAPP] XML : select pbap_url or not
05-27 18:08:10.991 20124 20124 D ANWJNI_SECOND: 
05-27 18:08:10.991 20124 20124 D ANWJNI_SECOND: (20124|0x5467E4F8)[BTAPP] select pbap_url
05-27 18:08:10.991 20124 20124 D ANWJNI_SECOND: 
05-27 18:08:10.991 20124 20124 D ANWJNI_SECOND: (20124|0x5467E4F8)[BTAPP] get volume_control data fail
05-27 18:08:10.991 20124 20124 D ANWJNI_SECOND: 
05-27 18:08:10.991 20124 20124 D ANWJNI_SECOND: (20124|0x5467E4F8)[BTAPP] get carplay data fail
05-27 18:08:10.991 20124 20124 D ANWJNI_SECOND: 
05-27 18:08:10.991 20124 20124 D ANWJNI_SECOND: (20124|0x5467E4F8)[BTAPP] XML : select socket or not
05-27 18:08:10.991 20124 20124 D ANWJNI_SECOND: 
05-27 18:08:10.991 20124 20124 D ANWJNI_SECOND: (20124|0x5467E4F8)[BTAPP]  support socket
05-27 18:08:10.991 20124 20124 D ANWJNI_SECOND: 
05-27 18:08:10.992 20124 20124 D ANWJNI_SECOND: (20124|0x5467E4F8)[BTAPP] get androidauto data fail
05-27 18:08:10.992 20124 20124 D ANWJNI_SECOND: 
05-27 18:08:10.992 20124 20124 D ANWJNI_SECOND: (20124|0x5467E4F8)[BTAPP] get auto_transfer data fail
05-27 18:08:10.992 20124 20124 D ANWJNI_SECOND: 
05-27 18:08:10.992  1167  1184 D evsmanagerd: /dev/video6 forwarded the buffer #0 to 0xb4000074bf5f5510 from 0xb4000074bf5f6d90
05-27 18:08:10.992 20124 20124 D ANWJNI_SECOND: (20124|0x5467E4F8)[BTAPP] get audio_dsp_mute data fail
05-27 18:08:10.992 20124 20124 D ANWJNI_SECOND: 
05-27 18:08:10.992 30773 30781 E dvr_service_: [myNum:0] Received S**** loss
05-27 18:08:10.992 20124 20124 D ANWJNI_SECOND: (20124|0x5467E4F8)[BTAPP] get audio_dsp_delay data fail
05-27 18:08:10.992 20124 20124 D ANWJNI_SECOND: 
05-27 18:08:10.992 20124 20124 D ANWJNI_SECOND: (20124|0x5467E4F8)[BTAPP] XML : hfp_audio_driver_open 
05-27 18:08:10.992 20124 20124 D ANWJNI_SECOND: 
05-27 18:08:10.992 20124 20124 D ANWJNI_SECOND: (20124|0x5467E4F8)[BTAPP] hfp audio driver close
05-27 18:08:10.992 20124 20124 D ANWJNI_SECOND: 
05-27 18:08:10.992 20124 20124 D ANWJNI_SECOND: (20124|0x5467E4F8)[BTAPP] XML : hfp_wbs_open_data 
05-27 18:08:10.992 20124 20124 D ANWJNI_SECOND: 
05-27 18:08:10.992 20124 20124 D ANWJNI_SECOND: (20124|0x5467E4F8)[BTAPP] hfp wbs enable
05-27 18:08:10.992 20124 20124 D ANWJNI_SECOND: 
05-27 18:08:10.992   299 30844 D EvsDriver: Delivered 0xb400007b7ca56900 as id 0
05-27 18:08:10.992   299  1163 D EvsDriver: doneWithFrame
05-27 18:08:10.992  1008 30857 D [OMXB]  : usingANWBuffer: handle:0xee740220, format:1, w:1920, h:1080
05-27 18:08:10.992 20124 20124 D ANWJNI_SECOND: (20124|0x5467E4F8)[BTAPP] get avrcp_browsing_open data fail
05-27 18:08:10.992 20124 20124 D ANWJNI_SECOND: 
05-27 18:08:10.993 20124 20124 D ANWJNI_SECOND: (20124|0x5467E4F8)[BTAPP] get connect_special_profile_id data fail
05-27 18:08:10.993 20124 20124 D ANWJNI_SECOND: 
05-27 18:08:10.993 20124 20124 D ANWJNI_SECOND: (20124|0x5467E4F8)[BTAPP] XML : connect_single_profile 
05-27 18:08:10.993 20124 20124 D ANWJNI_SECOND: 
05-27 18:08:10.993 20124 20124 D ANWJNI_SECOND: (20124|0x5467E4F8)[BTAPP] connect_single_profile open
05-27 18:08:10.993 20124 20124 D ANWJNI_SECOND: 
05-27 18:08:10.993 20124 20124 D ANWJNI_SECOND: (20124|0x5467E4F8)[BTAPP] XML : find waveout_pre_buffer_count setting
05-27 18:08:10.993 20124 20124 D ANWJNI_SECOND: 
05-27 18:08:10.993 20124 20124 D ANWJNI_SECOND: (20124|0x5467E4F8)[BTAPP] XML : set waveout_pre_buffer_count success(101)
05-27 18:08:10.993 20124 20124 D ANWJNI_SECOND: 
05-27 18:08:10.993 20124 20124 D ANWJNI_SECOND: (20124|0x5467E4F8)[BTAPP] XML : find waveout_pre_buffer_count setting
05-27 18:08:10.993 20124 20124 D ANWJNI_SECOND: 
05-27 18:08:10.993 20124 20124 D ANWJNI_SECOND: (20124|0x5467E4F8)[BTAPP] XML : set local_music_pre_buffer_count success(40)
05-27 18:08:10.993 20124 20124 D ANWJNI_SECOND: 
05-27 18:08:10.993 20124 20124 D ANWJNI_SECOND: (20124|0x5467E4F8)[BTAPP] XML : inband_ring 
05-27 18:08:10.993 20124 20124 D ANWJNI_SECOND: 
05-27 07:59:19.966   581   581 D spi_rst_gpio_get_output: GPIO 145 value: 1
05-27 07:59:19.966   581   581 D spidev_ioctl: gpio status=1)
05-27 07:59:19.971   581   581 D spi_rst_gpio_get_output: GPIO 145 value: 1
05-27 07:59:19.971   581   581 D spidev_ioctl: gpio status=1)
05-27 18:08:10.993 20124 20124 D ANWJNI_SECOND: (20124|0x5467E4F8)[BTAPP] inband_ring open
05-27 18:08:10.993 20124 20124 D ANWJNI_SECOND: 
05-27 18:08:10.993 20124 20124 D ANWJNI_SECOND: (20124|0x5467E4F8)[BTAPP] XML : find map_download_max_size setting
05-27 18:08:10.993 20124 20124 D ANWJNI_SECOND: 
05-27 18:08:10.993 20124 20124 D ANWJNI_SECOND: (20124|0x5467E4F8)[BTAPP] XML : set map_download_max_size failed(20)
05-27 18:08:10.993 20124 20124 D ANWJNI_SECOND: 
05-27 18:08:10.993 20124 20124 D ANWJNI_SECOND: (20124|0x5467E4F8)[BTAPP] XML : stack debug
05-27 18:08:10.993 20124 20124 D ANWJNI_SECOND: 
05-27 18:08:10.993 20124 20124 D ANWJNI_SECOND: (20124|0x5467E4F8)[BTAPP] XML : stack debug open
05-27 18:08:10.993 20124 20124 D ANWJNI_SECOND: 
05-27 18:08:10.993 20124 20124 D ANWAPI_SECOND: (20124|0x5467E4F8)[BTAPI] >>>AnWBT_Usr_DebugLog
05-27 18:08:10.993 20124 20124 D ANWAPI_SECOND: (20124|0x5467E4F8)[BTAPI] <<<<AnWBT_Usr_DebugLog: ret=0
05-27 18:08:10.993 20124 20124 D ANWJNI_SECOND: (20124|0x5467E4F8)[BTAPP] XML : app debug
05-27 18:08:10.993 20124 20124 D ANWJNI_SECOND: 
05-27 18:08:10.994 20124 20124 D ANWJNI_SECOND: (20124|0x5467E4F8)[BTAPP] XML : app debug open
05-27 18:08:10.994 20124 20124 D ANWJNI_SECOND: 
05-27 18:08:10.994 20124 20124 D ANWJNI_SECOND: (20124|0x5467E4F8)[BTAPP] XML : api debug
05-27 18:08:10.994 20124 20124 D ANWJNI_SECOND: 
05-27 18:08:10.994 20124 20124 D ANWJNI_SECOND: (20124|0x5467E4F8)[BTAPP] XML : api debug open
05-27 18:08:10.994 20124 20124 D ANWJNI_SECOND: 
05-27 18:08:10.994 20124 20124 D ANWJNI_SECOND: (20124|0x5467E4F8)[BTAPP] XML : hfp debug
05-27 18:08:10.994 20124 20124 D ANWJNI_SECOND: 
05-27 18:08:10.994 20124 20124 D ANWJNI_SECOND: (20124|0x5467E4F8)[BTAPP] XML : hfp debug open
05-27 18:08:10.994 20124 20124 D ANWJNI_SECOND: 
05-27 18:08:10.994 20124 20124 D ANWJNI_SECOND: (20124|0x5467E4F8)[BTAPP] XML : a2dp debug
05-27 18:08:10.994 20124 20124 D ANWJNI_SECOND: 
05-27 18:08:10.994 20124 20124 D ANWJNI_SECOND: (20124|0x5467E4F8)[BTAPP] XML : a2dp debug open
05-27 18:08:10.994 20124 20124 D ANWJNI_SECOND: 
05-27 18:08:10.994 20124 20124 D ANWJNI_SECOND: (20124|0x5467E4F8)[BTAPP] XML : waveout debug
05-27 18:08:10.994 20124 20124 D ANWJNI_SECOND: 
05-27 18:08:10.994 20124 20124 D ANWJNI_SECOND: (20124|0x5467E4F8)[BTAPP] XML : waveout debug open
05-27 18:08:10.994 20124 20124 D ANWJNI_SECOND: 
05-27 18:08:10.994 20124 20124 D ANWJNI_SECOND: (20124|0x5467E4F8)[BTAPP] XML : avrcp debug
05-27 18:08:10.994 20124 20124 D ANWJNI_SECOND: 
05-27 18:08:10.994 20124 20124 D ANWJNI_SECOND: (20124|0x5467E4F8)[BTAPP] XML : avrcp debug open
05-27 18:08:10.994 20124 20124 D ANWJNI_SECOND: 
05-27 18:08:10.994 20124 20124 D ANWJNI_SECOND: (20124|0x5467E4F8)[BTAPP] XML : pbap debug
05-27 18:08:10.994 20124 20124 D ANWJNI_SECOND: 
05-27 18:08:10.994 20124 20124 D ANWJNI_SECOND: (20124|0x5467E4F8)[BTAPP] XML : pbap debug open
05-27 18:08:10.994 20124 20124 D ANWJNI_SECOND: 
05-27 18:08:10.994 20124 20124 D ANWJNI_SECOND: (20124|0x5467E4F8)[BTAPP] XML : map debug
05-27 18:08:10.994 20124 20124 D ANWJNI_SECOND: 
05-27 18:08:10.994 20124 20124 D ANWJNI_SECOND: (20124|0x5467E4F8)[BTAPP] XML : map debug open
05-27 18:08:10.994 20124 20124 D ANWJNI_SECOND: 
05-27 18:08:10.994 20124 20124 D ANWJNI_SECOND: (20124|0x5467E4F8)[BTAPP] get debug_iap data fail
05-27 18:08:10.994 20124 20124 D ANWJNI_SECOND: 
05-27 18:08:10.994 20124 20124 D ANWJNI_SECOND: (20124|0x5467E4F8)[BTAPP] XML : btsnoop
05-27 18:08:10.994 20124 20124 D ANWJNI_SECOND: 
05-27 18:08:10.994 20124 20124 D ANWJNI_SECOND: (20124|0x5467E4F8)[BTAPP] XML : btsnoop open
05-27 18:08:10.994 20124 20124 D ANWJNI_SECOND: 
05-27 18:08:10.994 20124 20124 D ANWJNI_SECOND: (20124|0x5467E4F8)[BTAPP] XML : file_path 
05-27 18:08:10.994 20124 20124 D ANWJNI_SECOND: 
05-27 18:08:10.995 20124 20124 D ANWJNI_SECOND: (20124|0x5467E4F8)[BTAPP] XML : file_path /data/misc/anw/ is exist,so break
05-27 18:08:10.995 20124 20124 D ANWJNI_SECOND: 
05-27 18:08:10.995 20124 20124 D ANW_AVRCP_SECOND: AnWBT_Set_Storage_Path path /data/misc/anw/
05-27 18:08:10.995 20124 20124 D ANWJNI_SECOND: (20124|0x5467E4F8)[BTAPP] XML : btsnoop_file_path 
05-27 18:08:10.995 20124 20124 D ANWJNI_SECOND: 
05-27 18:08:10.995 20124 20124 D ANWJNI_SECOND: (20124|0x5467E4F8)[BTAPP] XML : btsnoop_path /data/misc/anw/logs/ is exist,so break
05-27 18:08:10.995 20124 20124 D ANWJNI_SECOND: 
05-27 18:08:10.995 20124 20124 D ANWJNI_SECOND: (20124|0x5467E4F8)[BTAPP] XML : find btsnoop_file_size_MB setting
05-27 18:08:10.995 20124 20124 D ANWJNI_SECOND: 
05-27 18:08:10.995 20124 20124 D ANWJNI_SECOND: (20124|0x5467E4F8)[BTAPP] XML : find maxBtSnoopFileSize_MB(100)(100)
05-27 18:08:10.995 20124 20124 D ANWJNI_SECOND: 
05-27 18:08:10.995 20124 20124 D ANWJNI_SECOND: (20124|0x5467E4F8)[BTAPP] XML : find rfkillstate_path:/sys/class/gpio/gpio142/value
05-27 18:08:10.995 20124 20124 D ANWJNI_SECOND: 
05-27 18:08:10.995 20124 20124 D ANWAPI_SECOND: (20124|0x5467E4F8)[BTAPI] AnW_BT_SetRfkillStatePath
05-27 18:08:10.995 20124 20124 D ANWJNI_SECOND: (20124|0x5467E4F8)[BTAPP] get dump_pcm data fail
05-27 18:08:10.995 20124 20124 D ANWJNI_SECOND: 
05-27 18:08:10.995 20124 20124 D ANWJNI_SECOND: (20124|0x5467E4F8)[BTAPP] XML : accept_avrcp_ct_control
05-27 18:08:10.995 20124 20124 D ANWJNI_SECOND: 
05-27 18:08:10.995 20124 20124 D ANWJNI_SECOND: (20124|0x5467E4F8)[BTAPP] XML : accept_avrcp_ct_control close
05-27 18:08:10.995 20124 20124 D ANWJNI_SECOND: 
05-27 18:08:10.995 20124 20124 D ANWJNI_SECOND: (20124|0x5467E4F8)[BTAPP] XML : find maxHFPAGConnNum setting
05-27 18:08:10.995 20124 20124 D ANWJNI_SECOND: 
05-27 18:08:10.995 20124 20124 D ANWJNI_SECOND: (20124|0x5467E4F8)[BTAPP] XML : find maxHFPAGConnNum(2)(2)
05-27 18:08:10.995 20124 20124 D ANWJNI_SECOND: 
05-27 18:08:10.995 20124 20124 D ANWJNI_SECOND: (20124|0x5467E4F8)[BTAPP] XML : find maxHFPHFConnNum setting
05-27 18:08:10.995 20124 20124 D ANWJNI_SECOND: 
05-27 18:08:10.996 20124 20124 D ANWJNI_SECOND: (20124|0x5467E4F8)[BTAPP] XML : find maxHFPHFConnNum(0)(0)
05-27 18:08:10.996 20124 20124 D ANWJNI_SECOND: 
05-27 07:59:19.977   581   581 D spi_rst_gpio_get_output: GPIO 145 value: 1
05-27 18:08:10.996 20124 20124 D ANWJNI_SECOND: (20124|0x5467E4F8)[BTAPP] XML : find maxPBAPConnNum setting
05-27 18:08:10.996 20124 20124 D ANWJNI_SECOND: 
05-27 07:59:19.977   581   581 D spidev_ioctl: gpio status=1)
05-27 18:08:10.996 20124 20124 D ANWJNI_SECOND: (20124|0x5467E4F8)[BTAPP] XML : find maxPBAPConnNum(0)(0)
05-27 18:08:10.996 20124 20124 D ANWJNI_SECOND: 
05-27 18:08:10.996 30773 30781 E dvr_service_: [myNum:1] Received S**** loss
05-27 18:08:10.996 20124 20124 D ANWJNI_SECOND: (20124|0x5467E4F8)[BTAPP] XML : find maxMAPConnNum setting
05-27 18:08:10.996 20124 20124 D ANWJNI_SECOND: 
05-27 18:08:10.996 20124 20124 D ANWJNI_SECOND: (20124|0x5467E4F8)[BTAPP] XML : find maxMAPConnNum(0)(0)
05-27 18:08:10.996 20124 20124 D ANWJNI_SECOND: 
05-27 18:08:10.996 20124 20124 D ANWJNI_SECOND: (20124|0x5467E4F8)[BTAPP] XML : find maxA2DPSinkConnNum setting
05-27 18:08:10.996 20124 20124 D ANWJNI_SECOND: 
05-27 18:08:10.996 20124 20124 D ANWJNI_SECOND: (20124|0x5467E4F8)[BTAPP] XML : find maxA2DPSinkConnNum(0)(0)
05-27 18:08:10.996 20124 20124 D ANWJNI_SECOND: 
05-27 18:08:10.996 20124 20124 D ANWJNI_SECOND: (20124|0x5467E4F8)[BTAPP] XML : find maxA2DPSourceConnNum setting
05-27 18:08:10.996 20124 20124 D ANWJNI_SECOND: 
05-27 18:08:10.996 20124 20124 D ANWJNI_SECOND: (20124|0x5467E4F8)[BTAPP] XML : find maxA2DPSourceConnNum(2)(2)
05-27 18:08:10.996 20124 20124 D ANWJNI_SECOND: 
05-27 18:08:10.996 20124 20124 D ANWJNI_SECOND: (20124|0x5467E4F8)[BTAPP] XML : find maxAVRCPCTConnNum setting
05-27 18:08:10.996 20124 20124 D ANWJNI_SECOND: 
05-27 18:08:10.996 20124 20124 D ANWJNI_SECOND: (20124|0x5467E4F8)[BTAPP] XML : find (0)(0)
05-27 18:08:10.996 20124 20124 D ANWJNI_SECOND: 
05-27 18:08:10.996   299  1163 D EvsDriver: doneWithFrame
05-27 18:08:10.996 20124 20124 D ANWJNI_SECOND: (20124|0x5467E4F8)[BTAPP] XML : find maxAVRCPTGConnNum setting
05-27 18:08:10.996 20124 20124 D ANWJNI_SECOND: 
05-27 18:08:10.996 20124 20124 D ANWJNI_SECOND: (20124|0x5467E4F8)[BTAPP] XML : find maxAVRCPTGConnNum(2)(2)
05-27 18:08:10.996 20124 20124 D ANWJNI_SECOND: 
05-27 18:08:10.996 20124 20124 D ANWJNI_SECOND: (20124|0x5467E4F8)[BTAPP] XML : find maxDeviceConnNum setting
05-27 18:08:10.996 20124 20124 D ANWJNI_SECOND: 
05-27 18:08:10.996 20124 20124 D ANWJNI_SECOND: (20124|0x5467E4F8)[BTAPP] XML : find maxDeviceConnNum(2)(2)
05-27 18:08:10.996 20124 20124 D ANWJNI_SECOND: 
05-27 18:08:10.996 20124 20124 D ANWJNI_SECOND: (20124|0x5467E4F8)[BTAPP] XML : find maxSCOConnNum setting
05-27 18:08:10.996 20124 20124 D ANWJNI_SECOND: 
05-27 18:08:10.996 20124 20124 D ANWJNI_SECOND: (20124|0x5467E4F8)[BTAPP] XML : find maxSCOConnNum(2)(2)
05-27 18:08:10.996 20124 20124 D ANWJNI_SECOND: 
05-27 18:08:10.997 20124 20124 D ANWJNI_SECOND: (20124|0x5467E4F8)[BTAPP] XML : find maxHFSCOConnNum setting
05-27 18:08:10.997 20124 20124 D ANWJNI_SECOND: 
05-27 18:08:10.997 20124 20124 D ANWJNI_SECOND: (20124|0x5467E4F8)[BTAPP] XML : find maxHFSCOConnNum(0)(0)
05-27 18:08:10.997 20124 20124 D ANWJNI_SECOND: 
05-27 18:08:10.997 20124 20124 D ANWJNI_SECOND: (20124|0x5467E4F8)[BTAPP] XML : find maxAGSCOConnNum setting
05-27 18:08:10.997 20124 20124 D ANWJNI_SECOND: 
05-27 18:08:10.997 20124 20124 D ANWJNI_SECOND: (20124|0x5467E4F8)[BTAPP] XML : find maxAGSCOConnNum(2)(2)
05-27 18:08:10.997 20124 20124 D ANWJNI_SECOND: 
05-27 18:08:10.997 20147 20147 I ADAYO_LOG_TRACE_LOGCAT: executing
05-27 18:08:10.997 20124 20124 D ANWJNI_SECOND: (20124|0x5467E4F8)[BTAPP] XML : find maxOppConnNum_data setting
05-27 18:08:10.997 20124 20124 D ANWJNI_SECOND: 
05-27 18:08:10.997 20124 20124 D ANWJNI_SECOND: (20124|0x5467E4F8)[BTAPP] XML : find maxOPPConnNum(0)(0)
05-27 18:08:10.997 20124 20124 D ANWJNI_SECOND: 
05-27 18:08:10.997 20124 20124 D ANWJNI_SECOND: (20124|0x5467E4F8)[BTAPP] XML : find maxHidHostConnNum_data setting
05-27 18:08:10.997 20124 20124 D ANWJNI_SECOND: 
05-27 18:08:10.997 20124 20124 D ANWJNI_SECOND: (20124|0x5467E4F8)[BTAPP] XML : find maxHidHostConnNum(0)(0)
05-27 18:08:10.997 20124 20124 D ANWJNI_SECOND: 
05-27 18:08:10.997 20124 20124 D ANWJNI_SECOND: (20124|0x5467E4F8)[BTAPP] XML : music_mode_auto_select
05-27 18:08:10.997 20124 20124 D ANWJNI_SECOND: 
05-27 18:08:10.997 20124 20124 D ANWJNI_SECOND: (20124|0x5467E4F8)[BTAPP] XML : music_mode_auto_select open
05-27 18:08:10.997 20124 20124 D ANWJNI_SECOND: 
05-27 18:08:10.997 20124 20124 D ANWJNI_SECOND: (20124|0x5467E4F8)[BTAPP] XML : BQB_test_setting
05-27 18:08:10.997 20124 20124 D ANWJNI_SECOND: 
05-27 18:08:10.997 20124 20124 D ANWJNI_SECOND: (20124|0x5467E4F8)[BTAPP] XML : BQB_test_setting close
05-27 18:08:10.997 20124 20124 D ANWJNI_SECOND: 
05-27 18:08:10.997 20124 20124 D ANWJNI_SECOND: (20124|0x5467E4F8)[BTAPP] XML : find aaudio_device_id setting
05-27 18:08:10.997 20124 20124 D ANWJNI_SECOND: 
05-27 18:08:10.997 20124 20124 D ANWJNI_SECOND: (20124|0x5467E4F8)[BTAPP] XML : find aaudio_device_id(16)(16)
05-27 18:08:10.997 20124 20124 D ANWJNI_SECOND: 
05-27 18:08:10.997 20124 20124 D ANWJNI_SECOND: (20124|0x5467E4F8)[BTAPP] XML : local_device_name_data 
05-27 18:08:10.997 20124 20124 D ANWJNI_SECOND: 
05-27 18:08:10.997 20124 20124 D ANWAPI_SECOND: (20124|0x5467E4F8)[BTAPI] AnWBT_Set_Local_Device_Before_Init LJ_FUJIA
05-27 18:08:10.997 20124 20124 D ANWJNI_SECOND: (20124|0x5467E4F8)[BTAPP] get a2dp_sink_pcm data fail
05-27 18:08:10.997 20124 20124 D ANWJNI_SECOND: 
05-27 18:08:10.997 20124 20124 D ANWJNI_SECOND: (20124|0x5467E4F8)[BTAPP] XML : master_device_file_path 
05-27 18:08:10.997 20124 20124 D ANWJNI_SECOND: 
05-27 18:08:10.998 20124 20124 D ANWJNI_SECOND: (20124|0x5467E4F8)[BTAPP] XML : master_device_file_path /anw/target_device_info is not exist
05-27 18:08:10.998 20124 20124 D ANWJNI_SECOND: 
05-27 18:08:10.998 20124 20124 D ANWJNI_SECOND: (20124|0x5467E4F8)[BTAPP] XML : read_rssi_switch
05-27 18:08:10.998 20124 20124 D ANWJNI_SECOND: 
05-27 18:08:10.998 20124 20124 D ANWJNI_SECOND: (20124|0x5467E4F8)[BTAPP] XML : read_rssi_switch close
05-27 18:08:10.998 20124 20124 D ANWJNI_SECOND: 
05-27 18:08:10.998 20124 20124 D ANWJNI_SECOND: (20124|0x5467E4F8)[BTAPP] XML : pbapClient_autoConnectAndDownload
05-27 18:08:10.998 20124 20124 D ANWJNI_SECOND: 
05-27 18:08:10.998 20124 20124 D ANWJNI_SECOND: (20124|0x5467E4F8)[BTAPP] XML : PBAP Client auto connect an download close
05-27 18:08:10.998 20124 20124 D ANWJNI_SECOND: 
05-27 18:08:10.998 20124 20124 D ANWJNI_SECOND: (20124|0x5467E4F8)[BTAPP] get callDisconnect_AutoDownloadCalllog data fail
05-27 18:08:10.998 20124 20124 D ANWJNI_SECOND: 
05-27 18:08:10.998 20124 20124 D ANWJNI_SECOND: (20124|0x5467E4F8)[BTAPP] XML : UART_path 
05-27 18:08:10.998 20124 20124 D ANWJNI_SECOND: 
05-27 18:08:10.998 20124 20124 D ANWJNI_SECOND: (20124|0x5467E4F8)[BTAPP] XML : UART_path:[/dev/ttyS3]
05-27 18:08:10.998 20124 20124 D ANWJNI_SECOND: 
05-27 18:08:10.998 20124 20124 D ANWJNI_SECOND: (20124|0x5467E4F8)[BTAPP] get BTADDR_path data fail
05-27 18:08:10.998 20124 20124 D ANWJNI_SECOND: 
05-27 18:08:10.998 20124 20124 D ANWJNI_SECOND: (20124|0x5467E4F8)[BTAPP] XML : BTADDR path not find
05-27 18:08:10.998 20124 20124 D ANWJNI_SECOND: 
05-27 18:08:10.998 20124 20124 D ANWJNI_SECOND: (20124|0x5467E4F8)[BTAPP] XML : find UART_baudRate_init(115200)
05-27 18:08:10.998 20124 20124 D ANWJNI_SECOND: 
05-27 18:08:10.998 20124 20124 D ANWJNI_SECOND: (20124|0x5467E4F8)[BTAPP] XML : find UART_baudRate_normal(3000000)
05-27 18:08:10.998 20124 20124 D ANWJNI_SECOND: 
05-27 18:08:10.998 20124 20124 D ANWJNI_SECOND: (20124|0x5467E4F8)[BTAPP] XML : AVRCP_ABSOLUTE_VOLUME
05-27 18:08:10.998 20124 20124 D ANWJNI_SECOND: 
05-27 18:08:10.998 20124 20124 D ANWJNI_SECOND: (20124|0x5467E4F8)[BTAPP] XML : avrcp absolute volume change open
05-27 18:08:10.998 20124 20124 D ANWJNI_SECOND: 
05-27 18:08:10.998 20124 20124 D ANWAPI_SECOND: (20124|0x5467E4F8)[BTAPI] AnWBT_Set_Avrcp_Absoulte_Volume_Change[1]
05-27 18:08:10.998 20124 20124 D ANWJNI_SECOND: (20124|0x5467E4F8)[BTAPP] get generate_random_address data fail
05-27 18:08:10.998 20124 20124 D ANWJNI_SECOND: 
05-27 18:08:10.998 20124 20124 D ANWJNI_SECOND: (20124|0x5467E4F8)[BTAPP] get reject_a2dp_avrcp data fail
05-27 18:08:10.998 20124 20124 D ANWJNI_SECOND: 
05-27 18:08:10.998 20124 20124 D ANWJNI_SECOND: (20124|0x5467E4F8)[BTAPP] XML : find connect_by_sdp_limit setting
05-27 18:08:10.998 20124 20124 D ANWJNI_SECOND: 
05-27 18:08:10.998 20124 20124 D ANWJNI_SECOND: (20124|0x5467E4F8)[BTAPP] connect_by_sdp_limit set(close)
05-27 18:08:10.998 20124 20124 D ANWJNI_SECOND: 
05-27 18:08:10.999 20124 20124 D ANWJNI_SECOND: (20124|0x5467E4F8)[BTAPP] XML : find hfpag_auto_select_main_device setting
05-27 18:08:10.999 20124 20124 D ANWJNI_SECOND: 
05-27 18:08:10.999 20124 20124 D ANWJNI_SECOND: (20124|0x5467E4F8)[BTAPP] hfpag_auto_select_main_device set(open)
05-27 18:08:10.999 20124 20124 D ANWJNI_SECOND: 
05-27 18:08:10.999 20124 20124 D ANWJNI_SECOND: (20124|0x5467E4F8)[BTAPP] XML : find waveout_file_size_MB setting
05-27 18:08:10.999 20124 20124 D ANWJNI_SECOND: 
05-27 18:08:10.999 20124 20124 D ANWJNI_SECOND: (20124|0x5467E4F8)[BTAPP] XML : find waveout_file_size_MB_data(50)
05-27 18:08:10.999 20124 20124 D ANWJNI_SECOND: 
05-27 18:08:10.999 20124 20124 D ANWJNI_SECOND: (20124|0x5467E4F8)[BTAPP] free source_data
05-27 18:08:10.999 20124 20124 D ANWJNI_SECOND: 
05-27 18:08:10.999 20124 20124 D ANWJNI_SECOND: (20124|0x5467E4F8)[BTAPP] Read XMLfile End
05-27 18:08:10.999 20124 20124 D ANWJNI_SECOND: 
05-27 18:08:10.999 20124 20124 D ANWJNI_SECOND: (20124|0x5467E4F8)[BTAPP] run Read (/system/etc/bluetooth/anw_AA_CP_setting.cfg) Start
05-27 18:08:10.999 20124 20124 D ANWJNI_SECOND: 
05-27 18:08:10.999 20124 20124 D ANWJNI_SECOND: (20124|0x5467E4F8)[BTAPP] open BT config file (/system/etc/bluetooth/anw_AA_CP_setting.cfg) failed.
05-27 18:08:10.999 20124 20124 D ANWJNI_SECOND: 
05-27 18:08:10.999 20124 20124 D ANWJNI_SECOND: (20124|0x5467E4F8)[BTAPP] run Read (/data/misc/anw//btmonitor_lastrecord) Start
05-27 18:08:10.999 20124 20124 D ANWJNI_SECOND: 
05-27 18:08:10.999 20124 20124 D ANWJNI_SECOND: (20124|0x5467E4F8)[BTAPP] open BT last record file (/data/misc/anw//btmonitor_lastrecord) success.
05-27 18:08:10.999 20124 20124 D ANWJNI_SECOND: 
05-27 18:08:10.999 20124 20124 D ANWJNI_SECOND: (20124|0x5467E4F8)[BTAPP] read last_connected_device last_scan_mode::3
05-27 18:08:10.999 20124 20124 D ANWJNI_SECOND: 
05-27 18:08:10.999 20124 20124 D ANWJNI_SECOND: 
05-27 18:08:10.999 20124 20124 D ANWJNI_SECOND: (20124|0x5467E4F8)[BTAPP] read last_scan_mode
05-27 18:08:10.999 20124 20124 D ANWJNI_SECOND: 
05-27 18:08:10.999 20124 20124 D ANWJNI_SECOND: (20124|0x5467E4F8)[BTAPP] last_scan_mode find,value is 3
05-27 18:08:10.999 20124 20124 D ANWJNI_SECOND: 
05-27 18:08:11.000 20124 20124 D ANWJNI_SECOND: (20124|0x5467E4F8)[BTAPP] read last_poweron_state
05-27 18:08:11.000 20124 20124 D ANWJNI_SECOND: 
05-27 18:08:11.000 20124 20124 I ANWJNI_SECOND: --- JNI_OnLoad
05-27 18:08:11.001   581   581 I SpiService: fgesysctrl_getGPIO_status success val=1
05-27 18:08:11.002  1083  1083 I MyAppLog: [2026-05-27 18:08:11.002 I tboxap mcuSendYadiTransfer:196] [Mcu] [mcuYadiSend]: :00 08 AB 04 01 09 81 02 01 01
05-27 18:08:11.006 13911 14183 I SentryImuMcuAngleSender: -179.979rollDeg
05-27 18:08:11.006 13911 14183 I SentryImuMcuAngleSender: 1,0,0
05-27 18:08:11.007   581   581 I SpiService: fgesysctrl_getGPIO_status success val=1
05-27 18:08:11.007   481   599 I mcuc    : start timer OK = 23425 
05-27 18:08:11.008 20124 20124 D AnwSdkService: onCreate
05-27 18:08:11.008 20124 20124 D AnwSdkService: run createMessageHandleThread
05-27 18:08:11.009   536   536 D commservice260303: msg.id = 1028,1
05-27 18:08:11.009   536   536 D commservice260303: i = 170, msgid = 8A000404
05-27 18:08:11.009   536   536 D commservice260303: msgid = -1979710460,did=138
05-27 18:08:11.009   536   536 D commservice260303: CommProtocolLibCmdBaseI2C::dataproc {"command":{"id":"imu_status","sub":""},"content":{"TimeStamp":8,"FrameCounter":192583,"GD_X":-0.011223767884075642,"GD_Y":0.005573912989348173,"GD_Z":0.0018319635419175029,"AD_X":-0.006360903382301331,"AD_Y":-0.006945428438484669,"AD_Z":-0.1767892837524414,"TempDsp":0,"Status":0,"CalibState":1,"SigAmpInvalid":0}},-1979710460
05-27 18:08:11.009   536   536 D commservice260303: send2Cluster len:315, 7B22636F6D6D616E64223A7B226964223A22696D755F737461747573222C22737562223A22227D2C22636F6E74656E74223A7B2254696D655374616D70223A382C224672616D65436F756E746572223A3139323538332C2247445F58223A2D302E3031313232333736373838343037353634322C2247445F59223A302E3030353537333931323938393334383137332C2247445F5A223A302E303031383331393633353431393137353032392C2241445F58223A2D302E3030363336303930333338323330313333312C2241445F59223A2D302E3030363934353432383433383438343636392C2241445F5A223A2D302E313736373839323833373532343431342C2254656D70447370223A302C22537461747573223A302C2243616C69625374617465223A312C22536967416D70496E76616C6964223A307D7D, 138 
05-27 18:08:11.009   536   536 D commservice260303: Push Message into SendPool fn=1311507200
05-27 18:08:11.010   536   536 D commservice260303: ComProtocolLibSend2Cluster::send2ClusterRaw fn=1311507200 , len=331
05-27 18:08:11.010   536   536 D commservice260303: sendCmdToPort :331!!!
05-27 18:08:11.010   536   536 D commservice260303: send Cmd To Port ++++5AA501478A0100032C4E6A16C28B7B22636F6D6D616E64223A7B226964223A22696D755F737461747573222C22737562223A22227D2C22636F6E74656E74223A7B2254696D655374616D70223A382C224672616D65436F756E746572223A3139323538332C2247445F58223A2D302E3031313232333736373838343037353634322C2247445F59223A302E3030353537333931323938393334383137332C2247445F5A223A302E303031383331393633353431393137353032392C2241445F58223A2D302E3030363336303930333338323330313333312C2241445F59223A2D302E3030363934353432383433383438343636392C2241445F5A223A2D302E313736373839323833373532343431342C2254656D70447370223A302C22537461747573223A302C2243616C69625374617465223A312C22536967416D70496E76616C6964223A307D7D21E7
05-27 18:08:11.010   536   536 D commservice260303: bufferevent_write retrun value = 0
05-27 18:08:11.010   536   560 D commservice260303: client datas send succeed,send finish
05-27 18:08:11.010 13911 14192 D Sentinelmode_1.2.5.17_sentry: <SentryImuClusterFgeSender>imu_status sent to Linux, frame=192583, tsNs=8358252, tsMs=8, intervalMs=40, ad=(-0.0063609034,-0.0069454284,-0.17678928), gd=(-0.011223768,0.005573913,0.0018319635)
05-27 18:08:11.012   581   581 I SpiService: fgesysctrl_getGPIO_status success val=1
05-27 18:08:11.014   299 30844 D EvsDriver: forwardFrame
05-27 18:08:11.014   299 30841 D EvsDriver: forwardFrame
05-27 18:08:11.017  1167  1184 D evsmanagerd: /dev/video4 forwarded the buffer #0 to 0xb4000074bf5f6850 from 0xb4000074bf5f41d0
05-27 18:08:11.018   581   581 I SpiService: fgesysctrl_getGPIO_status success val=1
05-27 18:08:11.022   299 30841 D EvsDriver: Delivered 0xb400007b7ca56a60 as id 0
05-27 18:08:11.022   299 30844 D EvsDriver: Delivered 0xb400007b7ca56900 as id 0
05-27 18:08:11.022  1167  1184 D evsmanagerd: /dev/video6 forwarded the buffer #0 to 0xb4000074bf5f5510 from 0xb4000074bf5f6d90
05-27 18:08:11.022 20124 20124 D AnwSdkService: run createAudioFocusListenerMessageHandleThread
05-27 18:08:11.023   581   581 I SpiService: fgesysctrl_getGPIO_status success val=1
05-27 18:08:11.024   299  1163 D EvsDriver: doneWithFrame
05-27 07:59:19.982   581   581 D spi_rst_gpio_get_output: GPIO 145 value: 1
05-27 07:59:19.982   581   581 D spidev_ioctl: gpio status=1)
05-27 07:59:19.988   581   581 D spi_rst_gpio_get_output: GPIO 145 value: 1
05-27 07:59:19.988   581   581 D spidev_ioctl: gpio status=1)
05-27 18:08:11.026   299  1163 D EvsDriver: doneWithFrame
05-27 18:08:11.026  1008 30856 D [OMXB]  : usingANWBuffer: handle:0xee740d20, format:1, w:1920, h:1080
05-27 18:08:11.030   581   581 I SpiService: fgesysctrl_getGPIO_status success val=0
05-27 18:08:11.031   481   597 I mcuc    : send SPI:6AA6015B8100F80901AB0401098102010100000000000000000000000000000000000000000000000000000000000000000000000000000000000000000000000000000000000000000000000000000000000000000000000000000000000000000000000000000000000000000000000000000000000000000000000000000000000000000000000000000000000000000000000000000000000000000000000000000000000000000000000000000000000000000000000000000000000000000000000000000000000000000000000000000000000000000000000000000000000000000000000000000000000000000000000000000000000000000000E3
05-27 18:08:11.033 11344 11344 E SystemUI_NavBarFragment: SysUIConfig.icCarServiceConnected：false
05-27 18:08:11.033 20124 20124 I AnwSdkService: mhcilog1:
05-27 18:08:11.033 20124 20124 I AnwSdkService: mhcilog4:
05-27 18:08:11.033 13911 14183 I SentryImuMcuAngleSender: -179.96498rollDeg
05-27 18:08:11.034 13911 14183 I SentryImuMcuAngleSender: 1,0,0
05-27 18:08:11.036 20151 20151 I ADAYO_LOG_TRACE_LOGCAT: collect_dest_path:/mnt/log_data/AndroidLog/logcat
05-27 07:59:19.995   581   581 D spi_rst_gpio_get_output: GPIO 145 value: 0
05-27 07:59:19.995   581   581 D spidev_ioctl: gpio status=0)
05-27 18:08:11.046  1008 30857 D [OMXB]  : usingANWBuffer: handle:0xee7469f0, format:1, w:1920, h:1080
05-27 18:08:11.047   299 30844 D EvsDriver: forwardFrame
05-27 18:08:11.048   581   581 I SpiService: fgesysctrl_getGPIO_status success val=1
05-27 07:59:20.012   581   581 D spi_rst_gpio_get_output: GPIO 145 value: 1
05-27 07:59:20.012   581   581 D spidev_ioctl: gpio status=1)
05-27 18:08:11.051   299 30844 D EvsDriver: Delivered 0xb400007b7ca56900 as id 0
05-27 18:08:11.051  1167  1184 D evsmanagerd: /dev/video6 forwarded the buffer #0 to 0xb4000074bf5f5510 from 0xb4000074bf5f6d90
05-27 18:08:11.054   581   581 I SpiService: fgesysctrl_getGPIO_status success val=1
05-27 18:08:11.054   299  1163 D EvsDriver: doneWithFrame
05-27 18:08:11.055 20124 20124 I ANWJNI_SECOND: +++ InitialCallback=====
05-27 18:08:11.056   299 30841 D EvsDriver: forwardFrame
05-27 07:59:20.018   581   581 D spi_rst_gpio_get_output: GPIO 145 value: 1
05-27 07:59:20.019   581   581 D spidev_ioctl: gpio status=1)
05-27 07:59:20.025   581   581 D spi_rst_gpio_get_output: GPIO 145 value: 1
05-27 07:59:20.025   581   581 D spidev_ioctl: gpio status=1)
05-27 07:59:20.031   581   581 D spi_rst_gpio_get_output: GPIO 145 value: 1
05-27 07:59:20.031   581   581 D spidev_ioctl: gpio status=1)
05-27 18:08:11.059 20124 20124 I ANWJNI_SECOND: --- InitialCallback(77)(78)
05-27 18:08:11.059 20124 20124 I ANWJNI_SECOND: --- InitialCallback(79)(80)
05-27 18:08:11.059 20124 20124 I ANWJNI_SECOND: --- InitialCallback:0
05-27 18:08:11.060   581   581 I SpiService: fgesysctrl_getGPIO_status success val=1
05-27 18:08:11.061   536   536 D commservice260303: msg.id = 1028,2
05-27 18:08:11.061  1167  1184 D evsmanagerd: /dev/video4 forwarded the buffer #0 to 0xb4000074bf5f6850 from 0xb4000074bf5f41d0
05-27 18:08:11.061   536   536 D commservice260303: i = 170, msgid = 8A000404
05-27 18:08:11.061   536   536 D commservice260303: msgid = -1979710460,did=138
05-27 18:08:11.061   536   536 D commservice260303: CommProtocolLibCmdBaseI2C::dataproc {"command":{"id":"imu_status","sub":""},"content":{"TimeStamp":8,"FrameCounter":192584,"GD_X":-0.011834942735731602,"GD_Y":0.006032164208590984,"GD_Z":0.0026720035821199417,"AD_X":-0.007555410265922546,"AD_Y":-0.004462467040866613,"AD_Z":-0.16702938079833984,"TempDsp":0,"Status":0,"CalibState":1,"SigAmpInvalid":0}},-1979710460
