05-27 18:08:11.061   536   536 D commservice260303: send2Cluster len:316, 7B22636F6D6D616E64223A7B226964223A22696D755F737461747573222C22737562223A22227D2C22636F6E74656E74223A7B2254696D655374616D70223A382C224672616D65436F756E746572223A3139323538342C2247445F58223A2D302E3031313833343934323733353733313630322C2247445F59223A302E3030363033323136343230383539303938342C2247445F5A223A302E303032363732303033353832313139393431372C2241445F58223A2D302E3030373535353431303236353932323534362C2241445F59223A2D302E3030343436323436373034303836363631332C2241445F5A223A2D302E31363730323933383037393833333938342C2254656D70447370223A302C22537461747573223A302C2243616C69625374617465223A312C22536967416D70496E76616C6964223A307D7D, 138 
05-27 18:08:11.061   536   536 D commservice260303: Push Message into SendPool fn=1328284416
05-27 18:08:11.061   536   536 D commservice260303: ComProtocolLibSend2Cluster::send2ClusterRaw fn=1328284416 , len=332
05-27 18:08:11.061   536   536 D commservice260303: sendCmdToPort :332!!!
05-27 18:08:11.062   536   536 D commservice260303: send Cmd To Port ++++5AA501488A0100032C4F6A16C28B7B22636F6D6D616E64223A7B226964223A22696D755F737461747573222C22737562223A22227D2C22636F6E74656E74223A7B2254696D655374616D70223A382C224672616D65436F756E746572223A3139323538342C2247445F58223A2D302E3031313833343934323733353733313630322C2247445F59223A302E3030363033323136343230383539303938342C2247445F5A223A302E303032363732303033353832313139393431372C2241445F58223A2D302E3030373535353431303236353932323534362C2241445F59223A2D302E3030343436323436373034303836363631332C2241445F5A223A2D302E31363730323933383037393833333938342C2254656D70447370223A302C22537461747573223A302C2243616C69625374617465223A312C22536967416D70496E76616C6964223A307D7D0964
05-27 18:08:11.062   536   536 D commservice260303: bufferevent_write retrun value = 0
05-27 18:08:11.063   536   560 D commservice260303: client datas send succeed,send finish
05-27 18:08:11.063 30773 30785 I dvr_service_: [EncoderHandler::runMediaThread] runMediaThread started:1,state:1, cam2:started:1,state:1, lastSwitch:1, mIsMuxerStart:1,format:0,is_str_ing:0
05-27 18:08:11.064 20124 20124 D AnwSdkService: onCreate:0,78,80
05-27 18:08:11.064 20124 20124 D AnwSdkService: pbap_socket_fd1 = 78
05-27 18:08:11.064 20124 20124 D AnwSdkService: run createPbapContactMessageHandleThread
05-27 18:08:11.064   299 30841 D EvsDriver: Delivered 0xb400007b7ca56a60 as id 0
05-27 18:08:11.064   299  1163 D EvsDriver: doneWithFrame
05-27 18:08:11.066 13911 14183 I SentryImuMcuAngleSender: -179.99298rollDeg
05-27 18:08:11.066   581   581 I SpiService: fgesysctrl_getGPIO_status success val=1
05-27 18:08:11.066 13911 14183 I SentryImuMcuAngleSender: 1,0,0
05-27 18:08:11.067 13911 14192 D Sentinelmode_1.2.5.17_sentry: <SentryImuClusterFgeSender>imu_status sent to Linux, frame=192584, tsNs=8358289, tsMs=8, intervalMs=57, ad=(-0.0075554103,-0.004462467,-0.16702938), gd=(-0.011834943,0.006032164,0.0026720036)
05-27 18:08:11.069 20124 20124 D AnwSdkService: run createPbapParsedDataUpdateMessageHandleThread
05-27 18:08:11.069  1008 30856 D [OMXB]  : usingANWBuffer: handle:0xee7432f0, format:1, w:1920, h:1080
05-27 18:08:11.072   581   581 I SpiService: fgesysctrl_getGPIO_status success val=1
05-27 07:59:20.037   581   581 D spi_rst_gpio_get_output: GPIO 145 value: 1
05-27 07:59:20.037   581   581 D spidev_ioctl: gpio status=1)
05-27 18:08:11.075   572   622 I Sensors : 230 GyroSensor: x:-0.012293,y:0.005115,z:0.001756
05-27 07:59:20.040   303   303 I [Audio:SBLCK] p_tt: 1079477,1079477
05-27 18:08:11.079   581   581 I SpiService: fgesysctrl_getGPIO_status success val=0
05-27 18:08:11.079   283   307 I rvcservice: t.code = 2, t.value = 9977160
05-27 18:08:11.081 20124 20124 W ContextImpl: Calling a method in the system process without a qualified user: android.app.ContextImpl.startService:1863 android.content.ContextWrapper.startService:817 com.anwsdk.service.anwbtservice.onCreate:7516 android.app.ActivityThread.handleCreateService:4616 android.app.ActivityThread.-$$Nest$mhandleCreateService:0 
05-27 18:08:11.081   299 30841 D EvsDriver: forwardFrame
05-27 07:59:20.043   581   581 D spi_rst_gpio_get_output: GPIO 145 value: 0
05-27 07:59:20.043   581   581 D spidev_ioctl: gpio status=0)
05-27 07:59:20.045     0     0 W         : c6 [    C6] Irq_monitor:Irq                                           IPI[1]occur        5271 times interval 1028 ms
05-27 18:08:11.082   299 30844 D EvsDriver: forwardFrame
05-27 18:08:11.085  1167  1184 D evsmanagerd: /dev/video4 forwarded the buffer #0 to 0xb4000074bf5f6850 from 0xb4000074bf5f41d0
05-27 18:08:11.086  1167  1184 D evsmanagerd: /dev/video6 forwarded the buffer #0 to 0xb4000074bf5f5510 from 0xb4000074bf5f6d90
05-27 18:08:11.089 10188 16726 W ActivityManager: Unable to start service Intent { cmp=com.anwsdk.service/.HfpClientConnectionService } U=0: not found with resolvedType = null, flags = 268436480, userId = 0, callingUid = 1000
05-27 18:08:11.090 13911 14183 I SentryImuMcuAngleSender: 179.95796rollDeg
05-27 18:08:11.091 13911 14183 I SentryImuMcuAngleSender: 1,0,0
05-27 18:08:11.092   299 30844 D EvsDriver: Delivered 0xb400007b7ca56900 as id 0
05-27 18:08:11.093   299  1163 D EvsDriver: doneWithFrame
05-27 18:08:11.093   299 30841 D EvsDriver: Delivered 0xb400007b7ca56a60 as id 0
05-27 18:08:11.093 20124 20124 D AnwSdkService: 20210721 checking self APK rom size
05-27 07:59:20.061   581   581 D spi_rst_gpio_get_output: GPIO 145 value: 1
05-27 07:59:20.061   581   581 D spidev_ioctl: gpio status=1)
05-27 18:08:11.095   481   598 I mcuc    : rev,n=1,6AA6825B810002090196
05-27 18:08:11.095   536   536 D commservice260303: msg.id = 1028,0
05-27 18:08:11.096   536   536 D commservice260303: i = 170, msgid = 8A000404
05-27 18:08:11.096   536   536 D commservice260303: msgid = -1979710460,did=138
05-27 18:08:11.096   536   536 D commservice260303: CommProtocolLibCmdBaseI2C::dataproc {"command":{"id":"imu_status","sub":""},"content":{"TimeStamp":8,"FrameCounter":192585,"GD_X":-0.012293193489313126,"GD_Y":0.0051151420921087265,"GD_Z":0.0017560218693688512,"AD_X":0.002196207642555237,"AD_Y":0.00405945535749197,"AD_Z":-0.16946887969970703,"TempDsp":0,"Status":0,"CalibState":1,"SigAmpInvalid":0}},-1979710460
05-27 18:08:11.096   536   536 D commservice260303: send2Cluster len:314, 7B22636F6D6D616E64223A7B226964223A22696D755F737461747573222C22737562223A22227D2C22636F6E74656E74223A7B2254696D655374616D70223A382C224672616D65436F756E746572223A3139323538352C2247445F58223A2D302E3031323239333139333438393331333132362C2247445F59223A302E303035313135313432303932313038373236352C2247445F5A223A302E303031373536303231383639333638383531322C2241445F58223A302E3030323139363230373634323535353233372C2241445F59223A302E30303430353934353533353734393139372C2241445F5A223A2D302E31363934363838373936393937303730332C2254656D70447370223A302C22537461747573223A302C2243616C69625374617465223A312C22536967416D70496E76616C6964223A307D7D, 138 
05-27 18:08:11.096   536   536 D commservice260303: Push Message into SendPool fn=1345061632
05-27 18:08:11.096   536   536 D commservice260303: ComProtocolLibSend2Cluster::send2ClusterRaw fn=1345061632 , len=330
05-27 18:08:11.096   536   536 D commservice260303: sendCmdToPort :330!!!
05-27 18:08:11.096   536   536 D commservice260303: send Cmd To Port ++++5AA501468A0100032C506A16C28B7B22636F6D6D616E64223A7B226964223A22696D755F737461747573222C22737562223A22227D2C22636F6E74656E74223A7B2254696D655374616D70223A382C224672616D65436F756E746572223A3139323538352C2247445F58223A2D302E3031323239333139333438393331333132362C2247445F59223A302E303035313135313432303932313038373236352C2247445F5A223A302E303031373536303231383639333638383531322C2241445F58223A302E3030323139363230373634323535353233372C2241445F59223A302E30303430353934353533353734393139372C2241445F5A223A2D302E31363934363838373936393937303730332C2254656D70447370223A302C22537461747573223A302C2243616C69625374617465223A312C22536967416D70496E76616C6964223A307D7D84F5
05-27 18:08:11.096   536   536 D commservice260303: bufferevent_write retrun value = 0
05-27 18:08:11.096   536   560 D commservice260303: client datas send succeed,send finish
05-27 18:08:11.096 13911 14192 D Sentinelmode_1.2.5.17_sentry: <SentryImuClusterFgeSender>imu_status sent to Linux, frame=192585, tsNs=8358326, tsMs=8, intervalMs=29, ad=(0.0021962076,0.0040594554,-0.16946888), gd=(-0.0122931935,0.005115142,0.0017560219)
05-27 18:08:11.097   581   581 I SpiService: fgesysctrl_getGPIO_status success val=1
05-27 18:08:11.097   299  1153 D EvsDriver: doneWithFrame
05-27 18:08:11.101  1008 30857 D [OMXB]  : usingANWBuffer: handle:0xee7427f0, format:1, w:1920, h:1080
05-27 18:08:11.102   581   581 I SpiService: fgesysctrl_getGPIO_status success val=1
05-27 07:59:20.066   581   581 D spi_rst_gpio_get_output: GPIO 145 value: 1
05-27 07:59:20.066   581   581 D spidev_ioctl: gpio status=1)
05-27 07:59:20.072   581   581 D spi_rst_gpio_get_output: GPIO 145 value: 1
05-27 07:59:20.072   581   581 D spidev_ioctl: gpio status=1)
05-27 18:08:11.107   581   581 I SpiService: fgesysctrl_getGPIO_status success val=1
05-27 18:08:11.111 13911 14183 I SentryImuMcuAngleSender: 179.97546rollDeg
05-27 18:08:11.111 13911 14183 I SentryImuMcuAngleSender: 1,0,0
05-27 18:08:11.113   581   581 I SpiService: fgesysctrl_getGPIO_status success val=1
05-27 18:08:11.116   299 30844 D EvsDriver: forwardFrame
05-27 18:08:11.116   299 30841 D EvsDriver: forwardFrame
05-27 07:59:20.078   581   581 D spi_rst_gpio_get_output: GPIO 145 value: 1
05-27 07:59:20.078   581   581 D spidev_ioctl: gpio status=1)
05-27 07:59:20.085   581   581 D spi_rst_gpio_get_output: GPIO 145 value: 0
05-27 07:59:20.085   581   581 D spidev_ioctl: gpio status=0)
05-27 18:08:11.118   299 30841 D EvsDriver: Delivered 0xb400007b7ca56a60 as id 0
05-27 18:08:11.119  1167  1479 D evsmanagerd: /dev/video6 forwarded the buffer #0 to 0xb4000074bf5f5510 from 0xb4000074bf5f6d90
05-27 18:08:11.119  1167  1184 D evsmanagerd: /dev/video4 forwarded the buffer #0 to 0xb4000074bf5f6850 from 0xb4000074bf5f41d0
05-27 18:08:11.121   581   581 I SpiService: fgesysctrl_getGPIO_status success val=0
05-27 18:08:11.127   299  1153 D EvsDriver: doneWithFrame
05-27 18:08:11.127 20159 20159 I ADAYO_LOG_TRACE_LOGCAT: file_path:/mnt/log_data/AndroidLog/logcat/logcat_2026_05_27_18_08_10_189-40.txt
05-27 18:08:11.127   299 30844 D EvsDriver: Delivered 0xb400007b7ca56900 as id 0
05-27 18:08:11.127   299  1153 D EvsDriver: doneWithFrame
05-27 18:08:11.127  1008 30856 D [OMXB]  : usingANWBuffer: handle:0xee740170, format:1, w:1920, h:1080
05-27 18:08:11.133 13911 14183 I SentryImuMcuAngleSender: 179.96495rollDeg
05-27 18:08:11.133 13911 14183 I SentryImuMcuAngleSender: 1,0,0
05-27 18:08:11.135   566  1171 I gps_hdbd: [gps_upgrade_thread 3506]Enter
05-27 18:08:11.135   566  1171 I gps_hdbd: [gps_upgrade_thread 3535] sys.gps.update:0 ,file:not ,upgrate_ing:0
05-27 18:08:11.135   536   536 D commservice260303: msg.id = 1028,0
05-27 18:08:11.135   536   536 D commservice260303: i = 170, msgid = 8A000404
05-27 18:08:11.135   536   536 D commservice260303: msgid = -1979710460,did=138
05-27 18:08:11.135   536   536 D commservice260303: CommProtocolLibCmdBaseI2C::dataproc {"command":{"id":"imu_status","sub":""},"content":{"TimeStamp":8,"FrameCounter":192586,"GD_X":-0.01091896090656519,"GD_Y":0.005573912989348173,"GD_Z":0.0021378109231591225,"AD_X":0.01546160876750946,"AD_Y":0.0028192251920700073,"AD_Z":-0.1651935577392578,"TempDsp":0,"Status":0,"CalibState":1,"SigAmpInvalid":0}},-1979710460
05-27 18:08:11.135   536   536 D commservice260303: send2Cluster len:312, 7B22636F6D6D616E64223A7B226964223A22696D755F737461747573222C22737562223A22227D2C22636F6E74656E74223A7B2254696D655374616D70223A382C224672616D65436F756E746572223A3139323538362C2247445F58223A2D302E30313039313839363039303635363531392C2247445F59223A302E3030353537333931323938393334383137332C2247445F5A223A302E303032313337383130393233313539313232352C2241445F58223A302E30313534363136303837363735303934362C2241445F59223A302E303032383139323235313932303730303037332C2241445F5A223A2D302E313635313933353537373339323537382C2254656D70447370223A302C22537461747573223A302C2243616C69625374617465223A312C22536967416D70496E76616C6964223A307D7D, 138 
05-27 18:08:11.135   536   536 D commservice260303: Push Message into SendPool fn=1361838848
05-27 18:08:11.135   536   536 D commservice260303: ComProtocolLibSend2Cluster::send2ClusterRaw fn=1361838848 , len=328
05-27 18:08:11.136   536   536 D commservice260303: sendCmdToPort :328!!!
05-27 18:08:11.136   581   581 I SpiService: fgesysctrl_getGPIO_status success val=1
05-27 18:08:11.136   536   536 D commservice260303: send Cmd To Port ++++5AA501448A0100032C516A16C28B7B22636F6D6D616E64223A7B226964223A22696D755F737461747573222C22737562223A22227D2C22636F6E74656E74223A7B2254696D655374616D70223A382C224672616D65436F756E746572223A3139323538362C2247445F58223A2D302E30313039313839363039303635363531392C2247445F59223A302E3030353537333931323938393334383137332C2247445F5A223A302E303032313337383130393233313539313232352C2241445F58223A302E30313534363136303837363735303934362C2241445F59223A302E303032383139323235313932303730303037332C2241445F5A223A2D302E313635313933353537373339323537382C2254656D70447370223A302C22537461747573223A302C2243616C69625374617465223A312C22536967416D70496E76616C6964223A307D7D6D90
05-27 18:08:11.136   536   536 D commservice260303: bufferevent_write retrun value = 0
05-27 18:08:11.136   536   560 D commservice260303: client datas send succeed,send finish
05-27 18:08:11.137 20124 20124 D AnwSdkService: apk rom size:40.90M
05-27 18:08:11.137 13911 14192 D Sentinelmode_1.2.5.17_sentry: <SentryImuClusterFgeSender>imu_status sent to Linux, frame=192586, tsNs=8358378, tsMs=8, intervalMs=41, ad=(0.015461609,0.0028192252,-0.16519356), gd=(-0.010918961,0.005573913,0.002137811)
05-27 18:08:11.139 20124 20124 D AnwSdkService: [android.permission.READ_EXTERNAL_STORAGE] permision is GRANTED
05-27 07:59:20.100   581   581 D spi_rst_gpio_get_output: GPIO 145 value: 1
05-27 07:59:20.100   581   581 D spidev_ioctl: gpio status=1)
05-27 18:08:11.141 20124 20124 D AnwSdkService: [android.permission.WRITE_EXTERNAL_STORAGE] permision is GRANTED
05-27 18:08:11.141   581   581 I SpiService: fgesysctrl_getGPIO_status success val=1
05-27 07:59:20.106   581   581 D spi_rst_gpio_get_output: GPIO 145 value: 1
05-27 07:59:20.106   581   581 D spidev_ioctl: gpio status=1)
05-27 18:08:11.144   299 30841 D EvsDriver: forwardFrame
05-27 18:08:11.145   299 30844 D EvsDriver: forwardFrame
05-27 18:08:11.147   581   581 I SpiService: fgesysctrl_getGPIO_status success val=1
05-27 07:59:20.112   581   581 D spi_rst_gpio_get_output: GPIO 145 value: 1
05-27 07:59:20.112   581   581 D spidev_ioctl: gpio status=1)
05-27 18:08:11.150  1167  1184 D evsmanagerd: /dev/video4 forwarded the buffer #0 to 0xb4000074bf5f6850 from 0xb4000074bf5f41d0
05-27 18:08:11.150   299 30841 D EvsDriver: Delivered 0xb400007b7ca56a60 as id 0
05-27 18:08:11.151 30773 30781 E dvr_service_: [myNum:0] Received S**** loss
05-27 18:08:11.151  1167  1184 D evsmanagerd: /dev/video6 forwarded the buffer #0 to 0xb4000074bf5f5510 from 0xb4000074bf5f6d90
05-27 18:08:11.151   299  1153 D EvsDriver: doneWithFrame
05-27 18:08:11.151   299 30844 D EvsDriver: Delivered 0xb400007b7ca56900 as id 0
05-27 18:08:11.152 30773 30781 E dvr_service_: [myNum:1] Received S**** loss
05-27 18:08:11.153   299  1153 D EvsDriver: doneWithFrame
05-27 18:08:11.153   581   581 I SpiService: fgesysctrl_getGPIO_status success val=1
05-27 18:08:11.153 13911 14183 I SentryImuMcuAngleSender: 179.95097rollDeg
05-27 18:08:11.153 13911 14183 I SentryImuMcuAngleSender: 1,0,0
05-27 18:08:11.155 20124 20124 D AnwSdkService: onCreate end
05-27 18:08:11.156 20124 20124 D AnwSdkService: onBind
05-27 07:59:20.118   581   581 D spi_rst_gpio_get_output: GPIO 145 value: 1
05-27 07:59:20.118   581   581 D spidev_ioctl: gpio status=1)
05-27 18:08:11.157 13435 13435 D BtManager: onServiceConnected
05-27 18:08:11.158  1008 30857 D [OMXB]  : usingANWBuffer: handle:0xee744000, format:1, w:1920, h:1080
05-27 18:08:11.159 20124 20137 D AnwSdkService: GetPowerStatus = POWER_OFF
05-27 18:08:11.159   581   581 I SpiService: fgesysctrl_getGPIO_status success val=0
05-27 18:08:11.159 30773 30789 I dvr_service_: Camera 1: MediaOK:62544126, frames:1450, isKeyFrame:0,pts:8358181667
05-27 18:08:11.159 20124 20137 D AnwSdkService: ANWBT_GetBTPowerStatus() POWER_OFF
05-27 18:08:11.159 20124 20137 D AnwSdkService: GetPowerStatus = POWER_OFF
05-27 18:08:11.160 13435 13435 D BtManager: ANWBT_BTPowerOn
05-27 18:08:11.160 13435 13435 D BtManager: ANWBT_GetBTPowerStatus
05-27 18:08:11.160 20124 20137 D AnwSdkService: GetPowerStatus = POWER_OFF
05-27 18:08:11.160 20124 20137 D AnwSdkService: ANWBT_GetBTPowerStatus() POWER_OFF
05-27 18:08:11.160 20124 20137 D AnwSdkService: GetPowerStatus = POWER_OFF
05-27 07:59:20.123   581   581 D spi_rst_gpio_get_output: GPIO 145 value: 0
05-27 07:59:20.123   581   581 D spidev_ioctl: gpio status=0)
05-27 18:08:11.162 20124 20137 D AnwSdkService: anw-update,bt_java_data:20260516
05-27 18:08:11.163 20124 20137 D AnwSdkService: ANWBT_BTPowerOn()
05-27 18:08:11.163 20124 20137 D AnwSdkService: GetPowerStatus = POWER_OFF
05-27 18:08:11.164 20124 20137 D AnwSdkService: SetPowerStatus = POWER_ONING
05-27 18:08:11.166 20124 20163 I ANWJNI_SECOND: anw-update,bt_jni_data: 20260516
05-27 18:08:11.166 20124 20163 D ANWAPI_SECOND: (20124|0x29718CB0)[BTAPI] SDK >>>>AnWBT_Snoop_Open
05-27 18:08:11.166 20124 20163 D ANWJNI_SECOND: (20124|0x29718CB0)[BTAPP] PowOn_Thread
05-27 18:08:11.166 20124 20163 D ANWJNI_SECOND: 
05-27 18:08:11.166 20162 20162 I ADAYO_LOG_TRACE_LOGCAT: folder_size:
05-27 18:08:11.168 13435 13435 I BtManager: ANWBT_BTPowerOn result = 0
05-27 18:08:11.168 13435 13435 D BtManager: ret = 2
05-27 18:08:11.169 20124 20164 D ANWJNI_SECOND: (20124|0x2960ECB0)[BTAPP] BTPowerOn!!
05-27 18:08:11.169 20124 20164 D ANWJNI_SECOND: (20124|0x2960ECB0)[BTAPP] in thread_power_on_func,getpid()=20124, priority = 10
05-27 18:08:11.169 20124 20164 D ANWJNI_SECOND: 
05-27 18:08:11.169 20124 20164 D ANWJNI_SECOND: (20124|0x2960ECB0)[BTAPP] doPowerOn_Timeout_Thread_Create
05-27 18:08:11.169 20124 20164 D ANWJNI_SECOND: 
05-27 18:08:11.169 20124 20164 D ANWJNI_SECOND: (20124|0x2960ECB0)[BTAPP] AnWBT_SetInitialValue(hfphf:0)(hfpag:2)(pbap:0)(map:0)(a2dpsink:0)(a2dpsource:2)(avrcpct:0)(avrcttg:2)
05-27 18:08:11.169 20124 20164 D ANWJNI_SECOND: 
05-27 18:08:11.169 20124 20164 D ANWAPI_SECOND: (20124|0x2960ECB0)[BTAPI] SDK >>>>AnWBT_SetInitialValue devclass: 0x3c020c
05-27 18:08:11.169 20124 20164 D ANWAPI_SECOND: (20124|0x2960ECB0)[BTAPI] AnWBT_SetInitialValue avrcp_tg_attribute=6
05-27 18:08:11.170 20124 20164 D ANWAPI_SECOND: (20124|0x2960ECB0)[BTAPI] SDK <<<<AnWBT_SetInitialValue 0x0
05-27 18:08:11.170 20124 20164 D ANWAPI_SECOND: (20124|0x2960ECB0)[BTAPI] SDK >>>>AnWBT_HFP_Enable_WBS 1
05-27 18:08:11.170 20124 20164 D ANWAPI_SECOND: (20124|0x2960ECB0)[BTAPI] SDK <<<<AnWBT_HFP_Enable_WBS 0
05-27 18:08:11.170 20124 20164 D ANW_WAVEOUT_SECOND: (20124|0x2960ECB0)[WAVEOUT] init Audio PCM Thread Mute(800)(101)
05-27 18:08:11.170 20124 20164 D ANW_WAVEOUT_SECOND: 
05-27 18:08:11.170 20124 20164 D ANWAPI_SECOND: (20124|0x2960ECB0)[BTAPI] anw-update,bt_sdk_data:20260516-not_supportLea
05-27 18:08:11.170 20124 20164 D ANWAPI_SECOND: (20124|0x2960ECB0)[BTAPI] SDK >>>>AnWBT_Init
05-27 18:08:11.170 20124 20164 D ANWAPI_SECOND: (20124|0x2960ECB0)[BTAPI] AnWBTSDK_Version=0x0300002a
05-27 18:08:11.170 20124 20164 D ANWAPI_SECOND: (20124|0x2960ECB0)[BTAPI] >>>>AnWBT_EEPROM_Read 
05-27 18:08:11.170 20124 20164 D ANWAPI_SECOND: (20124|0x2960ECB0)[BTAPI] B:Rpaired_storage[0]name[]addr[00:00:00:00:00:00]linkkey[00:00:00:00:00:00:00:00:00:00:00:00:00:00:00:00]
05-27 18:08:11.170 20124 20164 D ANWAPI_SECOND: (20124|0x2960ECB0)[BTAPI] B:Rpaired_storage[1]name[]addr[00:00:00:00:00:00]linkkey[00:00:00:00:00:00:00:00:00:00:00:00:00:00:00:00]
05-27 18:08:11.170 20124 20164 D ANWAPI_SECOND: (20124|0x2960ECB0)[BTAPI] B:Rpaired_storage[2]name[]addr[00:00:00:00:00:00]linkkey[00:00:00:00:00:00:00:00:00:00:00:00:00:00:00:00]
05-27 18:08:11.170 20124 20164 D ANWAPI_SECOND: (20124|0x2960ECB0)[BTAPI] B:Rpaired_storage[3]name[]addr[00:00:00:00:00:00]linkkey[00:00:00:00:00:00:00:00:00:00:00:00:00:00:00:00]
05-27 18:08:11.170 20124 20164 D ANWAPI_SECOND: (20124|0x2960ECB0)[BTAPI] B:Rpaired_storage[4]name[]addr[00:00:00:00:00:00]linkkey[00:00:00:00:00:00:00:00:00:00:00:00:00:00:00:00]
05-27 18:08:11.170 20124 20164 D ANWAPI_SECOND: (20124|0x2960ECB0)[BTAPI] B:Rpaired_storage[5]name[]addr[00:00:00:00:00:00]linkkey[00:00:00:00:00:00:00:00:00:00:00:00:00:00:00:00]
05-27 18:08:11.170 20124 20164 D ANWAPI_SECOND: (20124|0x2960ECB0)[BTAPI] B:Rpaired_storage[6]name[]addr[00:00:00:00:00:00]linkkey[00:00:00:00:00:00:00:00:00:00:00:00:00:00:00:00]
05-27 18:08:11.170 20124 20164 D ANWAPI_SECOND: (20124|0x2960ECB0)[BTAPI] B:Rpaired_storage[7]name[]addr[00:00:00:00:00:00]linkkey[00:00:00:00:00:00:00:00:00:00:00:00:00:00:00:00]
05-27 18:08:11.170 20124 20164 D ANWAPI_SECOND: (20124|0x2960ECB0)[BTAPI] B:Rpaired_storage[8]name[]addr[00:00:00:00:00:00]linkkey[00:00:00:00:00:00:00:00:00:00:00:00:00:00:00:00]
05-27 18:08:11.170 20124 20164 D ANWAPI_SECOND: (20124|0x2960ECB0)[BTAPI] B:Rpaired_storage[9]name[]addr[00:00:00:00:00:00]linkkey[00:00:00:00:00:00:00:00:00:00:00:00:00:00:00:00]
05-27 18:08:11.171 20124 20164 D ANWAPI_SECOND: (20124|0x2960ECB0)[BTAPI] B:Rpaired_storage[10]name[]addr[00:00:00:00:00:00]linkkey[00:00:00:00:00:00:00:00:00:00:00:00:00:00:00:00]
05-27 18:08:11.171 20124 20164 D ANW_AVRCP_SECOND: AnWBT_ReadStorage =/data/misc/anw//anwbt_storage.bin
05-27 18:08:11.171 20124 20166 D ANWJNI_SECOND: (20124|0x29510CB0)[BTAPP] doPowerOn_Timeout_Thread
05-27 18:08:11.171 20124 20166 D ANWJNI_SECOND: 
05-27 18:08:11.171 20124 20164 D ANW_AVRCP_SECOND: AnWBT_ReadStorage open anwbt_bt_storage success
05-27 18:08:11.171 20124 20164 D ANW_AVRCP_SECOND: 
05-27 18:08:11.171 20124 20164 D ANW_AVRCP_SECOND: read storage size=6600
05-27 18:08:11.171 20124 20164 D ANW_AVRCP_SECOND: 
05-27 18:08:11.171 20124 20164 D ANWAPI_SECOND: (20124|0x2960ECB0)[BTAPI] A:Readpaired_storage[0]name[]cod[0]support[0]addr[00:00:00:00:00:00]linkkey[00:00:00:00:00:00:00:00:00:00:00:00:00:00:00:00]
05-27 18:08:11.171 20124 20164 D ANWAPI_SECOND: (20124|0x2960ECB0)[BTAPI] A:Readpaired_storage[1]name[]cod[0]support[0]addr[00:00:00:00:00:00]linkkey[00:00:00:00:00:00:00:00:00:00:00:00:00:00:00:00]
05-27 18:08:11.171 20124 20164 D ANWAPI_SECOND: (20124|0x2960ECB0)[BTAPI] A:Readpaired_storage[2]name[]cod[0]support[0]addr[00:00:00:00:00:00]linkkey[00:00:00:00:00:00:00:00:00:00:00:00:00:00:00:00]
05-27 18:08:11.171 20124 20164 D ANWAPI_SECOND: (20124|0x2960ECB0)[BTAPI] A:Readpaired_storage[3]name[]cod[0]support[0]addr[00:00:00:00:00:00]linkkey[00:00:00:00:00:00:00:00:00:00:00:00:00:00:00:00]
05-27 18:08:11.171 20124 20164 D ANWAPI_SECOND: (20124|0x2960ECB0)[BTAPI] A:Readpaired_storage[4]name[]cod[0]support[0]addr[00:00:00:00:00:00]linkkey[00:00:00:00:00:00:00:00:00:00:00:00:00:00:00:00]
05-27 18:08:11.171 20124 20164 D ANWAPI_SECOND: (20124|0x2960ECB0)[BTAPI] A:Readpaired_storage[5]name[]cod[0]support[0]addr[00:00:00:00:00:00]linkkey[00:00:00:00:00:00:00:00:00:00:00:00:00:00:00:00]
05-27 18:08:11.171 20124 20164 D ANWAPI_SECOND: (20124|0x2960ECB0)[BTAPI] A:Readpaired_storage[6]name[]cod[0]support[0]addr[00:00:00:00:00:00]linkkey[00:00:00:00:00:00:00:00:00:00:00:00:00:00:00:00]
05-27 18:08:11.171 20124 20164 D ANWAPI_SECOND: (20124|0x2960ECB0)[BTAPI] A:Readpaired_storage[7]name[]cod[0]support[0]addr[00:00:00:00:00:00]linkkey[00:00:00:00:00:00:00:00:00:00:00:00:00:00:00:00]
05-27 18:08:11.171 20124 20164 D ANWAPI_SECOND: (20124|0x2960ECB0)[BTAPI] A:Readpaired_storage[8]name[]cod[0]support[0]addr[00:00:00:00:00:00]linkkey[00:00:00:00:00:00:00:00:00:00:00:00:00:00:00:00]
05-27 18:08:11.171 20124 20164 D ANWAPI_SECOND: (20124|0x2960ECB0)[BTAPI] A:Readpaired_storage[9]name[]cod[0]support[0]addr[00:00:00:00:00:00]linkkey[00:00:00:00:00:00:00:00:00:00:00:00:00:00:00:00]
05-27 18:08:11.172 20124 20164 D ANWAPI_SECOND: (20124|0x2960ECB0)[BTAPI] A:Readpaired_storage[10]name[]cod[0]support[0]addr[00:00:00:00:00:00]linkkey[00:00:00:00:00:00:00:00:00:00:00:00:00:00:00:00]
05-27 18:08:11.172 20124 20164 D ANWAPI_SECOND: (20124|0x2960ECB0)[BTAPI] <<<<AnWBT_EEPROM_Read ret = 0
05-27 18:08:11.172 20124 20164 D ANWAPI_SECOND: (20124|0x2960ECB0)[BTAPI] local_name_set=0
05-27 18:08:11.172 20124 20164 D ANWAPI_SECOND: (20124|0x2960ECB0)[BTAPI] [Paired DevInf] Storage Write
05-27 18:08:11.172 20124 20164 D ANW_AVRCP_SECOND: AnWBT_WriteStorage =/data/misc/anw//anwbt_storage.bin
05-27 18:08:11.172 20124 20164 D ANW_AVRCP_SECOND: AnWBT_WriteStorage open anwbt_bt_storage success
05-27 18:08:11.172 20124 20164 D ANW_AVRCP_SECOND: 
05-27 18:08:11.173   581   581 I SpiService: fgesysctrl_getGPIO_status success val=1
05-27 18:08:11.173 13911 14183 I SentryImuMcuAngleSender: 179.94748rollDeg
05-27 18:08:11.174 13911 14183 I SentryImuMcuAngleSender: 1,0,0
05-27 18:08:11.174  1008 30856 D [OMXB]  : usingANWBuffer: handle:0xee741b90, format:1, w:1920, h:1080
05-27 18:08:11.175   536   536 D commservice260303: msg.id = 1028,1
05-27 18:08:11.175   536   536 D commservice260303: i = 170, msgid = 8A000404
05-27 18:08:11.175   536   536 D commservice260303: msgid = -1979710460,did=138
05-27 18:08:11.175   536   536 D commservice260303: CommProtocolLibCmdBaseI2C::dataproc {"command":{"id":"imu_status","sub":""},"content":{"TimeStamp":8,"FrameCounter":192587,"GD_X":-0.01160607673227787,"GD_Y":0.005420989356935024,"GD_Z":0.0023671966046094894,"AD_X":0.001985713839530945,"AD_Y":0.0058346278965473175,"AD_Z":-0.17678451538085938,"TempDsp":0,"Status":0,"CalibState":1,"SigAmpInvalid":0}},-1979710460
05-27 18:08:11.175   536   536 D commservice260303: send2Cluster len:314, 7B22636F6D6D616E64223A7B226964223A22696D755F737461747573222C22737562223A22227D2C22636F6E74656E74223A7B2254696D655374616D70223A382C224672616D65436F756E746572223A3139323538372C2247445F58223A2D302E30313136303630373637333232373738372C2247445F59223A302E3030353432303938393335363933353032342C2247445F5A223A302E303032333637313936363034363039343839342C2241445F58223A302E3030313938353731333833393533303934352C2241445F59223A302E303035383334363237383936353437333137352C2241445F5A223A2D302E31373637383435313533383038353933382C2254656D70447370223A302C22537461747573223A302C2243616C69625374617465223A312C22536967416D70496E76616C6964223A307D7D, 138 
05-27 18:08:11.175   536   536 D commservice260303: Push Message into SendPool fn=1378616064
05-27 18:08:11.176   536   536 D commservice260303: ComProtocolLibSend2Cluster::send2ClusterRaw fn=1378616064 , len=330
05-27 18:08:11.176   536   536 D commservice260303: sendCmdToPort :330!!!
05-27 18:08:11.176   536   536 D commservice260303: send Cmd To Port ++++5AA501468A0100032C526A16C28B7B22636F6D6D616E64223A7B226964223A22696D755F737461747573222C22737562223A22227D2C22636F6E74656E74223A7B2254696D655374616D70223A382C224672616D65436F756E746572223A3139323538372C2247445F58223A2D302E30313136303630373637333232373738372C2247445F59223A302E3030353432303938393335363933353032342C2247445F5A223A302E303032333637313936363034363039343839342C2241445F58223A302E3030313938353731333833393533303934352C2241445F59223A302E303035383334363237383936353437333137352C2241445F5A223A2D302E31373637383435313533383038353933382C2254656D70447370223A302C22537461747573223A302C2243616C69625374617465223A312C22536967416D70496E76616C6964223A307D7D00E3
05-27 18:08:11.176   536   536 D commservice260303: bufferevent_write retrun value = 0
05-27 18:08:11.176   536   560 D commservice260303: client datas send succeed,send finish
05-27 18:08:11.176 13911 14192 D Sentinelmode_1.2.5.17_sentry: <SentryImuClusterFgeSender>imu_status sent to Linux, frame=192587, tsNs=8358419, tsMs=8, intervalMs=39, ad=(0.0019857138,0.005834628,-0.17678452), gd=(-0.011606077,0.0054209894,0.0023671966)
05-27 18:08:11.177 15863 16069 D AIN-HttpHealthPolicy: call() called start, host=www.feishu.cn
05-27 18:08:11.178   581   581 I SpiService: fgesysctrl_getGPIO_status success val=1
05-27 18:08:11.178 10046 20167 D resolv  : GetAddrInfoHandler::run: {103 786535 103 983143 1000 0}
05-27 18:08:11.179 10046 20167 D resolv  : resolv_getaddrinfo: explore_fqdn(): ai_family=0 ai_socktype=1 ai_protocol=6
05-27 18:08:11.179   283   307 I rvcservice: t.code = 3, t.value = 0
05-27 07:59:20.138   581   581 D spi_rst_gpio_get_output: GPIO 145 value: 1
05-27 07:59:20.138   581   581 D spidev_ioctl: gpio status=1)
05-27 07:59:20.143   581   581 D spi_rst_gpio_get_output: GPIO 145 value: 1
05-27 18:08:11.179 10046 20168 D resolv  : doQuery: (1, 1)
05-27 18:08:11.179 10046 20168 D resolv  : res_nmkquery: (QUERY, IN, A)
05-27 18:08:11.180 10046 20168 D resolv  : res_nsend
05-27 18:08:11.180   572   622 I Sensors : 230 AccelSensor: x:-0.171410,y:0.009760,z:-9.974720
05-27 18:08:11.180 10046 20168 I resolv  : resolv_cache_lookup: lookup
05-27 18:08:11.180 20124 20164 D ANW_AVRCP_SECOND: write storage size=6600
05-27 18:08:11.180 20124 20164 D ANW_AVRCP_SECOND: 
05-27 18:08:11.180 10046 20168 I resolv  : resolv_cache_lookup: NOT IN CACHE (STALE ENTRY 0xb4000072a546a150DISCARDED)
05-27 18:08:11.180 10046 20168 I resolv  : _cache_remove_p: entry 535 removed (count=33)
05-27 18:08:11.180 10046 20168 I resolv  : resolv_populate_res_for_net: netid=103
05-27 07:59:20.143   581   581 D spidev_ioctl: gpio status=1)
05-27 18:08:11.180 10046 20168 I resolv  : res_stats_usable_server: NS stats: S 63 + E 0 + T 0 + I 1 = 64, rtt = 28, min_samples = 8
05-27 18:08:11.180 10046 20168 I resolv  : res_stats_usable_server: success rate 98
05-27 18:08:11.180 10046 20168 D resolv  : res_nsend: Querying server (# 1) address = 10.254.254.254:53
05-27 18:08:11.181 10046 20168 D resolv  : send_dg: new DG socket
05-27 18:08:11.181 20124 20164 D ANWAPI_SECOND: (20124|0x2960ECB0)[BTAPI] >>>>AnWBT_EEPROM_Read 
05-27 18:08:11.181 20124 20164 D ANWAPI_SECOND: (20124|0x2960ECB0)[BTAPI] B:Rpaired_storage[0]name[]addr[00:00:00:00:00:00]linkkey[00:00:00:00:00:00:00:00:00:00:00:00:00:00:00:00]
05-27 18:08:11.181 20124 20164 D ANWAPI_SECOND: (20124|0x2960ECB0)[BTAPI] B:Rpaired_storage[1]name[]addr[00:00:00:00:00:00]linkkey[00:00:00:00:00:00:00:00:00:00:00:00:00:00:00:00]
05-27 18:08:11.181 20124 20164 D ANWAPI_SECOND: (20124|0x2960ECB0)[BTAPI] B:Rpaired_storage[2]name[]addr[00:00:00:00:00:00]linkkey[00:00:00:00:00:00:00:00:00:00:00:00:00:00:00:00]
05-27 18:08:11.181 20124 20164 D ANWAPI_SECOND: (20124|0x2960ECB0)[BTAPI] B:Rpaired_storage[3]name[]addr[00:00:00:00:00:00]linkkey[00:00:00:00:00:00:00:00:00:00:00:00:00:00:00:00]
05-27 18:08:11.181 20124 20164 D ANWAPI_SECOND: (20124|0x2960ECB0)[BTAPI] B:Rpaired_storage[4]name[]addr[00:00:00:00:00:00]linkkey[00:00:00:00:00:00:00:00:00:00:00:00:00:00:00:00]
05-27 18:08:11.181 20124 20164 D ANWAPI_SECOND: (20124|0x2960ECB0)[BTAPI] B:Rpaired_storage[5]name[]addr[00:00:00:00:00:00]linkkey[00:00:00:00:00:00:00:00:00:00:00:00:00:00:00:00]
05-27 18:08:11.181 20124 20164 D ANWAPI_SECOND: (20124|0x2960ECB0)[BTAPI] B:Rpaired_storage[6]name[]addr[00:00:00:00:00:00]linkkey[00:00:00:00:00:00:00:00:00:00:00:00:00:00:00:00]
05-27 18:08:11.181 20124 20164 D ANWAPI_SECOND: (20124|0x2960ECB0)[BTAPI] B:Rpaired_storage[7]name[]addr[00:00:00:00:00:00]linkkey[00:00:00:00:00:00:00:00:00:00:00:00:00:00:00:00]
05-27 18:08:11.181 20124 20164 D ANWAPI_SECOND: (20124|0x2960ECB0)[BTAPI] B:Rpaired_storage[8]name[]addr[00:00:00:00:00:00]linkkey[00:00:00:00:00:00:00:00:00:00:00:00:00:00:00:00]
05-27 18:08:11.181 20124 20164 D ANWAPI_SECOND: (20124|0x2960ECB0)[BTAPI] B:Rpaired_storage[9]name[]addr[00:00:00:00:00:00]linkkey[00:00:00:00:00:00:00:00:00:00:00:00:00:00:00:00]
05-27 18:08:11.181 20124 20164 D ANWAPI_SECOND: (20124|0x2960ECB0)[BTAPI] B:Rpaired_storage[10]name[]addr[00:00:00:00:00:00]linkkey[00:00:00:00:00:00:00:00:00:00:00:00:00:00:00:00]
05-27 18:08:11.181 10046 20168 I resolv  : get_timeout: using timeout of 5000 msec
05-27 18:08:11.181 20124 20164 D ANW_AVRCP_SECOND: AnWBT_ReadStorage =/data/misc/anw//anwbt_storage.bin
05-27 18:08:11.181 10046 20168 I resolv  : retrying_poll: 48 retrying_poll
05-27 18:08:11.181 20124 20164 D ANW_AVRCP_SECOND: AnWBT_ReadStorage open anwbt_bt_storage success
05-27 18:08:11.181 20124 20164 D ANW_AVRCP_SECOND: 
05-27 18:08:11.182 20124 20164 D ANW_AVRCP_SECOND: read storage size=6600
05-27 18:08:11.182 20124 20164 D ANW_AVRCP_SECOND: 
05-27 18:08:11.182 20124 20164 D ANWAPI_SECOND: (20124|0x2960ECB0)[BTAPI] A:Readpaired_storage[0]name[]cod[0]support[0]addr[00:00:00:00:00:00]linkkey[00:00:00:00:00:00:00:00:00:00:00:00:00:00:00:00]
05-27 18:08:11.182 20124 20164 D ANWAPI_SECOND: (20124|0x2960ECB0)[BTAPI] A:Readpaired_storage[1]name[]cod[0]support[0]addr[00:00:00:00:00:00]linkkey[00:00:00:00:00:00:00:00:00:00:00:00:00:00:00:00]
05-27 18:08:11.182 20124 20164 D ANWAPI_SECOND: (20124|0x2960ECB0)[BTAPI] A:Readpaired_storage[2]name[]cod[0]support[0]addr[00:00:00:00:00:00]linkkey[00:00:00:00:00:00:00:00:00:00:00:00:00:00:00:00]
05-27 18:08:11.182 20124 20164 D ANWAPI_SECOND: (20124|0x2960ECB0)[BTAPI] A:Readpaired_storage[3]name[]cod[0]support[0]addr[00:00:00:00:00:00]linkkey[00:00:00:00:00:00:00:00:00:00:00:00:00:00:00:00]
05-27 18:08:11.182 20124 20164 D ANWAPI_SECOND: (20124|0x2960ECB0)[BTAPI] A:Readpaired_storage[4]name[]cod[0]support[0]addr[00:00:00:00:00:00]linkkey[00:00:00:00:00:00:00:00:00:00:00:00:00:00:00:00]
05-27 18:08:11.182 20124 20164 D ANWAPI_SECOND: (20124|0x2960ECB0)[BTAPI] A:Readpaired_storage[5]name[]cod[0]support[0]addr[00:00:00:00:00:00]linkkey[00:00:00:00:00:00:00:00:00:00:00:00:00:00:00:00]
05-27 18:08:11.182 20124 20164 D ANWAPI_SECOND: (20124|0x2960ECB0)[BTAPI] A:Readpaired_storage[6]name[]cod[0]support[0]addr[00:00:00:00:00:00]linkkey[00:00:00:00:00:00:00:00:00:00:00:00:00:00:00:00]
05-27 18:08:11.182 20124 20164 D ANWAPI_SECOND: (20124|0x2960ECB0)[BTAPI] A:Readpaired_storage[7]name[]cod[0]support[0]addr[00:00:00:00:00:00]linkkey[00:00:00:00:00:00:00:00:00:00:00:00:00:00:00:00]
05-27 18:08:11.182 20124 20164 D ANWAPI_SECOND: (20124|0x2960ECB0)[BTAPI] A:Readpaired_storage[8]name[]cod[0]support[0]addr[00:00:00:00:00:00]linkkey[00:00:00:00:00:00:00:00:00:00:00:00:00:00:00:00]
05-27 18:08:11.182 20124 20164 D ANWAPI_SECOND: (20124|0x2960ECB0)[BTAPI] A:Readpaired_storage[9]name[]cod[0]support[0]addr[00:00:00:00:00:00]linkkey[00:00:00:00:00:00:00:00:00:00:00:00:00:00:00:00]
05-27 18:08:11.182 20124 20164 D ANWAPI_SECOND: (20124|0x2960ECB0)[BTAPI] A:Readpaired_storage[10]name[]cod[0]support[0]addr[00:00:00:00:00:00]linkkey[00:00:00:00:00:00:00:00:00:00:00:00:00:00:00:00]
05-27 18:08:11.182 20124 20164 D ANWAPI_SECOND: (20124|0x2960ECB0)[BTAPI] <<<<AnWBT_EEPROM_Read ret = 0
05-27 18:08:11.182 30773 30786 I dvr_service_: CameraX 0  audioOK: 62494637,audios:930
05-27 18:08:11.182 20124 20164 D ANWAPI_SECOND: (20124|0x2960ECB0)[BTAPI] >>>>AnWBT_EEPROM_Read 
05-27 18:08:11.182 20124 20164 D ANWAPI_SECOND: (20124|0x2960ECB0)[BTAPI] B:Rle_paired_storage[0]addr[00:00:00:00:00:00]linkkey[00:00:00:00:00:00:00:00:00:00:00:00:00:00:00:00]
05-27 18:08:11.182 20124 20164 D ANWAPI_SECOND: (20124|0x2960ECB0)[BTAPI] B:Rle_paired_storage[1]addr[00:00:00:00:00:00]linkkey[00:00:00:00:00:00:00:00:00:00:00:00:00:00:00:00]
05-27 18:08:11.182 30773 30786 I dvr_service_: CameraX 1  audioOK: 62494637,audios:930
05-27 18:08:11.182 20124 20164 D ANWAPI_SECOND: (20124|0x2960ECB0)[BTAPI] B:Rle_paired_storage[2]addr[00:00:00:00:00:00]linkkey[00:00:00:00:00:00:00:00:00:00:00:00:00:00:00:00]
05-27 18:08:11.182 20124 20164 D ANWAPI_SECOND: (20124|0x2960ECB0)[BTAPI] B:Rle_paired_storage[3]addr[00:00:00:00:00:00]linkkey[00:00:00:00:00:00:00:00:00:00:00:00:00:00:00:00]
05-27 18:08:11.182 20124 20164 D ANWAPI_SECOND: (20124|0x2960ECB0)[BTAPI] B:Rle_paired_storage[4]addr[00:00:00:00:00:00]linkkey[00:00:00:00:00:00:00:00:00:00:00:00:00:00:00:00]
05-27 18:08:11.183 20124 20164 D ANWAPI_SECOND: (20124|0x2960ECB0)[BTAPI] B:Rle_paired_storage[5]addr[00:00:00:00:00:00]linkkey[00:00:00:00:00:00:00:00:00:00:00:00:00:00:00:00]
05-27 18:08:11.183 20124 20164 D ANWAPI_SECOND: (20124|0x2960ECB0)[BTAPI] B:Rle_paired_storage[6]addr[00:00:00:00:00:00]linkkey[00:00:00:00:00:00:00:00:00:00:00:00:00:00:00:00]
05-27 18:08:11.183 20124 20164 D ANW_AVRCP_SECOND: AnWBT_ReadStorage =/data/misc/anw//anwble_storage.bin
05-27 18:08:11.183 20124 20164 D ANW_AVRCP_SECOND: AnWBT_ReadStorage open anwbt_bt_storage success
05-27 18:08:11.183 20124 20164 D ANW_AVRCP_SECOND: 
05-27 18:08:11.183   299 30844 D EvsDriver: forwardFrame
05-27 18:08:11.183 20124 20164 D ANW_AVRCP_SECOND: read storage size=1336
05-27 18:08:11.183 20124 20164 D ANW_AVRCP_SECOND: 
05-27 18:08:11.183 20124 20164 D ANWAPI_SECOND: (20124|0x2960ECB0)[BTAPI] A:Rle_paired_storage[0]addr[00:00:00:00:00:00]linkkey[00:00:00:00:00:00:00:00:00:00:00:00:00:00:00:00]
05-27 18:08:11.184 20124 20164 D ANWAPI_SECOND: (20124|0x2960ECB0)[BTAPI] A:Rle_paired_storage[1]addr[00:00:00:00:00:00]linkkey[00:00:00:00:00:00:00:00:00:00:00:00:00:00:00:00]
05-27 18:08:11.184 20124 20164 D ANWAPI_SECOND: (20124|0x2960ECB0)[BTAPI] A:Rle_paired_storage[2]addr[00:00:00:00:00:00]linkkey[00:00:00:00:00:00:00:00:00:00:00:00:00:00:00:00]
05-27 18:08:11.184 20124 20164 D ANWAPI_SECOND: (20124|0x2960ECB0)[BTAPI] A:Rle_paired_storage[3]addr[00:00:00:00:00:00]linkkey[00:00:00:00:00:00:00:00:00:00:00:00:00:00:00:00]
05-27 18:08:11.184   581   581 I SpiService: fgesysctrl_getGPIO_status success val=1
05-27 18:08:11.184 20124 20164 D ANWAPI_SECOND: (20124|0x2960ECB0)[BTAPI] A:Rle_paired_storage[4]addr[00:00:00:00:00:00]linkkey[00:00:00:00:00:00:00:00:00:00:00:00:00:00:00:00]
05-27 18:08:11.184 20124 20164 D ANWAPI_SECOND: (20124|0x2960ECB0)[BTAPI] A:Rle_paired_storage[5]addr[00:00:00:00:00:00]linkkey[00:00:00:00:00:00:00:00:00:00:00:00:00:00:00:00]
05-27 18:08:11.184 20124 20164 D ANWAPI_SECOND: (20124|0x2960ECB0)[BTAPI] A:Rle_paired_storage[6]addr[00:00:00:00:00:00]linkkey[00:00:00:00:00:00:00:00:00:00:00:00:00:00:00:00]
05-27 18:08:11.184 20124 20164 D ANWAPI_SECOND: (20124|0x2960ECB0)[BTAPI] <<<<AnWBT_EEPROM_Read ret = 0
05-27 18:08:11.184 20124 20164 D ANWAPI_SECOND: (20124|0x2960ECB0)[BTAPI] btsdk_initial_param.flag=0x4000
05-27 18:08:11.184 20124 20164 D ANWAPI_SECOND: (20124|0x2960ECB0)[BTAPI] [Paired DevInf] Storage Write
05-27 18:08:11.185 20124 20164 D ANW_AVRCP_SECOND: AnWBT_WriteStorage =/data/misc/anw//anwbt_storage.bin
05-27 07:59:20.149   581   581 D spi_rst_gpio_get_output: GPIO 145 value: 1
05-27 07:59:20.149   581   581 D spidev_ioctl: gpio status=1)
05-27 18:08:11.185 20124 20164 D ANW_AVRCP_SECOND: AnWBT_WriteStorage open anwbt_bt_storage success
05-27 18:08:11.185 20124 20164 D ANW_AVRCP_SECOND: 
05-27 18:08:11.186   299 30844 D EvsDriver: Delivered 0xb400007b7ca56900 as id 0
05-27 18:08:11.186  1167  1479 D evsmanagerd: /dev/video6 forwarded the buffer #0 to 0xb4000074bf5f5510 from 0xb4000074bf5f6d90
05-27 18:08:11.186   299 30841 D EvsDriver: forwardFrame
05-27 18:08:11.188   299 30841 D EvsDriver: Delivered 0xb400007b7ca56a60 as id 0
05-27 18:08:11.188  1167  1479 D evsmanagerd: /dev/video4 forwarded the buffer #0 to 0xb4000074bf5f6850 from 0xb4000074bf5f41d0
05-27 18:08:11.190   581   581 I SpiService: fgesysctrl_getGPIO_status success val=1
05-27 18:08:11.190   299  1153 D EvsDriver: doneWithFrame
05-27 07:59:20.154   581   581 D spi_rst_gpio_get_output: GPIO 145 value: 1
05-27 07:59:20.154   581   581 D spidev_ioctl: gpio status=1)
05-27 18:08:11.196   581   581 I SpiService: fgesysctrl_getGPIO_status success val=1
05-27 18:08:11.196 13911 14183 I SentryImuMcuAngleSender: 179.94394rollDeg
05-27 18:08:11.196 13911 14183 I SentryImuMcuAngleSender: 1,0,0
05-27 07:59:20.160   581   581 D spi_rst_gpio_get_output: GPIO 145 value: 1
05-27 07:59:20.160   581   581 D spidev_ioctl: gpio status=1)
05-27 18:08:11.197 20124 20164 D ANW_AVRCP_SECOND: write storage size=6600
05-27 18:08:11.197 20124 20164 D ANW_AVRCP_SECOND: 
05-27 18:08:11.197 20124 20164 D ANWAPI_SECOND: (20124|0x2960ECB0)[BTAPI] >>>>AnWBT_EEPROM_Read 
05-27 18:08:11.197 20124 20164 D ANWAPI_SECOND: (20124|0x2960ECB0)[BTAPI] B:Rpaired_storage[0]name[]addr[00:00:00:00:00:00]linkkey[00:00:00:00:00:00:00:00:00:00:00:00:00:00:00:00]
05-27 18:08:11.197 20124 20164 D ANWAPI_SECOND: (20124|0x2960ECB0)[BTAPI] B:Rpaired_storage[1]name[]addr[00:00:00:00:00:00]linkkey[00:00:00:00:00:00:00:00:00:00:00:00:00:00:00:00]
05-27 18:08:11.197 20124 20164 D ANWAPI_SECOND: (20124|0x2960ECB0)[BTAPI] B:Rpaired_storage[2]name[]addr[00:00:00:00:00:00]linkkey[00:00:00:00:00:00:00:00:00:00:00:00:00:00:00:00]
05-27 18:08:11.197 20124 20164 D ANWAPI_SECOND: (20124|0x2960ECB0)[BTAPI] B:Rpaired_storage[3]name[]addr[00:00:00:00:00:00]linkkey[00:00:00:00:00:00:00:00:00:00:00:00:00:00:00:00]
05-27 18:08:11.198 20124 20164 D ANWAPI_SECOND: (20124|0x2960ECB0)[BTAPI] B:Rpaired_storage[4]name[]addr[00:00:00:00:00:00]linkkey[00:00:00:00:00:00:00:00:00:00:00:00:00:00:00:00]
05-27 18:08:11.198 20124 20164 D ANWAPI_SECOND: (20124|0x2960ECB0)[BTAPI] B:Rpaired_storage[5]name[]addr[00:00:00:00:00:00]linkkey[00:00:00:00:00:00:00:00:00:00:00:00:00:00:00:00]
05-27 18:08:11.198 20124 20164 D ANWAPI_SECOND: (20124|0x2960ECB0)[BTAPI] B:Rpaired_storage[6]name[]addr[00:00:00:00:00:00]linkkey[00:00:00:00:00:00:00:00:00:00:00:00:00:00:00:00]
05-27 18:08:11.198 20124 20164 D ANWAPI_SECOND: (20124|0x2960ECB0)[BTAPI] B:Rpaired_storage[7]name[]addr[00:00:00:00:00:00]linkkey[00:00:00:00:00:00:00:00:00:00:00:00:00:00:00:00]
05-27 18:08:11.198 20124 20164 D ANWAPI_SECOND: (20124|0x2960ECB0)[BTAPI] B:Rpaired_storage[8]name[]addr[00:00:00:00:00:00]linkkey[00:00:00:00:00:00:00:00:00:00:00:00:00:00:00:00]
05-27 18:08:11.198 20124 20164 D ANWAPI_SECOND: (20124|0x2960ECB0)[BTAPI] B:Rpaired_storage[9]name[]addr[00:00:00:00:00:00]linkkey[00:00:00:00:00:00:00:00:00:00:00:00:00:00:00:00]
05-27 18:08:11.198 20124 20164 D ANWAPI_SECOND: (20124|0x2960ECB0)[BTAPI] B:Rpaired_storage[10]name[]addr[00:00:00:00:00:00]linkkey[00:00:00:00:00:00:00:00:00:00:00:00:00:00:00:00]
05-27 18:08:11.199 20124 20164 D ANW_AVRCP_SECOND: AnWBT_ReadStorage =/data/misc/anw//anwbt_storage.bin
05-27 18:08:11.199 20124 20164 D ANW_AVRCP_SECOND: AnWBT_ReadStorage open anwbt_bt_storage success
05-27 18:08:11.199 20124 20164 D ANW_AVRCP_SECOND: 
05-27 18:08:11.199 20124 20164 D ANW_AVRCP_SECOND: read storage size=6600
05-27 18:08:11.199 20124 20164 D ANW_AVRCP_SECOND: 
05-27 18:08:11.199 20124 20164 D ANWAPI_SECOND: (20124|0x2960ECB0)[BTAPI] A:Readpaired_storage[0]name[]cod[0]support[0]addr[00:00:00:00:00:00]linkkey[00:00:00:00:00:00:00:00:00:00:00:00:00:00:00:00]
05-27 18:08:11.199 20124 20164 D ANWAPI_SECOND: (20124|0x2960ECB0)[BTAPI] A:Readpaired_storage[1]name[]cod[0]support[0]addr[00:00:00:00:00:00]linkkey[00:00:00:00:00:00:00:00:00:00:00:00:00:00:00:00]
05-27 18:08:11.199   299  1153 D EvsDriver: doneWithFrame
05-27 18:08:11.199 20124 20164 D ANWAPI_SECOND: (20124|0x2960ECB0)[BTAPI] A:Readpaired_storage[2]name[]cod[0]support[0]addr[00:00:00:00:00:00]linkkey[00:00:00:00:00:00:00:00:00:00:00:00:00:00:00:00]
05-27 18:08:11.200 20124 20164 D ANWAPI_SECOND: (20124|0x2960ECB0)[BTAPI] A:Readpaired_storage[3]name[]cod[0]support[0]addr[00:00:00:00:00:00]linkkey[00:00:00:00:00:00:00:00:00:00:00:00:00:00:00:00]
05-27 18:08:11.200 20124 20164 D ANWAPI_SECOND: (20124|0x2960ECB0)[BTAPI] A:Readpaired_storage[4]name[]cod[0]support[0]addr[00:00:00:00:00:00]linkkey[00:00:00:00:00:00:00:00:00:00:00:00:00:00:00:00]
05-27 18:08:11.200 20124 20164 D ANWAPI_SECOND: (20124|0x2960ECB0)[BTAPI] A:Readpaired_storage[5]name[]cod[0]support[0]addr[00:00:00:00:00:00]linkkey[00:00:00:00:00:00:00:00:00:00:00:00:00:00:00:00]
05-27 18:08:11.200 20124 20164 D ANWAPI_SECOND: (20124|0x2960ECB0)[BTAPI] A:Readpaired_storage[6]name[]cod[0]support[0]addr[00:00:00:00:00:00]linkkey[00:00:00:00:00:00:00:00:00:00:00:00:00:00:00:00]
05-27 18:08:11.200 20124 20164 D ANWAPI_SECOND: (20124|0x2960ECB0)[BTAPI] A:Readpaired_storage[7]name[]cod[0]support[0]addr[00:00:00:00:00:00]linkkey[00:00:00:00:00:00:00:00:00:00:00:00:00:00:00:00]
05-27 18:08:11.200 20124 20164 D ANWAPI_SECOND: (20124|0x2960ECB0)[BTAPI] A:Readpaired_storage[8]name[]cod[0]support[0]addr[00:00:00:00:00:00]linkkey[00:00:00:00:00:00:00:00:00:00:00:00:00:00:00:00]
05-27 18:08:11.200 20124 20164 D ANWAPI_SECOND: (20124|0x2960ECB0)[BTAPI] A:Readpaired_storage[9]name[]cod[0]support[0]addr[00:00:00:00:00:00]linkkey[00:00:00:00:00:00:00:00:00:00:00:00:00:00:00:00]
05-27 18:08:11.200 20124 20164 D ANWAPI_SECOND: (20124|0x2960ECB0)[BTAPI] A:Readpaired_storage[10]name[]cod[0]support[0]addr[00:00:00:00:00:00]linkkey[00:00:00:00:00:00:00:00:00:00:00:00:00:00:00:00]
05-27 18:08:11.200 20124 20164 D ANWAPI_SECOND: (20124|0x2960ECB0)[BTAPI] <<<<AnWBT_EEPROM_Read ret = 0
05-27 18:08:11.200 20124 20164 D ANWAPI_SECOND: (20124|0x2960ECB0)[BTAPI] build time = 11:28:38 sdk ver=0x 300002A
05-27 18:08:11.200 20124 20164 D ANWAPI_SECOND: (20124|0x2960ECB0)[BTAPI] creating init task
05-27 18:08:11.201 20124 20170 D ANWAPI_SECOND: (20124|0x29412CB0)[BTAPI] Enter BTInit_Task stacd=1,692137136
05-27 18:08:11.201   581   581 I SpiService: fgesysctrl_getGPIO_status success val=0
05-27 18:08:11.202 20124 20170 D ANWAPI_SECOND: (20124|0x29412CB0)[BTAPI] pthread_attr_init
05-27 18:08:11.202 20124 20170 D ANWAPI_SECOND: (20124|0x29412CB0)[BTAPI] BTHost_Init: min priority 1, max priority 99
05-27 18:08:11.202 20124 20170 D ANWAPI_SECOND: (20124|0x29412CB0)[BTAPI] Enter BTHost_Init
05-27 18:08:11.202 20124 20170 D ANWAPI_SECOND: (20124|0x29412CB0)[BTAPI] BTHost_InitMessage
05-27 18:08:11.202 20124 20170 D ANWAPI_SECOND: (20124|0x29412CB0)[BTAPI] btosal_msg_ff_initial
05-27 18:08:11.202 20124 20170 D ANW_WAVEOUT_SECOND: (20124|0x29412CB0)[WAVEOUT] [AnWBT WAVE] A2dp_WaveOut_Init
05-27 18:08:11.202 20124 20170 D ANW_WAVEOUT_SECOND: 
05-27 18:08:11.203 20124 20170 D ANWAPI_SECOND: (20124|0x29412CB0)[BTAPI] Check BTHost_Task status
05-27 18:08:11.203 20124 20172 D ANWAPI_SECOND: (20124|0x29216CB0)[BTAPI] Enter BTHost_Task
05-27 18:08:11.203 20124 20172 D ANWAPI_SECOND: (20124|0x29216CB0)[BTAPI] BTHost_Task setpriority(0)(-15)
05-27 07:59:20.166   581   581 D spi_rst_gpio_get_output: GPIO 145 value: 0
05-27 07:59:20.166   581   581 D spidev_ioctl: gpio status=0)
05-27 18:08:11.206 10046 20168 I resolv  : retrying_poll: 48 retrying_poll returning 1
05-27 18:08:11.206  1008 30857 D [OMXB]  : usingANWBuffer: handle:0xee746ec0, format:1, w:1920, h:1080
05-27 18:08:11.206 10046 20168 I resolv  : res_nsend: used send_dg 498 terrno: 0
05-27 18:08:11.206 10046 20168 I resolv  : res_stats_set_sample: rcode = 0, sec = 25
05-27 18:08:11.207 10046 20168 I resolv  : res_cache_add_stats_sample_locked: adding sample to stats, next = 49, count = 64
05-27 18:08:11.207 10046 20168 D resolv  : res_nsend: got answer:
05-27 18:08:11.207 10046 20168 I resolv  : answer_getTTL: TTL = 39
05-27 18:08:11.207 10046 20168 I resolv  : _cache_add_p: entry 546 added (count=34)
05-27 18:08:11.207 10046 20168 I resolv  : cache_dump_mru_locked: MRU LIST (34):  546 545 544 543 503 527 542 541 502 540 533 524 539 516 469 538 493 537 536 529 513 471 512 511 509 504 510 508 507 372 71 3 2 1
05-27 18:08:11.207 10046 20168 D resolv  : doQuery: rcode=0, ancount=6
05-27 07:59:20.172     1     1 I init    : starting service 'trace_kernel'...
05-27 18:08:11.213   299 30841 D EvsDriver: forwardFrame
05-27 18:08:11.213   299 30844 D EvsDriver: forwardFrame
05-27 18:08:11.213 15863 16069 D TrafficStats: tagSocket(244) with statsTag=0xffffffff, statsUid=-1
05-27 07:59:20.181   581   581 D spi_rst_gpio_get_output: GPIO 145 value: 1
05-27 07:59:20.181   581   581 D spidev_ioctl: gpio status=1)
05-27 07:59:20.186   581   581 D spi_rst_gpio_get_output: GPIO 145 value: 1
05-27 07:59:20.186   581   581 D spidev_ioctl: gpio status=1)
05-27 18:08:11.215 11472 26284 D NetworkMonitor/103: isDataStall: result=-1, tcp packets received=71, latest tcp fail rate=-1
05-27 18:08:11.216   581   581 I SpiService: fgesysctrl_getGPIO_status success val=1
05-27 18:08:11.217   481   598 I mcuc    : rev,n=1,6AA681A861006B8900D10600030A4000003419400000000040000005354000000000400059231C400000400000000000000000000000000000000000010000000000000000000000000000000000000000000000000000000000000000000000000000000000000000000000000000000000BE
05-27 18:08:11.217   351   373 D automotive.vehicle@2.0-adayo-datacomm-mcu: MCUDatacomm sendMessageFromVehicle prop: 0x89, areaId: 0x0, status: 0xd1, timestamp: 0x6
05-27 18:08:11.218   351   373 D automotive.vehicle@2.0-adayo-datacomm-mcu: MCUDatacomm 1sendMessageFromVehicle ---> type = 3 
05-27 18:08:11.218   351   373 D automotive.vehicle@2.0-adayo-func-bcm: sendMessageFromVehicle sendMessageFromVehicle
05-27 18:08:11.218   351   516 D automotive.vehicle@2.0-adayo-func-bcm: jjfan1 ______procotolSize :38
05-27 18:08:11.218   351   516 D automotive.vehicle@2.0-adayo-func-bcm: BCMFunc sendMessageFromVehicle_l dataType: 12,mByte=7,propid=0x2140006b
05-27 18:08:11.218   351   516 D automotive.vehicle@2.0-adayo-func-bcm: BCMFunc sendMessageFromVehicle_l msgBuff[7]=0x40,start:0,len:6,temp:6,
05-27 18:08:11.218   351   516 D automotive.vehicle@2.0-adayo-func-bcm: BCMFunc sendMessageFromVehicle_l prop: 0x2140006b ,areaId: 0x0  SPLITE_BIT_DATA_INTEGER : 0
05-27 18:08:11.218   351   516 D automotive.vehicle@2.0-adayo-func-bcm: BCMFunc sendMessageFromVehicle_l id:557842539, area:0 not report! 
05-27 18:08:11.218   351   516 D automotive.vehicle@2.0-adayo-func-bcm: BCMFunc sendMessageFromVehicle_l dataType: 12,mByte=7,propid=0x2140006c
05-27 18:08:11.218   351   516 D automotive.vehicle@2.0-adayo-func-bcm: BCMFunc sendMessageFromVehicle_l msgBuff[7]=0x40,start:6,len:2,temp:2,
05-27 18:08:11.218   351   516 D automotive.vehicle@2.0-adayo-func-bcm: BCMFunc sendMessageFromVehicle_l prop: 0x2140006c ,areaId: 0x0  SPLITE_BIT_DATA_INTEGER : 1
