05-27 18:08:19.888   536   536 D commservice260303: send Cmd To Port ++++5AA501478A0100032D2D6A16C2937B22636F6D6D616E64223A7B226964223A22696D755F737461747573222C22737562223A22227D2C22636F6E74656E74223A7B2254696D655374616D70223A382C224672616D65436F756E746572223A3139323830312C2247445F58223A2D302E3031313435333135333536353532363030392C2247445F59223A302E303035313135313432303932313038373236352C2247445F5A223A302E303031393834383837323930373435393733362C2241445F58223A352E353532333231363732343339353735452D342C2241445F59223A2D302E3030343731363631343236313236393536392C2241445F5A223A2D302E313633333733393437313433353534372C2254656D70447370223A302C22537461747573223A302C2243616C69625374617465223A312C22536967416D70496E76616C6964223A307D7DCFFD
05-27 18:08:19.889   536   536 D commservice260303: bufferevent_write retrun value = 0
05-27 18:08:19.889   536   560 D commservice260303: client datas send succeed,send finish
05-27 18:08:19.889 13911 14192 D Sentinelmode_1.2.5.17_sentry: <SentryImuClusterFgeSender>imu_status sent to Linux, frame=192801, tsNs=8367131, tsMs=8, intervalMs=41, ad=(5.5523217E-4,-0.0047166143,-0.16337395), gd=(-0.011453154,0.005115142,0.0019848873)
05-27 18:08:19.891   581   581 I SpiService: fgesysctrl_getGPIO_status success val=1
05-27 07:59:28.856   581   581 D spi_rst_gpio_get_output: GPIO 145 value: 1
05-27 07:59:28.856   581   581 D spidev_ioctl: gpio status=1)
05-27 18:08:19.897   581   581 I SpiService: fgesysctrl_getGPIO_status success val=1
05-27 07:59:28.861   581   581 D spi_rst_gpio_get_output: GPIO 145 value: 1
05-27 07:59:28.861   581   581 D spidev_ioctl: gpio status=1)
05-27 18:08:19.897   572   622 I Sensors : 230 GyroSensor: x:-0.010919,y:0.004886,z:0.002367
05-27 18:08:19.900 13911 14183 I SentryImuMcuAngleSender: -179.99649rollDeg
05-27 18:08:19.900 13911 14183 I SentryImuMcuAngleSender: 1,0,0
05-27 18:08:19.902   581   581 I SpiService: fgesysctrl_getGPIO_status success val=0
05-27 07:59:28.867   581   581 D spi_rst_gpio_get_output: GPIO 145 value: 0
05-27 07:59:28.867   581   581 D spidev_ioctl: gpio status=0)
05-27 18:08:19.906   283   307 I rvcservice: t.code = 3, t.value = 0
05-27 18:08:19.907  1008 30856 D [OMXB]  : usingANWBuffer: handle:0xee743be0, format:1, w:1920, h:1080
05-27 18:08:19.908   299 30841 D EvsDriver: forwardFrame
05-27 18:08:19.910   299 30844 D EvsDriver: forwardFrame
05-27 18:08:19.910   299 30841 D EvsDriver: Delivered 0xb400007b7ca56a60 as id 0
05-27 18:08:19.910  1167  1479 D evsmanagerd: /dev/video4 forwarded the buffer #0 to 0xb4000074bf5f6850 from 0xb4000074bf5f41d0
05-27 18:08:19.914  1167  1479 D evsmanagerd: /dev/video6 forwarded the buffer #0 to 0xb4000074bf5f5510 from 0xb4000074bf5f6d90
05-27 18:08:19.914   299 30844 D EvsDriver: Delivered 0xb400007b7ca56900 as id 0
05-27 18:08:19.915   299  1153 D EvsDriver: doneWithFrame
05-27 18:08:19.918   581   581 I SpiService: fgesysctrl_getGPIO_status success val=1
05-27 18:08:19.919   299  1153 D EvsDriver: doneWithFrame
05-27 18:08:19.921 13911 14183 I SentryImuMcuAngleSender: 179.97896rollDeg
05-27 07:59:28.883   581   581 D spi_rst_gpio_get_output: GPIO 145 value: 1
05-27 07:59:28.883   581   581 D spidev_ioctl: gpio status=1)
05-27 18:08:19.921 13911 14183 I SentryImuMcuAngleSender: 1,0,0
05-27 18:08:19.924   581   581 I SpiService: fgesysctrl_getGPIO_status success val=1
05-27 07:59:28.889   581   581 D spi_rst_gpio_get_output: GPIO 145 value: 1
05-27 07:59:28.889   581   581 D spidev_ioctl: gpio status=1)
05-27 18:08:19.928 10188 16726 D NetworkPolicy: Blocked state of 10080: {blocked=NONE,allowed=FOREGROUND|METERED_FOREGROUND,effective=NONE}
05-27 18:08:19.929   536   536 D commservice260303: msg.id = 1028,1
05-27 18:08:19.929   536   536 D commservice260303: i = 170, msgid = 8A000404
05-27 18:08:19.929   536   536 D commservice260303: msgid = -1979710460,did=138
05-27 18:08:19.929   536   536 D commservice260303: CommProtocolLibCmdBaseI2C::dataproc {"command":{"id":"imu_status","sub":""},"content":{"TimeStamp":8,"FrameCounter":192802,"GD_X":-0.010690094903111458,"GD_Y":0.004963258747011423,"GD_Z":0.0021378109231591225,"AD_X":0.00478343665599823,"AD_Y":1.7614662647247314E-4,"AD_Z":-0.16092872619628906,"TempDsp":0,"Status":0,"CalibState":1,"SigAmpInvalid":0}},-1979710460
05-27 18:08:19.929   536   536 D commservice260303: send2Cluster len:314, 7B22636F6D6D616E64223A7B226964223A22696D755F737461747573222C22737562223A22227D2C22636F6E74656E74223A7B2254696D655374616D70223A382C224672616D65436F756E746572223A3139323830322C2247445F58223A2D302E3031303639303039343930333131313435382C2247445F59223A302E3030343936333235383734373031313432332C2247445F5A223A302E303032313337383130393233313539313232352C2241445F58223A302E30303437383334333636353539393832332C2241445F59223A312E37363134363632363437323437333134452D342C2241445F5A223A2D302E31363039323837323631393632383930362C2254656D70447370223A302C22537461747573223A302C2243616C69625374617465223A312C22536967416D70496E76616C6964223A307D7D, 138 
05-27 18:08:19.929   536   536 D commservice260303: Push Message into SendPool fn=774701824
05-27 18:08:19.929   536   536 D commservice260303: ComProtocolLibSend2Cluster::send2ClusterRaw fn=774701824 , len=330
05-27 18:08:19.929   536   536 D commservice260303: sendCmdToPort :330!!!
05-27 18:08:19.929   536   536 D commservice260303: send Cmd To Port ++++5AA501468A0100032D2E6A16C2937B22636F6D6D616E64223A7B226964223A22696D755F737461747573222C22737562223A22227D2C22636F6E74656E74223A7B2254696D655374616D70223A382C224672616D65436F756E746572223A3139323830322C2247445F58223A2D302E3031303639303039343930333131313435382C2247445F59223A302E3030343936333235383734373031313432332C2247445F5A223A302E303032313337383130393233313539313232352C2241445F58223A302E30303437383334333636353539393832332C2241445F59223A312E37363134363632363437323437333134452D342C2241445F5A223A2D302E31363039323837323631393632383930362C2254656D70447370223A302C22537461747573223A302C2243616C69625374617465223A312C22536967416D70496E76616C6964223A307D7D0702
05-27 18:08:19.930   536   536 D commservice260303: bufferevent_write retrun value = 0
05-27 18:08:19.930   536   560 D commservice260303: client datas send succeed,send finish
05-27 18:08:19.930   581   581 I SpiService: fgesysctrl_getGPIO_status success val=1
05-27 18:08:19.930 13911 14192 D Sentinelmode_1.2.5.17_sentry: <SentryImuClusterFgeSender>imu_status sent to Linux, frame=192802, tsNs=8367167, tsMs=8, intervalMs=41, ad=(0.0047834367,1.7614663E-4,-0.16092873), gd=(-0.010690095,0.0049632587,0.002137811)
05-27 18:08:19.930  1008 30857 D [OMXB]  : usingANWBuffer: handle:0xee744b00, format:1, w:1920, h:1080
05-27 07:59:28.894   581   581 D spi_rst_gpio_get_output: GPIO 145 value: 1
05-27 07:59:28.894   581   581 D spidev_ioctl: gpio status=1)
05-27 18:08:19.935   581   581 I SpiService: fgesysctrl_getGPIO_status success val=1
05-27 07:59:28.900   581   581 D spi_rst_gpio_get_output: GPIO 145 value: 1
05-27 07:59:28.900   581   581 D spidev_ioctl: gpio status=1)
05-27 18:08:19.941 13911 14183 I SentryImuMcuAngleSender: 179.95793rollDeg
05-27 18:08:19.941   581   581 I SpiService: fgesysctrl_getGPIO_status success val=0
05-27 18:08:19.941 13911 14183 I SentryImuMcuAngleSender: 1,0,0
05-27 07:59:28.906   581   581 D spi_rst_gpio_get_output: GPIO 145 value: 0
05-27 07:59:28.906   581   581 D spidev_ioctl: gpio status=0)
05-27 18:08:19.946  1008 30856 D [OMXB]  : usingANWBuffer: handle:0xee7427f0, format:1, w:1920, h:1080
05-27 18:08:19.946   299 30844 D EvsDriver: forwardFrame
05-27 18:08:19.948   299 30844 D EvsDriver: Delivered 0xb400007b7ca56900 as id 0
05-27 18:08:19.948  1167  1184 D evsmanagerd: /dev/video6 forwarded the buffer #0 to 0xb4000074bf5f5510 from 0xb4000074bf5f6d90
05-27 18:08:19.952   299  1153 D EvsDriver: doneWithFrame
05-27 18:08:19.956   581   581 I SpiService: fgesysctrl_getGPIO_status success val=1
05-27 07:59:28.920   581   581 D spi_rst_gpio_get_output: GPIO 145 value: 1
05-27 07:59:28.920   581   581 D spidev_ioctl: gpio status=1)
05-27 18:08:19.957   299 30841 D EvsDriver: forwardFrame
05-27 18:08:19.959   299 30841 D EvsDriver: Delivered 0xb400007b7ca56a60 as id 0
05-27 18:08:19.959  1167  1184 D evsmanagerd: /dev/video4 forwarded the buffer #0 to 0xb4000074bf5f6850 from 0xb4000074bf5f41d0
05-27 18:08:19.961   581   581 I SpiService: fgesysctrl_getGPIO_status success val=1
05-27 18:08:19.961 13911 14183 I SentryImuMcuAngleSender: 179.96848rollDeg
05-27 18:08:19.961 13911 14183 I SentryImuMcuAngleSender: 1,0,0
05-27 18:08:19.962   299  1153 D EvsDriver: doneWithFrame
05-27 18:08:19.963  1008 30857 D [OMXB]  : usingANWBuffer: handle:0xee740d20, format:1, w:1920, h:1080
05-27 07:59:28.926   581   581 D spi_rst_gpio_get_output: GPIO 145 value: 1
05-27 07:59:28.926   581   581 D spidev_ioctl: gpio status=1)
05-27 18:08:19.967   581   581 I SpiService: fgesysctrl_getGPIO_status success val=1
05-27 07:59:28.931   581   581 D spi_rst_gpio_get_output: GPIO 145 value: 1
05-27 07:59:28.931   581   581 D spidev_ioctl: gpio status=1)
05-27 18:08:19.969   536   536 W commservice260303: [FgeComService::getAQConnectStatus:378]
05-27 18:08:19.969   536   536 W commservice260303: [mcuCommFunctionTcp::getAQConnectStatus:406] 1
05-27 18:08:19.969   536   536 W commservice260303: [FgeComService::getAQConnectStatus:380] status:1
05-27 18:08:19.970 12246 12246 E ivicomm_CommManager: getA2lConnectStatus aqConnectStatus:1
05-27 18:08:19.970 12246 12246 D ivicomm_ConnectStateManager: notifyState newState=1curState=1
05-27 18:08:19.970   536   536 D commservice260303: msg.id = 1028,0
05-27 18:08:19.970   536   536 D commservice260303: i = 170, msgid = 8A000404
05-27 18:08:19.970   536   536 D commservice260303: msgid = -1979710460,did=138
05-27 18:08:19.970   536   536 D commservice260303: CommProtocolLibCmdBaseI2C::dataproc {"command":{"id":"imu_status","sub":""},"content":{"TimeStamp":8,"FrameCounter":192803,"GD_X":-0.011682018637657166,"GD_Y":0.004428025335073471,"GD_Z":0.002519079949706793,"AD_X":-1.2545287609100342E-4,"AD_Y":0.0019885001238435507,"AD_Z":-0.17007923126220703,"TempDsp":0,"Status":0,"CalibState":1,"SigAmpInvalid":0}},-1979710460
05-27 18:08:19.970   536   536 D commservice260303: send2Cluster len:316, 7B22636F6D6D616E64223A7B226964223A22696D755F737461747573222C22737562223A22227D2C22636F6E74656E74223A7B2254696D655374616D70223A382C224672616D65436F756E746572223A3139323830332C2247445F58223A2D302E3031313638323031383633373635373136362C2247445F59223A302E3030343432383032353333353037333437312C2247445F5A223A302E3030323531393037393934393730363739332C2241445F58223A2D312E32353435323837363039313030333432452D342C2241445F59223A302E303031393838353030313233383433353530372C2241445F5A223A2D302E31373030373932333132363232303730332C2254656D70447370223A302C22537461747573223A302C2243616C69625374617465223A312C22536967416D70496E76616C6964223A307D7D, 138 
05-27 18:08:19.970   536   536 D commservice260303: Push Message into SendPool fn=791479040
05-27 18:08:19.970   536   536 D commservice260303: ComProtocolLibSend2Cluster::send2ClusterRaw fn=791479040 , len=332
05-27 18:08:19.970   536   536 D commservice260303: sendCmdToPort :332!!!
05-27 18:08:19.970   536   536 D commservice260303: send Cmd To Port ++++5AA501488A0100032D2F6A16C2937B22636F6D6D616E64223A7B226964223A22696D755F737461747573222C22737562223A22227D2C22636F6E74656E74223A7B2254696D655374616D70223A382C224672616D65436F756E746572223A3139323830332C2247445F58223A2D302E3031313638323031383633373635373136362C2247445F59223A302E3030343432383032353333353037333437312C2247445F5A223A302E3030323531393037393934393730363739332C2241445F58223A2D312E32353435323837363039313030333432452D342C2241445F59223A302E303031393838353030313233383433353530372C2241445F5A223A2D302E31373030373932333132363232303730332C2254656D70447370223A302C22537461747573223A302C2243616C69625374617465223A312C22536967416D70496E76616C6964223A307D7DA1B4
05-27 18:08:19.971   536   536 D commservice260303: bufferevent_write retrun value = 0
05-27 18:08:19.971   536   560 D commservice260303: client datas send succeed,send finish
05-27 18:08:19.971 13911 14192 D Sentinelmode_1.2.5.17_sentry: <SentryImuClusterFgeSender>imu_status sent to Linux, frame=192803, tsNs=8367202, tsMs=8, intervalMs=41, ad=(-1.2545288E-4,0.0019885001,-0.17007923), gd=(-0.011682019,0.0044280253,0.00251908)
05-27 18:08:19.972   581   581 I SpiService: fgesysctrl_getGPIO_status success val=1
05-27 07:59:28.937   581   581 D spi_rst_gpio_get_output: GPIO 145 value: 1
05-27 07:59:28.937   581   581 D spidev_ioctl: gpio status=1)
05-27 18:08:19.978   581   581 I SpiService: fgesysctrl_getGPIO_status success val=1
05-27 18:08:19.979   269   269 D libvintf: HalManifest::getHidlTransport(framework): Cannot find android.hardware.usb@1.0::IUsb/default
05-27 18:08:19.980   269   269 D libvintf: HalManifest::getHidlTransport(device): Cannot find android.hardware.usb@1.0::IUsb/default
05-27 18:08:19.980   269   269 I hwservicemanager: getTransport: Cannot find entry android.hardware.usb@1.0::IUsb/default in either framework or device VINTF manifest.
05-27 18:08:19.980 12348 12448 E ExtUsbManager: UsbHalController: android.hardware.usb.V1_0.IUsb getService failed!
05-27 18:08:19.980 12348 12448 E ExtUsbManager: java.util.NoSuchElementException
05-27 18:08:19.980 12348 12448 E ExtUsbManager: 	at android.os.HwBinder.getService(Native Method)
05-27 18:08:19.980 12348 12448 E ExtUsbManager: 	at android.os.HwBinder.getService(HwBinder.java:81)
05-27 18:08:19.980 12348 12448 E ExtUsbManager: 	at android.hardware.usb.V1_0.IUsb.getService(IUsb.java:74)
05-27 18:08:19.980 12348 12448 E ExtUsbManager: 	at android.hardware.usb.V1_0.IUsb.getService(IUsb.java:84)
05-27 18:08:19.980 12348 12448 E ExtUsbManager: 	at ts.car.usb.UsbHalController.createService(UsbHalController.java:37)
05-27 18:08:19.980 12348 12448 E ExtUsbManager: 	at ts.car.usb.UsbHalController.createService(UsbHalController.java:18)
05-27 18:08:19.980 12348 12448 E ExtUsbManager: 	at ts.car.usb.utils.AutoServiceConnector4Hidl.autoConnect(AutoServiceConnector4Hidl.java:47)
05-27 18:08:19.980 12348 12448 E ExtUsbManager: 	at ts.car.usb.utils.AutoServiceConnector4Hidl$$ExternalSyntheticLambda0.run(Unknown Source:2)
05-27 18:08:19.980 12348 12448 E ExtUsbManager: 	at android.os.Handler.handleCallback(Handler.java:942)
05-27 18:08:19.980 12348 12448 E ExtUsbManager: 	at android.os.Handler.dispatchMessage(Handler.java:99)
05-27 18:08:19.980 12348 12448 E ExtUsbManager: 	at android.os.Looper.loopOnce(Looper.java:201)
05-27 18:08:19.980 12348 12448 E ExtUsbManager: 	at android.os.Looper.loop(Looper.java:288)
05-27 18:08:19.980 12348 12448 E ExtUsbManager: 	at android.os.HandlerThread.run(HandlerThread.java:67)
05-27 18:08:19.980   269   269 D libvintf: HalManifest::getHidlTransport(framework): Cannot find vendor.ts.usbext@1.0::IUsbext/default
05-27 18:08:19.981   269   269 D libvintf: HalManifest::getHidlTransport(device): Cannot find vendor.ts.usbext@1.0::IUsbext/default
05-27 18:08:19.981   269   269 I hwservicemanager: getTransport: Cannot find entry vendor.ts.usbext@1.0::IUsbext/default in either framework or device VINTF manifest.
05-27 18:08:19.981   299 30841 D EvsDriver: forwardFrame
05-27 18:08:19.981 12348 12448 E ExtUsbManager: UsbHalExtController: vendor.ts.usbext.V1_0.IUsbext getService failed!
05-27 18:08:19.981 12348 12448 E ExtUsbManager: java.util.NoSuchElementException
05-27 18:08:19.981 12348 12448 E ExtUsbManager: 	at android.os.HwBinder.getService(Native Method)
05-27 18:08:19.981 12348 12448 E ExtUsbManager: 	at android.os.HwBinder.getService(HwBinder.java:81)
05-27 18:08:19.981 12348 12448 E ExtUsbManager: 	at vendor.ts.usbext.V1_0.IUsbext.getService(IUsbext.java:74)
05-27 18:08:19.981 12348 12448 E ExtUsbManager: 	at vendor.ts.usbext.V1_0.IUsbext.getService(IUsbext.java:84)
05-27 18:08:19.981 12348 12448 E ExtUsbManager: 	at ts.car.usb.UsbHalExtController.createService(UsbHalExtController.java:37)
05-27 18:08:19.981 12348 12448 E ExtUsbManager: 	at ts.car.usb.UsbHalExtController.createService(UsbHalExtController.java:18)
05-27 18:08:19.981 12348 12448 E ExtUsbManager: 	at ts.car.usb.utils.AutoServiceConnector4Hidl.autoConnect(AutoServiceConnector4Hidl.java:47)
05-27 18:08:19.981 12348 12448 E ExtUsbManager: 	at ts.car.usb.utils.AutoServiceConnector4Hidl$$ExternalSyntheticLambda0.run(Unknown Source:2)
05-27 18:08:19.981 12348 12448 E ExtUsbManager: 	at android.os.Handler.handleCallback(Handler.java:942)
05-27 18:08:19.981 12348 12448 E ExtUsbManager: 	at android.os.Handler.dispatchMessage(Handler.java:99)
05-27 18:08:19.981 12348 12448 E ExtUsbManager: 	at android.os.Looper.loopOnce(Looper.java:201)
05-27 18:08:19.981 12348 12448 E ExtUsbManager: 	at android.os.Looper.loop(Looper.java:288)
05-27 18:08:19.981 12348 12448 E ExtUsbManager: 	at android.os.HandlerThread.run(HandlerThread.java:67)
05-27 07:59:28.942   581   581 D spi_rst_gpio_get_output: GPIO 145 value: 1
05-27 18:08:19.981 13911 14183 I SentryImuMcuAngleSender: 180.0rollDeg
05-27 18:08:19.981 13911 14183 I SentryImuMcuAngleSender: 1,0,0
05-27 07:59:28.942   581   581 D spidev_ioctl: gpio status=1)
05-27 18:08:19.982   299 30841 D EvsDriver: Delivered 0xb400007b7ca56a60 as id 0
05-27 18:08:19.982  1167  1184 D evsmanagerd: /dev/video4 forwarded the buffer #0 to 0xb4000074bf5f6850 from 0xb4000074bf5f41d0
05-27 18:08:19.983 30773 30773 E dvr_service_: [myNum:0] Received S**** loss
05-27 18:08:19.983   299 30844 D EvsDriver: forwardFrame
05-27 18:08:19.983   299  1153 D EvsDriver: doneWithFrame
05-27 18:08:19.984   581   581 I SpiService: fgesysctrl_getGPIO_status success val=0
05-27 18:08:19.984   299 30844 D EvsDriver: Delivered 0xb400007b7ca56900 as id 0
05-27 18:08:19.984  1167  1184 D evsmanagerd: /dev/video6 forwarded the buffer #0 to 0xb4000074bf5f5510 from 0xb4000074bf5f6d90
05-27 18:08:19.984 30773 30773 E dvr_service_: [myNum:1] Received S**** loss
05-27 18:08:19.985   299  1153 D EvsDriver: doneWithFrame
05-27 07:59:28.948   581   581 D spi_rst_gpio_get_output: GPIO 145 value: 0
05-27 07:59:28.948   581   581 D spidev_ioctl: gpio status=0)
05-27 18:08:19.986   269   269 D libvintf: HalManifest::getHidlTransport(framework): Cannot find android.hardware.usb.gadget@1.0::IUsbGadget/default
05-27 18:08:19.987   269   269 D libvintf: HalManifest::getHidlTransport(device): Cannot find android.hardware.usb.gadget@1.0::IUsbGadget/default
05-27 18:08:19.987   269   269 I hwservicemanager: getTransport: Cannot find entry android.hardware.usb.gadget@1.0::IUsbGadget/default in either framework or device VINTF manifest.
05-27 18:08:19.987 12348 12448 E ExtUsbManager: UsbGadgetController: android.hardware.usb.gadget.V1_0.IUsbGadget getService failed!
05-27 18:08:19.987 12348 12448 E ExtUsbManager: java.util.NoSuchElementException
05-27 18:08:19.987 12348 12448 E ExtUsbManager: 	at android.os.HwBinder.getService(Native Method)
05-27 18:08:19.987 12348 12448 E ExtUsbManager: 	at android.os.HwBinder.getService(HwBinder.java:81)
05-27 18:08:19.987 12348 12448 E ExtUsbManager: 	at android.hardware.usb.gadget.V1_0.IUsbGadget.getService(IUsbGadget.java:74)
05-27 18:08:19.987 12348 12448 E ExtUsbManager: 	at android.hardware.usb.gadget.V1_0.IUsbGadget.getService(IUsbGadget.java:84)
05-27 18:08:19.987 12348 12448 E ExtUsbManager: 	at ts.car.usb.UsbGadgetController.createService(UsbGadgetController.java:36)
05-27 18:08:19.987 12348 12448 E ExtUsbManager: 	at ts.car.usb.UsbGadgetController.createService(UsbGadgetController.java:17)
05-27 18:08:19.987 12348 12448 E ExtUsbManager: 	at ts.car.usb.utils.AutoServiceConnector4Hidl.autoConnect(AutoServiceConnector4Hidl.java:47)
05-27 18:08:19.987 12348 12448 E ExtUsbManager: 	at ts.car.usb.utils.AutoServiceConnector4Hidl$$ExternalSyntheticLambda0.run(Unknown Source:2)
05-27 18:08:19.987 12348 12448 E ExtUsbManager: 	at android.os.Handler.handleCallback(Handler.java:942)
05-27 18:08:19.987 12348 12448 E ExtUsbManager: 	at android.os.Handler.dispatchMessage(Handler.java:99)
05-27 18:08:19.987 12348 12448 E ExtUsbManager: 	at android.os.Looper.loopOnce(Looper.java:201)
05-27 18:08:19.987 12348 12448 E ExtUsbManager: 	at android.os.Looper.loop(Looper.java:288)
05-27 18:08:19.987 12348 12448 E ExtUsbManager: 	at android.os.HandlerThread.run(HandlerThread.java:67)
05-27 18:08:19.988  1008 30857 D [OMXB]  : usingANWBuffer: handle:0xee7435b0, format:1, w:1920, h:1080
05-27 18:08:19.998   581   581 I SpiService: fgesysctrl_getGPIO_status success val=1
05-27 07:59:28.962   581   581 D spi_rst_gpio_get_output: GPIO 145 value: 1
05-27 07:59:28.962   581   581 D spidev_ioctl: gpio status=1)
05-27 18:08:20.001 13911 14183 I SentryImuMcuAngleSender: -179.986rollDeg
05-27 18:08:20.001 13911 14183 I SentryImuMcuAngleSender: 1,0,0
05-27 18:08:20.002  1008 30856 D [OMXB]  : usingANWBuffer: handle:0xee743870, format:1, w:1920, h:1080
05-27 18:08:20.003   581   581 I SpiService: fgesysctrl_getGPIO_status success val=1
05-27 18:08:20.003 30773 30789 I dvr_service_: Camera 0: Buffer reuse stats - Total: 158800, Reused: 78441, New: 80359, Rate: 49.4%
05-27 07:59:28.968   581   581 D spi_rst_gpio_get_output: GPIO 145 value: 1
05-27 07:59:28.968   581   581 D spidev_ioctl: gpio status=1)
05-27 18:08:20.005   572   622 I Sensors : 230 AccelSensor: x:-0.172630,y:0.000000,z:-9.969840
05-27 18:08:20.006   283   307 I rvcservice: t.code = 0, t.value = 0
05-27 18:08:20.009   581   581 I SpiService: fgesysctrl_getGPIO_status success val=1
05-27 18:08:20.011   536   536 D commservice260303: msg.id = 1028,0
05-27 18:08:20.011   536   536 D commservice260303: i = 170, msgid = 8A000404
05-27 18:08:20.011   536   536 D commservice260303: msgid = -1979710460,did=138
05-27 18:08:20.011   536   536 D commservice260303: CommProtocolLibCmdBaseI2C::dataproc {"command":{"id":"imu_status","sub":""},"content":{"TimeStamp":8,"FrameCounter":192804,"GD_X":-0.011834942735731602,"GD_Y":0.005802778527140617,"GD_Z":0.0022902146447449923,"AD_X":-0.0068190693855285645,"AD_Y":-0.0034596167970448732,"AD_Z":-0.16458892822265625,"TempDsp":0,"Status":0,"CalibState":1,"SigAmpInvalid":0}},-1979710460
05-27 18:08:20.011   536   536 D commservice260303: send2Cluster len:318, 7B22636F6D6D616E64223A7B226964223A22696D755F737461747573222C22737562223A22227D2C22636F6E74656E74223A7B2254696D655374616D70223A382C224672616D65436F756E746572223A3139323830342C2247445F58223A2D302E3031313833343934323733353733313630322C2247445F59223A302E3030353830323737383532373134303631372C2247445F5A223A302E303032323930323134363434373434393932332C2241445F58223A2D302E303036383139303639333835353238353634352C2241445F59223A2D302E303033343539363136373937303434383733322C2241445F5A223A2D302E31363435383839323832323236353632352C2254656D70447370223A302C22537461747573223A302C2243616C69625374617465223A312C22536967416D70496E76616C6964223A307D7D, 138 
05-27 18:08:20.011   536   536 D commservice260303: Push Message into SendPool fn=808256256
05-27 18:08:20.011   536   536 D commservice260303: ComProtocolLibSend2Cluster::send2ClusterRaw fn=808256256 , len=334
05-27 18:08:20.011   536   536 D commservice260303: sendCmdToPort :334!!!
05-27 18:08:20.011   536   536 D commservice260303: send Cmd To Port ++++5AA5014A8A0100032D306A16C2947B22636F6D6D616E64223A7B226964223A22696D755F737461747573222C22737562223A22227D2C22636F6E74656E74223A7B2254696D655374616D70223A382C224672616D65436F756E746572223A3139323830342C2247445F58223A2D302E3031313833343934323733353733313630322C2247445F59223A302E3030353830323737383532373134303631372C2247445F5A223A302E303032323930323134363434373434393932332C2241445F58223A2D302E303036383139303639333835353238353634352C2241445F59223A2D302E303033343539363136373937303434383733322C2241445F5A223A2D302E31363435383839323832323236353632352C2254656D70447370223A302C22537461747573223A302C2243616C69625374617465223A312C22536967416D70496E76616C6964223A307D7D26B1
05-27 18:08:20.011   536   536 D commservice260303: bufferevent_write retrun value = 0
05-27 18:08:20.011   536   560 D commservice260303: client datas send succeed,send finish
05-27 18:08:20.011 13911 14192 D Sentinelmode_1.2.5.17_sentry: <SentryImuClusterFgeSender>imu_status sent to Linux, frame=192804, tsNs=8367255, tsMs=8, intervalMs=40, ad=(-0.0068190694,-0.0034596168,-0.16458893), gd=(-0.011834943,0.0058027785,0.0022902146)
05-27 07:59:28.974   581   581 D spi_rst_gpio_get_output: GPIO 145 value: 1
05-27 07:59:28.974   581   581 D spidev_ioctl: gpio status=1)
05-27 18:08:20.014   581   581 I SpiService: fgesysctrl_getGPIO_status success val=1
05-27 18:08:20.016   299 30841 D EvsDriver: forwardFrame
05-27 18:08:20.017   299 30841 D EvsDriver: Delivered 0xb400007b7ca56a60 as id 0
05-27 07:59:28.979   581   581 D spi_rst_gpio_get_output: GPIO 145 value: 1
05-27 18:08:20.017  1167  1184 D evsmanagerd: /dev/video4 forwarded the buffer #0 to 0xb4000074bf5f6850 from 0xb4000074bf5f41d0
05-27 07:59:28.979   581   581 D spidev_ioctl: gpio status=1)
05-27 07:59:28.984   581   581 D spi_rst_gpio_get_output: GPIO 145 value: 0
05-27 07:59:28.985   581   581 D spidev_ioctl: gpio status=0)
05-27 18:08:20.020   581   581 I SpiService: fgesysctrl_getGPIO_status success val=0
05-27 18:08:20.020  1008 30857 D [OMXB]  : usingANWBuffer: handle:0xee744630, format:1, w:1920, h:1080
05-27 18:08:20.022   299  1153 D EvsDriver: doneWithFrame
05-27 18:08:20.023 13911 14183 I SentryImuMcuAngleSender: 180.0rollDeg
05-27 18:08:20.023 13911 14183 I SentryImuMcuAngleSender: 1,0,0
05-27 18:08:20.029   299 30844 D EvsDriver: forwardFrame
05-27 18:08:20.031  1982  1982 E health_guardian: UID for PID 11579 is 1000
05-27 18:08:20.031  1982  1982 E health_guardian: The 1000 process is system app,I refused to kill it,try next one!
05-27 18:08:20.031  1982  1982 E health_guardian: UID for PID 13435 is 1000
05-27 18:08:20.031  1982  1982 E health_guardian: The 1000 process is system app,I refused to kill it,try next one!
05-27 18:08:20.032  1982  1982 E health_guardian: UID for PID 6212 is 1000
05-27 18:08:20.032  1982  1982 E health_guardian: The 1000 process is system app,I refused to kill it,try next one!
05-27 18:08:20.033  1167  1184 D evsmanagerd: /dev/video6 forwarded the buffer #0 to 0xb4000074bf5f5510 from 0xb4000074bf5f6d90
05-27 18:08:20.033   299 30844 D EvsDriver: Delivered 0xb400007b7ca56900 as id 0
05-27 18:08:20.035  1008 30856 D [OMXB]  : usingANWBuffer: handle:0xee742ab0, format:1, w:1920, h:1080
05-27 18:08:20.035   299  1153 D EvsDriver: doneWithFrame
05-27 18:08:20.036   581   581 I SpiService: fgesysctrl_getGPIO_status success val=1
05-27 07:59:29.000   581   581 D spi_rst_gpio_get_output: GPIO 145 value: 1
05-27 07:59:29.001   581   581 D spidev_ioctl: gpio status=1)
05-27 18:08:20.042   581   581 I SpiService: fgesysctrl_getGPIO_status success val=1
05-27 18:08:20.043 13911 14183 I SentryImuMcuAngleSender: 179.93689rollDeg
05-27 18:08:20.043 13911 14183 I SentryImuMcuAngleSender: 1,0,0
05-27 07:59:29.006   581   581 D spi_rst_gpio_get_output: GPIO 145 value: 1
05-27 07:59:29.006   581   581 D spidev_ioctl: gpio status=1)
05-27 18:08:20.046   299 30844 D EvsDriver: forwardFrame
05-27 18:08:20.047 11344 11344 E SystemUI_NavBarFragment: SysUIConfig.icCarServiceConnected：false
05-27 18:08:20.048   581   581 I SpiService: fgesysctrl_getGPIO_status success val=1
05-27 18:08:20.048   299 30844 D EvsDriver: Delivered 0xb400007b7ca56900 as id 0
05-27 18:08:20.048  1167  1184 D evsmanagerd: /dev/video6 forwarded the buffer #0 to 0xb4000074bf5f5510 from 0xb4000074bf5f6d90
05-27 07:59:29.012   581   581 D spi_rst_gpio_get_output: GPIO 145 value: 1
05-27 07:59:29.012   581   581 D spidev_ioctl: gpio status=1)
05-27 18:08:20.050   299 30841 D EvsDriver: forwardFrame
05-27 18:08:20.052   299  1153 D EvsDriver: doneWithFrame
05-27 18:08:20.052   536   536 D commservice260303: msg.id = 1028,0
05-27 18:08:20.052   536   536 D commservice260303: i = 170, msgid = 8A000404
05-27 18:08:20.052   536   536 D commservice260303: msgid = -1979710460,did=138
05-27 18:08:20.052   536   536 D commservice260303: CommProtocolLibCmdBaseI2C::dataproc {"command":{"id":"imu_status","sub":""},"content":{"TimeStamp":8,"FrameCounter":192805,"GD_X":-0.011910883709788322,"GD_Y":0.004809814505279064,"GD_Z":0.002443138277158141,"AD_X":-0.007397890090942383,"AD_Y":0.007491469383239746,"AD_Z":-0.16336917877197266,"TempDsp":0,"Status":0,"CalibState":1,"SigAmpInvalid":0}},-1979710460
05-27 18:08:20.052   536   536 D commservice260303: send2Cluster len:314, 7B22636F6D6D616E64223A7B226964223A22696D755F737461747573222C22737562223A22227D2C22636F6E74656E74223A7B2254696D655374616D70223A382C224672616D65436F756E746572223A3139323830352C2247445F58223A2D302E3031313931303838333730393738383332322C2247445F59223A302E3030343830393831343530353237393036342C2247445F5A223A302E3030323434333133383237373135383134312C2241445F58223A2D302E3030373339373839303039303934323338332C2241445F59223A302E3030373439313436393338333233393734362C2241445F5A223A2D302E31363333363931373837373139373236362C2254656D70447370223A302C22537461747573223A302C2243616C69625374617465223A312C22536967416D70496E76616C6964223A307D7D, 138 
05-27 18:08:20.052   536   536 D commservice260303: Push Message into SendPool fn=825033472
05-27 18:08:20.052   536   536 D commservice260303: ComProtocolLibSend2Cluster::send2ClusterRaw fn=825033472 , len=330
05-27 18:08:20.052   536   536 D commservice260303: sendCmdToPort :330!!!
05-27 18:08:20.052   536   536 D commservice260303: send Cmd To Port ++++5AA501468A0100032D316A16C2947B22636F6D6D616E64223A7B226964223A22696D755F737461747573222C22737562223A22227D2C22636F6E74656E74223A7B2254696D655374616D70223A382C224672616D65436F756E746572223A3139323830352C2247445F58223A2D302E3031313931303838333730393738383332322C2247445F59223A302E3030343830393831343530353237393036342C2247445F5A223A302E3030323434333133383237373135383134312C2241445F58223A2D302E3030373339373839303039303934323338332C2241445F59223A302E3030373439313436393338333233393734362C2241445F5A223A2D302E31363333363931373837373139373236362C2254656D70447370223A302C22537461747573223A302C2243616C69625374617465223A312C22536967416D70496E76616C6964223A307D7D2B08
05-27 18:08:20.053   536   536 D commservice260303: bufferevent_write retrun value = 0
05-27 18:08:20.053   536   560 D commservice260303: client datas send succeed,send finish
05-27 18:08:20.053 13911 14192 D Sentinelmode_1.2.5.17_sentry: <SentryImuClusterFgeSender>imu_status sent to Linux, frame=192805, tsNs=8367291, tsMs=8, intervalMs=41, ad=(-0.00739789,0.0074914694,-0.16336918), gd=(-0.011910884,0.0048098145,0.0024431383)
05-27 18:08:20.053   299 30841 D EvsDriver: Delivered 0xb400007b7ca56a60 as id 0
05-27 18:08:20.053  1167  1184 D evsmanagerd: /dev/video4 forwarded the buffer #0 to 0xb4000074bf5f6850 from 0xb4000074bf5f41d0
05-27 18:08:20.053   581   581 I SpiService: fgesysctrl_getGPIO_status success val=1
05-27 07:59:29.018   581   581 D spi_rst_gpio_get_output: GPIO 145 value: 1
05-27 07:59:29.018   581   581 D spidev_ioctl: gpio status=1)
05-27 18:08:20.056   299  1153 D EvsDriver: doneWithFrame
05-27 18:08:20.056  1008 30857 D [OMXB]  : usingANWBuffer: handle:0xee7442c0, format:1, w:1920, h:1080
05-27 18:08:20.057  6212  6256 D VersionPrinter: com.yadea.setting- VersionName:[1.0.012_2026_0526_1408] - append:[] - active:[]
05-27 18:08:20.059   581   581 I SpiService: fgesysctrl_getGPIO_status success val=1
05-27 07:59:29.024   581   581 D spi_rst_gpio_get_output: GPIO 145 value: 1
05-27 07:59:29.024   581   581 D spidev_ioctl: gpio status=1)
05-27 18:08:20.063 13911 14183 I SentryImuMcuAngleSender: 179.94394rollDeg
05-27 18:08:20.063 13911 14183 I SentryImuMcuAngleSender: 1,0,0
05-27 18:08:20.065   581   581 I SpiService: fgesysctrl_getGPIO_status success val=0
05-27 07:59:29.030   581   581 D spi_rst_gpio_get_output: GPIO 145 value: 0
05-27 07:59:29.030   581   581 D spidev_ioctl: gpio status=0)
05-27 18:08:20.076  1008 30856 D [OMXB]  : usingANWBuffer: handle:0xee7433a0, format:1, w:1920, h:1080
05-27 18:08:20.078   299 30841 D EvsDriver: forwardFrame
05-27 18:08:20.080   581   581 I SpiService: fgesysctrl_getGPIO_status success val=1
05-27 18:08:20.081   299 30841 D EvsDriver: Delivered 0xb400007b7ca56a60 as id 0
05-27 07:59:29.044   581   581 D spi_rst_gpio_get_output: GPIO 145 value: 1
05-27 18:08:20.081  1167  1184 D evsmanagerd: /dev/video4 forwarded the buffer #0 to 0xb4000074bf5f6850 from 0xb4000074bf5f41d0
05-27 07:59:29.044   581   581 D spidev_ioctl: gpio status=1)
05-27 18:08:20.083 13911 14183 I SentryImuMcuAngleSender: 179.97899rollDeg
05-27 18:08:20.083   299  1153 D EvsDriver: doneWithFrame
05-27 18:08:20.083 13911 14183 I SentryImuMcuAngleSender: 1,0,0
05-27 18:08:20.085   581   581 I SpiService: fgesysctrl_getGPIO_status success val=1
05-27 18:08:20.087  1008 30857 D [OMXB]  : usingANWBuffer: handle:0xee7406f0, format:1, w:1920, h:1080
05-27 18:08:20.088   299 30844 D EvsDriver: forwardFrame
05-27 07:59:29.050   581   581 D spi_rst_gpio_get_output: GPIO 145 value: 1
05-27 07:59:29.050   581   581 D spidev_ioctl: gpio status=1)
05-27 18:08:20.090   299 30844 D EvsDriver: Delivered 0xb400007b7ca56900 as id 0
05-27 18:08:20.090  1167  1184 D evsmanagerd: /dev/video6 forwarded the buffer #0 to 0xb4000074bf5f5510 from 0xb4000074bf5f6d90
05-27 18:08:20.091   581   581 I SpiService: fgesysctrl_getGPIO_status success val=1
05-27 07:59:29.056   581   581 D spi_rst_gpio_get_output: GPIO 145 value: 1
05-27 07:59:29.056   581   581 D spidev_ioctl: gpio status=1)
05-27 18:08:20.092   536   536 D commservice260303: msg.id = 1028,0
05-27 07:59:29.061   581   581 D spi_rst_gpio_get_output: GPIO 145 value: 1
05-27 07:59:29.061   581   581 D spidev_ioctl: gpio status=1)
05-27 18:08:20.092   536   536 D commservice260303: i = 170, msgid = 8A000404
05-27 18:08:20.092   536   536 D commservice260303: msgid = -1979710460,did=138
05-27 18:08:20.092   536   536 D commservice260303: CommProtocolLibCmdBaseI2C::dataproc {"command":{"id":"imu_status","sub":""},"content":{"TimeStamp":8,"FrameCounter":192806,"GD_X":-0.012139749713242054,"GD_Y":0.005268065724521875,"GD_Z":0.0019848872907459736,"AD_X":-0.0025128573179244995,"AD_Y":1.5077809803187847E-4,"AD_Z":-0.17252063751220703,"TempDsp":0,"Status":0,"CalibState":1,"SigAmpInvalid":0}},-1979710460
05-27 18:08:20.092   536   536 D commservice260303: send2Cluster len:317, 7B22636F6D6D616E64223A7B226964223A22696D755F737461747573222C22737562223A22227D2C22636F6E74656E74223A7B2254696D655374616D70223A382C224672616D65436F756E746572223A3139323830362C2247445F58223A2D302E3031323133393734393731333234323035342C2247445F59223A302E3030353236383036353732343532313837352C2247445F5A223A302E303031393834383837323930373435393733362C2241445F58223A2D302E303032353132383537333137393234343939352C2241445F59223A312E35303737383039383033313837383437452D342C2241445F5A223A2D302E31373235323036333735313232303730332C2254656D70447370223A302C22537461747573223A302C2243616C69625374617465223A312C22536967416D70496E76616C6964223A307D7D, 138 
05-27 18:08:20.092   536   536 D commservice260303: Push Message into SendPool fn=841810688
05-27 18:08:20.092   536   536 D commservice260303: ComProtocolLibSend2Cluster::send2ClusterRaw fn=841810688 , len=333
05-27 18:08:20.092   536   536 D commservice260303: sendCmdToPort :333!!!
05-27 18:08:20.092   536   536 D commservice260303: send Cmd To Port ++++5AA501498A0100032D326A16C2947B22636F6D6D616E64223A7B226964223A22696D755F737461747573222C22737562223A22227D2C22636F6E74656E74223A7B2254696D655374616D70223A382C224672616D65436F756E746572223A3139323830362C2247445F58223A2D302E3031323133393734393731333234323035342C2247445F59223A302E3030353236383036353732343532313837352C2247445F5A223A302E303031393834383837323930373435393733362C2241445F58223A2D302E303032353132383537333137393234343939352C2241445F59223A312E35303737383039383033313837383437452D342C2241445F5A223A2D302E31373235323036333735313232303730332C2254656D70447370223A302C22537461747573223A302C2243616C69625374617465223A312C22536967416D70496E76616C6964223A307D7D387C
05-27 18:08:20.092   299  1153 D EvsDriver: doneWithFrame
05-27 18:08:20.092   536   536 D commservice260303: bufferevent_write retrun value = 0
05-27 18:08:20.093   536   560 D commservice260303: client datas send succeed,send finish
05-27 18:08:20.093 13911 14192 D Sentinelmode_1.2.5.17_sentry: <SentryImuClusterFgeSender>imu_status sent to Linux, frame=192806, tsNs=8367327, tsMs=8, intervalMs=40, ad=(-0.0025128573,1.507781E-4,-0.17252064), gd=(-0.01213975,0.0052680657,0.0019848873)
05-27 18:08:20.093   572   572 I Sensors : 230 GyroSensor: x:-0.012217,y:0.005803,z:0.002290
05-27 18:08:20.097   581   581 I SpiService: fgesysctrl_getGPIO_status success val=1
05-27 18:08:20.102   581   581 I SpiService: fgesysctrl_getGPIO_status success val=0
05-27 18:08:20.103 13911 14183 I SentryImuMcuAngleSender: -179.97198rollDeg
05-27 18:08:20.104 13911 14183 I SentryImuMcuAngleSender: 1,0,0
05-27 07:59:29.067   581   581 D spi_rst_gpio_get_output: GPIO 145 value: 0
05-27 07:59:29.067   581   581 D spidev_ioctl: gpio status=0)
05-27 18:08:20.107   283   307 I rvcservice: t.code = 3, t.value = 0
05-27 18:08:20.110  1008 30857 D [OMXB]  : usingANWBuffer: handle:0xee7467e0, format:1, w:1920, h:1080
05-27 18:08:20.111   299 30841 D EvsDriver: forwardFrame
05-27 18:08:20.112   299 30844 D EvsDriver: forwardFrame
05-27 18:08:20.114   299 30844 D EvsDriver: Delivered 0xb400007b7ca56900 as id 0
05-27 18:08:20.114  1167  1184 D evsmanagerd: /dev/video6 forwarded the buffer #0 to 0xb4000074bf5f5510 from 0xb4000074bf5f6d90
05-27 18:08:20.116  1167  1184 D evsmanagerd: /dev/video4 forwarded the buffer #0 to 0xb4000074bf5f6850 from 0xb4000074bf5f41d0
05-27 18:08:20.116   299 30841 D EvsDriver: Delivered 0xb400007b7ca56a60 as id 0
05-27 18:08:20.117   581   581 I SpiService: fgesysctrl_getGPIO_status success val=1
05-27 18:08:20.119   481   598 I mcuc    : rev,n=1,6AA681A89000358900DB060003000000000000000064006400641010000000000000000000000000000000000000000000000000000000000000000059
05-27 18:08:20.119   351   373 D automotive.vehicle@2.0-adayo-datacomm-mcu: MCUDatacomm sendMessageFromVehicle prop: 0x89, areaId: 0x0, status: 0xdb, timestamp: 0x6
05-27 18:08:20.119   351   373 D automotive.vehicle@2.0-adayo-datacomm-mcu: MCUDatacomm 1sendMessageFromVehicle ---> type = 3 
05-27 18:08:20.119   351   373 D automotive.vehicle@2.0-adayo-func-bcm: sendMessageFromVehicle sendMessageFromVehicle
05-27 18:08:20.119   351   516 D automotive.vehicle@2.0-adayo-func-bcm: jjfan1 ______procotolSize :45
05-27 18:08:20.119   351   516 D automotive.vehicle@2.0-adayo-func-bcm: BCMFunc sendMessageFromVehicle_l dataType: 12,mByte=8,propid=0x21600001
05-27 18:08:20.119   351   516 D automotive.vehicle@2.0-adayo-func-bcm: BCMFunc sendMessageFromVehicle_l msgBuff[8]=0x0,start:2,len:11,temp:6,
05-27 18:08:20.119   351   516 D automotive.vehicle@2.0-adayo-func-bcm: BCMFunc sendMessageFromVehicle_l msgBuff[7]=0x0,start:0,len:5,temp:5,
05-27 18:08:20.119   351   516 D automotive.vehicle@2.0-adayo-func-bcm: BCMFunc sendMessageFromVehicle_l prop: 0x21600001 , SPLITE_BIT_DATA_INTEGER1 data:0
05-27 18:08:20.120   351   516 D automotive.vehicle@2.0-adayo-func-bcm: BCMFunc sendMessageFromVehicle_l prop: 0x21600001 , SPLITE_BIT_DATA_INTEGER4 procotol.calc[0]:0.100000,procotol.calc[1]:0.000000
05-27 18:08:20.120   351   516 D automotive.vehicle@2.0-adayo-func-bcm: BCMFunc sendMessageFromVehicle_l prop: 0x21600001 ,areaId: 0x0  SPLITE_BIT_DATA_INTEGER : 0.000000,calc[0]:0.100000,calc[1]:0.000000
05-27 18:08:20.120   351   516 D automotive.vehicle@2.0-adayo-func-bcm: BCMFunc sendMessageFromVehicle_l id:559939585, area:0 not report! 
05-27 18:08:20.120   351   516 D automotive.vehicle@2.0-adayo-func-bcm: BCMFunc sendMessageFromVehicle_l dataType: 12,mByte=9,propid=0x2140004d
05-27 18:08:20.120   351   516 D automotive.vehicle@2.0-adayo-func-bcm: BCMFunc sendMessageFromVehicle_l msgBuff[9]=0x0,start:0,len:3,temp:3,
05-27 18:08:20.120   351   516 D automotive.vehicle@2.0-adayo-func-bcm: BCMFunc sendMessageFromVehicle_l prop: 0x2140004d ,areaId: 0x0  SPLITE_BIT_DATA_INTEGER : 0
05-27 18:08:20.120   351   516 D automotive.vehicle@2.0-adayo-func-bcm: BCMFunc sendMessageFromVehicle_l id:557842509, area:0 not report! 
05-27 18:08:20.120   351   516 D automotive.vehicle@2.0-adayo-func-bcm: BCMFunc sendMessageFromVehicle_l dataType: 12,mByte=10,propid=0x21400009
05-27 18:08:20.120   351   516 D automotive.vehicle@2.0-adayo-func-bcm: BCMFunc sendMessageFromVehicle_l msgBuff[10]=0x0,start:0,len:3,temp:3,
05-27 18:08:20.120   351   516 D automotive.vehicle@2.0-adayo-func-bcm: BCMFunc sendMessageFromVehicle_l prop: 0x21400009 ,areaId: 0x0  SPLITE_BIT_DATA_INTEGER : 0
05-27 18:08:20.120   351   516 D automotive.vehicle@2.0-adayo-func-bcm: BCMFunc sendMessageFromVehicle_l id:557842441, area:0 not report! 
05-27 18:08:20.120   351   516 D automotive.vehicle@2.0-adayo-func-bcm: BCMFunc sendMessageFromVehicle_l dataType: 12,mByte=10,propid=0x2140000a
05-27 18:08:20.120   351   516 D automotive.vehicle@2.0-adayo-func-bcm: BCMFunc sendMessageFromVehicle_l msgBuff[10]=0x0,start:4,len:3,temp:3,
05-27 18:08:20.120   351   516 D automotive.vehicle@2.0-adayo-func-bcm: BCMFunc sendMessageFromVehicle_l prop: 0x2140000a ,areaId: 0x0  SPLITE_BIT_DATA_INTEGER : 0
05-27 18:08:20.120   351   516 D automotive.vehicle@2.0-adayo-func-bcm: BCMFunc sendMessageFromVehicle_l id:557842442, area:0 not report! 
05-27 18:08:20.120   351   516 D automotive.vehicle@2.0-adayo-func-bcm: BCMFunc sendMessageFromVehicle_l dataType: 12,mByte=11,propid=0x21400096
05-27 18:08:20.120   351   516 D automotive.vehicle@2.0-adayo-func-bcm: BCMFunc sendMessageFromVehicle_l msgBuff[11]=0x0,start:0,len:8,temp:8,
05-27 18:08:20.120   351   516 D automotive.vehicle@2.0-adayo-func-bcm: BCMFunc sendMessageFromVehicle_l prop: 0x21400096 ,areaId: 0x0  SPLITE_BIT_DATA_INTEGER : 0
05-27 18:08:20.120   351   516 D automotive.vehicle@2.0-adayo-func-bcm: BCMFunc sendMessageFromVehicle_l id:557842582, area:0 not report! 
05-27 18:08:20.120   351   516 D automotive.vehicle@2.0-adayo-func-bcm: BCMFunc sendMessageFromVehicle_l dataType: 12,mByte=12,propid=0x2140008a
05-27 18:08:20.120   351   516 D automotive.vehicle@2.0-adayo-func-bcm: BCMFunc sendMessageFromVehicle_l msgBuff[12]=0x0,start:0,len:4,temp:4,
05-27 18:08:20.120   351   516 D automotive.vehicle@2.0-adayo-func-bcm: BCMFunc sendMessageFromVehicle_l prop: 0x2140008a ,areaId: 0x0  SPLITE_BIT_DATA_INTEGER : 0
05-27 18:08:20.120   351   516 D automotive.vehicle@2.0-adayo-func-bcm: BCMFunc sendMessageFromVehicle_l id:557842570, area:0 not report! 
05-27 18:08:20.120   351   516 D automotive.vehicle@2.0-adayo-func-bcm: BCMFunc sendMessageFromVehicle_l dataType: 12,mByte=14,propid=0x21400005
05-27 18:08:20.120   351   516 D automotive.vehicle@2.0-adayo-func-bcm: BCMFunc sendMessageFromVehicle_l msgBuff[14]=0x64,start:0,len:10,temp:8,
05-27 18:08:20.120   351   516 D automotive.vehicle@2.0-adayo-func-bcm: BCMFunc sendMessageFromVehicle_l msgBuff[13]=0x0,start:0,len:2,temp:2,
05-27 18:08:20.120   351   516 D automotive.vehicle@2.0-adayo-func-bcm: BCMFunc sendMessageFromVehicle_l prop: 0x21400005 ,areaId: 0x0  SPLITE_BIT_DATA_INTEGER : 100
05-27 18:08:20.121   351   516 D automotive.vehicle@2.0-adayo-func-bcm: BCMFunc sendMessageFromVehicle_l id:557842437, area:0 not report! 
05-27 18:08:20.121   351   516 D automotive.vehicle@2.0-adayo-func-bcm: BCMFunc sendMessageFromVehicle_l dataType: 12,mByte=16,propid=0x21600006
05-27 18:08:20.121   351   516 D automotive.vehicle@2.0-adayo-func-bcm: BCMFunc sendMessageFromVehicle_l msgBuff[16]=0x64,start:0,len:10,temp:8,
05-27 18:08:20.121   351   516 D automotive.vehicle@2.0-adayo-func-bcm: BCMFunc sendMessageFromVehicle_l msgBuff[15]=0x0,start:0,len:2,temp:2,
05-27 18:08:20.121   351   516 D automotive.vehicle@2.0-adayo-func-bcm: BCMFunc sendMessageFromVehicle_l prop: 0x21600006 , SPLITE_BIT_DATA_INTEGER1 data:100
05-27 18:08:20.121   351   516 D automotive.vehicle@2.0-adayo-func-bcm: BCMFunc sendMessageFromVehicle_l prop: 0x21600006 , SPLITE_BIT_DATA_INTEGER4 procotol.calc[0]:0.100000,procotol.calc[1]:0.000000
05-27 18:08:20.121   351   516 D automotive.vehicle@2.0-adayo-func-bcm: BCMFunc sendMessageFromVehicle_l prop: 0x21600006 ,areaId: 0x0  SPLITE_BIT_DATA_INTEGER : 80.000000,calc[0]:0.100000,calc[1]:0.000000
05-27 18:08:20.121   351   516 D automotive.vehicle@2.0-adayo-func-bcm: BCMFunc sendMessageFromVehicle_l id:559939590, area:0 not report! 
05-27 18:08:20.121   351   516 D automotive.vehicle@2.0-adayo-func-bcm: BCMFunc sendMessageFromVehicle_l dataType: 12,mByte=18,propid=0x21600007
05-27 18:08:20.121   351   516 D automotive.vehicle@2.0-adayo-func-bcm: BCMFunc sendMessageFromVehicle_l msgBuff[18]=0x64,start:0,len:10,temp:8,
05-27 18:08:20.121   351   516 D automotive.vehicle@2.0-adayo-func-bcm: BCMFunc sendMessageFromVehicle_l msgBuff[17]=0x0,start:0,len:2,temp:2,
05-27 18:08:20.121   351   516 D automotive.vehicle@2.0-adayo-func-bcm: BCMFunc sendMessageFromVehicle_l prop: 0x21600007 , SPLITE_BIT_DATA_INTEGER1 data:100
05-27 18:08:20.121   351   516 D automotive.vehicle@2.0-adayo-func-bcm: BCMFunc sendMessageFromVehicle_l prop: 0x21600007 , SPLITE_BIT_DATA_INTEGER4 procotol.calc[0]:0.100000,procotol.calc[1]:0.000000
05-27 18:08:20.121   351   516 D automotive.vehicle@2.0-adayo-func-bcm: BCMFunc sendMessageFromVehicle_l prop: 0x21600007 ,areaId: 0x0  SPLITE_BIT_DATA_INTEGER : 70.000000,calc[0]:0.100000,calc[1]:0.000000
05-27 18:08:20.121   351   516 D automotive.vehicle@2.0-adayo-func-bcm: BCMFunc sendMessageFromVehicle_l id:559939591, area:0 not report! 
05-27 18:08:20.121   351   516 D automotive.vehicle@2.0-adayo-func-bcm: BCMFunc sendMessageFromVehicle_l dataType: 12,mByte=19,propid=0x21400087
05-27 18:08:20.121   351   516 D automotive.vehicle@2.0-adayo-func-bcm: BCMFunc sendMessageFromVehicle_l msgBuff[19]=0x10,start:3,len:1,temp:1,
05-27 18:08:20.121   351   516 D automotive.vehicle@2.0-adayo-func-bcm: BCMFunc sendMessageFromVehicle_l prop: 0x21400087 ,areaId: 0x0  SPLITE_BIT_DATA_INTEGER : 0
05-27 18:08:20.121   351   516 D automotive.vehicle@2.0-adayo-func-bcm: BCMFunc sendMessageFromVehicle_l id:557842567, area:0 not report! 
05-27 18:08:20.121   351   516 D automotive.vehicle@2.0-adayo-func-bcm: BCMFunc sendMessageFromVehicle_l dataType: 12,mByte=19,propid=0x2140004e
05-27 07:59:29.082   581   581 D spi_rst_gpio_get_output: GPIO 145 value: 1
05-27 07:59:29.082   581   581 D spidev_ioctl: gpio status=1)
05-27 18:08:20.121   351   516 D automotive.vehicle@2.0-adayo-func-bcm: BCMFunc sendMessageFromVehicle_l msgBuff[19]=0x10,start:5,len:1,temp:1,
05-27 18:08:20.121   351   516 D automotive.vehicle@2.0-adayo-func-bcm: BCMFunc sendMessageFromVehicle_l prop: 0x2140004e ,areaId: 0x0  SPLITE_BIT_DATA_INTEGER : 0
05-27 18:08:20.121   351   516 D automotive.vehicle@2.0-adayo-func-bcm: BCMFunc sendMessageFromVehicle_l id:557842510, area:0 not report! 
05-27 18:08:20.121   351   516 D automotive.vehicle@2.0-adayo-func-bcm: BCMFunc sendMessageFromVehicle_l dataType: 12,mByte=19,propid=0x2140004f
05-27 18:08:20.121   351   516 D automotive.vehicle@2.0-adayo-func-bcm: BCMFunc sendMessageFromVehicle_l msgBuff[19]=0x10,start:7,len:1,temp:1,
05-27 18:08:20.121   351   516 D automotive.vehicle@2.0-adayo-func-bcm: BCMFunc sendMessageFromVehicle_l prop: 0x2140004f ,areaId: 0x0  SPLITE_BIT_DATA_INTEGER : 0
05-27 18:08:20.122   351   516 D automotive.vehicle@2.0-adayo-func-bcm: BCMFunc sendMessageFromVehicle_l id:557842511, area:0 not report! 
05-27 18:08:20.122   351   516 D automotive.vehicle@2.0-adayo-func-bcm: BCMFunc sendMessageFromVehicle_l dataType: 12,mByte=20,propid=0x21400031
05-27 18:08:20.122   351   516 D automotive.vehicle@2.0-adayo-func-bcm: BCMFunc sendMessageFromVehicle_l msgBuff[20]=0x10,start:0,len:3,temp:3,
05-27 18:08:20.122   351   516 D automotive.vehicle@2.0-adayo-func-bcm: BCMFunc sendMessageFromVehicle_l prop: 0x21400031 ,areaId: 0x0  SPLITE_BIT_DATA_INTEGER : 0
05-27 18:08:20.122   351   516 D automotive.vehicle@2.0-adayo-func-bcm: BCMFunc sendMessageFromVehicle_l id:557842481, area:0 not report! 
05-27 18:08:20.122   351   516 D automotive.vehicle@2.0-adayo-func-bcm: BCMFunc sendMessageFromVehicle_l dataType: 12,mByte=20,propid=0x2140003a
05-27 18:08:20.122   351   516 D automotive.vehicle@2.0-adayo-func-bcm: BCMFunc sendMessageFromVehicle_l msgBuff[20]=0x10,start:5,len:3,temp:3,
05-27 18:08:20.122   351   516 D automotive.vehicle@2.0-adayo-func-bcm: BCMFunc sendMessageFromVehicle_l prop: 0x2140003a ,areaId: 0x0  SPLITE_BIT_DATA_INTEGER : 0
05-27 18:08:20.122   351   516 D automotive.vehicle@2.0-adayo-func-bcm: BCMFunc sendMessageFromVehicle_l id:557842490, area:0 not report! 
05-27 18:08:20.122   351   516 D automotive.vehicle@2.0-adayo-func-bcm: BCMFunc sendMessageFromVehicle_l dataType: 12,mByte=21,propid=0x2140008b
05-27 18:08:20.122   351   516 D automotive.vehicle@2.0-adayo-func-bcm: BCMFunc sendMessageFromVehicle_l msgBuff[21]=0x0,start:0,len:3,temp:3,
05-27 18:08:20.122   351   516 D automotive.vehicle@2.0-adayo-func-bcm: BCMFunc sendMessageFromVehicle_l prop: 0x2140008b ,areaId: 0x0  SPLITE_BIT_DATA_INTEGER : 0
05-27 18:08:20.122   351   516 D automotive.vehicle@2.0-adayo-func-bcm: BCMFunc sendMessageFromVehicle_l id:557842571, area:0 not report! 
05-27 18:08:20.122   299  1163 D EvsDriver: doneWithFrame
05-27 18:08:20.122   351   516 D automotive.vehicle@2.0-adayo-func-bcm: BCMFunc sendMessageFromVehicle_l dataType: 12,mByte=22,propid=0x2140008c
05-27 18:08:20.122   351   516 D automotive.vehicle@2.0-adayo-func-bcm: BCMFunc sendMessageFromVehicle_l msgBuff[22]=0x0,start:1,len:1,temp:1,
05-27 18:08:20.122   351   516 D automotive.vehicle@2.0-adayo-func-bcm: BCMFunc sendMessageFromVehicle_l prop: 0x2140008c ,areaId: 0x0  SPLITE_BIT_DATA_INTEGER : 0
05-27 18:08:20.122   351   516 D automotive.vehicle@2.0-adayo-func-bcm: BCMFunc sendMessageFromVehicle_l id:557842572, area:0 not report! 
05-27 18:08:20.122   351   516 D automotive.vehicle@2.0-adayo-func-bcm: BCMFunc sendMessageFromVehicle_l dataType: 12,mByte=23,propid=0x2140008e
