05-27 18:08:15.665   536   536 D commservice260303: send2Cluster len:316, 7B22636F6D6D616E64223A7B226964223A22696D755F737461747573222C22737562223A22227D2C22636F6E74656E74223A7B2254696D655374616D70223A382C224672616D65436F756E746572223A3139323639372C2247445F58223A2D302E3031303939343930323831313934343438352C2247445F59223A302E303035373235373936333334343435343736352C2247445F5A223A302E303032303630383238393633323934363235332C2241445F58223A2D302E303034373733373935363034373035383130352C2241445F59223A352E313138313639333536313337353134452D342C2241445F5A223A2D302E313731393033363130323239343932322C2254656D70447370223A302C22537461747573223A302C2243616C69625374617465223A312C22536967416D70496E76616C6964223A307D7D, 138 
05-27 18:08:15.665   536   536 D commservice260303: Push Message into SendPool fn=-1020525824
05-27 18:08:15.665   536   536 D commservice260303: ComProtocolLibSend2Cluster::send2ClusterRaw fn=-1020525824 , len=332
05-27 18:08:15.665   536   536 D commservice260303: sendCmdToPort :332!!!
05-27 18:08:15.665   536   536 D commservice260303: send Cmd To Port ++++5AA501488A0100032CC36A16C28F7B22636F6D6D616E64223A7B226964223A22696D755F737461747573222C22737562223A22227D2C22636F6E74656E74223A7B2254696D655374616D70223A382C224672616D65436F756E746572223A3139323639372C2247445F58223A2D302E3031303939343930323831313934343438352C2247445F59223A302E303035373235373936333334343435343736352C2247445F5A223A302E303032303630383238393633323934363235332C2241445F58223A2D302E303034373733373935363034373035383130352C2241445F59223A352E313138313639333536313337353134452D342C2241445F5A223A2D302E313731393033363130323239343932322C2254656D70447370223A302C22537461747573223A302C2243616C69625374617465223A312C22536967416D70496E76616C6964223A307D7DD5A8
05-27 18:08:15.665   536   536 D commservice260303: bufferevent_write retrun value = 0
05-27 18:08:15.666   536   560 D commservice260303: client datas send succeed,send finish
05-27 18:08:15.666 13911 14192 D Sentinelmode_1.2.5.17_sentry: <SentryImuClusterFgeSender>imu_status sent to Linux, frame=192697, tsNs=8362905, tsMs=8, intervalMs=39, ad=(-0.0047737956,5.1181694E-4,-0.17190361), gd=(-0.010994903,0.0057257963,0.002060829)
05-27 18:08:15.669  1008 30856 D [OMXB]  : usingANWBuffer: handle:0xee7433a0, format:1, w:1920, h:1080
05-27 18:08:15.670   581   581 I SpiService: fgesysctrl_getGPIO_status success val=1
05-27 07:59:24.634   581   581 D spi_rst_gpio_get_output: GPIO 145 value: 1
05-27 07:59:24.634   581   581 D spidev_ioctl: gpio status=1)
05-27 18:08:15.675   581   581 I SpiService: fgesysctrl_getGPIO_status success val=0
05-27 18:08:15.676 13911 14183 I SentryImuMcuAngleSender: 179.97548rollDeg
05-27 18:08:15.676 13911 14183 I SentryImuMcuAngleSender: 1,0,0
05-27 07:59:24.640   581   581 D spi_rst_gpio_get_output: GPIO 145 value: 0
05-27 07:59:24.640   581   581 D spidev_ioctl: gpio status=0)
05-27 18:08:15.680   299 30841 D EvsDriver: forwardFrame
05-27 18:08:15.681   299 30841 D EvsDriver: Delivered 0xb400007b7ca56a60 as id 0
05-27 18:08:15.681  1167  1184 D evsmanagerd: /dev/video4 forwarded the buffer #0 to 0xb4000074bf5f6850 from 0xb4000074bf5f41d0
05-27 18:08:15.682   299 30844 D EvsDriver: forwardFrame
05-27 18:08:15.685   299  1153 D EvsDriver: doneWithFrame
05-27 18:08:15.685   299 30844 D EvsDriver: Delivered 0xb400007b7ca56900 as id 0
05-27 18:08:15.685  1167  1184 D evsmanagerd: /dev/video6 forwarded the buffer #0 to 0xb4000074bf5f5510 from 0xb4000074bf5f6d90
05-27 18:08:15.686  1008 30857 D [OMXB]  : usingANWBuffer: handle:0xee7421c0, format:1, w:1920, h:1080
05-27 18:08:15.690   581   581 I SpiService: fgesysctrl_getGPIO_status success val=1
05-27 07:59:24.655   581   581 D spi_rst_gpio_get_output: GPIO 145 value: 1
05-27 07:59:24.655   581   581 D spidev_ioctl: gpio status=1)
05-27 18:08:15.691   299  1153 D EvsDriver: doneWithFrame
05-27 18:08:15.692   572   622 I Sensors : 230 AccelSensor: x:-0.168360,y:0.002440,z:-9.967400
05-27 18:08:15.696   283   307 I rvcservice: t.code = 3, t.value = 0
05-27 18:08:15.697   581   581 I SpiService: fgesysctrl_getGPIO_status success val=1
05-27 18:08:15.698 13911 14183 I SentryImuMcuAngleSender: 179.98598rollDeg
05-27 18:08:15.698 13911 14183 I SentryImuMcuAngleSender: 1,0,0
05-27 07:59:24.661   581   581 D spi_rst_gpio_get_output: GPIO 145 value: 1
05-27 07:59:24.661   581   581 D spidev_ioctl: gpio status=1)
05-27 18:08:15.702   581   581 I SpiService: fgesysctrl_getGPIO_status success val=1
05-27 18:08:15.705   536   536 D commservice260303: msg.id = 1028,0
05-27 18:08:15.705   536   536 D commservice260303: i = 170, msgid = 8A000404
05-27 18:08:15.705   536   536 D commservice260303: msgid = -1979710460,did=138
05-27 18:08:15.705   536   536 D commservice260303: CommProtocolLibCmdBaseI2C::dataproc {"command":{"id":"imu_status","sub":""},"content":{"TimeStamp":8,"FrameCounter":192698,"GD_X":-0.01091896090656519,"GD_Y":0.005802778527140617,"GD_Z":0.0022902146447449923,"AD_X":-0.002934187650680542,"AD_Y":-0.0013178051449358463,"AD_Z":-0.16214370727539062,"TempDsp":0,"Status":0,"CalibState":1,"SigAmpInvalid":0}},-1979710460
05-27 18:08:15.705   536   536 D commservice260303: send2Cluster len:316, 7B22636F6D6D616E64223A7B226964223A22696D755F737461747573222C22737562223A22227D2C22636F6E74656E74223A7B2254696D655374616D70223A382C224672616D65436F756E746572223A3139323639382C2247445F58223A2D302E30313039313839363039303635363531392C2247445F59223A302E3030353830323737383532373134303631372C2247445F5A223A302E303032323930323134363434373434393932332C2241445F58223A2D302E3030323933343138373635303638303534322C2241445F59223A2D302E303031333137383035313434393335383436332C2241445F5A223A2D302E31363231343337303732373533393036322C2254656D70447370223A302C22537461747573223A302C2243616C69625374617465223A312C22536967416D70496E76616C6964223A307D7D, 138 
05-27 18:08:15.705   536   536 D commservice260303: Push Message into SendPool fn=-1003748608
05-27 07:59:24.667   581   581 D spi_rst_gpio_get_output: GPIO 145 value: 1
05-27 18:08:15.705   536   536 D commservice260303: ComProtocolLibSend2Cluster::send2ClusterRaw fn=-1003748608 , len=332
05-27 07:59:24.667   581   581 D spidev_ioctl: gpio status=1)
05-27 18:08:15.705   536   536 D commservice260303: sendCmdToPort :332!!!
05-27 18:08:15.705   536   536 D commservice260303: send Cmd To Port ++++5AA501488A0100032CC46A16C28F7B22636F6D6D616E64223A7B226964223A22696D755F737461747573222C22737562223A22227D2C22636F6E74656E74223A7B2254696D655374616D70223A382C224672616D65436F756E746572223A3139323639382C2247445F58223A2D302E30313039313839363039303635363531392C2247445F59223A302E3030353830323737383532373134303631372C2247445F5A223A302E303032323930323134363434373434393932332C2241445F58223A2D302E3030323933343138373635303638303534322C2241445F59223A2D302E303031333137383035313434393335383436332C2241445F5A223A2D302E31363231343337303732373533393036322C2254656D70447370223A302C22537461747573223A302C2243616C69625374617465223A312C22536967416D70496E76616C6964223A307D7DA9BC
05-27 18:08:15.705   536   536 D commservice260303: bufferevent_write retrun value = 0
05-27 18:08:15.705   536   560 D commservice260303: client datas send succeed,send finish
05-27 18:08:15.705 13911 14192 D Sentinelmode_1.2.5.17_sentry: <SentryImuClusterFgeSender>imu_status sent to Linux, frame=192698, tsNs=8362942, tsMs=8, intervalMs=40, ad=(-0.0029341877,-0.0013178051,-0.1621437), gd=(-0.010918961,0.0058027785,0.0022902146)
05-27 18:08:15.706  1008 30856 D [OMXB]  : usingANWBuffer: handle:0xee744630, format:1, w:1920, h:1080
05-27 07:59:24.673   581   581 D spi_rst_gpio_get_output: GPIO 145 value: 1
05-27 07:59:24.673   581   581 D spidev_ioctl: gpio status=1)
05-27 18:08:15.708   581   581 I SpiService: fgesysctrl_getGPIO_status success val=1
05-27 18:08:15.715   581   581 I SpiService: fgesysctrl_getGPIO_status success val=1
05-27 07:59:24.679   581   581 D spi_rst_gpio_get_output: GPIO 145 value: 1
05-27 07:59:24.679   581   581 D spidev_ioctl: gpio status=1)
05-27 18:08:15.718 13911 14183 I SentryImuMcuAngleSender: 179.99649rollDeg
05-27 18:08:15.719 13911 14183 I SentryImuMcuAngleSender: 1,0,0
05-27 18:08:15.721   581   581 I SpiService: fgesysctrl_getGPIO_status success val=0
05-27 07:59:24.685   581   581 D spi_rst_gpio_get_output: GPIO 145 value: 0
05-27 07:59:24.685   581   581 D spidev_ioctl: gpio status=0)
05-27 18:08:15.723  1008 30857 D [OMXB]  : usingANWBuffer: handle:0xee744b00, format:1, w:1920, h:1080
05-27 18:08:15.724   299 30844 D EvsDriver: forwardFrame
05-27 18:08:15.726   299 30841 D EvsDriver: forwardFrame
05-27 18:08:15.726   299 30844 D EvsDriver: Delivered 0xb400007b7ca56900 as id 0
05-27 18:08:15.727  1167  1184 D evsmanagerd: /dev/video6 forwarded the buffer #0 to 0xb4000074bf5f5510 from 0xb4000074bf5f6d90
05-27 18:08:15.727   299 30841 D EvsDriver: Delivered 0xb400007b7ca56a60 as id 0
05-27 18:08:15.728  1167  1184 D evsmanagerd: /dev/video4 forwarded the buffer #0 to 0xb4000074bf5f6850 from 0xb4000074bf5f41d0
05-27 18:08:15.733   299  1153 D EvsDriver: doneWithFrame
05-27 18:08:15.737   299  1153 D EvsDriver: doneWithFrame
05-27 18:08:15.737   581   581 I SpiService: fgesysctrl_getGPIO_status success val=1
05-27 18:08:15.739 13911 14183 I SentryImuMcuAngleSender: 179.99298rollDeg
05-27 18:08:15.739 13911 14183 I SentryImuMcuAngleSender: 1,0,0
05-27 07:59:24.702   581   581 D spi_rst_gpio_get_output: GPIO 145 value: 1
05-27 07:59:24.702   581   581 D spidev_ioctl: gpio status=1)
05-27 18:08:15.743   581   581 I SpiService: fgesysctrl_getGPIO_status success val=1
05-27 18:08:15.744   536   536 D commservice260303: msg.id = 1028,0
05-27 18:08:15.744   536   536 D commservice260303: i = 170, msgid = 8A000404
05-27 18:08:15.744   536   536 D commservice260303: msgid = -1979710460,did=138
05-27 07:59:24.708   581   581 D spi_rst_gpio_get_output: GPIO 145 value: 1
05-27 07:59:24.708   581   581 D spidev_ioctl: gpio status=1)
05-27 18:08:15.744   536   536 D commservice260303: CommProtocolLibCmdBaseI2C::dataproc {"command":{"id":"imu_status","sub":""},"content":{"TimeStamp":8,"FrameCounter":192699,"GD_X":-0.012063807807862759,"GD_Y":0.004656890872865915,"GD_Z":0.0023671966046094894,"AD_X":-0.0041593462228775024,"AD_Y":0.0023538607638329268,"AD_Z":-0.169464111328125,"TempDsp":0,"Status":0,"CalibState":1,"SigAmpInvalid":0}},-1979710460
05-27 18:08:15.744   536   536 D commservice260303: send2Cluster len:315, 7B22636F6D6D616E64223A7B226964223A22696D755F737461747573222C22737562223A22227D2C22636F6E74656E74223A7B2254696D655374616D70223A382C224672616D65436F756E746572223A3139323639392C2247445F58223A2D302E3031323036333830373830373836323735392C2247445F59223A302E3030343635363839303837323836353931352C2247445F5A223A302E303032333637313936363034363039343839342C2241445F58223A2D302E303034313539333436323232383737353032342C2241445F59223A302E303032333533383630373633383332393236382C2241445F5A223A2D302E3136393436343131313332383132352C2254656D70447370223A302C22537461747573223A302C2243616C69625374617465223A312C22536967416D70496E76616C6964223A307D7D, 138 
05-27 18:08:15.744   536   536 D commservice260303: Push Message into SendPool fn=-986971392
05-27 18:08:15.744   536   536 D commservice260303: ComProtocolLibSend2Cluster::send2ClusterRaw fn=-986971392 , len=331
05-27 18:08:15.744   536   536 D commservice260303: sendCmdToPort :331!!!
05-27 18:08:15.744   536   536 D commservice260303: send Cmd To Port ++++5AA501478A0100032CC56A16C28F7B22636F6D6D616E64223A7B226964223A22696D755F737461747573222C22737562223A22227D2C22636F6E74656E74223A7B2254696D655374616D70223A382C224672616D65436F756E746572223A3139323639392C2247445F58223A2D302E3031323036333830373830373836323735392C2247445F59223A302E3030343635363839303837323836353931352C2247445F5A223A302E303032333637313936363034363039343839342C2241445F58223A2D302E303034313539333436323232383737353032342C2241445F59223A302E303032333533383630373633383332393236382C2241445F5A223A2D302E3136393436343131313332383132352C2254656D70447370223A302C22537461747573223A302C2243616C69625374617465223A312C22536967416D70496E76616C6964223A307D7D2923
05-27 18:08:15.745   536   536 D commservice260303: bufferevent_write retrun value = 0
05-27 18:08:15.745   536   560 D commservice260303: client datas send succeed,send finish
05-27 18:08:15.745 13911 14192 D Sentinelmode_1.2.5.17_sentry: <SentryImuClusterFgeSender>imu_status sent to Linux, frame=192699, tsNs=8362994, tsMs=8, intervalMs=39, ad=(-0.004159346,0.0023538608,-0.16946411), gd=(-0.012063808,0.004656891,0.0023671966)
05-27 18:08:15.748  1008 30856 D [OMXB]  : usingANWBuffer: handle:0xee7454a0, format:1, w:1920, h:1080
05-27 18:08:15.748   581   581 I SpiService: fgesysctrl_getGPIO_status success val=1
05-27 07:59:24.713   581   581 D spi_rst_gpio_get_output: GPIO 145 value: 1
05-27 07:59:24.713   581   581 D spidev_ioctl: gpio status=1)
05-27 18:08:15.753   299 30844 D EvsDriver: forwardFrame
05-27 18:08:15.753   299 30841 D EvsDriver: forwardFrame
05-27 18:08:15.756   581   581 I SpiService: fgesysctrl_getGPIO_status success val=0
05-27 18:08:15.756   299 30844 D EvsDriver: Delivered 0xb400007b7ca56900 as id 0
05-27 18:08:15.756  1167  1184 D evsmanagerd: /dev/video6 forwarded the buffer #0 to 0xb4000074bf5f5510 from 0xb4000074bf5f6d90
05-27 18:08:15.756   299 30841 D EvsDriver: Delivered 0xb400007b7ca56a60 as id 0
05-27 18:08:15.757  1167  1184 D evsmanagerd: /dev/video4 forwarded the buffer #0 to 0xb4000074bf5f6850 from 0xb4000074bf5f41d0
05-27 07:59:24.720   581   581 D spi_rst_gpio_get_output: GPIO 145 value: 0
05-27 07:59:24.720   581   581 D spidev_ioctl: gpio status=0)
05-27 18:08:15.758 13911 14183 I SentryImuMcuAngleSender: 179.96497rollDeg
05-27 18:08:15.758 13911 14183 I SentryImuMcuAngleSender: 1,0,0
05-27 18:08:15.760   299  1153 D EvsDriver: doneWithFrame
05-27 18:08:15.763   299  1153 D EvsDriver: doneWithFrame
05-27 18:08:15.771  1008 30857 D [OMXB]  : usingANWBuffer: handle:0xee743870, format:1, w:1920, h:1080
05-27 18:08:15.772   581   581 I SpiService: fgesysctrl_getGPIO_status success val=1
05-27 07:59:24.736   581   581 D spi_rst_gpio_get_output: GPIO 145 value: 1
05-27 07:59:24.736   581   581 D spidev_ioctl: gpio status=1)
05-27 18:08:15.777   581   581 I SpiService: fgesysctrl_getGPIO_status success val=1
05-27 18:08:15.778 13911 14183 I SentryImuMcuAngleSender: 179.95796rollDeg
05-27 18:08:15.778 13911 14183 I SentryImuMcuAngleSender: 1,0,0
05-27 18:08:15.780   572   572 I Sensors : 230 GyroSensor: x:-0.011835,y:0.005650,z:0.002519
05-27 07:59:24.742   581   581 D spi_rst_gpio_get_output: GPIO 145 value: 1
05-27 07:59:24.742   581   581 D spidev_ioctl: gpio status=1)
05-27 18:08:15.783   581   581 I SpiService: fgesysctrl_getGPIO_status success val=1
05-27 18:08:15.785   536   536 D commservice260303: msg.id = 1028,0
05-27 07:59:24.748   581   581 D spi_rst_gpio_get_output: GPIO 145 value: 1
05-27 07:59:24.748   581   581 D spidev_ioctl: gpio status=1)
05-27 18:08:15.785   536   536 D commservice260303: i = 170, msgid = 8A000404
05-27 18:08:15.785   536   536 D commservice260303: msgid = -1979710460,did=138
05-27 18:08:15.785   536   536 D commservice260303: CommProtocolLibCmdBaseI2C::dataproc {"command":{"id":"imu_status","sub":""},"content":{"TimeStamp":8,"FrameCounter":192700,"GD_X":-0.011834942735731602,"GD_Y":0.0056498548947274685,"GD_Z":0.002519079949706793,"AD_X":-0.0041473060846328735,"AD_Y":0.002335430821403861,"AD_Z":-0.170074462890625,"TempDsp":0,"Status":0,"CalibState":1,"SigAmpInvalid":0}},-1979710460
05-27 18:08:15.785   536   536 D commservice260303: send2Cluster len:314, 7B22636F6D6D616E64223A7B226964223A22696D755F737461747573222C22737562223A22227D2C22636F6E74656E74223A7B2254696D655374616D70223A382C224672616D65436F756E746572223A3139323730302C2247445F58223A2D302E3031313833343934323733353733313630322C2247445F59223A302E303035363439383534383934373237343638352C2247445F5A223A302E3030323531393037393934393730363739332C2241445F58223A2D302E303034313437333036303834363332383733352C2241445F59223A302E3030323333353433303832313430333836312C2241445F5A223A2D302E3137303037343436323839303632352C2254656D70447370223A302C22537461747573223A302C2243616C69625374617465223A312C22536967416D70496E76616C6964223A307D7D, 138 
05-27 18:08:15.785   536   536 D commservice260303: Push Message into SendPool fn=-970194176
05-27 18:08:15.785   536   536 D commservice260303: ComProtocolLibSend2Cluster::send2ClusterRaw fn=-970194176 , len=330
05-27 18:08:15.785   536   536 D commservice260303: sendCmdToPort :330!!!
05-27 18:08:15.785   536   536 D commservice260303: send Cmd To Port ++++5AA501468A0100032CC66A16C28F7B22636F6D6D616E64223A7B226964223A22696D755F737461747573222C22737562223A22227D2C22636F6E74656E74223A7B2254696D655374616D70223A382C224672616D65436F756E746572223A3139323730302C2247445F58223A2D302E3031313833343934323733353733313630322C2247445F59223A302E303035363439383534383934373237343638352C2247445F5A223A302E3030323531393037393934393730363739332C2241445F58223A2D302E303034313437333036303834363332383733352C2241445F59223A302E3030323333353433303832313430333836312C2241445F5A223A2D302E3137303037343436323839303632352C2254656D70447370223A302C22537461747573223A302C2243616C69625374617465223A312C22536967416D70496E76616C6964223A307D7D75ED
05-27 18:08:15.785   536   536 D commservice260303: bufferevent_write retrun value = 0
05-27 18:08:15.785   536   560 D commservice260303: client datas send succeed,send finish
05-27 18:08:15.785 13911 14192 D Sentinelmode_1.2.5.17_sentry: <SentryImuClusterFgeSender>imu_status sent to Linux, frame=192700, tsNs=8363030, tsMs=8, intervalMs=41, ad=(-0.004147306,0.0023354308,-0.17007446), gd=(-0.011834943,0.005649855,0.00251908)
05-27 18:08:15.787  1008 30856 D [OMXB]  : usingANWBuffer: handle:0xee740dd0, format:1, w:1920, h:1080
05-27 18:08:15.789   581   581 I SpiService: fgesysctrl_getGPIO_status success val=1
05-27 18:08:15.791   299 30841 D EvsDriver: forwardFrame
05-27 07:59:24.754   581   581 D spi_rst_gpio_get_output: GPIO 145 value: 1
05-27 07:59:24.754   581   581 D spidev_ioctl: gpio status=1)
05-27 18:08:15.793   299 30844 D EvsDriver: forwardFrame
05-27 18:08:15.795   581   581 I SpiService: fgesysctrl_getGPIO_status success val=1
05-27 18:08:15.796  1167  1184 D evsmanagerd: /dev/video6 forwarded the buffer #0 to 0xb4000074bf5f5510 from 0xb4000074bf5f6d90
05-27 18:08:15.796   299 30844 D EvsDriver: Delivered 0xb400007b7ca56900 as id 0
05-27 18:08:15.796   283   307 I rvcservice: t.code = 4, t.value = 0
05-27 18:08:15.797  1167  1184 D evsmanagerd: /dev/video4 forwarded the buffer #0 to 0xb4000074bf5f6850 from 0xb4000074bf5f41d0
05-27 18:08:15.800 13911 14183 I SentryImuMcuAngleSender: 179.96497rollDeg
05-27 18:08:15.800 13911 14183 I SentryImuMcuAngleSender: 1,0,0
05-27 18:08:15.801   299  1153 D EvsDriver: doneWithFrame
05-27 18:08:15.801   299 30841 D EvsDriver: Delivered 0xb400007b7ca56a60 as id 0
05-27 18:08:15.801   581   581 I SpiService: fgesysctrl_getGPIO_status success val=0
05-27 18:08:15.805   299  1153 D EvsDriver: doneWithFrame
05-27 07:59:24.760   581   581 D spidev_ioctl: gpio status=1)
05-27 07:59:24.766   581   581 D spi_rst_gpio_get_output: GPIO 145 value: 0
05-27 07:59:24.766   581   581 D spidev_ioctl: gpio status=0)
05-27 18:08:15.815  1008 30857 D [OMXB]  : usingANWBuffer: handle:0xee742480, format:1, w:1920, h:1080
05-27 18:08:15.817   581   581 I SpiService: fgesysctrl_getGPIO_status success val=1
05-27 07:59:24.781   581   581 D spi_rst_gpio_get_output: GPIO 145 value: 1
05-27 18:08:15.817   299 30844 D EvsDriver: forwardFrame
05-27 18:08:15.817   299 30841 D EvsDriver: forwardFrame
05-27 07:59:24.781   581   581 D spidev_ioctl: gpio status=1)
05-27 18:08:15.820  1167  1184 D evsmanagerd: /dev/video6 forwarded the buffer #0 to 0xb4000074bf5f5510 from 0xb4000074bf5f6d90
05-27 18:08:15.821 30773 30781 E dvr_service_: [myNum:1] Received S**** loss
05-27 18:08:15.821   299 30844 D EvsDriver: Delivered 0xb400007b7ca56900 as id 0
05-27 18:08:15.821   299  1153 D EvsDriver: doneWithFrame
05-27 18:08:15.823   581   581 I SpiService: fgesysctrl_getGPIO_status success val=1
05-27 18:08:15.824 13911 14183 I SentryImuMcuAngleSender: 180.0rollDeg
05-27 18:08:15.824 13911 14183 I SentryImuMcuAngleSender: 1,0,0
05-27 18:08:15.824  1008 30856 D [OMXB]  : usingANWBuffer: handle:0xee744000, format:1, w:1920, h:1080
05-27 18:08:15.824   536   536 D commservice260303: msg.id = 1028,0
05-27 18:08:15.824   536   536 D commservice260303: i = 170, msgid = 8A000404
05-27 18:08:15.824   536   536 D commservice260303: msgid = -1979710460,did=138
05-27 18:08:15.824   536   536 D commservice260303: CommProtocolLibCmdBaseI2C::dataproc {"command":{"id":"imu_status","sub":""},"content":{"TimeStamp":8,"FrameCounter":192701,"GD_X":-0.011682018637657166,"GD_Y":0.005039200186729431,"GD_Z":0.002443138277158141,"AD_X":-0.0023207515478134155,"AD_Y":-0.0037518406752496958,"AD_Z":-0.1682453155517578,"TempDsp":0,"Status":0,"CalibState":1,"SigAmpInvalid":0}},-1979710460
05-27 18:08:15.825   536   536 D commservice260303: send2Cluster len:316, 7B22636F6D6D616E64223A7B226964223A22696D755F737461747573222C22737562223A22227D2C22636F6E74656E74223A7B2254696D655374616D70223A382C224672616D65436F756E746572223A3139323730312C2247445F58223A2D302E3031313638323031383633373635373136362C2247445F59223A302E3030353033393230303138363732393433312C2247445F5A223A302E3030323434333133383237373135383134312C2241445F58223A2D302E303032333230373531353437383133343135352C2241445F59223A2D302E303033373531383430363735323439363935382C2241445F5A223A2D302E313638323435333135353531373537382C2254656D70447370223A302C22537461747573223A302C2243616C69625374617465223A312C22536967416D70496E76616C6964223A307D7D, 138 
05-27 18:08:15.825   536   536 D commservice260303: Push Message into SendPool fn=-953416960
05-27 18:08:15.825   536   536 D commservice260303: ComProtocolLibSend2Cluster::send2ClusterRaw fn=-953416960 , len=332
05-27 18:08:15.825   536   536 D commservice260303: sendCmdToPort :332!!!
05-27 18:08:15.825   536   536 D commservice260303: send Cmd To Port ++++5AA501488A0100032CC76A16C28F7B22636F6D6D616E64223A7B226964223A22696D755F737461747573222C22737562223A22227D2C22636F6E74656E74223A7B2254696D655374616D70223A382C224672616D65436F756E746572223A3139323730312C2247445F58223A2D302E3031313638323031383633373635373136362C2247445F59223A302E3030353033393230303138363732393433312C2247445F5A223A302E3030323434333133383237373135383134312C2241445F58223A2D302E303032333230373531353437383133343135352C2241445F59223A2D302E303033373531383430363735323439363935382C2241445F5A223A2D302E313638323435333135353531373537382C2254656D70447370223A302C22537461747573223A302C2243616C69625374617465223A312C22536967416D70496E76616C6964223A307D7D9AC6
05-27 18:08:15.825   536   536 D commservice260303: bufferevent_write retrun value = 0
05-27 18:08:15.825   536   560 D commservice260303: client datas send succeed,send finish
05-27 18:08:15.825 30773 30789 I dvr_service_: Camera 0: Buffer reuse stats - Total: 158700, Reused: 78392, New: 80308, Rate: 49.4%
05-27 18:08:15.825 13911 14192 D Sentinelmode_1.2.5.17_sentry: <SentryImuClusterFgeSender>imu_status sent to Linux, frame=192701, tsNs=8363066, tsMs=8, intervalMs=40, ad=(-0.0023207515,-0.0037518407,-0.16824532), gd=(-0.011682019,0.0050392,0.0024431383)
05-27 07:59:24.787   581   581 D spi_rst_gpio_get_output: GPIO 145 value: 1
05-27 07:59:24.787   581   581 D spidev_ioctl: gpio status=1)
05-27 18:08:15.826   299 30841 D EvsDriver: Delivered 0xb400007b7ca56a60 as id 0
05-27 18:08:15.826  1167  1184 D evsmanagerd: /dev/video4 forwarded the buffer #0 to 0xb4000074bf5f6850 from 0xb4000074bf5f41d0
05-27 18:08:15.826 30773 30781 E dvr_service_: [myNum:0] Received S**** loss
05-27 18:08:15.827   299  1153 D EvsDriver: doneWithFrame
05-27 07:59:24.793   581   581 D spi_rst_gpio_get_output: GPIO 145 value: 1
05-27 07:59:24.793   581   581 D spidev_ioctl: gpio status=1)
05-27 18:08:15.829   581   581 I SpiService: fgesysctrl_getGPIO_status success val=1
05-27 18:08:15.834   581   581 I SpiService: fgesysctrl_getGPIO_status success val=1
05-27 07:59:24.799   581   581 D spi_rst_gpio_get_output: GPIO 145 value: 1
05-27 07:59:24.799   581   581 D spidev_ioctl: gpio status=1)
05-27 18:08:15.840   581   581 I SpiService: fgesysctrl_getGPIO_status success val=0
05-27 07:59:24.804   581   581 D spi_rst_gpio_get_output: GPIO 145 value: 0
05-27 07:59:24.804   581   581 D spidev_ioctl: gpio status=0)
05-27 18:08:15.842  1008 30857 D [OMXB]  : usingANWBuffer: handle:0xee7437c0, format:1, w:1920, h:1080
05-27 18:08:15.844 13911 14183 I SentryImuMcuAngleSender: -179.993rollDeg
05-27 18:08:15.844 13911 14183 I SentryImuMcuAngleSender: 1,0,0
05-27 18:08:15.846   299 30844 D EvsDriver: forwardFrame
05-27 18:08:15.848   299 30844 D EvsDriver: Delivered 0xb400007b7ca56900 as id 0
05-27 18:08:15.848  1167  1184 D evsmanagerd: /dev/video6 forwarded the buffer #0 to 0xb4000074bf5f5510 from 0xb4000074bf5f6d90
05-27 18:08:15.853   299 30841 D EvsDriver: forwardFrame
05-27 18:08:15.853   299  1153 D EvsDriver: doneWithFrame
05-27 18:08:15.854   581   581 I SpiService: fgesysctrl_getGPIO_status success val=1
05-27 18:08:15.856   299 30841 D EvsDriver: Delivered 0xb400007b7ca56a60 as id 0
05-27 18:08:15.856  1167  1184 D evsmanagerd: /dev/video4 forwarded the buffer #0 to 0xb4000074bf5f6850 from 0xb4000074bf5f41d0
05-27 07:59:24.819   581   581 D spi_rst_gpio_get_output: GPIO 145 value: 1
05-27 07:59:24.819   581   581 D spidev_ioctl: gpio status=1)
05-27 18:08:15.859   299  1153 D EvsDriver: doneWithFrame
05-27 18:08:15.860   581   581 I SpiService: fgesysctrl_getGPIO_status success val=1
05-27 18:08:15.860  1008 30856 D [OMXB]  : usingANWBuffer: handle:0xee740590, format:1, w:1920, h:1080
05-27 07:59:24.824   581   581 D spi_rst_gpio_get_output: GPIO 145 value: 1
05-27 07:59:24.824   581   581 D spidev_ioctl: gpio status=1)
05-27 18:08:15.865 13911 14183 I SentryImuMcuAngleSender: 179.986rollDeg
05-27 18:08:15.865 13911 14183 I SentryImuMcuAngleSender: 1,0,0
05-27 18:08:15.865   581   581 I SpiService: fgesysctrl_getGPIO_status success val=1
05-27 18:08:15.866   536   536 D commservice260303: msg.id = 1028,0
05-27 18:08:15.866   536   536 D commservice260303: i = 170, msgid = 8A000404
05-27 18:08:15.866   536   536 D commservice260303: msgid = -1979710460,did=138
05-27 18:08:15.866   536   536 D commservice260303: CommProtocolLibCmdBaseI2C::dataproc {"command":{"id":"imu_status","sub":""},"content":{"TimeStamp":8,"FrameCounter":192702,"GD_X":-0.011834942735731602,"GD_Y":0.005573912989348173,"GD_Z":0.002443138277158141,"AD_X":-0.007788166403770447,"AD_Y":-0.0012916496489197016,"AD_Z":-0.1719036102294922,"TempDsp":0,"Status":0,"CalibState":1,"SigAmpInvalid":0}},-1979710460
05-27 18:08:15.866   536   536 D commservice260303: send2Cluster len:315, 7B22636F6D6D616E64223A7B226964223A22696D755F737461747573222C22737562223A22227D2C22636F6E74656E74223A7B2254696D655374616D70223A382C224672616D65436F756E746572223A3139323730322C2247445F58223A2D302E3031313833343934323733353733313630322C2247445F59223A302E3030353537333931323938393334383137332C2247445F5A223A302E3030323434333133383237373135383134312C2241445F58223A2D302E3030373738383136363430333737303434372C2241445F59223A2D302E303031323931363439363438393139373031362C2241445F5A223A2D302E313731393033363130323239343932322C2254656D70447370223A302C22537461747573223A302C2243616C69625374617465223A312C22536967416D70496E76616C6964223A307D7D, 138 
05-27 18:08:15.866   536   536 D commservice260303: Push Message into SendPool fn=-936639744
05-27 18:08:15.866   536   536 D commservice260303: ComProtocolLibSend2Cluster::send2ClusterRaw fn=-936639744 , len=331
05-27 18:08:15.866   536   536 D commservice260303: sendCmdToPort :331!!!
05-27 18:08:15.866   536   536 D commservice260303: send Cmd To Port ++++5AA501478A0100032CC86A16C28F7B22636F6D6D616E64223A7B226964223A22696D755F737461747573222C22737562223A22227D2C22636F6E74656E74223A7B2254696D655374616D70223A382C224672616D65436F756E746572223A3139323730322C2247445F58223A2D302E3031313833343934323733353733313630322C2247445F59223A302E3030353537333931323938393334383137332C2247445F5A223A302E3030323434333133383237373135383134312C2241445F58223A2D302E3030373738383136363430333737303434372C2241445F59223A2D302E303031323931363439363438393139373031362C2241445F5A223A2D302E313731393033363130323239343932322C2254656D70447370223A302C22537461747573223A302C2243616C69625374617465223A312C22536967416D70496E76616C6964223A307D7D2728
05-27 18:08:15.866   536   536 D commservice260303: bufferevent_write retrun value = 0
05-27 18:08:15.866   536   560 D commservice260303: client datas send succeed,send finish
05-27 18:08:15.866 13911 14192 D Sentinelmode_1.2.5.17_sentry: <SentryImuClusterFgeSender>imu_status sent to Linux, frame=192702, tsNs=8363101, tsMs=8, intervalMs=41, ad=(-0.0077881664,-0.0012916496,-0.17190361), gd=(-0.011834943,0.005573913,0.0024431383)
05-27 07:59:24.830   581   581 D spi_rst_gpio_get_output: GPIO 145 value: 1
05-27 07:59:24.830   581   581 D spidev_ioctl: gpio status=1)
05-27 18:08:15.871   581   581 I SpiService: fgesysctrl_getGPIO_status success val=1
05-27 07:59:24.835   581   581 D spi_rst_gpio_get_output: GPIO 145 value: 1
05-27 07:59:24.835   581   581 D spidev_ioctl: gpio status=1)
05-27 18:08:15.874   299 30844 D EvsDriver: forwardFrame
05-27 18:08:15.875   299 30844 D EvsDriver: Delivered 0xb400007b7ca56900 as id 0
05-27 18:08:15.875  1167  1184 D evsmanagerd: /dev/video6 forwarded the buffer #0 to 0xb4000074bf5f5510 from 0xb4000074bf5f6d90
05-27 18:08:15.876   581   581 I SpiService: fgesysctrl_getGPIO_status success val=1
05-27 07:59:24.841   581   581 D spi_rst_gpio_get_output: GPIO 145 value: 1
05-27 07:59:24.841   581   581 D spidev_ioctl: gpio status=1)
05-27 18:08:15.878   299  1153 D EvsDriver: doneWithFrame
05-27 18:08:15.879   299 30841 D EvsDriver: forwardFrame
05-27 18:08:15.881   299 30841 D EvsDriver: Delivered 0xb400007b7ca56a60 as id 0
05-27 18:08:15.881  1167  1184 D evsmanagerd: /dev/video4 forwarded the buffer #0 to 0xb4000074bf5f6850 from 0xb4000074bf5f41d0
05-27 18:08:15.882   581   581 I SpiService: fgesysctrl_getGPIO_status success val=0
05-27 07:59:24.847   581   581 D spi_rst_gpio_get_output: GPIO 145 value: 0
05-27 07:59:24.847   581   581 D spidev_ioctl: gpio status=0)
05-27 18:08:15.885  1008 30857 D [OMXB]  : usingANWBuffer: handle:0xee7469f0, format:1, w:1920, h:1080
05-27 18:08:15.885   299  1153 D EvsDriver: doneWithFrame
05-27 18:08:15.886 13911 14183 I SentryImuMcuAngleSender: 179.96497rollDeg
05-27 18:08:15.887   572   622 I Sensors : 230 AccelSensor: x:-0.173239,y:0.005490,z:-9.972281
05-27 18:08:15.887 13911 14183 I SentryImuMcuAngleSender: 1,0,0
05-27 18:08:15.897   283   307 I rvcservice: t.code = 3, t.value = 0
05-27 18:08:15.897   581   581 I SpiService: fgesysctrl_getGPIO_status success val=1
05-27 18:08:15.899  1008 30856 D [OMXB]  : usingANWBuffer: handle:0xee746310, format:1, w:1920, h:1080
05-27 07:59:24.862   581   581 D spi_rst_gpio_get_output: GPIO 145 value: 1
05-27 07:59:24.862   581   581 D spidev_ioctl: gpio status=1)
05-27 18:08:15.903   581   581 I SpiService: fgesysctrl_getGPIO_status success val=1
05-27 07:59:24.867   581   581 D spi_rst_gpio_get_output: GPIO 145 value: 1
05-27 07:59:24.867   581   581 D spidev_ioctl: gpio status=1)
05-27 18:08:15.905   536   536 D commservice260303: msg.id = 1028,0
05-27 18:08:15.905   536   536 D commservice260303: i = 170, msgid = 8A000404
05-27 18:08:15.905   536   536 D commservice260303: msgid = -1979710460,did=138
05-27 18:08:15.905   536   536 D commservice260303: CommProtocolLibCmdBaseI2C::dataproc {"command":{"id":"imu_status","sub":""},"content":{"TimeStamp":8,"FrameCounter":192703,"GD_X":-0.01160607673227787,"GD_Y":0.004656890872865915,"GD_Z":0.0026720035821199417,"AD_X":-0.007752701640129089,"AD_Y":0.0017456214409321547,"AD_Z":-0.1670246124267578,"TempDsp":0,"Status":0,"CalibState":1,"SigAmpInvalid":0}},-1979710460
05-27 18:08:15.905   536   536 D commservice260303: send2Cluster len:314, 7B22636F6D6D616E64223A7B226964223A22696D755F737461747573222C22737562223A22227D2C22636F6E74656E74223A7B2254696D655374616D70223A382C224672616D65436F756E746572223A3139323730332C2247445F58223A2D302E30313136303630373637333232373738372C2247445F59223A302E3030343635363839303837323836353931352C2247445F5A223A302E303032363732303033353832313139393431372C2241445F58223A2D302E3030373735323730313634303132393038392C2241445F59223A302E303031373435363231343430393332313534372C2241445F5A223A2D302E313637303234363132343236373537382C2254656D70447370223A302C22537461747573223A302C2243616C69625374617465223A312C22536967416D70496E76616C6964223A307D7D, 138 
05-27 18:08:15.905   536   536 D commservice260303: Push Message into SendPool fn=-919862528
05-27 18:08:15.905   536   536 D commservice260303: ComProtocolLibSend2Cluster::send2ClusterRaw fn=-919862528 , len=330
05-27 18:08:15.905   536   536 D commservice260303: sendCmdToPort :330!!!
05-27 18:08:15.906   536   536 D commservice260303: send Cmd To Port ++++5AA501468A0100032CC96A16C28F7B22636F6D6D616E64223A7B226964223A22696D755F737461747573222C22737562223A22227D2C22636F6E74656E74223A7B2254696D655374616D70223A382C224672616D65436F756E746572223A3139323730332C2247445F58223A2D302E30313136303630373637333232373738372C2247445F59223A302E3030343635363839303837323836353931352C2247445F5A223A302E303032363732303033353832313139393431372C2241445F58223A2D302E3030373735323730313634303132393038392C2241445F59223A302E303031373435363231343430393332313534372C2241445F5A223A2D302E313637303234363132343236373537382C2254656D70447370223A302C22537461747573223A302C2243616C69625374617465223A312C22536967416D70496E76616C6964223A307D7D30BD
05-27 18:08:15.906   536   536 D commservice260303: bufferevent_write retrun value = 0
05-27 18:08:15.906   536   560 D commservice260303: client datas send succeed,send finish
05-27 18:08:15.906 13911 14192 D Sentinelmode_1.2.5.17_sentry: <SentryImuClusterFgeSender>imu_status sent to Linux, frame=192703, tsNs=8363155, tsMs=8, intervalMs=40, ad=(-0.0077527016,0.0017456214,-0.16702461), gd=(-0.011606077,0.004656891,0.0026720036)
05-27 18:08:15.907 13911 14183 I SentryImuMcuAngleSender: 179.98247rollDeg
05-27 18:08:15.907 13911 14183 I SentryImuMcuAngleSender: 1,0,0
05-27 18:08:15.908   581   581 I SpiService: fgesysctrl_getGPIO_status success val=1
05-27 07:59:24.873   581   581 D spi_rst_gpio_get_output: GPIO 145 value: 1
05-27 07:59:24.873   581   581 D spidev_ioctl: gpio status=1)
05-27 18:08:15.911   299 30844 D EvsDriver: forwardFrame
05-27 18:08:15.913  1167  1184 D evsmanagerd: /dev/video6 forwarded the buffer #0 to 0xb4000074bf5f5510 from 0xb4000074bf5f6d90
05-27 18:08:15.913   299 30844 D EvsDriver: Delivered 0xb400007b7ca56900 as id 0
05-27 18:08:15.913   299 30841 D EvsDriver: forwardFrame
05-27 18:08:15.914   581   581 I SpiService: fgesysctrl_getGPIO_status success val=1
05-27 18:08:15.916   299  1153 D EvsDriver: doneWithFrame
05-27 18:08:15.916   299 30841 D EvsDriver: Delivered 0xb400007b7ca56a60 as id 0
05-27 18:08:15.916  1167  1184 D evsmanagerd: /dev/video4 forwarded the buffer #0 to 0xb4000074bf5f6850 from 0xb4000074bf5f41d0
05-27 07:59:24.878   581   581 D spi_rst_gpio_get_output: GPIO 145 value: 1
05-27 07:59:24.878   581   581 D spidev_ioctl: gpio status=1)
05-27 18:08:15.920   581   581 I SpiService: fgesysctrl_getGPIO_status success val=0
05-27 07:59:24.884   581   581 D spi_rst_gpio_get_output: GPIO 145 value: 0
05-27 07:59:24.884   581   581 D spidev_ioctl: gpio status=0)
05-27 18:08:15.921   299  1153 D EvsDriver: doneWithFrame
05-27 18:08:15.925  1008 30856 D [OMXB]  : usingANWBuffer: handle:0xee7404e0, format:1, w:1920, h:1080
05-27 18:08:15.927 13911 14183 I SentryImuMcuAngleSender: 179.98598rollDeg
05-27 18:08:15.927 13911 14183 I SentryImuMcuAngleSender: 1,0,0
05-27 18:08:15.934   581   581 I SpiService: fgesysctrl_getGPIO_status success val=1
05-27 07:59:24.899   581   581 D spi_rst_gpio_get_output: GPIO 145 value: 1
05-27 07:59:24.899   581   581 D spidev_ioctl: gpio status=1)
05-27 18:08:15.940   581   581 I SpiService: fgesysctrl_getGPIO_status success val=1
05-27 07:59:24.905   581   581 D spi_rst_gpio_get_output: GPIO 145 value: 1
05-27 07:59:24.905   581   581 D spidev_ioctl: gpio status=1)
05-27 18:08:15.942  1008 30857 D [OMXB]  : usingANWBuffer: handle:0xee741b90, format:1, w:1920, h:1080
05-27 18:08:15.942 30773 30789 I dvr_service_: Camera 1: MediaOK:67207463, frames:1550, isKeyFrame:0,pts:8362845004
05-27 18:08:15.942   299 30841 D EvsDriver: forwardFrame
05-27 18:08:15.944   299 30841 D EvsDriver: Delivered 0xb400007b7ca56a60 as id 0
05-27 18:08:15.944  1167  1184 D evsmanagerd: /dev/video4 forwarded the buffer #0 to 0xb4000074bf5f6850 from 0xb4000074bf5f41d0
05-27 18:08:15.946   581   581 I SpiService: fgesysctrl_getGPIO_status success val=1
05-27 18:08:15.946   299 30844 D EvsDriver: forwardFrame
05-27 18:08:15.947   299 30844 D EvsDriver: Delivered 0xb400007b7ca56900 as id 0
05-27 18:08:15.947  1167  1184 D evsmanagerd: /dev/video6 forwarded the buffer #0 to 0xb4000074bf5f5510 from 0xb4000074bf5f6d90
05-27 18:08:15.947   299  1153 D EvsDriver: doneWithFrame
05-27 18:08:15.947   536   536 D commservice260303: msg.id = 1028,1
05-27 18:08:15.947   536   536 D commservice260303: i = 170, msgid = 8A000404
05-27 18:08:15.947   536   536 D commservice260303: msgid = -1979710460,did=138
05-27 18:08:15.947   536   536 D commservice260303: CommProtocolLibCmdBaseI2C::dataproc {"command":{"id":"imu_status","sub":""},"content":{"TimeStamp":8,"FrameCounter":192704,"GD_X":-0.010841978713870049,"GD_Y":0.0056498548947274685,"GD_Z":0.002443138277158141,"AD_X":-0.004077419638633728,"AD_Y":-0.0019015175057575107,"AD_Z":-0.1682453155517578,"TempDsp":0,"Status":0,"CalibState":1,"SigAmpInvalid":0}},-1979710460
05-27 18:08:15.947   536   536 D commservice260303: send2Cluster len:316, 7B22636F6D6D616E64223A7B226964223A22696D755F737461747573222C22737562223A22227D2C22636F6E74656E74223A7B2254696D655374616D70223A382C224672616D65436F756E746572223A3139323730342C2247445F58223A2D302E3031303834313937383731333837303034392C2247445F59223A302E303035363439383534383934373237343638352C2247445F5A223A302E3030323434333133383237373135383134312C2241445F58223A2D302E3030343037373431393633383633333732382C2241445F59223A2D302E303031393031353137353035373537353130372C2241445F5A223A2D302E313638323435333135353531373537382C2254656D70447370223A302C22537461747573223A302C2243616C69625374617465223A312C22536967416D70496E76616C6964223A307D7D, 138 
05-27 18:08:15.947   536   536 D commservice260303: Push Message into SendPool fn=-903085312
05-27 18:08:15.947   536   536 D commservice260303: ComProtocolLibSend2Cluster::send2ClusterRaw fn=-903085312 , len=332
05-27 18:08:15.947   536   536 D commservice260303: sendCmdToPort :332!!!
05-27 18:08:15.948   536   536 D commservice260303: send Cmd To Port ++++5AA501488A0100032CCA6A16C28F7B22636F6D6D616E64223A7B226964223A22696D755F737461747573222C22737562223A22227D2C22636F6E74656E74223A7B2254696D655374616D70223A382C224672616D65436F756E746572223A3139323730342C2247445F58223A2D302E3031303834313937383731333837303034392C2247445F59223A302E303035363439383534383934373237343638352C2247445F5A223A302E3030323434333133383237373135383134312C2241445F58223A2D302E3030343037373431393633383633333732382C2241445F59223A2D302E303031393031353137353035373537353130372C2241445F5A223A2D302E313638323435333135353531373537382C2254656D70447370223A302C22537461747573223A302C2243616C69625374617465223A312C22536967416D70496E76616C6964223A307D7DAA52
05-27 18:08:15.948   536   536 D commservice260303: bufferevent_write retrun value = 0
05-27 07:59:24.910   581   581 D spi_rst_gpio_get_output: GPIO 145 value: 1
05-27 07:59:24.910   581   581 D spidev_ioctl: gpio status=1)
05-27 18:08:15.948 13911 14192 D Sentinelmode_1.2.5.17_sentry: <SentryImuClusterFgeSender>imu_status sent to Linux, frame=192704, tsNs=8363191, tsMs=8, intervalMs=42, ad=(-0.0040774196,-0.0019015175,-0.16824532), gd=(-0.010841979,0.005649855,0.0024431383)
05-27 18:08:15.949   536   560 D commservice260303: client datas send succeed,send finish
05-27 18:08:15.949   299  1153 D EvsDriver: doneWithFrame
05-27 18:08:15.950 13911 14183 I SentryImuMcuAngleSender: 179.98949rollDeg
05-27 18:08:15.950 13911 14183 I SentryImuMcuAngleSender: 1,0,0
05-27 18:08:15.951   581   581 I SpiService: fgesysctrl_getGPIO_status success val=1
05-27 07:59:24.916   581   581 D spi_rst_gpio_get_output: GPIO 145 value: 1
05-27 07:59:24.916   581   581 D spidev_ioctl: gpio status=1)
05-27 18:08:15.957   581   581 I SpiService: fgesysctrl_getGPIO_status success val=1
05-27 07:59:24.921   581   581 D spi_rst_gpio_get_output: GPIO 145 value: 1
05-27 07:59:24.921   581   581 D spidev_ioctl: gpio status=1)
05-27 18:08:15.962   581   581 I SpiService: fgesysctrl_getGPIO_status success val=0
05-27 18:08:15.964   536   536 W commservice260303: [FgeComService::getAQConnectStatus:378]
05-27 18:08:15.964   536   536 W commservice260303: [mcuCommFunctionTcp::getAQConnectStatus:406] 1
05-27 18:08:15.965   536   536 W commservice260303: [FgeComService::getAQConnectStatus:380] status:1
05-27 18:08:15.965 12246 12246 E ivicomm_CommManager: getA2lConnectStatus aqConnectStatus:1
05-27 07:59:24.927   581   581 D spi_rst_gpio_get_output: GPIO 145 value: 0
05-27 07:59:24.927   581   581 D spidev_ioctl: gpio status=0)
05-27 18:08:15.965 12246 12246 D ivicomm_ConnectStateManager: notifyState newState=1curState=1
05-27 18:08:15.970 13911 14183 I SentryImuMcuAngleSender: 179.986rollDeg
05-27 18:08:15.970 13911 14183 I SentryImuMcuAngleSender: 1,0,0
05-27 18:08:15.973   269   269 D libvintf: HalManifest::getHidlTransport(framework): Cannot find android.hardware.usb@1.0::IUsb/default
05-27 18:08:15.973   269   269 D libvintf: HalManifest::getHidlTransport(device): Cannot find android.hardware.usb@1.0::IUsb/default
05-27 18:08:15.973   269   269 I hwservicemanager: getTransport: Cannot find entry android.hardware.usb@1.0::IUsb/default in either framework or device VINTF manifest.
05-27 18:08:15.974 12348 12448 E ExtUsbManager: UsbHalController: android.hardware.usb.V1_0.IUsb getService failed!
05-27 18:08:15.974 12348 12448 E ExtUsbManager: java.util.NoSuchElementException
05-27 18:08:15.974 12348 12448 E ExtUsbManager: 	at android.os.HwBinder.getService(Native Method)
05-27 18:08:15.974 12348 12448 E ExtUsbManager: 	at android.os.HwBinder.getService(HwBinder.java:81)
05-27 18:08:15.974 12348 12448 E ExtUsbManager: 	at android.hardware.usb.V1_0.IUsb.getService(IUsb.java:74)
05-27 18:08:15.974 12348 12448 E ExtUsbManager: 	at android.hardware.usb.V1_0.IUsb.getService(IUsb.java:84)
05-27 18:08:15.974 12348 12448 E ExtUsbManager: 	at ts.car.usb.UsbHalController.createService(UsbHalController.java:37)
05-27 18:08:15.974 12348 12448 E ExtUsbManager: 	at ts.car.usb.UsbHalController.createService(UsbHalController.java:18)
05-27 18:08:15.974 12348 12448 E ExtUsbManager: 	at ts.car.usb.utils.AutoServiceConnector4Hidl.autoConnect(AutoServiceConnector4Hidl.java:47)
05-27 18:08:15.974 12348 12448 E ExtUsbManager: 	at ts.car.usb.utils.AutoServiceConnector4Hidl$$ExternalSyntheticLambda0.run(Unknown Source:2)
05-27 18:08:15.974 12348 12448 E ExtUsbManager: 	at android.os.Handler.handleCallback(Handler.java:942)
05-27 18:08:15.974 12348 12448 E ExtUsbManager: 	at android.os.Handler.dispatchMessage(Handler.java:99)
05-27 18:08:15.974 12348 12448 E ExtUsbManager: 	at android.os.Looper.loopOnce(Looper.java:201)
05-27 18:08:15.974 12348 12448 E ExtUsbManager: 	at android.os.Looper.loop(Looper.java:288)
05-27 18:08:15.974 12348 12448 E ExtUsbManager: 	at android.os.HandlerThread.run(HandlerThread.java:67)
05-27 18:08:15.974   269   269 D libvintf: HalManifest::getHidlTransport(framework): Cannot find vendor.ts.usbext@1.0::IUsbext/default
05-27 18:08:15.974  1008 30856 D [OMXB]  : usingANWBuffer: handle:0xee7427f0, format:1, w:1920, h:1080
05-27 18:08:15.974   269   269 D libvintf: HalManifest::getHidlTransport(device): Cannot find vendor.ts.usbext@1.0::IUsbext/default
05-27 18:08:15.974   269   269 I hwservicemanager: getTransport: Cannot find entry vendor.ts.usbext@1.0::IUsbext/default in either framework or device VINTF manifest.
05-27 18:08:15.974 30773 30789 I dvr_service_: Camera 0: MediaOK:67309884, frames:1560, isKeyFrame:0,pts:8362986429
05-27 18:08:15.975 12348 12448 E ExtUsbManager: UsbHalExtController: vendor.ts.usbext.V1_0.IUsbext getService failed!
05-27 18:08:15.975 12348 12448 E ExtUsbManager: java.util.NoSuchElementException
05-27 18:08:15.975 12348 12448 E ExtUsbManager: 	at android.os.HwBinder.getService(Native Method)
05-27 18:08:15.975 12348 12448 E ExtUsbManager: 	at android.os.HwBinder.getService(HwBinder.java:81)
05-27 18:08:15.975 12348 12448 E ExtUsbManager: 	at vendor.ts.usbext.V1_0.IUsbext.getService(IUsbext.java:74)
05-27 18:08:15.975 12348 12448 E ExtUsbManager: 	at vendor.ts.usbext.V1_0.IUsbext.getService(IUsbext.java:84)
05-27 18:08:15.975 12348 12448 E ExtUsbManager: 	at ts.car.usb.UsbHalExtController.createService(UsbHalExtController.java:37)
05-27 18:08:15.975 12348 12448 E ExtUsbManager: 	at ts.car.usb.UsbHalExtController.createService(UsbHalExtController.java:18)
05-27 18:08:15.975 12348 12448 E ExtUsbManager: 	at ts.car.usb.utils.AutoServiceConnector4Hidl.autoConnect(AutoServiceConnector4Hidl.java:47)
05-27 18:08:15.975 12348 12448 E ExtUsbManager: 	at ts.car.usb.utils.AutoServiceConnector4Hidl$$ExternalSyntheticLambda0.run(Unknown Source:2)
05-27 18:08:15.975 12348 12448 E ExtUsbManager: 	at android.os.Handler.handleCallback(Handler.java:942)
05-27 18:08:15.975 12348 12448 E ExtUsbManager: 	at android.os.Handler.dispatchMessage(Handler.java:99)
05-27 18:08:15.975 12348 12448 E ExtUsbManager: 	at android.os.Looper.loopOnce(Looper.java:201)
05-27 18:08:15.975 12348 12448 E ExtUsbManager: 	at android.os.Looper.loop(Looper.java:288)
05-27 18:08:15.975 12348 12448 E ExtUsbManager: 	at android.os.HandlerThread.run(HandlerThread.java:67)
05-27 18:08:15.975   299 30844 D EvsDriver: forwardFrame
05-27 18:08:15.976   572   622 I Sensors : 230 GyroSensor: x:-0.012217,y:0.005421,z:0.002138
05-27 18:08:15.976   581   581 I SpiService: fgesysctrl_getGPIO_status success val=1
05-27 18:08:15.976  1167  1184 D evsmanagerd: /dev/video6 forwarded the buffer #0 to 0xb4000074bf5f5510 from 0xb4000074bf5f6d90
05-27 07:59:24.941   581   581 D spi_rst_gpio_get_output: GPIO 145 value: 1
05-27 07:59:24.941   581   581 D spidev_ioctl: gpio status=1)
05-27 18:08:15.977 30773 30781 E dvr_service_: [myNum:1] Received S**** loss
05-27 18:08:15.977   299 30844 D EvsDriver: Delivered 0xb400007b7ca56900 as id 0
05-27 18:08:15.977   299  1153 D EvsDriver: doneWithFrame
05-27 18:08:15.978   269   269 D libvintf: HalManifest::getHidlTransport(framework): Cannot find android.hardware.usb.gadget@1.0::IUsbGadget/default
05-27 18:08:15.978   269   269 D libvintf: HalManifest::getHidlTransport(device): Cannot find android.hardware.usb.gadget@1.0::IUsbGadget/default
05-27 18:08:15.978   299 30841 D EvsDriver: forwardFrame
05-27 18:08:15.978   269   269 I hwservicemanager: getTransport: Cannot find entry android.hardware.usb.gadget@1.0::IUsbGadget/default in either framework or device VINTF manifest.
05-27 18:08:15.979 12348 12448 E ExtUsbManager: UsbGadgetController: android.hardware.usb.gadget.V1_0.IUsbGadget getService failed!
05-27 18:08:15.979 12348 12448 E ExtUsbManager: java.util.NoSuchElementException
05-27 18:08:15.979 12348 12448 E ExtUsbManager: 	at android.os.HwBinder.getService(Native Method)
05-27 18:08:15.979 12348 12448 E ExtUsbManager: 	at android.os.HwBinder.getService(HwBinder.java:81)
05-27 18:08:15.979 12348 12448 E ExtUsbManager: 	at android.hardware.usb.gadget.V1_0.IUsbGadget.getService(IUsbGadget.java:74)
05-27 18:08:15.979 12348 12448 E ExtUsbManager: 	at android.hardware.usb.gadget.V1_0.IUsbGadget.getService(IUsbGadget.java:84)
05-27 18:08:15.979 12348 12448 E ExtUsbManager: 	at ts.car.usb.UsbGadgetController.createService(UsbGadgetController.java:36)
05-27 18:08:15.979 12348 12448 E ExtUsbManager: 	at ts.car.usb.UsbGadgetController.createService(UsbGadgetController.java:17)
05-27 18:08:15.979 12348 12448 E ExtUsbManager: 	at ts.car.usb.utils.AutoServiceConnector4Hidl.autoConnect(AutoServiceConnector4Hidl.java:47)
05-27 18:08:15.979 12348 12448 E ExtUsbManager: 	at ts.car.usb.utils.AutoServiceConnector4Hidl$$ExternalSyntheticLambda0.run(Unknown Source:2)
05-27 18:08:15.979 12348 12448 E ExtUsbManager: 	at android.os.Handler.handleCallback(Handler.java:942)
05-27 18:08:15.979 12348 12448 E ExtUsbManager: 	at android.os.Handler.dispatchMessage(Handler.java:99)
05-27 18:08:15.979 12348 12448 E ExtUsbManager: 	at android.os.Looper.loopOnce(Looper.java:201)
05-27 18:08:15.979 12348 12448 E ExtUsbManager: 	at android.os.Looper.loop(Looper.java:288)
05-27 18:08:15.979 12348 12448 E ExtUsbManager: 	at android.os.HandlerThread.run(HandlerThread.java:67)
05-27 18:08:15.980  1167  1184 D evsmanagerd: /dev/video4 forwarded the buffer #0 to 0xb4000074bf5f6850 from 0xb4000074bf5f41d0
05-27 18:08:15.980   299 30841 D EvsDriver: Delivered 0xb400007b7ca56a60 as id 0
05-27 18:08:15.980 30773 30781 E dvr_service_: [myNum:0] Received S**** loss
05-27 18:08:15.980   299  1153 D EvsDriver: doneWithFrame
05-27 18:08:15.982   581   581 I SpiService: fgesysctrl_getGPIO_status success val=1
05-27 07:59:24.946   581   581 D spi_rst_gpio_get_output: GPIO 145 value: 1
05-27 07:59:24.946   581   581 D spidev_ioctl: gpio status=1)
05-27 18:08:15.987   536   536 D commservice260303: msg.id = 1028,1
05-27 18:08:15.987   581   581 I SpiService: fgesysctrl_getGPIO_status success val=1
05-27 18:08:15.987   536   536 D commservice260303: i = 170, msgid = 8A000404
05-27 18:08:15.987   536   536 D commservice260303: msgid = -1979710460,did=138
