05-27 18:08:16.960   536   560 D commservice260303: client datas send succeed,send finish
05-27 18:08:16.960 13911 14192 D Sentinelmode_1.2.5.17_sentry: <SentryImuClusterFgeSender>imu_status sent to Linux, frame=192729, tsNs=8364207, tsMs=8, intervalMs=40, ad=(-0.0064711273,0.0035795963,-0.156044), gd=(-0.011070844,0.0050392,0.0018319635)
05-27 18:08:16.971 13911 14183 I SentryImuMcuAngleSender: 179.9579rollDeg
05-27 18:08:16.971 13911 14183 I SentryImuMcuAngleSender: 1,0,0
05-27 18:08:16.973   581   581 I SpiService: fgesysctrl_getGPIO_status success val=1
05-27 07:59:25.938   581   581 D spidev_ioctl: gpio status=1)
05-27 18:08:16.978   581   581 I SpiService: fgesysctrl_getGPIO_status success val=1
05-27 18:08:16.979  1008 30856 D [OMXB]  : usingANWBuffer: handle:0xee741ae0, format:1, w:1920, h:1080
05-27 07:59:25.943   581   581 D spidev_ioctl: gpio status=1)
05-27 18:08:16.983   299 30841 D EvsDriver: forwardFrame
05-27 18:08:16.984   581   581 I SpiService: fgesysctrl_getGPIO_status success val=1
05-27 18:08:16.986   299 30841 D EvsDriver: Delivered 0xb400007b7ca56a60 as id 0
05-27 18:08:16.986  1167  1167 D evsmanagerd: /dev/video4 forwarded the buffer #0 to 0xb4000074bf5f6850 from 0xb4000074bf5f41d0
05-27 18:08:16.986 30773 30781 E dvr_service_: [myNum:0] Received S**** loss
05-27 18:08:16.986   299  1153 D EvsDriver: doneWithFrame
05-27 18:08:16.987   299 30844 D EvsDriver: forwardFrame
05-27 18:08:16.988   299 30844 D EvsDriver: Delivered 0xb400007b7ca56900 as id 0
05-27 18:08:16.988  1167  1167 D evsmanagerd: /dev/video6 forwarded the buffer #0 to 0xb4000074bf5f5510 from 0xb4000074bf5f6d90
05-27 18:08:16.989 30773 30781 E dvr_service_: [myNum:1] Received S**** loss
05-27 18:08:16.989   299  1153 D EvsDriver: doneWithFrame
05-27 18:08:16.990   581   581 I SpiService: fgesysctrl_getGPIO_status success val=1
05-27 18:08:16.992 13911 14183 I SentryImuMcuAngleSender: 179.97545rollDeg
05-27 18:08:16.992 13911 14183 I SentryImuMcuAngleSender: 1,0,0
05-27 07:59:25.954   581   581 D spi_rst_gpio_get_output: GPIO 145 value: 1
05-27 07:59:25.954   581   581 D spidev_ioctl: gpio status=1)
05-27 18:08:16.995   581   581 I SpiService: fgesysctrl_getGPIO_status success val=1
05-27 18:08:16.997  1008 30857 D [OMXB]  : usingANWBuffer: handle:0xee744bb0, format:1, w:1920, h:1080
05-27 18:08:16.999   283   307 I rvcservice: t.code = 3, t.value = 0
05-27 18:08:17.000   536   536 D commservice260303: msg.id = 1028,0
05-27 18:08:17.000   536   536 D commservice260303: i = 170, msgid = 8A000404
05-27 18:08:17.000   536   536 D commservice260303: msgid = -1979710460,did=138
05-27 18:08:17.000   536   536 D commservice260303: CommProtocolLibCmdBaseI2C::dataproc {"command":{"id":"imu_status","sub":""},"content":{"TimeStamp":8,"FrameCounter":192730,"GD_X":-0.011987865902483463,"GD_Y":0.004580949433147907,"GD_Z":0.0020608289632946253,"AD_X":-0.008268997073173523,"AD_Y":-0.002512666629627347,"AD_Z":-0.1743488311767578,"TempDsp":0,"Status":0,"CalibState":1,"SigAmpInvalid":0}},-1979710460
05-27 18:08:17.000   536   536 D commservice260303: send2Cluster len:315, 7B22636F6D6D616E64223A7B226964223A22696D755F737461747573222C22737562223A22227D2C22636F6E74656E74223A7B2254696D655374616D70223A382C224672616D65436F756E746572223A3139323733302C2247445F58223A2D302E3031313938373836353930323438333436332C2247445F59223A302E3030343538303934393433333134373930372C2247445F5A223A302E303032303630383238393633323934363235332C2241445F58223A2D302E3030383236383939373037333137333532332C2241445F59223A2D302E3030323531323636363632393632373334372C2241445F5A223A2D302E313734333438383331313736373537382C2254656D70447370223A302C22537461747573223A302C2243616C69625374617465223A312C22536967416D70496E76616C6964223A307D7D, 138 
05-27 18:08:17.000   536   536 D commservice260303: Push Message into SendPool fn=-466877696
05-27 18:08:17.000   536   536 D commservice260303: ComProtocolLibSend2Cluster::send2ClusterRaw fn=-466877696 , len=331
05-27 18:08:17.000   536   536 D commservice260303: sendCmdToPort :331!!!
05-27 18:08:17.000   536   536 D commservice260303: send Cmd To Port ++++5AA501478A0100032CE46A16C2917B22636F6D6D616E64223A7B226964223A22696D755F737461747573222C22737562223A22227D2C22636F6E74656E74223A7B2254696D655374616D70223A382C224672616D65436F756E746572223A3139323733302C2247445F58223A2D302E3031313938373836353930323438333436332C2247445F59223A302E3030343538303934393433333134373930372C2247445F5A223A302E303032303630383238393633323934363235332C2241445F58223A2D302E3030383236383939373037333137333532332C2241445F59223A2D302E3030323531323636363632393632373334372C2241445F5A223A2D302E313734333438383331313736373537382C2254656D70447370223A302C22537461747573223A302C2243616C69625374617465223A312C22536967416D70496E76616C6964223A307D7DD98C
05-27 18:08:17.000   536   536 D commservice260303: bufferevent_write retrun value = 0
05-27 18:08:17.000   536   560 D commservice260303: client datas send succeed,send finish
05-27 18:08:17.001   581   581 I SpiService: fgesysctrl_getGPIO_status success val=0
05-27 18:08:17.002 13911 14192 D Sentinelmode_1.2.5.17_sentry: <SentryImuClusterFgeSender>imu_status sent to Linux, frame=192730, tsNs=8364242, tsMs=8, intervalMs=41, ad=(-0.008268997,-0.0025126666,-0.17434883), gd=(-0.011987866,0.0045809494,0.002060829)
05-27 18:08:17.003 13911 16534 D VersionPrinter: com.adayo.app.dvrlocalservice- VersionName:[1.2.5.17_sentry] - append:[] - active:[]
05-27 18:08:17.009   299 30841 D EvsDriver: forwardFrame
05-27 18:08:17.011  1167  1167 D evsmanagerd: /dev/video4 forwarded the buffer #0 to 0xb4000074bf5f6850 from 0xb4000074bf5f41d0
05-27 18:08:17.011   299 30841 D EvsDriver: Delivered 0xb400007b7ca56a60 as id 0
05-27 18:08:17.012   299 30844 D EvsDriver: forwardFrame
05-27 18:08:17.013 13911 14183 I SentryImuMcuAngleSender: -179.99649rollDeg
05-27 18:08:17.013 13911 14183 I SentryImuMcuAngleSender: 1,0,0
05-27 18:08:17.014  1167  1167 D evsmanagerd: /dev/video6 forwarded the buffer #0 to 0xb4000074bf5f5510 from 0xb4000074bf5f6d90
05-27 18:08:17.014   299 30844 D EvsDriver: Delivered 0xb400007b7ca56900 as id 0
05-27 18:08:17.014   299  1153 D EvsDriver: doneWithFrame
05-27 18:08:17.016  1008 30856 D [OMXB]  : usingANWBuffer: handle:0xee741c40, format:1, w:1920, h:1080
05-27 18:08:17.016   581   581 I SpiService: fgesysctrl_getGPIO_status success val=1
05-27 07:59:25.980   581   581 D spi_rst_gpio_get_output: GPIO 145 value: 1
05-27 07:59:25.981   581   581 D spidev_ioctl: gpio status=1)
05-27 18:08:17.017   299  1153 D EvsDriver: doneWithFrame
05-27 18:08:17.021 20223 20252 D ANWAPI_SECOND: (20223|0x29248CB0)[BTAPI] run AnWBT_WaitInitFinish
05-27 18:08:17.021 20223 20252 D ANWAPI_SECOND: (20223|0x29248CB0)[BTAPI] bb_vendor(3)hcit_type(3)
05-27 18:08:17.021 20223 20252 D ANWAPI_SECOND: (20223|0x29248CB0)[BTAPI] RTL8761, config_uart_path[/dev/ttyS3], baudrate_init(115200), baudrate_normal(3000000)
05-27 18:08:17.021 20223 20252 D ANWAPI_SECOND: (20223|0x29248CB0)[BTAPI] RTL8761, config_BT_ADDR_path[]
05-27 18:08:17.021 20223 20252 D ANWAPI_SECOND: (20223|0x29248CB0)[BTAPI] BTUart_Configure start
05-27 18:08:17.022 20223 20252 I ANWStack: [   8364272][ANWBT] Device name = /dev/ttyS3,baudrate_init =115200(115200),baudrate =3000000(3000000)
05-27 18:08:17.022 20223 20252 I ANWStack: 
05-27 18:08:17.022 20223 20252 I ANWStack: [   8364273][ANWBT] BTUart_StartUp  speed = 115200
05-27 18:08:17.022 20223 20252 I ANWStack: 
05-27 18:08:17.022   581   581 I SpiService: fgesysctrl_getGPIO_status success val=1
05-27 18:08:17.023 20223 20252 D ANWStack: Mac Address /data/vendor/bluetooth/btmac.txt open fail - No such file or directory
05-27 18:08:17.023 20223 20252 D ANWStack: Mac Address from file  /data/vendor/bluetooth/btmac.txt -  (1)
05-27 18:08:17.025 20223 20252 D ANWStack: rtk_8761C_init@1, fd 0x55
05-27 18:08:17.026 20223 20252 D ANWStack: type RTL_8761C, init speed 115200
05-27 18:08:17.026 20223 20252 D ANWStack: rtk_8761C_init@2, fd 0x55
05-27 18:08:17.026 20223 20252 D ANWStack: Realtek Bluetooth init uart with init speed:115200, type:HCI UART H4
05-27 18:08:17.026 20223 20252 D ANWStack: Realtek Bluetooth :Realtek hciattach version 3.1.d5a90fd.20250813-162457 
05-27 18:08:17.026 20223 20252 D ANWStack: 
05-27 18:08:17.026 20223 20252 D ANWStack: Realtek Bluetooth :Use epoll
05-27 18:08:17.026 20223 20252 D ANWStack: Realtek Bluetooth :Realtek H4 IC
05-27 18:08:17.028   581   581 I SpiService: fgesysctrl_getGPIO_status success val=1
05-27 18:08:17.033 13911 14183 I SentryImuMcuAngleSender: -179.993rollDeg
05-27 18:08:17.033 13911 14183 I SentryImuMcuAngleSender: 1,0,0
05-27 18:08:17.033   581   581 I SpiService: fgesysctrl_getGPIO_status success val=1
05-27 18:08:17.038  1008 30857 D [OMXB]  : usingANWBuffer: handle:0xee747180, format:1, w:1920, h:1080
05-27 18:08:17.039   536   536 D commservice260303: msg.id = 1028,1
05-27 18:08:17.039   536   536 D commservice260303: i = 170, msgid = 8A000404
05-27 18:08:17.039   536   536 D commservice260303: msgid = -1979710460,did=138
05-27 18:08:17.039   536   536 D commservice260303: CommProtocolLibCmdBaseI2C::dataproc {"command":{"id":"imu_status","sub":""},"content":{"TimeStamp":8,"FrameCounter":192731,"GD_X":-0.011300750076770782,"GD_Y":0.004809814505279064,"GD_Z":0.0018319635419175029,"AD_X":-0.0058057308197021484,"AD_Y":-0.004924105480313301,"AD_Z":-0.1761789321899414,"TempDsp":0,"Status":0,"CalibState":1,"SigAmpInvalid":0}},-1979710460
05-27 18:08:17.039   581   581 I SpiService: fgesysctrl_getGPIO_status success val=0
05-27 18:08:17.039   536   536 D commservice260303: send2Cluster len:316, 7B22636F6D6D616E64223A7B226964223A22696D755F737461747573222C22737562223A22227D2C22636F6E74656E74223A7B2254696D655374616D70223A382C224672616D65436F756E746572223A3139323733312C2247445F58223A2D302E3031313330303735303037363737303738322C2247445F59223A302E3030343830393831343530353237393036342C2247445F5A223A302E303031383331393633353431393137353032392C2241445F58223A2D302E303035383035373330383139373032313438342C2241445F59223A2D302E3030343932343130353438303331333330312C2241445F5A223A2D302E313736313738393332313839393431342C2254656D70447370223A302C22537461747573223A302C2243616C69625374617465223A312C22536967416D70496E76616C6964223A307D7D, 138 
05-27 18:08:17.039   536   536 D commservice260303: Push Message into SendPool fn=-450100480
05-27 18:08:17.039   536   536 D commservice260303: ComProtocolLibSend2Cluster::send2ClusterRaw fn=-450100480 , len=332
05-27 18:08:17.039   536   536 D commservice260303: sendCmdToPort :332!!!
05-27 18:08:17.039   536   536 D commservice260303: send Cmd To Port ++++5AA501488A0100032CE56A16C2917B22636F6D6D616E64223A7B226964223A22696D755F737461747573222C22737562223A22227D2C22636F6E74656E74223A7B2254696D655374616D70223A382C224672616D65436F756E746572223A3139323733312C2247445F58223A2D302E3031313330303735303037363737303738322C2247445F59223A302E3030343830393831343530353237393036342C2247445F5A223A302E303031383331393633353431393137353032392C2241445F58223A2D302E303035383035373330383139373032313438342C2241445F59223A2D302E3030343932343130353438303331333330312C2241445F5A223A2D302E313736313738393332313839393431342C2254656D70447370223A302C22537461747573223A302C2243616C69625374617465223A312C22536967416D70496E76616C6964223A307D7D2FF8
05-27 18:08:17.039   536   536 D commservice260303: bufferevent_write retrun value = 0
05-27 18:08:17.040   536   560 D commservice260303: client datas send succeed,send finish
05-27 18:08:17.040 13911 14192 D Sentinelmode_1.2.5.17_sentry: <SentryImuClusterFgeSender>imu_status sent to Linux, frame=192731, tsNs=8364278, tsMs=8, intervalMs=38, ad=(-0.005805731,-0.0049241055,-0.17617893), gd=(-0.01130075,0.0048098145,0.0018319635)
05-27 18:08:17.042 11344 11344 E SystemUI_NavBarFragment: SysUIConfig.icCarServiceConnected：false
05-27 18:08:17.042   299 30841 D EvsDriver: forwardFrame
05-27 18:08:17.044   299 30841 D EvsDriver: Delivered 0xb400007b7ca56a60 as id 0
05-27 18:08:17.044  1167  1167 D evsmanagerd: /dev/video4 forwarded the buffer #0 to 0xb4000074bf5f6850 from 0xb4000074bf5f41d0
05-27 18:08:17.049   299  1153 D EvsDriver: doneWithFrame
05-27 18:08:17.050   299 30844 D EvsDriver: forwardFrame
05-27 18:08:17.053   299 30844 D EvsDriver: Delivered 0xb400007b7ca56900 as id 0
05-27 18:08:17.053  1167  1167 D evsmanagerd: /dev/video6 forwarded the buffer #0 to 0xb4000074bf5f5510 from 0xb4000074bf5f6d90
05-27 18:08:17.054 13911 14183 I SentryImuMcuAngleSender: -179.993rollDeg
05-27 18:08:17.054 13911 14183 I SentryImuMcuAngleSender: 1,0,0
05-27 18:08:17.054   581   581 I SpiService: fgesysctrl_getGPIO_status success val=1
05-27 18:08:17.057   299  1153 D EvsDriver: doneWithFrame
05-27 18:08:17.057  1008 30856 D [OMXB]  : usingANWBuffer: handle:0xee742320, format:1, w:1920, h:1080
05-27 18:08:17.060   581   581 I SpiService: fgesysctrl_getGPIO_status success val=1
05-27 18:08:17.064   572   622 I Sensors : 230 AccelSensor: x:-0.167140,y:-0.000610,z:-9.972890
05-27 18:08:17.065   581   581 I SpiService: fgesysctrl_getGPIO_status success val=1
05-27 18:08:17.071   581   581 I SpiService: fgesysctrl_getGPIO_status success val=1
05-27 18:08:17.074 13911 14183 I SentryImuMcuAngleSender: -179.99649rollDeg
05-27 18:08:17.074 13911 14183 I SentryImuMcuAngleSender: 1,0,0
05-27 18:08:17.076   581   581 I SpiService: fgesysctrl_getGPIO_status success val=1
05-27 18:08:17.078   299 30841 D EvsDriver: forwardFrame
05-27 18:08:17.078   299 30844 D EvsDriver: forwardFrame
05-27 18:08:17.080   299 30841 D EvsDriver: Delivered 0xb400007b7ca56a60 as id 0
05-27 18:08:17.080  1167  1167 D evsmanagerd: /dev/video4 forwarded the buffer #0 to 0xb4000074bf5f6850 from 0xb4000074bf5f41d0
05-27 18:08:17.080   536   536 D commservice260303: msg.id = 1028,1
05-27 18:08:17.080   536   536 D commservice260303: i = 170, msgid = 8A000404
05-27 18:08:17.080   536   536 D commservice260303: msgid = -1979710460,did=138
05-27 18:08:17.080   536   536 D commservice260303: CommProtocolLibCmdBaseI2C::dataproc {"command":{"id":"imu_status","sub":""},"content":{"TimeStamp":8,"FrameCounter":192732,"GD_X":-0.011070843786001205,"GD_Y":0.005573912989348173,"GD_Z":0.002443138277158141,"AD_X":-0.0015409737825393677,"AD_Y":-0.004284055903553963,"AD_Z":-0.16763782501220703,"TempDsp":0,"Status":0,"CalibState":1,"SigAmpInvalid":0}},-1979710460
05-27 18:08:17.080   536   536 D commservice260303: send2Cluster len:316, 7B22636F6D6D616E64223A7B226964223A22696D755F737461747573222C22737562223A22227D2C22636F6E74656E74223A7B2254696D655374616D70223A382C224672616D65436F756E746572223A3139323733322C2247445F58223A2D302E3031313037303834333738363030313230352C2247445F59223A302E3030353537333931323938393334383137332C2247445F5A223A302E3030323434333133383237373135383134312C2241445F58223A2D302E303031353430393733373832353339333637372C2241445F59223A2D302E3030343238343035353930333535333936332C2241445F5A223A2D302E31363736333738323530313232303730332C2254656D70447370223A302C22537461747573223A302C2243616C69625374617465223A312C22536967416D70496E76616C6964223A307D7D, 138 
05-27 18:08:17.080   536   536 D commservice260303: Push Message into SendPool fn=-433323264
05-27 18:08:17.080   536   536 D commservice260303: ComProtocolLibSend2Cluster::send2ClusterRaw fn=-433323264 , len=332
05-27 18:08:17.080   536   536 D commservice260303: sendCmdToPort :332!!!
05-27 18:08:17.080   536   536 D commservice260303: send Cmd To Port ++++5AA501488A0100032CE66A16C2917B22636F6D6D616E64223A7B226964223A22696D755F737461747573222C22737562223A22227D2C22636F6E74656E74223A7B2254696D655374616D70223A382C224672616D65436F756E746572223A3139323733322C2247445F58223A2D302E3031313037303834333738363030313230352C2247445F59223A302E3030353537333931323938393334383137332C2247445F5A223A302E3030323434333133383237373135383134312C2241445F58223A2D302E303031353430393733373832353339333637372C2241445F59223A2D302E3030343238343035353930333535333936332C2241445F5A223A2D302E31363736333738323530313232303730332C2254656D70447370223A302C22537461747573223A302C2243616C69625374617465223A312C22536967416D70496E76616C6964223A307D7D525F
05-27 18:08:17.081   536   536 D commservice260303: bufferevent_write retrun value = 0
05-27 18:08:17.081   536   560 D commservice260303: client datas send succeed,send finish
05-27 18:08:17.081   299 30844 D EvsDriver: Delivered 0xb400007b7ca56900 as id 0
05-27 18:08:17.081  1167  1167 D evsmanagerd: /dev/video6 forwarded the buffer #0 to 0xb4000074bf5f5510 from 0xb4000074bf5f6d90
05-27 18:08:17.082 13911 14192 D Sentinelmode_1.2.5.17_sentry: <SentryImuClusterFgeSender>imu_status sent to Linux, frame=192732, tsNs=8364314, tsMs=8, intervalMs=42, ad=(-0.0015409738,-0.004284056,-0.16763783), gd=(-0.011070844,0.005573913,0.0024431383)
05-27 18:08:17.082   581   581 I SpiService: fgesysctrl_getGPIO_status success val=0
05-27 18:08:17.085   299  1163 D EvsDriver: doneWithFrame
05-27 07:59:26.046   581   581 D spi_rst_gpio_get_output: GPIO 145 value: 0
05-27 18:08:17.085   299  1153 D EvsDriver: doneWithFrame
05-27 07:59:26.046   581   581 D spidev_ioctl: gpio status=0)
05-27 18:08:17.090  1008 30857 D [OMXB]  : usingANWBuffer: handle:0xee741400, format:1, w:1920, h:1080
05-27 18:08:17.095 13911 14183 I SentryImuMcuAngleSender: 179.97897rollDeg
05-27 18:08:17.095 13911 14183 I SentryImuMcuAngleSender: 1,0,0
05-27 18:08:17.096   481   598 I mcuc    : rev,n=1,6AA681A882000A89008E010409001234568A
05-27 18:08:17.097  1121  1144 I tboxmids_ap: [2026-05-27 18:08:17.097] [MCU RX] src=MCU dst=ZMQ len=10 type=BINARY data=00 08 8E 01 04 09 00 12 34 56 
05-27 18:08:17.097   351   373 D automotive.vehicle@2.0-adayo-datacomm-mcu: MCUDatacomm sendMessageFromVehicle prop: 0x89, areaId: 0x0, status: 0x8e, timestamp: 0x1
05-27 18:08:17.097   581   581 I SpiService: fgesysctrl_getGPIO_status success val=1
05-27 18:08:17.097   351   373 D automotive.vehicle@2.0-adayo-datacomm-mcu: MCUDatacomm 1sendMessageFromVehicle ---> type = 12 
05-27 18:08:17.098  1083  1083 I MyAppLog: [2026-05-27 18:08:17.097 I tboxap mcuCommTboxmidsRecvCb:97] [Mcu] [mcuCommTboxmidsRecvCb] recv from tboxmids, size:10
05-27 18:08:17.098  1083  1083 I MyAppLog: [2026-05-27 18:08:17.097 I tboxap mcuCommTboxmidsRecvCb:98] [Mcu] [tboxmids -> tboxap]: :00 08 8E 01 04 09 00 12 34 56
05-27 18:08:17.098  1083  1083 I MyAppLog: [2026-05-27 18:08:17.097 I tboxap mcuPtlParseData:990] [Mcu] [Mcu  Parse]: (cmd):0900 (param):0900123456
05-27 18:08:17.098  1083  1083 W MyAppLog: [2026-05-27 18:08:17.097 W tboxap mcuParamDataRevPack:918] [Mcu] mcuParamDataRevPack start pack data!!!
05-27 18:08:17.098  1083  1083 I MyAppLog: [2026-05-27 18:08:17.097 I tboxap MCU_HANDSHAKE_IND_McuInd:317] [Mcu] [MCU_HANDSHAKE_IND_McuInd] wakeReason:0x12 -> loginReason:0x08 protoVer:0x34
05-27 18:08:17.098  1083  1083 W MyAppLog: [2026-05-27 18:08:17.097 W tboxap mcuHandleHandshakeInd:1654] [Mcu] [mcuHandleHandshakeInd] recv 0x0900 handshake response wakeReason:0x12 protoVer:0x34
05-27 18:08:17.099   283   307 I rvcservice: t.code = 0, t.value = 1220
05-27 18:08:17.102   581   581 I SpiService: fgesysctrl_getGPIO_status success val=1
05-27 07:59:26.067   581   581 D spidev_ioctl: gpio status=1)
05-27 18:08:17.108   581   581 I SpiService: fgesysctrl_getGPIO_status success val=1
05-27 07:59:26.072   581   581 D spidev_ioctl: gpio status=1)
05-27 18:08:17.111  1008 30856 D [OMXB]  : usingANWBuffer: handle:0xee7428a0, format:1, w:1920, h:1080
05-27 18:08:17.113   581   581 I SpiService: fgesysctrl_getGPIO_status success val=1
05-27 18:08:17.115 13911 14183 I SentryImuMcuAngleSender: 179.95444rollDeg
05-27 18:08:17.115 13911 14183 I SentryImuMcuAngleSender: 1,0,0
05-27 18:08:17.118   581   581 I SpiService: fgesysctrl_getGPIO_status success val=0
05-27 18:08:17.119   481   597 I mcuc    : send SPI:6AA602A8820002890049
05-27 18:08:17.119   536   536 D commservice260303: msg.id = 1028,0
05-27 18:08:17.119   536   536 D commservice260303: i = 170, msgid = 8A000404
05-27 18:08:17.119   536   536 D commservice260303: msgid = -1979710460,did=138
05-27 18:08:17.119   536   536 D commservice260303: CommProtocolLibCmdBaseI2C::dataproc {"command":{"id":"imu_status","sub":""},"content":{"TimeStamp":8,"FrameCounter":192733,"GD_X":-0.010690094903111458,"GD_Y":0.005345047451555729,"GD_Z":0.002213752595707774,"AD_X":8.721798658370972E-4,"AD_Y":0.0030136473942548037,"AD_Z":-0.16336441040039062,"TempDsp":0,"Status":0,"CalibState":1,"SigAmpInvalid":0}},-1979710460
05-27 18:08:17.119   536   536 D commservice260303: send2Cluster len:314, 7B22636F6D6D616E64223A7B226964223A22696D755F737461747573222C22737562223A22227D2C22636F6E74656E74223A7B2254696D655374616D70223A382C224672616D65436F756E746572223A3139323733332C2247445F58223A2D302E3031303639303039343930333131313435382C2247445F59223A302E3030353334353034373435313535353732392C2247445F5A223A302E3030323231333735323539353730373737342C2241445F58223A382E373231373938363538333730393732452D342C2241445F59223A302E303033303133363437333934323534383033372C2241445F5A223A2D302E31363333363434313034303033393036322C2254656D70447370223A302C22537461747573223A302C2243616C69625374617465223A312C22536967416D70496E76616C6964223A307D7D, 138 
05-27 18:08:17.119   536   536 D commservice260303: Push Message into SendPool fn=-416546048
05-27 18:08:17.119   536   536 D commservice260303: ComProtocolLibSend2Cluster::send2ClusterRaw fn=-416546048 , len=330
05-27 18:08:17.119   536   536 D commservice260303: sendCmdToPort :330!!!
05-27 18:08:17.119   536   536 D commservice260303: send Cmd To Port ++++5AA501468A0100032CE76A16C2917B22636F6D6D616E64223A7B226964223A22696D755F737461747573222C22737562223A22227D2C22636F6E74656E74223A7B2254696D655374616D70223A382C224672616D65436F756E746572223A3139323733332C2247445F58223A2D302E3031303639303039343930333131313435382C2247445F59223A302E3030353334353034373435313535353732392C2247445F5A223A302E3030323231333735323539353730373737342C2241445F58223A382E373231373938363538333730393732452D342C2241445F59223A302E303033303133363437333934323534383033372C2241445F5A223A2D302E31363333363434313034303033393036322C2254656D70447370223A302C22537461747573223A302C2243616C69625374617465223A312C22536967416D70496E76616C6964223A307D7DB203
05-27 18:08:17.119   536   536 D commservice260303: bufferevent_write retrun value = 0
05-27 18:08:17.119   536   560 D commservice260303: client datas send succeed,send finish
05-27 18:08:17.120 13911 14192 D Sentinelmode_1.2.5.17_sentry: <SentryImuClusterFgeSender>imu_status sent to Linux, frame=192733, tsNs=8364367, tsMs=8, intervalMs=38, ad=(8.7217987E-4,0.0030136474,-0.16336441), gd=(-0.010690095,0.0053450475,0.0022137526)
05-27 07:59:26.083   581   581 D spidev_ioctl: gpio status=0)
05-27 18:08:17.122   299 30841 D EvsDriver: forwardFrame
05-27 18:08:17.122   299 30844 D EvsDriver: forwardFrame
05-27 18:08:17.124   299 30841 D EvsDriver: Delivered 0xb400007b7ca56a60 as id 0
05-27 18:08:17.124  1167  1167 D evsmanagerd: /dev/video4 forwarded the buffer #0 to 0xb4000074bf5f6850 from 0xb4000074bf5f41d0
05-27 18:08:17.125   299 30844 D EvsDriver: Delivered 0xb400007b7ca56900 as id 0
05-27 18:08:17.125  1167  1167 D evsmanagerd: /dev/video6 forwarded the buffer #0 to 0xb4000074bf5f5510 from 0xb4000074bf5f6d90
05-27 18:08:17.129   299  1163 D EvsDriver: doneWithFrame
05-27 18:08:17.130   299  1163 D EvsDriver: doneWithFrame
05-27 18:08:17.132  1008 30857 D [OMXB]  : usingANWBuffer: handle:0xee746ec0, format:1, w:1920, h:1080
05-27 18:08:17.134   581   581 I SpiService: fgesysctrl_getGPIO_status success val=1
05-27 18:08:17.135 13911 14183 I SentryImuMcuAngleSender: 179.98598rollDeg
05-27 18:08:17.135 13911 14183 I SentryImuMcuAngleSender: 1,0,0
05-27 18:08:17.135   566  1171 I gps_hdbd: [gps_upgrade_thread 3506]Enter
05-27 18:08:17.135   566  1171 I gps_hdbd: [gps_upgrade_thread 3535] sys.gps.update:0 ,file:not ,upgrate_ing:0
05-27 07:59:26.098   581   581 D spidev_ioctl: gpio status=1)
05-27 18:08:17.139   581   581 I SpiService: fgesysctrl_getGPIO_status success val=1
05-27 18:08:17.145   581   581 I SpiService: fgesysctrl_getGPIO_status success val=1
05-27 18:08:17.148   299 30844 D EvsDriver: forwardFrame
05-27 18:08:17.149   299 30841 D EvsDriver: forwardFrame
05-27 18:08:17.151   581   581 I SpiService: fgesysctrl_getGPIO_status success val=1
05-27 18:08:17.151   299 30841 D EvsDriver: Delivered 0xb400007b7ca56a60 as id 0
05-27 18:08:17.151  1167  1167 D evsmanagerd: /dev/video4 forwarded the buffer #0 to 0xb4000074bf5f6850 from 0xb4000074bf5f41d0
05-27 18:08:17.151 30773 30781 E dvr_service_: [myNum:0] Received S**** loss
05-27 18:08:17.152   299  1163 D EvsDriver: doneWithFrame
05-27 18:08:17.152  1167  1167 D evsmanagerd: /dev/video6 forwarded the buffer #0 to 0xb4000074bf5f5510 from 0xb4000074bf5f6d90
05-27 18:08:17.152   299 30844 D EvsDriver: Delivered 0xb400007b7ca56900 as id 0
05-27 18:08:17.152 30773 30781 E dvr_service_: [myNum:1] Received S**** loss
05-27 18:08:17.152   299  1163 D EvsDriver: doneWithFrame
05-27 18:08:17.153   572   572 I Sensors : 230 GyroSensor: x:-0.011606,y:0.006032,z:0.001756
05-27 18:08:17.155 13911 14183 I SentryImuMcuAngleSender: -179.99649rollDeg
05-27 18:08:17.156 13911 14183 I SentryImuMcuAngleSender: 1,0,0
05-27 18:08:17.156   581   581 I SpiService: fgesysctrl_getGPIO_status success val=1
05-27 18:08:17.159  1008 30856 D [OMXB]  : usingANWBuffer: handle:0xee7467e0, format:1, w:1920, h:1080
05-27 18:08:17.159   536   536 D commservice260303: msg.id = 1028,1
05-27 18:08:17.159   536   536 D commservice260303: i = 170, msgid = 8A000404
05-27 18:08:17.159   536   536 D commservice260303: msgid = -1979710460,did=138
05-27 18:08:17.159   536   536 D commservice260303: CommProtocolLibCmdBaseI2C::dataproc {"command":{"id":"imu_status","sub":""},"content":{"TimeStamp":8,"FrameCounter":192734,"GD_X":-0.01160607673227787,"GD_Y":0.006032164208590984,"GD_Z":0.0017560218693688512,"AD_X":-0.004621163010597229,"AD_Y":-0.004288769792765379,"AD_Z":-0.1706838607788086,"TempDsp":0,"Status":0,"CalibState":1,"SigAmpInvalid":0}},-1979710460
05-27 18:08:17.159   536   536 D commservice260303: send2Cluster len:314, 7B22636F6D6D616E64223A7B226964223A22696D755F737461747573222C22737562223A22227D2C22636F6E74656E74223A7B2254696D655374616D70223A382C224672616D65436F756E746572223A3139323733342C2247445F58223A2D302E30313136303630373637333232373738372C2247445F59223A302E3030363033323136343230383539303938342C2247445F5A223A302E303031373536303231383639333638383531322C2241445F58223A2D302E3030343632313136333031303539373232392C2241445F59223A2D302E3030343238383736393739323736353337392C2241445F5A223A2D302E313730363833383630373738383038362C2254656D70447370223A302C22537461747573223A302C2243616C69625374617465223A312C22536967416D70496E76616C6964223A307D7D, 138 
05-27 18:08:17.159   536   536 D commservice260303: Push Message into SendPool fn=-399768832
05-27 18:08:17.159   536   536 D commservice260303: ComProtocolLibSend2Cluster::send2ClusterRaw fn=-399768832 , len=330
05-27 18:08:17.159   536   536 D commservice260303: sendCmdToPort :330!!!
05-27 18:08:17.160   536   536 D commservice260303: send Cmd To Port ++++5AA501468A0100032CE86A16C2917B22636F6D6D616E64223A7B226964223A22696D755F737461747573222C22737562223A22227D2C22636F6E74656E74223A7B2254696D655374616D70223A382C224672616D65436F756E746572223A3139323733342C2247445F58223A2D302E30313136303630373637333232373738372C2247445F59223A302E3030363033323136343230383539303938342C2247445F5A223A302E303031373536303231383639333638383531322C2241445F58223A2D302E3030343632313136333031303539373232392C2241445F59223A2D302E3030343238383736393739323736353337392C2241445F5A223A2D302E313730363833383630373738383038362C2254656D70447370223A302C22537461747573223A302C2243616C69625374617465223A312C22536967416D70496E76616C6964223A307D7D476E
05-27 18:08:17.160   536   536 D commservice260303: bufferevent_write retrun value = 0
05-27 18:08:17.160   536   560 D commservice260303: client datas send succeed,send finish
05-27 18:08:17.160 13911 14192 D Sentinelmode_1.2.5.17_sentry: <SentryImuClusterFgeSender>imu_status sent to Linux, frame=192734, tsNs=8364403, tsMs=8, intervalMs=41, ad=(-0.004621163,-0.00428877,-0.17068386), gd=(-0.011606077,0.006032164,0.0017560219)
05-27 18:08:17.162   581   581 I SpiService: fgesysctrl_getGPIO_status success val=0
05-27 18:08:17.166  1083  1083 I MyAppLog: [2026-05-27 18:08:17.165 I tboxap mcuMainPeriodic100msTask:914] [Mcu] [mcuMainPeriodic100msTask] MCU version not ready, send 0x0981 item 0x01 retry:1
05-27 18:08:17.166  1083  1083 I MyAppLog: [2026-05-27 18:08:17.165 I tboxap mcuSendYadiTransfer:196] [Mcu] [mcuYadiSend]: :00 08 B3 04 01 09 81 02 01 01
05-27 18:08:17.168   481   599 I mcuc    : start timer OK = 23442 
05-27 18:08:17.174  1008 30857 D [OMXB]  : usingANWBuffer: handle:0xee742480, format:1, w:1920, h:1080
05-27 18:08:17.175   299 30841 D EvsDriver: forwardFrame
05-27 18:08:17.175   299 30844 D EvsDriver: forwardFrame
05-27 18:08:17.176 13911 14183 I SentryImuMcuAngleSender: -179.99649rollDeg
05-27 18:08:17.177 13911 14183 I SentryImuMcuAngleSender: 1,0,0
05-27 18:08:17.177   581   581 I SpiService: fgesysctrl_getGPIO_status success val=1
05-27 18:08:17.179   299 30841 D EvsDriver: Delivered 0xb400007b7ca56a60 as id 0
05-27 18:08:17.179  1167  1167 D evsmanagerd: /dev/video4 forwarded the buffer #0 to 0xb4000074bf5f6850 from 0xb4000074bf5f41d0
05-27 18:08:17.182   299 30844 D EvsDriver: Delivered 0xb400007b7ca56900 as id 0
05-27 18:08:17.184   581   581 I SpiService: fgesysctrl_getGPIO_status success val=1
05-27 18:08:17.184  1167  1167 D evsmanagerd: /dev/video6 forwarded the buffer #0 to 0xb4000074bf5f5510 from 0xb4000074bf5f6d90
05-27 18:08:17.184   299  1163 D EvsDriver: doneWithFrame
05-27 18:08:17.188   299  1163 D EvsDriver: doneWithFrame
05-27 18:08:17.190   581   581 I SpiService: fgesysctrl_getGPIO_status success val=1
05-27 18:08:17.195   581   581 I SpiService: fgesysctrl_getGPIO_status success val=1
05-27 18:08:17.197 13911 14183 I SentryImuMcuAngleSender: 179.97545rollDeg
05-27 18:08:17.197 13911 14183 I SentryImuMcuAngleSender: 1,0,0
05-27 18:08:17.198  1008 30856 D [OMXB]  : usingANWBuffer: handle:0xee7435b0, format:1, w:1920, h:1080
05-27 18:08:17.198   536   536 D commservice260303: msg.id = 1028,0
05-27 18:08:17.198   536   536 D commservice260303: i = 170, msgid = 8A000404
05-27 18:08:17.198   536   536 D commservice260303: msgid = -1979710460,did=138
05-27 18:08:17.199   536   536 D commservice260303: CommProtocolLibCmdBaseI2C::dataproc {"command":{"id":"imu_status","sub":""},"content":{"TimeStamp":8,"FrameCounter":192735,"GD_X":-0.01153013575822115,"GD_Y":0.004428025335073471,"GD_Z":0.0020608289632946253,"AD_X":-0.013105615973472595,"AD_Y":6.041687447577715E-4,"AD_Z":-0.16031932830810547,"TempDsp":0,"Status":0,"CalibState":1,"SigAmpInvalid":0}},-1979710460
05-27 18:08:17.199   536   536 D commservice260303: send2Cluster len:314, 7B22636F6D6D616E64223A7B226964223A22696D755F737461747573222C22737562223A22227D2C22636F6E74656E74223A7B2254696D655374616D70223A382C224672616D65436F756E746572223A3139323733352C2247445F58223A2D302E30313135333031333537353832323131352C2247445F59223A302E3030343432383032353333353037333437312C2247445F5A223A302E303032303630383238393633323934363235332C2241445F58223A2D302E3031333130353631353937333437323539352C2241445F59223A362E303431363837343437353737373135452D342C2241445F5A223A2D302E31363033313933323833303831303534372C2254656D70447370223A302C22537461747573223A302C2243616C69625374617465223A312C22536967416D70496E76616C6964223A307D7D, 138 
05-27 18:08:17.199   536   536 D commservice260303: Push Message into SendPool fn=-382991616
05-27 18:08:17.199   536   536 D commservice260303: ComProtocolLibSend2Cluster::send2ClusterRaw fn=-382991616 , len=330
05-27 18:08:17.199   536   536 D commservice260303: sendCmdToPort :330!!!
05-27 18:08:17.199   536   536 D commservice260303: send Cmd To Port ++++5AA501468A0100032CE96A16C2917B22636F6D6D616E64223A7B226964223A22696D755F737461747573222C22737562223A22227D2C22636F6E74656E74223A7B2254696D655374616D70223A382C224672616D65436F756E746572223A3139323733352C2247445F58223A2D302E30313135333031333537353832323131352C2247445F59223A302E3030343432383032353333353037333437312C2247445F5A223A302E303032303630383238393633323934363235332C2241445F58223A2D302E3031333130353631353937333437323539352C2241445F59223A362E303431363837343437353737373135452D342C2241445F5A223A2D302E31363033313933323833303831303534372C2254656D70447370223A302C22537461747573223A302C2243616C69625374617465223A312C22536967416D70496E76616C6964223A307D7DF003
05-27 18:08:17.199   536   536 D commservice260303: bufferevent_write retrun value = 0
05-27 18:08:17.199   536   560 D commservice260303: client datas send succeed,send finish
05-27 18:08:17.199 13911 14192 D Sentinelmode_1.2.5.17_sentry: <SentryImuClusterFgeSender>imu_status sent to Linux, frame=192735, tsNs=8364440, tsMs=8, intervalMs=39, ad=(-0.013105616,6.0416874E-4,-0.16031933), gd=(-0.011530136,0.0044280253,0.002060829)
05-27 18:08:17.200   283   307 I rvcservice: t.code = 3, t.value = 0
05-27 18:08:17.201   581   581 I SpiService: fgesysctrl_getGPIO_status success val=0
05-27 18:08:17.201   481   597 I mcuc    : send SPI:6AA6015B9200F80901B30401098102010100000000000000000000000000000000000000000000000000000000000000000000000000000000000000000000000000000000000000000000000000000000000000000000000000000000000000000000000000000000000000000000000000000000000000000000000000000000000000000000000000000000000000000000000000000000000000000000000000000000000000000000000000000000000000000000000000000000000000000000000000000000000000000000000000000000000000000000000000000000000000000000000000000000000000000000000000000000000000000000CA
05-27 18:08:17.209   299 30841 D EvsDriver: forwardFrame
05-27 18:08:17.210   299 30841 D EvsDriver: Delivered 0xb400007b7ca56a60 as id 0
05-27 18:08:17.211  1167  1167 D evsmanagerd: /dev/video4 forwarded the buffer #0 to 0xb4000074bf5f6850 from 0xb4000074bf5f41d0
05-27 18:08:17.213   299  1163 D EvsDriver: doneWithFrame
05-27 18:08:17.216   581   581 I SpiService: fgesysctrl_getGPIO_status success val=1
05-27 18:08:17.217 13911 14183 I SentryImuMcuAngleSender: 179.95091rollDeg
05-27 18:08:17.217 13911 14183 I SentryImuMcuAngleSender: 1,0,0
05-27 18:08:17.217   299 30844 D EvsDriver: forwardFrame
05-27 18:08:17.219   299 30844 D EvsDriver: Delivered 0xb400007b7ca56900 as id 0
05-27 18:08:17.219  1167  1167 D evsmanagerd: /dev/video6 forwarded the buffer #0 to 0xb4000074bf5f5510 from 0xb4000074bf5f6d90
05-27 18:08:17.220  1008 30857 D [OMXB]  : usingANWBuffer: handle:0xee742ed0, format:1, w:1920, h:1080
05-27 18:08:17.222   581   581 I SpiService: fgesysctrl_getGPIO_status success val=1
05-27 18:08:17.226   299  1163 D EvsDriver: doneWithFrame
05-27 18:08:17.228   581   581 I SpiService: fgesysctrl_getGPIO_status success val=1
05-27 18:08:17.233   581   581 I SpiService: fgesysctrl_getGPIO_status success val=1
05-27 18:08:17.237  1008 30856 D [OMXB]  : usingANWBuffer: handle:0xee7404e0, format:1, w:1920, h:1080
05-27 18:08:17.238 13911 14183 I SentryImuMcuAngleSender: 179.95096rollDeg
05-27 18:08:17.238 13911 14183 I SentryImuMcuAngleSender: 1,0,0
05-27 18:08:17.239   581   581 I SpiService: fgesysctrl_getGPIO_status success val=1
05-27 18:08:17.239   536   536 D commservice260303: msg.id = 1028,0
05-27 18:08:17.239   536   536 D commservice260303: i = 170, msgid = 8A000404
05-27 18:08:17.239   536   536 D commservice260303: msgid = -1979710460,did=138
05-27 18:08:17.239   536   536 D commservice260303: CommProtocolLibCmdBaseI2C::dataproc {"command":{"id":"imu_status","sub":""},"content":{"TimeStamp":8,"FrameCounter":192736,"GD_X":-0.01153013575822115,"GD_Y":0.0038938329089432955,"GD_Z":0.002213752595707774,"AD_X":-0.010606437921524048,"AD_Y":0.004842664115130901,"AD_Z":-0.17068862915039062,"TempDsp":0,"Status":0,"CalibState":1,"SigAmpInvalid":0}},-1979710460
05-27 18:08:17.239   536   536 D commservice260303: send2Cluster len:314, 7B22636F6D6D616E64223A7B226964223A22696D755F737461747573222C22737562223A22227D2C22636F6E74656E74223A7B2254696D655374616D70223A382C224672616D65436F756E746572223A3139323733362C2247445F58223A2D302E30313135333031333537353832323131352C2247445F59223A302E303033383933383332393038393433323935352C2247445F5A223A302E3030323231333735323539353730373737342C2241445F58223A2D302E3031303630363433373932313532343034382C2241445F59223A302E3030343834323636343131353133303930312C2241445F5A223A2D302E31373036383836323931353033393036322C2254656D70447370223A302C22537461747573223A302C2243616C69625374617465223A312C22536967416D70496E76616C6964223A307D7D, 138 
05-27 18:08:17.239   536   536 D commservice260303: Push Message into SendPool fn=-366214400
05-27 18:08:17.239   536   536 D commservice260303: ComProtocolLibSend2Cluster::send2ClusterRaw fn=-366214400 , len=330
05-27 18:08:17.239   536   536 D commservice260303: sendCmdToPort :330!!!
05-27 18:08:17.239   536   536 D commservice260303: send Cmd To Port ++++5AA501468A0100032CEA6A16C2917B22636F6D6D616E64223A7B226964223A22696D755F737461747573222C22737562223A22227D2C22636F6E74656E74223A7B2254696D655374616D70223A382C224672616D65436F756E746572223A3139323733362C2247445F58223A2D302E30313135333031333537353832323131352C2247445F59223A302E303033383933383332393038393433323935352C2247445F5A223A302E3030323231333735323539353730373737342C2241445F58223A2D302E3031303630363433373932313532343034382C2241445F59223A302E3030343834323636343131353133303930312C2241445F5A223A2D302E31373036383836323931353033393036322C2254656D70447370223A302C22537461747573223A302C2243616C69625374617465223A312C22536967416D70496E76616C6964223A307D7D439F
05-27 18:08:17.239   536   536 D commservice260303: bufferevent_write retrun value = 0
05-27 18:08:17.239   536   560 D commservice260303: client datas send succeed,send finish
05-27 18:08:17.240 13911 14192 D Sentinelmode_1.2.5.17_sentry: <SentryImuClusterFgeSender>imu_status sent to Linux, frame=192736, tsNs=8364475, tsMs=8, intervalMs=41, ad=(-0.010606438,0.004842664,-0.17068863), gd=(-0.011530136,0.003893833,0.0022137526)
05-27 18:08:17.244   581   581 I SpiService: fgesysctrl_getGPIO_status success val=0
05-27 18:08:17.245   299 30841 D EvsDriver: forwardFrame
05-27 18:08:17.245   299 30844 D EvsDriver: forwardFrame
05-27 18:08:17.247   299 30841 D EvsDriver: Delivered 0xb400007b7ca56a60 as id 0
05-27 18:08:17.247   299 30844 D EvsDriver: Delivered 0xb400007b7ca56900 as id 0
05-27 18:08:17.248  1167  1184 D evsmanagerd: /dev/video6 forwarded the buffer #0 to 0xb4000074bf5f5510 from 0xb4000074bf5f6d90
05-27 18:08:17.248  1167  1167 D evsmanagerd: /dev/video4 forwarded the buffer #0 to 0xb4000074bf5f6850 from 0xb4000074bf5f41d0
05-27 18:08:17.254   299  1153 D EvsDriver: doneWithFrame
05-27 18:08:17.254   299  1163 D EvsDriver: doneWithFrame
05-27 18:08:17.258   481   598 I mcuc    : rev,n=1,6AA6825B920002090185
05-27 18:08:17.258 13911 14183 I SentryImuMcuAngleSender: 179.986rollDeg
05-27 18:08:17.258 13911 14183 I SentryImuMcuAngleSender: 1,0,0
05-27 18:08:17.260   581   581 I SpiService: fgesysctrl_getGPIO_status success val=1
05-27 18:08:17.260   572   622 I Sensors : 230 AccelSensor: x:-0.168360,y:-0.001829,z:-9.972281
05-27 18:08:17.263  1008 30857 D [OMXB]  : usingANWBuffer: handle:0xee742b60, format:1, w:1920, h:1080
05-27 18:08:17.265   581   581 I SpiService: fgesysctrl_getGPIO_status success val=1
05-27 18:08:17.271   581   581 I SpiService: fgesysctrl_getGPIO_status success val=1
05-27 18:08:17.275   299 30841 D EvsDriver: forwardFrame
05-27 18:08:17.276   299 30841 D EvsDriver: Delivered 0xb400007b7ca56a60 as id 0
05-27 18:08:17.276  1167  1167 D evsmanagerd: /dev/video4 forwarded the buffer #0 to 0xb4000074bf5f6850 from 0xb4000074bf5f41d0
05-27 18:08:17.276   581   581 I SpiService: fgesysctrl_getGPIO_status success val=1
05-27 18:08:17.278 13911 14183 I SentryImuMcuAngleSender: -179.98949rollDeg
05-27 18:08:17.278 13911 14183 I SentryImuMcuAngleSender: 1,0,0
05-27 18:08:17.279   299 30844 D EvsDriver: forwardFrame
05-27 18:08:17.279   536   536 D commservice260303: msg.id = 1028,1
05-27 18:08:17.279   536   536 D commservice260303: i = 170, msgid = 8A000404
05-27 18:08:17.279   536   536 D commservice260303: msgid = -1979710460,did=138
05-27 18:08:17.279   536   536 D commservice260303: CommProtocolLibCmdBaseI2C::dataproc {"command":{"id":"imu_status","sub":""},"content":{"TimeStamp":8,"FrameCounter":192737,"GD_X":-0.011223767884075642,"GD_Y":0.004809814505279064,"GD_Z":0.0018319635419175029,"AD_X":-0.001453399658203125,"AD_Y":-0.0024464644957333803,"AD_Z":-0.16336917877197266,"TempDsp":0,"Status":0,"CalibState":1,"SigAmpInvalid":0}},-1979710460
05-27 18:08:17.279   536   536 D commservice260303: send2Cluster len:317, 7B22636F6D6D616E64223A7B226964223A22696D755F737461747573222C22737562223A22227D2C22636F6E74656E74223A7B2254696D655374616D70223A382C224672616D65436F756E746572223A3139323733372C2247445F58223A2D302E3031313232333736373838343037353634322C2247445F59223A302E3030343830393831343530353237393036342C2247445F5A223A302E303031383331393633353431393137353032392C2241445F58223A2D302E3030313435333339393635383230333132352C2241445F59223A2D302E303032343436343634343935373333333830332C2241445F5A223A2D302E31363333363931373837373139373236362C2254656D70447370223A302C22537461747573223A302C2243616C69625374617465223A312C22536967416D70496E76616C6964223A307D7D, 138 
05-27 18:08:17.279   536   536 D commservice260303: Push Message into SendPool fn=-349437184
05-27 18:08:17.279   536   536 D commservice260303: ComProtocolLibSend2Cluster::send2ClusterRaw fn=-349437184 , len=333
05-27 18:08:17.279   536   536 D commservice260303: sendCmdToPort :333!!!
05-27 18:08:17.279   536   536 D commservice260303: send Cmd To Port ++++5AA501498A0100032CEB6A16C2917B22636F6D6D616E64223A7B226964223A22696D755F737461747573222C22737562223A22227D2C22636F6E74656E74223A7B2254696D655374616D70223A382C224672616D65436F756E746572223A3139323733372C2247445F58223A2D302E3031313232333736373838343037353634322C2247445F59223A302E3030343830393831343530353237393036342C2247445F5A223A302E303031383331393633353431393137353032392C2241445F58223A2D302E3030313435333339393635383230333132352C2241445F59223A2D302E303032343436343634343935373333333830332C2241445F5A223A2D302E31363333363931373837373139373236362C2254656D70447370223A302C22537461747573223A302C2243616C69625374617465223A312C22536967416D70496E76616C6964223A307D7DD20F
05-27 18:08:17.279   536   536 D commservice260303: bufferevent_write retrun value = 0
05-27 18:08:17.280   536   560 D commservice260303: client datas send succeed,send finish
05-27 18:08:17.280 13911 14192 D Sentinelmode_1.2.5.17_sentry: <SentryImuClusterFgeSender>imu_status sent to Linux, frame=192737, tsNs=8364528, tsMs=8, intervalMs=39, ad=(-0.0014533997,-0.0024464645,-0.16336918), gd=(-0.011223768,0.0048098145,0.0018319635)
05-27 18:08:17.281   299 30844 D EvsDriver: Delivered 0xb400007b7ca56900 as id 0
05-27 18:08:17.281  1167  1167 D evsmanagerd: /dev/video6 forwarded the buffer #0 to 0xb4000074bf5f5510 from 0xb4000074bf5f6d90
05-27 18:08:17.282   299  1163 D EvsDriver: doneWithFrame
05-27 18:08:17.283   581   581 I SpiService: fgesysctrl_getGPIO_status success val=1
05-27 18:08:17.283   299  1163 D EvsDriver: doneWithFrame
05-27 18:08:17.286  1008 30856 D [OMXB]  : usingANWBuffer: handle:0xee742ab0, format:1, w:1920, h:1080
05-27 18:08:17.288   581   581 I SpiService: fgesysctrl_getGPIO_status success val=0
05-27 18:08:17.293 30773 30789 I dvr_service_: Camera 0: MediaOK:68533762, frames:1590, isKeyFrame:0,pts:8364210307
05-27 18:08:17.298 13911 14183 I SentryImuMcuAngleSender: 179.97546rollDeg
05-27 18:08:17.298 13911 14183 I SentryImuMcuAngleSender: 1,0,0
05-27 18:08:17.300   283   307 I rvcservice: t.code = 7, t.value = 8364421
05-27 18:08:17.302  1008 30857 D [OMXB]  : usingANWBuffer: handle:0xee743be0, format:1, w:1920, h:1080
05-27 18:08:17.303   581   581 I SpiService: fgesysctrl_getGPIO_status success val=1
05-27 18:08:17.303 30773 30789 I dvr_service_: Camera 1: MediaOK:68567887, frames:1580, isKeyFrame:0,pts:8364205428
05-27 18:08:17.308   581   581 I SpiService: fgesysctrl_getGPIO_status success val=1
05-27 18:08:17.311   299 30844 D EvsDriver: forwardFrame
05-27 18:08:17.312   299 30844 D EvsDriver: Delivered 0xb400007b7ca56900 as id 0
05-27 18:08:17.312  1167  1167 D evsmanagerd: /dev/video6 forwarded the buffer #0 to 0xb4000074bf5f5510 from 0xb4000074bf5f6d90
05-27 18:08:17.313 30773 30781 I dvr_service_: [myNum:1][onFrameReceived] Received Surface:1 0
05-27 18:08:17.313 30773 30781 E dvr_service_: [myNum:1] Received S**** loss
05-27 18:08:17.313   299 30841 D EvsDriver: forwardFrame
05-27 18:08:17.313   299  1163 D EvsDriver: doneWithFrame
05-27 18:08:17.314   581   581 I SpiService: fgesysctrl_getGPIO_status success val=1
05-27 18:08:17.314   299 30841 D EvsDriver: Delivered 0xb400007b7ca56a60 as id 0
05-27 18:08:17.314  1167  1167 D evsmanagerd: /dev/video4 forwarded the buffer #0 to 0xb4000074bf5f6850 from 0xb4000074bf5f41d0
05-27 18:08:17.314 30773 30781 I dvr_service_: [myNum:0][onFrameReceived] Received Surface:1 0
05-27 18:08:17.314 30773 30781 E dvr_service_: [myNum:0] Received S**** loss
05-27 18:08:17.315   299  1163 D EvsDriver: doneWithFrame
05-27 18:08:17.319 13911 14183 I SentryImuMcuAngleSender: 179.96495rollDeg
05-27 18:08:17.319 13911 14183 I SentryImuMcuAngleSender: 1,0,0
05-27 18:08:17.319   536   536 D commservice260303: msg.id = 1028,1
05-27 18:08:17.319   536   536 D commservice260303: i = 170, msgid = 8A000404
05-27 18:08:17.319   536   536 D commservice260303: msgid = -1979710460,did=138
05-27 18:08:17.319   536   536 D commservice260303: CommProtocolLibCmdBaseI2C::dataproc {"command":{"id":"imu_status","sub":""},"content":{"TimeStamp":8,"FrameCounter":192738,"GD_X":-0.011300750076770782,"GD_Y":0.0059551820158958435,"GD_Z":0.0023671966046094894,"AD_X":0.0033990442752838135,"AD_Y":0.002423774916678667,"AD_Z":-0.16702938079833984,"TempDsp":0,"Status":0,"CalibState":1,"SigAmpInvalid":0}},-1979710460
05-27 18:08:17.319   581   581 I SpiService: fgesysctrl_getGPIO_status success val=1
05-27 18:08:17.319   536   536 D commservice260303: send2Cluster len:316, 7B22636F6D6D616E64223A7B226964223A22696D755F737461747573222C22737562223A22227D2C22636F6E74656E74223A7B2254696D655374616D70223A382C224672616D65436F756E746572223A3139323733382C2247445F58223A2D302E3031313330303735303037363737303738322C2247445F59223A302E303035393535313832303135383935383433352C2247445F5A223A302E303032333637313936363034363039343839342C2241445F58223A302E303033333939303434323735323833383133352C2241445F59223A302E3030323432333737343931363637383636372C2241445F5A223A2D302E31363730323933383037393833333938342C2254656D70447370223A302C22537461747573223A302C2243616C69625374617465223A312C22536967416D70496E76616C6964223A307D7D, 138 
05-27 18:08:17.319   536   536 D commservice260303: Push Message into SendPool fn=-332659968
05-27 18:08:17.319   536   536 D commservice260303: ComProtocolLibSend2Cluster::send2ClusterRaw fn=-332659968 , len=332
05-27 18:08:17.319   536   536 D commservice260303: sendCmdToPort :332!!!
05-27 18:08:17.319   536   536 D commservice260303: send Cmd To Port ++++5AA501488A0100032CEC6A16C2917B22636F6D6D616E64223A7B226964223A22696D755F737461747573222C22737562223A22227D2C22636F6E74656E74223A7B2254696D655374616D70223A382C224672616D65436F756E746572223A3139323733382C2247445F58223A2D302E3031313330303735303037363737303738322C2247445F59223A302E303035393535313832303135383935383433352C2247445F5A223A302E303032333637313936363034363039343839342C2241445F58223A302E303033333939303434323735323833383133352C2241445F59223A302E3030323432333737343931363637383636372C2241445F5A223A2D302E31363730323933383037393833333938342C2254656D70447370223A302C22537461747573223A302C2243616C69625374617465223A312C22536967416D70496E76616C6964223A307D7D509D
05-27 18:08:17.319   536   536 D commservice260303: bufferevent_write retrun value = 0
05-27 18:08:17.320   536   560 D commservice260303: client datas send succeed,send finish
05-27 18:08:17.320 13911 14192 D Sentinelmode_1.2.5.17_sentry: <SentryImuClusterFgeSender>imu_status sent to Linux, frame=192738, tsNs=8364563, tsMs=8, intervalMs=40, ad=(0.0033990443,0.002423775,-0.16702938), gd=(-0.01130075,0.005955182,0.0023671966)
05-27 18:08:17.322  1008 30856 D [OMXB]  : usingANWBuffer: handle:0xee740d20, format:1, w:1920, h:1080
05-27 18:08:17.325   581   581 I SpiService: fgesysctrl_getGPIO_status success val=0
05-27 18:08:17.336  1008 30857 D [OMXB]  : usingANWBuffer: handle:0xee7469f0, format:1, w:1920, h:1080
05-27 18:08:17.339   581   581 I SpiService: fgesysctrl_getGPIO_status success val=1
05-27 18:08:17.340 13911 14183 I SentryImuMcuAngleSender: 179.96495rollDeg
05-27 18:08:17.340 13911 14183 I SentryImuMcuAngleSender: 1,0,0
05-27 18:08:17.345   581   581 I SpiService: fgesysctrl_getGPIO_status success val=1
05-27 18:08:17.346   299 30844 D EvsDriver: forwardFrame
05-27 18:08:17.347   299 30844 D EvsDriver: Delivered 0xb400007b7ca56900 as id 0
05-27 18:08:17.347  1167  1167 D evsmanagerd: /dev/video6 forwarded the buffer #0 to 0xb4000074bf5f5510 from 0xb4000074bf5f6d90
05-27 18:08:17.349   572   622 I Sensors : 230 GyroSensor: x:-0.010537,y:0.004734,z:0.002214
05-27 18:08:17.350   299  1163 D EvsDriver: doneWithFrame
05-27 18:08:17.350   581   581 I SpiService: fgesysctrl_getGPIO_status success val=1
05-27 07:59:26.315   581   581 D spi_rst_gpio_get_output: GPIO 145 value: 1
05-27 18:08:17.356   299 30841 D EvsDriver: forwardFrame
05-27 18:08:17.356   581   581 I SpiService: fgesysctrl_getGPIO_status success val=1
05-27 18:08:17.358   299 30841 D EvsDriver: Delivered 0xb400007b7ca56a60 as id 0
05-27 18:08:17.358  1167  1167 D evsmanagerd: /dev/video4 forwarded the buffer #0 to 0xb4000074bf5f6850 from 0xb4000074bf5f41d0
05-27 18:08:17.359 13911 14183 I SentryImuMcuAngleSender: 179.97197rollDeg
05-27 18:08:17.359 13911 14183 I SentryImuMcuAngleSender: 1,0,0
05-27 18:08:17.360   299  1163 D EvsDriver: doneWithFrame
05-27 18:08:17.360   536   536 D commservice260303: msg.id = 1028,1
