05-27 18:08:20.635   581   581 I SpiService: fgesysctrl_getGPIO_status success val=1
05-27 07:59:29.600   581   581 D spi_rst_gpio_get_output: GPIO 145 value: 1
05-27 07:59:29.600   581   581 D spidev_ioctl: gpio status=1)
05-27 18:08:20.637  1008 30857 D [OMXB]  : usingANWBuffer: handle:0xee740590, format:1, w:1920, h:1080
05-27 18:08:20.638 30773 30789 I dvr_service_: Camera 1: MediaOK:71996419, frames:1660, isKeyFrame:0,pts:8367633960
05-27 18:08:20.641   581   581 I SpiService: fgesysctrl_getGPIO_status success val=1
05-27 07:59:29.606   581   581 D spi_rst_gpio_get_output: GPIO 145 value: 1
05-27 07:59:29.606   581   581 D spidev_ioctl: gpio status=1)
05-27 18:08:20.647   299 30841 D EvsDriver: forwardFrame
05-27 18:08:20.647   581   581 I SpiService: fgesysctrl_getGPIO_status success val=0
05-27 07:59:29.612   581   581 D spi_rst_gpio_get_output: GPIO 145 value: 0
05-27 07:59:29.612   581   581 D spidev_ioctl: gpio status=0)
05-27 18:08:20.649   299 30841 D EvsDriver: Delivered 0xb400007b7ca56a60 as id 0
05-27 18:08:20.649  1167  1479 D evsmanagerd: /dev/video4 forwarded the buffer #0 to 0xb4000074bf5f6850 from 0xb4000074bf5f41d0
05-27 18:08:20.650   299 30844 D EvsDriver: forwardFrame
05-27 18:08:20.650 30773 30773 E dvr_service_: [myNum:0] Received S**** loss
05-27 18:08:20.650   299  1163 D EvsDriver: doneWithFrame
05-27 18:08:20.651   299 30844 D EvsDriver: Delivered 0xb400007b7ca56900 as id 0
05-27 18:08:20.651  1167  1479 D evsmanagerd: /dev/video6 forwarded the buffer #0 to 0xb4000074bf5f5510 from 0xb4000074bf5f6d90
05-27 18:08:20.651 30773 30773 E dvr_service_: [myNum:1] Received S**** loss
05-27 18:08:20.652   299  1163 D EvsDriver: doneWithFrame
05-27 18:08:20.653   536   536 D commservice260303: msg.id = 1028,1
05-27 18:08:20.653   536   536 D commservice260303: i = 170, msgid = 8A000404
05-27 18:08:20.653   536   536 D commservice260303: msgid = -1979710460,did=138
05-27 18:08:20.653   536   536 D commservice260303: CommProtocolLibCmdBaseI2C::dataproc {"command":{"id":"imu_status","sub":""},"content":{"TimeStamp":8,"FrameCounter":192820,"GD_X":-0.011759000830352306,"GD_Y":0.0051151420921087265,"GD_Z":0.0021378109231591225,"AD_X":-0.0037326663732528687,"AD_Y":-0.002140812110155821,"AD_Z":-0.16946887969970703,"TempDsp":0,"Status":0,"CalibState":1,"SigAmpInvalid":0}},-1979710460
05-27 18:08:20.653   536   536 D commservice260303: send2Cluster len:318, 7B22636F6D6D616E64223A7B226964223A22696D755F737461747573222C22737562223A22227D2C22636F6E74656E74223A7B2254696D655374616D70223A382C224672616D65436F756E746572223A3139323832302C2247445F58223A2D302E3031313735393030303833303335323330362C2247445F59223A302E303035313135313432303932313038373236352C2247445F5A223A302E303032313337383130393233313539313232352C2241445F58223A2D302E303033373332363636333733323532383638372C2241445F59223A2D302E3030323134303831323131303135353832312C2241445F5A223A2D302E31363934363838373936393937303730332C2254656D70447370223A302C22537461747573223A302C2243616C69625374617465223A312C22536967416D70496E76616C6964223A307D7D, 138 
05-27 18:08:20.653   536   536 D commservice260303: Push Message into SendPool fn=1076691712
05-27 18:08:20.653   536   536 D commservice260303: ComProtocolLibSend2Cluster::send2ClusterRaw fn=1076691712 , len=334
05-27 18:08:20.653   536   536 D commservice260303: sendCmdToPort :334!!!
05-27 18:08:20.653   536   536 D commservice260303: send Cmd To Port ++++5AA5014A8A0100032D406A16C2947B22636F6D6D616E64223A7B226964223A22696D755F737461747573222C22737562223A22227D2C22636F6E74656E74223A7B2254696D655374616D70223A382C224672616D65436F756E746572223A3139323832302C2247445F58223A2D302E3031313735393030303833303335323330362C2247445F59223A302E303035313135313432303932313038373236352C2247445F5A223A302E303032313337383130393233313539313232352C2241445F58223A2D302E303033373332363636333733323532383638372C2241445F59223A2D302E3030323134303831323131303135353832312C2241445F5A223A2D302E31363934363838373936393937303730332C2254656D70447370223A302C22537461747573223A302C2243616C69625374617465223A312C22536967416D70496E76616C6964223A307D7D5836
05-27 18:08:20.654   536   536 D commservice260303: bufferevent_write retrun value = 0
05-27 18:08:20.654   536   560 D commservice260303: client datas send succeed,send finish
05-27 18:08:20.654 13911 14192 D Sentinelmode_1.2.5.17_sentry: <SentryImuClusterFgeSender>imu_status sent to Linux, frame=192820, tsNs=8367897, tsMs=8, intervalMs=40, ad=(-0.0037326664,-0.002140812,-0.16946888), gd=(-0.011759001,0.005115142,0.002137811)
05-27 18:08:20.654 13911 14183 I SentryImuMcuAngleSender: 179.993rollDeg
05-27 18:08:20.654 13911 14183 I SentryImuMcuAngleSender: 1,0,0
05-27 18:08:20.658  1008 30856 D [OMXB]  : usingANWBuffer: handle:0xee742ed0, format:1, w:1920, h:1080
05-27 18:08:20.662   581   581 I SpiService: fgesysctrl_getGPIO_status success val=1
05-27 07:59:29.626   581   581 D spi_rst_gpio_get_output: GPIO 145 value: 1
05-27 07:59:29.626   581   581 D spidev_ioctl: gpio status=1)
05-27 18:08:20.667   581   581 I SpiService: fgesysctrl_getGPIO_status success val=1
05-27 07:59:29.632   581   581 D spi_rst_gpio_get_output: GPIO 145 value: 1
05-27 07:59:29.632   581   581 D spidev_ioctl: gpio status=1)
05-27 18:08:20.672  1008 30857 D [OMXB]  : usingANWBuffer: handle:0xee742530, format:1, w:1920, h:1080
05-27 18:08:20.673   581   581 I SpiService: fgesysctrl_getGPIO_status success val=1
05-27 07:59:29.637   581   581 D spi_rst_gpio_get_output: GPIO 145 value: 1
05-27 07:59:29.637   581   581 D spidev_ioctl: gpio status=1)
05-27 18:08:20.674   299 30844 D EvsDriver: forwardFrame
05-27 18:08:20.674 13911 14183 I SentryImuMcuAngleSender: 179.99649rollDeg
05-27 18:08:20.674 13911 14183 I SentryImuMcuAngleSender: 1,0,0
05-27 18:08:20.675   299 30844 D EvsDriver: Delivered 0xb400007b7ca56900 as id 0
05-27 18:08:20.675  1167  1479 D evsmanagerd: /dev/video6 forwarded the buffer #0 to 0xb4000074bf5f5510 from 0xb4000074bf5f6d90
05-27 18:08:20.675   299 30841 D EvsDriver: forwardFrame
05-27 18:08:20.677   299  1163 D EvsDriver: doneWithFrame
05-27 18:08:20.678  1167  1479 D evsmanagerd: /dev/video4 forwarded the buffer #0 to 0xb4000074bf5f6850 from 0xb4000074bf5f41d0
05-27 18:08:20.678   299 30841 D EvsDriver: Delivered 0xb400007b7ca56a60 as id 0
05-27 18:08:20.678   581   581 I SpiService: fgesysctrl_getGPIO_status success val=1
05-27 18:08:20.680   299  1163 D EvsDriver: doneWithFrame
05-27 07:59:29.643   581   581 D spi_rst_gpio_get_output: GPIO 145 value: 1
05-27 07:59:29.643   581   581 D spidev_ioctl: gpio status=1)
05-27 18:08:20.683   572   622 I Sensors : 230 GyroSensor: x:-0.011530,y:0.005115,z:0.002138
05-27 18:08:20.684   581   581 I SpiService: fgesysctrl_getGPIO_status success val=1
05-27 07:59:29.649   581   581 D spi_rst_gpio_get_output: GPIO 145 value: 1
05-27 07:59:29.649   581   581 D spidev_ioctl: gpio status=1)
05-27 18:08:20.690   581   581 I SpiService: fgesysctrl_getGPIO_status success val=0
05-27 07:59:29.654   581   581 D spi_rst_gpio_get_output: GPIO 145 value: 0
05-27 07:59:29.654   581   581 D spidev_ioctl: gpio status=0)
05-27 18:08:20.693   536   536 D commservice260303: msg.id = 1028,1
05-27 18:08:20.693   536   536 D commservice260303: i = 170, msgid = 8A000404
05-27 18:08:20.693   536   536 D commservice260303: msgid = -1979710460,did=138
05-27 18:08:20.693   536   536 D commservice260303: CommProtocolLibCmdBaseI2C::dataproc {"command":{"id":"imu_status","sub":""},"content":{"TimeStamp":8,"FrameCounter":192821,"GD_X":-0.01153013575822115,"GD_Y":0.0051151420921087265,"GD_Z":0.0021378109231591225,"AD_X":-0.0037286728620529175,"AD_Y":-0.0021247281692922115,"AD_Z":-0.16580867767333984,"TempDsp":0,"Status":0,"CalibState":1,"SigAmpInvalid":0}},-1979710460
05-27 18:08:20.693   536   536 D commservice260303: send2Cluster len:318, 7B22636F6D6D616E64223A7B226964223A22696D755F737461747573222C22737562223A22227D2C22636F6E74656E74223A7B2254696D655374616D70223A382C224672616D65436F756E746572223A3139323832312C2247445F58223A2D302E30313135333031333537353832323131352C2247445F59223A302E303035313135313432303932313038373236352C2247445F5A223A302E303032313337383130393233313539313232352C2241445F58223A2D302E303033373238363732383632303532393137352C2241445F59223A2D302E303032313234373238313639323932323131352C2241445F5A223A2D302E31363538303836373736373333333938342C2254656D70447370223A302C22537461747573223A302C2243616C69625374617465223A312C22536967416D70496E76616C6964223A307D7D, 138 
05-27 18:08:20.693   536   536 D commservice260303: Push Message into SendPool fn=1093468928
05-27 18:08:20.693   536   536 D commservice260303: ComProtocolLibSend2Cluster::send2ClusterRaw fn=1093468928 , len=334
05-27 18:08:20.693   536   536 D commservice260303: sendCmdToPort :334!!!
05-27 18:08:20.693   536   536 D commservice260303: send Cmd To Port ++++5AA5014A8A0100032D416A16C2947B22636F6D6D616E64223A7B226964223A22696D755F737461747573222C22737562223A22227D2C22636F6E74656E74223A7B2254696D655374616D70223A382C224672616D65436F756E746572223A3139323832312C2247445F58223A2D302E30313135333031333537353832323131352C2247445F59223A302E303035313135313432303932313038373236352C2247445F5A223A302E303032313337383130393233313539313232352C2241445F58223A2D302E303033373238363732383632303532393137352C2241445F59223A2D302E303032313234373238313639323932323131352C2241445F5A223A2D302E31363538303836373736373333333938342C2254656D70447370223A302C22537461747573223A302C2243616C69625374617465223A312C22536967416D70496E76616C6964223A307D7D167E
05-27 18:08:20.694   536   536 D commservice260303: bufferevent_write retrun value = 0
05-27 18:08:20.694   536   560 D commservice260303: client datas send succeed,send finish
05-27 18:08:20.694 13911 14192 D Sentinelmode_1.2.5.17_sentry: <SentryImuClusterFgeSender>imu_status sent to Linux, frame=192821, tsNs=8367934, tsMs=8, intervalMs=40, ad=(-0.0037286729,-0.0021247282,-0.16580868), gd=(-0.011530136,0.005115142,0.002137811)
05-27 18:08:20.694 13911 14183 I SentryImuMcuAngleSender: 179.99298rollDeg
05-27 18:08:20.694 13911 14183 I SentryImuMcuAngleSender: 1,0,0
05-27 18:08:20.699  1008 30856 D [OMXB]  : usingANWBuffer: handle:0xee7427f0, format:1, w:1920, h:1080
05-27 18:08:20.704   581   581 I SpiService: fgesysctrl_getGPIO_status success val=1
05-27 07:59:29.668   581   581 D spi_rst_gpio_get_output: GPIO 145 value: 1
05-27 07:59:29.668   581   581 D spidev_ioctl: gpio status=1)
05-27 18:08:20.707   299 30844 D EvsDriver: forwardFrame
05-27 18:08:20.708   283   307 I rvcservice: t.code = 2, t.value = 9974720
05-27 18:08:20.708   299 30844 D EvsDriver: Delivered 0xb400007b7ca56900 as id 0
05-27 18:08:20.708  1167  1479 D evsmanagerd: /dev/video6 forwarded the buffer #0 to 0xb4000074bf5f5510 from 0xb4000074bf5f6d90
05-27 18:08:20.709   581   581 I SpiService: fgesysctrl_getGPIO_status success val=1
05-27 18:08:20.711   299  1163 D EvsDriver: doneWithFrame
05-27 18:08:20.712   299 30841 D EvsDriver: forwardFrame
05-27 07:59:29.674   581   581 D spi_rst_gpio_get_output: GPIO 145 value: 1
05-27 07:59:29.674   581   581 D spidev_ioctl: gpio status=1)
05-27 18:08:20.714 13911 14183 I SentryImuMcuAngleSender: 179.97197rollDeg
05-27 18:08:20.714 13911 14183 I SentryImuMcuAngleSender: 1,0,0
05-27 18:08:20.715   581   581 I SpiService: fgesysctrl_getGPIO_status success val=1
05-27 18:08:20.715   299 30841 D EvsDriver: Delivered 0xb400007b7ca56a60 as id 0
05-27 18:08:20.715  1167  1479 D evsmanagerd: /dev/video4 forwarded the buffer #0 to 0xb4000074bf5f6850 from 0xb4000074bf5f41d0
05-27 07:59:29.679   581   581 D spi_rst_gpio_get_output: GPIO 145 value: 1
05-27 07:59:29.679   581   581 D spidev_ioctl: gpio status=1)
05-27 18:08:20.718  1008 30857 D [OMXB]  : usingANWBuffer: handle:0xee740d20, format:1, w:1920, h:1080
05-27 18:08:20.718   299  1163 D EvsDriver: doneWithFrame
05-27 07:59:29.685   581   581 D spi_rst_gpio_get_output: GPIO 145 value: 1
05-27 07:59:29.685   581   581 D spidev_ioctl: gpio status=1)
05-27 18:08:20.721   581   581 I SpiService: fgesysctrl_getGPIO_status success val=1
05-27 18:08:20.726   581   581 I SpiService: fgesysctrl_getGPIO_status success val=0
05-27 07:59:29.691   581   581 D spi_rst_gpio_get_output: GPIO 145 value: 0
05-27 07:59:29.691   581   581 D spidev_ioctl: gpio status=0)
05-27 18:08:20.733   536   536 D commservice260303: msg.id = 1028,0
05-27 18:08:20.733   536   536 D commservice260303: i = 170, msgid = 8A000404
05-27 18:08:20.733   536   536 D commservice260303: msgid = -1979710460,did=138
05-27 18:08:20.733   536   536 D commservice260303: CommProtocolLibCmdBaseI2C::dataproc {"command":{"id":"imu_status","sub":""},"content":{"TimeStamp":8,"FrameCounter":192822,"GD_X":-0.011834942735731602,"GD_Y":0.004733873065561056,"GD_Z":0.0021378109231591225,"AD_X":-0.008578404784202576,"AD_Y":0.0021332786418497562,"AD_Z":-0.17069339752197266,"TempDsp":0,"Status":0,"CalibState":1,"SigAmpInvalid":0}},-1979710460
05-27 18:08:20.733   536   536 D commservice260303: send2Cluster len:316, 7B22636F6D6D616E64223A7B226964223A22696D755F737461747573222C22737562223A22227D2C22636F6E74656E74223A7B2254696D655374616D70223A382C224672616D65436F756E746572223A3139323832322C2247445F58223A2D302E3031313833343934323733353733313630322C2247445F59223A302E3030343733333837333036353536313035362C2247445F5A223A302E303032313337383130393233313539313232352C2241445F58223A2D302E3030383537383430343738343230323537362C2241445F59223A302E303032313333323738363431383439373536322C2241445F5A223A2D302E31373036393333393735323139373236362C2254656D70447370223A302C22537461747573223A302C2243616C69625374617465223A312C22536967416D70496E76616C6964223A307D7D, 138 
05-27 18:08:20.733   536   536 D commservice260303: Push Message into SendPool fn=1110246144
05-27 18:08:20.733   536   536 D commservice260303: ComProtocolLibSend2Cluster::send2ClusterRaw fn=1110246144 , len=332
05-27 18:08:20.733   536   536 D commservice260303: sendCmdToPort :332!!!
05-27 18:08:20.733   536   536 D commservice260303: send Cmd To Port ++++5AA501488A0100032D426A16C2947B22636F6D6D616E64223A7B226964223A22696D755F737461747573222C22737562223A22227D2C22636F6E74656E74223A7B2254696D655374616D70223A382C224672616D65436F756E746572223A3139323832322C2247445F58223A2D302E3031313833343934323733353733313630322C2247445F59223A302E3030343733333837333036353536313035362C2247445F5A223A302E303032313337383130393233313539313232352C2241445F58223A2D302E3030383537383430343738343230323537362C2241445F59223A302E303032313333323738363431383439373536322C2241445F5A223A2D302E31373036393333393735323139373236362C2254656D70447370223A302C22537461747573223A302C2243616C69625374617465223A312C22536967416D70496E76616C6964223A307D7DD438
05-27 18:08:20.733   536   536 D commservice260303: bufferevent_write retrun value = 0
05-27 18:08:20.733   536   560 D commservice260303: client datas send succeed,send finish
05-27 18:08:20.734 13911 14192 D Sentinelmode_1.2.5.17_sentry: <SentryImuClusterFgeSender>imu_status sent to Linux, frame=192822, tsNs=8367968, tsMs=8, intervalMs=39, ad=(-0.008578405,0.0021332786,-0.1706934), gd=(-0.011834943,0.004733873,0.002137811)
05-27 18:08:20.734 13911 14183 I SentryImuMcuAngleSender: 179.96848rollDeg
05-27 18:08:20.734 13911 14183 I SentryImuMcuAngleSender: 1,0,0
05-27 18:08:20.740   581   581 I SpiService: fgesysctrl_getGPIO_status success val=1
05-27 07:59:29.705   581   581 D spi_rst_gpio_get_output: GPIO 145 value: 1
05-27 07:59:29.705   581   581 D spidev_ioctl: gpio status=1)
05-27 18:08:20.744  1008 30857 D [OMXB]  : usingANWBuffer: handle:0xee7435b0, format:1, w:1920, h:1080
05-27 18:08:20.746   581   581 I SpiService: fgesysctrl_getGPIO_status success val=1
05-27 07:59:29.711   581   581 D spi_rst_gpio_get_output: GPIO 145 value: 1
05-27 18:08:20.749   299 30841 D EvsDriver: forwardFrame
05-27 07:59:29.711   581   581 D spidev_ioctl: gpio status=1)
05-27 18:08:20.751   299 30841 D EvsDriver: Delivered 0xb400007b7ca56a60 as id 0
05-27 18:08:20.751  1167  1479 D evsmanagerd: /dev/video4 forwarded the buffer #0 to 0xb4000074bf5f6850 from 0xb4000074bf5f41d0
05-27 18:08:20.752   581   581 I SpiService: fgesysctrl_getGPIO_status success val=1
05-27 07:59:29.716   581   581 D spi_rst_gpio_get_output: GPIO 145 value: 1
05-27 07:59:29.716   581   581 D spidev_ioctl: gpio status=1)
05-27 18:08:20.753   299 30844 D EvsDriver: forwardFrame
05-27 18:08:20.754   299  1163 D EvsDriver: doneWithFrame
05-27 18:08:20.754 13911 14183 I SentryImuMcuAngleSender: 179.97899rollDeg
05-27 18:08:20.755 13911 14183 I SentryImuMcuAngleSender: 1,0,0
05-27 18:08:20.757   581   581 I SpiService: fgesysctrl_getGPIO_status success val=1
05-27 18:08:20.758   299 30844 D EvsDriver: Delivered 0xb400007b7ca56900 as id 0
05-27 18:08:20.758  1167  1479 D evsmanagerd: /dev/video6 forwarded the buffer #0 to 0xb4000074bf5f5510 from 0xb4000074bf5f6d90
05-27 18:08:20.761   299  1163 D EvsDriver: doneWithFrame
05-27 18:08:20.763   581   581 I SpiService: fgesysctrl_getGPIO_status success val=1
05-27 18:08:20.763  1008 30856 D [OMXB]  : usingANWBuffer: handle:0xee743870, format:1, w:1920, h:1080
05-27 07:59:29.722   581   581 D spi_rst_gpio_get_output: GPIO 145 value: 1
05-27 07:59:29.722   581   581 D spidev_ioctl: gpio status=1)
05-27 07:59:29.727   581   581 D spi_rst_gpio_get_output: GPIO 145 value: 1
05-27 07:59:29.727   581   581 D spidev_ioctl: gpio status=1)
05-27 18:08:20.769   581   581 I SpiService: fgesysctrl_getGPIO_status success val=0
05-27 18:08:20.772 20298 20327 D ANWAPI_SECOND: (20298|0x295CACB0)[BTAPI] run AnWBT_WaitInitFinish
05-27 18:08:20.772 20298 20327 D ANWAPI_SECOND: (20298|0x295CACB0)[BTAPI] bb_vendor(3)hcit_type(3)
05-27 18:08:20.772 20298 20327 D ANWAPI_SECOND: (20298|0x295CACB0)[BTAPI] RTL8761, config_uart_path[/dev/ttyS3], baudrate_init(115200), baudrate_normal(3000000)
05-27 18:08:20.772 20298 20327 D ANWAPI_SECOND: (20298|0x295CACB0)[BTAPI] RTL8761, config_BT_ADDR_path[]
05-27 18:08:20.773 20298 20327 D ANWAPI_SECOND: (20298|0x295CACB0)[BTAPI] BTUart_Configure start
05-27 18:08:20.773 20298 20327 I ANWStack: [   8368024][ANWBT] Device name = /dev/ttyS3,baudrate_init =115200(115200),baudrate =3000000(3000000)
05-27 18:08:20.773 20298 20327 I ANWStack: 
05-27 18:08:20.773 20298 20327 I ANWStack: [   8368024][ANWBT] BTUart_StartUp  speed = 115200
05-27 18:08:20.773 20298 20327 I ANWStack: 
05-27 18:08:20.774   536   536 D commservice260303: msg.id = 1028,0
05-27 18:08:20.774   536   536 D commservice260303: i = 170, msgid = 8A000404
05-27 18:08:20.774   536   536 D commservice260303: msgid = -1979710460,did=138
05-27 18:08:20.774   536   536 D commservice260303: CommProtocolLibCmdBaseI2C::dataproc {"command":{"id":"imu_status","sub":""},"content":{"TimeStamp":8,"FrameCounter":192823,"GD_X":-0.01160607673227787,"GD_Y":0.0051151420921087265,"GD_Z":0.0020608289632946253,"AD_X":-0.003679230809211731,"AD_Y":-0.004563058726489544,"AD_Z":-0.17069339752197266,"TempDsp":0,"Status":0,"CalibState":1,"SigAmpInvalid":0}},-1979710460
05-27 18:08:20.774   536   536 D commservice260303: send2Cluster len:316, 7B22636F6D6D616E64223A7B226964223A22696D755F737461747573222C22737562223A22227D2C22636F6E74656E74223A7B2254696D655374616D70223A382C224672616D65436F756E746572223A3139323832332C2247445F58223A2D302E30313136303630373637333232373738372C2247445F59223A302E303035313135313432303932313038373236352C2247445F5A223A302E303032303630383238393633323934363235332C2241445F58223A2D302E3030333637393233303830393231313733312C2241445F59223A2D302E3030343536333035383732363438393534342C2241445F5A223A2D302E31373036393333393735323139373236362C2254656D70447370223A302C22537461747573223A302C2243616C69625374617465223A312C22536967416D70496E76616C6964223A307D7D, 138 
05-27 18:08:20.774   536   536 D commservice260303: Push Message into SendPool fn=1127023360
05-27 18:08:20.774   536   536 D commservice260303: ComProtocolLibSend2Cluster::send2ClusterRaw fn=1127023360 , len=332
05-27 18:08:20.774   536   536 D commservice260303: sendCmdToPort :332!!!
05-27 18:08:20.774   536   536 D commservice260303: send Cmd To Port ++++5AA501488A0100032D436A16C2947B22636F6D6D616E64223A7B226964223A22696D755F737461747573222C22737562223A22227D2C22636F6E74656E74223A7B2254696D655374616D70223A382C224672616D65436F756E746572223A3139323832332C2247445F58223A2D302E30313136303630373637333232373738372C2247445F59223A302E303035313135313432303932313038373236352C2247445F5A223A302E303032303630383238393633323934363235332C2241445F58223A2D302E3030333637393233303830393231313733312C2241445F59223A2D302E3030343536333035383732363438393534342C2241445F5A223A2D302E31373036393333393735323139373236362C2254656D70447370223A302C22537461747573223A302C2243616C69625374617465223A312C22536967416D70496E76616C6964223A307D7DF025
05-27 18:08:20.774 20298 20327 D ANWStack: Mac Address /data/vendor/bluetooth/btmac.txt open fail - No such file or directory
05-27 18:08:20.774   536   536 D commservice260303: bufferevent_write retrun value = 0
05-27 18:08:20.774   536   560 D commservice260303: client datas send succeed,send finish
05-27 18:08:20.774 20298 20327 D ANWStack: Mac Address from file  /data/vendor/bluetooth/btmac.txt -  (1)
05-27 18:08:20.774 13911 14192 D Sentinelmode_1.2.5.17_sentry: <SentryImuClusterFgeSender>imu_status sent to Linux, frame=192823, tsNs=8368004, tsMs=8, intervalMs=41, ad=(-0.0036792308,-0.0045630587,-0.1706934), gd=(-0.011606077,0.005115142,0.002060829)
05-27 18:08:20.774 13911 14183 I SentryImuMcuAngleSender: -179.98248rollDeg
05-27 18:08:20.774 13911 14183 I SentryImuMcuAngleSender: 1,0,0
05-27 18:08:20.769 20298 20298 I auditd  : type=1400 audit(0.0:37471): avc: denied { read write } for comm="BTInit_Task" name="ttyS3" dev="tmpfs" ino=3005 scontext=u:r:system_app:s0 tcontext=u:object_r:serial_device:s0 tclass=chr_file permissive=1
05-27 18:08:20.769 20298 20298 I BTInit_Task: type=1400 audit(0.0:37471): avc: denied { read write } for name="ttyS3" dev="tmpfs" ino=3005 scontext=u:r:system_app:s0 tcontext=u:object_r:serial_device:s0 tclass=chr_file permissive=1
05-27 18:08:20.776   299 30841 D EvsDriver: forwardFrame
05-27 18:08:20.777 20298 20327 D ANWStack: rtk_8761C_init@1, fd 0x55
05-27 18:08:20.777 20298 20327 D ANWStack: type RTL_8761C, init speed 115200
05-27 18:08:20.777 20298 20327 D ANWStack: rtk_8761C_init@2, fd 0x55
05-27 18:08:20.778   299 30841 D EvsDriver: Delivered 0xb400007b7ca56a60 as id 0
05-27 18:08:20.778 20298 20327 D ANWStack: Realtek Bluetooth init uart with init speed:115200, type:HCI UART H4
05-27 18:08:20.778 20298 20327 D ANWStack: Realtek Bluetooth :Realtek hciattach version 3.1.d5a90fd.20250813-162457 
05-27 18:08:20.778 20298 20327 D ANWStack: 
05-27 18:08:20.778  1167  1479 D evsmanagerd: /dev/video4 forwarded the buffer #0 to 0xb4000074bf5f6850 from 0xb4000074bf5f41d0
05-27 18:08:20.769 20298 20298 I auditd  : type=1400 audit(0.0:37472): avc: denied { open } for comm="BTInit_Task" path="/dev/ttyS3" dev="tmpfs" ino=3005 scontext=u:r:system_app:s0 tcontext=u:object_r:serial_device:s0 tclass=chr_file permissive=1
05-27 18:08:20.769 20298 20298 I BTInit_Task: type=1400 audit(0.0:37472): avc: denied { open } for path="/dev/ttyS3" dev="tmpfs" ino=3005 scontext=u:r:system_app:s0 tcontext=u:object_r:serial_device:s0 tclass=chr_file permissive=1
05-27 18:08:20.778 20298 20327 D ANWStack: Realtek Bluetooth :Use epoll
05-27 18:08:20.778 20298 20327 D ANWStack: Realtek Bluetooth :Realtek H4 IC
05-27 07:59:29.734   581   581 D spi_rst_gpio_get_output: GPIO 145 value: 0
05-27 07:59:29.734   581   581 D spidev_ioctl: gpio status=0)
05-27 07:59:29.741 20327 20327 E sprd_serial 20230000.serial: request TX DMA channel failed, ret = -19
05-27 07:59:29.741 20327 20327 E sprd_serial 20230000.serial: request RX DMA channel failed, ret = -19
05-27 18:08:20.780   299  1163 D EvsDriver: doneWithFrame
05-27 18:08:20.773 20298 20298 I auditd  : type=1400 audit(0.0:37473): avc: denied { ioctl } for comm="BTInit_Task" path="/dev/ttyS3" dev="tmpfs" ino=3005 ioctlcmd=0x540b scontext=u:r:system_app:s0 tcontext=u:object_r:serial_device:s0 tclass=chr_file permissive=1
05-27 18:08:20.773 20298 20298 I BTInit_Task: type=1400 audit(0.0:37473): avc: denied { ioctl } for path="/dev/ttyS3" dev="tmpfs" ino=3005 ioctlcmd=0x540b scontext=u:r:system_app:s0 tcontext=u:object_r:serial_device:s0 tclass=chr_file permissive=1
05-27 18:08:20.782 30773 30786 I dvr_service_: CameraX 0  audioOK: 72094637,audios:1080
05-27 18:08:20.782   299 30844 D EvsDriver: forwardFrame
05-27 18:08:20.782 30773 30786 I dvr_service_: CameraX 1  audioOK: 72094637,audios:1080
05-27 18:08:20.784   299 30844 D EvsDriver: Delivered 0xb400007b7ca56900 as id 0
05-27 18:08:20.784  1167  1479 D evsmanagerd: /dev/video6 forwarded the buffer #0 to 0xb4000074bf5f5510 from 0xb4000074bf5f6d90
05-27 18:08:20.785   581   581 I SpiService: fgesysctrl_getGPIO_status success val=1
05-27 18:08:20.786  1008 30857 D [OMXB]  : usingANWBuffer: handle:0xee744630, format:1, w:1920, h:1080
05-27 18:08:20.789   299  1163 D EvsDriver: doneWithFrame
05-27 07:59:29.750   581   581 D spi_rst_gpio_get_output: GPIO 145 value: 1
05-27 07:59:29.750   581   581 D spidev_ioctl: gpio status=1)
05-27 07:59:29.752   303   303 I [Audio:SBLCK] p_tt: 1080736,1080736
05-27 18:08:20.791   572   622 I Sensors : 230 AccelSensor: x:-0.164700,y:0.000000,z:-9.972890
05-27 18:08:20.792   581   581 I SpiService: fgesysctrl_getGPIO_status success val=1
05-27 07:59:29.756   581   581 D spi_rst_gpio_get_output: GPIO 145 value: 1
05-27 07:59:29.756   581   581 D spidev_ioctl: gpio status=1)
05-27 18:08:20.793 10188 10959 E UnisocStabilityCollection: handleMessage:1,running=true
05-27 18:08:20.793 10188 10959 E UnisocStabilityCollection: sendMessage:1
05-27 18:08:20.794 13911 14183 I SentryImuMcuAngleSender: 180.0rollDeg
05-27 18:08:20.794 13911 14183 I SentryImuMcuAngleSender: 1,0,0
05-27 18:08:20.797   581   581 I SpiService: fgesysctrl_getGPIO_status success val=1
05-27 07:59:29.762   581   581 D spi_rst_gpio_get_output: GPIO 145 value: 1
05-27 07:59:29.762   581   581 D spidev_ioctl: gpio status=1)
05-27 18:08:20.802  1008 30856 D [OMXB]  : usingANWBuffer: handle:0xee7442c0, format:1, w:1920, h:1080
05-27 18:08:20.803   581   581 I SpiService: fgesysctrl_getGPIO_status success val=1
05-27 07:59:29.768   581   581 D spi_rst_gpio_get_output: GPIO 145 value: 1
05-27 07:59:29.768   581   581 D spidev_ioctl: gpio status=1)
05-27 18:08:20.808   283   307 I rvcservice: t.code = 3, t.value = 0
05-27 07:59:29.773   581   581 D spi_rst_gpio_get_output: GPIO 145 value: 0
05-27 07:59:29.773   581   581 D spidev_ioctl: gpio status=0)
05-27 18:08:20.809   581   581 I SpiService: fgesysctrl_getGPIO_status success val=0
05-27 18:08:20.812 10188 10959 E UnisocStabilityCollection: getLoadAvgInfo:3/2640
05-27 18:08:20.812 10188 10959 E UnisocStabilityCollection: getLoadAvgInfo index:1
05-27 18:08:20.812 10188 10959 E UnisocStabilityCollection: getLoadAvgInfo str1:3
05-27 18:08:20.812 10188 10959 E UnisocStabilityCollection: getLoadAvgInfo str1:2640
05-27 18:08:20.812 10188 10959 E UnisocStabilityCollection: checkLastPressure[/proc/pressure/memory] some (0.0,0.0,0.0)
05-27 18:08:20.813 10188 10959 E UnisocStabilityCollection: checkLastPressure[/proc/pressure/memory] full (0.0,0.0,0.0)
05-27 18:08:20.813 10188 10959 E UnisocStabilityCollection: checkLastPressure[/proc/pressure/io] some (1.04,2.57,3.58)
05-27 18:08:20.813 10188 10959 E UnisocStabilityCollection: checkLastPressure[/proc/pressure/io] full (0.34,1.29,2.06)
05-27 18:08:20.813 10188 10959 E UnisocStabilityCollection: handleMessage UNISOCCOLLECTION_EVENT_SYSTEM:1,sum=2
05-27 18:08:20.814   299 30841 D EvsDriver: forwardFrame
05-27 18:08:20.815 13911 14183 I SentryImuMcuAngleSender: 179.98248rollDeg
05-27 18:08:20.815 13911 14183 I SentryImuMcuAngleSender: 1,0,0
05-27 18:08:20.815   536   536 D commservice260303: msg.id = 1028,1
05-27 18:08:20.815   536   536 D commservice260303: i = 170, msgid = 8A000404
05-27 18:08:20.815   536   536 D commservice260303: msgid = -1979710460,did=138
05-27 18:08:20.815   299 30841 D EvsDriver: Delivered 0xb400007b7ca56a60 as id 0
05-27 18:08:20.815   536   536 D commservice260303: CommProtocolLibCmdBaseI2C::dataproc {"command":{"id":"imu_status","sub":""},"content":{"TimeStamp":8,"FrameCounter":192824,"GD_X":-0.010841978713870049,"GD_Y":0.00519212381914258,"GD_Z":0.0028249274473637342,"AD_X":-0.0012684166431427002,"AD_Y":-2.6012700982391834E-4,"AD_Z":-0.16702938079833984,"TempDsp":0,"Status":0,"CalibState":1,"SigAmpInvalid":0}},-1979710460
05-27 18:08:20.815   536   536 D commservice260303: send2Cluster len:317, 7B22636F6D6D616E64223A7B226964223A22696D755F737461747573222C22737562223A22227D2C22636F6E74656E74223A7B2254696D655374616D70223A382C224672616D65436F756E746572223A3139323832342C2247445F58223A2D302E3031303834313937383731333837303034392C2247445F59223A302E30303531393231323338313931343235382C2247445F5A223A302E303032383234393237343437333633373334322C2241445F58223A2D302E303031323638343136363433313432373030322C2241445F59223A2D322E36303132373030393832333931383334452D342C2241445F5A223A2D302E31363730323933383037393833333938342C2254656D70447370223A302C22537461747573223A302C2243616C69625374617465223A312C22536967416D70496E76616C6964223A307D7D, 138 
05-27 18:08:20.815   536   536 D commservice260303: Push Message into SendPool fn=1143800576
05-27 18:08:20.815   536   536 D commservice260303: ComProtocolLibSend2Cluster::send2ClusterRaw fn=1143800576 , len=333
05-27 18:08:20.815   536   536 D commservice260303: sendCmdToPort :333!!!
05-27 18:08:20.815   536   536 D commservice260303: send Cmd To Port ++++5AA501498A0100032D446A16C2947B22636F6D6D616E64223A7B226964223A22696D755F737461747573222C22737562223A22227D2C22636F6E74656E74223A7B2254696D655374616D70223A382C224672616D65436F756E746572223A3139323832342C2247445F58223A2D302E3031303834313937383731333837303034392C2247445F59223A302E30303531393231323338313931343235382C2247445F5A223A302E303032383234393237343437333633373334322C2241445F58223A2D302E303031323638343136363433313432373030322C2241445F59223A2D322E36303132373030393832333931383334452D342C2241445F5A223A2D302E31363730323933383037393833333938342C2254656D70447370223A302C22537461747573223A302C2243616C69625374617465223A312C22536967416D70496E76616C6964223A307D7D647F
05-27 18:08:20.815  1167  1479 D evsmanagerd: /dev/video4 forwarded the buffer #0 to 0xb4000074bf5f6850 from 0xb4000074bf5f41d0
05-27 18:08:20.815   536   536 D commservice260303: bufferevent_write retrun value = 0
05-27 18:08:20.816 30773 30773 E dvr_service_: [myNum:0] Received S**** loss
05-27 18:08:20.816   536   560 D commservice260303: client datas send succeed,send finish
05-27 18:08:20.816 13911 14192 D Sentinelmode_1.2.5.17_sentry: <SentryImuClusterFgeSender>imu_status sent to Linux, frame=192824, tsNs=8368058, tsMs=8, intervalMs=42, ad=(-0.0012684166,-2.60127E-4,-0.16702938), gd=(-0.010841979,0.005192124,0.0028249274)
05-27 18:08:20.817   299  1163 D EvsDriver: doneWithFrame
05-27 18:08:20.818   299 30844 D EvsDriver: forwardFrame
05-27 18:08:20.820   299 30844 D EvsDriver: Delivered 0xb400007b7ca56900 as id 0
05-27 18:08:20.820  1167  1479 D evsmanagerd: /dev/video6 forwarded the buffer #0 to 0xb4000074bf5f5510 from 0xb4000074bf5f6d90
05-27 18:08:20.820 30773 30773 E dvr_service_: [myNum:1] Received S**** loss
05-27 18:08:20.820   299  1163 D EvsDriver: doneWithFrame
05-27 18:08:20.821  1008 30857 D [OMXB]  : usingANWBuffer: handle:0xee7433a0, format:1, w:1920, h:1080
05-27 18:08:20.824   581   581 I SpiService: fgesysctrl_getGPIO_status success val=1
05-27 07:59:29.788   581   581 D spi_rst_gpio_get_output: GPIO 145 value: 1
05-27 07:59:29.788   581   581 D spidev_ioctl: gpio status=1)
05-27 18:08:20.830   581   581 I SpiService: fgesysctrl_getGPIO_status success val=1
05-27 07:59:29.794   581   581 D spi_rst_gpio_get_output: GPIO 145 value: 1
05-27 07:59:29.794   581   581 D spidev_ioctl: gpio status=1)
05-27 18:08:20.835   581   581 I SpiService: fgesysctrl_getGPIO_status success val=1
05-27 18:08:20.835 13911 14183 I SentryImuMcuAngleSender: 179.97897rollDeg
05-27 18:08:20.836 13911 14183 I SentryImuMcuAngleSender: 1,0,0
05-27 18:08:20.836  1008 30856 D [OMXB]  : usingANWBuffer: handle:0xee744210, format:1, w:1920, h:1080
05-27 07:59:29.800   581   581 D spi_rst_gpio_get_output: GPIO 145 value: 1
05-27 07:59:29.800   581   581 D spidev_ioctl: gpio status=1)
05-27 18:08:20.833 30773 30773 I auditd  : type=1400 audit(0.0:37474): avc: denied { call } for comm="CodecLooper" scontext=u:r:adayo_dvr_service:s0 tcontext=u:r:mediacodec:s0 tclass=binder permissive=1
05-27 18:08:20.833 30773 30773 I CodecLooper: type=1400 audit(0.0:37474): avc: denied { call } for scontext=u:r:adayo_dvr_service:s0 tcontext=u:r:mediacodec:s0 tclass=binder permissive=1
05-27 07:59:29.805   581   581 D spi_rst_gpio_get_output: GPIO 145 value: 1
05-27 07:59:29.805   581   581 D spidev_ioctl: gpio status=1)
05-27 18:08:20.841   581   581 I SpiService: fgesysctrl_getGPIO_status success val=1
05-27 18:08:20.844   299 30844 D EvsDriver: forwardFrame
05-27 18:08:20.846   299 30844 D EvsDriver: Delivered 0xb400007b7ca56900 as id 0
05-27 18:08:20.846  1167  1479 D evsmanagerd: /dev/video6 forwarded the buffer #0 to 0xb4000074bf5f5510 from 0xb4000074bf5f6d90
05-27 18:08:20.846   581   581 I SpiService: fgesysctrl_getGPIO_status success val=0
05-27 07:59:29.811   581   581 D spi_rst_gpio_get_output: GPIO 145 value: 0
05-27 07:59:29.811   581   581 D spidev_ioctl: gpio status=0)
05-27 18:08:20.851   299  1163 D EvsDriver: doneWithFrame
05-27 18:08:20.851   299 30841 D EvsDriver: forwardFrame
05-27 18:08:20.854  1167  1479 D evsmanagerd: /dev/video4 forwarded the buffer #0 to 0xb4000074bf5f6850 from 0xb4000074bf5f41d0
05-27 18:08:20.854   299 30841 D EvsDriver: Delivered 0xb400007b7ca56a60 as id 0
05-27 18:08:20.854   536   536 D commservice260303: msg.id = 1028,0
05-27 18:08:20.854   536   536 D commservice260303: i = 170, msgid = 8A000404
05-27 18:08:20.854   536   536 D commservice260303: msgid = -1979710460,did=138
05-27 18:08:20.854   536   536 D commservice260303: CommProtocolLibCmdBaseI2C::dataproc {"command":{"id":"imu_status","sub":""},"content":{"TimeStamp":8,"FrameCounter":192825,"GD_X":-0.011223767884075642,"GD_Y":0.0051151420921087265,"GD_Z":0.0021378109231591225,"AD_X":-6.173551082611084E-5,"AD_Y":3.4705502912402153E-4,"AD_Z":-0.16397953033447266,"TempDsp":0,"Status":0,"CalibState":1,"SigAmpInvalid":0}},-1979710460
05-27 18:08:20.854   536   536 D commservice260303: send2Cluster len:317, 7B22636F6D6D616E64223A7B226964223A22696D755F737461747573222C22737562223A22227D2C22636F6E74656E74223A7B2254696D655374616D70223A382C224672616D65436F756E746572223A3139323832352C2247445F58223A2D302E3031313232333736373838343037353634322C2247445F59223A302E303035313135313432303932313038373236352C2247445F5A223A302E303032313337383130393233313539313232352C2241445F58223A2D362E313733353531303832363131303834452D352C2241445F59223A332E34373035353032393132343032313533452D342C2241445F5A223A2D302E31363339373935333033333434373236362C2254656D70447370223A302C22537461747573223A302C2243616C69625374617465223A312C22536967416D70496E76616C6964223A307D7D, 138 
05-27 18:08:20.854   536   536 D commservice260303: Push Message into SendPool fn=1160577792
05-27 18:08:20.854   536   536 D commservice260303: ComProtocolLibSend2Cluster::send2ClusterRaw fn=1160577792 , len=333
05-27 18:08:20.854   536   536 D commservice260303: sendCmdToPort :333!!!
05-27 18:08:20.854   536   536 D commservice260303: send Cmd To Port ++++5AA501498A0100032D456A16C2947B22636F6D6D616E64223A7B226964223A22696D755F737461747573222C22737562223A22227D2C22636F6E74656E74223A7B2254696D655374616D70223A382C224672616D65436F756E746572223A3139323832352C2247445F58223A2D302E3031313232333736373838343037353634322C2247445F59223A302E303035313135313432303932313038373236352C2247445F5A223A302E303032313337383130393233313539313232352C2241445F58223A2D362E313733353531303832363131303834452D352C2241445F59223A332E34373035353032393132343032313533452D342C2241445F5A223A2D302E31363339373935333033333434373236362C2254656D70447370223A302C22537461747573223A302C2243616C69625374617465223A312C22536967416D70496E76616C6964223A307D7D088B
05-27 18:08:20.855   536   536 D commservice260303: bufferevent_write retrun value = 0
05-27 18:08:20.855   536   560 D commservice260303: client datas send succeed,send finish
05-27 18:08:20.855 13911 14192 D Sentinelmode_1.2.5.17_sentry: <SentryImuClusterFgeSender>imu_status sent to Linux, frame=192825, tsNs=8368093, tsMs=8, intervalMs=39, ad=(-6.173551E-5,3.4705503E-4,-0.16397953), gd=(-0.011223768,0.005115142,0.002137811)
05-27 18:08:20.856  1008 30857 D [OMXB]  : usingANWBuffer: handle:0xee742ab0, format:1, w:1920, h:1080
05-27 18:08:20.856 13911 14183 I SentryImuMcuAngleSender: 179.97897rollDeg
05-27 18:08:20.856 13911 14183 I SentryImuMcuAngleSender: 1,0,0
05-27 18:08:20.856   299  1163 D EvsDriver: doneWithFrame
05-27 18:08:20.861   581   581 I SpiService: fgesysctrl_getGPIO_status success val=1
05-27 07:59:29.826   581   581 D spi_rst_gpio_get_output: GPIO 145 value: 1
05-27 07:59:29.826   581   581 D spidev_ioctl: gpio status=1)
05-27 18:08:20.867   581   581 I SpiService: fgesysctrl_getGPIO_status success val=1
05-27 07:59:29.831   581   581 D spi_rst_gpio_get_output: GPIO 145 value: 1
05-27 07:59:29.831   581   581 D spidev_ioctl: gpio status=1)
05-27 18:08:20.872   581   581 I SpiService: fgesysctrl_getGPIO_status success val=1
05-27 07:59:29.837   581   581 D spi_rst_gpio_get_output: GPIO 145 value: 1
05-27 07:59:29.837   581   581 D spidev_ioctl: gpio status=1)
05-27 18:08:20.875   299 30841 D EvsDriver: forwardFrame
05-27 18:08:20.875   299 30844 D EvsDriver: forwardFrame
05-27 18:08:20.877 13911 14183 I SentryImuMcuAngleSender: 179.97897rollDeg
05-27 18:08:20.877 13911 14183 I SentryImuMcuAngleSender: 1,0,0
05-27 18:08:20.877   299 30844 D EvsDriver: Delivered 0xb400007b7ca56900 as id 0
05-27 18:08:20.877  1167  1479 D evsmanagerd: /dev/video6 forwarded the buffer #0 to 0xb4000074bf5f5510 from 0xb4000074bf5f6d90
05-27 18:08:20.878   299 30841 D EvsDriver: Delivered 0xb400007b7ca56a60 as id 0
05-27 18:08:20.878  1167  1479 D evsmanagerd: /dev/video4 forwarded the buffer #0 to 0xb4000074bf5f6850 from 0xb4000074bf5f41d0
05-27 18:08:20.878   581   581 I SpiService: fgesysctrl_getGPIO_status success val=1
05-27 18:08:20.879   572   622 I Sensors : 230 GyroSensor: x:-0.010613,y:0.004963,z:0.002519
05-27 07:59:29.843   581   581 D spi_rst_gpio_get_output: GPIO 145 value: 1
05-27 07:59:29.843   581   581 D spidev_ioctl: gpio status=1)
05-27 18:08:20.880   299  1163 D EvsDriver: doneWithFrame
05-27 18:08:20.880   299  1153 D EvsDriver: doneWithFrame
05-27 18:08:20.883  1008 30856 D [OMXB]  : usingANWBuffer: handle:0xee7406f0, format:1, w:1920, h:1080
05-27 18:08:20.885   581   581 I SpiService: fgesysctrl_getGPIO_status success val=1
05-27 07:59:29.850   581   581 D spi_rst_gpio_get_output: GPIO 145 value: 1
05-27 07:59:29.850   581   581 D spidev_ioctl: gpio status=1)
05-27 18:08:20.892   581   581 I SpiService: fgesysctrl_getGPIO_status success val=0
05-27 07:59:29.857   581   581 D spi_rst_gpio_get_output: GPIO 145 value: 0
05-27 07:59:29.857   581   581 D spidev_ioctl: gpio status=0)
05-27 18:08:20.894   536   536 D commservice260303: msg.id = 1028,0
05-27 18:08:20.894   536   536 D commservice260303: i = 170, msgid = 8A000404
05-27 18:08:20.894   536   536 D commservice260303: msgid = -1979710460,did=138
05-27 18:08:20.894   536   536 D commservice260303: CommProtocolLibCmdBaseI2C::dataproc {"command":{"id":"imu_status","sub":""},"content":{"TimeStamp":8,"FrameCounter":192826,"GD_X":-0.010613113641738892,"GD_Y":0.004963258747011423,"GD_Z":0.002519079949706793,"AD_X":-0.0012940764427185059,"AD_Y":-8.702324703335762E-4,"AD_Z":-0.16946887969970703,"TempDsp":0,"Status":0,"CalibState":1,"SigAmpInvalid":0}},-1979710460
05-27 18:08:20.894   536   536 D commservice260303: send2Cluster len:316, 7B22636F6D6D616E64223A7B226964223A22696D755F737461747573222C22737562223A22227D2C22636F6E74656E74223A7B2254696D655374616D70223A382C224672616D65436F756E746572223A3139323832362C2247445F58223A2D302E3031303631333131333634313733383839322C2247445F59223A302E3030343936333235383734373031313432332C2247445F5A223A302E3030323531393037393934393730363739332C2241445F58223A2D302E303031323934303736343432373138353035392C2241445F59223A2D382E373032333234373033333335373632452D342C2241445F5A223A2D302E31363934363838373936393937303730332C2254656D70447370223A302C22537461747573223A302C2243616C69625374617465223A312C22536967416D70496E76616C6964223A307D7D, 138 
05-27 18:08:20.894   536   536 D commservice260303: Push Message into SendPool fn=1177355008
05-27 18:08:20.894   536   536 D commservice260303: ComProtocolLibSend2Cluster::send2ClusterRaw fn=1177355008 , len=332
05-27 18:08:20.894   536   536 D commservice260303: sendCmdToPort :332!!!
05-27 18:08:20.894   536   536 D commservice260303: send Cmd To Port ++++5AA501488A0100032D466A16C2947B22636F6D6D616E64223A7B226964223A22696D755F737461747573222C22737562223A22227D2C22636F6E74656E74223A7B2254696D655374616D70223A382C224672616D65436F756E746572223A3139323832362C2247445F58223A2D302E3031303631333131333634313733383839322C2247445F59223A302E3030343936333235383734373031313432332C2247445F5A223A302E3030323531393037393934393730363739332C2241445F58223A2D302E303031323934303736343432373138353035392C2241445F59223A2D382E373032333234373033333335373632452D342C2241445F5A223A2D302E31363934363838373936393937303730332C2254656D70447370223A302C22537461747573223A302C2243616C69625374617465223A312C22536967416D70496E76616C6964223A307D7D9D9E
05-27 18:08:20.894   536   536 D commservice260303: bufferevent_write retrun value = 0
05-27 18:08:20.894   536   560 D commservice260303: client datas send succeed,send finish
05-27 18:08:20.895 13911 14192 D Sentinelmode_1.2.5.17_sentry: <SentryImuClusterFgeSender>imu_status sent to Linux, frame=192826, tsNs=8368129, tsMs=8, intervalMs=39, ad=(-0.0012940764,-8.7023247E-4,-0.16946888), gd=(-0.010613114,0.0049632587,0.00251908)
05-27 18:08:20.897 13911 14183 I SentryImuMcuAngleSender: 179.986rollDeg
05-27 18:08:20.897 13911 14183 I SentryImuMcuAngleSender: 1,0,0
05-27 18:08:20.899  1008 30857 D [OMXB]  : usingANWBuffer: handle:0xee7467e0, format:1, w:1920, h:1080
05-27 18:08:20.901 30773 30788 I dvr_service_: [runShortMediaThread:298] cameraId:1 medias:300,audios:220,stateAudio:0,mShortState:0,warnEvent:0,state:1
05-27 18:08:20.907   581   581 I SpiService: fgesysctrl_getGPIO_status success val=1
05-27 18:08:20.909   283   307 I rvcservice: t.code = 0, t.value = 0
05-27 07:59:29.872   581   581 D spi_rst_gpio_get_output: GPIO 145 value: 1
05-27 07:59:29.872   581   581 D spidev_ioctl: gpio status=1)
05-27 18:08:20.913   581   581 I SpiService: fgesysctrl_getGPIO_status success val=1
05-27 18:08:20.914   299 30844 D EvsDriver: forwardFrame
05-27 18:08:20.915   299 30844 D EvsDriver: Delivered 0xb400007b7ca56900 as id 0
05-27 18:08:20.915  1167  1479 D evsmanagerd: /dev/video6 forwarded the buffer #0 to 0xb4000074bf5f5510 from 0xb4000074bf5f6d90
05-27 18:08:20.916  1008 30856 D [OMXB]  : usingANWBuffer: handle:0xee742320, format:1, w:1920, h:1080
05-27 18:08:20.916   299 30841 D EvsDriver: forwardFrame
05-27 07:59:29.878   581   581 D spi_rst_gpio_get_output: GPIO 145 value: 1
05-27 07:59:29.878   581   581 D spidev_ioctl: gpio status=1)
05-27 18:08:20.918 13911 14183 I SentryImuMcuAngleSender: 179.95795rollDeg
05-27 18:08:20.918 13911 14183 I SentryImuMcuAngleSender: 1,0,0
05-27 18:08:20.919   299  1163 D EvsDriver: doneWithFrame
05-27 18:08:20.919   581   581 I SpiService: fgesysctrl_getGPIO_status success val=1
05-27 18:08:20.920   299 30841 D EvsDriver: Delivered 0xb400007b7ca56a60 as id 0
05-27 18:08:20.920  1167  1479 D evsmanagerd: /dev/video4 forwarded the buffer #0 to 0xb4000074bf5f6850 from 0xb4000074bf5f41d0
05-27 07:59:29.883   581   581 D spi_rst_gpio_get_output: GPIO 145 value: 1
05-27 07:59:29.883   581   581 D spidev_ioctl: gpio status=1)
05-27 18:08:20.923   299  1163 D EvsDriver: doneWithFrame
05-27 18:08:20.925   581   581 I SpiService: fgesysctrl_getGPIO_status success val=1
05-27 07:59:29.890   581   581 D spi_rst_gpio_get_output: GPIO 145 value: 1
05-27 07:59:29.890   581   581 D spidev_ioctl: gpio status=1)
05-27 18:08:20.931   581   581 I SpiService: fgesysctrl_getGPIO_status success val=1
05-27 07:59:29.895   581   581 D spi_rst_gpio_get_output: GPIO 145 value: 1
05-27 07:59:29.895   581   581 D spidev_ioctl: gpio status=1)
05-27 18:08:20.933   536   536 D commservice260303: msg.id = 1028,0
05-27 18:08:20.933   536   536 D commservice260303: i = 170, msgid = 8A000404
05-27 18:08:20.933   536   536 D commservice260303: msgid = -1979710460,did=138
05-27 18:08:20.933   536   536 D commservice260303: CommProtocolLibCmdBaseI2C::dataproc {"command":{"id":"imu_status","sub":""},"content":{"TimeStamp":8,"FrameCounter":192827,"GD_X":-0.010766036808490753,"GD_Y":0.0051151420921087265,"GD_Z":0.002519079949706793,"AD_X":-0.009793967008590698,"AD_Y":0.005199539475142956,"AD_Z":-0.1639842987060547,"TempDsp":0,"Status":0,"CalibState":1,"SigAmpInvalid":0}},-1979710460
05-27 18:08:20.934   536   536 D commservice260303: send2Cluster len:314, 7B22636F6D6D616E64223A7B226964223A22696D755F737461747573222C22737562223A22227D2C22636F6E74656E74223A7B2254696D655374616D70223A382C224672616D65436F756E746572223A3139323832372C2247445F58223A2D302E3031303736363033363830383439303735332C2247445F59223A302E303035313135313432303932313038373236352C2247445F5A223A302E3030323531393037393934393730363739332C2241445F58223A2D302E3030393739333936373030383539303639382C2241445F59223A302E3030353139393533393437353134323935362C2241445F5A223A2D302E313633393834323938373036303534372C2254656D70447370223A302C22537461747573223A302C2243616C69625374617465223A312C22536967416D70496E76616C6964223A307D7D, 138 
05-27 18:08:20.934   536   536 D commservice260303: Push Message into SendPool fn=1194132224
05-27 18:08:20.934   536   536 D commservice260303: ComProtocolLibSend2Cluster::send2ClusterRaw fn=1194132224 , len=330
05-27 18:08:20.934   536   536 D commservice260303: sendCmdToPort :330!!!
05-27 18:08:20.934   536   536 D commservice260303: send Cmd To Port ++++5AA501468A0100032D476A16C2947B22636F6D6D616E64223A7B226964223A22696D755F737461747573222C22737562223A22227D2C22636F6E74656E74223A7B2254696D655374616D70223A382C224672616D65436F756E746572223A3139323832372C2247445F58223A2D302E3031303736363033363830383439303735332C2247445F59223A302E303035313135313432303932313038373236352C2247445F5A223A302E3030323531393037393934393730363739332C2241445F58223A2D302E3030393739333936373030383539303639382C2241445F59223A302E3030353139393533393437353134323935362C2241445F5A223A2D302E313633393834323938373036303534372C2254656D70447370223A302C22537461747573223A302C2243616C69625374617465223A312C22536967416D70496E76616C6964223A307D7D5A40
05-27 18:08:20.934   536   536 D commservice260303: bufferevent_write retrun value = 0
05-27 18:08:20.934   536   560 D commservice260303: client datas send succeed,send finish
05-27 18:08:20.934 13911 14192 D Sentinelmode_1.2.5.17_sentry: <SentryImuClusterFgeSender>imu_status sent to Linux, frame=192827, tsNs=8368182, tsMs=8, intervalMs=40, ad=(-0.009793967,0.0051995395,-0.1639843), gd=(-0.010766037,0.005115142,0.00251908)
05-27 18:08:20.936   581   581 I SpiService: fgesysctrl_getGPIO_status success val=0
05-27 07:59:29.901   581   581 D spi_rst_gpio_get_output: GPIO 145 value: 0
05-27 07:59:29.901   581   581 D spidev_ioctl: gpio status=0)
05-27 18:08:20.938 13911 14183 I SentryImuMcuAngleSender: 179.95091rollDeg
05-27 18:08:20.938 13911 14183 I SentryImuMcuAngleSender: 1,0,0
05-27 18:08:20.941   299 30841 D EvsDriver: forwardFrame
05-27 18:08:20.943   299 30841 D EvsDriver: Delivered 0xb400007b7ca56a60 as id 0
05-27 18:08:20.943  1167  1479 D evsmanagerd: /dev/video4 forwarded the buffer #0 to 0xb4000074bf5f6850 from 0xb4000074bf5f41d0
05-27 18:08:20.945  1008 30857 D [OMXB]  : usingANWBuffer: handle:0xee740dd0, format:1, w:1920, h:1080
05-27 18:08:20.946   299  1163 D EvsDriver: doneWithFrame
05-27 18:08:20.951   581   581 I SpiService: fgesysctrl_getGPIO_status success val=1
05-27 07:59:29.915   581   581 D spi_rst_gpio_get_output: GPIO 145 value: 1
05-27 07:59:29.915   581   581 D spidev_ioctl: gpio status=1)
05-27 18:08:20.954 13911 13911 I Sentinelmode_1.2.5.17_sentry: <SentinelCarServiceManager>sensorType:291504647
05-27 18:08:20.954   299 30844 D EvsDriver: forwardFrame
05-27 18:08:20.956   299 30844 D EvsDriver: Delivered 0xb400007b7ca56900 as id 0
05-27 18:08:20.957   581   581 I SpiService: fgesysctrl_getGPIO_status success val=1
05-27 18:08:20.957  1167  1479 D evsmanagerd: /dev/video6 forwarded the buffer #0 to 0xb4000074bf5f5510 from 0xb4000074bf5f6d90
05-27 07:59:29.921   581   581 D spi_rst_gpio_get_output: GPIO 145 value: 1
05-27 07:59:29.921   581   581 D spidev_ioctl: gpio status=1)
05-27 18:08:20.959 13911 14183 I SentryImuMcuAngleSender: 179.95793rollDeg
05-27 18:08:20.959 13911 14183 I SentryImuMcuAngleSender: 1,0,0
05-27 18:08:20.960   299  1163 D EvsDriver: doneWithFrame
05-27 18:08:20.962   581   581 I SpiService: fgesysctrl_getGPIO_status success val=1
05-27 07:59:29.927   581   581 D spi_rst_gpio_get_output: GPIO 145 value: 1
05-27 07:59:29.927   581   581 D spidev_ioctl: gpio status=1)
05-27 18:08:20.965  1008 30856 D [OMXB]  : usingANWBuffer: handle:0xee7421c0, format:1, w:1920, h:1080
05-27 18:08:20.968   581   581 I SpiService: fgesysctrl_getGPIO_status success val=1
05-27 07:59:29.932   581   581 D spi_rst_gpio_get_output: GPIO 145 value: 1
05-27 07:59:29.932   581   581 D spidev_ioctl: gpio status=1)
05-27 18:08:20.973   581   581 I SpiService: fgesysctrl_getGPIO_status success val=0
05-27 18:08:20.974   536   536 D commservice260303: msg.id = 1028,0
05-27 18:08:20.974   536   536 D commservice260303: i = 170, msgid = 8A000404
05-27 18:08:20.974   536   536 D commservice260303: msgid = -1979710460,did=138
