05-27 18:08:12.215   351   373 D automotive.vehicle@2.0-adayo-datacomm-mcu: MCUDatacomm sendMessageFromVehicle prop: 0x89, areaId: 0x0, status: 0x84, timestamp: 0x1
05-27 18:08:12.215  1121  1144 I tboxmids_ap: [2026-05-27 18:08:12.215] [MCU RX] src=MCU dst=ZMQ len=10 type=BINARY data=00 08 84 01 04 09 01 12 34 56 
05-27 18:08:12.216   351   373 D automotive.vehicle@2.0-adayo-datacomm-mcu: MCUDatacomm 1sendMessageFromVehicle ---> type = 12 
05-27 18:08:12.217   581   581 I SpiService: fgesysctrl_getGPIO_status success val=1
05-27 18:08:12.217  1083  1083 I MyAppLog: [2026-05-27 18:08:12.216 I tboxap mcuCommTboxmidsRecvCb:97] [Mcu] [mcuCommTboxmidsRecvCb] recv from tboxmids, size:10
05-27 18:08:12.217  1083  1083 I MyAppLog: [2026-05-27 18:08:12.216 I tboxap mcuCommTboxmidsRecvCb:98] [Mcu] [tboxmids -> tboxap]: :00 08 84 01 04 09 01 12 34 56
05-27 18:08:12.218  1083  1083 I MyAppLog: [2026-05-27 18:08:12.216 I tboxap mcuPtlParseData:990] [Mcu] [Mcu  Parse]: (cmd):0901 (param):0901123456
05-27 18:08:12.218  1083  1083 W MyAppLog: [2026-05-27 18:08:12.216 W tboxap mcuParamDataRevPack:918] [Mcu] mcuParamDataRevPack start pack data!!!
05-27 18:08:12.218  1083  1083 W MyAppLog: [2026-05-27 18:08:12.216 W tboxap mcuSaveQueryData:219] [Mcu] [mcuSaveQueryData] unknown query item:0x56
05-27 18:08:12.218   536   536 D commservice260303: msg.id = 1028,0
05-27 18:08:12.218   536   536 D commservice260303: i = 170, msgid = 8A000404
05-27 18:08:12.218  1083  1083 W MyAppLog: [2026-05-27 18:08:12.216 W tboxap mcuHandleQueryInd:1700] [Mcu] [mcuHandleQueryInd] unknown query item:0x56
05-27 18:08:12.218   536   536 D commservice260303: msgid = -1979710460,did=138
05-27 18:08:12.218   299  1153 D EvsDriver: doneWithFrame
05-27 18:08:12.218   536   536 D commservice260303: CommProtocolLibCmdBaseI2C::dataproc {"command":{"id":"imu_status","sub":""},"content":{"TimeStamp":8,"FrameCounter":192612,"GD_X":-0.011223767884075642,"GD_Y":0.0056498548947274685,"GD_Z":0.0023671966046094894,"AD_X":-0.005180671811103821,"AD_Y":-0.0021938560530543327,"AD_Z":-0.16336917877197266,"TempDsp":0,"Status":0,"CalibState":1,"SigAmpInvalid":0}},-1979710460
05-27 18:08:12.218  1083  1083 W MyAppLog: [2026-05-27 18:08:12.216 W tboxap mcuHandleQueryInd:1700] [Mcu] [mcuHandleQueryInd] unknown query item:0x56
05-27 18:08:12.218  1083  1083 W MyAppLog: [2026-05-27 18:08:12.216 W tboxap mcuHandleQueryInd:1700] [Mcu] [mcuHandleQueryInd] unknown query item:0x56
05-27 18:08:12.218   536   536 D commservice260303: send2Cluster len:318, 7B22636F6D6D616E64223A7B226964223A22696D755F737461747573222C22737562223A22227D2C22636F6E74656E74223A7B2254696D655374616D70223A382C224672616D65436F756E746572223A3139323631322C2247445F58223A2D302E3031313232333736373838343037353634322C2247445F59223A302E303035363439383534383934373237343638352C2247445F5A223A302E303032333637313936363034363039343839342C2241445F58223A2D302E3030353138303637313831313130333832312C2241445F59223A2D302E303032313933383536303533303534333332372C2241445F5A223A2D302E31363333363931373837373139373236362C2254656D70447370223A302C22537461747573223A302C2243616C69625374617465223A312C22536967416D70496E76616C6964223A307D7D, 138 
05-27 18:08:12.218  1083  1083 W MyAppLog: [2026-05-27 18:08:12.216 W tboxap mcuHandleQueryInd:1700] [Mcu] [mcuHandleQueryInd] unknown query item:0x56
05-27 18:08:12.218   536   536 D commservice260303: Push Message into SendPool fn=1814823680
05-27 18:08:12.218   536   536 D commservice260303: ComProtocolLibSend2Cluster::send2ClusterRaw fn=1814823680 , len=334
05-27 18:08:12.218 13911 14183 I SentryImuMcuAngleSender: 179.99298rollDeg
05-27 18:08:12.218   536   536 D commservice260303: sendCmdToPort :334!!!
05-27 18:08:12.218  1083  1083 W MyAppLog: [2026-05-27 18:08:12.216 W tboxap mcuHandleQueryInd:1700] [Mcu] [mcuHandleQueryInd] unknown query item:0x56
05-27 18:08:12.218 13911 14183 I SentryImuMcuAngleSender: 1,0,0
05-27 18:08:12.218   536   536 D commservice260303: send Cmd To Port ++++5AA5014A8A0100032C6C6A16C28C7B22636F6D6D616E64223A7B226964223A22696D755F737461747573222C22737562223A22227D2C22636F6E74656E74223A7B2254696D655374616D70223A382C224672616D65436F756E746572223A3139323631322C2247445F58223A2D302E3031313232333736373838343037353634322C2247445F59223A302E303035363439383534383934373237343638352C2247445F5A223A302E303032333637313936363034363039343839342C2241445F58223A2D302E3030353138303637313831313130333832312C2241445F59223A2D302E303032313933383536303533303534333332372C2241445F5A223A2D302E31363333363931373837373139373236362C2254656D70447370223A302C22537461747573223A302C2243616C69625374617465223A312C22536967416D70496E76616C6964223A307D7D893B
05-27 18:08:12.218  1083  1083 W MyAppLog: [2026-05-27 18:08:12.216 W tboxap mcuHandleQueryInd:1700] [Mcu] [mcuHandleQueryInd] unknown query item:0x56
05-27 18:08:12.218   536   536 D commservice260303: bufferevent_write retrun value = 0
05-27 18:08:12.218  1083  1083 W MyAppLog: [2026-05-27 18:08:12.216 W tboxap mcuHandleQueryInd:1700] [Mcu] [mcuHandleQueryInd] unknown query item:0x56
05-27 18:08:12.218  1083  1083 W MyAppLog: [2026-05-27 18:08:12.216 W tboxap mcuHandleQueryInd:1700] [Mcu] [mcuHandleQueryInd] unknown query item:0x56
05-27 18:08:12.218   536   560 D commservice260303: client datas send succeed,send finish
05-27 18:08:12.218  1083  1083 W MyAppLog: [2026-05-27 18:08:12.216 W tboxap mcuHandleQueryInd:1700] [Mcu] [mcuHandleQueryInd] unknown query item:0x56
05-27 18:08:12.218  1083  1083 W MyAppLog: [2026-05-27 18:08:12.216 W tboxap mcuHandleQueryInd:1700] [Mcu] [mcuHandleQueryInd] unknown query item:0x56
05-27 18:08:12.218  1083  1083 W MyAppLog: [2026-05-27 18:08:12.216 W tboxap mcuHandleQueryInd:1700] [Mcu] [mcuHandleQueryInd] unknown query item:0x56
05-27 18:08:12.218 13911 14192 D Sentinelmode_1.2.5.17_sentry: <SentryImuClusterFgeSender>imu_status sent to Linux, frame=192612, tsNs=8359447, tsMs=8, intervalMs=42, ad=(-0.005180672,-0.002193856,-0.16336918), gd=(-0.011223768,0.005649855,0.0023671966)
05-27 18:08:12.218  1083  1083 W MyAppLog: [2026-05-27 18:08:12.216 W tboxap mcuHandleQueryInd:1700] [Mcu] [mcuHandleQueryInd] unknown query item:0x56
05-27 18:08:12.218  1083  1083 W MyAppLog: [2026-05-27 18:08:12.216 W tboxap mcuHandleQueryInd:1700] [Mcu] [mcuHandleQueryInd] unknown query item:0x56
05-27 18:08:12.218  1083  1083 W MyAppLog: [2026-05-27 18:08:12.216 W tboxap mcuHandleQueryInd:1700] [Mcu] [mcuHandleQueryInd] unknown query item:0x56
05-27 18:08:12.219  1083  1083 W MyAppLog: [2026-05-27 18:08:12.216 W tboxap mcuHandleQueryInd:1700] [Mcu] [mcuHandleQueryInd] unknown query item:0x56
05-27 18:08:12.219  1083  1083 W MyAppLog: [2026-05-27 18:08:12.216 W tboxap mcuHandleQueryInd:1700] [Mcu] [mcuHandleQueryInd] unknown query item:0x56
05-27 18:08:12.219  1083  1083 W MyAppLog: [2026-05-27 18:08:12.216 W tboxap mcuHandleQueryInd:1700] [Mcu] [mcuHandleQueryInd] unknown query item:0x56
05-27 18:08:12.219  1083  1083 W MyAppLog: [2026-05-27 18:08:12.216 W tboxap mcuHandleQueryInd:1700] [Mcu] [mcuHandleQueryInd] unknown query item:0x56
05-27 18:08:12.219  1083  1083 W MyAppLog: [2026-05-27 18:08:12.216 W tboxap mcuHandleQueryInd:1700] [Mcu] [mcuHandleQueryInd] unknown query item:0x56
05-27 18:08:12.219  1083  1083 W MyAppLog: [2026-05-27 18:08:12.216 W tboxap mcuHandleQueryInd:1700] [Mcu] [mcuHandleQueryInd] unknown query item:0x56
05-27 18:08:12.219  1083  1083 W MyAppLog: [2026-05-27 18:08:12.216 W tboxap mcuHandleQueryInd:1700] [Mcu] [mcuHandleQueryInd] unknown query item:0x56
05-27 18:08:12.219  1083  1083 W MyAppLog: [2026-05-27 18:08:12.216 W tboxap mcuHandleQueryInd:1700] [Mcu] [mcuHandleQueryInd] unknown query item:0x56
05-27 18:08:12.219  1083  1083 W MyAppLog: [2026-05-27 18:08:12.216 W tboxap mcuHandleQueryInd:1700] [Mcu] [mcuHandleQueryInd] unknown query item:0x56
05-27 18:08:12.219  1083  1083 W MyAppLog: [2026-05-27 18:08:12.216 W tboxap mcuHandleQueryInd:1700] [Mcu] [mcuHandleQueryInd] unknown query item:0x56
05-27 18:08:12.219  1083  1083 W MyAppLog: [2026-05-27 18:08:12.216 W tboxap mcuHandleQueryInd:1700] [Mcu] [mcuHandleQueryInd] unknown query item:0x56
05-27 18:08:12.219  1083  1083 W MyAppLog: [2026-05-27 18:08:12.216 W tboxap mcuHandleQueryInd:1700] [Mcu] [mcuHandleQueryInd] unknown query item:0x56
05-27 18:08:12.219  1083  1083 W MyAppLog: [2026-05-27 18:08:12.216 W tboxap mcuHandleQueryInd:1700] [Mcu] [mcuHandleQueryInd] unknown query item:0x56
05-27 18:08:12.219  1083  1083 W MyAppLog: [2026-05-27 18:08:12.216 W tboxap mcuHandleQueryInd:1700] [Mcu] [mcuHandleQueryInd] unknown query item:0x56
05-27 18:08:12.219  1083  1083 W MyAppLog: [2026-05-27 18:08:12.216 W tboxap mcuHandleQueryInd:1700] [Mcu] [mcuHandleQueryInd] unknown query item:0x56
05-27 18:08:12.219  1083  1083 W MyAppLog: [2026-05-27 18:08:12.216 W tboxap mcuHandleQueryInd:1700] [Mcu] [mcuHandleQueryInd] unknown query item:0x56
05-27 18:08:12.219  1008 30856 D [OMXB]  : usingANWBuffer: handle:0xee7469f0, format:1, w:1920, h:1080
05-27 18:08:12.220   299  1163 D EvsDriver: doneWithFrame
05-27 18:08:12.220  1083  1083 W MyAppLog: [2026-05-27 18:08:12.216 W tboxap mcuHandleQueryInd:1700] [Mcu] [mcuHandleQueryInd] unknown query item:0x56
05-27 18:08:12.220  1083  1083 W MyAppLog: [2026-05-27 18:08:12.216 W tboxap mcuHandleQueryInd:1700] [Mcu] [mcuHandleQueryInd] unknown query item:0x56
05-27 18:08:12.220  1083  1083 W MyAppLog: [2026-05-27 18:08:12.216 W tboxap mcuHandleQueryInd:1700] [Mcu] [mcuHandleQueryInd] unknown query item:0x56
05-27 18:08:12.220  1083  1083 W MyAppLog: [2026-05-27 18:08:12.216 W tboxap mcuHandleQueryInd:1700] [Mcu] [mcuHandleQueryInd] unknown query item:0x56
05-27 18:08:12.220  1083  1083 W MyAppLog: [2026-05-27 18:08:12.216 W tboxap mcuHandleQueryInd:1700] [Mcu] [mcuHandleQueryInd] unknown query item:0x56
05-27 18:08:12.220  1083  1083 W MyAppLog: [2026-05-27 18:08:12.216 W tboxap mcuHandleQueryInd:1700] [Mcu] [mcuHandleQueryInd] unknown query item:0x56
05-27 18:08:12.220  1083  1083 W MyAppLog: [2026-05-27 18:08:12.216 W tboxap mcuHandleQueryInd:1700] [Mcu] [mcuHandleQueryInd] unknown query item:0x56
05-27 18:08:12.220  1083  1083 W MyAppLog: [2026-05-27 18:08:12.216 W tboxap mcuHandleQueryInd:1700] [Mcu] [mcuHandleQueryInd] unknown query item:0x56
05-27 18:08:12.220  1083  1083 W MyAppLog: [2026-05-27 18:08:12.216 W tboxap mcuHandleQueryInd:1700] [Mcu] [mcuHandleQueryInd] unknown query item:0x56
05-27 18:08:12.220  1083  1083 W MyAppLog: [2026-05-27 18:08:12.216 W tboxap mcuHandleQueryInd:1700] [Mcu] [mcuHandleQueryInd] unknown query item:0x56
05-27 18:08:12.220  1083  1083 W MyAppLog: [2026-05-27 18:08:12.216 W tboxap mcuHandleQueryInd:1700] [Mcu] [mcuHandleQueryInd] unknown query item:0x56
05-27 18:08:12.220  1083  1083 W MyAppLog: [2026-05-27 18:08:12.216 W tboxap mcuHandleQueryInd:1700] [Mcu] [mcuHandleQueryInd] unknown query item:0x56
05-27 18:08:12.221  1083  1083 W MyAppLog: [2026-05-27 18:08:12.216 W tboxap mcuHandleQueryInd:1700] [Mcu] [mcuHandleQueryInd] unknown query item:0x56
05-27 18:08:12.221  1083  1083 W MyAppLog: [2026-05-27 18:08:12.216 W tboxap mcuHandleQueryInd:1700] [Mcu] [mcuHandleQueryInd] unknown query item:0x56
05-27 18:08:12.221  1083  1083 W MyAppLog: [2026-05-27 18:08:12.216 W tboxap mcuHandleQueryInd:1700] [Mcu] [mcuHandleQueryInd] unknown query item:0x56
05-27 07:59:21.182   581   581 D spi_rst_gpio_get_output: GPIO 145 value: 1
05-27 07:59:21.182   581   581 D spidev_ioctl: gpio status=1)
05-27 18:08:12.221  1083  1083 W MyAppLog: [2026-05-27 18:08:12.216 W tboxap mcuHandleQueryInd:1700] [Mcu] [mcuHandleQueryInd] unknown query item:0x56
05-27 18:08:12.221  1083  1083 W MyAppLog: [2026-05-27 18:08:12.216 W tboxap mcuHandleQueryInd:1700] [Mcu] [mcuHandleQueryInd] unknown query item:0x56
05-27 18:08:12.221  1083  1083 W MyAppLog: [2026-05-27 18:08:12.216 W tboxap mcuHandleQueryInd:1700] [Mcu] [mcuHandleQueryInd] unknown query item:0x56
05-27 18:08:12.221  1083  1083 W MyAppLog: [2026-05-27 18:08:12.216 W tboxap mcuHandleQueryInd:1700] [Mcu] [mcuHandleQueryInd] unknown query item:0x56
05-27 18:08:12.223   581   581 I SpiService: fgesysctrl_getGPIO_status success val=1
05-27 07:59:21.188   581   581 D spi_rst_gpio_get_output: GPIO 145 value: 1
05-27 07:59:21.188   581   581 D spidev_ioctl: gpio status=1)
05-27 18:08:12.226  1083  1083 W MyAppLog: [2026-05-27 18:08:12.216 W tboxap mcuHandleQueryInd:1700] [Mcu] [mcuHandleQueryInd] unknown query item:0x56
05-27 18:08:12.229   581   581 I SpiService: fgesysctrl_getGPIO_status success val=1
05-27 07:59:21.193   581   581 D spi_rst_gpio_get_output: GPIO 145 value: 1
05-27 07:59:21.193   581   581 D spidev_ioctl: gpio status=1)
05-27 18:08:12.234   581   581 I SpiService: fgesysctrl_getGPIO_status success val=1
05-27 07:59:21.199   581   581 D spi_rst_gpio_get_output: GPIO 145 value: 1
05-27 07:59:21.199   581   581 D spidev_ioctl: gpio status=1)
05-27 18:08:12.239 13911 14183 I SentryImuMcuAngleSender: 179.94394rollDeg
05-27 18:08:12.239 13911 14183 I SentryImuMcuAngleSender: 1,0,0
05-27 18:08:12.239   581   581 I SpiService: fgesysctrl_getGPIO_status success val=0
05-27 18:08:12.240   481   597 I mcuc    : send SPI:6AA602A8690002890062
05-27 07:59:21.204   581   581 D spi_rst_gpio_get_output: GPIO 145 value: 0
05-27 07:59:21.204   581   581 D spidev_ioctl: gpio status=0)
05-27 18:08:12.245  1008 30857 D [OMXB]  : usingANWBuffer: handle:0xee7404e0, format:1, w:1920, h:1080
05-27 18:08:12.249   299 30844 D EvsDriver: forwardFrame
05-27 18:08:12.251   299 30841 D EvsDriver: forwardFrame
05-27 18:08:12.251   572   622 I Sensors : 230 GyroSensor: x:-0.012140,y:0.005192,z:0.001908
05-27 18:08:12.253   299 30841 D EvsDriver: Delivered 0xb400007b7ca56a60 as id 0
05-27 18:08:12.253  1167  1184 D evsmanagerd: /dev/video4 forwarded the buffer #0 to 0xb4000074bf5f6850 from 0xb4000074bf5f41d0
05-27 18:08:12.253  1167  1479 D evsmanagerd: /dev/video6 forwarded the buffer #0 to 0xb4000074bf5f5510 from 0xb4000074bf5f6d90
05-27 18:08:12.253   299 30844 D EvsDriver: Delivered 0xb400007b7ca56900 as id 0
05-27 18:08:12.254   581   581 I SpiService: fgesysctrl_getGPIO_status success val=1
05-27 07:59:21.219   581   581 D spi_rst_gpio_get_output: GPIO 145 value: 1
05-27 07:59:21.219   581   581 D spidev_ioctl: gpio status=1)
05-27 07:59:21.224   581   581 D spi_rst_gpio_get_output: GPIO 145 value: 1
05-27 07:59:21.224   581   581 D spidev_ioctl: gpio status=1)
05-27 18:08:12.257   536   536 D commservice260303: msg.id = 1028,1
05-27 18:08:12.257   536   536 D commservice260303: i = 170, msgid = 8A000404
05-27 18:08:12.257   536   536 D commservice260303: msgid = -1979710460,did=138
05-27 18:08:12.257   536   536 D commservice260303: CommProtocolLibCmdBaseI2C::dataproc {"command":{"id":"imu_status","sub":""},"content":{"TimeStamp":8,"FrameCounter":192613,"GD_X":-0.012139749713242054,"GD_Y":0.00519212381914258,"GD_Z":0.0019079053308814764,"AD_X":0.002103939652442932,"AD_Y":0.008733036927878857,"AD_Z":-0.16397476196289062,"TempDsp":0,"Status":0,"CalibState":1,"SigAmpInvalid":0}},-1979710460
05-27 18:08:12.257   536   536 D commservice260303: send2Cluster len:313, 7B22636F6D6D616E64223A7B226964223A22696D755F737461747573222C22737562223A22227D2C22636F6E74656E74223A7B2254696D655374616D70223A382C224672616D65436F756E746572223A3139323631332C2247445F58223A2D302E3031323133393734393731333234323035342C2247445F59223A302E30303531393231323338313931343235382C2247445F5A223A302E303031393037393035333330383831343736342C2241445F58223A302E3030323130333933393635323434323933322C2241445F59223A302E3030383733333033363932373837383835372C2241445F5A223A2D302E31363339373437363139363238393036322C2254656D70447370223A302C22537461747573223A302C2243616C69625374617465223A312C22536967416D70496E76616C6964223A307D7D, 138 
05-27 18:08:12.257   536   536 D commservice260303: Push Message into SendPool fn=1831600896
05-27 18:08:12.257   536   536 D commservice260303: ComProtocolLibSend2Cluster::send2ClusterRaw fn=1831600896 , len=329
05-27 18:08:12.257   536   536 D commservice260303: sendCmdToPort :329!!!
05-27 18:08:12.257   536   536 D commservice260303: send Cmd To Port ++++5AA501458A0100032C6D6A16C28C7B22636F6D6D616E64223A7B226964223A22696D755F737461747573222C22737562223A22227D2C22636F6E74656E74223A7B2254696D655374616D70223A382C224672616D65436F756E746572223A3139323631332C2247445F58223A2D302E3031323133393734393731333234323035342C2247445F59223A302E30303531393231323338313931343235382C2247445F5A223A302E303031393037393035333330383831343736342C2241445F58223A302E3030323130333933393635323434323933322C2241445F59223A302E3030383733333033363932373837383835372C2241445F5A223A2D302E31363339373437363139363238393036322C2254656D70447370223A302C22537461747573223A302C2243616C69625374617465223A312C22536967416D70496E76616C6964223A307D7D796B
05-27 18:08:12.258   536   536 D commservice260303: bufferevent_write retrun value = 0
05-27 18:08:12.258   299  1163 D EvsDriver: doneWithFrame
05-27 18:08:12.258   536   560 D commservice260303: client datas send succeed,send finish
05-27 18:08:12.258 13911 14192 D Sentinelmode_1.2.5.17_sentry: <SentryImuClusterFgeSender>imu_status sent to Linux, frame=192613, tsNs=8359502, tsMs=8, intervalMs=40, ad=(0.0021039397,0.008733037,-0.16397476), gd=(-0.01213975,0.005192124,0.0019079053)
05-27 18:08:12.259 13911 14183 I SentryImuMcuAngleSender: 179.92989rollDeg
05-27 18:08:12.259 13911 14183 I SentryImuMcuAngleSender: 1,0,0
05-27 18:08:12.259   581   581 I SpiService: fgesysctrl_getGPIO_status success val=1
05-27 18:08:12.260   299  1163 D EvsDriver: doneWithFrame
05-27 18:08:12.265   581   581 I SpiService: fgesysctrl_getGPIO_status success val=1
05-27 07:59:21.230   581   581 D spi_rst_gpio_get_output: GPIO 145 value: 1
05-27 07:59:21.230   581   581 D spidev_ioctl: gpio status=1)
05-27 18:08:12.270  1008 30856 D [OMXB]  : usingANWBuffer: handle:0xee7428a0, format:1, w:1920, h:1080
05-27 18:08:12.270   581   581 I SpiService: fgesysctrl_getGPIO_status success val=1
05-27 07:59:21.235   581   581 D spi_rst_gpio_get_output: GPIO 145 value: 1
05-27 07:59:21.235   581   581 D spidev_ioctl: gpio status=1)
05-27 18:08:12.276   581   581 I SpiService: fgesysctrl_getGPIO_status success val=1
05-27 07:59:21.240   581   581 D spi_rst_gpio_get_output: GPIO 145 value: 1
05-27 07:59:21.240   581   581 D spidev_ioctl: gpio status=1)
05-27 18:08:12.279 13911 14183 I SentryImuMcuAngleSender: 179.94392rollDeg
05-27 18:08:12.279 13911 14183 I SentryImuMcuAngleSender: 1,0,0
05-27 18:08:12.280   299 30844 D EvsDriver: forwardFrame
05-27 18:08:12.282   581   581 I SpiService: fgesysctrl_getGPIO_status success val=0
05-27 18:08:12.282   299 30841 D EvsDriver: forwardFrame
05-27 18:08:12.282   299 30844 D EvsDriver: Delivered 0xb400007b7ca56900 as id 0
05-27 18:08:12.283  1167  1479 D evsmanagerd: /dev/video6 forwarded the buffer #0 to 0xb4000074bf5f5510 from 0xb4000074bf5f6d90
05-27 07:59:21.246   581   581 D spi_rst_gpio_get_output: GPIO 145 value: 0
05-27 07:59:21.246   581   581 D spidev_ioctl: gpio status=0)
05-27 18:08:12.287   283   307 I rvcservice: t.code = 3, t.value = 0
05-27 18:08:12.287  1167  1184 D evsmanagerd: /dev/video4 forwarded the buffer #0 to 0xb4000074bf5f6850 from 0xb4000074bf5f41d0
05-27 18:08:12.287   299  1163 D EvsDriver: doneWithFrame
05-27 18:08:12.288   299 30841 D EvsDriver: Delivered 0xb400007b7ca56a60 as id 0
05-27 18:08:12.293   299  1163 D EvsDriver: doneWithFrame
05-27 18:08:12.295   481   598 I mcuc    : rev,n=1,6AA681A86A000A890085010409201234568B
05-27 18:08:12.295  1121  1144 I tboxmids_ap: [2026-05-27 18:08:12.295] [MCU RX] src=MCU dst=ZMQ len=10 type=BINARY data=00 08 85 01 04 09 20 12 34 56 
05-27 18:08:12.295   351   373 D automotive.vehicle@2.0-adayo-datacomm-mcu: MCUDatacomm sendMessageFromVehicle prop: 0x89, areaId: 0x0, status: 0x85, timestamp: 0x1
05-27 18:08:12.296   351   373 D automotive.vehicle@2.0-adayo-datacomm-mcu: MCUDatacomm 1sendMessageFromVehicle ---> type = 12 
05-27 18:08:12.296   536   536 D commservice260303: msg.id = 1028,1
05-27 18:08:12.296   536   536 D commservice260303: i = 170, msgid = 8A000404
05-27 18:08:12.297   536   536 D commservice260303: msgid = -1979710460,did=138
05-27 18:08:12.297   536   536 D commservice260303: CommProtocolLibCmdBaseI2C::dataproc {"command":{"id":"imu_status","sub":""},"content":{"TimeStamp":8,"FrameCounter":192614,"GD_X":-0.01153013575822115,"GD_Y":0.004963258747011423,"GD_Z":0.0023671966046094894,"AD_X":-0.004002034664154053,"AD_Y":-0.0022593308240175247,"AD_Z":-0.17617416381835938,"TempDsp":0,"Status":0,"CalibState":1,"SigAmpInvalid":0}},-1979710460
05-27 18:08:12.297  1083  1083 I MyAppLog: [2026-05-27 18:08:12.296 I tboxap mcuCommTboxmidsRecvCb:97] [Mcu] [mcuCommTboxmidsRecvCb] recv from tboxmids, size:10
05-27 18:08:12.297   536   536 D commservice260303: send2Cluster len:316, 7B22636F6D6D616E64223A7B226964223A22696D755F737461747573222C22737562223A22227D2C22636F6E74656E74223A7B2254696D655374616D70223A382C224672616D65436F756E746572223A3139323631342C2247445F58223A2D302E30313135333031333537353832323131352C2247445F59223A302E3030343936333235383734373031313432332C2247445F5A223A302E303032333637313936363034363039343839342C2241445F58223A2D302E3030343030323033343636343135343035332C2241445F59223A2D302E303032323539333330383234303137353234372C2241445F5A223A2D302E31373631373431363338313833353933382C2254656D70447370223A302C22537461747573223A302C2243616C69625374617465223A312C22536967416D70496E76616C6964223A307D7D, 138 
05-27 18:08:12.297   536   536 D commservice260303: Push Message into SendPool fn=1848378112
05-27 18:08:12.297   536   536 D commservice260303: ComProtocolLibSend2Cluster::send2ClusterRaw fn=1848378112 , len=332
05-27 18:08:12.297  1083  1083 I MyAppLog: [2026-05-27 18:08:12.296 I tboxap mcuCommTboxmidsRecvCb:98] [Mcu] [tboxmids -> tboxap]: :00 08 85 01 04 09 20 12 34 56
05-27 18:08:12.297   536   536 D commservice260303: sendCmdToPort :332!!!
05-27 18:08:12.297  1083  1083 I MyAppLog: [2026-05-27 18:08:12.296 I tboxap mcuPtlParseData:990] [Mcu] [Mcu  Parse]: (cmd):0920 (param):0920123456
05-27 18:08:12.297   536   536 D commservice260303: send Cmd To Port ++++5AA501488A0100032C6E6A16C28C7B22636F6D6D616E64223A7B226964223A22696D755F737461747573222C22737562223A22227D2C22636F6E74656E74223A7B2254696D655374616D70223A382C224672616D65436F756E746572223A3139323631342C2247445F58223A2D302E30313135333031333537353832323131352C2247445F59223A302E3030343936333235383734373031313432332C2247445F5A223A302E303032333637313936363034363039343839342C2241445F58223A2D302E3030343030323033343636343135343035332C2241445F59223A2D302E303032323539333330383234303137353234372C2241445F5A223A2D302E31373631373431363338313833353933382C2254656D70447370223A302C22537461747573223A302C2243616C69625374617465223A312C22536967416D70496E76616C6964223A307D7D1F49
05-27 18:08:12.297   536   536 D commservice260303: bufferevent_write retrun value = 0
05-27 18:08:12.297   536   560 D commservice260303: client datas send succeed,send finish
05-27 18:08:12.298 13911 14192 D Sentinelmode_1.2.5.17_sentry: <SentryImuClusterFgeSender>imu_status sent to Linux, frame=192614, tsNs=8359537, tsMs=8, intervalMs=39, ad=(-0.0040020347,-0.0022593308,-0.17617416), gd=(-0.011530136,0.0049632587,0.0023671966)
05-27 18:08:12.298   581   581 I SpiService: fgesysctrl_getGPIO_status success val=1
05-27 18:08:12.298  1083  1083 W MyAppLog: [2026-05-27 18:08:12.296 W tboxap mcuParamDataRevPack:918] [Mcu] mcuParamDataRevPack start pack data!!!
05-27 18:08:12.298  1083  1083 W MyAppLog: [2026-05-27 18:08:12.296 W tboxap mcuHandleTrigAlarmInd:1906] [Mcu] [mcuHandleTrigAlarmInd] trig alarm rpt, msgId:0x0200 alarmType:0x12 12VBatt:0x34
05-27 18:08:12.298  1083  1083 I MyAppLog: [2026-05-27 18:08:12.296 I tboxap mcuSendYadiTransfer:196] [Mcu] [mcuYadiSend]: :00 06 AD 04 01 09 A0 01
05-27 18:08:12.298  1083  1083 W MyAppLog: [2026-05-27 18:08:12.296 W tboxap tsp_ExternalEvent:109] [Tsp] [tsp_ExternalEvent] recv ExternalEvent = 61, size:4
05-27 18:08:12.298  1083  1083 W MyAppLog: [2026-05-27 18:08:12.296 W tboxap tsp_TrigAlarmFilter:621] [Tsp] [tsp_TrigAlarmFilter] bit[1] check start: isActive:1 wasActive:1 lastReport:1779875391 delta:1101 severeCnt:0 severeDelta:-1
05-27 18:08:12.298  1083  1083 W MyAppLog: [2026-05-27 18:08:12.296 W tboxap tsp_TrigAlarmFilter:668] [Tsp] [tsp_TrigAlarmFilter] bit[1] check done: allow:0 outAlarmType:0x00 outBatt:0x00
05-27 18:08:12.298  1083  1083 W MyAppLog: [2026-05-27 18:08:12.296 W tboxap tsp_TrigAlarmFilter:621] [Tsp] [tsp_TrigAlarmFilter] bit[10] check start: isActive:1 wasActive:1 lastReport:1779875391 delta:1101 severeCnt:0 severeDelta:-1
05-27 18:08:12.299  1083  1083 W MyAppLog: [2026-05-27 18:08:12.296 W tboxap tsp_TrigAlarmFilter:668] [Tsp] [tsp_TrigAlarmFilter] bit[10] check done: allow:0 outAlarmType:0x00 outBatt:0x00
05-27 18:08:12.299  1083  1083 W MyAppLog: [2026-05-27 18:08:12.296 W tboxap tsp_TrigAlarmFilter:677] [Tsp] [tsp_TrigAlarmFilter] input alarmType:0x02 batt:0x04 output alarmType:0x00 batt:0x00 severeCnt:0
05-27 18:08:12.300 13911 14183 I SentryImuMcuAngleSender: 179.993rollDeg
05-27 18:08:12.300 13911 14183 I SentryImuMcuAngleSender: 1,0,0
05-27 18:08:12.300  1008 30857 D [OMXB]  : usingANWBuffer: handle:0xee741b90, format:1, w:1920, h:1080
05-27 07:59:21.262   581   581 D spi_rst_gpio_get_output: GPIO 145 value: 1
05-27 07:59:21.262   581   581 D spidev_ioctl: gpio status=1)
05-27 18:08:12.301   481   599 I mcuc    : start timer OK = 23429 
05-27 18:08:12.302 30773 30789 I dvr_service_: Camera 1: MediaOK:63464124, frames:1470, isKeyFrame:0,pts:8359101665
05-27 18:08:12.303   581   581 I SpiService: fgesysctrl_getGPIO_status success val=1
05-27 18:08:12.304 20124 20170 D ANWAPI_SECOND: (20124|0x29412CB0)[BTAPI] set_bluetooth_power : open /sys/class/gpio/gpio142/value
05-27 18:08:12.304 20124 20170 D ANWAPI_SECOND: (20124|0x29412CB0)[BTAPI] set_bluetooth_power : open(/sys/class/gpio/gpio142/value) for write failed,fd=-1
05-27 18:08:12.304 20124 20170 D ANWAPI_SECOND: (20124|0x29412CB0)[BTAPI] open set_bluetooth_power : write(No such file or directory) failed,errno = 2
05-27 07:59:21.268   581   581 D spi_rst_gpio_get_output: GPIO 145 value: 1
05-27 07:59:21.268   581   581 D spidev_ioctl: gpio status=1)
05-27 18:08:12.309   581   581 I SpiService: fgesysctrl_getGPIO_status success val=1
05-27 07:59:21.274   581   581 D spi_rst_gpio_get_output: GPIO 145 value: 1
05-27 07:59:21.274   581   581 D spidev_ioctl: gpio status=1)
05-27 18:08:12.313   299 30844 D EvsDriver: forwardFrame
05-27 18:08:12.314   299 30844 D EvsDriver: Delivered 0xb400007b7ca56900 as id 0
05-27 18:08:12.314  1167  1184 D evsmanagerd: /dev/video6 forwarded the buffer #0 to 0xb4000074bf5f5510 from 0xb4000074bf5f6d90
05-27 18:08:12.315   581   581 I SpiService: fgesysctrl_getGPIO_status success val=1
05-27 18:08:12.314 30773 30773 I dvr_service_: [myNum:1][onFrameReceived] Received Surface:1 0
05-27 18:08:12.315 30773 30773 E dvr_service_: [myNum:1] Received S**** loss
05-27 18:08:12.315   299  1163 D EvsDriver: doneWithFrame
05-27 18:08:12.315  1008 30856 D [OMXB]  : usingANWBuffer: handle:0xee740590, format:1, w:1920, h:1080
05-27 07:59:21.279   581   581 D spi_rst_gpio_get_output: GPIO 145 value: 1
05-27 07:59:21.279   581   581 D spidev_ioctl: gpio status=1)
05-27 18:08:12.320   581   581 I SpiService: fgesysctrl_getGPIO_status success val=1
05-27 07:59:21.285   581   581 D spi_rst_gpio_get_output: GPIO 145 value: 1
05-27 07:59:21.285   581   581 D spidev_ioctl: gpio status=1)
05-27 18:08:12.321 13911 14183 I SentryImuMcuAngleSender: -179.9755rollDeg
05-27 18:08:12.321 13911 14183 I SentryImuMcuAngleSender: 1,0,0
05-27 18:08:12.322   299 30841 D EvsDriver: forwardFrame
05-27 18:08:12.324  1167  1184 D evsmanagerd: /dev/video4 forwarded the buffer #0 to 0xb4000074bf5f6850 from 0xb4000074bf5f41d0
05-27 18:08:12.324   299 30841 D EvsDriver: Delivered 0xb400007b7ca56a60 as id 0
05-27 18:08:12.325 30773 30773 I dvr_service_: [myNum:0][onFrameReceived] Received Surface:1 0
05-27 18:08:12.325 30773 30773 E dvr_service_: [myNum:0] Received S**** loss
05-27 18:08:12.325   299  1163 D EvsDriver: doneWithFrame
05-27 18:08:12.325   581   581 I SpiService: fgesysctrl_getGPIO_status success val=0
05-27 18:08:12.326   481   597 I mcuc    : send SPI:6AA602A86A00028900616AA6015B8500F80901AD040109A001000000000000000000000000000000000000000000000000000000000000000000000000000000000000000000000000000000000000000000000000000000000000000000000000000000000000000000000000000000000000000000000000000000000000000000000000000000000000000000000000000000000000000000000000000000000000000000000000000000000000000000000000000000000000000000000000000000000000000000000000000000000000000000000000000000000000000000000000000000000000000000000000000000000000000000000000000000000000000000000000C1
05-27 07:59:21.290   581   581 D spi_rst_gpio_get_output: GPIO 145 value: 0
05-27 07:59:21.290   581   581 D spidev_ioctl: gpio status=0)
05-27 18:08:12.334  1008 30857 D [OMXB]  : usingANWBuffer: handle:0xee740430, format:1, w:1920, h:1080
05-27 18:08:12.337   536   536 D commservice260303: msg.id = 1028,0
05-27 18:08:12.337   536   536 D commservice260303: i = 170, msgid = 8A000404
05-27 18:08:12.337   536   536 D commservice260303: msgid = -1979710460,did=138
05-27 18:08:12.337   536   536 D commservice260303: CommProtocolLibCmdBaseI2C::dataproc {"command":{"id":"imu_status","sub":""},"content":{"TimeStamp":8,"FrameCounter":192615,"GD_X":-0.011223767884075642,"GD_Y":0.0056498548947274685,"GD_Z":0.0029768107924610376,"AD_X":-0.00763152539730072,"AD_Y":-0.0022275804076343775,"AD_Z":-0.17190837860107422,"TempDsp":0,"Status":0,"CalibState":1,"SigAmpInvalid":0}},-1979710460
05-27 18:08:12.338   536   536 D commservice260303: send2Cluster len:317, 7B22636F6D6D616E64223A7B226964223A22696D755F737461747573222C22737562223A22227D2C22636F6E74656E74223A7B2254696D655374616D70223A382C224672616D65436F756E746572223A3139323631352C2247445F58223A2D302E3031313232333736373838343037353634322C2247445F59223A302E303035363439383534383934373237343638352C2247445F5A223A302E303032393736383130373932343631303337362C2241445F58223A2D302E30303736333135323533393733303037322C2241445F59223A2D302E303032323237353830343037363334333737352C2241445F5A223A2D302E31373139303833373836303130373432322C2254656D70447370223A302C22537461747573223A302C2243616C69625374617465223A312C22536967416D70496E76616C6964223A307D7D, 138 
05-27 18:08:12.338   536   536 D commservice260303: Push Message into SendPool fn=1865155328
05-27 18:08:12.338   536   536 D commservice260303: ComProtocolLibSend2Cluster::send2ClusterRaw fn=1865155328 , len=333
05-27 18:08:12.338   536   536 D commservice260303: sendCmdToPort :333!!!
05-27 18:08:12.338   536   536 D commservice260303: send Cmd To Port ++++5AA501498A0100032C6F6A16C28C7B22636F6D6D616E64223A7B226964223A22696D755F737461747573222C22737562223A22227D2C22636F6E74656E74223A7B2254696D655374616D70223A382C224672616D65436F756E746572223A3139323631352C2247445F58223A2D302E3031313232333736373838343037353634322C2247445F59223A302E303035363439383534383934373237343638352C2247445F5A223A302E303032393736383130373932343631303337362C2241445F58223A2D302E30303736333135323533393733303037322C2241445F59223A2D302E303032323237353830343037363334333737352C2241445F5A223A2D302E31373139303833373836303130373432322C2254656D70447370223A302C22537461747573223A302C2243616C69625374617465223A312C22536967416D70496E76616C6964223A307D7DBD55
05-27 18:08:12.338   536   536 D commservice260303: bufferevent_write retrun value = 0
05-27 18:08:12.338   536   560 D commservice260303: client datas send succeed,send finish
05-27 18:08:12.338 13911 14192 D Sentinelmode_1.2.5.17_sentry: <SentryImuClusterFgeSender>imu_status sent to Linux, frame=192615, tsNs=8359571, tsMs=8, intervalMs=41, ad=(-0.0076315254,-0.0022275804,-0.17190838), gd=(-0.011223768,0.005649855,0.0029768108)
05-27 18:08:12.339   481   598 I mcuc    : rev,n=1,6AA681A86B000A89008601040903123456A6
05-27 18:08:12.339  1121  1144 I tboxmids_ap: [2026-05-27 18:08:12.339] [MCU RX] src=MCU dst=ZMQ len=10 type=BINARY data=00 08 86 01 04 09 03 12 34 56 
05-27 18:08:12.339   351   373 D automotive.vehicle@2.0-adayo-datacomm-mcu: MCUDatacomm sendMessageFromVehicle prop: 0x89, areaId: 0x0, status: 0x86, timestamp: 0x1
05-27 18:08:12.339   351   373 D automotive.vehicle@2.0-adayo-datacomm-mcu: MCUDatacomm 1sendMessageFromVehicle ---> type = 12 
05-27 18:08:12.340  1083  1083 I MyAppLog: [2026-05-27 18:08:12.339 I tboxap mcuCommTboxmidsRecvCb:97] [Mcu] [mcuCommTboxmidsRecvCb] recv from tboxmids, size:10
05-27 18:08:12.340   581   581 I SpiService: fgesysctrl_getGPIO_status success val=1
05-27 18:08:12.340  1083  1083 I MyAppLog: [2026-05-27 18:08:12.339 I tboxap mcuCommTboxmidsRecvCb:98] [Mcu] [tboxmids -> tboxap]: :00 08 86 01 04 09 03 12 34 56
05-27 18:08:12.340  1083  1083 I MyAppLog: [2026-05-27 18:08:12.340 I tboxap mcuPtlParseData:990] [Mcu] [Mcu  Parse]: (cmd):0903 (param):0903123456
05-27 18:08:12.340  1083  1083 W MyAppLog: [2026-05-27 18:08:12.340 W tboxap mcuParamDataRevPack:918] [Mcu] mcuParamDataRevPack start pack data!!!
05-27 18:08:12.340  1083  1083 W MyAppLog: [2026-05-27 18:08:12.340 W tboxap mcuHandlePowerResultInd:1777] [Mcu] [mcuHandlePowerResultInd] recv 0x0903 power result type:0x12 result:0x34
05-27 07:59:21.304   581   581 D spi_rst_gpio_get_output: GPIO 145 value: 1
05-27 07:59:21.304   581   581 D spidev_ioctl: gpio status=1)
05-27 18:08:12.341 15863 15925 D VersionPrinter: com.aispeech.lyra.daemon- VersionName:[8.0.1_260520.0.yadi_HuoXing] - append:[] - active:[]
05-27 18:08:12.341 13911 14183 I SentryImuMcuAngleSender: 179.94391rollDeg
05-27 18:08:12.342 13911 14183 I SentryImuMcuAngleSender: 1,0,0
05-27 18:08:12.345   581   581 I SpiService: fgesysctrl_getGPIO_status success val=1
05-27 18:08:12.348   299 30841 D EvsDriver: forwardFrame
05-27 18:08:12.348   299 30844 D EvsDriver: forwardFrame
05-27 07:59:21.310   581   581 D spi_rst_gpio_get_output: GPIO 145 value: 1
05-27 07:59:21.310   581   581 D spidev_ioctl: gpio status=1)
05-27 18:08:12.351   581   581 I SpiService: fgesysctrl_getGPIO_status success val=1
05-27 18:08:12.351  1167  1184 D evsmanagerd: /dev/video6 forwarded the buffer #0 to 0xb4000074bf5f5510 from 0xb4000074bf5f6d90
05-27 18:08:12.352   299 30841 D EvsDriver: Delivered 0xb400007b7ca56a60 as id 0
05-27 18:08:12.352   299 30844 D EvsDriver: Delivered 0xb400007b7ca56900 as id 0
05-27 07:59:21.315   581   581 D spi_rst_gpio_get_output: GPIO 145 value: 1
05-27 07:59:21.315   581   581 D spidev_ioctl: gpio status=1)
05-27 18:08:12.354  1167  1184 D evsmanagerd: /dev/video4 forwarded the buffer #0 to 0xb4000074bf5f6850 from 0xb4000074bf5f41d0
05-27 18:08:12.354   299  1163 D EvsDriver: doneWithFrame
05-27 18:08:12.357   581   581 I SpiService: fgesysctrl_getGPIO_status success val=1
05-27 18:08:12.357   299  1163 D EvsDriver: doneWithFrame
05-27 18:08:12.358   572   622 I Sensors : 230 AccelSensor: x:-0.170190,y:0.011590,z:-9.974110
05-27 07:59:21.321   581   581 D spi_rst_gpio_get_output: GPIO 145 value: 1
05-27 07:59:21.321   581   581 D spidev_ioctl: gpio status=1)
05-27 18:08:12.363 13911 14183 I SentryImuMcuAngleSender: 179.93343rollDeg
05-27 18:08:12.363 13911 14183 I SentryImuMcuAngleSender: 1,0,0
05-27 18:08:12.363   581   581 I SpiService: fgesysctrl_getGPIO_status success val=0
05-27 18:08:12.363   481   597 I mcuc    : send SPI:6AA602A86B0002890060
05-27 07:59:21.327   581   581 D spi_rst_gpio_get_output: GPIO 145 value: 0
05-27 07:59:21.328   581   581 D spidev_ioctl: gpio status=0)
05-27 18:08:12.371  1008 30857 D [OMXB]  : usingANWBuffer: handle:0xee744b00, format:1, w:1920, h:1080
05-27 18:08:12.375   481   598 I mcuc    : rev,n=1,6AA6825B850002090192
05-27 18:08:12.377   536   536 D commservice260303: msg.id = 1028,1
05-27 18:08:12.377   536   536 D commservice260303: i = 170, msgid = 8A000404
05-27 18:08:12.377   536   536 D commservice260303: msgid = -1979710460,did=138
05-27 18:08:12.377   536   536 D commservice260303: CommProtocolLibCmdBaseI2C::dataproc {"command":{"id":"imu_status","sub":""},"content":{"TimeStamp":8,"FrameCounter":192616,"GD_X":-0.01091896090656519,"GD_Y":0.005420989356935024,"GD_Z":0.0020608289632946253,"AD_X":-0.00456748902797699,"AD_Y":0.008095898665487766,"AD_Z":-0.16885852813720703,"TempDsp":0,"Status":0,"CalibState":1,"SigAmpInvalid":0}},-1979710460
05-27 18:08:12.377   536   536 D commservice260303: send2Cluster len:313, 7B22636F6D6D616E64223A7B226964223A22696D755F737461747573222C22737562223A22227D2C22636F6E74656E74223A7B2254696D655374616D70223A382C224672616D65436F756E746572223A3139323631362C2247445F58223A2D302E30313039313839363039303635363531392C2247445F59223A302E3030353432303938393335363933353032342C2247445F5A223A302E303032303630383238393633323934363235332C2241445F58223A2D302E30303435363734383930323739373639392C2241445F59223A302E3030383039353839383636353438373736362C2241445F5A223A2D302E31363838353835323831333732303730332C2254656D70447370223A302C22537461747573223A302C2243616C69625374617465223A312C22536967416D70496E76616C6964223A307D7D, 138 
05-27 18:08:12.377   536   536 D commservice260303: Push Message into SendPool fn=1881932544
05-27 18:08:12.377   536   536 D commservice260303: ComProtocolLibSend2Cluster::send2ClusterRaw fn=1881932544 , len=329
05-27 18:08:12.377   536   536 D commservice260303: sendCmdToPort :329!!!
05-27 18:08:12.377   536   536 D commservice260303: send Cmd To Port ++++5AA501458A0100032C706A16C28C7B22636F6D6D616E64223A7B226964223A22696D755F737461747573222C22737562223A22227D2C22636F6E74656E74223A7B2254696D655374616D70223A382C224672616D65436F756E746572223A3139323631362C2247445F58223A2D302E30313039313839363039303635363531392C2247445F59223A302E3030353432303938393335363933353032342C2247445F5A223A302E303032303630383238393633323934363235332C2241445F58223A2D302E30303435363734383930323739373639392C2241445F59223A302E3030383039353839383636353438373736362C2241445F5A223A2D302E31363838353835323831333732303730332C2254656D70447370223A302C22537461747573223A302C2243616C69625374617465223A312C22536967416D70496E76616C6964223A307D7D2630
05-27 18:08:12.377   581   581 I SpiService: fgesysctrl_getGPIO_status success val=1
05-27 18:08:12.377   536   536 D commservice260303: bufferevent_write retrun value = 0
05-27 18:08:12.377   536   560 D commservice260303: client datas send succeed,send finish
05-27 18:08:12.378 13911 14192 D Sentinelmode_1.2.5.17_sentry: <SentryImuClusterFgeSender>imu_status sent to Linux, frame=192616, tsNs=8359608, tsMs=8, intervalMs=40, ad=(-0.004567489,0.008095899,-0.16885853), gd=(-0.010918961,0.0054209894,0.002060829)
05-27 07:59:21.342   581   581 D spi_rst_gpio_get_output: GPIO 145 value: 1
05-27 07:59:21.342   581   581 D spidev_ioctl: gpio status=1)
05-27 18:08:12.379   299 30841 D EvsDriver: forwardFrame
05-27 18:08:12.379   299 30844 D EvsDriver: forwardFrame
05-27 18:08:12.382  1167  1184 D evsmanagerd: /dev/video6 forwarded the buffer #0 to 0xb4000074bf5f5510 from 0xb4000074bf5f6d90
05-27 18:08:12.383   299 30844 D EvsDriver: Delivered 0xb400007b7ca56900 as id 0
05-27 18:08:12.383   299 30841 D EvsDriver: Delivered 0xb400007b7ca56a60 as id 0
05-27 18:08:12.383  1167  1184 D evsmanagerd: /dev/video4 forwarded the buffer #0 to 0xb4000074bf5f6850 from 0xb4000074bf5f41d0
05-27 18:08:12.384 13911 14183 I SentryImuMcuAngleSender: 179.96497rollDeg
05-27 18:08:12.384 13911 14183 I SentryImuMcuAngleSender: 1,0,0
05-27 18:08:12.386   581   581 I SpiService: fgesysctrl_getGPIO_status success val=1
05-27 18:08:12.386   299  1163 D EvsDriver: doneWithFrame
05-27 18:08:12.387   299  1153 D EvsDriver: doneWithFrame
05-27 18:08:12.387   283   307 I rvcservice: t.code = 0, t.value = 0
05-27 18:08:12.390   566 11459 I gps_hdbd: Received: '$GNGGA,002403.000,,,,,0,00,,,M,,M,,*63
'
05-27 07:59:21.350   581   581 D spi_rst_gpio_get_output: GPIO 145 value: 1
05-27 07:59:21.350   581   581 D spidev_ioctl: gpio status=1)
05-27 18:08:12.391  1008 30856 D [OMXB]  : usingANWBuffer: handle:0xee7442c0, format:1, w:1920, h:1080
05-27 18:08:12.391   581   581 I SpiService: fgesysctrl_getGPIO_status success val=1
05-27 07:59:21.356   581   581 D spi_rst_gpio_get_output: GPIO 145 value: 1
05-27 07:59:21.356   581   581 D spidev_ioctl: gpio status=1)
05-27 18:08:12.396   566 11459 I gps_hdbd: Received: '$GNGSA,A,1,,,,,,,,,,,,,,,,1*1D
'
05-27 18:08:12.397   581   581 I SpiService: fgesysctrl_getGPIO_status success val=1
05-27 07:59:21.362   581   581 D spi_rst_gpio_get_output: GPIO 145 value: 1
05-27 07:59:21.362   581   581 D spidev_ioctl: gpio status=1)
05-27 18:08:12.402   566 11459 I gps_hdbd: Received: '$GNGSA,A,1,,,,,,,,,,,,,,,,3*1F
'
05-27 18:08:12.402   566 11459 I gps_hdbd: Received: '$GNGSA,A,1,,,,,,,,,,,,,,,,4*18
'
05-27 18:08:12.402   581   581 I SpiService: fgesysctrl_getGPIO_status success val=1
05-27 18:08:12.403   566 11459 I gps_hdbd: Received: '$BDGSV,1,1,00,1*75
'
05-27 18:08:12.405 13911 14183 I SentryImuMcuAngleSender: 179.98598rollDeg
05-27 18:08:12.405 13911 14183 I SentryImuMcuAngleSender: 1,0,0
05-27 07:59:21.367   581   581 D spi_rst_gpio_get_output: GPIO 145 value: 1
05-27 07:59:21.367   581   581 D spidev_ioctl: gpio status=1)
05-27 18:08:12.407   299 30841 D EvsDriver: forwardFrame
05-27 18:08:12.407   299 30844 D EvsDriver: forwardFrame
05-27 18:08:12.408   581   581 I SpiService: fgesysctrl_getGPIO_status success val=0
05-27 18:08:12.408   566 11459 I gps_hdbd: Received: '$BDGSV,1,1,00,5*71
'
05-27 18:08:12.409   299 30841 D EvsDriver: Delivered 0xb400007b7ca56a60 as id 0
05-27 07:59:21.373   581   581 D spi_rst_gpio_get_output: GPIO 145 value: 0
05-27 18:08:12.409  1167  1184 D evsmanagerd: /dev/video4 forwarded the buffer #0 to 0xb4000074bf5f6850 from 0xb4000074bf5f41d0
05-27 18:08:12.410  1167  1184 D evsmanagerd: /dev/video6 forwarded the buffer #0 to 0xb4000074bf5f5510 from 0xb4000074bf5f6d90
05-27 18:08:12.415   566 11459 I gps_hdbd: Received: '$GPGSV,1,1,00,8*6D
'
05-27 18:08:12.417   566 11459 I gps_hdbd: Received: '$GAGSV,1,1,00,7*73
'
05-27 18:08:12.418   299  1153 D EvsDriver: doneWithFrame
05-27 18:08:12.419   536   536 D commservice260303: msg.id = 1028,0
05-27 18:08:12.419   536   536 D commservice260303: i = 170, msgid = 8A000404
05-27 18:08:12.419   536   536 D commservice260303: msgid = -1979710460,did=138
05-27 18:08:12.419   536   536 D commservice260303: CommProtocolLibCmdBaseI2C::dataproc {"command":{"id":"imu_status","sub":""},"content":{"TimeStamp":8,"FrameCounter":192617,"GD_X":-0.011223767884075642,"GD_Y":0.0048857564106583595,"GD_Z":0.0020608289632946253,"AD_X":0.003949418663978577,"AD_Y":-0.0010587123688310385,"AD_Z":-0.16336441040039062,"TempDsp":0,"Status":0,"CalibState":1,"SigAmpInvalid":0}},-1979710460
05-27 18:08:12.419   536   536 D commservice260303: send2Cluster len:317, 7B22636F6D6D616E64223A7B226964223A22696D755F737461747573222C22737562223A22227D2C22636F6E74656E74223A7B2254696D655374616D70223A382C224672616D65436F756E746572223A3139323631372C2247445F58223A2D302E3031313232333736373838343037353634322C2247445F59223A302E303034383835373536343130363538333539352C2247445F5A223A302E303032303630383238393633323934363235332C2241445F58223A302E3030333934393431383636333937383537372C2241445F59223A2D302E303031303538373132333638383331303338352C2241445F5A223A2D302E31363333363434313034303033393036322C2254656D70447370223A302C22537461747573223A302C2243616C69625374617465223A312C22536967416D70496E76616C6964223A307D7D, 138 
05-27 18:08:12.419   536   536 D commservice260303: Push Message into SendPool fn=1898709760
05-27 18:08:12.419   536   536 D commservice260303: ComProtocolLibSend2Cluster::send2ClusterRaw fn=1898709760 , len=333
05-27 18:08:12.419   536   536 D commservice260303: sendCmdToPort :333!!!
05-27 18:08:12.419   536   536 D commservice260303: send Cmd To Port ++++5AA501498A0100032C716A16C28C7B22636F6D6D616E64223A7B226964223A22696D755F737461747573222C22737562223A22227D2C22636F6E74656E74223A7B2254696D655374616D70223A382C224672616D65436F756E746572223A3139323631372C2247445F58223A2D302E3031313232333736373838343037353634322C2247445F59223A302E303034383835373536343130363538333539352C2247445F5A223A302E303032303630383238393633323934363235332C2241445F58223A302E3030333934393431383636333937383537372C2241445F59223A2D302E303031303538373132333638383331303338352C2241445F5A223A2D302E31363333363434313034303033393036322C2254656D70447370223A302C22537461747573223A302C2243616C69625374617465223A312C22536967416D70496E76616C6964223A307D7D297C
05-27 18:08:12.419   536   536 D commservice260303: bufferevent_write retrun value = 0
05-27 18:08:12.419   536   560 D commservice260303: client datas send succeed,send finish
05-27 18:08:12.420 13911 14192 D Sentinelmode_1.2.5.17_sentry: <SentryImuClusterFgeSender>imu_status sent to Linux, frame=192617, tsNs=8359647, tsMs=8, intervalMs=41, ad=(0.0039494187,-0.0010587124,-0.16336441), gd=(-0.011223768,0.0048857564,0.002060829)
05-27 18:08:12.423   566 11459 I gps_hdbd: Received: '$GAGSV,1,1,00,1*75
'
05-27 18:08:12.423   581   581 I SpiService: fgesysctrl_getGPIO_status success val=1
05-27 18:08:12.424   481   598 I mcuc    : rev,n=1,6AA681A86C000A89008701040902123456A5
05-27 18:08:12.424   351   373 D automotive.vehicle@2.0-adayo-datacomm-mcu: MCUDatacomm sendMessageFromVehicle prop: 0x89, areaId: 0x0, status: 0x87, timestamp: 0x1
05-27 18:08:12.424   351   373 D automotive.vehicle@2.0-adayo-datacomm-mcu: MCUDatacomm 1sendMessageFromVehicle ---> type = 12 
05-27 18:08:12.424  1121  1144 I tboxmids_ap: [2026-05-27 18:08:12.424] [MCU RX] src=MCU dst=ZMQ len=10 type=BINARY data=00 08 87 01 04 09 02 12 34 56 
05-27 07:59:21.388   581   581 D spi_rst_gpio_get_output: GPIO 145 value: 1
05-27 07:59:21.388   581   581 D spidev_ioctl: gpio status=1)
05-27 18:08:12.425 13911 14183 I SentryImuMcuAngleSender: 179.98598rollDeg
05-27 18:08:12.425 13911 14183 I SentryImuMcuAngleSender: 1,0,0
05-27 18:08:12.425  1083  1083 I MyAppLog: [2026-05-27 18:08:12.425 I tboxap mcuCommTboxmidsRecvCb:97] [Mcu] [mcuCommTboxmidsRecvCb] recv from tboxmids, size:10
05-27 18:08:12.425  1083  1083 I MyAppLog: [2026-05-27 18:08:12.425 I tboxap mcuCommTboxmidsRecvCb:98] [Mcu] [tboxmids -> tboxap]: :00 08 87 01 04 09 02 12 34 56
05-27 18:08:12.425  1083  1083 I MyAppLog: [2026-05-27 18:08:12.425 I tboxap mcuPtlParseData:990] [Mcu] [Mcu  Parse]: (cmd):0902 (param):0902123456
05-27 18:08:12.425   566 11459 I gps_hdbd: Received: '$GNRMC,002403.000,V,,,,,,,270526,120.0,E,N,V*40
'
05-27 18:08:12.425  1083  1083 W MyAppLog: [2026-05-27 18:08:12.425 W tboxap mcuParamDataRevPack:918] [Mcu] mcuParamDataRevPack start pack data!!!
05-27 18:08:12.426  1083  1083 W MyAppLog: [2026-05-27 18:08:12.425 W tboxap mcuHandlePowerReqInd:1739] [Mcu] [mcuHandlePowerReqInd] recv 0x0902 power req type:0x12
05-27 18:08:12.426   566 11459 I gps_hdbd: RMC : CALL gnss_sv_status_cb, view_in_sat <1>
05-27 18:08:12.426   566 11459 I gps_hdbd: [reportSvStatus]--->PLATFORM_BSP::Enter
05-27 18:08:12.426   566 11459 I gps_hdbd: hy abnormal deal:hy_cnr30_satellite_cnt=0
05-27 18:08:12.426   566 11459 D gps_hdbd: hy abnormal deal:hy_fixStatus_fail_count=0
05-27 18:08:12.426   566 11459 I gps_hdbd: Received: '$GNZDA,002403.000,27,05,2026,00,00*4B
'
05-27 18:08:12.426  1083  1083 W MyAppLog: [2026-05-27 18:08:12.426 W tboxap gpsSyncGpsInfoToDm:361] [Gps] [gpsSyncGpsInfoToDm] fix=0 mode=49 corner:0x01 alt=0.00 sat=0 hdop=0.00 pdop=0.00 vdop=0.00
05-27 18:08:12.428  1008 30856 D [OMXB]  : usingANWBuffer: handle:0xee746ec0, format:1, w:1920, h:1080
05-27 18:08:12.429   581   581 I SpiService: fgesysctrl_getGPIO_status success val=1
05-27 18:08:12.430 30773 30789 I dvr_service_: Camera 0: MediaOK:63672964, frames:1480, isKeyFrame:0,pts:8359349509
05-27 07:59:21.393   581   581 D spi_rst_gpio_get_output: GPIO 145 value: 1
05-27 07:59:21.394   581   581 D spidev_ioctl: gpio status=1)
05-27 18:08:12.434   581   581 I SpiService: fgesysctrl_getGPIO_status success val=1
05-27 07:59:21.399   581   581 D spi_rst_gpio_get_output: GPIO 145 value: 1
05-27 07:59:21.399   581   581 D spidev_ioctl: gpio status=1)
05-27 18:08:12.440   581   581 I SpiService: fgesysctrl_getGPIO_status success val=1
05-27 07:59:21.404   581   581 D spi_rst_gpio_get_output: GPIO 145 value: 1
05-27 07:59:21.404   581   581 D spidev_ioctl: gpio status=1)
05-27 18:08:12.444   299 30844 D EvsDriver: forwardFrame
05-27 18:08:12.445  1008 30857 D [OMXB]  : usingANWBuffer: handle:0xee7406f0, format:1, w:1920, h:1080
05-27 18:08:12.445   581   581 I SpiService: fgesysctrl_getGPIO_status success val=0
05-27 18:08:12.445   481   597 I mcuc    : send SPI:6AA602A86C000289005F
05-27 18:08:12.445 13911 14183 I SentryImuMcuAngleSender: 179.98598rollDeg
05-27 18:08:12.445 13911 14183 I SentryImuMcuAngleSender: 1,0,0
05-27 18:08:12.446   299 30841 D EvsDriver: forwardFrame
05-27 18:08:12.446  1167  1184 D evsmanagerd: /dev/video6 forwarded the buffer #0 to 0xb4000074bf5f5510 from 0xb4000074bf5f6d90
05-27 18:08:12.446   299 30844 D EvsDriver: Delivered 0xb400007b7ca56900 as id 0
05-27 18:08:12.447   299 30841 D EvsDriver: Delivered 0xb400007b7ca56a60 as id 0
05-27 07:59:21.410   581   581 D spi_rst_gpio_get_output: GPIO 145 value: 0
05-27 07:59:21.410   581   581 D spidev_ioctl: gpio status=0)
05-27 18:08:12.447  1167  1184 D evsmanagerd: /dev/video4 forwarded the buffer #0 to 0xb4000074bf5f6850 from 0xb4000074bf5f41d0
05-27 18:08:12.451   299  1153 D EvsDriver: doneWithFrame
05-27 18:08:12.451   566 11459 I gps_hdbd: Received: '$GNINS,1,1,TYPE,I,V,002403.000,16954000,FUS,-16,0,0,0,MOT,V,1,PATT,0.00,0.00,0.00,VEL,0.000,0.000,0.000,POS,40.0001330924,116.0001570688,84.176,IIA,1,0.00,0.00,0.00,BGA,0.31,-0.66,-0.13,0.000,0.000,0.000,IGA,0,-1,0,0,-2,98,VG,16c2ff1*2D
'
05-27 18:08:12.451   299  1163 D EvsDriver: doneWithFrame
05-27 18:08:12.454   566 11459 I gps_hdbd: Received: '$GNINS,CARSPEED,ADR_STATUS,0,Pulse_count,0,1,0,0,16954000,83390,0.000,0.000,0.000*38
'
05-27 18:08:12.460   566 11459 I gps_hdbd: Received: '$GNTXT,04,01,04,INS,V,1,,,,FLG,1,000000,1,0,1,0,0,Con,0*71
'
