05-27 18:08:20.317   299 30841 D EvsDriver: Delivered 0xb400007b7ca56a60 as id 0
05-27 18:08:20.317   299  1153 D EvsDriver: doneWithFrame
05-27 18:08:20.323   581   581 I SpiService: fgesysctrl_getGPIO_status success val=1
05-27 07:59:29.288   581   581 D spi_rst_gpio_get_output: GPIO 145 value: 1
05-27 07:59:29.288   581   581 D spidev_ioctl: gpio status=1)
05-27 18:08:20.328  1008 30857 D [OMXB]  : usingANWBuffer: handle:0xee741b90, format:1, w:1920, h:1080
05-27 18:08:20.329   581   581 I SpiService: fgesysctrl_getGPIO_status success val=1
05-27 07:59:29.293   581   581 D spi_rst_gpio_get_output: GPIO 145 value: 1
05-27 07:59:29.293   581   581 D spidev_ioctl: gpio status=1)
05-27 18:08:20.329 13911 14183 I SentryImuMcuAngleSender: 179.96495rollDeg
05-27 18:08:20.329 13911 14183 I SentryImuMcuAngleSender: 1,0,0
05-27 18:08:20.333   536   536 D commservice260303: msg.id = 1028,0
05-27 18:08:20.333   536   536 D commservice260303: i = 170, msgid = 8A000404
05-27 18:08:20.333   536   536 D commservice260303: msgid = -1979710460,did=138
05-27 18:08:20.333   536   536 D commservice260303: CommProtocolLibCmdBaseI2C::dataproc {"command":{"id":"imu_status","sub":""},"content":{"TimeStamp":8,"FrameCounter":192812,"GD_X":-0.011834942735731602,"GD_Y":0.005420989356935024,"GD_Z":0.0021378109231591225,"AD_X":-0.0012953579425811768,"AD_Y":0.0026481742970645428,"AD_Z":-0.16702938079833984,"TempDsp":0,"Status":0,"CalibState":1,"SigAmpInvalid":0}},-1979710460
05-27 18:08:20.333   536   536 D commservice260303: send2Cluster len:317, 7B22636F6D6D616E64223A7B226964223A22696D755F737461747573222C22737562223A22227D2C22636F6E74656E74223A7B2254696D655374616D70223A382C224672616D65436F756E746572223A3139323831322C2247445F58223A2D302E3031313833343934323733353733313630322C2247445F59223A302E3030353432303938393335363933353032342C2247445F5A223A302E303032313337383130393233313539313232352C2241445F58223A2D302E303031323935333537393432353831313736382C2241445F59223A302E303032363438313734323937303634353432382C2241445F5A223A2D302E31363730323933383037393833333938342C2254656D70447370223A302C22537461747573223A302C2243616C69625374617465223A312C22536967416D70496E76616C6964223A307D7D, 138 
05-27 18:08:20.333   536   536 D commservice260303: Push Message into SendPool fn=942473984
05-27 18:08:20.333   536   536 D commservice260303: ComProtocolLibSend2Cluster::send2ClusterRaw fn=942473984 , len=333
05-27 18:08:20.333   536   536 D commservice260303: sendCmdToPort :333!!!
05-27 18:08:20.334   536   536 D commservice260303: send Cmd To Port ++++5AA501498A0100032D386A16C2947B22636F6D6D616E64223A7B226964223A22696D755F737461747573222C22737562223A22227D2C22636F6E74656E74223A7B2254696D655374616D70223A382C224672616D65436F756E746572223A3139323831322C2247445F58223A2D302E3031313833343934323733353733313630322C2247445F59223A302E3030353432303938393335363933353032342C2247445F5A223A302E303032313337383130393233313539313232352C2241445F58223A2D302E303031323935333537393432353831313736382C2241445F59223A302E303032363438313734323937303634353432382C2241445F5A223A2D302E31363730323933383037393833333938342C2254656D70447370223A302C22537461747573223A302C2243616C69625374617465223A312C22536967416D70496E76616C6964223A307D7DFB56
05-27 18:08:20.334   536   536 D commservice260303: bufferevent_write retrun value = 0
05-27 18:08:20.334   536   560 D commservice260303: client datas send succeed,send finish
05-27 18:08:20.334 13911 14192 D Sentinelmode_1.2.5.17_sentry: <SentryImuClusterFgeSender>imu_status sent to Linux, frame=192812, tsNs=8367576, tsMs=8, intervalMs=40, ad=(-0.001295358,0.0026481743,-0.16702938), gd=(-0.011834943,0.0054209894,0.002137811)
05-27 18:08:20.334   581   581 I SpiService: fgesysctrl_getGPIO_status success val=1
05-27 07:59:29.299   581   581 D spi_rst_gpio_get_output: GPIO 145 value: 1
05-27 07:59:29.299   581   581 D spidev_ioctl: gpio status=1)
05-27 18:08:20.340   581   581 I SpiService: fgesysctrl_getGPIO_status success val=1
05-27 07:59:29.304   581   581 D spi_rst_gpio_get_output: GPIO 145 value: 1
05-27 07:59:29.304   581   581 D spidev_ioctl: gpio status=1)
05-27 18:08:20.345  1008 30856 D [OMXB]  : usingANWBuffer: handle:0xee746310, format:1, w:1920, h:1080
05-27 18:08:20.345   581   581 I SpiService: fgesysctrl_getGPIO_status success val=1
05-27 07:59:29.310   581   581 D spi_rst_gpio_get_output: GPIO 145 value: 1
05-27 07:59:29.310   581   581 D spidev_ioctl: gpio status=1)
05-27 18:08:20.349   299 30841 D EvsDriver: forwardFrame
05-27 18:08:20.349 13911 14183 I SentryImuMcuAngleSender: 179.986rollDeg
05-27 18:08:20.349 13911 14183 I SentryImuMcuAngleSender: 1,0,0
05-27 18:08:20.351   581   581 I SpiService: fgesysctrl_getGPIO_status success val=1
05-27 18:08:20.351   299 30844 D EvsDriver: forwardFrame
05-27 18:08:20.352   299 30841 D EvsDriver: Delivered 0xb400007b7ca56a60 as id 0
05-27 18:08:20.352  1167  1479 D evsmanagerd: /dev/video4 forwarded the buffer #0 to 0xb4000074bf5f6850 from 0xb4000074bf5f41d0
05-27 18:08:20.352   299 30844 D EvsDriver: Delivered 0xb400007b7ca56900 as id 0
05-27 18:08:20.352  1167  1479 D evsmanagerd: /dev/video6 forwarded the buffer #0 to 0xb4000074bf5f5510 from 0xb4000074bf5f6d90
05-27 07:59:29.315   581   581 D spi_rst_gpio_get_output: GPIO 145 value: 1
05-27 07:59:29.315   581   581 D spidev_ioctl: gpio status=1)
05-27 18:08:20.356   299  1163 D EvsDriver: doneWithFrame
05-27 07:59:29.321   581   581 D spi_rst_gpio_get_output: GPIO 145 value: 0
05-27 07:59:29.321   581   581 D spidev_ioctl: gpio status=0)
05-27 18:08:20.356   299  1153 D EvsDriver: doneWithFrame
05-27 18:08:20.356   581   581 I SpiService: fgesysctrl_getGPIO_status success val=0
05-27 18:08:20.364  1008 30857 D [OMXB]  : usingANWBuffer: handle:0xee744bb0, format:1, w:1920, h:1080
05-27 18:08:20.370 13911 14183 I SentryImuMcuAngleSender: 179.99649rollDeg
05-27 18:08:20.370 13911 14183 I SentryImuMcuAngleSender: 1,0,0
05-27 18:08:20.371   581   581 I SpiService: fgesysctrl_getGPIO_status success val=1
05-27 07:59:29.336   581   581 D spi_rst_gpio_get_output: GPIO 145 value: 1
05-27 07:59:29.336   581   581 D spidev_ioctl: gpio status=1)
05-27 18:08:20.373   536   536 D commservice260303: msg.id = 1028,0
05-27 18:08:20.373   536   536 D commservice260303: i = 170, msgid = 8A000404
05-27 18:08:20.373   536   536 D commservice260303: msgid = -1979710460,did=138
05-27 18:08:20.373   536   536 D commservice260303: CommProtocolLibCmdBaseI2C::dataproc {"command":{"id":"imu_status","sub":""},"content":{"TimeStamp":8,"FrameCounter":192813,"GD_X":-0.011682018637657166,"GD_Y":0.00549693126231432,"GD_Z":0.0020608289632946253,"AD_X":-0.002521023154258728,"AD_Y":-0.0028290715999901295,"AD_Z":-0.17312908172607422,"TempDsp":0,"Status":0,"CalibState":1,"SigAmpInvalid":0}},-1979710460
05-27 18:08:20.374   536   536 D commservice260303: send2Cluster len:316, 7B22636F6D6D616E64223A7B226964223A22696D755F737461747573222C22737562223A22227D2C22636F6E74656E74223A7B2254696D655374616D70223A382C224672616D65436F756E746572223A3139323831332C2247445F58223A2D302E3031313638323031383633373635373136362C2247445F59223A302E30303534393639333132363233313433322C2247445F5A223A302E303032303630383238393633323934363235332C2241445F58223A2D302E3030323532313032333135343235383732382C2241445F59223A2D302E303032383239303731353939393930313239352C2241445F5A223A2D302E31373331323930383137323630373432322C2254656D70447370223A302C22537461747573223A302C2243616C69625374617465223A312C22536967416D70496E76616C6964223A307D7D, 138 
05-27 18:08:20.374   536   536 D commservice260303: Push Message into SendPool fn=959251200
05-27 18:08:20.374   536   536 D commservice260303: ComProtocolLibSend2Cluster::send2ClusterRaw fn=959251200 , len=332
05-27 18:08:20.374   536   536 D commservice260303: sendCmdToPort :332!!!
05-27 18:08:20.374   536   536 D commservice260303: send Cmd To Port ++++5AA501488A0100032D396A16C2947B22636F6D6D616E64223A7B226964223A22696D755F737461747573222C22737562223A22227D2C22636F6E74656E74223A7B2254696D655374616D70223A382C224672616D65436F756E746572223A3139323831332C2247445F58223A2D302E3031313638323031383633373635373136362C2247445F59223A302E30303534393639333132363233313433322C2247445F5A223A302E303032303630383238393633323934363235332C2241445F58223A2D302E3030323532313032333135343235383732382C2241445F59223A2D302E303032383239303731353939393930313239352C2241445F5A223A2D302E31373331323930383137323630373432322C2254656D70447370223A302C22537461747573223A302C2243616C69625374617465223A312C22536967416D70496E76616C6964223A307D7DEF39
05-27 18:08:20.374   536   536 D commservice260303: bufferevent_write retrun value = 0
05-27 18:08:20.374   536   560 D commservice260303: client datas send succeed,send finish
05-27 18:08:20.375 13911 14192 D Sentinelmode_1.2.5.17_sentry: <SentryImuClusterFgeSender>imu_status sent to Linux, frame=192813, tsNs=8367612, tsMs=8, intervalMs=40, ad=(-0.0025210232,-0.0028290716,-0.17312908), gd=(-0.011682019,0.0054969313,0.002060829)
05-27 18:08:20.376   299 30844 D EvsDriver: forwardFrame
05-27 18:08:20.377   581   581 I SpiService: fgesysctrl_getGPIO_status success val=1
05-27 18:08:20.378   299 30844 D EvsDriver: Delivered 0xb400007b7ca56900 as id 0
05-27 18:08:20.378  1167  1184 D evsmanagerd: /dev/video6 forwarded the buffer #0 to 0xb4000074bf5f5510 from 0xb4000074bf5f6d90
05-27 07:59:29.342   581   581 D spi_rst_gpio_get_output: GPIO 145 value: 1
05-27 07:59:29.342   581   581 D spidev_ioctl: gpio status=1)
05-27 18:08:20.381   299  1153 D EvsDriver: doneWithFrame
05-27 18:08:20.383   581   581 I SpiService: fgesysctrl_getGPIO_status success val=1
05-27 18:08:20.384  1008 30856 D [OMXB]  : usingANWBuffer: handle:0xee744000, format:1, w:1920, h:1080
05-27 07:59:29.347   581   581 D spi_rst_gpio_get_output: GPIO 145 value: 1
05-27 07:59:29.347   581   581 D spidev_ioctl: gpio status=1)
05-27 18:08:20.386   299 30841 D EvsDriver: forwardFrame
05-27 18:08:20.389   581   581 I SpiService: fgesysctrl_getGPIO_status success val=1
05-27 07:59:29.353   581   581 D spi_rst_gpio_get_output: GPIO 145 value: 1
05-27 07:59:29.353   581   581 D spidev_ioctl: gpio status=1)
05-27 18:08:20.390  1167  1184 D evsmanagerd: /dev/video4 forwarded the buffer #0 to 0xb4000074bf5f6850 from 0xb4000074bf5f41d0
05-27 18:08:20.390   299 30841 D EvsDriver: Delivered 0xb400007b7ca56a60 as id 0
05-27 18:08:20.391   566 11459 I gps_hdbd: Received: '$GNGGA,002411.000,,,,,0,00,,,M,,M,,*60
'
05-27 18:08:20.391 13911 14183 I SentryImuMcuAngleSender: 179.99649rollDeg
05-27 18:08:20.391 13911 14183 I SentryImuMcuAngleSender: 1,0,0
05-27 18:08:20.395   581   581 I SpiService: fgesysctrl_getGPIO_status success val=1
05-27 18:08:20.395   299  1153 D EvsDriver: doneWithFrame
05-27 18:08:20.397   566 11459 I gps_hdbd: Received: '$GNGSA,A,1,,,,,,,,,,,,,,,,1*1D
'
05-27 18:08:20.397   566 11459 I gps_hdbd: Received: '$GNGSA,A,1,,,,,,,,,,,,,,,,3*1F
'
05-27 07:59:29.359   581   581 D spi_rst_gpio_get_output: GPIO 145 value: 1
05-27 07:59:29.359   581   581 D spidev_ioctl: gpio status=1)
05-27 18:08:20.400   581   581 I SpiService: fgesysctrl_getGPIO_status success val=0
05-27 18:08:20.401  1008 30857 D [OMXB]  : usingANWBuffer: handle:0xee743df0, format:1, w:1920, h:1080
05-27 07:59:29.365   581   581 D spi_rst_gpio_get_output: GPIO 145 value: 0
05-27 07:59:29.365   581   581 D spidev_ioctl: gpio status=0)
05-27 18:08:20.404   566 11459 I gps_hdbd: Received: '$GNGSA,A,1,,,,,,,,,,,,,,,,4*18
'
05-27 18:08:20.407   283   307 I rvcservice: t.code = 1, t.value = -168360
05-27 18:08:20.409   566 11459 I gps_hdbd: Received: '$BDGSV,1,1,00,1*75
'
05-27 18:08:20.410   572   572 I Sensors : 230 AccelSensor: x:-0.169580,y:0.001220,z:-9.975940
05-27 18:08:20.411 13911 14183 I SentryImuMcuAngleSender: 179.993rollDeg
05-27 18:08:20.411 13911 14183 I SentryImuMcuAngleSender: 1,0,0
05-27 18:08:20.411   566 11459 I gps_hdbd: Received: '$BDGSV,1,1,00,5*71
'
05-27 18:08:20.412   566 11459 I gps_hdbd: Received: '$GPGSV,1,1,01,199,42,165,,1*60
'
05-27 18:08:20.412   536   536 D commservice260303: msg.id = 1028,0
05-27 18:08:20.412   536   536 D commservice260303: i = 170, msgid = 8A000404
05-27 18:08:20.412   536   536 D commservice260303: msgid = -1979710460,did=138
05-27 18:08:20.413   536   536 D commservice260303: CommProtocolLibCmdBaseI2C::dataproc {"command":{"id":"imu_status","sub":""},"content":{"TimeStamp":8,"FrameCounter":192814,"GD_X":-0.01160607673227787,"GD_Y":0.005039200186729431,"GD_Z":0.002443138277158141,"AD_X":-0.0037361979484558105,"AD_Y":-0.002202455187216401,"AD_Z":-0.17068862915039062,"TempDsp":0,"Status":0,"CalibState":1,"SigAmpInvalid":0}},-1979710460
05-27 18:08:20.413   299 30844 D EvsDriver: forwardFrame
05-27 18:08:20.413   536   536 D commservice260303: send2Cluster len:315, 7B22636F6D6D616E64223A7B226964223A22696D755F737461747573222C22737562223A22227D2C22636F6E74656E74223A7B2254696D655374616D70223A382C224672616D65436F756E746572223A3139323831342C2247445F58223A2D302E30313136303630373637333232373738372C2247445F59223A302E3030353033393230303138363732393433312C2247445F5A223A302E3030323434333133383237373135383134312C2241445F58223A2D302E303033373336313937393438343535383130352C2241445F59223A2D302E3030323230323435353138373231363430312C2241445F5A223A2D302E31373036383836323931353033393036322C2254656D70447370223A302C22537461747573223A302C2243616C69625374617465223A312C22536967416D70496E76616C6964223A307D7D, 138 
05-27 18:08:20.413   299 30841 D EvsDriver: forwardFrame
05-27 18:08:20.414   536   536 D commservice260303: Push Message into SendPool fn=976028416
05-27 07:59:29.379   581   581 D spi_rst_gpio_get_output: GPIO 145 value: 1
05-27 07:59:29.379   581   581 D spidev_ioctl: gpio status=1)
05-27 18:08:20.414   536   536 D commservice260303: ComProtocolLibSend2Cluster::send2ClusterRaw fn=976028416 , len=331
05-27 18:08:20.414   536   536 D commservice260303: sendCmdToPort :331!!!
05-27 18:08:20.414   536   536 D commservice260303: send Cmd To Port ++++5AA501478A0100032D3A6A16C2947B22636F6D6D616E64223A7B226964223A22696D755F737461747573222C22737562223A22227D2C22636F6E74656E74223A7B2254696D655374616D70223A382C224672616D65436F756E746572223A3139323831342C2247445F58223A2D302E30313136303630373637333232373738372C2247445F59223A302E3030353033393230303138363732393433312C2247445F5A223A302E3030323434333133383237373135383134312C2241445F58223A2D302E303033373336313937393438343535383130352C2241445F59223A2D302E3030323230323435353138373231363430312C2241445F5A223A2D302E31373036383836323931353033393036322C2254656D70447370223A302C22537461747573223A302C2243616C69625374617465223A312C22536967416D70496E76616C6964223A307D7DA9A8
05-27 18:08:20.414   299 30844 D EvsDriver: Delivered 0xb400007b7ca56900 as id 0
05-27 18:08:20.414   536   536 D commservice260303: bufferevent_write retrun value = 0
05-27 18:08:20.414   566 11459 I gps_hdbd: Received: '$GPGSV,1,1,00,8*6D
'
05-27 18:08:20.414   536   560 D commservice260303: client datas send succeed,send finish
05-27 18:08:20.414  1167  1184 D evsmanagerd: /dev/video6 forwarded the buffer #0 to 0xb4000074bf5f5510 from 0xb4000074bf5f6d90
05-27 18:08:20.415   581   581 I SpiService: fgesysctrl_getGPIO_status success val=1
05-27 18:08:20.415   566 11459 I gps_hdbd: Received: '$GAGSV,1,1,00,7*73
'
05-27 18:08:20.415 13911 14192 D Sentinelmode_1.2.5.17_sentry: <SentryImuClusterFgeSender>imu_status sent to Linux, frame=192814, tsNs=8367661, tsMs=8, intervalMs=41, ad=(-0.003736198,-0.0022024552,-0.17068863), gd=(-0.011606077,0.0050392,0.0024431383)
05-27 18:08:20.418   566 11459 I gps_hdbd: Received: '$GAGSV,1,1,00,1*75
'
05-27 18:08:20.418   299 30841 D EvsDriver: Delivered 0xb400007b7ca56a60 as id 0
05-27 18:08:20.418  1167  1184 D evsmanagerd: /dev/video4 forwarded the buffer #0 to 0xb4000074bf5f6850 from 0xb4000074bf5f41d0
05-27 18:08:20.418   299  1153 D EvsDriver: doneWithFrame
05-27 07:59:29.385   581   581 D spi_rst_gpio_get_output: GPIO 145 value: 1
05-27 07:59:29.385   581   581 D spidev_ioctl: gpio status=1)
05-27 18:08:20.420   299  1153 D EvsDriver: doneWithFrame
05-27 18:08:20.421   581   581 I SpiService: fgesysctrl_getGPIO_status success val=1
05-27 18:08:20.423   566 11459 I gps_hdbd: Received: '$GNRMC,002411.000,V,,,,,,,270526,120.0,E,N,V*43
'
05-27 18:08:20.424  1008 30856 D [OMXB]  : usingANWBuffer: handle:0xee742480, format:1, w:1920, h:1080
05-27 18:08:20.424   566 11459 I gps_hdbd: RMC : CALL gnss_sv_status_cb, view_in_sat <1>
05-27 18:08:20.424   566 11459 I gps_hdbd: [reportSvStatus]--->PLATFORM_BSP::Enter
05-27 18:08:20.424  1083  1083 W MyAppLog: [2026-05-27 18:08:20.424 W tboxap gpsSyncGpsInfoToDm:361] [Gps] [gpsSyncGpsInfoToDm] fix=0 mode=49 corner:0x01 alt=0.00 sat=0 hdop=0.00 pdop=0.00 vdop=0.00
05-27 18:08:20.424   566 11459 I gps_hdbd: hy abnormal deal:hy_cnr30_satellite_cnt=0
05-27 18:08:20.424   566 11459 D gps_hdbd: hy abnormal deal:hy_fixStatus_fail_count=0
05-27 18:08:20.426   566 11459 I gps_hdbd: Received: '$GNZDA,002411.000,27,05,2026,00,00*48
'
05-27 18:08:20.426   581   581 I SpiService: fgesysctrl_getGPIO_status success val=1
05-27 07:59:29.391   581   581 D spi_rst_gpio_get_output: GPIO 145 value: 1
05-27 07:59:29.391   581   581 D spidev_ioctl: gpio status=1)
05-27 18:08:20.432 13911 14183 I SentryImuMcuAngleSender: 179.99298rollDeg
05-27 18:08:20.433 13911 14183 I SentryImuMcuAngleSender: 1,0,0
05-27 18:08:20.433   581   581 I SpiService: fgesysctrl_getGPIO_status success val=1
05-27 07:59:29.398   581   581 D spi_rst_gpio_get_output: GPIO 145 value: 1
05-27 07:59:29.398   581   581 D spidev_ioctl: gpio status=1)
05-27 18:08:20.437  1008 30857 D [OMXB]  : usingANWBuffer: handle:0xee742b60, format:1, w:1920, h:1080
05-27 18:08:20.439   581   581 I SpiService: fgesysctrl_getGPIO_status success val=1
05-27 07:59:29.404   581   581 D spi_rst_gpio_get_output: GPIO 145 value: 1
05-27 07:59:29.404   581   581 D spidev_ioctl: gpio status=1)
05-27 18:08:20.442   299 30841 D EvsDriver: forwardFrame
05-27 18:08:20.442   299 30844 D EvsDriver: forwardFrame
05-27 18:08:20.445   299 30841 D EvsDriver: Delivered 0xb400007b7ca56a60 as id 0
05-27 18:08:20.445   299 30844 D EvsDriver: Delivered 0xb400007b7ca56900 as id 0
05-27 18:08:20.445  1167  1479 D evsmanagerd: /dev/video6 forwarded the buffer #0 to 0xb4000074bf5f5510 from 0xb4000074bf5f6d90
05-27 18:08:20.445  1167  1184 D evsmanagerd: /dev/video4 forwarded the buffer #0 to 0xb4000074bf5f6850 from 0xb4000074bf5f41d0
05-27 18:08:20.445   581   581 I SpiService: fgesysctrl_getGPIO_status success val=0
05-27 18:08:20.449 10188 11505 E SSense.fps: We could not find the file :/sys/class/display/dispc0/frame_count
05-27 18:08:20.451   299  1153 D EvsDriver: doneWithFrame
05-27 18:08:20.451   299  1163 D EvsDriver: doneWithFrame
05-27 07:59:29.410   581   581 D spi_rst_gpio_get_output: GPIO 145 value: 0
05-27 07:59:29.410   581   581 D spidev_ioctl: gpio status=0)
05-27 18:08:20.453 13911 14183 I SentryImuMcuAngleSender: 179.99298rollDeg
05-27 18:08:20.453 13911 14183 I SentryImuMcuAngleSender: 1,0,0
05-27 18:08:20.454   536   536 D commservice260303: msg.id = 1028,1
05-27 18:08:20.454   536   536 D commservice260303: i = 170, msgid = 8A000404
05-27 18:08:20.454   536   536 D commservice260303: msgid = -1979710460,did=138
05-27 18:08:20.454   536   536 D commservice260303: CommProtocolLibCmdBaseI2C::dataproc {"command":{"id":"imu_status","sub":""},"content":{"TimeStamp":8,"FrameCounter":192815,"GD_X":-0.011300750076770782,"GD_Y":0.00549693126231432,"GD_Z":0.0021378109231591225,"AD_X":-0.003733322024345398,"AD_Y":-0.002195217879489064,"AD_Z":-0.16825008392333984,"TempDsp":0,"Status":0,"CalibState":1,"SigAmpInvalid":0}},-1979710460
05-27 18:08:20.454   536   536 D commservice260303: send2Cluster len:315, 7B22636F6D6D616E64223A7B226964223A22696D755F737461747573222C22737562223A22227D2C22636F6E74656E74223A7B2254696D655374616D70223A382C224672616D65436F756E746572223A3139323831352C2247445F58223A2D302E3031313330303735303037363737303738322C2247445F59223A302E30303534393639333132363233313433322C2247445F5A223A302E303032313337383130393233313539313232352C2241445F58223A2D302E3030333733333332323032343334353339382C2241445F59223A2D302E3030323139353231373837393438393036342C2241445F5A223A2D302E31363832353030383339323333333938342C2254656D70447370223A302C22537461747573223A302C2243616C69625374617465223A312C22536967416D70496E76616C6964223A307D7D, 138 
05-27 18:08:20.455   536   536 D commservice260303: Push Message into SendPool fn=992805632
05-27 18:08:20.455   536   536 D commservice260303: ComProtocolLibSend2Cluster::send2ClusterRaw fn=992805632 , len=331
05-27 18:08:20.455   536   536 D commservice260303: sendCmdToPort :331!!!
05-27 18:08:20.455   536   536 D commservice260303: send Cmd To Port ++++5AA501478A0100032D3B6A16C2947B22636F6D6D616E64223A7B226964223A22696D755F737461747573222C22737562223A22227D2C22636F6E74656E74223A7B2254696D655374616D70223A382C224672616D65436F756E746572223A3139323831352C2247445F58223A2D302E3031313330303735303037363737303738322C2247445F59223A302E30303534393639333132363233313433322C2247445F5A223A302E303032313337383130393233313539313232352C2241445F58223A2D302E3030333733333332323032343334353339382C2241445F59223A2D302E3030323139353231373837393438393036342C2241445F5A223A2D302E31363832353030383339323333333938342C2254656D70447370223A302C22537461747573223A302C2243616C69625374617465223A312C22536967416D70496E76616C6964223A307D7DA82D
05-27 18:08:20.455   566 11459 I gps_hdbd: Received: '$GNINS,1,1,TYPE,I,V,002411.000,16962000,FUS,-11,0,0,0,MOT,V,1,PATT,0.00,0.00,0.00,VEL,0.000,0.000,0.000,POS,40.0001330924,116.0001570688,84.176,IIA,1,0.00,0.00,0.00,BGA,0.31,-0.66,-0.13,0.000,0.000,0.000,IGA,0,-1,0,0,-2,98,VG,16c2ff1*2C
'
05-27 18:08:20.455   536   536 D commservice260303: bufferevent_write retrun value = 0
05-27 18:08:20.455   566 11459 I gps_hdbd: Received: '$GNINS,CARSPEED,ADR_STATUS,0,Pulse_count,0,1,0,0,16962000,83470,0.000,0.000,0.000*34
'
05-27 18:08:20.455   536   560 D commservice260303: client datas send succeed,send finish
05-27 18:08:20.455 13911 14192 D Sentinelmode_1.2.5.17_sentry: <SentryImuClusterFgeSender>imu_status sent to Linux, frame=192815, tsNs=8367675, tsMs=8, intervalMs=40, ad=(-0.003733322,-0.0021952179,-0.16825008), gd=(-0.01130075,0.0054969313,0.002137811)
05-27 18:08:20.457  1008 30856 D [OMXB]  : usingANWBuffer: handle:0xee742690, format:1, w:1920, h:1080
05-27 18:08:20.460   581   581 I SpiService: fgesysctrl_getGPIO_status success val=1
05-27 07:59:29.425   581   581 D spi_rst_gpio_get_output: GPIO 145 value: 1
05-27 18:08:20.460   566 11459 I gps_hdbd: Received: '$GNTXT,04,01,04,INS,V,1,,,,FLG,1,000000,1,0,1,0,0,Con,0*71
'
05-27 07:59:29.425   581   581 D spidev_ioctl: gpio status=1)
05-27 18:08:20.466   581   581 I SpiService: fgesysctrl_getGPIO_status success val=1
05-27 18:08:20.466   566 11459 I gps_hdbd: Received: '$GNTXT,INSTALL,0.00,0.00,0.00,0.00,0.00,0.00,0*20
'
05-27 07:59:29.430   581   581 D spi_rst_gpio_get_output: GPIO 145 value: 1
05-27 07:59:29.431   581   581 D spidev_ioctl: gpio status=1)
05-27 18:08:20.471   581   581 I SpiService: fgesysctrl_getGPIO_status success val=1
05-27 07:59:29.436   581   581 D spi_rst_gpio_get_output: GPIO 145 value: 1
05-27 07:59:29.436   581   581 D spidev_ioctl: gpio status=1)
05-27 18:08:20.473 13911 14183 I SentryImuMcuAngleSender: 179.97897rollDeg
05-27 18:08:20.473 13911 14183 I SentryImuMcuAngleSender: 1,0,0
05-27 18:08:20.477   581   581 I SpiService: fgesysctrl_getGPIO_status success val=1
05-27 18:08:20.477   299 30841 D EvsDriver: forwardFrame
05-27 18:08:20.479   299 30841 D EvsDriver: Delivered 0xb400007b7ca56a60 as id 0
05-27 18:08:20.479  1167  1184 D evsmanagerd: /dev/video4 forwarded the buffer #0 to 0xb4000074bf5f6850 from 0xb4000074bf5f41d0
05-27 18:08:20.479 30773 30773 E dvr_service_: [myNum:0] Received S**** loss
05-27 18:08:20.479   299 30844 D EvsDriver: forwardFrame
05-27 18:08:20.480   299  1153 D EvsDriver: doneWithFrame
05-27 18:08:20.480   299 30844 D EvsDriver: Delivered 0xb400007b7ca56900 as id 0
05-27 18:08:20.480  1167  1184 D evsmanagerd: /dev/video6 forwarded the buffer #0 to 0xb4000074bf5f5510 from 0xb4000074bf5f6d90
05-27 18:08:20.480 30773 30773 E dvr_service_: [myNum:1] Received S**** loss
05-27 18:08:20.481   299  1153 D EvsDriver: doneWithFrame
05-27 07:59:29.441   581   581 D spi_rst_gpio_get_output: GPIO 145 value: 1
05-27 07:59:29.442   581   581 D spidev_ioctl: gpio status=1)
05-27 18:08:20.482   581   581 I SpiService: fgesysctrl_getGPIO_status success val=0
05-27 18:08:20.483  1008 30857 D [OMXB]  : usingANWBuffer: handle:0xee7404e0, format:1, w:1920, h:1080
05-27 07:59:29.447   581   581 D spi_rst_gpio_get_output: GPIO 145 value: 0
05-27 07:59:29.447   581   581 D spidev_ioctl: gpio status=0)
05-27 18:08:20.487   572   572 I Sensors : 230 GyroSensor: x:-0.011224,y:0.004734,z:0.002901
05-27 18:08:20.490  1083  1083 I MyAppLog: [2026-05-27 18:08:20.489 I tboxap mcuSendYadiTransfer:196] [Mcu] [mcuYadiSend]: :00 08 B7 04 01 09 81 02 01 01
05-27 18:08:20.492   481   599 I mcuc    : start timer OK = 23451 
05-27 18:08:20.493   536   536 D commservice260303: msg.id = 1028,0
05-27 18:08:20.493   536   536 D commservice260303: i = 170, msgid = 8A000404
05-27 18:08:20.493   536   536 D commservice260303: msgid = -1979710460,did=138
05-27 18:08:20.493   536   536 D commservice260303: CommProtocolLibCmdBaseI2C::dataproc {"command":{"id":"imu_status","sub":""},"content":{"TimeStamp":8,"FrameCounter":192816,"GD_X":-0.011223767884075642,"GD_Y":0.004733873065561056,"GD_Z":0.002900869119912386,"AD_X":-0.0037402361631393433,"AD_Y":2.5334651581943035E-4,"AD_Z":-0.16946887969970703,"TempDsp":0,"Status":0,"CalibState":1,"SigAmpInvalid":0}},-1979710460
05-27 18:08:20.493   536   536 D commservice260303: send2Cluster len:316, 7B22636F6D6D616E64223A7B226964223A22696D755F737461747573222C22737562223A22227D2C22636F6E74656E74223A7B2254696D655374616D70223A382C224672616D65436F756E746572223A3139323831362C2247445F58223A2D302E3031313232333736373838343037353634322C2247445F59223A302E3030343733333837333036353536313035362C2247445F5A223A302E3030323930303836393131393931323338362C2241445F58223A2D302E303033373430323336313633313339333433332C2241445F59223A322E35333334363531353831393433303335452D342C2241445F5A223A2D302E31363934363838373936393937303730332C2254656D70447370223A302C22537461747573223A302C2243616C69625374617465223A312C22536967416D70496E76616C6964223A307D7D, 138 
05-27 18:08:20.493   536   536 D commservice260303: Push Message into SendPool fn=1009582848
05-27 18:08:20.494   536   536 D commservice260303: ComProtocolLibSend2Cluster::send2ClusterRaw fn=1009582848 , len=332
05-27 18:08:20.494 13911 14183 I SentryImuMcuAngleSender: 179.97899rollDeg
05-27 18:08:20.494   536   536 D commservice260303: sendCmdToPort :332!!!
05-27 18:08:20.494 13911 14183 I SentryImuMcuAngleSender: 1,0,0
05-27 18:08:20.494   536   536 D commservice260303: send Cmd To Port ++++5AA501488A0100032D3C6A16C2947B22636F6D6D616E64223A7B226964223A22696D755F737461747573222C22737562223A22227D2C22636F6E74656E74223A7B2254696D655374616D70223A382C224672616D65436F756E746572223A3139323831362C2247445F58223A2D302E3031313232333736373838343037353634322C2247445F59223A302E3030343733333837333036353536313035362C2247445F5A223A302E3030323930303836393131393931323338362C2241445F58223A2D302E303033373430323336313633313339333433332C2241445F59223A322E35333334363531353831393433303335452D342C2241445F5A223A2D302E31363934363838373936393937303730332C2254656D70447370223A302C22537461747573223A302C2243616C69625374617465223A312C22536967416D70496E76616C6964223A307D7D3615
05-27 18:08:20.494   536   536 D commservice260303: bufferevent_write retrun value = 0
05-27 18:08:20.494   536   560 D commservice260303: client datas send succeed,send finish
05-27 18:08:20.494 13911 14192 D Sentinelmode_1.2.5.17_sentry: <SentryImuClusterFgeSender>imu_status sent to Linux, frame=192816, tsNs=8367737, tsMs=8, intervalMs=39, ad=(-0.0037402362,2.5334652E-4,-0.16946888), gd=(-0.011223768,0.004733873,0.0029008691)
05-27 18:08:20.496   581   581 I SpiService: fgesysctrl_getGPIO_status success val=1
05-27 07:59:29.461   581   581 D spi_rst_gpio_get_output: GPIO 145 value: 1
05-27 07:59:29.461   581   581 D spidev_ioctl: gpio status=1)
05-27 18:08:20.499  1008 30856 D [OMXB]  : usingANWBuffer: handle:0xee745fa0, format:1, w:1920, h:1080
05-27 18:08:20.502   581   581 I SpiService: fgesysctrl_getGPIO_status success val=1
05-27 18:08:20.502 13911 14183 I SentryImuMcuAngleSender: [4, 18, 1, 0, 0],5
05-27 18:08:20.502 13911 14183 I McuCommManager: mcuCommSendcmd [4, 18, 1, 0, 0]
05-27 18:08:20.503 13911 14183 I SentryImuMcuAngleSender: true
05-27 18:08:20.503 13911 14183 W Sentinelmode_1.2.5.17_sentry: <SentryImuMcuAngleSender>MCU IMU send interval abnormal: 1002ms
05-27 18:08:20.504  1041  1051 I ThermalCvtGovernor: soc(default) curTemp: 89605 tripTemp: 95000 setPollingDelay: 4000
05-27 07:59:29.466   581   581 D spi_rst_gpio_get_output: GPIO 145 value: 1
05-27 07:59:29.466   581   581 D spidev_ioctl: gpio status=1)
05-27 18:08:20.507   581   581 I SpiService: fgesysctrl_getGPIO_status success val=1
05-27 18:08:20.507   283   307 I rvcservice: t.code = 3, t.value = 0
05-27 07:59:29.472   581   581 D spi_rst_gpio_get_output: GPIO 145 value: 1
05-27 07:59:29.472   581   581 D spidev_ioctl: gpio status=1)
05-27 18:08:20.512   581   581 I SpiService: fgesysctrl_getGPIO_status success val=1
05-27 07:59:29.477   581   581 D spi_rst_gpio_get_output: GPIO 145 value: 1
05-27 07:59:29.477   581   581 D spidev_ioctl: gpio status=1)
05-27 18:08:20.513 13911 14183 I SentryImuMcuAngleSender: 179.98949rollDeg
05-27 18:08:20.513 13911 14183 I SentryImuMcuAngleSender: 1,0,0
05-27 18:08:20.514   299 30841 D EvsDriver: forwardFrame
05-27 18:08:20.515   299 30844 D EvsDriver: forwardFrame
05-27 18:08:20.517   299 30844 D EvsDriver: Delivered 0xb400007b7ca56900 as id 0
05-27 18:08:20.517   299 30841 D EvsDriver: Delivered 0xb400007b7ca56a60 as id 0
05-27 18:08:20.517  1167  1184 D evsmanagerd: /dev/video6 forwarded the buffer #0 to 0xb4000074bf5f5510 from 0xb4000074bf5f6d90
05-27 18:08:20.517  1167  1479 D evsmanagerd: /dev/video4 forwarded the buffer #0 to 0xb4000074bf5f6850 from 0xb4000074bf5f41d0
05-27 18:08:20.518   581   581 I SpiService: fgesysctrl_getGPIO_status success val=1
05-27 18:08:20.521   299  1153 D EvsDriver: doneWithFrame
05-27 18:08:20.521   299  1163 D EvsDriver: doneWithFrame
05-27 07:59:29.483   581   581 D spi_rst_gpio_get_output: GPIO 145 value: 1
05-27 07:59:29.483   581   581 D spidev_ioctl: gpio status=1)
05-27 18:08:20.523  1008 30856 D [OMXB]  : usingANWBuffer: handle:0xee740220, format:1, w:1920, h:1080
05-27 07:59:29.489   581   581 D spi_rst_gpio_get_output: GPIO 145 value: 0
05-27 07:59:29.489   581   581 D spidev_ioctl: gpio status=0)
05-27 18:08:20.525   581   581 I SpiService: fgesysctrl_getGPIO_status success val=0
05-27 18:08:20.525   481   597 I mcuc    : send SPI:6AA6015B9B00F80901B70401098102010100000000000000000000000000000000000000000000000000000000000000000000000000000000000000000000000000000000000000000000000000000000000000000000000000000000000000000000000000000000000000000000000000000000000000000000000000000000000000000000000000000000000000000000000000000000000000000000000000000000000000000000000000000000000000000000000000000000000000000000000000000000000000000000000000000000000000000000000000000000000000000000000000000000000000000000000000000000000000000000BD6AA6005B9C00050412010000ED
05-27 18:08:20.533   536   536 D commservice260303: msg.id = 1028,0
05-27 18:08:20.533   536   536 D commservice260303: i = 170, msgid = 8A000404
05-27 18:08:20.533   536   536 D commservice260303: msgid = -1979710460,did=138
05-27 18:08:20.533 13911 14183 I SentryImuMcuAngleSender: 179.99298rollDeg
05-27 18:08:20.533   536   536 D commservice260303: CommProtocolLibCmdBaseI2C::dataproc {"command":{"id":"imu_status","sub":""},"content":{"TimeStamp":8,"FrameCounter":192817,"GD_X":-0.011377211660146713,"GD_Y":0.0056498548947274685,"GD_Z":0.0022902146447449923,"AD_X":-0.003726661205291748,"AD_Y":-0.0021728656720370054,"AD_Z":-0.16702938079833984,"TempDsp":0,"Status":0,"CalibState":1,"SigAmpInvalid":0}},-1979710460
05-27 18:08:20.533 13911 14183 I SentryImuMcuAngleSender: 1,0,0
05-27 18:08:20.533   536   536 D commservice260303: send2Cluster len:318, 7B22636F6D6D616E64223A7B226964223A22696D755F737461747573222C22737562223A22227D2C22636F6E74656E74223A7B2254696D655374616D70223A382C224672616D65436F756E746572223A3139323831372C2247445F58223A2D302E3031313337373231313636303134363731332C2247445F59223A302E303035363439383534383934373237343638352C2247445F5A223A302E303032323930323134363434373434393932332C2241445F58223A2D302E3030333732363636313230353239313734382C2241445F59223A2D302E303032313732383635363732303337303035342C2241445F5A223A2D302E31363730323933383037393833333938342C2254656D70447370223A302C22537461747573223A302C2243616C69625374617465223A312C22536967416D70496E76616C6964223A307D7D, 138 
05-27 18:08:20.533   536   536 D commservice260303: Push Message into SendPool fn=1026360064
05-27 18:08:20.533   536   536 D commservice260303: ComProtocolLibSend2Cluster::send2ClusterRaw fn=1026360064 , len=334
05-27 18:08:20.534   536   536 D commservice260303: sendCmdToPort :334!!!
05-27 18:08:20.534   536   536 D commservice260303: send Cmd To Port ++++5AA5014A8A0100032D3D6A16C2947B22636F6D6D616E64223A7B226964223A22696D755F737461747573222C22737562223A22227D2C22636F6E74656E74223A7B2254696D655374616D70223A382C224672616D65436F756E746572223A3139323831372C2247445F58223A2D302E3031313337373231313636303134363731332C2247445F59223A302E303035363439383534383934373237343638352C2247445F5A223A302E303032323930323134363434373434393932332C2241445F58223A2D302E3030333732363636313230353239313734382C2241445F59223A2D302E303032313732383635363732303337303035342C2241445F5A223A2D302E31363730323933383037393833333938342C2254656D70447370223A302C22537461747573223A302C2243616C69625374617465223A312C22536967416D70496E76616C6964223A307D7D4772
05-27 18:08:20.534   536   536 D commservice260303: bufferevent_write retrun value = 0
05-27 18:08:20.534   536   560 D commservice260303: client datas send succeed,send finish
05-27 18:08:20.535 13911 14192 D Sentinelmode_1.2.5.17_sentry: <SentryImuClusterFgeSender>imu_status sent to Linux, frame=192817, tsNs=8367772, tsMs=8, intervalMs=40, ad=(-0.0037266612,-0.0021728657,-0.16702938), gd=(-0.011377212,0.005649855,0.0022902146)
05-27 18:08:20.540   581   581 I SpiService: fgesysctrl_getGPIO_status success val=1
05-27 07:59:29.504   581   581 D spi_rst_gpio_get_output: GPIO 145 value: 1
05-27 07:59:29.504   581   581 D spidev_ioctl: gpio status=1)
05-27 18:08:20.542   481   598 I mcuc    : rev,n=1,6AA681A892000A890096010409131234565F
05-27 18:08:20.542  1121  1144 I tboxmids_ap: [2026-05-27 18:08:20.542] [MCU RX] src=MCU dst=ZMQ len=10 type=BINARY data=00 08 96 01 04 09 13 12 34 56 
05-27 18:08:20.542   351   373 D automotive.vehicle@2.0-adayo-datacomm-mcu: MCUDatacomm sendMessageFromVehicle prop: 0x89, areaId: 0x0, status: 0x96, timestamp: 0x1
05-27 18:08:20.542   351   373 D automotive.vehicle@2.0-adayo-datacomm-mcu: MCUDatacomm 1sendMessageFromVehicle ---> type = 12 
05-27 18:08:20.543  1083  1083 I MyAppLog: [2026-05-27 18:08:20.542 I tboxap mcuCommTboxmidsRecvCb:97] [Mcu] [mcuCommTboxmidsRecvCb] recv from tboxmids, size:10
05-27 18:08:20.543  1083  1083 I MyAppLog: [2026-05-27 18:08:20.543 I tboxap mcuCommTboxmidsRecvCb:98] [Mcu] [tboxmids -> tboxap]: :00 08 96 01 04 09 13 12 34 56
05-27 18:08:20.543  1083  1083 W MyAppLog: [2026-05-27 18:08:20.543 W tboxap mcuYadiFrameParse:852] [Mcu] [mcuYadiFrameParse] cmd:0913(MCU_SEC_BATT1_DYNAMIC_IND) payload too short:5 < 36
05-27 18:08:20.543  1083  1083 W MyAppLog: [2026-05-27 18:08:20.543 W tboxap mcuPtlParseData:982] [Mcu] [mcuPtlParseData] invalid yadi frame, len:10
05-27 18:08:20.544   536   760 I commservice260303: [mcuCommFunctionTcp::ProtocolCheckConnectTimeOutProc:613] keyID:256,tcpEvent:5,tcpcount:0,heartbeat:1,noHeartBeatNumber:0,endispatch:0,strState:0
05-27 18:08:20.544   536   760 D commservice260303: ProtocolCheckConnectTimeOutProc,629,clear heartbeat
05-27 18:08:20.545  1008 30857 D [OMXB]  : usingANWBuffer: handle:0xee747180, format:1, w:1920, h:1080
05-27 18:08:20.545   299 30844 D EvsDriver: forwardFrame
05-27 18:08:20.545   581   581 I SpiService: fgesysctrl_getGPIO_status success val=1
05-27 18:08:20.546   299 30844 D EvsDriver: Delivered 0xb400007b7ca56900 as id 0
05-27 18:08:20.546  1167  1479 D evsmanagerd: /dev/video6 forwarded the buffer #0 to 0xb4000074bf5f5510 from 0xb4000074bf5f6d90
05-27 18:08:20.548   299  1163 D EvsDriver: doneWithFrame
05-27 07:59:29.510   581   581 D spi_rst_gpio_get_output: GPIO 145 value: 1
05-27 07:59:29.510   581   581 D spidev_ioctl: gpio status=1)
05-27 18:08:20.551   581   581 I SpiService: fgesysctrl_getGPIO_status success val=1
05-27 07:59:29.516   581   581 D spi_rst_gpio_get_output: GPIO 145 value: 1
05-27 07:59:29.516   581   581 D spidev_ioctl: gpio status=1)
05-27 18:08:20.553   299 30841 D EvsDriver: forwardFrame
05-27 18:08:20.553 13911 14183 I SentryImuMcuAngleSender: 179.98949rollDeg
05-27 18:08:20.553 13911 14183 I SentryImuMcuAngleSender: 1,0,0
05-27 18:08:20.554   299 30841 D EvsDriver: Delivered 0xb400007b7ca56a60 as id 0
05-27 18:08:20.554  1167  1479 D evsmanagerd: /dev/video4 forwarded the buffer #0 to 0xb4000074bf5f6850 from 0xb4000074bf5f41d0
05-27 18:08:20.557   581   581 I SpiService: fgesysctrl_getGPIO_status success val=1
05-27 07:59:29.521   581   581 D spi_rst_gpio_get_output: GPIO 145 value: 1
05-27 07:59:29.521   581   581 D spidev_ioctl: gpio status=1)
05-27 18:08:20.558   299  1163 D EvsDriver: doneWithFrame
05-27 18:08:20.562   581   581 I SpiService: fgesysctrl_getGPIO_status success val=0
05-27 18:08:20.563   481   597 I mcuc    : send SPI:6AA602A8920002890039
05-27 07:59:29.527   581   581 D spi_rst_gpio_get_output: GPIO 145 value: 0
05-27 07:59:29.527   581   581 D spidev_ioctl: gpio status=0)
05-27 18:08:20.567 13911 14131 D SVR_MNG_SvrMngProxy: getServer: mSvrManger is null
05-27 18:08:20.567 13911 14131 D SVR_MNG_SvrMngProxy: getNewStub: 
05-27 18:08:20.567 13911 14131 D SVR_MNG_SvrMngProxy: getNewStub: getSvrManagerService start
05-27 18:08:20.568 15863 15863 D AIN-NaviLocationPresenter: ACC is OFF, skip upload location
05-27 18:08:20.568 13911 14131 D SVR_MNG_SvrMngProxy: getNewStub: getSvrManagerService end
05-27 18:08:20.568 13911 14131 D SVR_MNG_SvrMngProxy: getServer: svrMngService doesn't start
05-27 18:08:20.572   536   536 D commservice260303: msg.id = 1028,0
05-27 18:08:20.573   536   536 D commservice260303: i = 170, msgid = 8A000404
05-27 18:08:20.573   536   536 D commservice260303: msgid = -1979710460,did=138
05-27 18:08:20.573   536   536 D commservice260303: CommProtocolLibCmdBaseI2C::dataproc {"command":{"id":"imu_status","sub":""},"content":{"TimeStamp":8,"FrameCounter":192818,"GD_X":-0.01160607673227787,"GD_Y":0.005420989356935024,"GD_Z":0.0020608289632946253,"AD_X":-0.00250832736492157,"AD_Y":-9.451329242438078E-4,"AD_Z":-0.16885852813720703,"TempDsp":0,"Status":0,"CalibState":1,"SigAmpInvalid":0}},-1979710460
05-27 18:08:20.573   536   536 D commservice260303: send2Cluster len:314, 7B22636F6D6D616E64223A7B226964223A22696D755F737461747573222C22737562223A22227D2C22636F6E74656E74223A7B2254696D655374616D70223A382C224672616D65436F756E746572223A3139323831382C2247445F58223A2D302E30313136303630373637333232373738372C2247445F59223A302E3030353432303938393335363933353032342C2247445F5A223A302E303032303630383238393633323934363235332C2241445F58223A2D302E30303235303833323733363439323135372C2241445F59223A2D392E343531333239323432343338303738452D342C2241445F5A223A2D302E31363838353835323831333732303730332C2254656D70447370223A302C22537461747573223A302C2243616C69625374617465223A312C22536967416D70496E76616C6964223A307D7D, 138 
05-27 18:08:20.573   536   536 D commservice260303: Push Message into SendPool fn=1043137280
05-27 18:08:20.573   536   536 D commservice260303: ComProtocolLibSend2Cluster::send2ClusterRaw fn=1043137280 , len=330
05-27 18:08:20.573   536   536 D commservice260303: sendCmdToPort :330!!!
05-27 18:08:20.573   481   598 I mcuc    : rev,n=1,6AA6825B9B000209017C
05-27 18:08:20.573   536   536 D commservice260303: send Cmd To Port ++++5AA501468A0100032D3E6A16C2947B22636F6D6D616E64223A7B226964223A22696D755F737461747573222C22737562223A22227D2C22636F6E74656E74223A7B2254696D655374616D70223A382C224672616D65436F756E746572223A3139323831382C2247445F58223A2D302E30313136303630373637333232373738372C2247445F59223A302E3030353432303938393335363933353032342C2247445F5A223A302E303032303630383238393633323934363235332C2241445F58223A2D302E30303235303833323733363439323135372C2241445F59223A2D392E343531333239323432343338303738452D342C2241445F5A223A2D302E31363838353835323831333732303730332C2254656D70447370223A302C22537461747573223A302C2243616C69625374617465223A312C22536967416D70496E76616C6964223A307D7D551D
05-27 18:08:20.573   536   536 D commservice260303: bufferevent_write retrun value = 0
05-27 18:08:20.573 13911 14183 I SentryImuMcuAngleSender: 179.98598rollDeg
05-27 18:08:20.573   536   560 D commservice260303: client datas send succeed,send finish
05-27 18:08:20.573 13911 14183 I SentryImuMcuAngleSender: 1,0,0
05-27 18:08:20.573 13911 14192 D Sentinelmode_1.2.5.17_sentry: <SentryImuClusterFgeSender>imu_status sent to Linux, frame=192818, tsNs=8367809, tsMs=8, intervalMs=39, ad=(-0.0025083274,-9.451329E-4,-0.16885853), gd=(-0.011606077,0.0054209894,0.002060829)
05-27 18:08:20.576   581   581 I SpiService: fgesysctrl_getGPIO_status success val=1
05-27 07:59:29.541   581   581 D spi_rst_gpio_get_output: GPIO 145 value: 1
05-27 07:59:29.541   581   581 D spidev_ioctl: gpio status=1)
05-27 18:08:20.577  1008 30856 D [OMXB]  : usingANWBuffer: handle:0xee742cc0, format:1, w:1920, h:1080
05-27 18:08:20.578 30773 30789 I dvr_service_: Camera 0: MediaOK:71935632, frames:1670, isKeyFrame:0,pts:8367612177
05-27 18:08:20.578   299 30844 D EvsDriver: forwardFrame
05-27 18:08:20.581   299 30844 D EvsDriver: Delivered 0xb400007b7ca56900 as id 0
05-27 18:08:20.581  1167  1479 D evsmanagerd: /dev/video6 forwarded the buffer #0 to 0xb4000074bf5f5510 from 0xb4000074bf5f6d90
05-27 18:08:20.582   581   581 I SpiService: fgesysctrl_getGPIO_status success val=1
05-27 18:08:20.584   299 30841 D EvsDriver: forwardFrame
05-27 07:59:29.547   581   581 D spi_rst_gpio_get_output: GPIO 145 value: 1
05-27 07:59:29.547   581   581 D spidev_ioctl: gpio status=1)
05-27 18:08:20.586   299  1163 D EvsDriver: doneWithFrame
05-27 18:08:20.588   581   581 I SpiService: fgesysctrl_getGPIO_status success val=1
05-27 18:08:20.588   299 30841 D EvsDriver: Delivered 0xb400007b7ca56a60 as id 0
05-27 18:08:20.588  1167  1479 D evsmanagerd: /dev/video4 forwarded the buffer #0 to 0xb4000074bf5f6850 from 0xb4000074bf5f41d0
05-27 07:59:29.552   581   581 D spi_rst_gpio_get_output: GPIO 145 value: 1
05-27 07:59:29.552   581   581 D spidev_ioctl: gpio status=1)
05-27 18:08:20.592   299  1163 D EvsDriver: doneWithFrame
05-27 18:08:20.593 13911 14183 I SentryImuMcuAngleSender: 179.986rollDeg
05-27 18:08:20.593 13911 14183 I SentryImuMcuAngleSender: 1,0,0
05-27 18:08:20.593   581   581 I SpiService: fgesysctrl_getGPIO_status success val=1
05-27 18:08:20.594   572   572 I Sensors : 230 AccelSensor: x:-0.168969,y:0.001220,z:-9.974720
05-27 18:08:20.596  1008 30857 D [OMXB]  : usingANWBuffer: handle:0xee741400, format:1, w:1920, h:1080
05-27 07:59:29.558   581   581 D spi_rst_gpio_get_output: GPIO 145 value: 1
05-27 07:59:29.558   581   581 D spidev_ioctl: gpio status=1)
05-27 18:08:20.599   581   581 I SpiService: fgesysctrl_getGPIO_status success val=1
05-27 07:59:29.563   581   581 D spi_rst_gpio_get_output: GPIO 145 value: 1
05-27 07:59:29.563   581   581 D spidev_ioctl: gpio status=1)
05-27 18:08:20.601   536   560 D commservice260303: recv len:77, 5AA500490600000030FB6A16C2947B22636F6D6D616E64223A7B226964223A226473695F6C7578222C22737562223A22227D2C22636F6E74656E74223A7B2276616C7565223A3230307D7DEC31 from server
05-27 18:08:20.601   536  2578 D commservice260303: mcuDataAnalyzeHandle templen:77,len:77,pos:0, 5AA500490600000030FB6A16C2947B22636F6D6D616E64223A7B226964223A226473695F6C7578222C22737562223A22227D2C22636F6E74656E74223A7B2276616C7565223A3230307D7DEC31 
05-27 18:08:20.601   536  2578 I commservice260303: checksumCal = 60465
05-27 18:08:20.601   536  2578 D commservice260303: CommProtocolLibCmdBaseC2I::dataproc {"command":{"id":"dsi_lux","sub":""},"content":{"value":200}},6
05-27 18:08:20.601   536  2578 D commservice260303: mcuCommMessageManager::notifyMsgToClient hwbinder OK
05-27 18:08:20.601   536  2578 D commservice260303: McuProtocolLibSend2Service::send2Service ret=1
05-27 18:08:20.601 12246 12440 D ivicomm_CommManager: fgeComServiceCallback: {"command":{"id":"dsi_lux","sub":""},"content":{"value":200}}
05-27 18:08:20.601 12246 12440 D ivicomm_CallbackManager: registerCallback DSI_LUX: {"value":200} mCommStateCallbackMap size:4
05-27 18:08:20.604   581   581 I SpiService: fgesysctrl_getGPIO_status success val=0
05-27 07:59:29.569   581   581 D spi_rst_gpio_get_output: GPIO 145 value: 0
05-27 07:59:29.569   581   581 D spidev_ioctl: gpio status=0)
05-27 18:08:20.608   283   307 I rvcservice: t.code = 3, t.value = 0
05-27 18:08:20.611   299 30841 D EvsDriver: forwardFrame
05-27 18:08:20.611 11579 11619 D NSLogUtils_VehicleService: L2A comm state: id=dsi_lux, value=200
05-27 18:08:20.612 11344  6594 D SystemUI_SystemSettingsControllerService: onCommState: commandID = dsi_lux; value = 200
05-27 18:08:20.613   536   536 D commservice260303: msg.id = 1028,1
05-27 18:08:20.613   536   536 D commservice260303: i = 170, msgid = 8A000404
05-27 18:08:20.613   536   536 D commservice260303: msgid = -1979710460,did=138
05-27 18:08:20.613   536   536 D commservice260303: CommProtocolLibCmdBaseI2C::dataproc {"command":{"id":"imu_status","sub":""},"content":{"TimeStamp":8,"FrameCounter":192819,"GD_X":-0.011453153565526009,"GD_Y":0.0048857564106583595,"GD_Z":0.0019079053308814764,"AD_X":-0.0012944340705871582,"AD_Y":-9.316862560808659E-4,"AD_Z":-0.17007923126220703,"TempDsp":0,"Status":0,"CalibState":1,"SigAmpInvalid":0}},-1979710460
05-27 18:08:20.613   536   536 D commservice260303: send2Cluster len:318, 7B22636F6D6D616E64223A7B226964223A22696D755F737461747573222C22737562223A22227D2C22636F6E74656E74223A7B2254696D655374616D70223A382C224672616D65436F756E746572223A3139323831392C2247445F58223A2D302E3031313435333135333536353532363030392C2247445F59223A302E303034383835373536343130363538333539352C2247445F5A223A302E303031393037393035333330383831343736342C2241445F58223A2D302E303031323934343334303730353837313538322C2241445F59223A2D392E333136383632353630383038363539452D342C2241445F5A223A2D302E31373030373932333132363232303730332C2254656D70447370223A302C22537461747573223A302C2243616C69625374617465223A312C22536967416D70496E76616C6964223A307D7D, 138 
05-27 18:08:20.613   536   536 D commservice260303: Push Message into SendPool fn=1059914496
05-27 18:08:20.613   299 30841 D EvsDriver: Delivered 0xb400007b7ca56a60 as id 0
05-27 18:08:20.613  1167  1479 D evsmanagerd: /dev/video4 forwarded the buffer #0 to 0xb4000074bf5f6850 from 0xb4000074bf5f41d0
05-27 18:08:20.613   536   536 D commservice260303: ComProtocolLibSend2Cluster::send2ClusterRaw fn=1059914496 , len=334
05-27 18:08:20.613   536   536 D commservice260303: sendCmdToPort :334!!!
05-27 18:08:20.613   536   536 D commservice260303: send Cmd To Port ++++5AA5014A8A0100032D3F6A16C2947B22636F6D6D616E64223A7B226964223A22696D755F737461747573222C22737562223A22227D2C22636F6E74656E74223A7B2254696D655374616D70223A382C224672616D65436F756E746572223A3139323831392C2247445F58223A2D302E3031313435333135333536353532363030392C2247445F59223A302E303034383835373536343130363538333539352C2247445F5A223A302E303031393037393035333330383831343736342C2241445F58223A2D302E303031323934343334303730353837313538322C2241445F59223A2D392E333136383632353630383038363539452D342C2241445F5A223A2D302E31373030373932333132363232303730332C2254656D70447370223A302C22537461747573223A302C2243616C69625374617465223A312C22536967416D70496E76616C6964223A307D7D461B
05-27 18:08:20.614   536   536 D commservice260303: bufferevent_write retrun value = 0
05-27 18:08:20.614   536   560 D commservice260303: client datas send succeed,send finish
05-27 18:08:20.614 13911 14183 I SentryImuMcuAngleSender: 179.986rollDeg
05-27 18:08:20.614 13911 14183 I SentryImuMcuAngleSender: 1,0,0
05-27 18:08:20.614  1008 30856 D [OMXB]  : usingANWBuffer: handle:0xee740430, format:1, w:1920, h:1080
05-27 18:08:20.614 13911 14192 D Sentinelmode_1.2.5.17_sentry: <SentryImuClusterFgeSender>imu_status sent to Linux, frame=192819, tsNs=8367862, tsMs=8, intervalMs=41, ad=(-0.0012944341,-9.3168626E-4,-0.17007923), gd=(-0.011453154,0.0048857564,0.0019079053)
05-27 18:08:20.615   299  1163 D EvsDriver: doneWithFrame
05-27 18:08:20.615   299 30844 D EvsDriver: forwardFrame
05-27 18:08:20.617   299 30844 D EvsDriver: Delivered 0xb400007b7ca56900 as id 0
05-27 18:08:20.617  1167  1479 D evsmanagerd: /dev/video6 forwarded the buffer #0 to 0xb4000074bf5f5510 from 0xb4000074bf5f6d90
05-27 18:08:20.619   581   581 I SpiService: fgesysctrl_getGPIO_status success val=1
05-27 18:08:20.619   299  1163 D EvsDriver: doneWithFrame
05-27 07:59:29.583   581   581 D spi_rst_gpio_get_output: GPIO 145 value: 1
05-27 07:59:29.583   581   581 D spidev_ioctl: gpio status=1)
05-27 18:08:20.624   581   581 I SpiService: fgesysctrl_getGPIO_status success val=1
05-27 07:59:29.589   581   581 D spi_rst_gpio_get_output: GPIO 145 value: 1
05-27 07:59:29.589   581   581 D spidev_ioctl: gpio status=1)
05-27 18:08:20.630   581   581 I SpiService: fgesysctrl_getGPIO_status success val=1
05-27 07:59:29.594   581   581 D spi_rst_gpio_get_output: GPIO 145 value: 1
05-27 07:59:29.594   581   581 D spidev_ioctl: gpio status=1)
05-27 18:08:20.634 13911 14183 I SentryImuMcuAngleSender: 179.986rollDeg
05-27 18:08:20.634 13911 14183 I SentryImuMcuAngleSender: 1,0,0
