05-27 18:08:11.341   351   516 D automotive.vehicle@2.0-adayo-func-bcm: BCMFunc sendMessageFromVehicle_l dataType: 12,mByte=19,propid=0x214000a4
05-27 18:08:11.341   351   516 D automotive.vehicle@2.0-adayo-func-bcm: BCMFunc sendMessageFromVehicle_l msgBuff[19]=0x1,start:0,len:8,temp:8,
05-27 18:08:11.341   351   516 D automotive.vehicle@2.0-adayo-func-bcm: BCMFunc sendMessageFromVehicle_l prop: 0x214000a4 ,areaId: 0x0  SPLITE_BIT_DATA_INTEGER : 1
05-27 18:08:11.341   351   516 D automotive.vehicle@2.0-adayo-func-bcm: BCMFunc sendMessageFromVehicle_l id:557842596, area:0 not report! 
05-27 18:08:11.341   351   516 D automotive.vehicle@2.0-adayo-func-bcm: BCMFunc sendMessageFromVehicle_l dataType: 12,mByte=20,propid=0x214000a5
05-27 18:08:11.341   351   516 D automotive.vehicle@2.0-adayo-func-bcm: BCMFunc sendMessageFromVehicle_l msgBuff[20]=0x0,start:0,len:8,temp:8,
05-27 18:08:11.341   351   516 D automotive.vehicle@2.0-adayo-func-bcm: BCMFunc sendMessageFromVehicle_l prop: 0x214000a5 ,areaId: 0x0  SPLITE_BIT_DATA_INTEGER : 0
05-27 18:08:11.341   351   516 D automotive.vehicle@2.0-adayo-func-bcm: BCMFunc sendMessageFromVehicle_l id:557842597, area:0 not report! 
05-27 18:08:11.341   351   516 D automotive.vehicle@2.0-adayo-func-bcm: BCMFunc sendMessageFromVehicle_l dataType: 12,mByte=21,propid=0x21400083
05-27 18:08:11.341   351   516 D automotive.vehicle@2.0-adayo-func-bcm: BCMFunc sendMessageFromVehicle_l msgBuff[21]=0x1,start:0,len:8,temp:8,
05-27 18:08:11.341   351   516 D automotive.vehicle@2.0-adayo-func-bcm: BCMFunc sendMessageFromVehicle_l prop: 0x21400083 ,areaId: 0x0  SPLITE_BIT_DATA_INTEGER : 1
05-27 18:08:11.341   351   516 D automotive.vehicle@2.0-adayo-func-bcm: BCMFunc sendMessageFromVehicle_l id:557842563, area:0 not report! 
05-27 18:08:11.341   351   516 D automotive.vehicle@2.0-adayo-func-bcm: BCMFunc sendMessageFromVehicle_l dataType: 12,mByte=22,propid=0x214000a6
05-27 18:08:11.342   351   516 D automotive.vehicle@2.0-adayo-func-bcm: BCMFunc sendMessageFromVehicle_l msgBuff[22]=0x1,start:0,len:8,temp:8,
05-27 18:08:11.342   351   516 D automotive.vehicle@2.0-adayo-func-bcm: BCMFunc sendMessageFromVehicle_l prop: 0x214000a6 ,areaId: 0x0  SPLITE_BIT_DATA_INTEGER : 1
05-27 18:08:11.342   351   516 D automotive.vehicle@2.0-adayo-func-bcm: BCMFunc sendMessageFromVehicle_l id:557842598, area:0 not report! 
05-27 18:08:11.342   351   516 D automotive.vehicle@2.0-adayo-func-bcm: BCMFunc sendMessageFromVehicle_l dataType: 12,mByte=23,propid=0x2140007e
05-27 18:08:11.342   351   516 D automotive.vehicle@2.0-adayo-func-bcm: BCMFunc sendMessageFromVehicle_l msgBuff[23]=0x1,start:0,len:8,temp:8,
05-27 18:08:11.342   351   516 D automotive.vehicle@2.0-adayo-func-bcm: BCMFunc sendMessageFromVehicle_l prop: 0x2140007e ,areaId: 0x0  SPLITE_BIT_DATA_INTEGER : 1
05-27 18:08:11.342   351   516 D automotive.vehicle@2.0-adayo-func-bcm: BCMFunc sendMessageFromVehicle_l id:557842558, area:0 not report! 
05-27 18:08:11.342   351   516 D automotive.vehicle@2.0-adayo-func-bcm: BCMFunc sendMessageFromVehicle_l dataType: 12,mByte=24,propid=0x214000a7
05-27 18:08:11.342   351   516 D automotive.vehicle@2.0-adayo-func-bcm: BCMFunc sendMessageFromVehicle_l msgBuff[24]=0x1,start:0,len:8,temp:8,
05-27 18:08:11.342   351   516 D automotive.vehicle@2.0-adayo-func-bcm: BCMFunc sendMessageFromVehicle_l prop: 0x214000a7 ,areaId: 0x0  SPLITE_BIT_DATA_INTEGER : 1
05-27 18:08:11.342   351   516 D automotive.vehicle@2.0-adayo-func-bcm: BCMFunc sendMessageFromVehicle_l id:557842599, area:0 not report! 
05-27 18:08:11.342   351   516 D automotive.vehicle@2.0-adayo-func-bcm: BCMFunc sendMessageFromVehicle_l dataType: 12,mByte=25,propid=0x2140007f
05-27 18:08:11.342   351   516 D automotive.vehicle@2.0-adayo-func-bcm: BCMFunc sendMessageFromVehicle_l msgBuff[25]=0x1,start:0,len:8,temp:8,
05-27 18:08:11.342   351   516 D automotive.vehicle@2.0-adayo-func-bcm: BCMFunc sendMessageFromVehicle_l prop: 0x2140007f ,areaId: 0x0  SPLITE_BIT_DATA_INTEGER : 1
05-27 18:08:11.342   351   516 D automotive.vehicle@2.0-adayo-func-bcm: BCMFunc sendMessageFromVehicle_l id:557842559, area:0 not report! 
05-27 18:08:11.342   351   516 D automotive.vehicle@2.0-adayo-func-bcm: BCMFunc sendMessageFromVehicle_l dataType: 12,mByte=26,propid=0x214000a8
05-27 18:08:11.342   351   516 D automotive.vehicle@2.0-adayo-func-bcm: BCMFunc sendMessageFromVehicle_l msgBuff[26]=0x1,start:0,len:8,temp:8,
05-27 18:08:11.342   351   516 D automotive.vehicle@2.0-adayo-func-bcm: BCMFunc sendMessageFromVehicle_l prop: 0x214000a8 ,areaId: 0x0  SPLITE_BIT_DATA_INTEGER : 1
05-27 18:08:11.342   351   516 D automotive.vehicle@2.0-adayo-func-bcm: BCMFunc sendMessageFromVehicle_l id:557842600, area:0 not report! 
05-27 18:08:11.342   351   516 D automotive.vehicle@2.0-adayo-func-bcm: BCMFunc sendMessageFromVehicle_l dataType: 12,mByte=27,propid=0x214000a9
05-27 18:08:11.342   351   516 D automotive.vehicle@2.0-adayo-func-bcm: BCMFunc sendMessageFromVehicle_l msgBuff[27]=0x1,start:0,len:8,temp:8,
05-27 18:08:11.343   351   516 D automotive.vehicle@2.0-adayo-func-bcm: BCMFunc sendMessageFromVehicle_l prop: 0x214000a9 ,areaId: 0x0  SPLITE_BIT_DATA_INTEGER : 1
05-27 18:08:11.343   351   516 D automotive.vehicle@2.0-adayo-func-bcm: BCMFunc sendMessageFromVehicle_l id:557842601, area:0 not report! 
05-27 18:08:11.343  1008 30856 D [OMXB]  : usingANWBuffer: handle:0xee7406f0, format:1, w:1920, h:1080
05-27 18:08:11.343   351   516 D automotive.vehicle@2.0-adayo-func-bcm: BCMFunc sendMessageFromVehicle_l dataType: 12,mByte=28,propid=0x214000aa
05-27 18:08:11.343   351   516 D automotive.vehicle@2.0-adayo-func-bcm: BCMFunc sendMessageFromVehicle_l msgBuff[28]=0x1,start:0,len:8,temp:8,
05-27 18:08:11.343   351   516 D automotive.vehicle@2.0-adayo-func-bcm: BCMFunc sendMessageFromVehicle_l prop: 0x214000aa ,areaId: 0x0  SPLITE_BIT_DATA_INTEGER : 1
05-27 18:08:11.343   351   516 D automotive.vehicle@2.0-adayo-func-bcm: BCMFunc sendMessageFromVehicle_l id:557842602, area:0 not report! 
05-27 18:08:11.343   351   516 D automotive.vehicle@2.0-adayo-func-bcm: BCMFunc sendMessageFromVehicle_l dataType: 12,mByte=29,propid=0x214000ab
05-27 18:08:11.343   351   516 D automotive.vehicle@2.0-adayo-func-bcm: BCMFunc sendMessageFromVehicle_l msgBuff[29]=0x1,start:0,len:8,temp:8,
05-27 18:08:11.343   351   516 D automotive.vehicle@2.0-adayo-func-bcm: BCMFunc sendMessageFromVehicle_l prop: 0x214000ab ,areaId: 0x0  SPLITE_BIT_DATA_INTEGER : 1
05-27 18:08:11.343   351   516 D automotive.vehicle@2.0-adayo-func-bcm: BCMFunc sendMessageFromVehicle_l id:557842603, area:0 not report! 
05-27 18:08:11.343   351   516 D automotive.vehicle@2.0-adayo-func-bcm: BCMFunc sendMessageFromVehicle_l dataType: 12,mByte=30,propid=0x214000ac
05-27 18:08:11.343   351   516 D automotive.vehicle@2.0-adayo-func-bcm: BCMFunc sendMessageFromVehicle_l msgBuff[30]=0x1,start:0,len:8,temp:8,
05-27 18:08:11.343   351   516 D automotive.vehicle@2.0-adayo-func-bcm: BCMFunc sendMessageFromVehicle_l prop: 0x214000ac ,areaId: 0x0  SPLITE_BIT_DATA_INTEGER : 1
05-27 18:08:11.343   581   581 I SpiService: fgesysctrl_getGPIO_status success val=1
05-27 18:08:11.343   351   516 D automotive.vehicle@2.0-adayo-func-bcm: BCMFunc sendMessageFromVehicle_l id:557842604, area:0 not report! 
05-27 18:08:11.343   351   516 D automotive.vehicle@2.0-adayo-func-bcm: BCMFunc sendMessageFromVehicle_l dataType: 12,mByte=31,propid=0x214000ad
05-27 18:08:11.343   351   516 D automotive.vehicle@2.0-adayo-func-bcm: BCMFunc sendMessageFromVehicle_l msgBuff[31]=0x1,start:0,len:8,temp:8,
05-27 18:08:11.343   351   516 D automotive.vehicle@2.0-adayo-func-bcm: BCMFunc sendMessageFromVehicle_l prop: 0x214000ad ,areaId: 0x0  SPLITE_BIT_DATA_INTEGER : 1
05-27 18:08:11.343   351   516 D automotive.vehicle@2.0-adayo-func-bcm: BCMFunc sendMessageFromVehicle_l id:557842605, area:0 not report! 
05-27 18:08:11.343   351   516 D automotive.vehicle@2.0-adayo-func-bcm: BCMFunc sendMessageFromVehicle_l dataType: 12,mByte=32,propid=0x214000ae
05-27 18:08:11.343   351   516 D automotive.vehicle@2.0-adayo-func-bcm: BCMFunc sendMessageFromVehicle_l msgBuff[32]=0x1,start:0,len:8,temp:8,
05-27 18:08:11.343   351   516 D automotive.vehicle@2.0-adayo-func-bcm: BCMFunc sendMessageFromVehicle_l prop: 0x214000ae ,areaId: 0x0  SPLITE_BIT_DATA_INTEGER : 1
05-27 18:08:11.343   351   516 D automotive.vehicle@2.0-adayo-func-bcm: BCMFunc sendMessageFromVehicle_l id:557842606, area:0 not report! 
05-27 18:08:11.343   351   516 D automotive.vehicle@2.0-adayo-func-bcm: BCMFunc sendMessageFromVehicle_l dataType: 12,mByte=33,propid=0x2140007a
05-27 18:08:11.343   351   516 D automotive.vehicle@2.0-adayo-func-bcm: BCMFunc sendMessageFromVehicle_l msgBuff[33]=0x1,start:0,len:8,temp:8,
05-27 18:08:11.343   351   516 D automotive.vehicle@2.0-adayo-func-bcm: BCMFunc sendMessageFromVehicle_l prop: 0x2140007a ,areaId: 0x0  SPLITE_BIT_DATA_INTEGER : 1
05-27 18:08:11.343   351   516 D automotive.vehicle@2.0-adayo-func-bcm: BCMFunc sendMessageFromVehicle_l id:557842554, area:0 not report! 
05-27 18:08:11.343   351   516 D automotive.vehicle@2.0-adayo-func-bcm: BCMFunc sendMessageFromVehicle_l dataType: 12,mByte=34,propid=0x214000af
05-27 18:08:11.343   351   516 D automotive.vehicle@2.0-adayo-func-bcm: BCMFunc sendMessageFromVehicle_l msgBuff[34]=0x1,start:0,len:8,temp:8,
05-27 18:08:11.343   351   516 D automotive.vehicle@2.0-adayo-func-bcm: BCMFunc sendMessageFromVehicle_l prop: 0x214000af ,areaId: 0x0  SPLITE_BIT_DATA_INTEGER : 1
05-27 18:08:11.343   351   516 D automotive.vehicle@2.0-adayo-func-bcm: BCMFunc sendMessageFromVehicle_l id:557842607, area:0 not report! 
05-27 18:08:11.343   351   516 D automotive.vehicle@2.0-adayo-func-bcm: BCMFunc sendMessageFromVehicle_l dataType: 12,mByte=35,propid=0x21400079
05-27 18:08:11.343   351   516 D automotive.vehicle@2.0-adayo-func-bcm: BCMFunc sendMessageFromVehicle_l msgBuff[35]=0x1,start:0,len:8,temp:8,
05-27 18:08:11.343   351   516 D automotive.vehicle@2.0-adayo-func-bcm: BCMFunc sendMessageFromVehicle_l prop: 0x21400079 ,areaId: 0x0  SPLITE_BIT_DATA_INTEGER : 1
05-27 18:08:11.343   351   516 D automotive.vehicle@2.0-adayo-func-bcm: BCMFunc sendMessageFromVehicle_l id:557842553, area:0 not report! 
05-27 18:08:11.344 13911 14183 I SentryImuMcuAngleSender: 179.993rollDeg
05-27 18:08:11.344 13911 14183 I SentryImuMcuAngleSender: 1,0,0
05-27 18:08:11.344   299 30844 D EvsDriver: forwardFrame
05-27 18:08:11.345   299 30841 D EvsDriver: forwardFrame
05-27 18:08:11.346   299 30844 D EvsDriver: Delivered 0xb400007b7ca56900 as id 0
05-27 18:08:11.347  1167  1479 D evsmanagerd: /dev/video6 forwarded the buffer #0 to 0xb4000074bf5f5510 from 0xb4000074bf5f6d90
05-27 18:08:11.349  1167  1479 D evsmanagerd: /dev/video4 forwarded the buffer #0 to 0xb4000074bf5f6850 from 0xb4000074bf5f41d0
05-27 18:08:11.349   299 30841 D EvsDriver: Delivered 0xb400007b7ca56a60 as id 0
05-27 18:08:11.349   581   581 I SpiService: fgesysctrl_getGPIO_status success val=1
05-27 18:08:11.351   536   536 D commservice260303: msg.id = 1028,1
05-27 18:08:11.351   536   536 D commservice260303: i = 170, msgid = 8A000404
05-27 18:08:11.351   536   536 D commservice260303: msgid = -1979710460,did=138
05-27 18:08:11.351   536   536 D commservice260303: CommProtocolLibCmdBaseI2C::dataproc {"command":{"id":"imu_status","sub":""},"content":{"TimeStamp":8,"FrameCounter":192591,"GD_X":-0.011759000830352306,"GD_Y":0.005345047451555729,"GD_Z":0.0023671966046094894,"AD_X":0.0046675801277160645,"AD_Y":-0.0021766810677945614,"AD_Z":-0.17190837860107422,"TempDsp":0,"Status":0,"CalibState":1,"SigAmpInvalid":0}},-1979710460
05-27 18:08:11.352   536   536 D commservice260303: send2Cluster len:317, 7B22636F6D6D616E64223A7B226964223A22696D755F737461747573222C22737562223A22227D2C22636F6E74656E74223A7B2254696D655374616D70223A382C224672616D65436F756E746572223A3139323539312C2247445F58223A2D302E3031313735393030303833303335323330362C2247445F59223A302E3030353334353034373435313535353732392C2247445F5A223A302E303032333637313936363034363039343839342C2241445F58223A302E303034363637353830313237373136303634352C2241445F59223A2D302E303032313736363831303637373934353631342C2241445F5A223A2D302E31373139303833373836303130373432322C2254656D70447370223A302C22537461747573223A302C2243616C69625374617465223A312C22536967416D70496E76616C6964223A307D7D, 138 
05-27 18:08:11.352   536   536 D commservice260303: Push Message into SendPool fn=1445724928
05-27 18:08:11.352   536   536 D commservice260303: ComProtocolLibSend2Cluster::send2ClusterRaw fn=1445724928 , len=333
05-27 18:08:11.352   536   536 D commservice260303: sendCmdToPort :333!!!
05-27 18:08:11.352   536   536 D commservice260303: send Cmd To Port ++++5AA501498A0100032C566A16C28B7B22636F6D6D616E64223A7B226964223A22696D755F737461747573222C22737562223A22227D2C22636F6E74656E74223A7B2254696D655374616D70223A382C224672616D65436F756E746572223A3139323539312C2247445F58223A2D302E3031313735393030303833303335323330362C2247445F59223A302E3030353334353034373435313535353732392C2247445F5A223A302E303032333637313936363034363039343839342C2241445F58223A302E303034363637353830313237373136303634352C2241445F59223A2D302E303032313736363831303637373934353631342C2241445F5A223A2D302E31373139303833373836303130373432322C2254656D70447370223A302C22537461747573223A302C2243616C69625374617465223A312C22536967416D70496E76616C6964223A307D7DC363
05-27 18:08:11.352   536   536 D commservice260303: bufferevent_write retrun value = 0
05-27 18:08:11.352   536   560 D commservice260303: client datas send succeed,send finish
05-27 18:08:11.352   299  1163 D EvsDriver: doneWithFrame
05-27 18:08:11.352   299  1153 D EvsDriver: doneWithFrame
05-27 18:08:11.352  1008 30857 D [OMXB]  : usingANWBuffer: handle:0xee7454a0, format:1, w:1920, h:1080
05-27 18:08:11.354   581   581 I SpiService: fgesysctrl_getGPIO_status success val=1
05-27 18:08:11.356 13911 14192 D Sentinelmode_1.2.5.17_sentry: <SentryImuClusterFgeSender>imu_status sent to Linux, frame=192591, tsNs=8358573, tsMs=8, intervalMs=52, ad=(0.00466758,-0.002176681,-0.17190838), gd=(-0.011759001,0.0053450475,0.0023671966)
05-27 07:59:20.319   581   581 D spi_rst_gpio_get_output: GPIO 145 value: 1
05-27 07:59:20.319   581   581 D spidev_ioctl: gpio status=1)
05-27 07:59:20.325   581   581 D spi_rst_gpio_get_output: GPIO 145 value: 1
05-27 07:59:20.325   581   581 D spidev_ioctl: gpio status=1)
05-27 18:08:11.360   581   581 I SpiService: fgesysctrl_getGPIO_status success val=1
05-27 18:08:11.363 13911 14183 I SentryImuMcuAngleSender: -179.993rollDeg
05-27 18:08:11.363 13911 14183 I SentryImuMcuAngleSender: 1,0,0
05-27 18:08:11.366   581   581 I SpiService: fgesysctrl_getGPIO_status success val=0
05-27 18:08:11.366   481   597 I mcuc    : send SPI:6AA602A8620002890069
05-27 07:59:20.330   581   581 D spi_rst_gpio_get_output: GPIO 145 value: 0
05-27 07:59:20.330   581   581 D spidev_ioctl: gpio status=0)
05-27 18:08:11.375   299 30841 D EvsDriver: forwardFrame
05-27 18:08:11.375   299 30844 D EvsDriver: forwardFrame
05-27 18:08:11.378   299 30844 D EvsDriver: Delivered 0xb400007b7ca56900 as id 0
05-27 18:08:11.378  1167  1479 D evsmanagerd: /dev/video6 forwarded the buffer #0 to 0xb4000074bf5f5510 from 0xb4000074bf5f6d90
05-27 18:08:11.381   572   622 I Sensors : 230 AccelSensor: x:-0.159209,y:0.002440,z:-9.978380
05-27 18:08:11.381   299  1163 D EvsDriver: doneWithFrame
05-27 18:08:11.381   581   581 I SpiService: fgesysctrl_getGPIO_status success val=1
05-27 18:08:11.382   283   307 I rvcservice: t.code = 3, t.value = 0
05-27 07:59:20.346   581   581 D spi_rst_gpio_get_output: GPIO 145 value: 1
05-27 07:59:20.346   581   581 D spidev_ioctl: gpio status=1)
05-27 07:59:20.353   581   581 D spi_rst_gpio_get_output: GPIO 145 value: 1
05-27 07:59:20.353   581   581 D spidev_ioctl: gpio status=1)
05-27 18:08:11.384   536   536 D commservice260303: msg.id = 1028,2
05-27 18:08:11.384   536   536 D commservice260303: i = 170, msgid = 8A000404
05-27 18:08:11.384   536   536 D commservice260303: msgid = -1979710460,did=138
05-27 18:08:11.384   536   536 D commservice260303: CommProtocolLibCmdBaseI2C::dataproc {"command":{"id":"imu_status","sub":""},"content":{"TimeStamp":8,"FrameCounter":192592,"GD_X":-0.010690094903111458,"GD_Y":0.005420989356935024,"GD_Z":0.0021378109231591225,"AD_X":0.0106889009475708,"AD_Y":-0.0033715718891471624,"AD_Z":-0.1761789321899414,"TempDsp":0,"Status":0,"CalibState":1,"SigAmpInvalid":0}},-1979710460
05-27 18:08:11.384   536   536 D commservice260303: send2Cluster len:313, 7B22636F6D6D616E64223A7B226964223A22696D755F737461747573222C22737562223A22227D2C22636F6E74656E74223A7B2254696D655374616D70223A382C224672616D65436F756E746572223A3139323539322C2247445F58223A2D302E3031303639303039343930333131313435382C2247445F59223A302E3030353432303938393335363933353032342C2247445F5A223A302E303032313337383130393233313539313232352C2241445F58223A302E303130363838393030393437353730382C2241445F59223A2D302E303033333731353731383839313437313632342C2241445F5A223A2D302E313736313738393332313839393431342C2254656D70447370223A302C22537461747573223A302C2243616C69625374617465223A312C22536967416D70496E76616C6964223A307D7D, 138 
05-27 18:08:11.384   536   536 D commservice260303: Push Message into SendPool fn=1462502144
05-27 18:08:11.384   536   536 D commservice260303: ComProtocolLibSend2Cluster::send2ClusterRaw fn=1462502144 , len=329
05-27 18:08:11.384   536   536 D commservice260303: sendCmdToPort :329!!!
05-27 18:08:11.384   536   536 D commservice260303: send Cmd To Port ++++5AA501458A0100032C576A16C28B7B22636F6D6D616E64223A7B226964223A22696D755F737461747573222C22737562223A22227D2C22636F6E74656E74223A7B2254696D655374616D70223A382C224672616D65436F756E746572223A3139323539322C2247445F58223A2D302E3031303639303039343930333131313435382C2247445F59223A302E3030353432303938393335363933353032342C2247445F5A223A302E303032313337383130393233313539313232352C2241445F58223A302E303130363838393030393437353730382C2241445F59223A2D302E303033333731353731383839313437313632342C2241445F5A223A2D302E313736313738393332313839393431342C2254656D70447370223A302C22537461747573223A302C2243616C69625374617465223A312C22536967416D70496E76616C6964223A307D7D924C
05-27 18:08:11.384   536   536 D commservice260303: bufferevent_write retrun value = 0
05-27 18:08:11.385   536   560 D commservice260303: client datas send succeed,send finish
05-27 18:08:11.385 13911 14192 D Sentinelmode_1.2.5.17_sentry: <SentryImuClusterFgeSender>imu_status sent to Linux, frame=192592, tsNs=8358609, tsMs=8, intervalMs=29, ad=(0.010688901,-0.003371572,-0.17617893), gd=(-0.010690095,0.0054209894,0.002137811)
05-27 18:08:11.385 13911 14183 I SentryImuMcuAngleSender: 179.986rollDeg
05-27 18:08:11.385 13911 14183 I SentryImuMcuAngleSender: 1,0,0
05-27 18:08:11.386   299 30841 D EvsDriver: Delivered 0xb400007b7ca56a60 as id 0
05-27 18:08:11.386  1167  1479 D evsmanagerd: /dev/video4 forwarded the buffer #0 to 0xb4000074bf5f6850 from 0xb4000074bf5f41d0
05-27 18:08:11.388   581   581 I SpiService: fgesysctrl_getGPIO_status success val=1
05-27 18:08:11.389   299  1163 D EvsDriver: doneWithFrame
05-27 18:08:11.391   566 11459 I gps_hdbd: Received: '$GNGGA,002402.000,,,,,0,00,,,M,,M,,*62
'
05-27 18:08:11.394   581   581 I SpiService: fgesysctrl_getGPIO_status success val=1
05-27 18:08:11.396   566 11459 I gps_hdbd: Received: '$GNGSA,A,1,,,,,,,,,,,,,,,,1*1D
'
05-27 07:59:20.359   581   581 D spi_rst_gpio_get_output: GPIO 145 value: 1
05-27 18:08:11.397   566 11459 I gps_hdbd: Received: '$GNGSA,A,1,,,,,,,,,,,,,,,,3*1F
'
05-27 07:59:20.359   581   581 D spidev_ioctl: gpio status=1)
05-27 18:08:11.399  1008 30857 D [OMXB]  : usingANWBuffer: handle:0xee7442c0, format:1, w:1920, h:1080
05-27 07:59:20.365   581   581 D spi_rst_gpio_get_output: GPIO 145 value: 1
05-27 07:59:20.365   581   581 D spidev_ioctl: gpio status=1)
05-27 18:08:11.400   581   581 I SpiService: fgesysctrl_getGPIO_status success val=1
05-27 18:08:11.402   566 11459 I gps_hdbd: Received: '$GNGSA,A,1,,,,,,,,,,,,,,,,4*18
'
05-27 18:08:11.403   566 11459 I gps_hdbd: Received: '$BDGSV,1,1,00,1*75
'
05-27 18:08:11.405 13911 14183 I SentryImuMcuAngleSender: 179.97195rollDeg
05-27 18:08:11.405 13911 14183 I SentryImuMcuAngleSender: 1,0,0
05-27 07:59:20.372   581   581 D spi_rst_gpio_get_output: GPIO 145 value: 0
05-27 07:59:20.373   581   581 D spidev_ioctl: gpio status=0)
05-27 18:08:11.408   581   581 I SpiService: fgesysctrl_getGPIO_status success val=0
05-27 18:08:11.413   299 30844 D EvsDriver: forwardFrame
05-27 18:08:11.414   299 30841 D EvsDriver: forwardFrame
05-27 18:08:11.415  1167  1479 D evsmanagerd: /dev/video6 forwarded the buffer #0 to 0xb4000074bf5f5510 from 0xb4000074bf5f6d90
05-27 18:08:11.416   299 30841 D EvsDriver: Delivered 0xb400007b7ca56a60 as id 0
05-27 18:08:11.417   566 11459 I gps_hdbd: Received: '$BDGSV,1,1,00,5*71
'
05-27 18:08:11.418   566 11459 I gps_hdbd: Received: '$GPGSV,1,1,01,199,42,165,,1*60
'
05-27 07:59:20.389   581   581 D spi_rst_gpio_get_output: GPIO 145 value: 1
05-27 07:59:20.389   581   581 D spidev_ioctl: gpio status=1)
05-27 18:08:11.419   566 11459 I gps_hdbd: Received: '$GPGSV,1,1,00,8*6D
'
05-27 18:08:11.420   566 11459 I gps_hdbd: Received: '$GAGSV,1,1,00,7*73
'
05-27 18:08:11.420  1167  1479 D evsmanagerd: /dev/video4 forwarded the buffer #0 to 0xb4000074bf5f6850 from 0xb4000074bf5f41d0
05-27 18:08:11.421   299  1163 D EvsDriver: doneWithFrame
05-27 18:08:11.423  1008 30856 D [OMXB]  : usingANWBuffer: handle:0xee7467e0, format:1, w:1920, h:1080
05-27 18:08:11.424   536   536 D commservice260303: msg.id = 1028,1
05-27 18:08:11.425   536   536 D commservice260303: i = 170, msgid = 8A000404
05-27 18:08:11.425   536   536 D commservice260303: msgid = -1979710460,did=138
05-27 18:08:11.424   581   581 I SpiService: fgesysctrl_getGPIO_status success val=1
05-27 18:08:11.425   536   536 D commservice260303: CommProtocolLibCmdBaseI2C::dataproc {"command":{"id":"imu_status","sub":""},"content":{"TimeStamp":8,"FrameCounter":192593,"GD_X":-0.011070843786001205,"GD_Y":0.006336971186101437,"GD_Z":0.0023671966046094894,"AD_X":0.0021047890186309814,"AD_Y":0.0015064501203596592,"AD_Z":-0.16458415985107422,"TempDsp":0,"Status":0,"CalibState":1,"SigAmpInvalid":0}},-1979710460
05-27 18:08:11.425   536   536 D commservice260303: send2Cluster len:316, 7B22636F6D6D616E64223A7B226964223A22696D755F737461747573222C22737562223A22227D2C22636F6E74656E74223A7B2254696D655374616D70223A382C224672616D65436F756E746572223A3139323539332C2247445F58223A2D302E3031313037303834333738363030313230352C2247445F59223A302E3030363333363937313138363130313433372C2247445F5A223A302E303032333637313936363034363039343839342C2241445F58223A302E303032313034373839303138363330393831342C2241445F59223A302E303031353036343530313230333539363539322C2241445F5A223A2D302E31363435383431353938353130373432322C2254656D70447370223A302C22537461747573223A302C2243616C69625374617465223A312C22536967416D70496E76616C6964223A307D7D, 138 
05-27 18:08:11.425   536   536 D commservice260303: Push Message into SendPool fn=1479279360
05-27 18:08:11.425   536   536 D commservice260303: ComProtocolLibSend2Cluster::send2ClusterRaw fn=1479279360 , len=332
05-27 18:08:11.425   536   536 D commservice260303: sendCmdToPort :332!!!
05-27 18:08:11.425   536   536 D commservice260303: send Cmd To Port ++++5AA501488A0100032C586A16C28B7B22636F6D6D616E64223A7B226964223A22696D755F737461747573222C22737562223A22227D2C22636F6E74656E74223A7B2254696D655374616D70223A382C224672616D65436F756E746572223A3139323539332C2247445F58223A2D302E3031313037303834333738363030313230352C2247445F59223A302E3030363333363937313138363130313433372C2247445F5A223A302E303032333637313936363034363039343839342C2241445F58223A302E303032313034373839303138363330393831342C2241445F59223A302E303031353036343530313230333539363539322C2241445F5A223A2D302E31363435383431353938353130373432322C2254656D70447370223A302C22537461747573223A302C2243616C69625374617465223A312C22536967416D70496E76616C6964223A307D7DFB0A
05-27 18:08:11.426   536   536 D commservice260303: bufferevent_write retrun value = 0
05-27 18:08:11.426 13911 14183 I SentryImuMcuAngleSender: 179.97195rollDeg
05-27 18:08:11.426   536   560 D commservice260303: client datas send succeed,send finish
05-27 18:08:11.426 13911 14183 I SentryImuMcuAngleSender: 1,0,0
05-27 18:08:11.426   299  1153 D EvsDriver: doneWithFrame
05-27 18:08:11.428   299 30844 D EvsDriver: Delivered 0xb400007b7ca56900 as id 0
05-27 18:08:11.428 13911 14192 D Sentinelmode_1.2.5.17_sentry: <SentryImuClusterFgeSender>imu_status sent to Linux, frame=192593, tsNs=8358655, tsMs=8, intervalMs=41, ad=(0.002104789,0.0015064501,-0.16458416), gd=(-0.011070844,0.006336971,0.0023671966)
05-27 18:08:11.430   566 11459 I gps_hdbd: Received: '$GAGSV,1,1,00,1*75
'
05-27 18:08:11.431   581   581 I SpiService: fgesysctrl_getGPIO_status success val=1
05-27 07:59:20.395   581   581 D spi_rst_gpio_get_output: GPIO 145 value: 1
05-27 07:59:20.395   581   581 D spidev_ioctl: gpio status=1)
05-27 18:08:11.436   566 11459 I gps_hdbd: Received: '$GNRMC,002402.000,V,,,,,,,270526,120.0,E,N,V*41
'
05-27 18:08:11.437   581   581 I SpiService: fgesysctrl_getGPIO_status success val=1
05-27 18:08:11.438  1083  1083 W MyAppLog: [2026-05-27 18:08:11.437 W tboxap gpsSyncGpsInfoToDm:361] [Gps] [gpsSyncGpsInfoToDm] fix=0 mode=49 corner:0x01 alt=0.00 sat=0 hdop=0.00 pdop=0.00 vdop=0.00
05-27 18:08:11.438   566 11459 I gps_hdbd: RMC : CALL gnss_sv_status_cb, view_in_sat <1>
05-27 18:08:11.438   566 11459 I gps_hdbd: [reportSvStatus]--->PLATFORM_BSP::Enter
05-27 07:59:20.401   581   581 D spi_rst_gpio_get_output: GPIO 145 value: 1
05-27 07:59:20.401   581   581 D spidev_ioctl: gpio status=1)
05-27 18:08:11.442  1008 30857 D [OMXB]  : usingANWBuffer: handle:0xee742690, format:1, w:1920, h:1080
05-27 18:08:11.442   566 11459 I gps_hdbd: hy abnormal deal:hy_cnr30_satellite_cnt=0
05-27 18:08:11.442   581   581 I SpiService: fgesysctrl_getGPIO_status success val=1
05-27 18:08:11.443   566 11459 D gps_hdbd: hy abnormal deal:hy_fixStatus_fail_count=0
05-27 18:08:11.443   566 11459 I gps_hdbd: Received: '$GNZDA,002402.000,27,05,2026,00,00*4A
'
05-27 07:59:20.407   581   581 D spi_rst_gpio_get_output: GPIO 145 value: 1
05-27 07:59:20.407   581   581 D spidev_ioctl: gpio status=1)
05-27 18:08:11.447 13911 14183 I SentryImuMcuAngleSender: 179.9649rollDeg
05-27 18:08:11.447 13911 14183 I SentryImuMcuAngleSender: 1,0,0
05-27 07:59:20.413   581   581 D spi_rst_gpio_get_output: GPIO 145 value: 0
05-27 07:59:20.413   581   581 D spidev_ioctl: gpio status=0)
05-27 18:08:11.449   581   581 I SpiService: fgesysctrl_getGPIO_status success val=0
05-27 18:08:11.450   299 30844 D EvsDriver: forwardFrame
05-27 07:59:20.429   581   581 D spi_rst_gpio_get_output: GPIO 145 value: 1
05-27 07:59:20.429   581   581 D spidev_ioctl: gpio status=1)
05-27 18:08:11.450   299 30841 D EvsDriver: forwardFrame
05-27 18:08:11.452  1167  1479 D evsmanagerd: /dev/video6 forwarded the buffer #0 to 0xb4000074bf5f5510 from 0xb4000074bf5f6d90
05-27 18:08:11.452   299 30841 D EvsDriver: Delivered 0xb400007b7ca56a60 as id 0
05-27 18:08:11.452  1167  1184 D evsmanagerd: /dev/video4 forwarded the buffer #0 to 0xb4000074bf5f6850 from 0xb4000074bf5f41d0
05-27 18:08:11.452   566 11459 I gps_hdbd: Received: '$GNINS,1,1,TYPE,I,V,002402.000,16953000,FUS,-14,0,0,0,MOT,V,1,PATT,0.00,0.00,0.00,VEL,0.000,0.000,0.000,POS,40.0001330924,116.0001570688,84.176,IIA,1,0.00,0.00,0.00,BGA,0.31,-0.66,-0.13,0.000,0.000,0.000,IGA,0,-1,0,0,-2,98,VG,16c2ff1*29
'
05-27 18:08:11.460   299  1153 D EvsDriver: doneWithFrame
05-27 18:08:11.460   299 30844 D EvsDriver: Delivered 0xb400007b7ca56900 as id 0
05-27 18:08:11.463   299  1163 D EvsDriver: doneWithFrame
05-27 18:08:11.463   566 11459 I gps_hdbd: Received: '$GNINS,CARSPEED,ADR_STATUS,0,Pulse_count,0,1,0,0,16953000,83380,0.000,0.000,0.000*3E
'
05-27 18:08:11.464   566 11459 I gps_hdbd: Received: '$GNTXT,04,01,04,INS,V,1,,,,FLG,1,000000,1,0,1,0,0,Con,0*71
'
05-27 18:08:11.464   581   581 I SpiService: fgesysctrl_getGPIO_status success val=1
05-27 18:08:11.466   536   536 D commservice260303: msg.id = 1028,0
05-27 18:08:11.466   536   536 D commservice260303: i = 170, msgid = 8A000404
05-27 18:08:11.466   566 11459 I gps_hdbd: Received: '$GNTXT,INSTALL,0.00,0.00,0.00,0.00,0.00,0.00,0*20
'
05-27 18:08:11.466   536   536 D commservice260303: msgid = -1979710460,did=138
05-27 18:08:11.466   536   536 D commservice260303: CommProtocolLibCmdBaseI2C::dataproc {"command":{"id":"imu_status","sub":""},"content":{"TimeStamp":8,"FrameCounter":192594,"GD_X":-0.011910883709788322,"GD_Y":0.00549693126231432,"GD_Z":0.002519079949706793,"AD_X":-0.0015600323677062988,"AD_Y":0.002718026051297784,"AD_Z":-0.15238285064697266,"TempDsp":0,"Status":0,"CalibState":1,"SigAmpInvalid":0}},-1979710460
05-27 18:08:11.466   536   536 D commservice260303: send2Cluster len:314, 7B22636F6D6D616E64223A7B226964223A22696D755F737461747573222C22737562223A22227D2C22636F6E74656E74223A7B2254696D655374616D70223A382C224672616D65436F756E746572223A3139323539342C2247445F58223A2D302E3031313931303838333730393738383332322C2247445F59223A302E30303534393639333132363233313433322C2247445F5A223A302E3030323531393037393934393730363739332C2241445F58223A2D302E303031353630303332333637373036323938382C2241445F59223A302E3030323731383032363035313239373738342C2241445F5A223A2D302E31353233383238353036343639373236362C2254656D70447370223A302C22537461747573223A302C2243616C69625374617465223A312C22536967416D70496E76616C6964223A307D7D, 138 
05-27 18:08:11.466   536   536 D commservice260303: Push Message into SendPool fn=1496056576
05-27 18:08:11.466   536   536 D commservice260303: ComProtocolLibSend2Cluster::send2ClusterRaw fn=1496056576 , len=330
05-27 18:08:11.466   536   536 D commservice260303: sendCmdToPort :330!!!
05-27 18:08:11.467   536   536 D commservice260303: send Cmd To Port ++++5AA501468A0100032C596A16C28B7B22636F6D6D616E64223A7B226964223A22696D755F737461747573222C22737562223A22227D2C22636F6E74656E74223A7B2254696D655374616D70223A382C224672616D65436F756E746572223A3139323539342C2247445F58223A2D302E3031313931303838333730393738383332322C2247445F59223A302E30303534393639333132363233313433322C2247445F5A223A302E3030323531393037393934393730363739332C2241445F58223A2D302E303031353630303332333637373036323938382C2241445F59223A302E3030323731383032363035313239373738342C2241445F5A223A2D302E31353233383238353036343639373236362C2254656D70447370223A302C22537461747573223A302C2243616C69625374617465223A312C22536967416D70496E76616C6964223A307D7D8635
05-27 18:08:11.467   536   536 D commservice260303: bufferevent_write retrun value = 0
05-27 18:08:11.468   536   560 D commservice260303: client datas send succeed,send finish
05-27 18:08:11.468 13911 14183 I SentryImuMcuAngleSender: 179.9649rollDeg
05-27 18:08:11.468 13911 14183 I SentryImuMcuAngleSender: 1,0,0
05-27 18:08:11.468 13911 14192 D Sentinelmode_1.2.5.17_sentry: <SentryImuClusterFgeSender>imu_status sent to Linux, frame=192594, tsNs=8358677, tsMs=8, intervalMs=42, ad=(-0.0015600324,0.002718026,-0.15238285), gd=(-0.011910884,0.0054969313,0.00251908)
05-27 18:08:11.470   581   581 I SpiService: fgesysctrl_getGPIO_status success val=1
05-27 18:08:11.472   572   572 I Sensors : 230 GyroSensor: x:-0.011835,y:0.004428,z:0.002367
05-27 07:59:20.435   581   581 D spi_rst_gpio_get_output: GPIO 145 value: 1
05-27 07:59:20.435   581   581 D spidev_ioctl: gpio status=1)
05-27 18:08:11.477   581   581 I SpiService: fgesysctrl_getGPIO_status success val=1
05-27 07:59:20.440   581   581 D spi_rst_gpio_get_output: GPIO 145 value: 1
05-27 07:59:20.441   581   581 D spidev_ioctl: gpio status=1)
05-27 18:08:11.477   299 30841 D EvsDriver: forwardFrame
05-27 18:08:11.477   299 30844 D EvsDriver: forwardFrame
05-27 18:08:11.480   299 30844 D EvsDriver: Delivered 0xb400007b7ca56900 as id 0
05-27 18:08:11.481  1167  1184 D evsmanagerd: /dev/video6 forwarded the buffer #0 to 0xb4000074bf5f5510 from 0xb4000074bf5f6d90
05-27 18:08:11.481 30773 30773 E dvr_service_: [myNum:1] Received S**** loss
05-27 18:08:11.482   299 30841 D EvsDriver: Delivered 0xb400007b7ca56a60 as id 0
05-27 18:08:11.482   299  1163 D EvsDriver: doneWithFrame
05-27 18:08:11.482   283   307 I rvcservice: t.code = 7, t.value = 8358539
05-27 18:08:11.483  1167  1184 D evsmanagerd: /dev/video4 forwarded the buffer #0 to 0xb4000074bf5f6850 from 0xb4000074bf5f41d0
05-27 18:08:11.483   581   581 I SpiService: fgesysctrl_getGPIO_status success val=1
05-27 18:08:11.483 30773 30773 E dvr_service_: [myNum:0] Received S**** loss
05-27 18:08:11.484   299  1163 D EvsDriver: doneWithFrame
05-27 07:59:20.447   581   581 D spi_rst_gpio_get_output: GPIO 145 value: 1
05-27 07:59:20.447   581   581 D spidev_ioctl: gpio status=1)
05-27 18:08:11.487 13911 14183 I SentryImuMcuAngleSender: [4, 18, 1, 0, 0],5
05-27 18:08:11.487 13911 14183 I McuCommManager: mcuCommSendcmd [4, 18, 1, 0, 0]
05-27 18:08:11.487 13911 14183 I SentryImuMcuAngleSender: true
05-27 18:08:11.487 13911 14183 W Sentinelmode_1.2.5.17_sentry: <SentryImuMcuAngleSender>MCU IMU send interval abnormal: 1003ms
05-27 07:59:20.453   581   581 D spi_rst_gpio_get_output: GPIO 145 value: 0
05-27 07:59:20.453   581   581 D spidev_ioctl: gpio status=0)
05-27 18:08:11.489   581   581 I SpiService: fgesysctrl_getGPIO_status success val=0
05-27 18:08:11.489  1008 30857 D [OMXB]  : usingANWBuffer: handle:0xee7407a0, format:1, w:1920, h:1080
05-27 18:08:11.489   481   597 I mcuc    : send SPI:6AA6005B820005041201000007
05-27 18:08:11.489 13911 14183 I SentryImuMcuAngleSender: 179.972rollDeg
05-27 18:08:11.490 13911 14183 I SentryImuMcuAngleSender: 1,0,0
05-27 18:08:11.502   481   598 I mcuc    : rev,n=1,6AA681A863000A89008101040911123456A5
05-27 18:08:11.502  1121  1144 I tboxmids_ap: [2026-05-27 18:08:11.502] [MCU RX] src=MCU dst=ZMQ len=10 type=BINARY data=00 08 81 01 04 09 11 12 34 56 
05-27 18:08:11.502   351   373 D automotive.vehicle@2.0-adayo-datacomm-mcu: MCUDatacomm sendMessageFromVehicle prop: 0x89, areaId: 0x0, status: 0x81, timestamp: 0x1
05-27 18:08:11.502   351   373 D automotive.vehicle@2.0-adayo-datacomm-mcu: MCUDatacomm 1sendMessageFromVehicle ---> type = 12 
05-27 18:08:11.504  1083  1083 I MyAppLog: [2026-05-27 18:08:11.502 I tboxap mcuCommTboxmidsRecvCb:97] [Mcu] [mcuCommTboxmidsRecvCb] recv from tboxmids, size:10
05-27 18:08:11.504   481   598 I mcuc    : rev,n=2,6AA681A864000B8300E0000000000000000005
05-27 18:08:11.504   581   581 I SpiService: fgesysctrl_getGPIO_status success val=1
05-27 18:08:11.504   351   373 D automotive.vehicle@2.0-adayo-datacomm-mcu: MCUDatacomm sendMessageFromVehicle prop: 0x83, areaId: 0x0, status: 0x0, timestamp: 0x0
05-27 18:08:11.504   351   373 D automotive.vehicle@2.0-adayo-datacomm-mcu: MCUDatacomm 1sendMessageFromVehicle ---> type = 7 
05-27 18:08:11.504   351   373 I automotive.vehicle@2.0-adayo-func-mcu: MCUFunc :sendMessageFromVehicle  msgBuff[0] = 131 
05-27 18:08:11.504   351   373 I automotive.vehicle@2.0-adayo-func-mcu: MCUFunc :sendMessageFromVehicle  msgBuff[1] = 0 
05-27 18:08:11.504   351   373 I automotive.vehicle@2.0-adayo-func-mcu: MCUFunc :sendMessageFromVehicle  msgBuff[2] = 0 
05-27 18:08:11.504   351   373 I automotive.vehicle@2.0-adayo-func-mcu: MCUFunc :sendMessageFromVehicle  msgBuff[3] = 0 
05-27 18:08:11.504   351   373 I automotive.vehicle@2.0-adayo-func-mcu: MCUFunc :sendMessageFromVehicle  msgBuff[4] = 3 
05-27 18:08:11.504   351   373 I automotive.vehicle@2.0-adayo-func-mcu: MCUFunc :sendMessageFromVehicle  msgBuff[5] = 1 
05-27 18:08:11.504   351   373 I automotive.vehicle@2.0-adayo-func-mcu: MCUFunc :sendMessageFromVehicle  msgBuff[6] = 0 
05-27 18:08:11.504   351   373 I automotive.vehicle@2.0-adayo-func-mcu: MCUFunc :sendMessageFromVehicle  msgBuff[7] = 0 
05-27 18:08:11.504   351   373 I automotive.vehicle@2.0-adayo-func-mcu: MCUFunc :sendMessageFromVehicle  msgBuff[8] = 0 
05-27 18:08:11.504   351   373 I automotive.vehicle@2.0-adayo-func-mcu: MCUFunc :sendMessageFromVehicle  msgBuff[9] = 0 
05-27 18:08:11.504   351   373 I automotive.vehicle@2.0-adayo-func-mcu: MCUFunc :sendMessageFromVehicle  msgBuff[10] = 0 
05-27 18:08:11.504   351   373 I automotive.vehicle@2.0-adayo-func-mcu: MCUFunc :sendMessageFromVehicle  msgBuff[11] = 0 
05-27 18:08:11.504   351   373 I automotive.vehicle@2.0-adayo-func-mcu: MCUFunc :sendMessageFromVehicle  msgBuff[12] = 0 
05-27 18:08:11.504   351   373 I automotive.vehicle@2.0-adayo-func-mcu: MCUFunc :sendMessageFromVehicle  msgBuff[13] = 0 
05-27 18:08:11.504   351   373 I automotive.vehicle@2.0-adayo-func-mcu: MCUFunc :sendMessageFromVehicle  msgBuff[14] = 0 
05-27 18:08:11.504   351   373 I automotive.vehicle@2.0-adayo-func-mcu: MCUFunc :sendMessageFromVehicle  msgBuff[15] = 0 
05-27 18:08:11.504   351   373 I automotive.vehicle@2.0-adayo-func-mcu: MCUFunc :sendMessageFromVehicle  msgBuff[16] = 0 
05-27 18:08:11.504  1083  1083 I MyAppLog: [2026-05-27 18:08:11.502 I tboxap mcuCommTboxmidsRecvCb:98] [Mcu] [tboxmids -> tboxap]: :00 08 81 01 04 09 11 12 34 56
05-27 07:59:20.468   581   581 D spi_rst_gpio_get_output: GPIO 145 value: 1
05-27 07:59:20.468   581   581 D spidev_ioctl: gpio status=1)
05-27 18:08:11.505  1083  1083 W MyAppLog: [2026-05-27 18:08:11.502 W tboxap mcuYadiFrameParse:852] [Mcu] [mcuYadiFrameParse] cmd:0911(MCU_VHL_DYNAMIC_DATA_IND) payload too short:5 < 54
05-27 18:08:11.505  1083  1083 W MyAppLog: [2026-05-27 18:08:11.502 W tboxap mcuPtlParseData:982] [Mcu] [mcuPtlParseData] invalid yadi frame, len:10
05-27 18:08:11.506   481   598 I mcuc    : rev,n=3,6AA681A8650003841500D6
05-27 18:08:11.507   536   536 D commservice260303: msg.id = 1028,1
05-27 18:08:11.507   536   536 D commservice260303: i = 170, msgid = 8A000404
05-27 18:08:11.507   536   536 D commservice260303: msgid = -1979710460,did=138
05-27 18:08:11.507   536   536 D commservice260303: CommProtocolLibCmdBaseI2C::dataproc {"command":{"id":"imu_status","sub":""},"content":{"TimeStamp":8,"FrameCounter":192595,"GD_X":-0.012063807807862759,"GD_Y":0.005039200186729431,"GD_Z":0.0019848872907459736,"AD_X":-0.01303902268409729,"AD_Y":-9.650182910263538E-4,"AD_Z":-0.178619384765625,"TempDsp":0,"Status":0,"CalibState":1,"SigAmpInvalid":0}},-1979710460
05-27 18:08:11.507   536   536 D commservice260303: send2Cluster len:313, 7B22636F6D6D616E64223A7B226964223A22696D755F737461747573222C22737562223A22227D2C22636F6E74656E74223A7B2254696D655374616D70223A382C224672616D65436F756E746572223A3139323539352C2247445F58223A2D302E3031323036333830373830373836323735392C2247445F59223A302E3030353033393230303138363732393433312C2247445F5A223A302E303031393834383837323930373435393733362C2241445F58223A2D302E30313330333930323236383430393732392C2241445F59223A2D392E363530313832393130323633353338452D342C2241445F5A223A2D302E3137383631393338343736353632352C2254656D70447370223A302C22537461747573223A302C2243616C69625374617465223A312C22536967416D70496E76616C6964223A307D7D, 138 
05-27 18:08:11.507   536   536 D commservice260303: Push Message into SendPool fn=1512833792
05-27 18:08:11.508   536   536 D commservice260303: ComProtocolLibSend2Cluster::send2ClusterRaw fn=1512833792 , len=329
05-27 18:08:11.508   536   536 D commservice260303: sendCmdToPort :329!!!
05-27 18:08:11.508   536   536 D commservice260303: send Cmd To Port ++++5AA501458A0100032C5A6A16C28B7B22636F6D6D616E64223A7B226964223A22696D755F737461747573222C22737562223A22227D2C22636F6E74656E74223A7B2254696D655374616D70223A382C224672616D65436F756E746572223A3139323539352C2247445F58223A2D302E3031323036333830373830373836323735392C2247445F59223A302E3030353033393230303138363732393433312C2247445F5A223A302E303031393834383837323930373435393733362C2241445F58223A2D302E30313330333930323236383430393732392C2241445F59223A2D392E363530313832393130323633353338452D342C2241445F5A223A2D302E3137383631393338343736353632352C2254656D70447370223A302C22537461747573223A302C2243616C69625374617465223A312C22536967416D70496E76616C6964223A307D7DAD7E
05-27 18:08:11.508   536   536 D commservice260303: bufferevent_write retrun value = 0
05-27 18:08:11.508   536   560 D commservice260303: client datas send succeed,send finish
05-27 18:08:11.508 13911 14192 D Sentinelmode_1.2.5.17_sentry: <SentryImuClusterFgeSender>imu_status sent to Linux, frame=192595, tsNs=8358751, tsMs=8, intervalMs=40, ad=(-0.013039023,-9.650183E-4,-0.17861938), gd=(-0.012063808,0.0050392,0.0019848873)
05-27 18:08:11.508   481   598 I mcuc    : rev,n=4,6AA681A866008C8305000055000000B00000000000010001000090537EB1EDF4177EF17EED1F7F7EF0FDDD7EF1B27AB7730BF57300000000040000B3000000000000000000000000000000B44300000000000300000000000000AA000000E40701010000000000000000BB06050507EA051B000008009403CB00CC000000000000000000000000000000B5000000000000000045
05-27 18:08:11.508   351   373 D automotive.vehicle@2.0-adayo-datacomm-mcu: MCUDatacomm sendMessageFromVehicle prop: 0x83, areaId: 0x5, status: 0x0, timestamp: 0x0
05-27 18:08:11.508   351   373 D automotive.vehicle@2.0-adayo-datacomm-mcu: MCUDatacomm 1sendMessageFromVehicle ---> type = 7 
05-27 18:08:11.508   351   373 I automotive.vehicle@2.0-adayo-func-mcu: MCUFunc :sendMessageFromVehicle  msgBuff[0] = 131 
05-27 18:08:11.508   351   373 I automotive.vehicle@2.0-adayo-func-mcu: MCUFunc :sendMessageFromVehicle  msgBuff[1] = 5 
05-27 18:08:11.508   351   373 I automotive.vehicle@2.0-adayo-func-mcu: MCUFunc :sendMessageFromVehicle  msgBuff[2] = 0 
05-27 18:08:11.508   351   373 I automotive.vehicle@2.0-adayo-func-mcu: MCUFunc :sendMessageFromVehicle  msgBuff[3] = 0 
05-27 18:08:11.508   351   373 I automotive.vehicle@2.0-adayo-func-mcu: MCUFunc :sendMessageFromVehicle  msgBuff[4] = 85 
05-27 18:08:11.508   351   373 I automotive.vehicle@2.0-adayo-func-mcu: MCUFunc :sendMessageFromVehicle  msgBuff[5] = 0 
05-27 18:08:11.509   581   581 I SpiService: fgesysctrl_getGPIO_status success val=1
05-27 18:08:11.510 13911 14183 I SentryImuMcuAngleSender: 179.986rollDeg
05-27 18:08:11.510 13911 14183 I SentryImuMcuAngleSender: 1,0,0
05-27 18:08:11.512  1008 30856 D [OMXB]  : usingANWBuffer: handle:0xee742b60, format:1, w:1920, h:1080
05-27 07:59:20.474   581   581 D spi_rst_gpio_get_output: GPIO 145 value: 1
05-27 07:59:20.474   581   581 D spidev_ioctl: gpio status=1)
05-27 18:08:11.515   581   581 I SpiService: fgesysctrl_getGPIO_status success val=1
05-27 07:59:20.479   581   581 D spi_rst_gpio_get_output: GPIO 145 value: 1
05-27 07:59:20.479   581   581 D spidev_ioctl: gpio status=1)
05-27 18:08:11.518   299 30844 D EvsDriver: forwardFrame
05-27 18:08:11.518   299 30841 D EvsDriver: forwardFrame
05-27 18:08:11.519   299 30844 D EvsDriver: Delivered 0xb400007b7ca56900 as id 0
05-27 07:59:20.485   581   581 D spi_rst_gpio_get_output: GPIO 145 value: 1
05-27 07:59:20.486   581   581 D spidev_ioctl: gpio status=1)
05-27 07:59:20.487   303   303 I [Audio:SBLCK] p_tt: 1079535,1079535
05-27 18:08:11.520  1167  1184 D evsmanagerd: /dev/video6 forwarded the buffer #0 to 0xb4000074bf5f5510 from 0xb4000074bf5f6d90
05-27 18:08:11.521   581   581 I SpiService: fgesysctrl_getGPIO_status success val=1
05-27 18:08:11.522   299 30841 D EvsDriver: Delivered 0xb400007b7ca56a60 as id 0
05-27 18:08:11.526  1167  1184 D evsmanagerd: /dev/video4 forwarded the buffer #0 to 0xb4000074bf5f6850 from 0xb4000074bf5f41d0
05-27 18:08:11.527   581   581 I SpiService: fgesysctrl_getGPIO_status success val=1
05-27 07:59:20.492   581   581 D spi_rst_gpio_get_output: GPIO 145 value: 1
05-27 07:59:20.492   581   581 D spidev_ioctl: gpio status=1)
05-27 07:59:20.498   581   581 D spi_rst_gpio_get_output: GPIO 145 value: 0
05-27 07:59:20.498   581   581 D spidev_ioctl: gpio status=0)
05-27 18:08:11.530   299  1163 D EvsDriver: doneWithFrame
05-27 18:08:11.531   299  1153 D EvsDriver: doneWithFrame
05-27 18:08:11.531 13911 14131 D SVR_MNG_SvrMngProxy: getServer: mSvrManger is null
05-27 18:08:11.532 13911 14131 D SVR_MNG_SvrMngProxy: getNewStub: 
05-27 18:08:11.532 13911 14131 D SVR_MNG_SvrMngProxy: getNewStub: getSvrManagerService start
05-27 18:08:11.533   581   581 I SpiService: fgesysctrl_getGPIO_status success val=0
05-27 18:08:11.534   481   597 I mcuc    : send SPI:6AA602A86300028900686AA602A864000283006D6AA602A86500028415566AA602A8660002830566
05-27 18:08:11.535 13911 14183 I SentryImuMcuAngleSender: -179.993rollDeg
05-27 18:08:11.537 13911 14183 I SentryImuMcuAngleSender: 1,0,0
05-27 18:08:11.540 13911 14131 D SVR_MNG_SvrMngProxy: getNewStub: getSvrManagerService end
05-27 18:08:11.540  1008 30857 D [OMXB]  : usingANWBuffer: handle:0xee740dd0, format:1, w:1920, h:1080
05-27 18:08:11.541 13911 14131 D SVR_MNG_SvrMngProxy: getServer: svrMngService doesn't start
05-27 18:08:11.546   299 30841 D EvsDriver: forwardFrame
05-27 18:08:11.547   536   536 D commservice260303: msg.id = 1028,0
05-27 18:08:11.547   536   536 D commservice260303: i = 170, msgid = 8A000404
05-27 18:08:11.547   536   536 D commservice260303: msgid = -1979710460,did=138
05-27 18:08:11.547   536   536 D commservice260303: CommProtocolLibCmdBaseI2C::dataproc {"command":{"id":"imu_status","sub":""},"content":{"TimeStamp":8,"FrameCounter":192596,"GD_X":-0.01038424763828516,"GD_Y":0.0057257963344454765,"GD_Z":0.0022902146447449923,"AD_X":0.005238190293312073,"AD_Y":-0.003378939349204302,"AD_Z":-0.16702938079833984,"TempDsp":0,"Status":0,"CalibState":1,"SigAmpInvalid":0}},-1979710460
05-27 18:08:11.547   536   536 D commservice260303: send2Cluster len:315, 7B22636F6D6D616E64223A7B226964223A22696D755F737461747573222C22737562223A22227D2C22636F6E74656E74223A7B2254696D655374616D70223A382C224672616D65436F756E746572223A3139323539362C2247445F58223A2D302E30313033383432343736333832383531362C2247445F59223A302E303035373235373936333334343435343736352C2247445F5A223A302E303032323930323134363434373434393932332C2241445F58223A302E3030353233383139303239333331323037332C2241445F59223A2D302E3030333337383933393334393230343330322C2241445F5A223A2D302E31363730323933383037393833333938342C2254656D70447370223A302C22537461747573223A302C2243616C69625374617465223A312C22536967416D70496E76616C6964223A307D7D, 138 
05-27 18:08:11.547   536   536 D commservice260303: Push Message into SendPool fn=1529611008
05-27 18:08:11.547   536   536 D commservice260303: ComProtocolLibSend2Cluster::send2ClusterRaw fn=1529611008 , len=331
05-27 18:08:11.547   536   536 D commservice260303: sendCmdToPort :331!!!
05-27 18:08:11.547   536   536 D commservice260303: send Cmd To Port ++++5AA501478A0100032C5B6A16C28B7B22636F6D6D616E64223A7B226964223A22696D755F737461747573222C22737562223A22227D2C22636F6E74656E74223A7B2254696D655374616D70223A382C224672616D65436F756E746572223A3139323539362C2247445F58223A2D302E30313033383432343736333832383531362C2247445F59223A302E303035373235373936333334343435343736352C2247445F5A223A302E303032323930323134363434373434393932332C2241445F58223A302E3030353233383139303239333331323037332C2241445F59223A2D302E3030333337383933393334393230343330322C2241445F5A223A2D302E31363730323933383037393833333938342C2254656D70447370223A302C22537461747573223A302C2243616C69625374617465223A312C22536967416D70496E76616C6964223A307D7D2B4F
05-27 18:08:11.547   536   536 D commservice260303: bufferevent_write retrun value = 0
05-27 18:08:11.547   536   560 D commservice260303: client datas send succeed,send finish
05-27 18:08:11.548 13911 14192 D Sentinelmode_1.2.5.17_sentry: <SentryImuClusterFgeSender>imu_status sent to Linux, frame=192596, tsNs=8358787, tsMs=8, intervalMs=39, ad=(0.0052381903,-0.0033789393,-0.16702938), gd=(-0.010384248,0.0057257963,0.0022902146)
05-27 18:08:11.548   299 30841 D EvsDriver: Delivered 0xb400007b7ca56a60 as id 0
05-27 18:08:11.548  1167  1184 D evsmanagerd: /dev/video4 forwarded the buffer #0 to 0xb4000074bf5f6850 from 0xb4000074bf5f41d0
05-27 18:08:11.548   581   581 I SpiService: fgesysctrl_getGPIO_status success val=1
05-27 07:59:20.513   581   581 D spi_rst_gpio_get_output: GPIO 145 value: 1
05-27 07:59:20.513   581   581 D spidev_ioctl: gpio status=1)
05-27 18:08:11.550   299  1153 D EvsDriver: doneWithFrame
05-27 18:08:11.553   299 30844 D EvsDriver: forwardFrame
05-27 18:08:11.554   581   581 I SpiService: fgesysctrl_getGPIO_status success val=1
05-27 18:08:11.555   299 30844 D EvsDriver: Delivered 0xb400007b7ca56900 as id 0
05-27 18:08:11.555  1167  1184 D evsmanagerd: /dev/video6 forwarded the buffer #0 to 0xb4000074bf5f5510 from 0xb4000074bf5f6d90
05-27 07:59:20.519   581   581 D spi_rst_gpio_get_output: GPIO 145 value: 1
05-27 07:59:20.519   581   581 D spidev_ioctl: gpio status=1)
05-27 18:08:11.558 13911 14183 I SentryImuMcuAngleSender: 179.97545rollDeg
05-27 18:08:11.558 13911 14183 I SentryImuMcuAngleSender: 1,0,0
05-27 18:08:11.558   536  2579 D commservice260303: send heart beat package to Cluster
05-27 18:08:11.558   299  1153 D EvsDriver: doneWithFrame
05-27 18:08:11.559   536  2579 D commservice260303: send2Cluster len:40, 7B22636F6D6D616E64223A7B226964223A22686561727462656174222C22737562223A22227D7D0A, 129 
05-27 18:08:11.559   536  2579 D commservice260303: Push Message into SendPool fn=1546388224
05-27 18:08:11.559   536  2579 D commservice260303: ComProtocolLibSend2Cluster::send2ClusterRaw fn=1546388224 , len=56
05-27 18:08:11.559   536  2579 D commservice260303: sendCmdToPort :56!!!
05-27 18:08:11.559   536  2579 D commservice260303: send Cmd To Port ++++5AA50034810100032C5C6A16C28B7B22636F6D6D616E64223A7B226964223A22686561727462656174222C22737562223A22227D7D0ABE0C
05-27 18:08:11.559   536  2579 D commservice260303: bufferevent_write retrun value = 0
05-27 18:08:11.559   536   560 D commservice260303: client datas send succeed,send finish
05-27 18:08:11.560   581   581 I SpiService: fgesysctrl_getGPIO_status success val=1
05-27 18:08:11.561   536   560 D commservice260303: recv len:91, 5AA500570100000030ED6A16C28B7B22636F6D6D616E64223A7B226964223A22686561727462656174222C22737562223A22227D2C22726573706F6E65223A7B22636F6465223A302C226D657373616765223A226F6B227D7DCFAB from server
