05-27 18:08:10.552  1083  1083 I MyAppLog: [2026-05-27 18:08:10.551 I tboxap mcuPtlParseData:990] [Mcu] [Mcu  Parse]: (cmd):0921 (param):0921123456
05-27 18:08:10.552  1083  1083 W MyAppLog: [2026-05-27 18:08:10.551 W tboxap mcuParamDataRevPack:918] [Mcu] mcuParamDataRevPack start pack data!!!
05-27 18:08:10.552  1083  1083 W MyAppLog: [2026-05-27 18:08:10.551 W tboxap mcuHandleFaultCodeInd:1947] [Mcu] [mcuHandleFaultCodeInd] recv 0x0921 fault count:18 stored:2 firstCode:0x34
05-27 18:08:10.552  1083  1083 I MyAppLog: [2026-05-27 18:08:10.551 I tboxap mcuSendYadiTransfer:196] [Mcu] [mcuYadiSend]: :00 06 AA 04 01 09 A1 01
05-27 18:08:10.552  1083  1083 W MyAppLog: [2026-05-27 18:08:10.552 W tboxap tsp_ExternalEvent:109] [Tsp] [tsp_ExternalEvent] recv ExternalEvent = 55, size:2
05-27 18:08:10.553 13911 14183 I SentryImuMcuAngleSender: 179.96146rollDeg
05-27 18:08:10.553 13911 14183 I SentryImuMcuAngleSender: 1,0,0
05-27 18:08:10.554 15863 15863 D AIN-NaviLocationPresenter: ACC is OFF, skip upload location
05-27 18:08:10.554  1008 30856 D [OMXB]  : usingANWBuffer: handle:0xee740590, format:1, w:1920, h:1080
05-27 18:08:10.554   481   599 I mcuc    : start timer OK = 23424 
05-27 18:08:10.555   299 30841 D EvsDriver: forwardFrame
05-27 18:08:10.556   299 30841 D EvsDriver: Delivered 0xb400007b7ca56a60 as id 0
05-27 18:08:10.556  1167  1479 D evsmanagerd: /dev/video4 forwarded the buffer #0 to 0xb4000074bf5f6850 from 0xb4000074bf5f41d0
05-27 18:08:10.557   581   581 I SpiService: fgesysctrl_getGPIO_status success val=1
05-27 18:08:10.557   351   351 D DefaultVehicleHal: setProperty setValues start
05-27 18:08:10.557   351   351 D 2026-5-19:FakeVehicleHardware: setProperty FakeVehicleHardware  ID: 0x11500f31
05-27 18:08:10.557   351   351 D 2026-5-19:FakeVehicleHardware: setProperty id:0x11500f31,value:8357807
05-27 18:08:10.557   351   351 D DefaultVehicleHal: setProperty setValues end
05-27 18:08:10.557   351   368 D 2026-5-19:FakeVehicleHardware: setProperty FakeVehicleHardware  setValue START
05-27 07:59:19.811   581   581 D spi_rst_gpio_get_output: GPIO 145 value: 1
05-27 18:08:10.557   351   368 D 2026-5-19:FakeVehicleHardware: setProperty FakeVehicleHardware  setValue end
05-27 07:59:19.811   581   581 D spidev_ioctl: gpio status=1)
05-27 07:59:19.818   581   581 D spi_rst_gpio_get_output: GPIO 145 value: 1
05-27 07:59:19.818   581   581 D spidev_ioctl: gpio status=1)
05-27 07:59:19.823   581   581 D spi_rst_gpio_get_output: GPIO 145 value: 1
05-27 07:59:19.823   581   581 D spidev_ioctl: gpio status=1)
05-27 07:59:19.829   581   581 D spi_rst_gpio_get_output: GPIO 145 value: 0
05-27 07:59:19.829   581   581 D spidev_ioctl: gpio status=0)
05-27 18:08:10.558   299  1163 D EvsDriver: doneWithFrame
05-27 18:08:10.558 10188 16726 I ActivityManager: Death received in com.android.server.am.ActivityManagerService$AppDeathRecipient@52bcf85 for thread android.os.BinderProxy@2c011da, proc:ProcessRecord{c015ef6 20068:com.anwsdk.service:remote/1000}
05-27 18:08:10.558 10188 16726 I ActivityManager: Process com.anwsdk.service:remote (pid 20068) has died: cch CACC
05-27 18:08:10.558 10188 16726 I am_proc_died: [0,20068,com.anwsdk.service:remote,900,17]
05-27 18:08:10.558 10188 16726 I ActivityManager: app ProcessRecord{c015ef6 20068:com.anwsdk.service:remote/1000} mThread:android.app.IApplicationThread$Stub$Proxy@9d4360b mDeathRecipient:com.android.server.am.ActivityManagerService$AppDeathRecipient@52bcf85 has been unlinked.
05-27 18:08:10.559 10188 16726 W ActivityManager: Scheduling restart of crashed service com.anwsdk.service/.anwbtservice in 0ms for persistent
05-27 18:08:10.559 13435 13435 D BtManager: onServiceDisconnected
05-27 18:08:10.559 10188 16726 I am_schedule_service_restart: [0,com.anwsdk.service/.anwbtservice,0]
05-27 18:08:10.559 10188 16726 I ActivityManager: note: ProcessRecord{c015ef6 20068:com.anwsdk.service:remote/1000} died, saving the exit info
05-27 18:08:10.559 10188 16726 D ActivityTaskManager: put all activities to cleanup list, wpc=ProcessRecord{c015ef6 0:com.anwsdk.service:remote/1000} mHasActivities=false activeActivitySize=0
05-27 18:08:10.561 10188 10678 I libprocessgroup: Successfully killed process cgroup uid 1000 pid 20068 in 0ms
05-27 18:08:10.561 10041 10041 I Zygote  : Process 20068 exited cleanly (1)
05-27 18:08:10.562 10188 10660 I ActivityManager: com.anwsdk.service is exempt from freezer
05-27 18:08:10.562 10188 10678 I ActivityManager: Got SIGCHLD from zygote: pid=20068, uid=1000, status=100
05-27 18:08:10.562 10188 10680 I ActivityManager: Update process exit info for com.anwsdk.service(20068/u1000)
05-27 18:08:10.562 10188 10680 I ActivityManager: zygote: proc died: pid=20068 uid=1000, status=256
05-27 18:08:10.562 10188 10660 D CompatibilityChangeReporter: Compat change id reported: 135634846; UID 1000; state: DISABLED
05-27 18:08:10.562 10188 10680 E UnisocStabilityCollection: getKill:true,cur=1,killType=3 ,name=proc_died:1000, reason=proc_died
05-27 18:08:10.562 10188 10660 D CompatibilityChangeReporter: Compat change id reported: 177438394; UID 1000; state: DISABLED
05-27 18:08:10.562 10188 10680 E UnisocStabilityCollection: getKill sum:8
05-27 18:08:10.562 10188 10188 D JobScheduler.Quota: Processing event 31 for <0>com.anwsdk.service
05-27 18:08:10.563   581   581 I SpiService: fgesysctrl_getGPIO_status success val=1
05-27 18:08:10.563 10188 10660 D CompatibilityChangeReporter: Compat change id reported: 135772972; UID 1000; state: DISABLED
05-27 18:08:10.563 10188 10660 D CompatibilityChangeReporter: Compat change id reported: 135754954; UID 1000; state: ENABLED
05-27 18:08:10.563 10188 10660 D ActivityManager: ProcessRecord{f548ce8 0:com.anwsdk.service:remote/1000} setPendingStart=true callers=com.android.server.am.ProcessList.startProcessLocked:1922 com.android.server.am.UnisocProcessList.startProcessLocked:320 com.android.server.am.ProcessList.startProcessLocked:2391 com.android.server.am.ProcessList.startProcessLocked:2534 com.android.server.am.ActivityManagerService.startProcessLocked:2890 com.android.server.am.ActiveServices.bringUpServiceLocked:4326 com.android.server.am.ActiveServices.performServiceRestartLocked:4104 com.android.server.am.ActiveServices$ServiceRestarter.run:3320 android.os.Handler.handleCallback:942 android.os.Handler.dispatchMessage:99 
05-27 18:08:10.563 10188 10660 I ActivityManager: Posting procStart msg for 0:com.anwsdk.service:remote/1000
05-27 18:08:10.563 10188 10661 D ActivityManager: asking zygote to start proc:ProcessRecord{f548ce8 0:com.anwsdk.service:remote/1000}
05-27 18:08:10.563 10188 10661 D Prefork : startResult is empty and running normal execution.
05-27 18:08:10.564   299 30844 D EvsDriver: forwardFrame
05-27 18:08:10.564   536   536 D commservice260303: msg.id = 1028,0
05-27 18:08:10.564   536   536 D commservice260303: i = 170, msgid = 8A000404
05-27 18:08:10.564   536   536 D commservice260303: msgid = -1979710460,did=138
05-27 18:08:10.564   536   536 D commservice260303: CommProtocolLibCmdBaseI2C::dataproc {"command":{"id":"imu_status","sub":""},"content":{"TimeStamp":8,"FrameCounter":192572,"GD_X":-0.010994902811944485,"GD_Y":0.0059551820158958435,"GD_Z":0.0021378109231591225,"AD_X":-0.006396442651748657,"AD_Y":0.0016346266493201256,"AD_Z":-0.16885852813720703,"TempDsp":0,"Status":0,"CalibState":1,"SigAmpInvalid":0}},-1979710460
05-27 18:08:10.564   536   536 D commservice260303: send2Cluster len:317, 7B22636F6D6D616E64223A7B226964223A22696D755F737461747573222C22737562223A22227D2C22636F6E74656E74223A7B2254696D655374616D70223A382C224672616D65436F756E746572223A3139323537322C2247445F58223A2D302E3031303939343930323831313934343438352C2247445F59223A302E303035393535313832303135383935383433352C2247445F5A223A302E303032313337383130393233313539313232352C2241445F58223A2D302E3030363339363434323635313734383635372C2241445F59223A302E303031363334363236363439333230313235362C2241445F5A223A2D302E31363838353835323831333732303730332C2254656D70447370223A302C22537461747573223A302C2243616C69625374617465223A312C22536967416D70496E76616C6964223A307D7D, 138 
05-27 18:08:10.564   536   536 D commservice260303: Push Message into SendPool fn=1126957824
05-27 18:08:10.564   536   536 D commservice260303: ComProtocolLibSend2Cluster::send2ClusterRaw fn=1126957824 , len=333
05-27 18:08:10.564   536   536 D commservice260303: sendCmdToPort :333!!!
05-27 18:08:10.564   536   536 D commservice260303: send Cmd To Port ++++5AA501498A0100032C436A16C28A7B22636F6D6D616E64223A7B226964223A22696D755F737461747573222C22737562223A22227D2C22636F6E74656E74223A7B2254696D655374616D70223A382C224672616D65436F756E746572223A3139323537322C2247445F58223A2D302E3031303939343930323831313934343438352C2247445F59223A302E303035393535313832303135383935383433352C2247445F5A223A302E303032313337383130393233313539313232352C2241445F58223A2D302E3030363339363434323635313734383635372C2241445F59223A302E303031363334363236363439333230313235362C2241445F5A223A2D302E31363838353835323831333732303730332C2254656D70447370223A302C22537461747573223A302C2243616C69625374617465223A312C22536967416D70496E76616C6964223A307D7D9708
05-27 18:08:10.564   536   536 D commservice260303: bufferevent_write retrun value = 0
05-27 18:08:10.564 13911 14192 D Sentinelmode_1.2.5.17_sentry: <SentryImuClusterFgeSender>imu_status sent to Linux, frame=192572, tsNs=8357807, tsMs=8, intervalMs=41, ad=(-0.0063964427,0.0016346266,-0.16885853), gd=(-0.010994903,0.005955182,0.002137811)
05-27 18:08:10.564   299 30844 D EvsDriver: Delivered 0xb400007b7ca56900 as id 0
05-27 18:08:10.565  1167  1479 D evsmanagerd: /dev/video6 forwarded the buffer #0 to 0xb4000074bf5f5510 from 0xb4000074bf5f6d90
05-27 18:08:10.565   536   560 D commservice260303: client datas send succeed,send finish
05-27 18:08:10.567   299  1163 D EvsDriver: doneWithFrame
05-27 18:08:10.568   581   581 I SpiService: fgesysctrl_getGPIO_status success val=1
05-27 18:08:10.574 13911 14183 I SentryImuMcuAngleSender: 179.97197rollDeg
05-27 18:08:10.574 13911 14183 I SentryImuMcuAngleSender: 1,0,0
05-27 18:08:10.574   581   581 I SpiService: fgesysctrl_getGPIO_status success val=1
05-27 18:08:10.578   283   307 I rvcservice: t.code = 3, t.value = 0
05-27 18:08:10.580   581   581 I SpiService: fgesysctrl_getGPIO_status success val=0
05-27 07:59:19.835     1     1 I init    : processing action (persist.log.adayo_collect.logcat=2) from (/system/etc/init/hw/init.rc:1409)
05-27 18:08:10.580   481   597 I mcuc    : send SPI:6AA602A85F000289006C6AA6015B8000F80901AA040109A101000000000000000000000000000000000000000000000000000000000000000000000000000000000000000000000000000000000000000000000000000000000000000000000000000000000000000000000000000000000000000000000000000000000000000000000000000000000000000000000000000000000000000000000000000000000000000000000000000000000000000000000000000000000000000000000000000000000000000000000000000000000000000000000000000000000000000000000000000000000000000000000000000000000000000000000000000000000000000000000000C8
05-27 07:59:19.835     1     1 I init    : Sending signal 9 to service 'trace_logcat' (pid 14215) process group...
05-27 18:08:10.581   299 30841 D EvsDriver: forwardFrame
05-27 18:08:10.583   299 30841 D EvsDriver: Delivered 0xb400007b7ca56a60 as id 0
05-27 18:08:10.583  1167  1479 D evsmanagerd: /dev/video4 forwarded the buffer #0 to 0xb4000074bf5f6850 from 0xb4000074bf5f41d0
05-27 18:08:10.583 10041 10041 D Zygote  : Forked child process 20124
05-27 18:08:10.584   299 30844 D EvsDriver: forwardFrame
05-27 18:08:10.585   299 30844 D EvsDriver: Delivered 0xb400007b7ca56900 as id 0
05-27 18:08:10.586  1167  1479 D evsmanagerd: /dev/video6 forwarded the buffer #0 to 0xb4000074bf5f5510 from 0xb4000074bf5f6d90
05-27 18:08:10.586 10188 10661 I am_proc_start: [0,20124,1000,com.anwsdk.service:remote,service,{com.anwsdk.service/com.anwsdk.service.anwbtservice}]
05-27 18:08:10.586 10188 10661 I ActivityManager: Start proc 20124:com.anwsdk.service:remote/1000 for service {com.anwsdk.service/com.anwsdk.service.anwbtservice}
05-27 18:08:10.587 10188 10661 D ActivityManager: ProcessRecord{f548ce8 20124:com.anwsdk.service:remote/1000} setPendingStart=false callers=com.android.server.am.ProcessList.handleProcessStartedLocked:2646 com.android.server.am.UnisocProcessList.handleProcessStartedLocked:377 com.android.server.am.ProcessList.handleProcessStartedLocked:2585 com.android.server.am.ProcessList.lambda$handleProcessStart$1$com-android-server-am-ProcessList:1993 com.android.server.am.ProcessList$$ExternalSyntheticLambda1.run:22 com.android.server.am.ProcessList.handleProcessStart:2016 com.android.server.am.ProcessList.lambda$startProcessLocked$0$com-android-server-am-ProcessList:1950 com.android.server.am.ProcessList$$ExternalSyntheticLambda5.run:22 android.os.Handler.handleCallback:942 android.os.Handler.dispatchMessage:99 
05-27 18:08:10.588   299  1163 D EvsDriver: doneWithFrame
05-27 18:08:10.588   299  1153 D EvsDriver: doneWithFrame
05-27 18:08:10.592   572   622 I Sensors : 230 AccelSensor: x:-0.164700,y:0.006100,z:-9.972281
05-27 18:08:10.594 20124 20124 I Zygote  : seccomp disabled by setenforce 0
05-27 18:08:10.594  1008 30857 D [OMXB]  : usingANWBuffer: handle:0xee7433a0, format:1, w:1920, h:1080
05-27 18:08:10.594   536   560 D commservice260303: recv len:77, 5AA500490600000030EC6A16C28A7B22636F6D6D616E64223A7B226964223A226473695F6C7578222C22737562223A22227D2C22636F6E74656E74223A7B2276616C7565223A3230307D7DB9F4 from server
05-27 18:08:10.595 13911 14183 I SentryImuMcuAngleSender: 179.96495rollDeg
05-27 18:08:10.595   536  2578 D commservice260303: mcuDataAnalyzeHandle templen:77,len:77,pos:0, 5AA500490600000030EC6A16C28A7B22636F6D6D616E64223A7B226964223A226473695F6C7578222C22737562223A22227D2C22636F6E74656E74223A7B2276616C7565223A3230307D7DB9F4 
05-27 18:08:10.595 13911 14183 I SentryImuMcuAngleSender: 1,0,0
05-27 18:08:10.595   536  2578 I commservice260303: checksumCal = 47604
05-27 18:08:10.595   536  2578 D commservice260303: CommProtocolLibCmdBaseC2I::dataproc {"command":{"id":"dsi_lux","sub":""},"content":{"value":200}},6
05-27 18:08:10.595   536  2578 D commservice260303: mcuCommMessageManager::notifyMsgToClient hwbinder OK
05-27 18:08:10.595   536  2578 D commservice260303: McuProtocolLibSend2Service::send2Service ret=1
05-27 18:08:10.595 12246 12440 D ivicomm_CommManager: fgeComServiceCallback: {"command":{"id":"dsi_lux","sub":""},"content":{"value":200}}
05-27 18:08:10.595   581   581 I SpiService: fgesysctrl_getGPIO_status success val=1
05-27 18:08:10.595 12246 12440 D ivicomm_CallbackManager: registerCallback DSI_LUX: {"value":200} mCommStateCallbackMap size:4
05-27 18:08:10.596 11579 11619 D NSLogUtils_VehicleService: L2A comm state: id=dsi_lux, value=200
05-27 18:08:10.596 11344  6594 D SystemUI_SystemSettingsControllerService: onCommState: commandID = dsi_lux; value = 200
05-27 18:08:10.600 20124 20124 I .service:remote: Late-enabling -Xcheck:jni
05-27 18:08:10.601   581   581 I SpiService: fgesysctrl_getGPIO_status success val=1
05-27 18:08:10.602   536   536 D commservice260303: msg.id = 1028,1
05-27 18:08:10.602   536   536 D commservice260303: i = 170, msgid = 8A000404
05-27 18:08:10.602   536   536 D commservice260303: msgid = -1979710460,did=138
05-27 18:08:10.602   536   536 D commservice260303: CommProtocolLibCmdBaseI2C::dataproc {"command":{"id":"imu_status","sub":""},"content":{"TimeStamp":8,"FrameCounter":192573,"GD_X":-0.012370175682008266,"GD_Y":0.00549693126231432,"GD_Z":0.0029768107924610376,"AD_X":9.106099605560303E-4,"AD_Y":0.002841069595888257,"AD_Z":-0.1670246124267578,"TempDsp":0,"Status":0,"CalibState":1,"SigAmpInvalid":0}},-1979710460
05-27 18:08:10.602   536   536 D commservice260303: send2Cluster len:312, 7B22636F6D6D616E64223A7B226964223A22696D755F737461747573222C22737562223A22227D2C22636F6E74656E74223A7B2254696D655374616D70223A382C224672616D65436F756E746572223A3139323537332C2247445F58223A2D302E3031323337303137353638323030383236362C2247445F59223A302E30303534393639333132363233313433322C2247445F5A223A302E303032393736383130373932343631303337362C2241445F58223A392E313036303939363035353630333033452D342C2241445F59223A302E3030323834313036393539353838383235372C2241445F5A223A2D302E313637303234363132343236373537382C2254656D70447370223A302C22537461747573223A302C2243616C69625374617465223A312C22536967416D70496E76616C6964223A307D7D, 138 
05-27 18:08:10.602   536   536 D commservice260303: Push Message into SendPool fn=1143735040
05-27 18:08:10.602   536   536 D commservice260303: ComProtocolLibSend2Cluster::send2ClusterRaw fn=1143735040 , len=328
05-27 18:08:10.602   536   536 D commservice260303: sendCmdToPort :328!!!
05-27 18:08:10.603   536   536 D commservice260303: send Cmd To Port ++++5AA501448A0100032C446A16C28A7B22636F6D6D616E64223A7B226964223A22696D755F737461747573222C22737562223A22227D2C22636F6E74656E74223A7B2254696D655374616D70223A382C224672616D65436F756E746572223A3139323537332C2247445F58223A2D302E3031323337303137353638323030383236362C2247445F59223A302E30303534393639333132363233313433322C2247445F5A223A302E303032393736383130373932343631303337362C2241445F58223A392E313036303939363035353630333033452D342C2241445F59223A302E3030323834313036393539353838383235372C2241445F5A223A2D302E313637303234363132343236373537382C2254656D70447370223A302C22537461747573223A302C2243616C69625374617465223A312C22536967416D70496E76616C6964223A307D7D5CFA
05-27 18:08:10.603   536   536 D commservice260303: bufferevent_write retrun value = 0
05-27 18:08:10.603   536   560 D commservice260303: client datas send succeed,send finish
05-27 18:08:10.603 13911 14192 D Sentinelmode_1.2.5.17_sentry: <SentryImuClusterFgeSender>imu_status sent to Linux, frame=192573, tsNs=8357842, tsMs=8, intervalMs=39, ad=(9.1060996E-4,0.0028410696,-0.16702461), gd=(-0.012370176,0.0054969313,0.0029768108)
05-27 18:08:10.607   581   581 I SpiService: fgesysctrl_getGPIO_status success val=1
05-27 18:08:10.607   351   515 W automotive.vehicle@2.0-adayo-func-bcm: BCMFunc sendMessageFromClient_l sendMessage prop: 0x11500f31 not in table
05-27 18:08:10.609   299 30844 D EvsDriver: forwardFrame
05-27 18:08:10.612  1167  1184 D evsmanagerd: /dev/video6 forwarded the buffer #0 to 0xb4000074bf5f5510 from 0xb4000074bf5f6d90
05-27 18:08:10.613   581   581 I SpiService: fgesysctrl_getGPIO_status success val=1
05-27 18:08:10.613   299 30841 D EvsDriver: forwardFrame
05-27 18:08:10.614  1167  1184 D evsmanagerd: /dev/video4 forwarded the buffer #0 to 0xb4000074bf5f6850 from 0xb4000074bf5f41d0
05-27 18:08:10.615 10188 11122 E WifiVendorHal: getWifiLinkLayerStats_1_6_Internal(l.1202) failed {.code = ERROR_UNKNOWN, .description = unknown error}
05-27 18:08:10.617 13911 14183 I SentryImuMcuAngleSender: 179.96495rollDeg
05-27 18:08:10.617 13911 14183 I SentryImuMcuAngleSender: 1,0,0
05-27 18:08:10.617   299 30844 D EvsDriver: Delivered 0xb400007b7ca56900 as id 0
05-27 18:08:10.619   581   581 I SpiService: fgesysctrl_getGPIO_status success val=0
05-27 18:08:10.619   299  1153 D EvsDriver: doneWithFrame
05-27 18:08:10.622   299 30841 D EvsDriver: Delivered 0xb400007b7ca56a60 as id 0
05-27 18:08:10.623  1008 30856 D [OMXB]  : usingANWBuffer: handle:0xee7428a0, format:1, w:1920, h:1080
05-27 18:08:10.623   299  1163 D EvsDriver: doneWithFrame
05-27 18:08:10.629   481   598 I mcuc    : rev,n=1,6AA6825B800002090197
05-27 18:08:10.633   581   581 I SpiService: fgesysctrl_getGPIO_status success val=1
05-27 18:08:10.638 13911 14183 I SentryImuMcuAngleSender: 179.94394rollDeg
05-27 18:08:10.638 13911 14183 I SentryImuMcuAngleSender: 1,0,0
05-27 18:08:10.639   581   581 I SpiService: fgesysctrl_getGPIO_status success val=1
05-27 18:08:10.645   581   581 I SpiService: fgesysctrl_getGPIO_status success val=1
05-27 18:08:10.646   299 30841 D EvsDriver: forwardFrame
05-27 18:08:10.646   536   536 D commservice260303: msg.id = 1028,1
05-27 18:08:10.646   299 30844 D EvsDriver: forwardFrame
05-27 18:08:10.646   536   536 D commservice260303: i = 170, msgid = 8A000404
05-27 18:08:10.647   536   536 D commservice260303: msgid = -1979710460,did=138
05-27 18:08:10.647   536   536 D commservice260303: CommProtocolLibCmdBaseI2C::dataproc {"command":{"id":"imu_status","sub":""},"content":{"TimeStamp":8,"FrameCounter":192574,"GD_X":-0.011682018637657166,"GD_Y":0.005345047451555729,"GD_Z":0.002213752595707774,"AD_X":0.00574280321598053,"AD_Y":0.006462182849645615,"AD_Z":-0.1706838607788086,"TempDsp":0,"Status":0,"CalibState":1,"SigAmpInvalid":0}},-1979710460
05-27 18:08:10.647   536   536 D commservice260303: send2Cluster len:311, 7B22636F6D6D616E64223A7B226964223A22696D755F737461747573222C22737562223A22227D2C22636F6E74656E74223A7B2254696D655374616D70223A382C224672616D65436F756E746572223A3139323537342C2247445F58223A2D302E3031313638323031383633373635373136362C2247445F59223A302E3030353334353034373435313535353732392C2247445F5A223A302E3030323231333735323539353730373737342C2241445F58223A302E30303537343238303332313539383035332C2241445F59223A302E3030363436323138323834393634353631352C2241445F5A223A2D302E313730363833383630373738383038362C2254656D70447370223A302C22537461747573223A302C2243616C69625374617465223A312C22536967416D70496E76616C6964223A307D7D, 138 
05-27 18:08:10.647   536   536 D commservice260303: Push Message into SendPool fn=1160512256
05-27 18:08:10.648   536   536 D commservice260303: ComProtocolLibSend2Cluster::send2ClusterRaw fn=1160512256 , len=327
05-27 18:08:10.648   536   536 D commservice260303: sendCmdToPort :327!!!
05-27 18:08:10.648   536   536 D commservice260303: send Cmd To Port ++++5AA501438A0100032C456A16C28A7B22636F6D6D616E64223A7B226964223A22696D755F737461747573222C22737562223A22227D2C22636F6E74656E74223A7B2254696D655374616D70223A382C224672616D65436F756E746572223A3139323537342C2247445F58223A2D302E3031313638323031383633373635373136362C2247445F59223A302E3030353334353034373435313535353732392C2247445F5A223A302E3030323231333735323539353730373737342C2241445F58223A302E30303537343238303332313539383035332C2241445F59223A302E3030363436323138323834393634353631352C2241445F5A223A2D302E313730363833383630373738383038362C2254656D70447370223A302C22537461747573223A302C2243616C69625374617465223A312C22536967416D70496E76616C6964223A307D7D5FC4
05-27 18:08:10.648   536   536 D commservice260303: bufferevent_write retrun value = 0
05-27 18:08:10.649   536   560 D commservice260303: client datas send succeed,send finish
05-27 18:08:10.649   299 30844 D EvsDriver: Delivered 0xb400007b7ca56900 as id 0
05-27 18:08:10.649  1167  1184 D evsmanagerd: /dev/video4 forwarded the buffer #0 to 0xb4000074bf5f6850 from 0xb4000074bf5f41d0
05-27 18:08:10.649  1167  1479 D evsmanagerd: /dev/video6 forwarded the buffer #0 to 0xb4000074bf5f5510 from 0xb4000074bf5f6d90
05-27 18:08:10.649 30773 30781 E dvr_service_: [myNum:0] Received S**** loss
05-27 07:59:19.842     1     1 I libprocessgroup: Successfully killed process cgroup uid 0 pid 14215 in 6ms
05-27 18:08:10.650 30773 30773 E dvr_service_: [myNum:1] Received S**** loss
05-27 07:59:19.843   581   581 D spi_rst_gpio_get_output: GPIO 145 value: 1
05-27 07:59:19.843   581   581 D spidev_ioctl: gpio status=1)
05-27 18:08:10.650 13911 14192 D Sentinelmode_1.2.5.17_sentry: <SentryImuClusterFgeSender>imu_status sent to Linux, frame=192574, tsNs=8357878, tsMs=8, intervalMs=46, ad=(0.005742803,0.006462183,-0.17068386), gd=(-0.011682019,0.0053450475,0.0022137526)
05-27 18:08:10.650   299  1163 D EvsDriver: doneWithFrame
05-27 18:08:10.650   299  1153 D EvsDriver: doneWithFrame
05-27 18:08:10.650   299 30841 D EvsDriver: Delivered 0xb400007b7ca56a60 as id 0
05-27 18:08:10.650  1008 30857 D [OMXB]  : usingANWBuffer: handle:0xee744bb0, format:1, w:1920, h:1080
05-27 18:08:10.651   581   581 I SpiService: fgesysctrl_getGPIO_status success val=1
05-27 18:08:10.651 30773 30789 I dvr_service_: Camera 1: MediaOK:62142587, frames:1440, isKeyFrame:0,pts:8357780128
05-27 18:08:10.656 20124 20124 D .service:remote: Received session metadata: 9057259552853933824
05-27 18:08:10.657   581   581 I SpiService: fgesysctrl_getGPIO_status success val=1
05-27 18:08:10.658 13911 14183 I SentryImuMcuAngleSender: 179.95796rollDeg
05-27 18:08:10.658 13911 14183 I SentryImuMcuAngleSender: 1,0,0
05-27 18:08:10.662   581   581 I SpiService: fgesysctrl_getGPIO_status success val=0
05-27 18:08:10.668  1008 30856 D [OMXB]  : usingANWBuffer: handle:0xee742ab0, format:1, w:1920, h:1080
05-27 18:08:10.677   581   581 I SpiService: fgesysctrl_getGPIO_status success val=1
05-27 18:08:10.677   299 30841 D EvsDriver: forwardFrame
05-27 18:08:10.678   283   307 I rvcservice: t.code = 0, t.value = 6710
05-27 18:08:10.678 13911 14183 I SentryImuMcuAngleSender: 179.99298rollDeg
05-27 18:08:10.679 13911 14183 I SentryImuMcuAngleSender: 1,0,0
05-27 18:08:10.679   299 30844 D EvsDriver: forwardFrame
05-27 18:08:10.679   299 30841 D EvsDriver: Delivered 0xb400007b7ca56a60 as id 0
05-27 18:08:10.680  1167  1184 D evsmanagerd: /dev/video4 forwarded the buffer #0 to 0xb4000074bf5f6850 from 0xb4000074bf5f41d0
05-27 18:08:10.680   299 30844 D EvsDriver: Delivered 0xb400007b7ca56900 as id 0
05-27 18:08:10.681  1167  1184 D evsmanagerd: /dev/video6 forwarded the buffer #0 to 0xb4000074bf5f5510 from 0xb4000074bf5f6d90
05-27 18:08:10.681   572   572 I Sensors : 230 GyroSensor: x:-0.010995,y:0.005650,z:0.002061
05-27 18:08:10.683   581   581 I SpiService: fgesysctrl_getGPIO_status success val=1
05-27 18:08:10.684   299  1153 D EvsDriver: doneWithFrame
05-27 18:08:10.684   299  1153 D EvsDriver: doneWithFrame
05-27 18:08:10.685  1044 30796 D BufferPoolAccessor2.0: bufferpool2 0xb400006f82870318 : 1(6144 size) total buffers - 1(6144 size) used buffers - 104170/104172 (recycle/alloc) - 2/104171 (fetch/transfer)
05-27 18:08:10.686   536   536 D commservice260303: msg.id = 1028,0
05-27 18:08:10.687   536   536 D commservice260303: i = 170, msgid = 8A000404
05-27 18:08:10.687   536   536 D commservice260303: msgid = -1979710460,did=138
05-27 18:08:10.687   536   536 D commservice260303: CommProtocolLibCmdBaseI2C::dataproc {"command":{"id":"imu_status","sub":""},"content":{"TimeStamp":8,"FrameCounter":192575,"GD_X":-0.010994902811944485,"GD_Y":0.0056498548947274685,"GD_Z":0.0020608289632946253,"AD_X":-0.003438994288444519,"AD_Y":-0.0032929342705756426,"AD_Z":-0.15970420837402344,"TempDsp":0,"Status":0,"CalibState":1,"SigAmpInvalid":0}},-1979710460
05-27 18:08:10.687   536   536 D commservice260303: send2Cluster len:318, 7B22636F6D6D616E64223A7B226964223A22696D755F737461747573222C22737562223A22227D2C22636F6E74656E74223A7B2254696D655374616D70223A382C224672616D65436F756E746572223A3139323537352C2247445F58223A2D302E3031303939343930323831313934343438352C2247445F59223A302E303035363439383534383934373237343638352C2247445F5A223A302E303032303630383238393633323934363235332C2241445F58223A2D302E3030333433383939343238383434343531392C2241445F59223A2D302E303033323932393334323730353735363432362C2241445F5A223A2D302E31353937303432303833373430323334342C2254656D70447370223A302C22537461747573223A302C2243616C69625374617465223A312C22536967416D70496E76616C6964223A307D7D, 138 
05-27 18:08:10.687   536   536 D commservice260303: Push Message into SendPool fn=1177289472
05-27 18:08:10.687   536   536 D commservice260303: ComProtocolLibSend2Cluster::send2ClusterRaw fn=1177289472 , len=334
05-27 18:08:10.687   536   536 D commservice260303: sendCmdToPort :334!!!
05-27 18:08:10.687   536   536 D commservice260303: send Cmd To Port ++++5AA5014A8A0100032C466A16C28A7B22636F6D6D616E64223A7B226964223A22696D755F737461747573222C22737562223A22227D2C22636F6E74656E74223A7B2254696D655374616D70223A382C224672616D65436F756E746572223A3139323537352C2247445F58223A2D302E3031303939343930323831313934343438352C2247445F59223A302E303035363439383534383934373237343638352C2247445F5A223A302E303032303630383238393633323934363235332C2241445F58223A2D302E3030333433383939343238383434343531392C2241445F59223A2D302E303033323932393334323730353735363432362C2241445F5A223A2D302E31353937303432303833373430323334342C2254656D70447370223A302C22537461747573223A302C2243616C69625374617465223A312C22536967416D70496E76616C6964223A307D7D37AD
05-27 18:08:10.687   536   536 D commservice260303: bufferevent_write retrun value = 0
05-27 07:59:19.849   581   581 D spi_rst_gpio_get_output: GPIO 145 value: 1
05-27 18:08:10.687   536   560 D commservice260303: client datas send succeed,send finish
05-27 18:08:10.687 13911 14192 D Sentinelmode_1.2.5.17_sentry: <SentryImuClusterFgeSender>imu_status sent to Linux, frame=192575, tsNs=8357931, tsMs=8, intervalMs=38, ad=(-0.0034389943,-0.0032929343,-0.15970421), gd=(-0.010994903,0.005649855,0.002060829)
05-27 07:59:19.849   581   581 D spidev_ioctl: gpio status=1)
05-27 18:08:10.689   581   581 I SpiService: fgesysctrl_getGPIO_status success val=1
05-27 18:08:10.690  1008 30857 D [OMXB]  : usingANWBuffer: handle:0xee742320, format:1, w:1920, h:1080
05-27 18:08:10.695   581   581 I SpiService: fgesysctrl_getGPIO_status success val=1
05-27 18:08:10.696  1116  1135 I adbd    : jdwp connection from 20124
05-27 18:08:10.699 13911 14183 I SentryImuMcuAngleSender: 180.0rollDeg
05-27 18:08:10.699 13911 14183 I SentryImuMcuAngleSender: 1,0,0
05-27 18:08:10.701   581   581 I SpiService: fgesysctrl_getGPIO_status success val=0
05-27 18:08:10.710 20124 20124 W ziparchive: Unable to open '/system_ext/framework/unisoc-framework.dm': No such file or directory
05-27 18:08:10.710 20124 20124 W ziparchive: Unable to open '/system_ext/framework/unisoc-framework.dm': No such file or directory
05-27 18:08:10.710   299 30844 D EvsDriver: forwardFrame
05-27 18:08:10.711   299 30844 D EvsDriver: Delivered 0xb400007b7ca56900 as id 0
05-27 18:08:10.711  1167  1184 D evsmanagerd: /dev/video6 forwarded the buffer #0 to 0xb4000074bf5f5510 from 0xb4000074bf5f6d90
05-27 18:08:10.712   299 30841 D EvsDriver: forwardFrame
05-27 18:08:10.713   299 30841 D EvsDriver: Delivered 0xb400007b7ca56a60 as id 0
05-27 18:08:10.714  1167  1184 D evsmanagerd: /dev/video4 forwarded the buffer #0 to 0xb4000074bf5f6850 from 0xb4000074bf5f41d0
05-27 18:08:10.714   299  1153 D EvsDriver: doneWithFrame
05-27 18:08:10.715  1008 30856 D [OMXB]  : usingANWBuffer: handle:0xee742270, format:1, w:1920, h:1080
05-27 18:08:10.715   481   598 I mcuc    : rev,n=1,6AA681A860000A89008001040912123456A8
05-27 18:08:10.715  1121  1144 I tboxmids_ap: [2026-05-27 18:08:10.715] [MCU RX] src=MCU dst=ZMQ len=10 type=BINARY data=00 08 80 01 04 09 12 12 34 56 
05-27 18:08:10.715   351   373 D automotive.vehicle@2.0-adayo-datacomm-mcu: MCUDatacomm sendMessageFromVehicle prop: 0x89, areaId: 0x0, status: 0x80, timestamp: 0x1
05-27 18:08:10.716   351   373 D automotive.vehicle@2.0-adayo-datacomm-mcu: MCUDatacomm 1sendMessageFromVehicle ---> type = 12 
05-27 18:08:10.716   299  1153 D EvsDriver: doneWithFrame
05-27 18:08:10.717   581   581 I SpiService: fgesysctrl_getGPIO_status success val=1
05-27 18:08:10.719 13911 14183 I SentryImuMcuAngleSender: 179.96497rollDeg
05-27 18:08:10.720 13911 14183 I SentryImuMcuAngleSender: 1,0,0
05-27 18:08:10.721  1083  1083 I MyAppLog: [2026-05-27 18:08:10.717 I tboxap mcuCommTboxmidsRecvCb:97] [Mcu] [mcuCommTboxmidsRecvCb] recv from tboxmids, size:10
05-27 18:08:10.722  1083  1083 I MyAppLog: [2026-05-27 18:08:10.718 I tboxap mcuCommTboxmidsRecvCb:98] [Mcu] [tboxmids -> tboxap]: :00 08 80 01 04 09 12 12 34 56
05-27 18:08:10.723   581   581 I SpiService: fgesysctrl_getGPIO_status success val=1
05-27 18:08:10.722  1083  1083 W MyAppLog: [2026-05-27 18:08:10.718 W tboxap mcuYadiFrameParse:852] [Mcu] [mcuYadiFrameParse] cmd:0912(MCU_MAIN_BATT_DYNAMIC_IND) payload too short:5 < 36
05-27 18:08:10.727  1083  1083 W MyAppLog: [2026-05-27 18:08:10.718 W tboxap mcuPtlParseData:982] [Mcu] [mcuPtlParseData] invalid yadi frame, len:10
05-27 18:08:10.727 20124 20124 I service_manager_slow: [17,activity]
05-27 18:08:10.727   536   536 D commservice260303: msg.id = 1028,2
05-27 18:08:10.728   536   536 D commservice260303: i = 170, msgid = 8A000404
05-27 18:08:10.728   536   536 D commservice260303: msgid = -1979710460,did=138
05-27 18:08:10.728   536   536 D commservice260303: CommProtocolLibCmdBaseI2C::dataproc {"command":{"id":"imu_status","sub":""},"content":{"TimeStamp":8,"FrameCounter":192576,"GD_X":-0.012293193489313126,"GD_Y":0.004963258747011423,"GD_Z":0.0023671966046094894,"AD_X":-0.011326804757118225,"AD_Y":0.0027973861433565617,"AD_Z":-0.1712942123413086,"TempDsp":0,"Status":0,"CalibState":1,"SigAmpInvalid":0}},-1979710460
05-27 18:08:10.728   536   536 D commservice260303: send2Cluster len:315, 7B22636F6D6D616E64223A7B226964223A22696D755F737461747573222C22737562223A22227D2C22636F6E74656E74223A7B2254696D655374616D70223A382C224672616D65436F756E746572223A3139323537362C2247445F58223A2D302E3031323239333139333438393331333132362C2247445F59223A302E3030343936333235383734373031313432332C2247445F5A223A302E303032333637313936363034363039343839342C2241445F58223A2D302E3031313332363830343735373131383232352C2241445F59223A302E303032373937333836313433333536353631372C2241445F5A223A2D302E313731323934323132333431333038362C2254656D70447370223A302C22537461747573223A302C2243616C69625374617465223A312C22536967416D70496E76616C6964223A307D7D, 138 
05-27 18:08:10.728   536   536 D commservice260303: Push Message into SendPool fn=1194066688
05-27 18:08:10.728   536   536 D commservice260303: ComProtocolLibSend2Cluster::send2ClusterRaw fn=1194066688 , len=331
05-27 18:08:10.728   536   536 D commservice260303: sendCmdToPort :331!!!
05-27 18:08:10.728   536   536 D commservice260303: send Cmd To Port ++++5AA501478A0100032C476A16C28A7B22636F6D6D616E64223A7B226964223A22696D755F737461747573222C22737562223A22227D2C22636F6E74656E74223A7B2254696D655374616D70223A382C224672616D65436F756E746572223A3139323537362C2247445F58223A2D302E3031323239333139333438393331333132362C2247445F59223A302E3030343936333235383734373031313432332C2247445F5A223A302E303032333637313936363034363039343839342C2241445F58223A2D302E3031313332363830343735373131383232352C2241445F59223A302E303032373937333836313433333536353631372C2241445F5A223A2D302E313731323934323132333431333038362C2254656D70447370223A302C22537461747573223A302C2243616C69625374617465223A312C22536967416D70496E76616C6964223A307D7D27B9
05-27 18:08:10.728   536   536 D commservice260303: bufferevent_write retrun value = 0
05-27 18:08:10.728   536   560 D commservice260303: client datas send succeed,send finish
05-27 18:08:10.728 13911 14192 D Sentinelmode_1.2.5.17_sentry: <SentryImuClusterFgeSender>imu_status sent to Linux, frame=192576, tsNs=8357967, tsMs=8, intervalMs=41, ad=(-0.011326805,0.0027973861,-0.17129421), gd=(-0.0122931935,0.0049632587,0.0023671966)
05-27 18:08:10.729   581   581 I SpiService: fgesysctrl_getGPIO_status success val=1
05-27 18:08:10.729 10188 16726 I am_proc_bound: [0,20124,com.anwsdk.service:remote]
05-27 18:08:10.733 10188 16726 I am_create_service: [0,208025669,.anwbtservice,1000,20124]
05-27 18:08:10.734  1008 30857 D [OMXB]  : usingANWBuffer: handle:0xee742950, format:1, w:1920, h:1080
05-27 18:08:10.736   581   581 I SpiService: fgesysctrl_getGPIO_status success val=1
05-27 18:08:10.739 13911 14183 I SentryImuMcuAngleSender: 179.97548rollDeg
05-27 18:08:10.739 13911 14183 I SentryImuMcuAngleSender: 1,0,0
05-27 18:08:10.740   299 30841 D EvsDriver: forwardFrame
05-27 18:08:10.741 20124 20124 D CompatibilityChangeReporter: Compat change id reported: 171979766; UID 1000; state: ENABLED
05-27 18:08:10.742   581   581 I SpiService: fgesysctrl_getGPIO_status success val=0
05-27 18:08:10.742  1167  1184 D evsmanagerd: /dev/video4 forwarded the buffer #0 to 0xb4000074bf5f6850 from 0xb4000074bf5f41d0
05-27 18:08:10.742   481   597 I mcuc    : send SPI:6AA602A860000289006B
05-27 18:08:10.775   581   581 I liblog  : 3
05-27 18:08:10.775   581   581 I SpiService: fgesysctrl_getGPIO_status success val=1
05-27 18:08:10.775   299 30844 I liblog  : 5
05-27 18:08:10.775   299 30844 D EvsDriver: forwardFrame
05-27 18:08:10.777   299 30844 D EvsDriver: Delivered 0xb400007b7ca56900 as id 0
05-27 18:08:10.778  1167  1184 I liblog  : 1
05-27 18:08:10.778  1167  1184 D evsmanagerd: /dev/video6 forwarded the buffer #0 to 0xb4000074bf5f5510 from 0xb4000074bf5f6d90
05-27 18:08:10.778   283   307 I rvcservice: t.code = 3, t.value = 0
05-27 18:08:10.780 13911 14183 I liblog  : 3
05-27 18:08:10.780 13911 14183 I SentryImuMcuAngleSender: 179.99298rollDeg
05-27 18:08:10.808 20124 20124 I liblog  : 2
05-27 18:08:10.808 20124 20124 D CompatibilityInfo: applyToConfigurationCompat inoutConfig.densityDpi= 160
05-27 18:08:10.810   581   581 I liblog  : 3
05-27 18:08:10.815   581   581 I liblog  : 1
05-27 18:08:10.815   581   581 I SpiService: fgesysctrl_getGPIO_status success val=1
05-27 18:08:10.819 10188 16726 I DexManager: com.anwsdk.service loads from null-0 : 0 : /system/framework/javax.obex.jar
05-27 18:08:10.819 10188 16726 I DexManager: Could not find owning package for dex file: /system/framework/javax.obex.jar
05-27 18:08:10.821   581   581 I SpiService: fgesysctrl_getGPIO_status success val=0
05-27 18:08:10.821  1008 30856 I liblog  : 3
05-27 18:08:10.821  1008 30856 D [OMXB]  : usingANWBuffer: handle:0xee7442c0, format:1, w:1920, h:1080
05-27 18:08:10.821   299 30844 I liblog  : 4
05-27 18:08:10.821   299 30844 D EvsDriver: forwardFrame
05-27 18:08:10.822 13911 14183 I liblog  : 4
05-27 18:08:10.822 13911 14183 I SentryImuMcuAngleSender: 179.97896rollDeg
05-27 18:08:10.822 13911 14183 I SentryImuMcuAngleSender: 1,0,0
05-27 18:08:10.823   299 30841 D EvsDriver: forwardFrame
05-27 18:08:10.823   299 30844 D EvsDriver: Delivered 0xb400007b7ca56900 as id 0
05-27 18:08:10.823  1167  1479 I liblog  : 1
05-27 18:08:10.823  1167  1479 D evsmanagerd: /dev/video6 forwarded the buffer #0 to 0xb4000074bf5f5510 from 0xb4000074bf5f6d90
05-27 18:08:10.824  1167  1479 D evsmanagerd: /dev/video4 forwarded the buffer #0 to 0xb4000074bf5f6850 from 0xb4000074bf5f41d0
05-27 18:08:10.824   299 30841 D EvsDriver: Delivered 0xb400007b7ca56a60 as id 0
05-27 18:08:10.824 30773 30773 E dvr_service_: [myNum:0] Received S**** loss
05-27 18:08:10.829 30773 30773 E dvr_service_: [myNum:1] Received S**** loss
05-27 18:08:10.829   299  1163 D EvsDriver: doneWithFrame
05-27 18:08:10.829   299  1163 D EvsDriver: doneWithFrame
05-27 18:08:10.830 20124 20124 W .service:remote: ClassLoaderContext shared library size mismatch. Expected=0, found=1 (PCL[] | PCL[]{PCL[/system/framework/javax.obex.jar*2267184930]})
05-27 18:08:10.835 10188 16726 I DexManager: com.anwsdk.service loads from com.anwsdk.service-1 : 0 : /system/app/BluetoothExt/BluetoothExt.apk
05-27 18:08:10.836   581   581 I SpiService: fgesysctrl_getGPIO_status success val=1
05-27 18:08:10.841   581   581 I SpiService: fgesysctrl_getGPIO_status success val=1
05-27 18:08:10.842 13549 13800 I ADAYO_LOG_: execute(CmdFunc.java:99)logcat execute command finally : [logcat -b all -c]
05-27 18:08:10.842 13549 13800 I ADAYO_LOG_: execute(CmdFunc.java:117)logcatexecute command end, errorMsg: , and status: 0: 
05-27 18:08:10.842 13911 14183 I SentryImuMcuAngleSender: 179.94388rollDeg
05-27 18:08:10.842 13911 14183 I SentryImuMcuAngleSender: 1,0,0
05-27 18:08:10.844 20124 20124 D CompatibilityInfo: applyToConfigurationCompat inoutConfig.densityDpi= 160
05-27 18:08:10.846  1008 30857 D [OMXB]  : usingANWBuffer: handle:0xee744160, format:1, w:1920, h:1080
05-27 18:08:10.847   581   581 I SpiService: fgesysctrl_getGPIO_status success val=1
05-27 18:08:10.849   536   536 I liblog  : 22
05-27 18:08:10.849   536   536 D commservice260303: msg.id = 1028,1
05-27 18:08:10.849   536   536 D commservice260303: i = 170, msgid = 8A000404
05-27 18:08:10.849   536   536 D commservice260303: msgid = -1979710460,did=138
05-27 18:08:10.849   536   536 D commservice260303: CommProtocolLibCmdBaseI2C::dataproc {"command":{"id":"imu_status","sub":""},"content":{"TimeStamp":8,"FrameCounter":192579,"GD_X":-0.011987865902483463,"GD_Y":0.0038938329089432955,"GD_Z":0.002213752595707774,"AD_X":9.346157312393188E-4,"AD_Y":0.008865154348313808,"AD_Z":-0.17129898071289062,"TempDsp":0,"Status":0,"CalibState":1,"SigAmpInvalid":0}},-1979710460
05-27 18:08:10.849   536   536 D commservice260303: send2Cluster len:314, 7B22636F6D6D616E64223A7B226964223A22696D755F737461747573222C22737562223A22227D2C22636F6E74656E74223A7B2254696D655374616D70223A382C224672616D65436F756E746572223A3139323537392C2247445F58223A2D302E3031313938373836353930323438333436332C2247445F59223A302E303033383933383332393038393433323935352C2247445F5A223A302E3030323231333735323539353730373737342C2241445F58223A392E333436313537333132333933313838452D342C2241445F59223A302E3030383836353135343334383331333830382C2241445F5A223A2D302E31373132393839383037313238393036322C2254656D70447370223A302C22537461747573223A302C2243616C69625374617465223A312C22536967416D70496E76616C6964223A307D7D, 138 
05-27 18:08:10.849   536   536 D commservice260303: Push Message into SendPool fn=1244398336
05-27 18:08:10.849   536   536 D commservice260303: ComProtocolLibSend2Cluster::send2ClusterRaw fn=1244398336 , len=330
05-27 18:08:10.849   536   536 D commservice260303: sendCmdToPort :330!!!
05-27 18:08:10.849   536   536 D commservice260303: send Cmd To Port ++++5AA501468A0100032C4A6A16C28A7B22636F6D6D616E64223A7B226964223A22696D755F737461747573222C22737562223A22227D2C22636F6E74656E74223A7B2254696D655374616D70223A382C224672616D65436F756E746572223A3139323537392C2247445F58223A2D302E3031313938373836353930323438333436332C2247445F59223A302E303033383933383332393038393433323935352C2247445F5A223A302E3030323231333735323539353730373737342C2241445F58223A392E333436313537333132333933313838452D342C2241445F59223A302E3030383836353135343334383331333830382C2241445F5A223A2D302E31373132393839383037313238393036322C2254656D70447370223A302C22537461747573223A302C2243616C69625374617465223A312C22536967416D70496E76616C6964223A307D7D192A
05-27 18:08:10.849   299 30844 D EvsDriver: forwardFrame
05-27 18:08:10.850   536   536 D commservice260303: bufferevent_write retrun value = 0
05-27 18:08:10.850   299 30841 D EvsDriver: forwardFrame
05-27 18:08:10.852   536   560 D commservice260303: client datas send succeed,send finish
05-27 18:08:10.853   581   581 I SpiService: fgesysctrl_getGPIO_status success val=1
05-27 18:08:10.854   299 30841 D EvsDriver: Delivered 0xb400007b7ca56a60 as id 0
05-27 18:08:10.854  1167  1479 D evsmanagerd: /dev/video4 forwarded the buffer #0 to 0xb4000074bf5f6850 from 0xb4000074bf5f41d0
05-27 18:08:10.854   299 30844 D EvsDriver: Delivered 0xb400007b7ca56900 as id 0
05-27 18:08:10.854  1167  1184 D evsmanagerd: /dev/video6 forwarded the buffer #0 to 0xb4000074bf5f5510 from 0xb4000074bf5f6d90
05-27 18:08:10.854 13911 14192 D Sentinelmode_1.2.5.17_sentry: <SentryImuClusterFgeSender>imu_status sent to Linux, frame=192579, tsNs=8358092, tsMs=8, intervalMs=41, ad=(9.3461573E-4,0.008865154,-0.17129898), gd=(-0.011987866,0.003893833,0.0022137526)
05-27 18:08:10.859   299  1163 D EvsDriver: doneWithFrame
05-27 18:08:10.859   581   581 I SpiService: fgesysctrl_getGPIO_status success val=1
05-27 18:08:10.861   299  1153 D EvsDriver: doneWithFrame
05-27 18:08:10.862  1008 30856 D [OMXB]  : usingANWBuffer: handle:0xee746310, format:1, w:1920, h:1080
05-27 18:08:10.863 13911 14183 I SentryImuMcuAngleSender: 179.95102rollDeg
05-27 18:08:10.863 13911 14183 I SentryImuMcuAngleSender: 1,0,0
05-27 18:08:10.865   581   581 I SpiService: fgesysctrl_getGPIO_status success val=0
05-27 18:08:10.868 20124 20124 D libEGL  : <.service:remote>[setCacheFilename]: file=/data/user_de/0/com.anwsdk.service/code_cache/com.android.opengl.shaders_cache
05-27 18:08:10.877   572   622 I liblog  : 1
05-27 18:08:10.877   572   622 I Sensors : 230 GyroSensor: x:-0.011759,y:0.005268,z:0.001908
05-27 18:08:10.878   283   307 I rvcservice: t.code = 7, t.value = 8357967
05-27 18:08:10.879   581   581 I SpiService: fgesysctrl_getGPIO_status success val=1
05-27 18:08:10.879   299 30841 D EvsDriver: forwardFrame
05-27 18:08:10.881   299 30841 D EvsDriver: Delivered 0xb400007b7ca56a60 as id 0
05-27 18:08:10.881  1167  1479 D evsmanagerd: /dev/video4 forwarded the buffer #0 to 0xb4000074bf5f6850 from 0xb4000074bf5f41d0
05-27 18:08:10.885   581   581 I SpiService: fgesysctrl_getGPIO_status success val=1
05-27 18:08:10.885   299  1153 D EvsDriver: doneWithFrame
05-27 18:08:10.885 13911 14183 I SentryImuMcuAngleSender: 180.0rollDeg
05-27 18:08:10.885 13911 14183 I SentryImuMcuAngleSender: 1,0,0
05-27 18:08:10.889   536   536 D commservice260303: msg.id = 1028,1
05-27 18:08:10.889   536   536 D commservice260303: i = 170, msgid = 8A000404
05-27 18:08:10.890   536   536 D commservice260303: msgid = -1979710460,did=138
05-27 18:08:10.890   536   536 D commservice260303: CommProtocolLibCmdBaseI2C::dataproc {"command":{"id":"imu_status","sub":""},"content":{"TimeStamp":8,"FrameCounter":192580,"GD_X":-0.011759000830352306,"GD_Y":0.005268065724521875,"GD_Z":0.0019079053308814764,"AD_X":-3.0325353145599365E-4,"AD_Y":-0.003340385155752301,"AD_Z":-0.18471813201904297,"TempDsp":0,"Status":0,"CalibState":1,"SigAmpInvalid":0}},-1979710460
05-27 18:08:10.890   299 30844 D EvsDriver: forwardFrame
05-27 18:08:10.890   536   536 D commservice260303: send2Cluster len:317, 7B22636F6D6D616E64223A7B226964223A22696D755F737461747573222C22737562223A22227D2C22636F6E74656E74223A7B2254696D655374616D70223A382C224672616D65436F756E746572223A3139323538302C2247445F58223A2D302E3031313735393030303833303335323330362C2247445F59223A302E3030353236383036353732343532313837352C2247445F5A223A302E303031393037393035333330383831343736342C2241445F58223A2D332E30333235333533313435353939333635452D342C2241445F59223A2D302E3030333334303338353135353735323330312C2241445F5A223A2D302E31383437313831333230313930343239372C2254656D70447370223A302C22537461747573223A302C2243616C69625374617465223A312C22536967416D70496E76616C6964223A307D7D, 138 
05-27 18:08:10.890   536   536 D commservice260303: Push Message into SendPool fn=1261175552
05-27 18:08:10.890   536   536 D commservice260303: ComProtocolLibSend2Cluster::send2ClusterRaw fn=1261175552 , len=333
05-27 18:08:10.890   536   536 D commservice260303: sendCmdToPort :333!!!
05-27 18:08:10.890   536   536 D commservice260303: send Cmd To Port ++++5AA501498A0100032C4B6A16C28A7B22636F6D6D616E64223A7B226964223A22696D755F737461747573222C22737562223A22227D2C22636F6E74656E74223A7B2254696D655374616D70223A382C224672616D65436F756E746572223A3139323538302C2247445F58223A2D302E3031313735393030303833303335323330362C2247445F59223A302E3030353236383036353732343532313837352C2247445F5A223A302E303031393037393035333330383831343736342C2241445F58223A2D332E30333235333533313435353939333635452D342C2241445F59223A2D302E3030333334303338353135353735323330312C2241445F5A223A2D302E31383437313831333230313930343239372C2254656D70447370223A302C22537461747573223A302C2243616C69625374617465223A312C22536967416D70496E76616C6964223A307D7D3597
05-27 18:08:10.890   581   581 I SpiService: fgesysctrl_getGPIO_status success val=1
05-27 18:08:10.890   536   536 D commservice260303: bufferevent_write retrun value = 0
05-27 18:08:10.890   536   560 D commservice260303: client datas send succeed,send finish
05-27 18:08:10.891 13911 14192 D Sentinelmode_1.2.5.17_sentry: <SentryImuClusterFgeSender>imu_status sent to Linux, frame=192580, tsNs=8358127, tsMs=8, intervalMs=40, ad=(-3.0325353E-4,-0.0033403852,-0.18471813), gd=(-0.011759001,0.0052680657,0.0019079053)
05-27 18:08:10.892   299 30844 D EvsDriver: Delivered 0xb400007b7ca56900 as id 0
05-27 18:08:10.892  1167  1479 D evsmanagerd: /dev/video6 forwarded the buffer #0 to 0xb4000074bf5f5510 from 0xb4000074bf5f6d90
05-27 18:08:10.893  1008 30856 D [OMXB]  : usingANWBuffer: handle:0xee7437c0, format:1, w:1920, h:1080
05-27 18:08:10.895   299  1153 D EvsDriver: doneWithFrame
05-27 18:08:10.896   581   581 I SpiService: fgesysctrl_getGPIO_status success val=1
05-27 18:08:10.899 13549 13800 I ADAYO_LOG_: executeSaveLogcat_l(LogcatFunc.java:186)path:/mnt/log_data/AndroidLog/logcat/logcat_2026_05_27_18_08_10_189-40.txt
05-27 18:08:10.902   581   581 I SpiService: fgesysctrl_getGPIO_status success val=0
05-27 07:59:19.855   581   581 D spi_rst_gpio_get_output: GPIO 145 value: 1
05-27 07:59:19.855   581   581 D spidev_ioctl: gpio status=1)
05-27 07:59:19.855     1     1 I init    : Service 'trace_logcat' (pid 14215) received signal 9
05-27 07:59:19.860   581   581 D spi_rst_gpio_get_output: GPIO 145 value: 1
05-27 07:59:19.860   581   581 D spidev_ioctl: gpio status=1)
05-27 07:59:19.864     1     1 I init    : Untracked pid 14249 received signal 9
05-27 07:59:19.864     1     1 I init    : Untracked pid 14249 did not have an associated service entry and will not be reaped
05-27 07:59:19.866   581   581 D spi_rst_gpio_get_output: GPIO 145 value: 0
05-27 07:59:19.866   581   581 D spidev_ioctl: gpio status=0)
05-27 18:08:10.905 13911 14183 I SentryImuMcuAngleSender: -179.965rollDeg
05-27 18:08:10.905 13911 14183 I SentryImuMcuAngleSender: 1,0,0
05-27 18:08:10.907 20124 20124 D NetworkSecurityConfig: No Network Security Config specified, using platform default
05-27 18:08:10.911  1008 30857 D [OMXB]  : usingANWBuffer: handle:0xee743be0, format:1, w:1920, h:1080
05-27 18:08:10.912 13549 13800 I ADAYO_LOG_: executeSaveLogcat_l(LogcatFunc.java:189)COLLECT_INT_START
05-27 18:08:10.912 13549 13800 I ADAYO_LOG_: startZip(LogcatFunc.java:393)logcat file is zip packing, zipFilePath: /mnt/log_data/AndroidLog/logcat/logcat_2026_05_27_18_08_10_188-39.zip
05-27 18:08:10.912 13549 13800 I ADAYO_LOG_: startZip(LogcatFunc.java:396)isOpenEncrypt: false
05-27 07:59:19.877     1     1 I init    : processing action (persist.log.adayo_collect.logcat=1) from (/system/etc/init/hw/init.rc:1406)
05-27 07:59:19.877     1     1 I init    : starting service 'trace_logcat'...
05-27 18:08:10.913 20124 20124 D NetworkSecurityConfig: No Network Security Config specified, using platform default
05-27 18:08:10.914   299 30841 D EvsDriver: forwardFrame
