--------- beginning of main
05-27 18:08:10.233   536   536 D commservice260303: msg.id = 1028,1
--------- beginning of events
05-27 18:08:10.565 30773 30773 I auditd  : type=1400 audit(0.0:37339): avc: denied { use } for comm="CameraHelper" path="anon_inode:sync_file" dev="anon_inodefs" ino=14081 scontext=u:r:mediacodec:s0 tcontext=u:r:adayo_dvr_service:s0 tclass=fd permissive=1
05-27 18:08:10.233   536   536 D commservice260303: i = 170, msgid = 8A000404
05-27 18:08:10.233   536   536 D commservice260303: msgid = -1979710460,did=138
05-27 18:08:10.233   536   536 D commservice260303: CommProtocolLibCmdBaseI2C::dataproc {"command":{"id":"imu_status","sub":""},"content":{"TimeStamp":8,"FrameCounter":192564,"GD_X":-0.011147825978696346,"GD_Y":0.00641395291313529,"GD_Z":0.0026720035821199417,"AD_X":0.003370806574821472,"AD_Y":-7.9571851529181E-4,"AD_Z":-0.1743488311767578,"TempDsp":0,"Status":0,"CalibState":1,"SigAmpInvalid":0}},-1979710460
05-27 18:08:10.233   536   536 D commservice260303: send2Cluster len:311, 7B22636F6D6D616E64223A7B226964223A22696D755F737461747573222C22737562223A22227D2C22636F6E74656E74223A7B2254696D655374616D70223A382C224672616D65436F756E746572223A3139323536342C2247445F58223A2D302E3031313134373832353937383639363334362C2247445F59223A302E30303634313339353239313331333532392C2247445F5A223A302E303032363732303033353832313139393431372C2241445F58223A302E3030333337303830363537343832313437322C2241445F59223A2D372E39353731383531353239313831452D342C2241445F5A223A2D302E313734333438383331313736373537382C2254656D70447370223A302C22537461747573223A302C2243616C69625374617465223A312C22536967416D70496E76616C6964223A307D7D, 138 
05-27 18:08:10.233   536   536 D commservice260303: Push Message into SendPool fn=992740096
05-27 18:08:10.233   536   536 D commservice260303: ComProtocolLibSend2Cluster::send2ClusterRaw fn=992740096 , len=327
05-27 18:08:10.233   536   536 D commservice260303: sendCmdToPort :327!!!
05-27 18:08:10.233   536   536 D commservice260303: send Cmd To Port ++++5AA501438A0100032C3B6A16C28A7B22636F6D6D616E64223A7B226964223A22696D755F737461747573222C22737562223A22227D2C22636F6E74656E74223A7B2254696D655374616D70223A382C224672616D65436F756E746572223A3139323536342C2247445F58223A2D302E3031313134373832353937383639363334362C2247445F59223A302E30303634313339353239313331333532392C2247445F5A223A302E303032363732303033353832313139393431372C2241445F58223A302E3030333337303830363537343832313437322C2241445F59223A2D372E39353731383531353239313831452D342C2241445F5A223A2D302E313734333438383331313736373537382C2254656D70447370223A302C22537461747573223A302C2243616C69625374617465223A312C22536967416D70496E76616C6964223A307D7DC94D
05-27 18:08:10.233   536   536 D commservice260303: bufferevent_write retrun value = 0
05-27 18:08:10.565 30773 30773 I CameraHelper: type=1400 audit(0.0:37339): avc: denied { use } for path="anon_inode:sync_file" dev="anon_inodefs" ino=14081 scontext=u:r:mediacodec:s0 tcontext=u:r:adayo_dvr_service:s0 tclass=fd permissive=1
05-27 18:08:10.593  1044  1044 I auditd  : type=1400 audit(0.0:37340): avc: denied { use } for comm="oid.aac.encoder" path="/dmabuf:" dev="dmabuf" ino=776943 scontext=u:r:mediaswcodec:s0 tcontext=u:r:adayo_dvr_service:s0 tclass=fd permissive=1
05-27 18:08:10.593  1044  1044 I oid.aac.encoder: type=1400 audit(0.0:37340): avc: denied { use } for path="/dmabuf:" dev="dmabuf" ino=776943 scontext=u:r:mediaswcodec:s0 tcontext=u:r:adayo_dvr_service:s0 tclass=fd permissive=1
05-27 18:08:10.597   581   581 I auditd  : type=1400 audit(0.0:37341): avc: denied { read write } for comm="spi@1.0-service" name="spidev2.0" dev="tmpfs" ino=23621 scontext=u:r:hal_spi_default:s0 tcontext=u:object_r:spi_consumerir_device:s0 tclass=chr_file permissive=1
05-27 18:08:10.597   581   581 I spi@1.0-service: type=1400 audit(0.0:37341): avc: denied { read write } for name="spidev2.0" dev="tmpfs" ino=23621 scontext=u:r:hal_spi_default:s0 tcontext=u:object_r:spi_consumerir_device:s0 tclass=chr_file permissive=1
05-27 18:08:10.597   581   581 I auditd  : type=1400 audit(0.0:37342): avc: denied { open } for comm="spi@1.0-service" path="/dev/spidev2.0" dev="tmpfs" ino=23621 scontext=u:r:hal_spi_default:s0 tcontext=u:object_r:spi_consumerir_device:s0 tclass=chr_file permissive=1
05-27 18:08:10.233 13911 14192 D Sentinelmode_1.2.5.17_sentry: <SentryImuClusterFgeSender>imu_status sent to Linux, frame=192564, tsNs=8357468, tsMs=8, intervalMs=39, ad=(0.0033708066,-7.957185E-4,-0.17434883), gd=(-0.011147826,0.006413953,0.0026720036)
05-27 18:08:10.237   581   581 I SpiService: fgesysctrl_getGPIO_status success val=1
05-27 18:08:10.597   581   581 I spi@1.0-service: type=1400 audit(0.0:37342): avc: denied { open } for path="/dev/spidev2.0" dev="tmpfs" ino=23621 scontext=u:r:hal_spi_default:s0 tcontext=u:object_r:spi_consumerir_device:s0 tclass=chr_file permissive=1
05-27 18:08:10.597   581   581 I auditd  : type=1400 audit(0.0:37343): avc: denied { ioctl } for comm="spi@1.0-service" path="/dev/spidev2.0" dev="tmpfs" ino=23621 ioctlcmd=0x6b06 scontext=u:r:hal_spi_default:s0 tcontext=u:object_r:spi_consumerir_device:s0 tclass=chr_file permissive=1
05-27 18:08:10.597   581   581 I spi@1.0-service: type=1400 audit(0.0:37343): avc: denied { ioctl } for path="/dev/spidev2.0" dev="tmpfs" ino=23621 ioctlcmd=0x6b06 scontext=u:r:hal_spi_default:s0 tcontext=u:object_r:spi_consumerir_device:s0 tclass=chr_file permissive=1
05-27 18:08:10.243   581   581 I SpiService: fgesysctrl_getGPIO_status success val=1
05-27 18:08:10.245   299 30841 D EvsDriver: forwardFrame
05-27 18:08:10.245 13911 14183 I SentryImuMcuAngleSender: -179.99649rollDeg
05-27 18:08:10.245 13911 14183 I SentryImuMcuAngleSender: 1,0,0
05-27 18:08:10.246   299 30841 D EvsDriver: Delivered 0xb400007b7ca56a60 as id 0
05-27 18:08:10.246  1167  1479 D evsmanagerd: /dev/video4 forwarded the buffer #0 to 0xb4000074bf5f6850 from 0xb4000074bf5f41d0
05-27 18:08:10.248   581   581 I SpiService: fgesysctrl_getGPIO_status success val=0
05-27 18:08:10.249   299 30844 D EvsDriver: forwardFrame
05-27 18:08:10.252   299  1163 D EvsDriver: doneWithFrame
05-27 18:08:10.252  1167  1479 D evsmanagerd: /dev/video6 forwarded the buffer #0 to 0xb4000074bf5f5510 from 0xb4000074bf5f6d90
05-27 18:08:10.253   299 30844 D EvsDriver: Delivered 0xb400007b7ca56900 as id 0
05-27 18:08:10.256   299  1163 D EvsDriver: doneWithFrame
05-27 18:08:10.258  1008 30857 D [OMXB]  : usingANWBuffer: handle:0xee744000, format:1, w:1920, h:1080
05-27 18:08:10.260  1002  1011 E SLOGCP  : remove: unlink is complete,result is 0
05-27 18:08:10.260  1002  1011 E SLOGCP  : create_log_file: create log file : ag_20260527-180810.log
05-27 18:08:10.263   581   581 I SpiService: fgesysctrl_getGPIO_status success val=1
05-27 18:08:10.264   481   598 I mcuc    : rev,n=1,6AA681A85C008C8305000055000000B00000000000010001000090397EB177F3EA7E787E771F517E77FCF07E78B2785A7307F0B800000000040000B3000000000000000000000000000000B44300000000000300000000000000AA000000E40701010000000000000000BB06050507EA051B000008009403CB00CC000000000000000000000000000000B500000000000000002D
05-27 18:08:10.264   351   373 D automotive.vehicle@2.0-adayo-datacomm-mcu: MCUDatacomm sendMessageFromVehicle prop: 0x83, areaId: 0x5, status: 0x0, timestamp: 0x0
05-27 18:08:10.264   351   373 D automotive.vehicle@2.0-adayo-datacomm-mcu: MCUDatacomm 1sendMessageFromVehicle ---> type = 7 
05-27 18:08:10.264   351   373 I automotive.vehicle@2.0-adayo-func-mcu: MCUFunc :sendMessageFromVehicle  msgBuff[0] = 131 
05-27 18:08:10.264   351   373 I automotive.vehicle@2.0-adayo-func-mcu: MCUFunc :sendMessageFromVehicle  msgBuff[1] = 5 
05-27 18:08:10.264   351   373 I automotive.vehicle@2.0-adayo-func-mcu: MCUFunc :sendMessageFromVehicle  msgBuff[2] = 0 
05-27 18:08:10.264   351   373 I automotive.vehicle@2.0-adayo-func-mcu: MCUFunc :sendMessageFromVehicle  msgBuff[3] = 0 
05-27 18:08:10.264   351   373 I automotive.vehicle@2.0-adayo-func-mcu: MCUFunc :sendMessageFromVehicle  msgBuff[4] = 85 
05-27 18:08:10.264   351   373 I automotive.vehicle@2.0-adayo-func-mcu: MCUFunc :sendMessageFromVehicle  msgBuff[5] = 0 
05-27 18:08:10.266 13911 14183 I SentryImuMcuAngleSender: 179.98247rollDeg
05-27 18:08:10.266 13911 14183 I SentryImuMcuAngleSender: 1,0,0
05-27 18:08:10.266   481   598 I mcuc    : rev,n=2,6AA681A85D009E8B30025B01020403A0030000030100000100000000002901A100000000003B000202000002020002A208FA29018000028000038000048000A3058000068000070000080000000000A4000000000000000000000101000700A502000000020102000200FF0100A65CDD01010101010000000101010000000A0A0A0000010101040402020000000000000000000000000000000000000000000000000000EE11
05-27 18:08:10.269   581   581 I SpiService: fgesysctrl_getGPIO_status success val=1
05-27 18:08:10.273   536   536 D commservice260303: msg.id = 1028,0
05-27 18:08:10.273   536   536 D commservice260303: i = 170, msgid = 8A000404
05-27 18:08:10.273   536   536 D commservice260303: msgid = -1979710460,did=138
05-27 18:08:10.273   536   536 D commservice260303: CommProtocolLibCmdBaseI2C::dataproc {"command":{"id":"imu_status","sub":""},"content":{"TimeStamp":8,"FrameCounter":192565,"GD_X":-0.010994902811944485,"GD_Y":0.004656890872865915,"GD_Z":0.0019848872907459736,"AD_X":-0.007608622312545776,"AD_Y":0.0016520768404006958,"AD_Z":-0.15970897674560547,"TempDsp":0,"Status":0,"CalibState":1,"SigAmpInvalid":0}},-1979710460
05-27 18:08:10.273   536   536 D commservice260303: send2Cluster len:316, 7B22636F6D6D616E64223A7B226964223A22696D755F737461747573222C22737562223A22227D2C22636F6E74656E74223A7B2254696D655374616D70223A382C224672616D65436F756E746572223A3139323536352C2247445F58223A2D302E3031303939343930323831313934343438352C2247445F59223A302E3030343635363839303837323836353931352C2247445F5A223A302E303031393834383837323930373435393733362C2241445F58223A2D302E3030373630383632323331323534353737362C2241445F59223A302E303031363532303736383430343030363935382C2241445F5A223A2D302E31353937303839373637343536303534372C2254656D70447370223A302C22537461747573223A302C2243616C69625374617465223A312C22536967416D70496E76616C6964223A307D7D, 138 
05-27 18:08:10.273   536   536 D commservice260303: Push Message into SendPool fn=1009517312
05-27 18:08:10.273   536   536 D commservice260303: ComProtocolLibSend2Cluster::send2ClusterRaw fn=1009517312 , len=332
05-27 18:08:10.273   536   536 D commservice260303: sendCmdToPort :332!!!
05-27 18:08:10.274   536   536 D commservice260303: send Cmd To Port ++++5AA501488A0100032C3C6A16C28A7B22636F6D6D616E64223A7B226964223A22696D755F737461747573222C22737562223A22227D2C22636F6E74656E74223A7B2254696D655374616D70223A382C224672616D65436F756E746572223A3139323536352C2247445F58223A2D302E3031303939343930323831313934343438352C2247445F59223A302E3030343635363839303837323836353931352C2247445F5A223A302E303031393834383837323930373435393733362C2241445F58223A2D302E3030373630383632323331323534353737362C2241445F59223A302E303031363532303736383430343030363935382C2241445F5A223A2D302E31353937303839373637343536303534372C2254656D70447370223A302C22537461747573223A302C2243616C69625374617465223A312C22536967416D70496E76616C6964223A307D7DF4E6
05-27 18:08:10.274   536   536 D commservice260303: bufferevent_write retrun value = 0
05-27 18:08:10.274   536   560 D commservice260303: client datas send succeed,send finish
05-27 18:08:10.274 13911 14192 D Sentinelmode_1.2.5.17_sentry: <SentryImuClusterFgeSender>imu_status sent to Linux, frame=192565, tsNs=8357521, tsMs=8, intervalMs=41, ad=(-0.0076086223,0.0016520768,-0.15970898), gd=(-0.010994903,0.004656891,0.0019848873)
05-27 18:08:10.275   581   581 I SpiService: fgesysctrl_getGPIO_status success val=1
05-27 18:08:10.277   283   307 I rvcservice: t.code = 7, t.value = 8357396
05-27 18:08:10.279  1008 30856 D [OMXB]  : usingANWBuffer: handle:0xee7432f0, format:1, w:1920, h:1080
05-27 18:08:10.280   581   581 I SpiService: fgesysctrl_getGPIO_status success val=1
05-27 18:08:10.284   299 30841 D EvsDriver: forwardFrame
05-27 18:08:10.286   581   581 I SpiService: fgesysctrl_getGPIO_status success val=1
05-27 18:08:10.286   299 30841 D EvsDriver: Delivered 0xb400007b7ca56a60 as id 0
05-27 18:08:10.286  1167  1479 D evsmanagerd: /dev/video4 forwarded the buffer #0 to 0xb4000074bf5f6850 from 0xb4000074bf5f41d0
05-27 18:08:10.287 13911 14183 I SentryImuMcuAngleSender: 179.97194rollDeg
05-27 18:08:10.287 13911 14183 I SentryImuMcuAngleSender: 1,0,0
05-27 18:08:10.288   299 30844 D EvsDriver: forwardFrame
05-27 18:08:10.288   299  1163 D EvsDriver: doneWithFrame
05-27 18:08:10.291   299 30844 D EvsDriver: Delivered 0xb400007b7ca56900 as id 0
05-27 18:08:10.291  1167  1479 D evsmanagerd: /dev/video6 forwarded the buffer #0 to 0xb4000074bf5f5510 from 0xb4000074bf5f6d90
05-27 18:08:10.291   581   581 I SpiService: fgesysctrl_getGPIO_status success val=0
05-27 18:08:10.291   481   597 I mcuc    : send SPI:6AA602A85C00028305706AA602A85D00028B303C
05-27 18:08:10.292   572   622 I Sensors : 230 GyroSensor: x:-0.011835,y:0.004734,z:0.002214
05-27 18:08:10.296   299  1163 D EvsDriver: doneWithFrame
05-27 18:08:10.297  1008 30857 D [OMXB]  : usingANWBuffer: handle:0xee741b90, format:1, w:1920, h:1080
05-27 18:08:10.298 30773 30789 I dvr_service_: Camera 1: Buffer reuse stats - Total: 158600, Reused: 78673, New: 79927, Rate: 49.6%
05-27 18:08:10.306   581   581 I SpiService: fgesysctrl_getGPIO_status success val=1
05-27 18:08:10.307 13911 14183 I SentryImuMcuAngleSender: 179.95795rollDeg
05-27 18:08:10.307 13911 14183 I SentryImuMcuAngleSender: 1,0,0
05-27 18:08:10.311   581   581 I SpiService: fgesysctrl_getGPIO_status success val=1
05-27 18:08:10.312   299 30841 D EvsDriver: forwardFrame
05-27 18:08:10.313   536   536 D commservice260303: msg.id = 1028,0
05-27 18:08:10.313   536   536 D commservice260303: i = 170, msgid = 8A000404
05-27 18:08:10.313   536   536 D commservice260303: msgid = -1979710460,did=138
05-27 18:08:10.313   536   536 D commservice260303: CommProtocolLibCmdBaseI2C::dataproc {"command":{"id":"imu_status","sub":""},"content":{"TimeStamp":8,"FrameCounter":192566,"GD_X":-0.01160607673227787,"GD_Y":0.004656890872865915,"GD_Z":0.0022902146447449923,"AD_X":-0.011214032769203186,"AD_Y":0.004069740884006023,"AD_Z":-0.16580867767333984,"TempDsp":0,"Status":0,"CalibState":1,"SigAmpInvalid":0}},-1979710460
05-27 18:08:10.313   536   536 D commservice260303: send2Cluster len:314, 7B22636F6D6D616E64223A7B226964223A22696D755F737461747573222C22737562223A22227D2C22636F6E74656E74223A7B2254696D655374616D70223A382C224672616D65436F756E746572223A3139323536362C2247445F58223A2D302E30313136303630373637333232373738372C2247445F59223A302E3030343635363839303837323836353931352C2247445F5A223A302E303032323930323134363434373434393932332C2241445F58223A2D302E3031313231343033323736393230333138362C2241445F59223A302E3030343036393734303838343030363032332C2241445F5A223A2D302E31363538303836373736373333333938342C2254656D70447370223A302C22537461747573223A302C2243616C69625374617465223A312C22536967416D70496E76616C6964223A307D7D, 138 
05-27 18:08:10.313   536   536 D commservice260303: Push Message into SendPool fn=1026294528
05-27 18:08:10.313   536   536 D commservice260303: ComProtocolLibSend2Cluster::send2ClusterRaw fn=1026294528 , len=330
05-27 18:08:10.313   536   536 D commservice260303: sendCmdToPort :330!!!
05-27 18:08:10.313   536   536 D commservice260303: send Cmd To Port ++++5AA501468A0100032C3D6A16C28A7B22636F6D6D616E64223A7B226964223A22696D755F737461747573222C22737562223A22227D2C22636F6E74656E74223A7B2254696D655374616D70223A382C224672616D65436F756E746572223A3139323536362C2247445F58223A2D302E30313136303630373637333232373738372C2247445F59223A302E3030343635363839303837323836353931352C2247445F5A223A302E303032323930323134363434373434393932332C2241445F58223A2D302E3031313231343033323736393230333138362C2241445F59223A302E3030343036393734303838343030363032332C2241445F5A223A2D302E31363538303836373736373333333938342C2254656D70447370223A302C22537461747573223A302C2243616C69625374617465223A312C22536967416D70496E76616C6964223A307D7D061A
05-27 18:08:10.313   299 30841 D EvsDriver: Delivered 0xb400007b7ca56a60 as id 0
05-27 18:08:10.313   536   536 D commservice260303: bufferevent_write retrun value = 0
05-27 18:08:10.313  1167  1479 D evsmanagerd: /dev/video4 forwarded the buffer #0 to 0xb4000074bf5f6850 from 0xb4000074bf5f41d0
05-27 18:08:10.314 13911 14192 D Sentinelmode_1.2.5.17_sentry: <SentryImuClusterFgeSender>imu_status sent to Linux, frame=192566, tsNs=8357557, tsMs=8, intervalMs=39, ad=(-0.011214033,0.004069741,-0.16580868), gd=(-0.011606077,0.004656891,0.0022902146)
05-27 18:08:10.314   536   560 D commservice260303: client datas send succeed,send finish
05-27 18:08:10.314   299 30844 D EvsDriver: forwardFrame
05-27 18:08:10.314 30773 30781 I dvr_service_: [myNum:0][onFrameReceived] Received Surface:1 0
05-27 18:08:10.314 30773 30781 E dvr_service_: [myNum:0] Received S**** loss
05-27 18:08:10.315   299  1163 D EvsDriver: doneWithFrame
05-27 18:08:10.315   299 30844 D EvsDriver: Delivered 0xb400007b7ca56900 as id 0
05-27 18:08:10.315  1167  1479 D evsmanagerd: /dev/video6 forwarded the buffer #0 to 0xb4000074bf5f5510 from 0xb4000074bf5f6d90
05-27 18:08:10.315 30773 30781 I dvr_service_: [myNum:1][onFrameReceived] Received Surface:1 0
05-27 18:08:10.315 30773 30781 E dvr_service_: [myNum:1] Received S**** loss
05-27 18:08:10.315   299  1163 D EvsDriver: doneWithFrame
05-27 18:08:10.317   581   581 I SpiService: fgesysctrl_getGPIO_status success val=1
05-27 18:08:10.322  1008 30856 D [OMXB]  : usingANWBuffer: handle:0xee746ec0, format:1, w:1920, h:1080
05-27 18:08:10.322   581   581 I SpiService: fgesysctrl_getGPIO_status success val=1
05-27 18:08:10.327 13911 14183 I SentryImuMcuAngleSender: 179.97899rollDeg
05-27 18:08:10.327 13911 14183 I SentryImuMcuAngleSender: 1,0,0
05-27 18:08:10.328   581   581 I SpiService: fgesysctrl_getGPIO_status success val=0
05-27 18:08:10.337  1008 30857 D [OMXB]  : usingANWBuffer: handle:0xee740430, format:1, w:1920, h:1080
05-27 18:08:10.342   581   581 I SpiService: fgesysctrl_getGPIO_status success val=1
05-27 18:08:10.347 13911 14183 I SentryImuMcuAngleSender: -179.986rollDeg
05-27 18:08:10.347 13911 14183 I SentryImuMcuAngleSender: 1,0,0
05-27 18:08:10.347   299 30841 D EvsDriver: forwardFrame
05-27 18:08:10.347   581   581 I SpiService: fgesysctrl_getGPIO_status success val=1
05-27 18:08:10.349   299 30841 D EvsDriver: Delivered 0xb400007b7ca56a60 as id 0
05-27 18:08:10.349  1167  1479 D evsmanagerd: /dev/video4 forwarded the buffer #0 to 0xb4000074bf5f6850 from 0xb4000074bf5f41d0
05-27 18:08:10.349   299 30844 D EvsDriver: forwardFrame
05-27 18:08:10.352   299  1163 D EvsDriver: doneWithFrame
05-27 18:08:10.352  1167  1479 D evsmanagerd: /dev/video6 forwarded the buffer #0 to 0xb4000074bf5f5510 from 0xb4000074bf5f6d90
05-27 18:08:10.353   299 30844 D EvsDriver: Delivered 0xb400007b7ca56900 as id 0
05-27 18:08:10.354   581   581 I SpiService: fgesysctrl_getGPIO_status success val=1
05-27 18:08:10.355   536   536 D commservice260303: msg.id = 1028,3
05-27 18:08:10.355   536   536 D commservice260303: i = 170, msgid = 8A000404
05-27 18:08:10.355   536   536 D commservice260303: msgid = -1979710460,did=138
05-27 18:08:10.355   536   536 D commservice260303: CommProtocolLibCmdBaseI2C::dataproc {"command":{"id":"imu_status","sub":""},"content":{"TimeStamp":8,"FrameCounter":192567,"GD_X":-0.011987865902483463,"GD_Y":0.005039200186729431,"GD_Z":0.0023671966046094894,"AD_X":-0.007521003484725952,"AD_Y":-0.0056725600734353065,"AD_Z":-0.178009033203125,"TempDsp":0,"Status":0,"CalibState":1,"SigAmpInvalid":0}},-1979710460
05-27 18:08:10.356   536   536 D commservice260303: send2Cluster len:315, 7B22636F6D6D616E64223A7B226964223A22696D755F737461747573222C22737562223A22227D2C22636F6E74656E74223A7B2254696D655374616D70223A382C224672616D65436F756E746572223A3139323536372C2247445F58223A2D302E3031313938373836353930323438333436332C2247445F59223A302E3030353033393230303138363732393433312C2247445F5A223A302E303032333637313936363034363039343839342C2241445F58223A2D302E3030373532313030333438343732353935322C2241445F59223A2D302E303035363732353630303733343335333036352C2241445F5A223A2D302E3137383030393033333230333132352C2254656D70447370223A302C22537461747573223A302C2243616C69625374617465223A312C22536967416D70496E76616C6964223A307D7D, 138 
05-27 18:08:10.356   536   536 D commservice260303: Push Message into SendPool fn=1043071744
05-27 18:08:10.356   536   536 D commservice260303: ComProtocolLibSend2Cluster::send2ClusterRaw fn=1043071744 , len=331
05-27 18:08:10.356   536   536 D commservice260303: sendCmdToPort :331!!!
05-27 18:08:10.356   536   536 D commservice260303: send Cmd To Port ++++5AA501478A0100032C3E6A16C28A7B22636F6D6D616E64223A7B226964223A22696D755F737461747573222C22737562223A22227D2C22636F6E74656E74223A7B2254696D655374616D70223A382C224672616D65436F756E746572223A3139323536372C2247445F58223A2D302E3031313938373836353930323438333436332C2247445F59223A302E3030353033393230303138363732393433312C2247445F5A223A302E303032333637313936363034363039343839342C2241445F58223A2D302E3030373532313030333438343732353935322C2241445F59223A2D302E303035363732353630303733343335333036352C2241445F5A223A2D302E3137383030393033333230333132352C2254656D70447370223A302C22537461747573223A302C2243616C69625374617465223A312C22536967416D70496E76616C6964223A307D7D8131
05-27 18:08:10.356   536   536 D commservice260303: bufferevent_write retrun value = 0
05-27 18:08:10.356   536   560 D commservice260303: client datas send succeed,send finish
05-27 18:08:10.356   299  1163 D EvsDriver: doneWithFrame
05-27 18:08:10.357 13911 14192 D Sentinelmode_1.2.5.17_sentry: <SentryImuClusterFgeSender>imu_status sent to Linux, frame=192567, tsNs=8357593, tsMs=8, intervalMs=43, ad=(-0.0075210035,-0.00567256,-0.17800903), gd=(-0.011987866,0.0050392,0.0023671966)
05-27 18:08:10.359   581   581 I SpiService: fgesysctrl_getGPIO_status success val=1
05-27 18:08:10.362  1008 30856 D [OMXB]  : usingANWBuffer: handle:0xee7435b0, format:1, w:1920, h:1080
05-27 18:08:10.365   581   581 I SpiService: fgesysctrl_getGPIO_status success val=1
05-27 18:08:10.367 13911 14183 I SentryImuMcuAngleSender: -179.979rollDeg
05-27 18:08:10.367 13911 14183 I SentryImuMcuAngleSender: 1,0,0
05-27 18:08:10.371   581   581 I SpiService: fgesysctrl_getGPIO_status success val=0
05-27 18:08:10.377   283   307 I rvcservice: t.code = 3, t.value = 0
05-27 18:08:10.379  1008 30857 D [OMXB]  : usingANWBuffer: handle:0xee7454a0, format:1, w:1920, h:1080
05-27 18:08:10.383   299 30844 D EvsDriver: forwardFrame
05-27 18:08:10.384   299 30841 D EvsDriver: forwardFrame
05-27 18:08:10.386   299 30841 D EvsDriver: Delivered 0xb400007b7ca56a60 as id 0
05-27 18:08:10.386   581   581 I SpiService: fgesysctrl_getGPIO_status success val=1
05-27 18:08:10.386  1167  1479 D evsmanagerd: /dev/video4 forwarded the buffer #0 to 0xb4000074bf5f6850 from 0xb4000074bf5f41d0
05-27 18:08:10.386   299 30844 D EvsDriver: Delivered 0xb400007b7ca56900 as id 0
05-27 18:08:10.386  1167  1479 D evsmanagerd: /dev/video6 forwarded the buffer #0 to 0xb4000074bf5f5510 from 0xb4000074bf5f6d90
05-27 18:08:10.388 13911 14183 I SentryImuMcuAngleSender: 180.0rollDeg
05-27 18:08:10.388 13911 14183 I SentryImuMcuAngleSender: 1,0,0
05-27 18:08:10.390   566 11459 I gps_hdbd: Received: '$GNGGA,002401.000,,,,,0,00,,,M,,M,,*61
'
05-27 18:08:10.391   299  1163 D EvsDriver: doneWithFrame
05-27 18:08:10.391   299  1153 D EvsDriver: doneWithFrame
05-27 18:08:10.391   581   581 I SpiService: fgesysctrl_getGPIO_status success val=1
05-27 18:08:10.396   566 11459 I gps_hdbd: Received: '$GNGSA,A,1,,,,,,,,,,,,,,,,1*1D
'
05-27 18:08:10.397   581   581 I SpiService: fgesysctrl_getGPIO_status success val=1
05-27 18:08:10.397   566 11459 I gps_hdbd: Received: '$GNGSA,A,1,,,,,,,,,,,,,,,,3*1F
'
05-27 18:08:10.397   536   536 D commservice260303: msg.id = 1028,1
05-27 18:08:10.397   536   536 D commservice260303: i = 170, msgid = 8A000404
05-27 18:08:10.397   536   536 D commservice260303: msgid = -1979710460,did=138
05-27 18:08:10.397   536   536 D commservice260303: CommProtocolLibCmdBaseI2C::dataproc {"command":{"id":"imu_status","sub":""},"content":{"TimeStamp":8,"FrameCounter":192568,"GD_X":-0.011910883709788322,"GD_Y":0.006261029280722141,"GD_Z":0.0023671966046094894,"AD_X":0.004648968577384949,"AD_Y":-0.003200424835085869,"AD_Z":-0.16580867767333984,"TempDsp":0,"Status":0,"CalibState":1,"SigAmpInvalid":0}},-1979710460
05-27 18:08:10.397   536   536 D commservice260303: send2Cluster len:315, 7B22636F6D6D616E64223A7B226964223A22696D755F737461747573222C22737562223A22227D2C22636F6E74656E74223A7B2254696D655374616D70223A382C224672616D65436F756E746572223A3139323536382C2247445F58223A2D302E3031313931303838333730393738383332322C2247445F59223A302E3030363236313032393238303732323134312C2247445F5A223A302E303032333637313936363034363039343839342C2241445F58223A302E3030343634383936383537373338343934392C2241445F59223A2D302E3030333230303432343833353038353836392C2241445F5A223A2D302E31363538303836373736373333333938342C2254656D70447370223A302C22537461747573223A302C2243616C69625374617465223A312C22536967416D70496E76616C6964223A307D7D, 138 
05-27 18:08:10.397   536   536 D commservice260303: Push Message into SendPool fn=1059848960
05-27 18:08:10.397   536   536 D commservice260303: ComProtocolLibSend2Cluster::send2ClusterRaw fn=1059848960 , len=331
05-27 18:08:10.397   536   536 D commservice260303: sendCmdToPort :331!!!
05-27 18:08:10.397   536   536 D commservice260303: send Cmd To Port ++++5AA501478A0100032C3F6A16C28A7B22636F6D6D616E64223A7B226964223A22696D755F737461747573222C22737562223A22227D2C22636F6E74656E74223A7B2254696D655374616D70223A382C224672616D65436F756E746572223A3139323536382C2247445F58223A2D302E3031313931303838333730393738383332322C2247445F59223A302E3030363236313032393238303732323134312C2247445F5A223A302E303032333637313936363034363039343839342C2241445F58223A302E3030343634383936383537373338343934392C2241445F59223A2D302E3030333230303432343833353038353836392C2241445F5A223A2D302E31363538303836373736373333333938342C2254656D70447370223A302C22537461747573223A302C2243616C69625374617465223A312C22536967416D70496E76616C6964223A307D7D0F51
05-27 18:08:10.397   536   536 D commservice260303: bufferevent_write retrun value = 0
05-27 18:08:10.398   536   560 D commservice260303: client datas send succeed,send finish
05-27 18:08:10.398 13911 14192 D Sentinelmode_1.2.5.17_sentry: <SentryImuClusterFgeSender>imu_status sent to Linux, frame=192568, tsNs=8357631, tsMs=8, intervalMs=41, ad=(0.0046489686,-0.0032004248,-0.16580868), gd=(-0.011910884,0.0062610293,0.0023671966)
05-27 18:08:10.400  1008 30856 D [OMXB]  : usingANWBuffer: handle:0xee744b00, format:1, w:1920, h:1080
05-27 18:08:10.402   566 11459 I gps_hdbd: Received: '$GNGSA,A,1,,,,,,,,,,,,,,,,4*18
'
05-27 18:08:10.403   581   581 I SpiService: fgesysctrl_getGPIO_status success val=1
05-27 18:08:10.403   566 11459 I gps_hdbd: Received: '$BDGSV,1,1,00,1*75
'
05-27 18:08:10.404   572   622 I Sensors : 230 AccelSensor: x:-0.157379,y:0.003050,z:-9.962520
05-27 18:08:10.408 13911 14183 I SentryImuMcuAngleSender: 179.98245rollDeg
05-27 18:08:10.408 13911 14183 I SentryImuMcuAngleSender: 1,0,0
05-27 18:08:10.409   581   581 I SpiService: fgesysctrl_getGPIO_status success val=1
05-27 18:08:10.409   566 11459 I gps_hdbd: Received: '$BDGSV,1,1,00,5*71
'
05-27 18:08:10.410   566 11459 I gps_hdbd: Received: '$GPGSV,1,1,01,199,42,165,,1*60
'
05-27 18:08:10.410   566 11459 I gps_hdbd: Received: '$GPGSV,1,1,00,8*6D
'
05-27 18:08:10.413   299 30841 D EvsDriver: forwardFrame
05-27 18:08:10.413   299 30844 D EvsDriver: forwardFrame
05-27 18:08:10.415   581   581 I SpiService: fgesysctrl_getGPIO_status success val=0
05-27 18:08:10.415   299 30841 D EvsDriver: Delivered 0xb400007b7ca56a60 as id 0
05-27 18:08:10.415   299 30844 D EvsDriver: Delivered 0xb400007b7ca56900 as id 0
05-27 18:08:10.415  1167  1184 D evsmanagerd: /dev/video4 forwarded the buffer #0 to 0xb4000074bf5f6850 from 0xb4000074bf5f41d0
05-27 18:08:10.415  1167  1479 D evsmanagerd: /dev/video6 forwarded the buffer #0 to 0xb4000074bf5f5510 from 0xb4000074bf5f6d90
05-27 18:08:10.415   566 11459 I gps_hdbd: Received: '$GAGSV,1,1,00,7*73
'
05-27 18:08:10.418   299  1163 D EvsDriver: doneWithFrame
05-27 18:08:10.418   299  1153 D EvsDriver: doneWithFrame
05-27 18:08:10.423  1008 30857 D [OMXB]  : usingANWBuffer: handle:0xee741ae0, format:1, w:1920, h:1080
05-27 18:08:10.424   566 11459 I gps_hdbd: Received: '$GAGSV,1,1,00,1*75
'
05-27 18:08:10.424   566 11459 I gps_hdbd: Received: '$GNRMC,002401.000,V,,,,,,,270526,120.0,E,N,V*42
'
05-27 18:08:10.425   566 11459 I gps_hdbd: RMC : CALL gnss_sv_status_cb, view_in_sat <1>
05-27 18:08:10.425   566 11459 I gps_hdbd: [reportSvStatus]--->PLATFORM_BSP::Enter
05-27 18:08:10.425   566 11459 I gps_hdbd: hy abnormal deal:hy_cnr30_satellite_cnt=0
05-27 18:08:10.425   566 11459 D gps_hdbd: hy abnormal deal:hy_fixStatus_fail_count=0
05-27 18:08:10.426  1083  1083 W MyAppLog: [2026-05-27 18:08:10.425 W tboxap gpsSyncGpsInfoToDm:361] [Gps] [gpsSyncGpsInfoToDm] fix=0 mode=49 corner:0x01 alt=0.00 sat=0 hdop=0.00 pdop=0.00 vdop=0.00
05-27 18:08:10.426   566 11459 I gps_hdbd: Received: '$GNZDA,002401.000,27,05,2026,00,00*49
'
05-27 18:08:10.429   481   598 I mcuc    : rev,n=1,6AA681A85E001B8900D00600030E303132333435363738394142434445464700000005
05-27 18:08:10.429   351   373 D automotive.vehicle@2.0-adayo-datacomm-mcu: MCUDatacomm sendMessageFromVehicle prop: 0x89, areaId: 0x0, status: 0xd0, timestamp: 0x6
05-27 18:08:10.429   351   373 D automotive.vehicle@2.0-adayo-datacomm-mcu: MCUDatacomm 1sendMessageFromVehicle ---> type = 3 
05-27 18:08:10.429   351   373 D automotive.vehicle@2.0-adayo-func-bcm: sendMessageFromVehicle sendMessageFromVehicle
05-27 18:08:10.429   351   516 D automotive.vehicle@2.0-adayo-func-bcm: jjfan1 ______procotolSize :1
05-27 18:08:10.429   351   516 D automotive.vehicle@2.0-adayo-func-bcm: BCMFunc sendMessageFromVehicle_l dataType: 13,mByte=7,propid=0x2110001a
05-27 18:08:10.430   351   516 D automotive.vehicle@2.0-adayo-func-bcm: BCMFunc VEHICLE_VIN_CODE111 0x2110001a 
05-27 18:08:10.430   351   516 E automotive.vehicle@2.0-adayo-func-bcm: byteArrayToASCIIString, index 7 hex: 30, ascii: 0
--------- beginning of kernel
05-27 07:59:19.800   581   581 D spi_rst_gpio_get_output: GPIO 145 value: 1
05-27 18:08:10.430   351   516 E automotive.vehicle@2.0-adayo-func-bcm: byteArrayToASCIIString, index 8 hex: 31, ascii: 01
05-27 18:08:10.430   351   516 E automotive.vehicle@2.0-adayo-func-bcm: byteArrayToASCIIString, index 9 hex: 32, ascii: 012
05-27 18:08:10.430   351   516 E automotive.vehicle@2.0-adayo-func-bcm: byteArrayToASCIIString, index 10 hex: 33, ascii: 0123
05-27 18:08:10.430   351   516 E automotive.vehicle@2.0-adayo-func-bcm: byteArrayToASCIIString, index 11 hex: 34, ascii: 01234
05-27 18:08:10.430   351   516 E automotive.vehicle@2.0-adayo-func-bcm: byteArrayToASCIIString, index 12 hex: 35, ascii: 012345
05-27 18:08:10.430   351   516 E automotive.vehicle@2.0-adayo-func-bcm: byteArrayToASCIIString, index 13 hex: 36, ascii: 0123456
05-27 18:08:10.430   351   516 E automotive.vehicle@2.0-adayo-func-bcm: byteArrayToASCIIString, index 14 hex: 37, ascii: 01234567
05-27 18:08:10.430   351   516 E automotive.vehicle@2.0-adayo-func-bcm: byteArrayToASCIIString, index 15 hex: 38, ascii: 012345678
05-27 18:08:10.430   351   516 E automotive.vehicle@2.0-adayo-func-bcm: byteArrayToASCIIString, index 16 hex: 39, ascii: 0123456789
05-27 18:08:10.430   351   516 E automotive.vehicle@2.0-adayo-func-bcm: byteArrayToASCIIString, index 17 hex: 41, ascii: 0123456789A
05-27 18:08:10.430   351   516 E automotive.vehicle@2.0-adayo-func-bcm: byteArrayToASCIIString, index 18 hex: 42, ascii: 0123456789AB
05-27 18:08:10.430   351   516 E automotive.vehicle@2.0-adayo-func-bcm: byteArrayToASCIIString, index 19 hex: 43, ascii: 0123456789ABC
05-27 18:08:10.430   351   516 E automotive.vehicle@2.0-adayo-func-bcm: byteArrayToASCIIString, index 20 hex: 44, ascii: 0123456789ABCD
05-27 18:08:10.430   351   516 E automotive.vehicle@2.0-adayo-func-bcm: byteArrayToASCIIString, index 21 hex: 45, ascii: 0123456789ABCDE
05-27 18:08:10.430   351   516 E automotive.vehicle@2.0-adayo-func-bcm: byteArrayToASCIIString, index 22 hex: 46, ascii: 0123456789ABCDEF
05-27 18:08:10.430 13911 14183 I SentryImuMcuAngleSender: 179.97194rollDeg
05-27 18:08:10.430   351   516 E automotive.vehicle@2.0-adayo-func-bcm: byteArrayToASCIIString, index 23 hex: 47, ascii: 0123456789ABCDEFG
05-27 18:08:10.430   351   516 D automotive.vehicle@2.0-adayo-func-bcm: BCMFunc VEHICLE_VIN_CODE222 0x2110001a ,value:0123456789ABCDEFG
05-27 18:08:10.430   351   516 D automotive.vehicle@2.0-adayo-func-bcm: BCMFunc sendMessageFromVehicle_l id:554696730, area:0 not report! 
05-27 18:08:10.430 13911 14183 I SentryImuMcuAngleSender: 1,0,0
05-27 18:08:10.431   581   581 I SpiService: fgesysctrl_getGPIO_status success val=1
05-27 07:59:19.800   581   581 D spidev_ioctl: gpio status=1)
05-27 07:59:19.802   280   280 W logd    : Skipping entries from slow reader, pid 14249, fd 17, from LogBuffer::Prune()
05-27 18:08:10.434 20068 20095 D ANWStack: Realtek Bluetooth :01 01 10 00
05-27 18:08:10.436   581   581 I SpiService: fgesysctrl_getGPIO_status success val=1
05-27 18:08:10.437   536   536 D commservice260303: msg.id = 1028,0
05-27 18:08:10.437   536   536 D commservice260303: i = 170, msgid = 8A000404
05-27 18:08:10.437   536   536 D commservice260303: msgid = -1979710460,did=138
05-27 18:08:10.437   536   536 D commservice260303: CommProtocolLibCmdBaseI2C::dataproc {"command":{"id":"imu_status","sub":""},"content":{"TimeStamp":8,"FrameCounter":192569,"GD_X":-0.01091896090656519,"GD_Y":0.0048857564106583595,"GD_Z":0.0017560218693688512,"AD_X":0.009453773498535156,"AD_Y":0.0016744823660701513,"AD_Z":-0.15848445892333984,"TempDsp":0,"Status":0,"CalibState":1,"SigAmpInvalid":0}},-1979710460
05-27 18:08:10.437   536   536 D commservice260303: send2Cluster len:315, 7B22636F6D6D616E64223A7B226964223A22696D755F737461747573222C22737562223A22227D2C22636F6E74656E74223A7B2254696D655374616D70223A382C224672616D65436F756E746572223A3139323536392C2247445F58223A2D302E30313039313839363039303635363531392C2247445F59223A302E303034383835373536343130363538333539352C2247445F5A223A302E303031373536303231383639333638383531322C2241445F58223A302E3030393435333737333439383533353135362C2241445F59223A302E303031363734343832333636303730313531332C2241445F5A223A2D302E31353834383434353839323333333938342C2254656D70447370223A302C22537461747573223A302C2243616C69625374617465223A312C22536967416D70496E76616C6964223A307D7D, 138 
05-27 18:08:10.437   536   536 D commservice260303: Push Message into SendPool fn=1076626176
05-27 18:08:10.437   536   536 D commservice260303: ComProtocolLibSend2Cluster::send2ClusterRaw fn=1076626176 , len=331
05-27 18:08:10.437   536   536 D commservice260303: sendCmdToPort :331!!!
05-27 18:08:10.437   536   536 D commservice260303: send Cmd To Port ++++5AA501478A0100032C406A16C28A7B22636F6D6D616E64223A7B226964223A22696D755F737461747573222C22737562223A22227D2C22636F6E74656E74223A7B2254696D655374616D70223A382C224672616D65436F756E746572223A3139323536392C2247445F58223A2D302E30313039313839363039303635363531392C2247445F59223A302E303034383835373536343130363538333539352C2247445F5A223A302E303031373536303231383639333638383531322C2241445F58223A302E3030393435333737333439383533353135362C2241445F59223A302E303031363734343832333636303730313531332C2241445F5A223A2D302E31353834383434353839323333333938342C2254656D70447370223A302C22537461747573223A302C2243616C69625374617465223A312C22536967416D70496E76616C6964223A307D7DB15D
05-27 18:08:10.437   536   536 D commservice260303: bufferevent_write retrun value = 0
05-27 18:08:10.438 13911 14192 D Sentinelmode_1.2.5.17_sentry: <SentryImuClusterFgeSender>imu_status sent to Linux, frame=192569, tsNs=8357668, tsMs=8, intervalMs=40, ad=(0.0094537735,0.0016744824,-0.15848446), gd=(-0.010918961,0.0048857564,0.0017560219)
05-27 18:08:10.438   536   560 D commservice260303: client datas send succeed,send finish
05-27 18:08:10.438  1008 30856 D [OMXB]  : usingANWBuffer: handle:0xee741c40, format:1, w:1920, h:1080
05-27 18:08:10.442   581   581 I SpiService: fgesysctrl_getGPIO_status success val=1
--------- beginning of system
05-27 18:08:10.444 10188 11505 E SSense.fps: We could not find the file :/sys/class/display/dispc0/frame_count
05-27 18:08:10.445   299 30841 D EvsDriver: forwardFrame
05-27 18:08:10.447   299 30841 D EvsDriver: Delivered 0xb400007b7ca56a60 as id 0
05-27 18:08:10.448   581   581 I SpiService: fgesysctrl_getGPIO_status success val=1
05-27 18:08:10.448  1167  1184 D evsmanagerd: /dev/video4 forwarded the buffer #0 to 0xb4000074bf5f6850 from 0xb4000074bf5f41d0
05-27 18:08:10.449   299 30844 D EvsDriver: forwardFrame
05-27 18:08:10.451   566 11459 I gps_hdbd: Received: '$GNINS,1,1,TYPE,I,V,002401.000,16952000,FUS,-13,0,0,0,MOT,V,1,PATT,0.00,0.00,0.00,VEL,0.000,0.000,0.000,POS,40.0001330924,116.0001570688,84.176,IIA,1,0.00,0.00,0.00,BGA,0.31,-0.66,-0.13,0.000,0.000,0.000,IGA,0,-1,0,0,-2,98,VG,16c2ff1*2C
'
05-27 18:08:10.451 13911 14183 I SentryImuMcuAngleSender: 179.97194rollDeg
05-27 18:08:10.451 13911 14183 I SentryImuMcuAngleSender: 1,0,0
05-27 18:08:10.452  1167  1479 D evsmanagerd: /dev/video6 forwarded the buffer #0 to 0xb4000074bf5f5510 from 0xb4000074bf5f6d90
05-27 18:08:10.452   299 30844 D EvsDriver: Delivered 0xb400007b7ca56900 as id 0
05-27 18:08:10.452   299  1153 D EvsDriver: doneWithFrame
05-27 18:08:10.454   581   581 I SpiService: fgesysctrl_getGPIO_status success val=0
05-27 18:08:10.454   481   597 I mcuc    : send SPI:6AA602A85E000289006D
05-27 18:08:10.456   299  1153 D EvsDriver: doneWithFrame
05-27 18:08:10.457   566 11459 I gps_hdbd: Received: '$GNINS,CARSPEED,ADR_STATUS,0,Pulse_count,0,1,0,0,16952000,83370,0.000,0.000,0.000*30
'
05-27 18:08:10.461   566 11459 I gps_hdbd: Received: '$GNTXT,04,01,04,INS,V,1,,,,FLG,1,000000,1,0,1,0,0,Con,0*71
'
05-27 18:08:10.466  1008 30857 D [OMXB]  : usingANWBuffer: handle:0xee742b60, format:1, w:1920, h:1080
05-27 18:08:10.467   566 11459 I gps_hdbd: Received: '$GNTXT,INSTALL,0.00,0.00,0.00,0.00,0.00,0.00,0*20
'
05-27 18:08:10.469   581   581 I SpiService: fgesysctrl_getGPIO_status success val=1
05-27 18:08:10.472 13911 14183 I SentryImuMcuAngleSender: 179.97897rollDeg
05-27 18:08:10.472 13911 14183 I SentryImuMcuAngleSender: 1,0,0
05-27 18:08:10.475   581   581 I SpiService: fgesysctrl_getGPIO_status success val=1
05-27 18:08:10.476   299 30844 D EvsDriver: forwardFrame
05-27 18:08:10.477   566 11459 I gps_hdbd: nmea_cs <0> != calc_cs <49>, return -1
05-27 18:08:10.478   299 30844 D EvsDriver: Delivered 0xb400007b7ca56900 as id 0
05-27 18:08:10.478   283   307 I rvcservice: t.code = 2, t.value = 9983260
05-27 18:08:10.478  1167  1479 D evsmanagerd: /dev/video6 forwarded the buffer #0 to 0xb4000074bf5f5510 from 0xb4000074bf5f6d90
05-27 07:59:19.806   581   581 D spi_rst_gpio_get_output: GPIO 145 value: 1
05-27 18:08:10.478 30773 30773 E dvr_service_: [myNum:1] Received S**** loss
05-27 18:08:10.478   299  1153 D EvsDriver: doneWithFrame
05-27 18:08:10.478   536   536 D commservice260303: msg.id = 1028,1
05-27 18:08:10.478   536   536 D commservice260303: i = 170, msgid = 8A000404
05-27 18:08:10.479   536   536 D commservice260303: msgid = -1979710460,did=138
05-27 18:08:10.479   536   536 D commservice260303: CommProtocolLibCmdBaseI2C::dataproc {"command":{"id":"imu_status","sub":""},"content":{"TimeStamp":8,"FrameCounter":192570,"GD_X":-0.011682018637657166,"GD_Y":0.00519212381914258,"GD_Z":0.002519079949706793,"AD_X":0.0020594000816345215,"AD_Y":-0.001983287977054715,"AD_Z":-0.1706838607788086,"TempDsp":0,"Status":0,"CalibState":1,"SigAmpInvalid":0}},-1979710460
05-27 18:08:10.479   536   536 D commservice260303: send2Cluster len:313, 7B22636F6D6D616E64223A7B226964223A22696D755F737461747573222C22737562223A22227D2C22636F6E74656E74223A7B2254696D655374616D70223A382C224672616D65436F756E746572223A3139323537302C2247445F58223A2D302E3031313638323031383633373635373136362C2247445F59223A302E30303531393231323338313931343235382C2247445F5A223A302E3030323531393037393934393730363739332C2241445F58223A302E303032303539343030303831363334353231352C2241445F59223A2D302E3030313938333238373937373035343731352C2241445F5A223A2D302E313730363833383630373738383038362C2254656D70447370223A302C22537461747573223A302C2243616C69625374617465223A312C22536967416D70496E76616C6964223A307D7D, 138 
05-27 18:08:10.479   536   536 D commservice260303: Push Message into SendPool fn=1093403392
05-27 18:08:10.479   536   536 D commservice260303: ComProtocolLibSend2Cluster::send2ClusterRaw fn=1093403392 , len=329
05-27 18:08:10.479   536   536 D commservice260303: sendCmdToPort :329!!!
05-27 18:08:10.479   536   536 D commservice260303: send Cmd To Port ++++5AA501458A0100032C416A16C28A7B22636F6D6D616E64223A7B226964223A22696D755F737461747573222C22737562223A22227D2C22636F6E74656E74223A7B2254696D655374616D70223A382C224672616D65436F756E746572223A3139323537302C2247445F58223A2D302E3031313638323031383633373635373136362C2247445F59223A302E30303531393231323338313931343235382C2247445F5A223A302E3030323531393037393934393730363739332C2241445F58223A302E303032303539343030303831363334353231352C2241445F59223A2D302E3030313938333238373937373035343731352C2241445F5A223A2D302E313730363833383630373738383038362C2254656D70447370223A302C22537461747573223A302C2243616C69625374617465223A312C22536967416D70496E76616C6964223A307D7DE599
05-27 18:08:10.479   536   536 D commservice260303: bufferevent_write retrun value = 0
05-27 18:08:10.479   536   560 D commservice260303: client datas send succeed,send finish
05-27 18:08:10.479  1008 30856 D [OMXB]  : usingANWBuffer: handle:0xee7407a0, format:1, w:1920, h:1080
05-27 18:08:10.480 13911 14192 D Sentinelmode_1.2.5.17_sentry: <SentryImuClusterFgeSender>imu_status sent to Linux, frame=192570, tsNs=8357723, tsMs=8, intervalMs=42, ad=(0.0020594,-0.001983288,-0.17068386), gd=(-0.011682019,0.005192124,0.00251908)
05-27 18:08:10.480   581   581 I SpiService: fgesysctrl_getGPIO_status success val=1
05-27 18:08:10.483 13911 14183 I SentryImuMcuAngleSender: [4, 18, 1, 0, 0],5
05-27 18:08:10.483 13911 14183 I McuCommManager: mcuCommSendcmd [4, 18, 1, 0, 0]
05-27 18:08:10.484   299 30841 D EvsDriver: forwardFrame
05-27 18:08:10.486   572   572 I Sensors : 230 GyroSensor: x:-0.012522,y:0.004886,z:0.002443
05-27 18:08:10.486   299 30841 D EvsDriver: Delivered 0xb400007b7ca56a60 as id 0
05-27 18:08:10.486   581   581 I SpiService: fgesysctrl_getGPIO_status success val=1
05-27 18:08:10.486 13911 14183 I SentryImuMcuAngleSender: true
05-27 18:08:10.487 13911 14183 W Sentinelmode_1.2.5.17_sentry: <SentryImuMcuAngleSender>MCU IMU send interval abnormal: 1002ms
05-27 18:08:10.487  1167  1479 D evsmanagerd: /dev/video4 forwarded the buffer #0 to 0xb4000074bf5f6850 from 0xb4000074bf5f41d0
05-27 18:08:10.487 30773 30773 E dvr_service_: [myNum:0] Received S**** loss
05-27 18:08:10.487   299  1153 D EvsDriver: doneWithFrame
05-27 18:08:10.492   581   581 I SpiService: fgesysctrl_getGPIO_status success val=0
05-27 18:08:10.492   481   597 I mcuc    : send SPI:6AA6005B7F000504120100000A
05-27 18:08:10.493 13911 14183 I SentryImuMcuAngleSender: 179.986rollDeg
05-27 18:08:10.493 13911 14183 I SentryImuMcuAngleSender: 1,0,0
05-27 18:08:10.495  1008 30857 D [OMXB]  : usingANWBuffer: handle:0xee743870, format:1, w:1920, h:1080
05-27 18:08:10.506   581   581 I SpiService: fgesysctrl_getGPIO_status success val=1
05-27 18:08:10.511  1008 30856 D [OMXB]  : usingANWBuffer: handle:0xee740dd0, format:1, w:1920, h:1080
05-27 18:08:10.512   581   581 I SpiService: fgesysctrl_getGPIO_status success val=1
05-27 18:08:10.513 30773 30789 I dvr_service_: Camera 0: MediaOK:61970667, frames:1440, isKeyFrame:0,pts:8357647212
05-27 18:08:10.513   299 30841 D EvsDriver: forwardFrame
05-27 18:08:10.513 13911 14183 I SentryImuMcuAngleSender: 179.96147rollDeg
05-27 18:08:10.513 13911 14183 I SentryImuMcuAngleSender: 1,0,0
05-27 18:08:10.516   299 30841 D EvsDriver: Delivered 0xb400007b7ca56a60 as id 0
05-27 18:08:10.516  1167  1479 D evsmanagerd: /dev/video4 forwarded the buffer #0 to 0xb4000074bf5f6850 from 0xb4000074bf5f41d0
05-27 18:08:10.516   299 30844 D EvsDriver: forwardFrame
05-27 18:08:10.519   581   581 I SpiService: fgesysctrl_getGPIO_status success val=1
05-27 18:08:10.520  1167  1479 D evsmanagerd: /dev/video6 forwarded the buffer #0 to 0xb4000074bf5f5510 from 0xb4000074bf5f6d90
05-27 18:08:10.520   299 30844 D EvsDriver: Delivered 0xb400007b7ca56900 as id 0
05-27 18:08:10.522   536   536 D commservice260303: msg.id = 1028,1
05-27 18:08:10.522   536   536 D commservice260303: i = 170, msgid = 8A000404
05-27 18:08:10.522   536   536 D commservice260303: msgid = -1979710460,did=138
05-27 18:08:10.522   536   536 D commservice260303: CommProtocolLibCmdBaseI2C::dataproc {"command":{"id":"imu_status","sub":""},"content":{"TimeStamp":8,"FrameCounter":192571,"GD_X":-0.011987865902483463,"GD_Y":0.0057257963344454765,"GD_Z":0.002213752595707774,"AD_X":-0.008290618658065796,"AD_Y":0.0034981844946742058,"AD_Z":-0.172515869140625,"TempDsp":0,"Status":0,"CalibState":1,"SigAmpInvalid":0}},-1979710460
05-27 18:08:10.522   536   536 D commservice260303: send2Cluster len:314, 7B22636F6D6D616E64223A7B226964223A22696D755F737461747573222C22737562223A22227D2C22636F6E74656E74223A7B2254696D655374616D70223A382C224672616D65436F756E746572223A3139323537312C2247445F58223A2D302E3031313938373836353930323438333436332C2247445F59223A302E303035373235373936333334343435343736352C2247445F5A223A302E3030323231333735323539353730373737342C2241445F58223A2D302E3030383239303631383635383036353739362C2241445F59223A302E303033343938313834343934363734323035382C2241445F5A223A2D302E3137323531353836393134303632352C2254656D70447370223A302C22537461747573223A302C2243616C69625374617465223A312C22536967416D70496E76616C6964223A307D7D, 138 
05-27 18:08:10.522   536   536 D commservice260303: Push Message into SendPool fn=1110180608
05-27 18:08:10.522   536   536 D commservice260303: ComProtocolLibSend2Cluster::send2ClusterRaw fn=1110180608 , len=330
05-27 18:08:10.522   536   536 D commservice260303: sendCmdToPort :330!!!
05-27 18:08:10.522   536   536 D commservice260303: send Cmd To Port ++++5AA501468A0100032C426A16C28A7B22636F6D6D616E64223A7B226964223A22696D755F737461747573222C22737562223A22227D2C22636F6E74656E74223A7B2254696D655374616D70223A382C224672616D65436F756E746572223A3139323537312C2247445F58223A2D302E3031313938373836353930323438333436332C2247445F59223A302E303035373235373936333334343435343736352C2247445F5A223A302E3030323231333735323539353730373737342C2241445F58223A2D302E3030383239303631383635383036353739362C2241445F59223A302E303033343938313834343934363734323035382C2241445F5A223A2D302E3137323531353836393134303632352C2254656D70447370223A302C22537461747573223A302C2243616C69625374617465223A312C22536967416D70496E76616C6964223A307D7D298B
05-27 18:08:10.523   536   536 D commservice260303: bufferevent_write retrun value = 0
05-27 18:08:10.523   536   560 D commservice260303: client datas send succeed,send finish
05-27 18:08:10.523 13911 14192 D Sentinelmode_1.2.5.17_sentry: <SentryImuClusterFgeSender>imu_status sent to Linux, frame=192571, tsNs=8357753, tsMs=8, intervalMs=44, ad=(-0.008290619,0.0034981845,-0.17251587), gd=(-0.011987866,0.0057257963,0.0022137526)
05-27 18:08:10.524   299  1153 D EvsDriver: doneWithFrame
05-27 18:08:10.524   299  1163 D EvsDriver: doneWithFrame
05-27 18:08:10.525   581   581 I SpiService: fgesysctrl_getGPIO_status success val=1
05-27 18:08:10.529 13911 14131 D SVR_MNG_SvrMngProxy: getServer: mSvrManger is null
05-27 18:08:10.529 13911 14131 D SVR_MNG_SvrMngProxy: getNewStub: 
05-27 18:08:10.529 13911 14131 D SVR_MNG_SvrMngProxy: getNewStub: getSvrManagerService start
05-27 18:08:10.530 13911 14131 D SVR_MNG_SvrMngProxy: getNewStub: getSvrManagerService end
05-27 18:08:10.530 13911 14131 D SVR_MNG_SvrMngProxy: getServer: svrMngService doesn't start
05-27 07:59:19.806   581   581 D spidev_ioctl: gpio status=1)
05-27 18:08:10.531   581   581 I SpiService: fgesysctrl_getGPIO_status success val=1
05-27 18:08:10.533  1008 30857 D [OMXB]  : usingANWBuffer: handle:0xee743c90, format:1, w:1920, h:1080
05-27 18:08:10.534 13911 14183 I SentryImuMcuAngleSender: 179.95094rollDeg
05-27 18:08:10.534 13911 14183 I SentryImuMcuAngleSender: 1,0,0
05-27 18:08:10.536   581   581 I SpiService: fgesysctrl_getGPIO_status success val=0
05-27 18:08:10.541 30773 30786 I dvr_service_: CameraX 0  audioOK: 61854637,audios:920
05-27 18:08:10.541 30773 30786 I dvr_service_: CameraX 1  audioOK: 61854637,audios:920
05-27 18:08:10.544   536   760 I commservice260303: [mcuCommFunctionTcp::ProtocolCheckConnectTimeOutProc:613] keyID:256,tcpEvent:5,tcpcount:0,heartbeat:1,noHeartBeatNumber:0,endispatch:0,strState:0
05-27 18:08:10.544   536   760 D commservice260303: ProtocolCheckConnectTimeOutProc,629,clear heartbeat
05-27 18:08:10.551   581   581 I SpiService: fgesysctrl_getGPIO_status success val=1
05-27 18:08:10.551   481   598 I mcuc    : rev,n=1,6AA681A85F000A89007F010409211234569B
05-27 18:08:10.551  1121  1144 I tboxmids_ap: [2026-05-27 18:08:10.551] [MCU RX] src=MCU dst=ZMQ len=10 type=BINARY data=00 08 7F 01 04 09 21 12 34 56 
05-27 18:08:10.551   351   373 D automotive.vehicle@2.0-adayo-datacomm-mcu: MCUDatacomm sendMessageFromVehicle prop: 0x89, areaId: 0x0, status: 0x7f, timestamp: 0x1
05-27 18:08:10.551   351   373 D automotive.vehicle@2.0-adayo-datacomm-mcu: MCUDatacomm 1sendMessageFromVehicle ---> type = 12 
05-27 18:08:10.552  1083  1083 I MyAppLog: [2026-05-27 18:08:10.551 I tboxap mcuCommTboxmidsRecvCb:97] [Mcu] [mcuCommTboxmidsRecvCb] recv from tboxmids, size:10
05-27 18:08:10.552  1083  1083 I MyAppLog: [2026-05-27 18:08:10.551 I tboxap mcuCommTboxmidsRecvCb:98] [Mcu] [tboxmids -> tboxap]: :00 08 7F 01 04 09 21 12 34 56
