05-27 18:08:13.069   536   536 D commservice260303: send Cmd To Port ++++5AA501498A0100032C816A16C28D7B22636F6D6D616E64223A7B226964223A22696D755F737461747573222C22737562223A22227D2C22636F6E74656E74223A7B2254696D655374616D70223A382C224672616D65436F756E746572223A3139323633332C2247445F58223A2D302E3031313337373231313636303134363731332C2247445F59223A302E3030363333363937313138363130313433372C2247445F5A223A302E303031363033303938313230353430333830352C2241445F58223A2D302E303032373230383137393233353435383337342C2241445F59223A2D302E3030353838373339373536343934373630352C2241445F5A223A2D302E31373139303833373836303130373432322C2254656D70447370223A302C22537461747573223A302C2243616C69625374617465223A312C22536967416D70496E76616C6964223A307D7D7FD0
05-27 18:08:13.069   536   536 D commservice260303: bufferevent_write retrun value = 0
05-27 18:08:13.069   536   560 D commservice260303: client datas send succeed,send finish
05-27 18:08:13.069 13911 14192 D Sentinelmode_1.2.5.17_sentry: <SentryImuClusterFgeSender>imu_status sent to Linux, frame=192633, tsNs=8360306, tsMs=8, intervalMs=38, ad=(-0.002720818,-0.0058873976,-0.17190838), gd=(-0.011377212,0.006336971,0.0016030981)
05-27 18:08:13.078   299 30844 D EvsDriver: forwardFrame
05-27 18:08:13.078   299 30841 D EvsDriver: forwardFrame
05-27 18:08:13.079   581   581 I SpiService: fgesysctrl_getGPIO_status success val=1
05-27 07:59:22.044   581   581 D spi_rst_gpio_get_output: GPIO 145 value: 1
05-27 07:59:22.044   581   581 D spidev_ioctl: gpio status=1)
05-27 18:08:13.081   299 30844 D EvsDriver: Delivered 0xb400007b7ca56900 as id 0
05-27 18:08:13.081  1167  1479 D evsmanagerd: /dev/video4 forwarded the buffer #0 to 0xb4000074bf5f6850 from 0xb4000074bf5f41d0
05-27 18:08:13.081  1167  1184 D evsmanagerd: /dev/video6 forwarded the buffer #0 to 0xb4000074bf5f5510 from 0xb4000074bf5f6d90
05-27 18:08:13.082 13911 14183 I SentryImuMcuAngleSender: 179.96846rollDeg
05-27 18:08:13.082 13911 14183 I SentryImuMcuAngleSender: 1,0,0
05-27 18:08:13.082   299 30841 D EvsDriver: Delivered 0xb400007b7ca56a60 as id 0
05-27 18:08:13.084   299  1153 D EvsDriver: doneWithFrame
05-27 18:08:13.084   299  1163 D EvsDriver: doneWithFrame
05-27 18:08:13.085   581   581 I SpiService: fgesysctrl_getGPIO_status success val=1
05-27 07:59:22.050   581   581 D spi_rst_gpio_get_output: GPIO 145 value: 1
05-27 07:59:22.050   581   581 D spidev_ioctl: gpio status=1)
05-27 18:08:13.089   283   307 I rvcservice: t.code = 3, t.value = 0
05-27 18:08:13.091   581   581 I SpiService: fgesysctrl_getGPIO_status success val=1
05-27 18:08:13.091  1008 30857 D [OMXB]  : usingANWBuffer: handle:0xee744000, format:1, w:1920, h:1080
05-27 07:59:22.055   581   581 D spi_rst_gpio_get_output: GPIO 145 value: 1
05-27 07:59:22.055   581   581 D spidev_ioctl: gpio status=1)
05-27 18:08:13.096   581   581 I SpiService: fgesysctrl_getGPIO_status success val=1
05-27 07:59:22.061   581   581 D spi_rst_gpio_get_output: GPIO 145 value: 1
05-27 07:59:22.061   581   581 D spidev_ioctl: gpio status=1)
05-27 18:08:13.101 30773 30786 I dvr_service_: CameraX 0  audioOK: 64414637,audios:960
05-27 18:08:13.102 30773 30786 I dvr_service_: CameraX 1  audioOK: 64414637,audios:960
05-27 18:08:13.102   581   581 I SpiService: fgesysctrl_getGPIO_status success val=0
05-27 18:08:13.103 13911 14183 I SentryImuMcuAngleSender: 179.93692rollDeg
05-27 18:08:13.103 13911 14183 I SentryImuMcuAngleSender: 1,0,0
05-27 07:59:22.066   581   581 D spi_rst_gpio_get_output: GPIO 145 value: 0
05-27 07:59:22.066   581   581 D spidev_ioctl: gpio status=0)
05-27 18:08:13.108   299 30844 D EvsDriver: forwardFrame
05-27 18:08:13.109   299 30841 D EvsDriver: forwardFrame
05-27 18:08:13.109  1167  1479 D evsmanagerd: /dev/video6 forwarded the buffer #0 to 0xb4000074bf5f5510 from 0xb4000074bf5f6d90
05-27 18:08:13.110   299 30844 D EvsDriver: Delivered 0xb400007b7ca56900 as id 0
05-27 18:08:13.110   536   536 D commservice260303: msg.id = 1028,1
05-27 18:08:13.110   536   536 D commservice260303: i = 170, msgid = 8A000404
05-27 18:08:13.110   536   536 D commservice260303: msgid = -1979710460,did=138
05-27 18:08:13.110   536   536 D commservice260303: CommProtocolLibCmdBaseI2C::dataproc {"command":{"id":"imu_status","sub":""},"content":{"TimeStamp":8,"FrameCounter":192634,"GD_X":-0.011300750076770782,"GD_Y":0.006261029280722141,"GD_Z":0.002213752595707774,"AD_X":-0.007573977112770081,"AD_Y":0.0075017958879470825,"AD_Z":-0.16825008392333984,"TempDsp":0,"Status":0,"CalibState":1,"SigAmpInvalid":0}},-1979710460
05-27 18:08:13.110   536   536 D commservice260303: send2Cluster len:315, 7B22636F6D6D616E64223A7B226964223A22696D755F737461747573222C22737562223A22227D2C22636F6E74656E74223A7B2254696D655374616D70223A382C224672616D65436F756E746572223A3139323633342C2247445F58223A2D302E3031313330303735303037363737303738322C2247445F59223A302E3030363236313032393238303732323134312C2247445F5A223A302E3030323231333735323539353730373737342C2241445F58223A2D302E3030373537333937373131323737303038312C2241445F59223A302E303037353031373935383837393437303832352C2241445F5A223A2D302E31363832353030383339323333333938342C2254656D70447370223A302C22537461747573223A302C2243616C69625374617465223A312C22536967416D70496E76616C6964223A307D7D, 138 
05-27 18:08:13.110   536   536 D commservice260303: Push Message into SendPool fn=-2111044864
05-27 18:08:13.110   536   536 D commservice260303: ComProtocolLibSend2Cluster::send2ClusterRaw fn=-2111044864 , len=331
05-27 18:08:13.111   299 30841 D EvsDriver: Delivered 0xb400007b7ca56a60 as id 0
05-27 18:08:13.111  1167  1479 D evsmanagerd: /dev/video4 forwarded the buffer #0 to 0xb4000074bf5f6850 from 0xb4000074bf5f41d0
05-27 18:08:13.111   536   536 D commservice260303: sendCmdToPort :331!!!
05-27 18:08:13.111   536   536 D commservice260303: send Cmd To Port ++++5AA501478A0100032C826A16C28D7B22636F6D6D616E64223A7B226964223A22696D755F737461747573222C22737562223A22227D2C22636F6E74656E74223A7B2254696D655374616D70223A382C224672616D65436F756E746572223A3139323633342C2247445F58223A2D302E3031313330303735303037363737303738322C2247445F59223A302E3030363236313032393238303732323134312C2247445F5A223A302E3030323231333735323539353730373737342C2241445F58223A2D302E3030373537333937373131323737303038312C2241445F59223A302E303037353031373935383837393437303832352C2241445F5A223A2D302E31363832353030383339323333333938342C2254656D70447370223A302C22537461747573223A302C2243616C69625374617465223A312C22536967416D70496E76616C6964223A307D7DDBDA
05-27 18:08:13.112   536   536 D commservice260303: bufferevent_write retrun value = 0
05-27 18:08:13.112   536   560 D commservice260303: client datas send succeed,send finish
05-27 18:08:13.114   299  1163 D EvsDriver: doneWithFrame
05-27 18:08:13.115  1008 30856 D [OMXB]  : usingANWBuffer: handle:0xee7454a0, format:1, w:1920, h:1080
05-27 18:08:13.115   299  1163 D EvsDriver: doneWithFrame
05-27 18:08:13.116   581   581 I SpiService: fgesysctrl_getGPIO_status success val=1
05-27 18:08:13.117 13911 14192 D Sentinelmode_1.2.5.17_sentry: <SentryImuClusterFgeSender>imu_status sent to Linux, frame=192634, tsNs=8360338, tsMs=8, intervalMs=48, ad=(-0.007573977,0.007501796,-0.16825008), gd=(-0.01130075,0.0062610293,0.0022137526)
05-27 07:59:22.081   581   581 D spi_rst_gpio_get_output: GPIO 145 value: 1
05-27 07:59:22.081   581   581 D spidev_ioctl: gpio status=1)
05-27 18:08:13.122   581   581 I SpiService: fgesysctrl_getGPIO_status success val=1
05-27 18:08:13.123 13911 14183 I SentryImuMcuAngleSender: 179.94742rollDeg
05-27 18:08:13.124 13911 14183 I SentryImuMcuAngleSender: 1,0,0
05-27 07:59:22.086   581   581 D spi_rst_gpio_get_output: GPIO 145 value: 1
05-27 07:59:22.087   581   581 D spidev_ioctl: gpio status=1)
05-27 18:08:13.127   581   581 I SpiService: fgesysctrl_getGPIO_status success val=1
05-27 07:59:22.092   581   581 D spi_rst_gpio_get_output: GPIO 145 value: 1
05-27 07:59:22.092   581   581 D spidev_ioctl: gpio status=1)
05-27 07:59:22.093     0     0 W         : c6 [    C6] Irq_monitor:Irq                                           IPI[1]occur        6629 times interval 1024 ms
05-27 18:08:13.133   581   581 I SpiService: fgesysctrl_getGPIO_status success val=1
05-27 07:59:22.097   581   581 D spi_rst_gpio_get_output: GPIO 145 value: 1
05-27 07:59:22.097   581   581 D spidev_ioctl: gpio status=1)
05-27 18:08:13.138   581   581 I SpiService: fgesysctrl_getGPIO_status success val=1
05-27 18:08:13.139  1008 30857 D [OMXB]  : usingANWBuffer: handle:0xee740220, format:1, w:1920, h:1080
05-27 07:59:22.103   581   581 D spi_rst_gpio_get_output: GPIO 145 value: 1
05-27 07:59:22.103   581   581 D spidev_ioctl: gpio status=1)
05-27 18:08:13.141   299 30844 D EvsDriver: forwardFrame
05-27 18:08:13.142   299 30844 D EvsDriver: Delivered 0xb400007b7ca56900 as id 0
05-27 18:08:13.143  1167  1479 D evsmanagerd: /dev/video6 forwarded the buffer #0 to 0xb4000074bf5f5510 from 0xb4000074bf5f6d90
05-27 18:08:13.143   572   622 I Sensors : 230 AccelSensor: x:-0.166530,y:0.003050,z:-9.968620
05-27 18:08:13.143 30773 30781 E dvr_service_: [myNum:1] Received S**** loss
05-27 18:08:13.143   581   581 I SpiService: fgesysctrl_getGPIO_status success val=1
05-27 18:08:13.143   299  1163 D EvsDriver: doneWithFrame
05-27 18:08:13.144 13911 14183 I SentryImuMcuAngleSender: 179.98247rollDeg
05-27 18:08:13.144 13911 14183 I SentryImuMcuAngleSender: 1,0,0
05-27 07:59:22.108   581   581 D spi_rst_gpio_get_output: GPIO 145 value: 1
05-27 07:59:22.108   581   581 D spidev_ioctl: gpio status=1)
05-27 18:08:13.146   299 30841 D EvsDriver: forwardFrame
05-27 18:08:13.147   299 30841 D EvsDriver: Delivered 0xb400007b7ca56a60 as id 0
05-27 18:08:13.148  1167  1479 D evsmanagerd: /dev/video4 forwarded the buffer #0 to 0xb4000074bf5f6850 from 0xb4000074bf5f41d0
05-27 18:08:13.148 30773 30781 E dvr_service_: [myNum:0] Received S**** loss
05-27 18:08:13.148   299  1163 D EvsDriver: doneWithFrame
05-27 18:08:13.149   581   581 I SpiService: fgesysctrl_getGPIO_status success val=0
05-27 18:08:13.150 13911 13911 I Sentinelmode_1.2.5.17_sentry: <SentinelCarServiceManager>sensorType:291504647
05-27 18:08:13.150   536   536 D commservice260303: msg.id = 1028,0
05-27 18:08:13.150   536   536 D commservice260303: i = 170, msgid = 8A000404
05-27 18:08:13.150   536   536 D commservice260303: msgid = -1979710460,did=138
05-27 18:08:13.150   536   536 D commservice260303: CommProtocolLibCmdBaseI2C::dataproc {"command":{"id":"imu_status","sub":""},"content":{"TimeStamp":8,"FrameCounter":192635,"GD_X":-0.012139749713242054,"GD_Y":0.004428025335073471,"GD_Z":0.002747945487499237,"AD_X":-8.67307186126709E-4,"AD_Y":-4.4870260171592236E-4,"AD_Z":-0.16336917877197266,"TempDsp":0,"Status":0,"CalibState":1,"SigAmpInvalid":0}},-1979710460
05-27 18:08:13.150   536   536 D commservice260303: send2Cluster len:315, 7B22636F6D6D616E64223A7B226964223A22696D755F737461747573222C22737562223A22227D2C22636F6E74656E74223A7B2254696D655374616D70223A382C224672616D65436F756E746572223A3139323633352C2247445F58223A2D302E3031323133393734393731333234323035342C2247445F59223A302E3030343432383032353333353037333437312C2247445F5A223A302E3030323734373934353438373439393233372C2241445F58223A2D382E3637333037313836313236373039452D342C2241445F59223A2D342E34383730323630313731353932323336452D342C2241445F5A223A2D302E31363333363931373837373139373236362C2254656D70447370223A302C22537461747573223A302C2243616C69625374617465223A312C22536967416D70496E76616C6964223A307D7D, 138 
05-27 18:08:13.150   536   536 D commservice260303: Push Message into SendPool fn=-2094267648
05-27 18:08:13.151   536   536 D commservice260303: ComProtocolLibSend2Cluster::send2ClusterRaw fn=-2094267648 , len=331
05-27 18:08:13.151   536   536 D commservice260303: sendCmdToPort :331!!!
05-27 18:08:13.151   536   536 D commservice260303: send Cmd To Port ++++5AA501478A0100032C836A16C28D7B22636F6D6D616E64223A7B226964223A22696D755F737461747573222C22737562223A22227D2C22636F6E74656E74223A7B2254696D655374616D70223A382C224672616D65436F756E746572223A3139323633352C2247445F58223A2D302E3031323133393734393731333234323035342C2247445F59223A302E3030343432383032353333353037333437312C2247445F5A223A302E3030323734373934353438373439393233372C2241445F58223A2D382E3637333037313836313236373039452D342C2241445F59223A2D342E34383730323630313731353932323336452D342C2241445F5A223A2D302E31363333363931373837373139373236362C2254656D70447370223A302C22537461747573223A302C2243616C69625374617465223A312C22536967416D70496E76616C6964223A307D7D97AC
05-27 18:08:13.151   536   536 D commservice260303: bufferevent_write retrun value = 0
05-27 18:08:13.151   536   560 D commservice260303: client datas send succeed,send finish
05-27 18:08:13.151 13911 14192 D Sentinelmode_1.2.5.17_sentry: <SentryImuClusterFgeSender>imu_status sent to Linux, frame=192635, tsNs=8360393, tsMs=8, intervalMs=34, ad=(-8.673072E-4,-4.487026E-4,-0.16336918), gd=(-0.01213975,0.0044280253,0.0027479455)
05-27 07:59:22.113   581   581 D spi_rst_gpio_get_output: GPIO 145 value: 0
05-27 07:59:22.113   581   581 D spidev_ioctl: gpio status=0)
05-27 18:08:13.163   581   581 I SpiService: fgesysctrl_getGPIO_status success val=1
05-27 18:08:13.164 13911 14183 I SentryImuMcuAngleSender: 179.98949rollDeg
05-27 18:08:13.164 13911 14183 I SentryImuMcuAngleSender: 1,0,0
05-27 07:59:22.127   581   581 D spi_rst_gpio_get_output: GPIO 145 value: 1
05-27 07:59:22.127   581   581 D spidev_ioctl: gpio status=1)
05-27 18:08:13.167  1008 30856 D [OMXB]  : usingANWBuffer: handle:0xee741400, format:1, w:1920, h:1080
05-27 18:08:13.168   581   581 I SpiService: fgesysctrl_getGPIO_status success val=1
05-27 07:59:22.133   581   581 D spi_rst_gpio_get_output: GPIO 145 value: 1
05-27 07:59:22.133   581   581 D spidev_ioctl: gpio status=1)
05-27 18:08:13.174   581   581 I SpiService: fgesysctrl_getGPIO_status success val=1
05-27 07:59:22.138   581   581 D spi_rst_gpio_get_output: GPIO 145 value: 1
05-27 07:59:22.138   581   581 D spidev_ioctl: gpio status=1)
05-27 18:08:13.179   299 30844 D EvsDriver: forwardFrame
05-27 18:08:13.179   581   581 I SpiService: fgesysctrl_getGPIO_status success val=1
05-27 18:08:13.180   299 30844 D EvsDriver: Delivered 0xb400007b7ca56900 as id 0
05-27 18:08:13.181  1167  1479 D evsmanagerd: /dev/video6 forwarded the buffer #0 to 0xb4000074bf5f5510 from 0xb4000074bf5f6d90
05-27 18:08:13.181   299 30841 D EvsDriver: forwardFrame
05-27 07:59:22.144   581   581 D spi_rst_gpio_get_output: GPIO 145 value: 1
05-27 07:59:22.144   581   581 D spidev_ioctl: gpio status=1)
05-27 18:08:13.183   299 30841 D EvsDriver: Delivered 0xb400007b7ca56a60 as id 0
05-27 18:08:13.184  1167  1479 D evsmanagerd: /dev/video4 forwarded the buffer #0 to 0xb4000074bf5f6850 from 0xb4000074bf5f41d0
05-27 18:08:13.184   299  1163 D EvsDriver: doneWithFrame
05-27 18:08:13.184 13911 14183 I SentryImuMcuAngleSender: 179.986rollDeg
05-27 18:08:13.185   581   581 I SpiService: fgesysctrl_getGPIO_status success val=0
05-27 18:08:13.185 13911 14183 I SentryImuMcuAngleSender: 1,0,0
05-27 18:08:13.188   299  1163 D EvsDriver: doneWithFrame
05-27 18:08:13.188  1008 30857 D [OMXB]  : usingANWBuffer: handle:0xee7469f0, format:1, w:1920, h:1080
05-27 07:59:22.149   581   581 D spi_rst_gpio_get_output: GPIO 145 value: 0
05-27 07:59:22.149   581   581 D spidev_ioctl: gpio status=0)
05-27 18:08:13.189   283   307 I rvcservice: t.code = 4, t.value = 0
05-27 18:08:13.190   536   536 D commservice260303: msg.id = 1028,0
05-27 18:08:13.190   536   536 D commservice260303: i = 170, msgid = 8A000404
05-27 18:08:13.190   536   536 D commservice260303: msgid = -1979710460,did=138
05-27 18:08:13.190   536   536 D commservice260303: CommProtocolLibCmdBaseI2C::dataproc {"command":{"id":"imu_status","sub":""},"content":{"TimeStamp":8,"FrameCounter":192636,"GD_X":-0.011147825978696346,"GD_Y":0.005268065724521875,"GD_Z":0.002747945487499237,"AD_X":-2.6977062225341797E-4,"AD_Y":-0.0010498526971787214,"AD_Z":-0.17007923126220703,"TempDsp":0,"Status":0,"CalibState":1,"SigAmpInvalid":0}},-1979710460
05-27 18:08:13.190   536   536 D commservice260303: send2Cluster len:317, 7B22636F6D6D616E64223A7B226964223A22696D755F737461747573222C22737562223A22227D2C22636F6E74656E74223A7B2254696D655374616D70223A382C224672616D65436F756E746572223A3139323633362C2247445F58223A2D302E3031313134373832353937383639363334362C2247445F59223A302E3030353236383036353732343532313837352C2247445F5A223A302E3030323734373934353438373439393233372C2241445F58223A2D322E36393737303632323235333431373937452D342C2241445F59223A2D302E303031303439383532363937313738373231342C2241445F5A223A2D302E31373030373932333132363232303730332C2254656D70447370223A302C22537461747573223A302C2243616C69625374617465223A312C22536967416D70496E76616C6964223A307D7D, 138 
05-27 18:08:13.191   536   536 D commservice260303: Push Message into SendPool fn=-2077490432
05-27 18:08:13.191   536   536 D commservice260303: ComProtocolLibSend2Cluster::send2ClusterRaw fn=-2077490432 , len=333
05-27 18:08:13.191   536   536 D commservice260303: sendCmdToPort :333!!!
05-27 18:08:13.191   536   536 D commservice260303: send Cmd To Port ++++5AA501498A0100032C846A16C28D7B22636F6D6D616E64223A7B226964223A22696D755F737461747573222C22737562223A22227D2C22636F6E74656E74223A7B2254696D655374616D70223A382C224672616D65436F756E746572223A3139323633362C2247445F58223A2D302E3031313134373832353937383639363334362C2247445F59223A302E3030353236383036353732343532313837352C2247445F5A223A302E3030323734373934353438373439393233372C2241445F58223A2D322E36393737303632323235333431373937452D342C2241445F59223A2D302E303031303439383532363937313738373231342C2241445F5A223A2D302E31373030373932333132363232303730332C2254656D70447370223A302C22537461747573223A302C2243616C69625374617465223A312C22536967416D70496E76616C6964223A307D7D0CD0
05-27 18:08:13.191   536   536 D commservice260303: bufferevent_write retrun value = 0
05-27 18:08:13.191   536   560 D commservice260303: client datas send succeed,send finish
05-27 18:08:13.192 13911 14192 D Sentinelmode_1.2.5.17_sentry: <SentryImuClusterFgeSender>imu_status sent to Linux, frame=192636, tsNs=8360427, tsMs=8, intervalMs=40, ad=(-2.6977062E-4,-0.0010498527,-0.17007923), gd=(-0.011147826,0.0052680657,0.0027479455)
05-27 18:08:13.200   581   581 I SpiService: fgesysctrl_getGPIO_status success val=1
05-27 07:59:22.164   581   581 D spi_rst_gpio_get_output: GPIO 145 value: 1
05-27 07:59:22.165   581   581 D spidev_ioctl: gpio status=1)
05-27 18:08:13.206 13911 14183 I SentryImuMcuAngleSender: 179.97899rollDeg
05-27 18:08:13.206   581   581 I SpiService: fgesysctrl_getGPIO_status success val=1
05-27 18:08:13.206 13911 14183 I SentryImuMcuAngleSender: 1,0,0
05-27 07:59:22.170   581   581 D spi_rst_gpio_get_output: GPIO 145 value: 1
05-27 07:59:22.170   581   581 D spidev_ioctl: gpio status=1)
05-27 18:08:13.210   299 30844 D EvsDriver: forwardFrame
05-27 18:08:13.211   299 30844 D EvsDriver: Delivered 0xb400007b7ca56900 as id 0
05-27 18:08:13.211  1167  1479 D evsmanagerd: /dev/video6 forwarded the buffer #0 to 0xb4000074bf5f5510 from 0xb4000074bf5f6d90
05-27 18:08:13.211   581   581 I SpiService: fgesysctrl_getGPIO_status success val=1
05-27 07:59:22.176   581   581 D spi_rst_gpio_get_output: GPIO 145 value: 1
05-27 07:59:22.176   581   581 D spidev_ioctl: gpio status=1)
05-27 18:08:13.214   299  1163 D EvsDriver: doneWithFrame
05-27 18:08:13.214  1008 30856 D [OMXB]  : usingANWBuffer: handle:0xee7437c0, format:1, w:1920, h:1080
05-27 18:08:13.217   581   581 I SpiService: fgesysctrl_getGPIO_status success val=1
05-27 18:08:13.218   299 30841 D EvsDriver: forwardFrame
05-27 07:59:22.182   581   581 D spi_rst_gpio_get_output: GPIO 145 value: 1
05-27 07:59:22.182   581   581 D spidev_ioctl: gpio status=1)
05-27 18:08:13.222   299 30841 D EvsDriver: Delivered 0xb400007b7ca56a60 as id 0
05-27 18:08:13.222  1167  1479 D evsmanagerd: /dev/video4 forwarded the buffer #0 to 0xb4000074bf5f6850 from 0xb4000074bf5f41d0
05-27 18:08:13.225   581   581 I SpiService: fgesysctrl_getGPIO_status success val=0
05-27 07:59:22.190   581   581 D spi_rst_gpio_get_output: GPIO 145 value: 0
05-27 07:59:22.190   581   581 D spidev_ioctl: gpio status=0)
05-27 18:08:13.226   299  1163 D EvsDriver: doneWithFrame
05-27 18:08:13.227 13911 14183 I SentryImuMcuAngleSender: 179.98248rollDeg
05-27 18:08:13.227 13911 14183 I SentryImuMcuAngleSender: 1,0,0
05-27 18:08:13.230   536   536 D commservice260303: msg.id = 1028,0
05-27 18:08:13.230   536   536 D commservice260303: i = 170, msgid = 8A000404
05-27 18:08:13.230   536   536 D commservice260303: msgid = -1979710460,did=138
05-27 18:08:13.230   536   536 D commservice260303: CommProtocolLibCmdBaseI2C::dataproc {"command":{"id":"imu_status","sub":""},"content":{"TimeStamp":8,"FrameCounter":192637,"GD_X":-0.010766036808490753,"GD_Y":0.004963258747011423,"GD_Z":0.0019079053308814764,"AD_X":0.0027461498975753784,"AD_Y":-4.3836329132318497E-4,"AD_Z":-0.16946887969970703,"TempDsp":0,"Status":0,"CalibState":1,"SigAmpInvalid":0}},-1979710460
05-27 18:08:13.231   572   572 I Sensors : 230 GyroSensor: x:-0.010842,y:0.005345,z:0.001985
05-27 18:08:13.231   536   536 D commservice260303: send2Cluster len:317, 7B22636F6D6D616E64223A7B226964223A22696D755F737461747573222C22737562223A22227D2C22636F6E74656E74223A7B2254696D655374616D70223A382C224672616D65436F756E746572223A3139323633372C2247445F58223A2D302E3031303736363033363830383439303735332C2247445F59223A302E3030343936333235383734373031313432332C2247445F5A223A302E303031393037393035333330383831343736342C2241445F58223A302E303032373436313439383937353735333738342C2241445F59223A2D342E33383336333239313332333138343937452D342C2241445F5A223A2D302E31363934363838373936393937303730332C2254656D70447370223A302C22537461747573223A302C2243616C69625374617465223A312C22536967416D70496E76616C6964223A307D7D, 138 
05-27 18:08:13.231   536   536 D commservice260303: Push Message into SendPool fn=-2060713216
05-27 18:08:13.231   536   536 D commservice260303: ComProtocolLibSend2Cluster::send2ClusterRaw fn=-2060713216 , len=333
05-27 18:08:13.231   536   536 D commservice260303: sendCmdToPort :333!!!
05-27 18:08:13.231   536   536 D commservice260303: send Cmd To Port ++++5AA501498A0100032C856A16C28D7B22636F6D6D616E64223A7B226964223A22696D755F737461747573222C22737562223A22227D2C22636F6E74656E74223A7B2254696D655374616D70223A382C224672616D65436F756E746572223A3139323633372C2247445F58223A2D302E3031303736363033363830383439303735332C2247445F59223A302E3030343936333235383734373031313432332C2247445F5A223A302E303031393037393035333330383831343736342C2241445F58223A302E303032373436313439383937353735333738342C2241445F59223A2D342E33383336333239313332333138343937452D342C2241445F5A223A2D302E31363934363838373936393937303730332C2254656D70447370223A302C22537461747573223A302C2243616C69625374617465223A312C22536967416D70496E76616C6964223A307D7D0428
05-27 18:08:13.231   536   536 D commservice260303: bufferevent_write retrun value = 0
05-27 18:08:13.231 13911 14192 D Sentinelmode_1.2.5.17_sentry: <SentryImuClusterFgeSender>imu_status sent to Linux, frame=192637, tsNs=8360464, tsMs=8, intervalMs=40, ad=(0.00274615,-4.383633E-4,-0.16946888), gd=(-0.010766037,0.0049632587,0.0019079053)
05-27 18:08:13.231   536   560 D commservice260303: client datas send succeed,send finish
05-27 18:08:13.237  1008 30857 D [OMXB]  : usingANWBuffer: handle:0xee7404e0, format:1, w:1920, h:1080
05-27 18:08:13.241   581   581 I SpiService: fgesysctrl_getGPIO_status success val=1
05-27 07:59:22.206   581   581 D spi_rst_gpio_get_output: GPIO 145 value: 1
05-27 07:59:22.206   581   581 D spidev_ioctl: gpio status=1)
05-27 18:08:13.247 13911 14183 I SentryImuMcuAngleSender: 179.99298rollDeg
05-27 18:08:13.247 13911 14183 I SentryImuMcuAngleSender: 1,0,0
05-27 18:08:13.247   581   581 I SpiService: fgesysctrl_getGPIO_status success val=1
05-27 18:08:13.247   299 30844 D EvsDriver: forwardFrame
05-27 18:08:13.248   299 30841 D EvsDriver: forwardFrame
05-27 18:08:13.248   299 30844 D EvsDriver: Delivered 0xb400007b7ca56900 as id 0
05-27 18:08:13.249  1167  1479 D evsmanagerd: /dev/video6 forwarded the buffer #0 to 0xb4000074bf5f5510 from 0xb4000074bf5f6d90
05-27 07:59:22.211   581   581 D spi_rst_gpio_get_output: GPIO 145 value: 1
05-27 07:59:22.211   581   581 D spidev_ioctl: gpio status=1)
05-27 18:08:13.252   299 30841 D EvsDriver: Delivered 0xb400007b7ca56a60 as id 0
05-27 18:08:13.252  1167  1479 D evsmanagerd: /dev/video4 forwarded the buffer #0 to 0xb4000074bf5f6850 from 0xb4000074bf5f41d0
05-27 07:59:22.217   581   581 D spi_rst_gpio_get_output: GPIO 145 value: 1
05-27 07:59:22.217   581   581 D spidev_ioctl: gpio status=1)
05-27 18:08:13.253   581   581 I SpiService: fgesysctrl_getGPIO_status success val=1
05-27 18:08:13.255   299  1163 D EvsDriver: doneWithFrame
05-27 18:08:13.255   299  1163 D EvsDriver: doneWithFrame
05-27 18:08:13.258   581   581 I SpiService: fgesysctrl_getGPIO_status success val=1
05-27 07:59:22.223   581   581 D spi_rst_gpio_get_output: GPIO 145 value: 1
05-27 07:59:22.223   581   581 D spidev_ioctl: gpio status=1)
05-27 18:08:13.261  1008 30856 D [OMXB]  : usingANWBuffer: handle:0xee740170, format:1, w:1920, h:1080
05-27 18:08:13.264   581   581 I SpiService: fgesysctrl_getGPIO_status success val=1
05-27 07:59:22.228   581   581 D spi_rst_gpio_get_output: GPIO 145 value: 1
05-27 07:59:22.228   581   581 D spidev_ioctl: gpio status=1)
05-27 18:08:13.267 13911 14183 I SentryImuMcuAngleSender: 179.97195rollDeg
05-27 18:08:13.267 13911 14183 I SentryImuMcuAngleSender: 1,0,0
05-27 18:08:13.269   581   581 I SpiService: fgesysctrl_getGPIO_status success val=0
05-27 18:08:13.270   536   536 D commservice260303: msg.id = 1028,0
05-27 18:08:13.270   536   536 D commservice260303: i = 170, msgid = 8A000404
05-27 18:08:13.270   536   536 D commservice260303: msgid = -1979710460,did=138
05-27 18:08:13.270   536   536 D commservice260303: CommProtocolLibCmdBaseI2C::dataproc {"command":{"id":"imu_status","sub":""},"content":{"TimeStamp":8,"FrameCounter":192638,"GD_X":-0.01153013575822115,"GD_Y":0.00549693126231432,"GD_Z":0.001679039909504354,"AD_X":-0.003964424133300781,"AD_Y":0.0013978860806673765,"AD_Z":-0.16397953033447266,"TempDsp":0,"Status":0,"CalibState":1,"SigAmpInvalid":0}},-1979710460
05-27 18:08:13.271   536   536 D commservice260303: send2Cluster len:313, 7B22636F6D6D616E64223A7B226964223A22696D755F737461747573222C22737562223A22227D2C22636F6E74656E74223A7B2254696D655374616D70223A382C224672616D65436F756E746572223A3139323633382C2247445F58223A2D302E30313135333031333537353832323131352C2247445F59223A302E30303534393639333132363233313433322C2247445F5A223A302E3030313637393033393930393530343335342C2241445F58223A2D302E3030333936343432343133333330303738312C2241445F59223A302E303031333937383836303830363637333736352C2241445F5A223A2D302E31363339373935333033333434373236362C2254656D70447370223A302C22537461747573223A302C2243616C69625374617465223A312C22536967416D70496E76616C6964223A307D7D, 138 
05-27 18:08:13.271   536   536 D commservice260303: Push Message into SendPool fn=-2043936000
05-27 18:08:13.271   536   536 D commservice260303: ComProtocolLibSend2Cluster::send2ClusterRaw fn=-2043936000 , len=329
05-27 18:08:13.271   536   536 D commservice260303: sendCmdToPort :329!!!
05-27 18:08:13.271   536   536 D commservice260303: send Cmd To Port ++++5AA501458A0100032C866A16C28D7B22636F6D6D616E64223A7B226964223A22696D755F737461747573222C22737562223A22227D2C22636F6E74656E74223A7B2254696D655374616D70223A382C224672616D65436F756E746572223A3139323633382C2247445F58223A2D302E30313135333031333537353832323131352C2247445F59223A302E30303534393639333132363233313433322C2247445F5A223A302E3030313637393033393930393530343335342C2241445F58223A2D302E3030333936343432343133333330303738312C2241445F59223A302E303031333937383836303830363637333736352C2241445F5A223A2D302E31363339373935333033333434373236362C2254656D70447370223A302C22537461747573223A302C2243616C69625374617465223A312C22536967416D70496E76616C6964223A307D7D6195
05-27 18:08:13.271   536   536 D commservice260303: bufferevent_write retrun value = 0
05-27 18:08:13.271   536   560 D commservice260303: client datas send succeed,send finish
05-27 18:08:13.271 13911 14192 D Sentinelmode_1.2.5.17_sentry: <SentryImuClusterFgeSender>imu_status sent to Linux, frame=192638, tsNs=8360516, tsMs=8, intervalMs=40, ad=(-0.003964424,0.0013978861,-0.16397953), gd=(-0.011530136,0.0054969313,0.0016790399)
05-27 07:59:22.234   581   581 D spi_rst_gpio_get_output: GPIO 145 value: 0
05-27 07:59:22.234   581   581 D spidev_ioctl: gpio status=0)
05-27 18:08:13.281   299 30841 D EvsDriver: forwardFrame
05-27 18:08:13.283   299 30841 D EvsDriver: Delivered 0xb400007b7ca56a60 as id 0
05-27 18:08:13.283  1167  1479 D evsmanagerd: /dev/video4 forwarded the buffer #0 to 0xb4000074bf5f6850 from 0xb4000074bf5f41d0
05-27 18:08:13.284   581   581 I SpiService: fgesysctrl_getGPIO_status success val=1
05-27 07:59:22.249   581   581 D spi_rst_gpio_get_output: GPIO 145 value: 1
05-27 07:59:22.249   581   581 D spidev_ioctl: gpio status=1)
05-27 18:08:13.285   299  1163 D EvsDriver: doneWithFrame
05-27 18:08:13.286   299 30844 D EvsDriver: forwardFrame
05-27 18:08:13.287  1008 30857 D [OMXB]  : usingANWBuffer: handle:0xee740430, format:1, w:1920, h:1080
05-27 18:08:13.287   299 30844 D EvsDriver: Delivered 0xb400007b7ca56900 as id 0
05-27 18:08:13.287  1167  1479 D evsmanagerd: /dev/video6 forwarded the buffer #0 to 0xb4000074bf5f5510 from 0xb4000074bf5f6d90
05-27 18:08:13.288 30773 30789 I dvr_service_: Camera 1: MediaOK:64503096, frames:1490, isKeyFrame:0,pts:8360140637
05-27 18:08:13.288 13911 14183 I SentryImuMcuAngleSender: 179.97897rollDeg
05-27 18:08:13.288 13911 14183 I SentryImuMcuAngleSender: 1,0,0
05-27 18:08:13.289   283   307 I rvcservice: t.code = 3, t.value = 0
05-27 18:08:13.290   581   581 I SpiService: fgesysctrl_getGPIO_status success val=1
05-27 18:08:13.292   299  1163 D EvsDriver: doneWithFrame
05-27 07:59:22.254   581   581 D spi_rst_gpio_get_output: GPIO 145 value: 1
05-27 07:59:22.255   581   581 D spidev_ioctl: gpio status=1)
05-27 18:08:13.295   581   581 I SpiService: fgesysctrl_getGPIO_status success val=1
05-27 07:59:22.260   581   581 D spi_rst_gpio_get_output: GPIO 145 value: 1
05-27 07:59:22.260   581   581 D spidev_ioctl: gpio status=1)
05-27 18:08:13.301   581   581 I SpiService: fgesysctrl_getGPIO_status success val=1
05-27 18:08:13.301 20124 20124 I auditd  : type=1400 audit(0.0:37404): avc: denied { read write } for comm="BTInit_Task" name="ttyS3" dev="tmpfs" ino=3005 scontext=u:r:system_app:s0 tcontext=u:object_r:serial_device:s0 tclass=chr_file permissive=1
05-27 07:59:22.266   581   581 D spi_rst_gpio_get_output: GPIO 145 value: 1
05-27 18:08:13.305 20124 20170 D ANWAPI_SECOND: (20124|0x29412CB0)[BTAPI] run AnWBT_WaitInitFinish
05-27 18:08:13.305 20124 20170 D ANWAPI_SECOND: (20124|0x29412CB0)[BTAPI] bb_vendor(3)hcit_type(3)
05-27 18:08:13.305 20124 20170 D ANWAPI_SECOND: (20124|0x29412CB0)[BTAPI] RTL8761, config_uart_path[/dev/ttyS3], baudrate_init(115200), baudrate_normal(3000000)
05-27 18:08:13.305 20124 20170 D ANWAPI_SECOND: (20124|0x29412CB0)[BTAPI] RTL8761, config_BT_ADDR_path[]
05-27 18:08:13.306 20124 20170 D ANWAPI_SECOND: (20124|0x29412CB0)[BTAPI] BTUart_Configure start
05-27 18:08:13.306 20124 20170 I ANWStack: [   8360557][ANWBT] Device name = /dev/ttyS3,baudrate_init =115200(115200),baudrate =3000000(3000000)
05-27 18:08:13.306 20124 20170 I ANWStack: 
05-27 18:08:13.306 20124 20170 I ANWStack: [   8360557][ANWBT] BTUart_StartUp  speed = 115200
05-27 18:08:13.306 20124 20170 I ANWStack: 
05-27 18:08:13.307   581   581 I SpiService: fgesysctrl_getGPIO_status success val=0
05-27 18:08:13.307 20124 20170 D ANWStack: Mac Address /data/vendor/bluetooth/btmac.txt open fail - No such file or directory
05-27 18:08:13.301 20124 20124 I auditd  : type=1400 audit(0.0:37405): avc: denied { open } for comm="BTInit_Task" path="/dev/ttyS3" dev="tmpfs" ino=3005 scontext=u:r:system_app:s0 tcontext=u:object_r:serial_device:s0 tclass=chr_file permissive=1
05-27 18:08:13.301 20124 20124 I BTInit_Task: type=1400 audit(0.0:37405): avc: denied { open } for path="/dev/ttyS3" dev="tmpfs" ino=3005 scontext=u:r:system_app:s0 tcontext=u:object_r:serial_device:s0 tclass=chr_file permissive=1
05-27 18:08:13.308 20124 20170 D ANWStack: Mac Address from file  /data/vendor/bluetooth/btmac.txt -  (1)
05-27 18:08:13.308   299 30841 D EvsDriver: forwardFrame
05-27 07:59:22.266   581   581 D spidev_ioctl: gpio status=1)
05-27 07:59:22.272   581   581 D spi_rst_gpio_get_output: GPIO 145 value: 0
05-27 07:59:22.272   581   581 D spidev_ioctl: gpio status=0)
05-27 18:08:13.305 20124 20124 I auditd  : type=1400 audit(0.0:37406): avc: denied { ioctl } for comm="BTInit_Task" path="/dev/ttyS3" dev="tmpfs" ino=3005 ioctlcmd=0x540b scontext=u:r:system_app:s0 tcontext=u:object_r:serial_device:s0 tclass=chr_file permissive=1
05-27 18:08:13.305 20124 20124 I BTInit_Task: type=1400 audit(0.0:37406): avc: denied { ioctl } for path="/dev/ttyS3" dev="tmpfs" ino=3005 ioctlcmd=0x540b scontext=u:r:system_app:s0 tcontext=u:object_r:serial_device:s0 tclass=chr_file permissive=1
05-27 18:08:13.309  1167  1479 D evsmanagerd: /dev/video4 forwarded the buffer #0 to 0xb4000074bf5f6850 from 0xb4000074bf5f41d0
05-27 18:08:13.309   299 30841 D EvsDriver: Delivered 0xb400007b7ca56a60 as id 0
05-27 18:08:13.309 20124 20170 D ANWStack: rtk_8761C_init@1, fd 0x55
05-27 18:08:13.309 20124 20170 D ANWStack: type RTL_8761C, init speed 115200
05-27 18:08:13.309 13911 14183 I SentryImuMcuAngleSender: 179.993rollDeg
05-27 18:08:13.310 13911 14183 I SentryImuMcuAngleSender: 1,0,0
05-27 18:08:13.310 20124 20170 D ANWStack: rtk_8761C_init@2, fd 0x55
05-27 18:08:13.310 20124 20170 D ANWStack: Realtek Bluetooth init uart with init speed:115200, type:HCI UART H4
05-27 18:08:13.310 20124 20170 D ANWStack: Realtek Bluetooth :Realtek hciattach version 3.1.d5a90fd.20250813-162457 
05-27 18:08:13.310 20124 20170 D ANWStack: 
05-27 18:08:13.310 20124 20170 D ANWStack: Realtek Bluetooth :Use epoll
05-27 18:08:13.310 20124 20170 D ANWStack: Realtek Bluetooth :Realtek H4 IC
05-27 18:08:13.310 30773 30773 I dvr_service_: [myNum:0][onFrameReceived] Received Surface:1 0
05-27 18:08:13.310  1008 30856 D [OMXB]  : usingANWBuffer: handle:0xee741ae0, format:1, w:1920, h:1080
05-27 18:08:13.310 30773 30773 E dvr_service_: [myNum:0] Received S**** loss
05-27 18:08:13.312   299  1163 D EvsDriver: doneWithFrame
05-27 18:08:13.312   536   536 D commservice260303: msg.id = 1028,0
05-27 18:08:13.312   536   536 D commservice260303: i = 170, msgid = 8A000404
05-27 18:08:13.312   536   536 D commservice260303: msgid = -1979710460,did=138
05-27 18:08:13.312   536   536 D commservice260303: CommProtocolLibCmdBaseI2C::dataproc {"command":{"id":"imu_status","sub":""},"content":{"TimeStamp":8,"FrameCounter":192639,"GD_X":-0.010994902811944485,"GD_Y":0.004963258747011423,"GD_Z":0.002443138277158141,"AD_X":-0.009425848722457886,"AD_Y":-0.0022542059887200594,"AD_Z":-0.17068862915039062,"TempDsp":0,"Status":0,"CalibState":1,"SigAmpInvalid":0}},-1979710460
05-27 18:08:13.312   536   536 D commservice260303: send2Cluster len:316, 7B22636F6D6D616E64223A7B226964223A22696D755F737461747573222C22737562223A22227D2C22636F6E74656E74223A7B2254696D655374616D70223A382C224672616D65436F756E746572223A3139323633392C2247445F58223A2D302E3031303939343930323831313934343438352C2247445F59223A302E3030343936333235383734373031313432332C2247445F5A223A302E3030323434333133383237373135383134312C2241445F58223A2D302E3030393432353834383732323435373838362C2241445F59223A2D302E303032323534323035393838373230303539342C2241445F5A223A2D302E31373036383836323931353033393036322C2254656D70447370223A302C22537461747573223A302C2243616C69625374617465223A312C22536967416D70496E76616C6964223A307D7D, 138 
05-27 18:08:13.312   536   536 D commservice260303: Push Message into SendPool fn=-2027158784
05-27 18:08:13.312   536   536 D commservice260303: ComProtocolLibSend2Cluster::send2ClusterRaw fn=-2027158784 , len=332
05-27 18:08:13.312   536   536 D commservice260303: sendCmdToPort :332!!!
05-27 18:08:13.312   536   536 D commservice260303: send Cmd To Port ++++5AA501488A0100032C876A16C28D7B22636F6D6D616E64223A7B226964223A22696D755F737461747573222C22737562223A22227D2C22636F6E74656E74223A7B2254696D655374616D70223A382C224672616D65436F756E746572223A3139323633392C2247445F58223A2D302E3031303939343930323831313934343438352C2247445F59223A302E3030343936333235383734373031313432332C2247445F5A223A302E3030323434333133383237373135383134312C2241445F58223A2D302E3030393432353834383732323435373838362C2241445F59223A2D302E303032323534323035393838373230303539342C2241445F5A223A2D302E31373036383836323931353033393036322C2254656D70447370223A302C22537461747573223A302C2243616C69625374617465223A312C22536967416D70496E76616C6964223A307D7D2C71
05-27 18:08:13.312   536   536 D commservice260303: bufferevent_write retrun value = 0
05-27 18:08:13.312 13911 14192 D Sentinelmode_1.2.5.17_sentry: <SentryImuClusterFgeSender>imu_status sent to Linux, frame=192639, tsNs=8360552, tsMs=8, intervalMs=41, ad=(-0.009425849,-0.002254206,-0.17068863), gd=(-0.010994903,0.0049632587,0.0024431383)
05-27 18:08:13.313   536   560 D commservice260303: client datas send succeed,send finish
05-27 07:59:22.274 20170 20170 E sprd_serial 20230000.serial: request TX DMA channel failed, ret = -19
05-27 07:59:22.274 20170 20170 E sprd_serial 20230000.serial: request RX DMA channel failed, ret = -19
05-27 18:08:13.317   299 30844 D EvsDriver: forwardFrame
05-27 18:08:13.318   299 30844 D EvsDriver: Delivered 0xb400007b7ca56900 as id 0
05-27 18:08:13.318  1167  1479 D evsmanagerd: /dev/video6 forwarded the buffer #0 to 0xb4000074bf5f5510 from 0xb4000074bf5f6d90
05-27 18:08:13.318 30773 30773 I dvr_service_: [myNum:1][onFrameReceived] Received Surface:1 0
05-27 18:08:13.318 30773 30773 E dvr_service_: [myNum:1] Received S**** loss
05-27 18:08:13.319   299  1163 D EvsDriver: doneWithFrame
05-27 18:08:13.321   581   581 I SpiService: fgesysctrl_getGPIO_status success val=1
05-27 07:59:22.286   581   581 D spi_rst_gpio_get_output: GPIO 145 value: 1
05-27 07:59:22.286   581   581 D spidev_ioctl: gpio status=1)
05-27 18:08:13.326   581   581 I SpiService: fgesysctrl_getGPIO_status success val=1
05-27 07:59:22.291   581   581 D spi_rst_gpio_get_output: GPIO 145 value: 1
05-27 07:59:22.291   581   581 D spidev_ioctl: gpio status=1)
05-27 18:08:13.329 13911 14183 I SentryImuMcuAngleSender: -179.993rollDeg
05-27 18:08:13.329 13911 14183 I SentryImuMcuAngleSender: 1,0,0
05-27 18:08:13.332   581   581 I SpiService: fgesysctrl_getGPIO_status success val=1
05-27 07:59:22.297   581   581 D spi_rst_gpio_get_output: GPIO 145 value: 1
05-27 07:59:22.297   581   581 D spidev_ioctl: gpio status=1)
05-27 18:08:13.337  1008 30857 D [OMXB]  : usingANWBuffer: handle:0xee7428a0, format:1, w:1920, h:1080
05-27 18:08:13.338   581   581 I SpiService: fgesysctrl_getGPIO_status success val=1
05-27 18:08:13.338   572   622 I Sensors : 230 AccelSensor: x:-0.173850,y:-0.001220,z:-9.977160
05-27 07:59:22.302   581   581 D spi_rst_gpio_get_output: GPIO 145 value: 1
05-27 07:59:22.302   581   581 D spidev_ioctl: gpio status=1)
05-27 18:08:13.343   581   581 I SpiService: fgesysctrl_getGPIO_status success val=1
05-27 18:08:13.344   299 30841 D EvsDriver: forwardFrame
05-27 07:59:22.308   581   581 D spi_rst_gpio_get_output: GPIO 145 value: 1
05-27 07:59:22.308   581   581 D spidev_ioctl: gpio status=1)
05-27 18:08:13.346   299 30844 D EvsDriver: forwardFrame
05-27 18:08:13.346   299 30841 D EvsDriver: Delivered 0xb400007b7ca56a60 as id 0
05-27 18:08:13.346  1167  1479 D evsmanagerd: /dev/video4 forwarded the buffer #0 to 0xb4000074bf5f6850 from 0xb4000074bf5f41d0
05-27 18:08:13.350   581   581 I SpiService: fgesysctrl_getGPIO_status success val=1
05-27 18:08:13.350  1167  1479 D evsmanagerd: /dev/video6 forwarded the buffer #0 to 0xb4000074bf5f5510 from 0xb4000074bf5f6d90
05-27 18:08:13.351   299 30844 D EvsDriver: Delivered 0xb400007b7ca56900 as id 0
05-27 07:59:22.315   581   581 D spi_rst_gpio_get_output: GPIO 145 value: 1
05-27 07:59:22.315   581   581 D spidev_ioctl: gpio status=1)
05-27 18:08:13.353   299  1163 D EvsDriver: doneWithFrame
05-27 18:08:13.353   299  1163 D EvsDriver: doneWithFrame
05-27 18:08:13.355 13549 13800 I ADAYO_LOG_: addEncryptorBean(EncryptorModel.java:28)key:logcat_2026_05_27_18_08_10_188-39.zip
05-27 18:08:13.355 13549 13800 I ADAYO_LOG_: writeEncryptorFile(EncryptorModel.java:48)mHashMapList:25
05-27 18:08:13.355   581   581 I SpiService: fgesysctrl_getGPIO_status success val=0
05-27 18:08:13.356  1008 30856 D [OMXB]  : usingANWBuffer: handle:0xee741b90, format:1, w:1920, h:1080
05-27 18:08:13.357 13549 13800 W System.err: java.io.IOException: No such file or directory
05-27 07:59:22.320   581   581 D spi_rst_gpio_get_output: GPIO 145 value: 0
05-27 07:59:22.320   581   581 D spidev_ioctl: gpio status=0)
05-27 18:08:13.357 13549 13800 W System.err: 	at java.io.UnixFileSystem.createFileExclusively0(Native Method)
05-27 18:08:13.357 13549 13800 W System.err: 	at java.io.UnixFileSystem.createFileExclusively(UnixFileSystem.java:317)
05-27 18:08:13.357 13549 13800 W System.err: 	at java.io.File.createNewFile(File.java:1006)
05-27 18:08:13.357   536   536 D commservice260303: msg.id = 1028,0
05-27 18:08:13.357 13549 13800 W System.err: 	at com.adayo.log.utils.FileUtil.writeStringToFile(FileUtil.java:253)
05-27 18:08:13.357   536   536 D commservice260303: i = 170, msgid = 8A000404
05-27 18:08:13.357   536   536 D commservice260303: msgid = -1979710460,did=138
05-27 18:08:13.357 13549 13800 W System.err: 	at com.adayo.log.model.EncryptorModel.writeEncryptorFile(EncryptorModel.java:53)
05-27 18:08:13.357   536   536 D commservice260303: CommProtocolLibCmdBaseI2C::dataproc {"command":{"id":"imu_status","sub":""},"content":{"TimeStamp":8,"FrameCounter":192640,"GD_X":-0.011834942735731602,"GD_Y":0.004809814505279064,"GD_Z":0.002443138277158141,"AD_X":-0.008165895938873291,"AD_Y":-0.004664992913603783,"AD_Z":-0.17190837860107422,"TempDsp":0,"Status":0,"CalibState":1,"SigAmpInvalid":0}},-1979710460
05-27 18:08:13.357 13549 13800 W System.err: 	at com.adayo.log.model.EncryptorModel.addEncryptorBean(EncryptorModel.java:31)
05-27 18:08:13.357 13549 13800 W System.err: 	at com.adayo.log.function.collect.LogcatFunc.startZip(LogcatFunc.java:404)
05-27 18:08:13.357   536   536 D commservice260303: send2Cluster len:315, 7B22636F6D6D616E64223A7B226964223A22696D755F737461747573222C22737562223A22227D2C22636F6E74656E74223A7B2254696D655374616D70223A382C224672616D65436F756E746572223A3139323634302C2247445F58223A2D302E3031313833343934323733353733313630322C2247445F59223A302E3030343830393831343530353237393036342C2247445F5A223A302E3030323434333133383237373135383134312C2241445F58223A2D302E3030383136353839353933383837333239312C2241445F59223A2D302E3030343636343939323931333630333738332C2241445F5A223A2D302E31373139303833373836303130373432322C2254656D70447370223A302C22537461747573223A302C2243616C69625374617465223A312C22536967416D70496E76616C6964223A307D7D, 138 
05-27 18:08:13.357   536   536 D commservice260303: Push Message into SendPool fn=-2010381568
05-27 18:08:13.357 13549 13800 W System.err: 	at com.adayo.log.function.collect.LogcatFunc.startSeparationAndZip(LogcatFunc.java:293)
05-27 18:08:13.357   536   536 D commservice260303: ComProtocolLibSend2Cluster::send2ClusterRaw fn=-2010381568 , len=331
05-27 18:08:13.357   536   536 D commservice260303: sendCmdToPort :331!!!
05-27 18:08:13.357 13549 13800 W System.err: 	at com.adayo.log.function.collect.LogcatFunc.access$000(LogcatFunc.java:56)
05-27 18:08:13.357 13549 13800 W System.err: 	at com.adayo.log.function.collect.LogcatFunc$WatchCallable.call(LogcatFunc.java:505)
05-27 18:08:13.357   536   536 D commservice260303: send Cmd To Port ++++5AA501478A0100032C886A16C28D7B22636F6D6D616E64223A7B226964223A22696D755F737461747573222C22737562223A22227D2C22636F6E74656E74223A7B2254696D655374616D70223A382C224672616D65436F756E746572223A3139323634302C2247445F58223A2D302E3031313833343934323733353733313630322C2247445F59223A302E3030343830393831343530353237393036342C2247445F5A223A302E3030323434333133383237373135383134312C2241445F58223A2D302E3030383136353839353933383837333239312C2241445F59223A2D302E3030343636343939323931333630333738332C2241445F5A223A2D302E31373139303833373836303130373432322C2254656D70447370223A302C22537461747573223A302C2243616C69625374617465223A312C22536967416D70496E76616C6964223A307D7DD9EB
05-27 18:08:13.357 13549 13800 W System.err: 	at com.adayo.log.function.collect.LogcatFunc$WatchCallable.call(LogcatFunc.java:431)
05-27 18:08:13.357   536   536 D commservice260303: bufferevent_write retrun value = 0
05-27 18:08:13.357 13549 13800 W System.err: 	at com.adayo.log.utils.easythread.RunnableWrapper.run(RunnableWrapper.java:37)
05-27 18:08:13.357 13549 13800 W System.err: 	at java.util.concurrent.ThreadPoolExecutor.runWorker(ThreadPoolExecutor.java:1137)
05-27 18:08:13.357 13549 13800 W System.err: 	at java.util.concurrent.ThreadPoolExecutor$Worker.run(ThreadPoolExecutor.java:637)
05-27 18:08:13.357 13549 13800 W System.err: 	at java.lang.Thread.run(Thread.java:1023)
05-27 18:08:13.358 13549 13800 W System.err: java.io.FileNotFoundException: /log/offlinelogs/AndroidLog/logKey.txt: open failed: ENOENT (No such file or directory)
05-27 18:08:13.358 13549 13800 W System.err: 	at libcore.io.IoBridge.open(IoBridge.java:574)
05-27 18:08:13.358 13549 13800 W System.err: 	at java.io.FileOutputStream.<init>(FileOutputStream.java:236)
05-27 18:08:13.358 13549 13800 W System.err: 	at java.io.FileOutputStream.<init>(FileOutputStream.java:186)
05-27 18:08:13.358 13549 13800 W System.err: 	at com.adayo.log.utils.FileUtil.writeStringToFile(FileUtil.java:258)
05-27 18:08:13.358 13549 13800 W System.err: 	at com.adayo.log.model.EncryptorModel.writeEncryptorFile(EncryptorModel.java:53)
05-27 18:08:13.358 13549 13800 W System.err: 	at com.adayo.log.model.EncryptorModel.addEncryptorBean(EncryptorModel.java:31)
05-27 18:08:13.358 13549 13800 W System.err: 	at com.adayo.log.function.collect.LogcatFunc.startZip(LogcatFunc.java:404)
05-27 18:08:13.358 13549 13800 W System.err: 	at com.adayo.log.function.collect.LogcatFunc.startSeparationAndZip(LogcatFunc.java:293)
05-27 18:08:13.358 13549 13800 W System.err: 	at com.adayo.log.function.collect.LogcatFunc.access$000(LogcatFunc.java:56)
05-27 18:08:13.358 13549 13800 W System.err: 	at com.adayo.log.function.collect.LogcatFunc$WatchCallable.call(LogcatFunc.java:505)
05-27 18:08:13.358 13549 13800 W System.err: 	at com.adayo.log.function.collect.LogcatFunc$WatchCallable.call(LogcatFunc.java:431)
05-27 18:08:13.358 13549 13800 W System.err: 	at com.adayo.log.utils.easythread.RunnableWrapper.run(RunnableWrapper.java:37)
05-27 18:08:13.358 13549 13800 W System.err: 	at java.util.concurrent.ThreadPoolExecutor.runWorker(ThreadPoolExecutor.java:1137)
05-27 18:08:13.358   536   560 D commservice260303: client datas send succeed,send finish
05-27 18:08:13.358 13549 13800 W System.err: 	at java.util.concurrent.ThreadPoolExecutor$Worker.run(ThreadPoolExecutor.java:637)
05-27 18:08:13.358 13549 13800 W System.err: 	at java.lang.Thread.run(Thread.java:1023)
05-27 18:08:13.359 13549 13800 W System.err: Caused by: android.system.ErrnoException: open failed: ENOENT (No such file or directory)
05-27 18:08:13.359 13549 13800 W System.err: 	at libcore.io.Linux.open(Native Method)
05-27 18:08:13.359 13549 13800 W System.err: 	at libcore.io.ForwardingOs.open(ForwardingOs.java:563)
05-27 18:08:13.359 13549 13800 W System.err: 	at libcore.io.BlockGuardOs.open(BlockGuardOs.java:274)
05-27 18:08:13.359 13549 13800 W System.err: 	at libcore.io.ForwardingOs.open(ForwardingOs.java:563)
05-27 18:08:13.359 13549 13800 W System.err: 	at android.app.ActivityThread$AndroidOs.open(ActivityThread.java:7919)
05-27 18:08:13.359 13549 13800 W System.err: 	at libcore.io.IoBridge.open(IoBridge.java:560)
05-27 18:08:13.359 13549 13800 W System.err: 	... 14 more
05-27 18:08:13.363 13911 14192 D Sentinelmode_1.2.5.17_sentry: <SentryImuClusterFgeSender>imu_status sent to Linux, frame=192640, tsNs=8360588, tsMs=8, intervalMs=51, ad=(-0.008165896,-0.004664993,-0.17190838), gd=(-0.011834943,0.0048098145,0.0024431383)
05-27 18:08:13.363 13911 14183 I SentryImuMcuAngleSender: -179.993rollDeg
05-27 18:08:13.363 13911 14183 I SentryImuMcuAngleSender: 1,0,0
05-27 18:08:13.371   581   581 I SpiService: fgesysctrl_getGPIO_status success val=1
05-27 07:59:22.335   581   581 D spi_rst_gpio_get_output: GPIO 145 value: 1
05-27 07:59:22.335   581   581 D spidev_ioctl: gpio status=1)
05-27 18:08:13.376 13549 13800 I ADAYO_LOG_: startZip(LogcatFunc.java:409)zipFile:true,txtFilePath: /mnt/log_data/AndroidLog/logcat/logcat_2026_05_27_18_03_36_503-39.txt
05-27 18:08:13.376   581   581 I SpiService: fgesysctrl_getGPIO_status success val=1
05-27 18:08:13.377   299 30844 D EvsDriver: forwardFrame
05-27 07:59:22.341   581   581 D spi_rst_gpio_get_output: GPIO 145 value: 1
05-27 07:59:22.341   581   581 D spidev_ioctl: gpio status=1)
05-27 07:59:22.341 13800 13800 W audit   : audit_lost=19236 audit_rate_limit=5 audit_backlog_limit=64
05-27 07:59:22.341 13800 13800 E audit   : rate limit exceeded
05-27 18:08:13.379   299 30844 D EvsDriver: Delivered 0xb400007b7ca56900 as id 0
05-27 18:08:13.379  1167  1479 D evsmanagerd: /dev/video6 forwarded the buffer #0 to 0xb4000074bf5f5510 from 0xb4000074bf5f6d90
05-27 07:59:22.347   581   581 D spi_rst_gpio_get_output: GPIO 145 value: 1
05-27 07:59:22.347   581   581 D spidev_ioctl: gpio status=1)
05-27 18:08:13.382   299 30841 D EvsDriver: forwardFrame
05-27 18:08:13.382   581   581 I SpiService: fgesysctrl_getGPIO_status success val=1
05-27 18:08:13.383   299  1163 D EvsDriver: doneWithFrame
05-27 18:08:13.385  1167  1479 D evsmanagerd: /dev/video4 forwarded the buffer #0 to 0xb4000074bf5f6850 from 0xb4000074bf5f41d0
05-27 18:08:13.385 13911 14183 I SentryImuMcuAngleSender: 179.986rollDeg
