05-27 18:08:11.561   536  2578 D commservice260303: mcuDataAnalyzeHandle templen:91,len:91,pos:0, 5AA500570100000030ED6A16C28B7B22636F6D6D616E64223A7B226964223A22686561727462656174222C22737562223A22227D2C22726573706F6E65223A7B22636F6465223A302C226D657373616765223A226F6B227D7DCFAB 
05-27 18:08:11.561   536  2578 I commservice260303: checksumCal = 53163
05-27 18:08:11.561   536  2578 D commservice260303: Protocol_C2I_Commservice::dataproc {"command":{"id":"heartbeat","sub":""},"respone":{"code":0,"message":"ok"}},1
05-27 18:08:11.561   536  2578 D commservice260303: Protocol_C2I_Commservice::dataproc Receive a heartbeat command from Cluster, setTcpHeartbeat = EID_UID_HEARTBEAT
05-27 07:59:20.524   581   581 D spi_rst_gpio_get_output: GPIO 145 value: 1
05-27 07:59:20.524   581   581 D spidev_ioctl: gpio status=1)
05-27 18:08:11.565   581   581 I SpiService: fgesysctrl_getGPIO_status success val=1
05-27 07:59:20.530   581   581 D spi_rst_gpio_get_output: GPIO 145 value: 1
05-27 07:59:20.530   581   581 D spidev_ioctl: gpio status=1)
05-27 07:59:20.535   581   581 D spi_rst_gpio_get_output: GPIO 145 value: 1
05-27 07:59:20.535   581   581 D spidev_ioctl: gpio status=1)
05-27 18:08:11.570  1008 30856 D [OMXB]  : usingANWBuffer: handle:0xee741c40, format:1, w:1920, h:1080
05-27 18:08:11.571   581   581 I SpiService: fgesysctrl_getGPIO_status success val=1
05-27 18:08:11.573   572   572 I Sensors : 230 AccelSensor: x:-0.152500,y:0.009150,z:-9.966180
05-27 18:08:11.575 30773 30789 I dvr_service_: Camera 0: MediaOK:62804469, frames:1460, isKeyFrame:0,pts:8358481014
05-27 07:59:20.541   581   581 D spi_rst_gpio_get_output: GPIO 145 value: 1
05-27 07:59:20.541   581   581 D spidev_ioctl: gpio status=1)
05-27 18:08:11.576   581   581 I SpiService: fgesysctrl_getGPIO_status success val=1
05-27 18:08:11.578 13911 14183 I SentryImuMcuAngleSender: 179.9474rollDeg
05-27 18:08:11.578 13911 14183 I SentryImuMcuAngleSender: 1,0,0
05-27 18:08:11.581   299 30844 D EvsDriver: forwardFrame
05-27 18:08:11.581   299 30841 D EvsDriver: forwardFrame
05-27 18:08:11.582   581   581 I SpiService: fgesysctrl_getGPIO_status success val=0
05-27 18:08:11.583   299 30841 D EvsDriver: Delivered 0xb400007b7ca56a60 as id 0
05-27 18:08:11.583  1167  1184 D evsmanagerd: /dev/video4 forwarded the buffer #0 to 0xb4000074bf5f6850 from 0xb4000074bf5f41d0
05-27 18:08:11.583  1167  1184 D evsmanagerd: /dev/video6 forwarded the buffer #0 to 0xb4000074bf5f5510 from 0xb4000074bf5f6d90
05-27 18:08:11.583   283   307 I rvcservice: t.code = 3, t.value = 0
05-27 18:08:11.585   299  1153 D EvsDriver: doneWithFrame
05-27 18:08:11.586   299 30844 D EvsDriver: Delivered 0xb400007b7ca56900 as id 0
05-27 07:59:20.547   581   581 D spi_rst_gpio_get_output: GPIO 145 value: 0
05-27 07:59:20.547   581   581 D spidev_ioctl: gpio status=0)
05-27 18:08:11.587   536   536 D commservice260303: msg.id = 1028,0
05-27 18:08:11.587   536   536 D commservice260303: i = 170, msgid = 8A000404
05-27 18:08:11.587   536   536 D commservice260303: msgid = -1979710460,did=138
05-27 18:08:11.587   536   536 D commservice260303: CommProtocolLibCmdBaseI2C::dataproc {"command":{"id":"imu_status","sub":""},"content":{"TimeStamp":8,"FrameCounter":192597,"GD_X":-0.011300750076770782,"GD_Y":0.006185087841004133,"GD_Z":0.0023671966046094894,"AD_X":0.013069525361061096,"AD_Y":0.0057498011738061905,"AD_Z":-0.16092395782470703,"TempDsp":0,"Status":0,"CalibState":1,"SigAmpInvalid":0}},-1979710460
05-27 18:08:11.587   536   536 D commservice260303: send2Cluster len:315, 7B22636F6D6D616E64223A7B226964223A22696D755F737461747573222C22737562223A22227D2C22636F6E74656E74223A7B2254696D655374616D70223A382C224672616D65436F756E746572223A3139323539372C2247445F58223A2D302E3031313330303735303037363737303738322C2247445F59223A302E3030363138353038373834313030343133332C2247445F5A223A302E303032333637313936363034363039343839342C2241445F58223A302E3031333036393532353336313036313039362C2241445F59223A302E303035373439383031313733383036313930352C2241445F5A223A2D302E31363039323339353738323437303730332C2254656D70447370223A302C22537461747573223A302C2243616C69625374617465223A312C22536967416D70496E76616C6964223A307D7D, 138 
05-27 18:08:11.587   536   536 D commservice260303: Push Message into SendPool fn=1563165440
05-27 18:08:11.587   536   536 D commservice260303: ComProtocolLibSend2Cluster::send2ClusterRaw fn=1563165440 , len=331
05-27 18:08:11.587   536   536 D commservice260303: sendCmdToPort :331!!!
05-27 18:08:11.587   536   536 D commservice260303: send Cmd To Port ++++5AA501478A0100032C5D6A16C28B7B22636F6D6D616E64223A7B226964223A22696D755F737461747573222C22737562223A22227D2C22636F6E74656E74223A7B2254696D655374616D70223A382C224672616D65436F756E746572223A3139323539372C2247445F58223A2D302E3031313330303735303037363737303738322C2247445F59223A302E3030363138353038373834313030343133332C2247445F5A223A302E303032333637313936363034363039343839342C2241445F58223A302E3031333036393532353336313036313039362C2241445F59223A302E303035373439383031313733383036313930352C2241445F5A223A2D302E31363039323339353738323437303730332C2254656D70447370223A302C22537461747573223A302C2243616C69625374617465223A312C22536967416D70496E76616C6964223A307D7DF02F
05-27 18:08:11.587   536   536 D commservice260303: bufferevent_write retrun value = 0
05-27 18:08:11.587   536   560 D commservice260303: client datas send succeed,send finish
05-27 18:08:11.587 13911 14192 D Sentinelmode_1.2.5.17_sentry: <SentryImuClusterFgeSender>imu_status sent to Linux, frame=192597, tsNs=8358823, tsMs=8, intervalMs=40, ad=(0.013069525,0.005749801,-0.16092396), gd=(-0.01130075,0.006185088,0.0023671966)
05-27 18:08:11.587   299  1153 D EvsDriver: doneWithFrame
05-27 18:08:11.585 20144 20144 I auditd  : type=1400 audit(0.0:37391): avc: denied { append } for comm="sh" name="logcat_2026_05_27_18_08_10_189-40.txt" dev="vda93" ino=180273 scontext=u:r:init:s0 tcontext=u:object_r:log_data_file:s0 tclass=file permissive=1
05-27 18:08:11.585 20144 20144 I sh      : type=1400 audit(0.0:37391): avc: denied { append } for name="logcat_2026_05_27_18_08_10_189-40.txt" dev="vda93" ino=180273 scontext=u:r:init:s0 tcontext=u:object_r:log_data_file:s0 tclass=file permissive=1
05-27 18:08:11.597   581   581 I SpiService: fgesysctrl_getGPIO_status success val=1
05-27 18:08:11.598 13911 14183 I SentryImuMcuAngleSender: 179.9439rollDeg
05-27 18:08:11.598 13911 14183 I SentryImuMcuAngleSender: 1,0,0
05-27 07:59:20.562   581   581 D spi_rst_gpio_get_output: GPIO 145 value: 1
05-27 07:59:20.562   581   581 D spidev_ioctl: gpio status=1)
05-27 18:08:11.597   536   536 I auditd  : type=1400 audit(0.0:37392): avc: denied { getattr } for comm="fgecomservice@1" path="socket:[34776]" dev="sockfs" ino=34776 scontext=u:r:hal_fgecomservice_default:s0 tcontext=u:r:hal_fgecomservice_default:s0 tclass=vsock_socket permissive=1
05-27 18:08:11.597   536   536 I fgecomservice@1: type=1400 audit(0.0:37392): avc: denied { getattr } for path="socket:[34776]" dev="sockfs" ino=34776 scontext=u:r:hal_fgecomservice_default:s0 tcontext=u:r:hal_fgecomservice_default:s0 tclass=vsock_socket permissive=1
05-27 18:08:11.597   536   536 I auditd  : type=1400 audit(0.0:37393): avc: denied { read } for comm="fgecomservice@1" path="socket:[34776]" dev="sockfs" ino=34776 scontext=u:r:hal_fgecomservice_default:s0 tcontext=u:r:hal_fgecomservice_default:s0 tclass=vsock_socket permissive=1
05-27 18:08:11.597   536   536 I fgecomservice@1: type=1400 audit(0.0:37393): avc: denied { read } for path="socket:[34776]" dev="sockfs" ino=34776 scontext=u:r:hal_fgecomservice_default:s0 tcontext=u:r:hal_fgecomservice_default:s0 tclass=vsock_socket permissive=1
05-27 07:59:20.568   581   581 D spi_rst_gpio_get_output: GPIO 145 value: 1
05-27 07:59:20.568   581   581 D spidev_ioctl: gpio status=1)
05-27 07:59:20.574   581   581 D spi_rst_gpio_get_output: GPIO 145 value: 1
05-27 07:59:20.574   581   581 D spidev_ioctl: gpio status=1)
05-27 18:08:11.603   536   560 D commservice260303: recv len:77, 5AA500490600000030EE6A16C28B7B22636F6D6D616E64223A7B226964223A226473695F6C7578222C22737562223A22227D2C22636F6E74656E74223A7B2276616C7565223A3230307D7D5B16 from server
05-27 18:08:11.603   536  2578 D commservice260303: mcuDataAnalyzeHandle templen:77,len:77,pos:0, 5AA500490600000030EE6A16C28B7B22636F6D6D616E64223A7B226964223A226473695F6C7578222C22737562223A22227D2C22636F6E74656E74223A7B2276616C7565223A3230307D7D5B16 
05-27 18:08:11.604   536  2578 I commservice260303: checksumCal = 23318
05-27 18:08:11.604   536  2578 D commservice260303: CommProtocolLibCmdBaseC2I::dataproc {"command":{"id":"dsi_lux","sub":""},"content":{"value":200}},6
05-27 18:08:11.604   536  2578 D commservice260303: mcuCommMessageManager::notifyMsgToClient hwbinder OK
05-27 18:08:11.604   536  2578 D commservice260303: McuProtocolLibSend2Service::send2Service ret=1
05-27 18:08:11.604 12246 12440 D ivicomm_CommManager: fgeComServiceCallback: {"command":{"id":"dsi_lux","sub":""},"content":{"value":200}}
05-27 18:08:11.605 12246 12440 D ivicomm_CallbackManager: registerCallback DSI_LUX: {"value":200} mCommStateCallbackMap size:4
05-27 18:08:11.605 11579 11619 D NSLogUtils_VehicleService: L2A comm state: id=dsi_lux, value=200
05-27 18:08:11.606 11344  6594 D SystemUI_SystemSettingsControllerService: onCommState: commandID = dsi_lux; value = 200
05-27 18:08:11.609   581   581 I SpiService: fgesysctrl_getGPIO_status success val=1
05-27 18:08:11.612   299 30841 D EvsDriver: forwardFrame
05-27 18:08:11.613  1008 30857 D [OMXB]  : usingANWBuffer: handle:0xee741ae0, format:1, w:1920, h:1080
05-27 18:08:11.614   299 30841 D EvsDriver: Delivered 0xb400007b7ca56a60 as id 0
05-27 18:08:11.614  1167  1184 D evsmanagerd: /dev/video4 forwarded the buffer #0 to 0xb4000074bf5f6850 from 0xb4000074bf5f41d0
05-27 18:08:11.614   581   581 I SpiService: fgesysctrl_getGPIO_status success val=1
05-27 07:59:20.579   581   581 D spi_rst_gpio_get_output: GPIO 145 value: 1
05-27 07:59:20.579   581   581 D spidev_ioctl: gpio status=1)
05-27 18:08:11.609 20195 20195 I auditd  : type=1400 audit(0.0:37394): avc: denied { write } for comm="touch" name="default-1.txt" dev="vda93" ino=180272 scontext=u:r:toolbox:s0 tcontext=u:object_r:log_data_file:s0 tclass=file permissive=1
05-27 18:08:11.620   581   581 I SpiService: fgesysctrl_getGPIO_status success val=0
05-27 07:59:20.585   581   581 D spi_rst_gpio_get_output: GPIO 145 value: 0
05-27 07:59:20.585   581   581 D spidev_ioctl: gpio status=0)
05-27 07:59:20.585   278   278 I logd    : logdr: UID=0 GID=0 PID=20196 b tail=0 logMask=bf pid=0 start=0ns deadline=0ns
05-27 18:08:11.622 13911 14183 I SentryImuMcuAngleSender: 179.96144rollDeg
05-27 18:08:11.617 20196 20196 I auditd  : type=1400 audit(0.0:37395): avc: denied { getattr } for comm="logcat" path="/mnt/log_data/AndroidLog/logcat/logcat_2026_05_27_18_08_10_189-40.txt" dev="vda93" ino=180273 scontext=u:r:logpersist:s0 tcontext=u:object_r:log_data_file:s0 tclass=file permissive=1
05-27 18:08:11.622 13911 14183 I SentryImuMcuAngleSender: 1,0,0
05-27 18:08:11.628  1008 30856 D [OMXB]  : usingANWBuffer: handle:0xee742ab0, format:1, w:1920, h:1080
05-27 18:08:11.628   299 30844 D EvsDriver: forwardFrame
05-27 18:08:11.631   299 30844 D EvsDriver: Delivered 0xb400007b7ca56900 as id 0
05-27 18:08:11.631  1167  1184 D evsmanagerd: /dev/video6 forwarded the buffer #0 to 0xb4000074bf5f5510 from 0xb4000074bf5f6d90
05-27 18:08:11.625   299  1153 D EvsDriver: doneWithFrame
05-27 18:08:11.636   299  1153 D EvsDriver: doneWithFrame
05-27 18:08:11.617 20196 20196 I logcat  : type=1400 audit(0.0:37395): avc: denied { getattr } for path="/mnt/log_data/AndroidLog/logcat/logcat_2026_05_27_18_08_10_189-40.txt" dev="vda93" ino=180273 scontext=u:r:logpersist:s0 tcontext=u:object_r:log_data_file:s0 tclass=file permissive=1
05-27 18:08:11.641   536   536 D commservice260303: msg.id = 1028,1
05-27 18:08:11.641   536   536 D commservice260303: i = 170, msgid = 8A000404
05-27 18:08:11.641   536   536 D commservice260303: msgid = -1979710460,did=138
05-27 18:08:11.641   536   536 D commservice260303: CommProtocolLibCmdBaseI2C::dataproc {"command":{"id":"imu_status","sub":""},"content":{"TimeStamp":8,"FrameCounter":192598,"GD_X":-0.011834942735731602,"GD_Y":0.0048857564106583595,"GD_Z":0.0021378109231591225,"AD_X":0.00689658522605896,"AD_Y":0.0032790768891572952,"AD_Z":-0.1651935577392578,"TempDsp":0,"Status":0,"CalibState":1,"SigAmpInvalid":0}},-1979710460
05-27 18:08:11.641   536   536 D commservice260303: send2Cluster len:314, 7B22636F6D6D616E64223A7B226964223A22696D755F737461747573222C22737562223A22227D2C22636F6E74656E74223A7B2254696D655374616D70223A382C224672616D65436F756E746572223A3139323539382C2247445F58223A2D302E3031313833343934323733353733313630322C2247445F59223A302E303034383835373536343130363538333539352C2247445F5A223A302E303032313337383130393233313539313232352C2241445F58223A302E30303638393635383532323630353839362C2241445F59223A302E303033323739303736383839313537323935322C2241445F5A223A2D302E313635313933353537373339323537382C2254656D70447370223A302C22537461747573223A302C2243616C69625374617465223A312C22536967416D70496E76616C6964223A307D7D, 138 
05-27 18:08:11.641   536   536 D commservice260303: Push Message into SendPool fn=1579942656
05-27 18:08:11.641   536   536 D commservice260303: ComProtocolLibSend2Cluster::send2ClusterRaw fn=1579942656 , len=330
05-27 18:08:11.641   581   581 I SpiService: fgesysctrl_getGPIO_status success val=1
05-27 18:08:11.641   536   536 D commservice260303: sendCmdToPort :330!!!
05-27 18:08:11.641   536   536 D commservice260303: send Cmd To Port ++++5AA501468A0100032C5E6A16C28B7B22636F6D6D616E64223A7B226964223A22696D755F737461747573222C22737562223A22227D2C22636F6E74656E74223A7B2254696D655374616D70223A382C224672616D65436F756E746572223A3139323539382C2247445F58223A2D302E3031313833343934323733353733313630322C2247445F59223A302E303034383835373536343130363538333539352C2247445F5A223A302E303032313337383130393233313539313232352C2241445F58223A302E30303638393635383532323630353839362C2241445F59223A302E303033323739303736383839313537323935322C2241445F5A223A2D302E313635313933353537373339323537382C2254656D70447370223A302C22537461747573223A302C2243616C69625374617465223A312C22536967416D70496E76616C6964223A307D7D548A
05-27 18:08:11.642   536   536 D commservice260303: bufferevent_write retrun value = 0
05-27 18:08:11.642   536   560 D commservice260303: client datas send succeed,send finish
05-27 18:08:11.642 13911 14192 D Sentinelmode_1.2.5.17_sentry: <SentryImuClusterFgeSender>imu_status sent to Linux, frame=192598, tsNs=8358858, tsMs=8, intervalMs=55, ad=(0.006896585,0.003279077,-0.16519356), gd=(-0.011834943,0.0048857564,0.002137811)
05-27 07:59:20.606   581   581 D spi_rst_gpio_get_output: GPIO 145 value: 1
05-27 07:59:20.606   581   581 D spidev_ioctl: gpio status=1)
05-27 18:08:11.644 13911 14183 I SentryImuMcuAngleSender: 179.98949rollDeg
05-27 18:08:11.644 13911 14183 I SentryImuMcuAngleSender: 1,0,0
05-27 18:08:11.647   581   581 I SpiService: fgesysctrl_getGPIO_status success val=1
05-27 07:59:20.612   581   581 D spi_rst_gpio_get_output: GPIO 145 value: 1
05-27 07:59:20.612   581   581 D spidev_ioctl: gpio status=1)
05-27 18:08:11.652  1008 30856 D [OMXB]  : usingANWBuffer: handle:0xee7421c0, format:1, w:1920, h:1080
05-27 18:08:11.652   299 30841 D EvsDriver: forwardFrame
05-27 18:08:11.653   581   581 I SpiService: fgesysctrl_getGPIO_status success val=1
05-27 07:59:20.617   581   581 D spi_rst_gpio_get_output: GPIO 145 value: 1
05-27 07:59:20.617   581   581 D spidev_ioctl: gpio status=1)
05-27 18:08:11.654   299 30841 D EvsDriver: Delivered 0xb400007b7ca56a60 as id 0
05-27 18:08:11.654  1167  1184 D evsmanagerd: /dev/video4 forwarded the buffer #0 to 0xb4000074bf5f6850 from 0xb4000074bf5f41d0
05-27 18:08:11.654 30773 30773 E dvr_service_: [myNum:0] Received S**** loss
05-27 18:08:11.654   299  1153 D EvsDriver: doneWithFrame
05-27 18:08:11.658   581   581 I SpiService: fgesysctrl_getGPIO_status success val=1
05-27 07:59:20.623   581   581 D spi_rst_gpio_get_output: GPIO 145 value: 1
05-27 07:59:20.623   581   581 D spidev_ioctl: gpio status=1)
05-27 18:08:11.660   299 30844 D EvsDriver: forwardFrame
05-27 18:08:11.662   572   572 I Sensors : 230 GyroSensor: x:-0.011911,y:0.005497,z:0.002443
05-27 18:08:11.664   581   581 I SpiService: fgesysctrl_getGPIO_status success val=1
05-27 07:59:20.628   581   581 D spi_rst_gpio_get_output: GPIO 145 value: 1
05-27 07:59:20.628   581   581 D spidev_ioctl: gpio status=1)
05-27 18:08:11.666   299 30844 D EvsDriver: Delivered 0xb400007b7ca56900 as id 0
05-27 18:08:11.666  1167  1184 D evsmanagerd: /dev/video6 forwarded the buffer #0 to 0xb4000074bf5f5510 from 0xb4000074bf5f6d90
05-27 18:08:11.666 30773 30773 E dvr_service_: [myNum:1] Received S**** loss
05-27 18:08:11.666   299  1153 D EvsDriver: doneWithFrame
05-27 18:08:11.669   581   581 I SpiService: fgesysctrl_getGPIO_status success val=0
05-27 18:08:11.669 13911 14183 I SentryImuMcuAngleSender: 180.0rollDeg
05-27 18:08:11.670 13911 14183 I SentryImuMcuAngleSender: 1,0,0
05-27 07:59:20.634   581   581 D spi_rst_gpio_get_output: GPIO 145 value: 0
05-27 07:59:20.634   581   581 D spidev_ioctl: gpio status=0)
05-27 18:08:11.674  1008 30857 D [OMXB]  : usingANWBuffer: handle:0xee7427f0, format:1, w:1920, h:1080
05-27 18:08:11.679   536   536 D commservice260303: msg.id = 1028,1
05-27 18:08:11.679   536   536 D commservice260303: i = 170, msgid = 8A000404
05-27 18:08:11.679   536   536 D commservice260303: msgid = -1979710460,did=138
05-27 18:08:11.679   536   536 D commservice260303: CommProtocolLibCmdBaseI2C::dataproc {"command":{"id":"imu_status","sub":""},"content":{"TimeStamp":8,"FrameCounter":192599,"GD_X":-0.011910883709788322,"GD_Y":0.00549693126231432,"GD_Z":0.002443138277158141,"AD_X":-0.00472666323184967,"AD_Y":2.4388148449361324E-4,"AD_Z":-0.16153430938720703,"TempDsp":0,"Status":0,"CalibState":1,"SigAmpInvalid":0}},-1979710460
05-27 18:08:11.680   536   536 D commservice260303: send2Cluster len:313, 7B22636F6D6D616E64223A7B226964223A22696D755F737461747573222C22737562223A22227D2C22636F6E74656E74223A7B2254696D655374616D70223A382C224672616D65436F756E746572223A3139323539392C2247445F58223A2D302E3031313931303838333730393738383332322C2247445F59223A302E30303534393639333132363233313433322C2247445F5A223A302E3030323434333133383237373135383134312C2241445F58223A2D302E30303437323636363332333138343936372C2241445F59223A322E34333838313438343439333631333234452D342C2241445F5A223A2D302E31363135333433303933383732303730332C2254656D70447370223A302C22537461747573223A302C2243616C69625374617465223A312C22536967416D70496E76616C6964223A307D7D, 138 
05-27 18:08:11.680   536   536 D commservice260303: Push Message into SendPool fn=1596719872
05-27 18:08:11.680   536   536 D commservice260303: ComProtocolLibSend2Cluster::send2ClusterRaw fn=1596719872 , len=329
05-27 18:08:11.680   536   536 D commservice260303: sendCmdToPort :329!!!
05-27 18:08:11.680   536   536 D commservice260303: send Cmd To Port ++++5AA501458A0100032C5F6A16C28B7B22636F6D6D616E64223A7B226964223A22696D755F737461747573222C22737562223A22227D2C22636F6E74656E74223A7B2254696D655374616D70223A382C224672616D65436F756E746572223A3139323539392C2247445F58223A2D302E3031313931303838333730393738383332322C2247445F59223A302E30303534393639333132363233313433322C2247445F5A223A302E3030323434333133383237373135383134312C2241445F58223A2D302E30303437323636363332333138343936372C2241445F59223A322E34333838313438343439333631333234452D342C2241445F5A223A2D302E31363135333433303933383732303730332C2254656D70447370223A302C22537461747573223A302C2243616C69625374617465223A312C22536967416D70496E76616C6964223A307D7D7D8D
05-27 18:08:11.680   536   536 D commservice260303: bufferevent_write retrun value = 0
05-27 18:08:11.680   299 30841 D EvsDriver: forwardFrame
05-27 18:08:11.680   536   560 D commservice260303: client datas send succeed,send finish
05-27 18:08:11.682   299 30844 D EvsDriver: forwardFrame
05-27 18:08:11.682   299 30841 D EvsDriver: Delivered 0xb400007b7ca56a60 as id 0
05-27 18:08:11.682  1167  1184 D evsmanagerd: /dev/video4 forwarded the buffer #0 to 0xb4000074bf5f6850 from 0xb4000074bf5f41d0
05-27 18:08:11.683 13911 14192 D Sentinelmode_1.2.5.17_sentry: <SentryImuClusterFgeSender>imu_status sent to Linux, frame=192599, tsNs=8358913, tsMs=8, intervalMs=40, ad=(-0.004726663,2.4388148E-4,-0.16153431), gd=(-0.011910884,0.0054969313,0.0024431383)
05-27 18:08:11.685   283   307 I rvcservice: t.code = 3, t.value = 0
05-27 18:08:11.685   581   581 I SpiService: fgesysctrl_getGPIO_status success val=1
05-27 18:08:11.687   299  1153 D EvsDriver: doneWithFrame
05-27 18:08:11.689  1167  1184 D evsmanagerd: /dev/video6 forwarded the buffer #0 to 0xb4000074bf5f5510 from 0xb4000074bf5f6d90
05-27 18:08:11.689   299 30844 D EvsDriver: Delivered 0xb400007b7ca56900 as id 0
05-27 18:08:11.690 13911 14183 I SentryImuMcuAngleSender: 179.94391rollDeg
05-27 18:08:11.690 13911 14183 I SentryImuMcuAngleSender: 1,0,0
05-27 18:08:11.692   581   581 I SpiService: fgesysctrl_getGPIO_status success val=1
05-27 18:08:11.693   299  1153 D EvsDriver: doneWithFrame
05-27 07:59:20.650   581   581 D spi_rst_gpio_get_output: GPIO 145 value: 1
05-27 07:59:20.650   581   581 D spidev_ioctl: gpio status=1)
05-27 07:59:20.656   581   581 D spi_rst_gpio_get_output: GPIO 145 value: 1
05-27 07:59:20.656   581   581 D spidev_ioctl: gpio status=1)
05-27 18:08:11.696 15863 16069 D AIN-HttpHealthPolicy: response: 200, cost=519
05-27 18:08:11.697 15863 16068 D AIN-PingWorker: updateHost: result=true,host=www.feishu.cn,delay=519
05-27 18:08:11.697  1008 30856 D [OMXB]  : usingANWBuffer: handle:0xee743c90, format:1, w:1920, h:1080
05-27 18:08:11.697 15863 16068 D AIN-NetCheckerOutputer: onHealthy
05-27 18:08:11.697 15863 16068 D AIN-ServiceHub: getService with: name = service_tracker
05-27 18:08:11.697   581   581 I SpiService: fgesysctrl_getGPIO_status success val=1
05-27 07:59:20.662   581   581 D spi_rst_gpio_get_output: GPIO 145 value: 1
05-27 07:59:20.662   581   581 D spidev_ioctl: gpio status=1)
05-27 18:08:11.703   581   581 I SpiService: fgesysctrl_getGPIO_status success val=1
05-27 07:59:20.668   581   581 D spi_rst_gpio_get_output: GPIO 145 value: 1
05-27 07:59:20.668   581   581 D spidev_ioctl: gpio status=1)
05-27 18:08:11.709   581   581 I SpiService: fgesysctrl_getGPIO_status success val=0
05-27 18:08:11.711 13911 14183 I SentryImuMcuAngleSender: 179.93692rollDeg
05-27 18:08:11.711 13911 14183 I SentryImuMcuAngleSender: 1,0,0
05-27 07:59:20.673   581   581 D spi_rst_gpio_get_output: GPIO 145 value: 0
05-27 07:59:20.673   581   581 D spidev_ioctl: gpio status=0)
05-27 18:08:11.717   299 30844 D EvsDriver: forwardFrame
05-27 18:08:11.719   299 30841 D EvsDriver: forwardFrame
05-27 18:08:11.721   299 30844 D EvsDriver: Delivered 0xb400007b7ca56900 as id 0
05-27 18:08:11.722  1167  1184 D evsmanagerd: /dev/video6 forwarded the buffer #0 to 0xb4000074bf5f5510 from 0xb4000074bf5f6d90
05-27 18:08:11.722  1167  1184 D evsmanagerd: /dev/video4 forwarded the buffer #0 to 0xb4000074bf5f6850 from 0xb4000074bf5f41d0
05-27 18:08:11.723   536   536 D commservice260303: msg.id = 1028,0
05-27 18:08:11.723   536   536 D commservice260303: i = 170, msgid = 8A000404
05-27 18:08:11.723   536   536 D commservice260303: msgid = -1979710460,did=138
05-27 18:08:11.723   536   536 D commservice260303: CommProtocolLibCmdBaseI2C::dataproc {"command":{"id":"imu_status","sub":""},"content":{"TimeStamp":8,"FrameCounter":192600,"GD_X":-0.011300750076770782,"GD_Y":0.004580949433147907,"GD_Z":0.0019079053308814764,"AD_X":-4.2623281478881836E-4,"AD_Y":0.0026323774363845587,"AD_Z":-0.17495441436767578,"TempDsp":0,"Status":0,"CalibState":1,"SigAmpInvalid":0}},-1979710460
05-27 18:08:11.723   536   536 D commservice260303: send2Cluster len:317, 7B22636F6D6D616E64223A7B226964223A22696D755F737461747573222C22737562223A22227D2C22636F6E74656E74223A7B2254696D655374616D70223A382C224672616D65436F756E746572223A3139323630302C2247445F58223A2D302E3031313330303735303037363737303738322C2247445F59223A302E3030343538303934393433333134373930372C2247445F5A223A302E303031393037393035333330383831343736342C2241445F58223A2D342E32363233323831343738383831383336452D342C2241445F59223A302E303032363332333737343336333834353538372C2241445F5A223A2D302E31373439353434313433363736373537382C2254656D70447370223A302C22537461747573223A302C2243616C69625374617465223A312C22536967416D70496E76616C6964223A307D7D, 138 
05-27 18:08:11.724   536   536 D commservice260303: Push Message into SendPool fn=1613497088
05-27 18:08:11.724   536   536 D commservice260303: ComProtocolLibSend2Cluster::send2ClusterRaw fn=1613497088 , len=333
05-27 18:08:11.724   536   536 D commservice260303: sendCmdToPort :333!!!
05-27 18:08:11.724   536   536 D commservice260303: send Cmd To Port ++++5AA501498A0100032C606A16C28B7B22636F6D6D616E64223A7B226964223A22696D755F737461747573222C22737562223A22227D2C22636F6E74656E74223A7B2254696D655374616D70223A382C224672616D65436F756E746572223A3139323630302C2247445F58223A2D302E3031313330303735303037363737303738322C2247445F59223A302E3030343538303934393433333134373930372C2247445F5A223A302E303031393037393035333330383831343736342C2241445F58223A2D342E32363233323831343738383831383336452D342C2241445F59223A302E303032363332333737343336333834353538372C2241445F5A223A2D302E31373439353434313433363736373537382C2254656D70447370223A302C22537461747573223A302C2243616C69625374617465223A312C22536967416D70496E76616C6964223A307D7D4ADF
05-27 18:08:11.724   536   536 D commservice260303: bufferevent_write retrun value = 0
05-27 18:08:11.724   536   560 D commservice260303: client datas send succeed,send finish
05-27 18:08:11.725   299  1153 D EvsDriver: doneWithFrame
05-27 18:08:11.725   299  1163 D EvsDriver: doneWithFrame
05-27 18:08:11.725   581   581 I SpiService: fgesysctrl_getGPIO_status success val=1
05-27 18:08:11.725   299 30841 D EvsDriver: Delivered 0xb400007b7ca56a60 as id 0
05-27 18:08:11.726 13911 14192 D Sentinelmode_1.2.5.17_sentry: <SentryImuClusterFgeSender>imu_status sent to Linux, frame=192600, tsNs=8358965, tsMs=8, intervalMs=43, ad=(-4.2623281E-4,0.0026323774,-0.17495441), gd=(-0.01130075,0.0045809494,0.0019079053)
05-27 18:08:11.728  1008 30856 D [OMXB]  : usingANWBuffer: handle:0xee747180, format:1, w:1920, h:1080
05-27 07:59:20.690   581   581 D spi_rst_gpio_get_output: GPIO 145 value: 1
05-27 07:59:20.690   581   581 D spidev_ioctl: gpio status=1)
05-27 18:08:11.731   581   581 I SpiService: fgesysctrl_getGPIO_status success val=1
05-27 18:08:11.732 13911 14183 I SentryImuMcuAngleSender: 179.96498rollDeg
05-27 18:08:11.732 13911 14183 I SentryImuMcuAngleSender: 1,0,0
05-27 07:59:20.695   581   581 D spi_rst_gpio_get_output: GPIO 145 value: 1
05-27 07:59:20.695   581   581 D spidev_ioctl: gpio status=1)
05-27 18:08:11.736   581   581 I SpiService: fgesysctrl_getGPIO_status success val=1
05-27 07:59:20.701   581   581 D spi_rst_gpio_get_output: GPIO 145 value: 1
05-27 07:59:20.701   581   581 D spidev_ioctl: gpio status=1)
05-27 18:08:11.742   581   581 I SpiService: fgesysctrl_getGPIO_status success val=1
05-27 07:59:20.707   581   581 D spi_rst_gpio_get_output: GPIO 145 value: 1
05-27 18:08:11.747   299 30844 D EvsDriver: forwardFrame
05-27 18:08:11.748  1167  1479 D evsmanagerd: /dev/video6 forwarded the buffer #0 to 0xb4000074bf5f5510 from 0xb4000074bf5f6d90
05-27 07:59:20.712   581   581 D spi_rst_gpio_get_output: GPIO 145 value: 1
05-27 07:59:20.712   581   581 D spidev_ioctl: gpio status=1)
05-27 18:08:11.748   299 30844 D EvsDriver: Delivered 0xb400007b7ca56900 as id 0
05-27 18:08:11.749   299 30841 D EvsDriver: forwardFrame
05-27 18:08:11.749  1008 30857 D [OMXB]  : usingANWBuffer: handle:0xee743df0, format:1, w:1920, h:1080
05-27 18:08:11.750   299  1163 D EvsDriver: doneWithFrame
05-27 18:08:11.751  1167  1479 D evsmanagerd: /dev/video4 forwarded the buffer #0 to 0xb4000074bf5f6850 from 0xb4000074bf5f41d0
05-27 18:08:11.751   299 30841 D EvsDriver: Delivered 0xb400007b7ca56a60 as id 0
05-27 18:08:11.753   581   581 I SpiService: fgesysctrl_getGPIO_status success val=0
05-27 18:08:11.753   299  1163 D EvsDriver: doneWithFrame
05-27 18:08:11.753 30773 30789 I dvr_service_: Camera 1: MediaOK:62966217, frames:1460, isKeyFrame:0,pts:8358603758
05-27 07:59:20.718   581   581 D spi_rst_gpio_get_output: GPIO 145 value: 0
05-27 07:59:20.718   581   581 D spidev_ioctl: gpio status=0)
05-27 18:08:11.759 13911 14183 I SentryImuMcuAngleSender: 179.97899rollDeg
05-27 18:08:11.759 13911 14183 I SentryImuMcuAngleSender: 1,0,0
05-27 18:08:11.766   536   536 D commservice260303: msg.id = 1028,0
05-27 18:08:11.766   536   536 D commservice260303: i = 170, msgid = 8A000404
05-27 18:08:11.766   536   536 D commservice260303: msgid = -1979710460,did=138
05-27 18:08:11.766   536   536 D commservice260303: CommProtocolLibCmdBaseI2C::dataproc {"command":{"id":"imu_status","sub":""},"content":{"TimeStamp":8,"FrameCounter":192601,"GD_X":-0.011223767884075642,"GD_Y":0.00549693126231432,"GD_Z":0.0023671966046094894,"AD_X":-0.007745489478111267,"AD_Y":0.0014071522746235132,"AD_Z":-0.1682453155517578,"TempDsp":0,"Status":0,"CalibState":1,"SigAmpInvalid":0}},-1979710460
05-27 18:08:11.767   536   536 D commservice260303: send2Cluster len:314, 7B22636F6D6D616E64223A7B226964223A22696D755F737461747573222C22737562223A22227D2C22636F6E74656E74223A7B2254696D655374616D70223A382C224672616D65436F756E746572223A3139323630312C2247445F58223A2D302E3031313232333736373838343037353634322C2247445F59223A302E30303534393639333132363233313433322C2247445F5A223A302E303032333637313936363034363039343839342C2241445F58223A2D302E3030373734353438393437383131313236372C2241445F59223A302E303031343037313532323734363233353133322C2241445F5A223A2D302E313638323435333135353531373537382C2254656D70447370223A302C22537461747573223A302C2243616C69625374617465223A312C22536967416D70496E76616C6964223A307D7D, 138 
05-27 18:08:11.767   536   536 D commservice260303: Push Message into SendPool fn=1630274304
05-27 18:08:11.767   536   536 D commservice260303: ComProtocolLibSend2Cluster::send2ClusterRaw fn=1630274304 , len=330
05-27 18:08:11.767   536   536 D commservice260303: sendCmdToPort :330!!!
05-27 18:08:11.767   536   536 D commservice260303: send Cmd To Port ++++5AA501468A0100032C616A16C28B7B22636F6D6D616E64223A7B226964223A22696D755F737461747573222C22737562223A22227D2C22636F6E74656E74223A7B2254696D655374616D70223A382C224672616D65436F756E746572223A3139323630312C2247445F58223A2D302E3031313232333736373838343037353634322C2247445F59223A302E30303534393639333132363233313433322C2247445F5A223A302E303032333637313936363034363039343839342C2241445F58223A2D302E3030373734353438393437383131313236372C2241445F59223A302E303031343037313532323734363233353133322C2241445F5A223A2D302E313638323435333135353531373537382C2254656D70447370223A302C22537461747573223A302C2243616C69625374617465223A312C22536967416D70496E76616C6964223A307D7D9F73
05-27 18:08:11.767   536   536 D commservice260303: bufferevent_write retrun value = 0
05-27 18:08:11.767 13911 14192 D Sentinelmode_1.2.5.17_sentry: <SentryImuClusterFgeSender>imu_status sent to Linux, frame=192601, tsNs=8359004, tsMs=8, intervalMs=42, ad=(-0.0077454895,0.0014071523,-0.16824532), gd=(-0.011223768,0.0054969313,0.0023671966)
05-27 18:08:11.767   536   560 D commservice260303: client datas send succeed,send finish
05-27 18:08:11.768   581   581 I SpiService: fgesysctrl_getGPIO_status success val=1
05-27 07:59:20.732   581   581 D spi_rst_gpio_get_output: GPIO 145 value: 1
05-27 07:59:20.732   581   581 D spidev_ioctl: gpio status=1)
05-27 18:08:11.769   572   572 I Sensors : 230 AccelSensor: x:-0.183000,y:0.006100,z:-9.974720
05-27 18:08:11.773   581   581 I SpiService: fgesysctrl_getGPIO_status success val=1
05-27 07:59:20.738   581   581 D spi_rst_gpio_get_output: GPIO 145 value: 1
05-27 07:59:20.738   581   581 D spidev_ioctl: gpio status=1)
05-27 18:08:11.779   581   581 I SpiService: fgesysctrl_getGPIO_status success val=1
05-27 18:08:11.779 13911 14183 I SentryImuMcuAngleSender: 179.96497rollDeg
05-27 18:08:11.780 13911 14183 I SentryImuMcuAngleSender: 1,0,0
05-27 18:08:11.780  1008 30856 D [OMXB]  : usingANWBuffer: handle:0xee742cc0, format:1, w:1920, h:1080
05-27 07:59:20.743   581   581 D spi_rst_gpio_get_output: GPIO 145 value: 1
05-27 07:59:20.743   581   581 D spidev_ioctl: gpio status=1)
05-27 18:08:11.782   299 30844 D EvsDriver: forwardFrame
05-27 18:08:11.783   299 30844 D EvsDriver: Delivered 0xb400007b7ca56900 as id 0
05-27 18:08:11.783  1167  1479 D evsmanagerd: /dev/video6 forwarded the buffer #0 to 0xb4000074bf5f5510 from 0xb4000074bf5f6d90
05-27 18:08:11.784   581   581 I SpiService: fgesysctrl_getGPIO_status success val=1
05-27 18:08:11.785   283   307 I rvcservice: t.code = 0, t.value = 0
05-27 07:59:20.749   581   581 D spi_rst_gpio_get_output: GPIO 145 value: 1
05-27 07:59:20.749   581   581 D spidev_ioctl: gpio status=1)
05-27 18:08:11.786   299  1163 D EvsDriver: doneWithFrame
05-27 18:08:11.788   299 30841 D EvsDriver: forwardFrame
05-27 18:08:11.790   581   581 I SpiService: fgesysctrl_getGPIO_status success val=1
05-27 07:59:20.755   581   581 D spi_rst_gpio_get_output: GPIO 145 value: 1
05-27 07:59:20.755   581   581 D spidev_ioctl: gpio status=1)
05-27 18:08:11.791   299 30841 D EvsDriver: Delivered 0xb400007b7ca56a60 as id 0
05-27 18:08:11.791  1167  1479 D evsmanagerd: /dev/video4 forwarded the buffer #0 to 0xb4000074bf5f6850 from 0xb4000074bf5f41d0
05-27 18:08:11.794   299  1163 D EvsDriver: doneWithFrame
05-27 18:08:11.796   581   581 I SpiService: fgesysctrl_getGPIO_status success val=0
05-27 07:59:20.760   581   581 D spi_rst_gpio_get_output: GPIO 145 value: 0
05-27 07:59:20.760   581   581 D spidev_ioctl: gpio status=0)
05-27 18:08:11.797  1008 30857 D [OMXB]  : usingANWBuffer: handle:0xee7433a0, format:1, w:1920, h:1080
05-27 18:08:11.799 13911 14183 I SentryImuMcuAngleSender: 179.95796rollDeg
05-27 18:08:11.799 13911 14183 I SentryImuMcuAngleSender: 1,0,0
05-27 18:08:11.807   536   536 D commservice260303: msg.id = 1028,0
05-27 18:08:11.807   536   536 D commservice260303: i = 170, msgid = 8A000404
05-27 18:08:11.807   536   536 D commservice260303: msgid = -1979710460,did=138
05-27 18:08:11.807   536   536 D commservice260303: CommProtocolLibCmdBaseI2C::dataproc {"command":{"id":"imu_status","sub":""},"content":{"TimeStamp":8,"FrameCounter":192602,"GD_X":-0.012599040754139423,"GD_Y":0.004580949433147907,"GD_Z":0.0019848872907459736,"AD_X":-0.008249491453170776,"AD_Y":0.0013827241491526365,"AD_Z":-0.17068862915039062,"TempDsp":0,"Status":0,"CalibState":1,"SigAmpInvalid":0}},-1979710460
05-27 18:08:11.807   536   536 D commservice260303: send2Cluster len:316, 7B22636F6D6D616E64223A7B226964223A22696D755F737461747573222C22737562223A22227D2C22636F6E74656E74223A7B2254696D655374616D70223A382C224672616D65436F756E746572223A3139323630322C2247445F58223A2D302E3031323539393034303735343133393432332C2247445F59223A302E3030343538303934393433333134373930372C2247445F5A223A302E303031393834383837323930373435393733362C2241445F58223A2D302E3030383234393439313435333137303737362C2241445F59223A302E303031333832373234313439313532363336352C2241445F5A223A2D302E31373036383836323931353033393036322C2254656D70447370223A302C22537461747573223A302C2243616C69625374617465223A312C22536967416D70496E76616C6964223A307D7D, 138 
05-27 18:08:11.807   536   536 D commservice260303: Push Message into SendPool fn=1647051520
05-27 18:08:11.807   536   536 D commservice260303: ComProtocolLibSend2Cluster::send2ClusterRaw fn=1647051520 , len=332
05-27 18:08:11.808   536   536 D commservice260303: sendCmdToPort :332!!!
05-27 18:08:11.808   536   536 D commservice260303: send Cmd To Port ++++5AA501488A0100032C626A16C28B7B22636F6D6D616E64223A7B226964223A22696D755F737461747573222C22737562223A22227D2C22636F6E74656E74223A7B2254696D655374616D70223A382C224672616D65436F756E746572223A3139323630322C2247445F58223A2D302E3031323539393034303735343133393432332C2247445F59223A302E3030343538303934393433333134373930372C2247445F5A223A302E303031393834383837323930373435393733362C2241445F58223A2D302E3030383234393439313435333137303737362C2241445F59223A302E303031333832373234313439313532363336352C2241445F5A223A2D302E31373036383836323931353033393036322C2254656D70447370223A302C22537461747573223A302C2243616C69625374617465223A312C22536967416D70496E76616C6964223A307D7DCAD3
05-27 18:08:11.808   536   536 D commservice260303: bufferevent_write retrun value = 0
05-27 18:08:11.808 13911 14192 D Sentinelmode_1.2.5.17_sentry: <SentryImuClusterFgeSender>imu_status sent to Linux, frame=192602, tsNs=8359054, tsMs=8, intervalMs=41, ad=(-0.008249491,0.0013827241,-0.17068863), gd=(-0.012599041,0.0045809494,0.0019848873)
05-27 18:08:11.809   536   560 D commservice260303: client datas send succeed,send finish
05-27 18:08:11.810   581   581 I SpiService: fgesysctrl_getGPIO_status success val=1
05-27 18:08:11.811   481   598 I mcuc    : rev,n=1,6AA681A867000A89008201040900123456B1
05-27 18:08:11.811  1121  1144 I tboxmids_ap: [2026-05-27 18:08:11.811] [MCU RX] src=MCU dst=ZMQ len=10 type=BINARY data=00 08 82 01 04 09 00 12 34 56 
05-27 18:08:11.811   351   373 D automotive.vehicle@2.0-adayo-datacomm-mcu: MCUDatacomm sendMessageFromVehicle prop: 0x89, areaId: 0x0, status: 0x82, timestamp: 0x1
05-27 18:08:11.811   351   373 D automotive.vehicle@2.0-adayo-datacomm-mcu: MCUDatacomm 1sendMessageFromVehicle ---> type = 12 
05-27 18:08:11.812  1083  1083 I MyAppLog: [2026-05-27 18:08:11.812 I tboxap mcuCommTboxmidsRecvCb:97] [Mcu] [mcuCommTboxmidsRecvCb] recv from tboxmids, size:10
05-27 18:08:11.812  1083  1083 I MyAppLog: [2026-05-27 18:08:11.812 I tboxap mcuCommTboxmidsRecvCb:98] [Mcu] [tboxmids -> tboxap]: :00 08 82 01 04 09 00 12 34 56
05-27 18:08:11.812  1083  1083 I MyAppLog: [2026-05-27 18:08:11.812 I tboxap mcuPtlParseData:990] [Mcu] [Mcu  Parse]: (cmd):0900 (param):0900123456
05-27 18:08:11.812  1083  1083 W MyAppLog: [2026-05-27 18:08:11.812 W tboxap mcuParamDataRevPack:918] [Mcu] mcuParamDataRevPack start pack data!!!
05-27 18:08:11.812  1083  1083 I MyAppLog: [2026-05-27 18:08:11.812 I tboxap MCU_HANDSHAKE_IND_McuInd:317] [Mcu] [MCU_HANDSHAKE_IND_McuInd] wakeReason:0x12 -> loginReason:0x08 protoVer:0x34
05-27 18:08:11.813  1083  1083 W MyAppLog: [2026-05-27 18:08:11.812 W tboxap mcuHandleHandshakeInd:1654] [Mcu] [mcuHandleHandshakeInd] recv 0x0900 handshake response wakeReason:0x12 protoVer:0x34
05-27 18:08:11.815   581   581 I SpiService: fgesysctrl_getGPIO_status success val=1
05-27 18:08:11.816   299 30841 D EvsDriver: forwardFrame
05-27 18:08:11.816  1083  1083 I MyAppLog: [2026-05-27 18:08:11.816 I tboxap mcuMainPeriodic100msTask:914] [Mcu] [mcuMainPeriodic100msTask] MCU version not ready, send 0x0981 item 0x01 retry:1
05-27 18:08:11.816  1083  1083 I MyAppLog: [2026-05-27 18:08:11.816 I tboxap mcuSendYadiTransfer:196] [Mcu] [mcuYadiSend]: :00 08 AC 04 01 09 81 02 01 01
05-27 18:08:11.818   299 30841 D EvsDriver: Delivered 0xb400007b7ca56a60 as id 0
05-27 18:08:11.818  1167  1479 D evsmanagerd: /dev/video4 forwarded the buffer #0 to 0xb4000074bf5f6850 from 0xb4000074bf5f41d0
05-27 18:08:11.818 30773 30773 E dvr_service_: [myNum:0] Received S**** loss
05-27 18:08:11.818   299 30844 D EvsDriver: forwardFrame
05-27 18:08:11.818   299  1163 D EvsDriver: doneWithFrame
05-27 18:08:11.819   481   599 I mcuc    : start timer OK = 23427 
05-27 18:08:11.820 13911 14183 I SentryImuMcuAngleSender: 179.97197rollDeg
05-27 18:08:11.820 13911 14183 I SentryImuMcuAngleSender: 1,0,0
05-27 18:08:11.821   581   581 I SpiService: fgesysctrl_getGPIO_status success val=1
05-27 18:08:11.821  1167  1479 D evsmanagerd: /dev/video6 forwarded the buffer #0 to 0xb4000074bf5f5510 from 0xb4000074bf5f6d90
05-27 18:08:11.821 30773 30773 E dvr_service_: [myNum:1] Received S**** loss
05-27 18:08:11.821   299 30844 D EvsDriver: Delivered 0xb400007b7ca56900 as id 0
05-27 18:08:11.821   299  1163 D EvsDriver: doneWithFrame
05-27 18:08:11.823 30773 30786 I dvr_service_: CameraX 0  audioOK: 63134637,audios:940
05-27 18:08:11.823 30773 30786 I dvr_service_: CameraX 1  audioOK: 63134637,audios:940
05-27 18:08:11.826   581   581 I SpiService: fgesysctrl_getGPIO_status success val=1
05-27 18:08:11.827  1008 30856 D [OMXB]  : usingANWBuffer: handle:0xee746310, format:1, w:1920, h:1080
05-27 18:08:11.832   581   581 I SpiService: fgesysctrl_getGPIO_status success val=0
05-27 18:08:11.832   481   597 I mcuc    : send SPI:6AA602A86700028900646AA6015B8300F80901AC0401098102010100000000000000000000000000000000000000000000000000000000000000000000000000000000000000000000000000000000000000000000000000000000000000000000000000000000000000000000000000000000000000000000000000000000000000000000000000000000000000000000000000000000000000000000000000000000000000000000000000000000000000000000000000000000000000000000000000000000000000000000000000000000000000000000000000000000000000000000000000000000000000000000000000000000000000000000000000000000000000000000E0
05-27 18:08:11.841 13911 14183 I SentryImuMcuAngleSender: -179.99649rollDeg
05-27 18:08:11.841 13911 14183 I SentryImuMcuAngleSender: 1,0,0
05-27 18:08:11.841   299 30841 D EvsDriver: forwardFrame
05-27 18:08:11.843   299 30841 D EvsDriver: Delivered 0xb400007b7ca56a60 as id 0
05-27 18:08:11.843  1167  1479 D evsmanagerd: /dev/video4 forwarded the buffer #0 to 0xb4000074bf5f6850 from 0xb4000074bf5f41d0
05-27 18:08:11.843   299 30844 D EvsDriver: forwardFrame
05-27 18:08:11.845   299 30844 D EvsDriver: Delivered 0xb400007b7ca56900 as id 0
05-27 18:08:11.845   299  1163 D EvsDriver: doneWithFrame
05-27 18:08:11.845  1167  1184 D evsmanagerd: /dev/video6 forwarded the buffer #0 to 0xb4000074bf5f5510 from 0xb4000074bf5f6d90
05-27 18:08:11.846   581   581 I SpiService: fgesysctrl_getGPIO_status success val=1
05-27 18:08:11.847   299  1163 D EvsDriver: doneWithFrame
05-27 18:08:11.847   536   536 D commservice260303: msg.id = 1028,0
05-27 18:08:11.847   536   536 D commservice260303: i = 170, msgid = 8A000404
05-27 18:08:11.847   536   536 D commservice260303: msgid = -1979710460,did=138
05-27 18:08:11.847   536   536 D commservice260303: CommProtocolLibCmdBaseI2C::dataproc {"command":{"id":"imu_status","sub":""},"content":{"TimeStamp":8,"FrameCounter":192603,"GD_X":-0.011682018637657166,"GD_Y":0.004199160262942314,"GD_Z":0.0023671966046094894,"AD_X":-0.007616788148880005,"AD_Y":-0.004094238393008709,"AD_Z":-0.17312908172607422,"TempDsp":0,"Status":0,"CalibState":1,"SigAmpInvalid":0}},-1979710460
05-27 18:08:11.847   536   536 D commservice260303: send2Cluster len:316, 7B22636F6D6D616E64223A7B226964223A22696D755F737461747573222C22737562223A22227D2C22636F6E74656E74223A7B2254696D655374616D70223A382C224672616D65436F756E746572223A3139323630332C2247445F58223A2D302E3031313638323031383633373635373136362C2247445F59223A302E3030343139393136303236323934323331342C2247445F5A223A302E303032333637313936363034363039343839342C2241445F58223A2D302E3030373631363738383134383838303030352C2241445F59223A2D302E3030343039343233383339333030383730392C2241445F5A223A2D302E31373331323930383137323630373432322C2254656D70447370223A302C22537461747573223A302C2243616C69625374617465223A312C22536967416D70496E76616C6964223A307D7D, 138 
05-27 18:08:11.847   536   536 D commservice260303: Push Message into SendPool fn=1663828736
05-27 18:08:11.848   536   536 D commservice260303: ComProtocolLibSend2Cluster::send2ClusterRaw fn=1663828736 , len=332
05-27 18:08:11.848   536   536 D commservice260303: sendCmdToPort :332!!!
05-27 18:08:11.848   536   536 D commservice260303: send Cmd To Port ++++5AA501488A0100032C636A16C28B7B22636F6D6D616E64223A7B226964223A22696D755F737461747573222C22737562223A22227D2C22636F6E74656E74223A7B2254696D655374616D70223A382C224672616D65436F756E746572223A3139323630332C2247445F58223A2D302E3031313638323031383633373635373136362C2247445F59223A302E3030343139393136303236323934323331342C2247445F5A223A302E303032333637313936363034363039343839342C2241445F58223A2D302E3030373631363738383134383838303030352C2241445F59223A2D302E3030343039343233383339333030383730392C2241445F5A223A2D302E31373331323930383137323630373432322C2254656D70447370223A302C22537461747573223A302C2243616C69625374617465223A312C22536967416D70496E76616C6964223A307D7D6433
05-27 18:08:11.848   536   536 D commservice260303: bufferevent_write retrun value = 0
05-27 18:08:11.848   536   560 D commservice260303: client datas send succeed,send finish
05-27 18:08:11.848 13911 14192 D Sentinelmode_1.2.5.17_sentry: <SentryImuClusterFgeSender>imu_status sent to Linux, frame=192603, tsNs=8359091, tsMs=8, intervalMs=40, ad=(-0.007616788,-0.0040942384,-0.17312908), gd=(-0.011682019,0.0041991603,0.0023671966)
05-27 18:08:11.852   581   581 I SpiService: fgesysctrl_getGPIO_status success val=1
05-27 18:08:11.853  1008 30857 D [OMXB]  : usingANWBuffer: handle:0xee7435b0, format:1, w:1920, h:1080
05-27 18:08:11.858   581   581 I SpiService: fgesysctrl_getGPIO_status success val=1
05-27 18:08:11.859   572   572 I Sensors : 230 GyroSensor: x:-0.011759,y:0.005879,z:0.002214
05-27 18:08:11.862 13911 14183 I SentryImuMcuAngleSender: -179.9895rollDeg
05-27 18:08:11.862 13911 14183 I SentryImuMcuAngleSender: 1,0,0
05-27 18:08:11.863   581   581 I SpiService: fgesysctrl_getGPIO_status success val=1
05-27 07:59:20.828   581   581 D spi_rst_gpio_get_output: GPIO 145 value: 1
05-27 18:08:11.869   581   581 I SpiService: fgesysctrl_getGPIO_status success val=1
05-27 18:08:11.869  1008 30856 D [OMXB]  : usingANWBuffer: handle:0xee744160, format:1, w:1920, h:1080
05-27 07:59:20.833   581   581 D spidev_ioctl: gpio status=1)
05-27 18:08:11.874   586   614 D vendor.sprd.hardware.aprd-service: GPS Get GPSver failed No such file or directory
05-27 18:08:11.874   586   614 D vendor.sprd.hardware.aprd-service: GE xmlDoc is NULL, may not set GPS on.
05-27 18:08:11.874   581   581 I SpiService: fgesysctrl_getGPIO_status success val=0
05-27 07:59:20.839   581   581 D spi_rst_gpio_get_output: GPIO 145 value: 0
05-27 07:59:20.839   581   581 D spidev_ioctl: gpio status=0)
05-27 18:08:11.879   299 30844 D EvsDriver: forwardFrame
05-27 18:08:11.881 30773 30788 I dvr_service_: [runShortMediaThread:298] cameraId:1 medias:300,audios:220,stateAudio:0,mShortState:0,warnEvent:0,state:1
05-27 18:08:11.882   299 30844 D EvsDriver: Delivered 0xb400007b7ca56900 as id 0
05-27 18:08:11.882  1167  1184 D evsmanagerd: /dev/video6 forwarded the buffer #0 to 0xb4000074bf5f5510 from 0xb4000074bf5f6d90
05-27 18:08:11.884 13911 14183 I SentryImuMcuAngleSender: 179.98949rollDeg
05-27 18:08:11.884 13911 14183 I SentryImuMcuAngleSender: 1,0,0
05-27 18:08:11.885   283   307 I rvcservice: t.code = 3, t.value = 0
05-27 18:08:11.886   299  1163 D EvsDriver: doneWithFrame
05-27 18:08:11.887  1008 30857 D [OMXB]  : usingANWBuffer: handle:0xee744bb0, format:1, w:1920, h:1080
05-27 18:08:11.888   536   536 D commservice260303: msg.id = 1028,0
05-27 18:08:11.888   536   536 D commservice260303: i = 170, msgid = 8A000404
05-27 18:08:11.888   536   536 D commservice260303: msgid = -1979710460,did=138
05-27 18:08:11.888   536   536 D commservice260303: CommProtocolLibCmdBaseI2C::dataproc {"command":{"id":"imu_status","sub":""},"content":{"TimeStamp":8,"FrameCounter":192604,"GD_X":-0.01221725158393383,"GD_Y":0.0051151420921087265,"GD_Z":0.0020608289632946253,"AD_X":0.003340303897857666,"AD_Y":-0.001632152241654694,"AD_Z":-0.1682453155517578,"TempDsp":0,"Status":0,"CalibState":1,"SigAmpInvalid":0}},-1979710460
05-27 18:08:11.888   299 30841 D EvsDriver: forwardFrame
05-27 18:08:11.888   536   536 D commservice260303: send2Cluster len:314, 7B22636F6D6D616E64223A7B226964223A22696D755F737461747573222C22737562223A22227D2C22636F6E74656E74223A7B2254696D655374616D70223A382C224672616D65436F756E746572223A3139323630342C2247445F58223A2D302E30313232313732353135383339333338332C2247445F59223A302E303035313135313432303932313038373236352C2247445F5A223A302E303032303630383238393633323934363235332C2241445F58223A302E3030333334303330333839373835373636362C2241445F59223A2D302E3030313633323135323234313635343639342C2241445F5A223A2D302E313638323435333135353531373537382C2254656D70447370223A302C22537461747573223A302C2243616C69625374617465223A312C22536967416D70496E76616C6964223A307D7D, 138 
05-27 18:08:11.888   536   536 D commservice260303: Push Message into SendPool fn=1680605952
05-27 18:08:11.888   536   536 D commservice260303: ComProtocolLibSend2Cluster::send2ClusterRaw fn=1680605952 , len=330
05-27 18:08:11.889   536   536 D commservice260303: sendCmdToPort :330!!!
05-27 18:08:11.889   536   536 D commservice260303: send Cmd To Port ++++5AA501468A0100032C646A16C28B7B22636F6D6D616E64223A7B226964223A22696D755F737461747573222C22737562223A22227D2C22636F6E74656E74223A7B2254696D655374616D70223A382C224672616D65436F756E746572223A3139323630342C2247445F58223A2D302E30313232313732353135383339333338332C2247445F59223A302E303035313135313432303932313038373236352C2247445F5A223A302E303032303630383238393633323934363235332C2241445F58223A302E3030333334303330333839373835373636362C2241445F59223A2D302E3030313633323135323234313635343639342C2241445F5A223A2D302E313638323435333135353531373537382C2254656D70447370223A302C22537461747573223A302C2243616C69625374617465223A312C22536967416D70496E76616C6964223A307D7D37F6
05-27 18:08:11.889   536   536 D commservice260303: bufferevent_write retrun value = 0
05-27 18:08:11.889   481   598 I mcuc    : rev,n=1,6AA6825B830002090194
05-27 18:08:11.890 13911 14192 D Sentinelmode_1.2.5.17_sentry: <SentryImuClusterFgeSender>imu_status sent to Linux, frame=192604, tsNs=8359126, tsMs=8, intervalMs=42, ad=(0.003340304,-0.0016321522,-0.16824532), gd=(-0.012217252,0.005115142,0.002060829)
05-27 18:08:11.890   299 30841 D EvsDriver: Delivered 0xb400007b7ca56a60 as id 0
05-27 18:08:11.890  1167  1184 D evsmanagerd: /dev/video4 forwarded the buffer #0 to 0xb4000074bf5f6850 from 0xb4000074bf5f41d0
05-27 18:08:11.890   536   560 D commservice260303: client datas send succeed,send finish
