05-27 18:08:14.284   536   536 D commservice260303: send Cmd To Port ++++5AA501468A0100032CA06A16C28E7B22636F6D6D616E64223A7B226964223A22696D755F737461747573222C22737562223A22227D2C22636F6E74656E74223A7B2254696D655374616D70223A382C224672616D65436F756E746572223A3139323636332C2247445F58223A2D302E3031303834313937383731333837303034392C2247445F59223A302E303033383933383332393038393433323935352C2247445F5A223A302E3030323231333735323539353730373737342C2241445F58223A2D302E303031303338373435303435363631393236332C2241445F59223A302E30303631323235303334323936353132362C2241445F5A223A2D302E313635383033393039333031373537382C2254656D70447370223A302C22537461747573223A302C2243616C69625374617465223A312C22536967416D70496E76616C6964223A307D7DBA95
05-27 18:08:14.285   536   536 D commservice260303: bufferevent_write retrun value = 0
05-27 18:08:14.285   536   560 D commservice260303: client datas send succeed,send finish
05-27 18:08:14.285 13911 14192 D Sentinelmode_1.2.5.17_sentry: <SentryImuClusterFgeSender>imu_status sent to Linux, frame=192663, tsNs=8361533, tsMs=8, intervalMs=40, ad=(-0.001038745,0.0061225034,-0.16580391), gd=(-0.010841979,0.003893833,0.0022137526)
05-27 18:08:14.286   299  1163 D EvsDriver: doneWithFrame
05-27 18:08:14.287   299  1163 D EvsDriver: doneWithFrame
05-27 07:59:23.248   581   581 D spi_rst_gpio_get_output: GPIO 145 value: 1
05-27 07:59:23.248   581   581 D spidev_ioctl: gpio status=1)
05-27 18:08:14.289   581   581 I SpiService: fgesysctrl_getGPIO_status success val=1
05-27 18:08:14.292 13911 14183 I SentryImuMcuAngleSender: 179.94391rollDeg
05-27 18:08:14.292 13911 14183 I SentryImuMcuAngleSender: 1,0,0
05-27 18:08:14.292   283   307 I rvcservice: t.code = 2, t.value = 9971670
05-27 07:59:23.254   581   581 D spi_rst_gpio_get_output: GPIO 145 value: 1
05-27 07:59:23.254   581   581 D spidev_ioctl: gpio status=1)
05-27 18:08:14.295   581   581 I SpiService: fgesysctrl_getGPIO_status success val=1
05-27 07:59:23.260   581   581 D spi_rst_gpio_get_output: GPIO 145 value: 1
05-27 07:59:23.260   581   581 D spidev_ioctl: gpio status=1)
05-27 18:08:14.300   581   581 I SpiService: fgesysctrl_getGPIO_status success val=0
05-27 07:59:23.265   581   581 D spi_rst_gpio_get_output: GPIO 145 value: 0
05-27 07:59:23.265   581   581 D spidev_ioctl: gpio status=0)
05-27 18:08:14.302  1008 30857 D [OMXB]  : usingANWBuffer: handle:0xee7428a0, format:1, w:1920, h:1080
05-27 18:08:14.311 20124 20170 D ANWStack: Realtek Bluetooth :01 01 10 00
05-27 18:08:14.312 13911 14183 I SentryImuMcuAngleSender: 179.95795rollDeg
05-27 18:08:14.312 13911 14183 I SentryImuMcuAngleSender: 1,0,0
05-27 18:08:14.314   299 30841 D EvsDriver: forwardFrame
05-27 18:08:14.315   581   581 I SpiService: fgesysctrl_getGPIO_status success val=1
05-27 18:08:14.316  1167  1184 D evsmanagerd: /dev/video4 forwarded the buffer #0 to 0xb4000074bf5f6850 from 0xb4000074bf5f41d0
05-27 18:08:14.316   299 30841 D EvsDriver: Delivered 0xb400007b7ca56a60 as id 0
05-27 18:08:14.316 30773 30773 I dvr_service_: [myNum:0][onFrameReceived] Received Surface:1 0
05-27 18:08:14.317 30773 30773 E dvr_service_: [myNum:0] Received S**** loss
05-27 18:08:14.317   299  1163 D EvsDriver: doneWithFrame
05-27 18:08:14.317   299 30844 D EvsDriver: forwardFrame
05-27 18:08:14.318   572   572 I Sensors : 230 AccelSensor: x:-0.167749,y:0.003659,z:-9.975940
05-27 07:59:23.279   581   581 D spi_rst_gpio_get_output: GPIO 145 value: 1
05-27 07:59:23.279   581   581 D spidev_ioctl: gpio status=1)
05-27 18:08:14.318   299 30844 D EvsDriver: Delivered 0xb400007b7ca56900 as id 0
05-27 18:08:14.319  1167  1184 D evsmanagerd: /dev/video6 forwarded the buffer #0 to 0xb4000074bf5f5510 from 0xb4000074bf5f6d90
05-27 18:08:14.319 30773 30773 I dvr_service_: [myNum:1][onFrameReceived] Received Surface:1 0
05-27 18:08:14.319 30773 30773 E dvr_service_: [myNum:1] Received S**** loss
05-27 18:08:14.319  1008 30856 D [OMXB]  : usingANWBuffer: handle:0xee741b90, format:1, w:1920, h:1080
05-27 18:08:14.319   299  1163 D EvsDriver: doneWithFrame
05-27 18:08:14.320 30773 30789 I dvr_service_: Camera 0: MediaOK:65498969, frames:1520, isKeyFrame:0,pts:8361175514
05-27 18:08:14.320   581   581 I SpiService: fgesysctrl_getGPIO_status success val=1
05-27 07:59:23.285   581   581 D spi_rst_gpio_get_output: GPIO 145 value: 1
05-27 07:59:23.285   581   581 D spidev_ioctl: gpio status=1)
05-27 18:08:14.324   536   536 D commservice260303: msg.id = 1028,0
05-27 18:08:14.324   536   536 D commservice260303: i = 170, msgid = 8A000404
05-27 18:08:14.324   536   536 D commservice260303: msgid = -1979710460,did=138
05-27 18:08:14.324   536   536 D commservice260303: CommProtocolLibCmdBaseI2C::dataproc {"command":{"id":"imu_status","sub":""},"content":{"TimeStamp":8,"FrameCounter":192664,"GD_X":-0.01153013575822115,"GD_Y":0.004733873065561056,"GD_Z":0.0021378109231591225,"AD_X":-0.0022626519203186035,"AD_Y":9.8405871540308E-6,"AD_Z":-0.1706838607788086,"TempDsp":0,"Status":0,"CalibState":1,"SigAmpInvalid":0}},-1979710460
05-27 18:08:14.324   536   536 D commservice260303: send2Cluster len:312, 7B22636F6D6D616E64223A7B226964223A22696D755F737461747573222C22737562223A22227D2C22636F6E74656E74223A7B2254696D655374616D70223A382C224672616D65436F756E746572223A3139323636342C2247445F58223A2D302E30313135333031333537353832323131352C2247445F59223A302E3030343733333837333036353536313035362C2247445F5A223A302E303032313337383130393233313539313232352C2241445F58223A2D302E303032323632363531393230333138363033352C2241445F59223A392E38343035383731353430333038452D362C2241445F5A223A2D302E313730363833383630373738383038362C2254656D70447370223A302C22537461747573223A302C2243616C69625374617465223A312C22536967416D70496E76616C6964223A307D7D, 138 
05-27 18:08:14.324   536   536 D commservice260303: Push Message into SendPool fn=-1590951168
05-27 18:08:14.324   536   536 D commservice260303: ComProtocolLibSend2Cluster::send2ClusterRaw fn=-1590951168 , len=328
05-27 18:08:14.324   536   536 D commservice260303: sendCmdToPort :328!!!
05-27 18:08:14.324   536   536 D commservice260303: send Cmd To Port ++++5AA501448A0100032CA16A16C28E7B22636F6D6D616E64223A7B226964223A22696D755F737461747573222C22737562223A22227D2C22636F6E74656E74223A7B2254696D655374616D70223A382C224672616D65436F756E746572223A3139323636342C2247445F58223A2D302E30313135333031333537353832323131352C2247445F59223A302E3030343733333837333036353536313035362C2247445F5A223A302E303032313337383130393233313539313232352C2241445F58223A2D302E303032323632363531393230333138363033352C2241445F59223A392E38343035383731353430333038452D362C2241445F5A223A2D302E313730363833383630373738383038362C2254656D70447370223A302C22537461747573223A302C2243616C69625374617465223A312C22536967416D70496E76616C6964223A307D7DA219
05-27 18:08:14.325   536   536 D commservice260303: bufferevent_write retrun value = 0
05-27 18:08:14.325   536   560 D commservice260303: client datas send succeed,send finish
05-27 18:08:14.325 13911 14192 D Sentinelmode_1.2.5.17_sentry: <SentryImuClusterFgeSender>imu_status sent to Linux, frame=192664, tsNs=8361568, tsMs=8, intervalMs=40, ad=(-0.002262652,9.840587E-6,-0.17068386), gd=(-0.011530136,0.004733873,0.002137811)
05-27 18:08:14.326   581   581 I SpiService: fgesysctrl_getGPIO_status success val=1
05-27 07:59:23.291   581   581 D spi_rst_gpio_get_output: GPIO 145 value: 1
05-27 07:59:23.291   581   581 D spidev_ioctl: gpio status=1)
05-27 18:08:14.332   581   581 I SpiService: fgesysctrl_getGPIO_status success val=1
05-27 18:08:14.333 13911 14183 I SentryImuMcuAngleSender: 179.97899rollDeg
05-27 18:08:14.333 13911 14183 I SentryImuMcuAngleSender: 1,0,0
05-27 07:59:23.296   581   581 D spi_rst_gpio_get_output: GPIO 145 value: 1
05-27 07:59:23.296   581   581 D spidev_ioctl: gpio status=1)
05-27 18:08:14.336  1008 30857 D [OMXB]  : usingANWBuffer: handle:0xee740590, format:1, w:1920, h:1080
05-27 18:08:14.337   581   581 I SpiService: fgesysctrl_getGPIO_status success val=1
05-27 07:59:23.302   581   581 D spi_rst_gpio_get_output: GPIO 145 value: 1
05-27 07:59:23.302   581   581 D spidev_ioctl: gpio status=1)
05-27 18:08:14.343   581   581 I SpiService: fgesysctrl_getGPIO_status success val=0
05-27 07:59:23.307   581   581 D spi_rst_gpio_get_output: GPIO 145 value: 0
05-27 07:59:23.307   581   581 D spidev_ioctl: gpio status=0)
05-27 18:08:14.348   299 30841 D EvsDriver: forwardFrame
05-27 18:08:14.350  1167  1184 D evsmanagerd: /dev/video4 forwarded the buffer #0 to 0xb4000074bf5f6850 from 0xb4000074bf5f41d0
05-27 18:08:14.350   299 30841 D EvsDriver: Delivered 0xb400007b7ca56a60 as id 0
05-27 18:08:14.350   299 30844 D EvsDriver: forwardFrame
05-27 18:08:14.352   299 30844 D EvsDriver: Delivered 0xb400007b7ca56900 as id 0
05-27 18:08:14.352  1167  1184 D evsmanagerd: /dev/video6 forwarded the buffer #0 to 0xb4000074bf5f5510 from 0xb4000074bf5f6d90
05-27 18:08:14.352   299  1163 D EvsDriver: doneWithFrame
05-27 18:08:14.353 13911 14183 I SentryImuMcuAngleSender: 179.97899rollDeg
05-27 18:08:14.353 13911 14183 I SentryImuMcuAngleSender: 1,0,0
05-27 18:08:14.355   299  1163 D EvsDriver: doneWithFrame
05-27 18:08:14.357   581   581 I SpiService: fgesysctrl_getGPIO_status success val=1
05-27 18:08:14.358  1008 30856 D [OMXB]  : usingANWBuffer: handle:0xee740170, format:1, w:1920, h:1080
05-27 07:59:23.322   581   581 D spi_rst_gpio_get_output: GPIO 145 value: 1
05-27 07:59:23.322   581   581 D spidev_ioctl: gpio status=1)
05-27 07:59:23.327   581   581 D spi_rst_gpio_get_output: GPIO 145 value: 1
05-27 07:59:23.327   581   581 D spidev_ioctl: gpio status=1)
05-27 18:08:14.366   536   536 D commservice260303: msg.id = 1028,0
05-27 18:08:14.366   536   536 D commservice260303: i = 170, msgid = 8A000404
05-27 18:08:14.366   536   536 D commservice260303: msgid = -1979710460,did=138
05-27 18:08:14.366   536   536 D commservice260303: CommProtocolLibCmdBaseI2C::dataproc {"command":{"id":"imu_status","sub":""},"content":{"TimeStamp":8,"FrameCounter":192665,"GD_X":-0.011377211660146713,"GD_Y":0.004963258747011423,"GD_Z":0.001679039909504354,"AD_X":-0.004090920090675354,"AD_Y":0.0012267976999282837,"AD_Z":-0.1731243133544922,"TempDsp":0,"Status":0,"CalibState":1,"SigAmpInvalid":0}},-1979710460
05-27 18:08:14.366   536   536 D commservice260303: send2Cluster len:314, 7B22636F6D6D616E64223A7B226964223A22696D755F737461747573222C22737562223A22227D2C22636F6E74656E74223A7B2254696D655374616D70223A382C224672616D65436F756E746572223A3139323636352C2247445F58223A2D302E3031313337373231313636303134363731332C2247445F59223A302E3030343936333235383734373031313432332C2247445F5A223A302E3030313637393033393930393530343335342C2241445F58223A2D302E3030343039303932303039303637353335342C2241445F59223A302E303031323236373937363939393238323833372C2241445F5A223A2D302E313733313234333133333534343932322C2254656D70447370223A302C22537461747573223A302C2243616C69625374617465223A312C22536967416D70496E76616C6964223A307D7D, 138 
05-27 18:08:14.366   536   536 D commservice260303: Push Message into SendPool fn=-1574173952
05-27 18:08:14.366   536   536 D commservice260303: ComProtocolLibSend2Cluster::send2ClusterRaw fn=-1574173952 , len=330
05-27 18:08:14.366   536   536 D commservice260303: sendCmdToPort :330!!!
05-27 18:08:14.366   536   536 D commservice260303: send Cmd To Port ++++5AA501468A0100032CA26A16C28E7B22636F6D6D616E64223A7B226964223A22696D755F737461747573222C22737562223A22227D2C22636F6E74656E74223A7B2254696D655374616D70223A382C224672616D65436F756E746572223A3139323636352C2247445F58223A2D302E3031313337373231313636303134363731332C2247445F59223A302E3030343936333235383734373031313432332C2247445F5A223A302E3030313637393033393930393530343335342C2241445F58223A2D302E3030343039303932303039303637353335342C2241445F59223A302E303031323236373937363939393238323833372C2241445F5A223A2D302E313733313234333133333534343932322C2254656D70447370223A302C22537461747573223A302C2243616C69625374617465223A312C22536967416D70496E76616C6964223A307D7DFA78
05-27 18:08:14.366   536   536 D commservice260303: bufferevent_write retrun value = 0
05-27 18:08:14.367   536   560 D commservice260303: client datas send succeed,send finish
05-27 18:08:14.367 13911 14192 D Sentinelmode_1.2.5.17_sentry: <SentryImuClusterFgeSender>imu_status sent to Linux, frame=192665, tsNs=8361604, tsMs=8, intervalMs=41, ad=(-0.00409092,0.0012267977,-0.17312431), gd=(-0.011377212,0.0049632587,0.0016790399)
05-27 18:08:14.368   581   581 I SpiService: fgesysctrl_getGPIO_status success val=1
05-27 07:59:23.333   581   581 D spi_rst_gpio_get_output: GPIO 145 value: 1
05-27 07:59:23.333   581   581 D spidev_ioctl: gpio status=1)
05-27 18:08:14.373 13911 14183 I SentryImuMcuAngleSender: 179.97198rollDeg
05-27 18:08:14.373 13911 14183 I SentryImuMcuAngleSender: 1,0,0
05-27 18:08:14.374   581   581 I SpiService: fgesysctrl_getGPIO_status success val=1
05-27 18:08:14.376  1008 30857 D [OMXB]  : usingANWBuffer: handle:0xee7454a0, format:1, w:1920, h:1080
05-27 18:08:14.376   299 30844 D EvsDriver: forwardFrame
05-27 07:59:23.338   581   581 D spi_rst_gpio_get_output: GPIO 145 value: 1
05-27 07:59:23.338   581   581 D spidev_ioctl: gpio status=1)
05-27 07:59:23.344   581   581 D spi_rst_gpio_get_output: GPIO 145 value: 1
05-27 07:59:23.344   581   581 D spidev_ioctl: gpio status=1)
05-27 18:08:14.379   299 30844 D EvsDriver: Delivered 0xb400007b7ca56900 as id 0
05-27 18:08:14.379  1167  1479 D evsmanagerd: /dev/video6 forwarded the buffer #0 to 0xb4000074bf5f5510 from 0xb4000074bf5f6d90
05-27 18:08:14.379   581   581 I SpiService: fgesysctrl_getGPIO_status success val=1
05-27 18:08:14.382   299  1163 D EvsDriver: doneWithFrame
05-27 18:08:14.383 30773 30786 I dvr_service_: CameraX 0  audioOK: 65694637,audios:980
05-27 18:08:14.383 30773 30786 I dvr_service_: CameraX 1  audioOK: 65694637,audios:980
05-27 18:08:14.384   299 30841 D EvsDriver: forwardFrame
05-27 18:08:14.386   581   581 I SpiService: fgesysctrl_getGPIO_status success val=0
05-27 07:59:23.350   581   581 D spi_rst_gpio_get_output: GPIO 145 value: 0
05-27 07:59:23.350   581   581 D spidev_ioctl: gpio status=0)
05-27 18:08:14.392  1167  1479 D evsmanagerd: /dev/video4 forwarded the buffer #0 to 0xb4000074bf5f6850 from 0xb4000074bf5f41d0
05-27 18:08:14.392   299 30841 D EvsDriver: Delivered 0xb400007b7ca56a60 as id 0
05-27 18:08:14.392   283   307 I rvcservice: t.code = 3, t.value = 0
05-27 18:08:14.394 13911 14183 I SentryImuMcuAngleSender: 179.98248rollDeg
05-27 18:08:14.394 13911 14183 I SentryImuMcuAngleSender: 1,0,0
05-27 18:08:14.395   299  1163 D EvsDriver: doneWithFrame
05-27 18:08:14.396   566 11459 I gps_hdbd: Received: '$GNGGA,002405.000,,,,,0,00,,,M,,M,,*65
'
05-27 18:08:14.396   566 11459 I gps_hdbd: Received: '$GNGSA,A,1,,,,,,,,,,,,,,,,1*1D
'
05-27 18:08:14.401   581   581 I SpiService: fgesysctrl_getGPIO_status success val=1
05-27 18:08:14.401  1008 30856 D [OMXB]  : usingANWBuffer: handle:0xee7442c0, format:1, w:1920, h:1080
05-27 18:08:14.403   566 11459 I gps_hdbd: Received: '$GNGSA,A,1,,,,,,,,,,,,,,,,3*1F
'
05-27 18:08:14.404   566 11459 I gps_hdbd: Received: '$GNGSA,A,1,,,,,,,,,,,,,,,,4*18
'
05-27 18:08:14.404   566 11459 I gps_hdbd: Received: '$BDGSV,1,1,00,1*75
'
05-27 07:59:23.366   581   581 D spi_rst_gpio_get_output: GPIO 145 value: 1
05-27 07:59:23.366   581   581 D spidev_ioctl: gpio status=1)
05-27 18:08:14.408   581   581 I SpiService: fgesysctrl_getGPIO_status success val=1
05-27 18:08:14.408   536   536 D commservice260303: msg.id = 1028,1
05-27 18:08:14.408   536   536 D commservice260303: i = 170, msgid = 8A000404
05-27 18:08:14.408   536   536 D commservice260303: msgid = -1979710460,did=138
05-27 18:08:14.408   536   536 D commservice260303: CommProtocolLibCmdBaseI2C::dataproc {"command":{"id":"imu_status","sub":""},"content":{"TimeStamp":8,"FrameCounter":192666,"GD_X":-0.01160607673227787,"GD_Y":0.005802778527140617,"GD_Z":0.00259606190957129,"AD_X":-0.0022570788860321045,"AD_Y":-6.062353495508432E-4,"AD_Z":-0.1670246124267578,"TempDsp":0,"Status":0,"CalibState":1,"SigAmpInvalid":0}},-1979710460
05-27 18:08:14.408   566 11459 I gps_hdbd: Received: '$BDGSV,1,1,00,5*71
'
05-27 18:08:14.408   536   536 D commservice260303: send2Cluster len:313, 7B22636F6D6D616E64223A7B226964223A22696D755F737461747573222C22737562223A22227D2C22636F6E74656E74223A7B2254696D655374616D70223A382C224672616D65436F756E746572223A3139323636362C2247445F58223A2D302E30313136303630373637333232373738372C2247445F59223A302E3030353830323737383532373134303631372C2247445F5A223A302E30303235393630363139303935373132392C2241445F58223A2D302E303032323537303738383836303332313034352C2241445F59223A2D362E303632333533343935353038343332452D342C2241445F5A223A2D302E313637303234363132343236373537382C2254656D70447370223A302C22537461747573223A302C2243616C69625374617465223A312C22536967416D70496E76616C6964223A307D7D, 138 
05-27 18:08:14.409   536   536 D commservice260303: Push Message into SendPool fn=-1557396736
05-27 18:08:14.409   536   536 D commservice260303: ComProtocolLibSend2Cluster::send2ClusterRaw fn=-1557396736 , len=329
05-27 18:08:14.409   536   536 D commservice260303: sendCmdToPort :329!!!
05-27 18:08:14.409   572   622 I Sensors : 230 GyroSensor: x:-0.011530,y:0.005955,z:0.002519
05-27 18:08:14.409   536   536 D commservice260303: send Cmd To Port ++++5AA501458A0100032CA36A16C28E7B22636F6D6D616E64223A7B226964223A22696D755F737461747573222C22737562223A22227D2C22636F6E74656E74223A7B2254696D655374616D70223A382C224672616D65436F756E746572223A3139323636362C2247445F58223A2D302E30313136303630373637333232373738372C2247445F59223A302E3030353830323737383532373134303631372C2247445F5A223A302E30303235393630363139303935373132392C2241445F58223A2D302E303032323537303738383836303332313034352C2241445F59223A2D362E303632333533343935353038343332452D342C2241445F5A223A2D302E313637303234363132343236373537382C2254656D70447370223A302C22537461747573223A302C2243616C69625374617465223A312C22536967416D70496E76616C6964223A307D7D5223
05-27 18:08:14.409   536   536 D commservice260303: bufferevent_write retrun value = 0
05-27 18:08:14.409   536   560 D commservice260303: client datas send succeed,send finish
05-27 18:08:14.409 13911 14192 D Sentinelmode_1.2.5.17_sentry: <SentryImuClusterFgeSender>imu_status sent to Linux, frame=192666, tsNs=8361641, tsMs=8, intervalMs=43, ad=(-0.002257079,-6.0623535E-4,-0.16702461), gd=(-0.011606077,0.0058027785,0.002596062)
05-27 07:59:23.372   581   581 D spi_rst_gpio_get_output: GPIO 145 value: 1
05-27 07:59:23.372   581   581 D spidev_ioctl: gpio status=1)
05-27 18:08:14.411   299 30841 D EvsDriver: forwardFrame
05-27 18:08:14.412   299 30844 D EvsDriver: forwardFrame
05-27 18:08:14.414   581   581 I SpiService: fgesysctrl_getGPIO_status success val=1
05-27 18:08:14.414   299 30844 D EvsDriver: Delivered 0xb400007b7ca56900 as id 0
05-27 18:08:14.414  1167  1479 D evsmanagerd: /dev/video6 forwarded the buffer #0 to 0xb4000074bf5f5510 from 0xb4000074bf5f6d90
05-27 18:08:14.415   566 11459 I gps_hdbd: Received: '$GPGSV,1,1,01,199,42,165,,1*60
'
05-27 18:08:14.415 13911 14183 I SentryImuMcuAngleSender: 179.99298rollDeg
05-27 18:08:14.415 13911 14183 I SentryImuMcuAngleSender: 1,0,0
05-27 07:59:23.378   581   581 D spi_rst_gpio_get_output: GPIO 145 value: 1
05-27 18:08:14.415  1167  1479 D evsmanagerd: /dev/video4 forwarded the buffer #0 to 0xb4000074bf5f6850 from 0xb4000074bf5f41d0
05-27 07:59:23.378   581   581 D spidev_ioctl: gpio status=1)
05-27 18:08:14.416  1008 30857 D [OMXB]  : usingANWBuffer: handle:0xee7406f0, format:1, w:1920, h:1080
05-27 18:08:14.416   566 11459 I gps_hdbd: Received: '$GPGSV,1,1,00,8*6D
'
05-27 18:08:14.416   299 30841 D EvsDriver: Delivered 0xb400007b7ca56a60 as id 0
05-27 07:59:23.384   581   581 D spi_rst_gpio_get_output: GPIO 145 value: 1
05-27 07:59:23.384   581   581 D spidev_ioctl: gpio status=1)
05-27 07:59:23.391   581   581 D spi_rst_gpio_get_output: GPIO 145 value: 0
05-27 07:59:23.391   581   581 D spidev_ioctl: gpio status=0)
05-27 18:08:14.416   299  1163 D EvsDriver: doneWithFrame
05-27 18:08:14.418   299  1163 D EvsDriver: doneWithFrame
05-27 18:08:14.420   581   581 I SpiService: fgesysctrl_getGPIO_status success val=1
05-27 18:08:14.422   566 11459 I gps_hdbd: Received: '$GAGSV,1,1,00,7*73
'
05-27 18:08:14.423   566 11459 I gps_hdbd: Received: '$GAGSV,1,1,00,1*75
'
05-27 18:08:14.424   566 11459 I gps_hdbd: Received: '$GNRMC,002405.000,V,,,,,,,270526,120.0,E,N,V*46
'
05-27 18:08:14.424   566 11459 I gps_hdbd: RMC : CALL gnss_sv_status_cb, view_in_sat <1>
05-27 18:08:14.424   566 11459 I gps_hdbd: [reportSvStatus]--->PLATFORM_BSP::Enter
05-27 18:08:14.425   566 11459 I gps_hdbd: hy abnormal deal:hy_cnr30_satellite_cnt=0
05-27 18:08:14.425   566 11459 D gps_hdbd: hy abnormal deal:hy_fixStatus_fail_count=0
05-27 18:08:14.426  1083  1083 W MyAppLog: [2026-05-27 18:08:14.424 W tboxap gpsSyncGpsInfoToDm:361] [Gps] [gpsSyncGpsInfoToDm] fix=0 mode=49 corner:0x01 alt=0.00 sat=0 hdop=0.00 pdop=0.00 vdop=0.00
05-27 18:08:14.426   581   581 I SpiService: fgesysctrl_getGPIO_status success val=0
05-27 18:08:14.426   566 11459 I gps_hdbd: Received: '$GNZDA,002405.000,27,05,2026,00,00*4D
'
05-27 18:08:14.432 10188 16726 I ActivityManager: Death received in com.android.server.am.ActivityManagerService$AppDeathRecipient@19e2cdf for thread android.os.BinderProxy@57f3d2c, proc:ProcessRecord{f548ce8 20124:com.anwsdk.service:remote/1000}
05-27 18:08:14.432 10188 16726 I ActivityManager: Process com.anwsdk.service:remote (pid 20124) has died: cch CACC
05-27 18:08:14.432 10188 16726 I am_proc_died: [0,20124,com.anwsdk.service:remote,900,17]
05-27 18:08:14.432 13435 13435 D BtManager: onServiceDisconnected
05-27 18:08:14.432 10188 16726 I ActivityManager: app ProcessRecord{f548ce8 20124:com.anwsdk.service:remote/1000} mThread:android.app.IApplicationThread$Stub$Proxy@7d8a3f5 mDeathRecipient:com.android.server.am.ActivityManagerService$AppDeathRecipient@19e2cdf has been unlinked.
05-27 18:08:14.433 10188 10678 I libprocessgroup: Successfully killed process cgroup uid 1000 pid 20124 in 0ms
05-27 18:08:14.433 10188 16726 W ActivityManager: Scheduling restart of crashed service com.anwsdk.service/.anwbtservice in 0ms for persistent
05-27 18:08:14.433 10188 16726 I am_schedule_service_restart: [0,com.anwsdk.service/.anwbtservice,0]
05-27 18:08:14.433 10188 16726 I ActivityManager: note: ProcessRecord{f548ce8 20124:com.anwsdk.service:remote/1000} died, saving the exit info
05-27 18:08:14.434 10188 10680 I ActivityManager: Update process exit info for com.anwsdk.service(20124/u1000)
05-27 18:08:14.434 10188 16726 D ActivityTaskManager: put all activities to cleanup list, wpc=ProcessRecord{f548ce8 0:com.anwsdk.service:remote/1000} mHasActivities=false activeActivitySize=0
05-27 18:08:14.434 10041 10041 I Zygote  : Process 20124 exited cleanly (1)
05-27 18:08:14.435 13911 14183 I SentryImuMcuAngleSender: 179.98598rollDeg
05-27 18:08:14.435 13911 14183 I SentryImuMcuAngleSender: 1,0,0
05-27 18:08:14.435 10188 10188 D JobScheduler.Quota: Processing event 31 for <0>com.anwsdk.service
05-27 18:08:14.437 10188 10660 I ActivityManager: com.anwsdk.service is exempt from freezer
05-27 18:08:14.438 10188 10660 D CompatibilityChangeReporter: Compat change id reported: 135634846; UID 1000; state: DISABLED
05-27 18:08:14.438 10188 10660 D CompatibilityChangeReporter: Compat change id reported: 177438394; UID 1000; state: DISABLED
05-27 18:08:14.438 10188 10660 D CompatibilityChangeReporter: Compat change id reported: 135772972; UID 1000; state: DISABLED
05-27 18:08:14.438 10188 10660 D CompatibilityChangeReporter: Compat change id reported: 135754954; UID 1000; state: ENABLED
05-27 18:08:14.438 10188 10660 D ActivityManager: ProcessRecord{db0a58a 0:com.anwsdk.service:remote/1000} setPendingStart=true callers=com.android.server.am.ProcessList.startProcessLocked:1922 com.android.server.am.UnisocProcessList.startProcessLocked:320 com.android.server.am.ProcessList.startProcessLocked:2391 com.android.server.am.ProcessList.startProcessLocked:2534 com.android.server.am.ActivityManagerService.startProcessLocked:2890 com.android.server.am.ActiveServices.bringUpServiceLocked:4326 com.android.server.am.ActiveServices.performServiceRestartLocked:4104 com.android.server.am.ActiveServices$ServiceRestarter.run:3320 android.os.Handler.handleCallback:942 android.os.Handler.dispatchMessage:99 
05-27 18:08:14.439 10188 10678 I ActivityManager: Got SIGCHLD from zygote: pid=20124, uid=1000, status=100
05-27 18:08:14.439 10188 10660 I ActivityManager: Posting procStart msg for 0:com.anwsdk.service:remote/1000
05-27 18:08:14.439 10188 10680 I ActivityManager: zygote: proc died: pid=20124 uid=1000, status=256
05-27 18:08:14.439 10188 10661 D ActivityManager: asking zygote to start proc:ProcessRecord{db0a58a 0:com.anwsdk.service:remote/1000}
05-27 18:08:14.439 10188 10680 E UnisocStabilityCollection: getKill:true,cur=1,killType=3 ,name=proc_died:1000, reason=proc_died
05-27 18:08:14.439 10188 10661 D Prefork : startResult is empty and running normal execution.
05-27 18:08:14.439 10188 10680 E UnisocStabilityCollection: getKill sum:9
05-27 18:08:14.440  1008 30856 D [OMXB]  : usingANWBuffer: handle:0xee7427f0, format:1, w:1920, h:1080
05-27 18:08:14.441   581   581 I SpiService: fgesysctrl_getGPIO_status success val=1
05-27 18:08:14.442   299 30844 D EvsDriver: forwardFrame
05-27 18:08:14.442   299 30841 D EvsDriver: forwardFrame
05-27 18:08:14.443   299 30844 D EvsDriver: Delivered 0xb400007b7ca56900 as id 0
05-27 18:08:14.444  1167  1479 D evsmanagerd: /dev/video6 forwarded the buffer #0 to 0xb4000074bf5f5510 from 0xb4000074bf5f6d90
05-27 18:08:14.445  1167  1479 D evsmanagerd: /dev/video4 forwarded the buffer #0 to 0xb4000074bf5f6850 from 0xb4000074bf5f41d0
05-27 18:08:14.446   299 30841 D EvsDriver: Delivered 0xb400007b7ca56a60 as id 0
05-27 18:08:14.447   299  1163 D EvsDriver: doneWithFrame
05-27 18:08:14.449   581   581 I SpiService: fgesysctrl_getGPIO_status success val=1
05-27 18:08:14.451   299  1163 D EvsDriver: doneWithFrame
05-27 07:59:23.405   581   581 D spi_rst_gpio_get_output: GPIO 145 value: 1
05-27 07:59:23.405   581   581 D spidev_ioctl: gpio status=1)
05-27 07:59:23.413   581   581 D spi_rst_gpio_get_output: GPIO 145 value: 1
05-27 18:08:14.452   566 11459 I gps_hdbd: Received: '$GNINS,1,1,TYPE,I,V,002405.000,16956000,FUS,-19,0,0,0,MOT,V,1,PATT,0.00,0.00,0.00,VEL,0.000,0.000,0.000,POS,40.0001330924,116.0001570688,84.176,IIA,1,0.00,0.00,0.00,BGA,0.31,-0.66,-0.13,0.000,0.000,0.000,IGA,0,-1,0,0,-2,98,VG,16c2ff1*26
'
05-27 07:59:23.413   581   581 D spidev_ioctl: gpio status=1)
05-27 18:08:14.455   581   581 I SpiService: fgesysctrl_getGPIO_status success val=1
05-27 18:08:14.455 13911 14183 I SentryImuMcuAngleSender: 179.98598rollDeg
05-27 18:08:14.456 13911 14183 I SentryImuMcuAngleSender: 1,0,0
05-27 18:08:14.456   536   536 D commservice260303: msg.id = 1028,1
05-27 18:08:14.456   536   536 D commservice260303: i = 170, msgid = 8A000404
05-27 18:08:14.456   536   536 D commservice260303: msgid = -1979710460,did=138
05-27 18:08:14.456   536   536 D commservice260303: CommProtocolLibCmdBaseI2C::dataproc {"command":{"id":"imu_status","sub":""},"content":{"TimeStamp":8,"FrameCounter":192667,"GD_X":-0.012063807807862759,"GD_Y":0.0057257963344454765,"GD_Z":0.0022902146447449923,"AD_X":-0.0016566067934036255,"AD_Y":-0.001204341882839799,"AD_Z":-0.1682453155517578,"TempDsp":0,"Status":0,"CalibState":1,"SigAmpInvalid":0}},-1979710460
05-27 18:08:14.456   536   536 D commservice260303: send2Cluster len:317, 7B22636F6D6D616E64223A7B226964223A22696D755F737461747573222C22737562223A22227D2C22636F6E74656E74223A7B2254696D655374616D70223A382C224672616D65436F756E746572223A3139323636372C2247445F58223A2D302E3031323036333830373830373836323735392C2247445F59223A302E303035373235373936333334343435343736352C2247445F5A223A302E303032323930323134363434373434393932332C2241445F58223A2D302E303031363536363036373933343033363235352C2241445F59223A2D302E3030313230343334313838323833393739392C2241445F5A223A2D302E313638323435333135353531373537382C2254656D70447370223A302C22537461747573223A302C2243616C69625374617465223A312C22536967416D70496E76616C6964223A307D7D, 138 
05-27 18:08:14.456   536   536 D commservice260303: Push Message into SendPool fn=-1540619520
05-27 18:08:14.456   536   536 D commservice260303: ComProtocolLibSend2Cluster::send2ClusterRaw fn=-1540619520 , len=333
05-27 18:08:14.456   536   536 D commservice260303: sendCmdToPort :333!!!
05-27 18:08:14.456   536   536 D commservice260303: send Cmd To Port ++++5AA501498A0100032CA46A16C28E7B22636F6D6D616E64223A7B226964223A22696D755F737461747573222C22737562223A22227D2C22636F6E74656E74223A7B2254696D655374616D70223A382C224672616D65436F756E746572223A3139323636372C2247445F58223A2D302E3031323036333830373830373836323735392C2247445F59223A302E303035373235373936333334343435343736352C2247445F5A223A302E303032323930323134363434373434393932332C2241445F58223A2D302E303031363536363036373933343033363235352C2241445F59223A2D302E3030313230343334313838323833393739392C2241445F5A223A2D302E313638323435333135353531373537382C2254656D70447370223A302C22537461747573223A302C2243616C69625374617465223A312C22536967416D70496E76616C6964223A307D7DAEA0
05-27 18:08:14.456   536   536 D commservice260303: bufferevent_write retrun value = 0
05-27 18:08:14.456   536   560 D commservice260303: client datas send succeed,send finish
05-27 18:08:14.456 13911 14192 D Sentinelmode_1.2.5.17_sentry: <SentryImuClusterFgeSender>imu_status sent to Linux, frame=192667, tsNs=8361682, tsMs=8, intervalMs=47, ad=(-0.0016566068,-0.0012043419,-0.16824532), gd=(-0.012063808,0.0057257963,0.0022902146)
05-27 07:59:23.419   581   581 D spi_rst_gpio_get_output: GPIO 145 value: 1
05-27 07:59:23.420   581   581 D spidev_ioctl: gpio status=1)
05-27 18:08:14.459  1008 30857 D [OMXB]  : usingANWBuffer: handle:0xee746ec0, format:1, w:1920, h:1080
05-27 07:59:23.425   581   581 D spi_rst_gpio_get_output: GPIO 145 value: 1
05-27 18:08:14.461   581   581 I SpiService: fgesysctrl_getGPIO_status success val=1
05-27 18:08:14.461 10041 10041 D Zygote  : Forked child process 20223
05-27 18:08:14.462 10188 10661 I am_proc_start: [0,20223,1000,com.anwsdk.service:remote,service,{com.anwsdk.service/com.anwsdk.service.anwbtservice}]
05-27 18:08:14.462 10188 10661 I ActivityManager: Start proc 20223:com.anwsdk.service:remote/1000 for service {com.anwsdk.service/com.anwsdk.service.anwbtservice}
05-27 18:08:14.462 10188 10661 D ActivityManager: ProcessRecord{db0a58a 20223:com.anwsdk.service:remote/1000} setPendingStart=false callers=com.android.server.am.ProcessList.handleProcessStartedLocked:2646 com.android.server.am.UnisocProcessList.handleProcessStartedLocked:377 com.android.server.am.ProcessList.handleProcessStartedLocked:2585 com.android.server.am.ProcessList.lambda$handleProcessStart$1$com-android-server-am-ProcessList:1993 com.android.server.am.ProcessList$$ExternalSyntheticLambda1.run:22 com.android.server.am.ProcessList.handleProcessStart:2016 com.android.server.am.ProcessList.lambda$startProcessLocked$0$com-android-server-am-ProcessList:1950 com.android.server.am.ProcessList$$ExternalSyntheticLambda5.run:22 android.os.Handler.handleCallback:942 android.os.Handler.dispatchMessage:99 
05-27 18:08:14.466   566 11459 I gps_hdbd: Received: '$GNTXT,04,01,04,INS,V,1,,,,FLG,1,000000,1,0,1,0,0,Con,0*71
'
05-27 18:08:14.467 20223 20223 I Zygote  : seccomp disabled by setenforce 0
05-27 18:08:14.467   566 11459 I gps_hdbd: Received: '$GNTXT,INSTALL,0.00,0.00,0.00,0.00,0.00,0.00,0*20
'
05-27 07:59:23.431   581   581 D spi_rst_gpio_get_output: GPIO 145 value: 0
05-27 07:59:23.431   581   581 D spidev_ioctl: gpio status=0)
05-27 18:08:14.473 20223 20223 I .service:remote: Late-enabling -Xcheck:jni
05-27 18:08:14.476 13911 14183 I SentryImuMcuAngleSender: 179.97197rollDeg
05-27 18:08:14.476 13911 14183 I SentryImuMcuAngleSender: 1,0,0
05-27 18:08:14.480   299 30841 D EvsDriver: forwardFrame
05-27 18:08:14.481   581   581 I SpiService: fgesysctrl_getGPIO_status success val=1
05-27 18:08:14.482   299 30844 D EvsDriver: forwardFrame
05-27 18:08:14.483   299 30841 D EvsDriver: Delivered 0xb400007b7ca56a60 as id 0
05-27 18:08:14.484  1167  1479 D evsmanagerd: /dev/video4 forwarded the buffer #0 to 0xb4000074bf5f6850 from 0xb4000074bf5f41d0
05-27 18:08:14.484   299 30844 D EvsDriver: Delivered 0xb400007b7ca56900 as id 0
05-27 18:08:14.484  1167  1184 D evsmanagerd: /dev/video6 forwarded the buffer #0 to 0xb4000074bf5f5510 from 0xb4000074bf5f6d90
05-27 18:08:14.484 30773 30773 E dvr_service_: [myNum:1] Received S**** loss
05-27 18:08:14.484 30773 30781 E dvr_service_: [myNum:0] Received S**** loss
05-27 18:08:14.484   299  1163 D EvsDriver: doneWithFrame
05-27 18:08:14.484   299  1153 D EvsDriver: doneWithFrame
05-27 07:59:23.446   581   581 D spi_rst_gpio_get_output: GPIO 145 value: 1
05-27 07:59:23.446   581   581 D spidev_ioctl: gpio status=1)
05-27 18:08:14.487   581   581 I SpiService: fgesysctrl_getGPIO_status success val=1
05-27 07:59:23.452   581   581 D spi_rst_gpio_get_output: GPIO 145 value: 1
05-27 07:59:23.452   581   581 D spidev_ioctl: gpio status=1)
05-27 18:08:14.489 13911 14183 I SentryImuMcuAngleSender: [4, 18, 1, 0, 0],5
05-27 18:08:14.489 13911 14183 I McuCommManager: mcuCommSendcmd [4, 18, 1, 0, 0]
05-27 18:08:14.490 13911 14183 I SentryImuMcuAngleSender: true
05-27 18:08:14.490 13911 14183 W Sentinelmode_1.2.5.17_sentry: <SentryImuMcuAngleSender>MCU IMU send interval abnormal: 1002ms
05-27 18:08:14.490  1008 30856 D [OMXB]  : usingANWBuffer: handle:0xee744160, format:1, w:1920, h:1080
05-27 18:08:14.485 30773 30773 I auditd  : type=1400 audit(0.0:37414): avc: denied { call } for comm="CodecLooper" scontext=u:r:adayo_dvr_service:s0 tcontext=u:r:mediacodec:s0 tclass=binder permissive=1
05-27 18:08:14.485 30773 30773 I CodecLooper: type=1400 audit(0.0:37414): avc: denied { call } for scontext=u:r:adayo_dvr_service:s0 tcontext=u:r:mediacodec:s0 tclass=binder permissive=1
05-27 18:08:14.492   283   307 I rvcservice: t.code = 0, t.value = 3659
05-27 18:08:14.494   581   581 I SpiService: fgesysctrl_getGPIO_status success val=1
05-27 18:08:14.494   536   536 D commservice260303: msg.id = 1028,1
05-27 18:08:14.494   536   536 D commservice260303: i = 170, msgid = 8A000404
05-27 18:08:14.494   536   536 D commservice260303: msgid = -1979710460,did=138
05-27 18:08:14.495   536   536 D commservice260303: CommProtocolLibCmdBaseI2C::dataproc {"command":{"id":"imu_status","sub":""},"content":{"TimeStamp":8,"FrameCounter":192668,"GD_X":-0.011453153565526009,"GD_Y":0.004580949433147907,"GD_Z":0.002443138277158141,"AD_X":0.0019756555557250977,"AD_Y":-6.01363368332386E-4,"AD_Z":-0.1706838607788086,"TempDsp":0,"Status":0,"CalibState":1,"SigAmpInvalid":0}},-1979710460
05-27 18:08:14.495   536   536 D commservice260303: send2Cluster len:313, 7B22636F6D6D616E64223A7B226964223A22696D755F737461747573222C22737562223A22227D2C22636F6E74656E74223A7B2254696D655374616D70223A382C224672616D65436F756E746572223A3139323636382C2247445F58223A2D302E3031313435333135333536353532363030392C2247445F59223A302E3030343538303934393433333134373930372C2247445F5A223A302E3030323434333133383237373135383134312C2241445F58223A302E303031393735363535353535373235303937372C2241445F59223A2D362E3031333633333638333332333836452D342C2241445F5A223A2D302E313730363833383630373738383038362C2254656D70447370223A302C22537461747573223A302C2243616C69625374617465223A312C22536967416D70496E76616C6964223A307D7D, 138 
05-27 18:08:14.495   536   536 D commservice260303: Push Message into SendPool fn=-1523842304
05-27 18:08:14.495   536   536 D commservice260303: ComProtocolLibSend2Cluster::send2ClusterRaw fn=-1523842304 , len=329
05-27 18:08:14.495   536   536 D commservice260303: sendCmdToPort :329!!!
05-27 18:08:14.495   536   536 D commservice260303: send Cmd To Port ++++5AA501458A0100032CA56A16C28E7B22636F6D6D616E64223A7B226964223A22696D755F737461747573222C22737562223A22227D2C22636F6E74656E74223A7B2254696D655374616D70223A382C224672616D65436F756E746572223A3139323636382C2247445F58223A2D302E3031313435333135333536353532363030392C2247445F59223A302E3030343538303934393433333134373930372C2247445F5A223A302E3030323434333133383237373135383134312C2241445F58223A302E303031393735363535353535373235303937372C2241445F59223A2D362E3031333633333638333332333836452D342C2241445F5A223A2D302E313730363833383630373738383038362C2254656D70447370223A302C22537461747573223A302C2243616C69625374617465223A312C22536967416D70496E76616C6964223A307D7D308B
05-27 18:08:14.495   536   536 D commservice260303: bufferevent_write retrun value = 0
05-27 18:08:14.495   536   560 D commservice260303: client datas send succeed,send finish
05-27 18:08:14.496 13911 14183 I SentryImuMcuAngleSender: 179.98248rollDeg
05-27 18:08:14.496 13911 14183 I SentryImuMcuAngleSender: 1,0,0
05-27 18:08:14.496 13911 14192 D Sentinelmode_1.2.5.17_sentry: <SentryImuClusterFgeSender>imu_status sent to Linux, frame=192668, tsNs=8361731, tsMs=8, intervalMs=39, ad=(0.0019756556,-6.0136337E-4,-0.17068386), gd=(-0.011453154,0.0045809494,0.0024431383)
05-27 07:59:23.458   581   581 D spi_rst_gpio_get_output: GPIO 145 value: 1
05-27 07:59:23.458   581   581 D spidev_ioctl: gpio status=1)
05-27 18:08:14.500   581   581 I SpiService: fgesysctrl_getGPIO_status success val=1
05-27 07:59:23.465   581   581 D spi_rst_gpio_get_output: GPIO 145 value: 1
05-27 07:59:23.465   581   581 D spidev_ioctl: gpio status=1)
05-27 18:08:14.506   581   581 I SpiService: fgesysctrl_getGPIO_status success val=1
05-27 18:08:14.507   299 30841 D EvsDriver: forwardFrame
05-27 18:08:14.507   299 30844 D EvsDriver: forwardFrame
05-27 07:59:23.471   581   581 D spi_rst_gpio_get_output: GPIO 145 value: 1
05-27 07:59:23.471   581   581 D spidev_ioctl: gpio status=1)
05-27 18:08:14.509  1167  1479 D evsmanagerd: /dev/video6 forwarded the buffer #0 to 0xb4000074bf5f5510 from 0xb4000074bf5f6d90
05-27 18:08:14.509  1167  1184 D evsmanagerd: /dev/video4 forwarded the buffer #0 to 0xb4000074bf5f6850 from 0xb4000074bf5f41d0
05-27 18:08:14.509   299 30841 D EvsDriver: Delivered 0xb400007b7ca56a60 as id 0
05-27 18:08:14.509   299 30844 D EvsDriver: Delivered 0xb400007b7ca56900 as id 0
05-27 18:08:14.511  1008 30857 D [OMXB]  : usingANWBuffer: handle:0xee743be0, format:1, w:1920, h:1080
05-27 18:08:14.509 30773 30773 I auditd  : type=1400 audit(0.0:37415): avc: denied { use } for comm="CameraHelper" path="anon_inode:sync_file" dev="anon_inodefs" ino=14081 scontext=u:r:mediacodec:s0 tcontext=u:r:adayo_dvr_service:s0 tclass=fd permissive=1
05-27 18:08:14.509 30773 30773 I CameraHelper: type=1400 audit(0.0:37415): avc: denied { use } for path="anon_inode:sync_file" dev="anon_inodefs" ino=14081 scontext=u:r:mediacodec:s0 tcontext=u:r:adayo_dvr_service:s0 tclass=fd permissive=1
05-27 07:59:23.477   581   581 D spi_rst_gpio_get_output: GPIO 145 value: 0
05-27 07:59:23.477   581   581 D spidev_ioctl: gpio status=0)
05-27 18:08:14.513   581   581 I SpiService: fgesysctrl_getGPIO_status success val=0
05-27 18:08:14.513   481   597 I mcuc    : send SPI:6AA6005B8B00050412010000FE
05-27 18:08:14.514   572   622 I Sensors : 230 AccelSensor: x:-0.166530,y:0.001829,z:-9.971060
05-27 18:08:14.515   299  1153 D EvsDriver: doneWithFrame
05-27 18:08:14.513   299  1163 D EvsDriver: doneWithFrame
05-27 18:08:14.520 13911 14183 I SentryImuMcuAngleSender: 179.99298rollDeg
05-27 18:08:14.520 13911 14183 I SentryImuMcuAngleSender: 1,0,0
05-27 18:08:14.521 30773 30773 I auditd  : type=1400 audit(0.0:37416): avc: denied { call } for comm=4E444B204D65646961436F6465635F scontext=u:r:adayo_dvr_service:s0 tcontext=u:r:mediaswcodec:s0 tclass=binder permissive=1
05-27 18:08:14.521 30773 30773 I /system/bin/adayo_dvr_service: type=1400 audit(0.0:37416): avc: denied { call } for comm=4E444B204D65646961436F6465635F scontext=u:r:adayo_dvr_service:s0 tcontext=u:r:mediaswcodec:s0 tclass=binder permissive=1
05-27 18:08:14.521  1044  1044 I auditd  : type=1400 audit(0.0:37417): avc: denied { use } for comm="oid.aac.encoder" path="/dmabuf:" dev="dmabuf" ino=776944 scontext=u:r:mediaswcodec:s0 tcontext=u:r:adayo_dvr_service:s0 tclass=fd permissive=1
05-27 18:08:14.521  1044  1044 I oid.aac.encoder: type=1400 audit(0.0:37417): avc: denied { use } for path="/dmabuf:" dev="dmabuf" ino=776944 scontext=u:r:mediaswcodec:s0 tcontext=u:r:adayo_dvr_service:s0 tclass=fd permissive=1
05-27 18:08:14.528 20223 20223 D .service:remote: Received session metadata: 6532362717765330445
05-27 18:08:14.529   581   581 I SpiService: fgesysctrl_getGPIO_status success val=1
05-27 18:08:14.531   536   536 D commservice260303: msg.id = 1028,0
05-27 18:08:14.531   536   536 D commservice260303: i = 170, msgid = 8A000404
05-27 18:08:14.531   536   536 D commservice260303: msgid = -1979710460,did=138
05-27 18:08:14.531   536   536 D commservice260303: CommProtocolLibCmdBaseI2C::dataproc {"command":{"id":"imu_status","sub":""},"content":{"TimeStamp":8,"FrameCounter":192669,"GD_X":-0.010537171736359596,"GD_Y":0.004809814505279064,"GD_Z":0.0022902146447449923,"AD_X":-0.001092568039894104,"AD_Y":-0.0018078183056786656,"AD_Z":-0.1658039093017578,"TempDsp":0,"Status":0,"CalibState":1,"SigAmpInvalid":0}},-1979710460
05-27 18:08:14.531   536   536 D commservice260303: send2Cluster len:316, 7B22636F6D6D616E64223A7B226964223A22696D755F737461747573222C22737562223A22227D2C22636F6E74656E74223A7B2254696D655374616D70223A382C224672616D65436F756E746572223A3139323636392C2247445F58223A2D302E3031303533373137313733363335393539362C2247445F59223A302E3030343830393831343530353237393036342C2247445F5A223A302E303032323930323134363434373434393932332C2241445F58223A2D302E3030313039323536383033393839343130342C2241445F59223A2D302E303031383037383138333035363738363635362C2241445F5A223A2D302E313635383033393039333031373537382C2254656D70447370223A302C22537461747573223A302C2243616C69625374617465223A312C22536967416D70496E76616C6964223A307D7D, 138 
05-27 18:08:14.531   536   536 D commservice260303: Push Message into SendPool fn=-1507065088
05-27 18:08:14.531  1008 30856 D [OMXB]  : usingANWBuffer: handle:0xee744bb0, format:1, w:1920, h:1080
05-27 18:08:14.532   536   536 D commservice260303: ComProtocolLibSend2Cluster::send2ClusterRaw fn=-1507065088 , len=332
05-27 18:08:14.532   536   536 D commservice260303: sendCmdToPort :332!!!
05-27 18:08:14.532   536   536 D commservice260303: send Cmd To Port ++++5AA501488A0100032CA66A16C28E7B22636F6D6D616E64223A7B226964223A22696D755F737461747573222C22737562223A22227D2C22636F6E74656E74223A7B2254696D655374616D70223A382C224672616D65436F756E746572223A3139323636392C2247445F58223A2D302E3031303533373137313733363335393539362C2247445F59223A302E3030343830393831343530353237393036342C2247445F5A223A302E303032323930323134363434373434393932332C2241445F58223A2D302E3030313039323536383033393839343130342C2241445F59223A2D302E303031383037383138333035363738363635362C2241445F5A223A2D302E313635383033393039333031373537382C2254656D70447370223A302C22537461747573223A302C2243616C69625374617465223A312C22536967416D70496E76616C6964223A307D7DCBCB
05-27 18:08:14.532   536   536 D commservice260303: bufferevent_write retrun value = 0
05-27 18:08:14.532   536   560 D commservice260303: client datas send succeed,send finish
05-27 18:08:14.532 13911 14192 D Sentinelmode_1.2.5.17_sentry: <SentryImuClusterFgeSender>imu_status sent to Linux, frame=192669, tsNs=8361764, tsMs=8, intervalMs=37, ad=(-0.001092568,-0.0018078183,-0.16580391), gd=(-0.010537172,0.0048098145,0.0022902146)
05-27 18:08:14.525   536   536 I auditd  : type=1400 audit(0.0:37418): avc: denied { write } for comm="fgecomservice@1" path="socket:[34776]" dev="sockfs" ino=34776 scontext=u:r:hal_fgecomservice_default:s0 tcontext=u:r:hal_fgecomservice_default:s0 tclass=vsock_socket permissive=1
05-27 18:08:14.525   536   536 I fgecomservice@1: type=1400 audit(0.0:37418): avc: denied { write } for path="socket:[34776]" dev="sockfs" ino=34776 scontext=u:r:hal_fgecomservice_default:s0 tcontext=u:r:hal_fgecomservice_default:s0 tclass=vsock_socket permissive=1
05-27 07:59:23.494   581   581 D spi_rst_gpio_get_output: GPIO 145 value: 1
05-27 07:59:23.494   581   581 D spidev_ioctl: gpio status=1)
05-27 18:08:14.535   581   581 I SpiService: fgesysctrl_getGPIO_status success val=1
05-27 07:59:23.500   581   581 D spi_rst_gpio_get_output: GPIO 145 value: 1
05-27 07:59:23.500   581   581 D spidev_ioctl: gpio status=1)
05-27 18:08:14.540   581   581 I SpiService: fgesysctrl_getGPIO_status success val=1
05-27 18:08:14.541 13911 14183 I SentryImuMcuAngleSender: 179.97897rollDeg
05-27 18:08:14.541 13911 14183 I SentryImuMcuAngleSender: 1,0,0
05-27 07:59:23.505   581   581 D spi_rst_gpio_get_output: GPIO 145 value: 1
05-27 07:59:23.505   581   581 D spidev_ioctl: gpio status=1)
05-27 18:08:14.544   299 30841 D EvsDriver: forwardFrame
05-27 18:08:14.544   299 30844 D EvsDriver: forwardFrame
05-27 18:08:14.544   536   760 I commservice260303: [mcuCommFunctionTcp::ProtocolCheckConnectTimeOutProc:613] keyID:256,tcpEvent:5,tcpcount:0,heartbeat:1,noHeartBeatNumber:0,endispatch:0,strState:0
05-27 18:08:14.545   536   760 D commservice260303: ProtocolCheckConnectTimeOutProc,629,clear heartbeat
05-27 18:08:14.546   299 30844 D EvsDriver: Delivered 0xb400007b7ca56900 as id 0
05-27 18:08:14.546   299 30841 D EvsDriver: Delivered 0xb400007b7ca56a60 as id 0
05-27 18:08:14.546   581   581 I SpiService: fgesysctrl_getGPIO_status success val=1
05-27 18:08:14.546  1167  1479 D evsmanagerd: /dev/video4 forwarded the buffer #0 to 0xb4000074bf5f6850 from 0xb4000074bf5f41d0
05-27 18:08:14.547  1167  1184 D evsmanagerd: /dev/video6 forwarded the buffer #0 to 0xb4000074bf5f5510 from 0xb4000074bf5f6d90
05-27 18:08:14.547  1116  1135 I adbd    : jdwp connection from 20223
05-27 07:59:23.511   581   581 D spi_rst_gpio_get_output: GPIO 145 value: 1
05-27 07:59:23.511   581   581 D spidev_ioctl: gpio status=1)
05-27 18:08:14.550 13911 14131 D SVR_MNG_SvrMngProxy: getServer: mSvrManger is null
05-27 18:08:14.550 13911 14131 D SVR_MNG_SvrMngProxy: getNewStub: 
05-27 18:08:14.550 13911 14131 D SVR_MNG_SvrMngProxy: getNewStub: getSvrManagerService start
05-27 18:08:14.551   299  1153 D EvsDriver: doneWithFrame
05-27 18:08:14.551   299  1163 D EvsDriver: doneWithFrame
05-27 18:08:14.551   536   560 D commservice260303: recv len:87, 5AA500530600000030F16A16C28E7B22636F6D6D616E64223A7B226964223A2268656172745F42656174222C22737562223A22227D2C22636F6E74656E74223A7B2274797065223A322C2276616C7565223A307D7DE9F7 from server
05-27 18:08:14.551   536  2578 D commservice260303: mcuDataAnalyzeHandle templen:87,len:87,pos:0, 5AA500530600000030F16A16C28E7B22636F6D6D616E64223A7B226964223A2268656172745F42656174222C22737562223A22227D2C22636F6E74656E74223A7B2274797065223A322C2276616C7565223A307D7DE9F7 
05-27 18:08:14.551   536  2578 I commservice260303: checksumCal = 59895
05-27 18:08:14.551   536  2578 D commservice260303: CommProtocolLibCmdBaseC2I::dataproc {"command":{"id":"heart_Beat","sub":""},"content":{"type":2,"value":0}},6
05-27 18:08:14.552 13911 14131 D SVR_MNG_SvrMngProxy: getNewStub: getSvrManagerService end
05-27 18:08:14.552 13911 14131 D SVR_MNG_SvrMngProxy: getServer: svrMngService doesn't start
05-27 18:08:14.552   536  2578 D commservice260303: mcuCommMessageManager::notifyMsgToClient hwbinder OK
05-27 18:08:14.552   536  2578 D commservice260303: McuProtocolLibSend2Service::send2Service ret=1
05-27 18:08:14.552   581   581 I SpiService: fgesysctrl_getGPIO_status success val=1
05-27 18:08:14.552 12246 12440 D ivicomm_CommManager: fgeComServiceCallback: {"command":{"id":"heart_Beat","sub":""},"content":{"type":2,"value":0}}
05-27 18:08:14.553 12246 12440 D ivicomm_ConnectStateManager: registerCallback HEART_BEAT: {"type":2,"value":0}
05-27 07:59:23.516   560   560 W audit   : audit_lost=19243 audit_rate_limit=5 audit_backlog_limit=64
05-27 07:59:23.516   560   560 E audit   : rate limit exceeded
05-27 07:59:23.517   581   581 D spi_rst_gpio_get_output: GPIO 145 value: 1
05-27 07:59:23.517   581   581 D spidev_ioctl: gpio status=1)
05-27 18:08:14.553 12246 12440 D ivicomm_ConnectStateManager: notifyState newState=0curState=0
05-27 18:08:14.553  1008 30857 D [OMXB]  : usingANWBuffer: handle:0xee7407a0, format:1, w:1920, h:1080
05-27 18:08:14.558   581   581 I SpiService: fgesysctrl_getGPIO_status success val=0
05-27 18:08:14.560 13911 14183 I SentryImuMcuAngleSender: 179.95795rollDeg
05-27 18:08:14.560 13911 14183 I SentryImuMcuAngleSender: 1,0,0
05-27 07:59:23.522   581   581 D spi_rst_gpio_get_output: GPIO 145 value: 0
05-27 07:59:23.522   581   581 D spidev_ioctl: gpio status=0)
05-27 18:08:14.562 15863 15863 D AIN-NaviLocationPresenter: ACC is OFF, skip upload location
05-27 18:08:14.563 20223 20223 W ziparchive: Unable to open '/system_ext/framework/unisoc-framework.dm': No such file or directory
05-27 18:08:14.563 20223 20223 W ziparchive: Unable to open '/system_ext/framework/unisoc-framework.dm': No such file or directory
05-27 18:08:14.568 10188 16726 I am_proc_bound: [0,20223,com.anwsdk.service:remote]
05-27 18:08:14.571 10188 16726 I am_create_service: [0,208025669,.anwbtservice,1000,20223]
05-27 18:08:14.573   536   536 D commservice260303: msg.id = 1028,2
05-27 18:08:14.573   536   536 D commservice260303: i = 170, msgid = 8A000404
05-27 18:08:14.573   581   581 I SpiService: fgesysctrl_getGPIO_status success val=1
05-27 18:08:14.573   536   536 D commservice260303: msgid = -1979710460,did=138
05-27 18:08:14.573   536   536 D commservice260303: CommProtocolLibCmdBaseI2C::dataproc {"command":{"id":"imu_status","sub":""},"content":{"TimeStamp":8,"FrameCounter":192670,"GD_X":-0.011987865902483463,"GD_Y":0.005420989356935024,"GD_Z":0.0022902146447449923,"AD_X":-0.006552964448928833,"AD_Y":0.004875491838902235,"AD_Z":-0.1664142608642578,"TempDsp":0,"Status":0,"CalibState":1,"SigAmpInvalid":0}},-1979710460
