05-27 18:08:15.341   536   536 D commservice260303: ComProtocolLibSend2Cluster::send2ClusterRaw fn=-1171520768 , len=328
05-27 18:08:15.342   536   536 D commservice260303: sendCmdToPort :328!!!
05-27 18:08:15.342   536   536 D commservice260303: send Cmd To Port ++++5AA501448A0100032CBA6A16C28F7B22636F6D6D616E64223A7B226964223A22696D755F737461747573222C22737562223A22227D2C22636F6E74656E74223A7B2254696D655374616D70223A382C224672616D65436F756E746572223A3139323638392C2247445F58223A2D302E3031303533373137313733363335393539362C2247445F59223A302E30303534393639333132363233313433322C2247445F5A223A302E303032383234393237343437333633373334322C2241445F58223A2D302E3030343733353431303231333437303435392C2241445F59223A302E3030343830333937383337323336353233362C2241445F5A223A2D302E3137303037343436323839303632352C2254656D70447370223A302C22537461747573223A302C2243616C69625374617465223A312C22536967416D70496E76616C6964223A307D7DB58A
05-27 18:08:15.342   536   536 D commservice260303: bufferevent_write retrun value = 0
05-27 18:08:15.342   536   560 D commservice260303: client datas send succeed,send finish
05-27 18:08:15.342 13911 14192 D Sentinelmode_1.2.5.17_sentry: <SentryImuClusterFgeSender>imu_status sent to Linux, frame=192689, tsNs=8362584, tsMs=8, intervalMs=41, ad=(-0.00473541,0.0048039784,-0.17007446), gd=(-0.010537172,0.0054969313,0.0028249274)
05-27 18:08:15.344   581   581 I SpiService: fgesysctrl_getGPIO_status success val=1
05-27 07:59:24.308   581   581 D spi_rst_gpio_get_output: GPIO 145 value: 1
05-27 07:59:24.308   581   581 D spidev_ioctl: gpio status=1)
05-27 18:08:15.346   299 30841 D EvsDriver: forwardFrame
05-27 18:08:15.347 13911 14183 I SentryImuMcuAngleSender: 179.95094rollDeg
05-27 18:08:15.347 13911 14183 I SentryImuMcuAngleSender: 1,0,0
05-27 18:08:15.348   299 30841 D EvsDriver: Delivered 0xb400007b7ca56a60 as id 0
05-27 18:08:15.348  1167  1184 D evsmanagerd: /dev/video4 forwarded the buffer #0 to 0xb4000074bf5f6850 from 0xb4000074bf5f41d0
05-27 18:08:15.348   299 30844 D EvsDriver: forwardFrame
05-27 18:08:15.350   581   581 I SpiService: fgesysctrl_getGPIO_status success val=0
05-27 18:08:15.351  1167  1184 D evsmanagerd: /dev/video6 forwarded the buffer #0 to 0xb4000074bf5f5510 from 0xb4000074bf5f6d90
05-27 18:08:15.353 13911 13911 I Sentinelmode_1.2.5.17_sentry: <SentinelCarServiceManager>sensorType:291504647
05-27 18:08:15.353   299 30844 D EvsDriver: Delivered 0xb400007b7ca56900 as id 0
05-27 07:59:24.315   581   581 D spi_rst_gpio_get_output: GPIO 145 value: 0
05-27 07:59:24.315   581   581 D spidev_ioctl: gpio status=0)
05-27 18:08:15.353   299  1153 D EvsDriver: doneWithFrame
05-27 18:08:15.353   299  1163 D EvsDriver: doneWithFrame
05-27 18:08:15.359  1008 30856 D [OMXB]  : usingANWBuffer: handle:0xee743be0, format:1, w:1920, h:1080
05-27 18:08:15.365   581   581 I SpiService: fgesysctrl_getGPIO_status success val=1
05-27 18:08:15.367 13911 14183 I SentryImuMcuAngleSender: 179.95796rollDeg
05-27 18:08:15.367 13911 14183 I SentryImuMcuAngleSender: 1,0,0
05-27 07:59:24.330   581   581 D spi_rst_gpio_get_output: GPIO 145 value: 1
05-27 07:59:24.330   581   581 D spidev_ioctl: gpio status=1)
05-27 18:08:15.371   581   581 I SpiService: fgesysctrl_getGPIO_status success val=1
05-27 07:59:24.335   581   581 D spi_rst_gpio_get_output: GPIO 145 value: 1
05-27 07:59:24.335   581   581 D spidev_ioctl: gpio status=1)
05-27 18:08:15.376   581   581 I SpiService: fgesysctrl_getGPIO_status success val=1
05-27 07:59:24.341   581   581 D spi_rst_gpio_get_output: GPIO 145 value: 1
05-27 07:59:24.341   581   581 D spidev_ioctl: gpio status=1)
05-27 18:08:15.377   299 30844 D EvsDriver: forwardFrame
05-27 18:08:15.378   299 30844 D EvsDriver: Delivered 0xb400007b7ca56900 as id 0
05-27 18:08:15.378  1167  1184 D evsmanagerd: /dev/video6 forwarded the buffer #0 to 0xb4000074bf5f5510 from 0xb4000074bf5f6d90
05-27 18:08:15.381   299  1153 D EvsDriver: doneWithFrame
05-27 18:08:15.382   536   536 D commservice260303: msg.id = 1028,1
05-27 18:08:15.382   536   536 D commservice260303: i = 170, msgid = 8A000404
05-27 18:08:15.382   536   536 D commservice260303: msgid = -1979710460,did=138
05-27 18:08:15.382   536   536 D commservice260303: CommProtocolLibCmdBaseI2C::dataproc {"command":{"id":"imu_status","sub":""},"content":{"TimeStamp":8,"FrameCounter":192690,"GD_X":-0.011682018637657166,"GD_Y":0.004656890872865915,"GD_Z":0.0028249274473637342,"AD_X":-0.0029044002294540405,"AD_Y":-8.746492676436901E-5,"AD_Z":-0.1670246124267578,"TempDsp":0,"Status":0,"CalibState":1,"SigAmpInvalid":0}},-1979710460
05-27 18:08:15.383   536   536 D commservice260303: send2Cluster len:316, 7B22636F6D6D616E64223A7B226964223A22696D755F737461747573222C22737562223A22227D2C22636F6E74656E74223A7B2254696D655374616D70223A382C224672616D65436F756E746572223A3139323639302C2247445F58223A2D302E3031313638323031383633373635373136362C2247445F59223A302E3030343635363839303837323836353931352C2247445F5A223A302E303032383234393237343437333633373334322C2241445F58223A2D302E303032393034343030323239343534303430352C2241445F59223A2D382E373436343932363736343336393031452D352C2241445F5A223A2D302E313637303234363132343236373537382C2254656D70447370223A302C22537461747573223A302C2243616C69625374617465223A312C22536967416D70496E76616C6964223A307D7D, 138 
05-27 18:08:15.383   581   581 I SpiService: fgesysctrl_getGPIO_status success val=1
05-27 18:08:15.383   299 30841 D EvsDriver: forwardFrame
05-27 18:08:15.383   536   536 D commservice260303: Push Message into SendPool fn=-1154743552
05-27 18:08:15.383   536   536 D commservice260303: ComProtocolLibSend2Cluster::send2ClusterRaw fn=-1154743552 , len=332
05-27 18:08:15.383   536   536 D commservice260303: sendCmdToPort :332!!!
05-27 18:08:15.383   536   536 D commservice260303: send Cmd To Port ++++5AA501488A0100032CBB6A16C28F7B22636F6D6D616E64223A7B226964223A22696D755F737461747573222C22737562223A22227D2C22636F6E74656E74223A7B2254696D655374616D70223A382C224672616D65436F756E746572223A3139323639302C2247445F58223A2D302E3031313638323031383633373635373136362C2247445F59223A302E3030343635363839303837323836353931352C2247445F5A223A302E303032383234393237343437333633373334322C2241445F58223A2D302E303032393034343030323239343534303430352C2241445F59223A2D382E373436343932363736343336393031452D352C2241445F5A223A2D302E313637303234363132343236373537382C2254656D70447370223A302C22537461747573223A302C2243616C69625374617465223A312C22536967416D70496E76616C6964223A307D7D3CF8
05-27 18:08:15.384   536   536 D commservice260303: bufferevent_write retrun value = 0
05-27 18:08:15.384   536   560 D commservice260303: client datas send succeed,send finish
05-27 18:08:15.384 13911 14192 D Sentinelmode_1.2.5.17_sentry: <SentryImuClusterFgeSender>imu_status sent to Linux, frame=192690, tsNs=8362620, tsMs=8, intervalMs=42, ad=(-0.0029044002,-8.746493E-5,-0.16702461), gd=(-0.011682019,0.004656891,0.0028249274)
05-27 18:08:15.384   299 30841 D EvsDriver: Delivered 0xb400007b7ca56a60 as id 0
05-27 18:08:15.384  1167  1184 D evsmanagerd: /dev/video4 forwarded the buffer #0 to 0xb4000074bf5f6850 from 0xb4000074bf5f41d0
05-27 07:59:24.347   581   581 D spi_rst_gpio_get_output: GPIO 145 value: 1
05-27 07:59:24.347   581   581 D spidev_ioctl: gpio status=1)
05-27 18:08:15.387   299  1153 D EvsDriver: doneWithFrame
05-27 18:08:15.387 13911 14183 I SentryImuMcuAngleSender: 179.97897rollDeg
05-27 18:08:15.387 13911 14183 I SentryImuMcuAngleSender: 1,0,0
05-27 18:08:15.388   581   581 I SpiService: fgesysctrl_getGPIO_status success val=0
05-27 07:59:24.353   581   581 D spi_rst_gpio_get_output: GPIO 145 value: 0
05-27 07:59:24.353   581   581 D spidev_ioctl: gpio status=0)
05-27 18:08:15.389   572   622 I Sensors : 230 GyroSensor: x:-0.011835,y:0.004734,z:0.002748
05-27 18:08:15.394  1008 30856 D [OMXB]  : usingANWBuffer: handle:0xee740d20, format:1, w:1920, h:1080
05-27 18:08:15.395   283   307 I rvcservice: t.code = 1, t.value = -172019
05-27 18:08:15.396   566 11459 I gps_hdbd: Received: '$GNGGA,002406.000,,,,,0,00,,,M,,M,,*66
'
05-27 18:08:15.397   566 11459 I gps_hdbd: Received: '$GNGSA,A,1,,,,,,,,,,,,,,,,1*1D
'
05-27 18:08:15.402   566 11459 I gps_hdbd: Received: '$GNGSA,A,1,,,,,,,,,,,,,,,,3*1F
'
05-27 18:08:15.403   566 11459 I gps_hdbd: Received: '$GNGSA,A,1,,,,,,,,,,,,,,,,4*18
'
05-27 18:08:15.403   581   581 I SpiService: fgesysctrl_getGPIO_status success val=1
05-27 18:08:15.403   566 11459 I gps_hdbd: Received: '$BDGSV,1,1,00,1*75
'
05-27 07:59:24.367   581   581 D spi_rst_gpio_get_output: GPIO 145 value: 1
05-27 07:59:24.367   581   581 D spidev_ioctl: gpio status=1)
05-27 18:08:15.407  1008 30857 D [OMXB]  : usingANWBuffer: handle:0xee741c40, format:1, w:1920, h:1080
05-27 18:08:15.407   566 11459 I gps_hdbd: Received: '$BDGSV,1,1,00,5*71
'
05-27 18:08:15.407 13911 14183 I SentryImuMcuAngleSender: 179.98949rollDeg
05-27 18:08:15.407 13911 14183 I SentryImuMcuAngleSender: 1,0,0
05-27 18:08:15.408   581   581 I SpiService: fgesysctrl_getGPIO_status success val=1
05-27 07:59:24.373   581   581 D spi_rst_gpio_get_output: GPIO 145 value: 1
05-27 07:59:24.373   581   581 D spidev_ioctl: gpio status=1)
05-27 18:08:15.410   299 30841 D EvsDriver: forwardFrame
05-27 18:08:15.412   299 30841 D EvsDriver: Delivered 0xb400007b7ca56a60 as id 0
05-27 18:08:15.413  1167  1184 D evsmanagerd: /dev/video4 forwarded the buffer #0 to 0xb4000074bf5f6850 from 0xb4000074bf5f41d0
05-27 18:08:15.413   566 11459 I gps_hdbd: Received: '$GPGSV,1,1,01,199,42,165,,1*60
'
05-27 18:08:15.414   566 11459 I gps_hdbd: Received: '$GPGSV,1,1,00,8*6D
'
05-27 18:08:15.414   581   581 I SpiService: fgesysctrl_getGPIO_status success val=1
05-27 18:08:15.414   566 11459 I gps_hdbd: Received: '$GAGSV,1,1,00,7*73
'
05-27 18:08:15.416   299 30844 D EvsDriver: forwardFrame
05-27 18:08:15.416   299  1153 D EvsDriver: doneWithFrame
05-27 18:08:15.420   581   581 I SpiService: fgesysctrl_getGPIO_status success val=1
05-27 07:59:24.379   581   581 D spi_rst_gpio_get_output: GPIO 145 value: 1
05-27 07:59:24.379   581   581 D spidev_ioctl: gpio status=1)
05-27 07:59:24.385   581   581 D spi_rst_gpio_get_output: GPIO 145 value: 1
05-27 07:59:24.385   581   581 D spidev_ioctl: gpio status=1)
05-27 18:08:15.420   566 11459 I gps_hdbd: Received: '$GAGSV,1,1,00,1*75
'
05-27 18:08:15.421   299 30844 D EvsDriver: Delivered 0xb400007b7ca56900 as id 0
05-27 18:08:15.421  1167  1184 D evsmanagerd: /dev/video6 forwarded the buffer #0 to 0xb4000074bf5f5510 from 0xb4000074bf5f6d90
05-27 18:08:15.423   536   536 D commservice260303: msg.id = 1028,1
05-27 18:08:15.424   536   536 D commservice260303: i = 170, msgid = 8A000404
05-27 18:08:15.424   536   536 D commservice260303: msgid = -1979710460,did=138
05-27 18:08:15.424   536   536 D commservice260303: CommProtocolLibCmdBaseI2C::dataproc {"command":{"id":"imu_status","sub":""},"content":{"TimeStamp":8,"FrameCounter":192691,"GD_X":-0.011759000830352306,"GD_Y":0.004809814505279064,"GD_Z":0.0023671966046094894,"AD_X":-0.0029038041830062866,"AD_Y":-0.0012960175517946482,"AD_Z":-0.1682453155517578,"TempDsp":0,"Status":0,"CalibState":1,"SigAmpInvalid":0}},-1979710460
05-27 18:08:15.424   536   536 D commservice260303: send2Cluster len:317, 7B22636F6D6D616E64223A7B226964223A22696D755F737461747573222C22737562223A22227D2C22636F6E74656E74223A7B2254696D655374616D70223A382C224672616D65436F756E746572223A3139323639312C2247445F58223A2D302E3031313735393030303833303335323330362C2247445F59223A302E3030343830393831343530353237393036342C2247445F5A223A302E303032333637313936363034363039343839342C2241445F58223A2D302E303032393033383034313833303036323836362C2241445F59223A2D302E303031323936303137353531373934363438322C2241445F5A223A2D302E313638323435333135353531373537382C2254656D70447370223A302C22537461747573223A302C2243616C69625374617465223A312C22536967416D70496E76616C6964223A307D7D, 138 
05-27 18:08:15.424   536   536 D commservice260303: Push Message into SendPool fn=-1137966336
05-27 18:08:15.425   536   536 D commservice260303: ComProtocolLibSend2Cluster::send2ClusterRaw fn=-1137966336 , len=333
05-27 18:08:15.425   536   536 D commservice260303: sendCmdToPort :333!!!
05-27 18:08:15.425   536   536 D commservice260303: send Cmd To Port ++++5AA501498A0100032CBC6A16C28F7B22636F6D6D616E64223A7B226964223A22696D755F737461747573222C22737562223A22227D2C22636F6E74656E74223A7B2254696D655374616D70223A382C224672616D65436F756E746572223A3139323639312C2247445F58223A2D302E3031313735393030303833303335323330362C2247445F59223A302E3030343830393831343530353237393036342C2247445F5A223A302E303032333637313936363034363039343839342C2241445F58223A2D302E303032393033383034313833303036323836362C2241445F59223A2D302E303031323936303137353531373934363438322C2241445F5A223A2D302E313638323435333135353531373537382C2254656D70447370223A302C22537461747573223A302C2243616C69625374617465223A312C22536967416D70496E76616C6964223A307D7DE89D
05-27 18:08:15.425   536   536 D commservice260303: bufferevent_write retrun value = 0
05-27 18:08:15.425   536   560 D commservice260303: client datas send succeed,send finish
05-27 18:08:15.425   299  1153 D EvsDriver: doneWithFrame
05-27 18:08:15.426 13911 14192 D Sentinelmode_1.2.5.17_sentry: <SentryImuClusterFgeSender>imu_status sent to Linux, frame=192691, tsNs=8362658, tsMs=8, intervalMs=41, ad=(-0.0029038042,-0.0012960176,-0.16824532), gd=(-0.011759001,0.0048098145,0.0023671966)
05-27 18:08:15.426   581   581 I SpiService: fgesysctrl_getGPIO_status success val=1
05-27 18:08:15.427 13911 14183 I SentryImuMcuAngleSender: 179.98598rollDeg
05-27 18:08:15.427 13911 14183 I SentryImuMcuAngleSender: 1,0,0
05-27 18:08:15.428   566 11459 I gps_hdbd: Received: '$GNRMC,002406.000,V,,,,,,,270526,120.0,E,N,V*45
'
05-27 07:59:24.391   581   581 D spi_rst_gpio_get_output: GPIO 145 value: 1
05-27 07:59:24.391   581   581 D spidev_ioctl: gpio status=1)
05-27 18:08:15.429  1008 30856 D [OMXB]  : usingANWBuffer: handle:0xee742320, format:1, w:1920, h:1080
05-27 18:08:15.431   566 11459 I gps_hdbd: RMC : CALL gnss_sv_status_cb, view_in_sat <1>
05-27 18:08:15.431   566 11459 I gps_hdbd: [reportSvStatus]--->PLATFORM_BSP::Enter
05-27 18:08:15.432   566 11459 I gps_hdbd: hy abnormal deal:hy_cnr30_satellite_cnt=0
05-27 18:08:15.432   566 11459 D gps_hdbd: hy abnormal deal:hy_fixStatus_fail_count=0
05-27 18:08:15.432   581   581 I SpiService: fgesysctrl_getGPIO_status success val=0
05-27 18:08:15.432  1083  1083 W MyAppLog: [2026-05-27 18:08:15.432 W tboxap gpsSyncGpsInfoToDm:361] [Gps] [gpsSyncGpsInfoToDm] fix=0 mode=49 corner:0x01 alt=0.00 sat=0 hdop=0.00 pdop=0.00 vdop=0.00
05-27 07:59:24.397   581   581 D spi_rst_gpio_get_output: GPIO 145 value: 0
05-27 07:59:24.397   581   581 D spidev_ioctl: gpio status=0)
05-27 18:08:15.434   566 11459 I gps_hdbd: Received: '$GNZDA,002406.000,27,05,2026,00,00*4E
'
05-27 18:08:15.445  1008 30857 D [OMXB]  : usingANWBuffer: handle:0xee7407a0, format:1, w:1920, h:1080
05-27 18:08:15.446   299 30841 D EvsDriver: forwardFrame
05-27 18:08:15.446 10188 11505 E SSense.fps: We could not find the file :/sys/class/display/dispc0/frame_count
05-27 18:08:15.446   299 30844 D EvsDriver: forwardFrame
05-27 18:08:15.448   581   581 I SpiService: fgesysctrl_getGPIO_status success val=1
05-27 18:08:15.448 13911 14183 I SentryImuMcuAngleSender: 179.97197rollDeg
05-27 18:08:15.448 13911 14183 I SentryImuMcuAngleSender: 1,0,0
05-27 18:08:15.449   299 30841 D EvsDriver: Delivered 0xb400007b7ca56a60 as id 0
05-27 07:59:24.412   581   581 D spi_rst_gpio_get_output: GPIO 145 value: 1
05-27 07:59:24.412   581   581 D spidev_ioctl: gpio status=1)
05-27 18:08:15.449  1167  1184 D evsmanagerd: /dev/video4 forwarded the buffer #0 to 0xb4000074bf5f6850 from 0xb4000074bf5f41d0
05-27 18:08:15.452  1167  1184 D evsmanagerd: /dev/video6 forwarded the buffer #0 to 0xb4000074bf5f5510 from 0xb4000074bf5f6d90
05-27 18:08:15.453   299 30844 D EvsDriver: Delivered 0xb400007b7ca56900 as id 0
05-27 18:08:15.453   566 11459 I gps_hdbd: Received: '$GNINS,1,1,TYPE,I,V,002406.000,16957000,FUS,-3,0,0,0,MOT,V,1,PATT,0.00,0.00,0.00,VEL,0.000,0.000,0.000,POS,40.0001330924,116.0001570688,84.176,IIA,1,0.00,0.00,0.00,BGA,0.31,-0.66,-0.13,0.000,0.000,0.000,IGA,0,-1,0,0,-2,98,VG,16c2ff1*1F
'
05-27 18:08:15.454   581   581 I SpiService: fgesysctrl_getGPIO_status success val=1
05-27 18:08:15.454   299  1153 D EvsDriver: doneWithFrame
05-27 18:08:15.456   299  1153 D EvsDriver: doneWithFrame
05-27 07:59:24.418   581   581 D spi_rst_gpio_get_output: GPIO 145 value: 1
05-27 07:59:24.418   581   581 D spidev_ioctl: gpio status=1)
05-27 18:08:15.459   581   581 I SpiService: fgesysctrl_getGPIO_status success val=1
05-27 18:08:15.460   566 11459 I gps_hdbd: Received: '$GNINS,CARSPEED,ADR_STATUS,0,Pulse_count,0,1,0,0,16957000,83420,0.000,0.000,0.000*37
'
05-27 07:59:24.424   581   581 D spi_rst_gpio_get_output: GPIO 145 value: 1
05-27 07:59:24.424   581   581 D spidev_ioctl: gpio status=1)
05-27 18:08:15.462   536   536 D commservice260303: msg.id = 1028,1
05-27 18:08:15.462   536   536 D commservice260303: i = 170, msgid = 8A000404
05-27 18:08:15.462   536   536 D commservice260303: msgid = -1979710460,did=138
05-27 18:08:15.462   536   536 D commservice260303: CommProtocolLibCmdBaseI2C::dataproc {"command":{"id":"imu_status","sub":""},"content":{"TimeStamp":8,"FrameCounter":192692,"GD_X":-0.011834942735731602,"GD_Y":0.004505007527768612,"GD_Z":0.0019079053308814764,"AD_X":-0.0022941231727600098,"AD_Y":0.001140316715463996,"AD_Z":-0.1682453155517578,"TempDsp":0,"Status":0,"CalibState":1,"SigAmpInvalid":0}},-1979710460
05-27 18:08:15.463   536   536 D commservice260303: send2Cluster len:315, 7B22636F6D6D616E64223A7B226964223A22696D755F737461747573222C22737562223A22227D2C22636F6E74656E74223A7B2254696D655374616D70223A382C224672616D65436F756E746572223A3139323639322C2247445F58223A2D302E3031313833343934323733353733313630322C2247445F59223A302E3030343530353030373532373736383631322C2247445F5A223A302E303031393037393035333330383831343736342C2241445F58223A2D302E303032323934313233313732373630303039382C2241445F59223A302E3030313134303331363731353436333939362C2241445F5A223A2D302E313638323435333135353531373537382C2254656D70447370223A302C22537461747573223A302C2243616C69625374617465223A312C22536967416D70496E76616C6964223A307D7D, 138 
05-27 18:08:15.463   536   536 D commservice260303: Push Message into SendPool fn=-1121189120
05-27 18:08:15.463   536   536 D commservice260303: ComProtocolLibSend2Cluster::send2ClusterRaw fn=-1121189120 , len=331
05-27 18:08:15.463   536   536 D commservice260303: sendCmdToPort :331!!!
05-27 18:08:15.463   536   536 D commservice260303: send Cmd To Port ++++5AA501478A0100032CBD6A16C28F7B22636F6D6D616E64223A7B226964223A22696D755F737461747573222C22737562223A22227D2C22636F6E74656E74223A7B2254696D655374616D70223A382C224672616D65436F756E746572223A3139323639322C2247445F58223A2D302E3031313833343934323733353733313630322C2247445F59223A302E3030343530353030373532373736383631322C2247445F5A223A302E303031393037393035333330383831343736342C2241445F58223A2D302E303032323934313233313732373630303039382C2241445F59223A302E3030313134303331363731353436333939362C2241445F5A223A2D302E313638323435333135353531373537382C2254656D70447370223A302C22537461747573223A302C2243616C69625374617465223A312C22536967416D70496E76616C6964223A307D7D1C31
05-27 18:08:15.463   536   536 D commservice260303: bufferevent_write retrun value = 0
05-27 18:08:15.463  1008 30856 D [OMXB]  : usingANWBuffer: handle:0xee743c90, format:1, w:1920, h:1080
05-27 18:08:15.463   536   560 D commservice260303: client datas send succeed,send finish
05-27 18:08:15.463 13911 14192 D Sentinelmode_1.2.5.17_sentry: <SentryImuClusterFgeSender>imu_status sent to Linux, frame=192692, tsNs=8362686, tsMs=8, intervalMs=38, ad=(-0.0022941232,0.0011403167,-0.16824532), gd=(-0.011834943,0.0045050075,0.0019079053)
05-27 18:08:15.465   581   581 I SpiService: fgesysctrl_getGPIO_status success val=1
05-27 18:08:15.465   566 11459 I gps_hdbd: Received: '$GNTXT,04,01,04,INS,V,1,,,,FLG,1,000000,1,0,1,0,0,Con,0*71
'
05-27 18:08:15.465   566 11459 I gps_hdbd: Received: '$GNTXT,INSTALL,0.00,0.00,0.00,0.00,0.00,0.00,0*20
'
05-27 07:59:24.429   581   581 D spi_rst_gpio_get_output: GPIO 145 value: 1
05-27 07:59:24.429   581   581 D spidev_ioctl: gpio status=1)
05-27 18:08:15.469 13911 14183 I SentryImuMcuAngleSender: 179.97197rollDeg
05-27 18:08:15.469 13911 14183 I SentryImuMcuAngleSender: 1,0,0
05-27 18:08:15.470   581   581 I SpiService: fgesysctrl_getGPIO_status success val=0
05-27 07:59:24.435   581   581 D spi_rst_gpio_get_output: GPIO 145 value: 0
05-27 07:59:24.435   581   581 D spidev_ioctl: gpio status=0)
05-27 18:08:15.478   299 30844 D EvsDriver: forwardFrame
05-27 18:08:15.480   299 30841 D EvsDriver: forwardFrame
05-27 18:08:15.481   299 30844 D EvsDriver: Delivered 0xb400007b7ca56900 as id 0
05-27 18:08:15.482  1167  1184 D evsmanagerd: /dev/video6 forwarded the buffer #0 to 0xb4000074bf5f5510 from 0xb4000074bf5f6d90
05-27 18:08:15.482 30773 30781 E dvr_service_: [myNum:1] Received S**** loss
05-27 18:08:15.482   299 30841 D EvsDriver: Delivered 0xb400007b7ca56a60 as id 0
05-27 18:08:15.482  1167  1184 D evsmanagerd: /dev/video4 forwarded the buffer #0 to 0xb4000074bf5f6850 from 0xb4000074bf5f41d0
05-27 18:08:15.482   299  1153 D EvsDriver: doneWithFrame
05-27 18:08:15.482 30773 30773 E dvr_service_: [myNum:0] Received S**** loss
05-27 18:08:15.483   299  1153 D EvsDriver: doneWithFrame
05-27 18:08:15.484   581   581 I SpiService: fgesysctrl_getGPIO_status success val=1
05-27 07:59:24.449   581   581 D spi_rst_gpio_get_output: GPIO 145 value: 1
05-27 07:59:24.449   581   581 D spidev_ioctl: gpio status=1)
05-27 18:08:15.490  1008 30857 D [OMXB]  : usingANWBuffer: handle:0xee740430, format:1, w:1920, h:1080
05-27 18:08:15.490 13911 14183 I SentryImuMcuAngleSender: 179.98598rollDeg
05-27 18:08:15.490 13911 14183 I SentryImuMcuAngleSender: 1,0,0
05-27 18:08:15.490   581   581 I SpiService: fgesysctrl_getGPIO_status success val=1
05-27 18:08:15.490 13911 14183 I SentryImuMcuAngleSender: [4, 18, 1, 0, 0],5
05-27 18:08:15.490 13911 14183 I McuCommManager: mcuCommSendcmd [4, 18, 1, 0, 0]
05-27 18:08:15.491 13911 14183 I SentryImuMcuAngleSender: true
05-27 18:08:15.492 13911 14183 W Sentinelmode_1.2.5.17_sentry: <SentryImuMcuAngleSender>MCU IMU send interval abnormal: 1001ms
05-27 07:59:24.455   581   581 D spi_rst_gpio_get_output: GPIO 145 value: 1
05-27 07:59:24.455   581   581 D spidev_ioctl: gpio status=1)
05-27 18:08:15.495   572   572 I Sensors : 230 AccelSensor: x:-0.167140,y:0.002440,z:-9.971060
05-27 18:08:15.495   283   307 I rvcservice: t.code = 3, t.value = 0
05-27 18:08:15.495   581   581 I SpiService: fgesysctrl_getGPIO_status success val=1
05-27 07:59:24.460   581   581 D spi_rst_gpio_get_output: GPIO 145 value: 1
05-27 07:59:24.460   581   581 D spidev_ioctl: gpio status=1)
05-27 18:08:15.501   581   581 I SpiService: fgesysctrl_getGPIO_status success val=1
05-27 07:59:24.465   581   581 D spi_rst_gpio_get_output: GPIO 145 value: 1
05-27 07:59:24.465   581   581 D spidev_ioctl: gpio status=1)
05-27 18:08:15.503   536   536 D commservice260303: msg.id = 1028,0
05-27 18:08:15.503   536   536 D commservice260303: i = 170, msgid = 8A000404
05-27 18:08:15.503   536   536 D commservice260303: msgid = -1979710460,did=138
05-27 18:08:15.503   536   536 D commservice260303: CommProtocolLibCmdBaseI2C::dataproc {"command":{"id":"imu_status","sub":""},"content":{"TimeStamp":8,"FrameCounter":192693,"GD_X":-0.011682018637657166,"GD_Y":0.005039200186729431,"GD_Z":0.001679039909504354,"AD_X":-0.0016910582780838013,"AD_Y":-0.0012980832252651453,"AD_Z":-0.1658039093017578,"TempDsp":0,"Status":0,"CalibState":1,"SigAmpInvalid":0}},-1979710460
05-27 18:08:15.503   536   536 D commservice260303: send2Cluster len:316, 7B22636F6D6D616E64223A7B226964223A22696D755F737461747573222C22737562223A22227D2C22636F6E74656E74223A7B2254696D655374616D70223A382C224672616D65436F756E746572223A3139323639332C2247445F58223A2D302E3031313638323031383633373635373136362C2247445F59223A302E3030353033393230303138363732393433312C2247445F5A223A302E3030313637393033393930393530343335342C2241445F58223A2D302E303031363931303538323738303833383031332C2241445F59223A2D302E303031323938303833323235323635313435332C2241445F5A223A2D302E313635383033393039333031373537382C2254656D70447370223A302C22537461747573223A302C2243616C69625374617465223A312C22536967416D70496E76616C6964223A307D7D, 138 
05-27 18:08:15.503   536   536 D commservice260303: Push Message into SendPool fn=-1104411904
05-27 18:08:15.503   536   536 D commservice260303: ComProtocolLibSend2Cluster::send2ClusterRaw fn=-1104411904 , len=332
05-27 18:08:15.503   536   536 D commservice260303: sendCmdToPort :332!!!
05-27 18:08:15.503   536   536 D commservice260303: send Cmd To Port ++++5AA501488A0100032CBE6A16C28F7B22636F6D6D616E64223A7B226964223A22696D755F737461747573222C22737562223A22227D2C22636F6E74656E74223A7B2254696D655374616D70223A382C224672616D65436F756E746572223A3139323639332C2247445F58223A2D302E3031313638323031383633373635373136362C2247445F59223A302E3030353033393230303138363732393433312C2247445F5A223A302E3030313637393033393930393530343335342C2241445F58223A2D302E303031363931303538323738303833383031332C2241445F59223A2D302E303031323938303833323235323635313435332C2241445F5A223A2D302E313635383033393039333031373537382C2254656D70447370223A302C22537461747573223A302C2243616C69625374617465223A312C22536967416D70496E76616C6964223A307D7D32CA
05-27 18:08:15.503   536   536 D commservice260303: bufferevent_write retrun value = 0
05-27 18:08:15.503   536   560 D commservice260303: client datas send succeed,send finish
05-27 18:08:15.503 13911 14192 D Sentinelmode_1.2.5.17_sentry: <SentryImuClusterFgeSender>imu_status sent to Linux, frame=192693, tsNs=8362745, tsMs=8, intervalMs=40, ad=(-0.0016910583,-0.0012980832,-0.16580391), gd=(-0.011682019,0.0050392,0.0016790399)
05-27 18:08:15.506   581   581 I SpiService: fgesysctrl_getGPIO_status success val=1
05-27 07:59:24.471   581   581 D spi_rst_gpio_get_output: GPIO 145 value: 1
05-27 07:59:24.471   581   581 D spidev_ioctl: gpio status=1)
05-27 18:08:15.510  1008 30856 D [OMXB]  : usingANWBuffer: handle:0xee742b60, format:1, w:1920, h:1080
05-27 18:08:15.510 13911 14183 I SentryImuMcuAngleSender: 179.98598rollDeg
05-27 18:08:15.510 13911 14183 I SentryImuMcuAngleSender: 1,0,0
05-27 18:08:15.512   581   581 I SpiService: fgesysctrl_getGPIO_status success val=0
05-27 18:08:15.512   481   597 I mcuc    : send SPI:6AA6005B8D00050412010000FC
05-27 07:59:24.476   581   581 D spi_rst_gpio_get_output: GPIO 145 value: 0
05-27 07:59:24.476   581   581 D spidev_ioctl: gpio status=0)
05-27 18:08:15.515   299 30841 D EvsDriver: forwardFrame
05-27 18:08:15.516   299 30844 D EvsDriver: forwardFrame
05-27 18:08:15.519  1167  1184 D evsmanagerd: /dev/video4 forwarded the buffer #0 to 0xb4000074bf5f6850 from 0xb4000074bf5f41d0
05-27 18:08:15.519  1167  1479 D evsmanagerd: /dev/video6 forwarded the buffer #0 to 0xb4000074bf5f5510 from 0xb4000074bf5f6d90
05-27 18:08:15.519   299 30841 D EvsDriver: Delivered 0xb400007b7ca56a60 as id 0
05-27 18:08:15.519   299 30844 D EvsDriver: Delivered 0xb400007b7ca56900 as id 0
05-27 18:08:15.525   299  1153 D EvsDriver: doneWithFrame
05-27 18:08:15.526   299  1153 D EvsDriver: doneWithFrame
05-27 18:08:15.527   581   581 I SpiService: fgesysctrl_getGPIO_status success val=1
05-27 07:59:24.492   581   581 D spi_rst_gpio_get_output: GPIO 145 value: 1
05-27 07:59:24.492   581   581 D spidev_ioctl: gpio status=1)
05-27 18:08:15.530  1008 30857 D [OMXB]  : usingANWBuffer: handle:0xee7435b0, format:1, w:1920, h:1080
05-27 18:08:15.531 13911 14183 I SentryImuMcuAngleSender: 179.98598rollDeg
05-27 18:08:15.531 13911 14183 I SentryImuMcuAngleSender: 1,0,0
05-27 18:08:15.531 30773 30789 I dvr_service_: Camera 1: MediaOK:66803954, frames:1540, isKeyFrame:0,pts:8362441495
05-27 18:08:15.533   581   581 I SpiService: fgesysctrl_getGPIO_status success val=1
05-27 07:59:24.498   581   581 D spi_rst_gpio_get_output: GPIO 145 value: 1
05-27 07:59:24.498   581   581 D spidev_ioctl: gpio status=1)
05-27 18:08:15.538   581   581 I SpiService: fgesysctrl_getGPIO_status success val=1
05-27 07:59:24.503   581   581 D spi_rst_gpio_get_output: GPIO 145 value: 1
05-27 07:59:24.503   581   581 D spidev_ioctl: gpio status=1)
05-27 18:08:15.543   536   536 D commservice260303: msg.id = 1028,0
05-27 18:08:15.543   536   536 D commservice260303: i = 170, msgid = 8A000404
05-27 18:08:15.543   536   536 D commservice260303: msgid = -1979710460,did=138
05-27 18:08:15.543   536   536 D commservice260303: CommProtocolLibCmdBaseI2C::dataproc {"command":{"id":"imu_status","sub":""},"content":{"TimeStamp":8,"FrameCounter":192694,"GD_X":-0.011682018637657166,"GD_Y":0.004656890872865915,"GD_Z":0.0022902146447449923,"AD_X":1.1894106864929199E-4,"AD_Y":0.0023591076023876667,"AD_Z":-0.16275405883789062,"TempDsp":0,"Status":0,"CalibState":1,"SigAmpInvalid":0}},-1979710460
05-27 18:08:15.543   536   536 D commservice260303: send2Cluster len:316, 7B22636F6D6D616E64223A7B226964223A22696D755F737461747573222C22737562223A22227D2C22636F6E74656E74223A7B2254696D655374616D70223A382C224672616D65436F756E746572223A3139323639342C2247445F58223A2D302E3031313638323031383633373635373136362C2247445F59223A302E3030343635363839303837323836353931352C2247445F5A223A302E303032323930323134363434373434393932332C2241445F58223A312E31383934313036383634393239313939452D342C2241445F59223A302E303032333539313037363032333837363636372C2241445F5A223A2D302E31363237353430353838333738393036322C2254656D70447370223A302C22537461747573223A302C2243616C69625374617465223A312C22536967416D70496E76616C6964223A307D7D, 138 
05-27 18:08:15.543   536   536 D commservice260303: Push Message into SendPool fn=-1087634688
05-27 18:08:15.543   536   536 D commservice260303: ComProtocolLibSend2Cluster::send2ClusterRaw fn=-1087634688 , len=332
05-27 18:08:15.543   536   536 D commservice260303: sendCmdToPort :332!!!
05-27 18:08:15.544   536   536 D commservice260303: send Cmd To Port ++++5AA501488A0100032CBF6A16C28F7B22636F6D6D616E64223A7B226964223A22696D755F737461747573222C22737562223A22227D2C22636F6E74656E74223A7B2254696D655374616D70223A382C224672616D65436F756E746572223A3139323639342C2247445F58223A2D302E3031313638323031383633373635373136362C2247445F59223A302E3030343635363839303837323836353931352C2247445F5A223A302E303032323930323134363434373434393932332C2241445F58223A312E31383934313036383634393239313939452D342C2241445F59223A302E303032333539313037363032333837363636372C2241445F5A223A2D302E31363237353430353838333738393036322C2254656D70447370223A302C22537461747573223A302C2243616C69625374617465223A312C22536967416D70496E76616C6964223A307D7D306E
05-27 18:08:15.544   536   536 D commservice260303: bufferevent_write retrun value = 0
05-27 18:08:15.544   536   560 D commservice260303: client datas send succeed,send finish
05-27 18:08:15.544 13911 14192 D Sentinelmode_1.2.5.17_sentry: <SentryImuClusterFgeSender>imu_status sent to Linux, frame=192694, tsNs=8362781, tsMs=8, intervalMs=41, ad=(1.1894107E-4,0.0023591076,-0.16275406), gd=(-0.011682019,0.004656891,0.0022902146)
05-27 18:08:15.544   581   581 I SpiService: fgesysctrl_getGPIO_status success val=1
05-27 07:59:24.508   581   581 D spi_rst_gpio_get_output: GPIO 145 value: 1
05-27 07:59:24.508   581   581 D spidev_ioctl: gpio status=1)
05-27 18:08:15.546  1008 30856 D [OMXB]  : usingANWBuffer: handle:0xee742530, format:1, w:1920, h:1080
05-27 18:08:15.549   581   581 I SpiService: fgesysctrl_getGPIO_status success val=1
05-27 18:08:15.552 13911 14183 I SentryImuMcuAngleSender: 179.94391rollDeg
05-27 18:08:15.552 13911 14183 I SentryImuMcuAngleSender: 1,0,0
05-27 07:59:24.514   581   581 D spi_rst_gpio_get_output: GPIO 145 value: 1
05-27 07:59:24.514   581   581 D spidev_ioctl: gpio status=1)
05-27 18:08:15.553 13911 14131 D SVR_MNG_SvrMngProxy: getServer: mSvrManger is null
05-27 18:08:15.553 13911 14131 D SVR_MNG_SvrMngProxy: getNewStub: 
05-27 18:08:15.553 13911 14131 D SVR_MNG_SvrMngProxy: getNewStub: getSvrManagerService start
05-27 18:08:15.553 13911 14131 D SVR_MNG_SvrMngProxy: getNewStub: getSvrManagerService end
05-27 18:08:15.553 13911 14131 D SVR_MNG_SvrMngProxy: getServer: svrMngService doesn't start
05-27 18:08:15.554   299 30844 D EvsDriver: forwardFrame
05-27 18:08:15.554   299 30841 D EvsDriver: forwardFrame
05-27 18:08:15.555   581   581 I SpiService: fgesysctrl_getGPIO_status success val=0
05-27 18:08:15.556  1167  1184 D evsmanagerd: /dev/video6 forwarded the buffer #0 to 0xb4000074bf5f5510 from 0xb4000074bf5f6d90
05-27 18:08:15.556  1167  1479 D evsmanagerd: /dev/video4 forwarded the buffer #0 to 0xb4000074bf5f6850 from 0xb4000074bf5f41d0
05-27 18:08:15.556   299 30844 D EvsDriver: Delivered 0xb400007b7ca56900 as id 0
05-27 18:08:15.556   299 30841 D EvsDriver: Delivered 0xb400007b7ca56a60 as id 0
05-27 07:59:24.519   581   581 D spi_rst_gpio_get_output: GPIO 145 value: 0
05-27 07:59:24.519   581   581 D spidev_ioctl: gpio status=0)
05-27 18:08:15.558   536  2579 D commservice260303: send heart beat package to Cluster
05-27 18:08:15.559   536  2579 D commservice260303: send2Cluster len:40, 7B22636F6D6D616E64223A7B226964223A22686561727462656174222C22737562223A22227D7D0A, 129 
05-27 18:08:15.559   536  2579 D commservice260303: Push Message into SendPool fn=-1070857472
05-27 18:08:15.559   536  2579 D commservice260303: ComProtocolLibSend2Cluster::send2ClusterRaw fn=-1070857472 , len=56
05-27 18:08:15.559   536  2579 D commservice260303: sendCmdToPort :56!!!
05-27 18:08:15.559   536  2579 D commservice260303: send Cmd To Port ++++5AA50034810100032CC06A16C28F7B22636F6D6D616E64223A7B226964223A22686561727462656174222C22737562223A22227D7D0A930E
05-27 18:08:15.559   299  1153 D EvsDriver: doneWithFrame
05-27 18:08:15.559   536  2579 D commservice260303: bufferevent_write retrun value = 0
05-27 18:08:15.559   536   560 D commservice260303: client datas send succeed,send finish
05-27 18:08:15.559   299  1153 D EvsDriver: doneWithFrame
05-27 18:08:15.560   536   560 D commservice260303: recv len:91, 5AA500570100000030F36A16C28F7B22636F6D6D616E64223A7B226964223A22686561727462656174222C22737562223A22227D2C22726573706F6E65223A7B22636F6465223A302C226D657373616765223A226F6B227D7DD284 from server
05-27 18:08:15.560   536  2578 D commservice260303: mcuDataAnalyzeHandle templen:91,len:91,pos:0, 5AA500570100000030F36A16C28F7B22636F6D6D616E64223A7B226964223A22686561727462656174222C22737562223A22227D2C22726573706F6E65223A7B22636F6465223A302C226D657373616765223A226F6B227D7DD284 
05-27 18:08:15.560   536  2578 I commservice260303: checksumCal = 53892
05-27 18:08:15.560   536  2578 D commservice260303: Protocol_C2I_Commservice::dataproc {"command":{"id":"heartbeat","sub":""},"respone":{"code":0,"message":"ok"}},1
05-27 18:08:15.560   536  2578 D commservice260303: Protocol_C2I_Commservice::dataproc Receive a heartbeat command from Cluster, setTcpHeartbeat = EID_UID_HEARTBEAT
05-27 18:08:15.569   581   581 I SpiService: fgesysctrl_getGPIO_status success val=1
05-27 18:08:15.572 13911 14183 I SentryImuMcuAngleSender: 179.94394rollDeg
05-27 18:08:15.573 13911 14183 I SentryImuMcuAngleSender: 1,0,0
05-27 07:59:24.534   581   581 D spi_rst_gpio_get_output: GPIO 145 value: 1
05-27 07:59:24.534   581   581 D spidev_ioctl: gpio status=1)
05-27 18:08:15.575   581   581 I SpiService: fgesysctrl_getGPIO_status success val=1
05-27 07:59:24.539   581   581 D spi_rst_gpio_get_output: GPIO 145 value: 1
05-27 07:59:24.539   581   581 D spidev_ioctl: gpio status=1)
05-27 18:08:15.578  1008 30857 D [OMXB]  : usingANWBuffer: handle:0xee742690, format:1, w:1920, h:1080
05-27 18:08:15.581   299 30844 D EvsDriver: forwardFrame
05-27 18:08:15.581   299 30841 D EvsDriver: forwardFrame
05-27 18:08:15.582   581   581 I SpiService: fgesysctrl_getGPIO_status success val=1
05-27 18:08:15.584   572   622 I Sensors : 230 GyroSensor: x:-0.011453,y:0.005192,z:0.002290
05-27 07:59:24.546   581   581 D spi_rst_gpio_get_output: GPIO 145 value: 1
05-27 18:08:15.585  1167  1184 D evsmanagerd: /dev/video4 forwarded the buffer #0 to 0xb4000074bf5f6850 from 0xb4000074bf5f41d0
05-27 18:08:15.585  1167  1479 D evsmanagerd: /dev/video6 forwarded the buffer #0 to 0xb4000074bf5f5510 from 0xb4000074bf5f6d90
05-27 18:08:15.585   299 30841 D EvsDriver: Delivered 0xb400007b7ca56a60 as id 0
05-27 18:08:15.585   299 30844 D EvsDriver: Delivered 0xb400007b7ca56900 as id 0
05-27 07:59:24.546   581   581 D spidev_ioctl: gpio status=1)
05-27 18:08:15.586   536   536 D commservice260303: msg.id = 1028,1
05-27 18:08:15.586   536   536 D commservice260303: i = 170, msgid = 8A000404
05-27 18:08:15.586   536   536 D commservice260303: msgid = -1979710460,did=138
05-27 18:08:15.586   536   536 D commservice260303: CommProtocolLibCmdBaseI2C::dataproc {"command":{"id":"imu_status","sub":""},"content":{"TimeStamp":8,"FrameCounter":192695,"GD_X":-0.010994902811944485,"GD_Y":0.004428025335073471,"GD_Z":0.0021378109231591225,"AD_X":-0.0035395771265029907,"AD_Y":0.005981280468404293,"AD_Z":-0.170074462890625,"TempDsp":0,"Status":0,"CalibState":1,"SigAmpInvalid":0}},-1979710460
05-27 18:08:15.586   536   536 D commservice260303: send2Cluster len:314, 7B22636F6D6D616E64223A7B226964223A22696D755F737461747573222C22737562223A22227D2C22636F6E74656E74223A7B2254696D655374616D70223A382C224672616D65436F756E746572223A3139323639352C2247445F58223A2D302E3031303939343930323831313934343438352C2247445F59223A302E3030343432383032353333353037333437312C2247445F5A223A302E303032313337383130393233313539313232352C2241445F58223A2D302E303033353339353737313236353032393930372C2241445F59223A302E3030353938313238303436383430343239332C2241445F5A223A2D302E3137303037343436323839303632352C2254656D70447370223A302C22537461747573223A302C2243616C69625374617465223A312C22536967416D70496E76616C6964223A307D7D, 138 
05-27 18:08:15.586   536   536 D commservice260303: Push Message into SendPool fn=-1054080256
05-27 18:08:15.586   536   536 D commservice260303: ComProtocolLibSend2Cluster::send2ClusterRaw fn=-1054080256 , len=330
05-27 18:08:15.586   536   536 D commservice260303: sendCmdToPort :330!!!
05-27 18:08:15.586   536   536 D commservice260303: send Cmd To Port ++++5AA501468A0100032CC16A16C28F7B22636F6D6D616E64223A7B226964223A22696D755F737461747573222C22737562223A22227D2C22636F6E74656E74223A7B2254696D655374616D70223A382C224672616D65436F756E746572223A3139323639352C2247445F58223A2D302E3031303939343930323831313934343438352C2247445F59223A302E3030343432383032353333353037333437312C2247445F5A223A302E303032313337383130393233313539313232352C2241445F58223A2D302E303033353339353737313236353032393930372C2241445F59223A302E3030353938313238303436383430343239332C2241445F5A223A2D302E3137303037343436323839303632352C2254656D70447370223A302C22537461747573223A302C2243616C69625374617465223A312C22536967416D70496E76616C6964223A307D7DA4A8
05-27 18:08:15.586   536   536 D commservice260303: bufferevent_write retrun value = 0
05-27 18:08:15.586   536   560 D commservice260303: client datas send succeed,send finish
05-27 18:08:15.587 13911 14192 D Sentinelmode_1.2.5.17_sentry: <SentryImuClusterFgeSender>imu_status sent to Linux, frame=192695, tsNs=8362816, tsMs=8, intervalMs=42, ad=(-0.0035395771,0.0059812805,-0.17007446), gd=(-0.010994903,0.0044280253,0.002137811)
05-27 18:08:15.588   581   581 I SpiService: fgesysctrl_getGPIO_status success val=1
05-27 18:08:15.589   299  1153 D EvsDriver: doneWithFrame
05-27 18:08:15.591   299  1153 D EvsDriver: doneWithFrame
05-27 18:08:15.593 13911 14183 I SentryImuMcuAngleSender: 179.96497rollDeg
05-27 18:08:15.593 13911 14183 I SentryImuMcuAngleSender: 1,0,0
05-27 18:08:15.594 30773 30785 I dvr_service_: [EncoderHandler::runMediaThread] runMediaThread started:1,state:1, cam2:started:1,state:1, lastSwitch:1, mIsMuxerStart:1,format:0,is_str_ing:0
05-27 18:08:15.595   581   581 I SpiService: fgesysctrl_getGPIO_status success val=0
05-27 07:59:24.553   581   581 D spi_rst_gpio_get_output: GPIO 145 value: 1
05-27 07:59:24.553   581   581 D spidev_ioctl: gpio status=1)
05-27 07:59:24.559   581   581 D spi_rst_gpio_get_output: GPIO 145 value: 0
05-27 07:59:24.559   581   581 D spidev_ioctl: gpio status=0)
05-27 18:08:15.595   283   307 I rvcservice: t.code = 0, t.value = 0
05-27 18:08:15.600  1008 30856 D [OMXB]  : usingANWBuffer: handle:0xee746aa0, format:1, w:1920, h:1080
05-27 18:08:15.602 30773 30789 I dvr_service_: Camera 0: MediaOK:66869547, frames:1550, isKeyFrame:0,pts:8362546092
05-27 18:08:15.610   581   581 I SpiService: fgesysctrl_getGPIO_status success val=1
05-27 07:59:24.574   581   581 D spi_rst_gpio_get_output: GPIO 145 value: 1
05-27 07:59:24.574   581   581 D spidev_ioctl: gpio status=1)
05-27 18:08:15.614 13911 14183 I SentryImuMcuAngleSender: 179.99298rollDeg
05-27 18:08:15.614 13911 14183 I SentryImuMcuAngleSender: 1,0,0
05-27 18:08:15.615  1008 30857 D [OMXB]  : usingANWBuffer: handle:0xee740bc0, format:1, w:1920, h:1080
05-27 18:08:15.615   581   581 I SpiService: fgesysctrl_getGPIO_status success val=1
05-27 07:59:24.580   581   581 D spi_rst_gpio_get_output: GPIO 145 value: 1
05-27 07:59:24.580   581   581 D spidev_ioctl: gpio status=1)
05-27 18:08:15.618   299 30841 D EvsDriver: forwardFrame
05-27 18:08:15.619   299 30844 D EvsDriver: forwardFrame
05-27 18:08:15.621   581   581 I SpiService: fgesysctrl_getGPIO_status success val=1
05-27 18:08:15.622   299 30841 D EvsDriver: Delivered 0xb400007b7ca56a60 as id 0
05-27 18:08:15.622  1167  1184 D evsmanagerd: /dev/video4 forwarded the buffer #0 to 0xb4000074bf5f6850 from 0xb4000074bf5f41d0
05-27 18:08:15.624  1167  1184 D evsmanagerd: /dev/video6 forwarded the buffer #0 to 0xb4000074bf5f5510 from 0xb4000074bf5f6d90
05-27 18:08:15.624   299 30844 D EvsDriver: Delivered 0xb400007b7ca56900 as id 0
05-27 07:59:24.586   581   581 D spi_rst_gpio_get_output: GPIO 145 value: 1
05-27 07:59:24.586   581   581 D spidev_ioctl: gpio status=1)
05-27 18:08:15.625   536   536 D commservice260303: msg.id = 1028,1
05-27 18:08:15.625   536   536 D commservice260303: i = 170, msgid = 8A000404
05-27 18:08:15.625   536   536 D commservice260303: msgid = -1979710460,did=138
05-27 18:08:15.625   536   536 D commservice260303: CommProtocolLibCmdBaseI2C::dataproc {"command":{"id":"imu_status","sub":""},"content":{"TimeStamp":8,"FrameCounter":192696,"GD_X":-0.011223767884075642,"GD_Y":0.005573912989348173,"GD_Z":0.002747945487499237,"AD_X":-0.0011176466941833496,"AD_Y":-0.004373849369585514,"AD_Z":-0.169464111328125,"TempDsp":0,"Status":0,"CalibState":1,"SigAmpInvalid":0}},-1979710460
05-27 18:08:15.625   536   536 D commservice260303: send2Cluster len:314, 7B22636F6D6D616E64223A7B226964223A22696D755F737461747573222C22737562223A22227D2C22636F6E74656E74223A7B2254696D655374616D70223A382C224672616D65436F756E746572223A3139323639362C2247445F58223A2D302E3031313232333736373838343037353634322C2247445F59223A302E3030353537333931323938393334383137332C2247445F5A223A302E3030323734373934353438373439393233372C2241445F58223A2D302E303031313137363436363934313833333439362C2241445F59223A2D302E3030343337333834393336393538353531342C2241445F5A223A2D302E3136393436343131313332383132352C2254656D70447370223A302C22537461747573223A302C2243616C69625374617465223A312C22536967416D70496E76616C6964223A307D7D, 138 
05-27 18:08:15.625   536   536 D commservice260303: Push Message into SendPool fn=-1037303040
05-27 18:08:15.625   536   536 D commservice260303: ComProtocolLibSend2Cluster::send2ClusterRaw fn=-1037303040 , len=330
05-27 18:08:15.625   536   536 D commservice260303: sendCmdToPort :330!!!
05-27 18:08:15.625   536   536 D commservice260303: send Cmd To Port ++++5AA501468A0100032CC26A16C28F7B22636F6D6D616E64223A7B226964223A22696D755F737461747573222C22737562223A22227D2C22636F6E74656E74223A7B2254696D655374616D70223A382C224672616D65436F756E746572223A3139323639362C2247445F58223A2D302E3031313232333736373838343037353634322C2247445F59223A302E3030353537333931323938393334383137332C2247445F5A223A302E3030323734373934353438373439393233372C2241445F58223A2D302E303031313137363436363934313833333439362C2241445F59223A2D302E3030343337333834393336393538353531342C2241445F5A223A2D302E3136393436343131313332383132352C2254656D70447370223A302C22537461747573223A302C2243616C69625374617465223A312C22536967416D70496E76616C6964223A307D7D5E5A
05-27 18:08:15.625   536   536 D commservice260303: bufferevent_write retrun value = 0
05-27 18:08:15.626   536   560 D commservice260303: client datas send succeed,send finish
05-27 18:08:15.626 13911 14192 D Sentinelmode_1.2.5.17_sentry: <SentryImuClusterFgeSender>imu_status sent to Linux, frame=192696, tsNs=8362871, tsMs=8, intervalMs=40, ad=(-0.0011176467,-0.0043738494,-0.16946411), gd=(-0.011223768,0.005573913,0.0027479455)
05-27 18:08:15.627   581   581 I SpiService: fgesysctrl_getGPIO_status success val=1
05-27 18:08:15.628   536   560 D commservice260303: recv len:77, 5AA500490600000030F46A16C28F7B22636F6D6D616E64223A7B226964223A226473695F6C7578222C22737562223A22227D2C22636F6E74656E74223A7B2276616C7565223A3230307D7DF0B7 from server
05-27 07:59:24.592   581   581 D spi_rst_gpio_get_output: GPIO 145 value: 1
05-27 07:59:24.592   581   581 D spidev_ioctl: gpio status=1)
05-27 18:08:15.629   536  2578 D commservice260303: mcuDataAnalyzeHandle templen:77,len:77,pos:0, 5AA500490600000030F46A16C28F7B22636F6D6D616E64223A7B226964223A226473695F6C7578222C22737562223A22227D2C22636F6E74656E74223A7B2276616C7565223A3230307D7DF0B7 
05-27 18:08:15.629   536  2578 I commservice260303: checksumCal = 61623
05-27 18:08:15.629   536  2578 D commservice260303: CommProtocolLibCmdBaseC2I::dataproc {"command":{"id":"dsi_lux","sub":""},"content":{"value":200}},6
05-27 18:08:15.629   536  2578 D commservice260303: mcuCommMessageManager::notifyMsgToClient hwbinder OK
05-27 18:08:15.629   299  1153 D EvsDriver: doneWithFrame
05-27 18:08:15.629   536  2578 D commservice260303: McuProtocolLibSend2Service::send2Service ret=1
05-27 18:08:15.630   299  1163 D EvsDriver: doneWithFrame
05-27 18:08:15.630 12246 12440 D ivicomm_CommManager: fgeComServiceCallback: {"command":{"id":"dsi_lux","sub":""},"content":{"value":200}}
05-27 18:08:15.631 12246 12440 D ivicomm_CallbackManager: registerCallback DSI_LUX: {"value":200} mCommStateCallbackMap size:4
05-27 18:08:15.631 11579 11619 D NSLogUtils_VehicleService: L2A comm state: id=dsi_lux, value=200
05-27 07:59:24.597   581   581 D spi_rst_gpio_get_output: GPIO 145 value: 1
05-27 07:59:24.597   581   581 D spidev_ioctl: gpio status=1)
05-27 18:08:15.633 11344  6594 D SystemUI_SystemSettingsControllerService: onCommState: commandID = dsi_lux; value = 200
05-27 18:08:15.633   581   581 I SpiService: fgesysctrl_getGPIO_status success val=1
05-27 18:08:15.634 13911 14183 I SentryImuMcuAngleSender: -179.99649rollDeg
05-27 18:08:15.634 13911 14183 I SentryImuMcuAngleSender: 1,0,0
05-27 18:08:15.638   581   581 I SpiService: fgesysctrl_getGPIO_status success val=0
05-27 18:08:15.640  1008 30856 D [OMXB]  : usingANWBuffer: handle:0xee743df0, format:1, w:1920, h:1080
05-27 07:59:24.603   581   581 D spi_rst_gpio_get_output: GPIO 145 value: 0
05-27 07:59:24.603   581   581 D spidev_ioctl: gpio status=0)
05-27 18:08:15.642   299 30844 D EvsDriver: forwardFrame
05-27 18:08:15.644   299 30841 D EvsDriver: forwardFrame
05-27 18:08:15.647   299 30841 D EvsDriver: Delivered 0xb400007b7ca56a60 as id 0
05-27 18:08:15.647  1167  1184 D evsmanagerd: /dev/video4 forwarded the buffer #0 to 0xb4000074bf5f6850 from 0xb4000074bf5f41d0
05-27 18:08:15.648 30773 30773 E dvr_service_: [myNum:0] Received S**** loss
05-27 18:08:15.648  1167  1479 D evsmanagerd: /dev/video6 forwarded the buffer #0 to 0xb4000074bf5f5510 from 0xb4000074bf5f6d90
05-27 18:08:15.648 30773 30781 E dvr_service_: [myNum:1] Received S**** loss
05-27 18:08:15.648   299  1153 D EvsDriver: doneWithFrame
05-27 18:08:15.648   299  1153 D EvsDriver: doneWithFrame
05-27 18:08:15.648   299 30844 D EvsDriver: Delivered 0xb400007b7ca56900 as id 0
05-27 18:08:15.653   581   581 I SpiService: fgesysctrl_getGPIO_status success val=1
05-27 18:08:15.654  1008 30857 D [OMXB]  : usingANWBuffer: handle:0xee742cc0, format:1, w:1920, h:1080
05-27 07:59:24.618   581   581 D spidev_ioctl: gpio status=1)
05-27 18:08:15.655 13911 14183 I SentryImuMcuAngleSender: 179.9895rollDeg
05-27 18:08:15.655 13911 14183 I SentryImuMcuAngleSender: 1,0,0
05-27 18:08:15.659   581   581 I SpiService: fgesysctrl_getGPIO_status success val=1
05-27 07:59:24.623   581   581 D spi_rst_gpio_get_output: GPIO 145 value: 1
05-27 07:59:24.624   581   581 D spidev_ioctl: gpio status=1)
05-27 18:08:15.661 30773 30786 I dvr_service_: CameraX 0  audioOK: 66974637,audios:1000
05-27 18:08:15.662 30773 30786 I dvr_service_: CameraX 1  audioOK: 66974637,audios:1000
05-27 18:08:15.664   581   581 I SpiService: fgesysctrl_getGPIO_status success val=1
05-27 07:59:24.629   581   581 D spi_rst_gpio_get_output: GPIO 145 value: 1
05-27 07:59:24.629   581   581 D spidev_ioctl: gpio status=1)
05-27 18:08:15.665   536   536 D commservice260303: msg.id = 1028,0
05-27 18:08:15.665   536   536 D commservice260303: i = 170, msgid = 8A000404
05-27 18:08:15.665   536   536 D commservice260303: msgid = -1979710460,did=138
05-27 18:08:15.665   536   536 D commservice260303: CommProtocolLibCmdBaseI2C::dataproc {"command":{"id":"imu_status","sub":""},"content":{"TimeStamp":8,"FrameCounter":192697,"GD_X":-0.010994902811944485,"GD_Y":0.0057257963344454765,"GD_Z":0.0020608289632946253,"AD_X":-0.0047737956047058105,"AD_Y":5.118169356137514E-4,"AD_Z":-0.1719036102294922,"TempDsp":0,"Status":0,"CalibState":1,"SigAmpInvalid":0}},-1979710460
