05-27 18:08:14.781 20223 20223 D ANWJNI_SECOND: (20223|0x5467E4F8)[BTAPP] XML : btsnoop
05-27 18:08:14.781 20223 20223 D ANWJNI_SECOND: 
05-27 18:08:14.781 20223 20223 D ANWJNI_SECOND: (20223|0x5467E4F8)[BTAPP] XML : btsnoop open
05-27 18:08:14.781 20223 20223 D ANWJNI_SECOND: 
05-27 18:08:14.781 20223 20223 D ANWJNI_SECOND: (20223|0x5467E4F8)[BTAPP] XML : file_path 
05-27 18:08:14.781 20223 20223 D ANWJNI_SECOND: 
05-27 18:08:14.781 20223 20223 D ANWJNI_SECOND: (20223|0x5467E4F8)[BTAPP] XML : file_path /data/misc/anw/ is exist,so break
05-27 18:08:14.781 20223 20223 D ANWJNI_SECOND: 
05-27 18:08:14.781 20223 20223 D ANW_AVRCP_SECOND: AnWBT_Set_Storage_Path path /data/misc/anw/
05-27 18:08:14.781  1008 30857 D [OMXB]  : usingANWBuffer: handle:0xee744b00, format:1, w:1920, h:1080
05-27 18:08:14.781 20223 20223 D ANWJNI_SECOND: (20223|0x5467E4F8)[BTAPP] XML : btsnoop_file_path 
05-27 18:08:14.781 20223 20223 D ANWJNI_SECOND: 
05-27 18:08:14.781 20223 20223 D ANWJNI_SECOND: (20223|0x5467E4F8)[BTAPP] XML : btsnoop_path /data/misc/anw/logs/ is exist,so break
05-27 18:08:14.781 20223 20223 D ANWJNI_SECOND: 
05-27 18:08:14.781 20223 20223 D ANWJNI_SECOND: (20223|0x5467E4F8)[BTAPP] XML : find btsnoop_file_size_MB setting
05-27 18:08:14.781 20223 20223 D ANWJNI_SECOND: 
05-27 18:08:14.781 20223 20223 D ANWJNI_SECOND: (20223|0x5467E4F8)[BTAPP] XML : find maxBtSnoopFileSize_MB(100)(100)
05-27 18:08:14.781 20223 20223 D ANWJNI_SECOND: 
05-27 18:08:14.781 20223 20223 D ANWJNI_SECOND: (20223|0x5467E4F8)[BTAPP] XML : find rfkillstate_path:/sys/class/gpio/gpio142/value
05-27 18:08:14.781 20223 20223 D ANWJNI_SECOND: 
05-27 18:08:14.781 20223 20223 D ANWAPI_SECOND: (20223|0x5467E4F8)[BTAPI] AnW_BT_SetRfkillStatePath
05-27 18:08:14.781 20223 20223 D ANWJNI_SECOND: (20223|0x5467E4F8)[BTAPP] get dump_pcm data fail
05-27 18:08:14.781 20223 20223 D ANWJNI_SECOND: 
05-27 18:08:14.781 20223 20223 D ANWJNI_SECOND: (20223|0x5467E4F8)[BTAPP] XML : accept_avrcp_ct_control
05-27 18:08:14.781 20223 20223 D ANWJNI_SECOND: 
05-27 18:08:14.782 20223 20223 D ANWJNI_SECOND: (20223|0x5467E4F8)[BTAPP] XML : accept_avrcp_ct_control close
05-27 18:08:14.782 20223 20223 D ANWJNI_SECOND: 
05-27 18:08:14.782 20223 20223 D ANWJNI_SECOND: (20223|0x5467E4F8)[BTAPP] XML : find maxHFPAGConnNum setting
05-27 18:08:14.782 20223 20223 D ANWJNI_SECOND: 
05-27 18:08:14.782 20223 20223 D ANWJNI_SECOND: (20223|0x5467E4F8)[BTAPP] XML : find maxHFPAGConnNum(2)(2)
05-27 18:08:14.782 20223 20223 D ANWJNI_SECOND: 
05-27 18:08:14.782 20223 20223 D ANWJNI_SECOND: (20223|0x5467E4F8)[BTAPP] XML : find maxHFPHFConnNum setting
05-27 18:08:14.782 20223 20223 D ANWJNI_SECOND: 
05-27 18:08:14.782 20223 20223 D ANWJNI_SECOND: (20223|0x5467E4F8)[BTAPP] XML : find maxHFPHFConnNum(0)(0)
05-27 18:08:14.782 20223 20223 D ANWJNI_SECOND: 
05-27 18:08:14.782 20223 20223 D ANWJNI_SECOND: (20223|0x5467E4F8)[BTAPP] XML : find maxPBAPConnNum setting
05-27 18:08:14.782 20223 20223 D ANWJNI_SECOND: 
05-27 18:08:14.782 20223 20223 D ANWJNI_SECOND: (20223|0x5467E4F8)[BTAPP] XML : find maxPBAPConnNum(0)(0)
05-27 18:08:14.782 20223 20223 D ANWJNI_SECOND: 
05-27 18:08:14.782 20223 20223 D ANWJNI_SECOND: (20223|0x5467E4F8)[BTAPP] XML : find maxMAPConnNum setting
05-27 18:08:14.782 20223 20223 D ANWJNI_SECOND: 
05-27 18:08:14.782 20223 20223 D ANWJNI_SECOND: (20223|0x5467E4F8)[BTAPP] XML : find maxMAPConnNum(0)(0)
05-27 18:08:14.782 20223 20223 D ANWJNI_SECOND: 
05-27 18:08:14.782 20223 20223 D ANWJNI_SECOND: (20223|0x5467E4F8)[BTAPP] XML : find maxA2DPSinkConnNum setting
05-27 18:08:14.782 20223 20223 D ANWJNI_SECOND: 
05-27 18:08:14.782 20223 20223 D ANWJNI_SECOND: (20223|0x5467E4F8)[BTAPP] XML : find maxA2DPSinkConnNum(0)(0)
05-27 18:08:14.782 20223 20223 D ANWJNI_SECOND: 
05-27 18:08:14.782 20223 20223 D ANWJNI_SECOND: (20223|0x5467E4F8)[BTAPP] XML : find maxA2DPSourceConnNum setting
05-27 18:08:14.782 20223 20223 D ANWJNI_SECOND: 
05-27 18:08:14.782 20223 20223 D ANWJNI_SECOND: (20223|0x5467E4F8)[BTAPP] XML : find maxA2DPSourceConnNum(2)(2)
05-27 18:08:14.782 20223 20223 D ANWJNI_SECOND: 
05-27 18:08:14.783   581   581 I SpiService: fgesysctrl_getGPIO_status success val=1
05-27 18:08:14.783 20223 20223 D ANWJNI_SECOND: (20223|0x5467E4F8)[BTAPP] XML : find maxAVRCPCTConnNum setting
05-27 18:08:14.783 20223 20223 D ANWJNI_SECOND: 
05-27 18:08:14.783 20223 20223 D ANWJNI_SECOND: (20223|0x5467E4F8)[BTAPP] XML : find (0)(0)
05-27 18:08:14.783 20223 20223 D ANWJNI_SECOND: 
05-27 07:59:23.747   581   581 D spi_rst_gpio_get_output: GPIO 145 value: 1
05-27 07:59:23.747   581   581 D spidev_ioctl: gpio status=1)
05-27 18:08:14.783   299  1163 D EvsDriver: doneWithFrame
05-27 18:08:14.783 20223 20223 D ANWJNI_SECOND: (20223|0x5467E4F8)[BTAPP] XML : find maxAVRCPTGConnNum setting
05-27 18:08:14.783 20223 20223 D ANWJNI_SECOND: 
05-27 18:08:14.783 20223 20223 D ANWJNI_SECOND: (20223|0x5467E4F8)[BTAPP] XML : find maxAVRCPTGConnNum(2)(2)
05-27 18:08:14.783 20223 20223 D ANWJNI_SECOND: 
05-27 18:08:14.783 20223 20223 D ANWJNI_SECOND: (20223|0x5467E4F8)[BTAPP] XML : find maxDeviceConnNum setting
05-27 18:08:14.783 20223 20223 D ANWJNI_SECOND: 
05-27 18:08:14.783 20223 20223 D ANWJNI_SECOND: (20223|0x5467E4F8)[BTAPP] XML : find maxDeviceConnNum(2)(2)
05-27 18:08:14.783 20223 20223 D ANWJNI_SECOND: 
05-27 18:08:14.783 20223 20223 D ANWJNI_SECOND: (20223|0x5467E4F8)[BTAPP] XML : find maxSCOConnNum setting
05-27 18:08:14.783 20223 20223 D ANWJNI_SECOND: 
05-27 18:08:14.783 20223 20223 D ANWJNI_SECOND: (20223|0x5467E4F8)[BTAPP] XML : find maxSCOConnNum(2)(2)
05-27 18:08:14.783 20223 20223 D ANWJNI_SECOND: 
05-27 18:08:14.783 20223 20223 D ANWJNI_SECOND: (20223|0x5467E4F8)[BTAPP] XML : find maxHFSCOConnNum setting
05-27 18:08:14.783 20223 20223 D ANWJNI_SECOND: 
05-27 18:08:14.783 20223 20223 D ANWJNI_SECOND: (20223|0x5467E4F8)[BTAPP] XML : find maxHFSCOConnNum(0)(0)
05-27 18:08:14.783 20223 20223 D ANWJNI_SECOND: 
05-27 18:08:14.783 20223 20223 D ANWJNI_SECOND: (20223|0x5467E4F8)[BTAPP] XML : find maxAGSCOConnNum setting
05-27 18:08:14.783 20223 20223 D ANWJNI_SECOND: 
05-27 18:08:14.783 20223 20223 D ANWJNI_SECOND: (20223|0x5467E4F8)[BTAPP] XML : find maxAGSCOConnNum(2)(2)
05-27 18:08:14.783 20223 20223 D ANWJNI_SECOND: 
05-27 18:08:14.783 20223 20223 D ANWJNI_SECOND: (20223|0x5467E4F8)[BTAPP] XML : find maxOppConnNum_data setting
05-27 18:08:14.783 20223 20223 D ANWJNI_SECOND: 
05-27 18:08:14.783 20223 20223 D ANWJNI_SECOND: (20223|0x5467E4F8)[BTAPP] XML : find maxOPPConnNum(0)(0)
05-27 18:08:14.783 20223 20223 D ANWJNI_SECOND: 
05-27 18:08:14.783 20223 20223 D ANWJNI_SECOND: (20223|0x5467E4F8)[BTAPP] XML : find maxHidHostConnNum_data setting
05-27 18:08:14.783 20223 20223 D ANWJNI_SECOND: 
05-27 18:08:14.783 20223 20223 D ANWJNI_SECOND: (20223|0x5467E4F8)[BTAPP] XML : find maxHidHostConnNum(0)(0)
05-27 18:08:14.783 20223 20223 D ANWJNI_SECOND: 
05-27 18:08:14.783 20223 20223 D ANWJNI_SECOND: (20223|0x5467E4F8)[BTAPP] XML : music_mode_auto_select
05-27 18:08:14.783 20223 20223 D ANWJNI_SECOND: 
05-27 18:08:14.783 20223 20223 D ANWJNI_SECOND: (20223|0x5467E4F8)[BTAPP] XML : music_mode_auto_select open
05-27 18:08:14.783 20223 20223 D ANWJNI_SECOND: 
05-27 18:08:14.784 20223 20223 D ANWJNI_SECOND: (20223|0x5467E4F8)[BTAPP] XML : BQB_test_setting
05-27 18:08:14.784 20223 20223 D ANWJNI_SECOND: 
05-27 18:08:14.784 20223 20223 D ANWJNI_SECOND: (20223|0x5467E4F8)[BTAPP] XML : BQB_test_setting close
05-27 18:08:14.784 20223 20223 D ANWJNI_SECOND: 
05-27 18:08:14.784 20223 20223 D ANWJNI_SECOND: (20223|0x5467E4F8)[BTAPP] XML : find aaudio_device_id setting
05-27 18:08:14.784 20223 20223 D ANWJNI_SECOND: 
05-27 18:08:14.784 20223 20223 D ANWJNI_SECOND: (20223|0x5467E4F8)[BTAPP] XML : find aaudio_device_id(16)(16)
05-27 18:08:14.784 20223 20223 D ANWJNI_SECOND: 
05-27 18:08:14.784 20223 20223 D ANWJNI_SECOND: (20223|0x5467E4F8)[BTAPP] XML : local_device_name_data 
05-27 18:08:14.784 20223 20223 D ANWJNI_SECOND: 
05-27 18:08:14.784 20223 20223 D ANWAPI_SECOND: (20223|0x5467E4F8)[BTAPI] AnWBT_Set_Local_Device_Before_Init LJ_FUJIA
05-27 18:08:14.784 20223 20223 D ANWJNI_SECOND: (20223|0x5467E4F8)[BTAPP] get a2dp_sink_pcm data fail
05-27 18:08:14.784 20223 20223 D ANWJNI_SECOND: 
05-27 18:08:14.784 20223 20223 D ANWJNI_SECOND: (20223|0x5467E4F8)[BTAPP] XML : master_device_file_path 
05-27 18:08:14.784 20223 20223 D ANWJNI_SECOND: 
05-27 18:08:14.784 20223 20223 D ANWJNI_SECOND: (20223|0x5467E4F8)[BTAPP] XML : master_device_file_path /anw/target_device_info is not exist
05-27 18:08:14.784 20223 20223 D ANWJNI_SECOND: 
05-27 18:08:14.784 20223 20223 D ANWJNI_SECOND: (20223|0x5467E4F8)[BTAPP] XML : read_rssi_switch
05-27 18:08:14.784 20223 20223 D ANWJNI_SECOND: 
05-27 18:08:14.784 20223 20223 D ANWJNI_SECOND: (20223|0x5467E4F8)[BTAPP] XML : read_rssi_switch close
05-27 18:08:14.784 20223 20223 D ANWJNI_SECOND: 
05-27 18:08:14.784 20223 20223 D ANWJNI_SECOND: (20223|0x5467E4F8)[BTAPP] XML : pbapClient_autoConnectAndDownload
05-27 18:08:14.784 20223 20223 D ANWJNI_SECOND: 
05-27 18:08:14.784 20223 20223 D ANWJNI_SECOND: (20223|0x5467E4F8)[BTAPP] XML : PBAP Client auto connect an download close
05-27 18:08:14.784 20223 20223 D ANWJNI_SECOND: 
05-27 18:08:14.784 20223 20223 D ANWJNI_SECOND: (20223|0x5467E4F8)[BTAPP] get callDisconnect_AutoDownloadCalllog data fail
05-27 18:08:14.784 20223 20223 D ANWJNI_SECOND: 
05-27 18:08:14.784 20223 20223 D ANWJNI_SECOND: (20223|0x5467E4F8)[BTAPP] XML : UART_path 
05-27 18:08:14.784 20223 20223 D ANWJNI_SECOND: 
05-27 18:08:14.784 20223 20223 D ANWJNI_SECOND: (20223|0x5467E4F8)[BTAPP] XML : UART_path:[/dev/ttyS3]
05-27 18:08:14.784 20223 20223 D ANWJNI_SECOND: 
05-27 18:08:14.785 20223 20223 D ANWJNI_SECOND: (20223|0x5467E4F8)[BTAPP] get BTADDR_path data fail
05-27 18:08:14.785 20223 20223 D ANWJNI_SECOND: 
05-27 18:08:14.785 20223 20223 D ANWJNI_SECOND: (20223|0x5467E4F8)[BTAPP] XML : BTADDR path not find
05-27 18:08:14.785 20223 20223 D ANWJNI_SECOND: 
05-27 18:08:14.785 20223 20223 D ANWJNI_SECOND: (20223|0x5467E4F8)[BTAPP] XML : find UART_baudRate_init(115200)
05-27 18:08:14.785 20223 20223 D ANWJNI_SECOND: 
05-27 18:08:14.785 20223 20223 D ANWJNI_SECOND: (20223|0x5467E4F8)[BTAPP] XML : find UART_baudRate_normal(3000000)
05-27 18:08:14.785 20223 20223 D ANWJNI_SECOND: 
05-27 18:08:14.785 20223 20223 D ANWJNI_SECOND: (20223|0x5467E4F8)[BTAPP] XML : AVRCP_ABSOLUTE_VOLUME
05-27 18:08:14.785 20223 20223 D ANWJNI_SECOND: 
05-27 18:08:14.785 20223 20223 D ANWJNI_SECOND: (20223|0x5467E4F8)[BTAPP] XML : avrcp absolute volume change open
05-27 18:08:14.785 20223 20223 D ANWJNI_SECOND: 
05-27 18:08:14.785 20223 20223 D ANWAPI_SECOND: (20223|0x5467E4F8)[BTAPI] AnWBT_Set_Avrcp_Absoulte_Volume_Change[1]
05-27 18:08:14.785 20223 20223 D ANWJNI_SECOND: (20223|0x5467E4F8)[BTAPP] get generate_random_address data fail
05-27 18:08:14.785 20223 20223 D ANWJNI_SECOND: 
05-27 18:08:14.785 20223 20223 D ANWJNI_SECOND: (20223|0x5467E4F8)[BTAPP] get reject_a2dp_avrcp data fail
05-27 18:08:14.785 20223 20223 D ANWJNI_SECOND: 
05-27 18:08:14.785 20223 20223 D ANWJNI_SECOND: (20223|0x5467E4F8)[BTAPP] XML : find connect_by_sdp_limit setting
05-27 18:08:14.785 20223 20223 D ANWJNI_SECOND: 
05-27 18:08:14.785 20223 20223 D ANWJNI_SECOND: (20223|0x5467E4F8)[BTAPP] connect_by_sdp_limit set(close)
05-27 18:08:14.785 20223 20223 D ANWJNI_SECOND: 
05-27 18:08:14.785 20223 20223 D ANWJNI_SECOND: (20223|0x5467E4F8)[BTAPP] XML : find hfpag_auto_select_main_device setting
05-27 18:08:14.785 20223 20223 D ANWJNI_SECOND: 
05-27 18:08:14.785 20223 20223 D ANWJNI_SECOND: (20223|0x5467E4F8)[BTAPP] hfpag_auto_select_main_device set(open)
05-27 18:08:14.785 20223 20223 D ANWJNI_SECOND: 
05-27 18:08:14.785 20223 20223 D ANWJNI_SECOND: (20223|0x5467E4F8)[BTAPP] XML : find waveout_file_size_MB setting
05-27 18:08:14.785 20223 20223 D ANWJNI_SECOND: 
05-27 18:08:14.786 20223 20223 D ANWJNI_SECOND: (20223|0x5467E4F8)[BTAPP] XML : find waveout_file_size_MB_data(50)
05-27 18:08:14.786 20223 20223 D ANWJNI_SECOND: 
05-27 18:08:14.786 20223 20223 D ANWJNI_SECOND: (20223|0x5467E4F8)[BTAPP] free source_data
05-27 18:08:14.786 20223 20223 D ANWJNI_SECOND: 
05-27 18:08:14.786 20223 20223 D ANWJNI_SECOND: (20223|0x5467E4F8)[BTAPP] Read XMLfile End
05-27 18:08:14.786 20223 20223 D ANWJNI_SECOND: 
05-27 18:08:14.786 20223 20223 D ANWJNI_SECOND: (20223|0x5467E4F8)[BTAPP] run Read (/system/etc/bluetooth/anw_AA_CP_setting.cfg) Start
05-27 18:08:14.786 20223 20223 D ANWJNI_SECOND: 
05-27 18:08:14.786 20223 20223 D ANWJNI_SECOND: (20223|0x5467E4F8)[BTAPP] open BT config file (/system/etc/bluetooth/anw_AA_CP_setting.cfg) failed.
05-27 18:08:14.786 20223 20223 D ANWJNI_SECOND: 
05-27 18:08:14.786 20223 20223 D ANWJNI_SECOND: (20223|0x5467E4F8)[BTAPP] run Read (/data/misc/anw//btmonitor_lastrecord) Start
05-27 18:08:14.786 20223 20223 D ANWJNI_SECOND: 
05-27 18:08:14.787 20223 20223 D ANWJNI_SECOND: (20223|0x5467E4F8)[BTAPP] open BT last record file (/data/misc/anw//btmonitor_lastrecord) success.
05-27 18:08:14.787 20223 20223 D ANWJNI_SECOND: 
05-27 18:08:14.787 20223 20223 D ANWJNI_SECOND: (20223|0x5467E4F8)[BTAPP] read last_connected_device last_scan_mode::3
05-27 18:08:14.787 20223 20223 D ANWJNI_SECOND: 
05-27 18:08:14.787 20223 20223 D ANWJNI_SECOND: 
05-27 18:08:14.787 20223 20223 D ANWJNI_SECOND: (20223|0x5467E4F8)[BTAPP] read last_scan_mode
05-27 18:08:14.787 20223 20223 D ANWJNI_SECOND: 
05-27 18:08:14.787 20223 20223 D ANWJNI_SECOND: (20223|0x5467E4F8)[BTAPP] last_scan_mode find,value is 3
05-27 18:08:14.787 20223 20223 D ANWJNI_SECOND: 
05-27 18:08:14.787 20223 20223 D ANWJNI_SECOND: (20223|0x5467E4F8)[BTAPP] read last_poweron_state
05-27 18:08:14.787 20223 20223 D ANWJNI_SECOND: 
05-27 18:08:14.787 20223 20223 I ANWJNI_SECOND: --- JNI_OnLoad
05-27 18:08:14.788   581   581 I SpiService: fgesysctrl_getGPIO_status success val=1
05-27 18:08:14.791   299 30841 D EvsDriver: forwardFrame
05-27 18:08:14.793 13911 14183 I SentryImuMcuAngleSender: 179.98598rollDeg
05-27 18:08:14.793 13911 14183 I SentryImuMcuAngleSender: 1,0,0
05-27 18:08:14.793   299 30841 D EvsDriver: Delivered 0xb400007b7ca56a60 as id 0
05-27 18:08:14.793  1167  1479 D evsmanagerd: /dev/video4 forwarded the buffer #0 to 0xb4000074bf5f6850 from 0xb4000074bf5f41d0
05-27 18:08:14.793   283   307 I rvcservice: t.code = 3, t.value = 0
05-27 18:08:14.794   581   581 I SpiService: fgesysctrl_getGPIO_status success val=1
05-27 07:59:23.753   581   581 D spi_rst_gpio_get_output: GPIO 145 value: 1
05-27 07:59:23.753   581   581 D spidev_ioctl: gpio status=1)
05-27 07:59:23.758   581   581 D spi_rst_gpio_get_output: GPIO 145 value: 1
05-27 07:59:23.758   581   581 D spidev_ioctl: gpio status=1)
05-27 18:08:14.798   299  1163 D EvsDriver: doneWithFrame
05-27 18:08:14.800   581   581 I SpiService: fgesysctrl_getGPIO_status success val=1
05-27 18:08:14.800   572   622 I Sensors : 230 GyroSensor: x:-0.011682,y:0.004810,z:0.001832
05-27 07:59:23.764   581   581 D spi_rst_gpio_get_output: GPIO 145 value: 1
05-27 07:59:23.764   581   581 D spidev_ioctl: gpio status=1)
05-27 18:08:14.801 20223 20223 D AnwSdkService: onCreate
05-27 18:08:14.801 20223 20223 D AnwSdkService: run createMessageHandleThread
05-27 18:08:14.802 20223 20223 D AnwSdkService: run createAudioFocusListenerMessageHandleThread
05-27 18:08:14.803 20223 20223 I AnwSdkService: mhcilog1:
05-27 18:08:14.803 20223 20223 I AnwSdkService: mhcilog4:
05-27 18:08:14.804  1008 30856 D [OMXB]  : usingANWBuffer: handle:0xee7421c0, format:1, w:1920, h:1080
05-27 18:08:14.805   581   581 I SpiService: fgesysctrl_getGPIO_status success val=0
05-27 07:59:23.770   581   581 D spi_rst_gpio_get_output: GPIO 145 value: 0
05-27 07:59:23.770   581   581 D spidev_ioctl: gpio status=0)
05-27 18:08:14.812 20223 20223 I ANWJNI_SECOND: +++ InitialCallback=====
05-27 18:08:14.813 20223 20223 I ANWJNI_SECOND: --- InitialCallback(77)(78)
05-27 18:08:14.813 20223 20223 I ANWJNI_SECOND: --- InitialCallback(79)(80)
05-27 18:08:14.813 20223 20223 I ANWJNI_SECOND: --- InitialCallback:0
05-27 18:08:14.814 20223 20223 D AnwSdkService: onCreate:0,78,80
05-27 18:08:14.814 20223 20223 D AnwSdkService: pbap_socket_fd1 = 78
05-27 18:08:14.814 20223 20223 D AnwSdkService: run createPbapContactMessageHandleThread
05-27 18:08:14.814 13911 14183 I SentryImuMcuAngleSender: 179.97195rollDeg
05-27 18:08:14.814 13911 14183 I SentryImuMcuAngleSender: 1,0,0
05-27 18:08:14.815 20223 20223 D AnwSdkService: run createPbapParsedDataUpdateMessageHandleThread
05-27 18:08:14.816   299 30844 D EvsDriver: forwardFrame
05-27 18:08:14.816   299 30841 D EvsDriver: forwardFrame
05-27 18:08:14.817   536   536 D commservice260303: msg.id = 1028,1
05-27 18:08:14.817   536   536 D commservice260303: i = 170, msgid = 8A000404
05-27 18:08:14.817   536   536 D commservice260303: msgid = -1979710460,did=138
05-27 18:08:14.817   536   536 D commservice260303: CommProtocolLibCmdBaseI2C::dataproc {"command":{"id":"imu_status","sub":""},"content":{"TimeStamp":8,"FrameCounter":192676,"GD_X":-0.011682018637657166,"GD_Y":0.004809814505279064,"GD_Z":0.0018319635419175029,"AD_X":-0.01019318401813507,"AD_Y":0.0012333199847489595,"AD_Z":-0.16214370727539062,"TempDsp":0,"Status":0,"CalibState":1,"SigAmpInvalid":0}},-1979710460
05-27 18:08:14.817   536   536 D commservice260303: send2Cluster len:315, 7B22636F6D6D616E64223A7B226964223A22696D755F737461747573222C22737562223A22227D2C22636F6E74656E74223A7B2254696D655374616D70223A382C224672616D65436F756E746572223A3139323637362C2247445F58223A2D302E3031313638323031383633373635373136362C2247445F59223A302E3030343830393831343530353237393036342C2247445F5A223A302E303031383331393633353431393137353032392C2241445F58223A2D302E30313031393331383430313831333530372C2241445F59223A302E303031323333333139393834373438393539352C2241445F5A223A2D302E31363231343337303732373533393036322C2254656D70447370223A302C22537461747573223A302C2243616C69625374617465223A312C22536967416D70496E76616C6964223A307D7D, 138 
05-27 18:08:14.817   536   536 D commservice260303: Push Message into SendPool fn=-1389624576
05-27 18:08:14.817   536   536 D commservice260303: ComProtocolLibSend2Cluster::send2ClusterRaw fn=-1389624576 , len=331
05-27 18:08:14.817   536   536 D commservice260303: sendCmdToPort :331!!!
05-27 18:08:14.818   536   536 D commservice260303: send Cmd To Port ++++5AA501478A0100032CAD6A16C28E7B22636F6D6D616E64223A7B226964223A22696D755F737461747573222C22737562223A22227D2C22636F6E74656E74223A7B2254696D655374616D70223A382C224672616D65436F756E746572223A3139323637362C2247445F58223A2D302E3031313638323031383633373635373136362C2247445F59223A302E3030343830393831343530353237393036342C2247445F5A223A302E303031383331393633353431393137353032392C2241445F58223A2D302E30313031393331383430313831333530372C2241445F59223A302E303031323333333139393834373438393539352C2241445F5A223A2D302E31363231343337303732373533393036322C2254656D70447370223A302C22537461747573223A302C2243616C69625374617465223A312C22536967416D70496E76616C6964223A307D7D77BC
05-27 18:08:14.818   536   536 D commservice260303: bufferevent_write retrun value = 0
05-27 18:08:14.818   536   560 D commservice260303: client datas send succeed,send finish
05-27 18:08:14.818 13911 14192 D Sentinelmode_1.2.5.17_sentry: <SentryImuClusterFgeSender>imu_status sent to Linux, frame=192676, tsNs=8362051, tsMs=8, intervalMs=41, ad=(-0.010193184,0.00123332,-0.1621437), gd=(-0.011682019,0.0048098145,0.0018319635)
05-27 18:08:14.818   299 30844 D EvsDriver: Delivered 0xb400007b7ca56900 as id 0
05-27 18:08:14.819  1167  1479 D evsmanagerd: /dev/video6 forwarded the buffer #0 to 0xb4000074bf5f5510 from 0xb4000074bf5f6d90
05-27 18:08:14.819   299 30841 D EvsDriver: Delivered 0xb400007b7ca56a60 as id 0
05-27 18:08:14.819 30773 30781 E dvr_service_: [myNum:1] Received S**** loss
05-27 18:08:14.819  1167  1479 D evsmanagerd: /dev/video4 forwarded the buffer #0 to 0xb4000074bf5f6850 from 0xb4000074bf5f41d0
05-27 18:08:14.819   299  1163 D EvsDriver: doneWithFrame
05-27 18:08:14.819 30773 30781 E dvr_service_: [myNum:0] Received S**** loss
05-27 18:08:14.820   299  1163 D EvsDriver: doneWithFrame
05-27 18:08:14.820   581   581 I SpiService: fgesysctrl_getGPIO_status success val=1
05-27 18:08:14.823  1008 30857 D [OMXB]  : usingANWBuffer: handle:0xee746310, format:1, w:1920, h:1080
05-27 18:08:14.823 20223 20223 W ContextImpl: Calling a method in the system process without a qualified user: android.app.ContextImpl.startService:1863 android.content.ContextWrapper.startService:817 com.anwsdk.service.anwbtservice.onCreate:7516 android.app.ActivityThread.handleCreateService:4616 android.app.ActivityThread.-$$Nest$mhandleCreateService:0 
05-27 07:59:23.785   581   581 D spi_rst_gpio_get_output: GPIO 145 value: 1
05-27 07:59:23.785   581   581 D spidev_ioctl: gpio status=1)
05-27 18:08:14.826 10188 10922 W ActivityManager: Unable to start service Intent { cmp=com.anwsdk.service/.HfpClientConnectionService } U=0: not found with resolvedType = null, flags = 268436480, userId = 0, callingUid = 1000
05-27 07:59:23.791   581   581 D spi_rst_gpio_get_output: GPIO 145 value: 1
05-27 07:59:23.791   581   581 D spidev_ioctl: gpio status=1)
05-27 18:08:14.826   581   581 I SpiService: fgesysctrl_getGPIO_status success val=1
05-27 18:08:14.827 20223 20223 D AnwSdkService: 20210721 checking self APK rom size
05-27 18:08:14.832   581   581 I SpiService: fgesysctrl_getGPIO_status success val=1
05-27 07:59:23.797   581   581 D spi_rst_gpio_get_output: GPIO 145 value: 1
05-27 07:59:23.797   581   581 D spidev_ioctl: gpio status=1)
05-27 18:08:14.834 13911 14183 I SentryImuMcuAngleSender: 179.9544rollDeg
05-27 18:08:14.834 13911 14183 I SentryImuMcuAngleSender: 1,0,0
05-27 18:08:14.837   581   581 I SpiService: fgesysctrl_getGPIO_status success val=1
05-27 07:59:23.802   581   581 D spi_rst_gpio_get_output: GPIO 145 value: 1
05-27 07:59:23.802   581   581 D spidev_ioctl: gpio status=1)
05-27 07:59:23.808   581   581 D spi_rst_gpio_get_output: GPIO 145 value: 0
05-27 07:59:23.808   581   581 D spidev_ioctl: gpio status=0)
05-27 18:08:14.843   299 30841 D EvsDriver: forwardFrame
05-27 18:08:14.843  1008 30856 D [OMXB]  : usingANWBuffer: handle:0xee743df0, format:1, w:1920, h:1080
05-27 18:08:14.843   299 30844 D EvsDriver: forwardFrame
05-27 18:08:14.844   581   581 I SpiService: fgesysctrl_getGPIO_status success val=0
05-27 18:08:14.846   299 30841 D EvsDriver: Delivered 0xb400007b7ca56a60 as id 0
05-27 18:08:14.846  1167  1479 D evsmanagerd: /dev/video4 forwarded the buffer #0 to 0xb4000074bf5f6850 from 0xb4000074bf5f41d0
05-27 18:08:14.849  1167  1184 D evsmanagerd: /dev/video6 forwarded the buffer #0 to 0xb4000074bf5f5510 from 0xb4000074bf5f6d90
05-27 18:08:14.849   299  1163 D EvsDriver: doneWithFrame
05-27 18:08:14.850   299 30844 D EvsDriver: Delivered 0xb400007b7ca56900 as id 0
05-27 18:08:14.854 13911 14183 I SentryImuMcuAngleSender: 179.96497rollDeg
05-27 18:08:14.855 13911 14183 I SentryImuMcuAngleSender: 1,0,0
05-27 18:08:14.856   299  1163 D EvsDriver: doneWithFrame
05-27 18:08:14.857 20223 20223 D AnwSdkService: apk rom size:40.90M
05-27 18:08:14.857   536   536 D commservice260303: msg.id = 1028,0
05-27 18:08:14.857   536   536 D commservice260303: i = 170, msgid = 8A000404
05-27 18:08:14.857   536   536 D commservice260303: msgid = -1979710460,did=138
05-27 18:08:14.857   536   536 D commservice260303: CommProtocolLibCmdBaseI2C::dataproc {"command":{"id":"imu_status","sub":""},"content":{"TimeStamp":8,"FrameCounter":192677,"GD_X":-0.011147825978696346,"GD_Y":0.00519212381914258,"GD_Z":0.0019848872907459736,"AD_X":-0.004068329930305481,"AD_Y":0.002416783245280385,"AD_Z":-0.1719036102294922,"TempDsp":0,"Status":0,"CalibState":1,"SigAmpInvalid":0}},-1979710460
05-27 18:08:14.857   536   536 D commservice260303: send2Cluster len:313, 7B22636F6D6D616E64223A7B226964223A22696D755F737461747573222C22737562223A22227D2C22636F6E74656E74223A7B2254696D655374616D70223A382C224672616D65436F756E746572223A3139323637372C2247445F58223A2D302E3031313134373832353937383639363334362C2247445F59223A302E30303531393231323338313931343235382C2247445F5A223A302E303031393834383837323930373435393733362C2241445F58223A2D302E3030343036383332393933303330353438312C2241445F59223A302E3030323431363738333234353238303338352C2241445F5A223A2D302E313731393033363130323239343932322C2254656D70447370223A302C22537461747573223A302C2243616C69625374617465223A312C22536967416D70496E76616C6964223A307D7D, 138 
05-27 18:08:14.857   536   536 D commservice260303: Push Message into SendPool fn=-1372847360
05-27 18:08:14.857   536   536 D commservice260303: ComProtocolLibSend2Cluster::send2ClusterRaw fn=-1372847360 , len=329
05-27 18:08:14.857   536   536 D commservice260303: sendCmdToPort :329!!!
05-27 18:08:14.857   536   536 D commservice260303: send Cmd To Port ++++5AA501458A0100032CAE6A16C28E7B22636F6D6D616E64223A7B226964223A22696D755F737461747573222C22737562223A22227D2C22636F6E74656E74223A7B2254696D655374616D70223A382C224672616D65436F756E746572223A3139323637372C2247445F58223A2D302E3031313134373832353937383639363334362C2247445F59223A302E30303531393231323338313931343235382C2247445F5A223A302E303031393834383837323930373435393733362C2241445F58223A2D302E3030343036383332393933303330353438312C2241445F59223A302E3030323431363738333234353238303338352C2241445F5A223A2D302E313731393033363130323239343932322C2254656D70447370223A302C22537461747573223A302C2243616C69625374617465223A312C22536967416D70496E76616C6964223A307D7D294F
05-27 18:08:14.857   536   536 D commservice260303: bufferevent_write retrun value = 0
05-27 18:08:14.857   536   560 D commservice260303: client datas send succeed,send finish
05-27 18:08:14.857 13911 14192 D Sentinelmode_1.2.5.17_sentry: <SentryImuClusterFgeSender>imu_status sent to Linux, frame=192677, tsNs=8362103, tsMs=8, intervalMs=39, ad=(-0.00406833,0.0024167832,-0.17190361), gd=(-0.011147826,0.005192124,0.0019848873)
05-27 18:08:14.859 20223 20223 D AnwSdkService: [android.permission.READ_EXTERNAL_STORAGE] permision is GRANTED
05-27 18:08:14.859 15863 16069 D AIN-HttpHealthPolicy: response: 200, cost=157
05-27 18:08:14.859 15863 16068 D AIN-PingWorker: updateHost: result=true,host=www.bilibili.com,delay=157
05-27 18:08:14.859 15863 16068 D AIN-NetCheckerOutputer: onHealthy
05-27 18:08:14.859 15863 16068 D AIN-ServiceHub: getService with: name = service_tracker
05-27 07:59:23.824   581   581 D spi_rst_gpio_get_output: GPIO 145 value: 1
05-27 07:59:23.824   581   581 D spidev_ioctl: gpio status=1)
05-27 18:08:14.859 20223 20223 D AnwSdkService: [android.permission.WRITE_EXTERNAL_STORAGE] permision is GRANTED
05-27 18:08:14.859   581   581 I SpiService: fgesysctrl_getGPIO_status success val=1
05-27 18:08:14.860  1008 30857 D [OMXB]  : usingANWBuffer: handle:0xee742480, format:1, w:1920, h:1080
05-27 18:08:14.865   581   581 I SpiService: fgesysctrl_getGPIO_status success val=1
05-27 18:08:14.867 20223 20223 D AnwSdkService: onCreate end
05-27 18:08:14.868 20223 20223 D AnwSdkService: onBind
05-27 07:59:23.830   581   581 D spi_rst_gpio_get_output: GPIO 145 value: 1
05-27 07:59:23.830   581   581 D spidev_ioctl: gpio status=1)
05-27 07:59:23.835   581   581 D spi_rst_gpio_get_output: GPIO 145 value: 1
05-27 07:59:23.835   581   581 D spidev_ioctl: gpio status=1)
05-27 18:08:14.870   581   581 I SpiService: fgesysctrl_getGPIO_status success val=1
05-27 18:08:14.874 13435 13435 D BtManager: onServiceConnected
05-27 18:08:14.874 13911 14183 I SentryImuMcuAngleSender: 179.9825rollDeg
05-27 18:08:14.874 13911 14183 I SentryImuMcuAngleSender: 1,0,0
05-27 18:08:14.875 20223 20238 D AnwSdkService: GetPowerStatus = POWER_OFF
05-27 18:08:14.875 20223 20238 D AnwSdkService: ANWBT_GetBTPowerStatus() POWER_OFF
05-27 18:08:14.875 20223 20238 D AnwSdkService: GetPowerStatus = POWER_OFF
05-27 18:08:14.875 13435 13435 D BtManager: ANWBT_BTPowerOn
05-27 18:08:14.875 13435 13435 D BtManager: ANWBT_GetBTPowerStatus
05-27 18:08:14.876   581   581 I SpiService: fgesysctrl_getGPIO_status success val=1
05-27 18:08:14.876 20223 20238 D AnwSdkService: GetPowerStatus = POWER_OFF
05-27 07:59:23.841   581   581 D spi_rst_gpio_get_output: GPIO 145 value: 1
05-27 07:59:23.841   581   581 D spidev_ioctl: gpio status=1)
05-27 18:08:14.876 20223 20238 D AnwSdkService: ANWBT_GetBTPowerStatus() POWER_OFF
05-27 18:08:14.876 20223 20238 D AnwSdkService: GetPowerStatus = POWER_OFF
05-27 18:08:14.877 20223 20238 D AnwSdkService: anw-update,bt_java_data:20260516
05-27 18:08:14.877 20223 20238 D AnwSdkService: ANWBT_BTPowerOn()
05-27 18:08:14.878 20223 20238 D AnwSdkService: GetPowerStatus = POWER_OFF
05-27 18:08:14.878 20223 20238 D AnwSdkService: SetPowerStatus = POWER_ONING
05-27 18:08:14.879 20223 20249 I ANWJNI_SECOND: anw-update,bt_jni_data: 20260516
05-27 18:08:14.880 20223 20249 D ANWAPI_SECOND: (20223|0x2954ECB0)[BTAPI] SDK >>>>AnWBT_Snoop_Open
05-27 18:08:14.880 20223 20249 D ANWJNI_SECOND: (20223|0x2954ECB0)[BTAPP] PowOn_Thread
05-27 18:08:14.880 20223 20249 D ANWJNI_SECOND: 
05-27 18:08:14.880 20223 20250 D ANWJNI_SECOND: (20223|0x29444CB0)[BTAPP] BTPowerOn!!
05-27 18:08:14.880 20223 20250 D ANWJNI_SECOND: (20223|0x29444CB0)[BTAPP] in thread_power_on_func,getpid()=20223, priority = 10
05-27 18:08:14.880 20223 20250 D ANWJNI_SECOND: 
05-27 18:08:14.880 20223 20250 D ANWJNI_SECOND: (20223|0x29444CB0)[BTAPP] doPowerOn_Timeout_Thread_Create
05-27 18:08:14.880 20223 20250 D ANWJNI_SECOND: 
05-27 18:08:14.880 13435 13435 I BtManager: ANWBT_BTPowerOn result = 0
05-27 18:08:14.881 13435 13435 D BtManager: ret = 2
05-27 18:08:14.881 20223 20250 D ANWJNI_SECOND: (20223|0x29444CB0)[BTAPP] AnWBT_SetInitialValue(hfphf:0)(hfpag:2)(pbap:0)(map:0)(a2dpsink:0)(a2dpsource:2)(avrcpct:0)(avrcttg:2)
05-27 18:08:14.881 20223 20250 D ANWJNI_SECOND: 
05-27 18:08:14.881 20223 20250 D ANWAPI_SECOND: (20223|0x29444CB0)[BTAPI] SDK >>>>AnWBT_SetInitialValue devclass: 0x3c020c
05-27 18:08:14.881 20223 20250 D ANWAPI_SECOND: (20223|0x29444CB0)[BTAPI] AnWBT_SetInitialValue avrcp_tg_attribute=6
05-27 18:08:14.881 20223 20250 D ANWAPI_SECOND: (20223|0x29444CB0)[BTAPI] SDK <<<<AnWBT_SetInitialValue 0x0
05-27 18:08:14.881 20223 20250 D ANWAPI_SECOND: (20223|0x29444CB0)[BTAPI] SDK >>>>AnWBT_HFP_Enable_WBS 1
05-27 18:08:14.881 20223 20250 D ANWAPI_SECOND: (20223|0x29444CB0)[BTAPI] SDK <<<<AnWBT_HFP_Enable_WBS 0
05-27 18:08:14.881   581   581 I SpiService: fgesysctrl_getGPIO_status success val=1
05-27 18:08:14.881 20223 20250 D ANW_WAVEOUT_SECOND: (20223|0x29444CB0)[WAVEOUT] init Audio PCM Thread Mute(800)(101)
05-27 18:08:14.881 20223 20250 D ANW_WAVEOUT_SECOND: 
05-27 18:08:14.882 20223 20250 D ANWAPI_SECOND: (20223|0x29444CB0)[BTAPI] anw-update,bt_sdk_data:20260516-not_supportLea
05-27 18:08:14.882 20223 20250 D ANWAPI_SECOND: (20223|0x29444CB0)[BTAPI] SDK >>>>AnWBT_Init
05-27 18:08:14.882 20223 20250 D ANWAPI_SECOND: (20223|0x29444CB0)[BTAPI] AnWBTSDK_Version=0x0300002a
05-27 18:08:14.882 20223 20251 D ANWJNI_SECOND: (20223|0x29346CB0)[BTAPP] doPowerOn_Timeout_Thread
05-27 18:08:14.882 20223 20251 D ANWJNI_SECOND: 
05-27 18:08:14.882 20223 20250 D ANWAPI_SECOND: (20223|0x29444CB0)[BTAPI] >>>>AnWBT_EEPROM_Read 
05-27 18:08:14.882 20223 20250 D ANWAPI_SECOND: (20223|0x29444CB0)[BTAPI] B:Rpaired_storage[0]name[]addr[00:00:00:00:00:00]linkkey[00:00:00:00:00:00:00:00:00:00:00:00:00:00:00:00]
05-27 18:08:14.882 20223 20250 D ANWAPI_SECOND: (20223|0x29444CB0)[BTAPI] B:Rpaired_storage[1]name[]addr[00:00:00:00:00:00]linkkey[00:00:00:00:00:00:00:00:00:00:00:00:00:00:00:00]
05-27 18:08:14.882 20223 20250 D ANWAPI_SECOND: (20223|0x29444CB0)[BTAPI] B:Rpaired_storage[2]name[]addr[00:00:00:00:00:00]linkkey[00:00:00:00:00:00:00:00:00:00:00:00:00:00:00:00]
05-27 18:08:14.882 20223 20250 D ANWAPI_SECOND: (20223|0x29444CB0)[BTAPI] B:Rpaired_storage[3]name[]addr[00:00:00:00:00:00]linkkey[00:00:00:00:00:00:00:00:00:00:00:00:00:00:00:00]
05-27 18:08:14.882 20223 20250 D ANWAPI_SECOND: (20223|0x29444CB0)[BTAPI] B:Rpaired_storage[4]name[]addr[00:00:00:00:00:00]linkkey[00:00:00:00:00:00:00:00:00:00:00:00:00:00:00:00]
05-27 18:08:14.882 20223 20250 D ANWAPI_SECOND: (20223|0x29444CB0)[BTAPI] B:Rpaired_storage[5]name[]addr[00:00:00:00:00:00]linkkey[00:00:00:00:00:00:00:00:00:00:00:00:00:00:00:00]
05-27 18:08:14.882 20223 20250 D ANWAPI_SECOND: (20223|0x29444CB0)[BTAPI] B:Rpaired_storage[6]name[]addr[00:00:00:00:00:00]linkkey[00:00:00:00:00:00:00:00:00:00:00:00:00:00:00:00]
05-27 18:08:14.882 20223 20250 D ANWAPI_SECOND: (20223|0x29444CB0)[BTAPI] B:Rpaired_storage[7]name[]addr[00:00:00:00:00:00]linkkey[00:00:00:00:00:00:00:00:00:00:00:00:00:00:00:00]
05-27 18:08:14.882 20223 20250 D ANWAPI_SECOND: (20223|0x29444CB0)[BTAPI] B:Rpaired_storage[8]name[]addr[00:00:00:00:00:00]linkkey[00:00:00:00:00:00:00:00:00:00:00:00:00:00:00:00]
05-27 18:08:14.882 20223 20250 D ANWAPI_SECOND: (20223|0x29444CB0)[BTAPI] B:Rpaired_storage[9]name[]addr[00:00:00:00:00:00]linkkey[00:00:00:00:00:00:00:00:00:00:00:00:00:00:00:00]
05-27 18:08:14.883 20223 20250 D ANWAPI_SECOND: (20223|0x29444CB0)[BTAPI] B:Rpaired_storage[10]name[]addr[00:00:00:00:00:00]linkkey[00:00:00:00:00:00:00:00:00:00:00:00:00:00:00:00]
05-27 18:08:14.883 20223 20250 D ANW_AVRCP_SECOND: AnWBT_ReadStorage =/data/misc/anw//anwbt_storage.bin
05-27 18:08:14.883 20223 20250 D ANW_AVRCP_SECOND: AnWBT_ReadStorage open anwbt_bt_storage success
05-27 18:08:14.883 20223 20250 D ANW_AVRCP_SECOND: 
05-27 18:08:14.883 20223 20250 D ANW_AVRCP_SECOND: read storage size=6600
05-27 18:08:14.883 20223 20250 D ANW_AVRCP_SECOND: 
05-27 18:08:14.883 20223 20250 D ANWAPI_SECOND: (20223|0x29444CB0)[BTAPI] A:Readpaired_storage[0]name[]cod[0]support[0]addr[00:00:00:00:00:00]linkkey[00:00:00:00:00:00:00:00:00:00:00:00:00:00:00:00]
05-27 18:08:14.883 20223 20250 D ANWAPI_SECOND: (20223|0x29444CB0)[BTAPI] A:Readpaired_storage[1]name[]cod[0]support[0]addr[00:00:00:00:00:00]linkkey[00:00:00:00:00:00:00:00:00:00:00:00:00:00:00:00]
05-27 18:08:14.883 20223 20250 D ANWAPI_SECOND: (20223|0x29444CB0)[BTAPI] A:Readpaired_storage[2]name[]cod[0]support[0]addr[00:00:00:00:00:00]linkkey[00:00:00:00:00:00:00:00:00:00:00:00:00:00:00:00]
05-27 18:08:14.883 20223 20250 D ANWAPI_SECOND: (20223|0x29444CB0)[BTAPI] A:Readpaired_storage[3]name[]cod[0]support[0]addr[00:00:00:00:00:00]linkkey[00:00:00:00:00:00:00:00:00:00:00:00:00:00:00:00]
05-27 18:08:14.883 20223 20250 D ANWAPI_SECOND: (20223|0x29444CB0)[BTAPI] A:Readpaired_storage[4]name[]cod[0]support[0]addr[00:00:00:00:00:00]linkkey[00:00:00:00:00:00:00:00:00:00:00:00:00:00:00:00]
05-27 18:08:14.883 20223 20250 D ANWAPI_SECOND: (20223|0x29444CB0)[BTAPI] A:Readpaired_storage[5]name[]cod[0]support[0]addr[00:00:00:00:00:00]linkkey[00:00:00:00:00:00:00:00:00:00:00:00:00:00:00:00]
05-27 18:08:14.883 20223 20250 D ANWAPI_SECOND: (20223|0x29444CB0)[BTAPI] A:Readpaired_storage[6]name[]cod[0]support[0]addr[00:00:00:00:00:00]linkkey[00:00:00:00:00:00:00:00:00:00:00:00:00:00:00:00]
05-27 18:08:14.883 20223 20250 D ANWAPI_SECOND: (20223|0x29444CB0)[BTAPI] A:Readpaired_storage[7]name[]cod[0]support[0]addr[00:00:00:00:00:00]linkkey[00:00:00:00:00:00:00:00:00:00:00:00:00:00:00:00]
05-27 18:08:14.883 20223 20250 D ANWAPI_SECOND: (20223|0x29444CB0)[BTAPI] A:Readpaired_storage[8]name[]cod[0]support[0]addr[00:00:00:00:00:00]linkkey[00:00:00:00:00:00:00:00:00:00:00:00:00:00:00:00]
05-27 18:08:14.883 20223 20250 D ANWAPI_SECOND: (20223|0x29444CB0)[BTAPI] A:Readpaired_storage[9]name[]cod[0]support[0]addr[00:00:00:00:00:00]linkkey[00:00:00:00:00:00:00:00:00:00:00:00:00:00:00:00]
05-27 18:08:14.883 20223 20250 D ANWAPI_SECOND: (20223|0x29444CB0)[BTAPI] A:Readpaired_storage[10]name[]cod[0]support[0]addr[00:00:00:00:00:00]linkkey[00:00:00:00:00:00:00:00:00:00:00:00:00:00:00:00]
05-27 18:08:14.883 20223 20250 D ANWAPI_SECOND: (20223|0x29444CB0)[BTAPI] <<<<AnWBT_EEPROM_Read ret = 0
05-27 18:08:14.883 20223 20250 D ANWAPI_SECOND: (20223|0x29444CB0)[BTAPI] local_name_set=0
05-27 18:08:14.883 20223 20250 D ANWAPI_SECOND: (20223|0x29444CB0)[BTAPI] [Paired DevInf] Storage Write
05-27 18:08:14.884 20223 20250 D ANW_AVRCP_SECOND: AnWBT_WriteStorage =/data/misc/anw//anwbt_storage.bin
05-27 18:08:14.884 20223 20250 D ANW_AVRCP_SECOND: AnWBT_WriteStorage open anwbt_bt_storage success
05-27 18:08:14.884 20223 20250 D ANW_AVRCP_SECOND: 
05-27 07:59:23.846   581   581 D spi_rst_gpio_get_output: GPIO 145 value: 1
05-27 07:59:23.846   581   581 D spidev_ioctl: gpio status=1)
05-27 18:08:14.887  1008 30857 D [OMXB]  : usingANWBuffer: handle:0xee7433a0, format:1, w:1920, h:1080
05-27 18:08:14.887   581   581 I SpiService: fgesysctrl_getGPIO_status success val=0
05-27 18:08:14.888 30773 30788 I dvr_service_: [runShortMediaThread:298] cameraId:1 medias:300,audios:220,stateAudio:0,mShortState:0,warnEvent:0,state:1
05-27 07:59:23.851   581   581 D spi_rst_gpio_get_output: GPIO 145 value: 0
05-27 07:59:23.851   581   581 D spidev_ioctl: gpio status=0)
05-27 18:08:14.892   299 30841 D EvsDriver: forwardFrame
05-27 18:08:14.892   299 30844 D EvsDriver: forwardFrame
05-27 18:08:14.894   283   307 I rvcservice: t.code = 3, t.value = 0
05-27 18:08:14.895 13911 14183 I SentryImuMcuAngleSender: 179.993rollDeg
05-27 18:08:14.895 13911 14183 I SentryImuMcuAngleSender: 1,0,0
05-27 18:08:14.895   299 30844 D EvsDriver: Delivered 0xb400007b7ca56900 as id 0
05-27 18:08:14.895  1167  1184 D evsmanagerd: /dev/video6 forwarded the buffer #0 to 0xb4000074bf5f5510 from 0xb4000074bf5f6d90
05-27 18:08:14.895  1167  1479 D evsmanagerd: /dev/video4 forwarded the buffer #0 to 0xb4000074bf5f6850 from 0xb4000074bf5f41d0
05-27 18:08:14.897   299 30841 D EvsDriver: Delivered 0xb400007b7ca56a60 as id 0
05-27 18:08:14.898   536   536 D commservice260303: msg.id = 1028,1
05-27 18:08:14.898   536   536 D commservice260303: i = 170, msgid = 8A000404
05-27 18:08:14.898   536   536 D commservice260303: msgid = -1979710460,did=138
05-27 18:08:14.898   536   536 D commservice260303: CommProtocolLibCmdBaseI2C::dataproc {"command":{"id":"imu_status","sub":""},"content":{"TimeStamp":8,"FrameCounter":192678,"GD_X":-0.01153013575822115,"GD_Y":0.005268065724521875,"GD_Z":0.0019848872907459736,"AD_X":8.00207257270813E-4,"AD_Y":-0.0024526319466531277,"AD_Z":-0.17434406280517578,"TempDsp":0,"Status":0,"CalibState":1,"SigAmpInvalid":0}},-1979710460
05-27 18:08:14.898   536   536 D commservice260303: send2Cluster len:314, 7B22636F6D6D616E64223A7B226964223A22696D755F737461747573222C22737562223A22227D2C22636F6E74656E74223A7B2254696D655374616D70223A382C224672616D65436F756E746572223A3139323637382C2247445F58223A2D302E30313135333031333537353832323131352C2247445F59223A302E3030353236383036353732343532313837352C2247445F5A223A302E303031393834383837323930373435393733362C2241445F58223A382E3030323037323537323730383133452D342C2241445F59223A2D302E303032343532363331393436363533313237372C2241445F5A223A2D302E31373433343430363238303531373537382C2254656D70447370223A302C22537461747573223A302C2243616C69625374617465223A312C22536967416D70496E76616C6964223A307D7D, 138 
05-27 18:08:14.898   536   536 D commservice260303: Push Message into SendPool fn=-1356070144
05-27 18:08:14.898   536   536 D commservice260303: ComProtocolLibSend2Cluster::send2ClusterRaw fn=-1356070144 , len=330
05-27 18:08:14.898   536   536 D commservice260303: sendCmdToPort :330!!!
05-27 18:08:14.898   536   536 D commservice260303: send Cmd To Port ++++5AA501468A0100032CAF6A16C28E7B22636F6D6D616E64223A7B226964223A22696D755F737461747573222C22737562223A22227D2C22636F6E74656E74223A7B2254696D655374616D70223A382C224672616D65436F756E746572223A3139323637382C2247445F58223A2D302E30313135333031333537353832323131352C2247445F59223A302E3030353236383036353732343532313837352C2247445F5A223A302E303031393834383837323930373435393733362C2241445F58223A382E3030323037323537323730383133452D342C2241445F59223A2D302E303032343532363331393436363533313237372C2241445F5A223A2D302E31373433343430363238303531373537382C2254656D70447370223A302C22537461747573223A302C2243616C69625374617465223A312C22536967416D70496E76616C6964223A307D7DDA0F
05-27 18:08:14.898   536   536 D commservice260303: bufferevent_write retrun value = 0
05-27 18:08:14.899   536   560 D commservice260303: client datas send succeed,send finish
05-27 18:08:14.899   299  1163 D EvsDriver: doneWithFrame
05-27 18:08:14.899 13911 14192 D Sentinelmode_1.2.5.17_sentry: <SentryImuClusterFgeSender>imu_status sent to Linux, frame=192678, tsNs=8362139, tsMs=8, intervalMs=42, ad=(8.0020726E-4,-0.002452632,-0.17434406), gd=(-0.011530136,0.0052680657,0.0019848873)
05-27 18:08:14.902 20223 20250 D ANW_AVRCP_SECOND: write storage size=6600
05-27 18:08:14.902 20223 20250 D ANW_AVRCP_SECOND: 
05-27 18:08:14.903 20223 20250 D ANWAPI_SECOND: (20223|0x29444CB0)[BTAPI] >>>>AnWBT_EEPROM_Read 
05-27 18:08:14.903 20223 20250 D ANWAPI_SECOND: (20223|0x29444CB0)[BTAPI] B:Rpaired_storage[0]name[]addr[00:00:00:00:00:00]linkkey[00:00:00:00:00:00:00:00:00:00:00:00:00:00:00:00]
05-27 18:08:14.903 20223 20250 D ANWAPI_SECOND: (20223|0x29444CB0)[BTAPI] B:Rpaired_storage[1]name[]addr[00:00:00:00:00:00]linkkey[00:00:00:00:00:00:00:00:00:00:00:00:00:00:00:00]
05-27 18:08:14.903 20223 20250 D ANWAPI_SECOND: (20223|0x29444CB0)[BTAPI] B:Rpaired_storage[2]name[]addr[00:00:00:00:00:00]linkkey[00:00:00:00:00:00:00:00:00:00:00:00:00:00:00:00]
05-27 18:08:14.903 20223 20250 D ANWAPI_SECOND: (20223|0x29444CB0)[BTAPI] B:Rpaired_storage[3]name[]addr[00:00:00:00:00:00]linkkey[00:00:00:00:00:00:00:00:00:00:00:00:00:00:00:00]
05-27 18:08:14.903 20223 20250 D ANWAPI_SECOND: (20223|0x29444CB0)[BTAPI] B:Rpaired_storage[4]name[]addr[00:00:00:00:00:00]linkkey[00:00:00:00:00:00:00:00:00:00:00:00:00:00:00:00]
05-27 18:08:14.903   581   581 I SpiService: fgesysctrl_getGPIO_status success val=1
05-27 18:08:14.903 20223 20250 D ANWAPI_SECOND: (20223|0x29444CB0)[BTAPI] B:Rpaired_storage[5]name[]addr[00:00:00:00:00:00]linkkey[00:00:00:00:00:00:00:00:00:00:00:00:00:00:00:00]
05-27 18:08:14.903 20223 20250 D ANWAPI_SECOND: (20223|0x29444CB0)[BTAPI] B:Rpaired_storage[6]name[]addr[00:00:00:00:00:00]linkkey[00:00:00:00:00:00:00:00:00:00:00:00:00:00:00:00]
05-27 18:08:14.903 20223 20250 D ANWAPI_SECOND: (20223|0x29444CB0)[BTAPI] B:Rpaired_storage[7]name[]addr[00:00:00:00:00:00]linkkey[00:00:00:00:00:00:00:00:00:00:00:00:00:00:00:00]
05-27 18:08:14.903   299  1163 D EvsDriver: doneWithFrame
05-27 18:08:14.903 20223 20250 D ANWAPI_SECOND: (20223|0x29444CB0)[BTAPI] B:Rpaired_storage[8]name[]addr[00:00:00:00:00:00]linkkey[00:00:00:00:00:00:00:00:00:00:00:00:00:00:00:00]
05-27 18:08:14.903 20223 20250 D ANWAPI_SECOND: (20223|0x29444CB0)[BTAPI] B:Rpaired_storage[9]name[]addr[00:00:00:00:00:00]linkkey[00:00:00:00:00:00:00:00:00:00:00:00:00:00:00:00]
05-27 18:08:14.903 20223 20250 D ANWAPI_SECOND: (20223|0x29444CB0)[BTAPI] B:Rpaired_storage[10]name[]addr[00:00:00:00:00:00]linkkey[00:00:00:00:00:00:00:00:00:00:00:00:00:00:00:00]
05-27 18:08:14.903 20223 20250 D ANW_AVRCP_SECOND: AnWBT_ReadStorage =/data/misc/anw//anwbt_storage.bin
05-27 18:08:14.904 20223 20250 D ANW_AVRCP_SECOND: AnWBT_ReadStorage open anwbt_bt_storage success
05-27 18:08:14.904 20223 20250 D ANW_AVRCP_SECOND: 
05-27 18:08:14.904 20223 20250 D ANW_AVRCP_SECOND: read storage size=6600
05-27 18:08:14.904 20223 20250 D ANW_AVRCP_SECOND: 
05-27 18:08:14.904 20223 20250 D ANWAPI_SECOND: (20223|0x29444CB0)[BTAPI] A:Readpaired_storage[0]name[]cod[0]support[0]addr[00:00:00:00:00:00]linkkey[00:00:00:00:00:00:00:00:00:00:00:00:00:00:00:00]
05-27 18:08:14.904 20223 20250 D ANWAPI_SECOND: (20223|0x29444CB0)[BTAPI] A:Readpaired_storage[1]name[]cod[0]support[0]addr[00:00:00:00:00:00]linkkey[00:00:00:00:00:00:00:00:00:00:00:00:00:00:00:00]
05-27 18:08:14.904 20223 20250 D ANWAPI_SECOND: (20223|0x29444CB0)[BTAPI] A:Readpaired_storage[2]name[]cod[0]support[0]addr[00:00:00:00:00:00]linkkey[00:00:00:00:00:00:00:00:00:00:00:00:00:00:00:00]
05-27 18:08:14.904 20223 20250 D ANWAPI_SECOND: (20223|0x29444CB0)[BTAPI] A:Readpaired_storage[3]name[]cod[0]support[0]addr[00:00:00:00:00:00]linkkey[00:00:00:00:00:00:00:00:00:00:00:00:00:00:00:00]
05-27 18:08:14.904 20223 20250 D ANWAPI_SECOND: (20223|0x29444CB0)[BTAPI] A:Readpaired_storage[4]name[]cod[0]support[0]addr[00:00:00:00:00:00]linkkey[00:00:00:00:00:00:00:00:00:00:00:00:00:00:00:00]
05-27 18:08:14.904 20223 20250 D ANWAPI_SECOND: (20223|0x29444CB0)[BTAPI] A:Readpaired_storage[5]name[]cod[0]support[0]addr[00:00:00:00:00:00]linkkey[00:00:00:00:00:00:00:00:00:00:00:00:00:00:00:00]
05-27 18:08:14.904 20223 20250 D ANWAPI_SECOND: (20223|0x29444CB0)[BTAPI] A:Readpaired_storage[6]name[]cod[0]support[0]addr[00:00:00:00:00:00]linkkey[00:00:00:00:00:00:00:00:00:00:00:00:00:00:00:00]
05-27 18:08:14.904 20223 20250 D ANWAPI_SECOND: (20223|0x29444CB0)[BTAPI] A:Readpaired_storage[7]name[]cod[0]support[0]addr[00:00:00:00:00:00]linkkey[00:00:00:00:00:00:00:00:00:00:00:00:00:00:00:00]
05-27 18:08:14.904 20223 20250 D ANWAPI_SECOND: (20223|0x29444CB0)[BTAPI] A:Readpaired_storage[8]name[]cod[0]support[0]addr[00:00:00:00:00:00]linkkey[00:00:00:00:00:00:00:00:00:00:00:00:00:00:00:00]
05-27 18:08:14.905 20223 20250 D ANWAPI_SECOND: (20223|0x29444CB0)[BTAPI] A:Readpaired_storage[9]name[]cod[0]support[0]addr[00:00:00:00:00:00]linkkey[00:00:00:00:00:00:00:00:00:00:00:00:00:00:00:00]
05-27 18:08:14.905 20223 20250 D ANWAPI_SECOND: (20223|0x29444CB0)[BTAPI] A:Readpaired_storage[10]name[]cod[0]support[0]addr[00:00:00:00:00:00]linkkey[00:00:00:00:00:00:00:00:00:00:00:00:00:00:00:00]
05-27 07:59:23.867   581   581 D spi_rst_gpio_get_output: GPIO 145 value: 1
05-27 18:08:14.905 20223 20250 D ANWAPI_SECOND: (20223|0x29444CB0)[BTAPI] <<<<AnWBT_EEPROM_Read ret = 0
05-27 07:59:23.867   581   581 D spidev_ioctl: gpio status=1)
05-27 18:08:14.905 20223 20250 D ANWAPI_SECOND: (20223|0x29444CB0)[BTAPI] >>>>AnWBT_EEPROM_Read 
05-27 18:08:14.905 20223 20250 D ANWAPI_SECOND: (20223|0x29444CB0)[BTAPI] B:Rle_paired_storage[0]addr[00:00:00:00:00:00]linkkey[00:00:00:00:00:00:00:00:00:00:00:00:00:00:00:00]
05-27 18:08:14.905 20223 20250 D ANWAPI_SECOND: (20223|0x29444CB0)[BTAPI] B:Rle_paired_storage[1]addr[00:00:00:00:00:00]linkkey[00:00:00:00:00:00:00:00:00:00:00:00:00:00:00:00]
05-27 18:08:14.905 20223 20250 D ANWAPI_SECOND: (20223|0x29444CB0)[BTAPI] B:Rle_paired_storage[2]addr[00:00:00:00:00:00]linkkey[00:00:00:00:00:00:00:00:00:00:00:00:00:00:00:00]
05-27 18:08:14.905 20223 20250 D ANWAPI_SECOND: (20223|0x29444CB0)[BTAPI] B:Rle_paired_storage[3]addr[00:00:00:00:00:00]linkkey[00:00:00:00:00:00:00:00:00:00:00:00:00:00:00:00]
05-27 18:08:14.905 20223 20250 D ANWAPI_SECOND: (20223|0x29444CB0)[BTAPI] B:Rle_paired_storage[4]addr[00:00:00:00:00:00]linkkey[00:00:00:00:00:00:00:00:00:00:00:00:00:00:00:00]
05-27 18:08:14.905 20223 20250 D ANWAPI_SECOND: (20223|0x29444CB0)[BTAPI] B:Rle_paired_storage[5]addr[00:00:00:00:00:00]linkkey[00:00:00:00:00:00:00:00:00:00:00:00:00:00:00:00]
05-27 18:08:14.906 20223 20250 D ANWAPI_SECOND: (20223|0x29444CB0)[BTAPI] B:Rle_paired_storage[6]addr[00:00:00:00:00:00]linkkey[00:00:00:00:00:00:00:00:00:00:00:00:00:00:00:00]
05-27 18:08:14.906 20223 20250 D ANW_AVRCP_SECOND: AnWBT_ReadStorage =/data/misc/anw//anwble_storage.bin
05-27 18:08:14.906 20223 20250 D ANW_AVRCP_SECOND: AnWBT_ReadStorage open anwbt_bt_storage success
05-27 18:08:14.906 20223 20250 D ANW_AVRCP_SECOND: 
05-27 18:08:14.906 20223 20250 D ANW_AVRCP_SECOND: read storage size=1336
05-27 18:08:14.906 20223 20250 D ANW_AVRCP_SECOND: 
05-27 18:08:14.906 20223 20250 D ANWAPI_SECOND: (20223|0x29444CB0)[BTAPI] A:Rle_paired_storage[0]addr[00:00:00:00:00:00]linkkey[00:00:00:00:00:00:00:00:00:00:00:00:00:00:00:00]
05-27 18:08:14.906 20223 20250 D ANWAPI_SECOND: (20223|0x29444CB0)[BTAPI] A:Rle_paired_storage[1]addr[00:00:00:00:00:00]linkkey[00:00:00:00:00:00:00:00:00:00:00:00:00:00:00:00]
05-27 18:08:14.906 20223 20250 D ANWAPI_SECOND: (20223|0x29444CB0)[BTAPI] A:Rle_paired_storage[2]addr[00:00:00:00:00:00]linkkey[00:00:00:00:00:00:00:00:00:00:00:00:00:00:00:00]
05-27 18:08:14.906 20223 20250 D ANWAPI_SECOND: (20223|0x29444CB0)[BTAPI] A:Rle_paired_storage[3]addr[00:00:00:00:00:00]linkkey[00:00:00:00:00:00:00:00:00:00:00:00:00:00:00:00]
05-27 18:08:14.906 20223 20250 D ANWAPI_SECOND: (20223|0x29444CB0)[BTAPI] A:Rle_paired_storage[4]addr[00:00:00:00:00:00]linkkey[00:00:00:00:00:00:00:00:00:00:00:00:00:00:00:00]
05-27 18:08:14.906 20223 20250 D ANWAPI_SECOND: (20223|0x29444CB0)[BTAPI] A:Rle_paired_storage[5]addr[00:00:00:00:00:00]linkkey[00:00:00:00:00:00:00:00:00:00:00:00:00:00:00:00]
05-27 18:08:14.906 20223 20250 D ANWAPI_SECOND: (20223|0x29444CB0)[BTAPI] A:Rle_paired_storage[6]addr[00:00:00:00:00:00]linkkey[00:00:00:00:00:00:00:00:00:00:00:00:00:00:00:00]
05-27 18:08:14.906 20223 20250 D ANWAPI_SECOND: (20223|0x29444CB0)[BTAPI] <<<<AnWBT_EEPROM_Read ret = 0
05-27 18:08:14.906 20223 20250 D ANWAPI_SECOND: (20223|0x29444CB0)[BTAPI] btsdk_initial_param.flag=0x4000
05-27 18:08:14.906 20223 20250 D ANWAPI_SECOND: (20223|0x29444CB0)[BTAPI] [Paired DevInf] Storage Write
05-27 18:08:14.906   572   622 I Sensors : 230 AccelSensor: x:-0.160430,y:0.004270,z:-9.974720
05-27 18:08:14.907 20223 20250 D ANW_AVRCP_SECOND: AnWBT_WriteStorage =/data/misc/anw//anwbt_storage.bin
05-27 18:08:14.907 20223 20250 D ANW_AVRCP_SECOND: AnWBT_WriteStorage open anwbt_bt_storage success
05-27 18:08:14.907 20223 20250 D ANW_AVRCP_SECOND: 
05-27 18:08:14.907  1008 30856 D [OMXB]  : usingANWBuffer: handle:0xee7432f0, format:1, w:1920, h:1080
05-27 18:08:14.908   581   581 I SpiService: fgesysctrl_getGPIO_status success val=1
05-27 07:59:23.873   581   581 D spi_rst_gpio_get_output: GPIO 145 value: 1
05-27 07:59:23.873   581   581 D spidev_ioctl: gpio status=1)
05-27 18:08:14.909 20223 20250 D ANW_AVRCP_SECOND: write storage size=6600
05-27 18:08:14.909 20223 20250 D ANW_AVRCP_SECOND: 
05-27 18:08:14.909 20223 20250 D ANWAPI_SECOND: (20223|0x29444CB0)[BTAPI] >>>>AnWBT_EEPROM_Read 
05-27 18:08:14.909 20223 20250 D ANWAPI_SECOND: (20223|0x29444CB0)[BTAPI] B:Rpaired_storage[0]name[]addr[00:00:00:00:00:00]linkkey[00:00:00:00:00:00:00:00:00:00:00:00:00:00:00:00]
