05-27 18:08:15.013   299 30841 D EvsDriver: forwardFrame
05-27 18:08:15.016   299 30841 D EvsDriver: Delivered 0xb400007b7ca56a60 as id 0
05-27 18:08:15.016  1167  1479 D evsmanagerd: /dev/video4 forwarded the buffer #0 to 0xb4000074bf5f6850 from 0xb4000074bf5f41d0
05-27 18:08:15.016  1167  1184 D evsmanagerd: /dev/video6 forwarded the buffer #0 to 0xb4000074bf5f5510 from 0xb4000074bf5f6d90
05-27 18:08:15.016   299 30844 D EvsDriver: Delivered 0xb400007b7ca56900 as id 0
05-27 18:08:15.016   581   581 I SpiService: fgesysctrl_getGPIO_status success val=1
05-27 07:59:23.981   581   581 D spi_rst_gpio_get_output: GPIO 145 value: 1
05-27 07:59:23.981   581   581 D spidev_ioctl: gpio status=1)
05-27 18:08:15.017   536   536 D commservice260303: msg.id = 1028,1
05-27 18:08:15.017   536   536 D commservice260303: i = 170, msgid = 8A000404
05-27 18:08:15.017   536   536 D commservice260303: msgid = -1979710460,did=138
05-27 18:08:15.017   536   536 D commservice260303: CommProtocolLibCmdBaseI2C::dataproc {"command":{"id":"imu_status","sub":""},"content":{"TimeStamp":8,"FrameCounter":192681,"GD_X":-0.011070843786001205,"GD_Y":0.004963258747011423,"GD_Z":0.0022902146447449923,"AD_X":-0.0077829509973526,"AD_Y":0.0017577761318534613,"AD_Z":-0.1682453155517578,"TempDsp":0,"Status":0,"CalibState":1,"SigAmpInvalid":0}},-1979710460
05-27 18:08:15.017   536   536 D commservice260303: send2Cluster len:313, 7B22636F6D6D616E64223A7B226964223A22696D755F737461747573222C22737562223A22227D2C22636F6E74656E74223A7B2254696D655374616D70223A382C224672616D65436F756E746572223A3139323638312C2247445F58223A2D302E3031313037303834333738363030313230352C2247445F59223A302E3030343936333235383734373031313432332C2247445F5A223A302E303032323930323134363434373434393932332C2241445F58223A2D302E303037373832393530393937333532362C2241445F59223A302E303031373537373736313331383533343631332C2241445F5A223A2D302E313638323435333135353531373537382C2254656D70447370223A302C22537461747573223A302C2243616C69625374617465223A312C22536967416D70496E76616C6964223A307D7D, 138 
05-27 18:08:15.017   536   536 D commservice260303: Push Message into SendPool fn=-1305738496
05-27 18:08:15.017   536   536 D commservice260303: ComProtocolLibSend2Cluster::send2ClusterRaw fn=-1305738496 , len=329
05-27 18:08:15.017   536   536 D commservice260303: sendCmdToPort :329!!!
05-27 18:08:15.017   536   536 D commservice260303: send Cmd To Port ++++5AA501458A0100032CB26A16C28F7B22636F6D6D616E64223A7B226964223A22696D755F737461747573222C22737562223A22227D2C22636F6E74656E74223A7B2254696D655374616D70223A382C224672616D65436F756E746572223A3139323638312C2247445F58223A2D302E3031313037303834333738363030313230352C2247445F59223A302E3030343936333235383734373031313432332C2247445F5A223A302E303032323930323134363434373434393932332C2241445F58223A2D302E303037373832393530393937333532362C2241445F59223A302E303031373537373736313331383533343631332C2241445F5A223A2D302E313638323435333135353531373537382C2254656D70447370223A302C22537461747573223A302C2243616C69625374617465223A312C22536967416D70496E76616C6964223A307D7DAC81
05-27 18:08:15.017   536   536 D commservice260303: bufferevent_write retrun value = 0
05-27 18:08:15.018   536   560 D commservice260303: client datas send succeed,send finish
05-27 18:08:15.018 20223 20252 D ANWAPI_SECOND: (20223|0x29248CB0)[BTAPI] set_bluetooth_power : open /sys/class/gpio/gpio142/value
05-27 18:08:15.018 20223 20252 D ANWAPI_SECOND: (20223|0x29248CB0)[BTAPI] set_bluetooth_power : open(/sys/class/gpio/gpio142/value) for write failed,fd=-1
05-27 18:08:15.018 20223 20252 D ANWAPI_SECOND: (20223|0x29248CB0)[BTAPI] open set_bluetooth_power : write(No such file or directory) failed,errno = 2
05-27 18:08:15.018 13911 14192 D Sentinelmode_1.2.5.17_sentry: <SentryImuClusterFgeSender>imu_status sent to Linux, frame=192681, tsNs=8362246, tsMs=8, intervalMs=40, ad=(-0.007782951,0.0017577761,-0.16824532), gd=(-0.011070844,0.0049632587,0.0022902146)
05-27 18:08:15.022   581   581 I SpiService: fgesysctrl_getGPIO_status success val=0
05-27 18:08:15.022   481   597 I mcuc    : send SPI:6AA602A8750002890056
05-27 18:08:15.022   299  1163 D EvsDriver: doneWithFrame
05-27 18:08:15.022   299  1153 D EvsDriver: doneWithFrame
05-27 07:59:23.986   581   581 D spi_rst_gpio_get_output: GPIO 145 value: 0
05-27 07:59:23.986   581   581 D spidev_ioctl: gpio status=0)
05-27 18:08:15.023 13911 14183 I SentryImuMcuAngleSender: 179.97198rollDeg
05-27 18:08:15.023 13911 14183 I SentryImuMcuAngleSender: 1,0,0
05-27 18:08:15.025 30773 30786 I dvr_service_: CameraX 0  audioOK: 66334637,audios:990
05-27 18:08:15.025 30773 30786 I dvr_service_: CameraX 1  audioOK: 66334637,audios:990
05-27 18:08:15.035  1008 30856 D [OMXB]  : usingANWBuffer: handle:0xee7437c0, format:1, w:1920, h:1080
05-27 18:08:15.037   581   581 I SpiService: fgesysctrl_getGPIO_status success val=1
05-27 18:08:15.038 11344 11344 E SystemUI_NavBarFragment: SysUIConfig.icCarServiceConnected：false
05-27 07:59:24.002   581   581 D spi_rst_gpio_get_output: GPIO 145 value: 1
05-27 07:59:24.002   581   581 D spidev_ioctl: gpio status=1)
05-27 18:08:15.043   581   581 I SpiService: fgesysctrl_getGPIO_status success val=1
05-27 18:08:15.043 13911 14183 I SentryImuMcuAngleSender: 179.97899rollDeg
05-27 18:08:15.043 13911 14183 I SentryImuMcuAngleSender: 1,0,0
05-27 07:59:24.007   581   581 D spi_rst_gpio_get_output: GPIO 145 value: 1
05-27 07:59:24.007   581   581 D spidev_ioctl: gpio status=1)
05-27 18:08:15.046   299 30844 D EvsDriver: forwardFrame
05-27 18:08:15.047   299 30844 D EvsDriver: Delivered 0xb400007b7ca56900 as id 0
05-27 18:08:15.047  1167  1184 D evsmanagerd: /dev/video6 forwarded the buffer #0 to 0xb4000074bf5f5510 from 0xb4000074bf5f6d90
05-27 18:08:15.049   581   581 I SpiService: fgesysctrl_getGPIO_status success val=1
05-27 07:59:24.013   581   581 D spi_rst_gpio_get_output: GPIO 145 value: 1
05-27 07:59:24.013   581   581 D spidev_ioctl: gpio status=1)
05-27 18:08:15.050  1008 30857 D [OMXB]  : usingANWBuffer: handle:0xee744000, format:1, w:1920, h:1080
05-27 18:08:15.050   299  1153 D EvsDriver: doneWithFrame
05-27 18:08:15.055   581   581 I SpiService: fgesysctrl_getGPIO_status success val=1
05-27 18:08:15.056   299 30841 D EvsDriver: forwardFrame
05-27 07:59:24.019   581   581 D spi_rst_gpio_get_output: GPIO 145 value: 1
05-27 07:59:24.019   581   581 D spidev_ioctl: gpio status=1)
05-27 18:08:15.059   299 30841 D EvsDriver: Delivered 0xb400007b7ca56a60 as id 0
05-27 18:08:15.059  1167  1184 D evsmanagerd: /dev/video4 forwarded the buffer #0 to 0xb4000074bf5f6850 from 0xb4000074bf5f41d0
05-27 18:08:15.060   536   536 D commservice260303: msg.id = 1028,0
05-27 18:08:15.060   536   536 D commservice260303: i = 170, msgid = 8A000404
05-27 18:08:15.060   536   536 D commservice260303: msgid = -1979710460,did=138
05-27 18:08:15.060   536   536 D commservice260303: CommProtocolLibCmdBaseI2C::dataproc {"command":{"id":"imu_status","sub":""},"content":{"TimeStamp":8,"FrameCounter":192682,"GD_X":-0.011682018637657166,"GD_Y":0.00519212381914258,"GD_Z":0.0022902146447449923,"AD_X":-0.003481462597846985,"AD_Y":0.0011410843580961227,"AD_Z":-0.1664142608642578,"TempDsp":0,"Status":0,"CalibState":1,"SigAmpInvalid":0}},-1979710460
05-27 18:08:15.060   536   536 D commservice260303: send2Cluster len:314, 7B22636F6D6D616E64223A7B226964223A22696D755F737461747573222C22737562223A22227D2C22636F6E74656E74223A7B2254696D655374616D70223A382C224672616D65436F756E746572223A3139323638322C2247445F58223A2D302E3031313638323031383633373635373136362C2247445F59223A302E30303531393231323338313931343235382C2247445F5A223A302E303032323930323134363434373434393932332C2241445F58223A2D302E3030333438313436323539373834363938352C2241445F59223A302E303031313431303834333538303936313232372C2241445F5A223A2D302E313636343134323630383634323537382C2254656D70447370223A302C22537461747573223A302C2243616C69625374617465223A312C22536967416D70496E76616C6964223A307D7D, 138 
05-27 18:08:15.060   536   536 D commservice260303: Push Message into SendPool fn=-1288961280
05-27 18:08:15.060   536   536 D commservice260303: ComProtocolLibSend2Cluster::send2ClusterRaw fn=-1288961280 , len=330
05-27 18:08:15.060   536   536 D commservice260303: sendCmdToPort :330!!!
05-27 18:08:15.060   536   536 D commservice260303: send Cmd To Port ++++5AA501468A0100032CB36A16C28F7B22636F6D6D616E64223A7B226964223A22696D755F737461747573222C22737562223A22227D2C22636F6E74656E74223A7B2254696D655374616D70223A382C224672616D65436F756E746572223A3139323638322C2247445F58223A2D302E3031313638323031383633373635373136362C2247445F59223A302E30303531393231323338313931343235382C2247445F5A223A302E303032323930323134363434373434393932332C2241445F58223A2D302E3030333438313436323539373834363938352C2241445F59223A302E303031313431303834333538303936313232372C2241445F5A223A2D302E313636343134323630383634323537382C2254656D70447370223A302C22537461747573223A302C2243616C69625374617465223A312C22536967416D70496E76616C6964223A307D7D7188
05-27 18:08:15.060   536   536 D commservice260303: bufferevent_write retrun value = 0
05-27 18:08:15.061   536   560 D commservice260303: client datas send succeed,send finish
05-27 18:08:15.061 13911 14192 D Sentinelmode_1.2.5.17_sentry: <SentryImuClusterFgeSender>imu_status sent to Linux, frame=192682, tsNs=8362300, tsMs=8, intervalMs=43, ad=(-0.0034814626,0.0011410844,-0.16641426), gd=(-0.011682019,0.005192124,0.0022902146)
05-27 18:08:15.061   581   581 I SpiService: fgesysctrl_getGPIO_status success val=0
05-27 18:08:15.063   299  1153 D EvsDriver: doneWithFrame
05-27 18:08:15.063 13911 14183 I SentryImuMcuAngleSender: 179.97197rollDeg
05-27 18:08:15.064 13911 14183 I SentryImuMcuAngleSender: 1,0,0
05-27 07:59:24.026   581   581 D spi_rst_gpio_get_output: GPIO 145 value: 0
05-27 07:59:24.026   581   581 D spidev_ioctl: gpio status=0)
05-27 18:08:15.066  1008 30856 D [OMXB]  : usingANWBuffer: handle:0xee7404e0, format:1, w:1920, h:1080
05-27 18:08:15.076   581   581 I SpiService: fgesysctrl_getGPIO_status success val=1
05-27 07:59:24.041   581   581 D spi_rst_gpio_get_output: GPIO 145 value: 1
05-27 07:59:24.041   581   581 D spidev_ioctl: gpio status=1)
05-27 18:08:15.077   299 30844 D EvsDriver: forwardFrame
05-27 18:08:15.079   299 30844 D EvsDriver: Delivered 0xb400007b7ca56900 as id 0
05-27 18:08:15.079  1167  1184 D evsmanagerd: /dev/video6 forwarded the buffer #0 to 0xb4000074bf5f5510 from 0xb4000074bf5f6d90
05-27 18:08:15.081   299 30841 D EvsDriver: forwardFrame
05-27 18:08:15.083   581   581 I SpiService: fgesysctrl_getGPIO_status success val=1
05-27 18:08:15.083   299  1153 D EvsDriver: doneWithFrame
05-27 18:08:15.083  1167  1184 D evsmanagerd: /dev/video4 forwarded the buffer #0 to 0xb4000074bf5f6850 from 0xb4000074bf5f41d0
05-27 18:08:15.083   299 30841 D EvsDriver: Delivered 0xb400007b7ca56a60 as id 0
05-27 18:08:15.084 13911 14183 I SentryImuMcuAngleSender: 179.97195rollDeg
05-27 18:08:15.084 13911 14183 I SentryImuMcuAngleSender: 1,0,0
05-27 07:59:24.047   581   581 D spi_rst_gpio_get_output: GPIO 145 value: 1
05-27 07:59:24.047   581   581 D spidev_ioctl: gpio status=1)
05-27 18:08:15.085   299  1153 D EvsDriver: doneWithFrame
05-27 18:08:15.085  1008 30857 D [OMXB]  : usingANWBuffer: handle:0xee7428a0, format:1, w:1920, h:1080
05-27 18:08:15.086 30773 30789 I dvr_service_: Camera 1: MediaOK:66369504, frames:1530, isKeyFrame:0,pts:8362007045
05-27 07:59:24.053   581   581 D spi_rst_gpio_get_output: GPIO 145 value: 1
05-27 07:59:24.053   581   581 D spidev_ioctl: gpio status=1)
05-27 18:08:15.088   581   581 I SpiService: fgesysctrl_getGPIO_status success val=1
05-27 18:08:15.094   581   581 I SpiService: fgesysctrl_getGPIO_status success val=1
05-27 18:08:15.094   283   307 I rvcservice: t.code = 3, t.value = 0
05-27 07:59:24.058   581   581 D spi_rst_gpio_get_output: GPIO 145 value: 1
05-27 07:59:24.058   581   581 D spidev_ioctl: gpio status=1)
05-27 18:08:15.100   581   581 I SpiService: fgesysctrl_getGPIO_status success val=1
05-27 18:08:15.100   536   536 D commservice260303: msg.id = 1028,1
05-27 18:08:15.100   536   536 D commservice260303: i = 170, msgid = 8A000404
05-27 18:08:15.100   536   536 D commservice260303: msgid = -1979710460,did=138
05-27 18:08:15.100   536   536 D commservice260303: CommProtocolLibCmdBaseI2C::dataproc {"command":{"id":"imu_status","sub":""},"content":{"TimeStamp":8,"FrameCounter":192683,"GD_X":-0.011987865902483463,"GD_Y":0.0051151420921087265,"GD_Z":0.0023671966046094894,"AD_X":0.005020469427108765,"AD_Y":0.0023506139405071735,"AD_Z":-0.16336441040039062,"TempDsp":0,"Status":0,"CalibState":1,"SigAmpInvalid":0}},-1979710460
05-27 18:08:15.100   536   536 D commservice260303: send2Cluster len:316, 7B22636F6D6D616E64223A7B226964223A22696D755F737461747573222C22737562223A22227D2C22636F6E74656E74223A7B2254696D655374616D70223A382C224672616D65436F756E746572223A3139323638332C2247445F58223A2D302E3031313938373836353930323438333436332C2247445F59223A302E303035313135313432303932313038373236352C2247445F5A223A302E303032333637313936363034363039343839342C2241445F58223A302E3030353032303436393432373130383736352C2241445F59223A302E303032333530363133393430353037313733352C2241445F5A223A2D302E31363333363434313034303033393036322C2254656D70447370223A302C22537461747573223A302C2243616C69625374617465223A312C22536967416D70496E76616C6964223A307D7D, 138 
05-27 18:08:15.100   536   536 D commservice260303: Push Message into SendPool fn=-1272184064
05-27 18:08:15.100   536   536 D commservice260303: ComProtocolLibSend2Cluster::send2ClusterRaw fn=-1272184064 , len=332
05-27 18:08:15.100   536   536 D commservice260303: sendCmdToPort :332!!!
05-27 18:08:15.101   536   536 D commservice260303: send Cmd To Port ++++5AA501488A0100032CB46A16C28F7B22636F6D6D616E64223A7B226964223A22696D755F737461747573222C22737562223A22227D2C22636F6E74656E74223A7B2254696D655374616D70223A382C224672616D65436F756E746572223A3139323638332C2247445F58223A2D302E3031313938373836353930323438333436332C2247445F59223A302E303035313135313432303932313038373236352C2247445F5A223A302E303032333637313936363034363039343839342C2241445F58223A302E3030353032303436393432373130383736352C2241445F59223A302E303032333530363133393430353037313733352C2241445F5A223A2D302E31363333363434313034303033393036322C2254656D70447370223A302C22537461747573223A302C2243616C69625374617465223A312C22536967416D70496E76616C6964223A307D7D5175
05-27 07:59:24.064   581   581 D spi_rst_gpio_get_output: GPIO 145 value: 1
05-27 07:59:24.064   581   581 D spidev_ioctl: gpio status=1)
05-27 18:08:15.101   536   536 D commservice260303: bufferevent_write retrun value = 0
05-27 18:08:15.101   536   560 D commservice260303: client datas send succeed,send finish
05-27 18:08:15.101 13911 14192 D Sentinelmode_1.2.5.17_sentry: <SentryImuClusterFgeSender>imu_status sent to Linux, frame=192683, tsNs=8362335, tsMs=8, intervalMs=40, ad=(0.0050204694,0.002350614,-0.16336441), gd=(-0.011987866,0.005115142,0.0023671966)
05-27 18:08:15.102   572   572 I Sensors : 230 AccelSensor: x:-0.162260,y:0.007929,z:-9.968620
05-27 18:08:15.104 13911 14183 I SentryImuMcuAngleSender: 179.95444rollDeg
05-27 18:08:15.104 13911 14183 I SentryImuMcuAngleSender: 1,0,0
05-27 18:08:15.106   581   581 I SpiService: fgesysctrl_getGPIO_status success val=0
05-27 07:59:24.070   581   581 D spi_rst_gpio_get_output: GPIO 145 value: 0
05-27 07:59:24.070   581   581 D spidev_ioctl: gpio status=0)
05-27 18:08:15.110  1008 30857 D [OMXB]  : usingANWBuffer: handle:0xee740590, format:1, w:1920, h:1080
05-27 18:08:15.115   299 30841 D EvsDriver: forwardFrame
05-27 18:08:15.116   299 30844 D EvsDriver: forwardFrame
05-27 18:08:15.118   299 30841 D EvsDriver: Delivered 0xb400007b7ca56a60 as id 0
05-27 18:08:15.119  1167  1184 D evsmanagerd: /dev/video4 forwarded the buffer #0 to 0xb4000074bf5f6850 from 0xb4000074bf5f41d0
05-27 18:08:15.119  1167  1479 D evsmanagerd: /dev/video6 forwarded the buffer #0 to 0xb4000074bf5f5510 from 0xb4000074bf5f6d90
05-27 18:08:15.119   299 30844 D EvsDriver: Delivered 0xb400007b7ca56900 as id 0
05-27 07:59:24.085   581   581 D spi_rst_gpio_get_output: GPIO 145 value: 1
05-27 07:59:24.085   581   581 D spidev_ioctl: gpio status=1)
05-27 18:08:15.120   481   598 I mcuc    : rev,n=1,6AA681A876000A89008A0104091312345687
05-27 18:08:15.121   581   581 I SpiService: fgesysctrl_getGPIO_status success val=1
05-27 18:08:15.121   351   373 D automotive.vehicle@2.0-adayo-datacomm-mcu: MCUDatacomm sendMessageFromVehicle prop: 0x89, areaId: 0x0, status: 0x8a, timestamp: 0x1
05-27 18:08:15.121   351   373 D automotive.vehicle@2.0-adayo-datacomm-mcu: MCUDatacomm 1sendMessageFromVehicle ---> type = 12 
05-27 18:08:15.121  1121  1144 I tboxmids_ap: [2026-05-27 18:08:15.121] [MCU RX] src=MCU dst=ZMQ len=10 type=BINARY data=00 08 8A 01 04 09 13 12 34 56 
05-27 18:08:15.124   299  1153 D EvsDriver: doneWithFrame
05-27 18:08:15.124 13911 14183 I SentryImuMcuAngleSender: 179.95795rollDeg
05-27 18:08:15.124   299  1163 D EvsDriver: doneWithFrame
05-27 18:08:15.124 13911 14183 I SentryImuMcuAngleSender: 1,0,0
05-27 18:08:15.124  1083  1083 I MyAppLog: [2026-05-27 18:08:15.122 I tboxap mcuCommTboxmidsRecvCb:97] [Mcu] [mcuCommTboxmidsRecvCb] recv from tboxmids, size:10
05-27 18:08:15.125  1083  1083 I MyAppLog: [2026-05-27 18:08:15.123 I tboxap mcuCommTboxmidsRecvCb:98] [Mcu] [tboxmids -> tboxap]: :00 08 8A 01 04 09 13 12 34 56
05-27 18:08:15.125  1083  1083 W MyAppLog: [2026-05-27 18:08:15.123 W tboxap mcuYadiFrameParse:852] [Mcu] [mcuYadiFrameParse] cmd:0913(MCU_SEC_BATT1_DYNAMIC_IND) payload too short:5 < 36
05-27 18:08:15.125  1083  1083 W MyAppLog: [2026-05-27 18:08:15.123 W tboxap mcuPtlParseData:982] [Mcu] [mcuPtlParseData] invalid yadi frame, len:10
05-27 18:08:15.126   581   581 I SpiService: fgesysctrl_getGPIO_status success val=1
05-27 07:59:24.091   581   581 D spi_rst_gpio_get_output: GPIO 145 value: 1
05-27 07:59:24.091   581   581 D spidev_ioctl: gpio status=1)
05-27 18:08:15.131  1008 30856 D [OMXB]  : usingANWBuffer: handle:0xee7469f0, format:1, w:1920, h:1080
05-27 18:08:15.132   581   581 I SpiService: fgesysctrl_getGPIO_status success val=1
05-27 07:59:24.096   581   581 D spi_rst_gpio_get_output: GPIO 145 value: 1
05-27 07:59:24.096   581   581 D spidev_ioctl: gpio status=1)
05-27 18:08:15.137   581   581 I SpiService: fgesysctrl_getGPIO_status success val=1
05-27 18:08:15.140   536   536 D commservice260303: msg.id = 1028,1
05-27 18:08:15.140   536   536 D commservice260303: i = 170, msgid = 8A000404
05-27 18:08:15.140   536   536 D commservice260303: msgid = -1979710460,did=138
05-27 18:08:15.140   536   536 D commservice260303: CommProtocolLibCmdBaseI2C::dataproc {"command":{"id":"imu_status","sub":""},"content":{"TimeStamp":8,"FrameCounter":192684,"GD_X":-0.011300750076770782,"GD_Y":0.004733873065561056,"GD_Z":0.0019848872907459736,"AD_X":-0.0017201900482177734,"AD_Y":-0.0019380819285288453,"AD_Z":-0.169464111328125,"TempDsp":0,"Status":0,"CalibState":1,"SigAmpInvalid":0}},-1979710460
05-27 18:08:15.140   536   536 D commservice260303: send2Cluster len:316, 7B22636F6D6D616E64223A7B226964223A22696D755F737461747573222C22737562223A22227D2C22636F6E74656E74223A7B2254696D655374616D70223A382C224672616D65436F756E746572223A3139323638342C2247445F58223A2D302E3031313330303735303037363737303738322C2247445F59223A302E3030343733333837333036353536313035362C2247445F5A223A302E303031393834383837323930373435393733362C2241445F58223A2D302E303031373230313930303438323137373733342C2241445F59223A2D302E303031393338303831393238353238383435332C2241445F5A223A2D302E3136393436343131313332383132352C2254656D70447370223A302C22537461747573223A302C2243616C69625374617465223A312C22536967416D70496E76616C6964223A307D7D, 138 
05-27 18:08:15.140   536   536 D commservice260303: Push Message into SendPool fn=-1255406848
05-27 18:08:15.140   536   536 D commservice260303: ComProtocolLibSend2Cluster::send2ClusterRaw fn=-1255406848 , len=332
05-27 18:08:15.140   536   536 D commservice260303: sendCmdToPort :332!!!
05-27 18:08:15.141   536   536 D commservice260303: send Cmd To Port ++++5AA501488A0100032CB56A16C28F7B22636F6D6D616E64223A7B226964223A22696D755F737461747573222C22737562223A22227D2C22636F6E74656E74223A7B2254696D655374616D70223A382C224672616D65436F756E746572223A3139323638342C2247445F58223A2D302E3031313330303735303037363737303738322C2247445F59223A302E3030343733333837333036353536313035362C2247445F5A223A302E303031393834383837323930373435393733362C2241445F58223A2D302E303031373230313930303438323137373733342C2241445F59223A2D302E303031393338303831393238353238383435332C2241445F5A223A2D302E3136393436343131313332383132352C2254656D70447370223A302C22537461747573223A302C2243616C69625374617465223A312C22536967416D70496E76616C6964223A307D7D2994
05-27 18:08:15.141   536   536 D commservice260303: bufferevent_write retrun value = 0
05-27 18:08:15.141   536   560 D commservice260303: client datas send succeed,send finish
05-27 18:08:15.141 13911 14192 D Sentinelmode_1.2.5.17_sentry: <SentryImuClusterFgeSender>imu_status sent to Linux, frame=192684, tsNs=8362388, tsMs=8, intervalMs=40, ad=(-0.00172019,-0.0019380819,-0.16946411), gd=(-0.01130075,0.004733873,0.0019848873)
05-27 18:08:15.142   299 30844 D EvsDriver: forwardFrame
05-27 07:59:24.102   581   581 D spi_rst_gpio_get_output: GPIO 145 value: 1
05-27 07:59:24.102   581   581 D spidev_ioctl: gpio status=1)
05-27 07:59:24.108   581   581 D spi_rst_gpio_get_output: GPIO 145 value: 0
05-27 07:59:24.108   581   581 D spidev_ioctl: gpio status=0)
05-27 18:08:15.143   581   581 I SpiService: fgesysctrl_getGPIO_status success val=0
05-27 18:08:15.143   481   597 I mcuc    : send SPI:6AA602A8760002890055
05-27 18:08:15.144   299 30844 D EvsDriver: Delivered 0xb400007b7ca56900 as id 0
05-27 18:08:15.144   299 30841 D EvsDriver: forwardFrame
05-27 18:08:15.144  1167  1184 D evsmanagerd: /dev/video6 forwarded the buffer #0 to 0xb4000074bf5f5510 from 0xb4000074bf5f6d90
05-27 18:08:15.145 30773 30781 E dvr_service_: [myNum:1] Received S**** loss
05-27 18:08:15.145   299 30841 D EvsDriver: Delivered 0xb400007b7ca56a60 as id 0
05-27 18:08:15.145  1167  1184 D evsmanagerd: /dev/video4 forwarded the buffer #0 to 0xb4000074bf5f6850 from 0xb4000074bf5f41d0
05-27 18:08:15.145 13911 14183 I SentryImuMcuAngleSender: 179.98949rollDeg
05-27 18:08:15.146 13911 14183 I SentryImuMcuAngleSender: 1,0,0
05-27 18:08:15.146 30773 30781 E dvr_service_: [myNum:0] Received S**** loss
05-27 18:08:15.146   299  1153 D EvsDriver: doneWithFrame
05-27 18:08:15.149   299  1153 D EvsDriver: doneWithFrame
05-27 18:08:15.150  1008 30857 D [OMXB]  : usingANWBuffer: handle:0xee740170, format:1, w:1920, h:1080
05-27 18:08:15.151 30773 30789 I dvr_service_: Camera 1: Buffer reuse stats - Total: 158700, Reused: 78722, New: 79978, Rate: 49.6%
05-27 18:08:15.152  1083  1083 I MyAppLog: [2026-05-27 18:08:15.152 I tboxap mcuSendYadiTransfer:196] [Mcu] [mcuYadiSend]: :00 08 B0 04 01 09 81 02 01 01
05-27 18:08:15.155   481   599 I mcuc    : start timer OK = 23436 
05-27 18:08:15.157   581   581 I SpiService: fgesysctrl_getGPIO_status success val=1
05-27 07:59:24.122   581   581 D spi_rst_gpio_get_output: GPIO 145 value: 1
05-27 07:59:24.122   581   581 D spidev_ioctl: gpio status=1)
05-27 18:08:15.163   581   581 I SpiService: fgesysctrl_getGPIO_status success val=1
05-27 07:59:24.127   581   581 D spi_rst_gpio_get_output: GPIO 145 value: 1
05-27 07:59:24.127   581   581 D spidev_ioctl: gpio status=1)
05-27 18:08:15.165 13911 14183 I SentryImuMcuAngleSender: -179.9895rollDeg
05-27 18:08:15.165 13911 14183 I SentryImuMcuAngleSender: 1,0,0
05-27 18:08:15.168   581   581 I SpiService: fgesysctrl_getGPIO_status success val=1
05-27 07:59:24.133   581   581 D spi_rst_gpio_get_output: GPIO 145 value: 1
05-27 07:59:24.133   581   581 D spidev_ioctl: gpio status=1)
05-27 18:08:15.171  1008 30856 D [OMXB]  : usingANWBuffer: handle:0xee741b90, format:1, w:1920, h:1080
05-27 18:08:15.174   581   581 I SpiService: fgesysctrl_getGPIO_status success val=1
05-27 07:59:24.139   581   581 D spi_rst_gpio_get_output: GPIO 145 value: 1
05-27 07:59:24.139   581   581 D spidev_ioctl: gpio status=1)
05-27 07:59:24.141     0     0 W         : c6 [    C6] Irq_monitor:Irq                                           IPI[1]occur        7491 times interval 1028 ms
05-27 18:08:15.179   299 30844 D EvsDriver: forwardFrame
05-27 18:08:15.180   581   581 I SpiService: fgesysctrl_getGPIO_status success val=1
05-27 07:59:24.145   581   581 D spi_rst_gpio_get_output: GPIO 145 value: 1
05-27 07:59:24.145   581   581 D spidev_ioctl: gpio status=1)
05-27 18:08:15.181   536   536 D commservice260303: msg.id = 1028,0
05-27 18:08:15.181   536   536 D commservice260303: i = 170, msgid = 8A000404
05-27 18:08:15.181   536   536 D commservice260303: msgid = -1979710460,did=138
05-27 18:08:15.181   299 30844 D EvsDriver: Delivered 0xb400007b7ca56900 as id 0
05-27 18:08:15.181  1167  1184 D evsmanagerd: /dev/video6 forwarded the buffer #0 to 0xb4000074bf5f5510 from 0xb4000074bf5f6d90
05-27 18:08:15.181   536   536 D commservice260303: CommProtocolLibCmdBaseI2C::dataproc {"command":{"id":"imu_status","sub":""},"content":{"TimeStamp":8,"FrameCounter":192685,"GD_X":-0.011377211660146713,"GD_Y":0.005345047451555729,"GD_Z":0.002213752595707774,"AD_X":-0.005369663238525391,"AD_Y":-0.0037376864347606897,"AD_Z":-0.17434406280517578,"TempDsp":0,"Status":0,"CalibState":1,"SigAmpInvalid":0}},-1979710460
05-27 18:08:15.181   299 30841 D EvsDriver: forwardFrame
05-27 18:08:15.182   536   536 D commservice260303: send2Cluster len:316, 7B22636F6D6D616E64223A7B226964223A22696D755F737461747573222C22737562223A22227D2C22636F6E74656E74223A7B2254696D655374616D70223A382C224672616D65436F756E746572223A3139323638352C2247445F58223A2D302E3031313337373231313636303134363731332C2247445F59223A302E3030353334353034373435313535353732392C2247445F5A223A302E3030323231333735323539353730373737342C2241445F58223A2D302E3030353336393636333233383532353339312C2241445F59223A2D302E303033373337363836343334373630363839372C2241445F5A223A2D302E31373433343430363238303531373537382C2254656D70447370223A302C22537461747573223A302C2243616C69625374617465223A312C22536967416D70496E76616C6964223A307D7D, 138 
05-27 18:08:15.182   536   536 D commservice260303: Push Message into SendPool fn=-1238629632
05-27 18:08:15.182   536   536 D commservice260303: ComProtocolLibSend2Cluster::send2ClusterRaw fn=-1238629632 , len=332
05-27 18:08:15.182   536   536 D commservice260303: sendCmdToPort :332!!!
05-27 18:08:15.182   536   536 D commservice260303: send Cmd To Port ++++5AA501488A0100032CB66A16C28F7B22636F6D6D616E64223A7B226964223A22696D755F737461747573222C22737562223A22227D2C22636F6E74656E74223A7B2254696D655374616D70223A382C224672616D65436F756E746572223A3139323638352C2247445F58223A2D302E3031313337373231313636303134363731332C2247445F59223A302E3030353334353034373435313535353732392C2247445F5A223A302E3030323231333735323539353730373737342C2241445F58223A2D302E3030353336393636333233383532353339312C2241445F59223A2D302E303033373337363836343334373630363839372C2241445F5A223A2D302E31373433343430363238303531373537382C2254656D70447370223A302C22537461747573223A302C2243616C69625374617465223A312C22536967416D70496E76616C6964223A307D7DD3F4
05-27 18:08:15.182   536   536 D commservice260303: bufferevent_write retrun value = 0
05-27 18:08:15.182   536   560 D commservice260303: client datas send succeed,send finish
05-27 18:08:15.183 13911 14192 D Sentinelmode_1.2.5.17_sentry: <SentryImuClusterFgeSender>imu_status sent to Linux, frame=192685, tsNs=8362426, tsMs=8, intervalMs=41, ad=(-0.0053696632,-0.0037376864,-0.17434406), gd=(-0.011377212,0.0053450475,0.0022137526)
05-27 18:08:15.183   299 30841 D EvsDriver: Delivered 0xb400007b7ca56a60 as id 0
05-27 18:08:15.183  1167  1184 D evsmanagerd: /dev/video4 forwarded the buffer #0 to 0xb4000074bf5f6850 from 0xb4000074bf5f41d0
05-27 18:08:15.185 13911 14183 I SentryImuMcuAngleSender: 180.0rollDeg
05-27 18:08:15.186 13911 14183 I SentryImuMcuAngleSender: 1,0,0
05-27 18:08:15.186   581   581 I SpiService: fgesysctrl_getGPIO_status success val=0
05-27 18:08:15.186   299  1153 D EvsDriver: doneWithFrame
05-27 18:08:15.186   481   597 I mcuc    : send SPI:6AA6015B8C00F80901B00401098102010100000000000000000000000000000000000000000000000000000000000000000000000000000000000000000000000000000000000000000000000000000000000000000000000000000000000000000000000000000000000000000000000000000000000000000000000000000000000000000000000000000000000000000000000000000000000000000000000000000000000000000000000000000000000000000000000000000000000000000000000000000000000000000000000000000000000000000000000000000000000000000000000000000000000000000000000000000000000000000000D3
05-27 18:08:15.187   299  1153 D EvsDriver: doneWithFrame
05-27 07:59:24.151   581   581 D spi_rst_gpio_get_output: GPIO 145 value: 0
05-27 07:59:24.151   581   581 D spidev_ioctl: gpio status=0)
05-27 18:08:15.192   572   622 I Sensors : 230 GyroSensor: x:-0.010384,y:0.005268,z:0.002367
05-27 18:08:15.193  1008 30857 D [OMXB]  : usingANWBuffer: handle:0xee7406f0, format:1, w:1920, h:1080
05-27 18:08:15.195   283   307 I rvcservice: t.code = 4, t.value = 0
05-27 18:08:15.201   581   581 I SpiService: fgesysctrl_getGPIO_status success val=1
05-27 07:59:24.166   581   581 D spi_rst_gpio_get_output: GPIO 145 value: 1
05-27 07:59:24.166   581   581 D spidev_ioctl: gpio status=1)
05-27 18:08:15.206  1008 30856 D [OMXB]  : usingANWBuffer: handle:0xee7442c0, format:1, w:1920, h:1080
05-27 18:08:15.206 13911 14183 I SentryImuMcuAngleSender: 179.97546rollDeg
05-27 18:08:15.206 13911 14183 I SentryImuMcuAngleSender: 1,0,0
05-27 18:08:15.207 30773 30789 I dvr_service_: Camera 0: MediaOK:66425831, frames:1540, isKeyFrame:0,pts:8362102376
05-27 18:08:15.207   581   581 I SpiService: fgesysctrl_getGPIO_status success val=1
05-27 18:08:15.208   299 30841 D EvsDriver: forwardFrame
05-27 07:59:24.171   581   581 D spi_rst_gpio_get_output: GPIO 145 value: 1
05-27 18:08:15.209   299 30841 D EvsDriver: Delivered 0xb400007b7ca56a60 as id 0
05-27 18:08:15.209  1167  1479 D evsmanagerd: /dev/video4 forwarded the buffer #0 to 0xb4000074bf5f6850 from 0xb4000074bf5f41d0
05-27 18:08:15.211   299  1153 D EvsDriver: doneWithFrame
05-27 07:59:24.177   581   581 D spidev_ioctl: gpio status=1)
05-27 18:08:15.215   299 30844 D EvsDriver: forwardFrame
05-27 18:08:15.216   299 30844 D EvsDriver: Delivered 0xb400007b7ca56900 as id 0
05-27 18:08:15.216  1167  1479 D evsmanagerd: /dev/video6 forwarded the buffer #0 to 0xb4000074bf5f5510 from 0xb4000074bf5f6d90
05-27 18:08:15.218   581   581 I SpiService: fgesysctrl_getGPIO_status success val=1
05-27 18:08:15.218   299  1153 D EvsDriver: doneWithFrame
05-27 07:59:24.182   581   581 D spi_rst_gpio_get_output: GPIO 145 value: 1
05-27 07:59:24.182   581   581 D spidev_ioctl: gpio status=1)
05-27 18:08:15.221   536   536 D commservice260303: msg.id = 1028,1
05-27 18:08:15.221   536   536 D commservice260303: i = 170, msgid = 8A000404
05-27 18:08:15.221   536   536 D commservice260303: msgid = -1979710460,did=138
05-27 18:08:15.221   536   536 D commservice260303: CommProtocolLibCmdBaseI2C::dataproc {"command":{"id":"imu_status","sub":""},"content":{"TimeStamp":8,"FrameCounter":192686,"GD_X":-0.010537171736359596,"GD_Y":0.005039200186729431,"GD_Z":0.002519079949706793,"AD_X":-0.0017116069793701172,"AD_Y":0.0035687717609107494,"AD_Z":-0.16275405883789062,"TempDsp":0,"Status":0,"CalibState":1,"SigAmpInvalid":0}},-1979710460
05-27 18:08:15.221   536   536 D commservice260303: send2Cluster len:316, 7B22636F6D6D616E64223A7B226964223A22696D755F737461747573222C22737562223A22227D2C22636F6E74656E74223A7B2254696D655374616D70223A382C224672616D65436F756E746572223A3139323638362C2247445F58223A2D302E3031303533373137313733363335393539362C2247445F59223A302E3030353033393230303138363732393433312C2247445F5A223A302E3030323531393037393934393730363739332C2241445F58223A2D302E303031373131363036393739333730313137322C2241445F59223A302E303033353638373731373630393130373439342C2241445F5A223A2D302E31363237353430353838333738393036322C2254656D70447370223A302C22537461747573223A302C2243616C69625374617465223A312C22536967416D70496E76616C6964223A307D7D, 138 
05-27 18:08:15.221   536   536 D commservice260303: Push Message into SendPool fn=-1221852416
05-27 18:08:15.221   536   536 D commservice260303: ComProtocolLibSend2Cluster::send2ClusterRaw fn=-1221852416 , len=332
05-27 18:08:15.221   536   536 D commservice260303: sendCmdToPort :332!!!
05-27 18:08:15.221   536   536 D commservice260303: send Cmd To Port ++++5AA501488A0100032CB76A16C28F7B22636F6D6D616E64223A7B226964223A22696D755F737461747573222C22737562223A22227D2C22636F6E74656E74223A7B2254696D655374616D70223A382C224672616D65436F756E746572223A3139323638362C2247445F58223A2D302E3031303533373137313733363335393539362C2247445F59223A302E3030353033393230303138363732393433312C2247445F5A223A302E3030323531393037393934393730363739332C2241445F58223A2D302E303031373131363036393739333730313137322C2241445F59223A302E303033353638373731373630393130373439342C2241445F5A223A2D302E31363237353430353838333738393036322C2254656D70447370223A302C22537461747573223A302C2243616C69625374617465223A312C22536967416D70496E76616C6964223A307D7D3403
05-27 18:08:15.221   536   536 D commservice260303: bufferevent_write retrun value = 0
05-27 18:08:15.221   536   560 D commservice260303: client datas send succeed,send finish
05-27 18:08:15.222 13911 14192 D Sentinelmode_1.2.5.17_sentry: <SentryImuClusterFgeSender>imu_status sent to Linux, frame=192686, tsNs=8362460, tsMs=8, intervalMs=39, ad=(-0.001711607,0.0035687718,-0.16275406), gd=(-0.010537172,0.0050392,0.00251908)
05-27 18:08:15.223   581   581 I SpiService: fgesysctrl_getGPIO_status success val=1
05-27 07:59:24.188   581   581 D spi_rst_gpio_get_output: GPIO 145 value: 1
05-27 07:59:24.188   581   581 D spidev_ioctl: gpio status=1)
05-27 18:08:15.226 13911 14183 I SentryImuMcuAngleSender: 179.95793rollDeg
05-27 18:08:15.227 13911 14183 I SentryImuMcuAngleSender: 1,0,0
05-27 18:08:15.229   581   581 I SpiService: fgesysctrl_getGPIO_status success val=0
05-27 07:59:24.194   581   581 D spi_rst_gpio_get_output: GPIO 145 value: 0
05-27 07:59:24.194   581   581 D spidev_ioctl: gpio status=0)
05-27 18:08:15.237  1008 30856 D [OMXB]  : usingANWBuffer: handle:0xee7427f0, format:1, w:1920, h:1080
05-27 18:08:15.242   481   598 I mcuc    : rev,n=1,6AA681A877008C8305000055000000B00000000000010001000090A080B15AF49A805C805A2003805B00B5805CB281CF731503A200000000040000B3000000000000000000000000000000B44300000000000300000000000000AA000000E40701010000000000000000BB06050507EA051B000008009403CB00CC000000000000000000000000000000B5000000000000000079
05-27 18:08:15.242   351   373 D automotive.vehicle@2.0-adayo-datacomm-mcu: MCUDatacomm sendMessageFromVehicle prop: 0x83, areaId: 0x5, status: 0x0, timestamp: 0x0
05-27 18:08:15.242   351   373 D automotive.vehicle@2.0-adayo-datacomm-mcu: MCUDatacomm 1sendMessageFromVehicle ---> type = 7 
05-27 18:08:15.242   351   373 I automotive.vehicle@2.0-adayo-func-mcu: MCUFunc :sendMessageFromVehicle  msgBuff[0] = 131 
05-27 18:08:15.242   481   598 I mcuc    : rev,n=2,6AA6825B8C000209018B
05-27 18:08:15.242   351   373 I automotive.vehicle@2.0-adayo-func-mcu: MCUFunc :sendMessageFromVehicle  msgBuff[1] = 5 
05-27 18:08:15.242   351   373 I automotive.vehicle@2.0-adayo-func-mcu: MCUFunc :sendMessageFromVehicle  msgBuff[2] = 0 
05-27 18:08:15.242   351   373 I automotive.vehicle@2.0-adayo-func-mcu: MCUFunc :sendMessageFromVehicle  msgBuff[3] = 0 
05-27 18:08:15.242   351   373 I automotive.vehicle@2.0-adayo-func-mcu: MCUFunc :sendMessageFromVehicle  msgBuff[4] = 85 
05-27 18:08:15.242   351   373 I automotive.vehicle@2.0-adayo-func-mcu: MCUFunc :sendMessageFromVehicle  msgBuff[5] = 0 
05-27 18:08:15.243   581   581 I SpiService: fgesysctrl_getGPIO_status success val=1
05-27 07:59:24.208   581   581 D spi_rst_gpio_get_output: GPIO 145 value: 1
05-27 07:59:24.208   581   581 D spidev_ioctl: gpio status=1)
05-27 18:08:15.246 13911 14183 I SentryImuMcuAngleSender: 179.98247rollDeg
05-27 18:08:15.246 13911 14183 I SentryImuMcuAngleSender: 1,0,0
05-27 18:08:15.248   299 30844 D EvsDriver: forwardFrame
05-27 18:08:15.249   581   581 I SpiService: fgesysctrl_getGPIO_status success val=1
05-27 07:59:24.213   581   581 D spi_rst_gpio_get_output: GPIO 145 value: 1
05-27 07:59:24.213   581   581 D spidev_ioctl: gpio status=1)
05-27 18:08:15.249   299 30844 D EvsDriver: Delivered 0xb400007b7ca56900 as id 0
05-27 18:08:15.249  1167  1479 D evsmanagerd: /dev/video6 forwarded the buffer #0 to 0xb4000074bf5f5510 from 0xb4000074bf5f6d90
05-27 18:08:15.251   299 30841 D EvsDriver: forwardFrame
05-27 18:08:15.251   299  1153 D EvsDriver: doneWithFrame
05-27 18:08:15.252   299 30841 D EvsDriver: Delivered 0xb400007b7ca56a60 as id 0
05-27 18:08:15.252  1167  1479 D evsmanagerd: /dev/video4 forwarded the buffer #0 to 0xb4000074bf5f6850 from 0xb4000074bf5f41d0
05-27 18:08:15.254   581   581 I SpiService: fgesysctrl_getGPIO_status success val=1
05-27 18:08:15.254   299  1153 D EvsDriver: doneWithFrame
05-27 18:08:15.254  1008 30857 D [OMXB]  : usingANWBuffer: handle:0xee744160, format:1, w:1920, h:1080
05-27 07:59:24.219   581   581 D spi_rst_gpio_get_output: GPIO 145 value: 1
05-27 07:59:24.219   581   581 D spidev_ioctl: gpio status=1)
05-27 18:08:15.260   581   581 I SpiService: fgesysctrl_getGPIO_status success val=1
05-27 07:59:24.225   581   581 D spi_rst_gpio_get_output: GPIO 145 value: 1
05-27 07:59:24.225   581   581 D spidev_ioctl: gpio status=1)
05-27 18:08:15.261   536   536 D commservice260303: msg.id = 1028,1
05-27 18:08:15.261   536   536 D commservice260303: i = 170, msgid = 8A000404
05-27 18:08:15.261   536   536 D commservice260303: msgid = -1979710460,did=138
05-27 18:08:15.261   536   536 D commservice260303: CommProtocolLibCmdBaseI2C::dataproc {"command":{"id":"imu_status","sub":""},"content":{"TimeStamp":8,"FrameCounter":192687,"GD_X":-0.011300750076770782,"GD_Y":0.00549693126231432,"GD_Z":0.0019848872907459736,"AD_X":-5.058646202087402E-4,"AD_Y":-7.09442188963294E-4,"AD_Z":-0.1658039093017578,"TempDsp":0,"Status":0,"CalibState":1,"SigAmpInvalid":0}},-1979710460
05-27 18:08:15.261   536   536 D commservice260303: send2Cluster len:313, 7B22636F6D6D616E64223A7B226964223A22696D755F737461747573222C22737562223A22227D2C22636F6E74656E74223A7B2254696D655374616D70223A382C224672616D65436F756E746572223A3139323638372C2247445F58223A2D302E3031313330303735303037363737303738322C2247445F59223A302E30303534393639333132363233313433322C2247445F5A223A302E303031393834383837323930373435393733362C2241445F58223A2D352E303538363436323032303837343032452D342C2241445F59223A2D372E3039343432313838393633323934452D342C2241445F5A223A2D302E313635383033393039333031373537382C2254656D70447370223A302C22537461747573223A302C2243616C69625374617465223A312C22536967416D70496E76616C6964223A307D7D, 138 
05-27 18:08:15.261   536   536 D commservice260303: Push Message into SendPool fn=-1205075200
05-27 18:08:15.261   536   536 D commservice260303: ComProtocolLibSend2Cluster::send2ClusterRaw fn=-1205075200 , len=329
05-27 18:08:15.261   536   536 D commservice260303: sendCmdToPort :329!!!
05-27 18:08:15.261   536   536 D commservice260303: send Cmd To Port ++++5AA501458A0100032CB86A16C28F7B22636F6D6D616E64223A7B226964223A22696D755F737461747573222C22737562223A22227D2C22636F6E74656E74223A7B2254696D655374616D70223A382C224672616D65436F756E746572223A3139323638372C2247445F58223A2D302E3031313330303735303037363737303738322C2247445F59223A302E30303534393639333132363233313433322C2247445F5A223A302E303031393834383837323930373435393733362C2241445F58223A2D352E303538363436323032303837343032452D342C2241445F59223A2D372E3039343432313838393633323934452D342C2241445F5A223A2D302E313635383033393039333031373537382C2254656D70447370223A302C22537461747573223A302C2243616C69625374617465223A312C22536967416D70496E76616C6964223A307D7D227D
05-27 18:08:15.261   536   536 D commservice260303: bufferevent_write retrun value = 0
05-27 18:08:15.261   536   560 D commservice260303: client datas send succeed,send finish
05-27 18:08:15.262 13911 14192 D Sentinelmode_1.2.5.17_sentry: <SentryImuClusterFgeSender>imu_status sent to Linux, frame=192687, tsNs=8362495, tsMs=8, intervalMs=40, ad=(-5.058646E-4,-7.094422E-4,-0.16580391), gd=(-0.01130075,0.0054969313,0.0019848873)
05-27 18:08:15.265   581   581 I SpiService: fgesysctrl_getGPIO_status success val=0
05-27 18:08:15.266   481   597 I mcuc    : send SPI:6AA602A8770002830555
05-27 18:08:15.266 13911 14183 I SentryImuMcuAngleSender: -179.986rollDeg
05-27 18:08:15.266 13911 14183 I SentryImuMcuAngleSender: 1,0,0
05-27 07:59:24.230   581   581 D spi_rst_gpio_get_output: GPIO 145 value: 0
05-27 07:59:24.230   581   581 D spidev_ioctl: gpio status=0)
05-27 18:08:15.276  1008 30856 D [OMXB]  : usingANWBuffer: handle:0xee746ec0, format:1, w:1920, h:1080
05-27 18:08:15.280   581   581 I SpiService: fgesysctrl_getGPIO_status success val=1
05-27 07:59:24.244   581   581 D spi_rst_gpio_get_output: GPIO 145 value: 1
05-27 07:59:24.244   581   581 D spidev_ioctl: gpio status=1)
05-27 18:08:15.283   299 30844 D EvsDriver: forwardFrame
05-27 18:08:15.284   299 30841 D EvsDriver: forwardFrame
05-27 18:08:15.285   299 30844 D EvsDriver: Delivered 0xb400007b7ca56900 as id 0
05-27 18:08:15.285  1167  1479 D evsmanagerd: /dev/video6 forwarded the buffer #0 to 0xb4000074bf5f5510 from 0xb4000074bf5f6d90
05-27 18:08:15.286   581   581 I SpiService: fgesysctrl_getGPIO_status success val=1
05-27 18:08:15.287 13911 14183 I SentryImuMcuAngleSender: -179.98598rollDeg
05-27 18:08:15.287 13911 14183 I SentryImuMcuAngleSender: 1,0,0
05-27 18:08:15.287   299 30841 D EvsDriver: Delivered 0xb400007b7ca56a60 as id 0
05-27 18:08:15.287  1167  1479 D evsmanagerd: /dev/video4 forwarded the buffer #0 to 0xb4000074bf5f6850 from 0xb4000074bf5f41d0
05-27 18:08:15.288   299  1153 D EvsDriver: doneWithFrame
05-27 18:08:15.291   299  1153 D EvsDriver: doneWithFrame
05-27 18:08:15.291   581   581 I SpiService: fgesysctrl_getGPIO_status success val=1
05-27 07:59:24.250   581   581 D spi_rst_gpio_get_output: GPIO 145 value: 1
05-27 07:59:24.250   581   581 D spidev_ioctl: gpio status=1)
05-27 07:59:24.256   581   581 D spi_rst_gpio_get_output: GPIO 145 value: 1
05-27 07:59:24.256   581   581 D spidev_ioctl: gpio status=1)
05-27 18:08:15.295   283   307 I rvcservice: t.code = 3, t.value = 0
05-27 18:08:15.295  1008 30857 D [OMXB]  : usingANWBuffer: handle:0xee747180, format:1, w:1920, h:1080
05-27 18:08:15.297   581   581 I SpiService: fgesysctrl_getGPIO_status success val=1
05-27 18:08:15.299   572   622 I Sensors : 230 AccelSensor: x:-0.172019,y:0.001829,z:-9.968010
05-27 07:59:24.262   581   581 D spi_rst_gpio_get_output: GPIO 145 value: 1
05-27 07:59:24.262   581   581 D spidev_ioctl: gpio status=1)
05-27 18:08:15.301   536   536 D commservice260303: msg.id = 1028,1
05-27 18:08:15.301   536   536 D commservice260303: i = 170, msgid = 8A000404
05-27 18:08:15.301   536   536 D commservice260303: msgid = -1979710460,did=138
05-27 18:08:15.301   536   536 D commservice260303: CommProtocolLibCmdBaseI2C::dataproc {"command":{"id":"imu_status","sub":""},"content":{"TimeStamp":8,"FrameCounter":192688,"GD_X":-0.011682018637657166,"GD_Y":0.005802778527140617,"GD_Z":0.0023671966046094894,"AD_X":-0.006578102707862854,"AD_Y":-0.001883664052002132,"AD_Z":-0.16275405883789062,"TempDsp":0,"Status":0,"CalibState":1,"SigAmpInvalid":0}},-1979710460
05-27 18:08:15.301   536   536 D commservice260303: send2Cluster len:316, 7B22636F6D6D616E64223A7B226964223A22696D755F737461747573222C22737562223A22227D2C22636F6E74656E74223A7B2254696D655374616D70223A382C224672616D65436F756E746572223A3139323638382C2247445F58223A2D302E3031313638323031383633373635373136362C2247445F59223A302E3030353830323737383532373134303631372C2247445F5A223A302E303032333637313936363034363039343839342C2241445F58223A2D302E3030363537383130323730373836323835342C2241445F59223A2D302E3030313838333636343035323030323133322C2241445F5A223A2D302E31363237353430353838333738393036322C2254656D70447370223A302C22537461747573223A302C2243616C69625374617465223A312C22536967416D70496E76616C6964223A307D7D, 138 
05-27 18:08:15.301   536   536 D commservice260303: Push Message into SendPool fn=-1188297984
05-27 18:08:15.301   536   536 D commservice260303: ComProtocolLibSend2Cluster::send2ClusterRaw fn=-1188297984 , len=332
05-27 18:08:15.301   536   536 D commservice260303: sendCmdToPort :332!!!
05-27 18:08:15.301   536   536 D commservice260303: send Cmd To Port ++++5AA501488A0100032CB96A16C28F7B22636F6D6D616E64223A7B226964223A22696D755F737461747573222C22737562223A22227D2C22636F6E74656E74223A7B2254696D655374616D70223A382C224672616D65436F756E746572223A3139323638382C2247445F58223A2D302E3031313638323031383633373635373136362C2247445F59223A302E3030353830323737383532373134303631372C2247445F5A223A302E303032333637313936363034363039343839342C2241445F58223A2D302E3030363537383130323730373836323835342C2241445F59223A2D302E3030313838333636343035323030323133322C2241445F5A223A2D302E31363237353430353838333738393036322C2254656D70447370223A302C22537461747573223A302C2243616C69625374617465223A312C22536967416D70496E76616C6964223A307D7D7FD5
05-27 18:08:15.302   536   536 D commservice260303: bufferevent_write retrun value = 0
05-27 18:08:15.302   536   560 D commservice260303: client datas send succeed,send finish
05-27 18:08:15.302 13911 14192 D Sentinelmode_1.2.5.17_sentry: <SentryImuClusterFgeSender>imu_status sent to Linux, frame=192688, tsNs=8362549, tsMs=8, intervalMs=40, ad=(-0.0065781027,-0.001883664,-0.16275406), gd=(-0.011682019,0.0058027785,0.0023671966)
05-27 18:08:15.302   581   581 I SpiService: fgesysctrl_getGPIO_status success val=1
05-27 07:59:24.267   581   581 D spi_rst_gpio_get_output: GPIO 145 value: 1
05-27 07:59:24.267   581   581 D spidev_ioctl: gpio status=1)
05-27 18:08:15.307 13911 14183 I SentryImuMcuAngleSender: 179.98949rollDeg
05-27 18:08:15.308 13911 14183 I SentryImuMcuAngleSender: 1,0,0
05-27 18:08:15.308   581   581 I SpiService: fgesysctrl_getGPIO_status success val=0
05-27 07:59:24.273   581   581 D spi_rst_gpio_get_output: GPIO 145 value: 0
05-27 07:59:24.273   581   581 D spidev_ioctl: gpio status=0)
05-27 18:08:15.310   299 30841 D EvsDriver: forwardFrame
05-27 18:08:15.311   299 30844 D EvsDriver: forwardFrame
05-27 18:08:15.312  1167  1479 D evsmanagerd: /dev/video6 forwarded the buffer #0 to 0xb4000074bf5f5510 from 0xb4000074bf5f6d90
05-27 18:08:15.312   299 30844 D EvsDriver: Delivered 0xb400007b7ca56900 as id 0
05-27 18:08:15.312 30773 30773 I dvr_service_: [myNum:1][onFrameReceived] Received Surface:1 0
05-27 18:08:15.312 30773 30773 E dvr_service_: [myNum:1] Received S**** loss
05-27 18:08:15.313  1167  1184 D evsmanagerd: /dev/video4 forwarded the buffer #0 to 0xb4000074bf5f6850 from 0xb4000074bf5f41d0
05-27 18:08:15.313 30773 30781 I dvr_service_: [myNum:0][onFrameReceived] Received Surface:1 0
05-27 18:08:15.313 30773 30781 E dvr_service_: [myNum:0] Received S**** loss
05-27 18:08:15.313   299  1153 D EvsDriver: doneWithFrame
05-27 18:08:15.313   299 30841 D EvsDriver: Delivered 0xb400007b7ca56a60 as id 0
05-27 18:08:15.313   299  1153 D EvsDriver: doneWithFrame
05-27 18:08:15.314  1008 30856 D [OMXB]  : usingANWBuffer: handle:0xee744bb0, format:1, w:1920, h:1080
05-27 07:59:24.283   303   303 I [Audio:SBLCK] p_tt: 1080027,1080027
05-27 18:08:15.322   581   581 I SpiService: fgesysctrl_getGPIO_status success val=1
05-27 07:59:24.287   581   581 D spi_rst_gpio_get_output: GPIO 145 value: 1
05-27 07:59:24.287   581   581 D spidev_ioctl: gpio status=1)
05-27 18:08:15.327 13911 14183 I SentryImuMcuAngleSender: 179.96495rollDeg
05-27 18:08:15.327 13911 14183 I SentryImuMcuAngleSender: 1,0,0
05-27 18:08:15.328   581   581 I SpiService: fgesysctrl_getGPIO_status success val=1
05-27 07:59:24.292   581   581 D spi_rst_gpio_get_output: GPIO 145 value: 1
05-27 07:59:24.292   581   581 D spidev_ioctl: gpio status=1)
05-27 18:08:15.333   581   581 I SpiService: fgesysctrl_getGPIO_status success val=1
05-27 18:08:15.334  1008 30857 D [OMXB]  : usingANWBuffer: handle:0xee743870, format:1, w:1920, h:1080
05-27 07:59:24.297   581   581 D spi_rst_gpio_get_output: GPIO 145 value: 1
05-27 07:59:24.297   581   581 D spidev_ioctl: gpio status=1)
05-27 18:08:15.338   581   581 I SpiService: fgesysctrl_getGPIO_status success val=1
05-27 18:08:15.340   536   536 D commservice260303: msg.id = 1028,1
05-27 18:08:15.340   536   536 D commservice260303: i = 170, msgid = 8A000404
05-27 18:08:15.340   536   536 D commservice260303: msgid = -1979710460,did=138
05-27 18:08:15.341   536   536 D commservice260303: CommProtocolLibCmdBaseI2C::dataproc {"command":{"id":"imu_status","sub":""},"content":{"TimeStamp":8,"FrameCounter":192689,"GD_X":-0.010537171736359596,"GD_Y":0.00549693126231432,"GD_Z":0.0028249274473637342,"AD_X":-0.004735410213470459,"AD_Y":0.004803978372365236,"AD_Z":-0.170074462890625,"TempDsp":0,"Status":0,"CalibState":1,"SigAmpInvalid":0}},-1979710460
05-27 07:59:24.303   581   581 D spi_rst_gpio_get_output: GPIO 145 value: 1
05-27 07:59:24.303   581   581 D spidev_ioctl: gpio status=1)
05-27 18:08:15.341   536   536 D commservice260303: send2Cluster len:312, 7B22636F6D6D616E64223A7B226964223A22696D755F737461747573222C22737562223A22227D2C22636F6E74656E74223A7B2254696D655374616D70223A382C224672616D65436F756E746572223A3139323638392C2247445F58223A2D302E3031303533373137313733363335393539362C2247445F59223A302E30303534393639333132363233313433322C2247445F5A223A302E303032383234393237343437333633373334322C2241445F58223A2D302E3030343733353431303231333437303435392C2241445F59223A302E3030343830333937383337323336353233362C2241445F5A223A2D302E3137303037343436323839303632352C2254656D70447370223A302C22537461747573223A302C2243616C69625374617465223A312C22536967416D70496E76616C6964223A307D7D, 138 
05-27 18:08:15.341   536   536 D commservice260303: Push Message into SendPool fn=-1171520768
