05-27 18:08:12.460   581   581 I SpiService: fgesysctrl_getGPIO_status success val=1
05-27 07:59:21.424   581   581 D spi_rst_gpio_get_output: GPIO 145 value: 1
05-27 07:59:21.424   581   581 D spidev_ioctl: gpio status=1)
05-27 18:08:12.461   536   536 D commservice260303: msg.id = 1028,2
05-27 18:08:12.462   536   536 D commservice260303: i = 170, msgid = 8A000404
05-27 18:08:12.462   536   536 D commservice260303: msgid = -1979710460,did=138
05-27 18:08:12.462   536   536 D commservice260303: CommProtocolLibCmdBaseI2C::dataproc {"command":{"id":"imu_status","sub":""},"content":{"TimeStamp":8,"FrameCounter":192618,"GD_X":-0.011453153565526009,"GD_Y":0.004505007527768612,"GD_Z":0.0023671966046094894,"AD_X":0.004534780979156494,"AD_Y":-0.0010550986044108868,"AD_Z":-0.16397476196289062,"TempDsp":0,"Status":0,"CalibState":1,"SigAmpInvalid":0}},-1979710460
05-27 18:08:12.462   536   536 D commservice260303: send2Cluster len:316, 7B22636F6D6D616E64223A7B226964223A22696D755F737461747573222C22737562223A22227D2C22636F6E74656E74223A7B2254696D655374616D70223A382C224672616D65436F756E746572223A3139323631382C2247445F58223A2D302E3031313435333135333536353532363030392C2247445F59223A302E3030343530353030373532373736383631322C2247445F5A223A302E303032333637313936363034363039343839342C2241445F58223A302E3030343533343738303937393135363439342C2241445F59223A2D302E303031303535303938363034343130383836382C2241445F5A223A2D302E31363339373437363139363238393036322C2254656D70447370223A302C22537461747573223A302C2243616C69625374617465223A312C22536967416D70496E76616C6964223A307D7D, 138 
05-27 18:08:12.462   536   536 D commservice260303: Push Message into SendPool fn=1915486976
05-27 18:08:12.462   536   536 D commservice260303: ComProtocolLibSend2Cluster::send2ClusterRaw fn=1915486976 , len=332
05-27 18:08:12.462   536   536 D commservice260303: sendCmdToPort :332!!!
05-27 18:08:12.462   536   536 D commservice260303: send Cmd To Port ++++5AA501488A0100032C726A16C28C7B22636F6D6D616E64223A7B226964223A22696D755F737461747573222C22737562223A22227D2C22636F6E74656E74223A7B2254696D655374616D70223A382C224672616D65436F756E746572223A3139323631382C2247445F58223A2D302E3031313435333135333536353532363030392C2247445F59223A302E3030343530353030373532373736383631322C2247445F5A223A302E303032333637313936363034363039343839342C2241445F58223A302E3030343533343738303937393135363439342C2241445F59223A2D302E303031303535303938363034343130383836382C2241445F5A223A2D302E31363339373437363139363238393036322C2254656D70447370223A302C22537461747573223A302C2243616C69625374617465223A312C22536967416D70496E76616C6964223A307D7D81BA
05-27 18:08:12.463   536   536 D commservice260303: bufferevent_write retrun value = 0
05-27 18:08:12.463   536   560 D commservice260303: client datas send succeed,send finish
05-27 18:08:12.463 13911 14192 D Sentinelmode_1.2.5.17_sentry: <SentryImuClusterFgeSender>imu_status sent to Linux, frame=192618, tsNs=8359671, tsMs=8, intervalMs=44, ad=(0.004534781,-0.0010550986,-0.16397476), gd=(-0.011453154,0.0045050075,0.0023671966)
05-27 18:08:12.465   566 11459 I gps_hdbd: Received: '$GNTXT,INSTALL,0.00,0.00,0.00,0.00,0.00,0.00,0*20
'
05-27 18:08:12.465   581   581 I SpiService: fgesysctrl_getGPIO_status success val=1
05-27 18:08:12.466 13911 14183 I SentryImuMcuAngleSender: 179.98598rollDeg
05-27 18:08:12.466 13911 14183 I SentryImuMcuAngleSender: 1,0,0
05-27 07:59:21.430   581   581 D spi_rst_gpio_get_output: GPIO 145 value: 1
05-27 07:59:21.430   581   581 D spidev_ioctl: gpio status=1)
05-27 18:08:12.471  1008 30856 D [OMXB]  : usingANWBuffer: handle:0xee7467e0, format:1, w:1920, h:1080
05-27 18:08:12.471   581   581 I SpiService: fgesysctrl_getGPIO_status success val=1
05-27 07:59:21.436   581   581 D spi_rst_gpio_get_output: GPIO 145 value: 1
05-27 07:59:21.436   581   581 D spidev_ioctl: gpio status=1)
05-27 18:08:12.471   572   572 I Sensors : 230 GyroSensor: x:-0.011835,y:0.004734,z:0.002672
05-27 18:08:12.474   299 30844 D EvsDriver: forwardFrame
05-27 18:08:12.475   299 30841 D EvsDriver: forwardFrame
05-27 18:08:12.477   299 30841 D EvsDriver: Delivered 0xb400007b7ca56a60 as id 0
05-27 18:08:12.477   299 30844 D EvsDriver: Delivered 0xb400007b7ca56900 as id 0
05-27 18:08:12.477   581   581 I SpiService: fgesysctrl_getGPIO_status success val=1
05-27 18:08:12.477  1167  1184 D evsmanagerd: /dev/video4 forwarded the buffer #0 to 0xb4000074bf5f6850 from 0xb4000074bf5f41d0
05-27 18:08:12.477 30773 30773 E dvr_service_: [myNum:0] Received S**** loss
05-27 18:08:12.478  1167  1479 D evsmanagerd: /dev/video6 forwarded the buffer #0 to 0xb4000074bf5f5510 from 0xb4000074bf5f6d90
05-27 18:08:12.478 30773 30781 E dvr_service_: [myNum:1] Received S**** loss
05-27 18:08:12.478   299  1163 D EvsDriver: doneWithFrame
05-27 18:08:12.478   299  1153 D EvsDriver: doneWithFrame
05-27 07:59:21.442   581   581 D spi_rst_gpio_get_output: GPIO 145 value: 1
05-27 07:59:21.442   581   581 D spidev_ioctl: gpio status=1)
05-27 18:08:12.482 30773 30786 I dvr_service_: CameraX 0  audioOK: 63774637,audios:950
05-27 18:08:12.482 30773 30786 I dvr_service_: CameraX 1  audioOK: 63774637,audios:950
05-27 18:08:12.483   581   581 I SpiService: fgesysctrl_getGPIO_status success val=1
05-27 07:59:21.447   581   581 D spi_rst_gpio_get_output: GPIO 145 value: 1
05-27 07:59:21.447   581   581 D spidev_ioctl: gpio status=1)
05-27 18:08:12.487 13911 14183 I SentryImuMcuAngleSender: 179.96497rollDeg
05-27 18:08:12.487 13911 14183 I SentryImuMcuAngleSender: 1,0,0
05-27 18:08:12.487 13911 14183 I SentryImuMcuAngleSender: [4, 18, 1, 0, 0],5
05-27 18:08:12.487 13911 14183 I McuCommManager: mcuCommSendcmd [4, 18, 1, 0, 0]
05-27 18:08:12.487 13911 14183 I SentryImuMcuAngleSender: true
05-27 18:08:12.487   283   307 I rvcservice: t.code = 3, t.value = 0
05-27 18:08:12.487 13911 14183 W Sentinelmode_1.2.5.17_sentry: <SentryImuMcuAngleSender>MCU IMU send interval abnormal: 1001ms
05-27 18:08:12.488   581   581 I SpiService: fgesysctrl_getGPIO_status success val=0
05-27 18:08:12.488   481   597 I mcuc    : send SPI:6AA6005B860005041201000003
05-27 07:59:21.453   581   581 D spi_rst_gpio_get_output: GPIO 145 value: 0
05-27 07:59:21.453   581   581 D spidev_ioctl: gpio status=0)
05-27 18:08:12.491  1008 30857 D [OMXB]  : usingANWBuffer: handle:0xee742690, format:1, w:1920, h:1080
05-27 18:08:12.501   536   536 D commservice260303: msg.id = 1028,0
05-27 18:08:12.501   536   536 D commservice260303: i = 170, msgid = 8A000404
05-27 18:08:12.501   536   536 D commservice260303: msgid = -1979710460,did=138
05-27 18:08:12.502   536   536 D commservice260303: CommProtocolLibCmdBaseI2C::dataproc {"command":{"id":"imu_status","sub":""},"content":{"TimeStamp":8,"FrameCounter":192619,"GD_X":-0.01160607673227787,"GD_Y":0.005039200186729431,"GD_Z":0.0019079053308814764,"AD_X":2.508610486984253E-4,"AD_Y":0.0026154806837439537,"AD_Z":-0.1719036102294922,"TempDsp":0,"Status":0,"CalibState":1,"SigAmpInvalid":0}},-1979710460
05-27 18:08:12.502   536   536 D commservice260303: send2Cluster len:313, 7B22636F6D6D616E64223A7B226964223A22696D755F737461747573222C22737562223A22227D2C22636F6E74656E74223A7B2254696D655374616D70223A382C224672616D65436F756E746572223A3139323631392C2247445F58223A2D302E30313136303630373637333232373738372C2247445F59223A302E3030353033393230303138363732393433312C2247445F5A223A302E303031393037393035333330383831343736342C2241445F58223A322E353038363130343836393834323533452D342C2241445F59223A302E303032363135343830363833373433393533372C2241445F5A223A2D302E313731393033363130323239343932322C2254656D70447370223A302C22537461747573223A302C2243616C69625374617465223A312C22536967416D70496E76616C6964223A307D7D, 138 
05-27 18:08:12.502   536   536 D commservice260303: Push Message into SendPool fn=1932264192
05-27 18:08:12.502   536   536 D commservice260303: ComProtocolLibSend2Cluster::send2ClusterRaw fn=1932264192 , len=329
05-27 18:08:12.502   536   536 D commservice260303: sendCmdToPort :329!!!
05-27 18:08:12.502   536   536 D commservice260303: send Cmd To Port ++++5AA501458A0100032C736A16C28C7B22636F6D6D616E64223A7B226964223A22696D755F737461747573222C22737562223A22227D2C22636F6E74656E74223A7B2254696D655374616D70223A382C224672616D65436F756E746572223A3139323631392C2247445F58223A2D302E30313136303630373637333232373738372C2247445F59223A302E3030353033393230303138363732393433312C2247445F5A223A302E303031393037393035333330383831343736342C2241445F58223A322E353038363130343836393834323533452D342C2241445F59223A302E303032363135343830363833373433393533372C2241445F5A223A2D302E313731393033363130323239343932322C2254656D70447370223A302C22537461747573223A302C2243616C69625374617465223A312C22536967416D70496E76616C6964223A307D7D83D8
05-27 18:08:12.502   536   536 D commservice260303: bufferevent_write retrun value = 0
05-27 18:08:12.502   536   560 D commservice260303: client datas send succeed,send finish
05-27 18:08:12.502   581   581 I SpiService: fgesysctrl_getGPIO_status success val=1
05-27 18:08:12.503 13911 14192 D Sentinelmode_1.2.5.17_sentry: <SentryImuClusterFgeSender>imu_status sent to Linux, frame=192619, tsNs=8359733, tsMs=8, intervalMs=39, ad=(2.5086105E-4,0.0026154807,-0.17190361), gd=(-0.011606077,0.0050392,0.0019079053)
05-27 07:59:21.467   581   581 D spi_rst_gpio_get_output: GPIO 145 value: 1
05-27 07:59:21.467   581   581 D spidev_ioctl: gpio status=1)
05-27 18:08:12.508   581   581 I SpiService: fgesysctrl_getGPIO_status success val=1
05-27 18:08:12.508 13911 14183 I SentryImuMcuAngleSender: 179.94397rollDeg
05-27 18:08:12.508 13911 14183 I SentryImuMcuAngleSender: 1,0,0
05-27 07:59:21.472   581   581 D spi_rst_gpio_get_output: GPIO 145 value: 1
05-27 07:59:21.472   581   581 D spidev_ioctl: gpio status=1)
05-27 18:08:12.512  1008 30856 D [OMXB]  : usingANWBuffer: handle:0xee7427f0, format:1, w:1920, h:1080
05-27 18:08:12.512   299 30844 D EvsDriver: forwardFrame
05-27 18:08:12.513   581   581 I SpiService: fgesysctrl_getGPIO_status success val=1
05-27 18:08:12.514  1167  1184 D evsmanagerd: /dev/video6 forwarded the buffer #0 to 0xb4000074bf5f5510 from 0xb4000074bf5f6d90
05-27 18:08:12.514   299 30844 D EvsDriver: Delivered 0xb400007b7ca56900 as id 0
05-27 18:08:12.514   299 30841 D EvsDriver: forwardFrame
05-27 18:08:12.515   299 30841 D EvsDriver: Delivered 0xb400007b7ca56a60 as id 0
05-27 18:08:12.515  1167  1184 D evsmanagerd: /dev/video4 forwarded the buffer #0 to 0xb4000074bf5f6850 from 0xb4000074bf5f41d0
05-27 07:59:21.478   581   581 D spi_rst_gpio_get_output: GPIO 145 value: 1
05-27 07:59:21.478   581   581 D spidev_ioctl: gpio status=1)
05-27 07:59:21.483   581   581 D spi_rst_gpio_get_output: GPIO 145 value: 1
05-27 07:59:21.483   581   581 D spidev_ioctl: gpio status=1)
05-27 07:59:21.489   581   581 D spi_rst_gpio_get_output: GPIO 145 value: 1
05-27 07:59:21.489   581   581 D spidev_ioctl: gpio status=1)
05-27 18:08:12.517   299  1153 D EvsDriver: doneWithFrame
05-27 18:08:12.519   299  1153 D EvsDriver: doneWithFrame
05-27 18:08:12.519   581   581 I SpiService: fgesysctrl_getGPIO_status success val=1
05-27 18:08:12.525   581   581 I SpiService: fgesysctrl_getGPIO_status success val=1
05-27 18:08:12.529 13911 14183 I SentryImuMcuAngleSender: 179.96498rollDeg
05-27 18:08:12.530 13911 14183 I SentryImuMcuAngleSender: 1,0,0
05-27 18:08:12.531   581   581 I SpiService: fgesysctrl_getGPIO_status success val=0
05-27 07:59:21.496   581   581 D spi_rst_gpio_get_output: GPIO 145 value: 0
05-27 07:59:21.496   581   581 D spidev_ioctl: gpio status=0)
05-27 18:08:12.541   536   536 D commservice260303: msg.id = 1028,1
05-27 18:08:12.541   536   536 D commservice260303: i = 170, msgid = 8A000404
05-27 18:08:12.542   536   536 D commservice260303: msgid = -1979710460,did=138
05-27 18:08:12.542   536   536 D commservice260303: CommProtocolLibCmdBaseI2C::dataproc {"command":{"id":"imu_status","sub":""},"content":{"TimeStamp":8,"FrameCounter":192620,"GD_X":-0.011834942735731602,"GD_Y":0.005268065724521875,"GD_Z":0.002213752595707774,"AD_X":-0.008266821503639221,"AD_Y":-0.005324359983205795,"AD_Z":-0.16825008392333984,"TempDsp":0,"Status":0,"CalibState":1,"SigAmpInvalid":0}},-1979710460
05-27 18:08:12.542   536   536 D commservice260303: send2Cluster len:315, 7B22636F6D6D616E64223A7B226964223A22696D755F737461747573222C22737562223A22227D2C22636F6E74656E74223A7B2254696D655374616D70223A382C224672616D65436F756E746572223A3139323632302C2247445F58223A2D302E3031313833343934323733353733313630322C2247445F59223A302E3030353236383036353732343532313837352C2247445F5A223A302E3030323231333735323539353730373737342C2241445F58223A2D302E3030383236363832313530333633393232312C2241445F59223A2D302E3030353332343335393938333230353739352C2241445F5A223A2D302E31363832353030383339323333333938342C2254656D70447370223A302C22537461747573223A302C2243616C69625374617465223A312C22536967416D70496E76616C6964223A307D7D, 138 
05-27 18:08:12.542   536   536 D commservice260303: Push Message into SendPool fn=1949041408
05-27 18:08:12.542   536   536 D commservice260303: ComProtocolLibSend2Cluster::send2ClusterRaw fn=1949041408 , len=331
05-27 18:08:12.542   536   536 D commservice260303: sendCmdToPort :331!!!
05-27 18:08:12.542  1008 30857 D [OMXB]  : usingANWBuffer: handle:0xee7407a0, format:1, w:1920, h:1080
05-27 18:08:12.542   536   536 D commservice260303: send Cmd To Port ++++5AA501478A0100032C746A16C28C7B22636F6D6D616E64223A7B226964223A22696D755F737461747573222C22737562223A22227D2C22636F6E74656E74223A7B2254696D655374616D70223A382C224672616D65436F756E746572223A3139323632302C2247445F58223A2D302E3031313833343934323733353733313630322C2247445F59223A302E3030353236383036353732343532313837352C2247445F5A223A302E3030323231333735323539353730373737342C2241445F58223A2D302E3030383236363832313530333633393232312C2241445F59223A2D302E3030353332343335393938333230353739352C2241445F5A223A2D302E31363832353030383339323333333938342C2254656D70447370223A302C22537461747573223A302C2243616C69625374617465223A312C22536967416D70496E76616C6964223A307D7DA155
05-27 18:08:12.542   536   536 D commservice260303: bufferevent_write retrun value = 0
05-27 18:08:12.543   536   560 D commservice260303: client datas send succeed,send finish
05-27 18:08:12.544 13911 14192 D Sentinelmode_1.2.5.17_sentry: <SentryImuClusterFgeSender>imu_status sent to Linux, frame=192620, tsNs=8359785, tsMs=8, intervalMs=41, ad=(-0.0082668215,-0.00532436,-0.16825008), gd=(-0.011834943,0.0052680657,0.0022137526)
05-27 18:08:12.544   536   760 I commservice260303: [mcuCommFunctionTcp::ProtocolCheckConnectTimeOutProc:613] keyID:256,tcpEvent:5,tcpcount:0,heartbeat:1,noHeartBeatNumber:0,endispatch:0,strState:0
05-27 18:08:12.544   536   760 D commservice260303: ProtocolCheckConnectTimeOutProc,629,clear heartbeat
05-27 18:08:12.545 13911 14131 D SVR_MNG_SvrMngProxy: getServer: mSvrManger is null
05-27 18:08:12.545 13911 14131 D SVR_MNG_SvrMngProxy: getNewStub: 
05-27 18:08:12.545 13911 14131 D SVR_MNG_SvrMngProxy: getNewStub: getSvrManagerService start
05-27 18:08:12.546 13911 14131 D SVR_MNG_SvrMngProxy: getNewStub: getSvrManagerService end
05-27 18:08:12.546 13911 14131 D SVR_MNG_SvrMngProxy: getServer: svrMngService doesn't start
05-27 18:08:12.546   581   581 I SpiService: fgesysctrl_getGPIO_status success val=1
05-27 07:59:21.511   581   581 D spi_rst_gpio_get_output: GPIO 145 value: 1
05-27 07:59:21.511   581   581 D spidev_ioctl: gpio status=1)
05-27 18:08:12.550 13911 14183 I SentryImuMcuAngleSender: -179.98949rollDeg
05-27 18:08:12.550 13911 14183 I SentryImuMcuAngleSender: 1,0,0
05-27 18:08:12.550   299 30844 D EvsDriver: forwardFrame
05-27 18:08:12.550   299 30841 D EvsDriver: forwardFrame
05-27 18:08:12.552   581   581 I SpiService: fgesysctrl_getGPIO_status success val=1
05-27 18:08:12.552   299 30844 D EvsDriver: Delivered 0xb400007b7ca56900 as id 0
05-27 07:59:21.517   581   581 D spi_rst_gpio_get_output: GPIO 145 value: 1
05-27 07:59:21.517   581   581 D spidev_ioctl: gpio status=1)
05-27 18:08:12.553  1167  1184 D evsmanagerd: /dev/video6 forwarded the buffer #0 to 0xb4000074bf5f5510 from 0xb4000074bf5f6d90
05-27 18:08:12.553   572   622 I Sensors : 230 AccelSensor: x:-0.173239,y:-0.001220,z:-9.973500
05-27 18:08:12.555   299 30841 D EvsDriver: Delivered 0xb400007b7ca56a60 as id 0
05-27 18:08:12.556  1167  1184 D evsmanagerd: /dev/video4 forwarded the buffer #0 to 0xb4000074bf5f6850 from 0xb4000074bf5f41d0
05-27 18:08:12.555 15863 15863 D AIN-NaviLocationPresenter: ACC is OFF, skip upload location
05-27 18:08:12.558   581   581 I SpiService: fgesysctrl_getGPIO_status success val=1
05-27 18:08:12.560   299  1153 D EvsDriver: doneWithFrame
05-27 07:59:21.523   581   581 D spi_rst_gpio_get_output: GPIO 145 value: 1
05-27 07:59:21.523   581   581 D spidev_ioctl: gpio status=1)
05-27 18:08:12.563   299  1153 D EvsDriver: doneWithFrame
05-27 18:08:12.564   581   581 I SpiService: fgesysctrl_getGPIO_status success val=1
05-27 07:59:21.528   581   581 D spi_rst_gpio_get_output: GPIO 145 value: 1
05-27 07:59:21.528   581   581 D spidev_ioctl: gpio status=1)
05-27 18:08:12.569  1008 30856 D [OMXB]  : usingANWBuffer: handle:0xee742b60, format:1, w:1920, h:1080
05-27 18:08:12.570   581   581 I SpiService: fgesysctrl_getGPIO_status success val=0
05-27 18:08:12.570 13911 14183 I SentryImuMcuAngleSender: -179.99298rollDeg
05-27 18:08:12.570 13911 14183 I SentryImuMcuAngleSender: 1,0,0
05-27 07:59:21.534   581   581 D spi_rst_gpio_get_output: GPIO 145 value: 0
05-27 07:59:21.534   581   581 D spidev_ioctl: gpio status=0)
05-27 18:08:12.581   299 30844 D EvsDriver: forwardFrame
05-27 18:08:12.582   299 30844 D EvsDriver: Delivered 0xb400007b7ca56900 as id 0
05-27 18:08:12.582   536   536 D commservice260303: msg.id = 1028,1
05-27 18:08:12.583   536   536 D commservice260303: i = 170, msgid = 8A000404
05-27 18:08:12.583   536   536 D commservice260303: msgid = -1979710460,did=138
05-27 18:08:12.583  1167  1479 D evsmanagerd: /dev/video6 forwarded the buffer #0 to 0xb4000074bf5f5510 from 0xb4000074bf5f6d90
05-27 18:08:12.583   536   536 D commservice260303: CommProtocolLibCmdBaseI2C::dataproc {"command":{"id":"imu_status","sub":""},"content":{"TimeStamp":8,"FrameCounter":192621,"GD_X":-0.011377211660146713,"GD_Y":0.005802778527140617,"GD_Z":0.002213752595707774,"AD_X":-0.008234471082687378,"AD_Y":0.0013958283234387636,"AD_Z":-0.17252063751220703,"TempDsp":0,"Status":0,"CalibState":1,"SigAmpInvalid":0}},-1979710460
05-27 18:08:12.583   536   536 D commservice260303: send2Cluster len:315, 7B22636F6D6D616E64223A7B226964223A22696D755F737461747573222C22737562223A22227D2C22636F6E74656E74223A7B2254696D655374616D70223A382C224672616D65436F756E746572223A3139323632312C2247445F58223A2D302E3031313337373231313636303134363731332C2247445F59223A302E3030353830323737383532373134303631372C2247445F5A223A302E3030323231333735323539353730373737342C2241445F58223A2D302E3030383233343437313038323638373337382C2241445F59223A302E303031333935383238333233343338373633362C2241445F5A223A2D302E31373235323036333735313232303730332C2254656D70447370223A302C22537461747573223A302C2243616C69625374617465223A312C22536967416D70496E76616C6964223A307D7D, 138 
05-27 18:08:12.583   536   536 D commservice260303: Push Message into SendPool fn=1965818624
05-27 18:08:12.583   536   536 D commservice260303: ComProtocolLibSend2Cluster::send2ClusterRaw fn=1965818624 , len=331
05-27 18:08:12.583   536   536 D commservice260303: sendCmdToPort :331!!!
05-27 18:08:12.583   536   536 D commservice260303: send Cmd To Port ++++5AA501478A0100032C756A16C28C7B22636F6D6D616E64223A7B226964223A22696D755F737461747573222C22737562223A22227D2C22636F6E74656E74223A7B2254696D655374616D70223A382C224672616D65436F756E746572223A3139323632312C2247445F58223A2D302E3031313337373231313636303134363731332C2247445F59223A302E3030353830323737383532373134303631372C2247445F5A223A302E3030323231333735323539353730373737342C2241445F58223A2D302E3030383233343437313038323638373337382C2241445F59223A302E303031333935383238333233343338373633362C2241445F5A223A2D302E31373235323036333735313232303730332C2254656D70447370223A302C22537461747573223A302C2243616C69625374617465223A312C22536967416D70496E76616C6964223A307D7DAD09
05-27 18:08:12.583   536   536 D commservice260303: bufferevent_write retrun value = 0
05-27 18:08:12.583   536   560 D commservice260303: client datas send succeed,send finish
05-27 18:08:12.584 13911 14192 D Sentinelmode_1.2.5.17_sentry: <SentryImuClusterFgeSender>imu_status sent to Linux, frame=192621, tsNs=8359822, tsMs=8, intervalMs=41, ad=(-0.008234471,0.0013958283,-0.17252064), gd=(-0.011377212,0.0058027785,0.0022137526)
05-27 18:08:12.585   581   581 I SpiService: fgesysctrl_getGPIO_status success val=1
05-27 18:08:12.586   299  1153 D EvsDriver: doneWithFrame
05-27 18:08:12.586   299 30841 D EvsDriver: forwardFrame
05-27 18:08:12.588   283   307 I rvcservice: t.code = 4, t.value = 0
05-27 18:08:12.589   299 30841 D EvsDriver: Delivered 0xb400007b7ca56a60 as id 0
05-27 07:59:21.550   581   581 D spi_rst_gpio_get_output: GPIO 145 value: 1
05-27 18:08:12.589  1167  1479 D evsmanagerd: /dev/video4 forwarded the buffer #0 to 0xb4000074bf5f6850 from 0xb4000074bf5f41d0
05-27 07:59:21.550   581   581 D spidev_ioctl: gpio status=1)
05-27 18:08:12.591 13911 14183 I SentryImuMcuAngleSender: 179.94745rollDeg
05-27 18:08:12.592 13911 14183 I SentryImuMcuAngleSender: 1,0,0
05-27 18:08:12.592   581   581 I SpiService: fgesysctrl_getGPIO_status success val=1
05-27 07:59:21.556   581   581 D spi_rst_gpio_get_output: GPIO 145 value: 1
05-27 18:08:12.593   299  1153 D EvsDriver: doneWithFrame
05-27 07:59:21.556   581   581 D spidev_ioctl: gpio status=1)
05-27 18:08:12.597   581   581 I SpiService: fgesysctrl_getGPIO_status success val=1
05-27 07:59:21.562   581   581 D spi_rst_gpio_get_output: GPIO 145 value: 1
05-27 07:59:21.562   581   581 D spidev_ioctl: gpio status=1)
05-27 18:08:12.602  1008 30857 D [OMXB]  : usingANWBuffer: handle:0xee743df0, format:1, w:1920, h:1080
05-27 18:08:12.603   581   581 I SpiService: fgesysctrl_getGPIO_status success val=1
05-27 07:59:21.567   581   581 D spi_rst_gpio_get_output: GPIO 145 value: 1
05-27 07:59:21.567   581   581 D spidev_ioctl: gpio status=1)
05-27 07:59:21.573   581   581 D spi_rst_gpio_get_output: GPIO 145 value: 1
05-27 07:59:21.573   581   581 D spidev_ioctl: gpio status=1)
05-27 18:08:12.608   581   581 I SpiService: fgesysctrl_getGPIO_status success val=1
05-27 18:08:12.610   536   560 D commservice260303: recv len:77, 5AA500490600000030EF6A16C28C7B22636F6D6D616E64223A7B226964223A226473695F6C7578222C22737562223A22227D2C22636F6E74656E74223A7B2276616C7565223A3230307D7D64BC from server
05-27 18:08:12.610   536  2578 D commservice260303: mcuDataAnalyzeHandle templen:77,len:77,pos:0, 5AA500490600000030EF6A16C28C7B22636F6D6D616E64223A7B226964223A226473695F6C7578222C22737562223A22227D2C22636F6E74656E74223A7B2276616C7565223A3230307D7D64BC 
05-27 18:08:12.610   536  2578 I commservice260303: checksumCal = 25788
05-27 18:08:12.610   536  2578 D commservice260303: CommProtocolLibCmdBaseC2I::dataproc {"command":{"id":"dsi_lux","sub":""},"content":{"value":200}},6
05-27 18:08:12.610   536  2578 D commservice260303: mcuCommMessageManager::notifyMsgToClient hwbinder OK
05-27 18:08:12.610   536  2578 D commservice260303: McuProtocolLibSend2Service::send2Service ret=1
05-27 18:08:12.610   299 30841 D EvsDriver: forwardFrame
05-27 18:08:12.612 13911 14183 I SentryImuMcuAngleSender: 179.94392rollDeg
05-27 18:08:12.612 13911 14183 I SentryImuMcuAngleSender: 1,0,0
05-27 18:08:12.612   299 30841 D EvsDriver: Delivered 0xb400007b7ca56a60 as id 0
05-27 18:08:12.612 12246 12440 D ivicomm_CommManager: fgeComServiceCallback: {"command":{"id":"dsi_lux","sub":""},"content":{"value":200}}
05-27 18:08:12.613  1167  1479 D evsmanagerd: /dev/video4 forwarded the buffer #0 to 0xb4000074bf5f6850 from 0xb4000074bf5f41d0
05-27 18:08:12.615   581   581 I SpiService: fgesysctrl_getGPIO_status success val=0
05-27 18:08:12.616   299  1153 D EvsDriver: doneWithFrame
05-27 07:59:21.579   581   581 D spi_rst_gpio_get_output: GPIO 145 value: 0
05-27 07:59:21.579   581   581 D spidev_ioctl: gpio status=0)
05-27 18:08:12.618 12246 12440 D ivicomm_CallbackManager: registerCallback DSI_LUX: {"value":200} mCommStateCallbackMap size:4
05-27 18:08:12.619 11579 11619 D NSLogUtils_VehicleService: L2A comm state: id=dsi_lux, value=200
05-27 18:08:12.619 11344  6594 D SystemUI_SystemSettingsControllerService: onCommState: commandID = dsi_lux; value = 200
05-27 18:08:12.621  1008 30856 D [OMXB]  : usingANWBuffer: handle:0xee740d20, format:1, w:1920, h:1080
05-27 18:08:12.622   299 30844 D EvsDriver: forwardFrame
05-27 18:08:12.624   299 30844 D EvsDriver: Delivered 0xb400007b7ca56900 as id 0
05-27 18:08:12.624  1167  1479 D evsmanagerd: /dev/video6 forwarded the buffer #0 to 0xb4000074bf5f5510 from 0xb4000074bf5f6d90
05-27 18:08:12.629   581   581 I SpiService: fgesysctrl_getGPIO_status success val=1
05-27 18:08:12.630   536   536 D commservice260303: msg.id = 1028,0
05-27 18:08:12.630   536   536 D commservice260303: i = 170, msgid = 8A000404
05-27 18:08:12.630   536   536 D commservice260303: msgid = -1979710460,did=138
05-27 18:08:12.630   536   536 D commservice260303: CommProtocolLibCmdBaseI2C::dataproc {"command":{"id":"imu_status","sub":""},"content":{"TimeStamp":8,"FrameCounter":192622,"GD_X":-0.011300750076770782,"GD_Y":0.006336971186101437,"GD_Z":0.001679039909504354,"AD_X":-0.010023236274719238,"AD_Y":0.006238927133381367,"AD_Z":-0.16825008392333984,"TempDsp":0,"Status":0,"CalibState":1,"SigAmpInvalid":0}},-1979710460
05-27 18:08:12.630   299  1153 D EvsDriver: doneWithFrame
05-27 18:08:12.630   536   536 D commservice260303: send2Cluster len:314, 7B22636F6D6D616E64223A7B226964223A22696D755F737461747573222C22737562223A22227D2C22636F6E74656E74223A7B2254696D655374616D70223A382C224672616D65436F756E746572223A3139323632322C2247445F58223A2D302E3031313330303735303037363737303738322C2247445F59223A302E3030363333363937313138363130313433372C2247445F5A223A302E3030313637393033393930393530343335342C2241445F58223A2D302E3031303032333233363237343731393233382C2241445F59223A302E3030363233383932373133333338313336372C2241445F5A223A2D302E31363832353030383339323333333938342C2254656D70447370223A302C22537461747573223A302C2243616C69625374617465223A312C22536967416D70496E76616C6964223A307D7D, 138 
05-27 18:08:12.630   536   536 D commservice260303: Push Message into SendPool fn=1982595840
05-27 18:08:12.630   536   536 D commservice260303: ComProtocolLibSend2Cluster::send2ClusterRaw fn=1982595840 , len=330
05-27 18:08:12.630   536   536 D commservice260303: sendCmdToPort :330!!!
05-27 18:08:12.631   536   536 D commservice260303: send Cmd To Port ++++5AA501468A0100032C766A16C28C7B22636F6D6D616E64223A7B226964223A22696D755F737461747573222C22737562223A22227D2C22636F6E74656E74223A7B2254696D655374616D70223A382C224672616D65436F756E746572223A3139323632322C2247445F58223A2D302E3031313330303735303037363737303738322C2247445F59223A302E3030363333363937313138363130313433372C2247445F5A223A302E3030313637393033393930393530343335342C2241445F58223A2D302E3031303032333233363237343731393233382C2241445F59223A302E3030363233383932373133333338313336372C2241445F5A223A2D302E31363832353030383339323333333938342C2254656D70447370223A302C22537461747573223A302C2243616C69625374617465223A312C22536967416D70496E76616C6964223A307D7D6D2F
05-27 18:08:12.631   536   536 D commservice260303: bufferevent_write retrun value = 0
05-27 18:08:12.631   536   560 D commservice260303: client datas send succeed,send finish
05-27 18:08:12.633 13911 14183 I SentryImuMcuAngleSender: 179.95793rollDeg
05-27 18:08:12.633 13911 14183 I SentryImuMcuAngleSender: 1,0,0
05-27 07:59:21.594   581   581 D spi_rst_gpio_get_output: GPIO 145 value: 1
05-27 07:59:21.594   581   581 D spidev_ioctl: gpio status=1)
05-27 18:08:12.633 13911 14192 D Sentinelmode_1.2.5.17_sentry: <SentryImuClusterFgeSender>imu_status sent to Linux, frame=192622, tsNs=8359858, tsMs=8, intervalMs=49, ad=(-0.010023236,0.006238927,-0.16825008), gd=(-0.01130075,0.006336971,0.0016790399)
05-27 18:08:12.635   581   581 I SpiService: fgesysctrl_getGPIO_status success val=1
05-27 07:59:21.600   581   581 D spi_rst_gpio_get_output: GPIO 145 value: 1
05-27 07:59:21.600   581   581 D spidev_ioctl: gpio status=1)
05-27 07:59:21.605   581   581 D spi_rst_gpio_get_output: GPIO 145 value: 1
05-27 07:59:21.605   581   581 D spidev_ioctl: gpio status=1)
05-27 18:08:12.640   581   581 I SpiService: fgesysctrl_getGPIO_status success val=1
05-27 18:08:12.641  1008 30857 D [OMXB]  : usingANWBuffer: handle:0xee740dd0, format:1, w:1920, h:1080
05-27 18:08:12.641   572   622 I Sensors : 230 GyroSensor: x:-0.011224,y:0.005803,z:0.002214
05-27 18:08:12.643 15858 15972 D MessageCenterService: 服务运行中
05-27 18:08:12.645   299 30844 D EvsDriver: forwardFrame
05-27 18:08:12.646   581   581 I SpiService: fgesysctrl_getGPIO_status success val=1
05-27 18:08:12.648  1167  1479 D evsmanagerd: /dev/video6 forwarded the buffer #0 to 0xb4000074bf5f5510 from 0xb4000074bf5f6d90
05-27 18:08:12.648   299 30844 D EvsDriver: Delivered 0xb400007b7ca56900 as id 0
05-27 18:08:12.648 30773 30781 E dvr_service_: [myNum:1] Received S**** loss
05-27 18:08:12.648   299 30841 D EvsDriver: forwardFrame
05-27 07:59:21.610   581   581 D spi_rst_gpio_get_output: GPIO 145 value: 1
05-27 07:59:21.610   581   581 D spidev_ioctl: gpio status=1)
05-27 18:08:12.649   299  1153 D EvsDriver: doneWithFrame
05-27 18:08:12.651   299 30841 D EvsDriver: Delivered 0xb400007b7ca56a60 as id 0
05-27 18:08:12.651  1167  1479 D evsmanagerd: /dev/video4 forwarded the buffer #0 to 0xb4000074bf5f6850 from 0xb4000074bf5f41d0
05-27 18:08:12.651 30773 30781 E dvr_service_: [myNum:0] Received S**** loss
05-27 18:08:12.651   299  1153 D EvsDriver: doneWithFrame
05-27 18:08:12.651   581   581 I SpiService: fgesysctrl_getGPIO_status success val=0
05-27 07:59:21.616   581   581 D spi_rst_gpio_get_output: GPIO 145 value: 0
05-27 07:59:21.616   581   581 D spidev_ioctl: gpio status=0)
05-27 18:08:12.653 13911 14183 I SentryImuMcuAngleSender: 179.98598rollDeg
05-27 18:08:12.653 13911 14183 I SentryImuMcuAngleSender: 1,0,0
05-27 18:08:12.658  1008 30856 D [OMXB]  : usingANWBuffer: handle:0xee742ab0, format:1, w:1920, h:1080
05-27 18:08:12.665   536   536 D commservice260303: msg.id = 1028,0
05-27 18:08:12.665   536   536 D commservice260303: i = 170, msgid = 8A000404
05-27 18:08:12.665   536   536 D commservice260303: msgid = -1979710460,did=138
05-27 18:08:12.665   536   536 D commservice260303: CommProtocolLibCmdBaseI2C::dataproc {"command":{"id":"imu_status","sub":""},"content":{"TimeStamp":8,"FrameCounter":192623,"GD_X":-0.01160607673227787,"GD_Y":0.0059551820158958435,"GD_Z":0.002443138277158141,"AD_X":-0.006305500864982605,"AD_Y":-0.004126572050154209,"AD_Z":-0.16702938079833984,"TempDsp":0,"Status":0,"CalibState":1,"SigAmpInvalid":0}},-1979710460
05-27 18:08:12.665   536   536 D commservice260303: send2Cluster len:315, 7B22636F6D6D616E64223A7B226964223A22696D755F737461747573222C22737562223A22227D2C22636F6E74656E74223A7B2254696D655374616D70223A382C224672616D65436F756E746572223A3139323632332C2247445F58223A2D302E30313136303630373637333232373738372C2247445F59223A302E303035393535313832303135383935383433352C2247445F5A223A302E3030323434333133383237373135383134312C2241445F58223A2D302E3030363330353530303836343938323630352C2241445F59223A2D302E3030343132363537323035303135343230392C2241445F5A223A2D302E31363730323933383037393833333938342C2254656D70447370223A302C22537461747573223A302C2243616C69625374617465223A312C22536967416D70496E76616C6964223A307D7D, 138 
05-27 18:08:12.665   536   536 D commservice260303: Push Message into SendPool fn=1999373056
05-27 18:08:12.666   536   536 D commservice260303: ComProtocolLibSend2Cluster::send2ClusterRaw fn=1999373056 , len=331
05-27 18:08:12.666   536   536 D commservice260303: sendCmdToPort :331!!!
05-27 18:08:12.666   581   581 I SpiService: fgesysctrl_getGPIO_status success val=1
05-27 18:08:12.666   536   536 D commservice260303: send Cmd To Port ++++5AA501478A0100032C776A16C28C7B22636F6D6D616E64223A7B226964223A22696D755F737461747573222C22737562223A22227D2C22636F6E74656E74223A7B2254696D655374616D70223A382C224672616D65436F756E746572223A3139323632332C2247445F58223A2D302E30313136303630373637333232373738372C2247445F59223A302E303035393535313832303135383935383433352C2247445F5A223A302E3030323434333133383237373135383134312C2241445F58223A2D302E3030363330353530303836343938323630352C2241445F59223A2D302E3030343132363537323035303135343230392C2241445F5A223A2D302E31363730323933383037393833333938342C2254656D70447370223A302C22537461747573223A302C2243616C69625374617465223A312C22536967416D70496E76616C6964223A307D7DFB94
05-27 18:08:12.666   536   536 D commservice260303: bufferevent_write retrun value = 0
05-27 18:08:12.666   536   560 D commservice260303: client datas send succeed,send finish
05-27 18:08:12.666 13911 14192 D Sentinelmode_1.2.5.17_sentry: <SentryImuClusterFgeSender>imu_status sent to Linux, frame=192623, tsNs=8359910, tsMs=8, intervalMs=33, ad=(-0.006305501,-0.004126572,-0.16702938), gd=(-0.011606077,0.005955182,0.0024431383)
05-27 07:59:21.630   581   581 D spi_rst_gpio_get_output: GPIO 145 value: 1
05-27 07:59:21.630   581   581 D spidev_ioctl: gpio status=1)
05-27 18:08:12.671   581   581 I SpiService: fgesysctrl_getGPIO_status success val=1
05-27 07:59:21.636   581   581 D spi_rst_gpio_get_output: GPIO 145 value: 1
05-27 07:59:21.636   581   581 D spidev_ioctl: gpio status=1)
05-27 18:08:12.673 13911 14183 I SentryImuMcuAngleSender: -179.99649rollDeg
05-27 18:08:12.673 13911 14183 I SentryImuMcuAngleSender: 1,0,0
05-27 18:08:12.676   581   581 I SpiService: fgesysctrl_getGPIO_status success val=1
05-27 07:59:21.641   581   581 D spi_rst_gpio_get_output: GPIO 145 value: 1
05-27 07:59:21.641   581   581 D spidev_ioctl: gpio status=1)
05-27 18:08:12.680  1008 30857 D [OMXB]  : usingANWBuffer: handle:0xee741c40, format:1, w:1920, h:1080
05-27 18:08:12.682   581   581 I SpiService: fgesysctrl_getGPIO_status success val=1
05-27 18:08:12.683   299 30841 D EvsDriver: forwardFrame
05-27 07:59:21.647   581   581 D spi_rst_gpio_get_output: GPIO 145 value: 1
05-27 07:59:21.647   581   581 D spidev_ioctl: gpio status=1)
05-27 18:08:12.685   299 30844 D EvsDriver: forwardFrame
05-27 18:08:12.688  1167  1479 D evsmanagerd: /dev/video4 forwarded the buffer #0 to 0xb4000074bf5f6850 from 0xb4000074bf5f41d0
05-27 18:08:12.688   283   307 I rvcservice: t.code = 3, t.value = 0
05-27 18:08:12.688   581   581 I SpiService: fgesysctrl_getGPIO_status success val=1
05-27 18:08:12.688   299 30844 D EvsDriver: Delivered 0xb400007b7ca56900 as id 0
05-27 18:08:12.688  1167  1479 D evsmanagerd: /dev/video6 forwarded the buffer #0 to 0xb4000074bf5f5510 from 0xb4000074bf5f6d90
05-27 18:08:12.688   299 30841 D EvsDriver: Delivered 0xb400007b7ca56a60 as id 0
05-27 18:08:12.692   299  1153 D EvsDriver: doneWithFrame
05-27 07:59:21.653   581   581 D spi_rst_gpio_get_output: GPIO 145 value: 1
05-27 07:59:21.653   581   581 D spidev_ioctl: gpio status=1)
05-27 07:59:21.658   581   581 D spi_rst_gpio_get_output: GPIO 145 value: 0
05-27 07:59:21.658   581   581 D spidev_ioctl: gpio status=0)
05-27 18:08:12.694   581   581 I SpiService: fgesysctrl_getGPIO_status success val=0
05-27 18:08:12.695   299  1153 D EvsDriver: doneWithFrame
05-27 18:08:12.695 13911 14183 I SentryImuMcuAngleSender: 179.99298rollDeg
05-27 18:08:12.695 13911 14183 I SentryImuMcuAngleSender: 1,0,0
05-27 18:08:12.699  1083  1083 W MyAppLog: [2026-05-27 18:08:12.699 W tboxmid threadLoop:1050] [Tbxomids] [CellularDataService] restart modem too many times, wait retry
05-27 18:08:12.702  1008 30856 D [OMXB]  : usingANWBuffer: handle:0xee743c90, format:1, w:1920, h:1080
05-27 18:08:12.706   536   536 D commservice260303: msg.id = 1028,2
05-27 18:08:12.706   536   536 D commservice260303: i = 170, msgid = 8A000404
05-27 18:08:12.706   536   536 D commservice260303: msgid = -1979710460,did=138
05-27 18:08:12.707   536   536 D commservice260303: CommProtocolLibCmdBaseI2C::dataproc {"command":{"id":"imu_status","sub":""},"content":{"TimeStamp":8,"FrameCounter":192624,"GD_X":-0.011453153565526009,"GD_Y":0.0048857564106583595,"GD_Z":0.0020608289632946253,"AD_X":9.951144456863403E-4,"AD_Y":1.5005003660917282E-4,"AD_Z":-0.16702938079833984,"TempDsp":0,"Status":0,"CalibState":1,"SigAmpInvalid":0}},-1979710460
05-27 18:08:12.707   536   536 D commservice260303: send2Cluster len:316, 7B22636F6D6D616E64223A7B226964223A22696D755F737461747573222C22737562223A22227D2C22636F6E74656E74223A7B2254696D655374616D70223A382C224672616D65436F756E746572223A3139323632342C2247445F58223A2D302E3031313435333135333536353532363030392C2247445F59223A302E303034383835373536343130363538333539352C2247445F5A223A302E303032303630383238393633323934363235332C2241445F58223A392E393531313434343536383633343033452D342C2241445F59223A312E35303035303033363630393137323832452D342C2241445F5A223A2D302E31363730323933383037393833333938342C2254656D70447370223A302C22537461747573223A302C2243616C69625374617465223A312C22536967416D70496E76616C6964223A307D7D, 138 
05-27 18:08:12.707   536   536 D commservice260303: Push Message into SendPool fn=2016150272
05-27 18:08:12.707   536   536 D commservice260303: ComProtocolLibSend2Cluster::send2ClusterRaw fn=2016150272 , len=332
05-27 18:08:12.707   536   536 D commservice260303: sendCmdToPort :332!!!
05-27 18:08:12.707   536   536 D commservice260303: send Cmd To Port ++++5AA501488A0100032C786A16C28C7B22636F6D6D616E64223A7B226964223A22696D755F737461747573222C22737562223A22227D2C22636F6E74656E74223A7B2254696D655374616D70223A382C224672616D65436F756E746572223A3139323632342C2247445F58223A2D302E3031313435333135333536353532363030392C2247445F59223A302E303034383835373536343130363538333539352C2247445F5A223A302E303032303630383238393633323934363235332C2241445F58223A392E393531313434343536383633343033452D342C2241445F59223A312E35303035303033363630393137323832452D342C2241445F5A223A2D302E31363730323933383037393833333938342C2254656D70447370223A302C22537461747573223A302C2243616C69625374617465223A312C22536967416D70496E76616C6964223A307D7D26B8
05-27 18:08:12.707   536   536 D commservice260303: bufferevent_write retrun value = 0
05-27 18:08:12.708   536   560 D commservice260303: client datas send succeed,send finish
05-27 18:08:12.708 13911 14192 D Sentinelmode_1.2.5.17_sentry: <SentryImuClusterFgeSender>imu_status sent to Linux, frame=192624, tsNs=8359946, tsMs=8, intervalMs=42, ad=(9.951144E-4,1.5005004E-4,-0.16702938), gd=(-0.011453154,0.0048857564,0.002060829)
05-27 18:08:12.709   581   581 I SpiService: fgesysctrl_getGPIO_status success val=1
05-27 07:59:21.674   581   581 D spi_rst_gpio_get_output: GPIO 145 value: 1
05-27 07:59:21.674   581   581 D spidev_ioctl: gpio status=1)
05-27 18:08:12.715   581   581 I SpiService: fgesysctrl_getGPIO_status success val=1
05-27 18:08:12.715 13911 14183 I SentryImuMcuAngleSender: 179.97197rollDeg
05-27 18:08:12.715 13911 14183 I SentryImuMcuAngleSender: 1,0,0
05-27 18:08:12.715   299 30844 D EvsDriver: forwardFrame
05-27 07:59:21.679   581   581 D spi_rst_gpio_get_output: GPIO 145 value: 1
05-27 07:59:21.679   581   581 D spidev_ioctl: gpio status=1)
05-27 18:08:12.717   299 30844 D EvsDriver: Delivered 0xb400007b7ca56900 as id 0
05-27 18:08:12.717  1167  1479 D evsmanagerd: /dev/video6 forwarded the buffer #0 to 0xb4000074bf5f5510 from 0xb4000074bf5f6d90
05-27 18:08:12.720   581   581 I SpiService: fgesysctrl_getGPIO_status success val=1
05-27 18:08:12.720   299  1153 D EvsDriver: doneWithFrame
05-27 07:59:21.685   581   581 D spi_rst_gpio_get_output: GPIO 145 value: 1
05-27 07:59:21.685   581   581 D spidev_ioctl: gpio status=1)
05-27 18:08:12.721   968  1284 D storaged: getDiskStats is not supported on health HAL.
05-27 18:08:12.725   299 30841 D EvsDriver: forwardFrame
05-27 18:08:12.727   581   581 I SpiService: fgesysctrl_getGPIO_status success val=1
05-27 18:08:12.727   299 30841 D EvsDriver: Delivered 0xb400007b7ca56a60 as id 0
05-27 18:08:12.727  1167  1479 D evsmanagerd: /dev/video4 forwarded the buffer #0 to 0xb4000074bf5f6850 from 0xb4000074bf5f41d0
05-27 18:08:12.728  1008 30857 D [OMXB]  : usingANWBuffer: handle:0xee7435b0, format:1, w:1920, h:1080
05-27 07:59:21.691   581   581 D spi_rst_gpio_get_output: GPIO 145 value: 1
05-27 07:59:21.691   581   581 D spidev_ioctl: gpio status=1)
05-27 18:08:12.733   581   581 I SpiService: fgesysctrl_getGPIO_status success val=0
05-27 18:08:12.734   299  1153 D EvsDriver: doneWithFrame
05-27 18:08:12.736 13911 14183 I SentryImuMcuAngleSender: 179.986rollDeg
05-27 18:08:12.736 13911 14183 I SentryImuMcuAngleSender: 1,0,0
05-27 07:59:21.698   581   581 D spi_rst_gpio_get_output: GPIO 145 value: 0
05-27 07:59:21.698   581   581 D spidev_ioctl: gpio status=0)
05-27 18:08:12.745   536   536 D commservice260303: msg.id = 1028,0
05-27 18:08:12.745   536   536 D commservice260303: i = 170, msgid = 8A000404
05-27 18:08:12.745   536   536 D commservice260303: msgid = -1979710460,did=138
05-27 18:08:12.745   536   536 D commservice260303: CommProtocolLibCmdBaseI2C::dataproc {"command":{"id":"imu_status","sub":""},"content":{"TimeStamp":8,"FrameCounter":192625,"GD_X":-0.012139749713242054,"GD_Y":0.005039200186729431,"GD_Z":0.0023671966046094894,"AD_X":9.741336107254028E-4,"AD_Y":-0.0010698717087507248,"AD_Z":-0.1773996353149414,"TempDsp":0,"Status":0,"CalibState":1,"SigAmpInvalid":0}},-1979710460
05-27 18:08:12.745   536   536 D commservice260303: send2Cluster len:315, 7B22636F6D6D616E64223A7B226964223A22696D755F737461747573222C22737562223A22227D2C22636F6E74656E74223A7B2254696D655374616D70223A382C224672616D65436F756E746572223A3139323632352C2247445F58223A2D302E3031323133393734393731333234323035342C2247445F59223A302E3030353033393230303138363732393433312C2247445F5A223A302E303032333637313936363034363039343839342C2241445F58223A392E373431333336313037323534303238452D342C2241445F59223A2D302E303031303639383731373038373530373234382C2241445F5A223A2D302E313737333939363335333134393431342C2254656D70447370223A302C22537461747573223A302C2243616C69625374617465223A312C22536967416D70496E76616C6964223A307D7D, 138 
05-27 18:08:12.745   536   536 D commservice260303: Push Message into SendPool fn=2032927488
05-27 18:08:12.745   536   536 D commservice260303: ComProtocolLibSend2Cluster::send2ClusterRaw fn=2032927488 , len=331
05-27 18:08:12.745   536   536 D commservice260303: sendCmdToPort :331!!!
05-27 18:08:12.745   536   536 D commservice260303: send Cmd To Port ++++5AA501478A0100032C796A16C28C7B22636F6D6D616E64223A7B226964223A22696D755F737461747573222C22737562223A22227D2C22636F6E74656E74223A7B2254696D655374616D70223A382C224672616D65436F756E746572223A3139323632352C2247445F58223A2D302E3031323133393734393731333234323035342C2247445F59223A302E3030353033393230303138363732393433312C2247445F5A223A302E303032333637313936363034363039343839342C2241445F58223A392E373431333336313037323534303238452D342C2241445F59223A2D302E303031303639383731373038373530373234382C2241445F5A223A2D302E313737333939363335333134393431342C2254656D70447370223A302C22537461747573223A302C2243616C69625374617465223A312C22536967416D70496E76616C6964223A307D7D9378
05-27 18:08:12.745   536   536 D commservice260303: bufferevent_write retrun value = 0
05-27 18:08:12.745   536   560 D commservice260303: client datas send succeed,send finish
05-27 18:08:12.745 13911 14192 D Sentinelmode_1.2.5.17_sentry: <SentryImuClusterFgeSender>imu_status sent to Linux, frame=192625, tsNs=8359982, tsMs=8, intervalMs=37, ad=(9.741336E-4,-0.0010698717,-0.17739964), gd=(-0.01213975,0.0050392,0.0023671966)
05-27 18:08:12.748   581   581 I SpiService: fgesysctrl_getGPIO_status success val=1
05-27 07:59:21.712   581   581 D spi_rst_gpio_get_output: GPIO 145 value: 1
05-27 07:59:21.712   581   581 D spidev_ioctl: gpio status=1)
05-27 18:08:12.748   481   598 I mcuc    : rev,n=1,6AA681A86D008C8305000055000000B000000000000100010000906D7FB166F4417F6A7F661FA97F69FECD7F69B27D137310FA2A00000000040000B3000000000000000000000000000000B44300000000000300000000000000AA000000E40701010000000000000000BB06050507EA051B000008009403CB00CC000000000000000000000000000000B500000000000000005E
05-27 18:08:12.748   351   373 D automotive.vehicle@2.0-adayo-datacomm-mcu: MCUDatacomm sendMessageFromVehicle prop: 0x83, areaId: 0x5, status: 0x0, timestamp: 0x0
05-27 18:08:12.748   351   373 D automotive.vehicle@2.0-adayo-datacomm-mcu: MCUDatacomm 1sendMessageFromVehicle ---> type = 7 
05-27 18:08:12.749   351   373 I automotive.vehicle@2.0-adayo-func-mcu: MCUFunc :sendMessageFromVehicle  msgBuff[0] = 131 
05-27 18:08:12.749   351   373 I automotive.vehicle@2.0-adayo-func-mcu: MCUFunc :sendMessageFromVehicle  msgBuff[1] = 5 
05-27 18:08:12.749   351   373 I automotive.vehicle@2.0-adayo-func-mcu: MCUFunc :sendMessageFromVehicle  msgBuff[2] = 0 
05-27 18:08:12.749   351   373 I automotive.vehicle@2.0-adayo-func-mcu: MCUFunc :sendMessageFromVehicle  msgBuff[3] = 0 
05-27 18:08:12.749   351   373 I automotive.vehicle@2.0-adayo-func-mcu: MCUFunc :sendMessageFromVehicle  msgBuff[4] = 85 
05-27 18:08:12.749   351   373 I automotive.vehicle@2.0-adayo-func-mcu: MCUFunc :sendMessageFromVehicle  msgBuff[5] = 0 
05-27 18:08:12.749  1008 30856 D [OMXB]  : usingANWBuffer: handle:0xee747180, format:1, w:1920, h:1080
05-27 18:08:12.749   572   622 I Sensors : 230 AccelSensor: x:-0.165920,y:-0.001220,z:-9.982040
05-27 18:08:12.751   299 30844 D EvsDriver: forwardFrame
05-27 18:08:12.753   299 30841 D EvsDriver: forwardFrame
05-27 18:08:12.753   581   581 I SpiService: fgesysctrl_getGPIO_status success val=1
05-27 18:08:12.754   299 30844 D EvsDriver: Delivered 0xb400007b7ca56900 as id 0
05-27 18:08:12.754   299 30841 D EvsDriver: Delivered 0xb400007b7ca56a60 as id 0
05-27 18:08:12.754  1167  1479 D evsmanagerd: /dev/video6 forwarded the buffer #0 to 0xb4000074bf5f5510 from 0xb4000074bf5f6d90
05-27 18:08:12.754  1167  1184 D evsmanagerd: /dev/video4 forwarded the buffer #0 to 0xb4000074bf5f6850 from 0xb4000074bf5f41d0
05-27 18:08:12.756 13911 14183 I SentryImuMcuAngleSender: -179.993rollDeg
05-27 18:08:12.756 13911 14183 I SentryImuMcuAngleSender: 1,0,0
05-27 07:59:21.718   581   581 D spi_rst_gpio_get_output: GPIO 145 value: 1
05-27 07:59:21.718   581   581 D spidev_ioctl: gpio status=1)
05-27 18:08:12.759   581   581 I SpiService: fgesysctrl_getGPIO_status success val=1
05-27 07:59:21.724   581   581 D spi_rst_gpio_get_output: GPIO 145 value: 1
05-27 07:59:21.724   581   581 D spidev_ioctl: gpio status=1)
05-27 18:08:12.763   299  1153 D EvsDriver: doneWithFrame
05-27 18:08:12.763   299  1163 D EvsDriver: doneWithFrame
05-27 18:08:12.765   581   581 I SpiService: fgesysctrl_getGPIO_status success val=1
05-27 07:59:21.730   581   581 D spi_rst_gpio_get_output: GPIO 145 value: 1
05-27 07:59:21.730   581   581 D spidev_ioctl: gpio status=1)
05-27 18:08:12.770   581   581 I SpiService: fgesysctrl_getGPIO_status success val=1
05-27 07:59:21.735   581   581 D spi_rst_gpio_get_output: GPIO 145 value: 1
05-27 07:59:21.735   581   581 D spidev_ioctl: gpio status=1)
05-27 18:08:12.776   581   581 I SpiService: fgesysctrl_getGPIO_status success val=0
05-27 18:08:12.776   481   597 I mcuc    : send SPI:6AA602A86D000283055F
05-27 18:08:12.776 13911 14183 I SentryImuMcuAngleSender: -179.99649rollDeg
05-27 18:08:12.776 13911 14183 I SentryImuMcuAngleSender: 1,0,0
05-27 07:59:21.740   581   581 D spi_rst_gpio_get_output: GPIO 145 value: 0
05-27 07:59:21.740   581   581 D spidev_ioctl: gpio status=0)
05-27 18:08:12.783   299 30841 D EvsDriver: forwardFrame
05-27 18:08:12.783   299 30844 D EvsDriver: forwardFrame
05-27 18:08:12.784   299 30844 D EvsDriver: Delivered 0xb400007b7ca56900 as id 0
05-27 18:08:12.785  1167  1184 D evsmanagerd: /dev/video6 forwarded the buffer #0 to 0xb4000074bf5f5510 from 0xb4000074bf5f6d90
05-27 18:08:12.785   536   536 D commservice260303: msg.id = 1028,0
05-27 18:08:12.785   536   536 D commservice260303: i = 170, msgid = 8A000404
05-27 18:08:12.785   536   536 D commservice260303: msgid = -1979710460,did=138
05-27 18:08:12.785   536   536 D commservice260303: CommProtocolLibCmdBaseI2C::dataproc {"command":{"id":"imu_status","sub":""},"content":{"TimeStamp":8,"FrameCounter":192626,"GD_X":-0.011834942735731602,"GD_Y":0.0051151420921087265,"GD_Z":0.0019079053308814764,"AD_X":-0.0014799535274505615,"AD_Y":-0.00409161951392889,"AD_Z":-0.17190837860107422,"TempDsp":0,"Status":0,"CalibState":1,"SigAmpInvalid":0}},-1979710460
05-27 18:08:12.786   536   536 D commservice260303: send2Cluster len:317, 7B22636F6D6D616E64223A7B226964223A22696D755F737461747573222C22737562223A22227D2C22636F6E74656E74223A7B2254696D655374616D70223A382C224672616D65436F756E746572223A3139323632362C2247445F58223A2D302E3031313833343934323733353733313630322C2247445F59223A302E303035313135313432303932313038373236352C2247445F5A223A302E303031393037393035333330383831343736342C2241445F58223A2D302E303031343739393533353237343530353631352C2241445F59223A2D302E30303430393136313935313339323838392C2241445F5A223A2D302E31373139303833373836303130373432322C2254656D70447370223A302C22537461747573223A302C2243616C69625374617465223A312C22536967416D70496E76616C6964223A307D7D, 138 
05-27 18:08:12.786   536   536 D commservice260303: Push Message into SendPool fn=2049704704
05-27 18:08:12.786   536   536 D commservice260303: ComProtocolLibSend2Cluster::send2ClusterRaw fn=2049704704 , len=333
05-27 18:08:12.786   536   536 D commservice260303: sendCmdToPort :333!!!
