05-27 18:13:17.685   351   516 D automotive.vehicle@2.0-adayo-func-bcm: BCMFunc sendMessageFromVehicle_l dataType: 12,mByte=19,propid=0x21400087
05-27 18:13:17.685   299 30841 D EvsDriver: Delivered 0xb400007b7ca56a60 as id 0
05-27 18:13:17.685   351   516 D automotive.vehicle@2.0-adayo-func-bcm: BCMFunc sendMessageFromVehicle_l msgBuff[19]=0x10,start:3,len:1,temp:1,
05-27 18:13:17.685   351   516 D automotive.vehicle@2.0-adayo-func-bcm: BCMFunc sendMessageFromVehicle_l prop: 0x21400087 ,areaId: 0x0  SPLITE_BIT_DATA_INTEGER : 0
05-27 18:13:17.685   351   516 D automotive.vehicle@2.0-adayo-func-bcm: BCMFunc sendMessageFromVehicle_l id:557842567, area:0 not report! 
05-27 18:13:17.685   351   516 D automotive.vehicle@2.0-adayo-func-bcm: BCMFunc sendMessageFromVehicle_l dataType: 12,mByte=19,propid=0x2140004e
05-27 18:13:17.685   351   516 D automotive.vehicle@2.0-adayo-func-bcm: BCMFunc sendMessageFromVehicle_l msgBuff[19]=0x10,start:5,len:1,temp:1,
05-27 18:13:17.685   351   516 D automotive.vehicle@2.0-adayo-func-bcm: BCMFunc sendMessageFromVehicle_l prop: 0x2140004e ,areaId: 0x0  SPLITE_BIT_DATA_INTEGER : 0
05-27 18:13:17.685   351   516 D automotive.vehicle@2.0-adayo-func-bcm: BCMFunc sendMessageFromVehicle_l id:557842510, area:0 not report! 
05-27 18:13:17.685   351   516 D automotive.vehicle@2.0-adayo-func-bcm: BCMFunc sendMessageFromVehicle_l dataType: 12,mByte=19,propid=0x2140004f
05-27 18:13:17.685   351   516 D automotive.vehicle@2.0-adayo-func-bcm: BCMFunc sendMessageFromVehicle_l msgBuff[19]=0x10,start:7,len:1,temp:1,
05-27 18:13:17.685   351   516 D automotive.vehicle@2.0-adayo-func-bcm: BCMFunc sendMessageFromVehicle_l prop: 0x2140004f ,areaId: 0x0  SPLITE_BIT_DATA_INTEGER : 0
05-27 18:13:17.685   351   516 D automotive.vehicle@2.0-adayo-func-bcm: BCMFunc sendMessageFromVehicle_l id:557842511, area:0 not report! 
05-27 18:13:17.685   351   516 D automotive.vehicle@2.0-adayo-func-bcm: BCMFunc sendMessageFromVehicle_l dataType: 12,mByte=20,propid=0x21400031
05-27 18:13:17.685   351   516 D automotive.vehicle@2.0-adayo-func-bcm: BCMFunc sendMessageFromVehicle_l msgBuff[20]=0x10,start:0,len:3,temp:3,
05-27 18:13:17.685   351   516 D automotive.vehicle@2.0-adayo-func-bcm: BCMFunc sendMessageFromVehicle_l prop: 0x21400031 ,areaId: 0x0  SPLITE_BIT_DATA_INTEGER : 0
05-27 18:13:17.685   351   516 D automotive.vehicle@2.0-adayo-func-bcm: BCMFunc sendMessageFromVehicle_l id:557842481, area:0 not report! 
05-27 18:13:17.685   351   516 D automotive.vehicle@2.0-adayo-func-bcm: BCMFunc sendMessageFromVehicle_l dataType: 12,mByte=20,propid=0x2140003a
05-27 18:13:17.685   351   516 D automotive.vehicle@2.0-adayo-func-bcm: BCMFunc sendMessageFromVehicle_l msgBuff[20]=0x10,start:5,len:3,temp:3,
05-27 18:13:17.685   351   516 D automotive.vehicle@2.0-adayo-func-bcm: BCMFunc sendMessageFromVehicle_l prop: 0x2140003a ,areaId: 0x0  SPLITE_BIT_DATA_INTEGER : 0
05-27 18:13:17.685   351   516 D automotive.vehicle@2.0-adayo-func-bcm: BCMFunc sendMessageFromVehicle_l id:557842490, area:0 not report! 
05-27 18:13:17.686   351   516 D automotive.vehicle@2.0-adayo-func-bcm: BCMFunc sendMessageFromVehicle_l dataType: 12,mByte=21,propid=0x2140008b
05-27 18:13:17.686   351   516 D automotive.vehicle@2.0-adayo-func-bcm: BCMFunc sendMessageFromVehicle_l msgBuff[21]=0x0,start:0,len:3,temp:3,
05-27 18:13:17.686   351   516 D automotive.vehicle@2.0-adayo-func-bcm: BCMFunc sendMessageFromVehicle_l prop: 0x2140008b ,areaId: 0x0  SPLITE_BIT_DATA_INTEGER : 0
05-27 18:13:17.686   351   516 D automotive.vehicle@2.0-adayo-func-bcm: BCMFunc sendMessageFromVehicle_l id:557842571, area:0 not report! 
05-27 18:13:17.686   351   516 D automotive.vehicle@2.0-adayo-func-bcm: BCMFunc sendMessageFromVehicle_l dataType: 12,mByte=22,propid=0x2140008c
05-27 18:13:17.686   351   516 D automotive.vehicle@2.0-adayo-func-bcm: BCMFunc sendMessageFromVehicle_l msgBuff[22]=0x0,start:1,len:1,temp:1,
05-27 18:13:17.686   351   516 D automotive.vehicle@2.0-adayo-func-bcm: BCMFunc sendMessageFromVehicle_l prop: 0x2140008c ,areaId: 0x0  SPLITE_BIT_DATA_INTEGER : 0
05-27 18:13:17.686   351   516 D automotive.vehicle@2.0-adayo-func-bcm: BCMFunc sendMessageFromVehicle_l id:557842572, area:0 not report! 
05-27 18:13:17.686   351   516 D automotive.vehicle@2.0-adayo-func-bcm: BCMFunc sendMessageFromVehicle_l dataType: 12,mByte=23,propid=0x2140008e
05-27 18:13:17.686   351   516 D automotive.vehicle@2.0-adayo-func-bcm: BCMFunc sendMessageFromVehicle_l msgBuff[23]=0x0,start:0,len:1,temp:1,
05-27 18:13:17.686   351   516 D automotive.vehicle@2.0-adayo-func-bcm: BCMFunc sendMessageFromVehicle_l prop: 0x2140008e ,areaId: 0x0  SPLITE_BIT_DATA_INTEGER : 0
05-27 18:13:17.686   351   516 D automotive.vehicle@2.0-adayo-func-bcm: BCMFunc sendMessageFromVehicle_l id:557842574, area:0 not report! 
05-27 18:13:17.686   351   516 D automotive.vehicle@2.0-adayo-func-bcm: BCMFunc sendMessageFromVehicle_l dataType: 12,mByte=23,propid=0x2140008f
05-27 18:13:17.686   351   516 D automotive.vehicle@2.0-adayo-func-bcm: BCMFunc sendMessageFromVehicle_l msgBuff[23]=0x0,start:1,len:1,temp:1,
05-27 18:13:17.686   351   516 D automotive.vehicle@2.0-adayo-func-bcm: BCMFunc sendMessageFromVehicle_l prop: 0x2140008f ,areaId: 0x0  SPLITE_BIT_DATA_INTEGER : 0
05-27 18:13:17.686   351   516 D automotive.vehicle@2.0-adayo-func-bcm: BCMFunc sendMessageFromVehicle_l id:557842575, area:0 not report! 
05-27 18:13:17.686   351   516 D automotive.vehicle@2.0-adayo-func-bcm: BCMFunc sendMessageFromVehicle_l dataType: 12,mByte=24,propid=0x2140000b
05-27 18:13:17.686   351   516 D automotive.vehicle@2.0-adayo-func-bcm: BCMFunc sendMessageFromVehicle_l msgBuff[24]=0x0,start:2,len:3,temp:3,
05-27 18:13:17.686   351   516 D automotive.vehicle@2.0-adayo-func-bcm: BCMFunc sendMessageFromVehicle_l prop: 0x2140000b ,areaId: 0x0  SPLITE_BIT_DATA_INTEGER : 0
05-27 18:13:17.686   351   516 D automotive.vehicle@2.0-adayo-func-bcm: BCMFunc sendMessageFromVehicle_l id:557842443, area:0 not report! 
05-27 18:13:17.686   351   516 D automotive.vehicle@2.0-adayo-func-bcm: BCMFunc sendMessageFromVehicle_l dataType: 12,mByte=26,propid=0x21400086
05-27 18:13:17.686   351   516 D automotive.vehicle@2.0-adayo-func-bcm: BCMFunc sendMessageFromVehicle_l msgBuff[26]=0x0,start:0,len:11,temp:8,
05-27 18:13:17.687   351   516 D automotive.vehicle@2.0-adayo-func-bcm: BCMFunc sendMessageFromVehicle_l msgBuff[25]=0x0,start:0,len:3,temp:3,
05-27 18:13:17.687   351   516 D automotive.vehicle@2.0-adayo-func-bcm: BCMFunc sendMessageFromVehicle_l prop: 0x21400086 ,areaId: 0x0  SPLITE_BIT_DATA_INTEGER : 0
05-27 18:13:17.687   351   516 D automotive.vehicle@2.0-adayo-func-bcm: BCMFunc sendMessageFromVehicle_l id:557842566, area:0 not report! 
05-27 18:13:17.687   351   516 D automotive.vehicle@2.0-adayo-func-bcm: BCMFunc sendMessageFromVehicle_l dataType: 12,mByte=28,propid=0x21600004
05-27 18:13:17.687   351   516 D automotive.vehicle@2.0-adayo-func-bcm: BCMFunc sendMessageFromVehicle_l msgBuff[28]=0x0,start:0,len:16,temp:8,
05-27 18:13:17.687   351   516 D automotive.vehicle@2.0-adayo-func-bcm: BCMFunc sendMessageFromVehicle_l msgBuff[27]=0x0,start:0,len:8,temp:8,
05-27 18:13:17.687   351   516 D automotive.vehicle@2.0-adayo-func-bcm: BCMFunc sendMessageFromVehicle_l prop: 0x21600004 , SPLITE_BIT_DATA_INTEGER1 data:0
05-27 18:13:17.687   351   516 D automotive.vehicle@2.0-adayo-func-bcm: BCMFunc sendMessageFromVehicle_l prop: 0x21600004 , SPLITE_BIT_DATA_INTEGER4 procotol.calc[0]:0.100000,procotol.calc[1]:0.000000
05-27 18:13:17.687   351   516 D automotive.vehicle@2.0-adayo-func-bcm: BCMFunc sendMessageFromVehicle_l prop: 0x21600004 ,areaId: 0x0  SPLITE_BIT_DATA_INTEGER : 0.000000,calc[0]:0.100000,calc[1]:0.000000
05-27 18:13:17.687   351   516 D automotive.vehicle@2.0-adayo-func-bcm: BCMFunc sendMessageFromVehicle_l id:559939588, area:0 not report! 
05-27 18:13:17.687   351   516 D automotive.vehicle@2.0-adayo-func-bcm: BCMFunc sendMessageFromVehicle_l dataType: 12,mByte=30,propid=0x21400003
05-27 18:13:17.687   351   516 D automotive.vehicle@2.0-adayo-func-bcm: BCMFunc sendMessageFromVehicle_l msgBuff[30]=0x0,start:0,len:16,temp:8,
05-27 18:13:17.687   351   516 D automotive.vehicle@2.0-adayo-func-bcm: BCMFunc sendMessageFromVehicle_l msgBuff[29]=0x0,start:0,len:8,temp:8,
05-27 18:13:17.687   351   516 D automotive.vehicle@2.0-adayo-func-bcm: BCMFunc sendMessageFromVehicle_l prop: 0x21400003 ,areaId: 0x0  SPLITE_BIT_DATA_INTEGER : 0
05-27 18:13:17.687   351   516 D automotive.vehicle@2.0-adayo-func-bcm: BCMFunc sendMessageFromVehicle_l id:557842435, area:0 not report! 
05-27 18:13:17.687   351   516 D automotive.vehicle@2.0-adayo-func-bcm: BCMFunc sendMessageFromVehicle_l dataType: 12,mByte=32,propid=0x21600002
05-27 18:13:17.687   351   516 D automotive.vehicle@2.0-adayo-func-bcm: BCMFunc sendMessageFromVehicle_l msgBuff[32]=0x0,start:5,len:11,temp:3,
05-27 18:13:17.687   351   516 D automotive.vehicle@2.0-adayo-func-bcm: BCMFunc sendMessageFromVehicle_l msgBuff[31]=0x0,start:0,len:8,temp:8,
05-27 18:13:17.687   351   516 D automotive.vehicle@2.0-adayo-func-bcm: BCMFunc sendMessageFromVehicle_l prop: 0x21600002 , SPLITE_BIT_DATA_INTEGER1 data:0
05-27 18:13:17.687   351   516 D automotive.vehicle@2.0-adayo-func-bcm: BCMFunc sendMessageFromVehicle_l prop: 0x21600002 , SPLITE_BIT_DATA_INTEGER4 procotol.calc[0]:0.100000,procotol.calc[1]:0.000000
05-27 18:13:17.687   351   516 D automotive.vehicle@2.0-adayo-func-bcm: BCMFunc sendMessageFromVehicle_l prop: 0x21600002 ,areaId: 0x0  SPLITE_BIT_DATA_INTEGER : 0.000000,calc[0]:0.100000,calc[1]:0.000000
05-27 18:13:17.687   351   516 D automotive.vehicle@2.0-adayo-func-bcm: BCMFunc sendMessageFromVehicle_l id:559939586, area:0 not report! 
05-27 18:13:17.687   351   516 D automotive.vehicle@2.0-adayo-func-bcm: BCMFunc sendMessageFromVehicle_l dataType: 12,mByte=34,propid=0x216000dd
05-27 18:13:17.687   351   516 D automotive.vehicle@2.0-adayo-func-bcm: BCMFunc sendMessageFromVehicle_l msgBuff[34]=0x0,start:5,len:11,temp:3,
05-27 18:13:17.687   351   516 D automotive.vehicle@2.0-adayo-func-bcm: BCMFunc sendMessageFromVehicle_l msgBuff[33]=0x0,start:0,len:8,temp:8,
05-27 18:13:17.687   351   516 D automotive.vehicle@2.0-adayo-func-bcm: BCMFunc sendMessageFromVehicle_l prop: 0x216000dd , SPLITE_BIT_DATA_INTEGER1 data:0
05-27 18:13:17.687   351   516 D automotive.vehicle@2.0-adayo-func-bcm: BCMFunc sendMessageFromVehicle_l prop: 0x216000dd , SPLITE_BIT_DATA_INTEGER4 procotol.calc[0]:0.200000,procotol.calc[1]:0.000000
05-27 18:13:17.687   351   516 D automotive.vehicle@2.0-adayo-func-bcm: BCMFunc sendMessageFromVehicle_l prop: 0x216000dd ,areaId: 0x0  SPLITE_BIT_DATA_INTEGER : 0.000000,calc[0]:0.200000,calc[1]:0.000000
05-27 18:13:17.687   351   516 D automotive.vehicle@2.0-adayo-func-bcm: BCMFunc sendMessageFromVehicle_l id:559939805, area:0 not report! 
05-27 18:13:17.688   351   516 D automotive.vehicle@2.0-adayo-func-bcm: BCMFunc sendMessageFromVehicle_l dataType: 12,mByte=35,propid=0x216000de
05-27 18:13:17.688   351   516 D automotive.vehicle@2.0-adayo-func-bcm: BCMFunc sendMessageFromVehicle_l msgBuff[35]=0x0,start:0,len:8,temp:8,
05-27 18:13:17.688   351   516 D automotive.vehicle@2.0-adayo-func-bcm: BCMFunc sendMessageFromVehicle_l prop: 0x216000de , SPLITE_BIT_DATA_INTEGER1 data:0
05-27 18:13:17.688   351   516 D automotive.vehicle@2.0-adayo-func-bcm: BCMFunc sendMessageFromVehicle_l prop: 0x216000de , SPLITE_BIT_DATA_INTEGER4 procotol.calc[0]:0.392157,procotol.calc[1]:0.000000
05-27 18:13:17.688   351   516 D automotive.vehicle@2.0-adayo-func-bcm: BCMFunc sendMessageFromVehicle_l prop: 0x216000de ,areaId: 0x0  SPLITE_BIT_DATA_INTEGER : 0.000000,calc[0]:0.392157,calc[1]:0.000000
05-27 18:13:17.688   351   516 D automotive.vehicle@2.0-adayo-func-bcm: BCMFunc sendMessageFromVehicle_l id:559939806, area:0 not report! 
05-27 18:13:17.688   351   516 D automotive.vehicle@2.0-adayo-func-bcm: BCMFunc sendMessageFromVehicle_l dataType: 12,mByte=36,propid=0x214000df
05-27 18:13:17.688   351   516 D automotive.vehicle@2.0-adayo-func-bcm: BCMFunc sendMessageFromVehicle_l msgBuff[36]=0x0,start:3,len:1,temp:1,
05-27 18:13:17.688   351   516 D automotive.vehicle@2.0-adayo-func-bcm: BCMFunc sendMessageFromVehicle_l prop: 0x214000df ,areaId: 0x0  SPLITE_BIT_DATA_INTEGER : 0
05-27 18:13:17.688   351   516 D automotive.vehicle@2.0-adayo-func-bcm: BCMFunc sendMessageFromVehicle_l id:557842655, area:0 not report! 
05-27 18:13:17.688   351   516 D automotive.vehicle@2.0-adayo-func-bcm: BCMFunc sendMessageFromVehicle_l dataType: 12,mByte=37,propid=0x214000e0
05-27 18:13:17.688   351   516 D automotive.vehicle@2.0-adayo-func-bcm: BCMFunc sendMessageFromVehicle_l msgBuff[37]=0x0,start:0,len:3,temp:3,
05-27 18:13:17.688   351   516 D automotive.vehicle@2.0-adayo-func-bcm: BCMFunc sendMessageFromVehicle_l prop: 0x214000e0 ,areaId: 0x0  SPLITE_BIT_DATA_INTEGER : 0
05-27 18:13:17.688   351   516 D automotive.vehicle@2.0-adayo-func-bcm: BCMFunc sendMessageFromVehicle_l id:557842656, area:0 not report! 
05-27 18:13:17.688   351   516 D automotive.vehicle@2.0-adayo-func-bcm: BCMFunc sendMessageFromVehicle_l dataType: 12,mByte=38,propid=0x216000e1
05-27 18:13:17.688   351   516 D automotive.vehicle@2.0-adayo-func-bcm: BCMFunc sendMessageFromVehicle_l msgBuff[38]=0x0,start:0,len:8,temp:8,
05-27 18:13:17.688   351   516 D automotive.vehicle@2.0-adayo-func-bcm: BCMFunc sendMessageFromVehicle_l prop: 0x216000e1 , SPLITE_BIT_DATA_INTEGER1 data:0
05-27 18:13:17.688   351   516 D automotive.vehicle@2.0-adayo-func-bcm: BCMFunc sendMessageFromVehicle_l prop: 0x216000e1 , SPLITE_BIT_DATA_INTEGER4 procotol.calc[0]:0.005000,procotol.calc[1]:-163.839996
05-27 18:13:17.688   351   516 D automotive.vehicle@2.0-adayo-func-bcm: BCMFunc sendMessageFromVehicle_l prop: 0x216000e1 ,areaId: 0x0  SPLITE_BIT_DATA_INTEGER : -163.839996,calc[0]:0.005000,calc[1]:-163.839996
05-27 18:13:17.688   351   516 D automotive.vehicle@2.0-adayo-func-bcm: BCMFunc sendMessageFromVehicle_l id:559939809, area:0 not report! 
05-27 18:13:17.688   351   516 D automotive.vehicle@2.0-adayo-func-bcm: BCMFunc sendMessageFromVehicle_l dataType: 12,mByte=39,propid=0x214000e2
05-27 18:13:17.688   351   516 D automotive.vehicle@2.0-adayo-func-bcm: BCMFunc sendMessageFromVehicle_l msgBuff[39]=0x0,start:0,len:8,temp:8,
05-27 18:13:17.688   351   516 D automotive.vehicle@2.0-adayo-func-bcm: BCMFunc sendMessageFromVehicle_l prop: 0x214000e2 ,areaId: 0x0  SPLITE_BIT_DATA_INTEGER : 0
05-27 18:13:17.688   351   516 D automotive.vehicle@2.0-adayo-func-bcm: BCMFunc sendMessageFromVehicle_l id:557842658, area:0 not report! 
05-27 18:13:17.688   351   516 D automotive.vehicle@2.0-adayo-func-bcm: BCMFunc sendMessageFromVehicle_l dataType: 12,mByte=40,propid=0x214000e3
05-27 18:13:17.688   351   516 D automotive.vehicle@2.0-adayo-func-bcm: BCMFunc sendMessageFromVehicle_l msgBuff[40]=0x0,start:0,len:4,temp:4,
05-27 18:13:17.688   351   516 D automotive.vehicle@2.0-adayo-func-bcm: BCMFunc sendMessageFromVehicle_l prop: 0x214000e3 ,areaId: 0x0  SPLITE_BIT_DATA_INTEGER : 0
05-27 18:13:17.688   351   516 D automotive.vehicle@2.0-adayo-func-bcm: BCMFunc sendMessageFromVehicle_l id:557842659, area:0 not report! 
05-27 18:13:17.688   351   516 D automotive.vehicle@2.0-adayo-func-bcm: BCMFunc sendMessageFromVehicle_l dataType: 12,mByte=40,propid=0x214000e4
05-27 18:13:17.688   351   516 D automotive.vehicle@2.0-adayo-func-bcm: BCMFunc sendMessageFromVehicle_l msgBuff[40]=0x0,start:4,len:4,temp:4,
05-27 18:13:17.688   351   516 D automotive.vehicle@2.0-adayo-func-bcm: BCMFunc sendMessageFromVehicle_l prop: 0x214000e4 ,areaId: 0x0  SPLITE_BIT_DATA_INTEGER : 0
05-27 18:13:17.688   351   516 D automotive.vehicle@2.0-adayo-func-bcm: BCMFunc sendMessageFromVehicle_l id:557842660, area:0 not report! 
05-27 18:13:17.688   351   516 D automotive.vehicle@2.0-adayo-func-bcm: BCMFunc sendMessageFromVehicle_l dataType: 12,mByte=41,propid=0x214000e5
05-27 18:13:17.688   351   516 D automotive.vehicle@2.0-adayo-func-bcm: BCMFunc sendMessageFromVehicle_l msgBuff[41]=0x0,start:0,len:8,temp:8,
05-27 18:13:17.688   351   516 D automotive.vehicle@2.0-adayo-func-bcm: BCMFunc sendMessageFromVehicle_l prop: 0x214000e5 ,areaId: 0x0  SPLITE_BIT_DATA_INTEGER : 0
05-27 18:13:17.689   351   516 D automotive.vehicle@2.0-adayo-func-bcm: BCMFunc sendMessageFromVehicle_l id:557842661, area:0 not report! 
05-27 18:13:17.689   351   516 D automotive.vehicle@2.0-adayo-func-bcm: BCMFunc sendMessageFromVehicle_l dataType: 12,mByte=42,propid=0x216000e6
05-27 18:13:17.689   351   516 D automotive.vehicle@2.0-adayo-func-bcm: BCMFunc sendMessageFromVehicle_l msgBuff[42]=0x0,start:0,len:8,temp:8,
05-27 18:13:17.689   351   516 D automotive.vehicle@2.0-adayo-func-bcm: BCMFunc sendMessageFromVehicle_l prop: 0x216000e6 , SPLITE_BIT_DATA_INTEGER1 data:0
05-27 18:13:17.689   351   516 D automotive.vehicle@2.0-adayo-func-bcm: BCMFunc sendMessageFromVehicle_l prop: 0x216000e6 , SPLITE_BIT_DATA_INTEGER4 procotol.calc[0]:0.000127,procotol.calc[1]:-4.176800
05-27 18:13:17.689   351   516 D automotive.vehicle@2.0-adayo-func-bcm: BCMFunc sendMessageFromVehicle_l prop: 0x216000e6 ,areaId: 0x0  SPLITE_BIT_DATA_INTEGER : -4.176800,calc[0]:0.000127,calc[1]:-4.176800
05-27 18:13:17.689   351   516 D automotive.vehicle@2.0-adayo-func-bcm: BCMFunc sendMessageFromVehicle_l id:559939814, area:0 not report! 
05-27 18:13:17.689   299  1153 D EvsDriver: doneWithFrame
05-27 18:13:17.689   351   516 D automotive.vehicle@2.0-adayo-func-bcm: BCMFunc sendMessageFromVehicle_l dataType: 12,mByte=43,propid=0x214000e7
05-27 18:13:17.689   581   581 I SpiService: fgesysctrl_getGPIO_status success val=1
05-27 18:13:17.689   299  1163 D EvsDriver: doneWithFrame
05-27 18:13:17.689   351   516 D automotive.vehicle@2.0-adayo-func-bcm: BCMFunc sendMessageFromVehicle_l msgBuff[43]=0x0,start:0,len:8,temp:8,
05-27 18:13:17.689   351   516 D automotive.vehicle@2.0-adayo-func-bcm: BCMFunc sendMessageFromVehicle_l prop: 0x214000e7 ,areaId: 0x0  SPLITE_BIT_DATA_INTEGER : 0
05-27 18:13:17.689   351   516 D automotive.vehicle@2.0-adayo-func-bcm: BCMFunc sendMessageFromVehicle_l id:557842663, area:0 not report! 
05-27 18:13:17.689   351   516 D automotive.vehicle@2.0-adayo-func-bcm: BCMFunc sendMessageFromVehicle_l dataType: 12,mByte=44,propid=0x214000e8
05-27 18:13:17.689   351   516 D automotive.vehicle@2.0-adayo-func-bcm: BCMFunc sendMessageFromVehicle_l msgBuff[44]=0x0,start:0,len:4,temp:4,
05-27 18:13:17.689   351   516 D automotive.vehicle@2.0-adayo-func-bcm: BCMFunc sendMessageFromVehicle_l prop: 0x214000e8 ,areaId: 0x0  SPLITE_BIT_DATA_INTEGER : 0
05-27 18:13:17.689   351   516 D automotive.vehicle@2.0-adayo-func-bcm: BCMFunc sendMessageFromVehicle_l id:557842664, area:0 not report! 
05-27 18:13:17.689   351   516 D automotive.vehicle@2.0-adayo-func-bcm: BCMFunc sendMessageFromVehicle_l dataType: 12,mByte=44,propid=0x214000e9
05-27 18:13:17.689   351   516 D automotive.vehicle@2.0-adayo-func-bcm: BCMFunc sendMessageFromVehicle_l msgBuff[44]=0x0,start:4,len:4,temp:4,
05-27 18:13:17.689   351   516 D automotive.vehicle@2.0-adayo-func-bcm: BCMFunc sendMessageFromVehicle_l prop: 0x214000e9 ,areaId: 0x0  SPLITE_BIT_DATA_INTEGER : 0
05-27 18:13:17.689   351   516 D automotive.vehicle@2.0-adayo-func-bcm: BCMFunc sendMessageFromVehicle_l id:557842665, area:0 not report! 
05-27 18:13:17.689   351   516 D automotive.vehicle@2.0-adayo-func-bcm: BCMFunc sendMessageFromVehicle_l dataType: 12,mByte=45,propid=0x214000ea
05-27 18:13:17.689   351   516 D automotive.vehicle@2.0-adayo-func-bcm: BCMFunc sendMessageFromVehicle_l msgBuff[45]=0x0,start:0,len:8,temp:8,
05-27 18:13:17.690   351   516 D automotive.vehicle@2.0-adayo-func-bcm: BCMFunc sendMessageFromVehicle_l prop: 0x214000ea ,areaId: 0x0  SPLITE_BIT_DATA_INTEGER : 0
05-27 18:13:17.690   351   516 D automotive.vehicle@2.0-adayo-func-bcm: BCMFunc sendMessageFromVehicle_l id:557842666, area:0 not report! 
05-27 18:13:17.690   351   516 D automotive.vehicle@2.0-adayo-func-bcm: BCMFunc sendMessageFromVehicle_l dataType: 12,mByte=46,propid=0x214000eb
05-27 18:13:17.690   351   516 D automotive.vehicle@2.0-adayo-func-bcm: BCMFunc sendMessageFromVehicle_l msgBuff[46]=0x0,start:0,len:8,temp:8,
05-27 18:13:17.690   351   516 D automotive.vehicle@2.0-adayo-func-bcm: BCMFunc sendMessageFromVehicle_l prop: 0x214000eb ,areaId: 0x0  SPLITE_BIT_DATA_INTEGER : 0
05-27 18:13:17.690   351   516 D automotive.vehicle@2.0-adayo-func-bcm: BCMFunc sendMessageFromVehicle_l id:557842667, area:0 not report! 
05-27 18:13:17.690   351   516 D automotive.vehicle@2.0-adayo-func-bcm: BCMFunc sendMessageFromVehicle_l dataType: 12,mByte=47,propid=0x214000ec
05-27 18:13:17.690   351   516 D automotive.vehicle@2.0-adayo-func-bcm: BCMFunc sendMessageFromVehicle_l msgBuff[47]=0x0,start:0,len:8,temp:8,
05-27 18:13:17.690   351   516 D automotive.vehicle@2.0-adayo-func-bcm: BCMFunc sendMessageFromVehicle_l prop: 0x214000ec ,areaId: 0x0  SPLITE_BIT_DATA_INTEGER : 0
05-27 18:13:17.690   351   516 D automotive.vehicle@2.0-adayo-func-bcm: BCMFunc sendMessageFromVehicle_l id:557842668, area:0 not report! 
05-27 18:13:17.690   351   516 D automotive.vehicle@2.0-adayo-func-bcm: BCMFunc sendMessageFromVehicle_l dataType: 12,mByte=48,propid=0x214000ed
05-27 18:13:17.690   351   516 D automotive.vehicle@2.0-adayo-func-bcm: BCMFunc sendMessageFromVehicle_l msgBuff[48]=0x0,start:0,len:4,temp:4,
05-27 18:13:17.690   351   516 D automotive.vehicle@2.0-adayo-func-bcm: BCMFunc sendMessageFromVehicle_l prop: 0x214000ed ,areaId: 0x0  SPLITE_BIT_DATA_INTEGER : 0
05-27 18:13:17.690   351   516 D automotive.vehicle@2.0-adayo-func-bcm: BCMFunc sendMessageFromVehicle_l id:557842669, area:0 not report! 
05-27 18:13:17.690   351   516 D automotive.vehicle@2.0-adayo-func-bcm: BCMFunc sendMessageFromVehicle_l dataType: 12,mByte=48,propid=0x214000ee
05-27 18:13:17.690   351   516 D automotive.vehicle@2.0-adayo-func-bcm: BCMFunc sendMessageFromVehicle_l msgBuff[48]=0x0,start:4,len:4,temp:4,
05-27 18:13:17.690   351   516 D automotive.vehicle@2.0-adayo-func-bcm: BCMFunc sendMessageFromVehicle_l prop: 0x214000ee ,areaId: 0x0  SPLITE_BIT_DATA_INTEGER : 0
05-27 18:13:17.690   351   516 D automotive.vehicle@2.0-adayo-func-bcm: BCMFunc sendMessageFromVehicle_l id:557842670, area:0 not report! 
05-27 18:13:17.690   351   516 D automotive.vehicle@2.0-adayo-func-bcm: BCMFunc sendMessageFromVehicle_l dataType: 12,mByte=49,propid=0x214000ef
05-27 18:13:17.690   351   516 D automotive.vehicle@2.0-adayo-func-bcm: BCMFunc sendMessageFromVehicle_l msgBuff[49]=0x0,start:0,len:8,temp:8,
05-27 18:13:17.690   351   516 D automotive.vehicle@2.0-adayo-func-bcm: BCMFunc sendMessageFromVehicle_l prop: 0x214000ef ,areaId: 0x0  SPLITE_BIT_DATA_INTEGER : 0
05-27 18:13:17.690   351   516 D automotive.vehicle@2.0-adayo-func-bcm: BCMFunc sendMessageFromVehicle_l id:557842671, area:0 not report! 
05-27 18:13:17.690   351   516 D automotive.vehicle@2.0-adayo-func-bcm: BCMFunc sendMessageFromVehicle_l dataType: 12,mByte=50,propid=0x21400108
05-27 18:13:17.690   351   516 D automotive.vehicle@2.0-adayo-func-bcm: BCMFunc sendMessageFromVehicle_l msgBuff[50]=0x0,start:5,len:1,temp:1,
05-27 18:13:17.690   351   516 D automotive.vehicle@2.0-adayo-func-bcm: BCMFunc sendMessageFromVehicle_l prop: 0x21400108 ,areaId: 0x0  SPLITE_BIT_DATA_INTEGER : 0
05-27 18:13:17.690   351   516 D automotive.vehicle@2.0-adayo-func-bcm: BCMFunc sendMessageFromVehicle_l id:557842696, area:0 not report! 
05-27 18:13:17.690   351   516 D automotive.vehicle@2.0-adayo-func-bcm: BCMFunc sendMessageFromVehicle_l dataType: 12,mByte=51,propid=0x21400109
05-27 18:13:17.690   351   516 D automotive.vehicle@2.0-adayo-func-bcm: BCMFunc sendMessageFromVehicle_l msgBuff[51]=0x0,start:5,len:1,temp:1,
05-27 18:13:17.690   351   516 D automotive.vehicle@2.0-adayo-func-bcm: BCMFunc sendMessageFromVehicle_l prop: 0x21400109 ,areaId: 0x0  SPLITE_BIT_DATA_INTEGER : 0
05-27 18:13:17.690   351   516 D automotive.vehicle@2.0-adayo-func-bcm: BCMFunc sendMessageFromVehicle_l id:557842697, area:0 not report! 
05-27 18:13:17.690   351   516 D automotive.vehicle@2.0-adayo-func-bcm: BCMFunc sendMessageFromVehicle_l dataType: 12,mByte=52,propid=0x21400105
05-27 18:13:17.690   351   516 D automotive.vehicle@2.0-adayo-func-bcm: BCMFunc sendMessageFromVehicle_l msgBuff[52]=0x0,start:3,len:3,temp:3,
05-27 18:13:17.690   351   516 D automotive.vehicle@2.0-adayo-func-bcm: BCMFunc sendMessageFromVehicle_l prop: 0x21400105 ,areaId: 0x0  SPLITE_BIT_DATA_INTEGER : 0
05-27 18:13:17.690  1008 30857 D [OMXB]  : usingANWBuffer: handle:0xee740590, format:1, w:1920, h:1080
05-27 18:13:17.690   351   516 D automotive.vehicle@2.0-adayo-func-bcm: BCMFunc sendMessageFromVehicle_l id:557842693, area:0 not report! 
05-27 18:13:17.694 13911 14183 I SentryImuMcuAngleSender: 179.98949rollDeg
05-27 18:13:17.694 13911 14183 I SentryImuMcuAngleSender: 1,0,0
05-27 18:13:17.695   581   581 I SpiService: fgesysctrl_getGPIO_status success val=1
05-27 18:13:17.700   581   581 I SpiService: fgesysctrl_getGPIO_status success val=0
05-27 18:13:17.700   572   572 I Sensors : 230 AccelSensor: x:-0.169580,y:0.001829,z:-9.975940
05-27 18:13:17.700   481   597 I mcuc    : send SPI:6AA602AE8C0002890039
05-27 18:13:17.707   299 30844 D EvsDriver: forwardFrame
05-27 18:13:17.709   299 30844 D EvsDriver: Delivered 0xb400007b7ca56900 as id 0
05-27 18:13:17.709  1167  1184 D evsmanagerd: /dev/video6 forwarded the buffer #0 to 0xb4000074bf5f5510 from 0xb4000074bf5f6d90
05-27 18:13:17.712   299  1153 D EvsDriver: doneWithFrame
05-27 18:13:17.712   299 30841 D EvsDriver: forwardFrame
05-27 18:13:17.715   536   536 D commservice260303: msg.id = 1028,1
05-27 18:13:17.715   581   581 I SpiService: fgesysctrl_getGPIO_status success val=1
05-27 18:13:17.715   536   536 D commservice260303: i = 170, msgid = 8A000404
05-27 18:13:17.715  1167  1184 D evsmanagerd: /dev/video4 forwarded the buffer #0 to 0xb4000074bf5f6850 from 0xb4000074bf5f41d0
05-27 18:13:17.715   536   536 D commservice260303: msgid = -1979710460,did=138
05-27 18:13:17.715   536   536 D commservice260303: CommProtocolLibCmdBaseI2C::dataproc {"command":{"id":"imu_status","sub":""},"content":{"TimeStamp":8,"FrameCounter":200150,"GD_X":-0.011377211660146713,"GD_Y":0.005879240110516548,"GD_Z":0.002519079949706793,"AD_X":-0.003197908401489258,"AD_Y":-0.003393695689737797,"AD_Z":-0.1707010269165039,"TempDsp":0,"Status":0,"CalibState":1,"SigAmpInvalid":0}},-1979710460
05-27 18:13:17.715   536   536 D commservice260303: send2Cluster len:314, 7B22636F6D6D616E64223A7B226964223A22696D755F737461747573222C22737562223A22227D2C22636F6E74656E74223A7B2254696D655374616D70223A382C224672616D65436F756E746572223A3230303135302C2247445F58223A2D302E3031313337373231313636303134363731332C2247445F59223A302E3030353837393234303131303531363534382C2247445F5A223A302E3030323531393037393934393730363739332C2241445F58223A2D302E3030333139373930383430313438393235382C2241445F59223A2D302E3030333339333639353638393733373739372C2241445F5A223A2D302E313730373031303236393136353033392C2254656D70447370223A302C22537461747573223A302C2243616C69625374617465223A312C22536967416D70496E76616C6964223A307D7D, 138 
05-27 18:13:17.715 13911 14183 I SentryImuMcuAngleSender: 179.98949rollDeg
05-27 18:13:17.716   299 30841 D EvsDriver: Delivered 0xb400007b7ca56a60 as id 0
05-27 18:13:17.716   481   598 I mcuc    : rev,n=1,6AA681AE8D002489002206000307010101010101010101010101010001010101010101010101010101010149
05-27 18:13:17.716   351   373 D automotive.vehicle@2.0-adayo-datacomm-mcu: MCUDatacomm sendMessageFromVehicle prop: 0x89, areaId: 0x0, status: 0x22, timestamp: 0x6
05-27 08:04:26.679   581   581 D spidev_ioctl: gpio status=1)
05-27 18:13:17.717   536   536 D commservice260303: Push Message into SendPool fn=2001339136
05-27 18:13:17.717   536   536 D commservice260303: ComProtocolLibSend2Cluster::send2ClusterRaw fn=2001339136 , len=330
05-27 18:13:17.717   536   536 D commservice260303: sendCmdToPort :330!!!
05-27 18:13:17.718 13911 14183 I SentryImuMcuAngleSender: 1,0,0
05-27 18:13:17.718   536   536 D commservice260303: send Cmd To Port ++++5AA501468A0100034A776A16C3BD7B22636F6D6D616E64223A7B226964223A22696D755F737461747573222C22737562223A22227D2C22636F6E74656E74223A7B2254696D655374616D70223A382C224672616D65436F756E746572223A3230303135302C2247445F58223A2D302E3031313337373231313636303134363731332C2247445F59223A302E3030353837393234303131303531363534382C2247445F5A223A302E3030323531393037393934393730363739332C2241445F58223A2D302E3030333139373930383430313438393235382C2241445F59223A2D302E3030333339333639353638393733373739372C2241445F5A223A2D302E313730373031303236393136353033392C2254656D70447370223A302C22537461747573223A302C2243616C69625374617465223A312C22536967416D70496E76616C6964223A307D7D6E95
05-27 18:13:17.718   536   536 D commservice260303: bufferevent_write retrun value = 0
05-27 18:13:17.718   536   560 D commservice260303: client datas send succeed,send finish
05-27 18:13:17.719 13911 14192 D Sentinelmode_1.2.5.17_sentry: <SentryImuClusterFgeSender>imu_status sent to Linux, frame=200150, tsNs=8664951, tsMs=8, intervalMs=44, ad=(-0.0031979084,-0.0033936957,-0.17070103), gd=(-0.011377212,0.00587924,0.00251908)
05-27 18:13:17.719   299  1153 D EvsDriver: doneWithFrame
05-27 18:13:17.719   351   373 D automotive.vehicle@2.0-adayo-datacomm-mcu: MCUDatacomm 1sendMessageFromVehicle ---> type = 3 
05-27 18:13:17.719   351   373 D automotive.vehicle@2.0-adayo-func-bcm: sendMessageFromVehicle sendMessageFromVehicle
05-27 18:13:17.720   351   516 D automotive.vehicle@2.0-adayo-func-bcm: jjfan1 ______procotolSize :29
05-27 18:13:17.720   351   516 D automotive.vehicle@2.0-adayo-func-bcm: BCMFunc sendMessageFromVehicle_l dataType: 12,mByte=7,propid=0x21400084
05-27 18:13:17.720   351   516 D automotive.vehicle@2.0-adayo-func-bcm: BCMFunc sendMessageFromVehicle_l msgBuff[7]=0x1,start:0,len:8,temp:8,
05-27 18:13:17.720   351   516 D automotive.vehicle@2.0-adayo-func-bcm: BCMFunc sendMessageFromVehicle_l prop: 0x21400084 ,areaId: 0x0  SPLITE_BIT_DATA_INTEGER : 1
05-27 18:13:17.720   351   516 D automotive.vehicle@2.0-adayo-func-bcm: BCMFunc sendMessageFromVehicle_l id:557842564, area:0 not report! 
05-27 18:13:17.720   351   516 D automotive.vehicle@2.0-adayo-func-bcm: BCMFunc sendMessageFromVehicle_l dataType: 12,mByte=8,propid=0x21400085
05-27 18:13:17.720   351   516 D automotive.vehicle@2.0-adayo-func-bcm: BCMFunc sendMessageFromVehicle_l msgBuff[8]=0x1,start:0,len:8,temp:8,
05-27 18:13:17.720   351   516 D automotive.vehicle@2.0-adayo-func-bcm: BCMFunc sendMessageFromVehicle_l prop: 0x21400085 ,areaId: 0x0  SPLITE_BIT_DATA_INTEGER : 1
05-27 18:13:17.720   351   516 D automotive.vehicle@2.0-adayo-func-bcm: BCMFunc sendMessageFromVehicle_l id:557842565, area:0 not report! 
05-27 18:13:17.720   351   516 D automotive.vehicle@2.0-adayo-func-bcm: BCMFunc sendMessageFromVehicle_l dataType: 12,mByte=9,propid=0x214000a1
05-27 18:13:17.720   351   516 D automotive.vehicle@2.0-adayo-func-bcm: BCMFunc sendMessageFromVehicle_l msgBuff[9]=0x1,start:0,len:8,temp:8,
05-27 18:13:17.720   351   516 D automotive.vehicle@2.0-adayo-func-bcm: BCMFunc sendMessageFromVehicle_l prop: 0x214000a1 ,areaId: 0x0  SPLITE_BIT_DATA_INTEGER : 1
05-27 18:13:17.720   351   516 D automotive.vehicle@2.0-adayo-func-bcm: BCMFunc sendMessageFromVehicle_l id:557842593, area:0 not report! 
05-27 18:13:17.720   351   516 D automotive.vehicle@2.0-adayo-func-bcm: BCMFunc sendMessageFromVehicle_l dataType: 12,mByte=10,propid=0x214000a2
05-27 18:13:17.720   351   516 D automotive.vehicle@2.0-adayo-func-bcm: BCMFunc sendMessageFromVehicle_l msgBuff[10]=0x1,start:0,len:8,temp:8,
05-27 18:13:17.720   351   516 D automotive.vehicle@2.0-adayo-func-bcm: BCMFunc sendMessageFromVehicle_l prop: 0x214000a2 ,areaId: 0x0  SPLITE_BIT_DATA_INTEGER : 1
05-27 18:13:17.720   351   516 D automotive.vehicle@2.0-adayo-func-bcm: BCMFunc sendMessageFromVehicle_l id:557842594, area:0 not report! 
05-27 18:13:17.720   351   516 D automotive.vehicle@2.0-adayo-func-bcm: BCMFunc sendMessageFromVehicle_l dataType: 12,mByte=11,propid=0x21400080
05-27 18:13:17.720   351   516 D automotive.vehicle@2.0-adayo-func-bcm: BCMFunc sendMessageFromVehicle_l msgBuff[11]=0x1,start:0,len:8,temp:8,
05-27 18:13:17.720   351   516 D automotive.vehicle@2.0-adayo-func-bcm: BCMFunc sendMessageFromVehicle_l prop: 0x21400080 ,areaId: 0x0  SPLITE_BIT_DATA_INTEGER : 1
05-27 18:13:17.720   351   516 D automotive.vehicle@2.0-adayo-func-bcm: BCMFunc sendMessageFromVehicle_l id:557842560, area:0 not report! 
05-27 18:13:17.720   351   516 D automotive.vehicle@2.0-adayo-func-bcm: BCMFunc sendMessageFromVehicle_l dataType: 12,mByte=12,propid=0x214000b0
05-27 18:13:17.720   351   516 D automotive.vehicle@2.0-adayo-func-bcm: BCMFunc sendMessageFromVehicle_l msgBuff[12]=0x1,start:0,len:8,temp:8,
05-27 18:13:17.720   351   516 D automotive.vehicle@2.0-adayo-func-bcm: BCMFunc sendMessageFromVehicle_l prop: 0x214000b0 ,areaId: 0x0  SPLITE_BIT_DATA_INTEGER : 1
05-27 18:13:17.720   351   516 D automotive.vehicle@2.0-adayo-func-bcm: BCMFunc sendMessageFromVehicle_l id:557842608, area:0 not report! 
05-27 18:13:17.720   351   516 D automotive.vehicle@2.0-adayo-func-bcm: BCMFunc sendMessageFromVehicle_l dataType: 12,mByte=13,propid=0x2140007b
05-27 18:13:17.720   351   516 D automotive.vehicle@2.0-adayo-func-bcm: BCMFunc sendMessageFromVehicle_l msgBuff[13]=0x1,start:0,len:8,temp:8,
05-27 18:13:17.720   351   516 D automotive.vehicle@2.0-adayo-func-bcm: BCMFunc sendMessageFromVehicle_l prop: 0x2140007b ,areaId: 0x0  SPLITE_BIT_DATA_INTEGER : 1
05-27 18:13:17.720   351   516 D automotive.vehicle@2.0-adayo-func-bcm: BCMFunc sendMessageFromVehicle_l id:557842555, area:0 not report! 
05-27 18:13:17.720   351   516 D automotive.vehicle@2.0-adayo-func-bcm: BCMFunc sendMessageFromVehicle_l dataType: 12,mByte=14,propid=0x2140007c
05-27 18:13:17.720   581   581 I SpiService: fgesysctrl_getGPIO_status success val=1
05-27 18:13:17.720   351   516 D automotive.vehicle@2.0-adayo-func-bcm: BCMFunc sendMessageFromVehicle_l msgBuff[14]=0x1,start:0,len:8,temp:8,
05-27 18:13:17.720   351   516 D automotive.vehicle@2.0-adayo-func-bcm: BCMFunc sendMessageFromVehicle_l prop: 0x2140007c ,areaId: 0x0  SPLITE_BIT_DATA_INTEGER : 1
05-27 18:13:17.720   351   516 D automotive.vehicle@2.0-adayo-func-bcm: BCMFunc sendMessageFromVehicle_l id:557842556, area:0 not report! 
05-27 18:13:17.720   351   516 D automotive.vehicle@2.0-adayo-func-bcm: BCMFunc sendMessageFromVehicle_l dataType: 12,mByte=15,propid=0x21400081
05-27 18:13:17.720   351   516 D automotive.vehicle@2.0-adayo-func-bcm: BCMFunc sendMessageFromVehicle_l msgBuff[15]=0x1,start:0,len:8,temp:8,
05-27 18:13:17.720   351   516 D automotive.vehicle@2.0-adayo-func-bcm: BCMFunc sendMessageFromVehicle_l prop: 0x21400081 ,areaId: 0x0  SPLITE_BIT_DATA_INTEGER : 1
05-27 18:13:17.720   351   516 D automotive.vehicle@2.0-adayo-func-bcm: BCMFunc sendMessageFromVehicle_l id:557842561, area:0 not report! 
05-27 18:13:17.721   351   516 D automotive.vehicle@2.0-adayo-func-bcm: BCMFunc sendMessageFromVehicle_l dataType: 12,mByte=16,propid=0x214000a3
05-27 18:13:17.721   351   516 D automotive.vehicle@2.0-adayo-func-bcm: BCMFunc sendMessageFromVehicle_l msgBuff[16]=0x1,start:0,len:8,temp:8,
05-27 18:13:17.721   351   516 D automotive.vehicle@2.0-adayo-func-bcm: BCMFunc sendMessageFromVehicle_l prop: 0x214000a3 ,areaId: 0x0  SPLITE_BIT_DATA_INTEGER : 1
05-27 18:13:17.721   351   516 D automotive.vehicle@2.0-adayo-func-bcm: BCMFunc sendMessageFromVehicle_l id:557842595, area:0 not report! 
05-27 18:13:17.721   351   516 D automotive.vehicle@2.0-adayo-func-bcm: BCMFunc sendMessageFromVehicle_l dataType: 12,mByte=17,propid=0x2140007d
05-27 18:13:17.721   351   516 D automotive.vehicle@2.0-adayo-func-bcm: BCMFunc sendMessageFromVehicle_l msgBuff[17]=0x1,start:0,len:8,temp:8,
05-27 18:13:17.721   351   516 D automotive.vehicle@2.0-adayo-func-bcm: BCMFunc sendMessageFromVehicle_l prop: 0x2140007d ,areaId: 0x0  SPLITE_BIT_DATA_INTEGER : 1
05-27 18:13:17.721   351   516 D automotive.vehicle@2.0-adayo-func-bcm: BCMFunc sendMessageFromVehicle_l id:557842557, area:0 not report! 
05-27 18:13:17.721   351   516 D automotive.vehicle@2.0-adayo-func-bcm: BCMFunc sendMessageFromVehicle_l dataType: 12,mByte=18,propid=0x21400082
05-27 18:13:17.721   351   516 D automotive.vehicle@2.0-adayo-func-bcm: BCMFunc sendMessageFromVehicle_l msgBuff[18]=0x1,start:0,len:8,temp:8,
05-27 18:13:17.721   351   516 D automotive.vehicle@2.0-adayo-func-bcm: BCMFunc sendMessageFromVehicle_l prop: 0x21400082 ,areaId: 0x0  SPLITE_BIT_DATA_INTEGER : 1
05-27 18:13:17.721   351   516 D automotive.vehicle@2.0-adayo-func-bcm: BCMFunc sendMessageFromVehicle_l id:557842562, area:0 not report! 
05-27 18:13:17.721   351   516 D automotive.vehicle@2.0-adayo-func-bcm: BCMFunc sendMessageFromVehicle_l dataType: 12,mByte=19,propid=0x214000a4
05-27 18:13:17.721   351   516 D automotive.vehicle@2.0-adayo-func-bcm: BCMFunc sendMessageFromVehicle_l msgBuff[19]=0x1,start:0,len:8,temp:8,
05-27 18:13:17.721   351   516 D automotive.vehicle@2.0-adayo-func-bcm: BCMFunc sendMessageFromVehicle_l prop: 0x214000a4 ,areaId: 0x0  SPLITE_BIT_DATA_INTEGER : 1
05-27 18:13:17.721   351   516 D automotive.vehicle@2.0-adayo-func-bcm: BCMFunc sendMessageFromVehicle_l id:557842596, area:0 not report! 
05-27 18:13:17.721   351   516 D automotive.vehicle@2.0-adayo-func-bcm: BCMFunc sendMessageFromVehicle_l dataType: 12,mByte=20,propid=0x214000a5
05-27 18:13:17.721   351   516 D automotive.vehicle@2.0-adayo-func-bcm: BCMFunc sendMessageFromVehicle_l msgBuff[20]=0x0,start:0,len:8,temp:8,
05-27 18:13:17.721   351   516 D automotive.vehicle@2.0-adayo-func-bcm: BCMFunc sendMessageFromVehicle_l prop: 0x214000a5 ,areaId: 0x0  SPLITE_BIT_DATA_INTEGER : 0
05-27 18:13:17.721   351   516 D automotive.vehicle@2.0-adayo-func-bcm: BCMFunc sendMessageFromVehicle_l id:557842597, area:0 not report! 
05-27 18:13:17.721  1008 30857 D [OMXB]  : usingANWBuffer: handle:0xee742690, format:1, w:1920, h:1080
05-27 18:13:17.721   351   516 D automotive.vehicle@2.0-adayo-func-bcm: BCMFunc sendMessageFromVehicle_l dataType: 12,mByte=21,propid=0x21400083
05-27 18:13:17.721   351   516 D automotive.vehicle@2.0-adayo-func-bcm: BCMFunc sendMessageFromVehicle_l msgBuff[21]=0x1,start:0,len:8,temp:8,
05-27 18:13:17.721   351   516 D automotive.vehicle@2.0-adayo-func-bcm: BCMFunc sendMessageFromVehicle_l prop: 0x21400083 ,areaId: 0x0  SPLITE_BIT_DATA_INTEGER : 1
05-27 18:13:17.721   351   516 D automotive.vehicle@2.0-adayo-func-bcm: BCMFunc sendMessageFromVehicle_l id:557842563, area:0 not report! 
05-27 18:13:17.721   351   516 D automotive.vehicle@2.0-adayo-func-bcm: BCMFunc sendMessageFromVehicle_l dataType: 12,mByte=22,propid=0x214000a6
05-27 18:13:17.721   351   516 D automotive.vehicle@2.0-adayo-func-bcm: BCMFunc sendMessageFromVehicle_l msgBuff[22]=0x1,start:0,len:8,temp:8,
05-27 18:13:17.721   351   516 D automotive.vehicle@2.0-adayo-func-bcm: BCMFunc sendMessageFromVehicle_l prop: 0x214000a6 ,areaId: 0x0  SPLITE_BIT_DATA_INTEGER : 1
05-27 18:13:17.721   351   516 D automotive.vehicle@2.0-adayo-func-bcm: BCMFunc sendMessageFromVehicle_l id:557842598, area:0 not report! 
05-27 18:13:17.721   351   516 D automotive.vehicle@2.0-adayo-func-bcm: BCMFunc sendMessageFromVehicle_l dataType: 12,mByte=23,propid=0x2140007e
05-27 18:13:17.721   351   516 D automotive.vehicle@2.0-adayo-func-bcm: BCMFunc sendMessageFromVehicle_l msgBuff[23]=0x1,start:0,len:8,temp:8,
05-27 18:13:17.721   351   516 D automotive.vehicle@2.0-adayo-func-bcm: BCMFunc sendMessageFromVehicle_l prop: 0x2140007e ,areaId: 0x0  SPLITE_BIT_DATA_INTEGER : 1
05-27 18:13:17.721   351   516 D automotive.vehicle@2.0-adayo-func-bcm: BCMFunc sendMessageFromVehicle_l id:557842558, area:0 not report! 
05-27 18:13:17.721   351   516 D automotive.vehicle@2.0-adayo-func-bcm: BCMFunc sendMessageFromVehicle_l dataType: 12,mByte=24,propid=0x214000a7
05-27 18:13:17.721   351   516 D automotive.vehicle@2.0-adayo-func-bcm: BCMFunc sendMessageFromVehicle_l msgBuff[24]=0x1,start:0,len:8,temp:8,
05-27 18:13:17.721   351   516 D automotive.vehicle@2.0-adayo-func-bcm: BCMFunc sendMessageFromVehicle_l prop: 0x214000a7 ,areaId: 0x0  SPLITE_BIT_DATA_INTEGER : 1
05-27 18:13:17.721   351   516 D automotive.vehicle@2.0-adayo-func-bcm: BCMFunc sendMessageFromVehicle_l id:557842599, area:0 not report! 
05-27 18:13:17.721   351   516 D automotive.vehicle@2.0-adayo-func-bcm: BCMFunc sendMessageFromVehicle_l dataType: 12,mByte=25,propid=0x2140007f
05-27 18:13:17.721   351   516 D automotive.vehicle@2.0-adayo-func-bcm: BCMFunc sendMessageFromVehicle_l msgBuff[25]=0x1,start:0,len:8,temp:8,
05-27 18:13:17.721   351   516 D automotive.vehicle@2.0-adayo-func-bcm: BCMFunc sendMessageFromVehicle_l prop: 0x2140007f ,areaId: 0x0  SPLITE_BIT_DATA_INTEGER : 1
05-27 18:13:17.721   351   516 D automotive.vehicle@2.0-adayo-func-bcm: BCMFunc sendMessageFromVehicle_l id:557842559, area:0 not report! 
05-27 18:13:17.721   351   516 D automotive.vehicle@2.0-adayo-func-bcm: BCMFunc sendMessageFromVehicle_l dataType: 12,mByte=26,propid=0x214000a8
05-27 18:13:17.721   351   516 D automotive.vehicle@2.0-adayo-func-bcm: BCMFunc sendMessageFromVehicle_l msgBuff[26]=0x1,start:0,len:8,temp:8,
05-27 18:13:17.721   351   516 D automotive.vehicle@2.0-adayo-func-bcm: BCMFunc sendMessageFromVehicle_l prop: 0x214000a8 ,areaId: 0x0  SPLITE_BIT_DATA_INTEGER : 1
05-27 18:13:17.721   351   516 D automotive.vehicle@2.0-adayo-func-bcm: BCMFunc sendMessageFromVehicle_l id:557842600, area:0 not report! 
05-27 18:13:17.721   351   516 D automotive.vehicle@2.0-adayo-func-bcm: BCMFunc sendMessageFromVehicle_l dataType: 12,mByte=27,propid=0x214000a9
05-27 18:13:17.721   351   516 D automotive.vehicle@2.0-adayo-func-bcm: BCMFunc sendMessageFromVehicle_l msgBuff[27]=0x1,start:0,len:8,temp:8,
05-27 18:13:17.722   351   516 D automotive.vehicle@2.0-adayo-func-bcm: BCMFunc sendMessageFromVehicle_l prop: 0x214000a9 ,areaId: 0x0  SPLITE_BIT_DATA_INTEGER : 1
05-27 18:13:17.722   351   516 D automotive.vehicle@2.0-adayo-func-bcm: BCMFunc sendMessageFromVehicle_l id:557842601, area:0 not report! 
05-27 18:13:17.722   351   516 D automotive.vehicle@2.0-adayo-func-bcm: BCMFunc sendMessageFromVehicle_l dataType: 12,mByte=28,propid=0x214000aa
05-27 18:13:17.722   351   516 D automotive.vehicle@2.0-adayo-func-bcm: BCMFunc sendMessageFromVehicle_l msgBuff[28]=0x1,start:0,len:8,temp:8,
05-27 18:13:17.722   351   516 D automotive.vehicle@2.0-adayo-func-bcm: BCMFunc sendMessageFromVehicle_l prop: 0x214000aa ,areaId: 0x0  SPLITE_BIT_DATA_INTEGER : 1
05-27 18:13:17.722   351   516 D automotive.vehicle@2.0-adayo-func-bcm: BCMFunc sendMessageFromVehicle_l id:557842602, area:0 not report! 
05-27 18:13:17.722   351   516 D automotive.vehicle@2.0-adayo-func-bcm: BCMFunc sendMessageFromVehicle_l dataType: 12,mByte=29,propid=0x214000ab
05-27 18:13:17.722   351   516 D automotive.vehicle@2.0-adayo-func-bcm: BCMFunc sendMessageFromVehicle_l msgBuff[29]=0x1,start:0,len:8,temp:8,
05-27 18:13:17.722   351   516 D automotive.vehicle@2.0-adayo-func-bcm: BCMFunc sendMessageFromVehicle_l prop: 0x214000ab ,areaId: 0x0  SPLITE_BIT_DATA_INTEGER : 1
05-27 18:13:17.722   351   516 D automotive.vehicle@2.0-adayo-func-bcm: BCMFunc sendMessageFromVehicle_l id:557842603, area:0 not report! 
05-27 18:13:17.722   351   516 D automotive.vehicle@2.0-adayo-func-bcm: BCMFunc sendMessageFromVehicle_l dataType: 12,mByte=30,propid=0x214000ac
05-27 18:13:17.722   351   516 D automotive.vehicle@2.0-adayo-func-bcm: BCMFunc sendMessageFromVehicle_l msgBuff[30]=0x1,start:0,len:8,temp:8,
05-27 18:13:17.722   351   516 D automotive.vehicle@2.0-adayo-func-bcm: BCMFunc sendMessageFromVehicle_l prop: 0x214000ac ,areaId: 0x0  SPLITE_BIT_DATA_INTEGER : 1
05-27 18:13:17.722   351   516 D automotive.vehicle@2.0-adayo-func-bcm: BCMFunc sendMessageFromVehicle_l id:557842604, area:0 not report! 
05-27 18:13:17.722   351   516 D automotive.vehicle@2.0-adayo-func-bcm: BCMFunc sendMessageFromVehicle_l dataType: 12,mByte=31,propid=0x214000ad
05-27 18:13:17.722   351   516 D automotive.vehicle@2.0-adayo-func-bcm: BCMFunc sendMessageFromVehicle_l msgBuff[31]=0x1,start:0,len:8,temp:8,
05-27 18:13:17.722   351   516 D automotive.vehicle@2.0-adayo-func-bcm: BCMFunc sendMessageFromVehicle_l prop: 0x214000ad ,areaId: 0x0  SPLITE_BIT_DATA_INTEGER : 1
05-27 18:13:17.722   351   516 D automotive.vehicle@2.0-adayo-func-bcm: BCMFunc sendMessageFromVehicle_l id:557842605, area:0 not report! 
05-27 18:13:17.722   351   516 D automotive.vehicle@2.0-adayo-func-bcm: BCMFunc sendMessageFromVehicle_l dataType: 12,mByte=32,propid=0x214000ae
05-27 18:13:17.722   351   516 D automotive.vehicle@2.0-adayo-func-bcm: BCMFunc sendMessageFromVehicle_l msgBuff[32]=0x1,start:0,len:8,temp:8,
05-27 18:13:17.722   351   516 D automotive.vehicle@2.0-adayo-func-bcm: BCMFunc sendMessageFromVehicle_l prop: 0x214000ae ,areaId: 0x0  SPLITE_BIT_DATA_INTEGER : 1
05-27 18:13:17.722   351   516 D automotive.vehicle@2.0-adayo-func-bcm: BCMFunc sendMessageFromVehicle_l id:557842606, area:0 not report! 
05-27 18:13:17.722   351   516 D automotive.vehicle@2.0-adayo-func-bcm: BCMFunc sendMessageFromVehicle_l dataType: 12,mByte=33,propid=0x2140007a
05-27 18:13:17.722   351   516 D automotive.vehicle@2.0-adayo-func-bcm: BCMFunc sendMessageFromVehicle_l msgBuff[33]=0x1,start:0,len:8,temp:8,
05-27 18:13:17.722   351   516 D automotive.vehicle@2.0-adayo-func-bcm: BCMFunc sendMessageFromVehicle_l prop: 0x2140007a ,areaId: 0x0  SPLITE_BIT_DATA_INTEGER : 1
05-27 18:13:17.722   351   516 D automotive.vehicle@2.0-adayo-func-bcm: BCMFunc sendMessageFromVehicle_l id:557842554, area:0 not report! 
05-27 18:13:17.722   351   516 D automotive.vehicle@2.0-adayo-func-bcm: BCMFunc sendMessageFromVehicle_l dataType: 12,mByte=34,propid=0x214000af
05-27 18:13:17.722   351   516 D automotive.vehicle@2.0-adayo-func-bcm: BCMFunc sendMessageFromVehicle_l msgBuff[34]=0x1,start:0,len:8,temp:8,
05-27 18:13:17.722   351   516 D automotive.vehicle@2.0-adayo-func-bcm: BCMFunc sendMessageFromVehicle_l prop: 0x214000af ,areaId: 0x0  SPLITE_BIT_DATA_INTEGER : 1
05-27 18:13:17.722   351   516 D automotive.vehicle@2.0-adayo-func-bcm: BCMFunc sendMessageFromVehicle_l id:557842607, area:0 not report! 
05-27 18:13:17.722   351   516 D automotive.vehicle@2.0-adayo-func-bcm: BCMFunc sendMessageFromVehicle_l dataType: 12,mByte=35,propid=0x21400079
05-27 18:13:17.722   351   516 D automotive.vehicle@2.0-adayo-func-bcm: BCMFunc sendMessageFromVehicle_l msgBuff[35]=0x1,start:0,len:8,temp:8,
05-27 18:13:17.722   351   516 D automotive.vehicle@2.0-adayo-func-bcm: BCMFunc sendMessageFromVehicle_l prop: 0x21400079 ,areaId: 0x0  SPLITE_BIT_DATA_INTEGER : 1
05-27 18:13:17.722   351   516 D automotive.vehicle@2.0-adayo-func-bcm: BCMFunc sendMessageFromVehicle_l id:557842553, area:0 not report! 
05-27 18:13:17.726   581   581 I SpiService: fgesysctrl_getGPIO_status success val=1
05-27 18:13:17.731   581   581 I SpiService: fgesysctrl_getGPIO_status success val=1
05-27 18:13:17.733   299 30844 D EvsDriver: forwardFrame
05-27 18:13:17.735   299 30844 D EvsDriver: Delivered 0xb400007b7ca56900 as id 0
05-27 18:13:17.735  1167  1184 D evsmanagerd: /dev/video6 forwarded the buffer #0 to 0xb4000074bf5f5510 from 0xb4000074bf5f6d90
05-27 18:13:17.737   581   581 I SpiService: fgesysctrl_getGPIO_status success val=1
05-27 18:13:17.738 13911 14183 I SentryImuMcuAngleSender: 179.96147rollDeg
05-27 18:13:17.738 13911 14183 I SentryImuMcuAngleSender: 1,0,0
05-27 18:13:17.738   299  1153 D EvsDriver: doneWithFrame
05-27 18:13:17.742   299 30841 D EvsDriver: forwardFrame
05-27 18:13:17.743   581   581 I SpiService: fgesysctrl_getGPIO_status success val=0
05-27 18:13:17.743   481   597 I mcuc    : send SPI:6AA602AE8D0002890038
05-27 18:13:17.744  1167  1184 D evsmanagerd: /dev/video4 forwarded the buffer #0 to 0xb4000074bf5f6850 from 0xb4000074bf5f41d0
05-27 18:13:17.744   299 30841 D EvsDriver: Delivered 0xb400007b7ca56a60 as id 0
05-27 18:13:17.745   283   307 I rvcservice: t.code = 3, t.value = 0
05-27 18:13:17.746  1008 30856 D [OMXB]  : usingANWBuffer: handle:0xee745760, format:1, w:1920, h:1080
05-27 18:13:17.748   299  1153 D EvsDriver: doneWithFrame
05-27 18:13:17.758   581   581 I SpiService: fgesysctrl_getGPIO_status success val=1
05-27 18:13:17.758 13911 14183 I SentryImuMcuAngleSender: 179.95798rollDeg
05-27 18:13:17.758 13911 14183 I SentryImuMcuAngleSender: 1,0,0
05-27 18:13:17.760   536   536 D commservice260303: msg.id = 1028,0
05-27 18:13:17.760   536   536 D commservice260303: i = 170, msgid = 8A000404
05-27 18:13:17.760   536   536 D commservice260303: msgid = -1979710460,did=138
05-27 18:13:17.760   536   536 D commservice260303: CommProtocolLibCmdBaseI2C::dataproc {"command":{"id":"imu_status","sub":""},"content":{"TimeStamp":8,"FrameCounter":200151,"GD_X":-0.011453153565526009,"GD_Y":0.005268065724521875,"GD_Z":0.0017560218693688512,"AD_X":-0.004414811730384827,"AD_Y":0.00209062360227108,"AD_Z":-0.1737508773803711,"TempDsp":0,"Status":0,"CalibState":1,"SigAmpInvalid":0}},-1979710460
05-27 18:13:17.760   536   536 D commservice260303: send2Cluster len:313, 7B22636F6D6D616E64223A7B226964223A22696D755F737461747573222C22737562223A22227D2C22636F6E74656E74223A7B2254696D655374616D70223A382C224672616D65436F756E746572223A3230303135312C2247445F58223A2D302E3031313435333135333536353532363030392C2247445F59223A302E3030353236383036353732343532313837352C2247445F5A223A302E303031373536303231383639333638383531322C2241445F58223A2D302E3030343431343831313733303338343832372C2241445F59223A302E30303230393036323336303232373130382C2241445F5A223A2D302E313733373530383737333830333731312C2254656D70447370223A302C22537461747573223A302C2243616C69625374617465223A312C22536967416D70496E76616C6964223A307D7D, 138 
