05-27 18:13:19.863   536   536 D commservice260303: send Cmd To Port ++++5AA501478A0100034AAD6A16C3BF7B22636F6D6D616E64223A7B226964223A22696D755F737461747573222C22737562223A22227D2C22636F6E74656E74223A7B2254696D655374616D70223A382C224672616D65436F756E746572223A3230303230332C2247445F58223A2D302E3031313134373832353937383639363334362C2247445F59223A302E3030353033393230303138363732393433312C2247445F5A223A302E30303235393630363139303935373132392C2241445F58223A2D302E303032343030323739303435313034393830352C2241445F59223A2D352E373838353834323339373830393033452D342C2241445F5A223A2D302E31373030393534343337323535383539342C2254656D70447370223A302C22537461747573223A302C2243616C69625374617465223A312C22536967416D70496E76616C6964223A307D7D4342
05-27 18:13:19.863   536   536 D commservice260303: bufferevent_write retrun value = 0
05-27 18:13:19.863   536   560 D commservice260303: client datas send succeed,send finish
05-27 18:13:19.863 13911 14192 D Sentinelmode_1.2.5.17_sentry: <SentryImuClusterFgeSender>imu_status sent to Linux, frame=200203, tsNs=8667108, tsMs=8, intervalMs=41, ad=(-0.002400279,-5.788584E-4,-0.17009544), gd=(-0.011147826,0.0050392,0.002596062)
05-27 08:04:28.827   581   581 D spi_rst_gpio_get_output: GPIO 145 value: 1
05-27 08:04:28.827   581   581 D spidev_ioctl: gpio status=1)
05-27 18:13:19.868   581   581 I SpiService: fgesysctrl_getGPIO_status success val=0
05-27 08:04:28.832   581   581 D spi_rst_gpio_get_output: GPIO 145 value: 0
05-27 08:04:28.832   581   581 D spidev_ioctl: gpio status=0)
05-27 18:13:19.870 13911 14183 I SentryImuMcuAngleSender: 179.97546rollDeg
05-27 18:13:19.870 13911 14183 I SentryImuMcuAngleSender: 1,0,0
05-27 18:13:19.872  1008 30857 D [OMXB]  : usingANWBuffer: handle:0xee7428a0, format:1, w:1920, h:1080
05-27 18:13:19.875   299 30844 D EvsDriver: forwardFrame
05-27 18:13:19.874   299 30841 D EvsDriver: forwardFrame
05-27 18:13:19.879  1167  1184 D evsmanagerd: /dev/video6 forwarded the buffer #0 to 0xb4000074bf5f5510 from 0xb4000074bf5f6d90
05-27 18:13:19.880   299 30844 D EvsDriver: Delivered 0xb400007b7ca56900 as id 0
05-27 18:13:19.883   299 30841 D EvsDriver: Delivered 0xb400007b7ca56a60 as id 0
05-27 18:13:19.883   299  1153 D EvsDriver: doneWithFrame
05-27 18:13:19.883  1167  1184 D evsmanagerd: /dev/video4 forwarded the buffer #0 to 0xb4000074bf5f6850 from 0xb4000074bf5f41d0
05-27 18:13:19.883   581   581 I SpiService: fgesysctrl_getGPIO_status success val=1
05-27 08:04:28.848   581   581 D spi_rst_gpio_get_output: GPIO 145 value: 1
05-27 08:04:28.848   581   581 D spidev_ioctl: gpio status=1)
05-27 18:13:19.887   299  1153 D EvsDriver: doneWithFrame
05-27 18:13:19.889   581   581 I SpiService: fgesysctrl_getGPIO_status success val=1
05-27 18:13:19.891 13911 14183 I SentryImuMcuAngleSender: 179.97899rollDeg
05-27 18:13:19.891 13911 14183 I SentryImuMcuAngleSender: 1,0,0
05-27 18:13:19.891  1008 30856 D [OMXB]  : usingANWBuffer: handle:0xee740220, format:1, w:1920, h:1080
05-27 08:04:28.853   581   581 D spi_rst_gpio_get_output: GPIO 145 value: 1
05-27 08:04:28.853   581   581 D spidev_ioctl: gpio status=1)
05-27 18:13:19.894   581   581 I SpiService: fgesysctrl_getGPIO_status success val=1
05-27 08:04:28.859   581   581 D spi_rst_gpio_get_output: GPIO 145 value: 1
05-27 08:04:28.859   581   581 D spidev_ioctl: gpio status=1)
05-27 18:13:19.900   581   581 I SpiService: fgesysctrl_getGPIO_status success val=1
05-27 18:13:19.901   536   536 D commservice260303: msg.id = 1028,1
05-27 08:04:28.865   581   581 D spi_rst_gpio_get_output: GPIO 145 value: 1
05-27 18:13:19.901   536   536 D commservice260303: i = 170, msgid = 8A000404
05-27 18:13:19.901   536   536 D commservice260303: msgid = -1979710460,did=138
05-27 18:13:19.901   536   536 D commservice260303: CommProtocolLibCmdBaseI2C::dataproc {"command":{"id":"imu_status","sub":""},"content":{"TimeStamp":8,"FrameCounter":200204,"GD_X":-0.01160607673227787,"GD_Y":0.0048857564106583595,"GD_Z":0.0020608289632946253,"AD_X":-0.0017981678247451782,"AD_Y":-0.0030058776028454304,"AD_Z":-0.17009544372558594,"TempDsp":0,"Status":0,"CalibState":1,"SigAmpInvalid":0}},-1979710460
05-27 08:04:28.865   581   581 D spidev_ioctl: gpio status=1)
05-27 18:13:19.901   536   536 D commservice260303: send2Cluster len:318, 7B22636F6D6D616E64223A7B226964223A22696D755F737461747573222C22737562223A22227D2C22636F6E74656E74223A7B2254696D655374616D70223A382C224672616D65436F756E746572223A3230303230342C2247445F58223A2D302E30313136303630373637333232373738372C2247445F59223A302E303034383835373536343130363538333539352C2247445F5A223A302E303032303630383238393633323934363235332C2241445F58223A2D302E303031373938313637383234373435313738322C2241445F59223A2D302E303033303035383737363032383435343330342C2241445F5A223A2D302E31373030393534343337323535383539342C2254656D70447370223A302C22537461747573223A302C2243616C69625374617465223A312C22536967416D70496E76616C6964223A307D7D, 138 
05-27 18:13:19.901   536   536 D commservice260303: Push Message into SendPool fn=-1370881280
05-27 18:13:19.901   536   536 D commservice260303: ComProtocolLibSend2Cluster::send2ClusterRaw fn=-1370881280 , len=334
05-27 18:13:19.901   536   536 D commservice260303: sendCmdToPort :334!!!
05-27 18:13:19.901   536   536 D commservice260303: send Cmd To Port ++++5AA5014A8A0100034AAE6A16C3BF7B22636F6D6D616E64223A7B226964223A22696D755F737461747573222C22737562223A22227D2C22636F6E74656E74223A7B2254696D655374616D70223A382C224672616D65436F756E746572223A3230303230342C2247445F58223A2D302E30313136303630373637333232373738372C2247445F59223A302E303034383835373536343130363538333539352C2247445F5A223A302E303032303630383238393633323934363235332C2241445F58223A2D302E303031373938313637383234373435313738322C2241445F59223A2D302E303033303035383737363032383435343330342C2241445F5A223A2D302E31373030393534343337323535383539342C2254656D70447370223A302C22537461747573223A302C2243616C69625374617465223A312C22536967416D70496E76616C6964223A307D7D93FC
05-27 18:13:19.902   536   536 D commservice260303: bufferevent_write retrun value = 0
05-27 18:13:19.902   536   560 D commservice260303: client datas send succeed,send finish
05-27 18:13:19.902 13911 14192 D Sentinelmode_1.2.5.17_sentry: <SentryImuClusterFgeSender>imu_status sent to Linux, frame=200204, tsNs=8667143, tsMs=8, intervalMs=39, ad=(-0.0017981678,-0.0030058776,-0.17009544), gd=(-0.011606077,0.0048857564,0.002060829)
05-27 18:13:19.902   299 30841 D EvsDriver: forwardFrame
05-27 18:13:19.903   299 30841 D EvsDriver: Delivered 0xb400007b7ca56a60 as id 0
05-27 18:13:19.903  1167  1184 D evsmanagerd: /dev/video4 forwarded the buffer #0 to 0xb4000074bf5f6850 from 0xb4000074bf5f41d0
05-27 18:13:19.906   581   581 I SpiService: fgesysctrl_getGPIO_status success val=0
05-27 18:13:19.907   299 30844 D EvsDriver: forwardFrame
05-27 18:13:19.908   299  1153 D EvsDriver: doneWithFrame
05-27 08:04:28.870   581   581 D spi_rst_gpio_get_output: GPIO 145 value: 0
05-27 08:04:28.870   581   581 D spidev_ioctl: gpio status=0)
05-27 18:13:19.911   299 30844 D EvsDriver: Delivered 0xb400007b7ca56900 as id 0
05-27 18:13:19.911 13911 14183 I SentryImuMcuAngleSender: 179.98949rollDeg
05-27 18:13:19.911  1167  1184 D evsmanagerd: /dev/video6 forwarded the buffer #0 to 0xb4000074bf5f5510 from 0xb4000074bf5f6d90
05-27 18:13:19.911 13911 14183 I SentryImuMcuAngleSender: 1,0,0
05-27 18:13:19.916  1008 30857 D [OMXB]  : usingANWBuffer: handle:0xee743c90, format:1, w:1920, h:1080
05-27 18:13:19.916   299  1153 D EvsDriver: doneWithFrame
05-27 18:13:19.921   581   581 I SpiService: fgesysctrl_getGPIO_status success val=1
05-27 08:04:28.885   581   581 D spi_rst_gpio_get_output: GPIO 145 value: 1
05-27 08:04:28.885   581   581 D spidev_ioctl: gpio status=1)
05-27 18:13:19.926   581   581 I SpiService: fgesysctrl_getGPIO_status success val=1
05-27 08:04:28.891   581   581 D spi_rst_gpio_get_output: GPIO 145 value: 1
05-27 08:04:28.891   581   581 D spidev_ioctl: gpio status=1)
05-27 18:13:19.931 13911 14183 I SentryImuMcuAngleSender: 179.993rollDeg
05-27 18:13:19.931 13911 14183 I SentryImuMcuAngleSender: 1,0,0
05-27 18:13:19.931   351   351 D DefaultVehicleHal: setProperty setValues start
05-27 18:13:19.931   351   351 D 2026-5-19:FakeVehicleHardware: setProperty FakeVehicleHardware  ID: 0x11500f31
05-27 18:13:19.931   351   351 D 2026-5-19:FakeVehicleHardware: setProperty id:0x11500f31,value:8667182
05-27 18:13:19.932   351   351 D DefaultVehicleHal: setProperty setValues end
05-27 18:13:19.932   351   368 D 2026-5-19:FakeVehicleHardware: setProperty FakeVehicleHardware  setValue START
05-27 18:13:19.932   351   368 D 2026-5-19:FakeVehicleHardware: setProperty FakeVehicleHardware  setValue end
05-27 18:13:19.932   581   581 I SpiService: fgesysctrl_getGPIO_status success val=1
05-27 08:04:28.896   581   581 D spi_rst_gpio_get_output: GPIO 145 value: 1
05-27 08:04:28.896   581   581 D spidev_ioctl: gpio status=1)
05-27 18:13:19.936  1008 30856 D [OMXB]  : usingANWBuffer: handle:0xee741da0, format:1, w:1920, h:1080
05-27 18:13:19.937   581   581 I SpiService: fgesysctrl_getGPIO_status success val=1
05-27 18:13:19.939 30773 30785 I dvr_service_: [EncoderHandler::runMediaThread] runMediaThread started:1,state:1, cam2:started:1,state:1, lastSwitch:1, mIsMuxerStart:1,format:0,is_str_ing:0
05-27 18:13:19.941   536   536 D commservice260303: msg.id = 1028,2
05-27 18:13:19.941   536   536 D commservice260303: i = 170, msgid = 8A000404
05-27 18:13:19.941   536   536 D commservice260303: msgid = -1979710460,did=138
05-27 18:13:19.941   536   536 D commservice260303: CommProtocolLibCmdBaseI2C::dataproc {"command":{"id":"imu_status","sub":""},"content":{"TimeStamp":8,"FrameCounter":200205,"GD_X":-0.011377211660146713,"GD_Y":0.004352083895355463,"GD_Z":0.001679039909504354,"AD_X":-0.005444854497909546,"AD_Y":-0.003591428278014064,"AD_Z":-0.17070484161376953,"TempDsp":0,"Status":0,"CalibState":1,"SigAmpInvalid":0}},-1979710460
05-27 18:13:19.942   299 30841 D EvsDriver: forwardFrame
05-27 18:13:19.942   536   536 D commservice260303: send2Cluster len:315, 7B22636F6D6D616E64223A7B226964223A22696D755F737461747573222C22737562223A22227D2C22636F6E74656E74223A7B2254696D655374616D70223A382C224672616D65436F756E746572223A3230303230352C2247445F58223A2D302E3031313337373231313636303134363731332C2247445F59223A302E3030343335323038333839353335353436332C2247445F5A223A302E3030313637393033393930393530343335342C2241445F58223A2D302E3030353434343835343439373930393534362C2241445F59223A2D302E3030333539313432383237383031343036342C2241445F5A223A2D302E31373037303438343136313337363935332C2254656D70447370223A302C22537461747573223A302C2243616C69625374617465223A312C22536967416D70496E76616C6964223A307D7D, 138 
05-27 18:13:19.942   536   536 D commservice260303: Push Message into SendPool fn=-1354104064
05-27 18:13:19.942   536   536 D commservice260303: ComProtocolLibSend2Cluster::send2ClusterRaw fn=-1354104064 , len=331
05-27 18:13:19.942   536   536 D commservice260303: sendCmdToPort :331!!!
05-27 18:13:19.942   536   536 D commservice260303: send Cmd To Port ++++5AA501478A0100034AAF6A16C3BF7B22636F6D6D616E64223A7B226964223A22696D755F737461747573222C22737562223A22227D2C22636F6E74656E74223A7B2254696D655374616D70223A382C224672616D65436F756E746572223A3230303230352C2247445F58223A2D302E3031313337373231313636303134363731332C2247445F59223A302E3030343335323038333839353335353436332C2247445F5A223A302E3030313637393033393930393530343335342C2241445F58223A2D302E3030353434343835343439373930393534362C2241445F59223A2D302E3030333539313432383237383031343036342C2241445F5A223A2D302E31373037303438343136313337363935332C2254656D70447370223A302C22537461747573223A302C2243616C69625374617465223A312C22536967416D70496E76616C6964223A307D7DAB11
05-27 18:13:19.942   536   536 D commservice260303: bufferevent_write retrun value = 0
05-27 18:13:19.943   536   560 D commservice260303: client datas send succeed,send finish
05-27 18:13:19.943   581   581 I SpiService: fgesysctrl_getGPIO_status success val=1
05-27 18:13:19.944   299 30841 D EvsDriver: Delivered 0xb400007b7ca56a60 as id 0
05-27 08:04:28.902   581   581 D spi_rst_gpio_get_output: GPIO 145 value: 1
05-27 18:13:19.944  1167  1184 D evsmanagerd: /dev/video4 forwarded the buffer #0 to 0xb4000074bf5f6850 from 0xb4000074bf5f41d0
05-27 08:04:28.902   581   581 D spidev_ioctl: gpio status=1)
05-27 08:04:28.908   581   581 D spi_rst_gpio_get_output: GPIO 145 value: 1
05-27 18:13:19.944 30773 30795 D BufferPoolAccessor2.0: bufferpool2 0xb400007447813a38 : 4(16384 size) total buffers - 4(16384 size) used buffers - 0/5 (recycle/alloc) - 51/217608 (fetch/transfer)
05-27 18:13:19.944 13911 14192 D Sentinelmode_1.2.5.17_sentry: <SentryImuClusterFgeSender>imu_status sent to Linux, frame=200205, tsNs=8667179, tsMs=8, intervalMs=42, ad=(-0.0054448545,-0.0035914283,-0.17070484), gd=(-0.011377212,0.004352084,0.0016790399)
05-27 18:13:19.947   572   622 I Sensors : 230 GyroSensor: x:-0.011530,y:0.004734,z:0.001603
05-27 18:13:19.947   299  1153 D EvsDriver: doneWithFrame
05-27 18:13:19.949   581   581 I SpiService: fgesysctrl_getGPIO_status success val=0
05-27 18:13:19.950   299 30844 D EvsDriver: Delivered 0xb400007b7ca56900 as id 0
05-27 18:13:19.950  1167  1184 D evsmanagerd: /dev/video6 forwarded the buffer #0 to 0xb4000074bf5f5510 from 0xb4000074bf5f6d90
05-27 18:13:19.952 13911 14183 I SentryImuMcuAngleSender: 179.986rollDeg
05-27 18:13:19.952 13911 14183 I SentryImuMcuAngleSender: 1,0,0
05-27 08:04:28.914   581   581 D spi_rst_gpio_get_output: GPIO 145 value: 0
05-27 08:04:28.914   581   581 D spidev_ioctl: gpio status=0)
05-27 18:13:19.953   299  1153 D EvsDriver: doneWithFrame
05-27 18:13:19.955   283   307 I rvcservice: t.code = 0, t.value = 6100
05-27 18:13:19.958  1008 30857 D [OMXB]  : usingANWBuffer: handle:0xee745760, format:1, w:1920, h:1080
05-27 08:04:28.929   581   581 D spi_rst_gpio_get_output: GPIO 145 value: 1
05-27 08:04:28.929   581   581 D spidev_ioctl: gpio status=1)
05-27 18:13:19.964   581   581 I SpiService: fgesysctrl_getGPIO_status success val=1
05-27 18:13:19.965   481   598 I mcuc    : rev,n=1,6AA681AE9A006B8900230600030A4000003419400000000040000005354000000000400059231C4000004000000000000000000000000000000000000100000000000000000000000000000000000000000000000000000000000000000000000000000000000000000000000000000000002D
05-27 18:13:19.965   351   373 D automotive.vehicle@2.0-adayo-datacomm-mcu: MCUDatacomm sendMessageFromVehicle prop: 0x89, areaId: 0x0, status: 0x23, timestamp: 0x6
05-27 18:13:19.965   351   373 D automotive.vehicle@2.0-adayo-datacomm-mcu: MCUDatacomm 1sendMessageFromVehicle ---> type = 3 
05-27 18:13:19.965   351   373 D automotive.vehicle@2.0-adayo-func-bcm: sendMessageFromVehicle sendMessageFromVehicle
05-27 18:13:19.965   351   516 D automotive.vehicle@2.0-adayo-func-bcm: jjfan1 ______procotolSize :38
05-27 18:13:19.965   351   516 D automotive.vehicle@2.0-adayo-func-bcm: BCMFunc sendMessageFromVehicle_l dataType: 12,mByte=7,propid=0x2140006b
05-27 18:13:19.965   351   516 D automotive.vehicle@2.0-adayo-func-bcm: BCMFunc sendMessageFromVehicle_l msgBuff[7]=0x40,start:0,len:6,temp:6,
05-27 18:13:19.965   351   516 D automotive.vehicle@2.0-adayo-func-bcm: BCMFunc sendMessageFromVehicle_l prop: 0x2140006b ,areaId: 0x0  SPLITE_BIT_DATA_INTEGER : 0
05-27 18:13:19.965   351   516 D automotive.vehicle@2.0-adayo-func-bcm: BCMFunc sendMessageFromVehicle_l id:557842539, area:0 not report! 
05-27 18:13:19.965   351   516 D automotive.vehicle@2.0-adayo-func-bcm: BCMFunc sendMessageFromVehicle_l dataType: 12,mByte=7,propid=0x2140006c
05-27 18:13:19.966   351   516 D automotive.vehicle@2.0-adayo-func-bcm: BCMFunc sendMessageFromVehicle_l msgBuff[7]=0x40,start:6,len:2,temp:2,
05-27 18:13:19.966   351   516 D automotive.vehicle@2.0-adayo-func-bcm: BCMFunc sendMessageFromVehicle_l prop: 0x2140006c ,areaId: 0x0  SPLITE_BIT_DATA_INTEGER : 1
05-27 18:13:19.966   351   516 D automotive.vehicle@2.0-adayo-func-bcm: BCMFunc sendMessageFromVehicle_l id:557842540, area:0 not report! 
05-27 18:13:19.966   351   516 D automotive.vehicle@2.0-adayo-func-bcm: BCMFunc sendMessageFromVehicle_l dataType: 12,mByte=11,propid=0x2140004a
05-27 18:13:19.966   351   516 D automotive.vehicle@2.0-adayo-func-bcm: BCMFunc sendMessageFromVehicle_l msgBuff[11]=0x19,start:0,len:32,temp:8,
05-27 18:13:19.966   351   516 D automotive.vehicle@2.0-adayo-func-bcm: BCMFunc sendMessageFromVehicle_l msgBuff[10]=0x34,start:0,len:24,temp:8,
05-27 18:13:19.966   351   516 D automotive.vehicle@2.0-adayo-func-bcm: BCMFunc sendMessageFromVehicle_l msgBuff[9]=0x0,start:0,len:16,temp:8,
05-27 18:13:19.966   351   516 D automotive.vehicle@2.0-adayo-func-bcm: BCMFunc sendMessageFromVehicle_l msgBuff[8]=0x0,start:0,len:8,temp:8,
05-27 18:13:19.966   351   516 D automotive.vehicle@2.0-adayo-func-bcm: BCMFunc sendMessageFromVehicle_l prop: 0x2140004a ,areaId: 0x0  SPLITE_BIT_DATA_INTEGER : 13337
05-27 18:13:19.966   351   516 D automotive.vehicle@2.0-adayo-func-bcm: BCMFunc sendMessageFromVehicle_l id:557842506, area:0 not report! 
05-27 18:13:19.966   351   516 D automotive.vehicle@2.0-adayo-func-bcm: BCMFunc sendMessageFromVehicle_l dataType: 12,mByte=12,propid=0x2140006d
05-27 18:13:19.966   351   516 D automotive.vehicle@2.0-adayo-func-bcm: BCMFunc sendMessageFromVehicle_l msgBuff[12]=0x40,start:0,len:6,temp:6,
05-27 18:13:19.966   351   516 D automotive.vehicle@2.0-adayo-func-bcm: BCMFunc sendMessageFromVehicle_l prop: 0x2140006d ,areaId: 0x0  SPLITE_BIT_DATA_INTEGER : 0
05-27 18:13:19.966   351   516 D automotive.vehicle@2.0-adayo-func-bcm: BCMFunc sendMessageFromVehicle_l id:557842541, area:0 not report! 
05-27 18:13:19.966   351   516 D automotive.vehicle@2.0-adayo-func-bcm: BCMFunc sendMessageFromVehicle_l dataType: 12,mByte=12,propid=0x2140006e
05-27 18:13:19.966   351   516 D automotive.vehicle@2.0-adayo-func-bcm: BCMFunc sendMessageFromVehicle_l msgBuff[12]=0x40,start:6,len:2,temp:2,
05-27 18:13:19.966   351   516 D automotive.vehicle@2.0-adayo-func-bcm: BCMFunc sendMessageFromVehicle_l prop: 0x2140006e ,areaId: 0x0  SPLITE_BIT_DATA_INTEGER : 1
05-27 18:13:19.966   351   516 D automotive.vehicle@2.0-adayo-func-bcm: BCMFunc sendMessageFromVehicle_l id:557842542, area:0 not report! 
05-27 18:13:19.966   351   516 D automotive.vehicle@2.0-adayo-func-bcm: BCMFunc sendMessageFromVehicle_l dataType: 12,mByte=16,propid=0x21600040
05-27 18:13:19.966   351   516 D automotive.vehicle@2.0-adayo-func-bcm: BCMFunc sendMessageFromVehicle_l msgBuff[16]=0x0,start:0,len:32,temp:8,
05-27 18:13:19.966   351   516 D automotive.vehicle@2.0-adayo-func-bcm: BCMFunc sendMessageFromVehicle_l msgBuff[15]=0x0,start:0,len:24,temp:8,
05-27 18:13:19.966   351   516 D automotive.vehicle@2.0-adayo-func-bcm: BCMFunc sendMessageFromVehicle_l msgBuff[14]=0x0,start:0,len:16,temp:8,
05-27 18:13:19.966   351   516 D automotive.vehicle@2.0-adayo-func-bcm: BCMFunc sendMessageFromVehicle_l msgBuff[13]=0x0,start:0,len:8,temp:8,
05-27 18:13:19.966   351   516 D automotive.vehicle@2.0-adayo-func-bcm: BCMFunc sendMessageFromVehicle_l prop: 0x21600040 , SPLITE_BIT_DATA_INTEGER1 data:0
05-27 18:13:19.966   351   516 D automotive.vehicle@2.0-adayo-func-bcm: BCMFunc sendMessageFromVehicle_l prop: 0x21600040 , SPLITE_BIT_DATA_INTEGER4 procotol.calc[0]:0.100000,procotol.calc[1]:0.000000
05-27 18:13:19.966   351   516 D automotive.vehicle@2.0-adayo-func-bcm: BCMFunc sendMessageFromVehicle_l prop: 0x21600040 ,areaId: 0x0  SPLITE_BIT_DATA_INTEGER : 0.000000,calc[0]:0.100000,calc[1]:0.000000
05-27 18:13:19.966   351   516 D automotive.vehicle@2.0-adayo-func-bcm: BCMFunc sendMessageFromVehicle_l id:559939648, area:0 not report! 
05-27 18:13:19.966   351   516 D automotive.vehicle@2.0-adayo-func-bcm: BCMFunc sendMessageFromVehicle_l dataType: 12,mByte=17,propid=0x2140006f
05-27 18:13:19.967   351   516 D automotive.vehicle@2.0-adayo-func-bcm: BCMFunc sendMessageFromVehicle_l msgBuff[17]=0x40,start:0,len:6,temp:6,
05-27 18:13:19.967   351   516 D automotive.vehicle@2.0-adayo-func-bcm: BCMFunc sendMessageFromVehicle_l prop: 0x2140006f ,areaId: 0x0  SPLITE_BIT_DATA_INTEGER : 0
05-27 18:13:19.967   351   516 D automotive.vehicle@2.0-adayo-func-bcm: BCMFunc sendMessageFromVehicle_l id:557842543, area:0 not report! 
05-27 18:13:19.967   351   516 D automotive.vehicle@2.0-adayo-func-bcm: BCMFunc sendMessageFromVehicle_l dataType: 12,mByte=17,propid=0x21400070
05-27 18:13:19.967   351   516 D automotive.vehicle@2.0-adayo-func-bcm: BCMFunc sendMessageFromVehicle_l msgBuff[17]=0x40,start:6,len:2,temp:2,
05-27 18:13:19.967   351   516 D automotive.vehicle@2.0-adayo-func-bcm: BCMFunc sendMessageFromVehicle_l prop: 0x21400070 ,areaId: 0x0  SPLITE_BIT_DATA_INTEGER : 1
05-27 18:13:19.967   351   516 D automotive.vehicle@2.0-adayo-func-bcm: BCMFunc sendMessageFromVehicle_l id:557842544, area:0 not report! 
05-27 18:13:19.967   351   516 D automotive.vehicle@2.0-adayo-func-bcm: BCMFunc sendMessageFromVehicle_l dataType: 12,mByte=21,propid=0x2160004c
05-27 18:13:19.967   351   516 D automotive.vehicle@2.0-adayo-func-bcm: BCMFunc sendMessageFromVehicle_l msgBuff[21]=0x35,start:0,len:32,temp:8,
05-27 18:13:19.967   351   516 D automotive.vehicle@2.0-adayo-func-bcm: BCMFunc sendMessageFromVehicle_l msgBuff[20]=0x5,start:0,len:24,temp:8,
05-27 18:13:19.967   351   516 D automotive.vehicle@2.0-adayo-func-bcm: BCMFunc sendMessageFromVehicle_l msgBuff[19]=0x0,start:0,len:16,temp:8,
05-27 18:13:19.967   351   516 D automotive.vehicle@2.0-adayo-func-bcm: BCMFunc sendMessageFromVehicle_l msgBuff[18]=0x0,start:0,len:8,temp:8,
05-27 18:13:19.967   351   516 D automotive.vehicle@2.0-adayo-func-bcm: BCMFunc sendMessageFromVehicle_l prop: 0x2160004c , SPLITE_BIT_DATA_INTEGER1 data:1333
05-27 18:13:19.967   351   516 D automotive.vehicle@2.0-adayo-func-bcm: BCMFunc sendMessageFromVehicle_l prop: 0x2160004c , SPLITE_BIT_DATA_INTEGER4 procotol.calc[0]:0.100000,procotol.calc[1]:0.000000
05-27 18:13:19.967   351   516 D automotive.vehicle@2.0-adayo-func-bcm: BCMFunc sendMessageFromVehicle_l prop: 0x2160004c ,areaId: 0x0  SPLITE_BIT_DATA_INTEGER : 133.300003,calc[0]:0.100000,calc[1]:0.000000
05-27 18:13:19.967   351   516 D automotive.vehicle@2.0-adayo-func-bcm: BCMFunc sendMessageFromVehicle_l id:559939660, area:0 not report! 
05-27 18:13:19.967   351   516 D automotive.vehicle@2.0-adayo-func-bcm: BCMFunc sendMessageFromVehicle_l dataType: 12,mByte=22,propid=0x21400071
05-27 18:13:19.967   351   516 D automotive.vehicle@2.0-adayo-func-bcm: BCMFunc sendMessageFromVehicle_l msgBuff[22]=0x40,start:0,len:6,temp:6,
05-27 18:13:19.967   351   516 D automotive.vehicle@2.0-adayo-func-bcm: BCMFunc sendMessageFromVehicle_l prop: 0x21400071 ,areaId: 0x0  SPLITE_BIT_DATA_INTEGER : 0
05-27 18:13:19.967   351   516 D automotive.vehicle@2.0-adayo-func-bcm: BCMFunc sendMessageFromVehicle_l id:557842545, area:0 not report! 
05-27 18:13:19.967   351   516 D automotive.vehicle@2.0-adayo-func-bcm: BCMFunc sendMessageFromVehicle_l dataType: 12,mByte=22,propid=0x21400072
05-27 18:13:19.967   351   516 D automotive.vehicle@2.0-adayo-func-bcm: BCMFunc sendMessageFromVehicle_l msgBuff[22]=0x40,start:6,len:2,temp:2,
05-27 18:13:19.967   351   516 D automotive.vehicle@2.0-adayo-func-bcm: BCMFunc sendMessageFromVehicle_l prop: 0x21400072 ,areaId: 0x0  SPLITE_BIT_DATA_INTEGER : 1
05-27 18:13:19.967   351   516 D automotive.vehicle@2.0-adayo-func-bcm: BCMFunc sendMessageFromVehicle_l id:557842546, area:0 not report! 
05-27 18:13:19.967   351   516 D automotive.vehicle@2.0-adayo-func-bcm: BCMFunc sendMessageFromVehicle_l dataType: 12,mByte=24,propid=0x21400050
05-27 18:13:19.967   351   516 D automotive.vehicle@2.0-adayo-func-bcm: BCMFunc sendMessageFromVehicle_l msgBuff[24]=0x0,start:0,len:16,temp:8,
05-27 18:13:19.967   351   516 D automotive.vehicle@2.0-adayo-func-bcm: BCMFunc sendMessageFromVehicle_l msgBuff[23]=0x0,start:0,len:8,temp:8,
05-27 18:13:19.967   351   516 D automotive.vehicle@2.0-adayo-func-bcm: BCMFunc sendMessageFromVehicle_l prop: 0x21400050 ,areaId: 0x0  SPLITE_BIT_DATA_INTEGER : 0
05-27 18:13:19.967   351   516 D automotive.vehicle@2.0-adayo-func-bcm: BCMFunc sendMessageFromVehicle_l id:557842512, area:0 not report! 
05-27 18:13:19.967   351   516 D automotive.vehicle@2.0-adayo-func-bcm: BCMFunc sendMessageFromVehicle_l dataType: 12,mByte=25,propid=0x21400051
05-27 18:13:19.967   351   516 D automotive.vehicle@2.0-adayo-func-bcm: BCMFunc sendMessageFromVehicle_l msgBuff[25]=0x0,start:0,len:8,temp:8,
05-27 18:13:19.967   351   516 D automotive.vehicle@2.0-adayo-func-bcm: BCMFunc sendMessageFromVehicle_l prop: 0x21400051 ,areaId: 0x0  SPLITE_BIT_DATA_INTEGER : 0
05-27 18:13:19.967   351   516 D automotive.vehicle@2.0-adayo-func-bcm: BCMFunc sendMessageFromVehicle_l id:557842513, area:0 not report! 
05-27 18:13:19.968   351   516 D automotive.vehicle@2.0-adayo-func-bcm: BCMFunc sendMessageFromVehicle_l dataType: 12,mByte=26,propid=0x21400052
05-27 18:13:19.968   351   516 D automotive.vehicle@2.0-adayo-func-bcm: BCMFunc sendMessageFromVehicle_l msgBuff[26]=0x0,start:0,len:8,temp:8,
05-27 18:13:19.968   351   516 D automotive.vehicle@2.0-adayo-func-bcm: BCMFunc sendMessageFromVehicle_l prop: 0x21400052 ,areaId: 0x0  SPLITE_BIT_DATA_INTEGER : 0
05-27 18:13:19.968   351   516 D automotive.vehicle@2.0-adayo-func-bcm: BCMFunc sendMessageFromVehicle_l id:557842514, area:0 not report! 
05-27 18:13:19.968   351   516 D automotive.vehicle@2.0-adayo-func-bcm: BCMFunc sendMessageFromVehicle_l dataType: 12,mByte=27,propid=0x21400073
05-27 18:13:19.968   351   516 D automotive.vehicle@2.0-adayo-func-bcm: BCMFunc sendMessageFromVehicle_l msgBuff[27]=0x40,start:0,len:6,temp:6,
05-27 18:13:19.968   351   516 D automotive.vehicle@2.0-adayo-func-bcm: BCMFunc sendMessageFromVehicle_l prop: 0x21400073 ,areaId: 0x0  SPLITE_BIT_DATA_INTEGER : 0
05-27 18:13:19.968   351   516 D automotive.vehicle@2.0-adayo-func-bcm: BCMFunc sendMessageFromVehicle_l id:557842547, area:0 not report! 
05-27 18:13:19.968   351   516 D automotive.vehicle@2.0-adayo-func-bcm: BCMFunc sendMessageFromVehicle_l dataType: 12,mByte=27,propid=0x21400074
05-27 18:13:19.968   351   516 D automotive.vehicle@2.0-adayo-func-bcm: BCMFunc sendMessageFromVehicle_l msgBuff[27]=0x40,start:6,len:2,temp:2,
05-27 18:13:19.968   351   516 D automotive.vehicle@2.0-adayo-func-bcm: BCMFunc sendMessageFromVehicle_l prop: 0x21400074 ,areaId: 0x0  SPLITE_BIT_DATA_INTEGER : 1
05-27 18:13:19.968   351   516 D automotive.vehicle@2.0-adayo-func-bcm: BCMFunc sendMessageFromVehicle_l id:557842548, area:0 not report! 
05-27 18:13:19.968   351   516 D automotive.vehicle@2.0-adayo-func-bcm: BCMFunc sendMessageFromVehicle_l dataType: 12,mByte=29,propid=0x21400053
05-27 18:13:19.968   351   516 D automotive.vehicle@2.0-adayo-func-bcm: BCMFunc sendMessageFromVehicle_l msgBuff[29]=0x59,start:0,len:16,temp:8,
05-27 18:13:19.968   351   516 D automotive.vehicle@2.0-adayo-func-bcm: BCMFunc sendMessageFromVehicle_l msgBuff[28]=0x0,start:0,len:8,temp:8,
05-27 18:13:19.968   351   516 D automotive.vehicle@2.0-adayo-func-bcm: BCMFunc sendMessageFromVehicle_l prop: 0x21400053 ,areaId: 0x0  SPLITE_BIT_DATA_INTEGER : 89
05-27 18:13:19.968   351   516 D automotive.vehicle@2.0-adayo-func-bcm: BCMFunc sendMessageFromVehicle_l id:557842515, area:0 not report! 
05-27 18:13:19.968   351   516 D automotive.vehicle@2.0-adayo-func-bcm: BCMFunc sendMessageFromVehicle_l dataType: 12,mByte=30,propid=0x21400054
05-27 18:13:19.968   351   516 D automotive.vehicle@2.0-adayo-func-bcm: BCMFunc sendMessageFromVehicle_l msgBuff[30]=0x23,start:0,len:8,temp:8,
05-27 18:13:19.968   351   516 D automotive.vehicle@2.0-adayo-func-bcm: BCMFunc sendMessageFromVehicle_l prop: 0x21400054 ,areaId: 0x0  SPLITE_BIT_DATA_INTEGER : 35
05-27 18:13:19.968   351   516 D automotive.vehicle@2.0-adayo-func-bcm: BCMFunc sendMessageFromVehicle_l id:557842516, area:0 not report! 
05-27 18:13:19.968   351   516 D automotive.vehicle@2.0-adayo-func-bcm: BCMFunc sendMessageFromVehicle_l dataType: 12,mByte=31,propid=0x21400055
05-27 18:13:19.968   351   516 D automotive.vehicle@2.0-adayo-func-bcm: BCMFunc sendMessageFromVehicle_l msgBuff[31]=0x1c,start:0,len:8,temp:8,
05-27 18:13:19.968   351   516 D automotive.vehicle@2.0-adayo-func-bcm: BCMFunc sendMessageFromVehicle_l prop: 0x21400055 ,areaId: 0x0  SPLITE_BIT_DATA_INTEGER : 28
05-27 18:13:19.968   351   516 D automotive.vehicle@2.0-adayo-func-bcm: BCMFunc sendMessageFromVehicle_l id:557842517, area:0 not report! 
05-27 18:13:19.968   351   516 D automotive.vehicle@2.0-adayo-func-bcm: BCMFunc sendMessageFromVehicle_l dataType: 12,mByte=32,propid=0x21400075
05-27 18:13:19.968   351   516 D automotive.vehicle@2.0-adayo-func-bcm: BCMFunc sendMessageFromVehicle_l msgBuff[32]=0x40,start:0,len:6,temp:6,
05-27 18:13:19.968   351   516 D automotive.vehicle@2.0-adayo-func-bcm: BCMFunc sendMessageFromVehicle_l prop: 0x21400075 ,areaId: 0x0  SPLITE_BIT_DATA_INTEGER : 0
05-27 18:13:19.968   351   516 D automotive.vehicle@2.0-adayo-func-bcm: BCMFunc sendMessageFromVehicle_l id:557842549, area:0 not report! 
05-27 18:13:19.968   351   516 D automotive.vehicle@2.0-adayo-func-bcm: BCMFunc sendMessageFromVehicle_l dataType: 12,mByte=32,propid=0x21400076
05-27 18:13:19.968   351   516 D automotive.vehicle@2.0-adayo-func-bcm: BCMFunc sendMessageFromVehicle_l msgBuff[32]=0x40,start:6,len:2,temp:2,
05-27 18:13:19.968   351   516 D automotive.vehicle@2.0-adayo-func-bcm: BCMFunc sendMessageFromVehicle_l prop: 0x21400076 ,areaId: 0x0  SPLITE_BIT_DATA_INTEGER : 1
05-27 18:13:19.968   351   516 D automotive.vehicle@2.0-adayo-func-bcm: BCMFunc sendMessageFromVehicle_l id:557842550, area:0 not report! 
05-27 18:13:19.968   351   516 D automotive.vehicle@2.0-adayo-func-bcm: BCMFunc sendMessageFromVehicle_l dataType: 12,mByte=34,propid=0x2140004b
05-27 18:13:19.968   351   516 D automotive.vehicle@2.0-adayo-func-bcm: BCMFunc sendMessageFromVehicle_l msgBuff[34]=0x0,start:0,len:16,temp:8,
05-27 18:13:19.968   351   516 D automotive.vehicle@2.0-adayo-func-bcm: BCMFunc sendMessageFromVehicle_l msgBuff[33]=0x0,start:0,len:8,temp:8,
05-27 18:13:19.968   351   516 D automotive.vehicle@2.0-adayo-func-bcm: BCMFunc sendMessageFromVehicle_l prop: 0x2140004b ,areaId: 0x0  SPLITE_BIT_DATA_INTEGER : 0
05-27 18:13:19.968   351   516 D automotive.vehicle@2.0-adayo-func-bcm: BCMFunc sendMessageFromVehicle_l id:557842507, area:0 not report! 
05-27 18:13:19.968   351   516 D automotive.vehicle@2.0-adayo-func-bcm: BCMFunc sendMessageFromVehicle_l dataType: 12,mByte=35,propid=0x21400077
05-27 18:13:19.968   351   516 D automotive.vehicle@2.0-adayo-func-bcm: BCMFunc sendMessageFromVehicle_l msgBuff[35]=0x40,start:0,len:6,temp:6,
05-27 18:13:19.968   351   516 D automotive.vehicle@2.0-adayo-func-bcm: BCMFunc sendMessageFromVehicle_l prop: 0x21400077 ,areaId: 0x0  SPLITE_BIT_DATA_INTEGER : 0
05-27 18:13:19.969   351   516 D automotive.vehicle@2.0-adayo-func-bcm: BCMFunc sendMessageFromVehicle_l id:557842551, area:0 not report! 
05-27 18:13:19.969   351   516 D automotive.vehicle@2.0-adayo-func-bcm: BCMFunc sendMessageFromVehicle_l dataType: 12,mByte=35,propid=0x21400078
05-27 18:13:19.969   351   516 D automotive.vehicle@2.0-adayo-func-bcm: BCMFunc sendMessageFromVehicle_l msgBuff[35]=0x40,start:6,len:2,temp:2,
05-27 18:13:19.969   351   516 D automotive.vehicle@2.0-adayo-func-bcm: BCMFunc sendMessageFromVehicle_l prop: 0x21400078 ,areaId: 0x0  SPLITE_BIT_DATA_INTEGER : 1
05-27 18:13:19.969   351   516 D automotive.vehicle@2.0-adayo-func-bcm: BCMFunc sendMessageFromVehicle_l id:557842552, area:0 not report! 
05-27 18:13:19.969   351   516 D automotive.vehicle@2.0-adayo-func-bcm: BCMFunc sendMessageFromVehicle_l dataType: 12,mByte=37,propid=0x2140004c
05-27 18:13:19.969   351   516 D automotive.vehicle@2.0-adayo-func-bcm: BCMFunc sendMessageFromVehicle_l msgBuff[37]=0x0,start:0,len:16,temp:8,
05-27 18:13:19.969   351   516 D automotive.vehicle@2.0-adayo-func-bcm: BCMFunc sendMessageFromVehicle_l msgBuff[36]=0x0,start:0,len:8,temp:8,
05-27 18:13:19.969   351   516 D automotive.vehicle@2.0-adayo-func-bcm: BCMFunc sendMessageFromVehicle_l prop: 0x2140004c ,areaId: 0x0  SPLITE_BIT_DATA_INTEGER : 0
05-27 18:13:19.969   351   516 D automotive.vehicle@2.0-adayo-func-bcm: BCMFunc sendMessageFromVehicle_l id:557842508, area:0 not report! 
05-27 18:13:19.969   351   516 D automotive.vehicle@2.0-adayo-func-bcm: BCMFunc sendMessageFromVehicle_l dataType: 12,mByte=38,propid=0x2140009b
05-27 18:13:19.969   351   516 D automotive.vehicle@2.0-adayo-func-bcm: BCMFunc sendMessageFromVehicle_l msgBuff[38]=0x0,start:0,len:8,temp:8,
05-27 18:13:19.969   351   516 D automotive.vehicle@2.0-adayo-func-bcm: BCMFunc sendMessageFromVehicle_l prop: 0x2140009b ,areaId: 0x0  SPLITE_BIT_DATA_INTEGER : 0
05-27 18:13:19.969   351   516 D automotive.vehicle@2.0-adayo-func-bcm: BCMFunc sendMessageFromVehicle_l id:557842587, area:0 not report! 
05-27 18:13:19.969   351   516 D automotive.vehicle@2.0-adayo-func-bcm: BCMFunc sendMessageFromVehicle_l dataType: 12,mByte=39,propid=0x2140009c
05-27 18:13:19.969   351   516 D automotive.vehicle@2.0-adayo-func-bcm: BCMFunc sendMessageFromVehicle_l msgBuff[39]=0x0,start:0,len:8,temp:8,
05-27 18:13:19.969   351   516 D automotive.vehicle@2.0-adayo-func-bcm: BCMFunc sendMessageFromVehicle_l prop: 0x2140009c ,areaId: 0x0  SPLITE_BIT_DATA_INTEGER : 0
05-27 18:13:19.969   351   516 D automotive.vehicle@2.0-adayo-func-bcm: BCMFunc sendMessageFromVehicle_l id:557842588, area:0 not report! 
05-27 18:13:19.969   351   516 D automotive.vehicle@2.0-adayo-func-bcm: BCMFunc sendMessageFromVehicle_l dataType: 12,mByte=40,propid=0x2140009d
05-27 18:13:19.969   351   516 D automotive.vehicle@2.0-adayo-func-bcm: BCMFunc sendMessageFromVehicle_l msgBuff[40]=0x0,start:0,len:8,temp:8,
05-27 18:13:19.969   351   516 D automotive.vehicle@2.0-adayo-func-bcm: BCMFunc sendMessageFromVehicle_l prop: 0x2140009d ,areaId: 0x0  SPLITE_BIT_DATA_INTEGER : 0
05-27 18:13:19.969   351   516 D automotive.vehicle@2.0-adayo-func-bcm: BCMFunc sendMessageFromVehicle_l id:557842589, area:0 not report! 
05-27 18:13:19.969   351   516 D automotive.vehicle@2.0-adayo-func-bcm: BCMFunc sendMessageFromVehicle_l dataType: 12,mByte=41,propid=0x2140009e
05-27 18:13:19.969   351   516 D automotive.vehicle@2.0-adayo-func-bcm: BCMFunc sendMessageFromVehicle_l msgBuff[41]=0x0,start:0,len:8,temp:8,
05-27 18:13:19.969   351   516 D automotive.vehicle@2.0-adayo-func-bcm: BCMFunc sendMessageFromVehicle_l prop: 0x2140009e ,areaId: 0x0  SPLITE_BIT_DATA_INTEGER : 0
05-27 18:13:19.969   351   516 D automotive.vehicle@2.0-adayo-func-bcm: BCMFunc sendMessageFromVehicle_l id:557842590, area:0 not report! 
05-27 18:13:19.969   351   516 D automotive.vehicle@2.0-adayo-func-bcm: BCMFunc sendMessageFromVehicle_l dataType: 12,mByte=43,propid=0x2160009f
05-27 18:13:19.969   351   516 D automotive.vehicle@2.0-adayo-func-bcm: BCMFunc sendMessageFromVehicle_l msgBuff[43]=0x0,start:0,len:16,temp:8,
05-27 18:13:19.969   351   516 D automotive.vehicle@2.0-adayo-func-bcm: BCMFunc sendMessageFromVehicle_l msgBuff[42]=0x0,start:0,len:8,temp:8,
05-27 18:13:19.969   351   516 D automotive.vehicle@2.0-adayo-func-bcm: BCMFunc sendMessageFromVehicle_l prop: 0x2160009f , SPLITE_BIT_DATA_INTEGER1 data:0
05-27 18:13:19.969   351   516 D automotive.vehicle@2.0-adayo-func-bcm: BCMFunc sendMessageFromVehicle_l prop: 0x2160009f , SPLITE_BIT_DATA_INTEGER4 procotol.calc[0]:0.100000,procotol.calc[1]:0.000000
05-27 18:13:19.969   351   516 D automotive.vehicle@2.0-adayo-func-bcm: BCMFunc sendMessageFromVehicle_l prop: 0x2160009f ,areaId: 0x0  SPLITE_BIT_DATA_INTEGER : 0.000000,calc[0]:0.100000,calc[1]:0.000000
05-27 18:13:19.969   351   516 D automotive.vehicle@2.0-adayo-func-bcm: BCMFunc sendMessageFromVehicle_l id:559939743, area:0 not report! 
05-27 18:13:19.969   351   516 D automotive.vehicle@2.0-adayo-func-bcm: BCMFunc sendMessageFromVehicle_l dataType: 12,mByte=45,propid=0x216000f3
05-27 18:13:19.969   351   516 D automotive.vehicle@2.0-adayo-func-bcm: BCMFunc sendMessageFromVehicle_l msgBuff[45]=0x0,start:0,len:16,temp:8,
05-27 18:13:19.969   351   516 D automotive.vehicle@2.0-adayo-func-bcm: BCMFunc sendMessageFromVehicle_l msgBuff[44]=0x0,start:0,len:8,temp:8,
05-27 18:13:19.969   351   516 D automotive.vehicle@2.0-adayo-func-bcm: BCMFunc sendMessageFromVehicle_l prop: 0x216000f3 , SPLITE_BIT_DATA_INTEGER1 data:0
05-27 18:13:19.969   351   516 D automotive.vehicle@2.0-adayo-func-bcm: BCMFunc sendMessageFromVehicle_l prop: 0x216000f3 , SPLITE_BIT_DATA_INTEGER4 procotol.calc[0]:0.100000,procotol.calc[1]:0.000000
05-27 18:13:19.969   351   516 D automotive.vehicle@2.0-adayo-func-bcm: BCMFunc sendMessageFromVehicle_l prop: 0x216000f3 ,areaId: 0x0  SPLITE_BIT_DATA_INTEGER : 0.000000,calc[0]:0.100000,calc[1]:0.000000
05-27 18:13:19.969   351   516 D automotive.vehicle@2.0-adayo-func-bcm: BCMFunc sendMessageFromVehicle_l id:559939827, area:0 not report! 
05-27 18:13:19.969   351   516 D automotive.vehicle@2.0-adayo-func-bcm: BCMFunc sendMessageFromVehicle_l dataType: 12,mByte=47,propid=0x214000f4
05-27 18:13:19.969   351   516 D automotive.vehicle@2.0-adayo-func-bcm: BCMFunc sendMessageFromVehicle_l msgBuff[47]=0x0,start:0,len:16,temp:8,
05-27 18:13:19.969   351   516 D automotive.vehicle@2.0-adayo-func-bcm: BCMFunc sendMessageFromVehicle_l msgBuff[46]=0x0,start:0,len:8,temp:8,
05-27 18:13:19.970   351   516 D automotive.vehicle@2.0-adayo-func-bcm: BCMFunc sendMessageFromVehicle_l prop: 0x214000f4 ,areaId: 0x0  SPLITE_BIT_DATA_INTEGER : 0
05-27 18:13:19.970   351   516 D automotive.vehicle@2.0-adayo-func-bcm: BCMFunc sendMessageFromVehicle_l id:557842676, area:0 not report! 
05-27 18:13:19.970   351   516 D automotive.vehicle@2.0-adayo-func-bcm: BCMFunc sendMessageFromVehicle_l dataType: 12,mByte=48,propid=0x214000fe
05-27 18:13:19.970   351   516 D automotive.vehicle@2.0-adayo-func-bcm: BCMFunc sendMessageFromVehicle_l msgBuff[48]=0x0,start:0,len:8,temp:8,
05-27 18:13:19.970   351   516 D automotive.vehicle@2.0-adayo-func-bcm: BCMFunc sendMessageFromVehicle_l prop: 0x214000fe ,areaId: 0x0  SPLITE_BIT_DATA_INTEGER : 0
05-27 18:13:19.970   351   516 D automotive.vehicle@2.0-adayo-func-bcm: BCMFunc sendMessageFromVehicle_l id:557842686, area:0 not report! 
05-27 18:13:19.970   351   516 D automotive.vehicle@2.0-adayo-func-bcm: BCMFunc sendMessageFromVehicle_l dataType: 12,mByte=49,propid=0x21400100
05-27 18:13:19.970   351   516 D automotive.vehicle@2.0-adayo-func-bcm: BCMFunc sendMessageFromVehicle_l msgBuff[49]=0x0,start:0,len:8,temp:8,
05-27 18:13:19.970   351   516 D automotive.vehicle@2.0-adayo-func-bcm: BCMFunc sendMessageFromVehicle_l prop: 0x21400100 ,areaId: 0x0  SPLITE_BIT_DATA_INTEGER : 0
05-27 18:13:19.970   581   581 I SpiService: fgesysctrl_getGPIO_status success val=1
05-27 18:13:19.970   351   516 D automotive.vehicle@2.0-adayo-func-bcm: BCMFunc sendMessageFromVehicle_l id:557842688, area:0 not report! 
05-27 18:13:19.970   351   516 D automotive.vehicle@2.0-adayo-func-bcm: BCMFunc sendMessageFromVehicle_l dataType: 12,mByte=50,propid=0x214000fa
05-27 18:13:19.970   351   516 D automotive.vehicle@2.0-adayo-func-bcm: BCMFunc sendMessageFromVehicle_l msgBuff[50]=0x0,start:0,len:8,temp:8,
05-27 18:13:19.970   351   516 D automotive.vehicle@2.0-adayo-func-bcm: BCMFunc sendMessageFromVehicle_l prop: 0x214000fa ,areaId: 0x0  SPLITE_BIT_DATA_INTEGER : 0
05-27 18:13:19.970   351   516 D automotive.vehicle@2.0-adayo-func-bcm: BCMFunc sendMessageFromVehicle_l id:557842682, area:0 not report! 
05-27 18:13:19.970   351   516 D automotive.vehicle@2.0-adayo-func-bcm: BCMFunc sendMessageFromVehicle_l dataType: 12,mByte=51,propid=0x214000fb
05-27 18:13:19.970   351   516 D automotive.vehicle@2.0-adayo-func-bcm: BCMFunc sendMessageFromVehicle_l msgBuff[51]=0x0,start:0,len:8,temp:8,
05-27 18:13:19.970   351   516 D automotive.vehicle@2.0-adayo-func-bcm: BCMFunc sendMessageFromVehicle_l prop: 0x214000fb ,areaId: 0x0  SPLITE_BIT_DATA_INTEGER : 0
05-27 18:13:19.970   351   516 D automotive.vehicle@2.0-adayo-func-bcm: BCMFunc sendMessageFromVehicle_l id:557842683, area:0 not report! 
05-27 18:13:19.970   351   516 D automotive.vehicle@2.0-adayo-func-bcm: BCMFunc sendMessageFromVehicle_l dataType: 12,mByte=52,propid=0x214000fc
05-27 18:13:19.970   351   516 D automotive.vehicle@2.0-adayo-func-bcm: BCMFunc sendMessageFromVehicle_l msgBuff[52]=0x0,start:0,len:8,temp:8,
05-27 18:13:19.970   351   516 D automotive.vehicle@2.0-adayo-func-bcm: BCMFunc sendMessageFromVehicle_l prop: 0x214000fc ,areaId: 0x0  SPLITE_BIT_DATA_INTEGER : 0
05-27 18:13:19.970   351   516 D automotive.vehicle@2.0-adayo-func-bcm: BCMFunc sendMessageFromVehicle_l id:557842684, area:0 not report! 
05-27 18:13:19.970   351   516 D automotive.vehicle@2.0-adayo-func-bcm: BCMFunc sendMessageFromVehicle_l dataType: 12,mByte=53,propid=0x21400106
05-27 18:13:19.970   351   516 D automotive.vehicle@2.0-adayo-func-bcm: BCMFunc sendMessageFromVehicle_l msgBuff[53]=0x1,start:0,len:8,temp:8,
05-27 18:13:19.970   351   516 D automotive.vehicle@2.0-adayo-func-bcm: BCMFunc sendMessageFromVehicle_l prop: 0x21400106 ,areaId: 0x0  SPLITE_BIT_DATA_INTEGER : 1
05-27 18:13:19.970   351   516 D automotive.vehicle@2.0-adayo-func-bcm: BCMFunc sendMessageFromVehicle_l id:557842694, area:0 not report! 
05-27 18:13:19.970   299 30841 D EvsDriver: forwardFrame
05-27 18:13:19.972   299 30841 D EvsDriver: Delivered 0xb400007b7ca56a60 as id 0
05-27 18:13:19.972  1167  1184 D evsmanagerd: /dev/video4 forwarded the buffer #0 to 0xb4000074bf5f6850 from 0xb4000074bf5f41d0
05-27 18:13:19.972 30773 30782 E dvr_service_: [myNum:0] Received S**** loss
05-27 18:13:19.972   299  1153 D EvsDriver: doneWithFrame
05-27 18:13:19.973   299 30844 D EvsDriver: forwardFrame
05-27 08:04:28.934   581   581 D spi_rst_gpio_get_output: GPIO 145 value: 1
05-27 08:04:28.934   581   581 D spidev_ioctl: gpio status=1)
05-27 18:13:19.973 13911 14183 I SentryImuMcuAngleSender: 179.98949rollDeg
05-27 18:13:19.973 13911 14183 I SentryImuMcuAngleSender: 1,0,0
05-27 18:13:19.974   299 30844 D EvsDriver: Delivered 0xb400007b7ca56900 as id 0
05-27 18:13:19.974  1167  1184 D evsmanagerd: /dev/video6 forwarded the buffer #0 to 0xb4000074bf5f5510 from 0xb4000074bf5f6d90
05-27 18:13:19.974 13911 14183 I SentryImuMcuAngleSender: [4, 18, 1, 0, 0],5
05-27 18:13:19.974 13911 14183 I McuCommManager: mcuCommSendcmd [4, 18, 1, 0, 0]
05-27 18:13:19.974 30773 30782 E dvr_service_: [myNum:1] Received S**** loss
05-27 18:13:19.975   299  1153 D EvsDriver: doneWithFrame
05-27 18:13:19.975 13911 14183 I SentryImuMcuAngleSender: true
05-27 18:13:19.975 13911 14183 W Sentinelmode_1.2.5.17_sentry: <SentryImuMcuAngleSender>MCU IMU send interval abnormal: 1000ms
05-27 18:13:19.975   581   581 I SpiService: fgesysctrl_getGPIO_status success val=1
05-27 18:13:19.976  1008 30856 D [OMXB]  : usingANWBuffer: handle:0xee742530, format:1, w:1920, h:1080
05-27 08:04:28.940   581   581 D spi_rst_gpio_get_output: GPIO 145 value: 1
05-27 08:04:28.940   581   581 D spidev_ioctl: gpio status=1)
05-27 18:13:19.981   581   581 I SpiService: fgesysctrl_getGPIO_status success val=1
05-27 18:13:19.982   351   515 W automotive.vehicle@2.0-adayo-func-bcm: BCMFunc sendMessageFromClient_l sendMessage prop: 0x11500f31 not in table
05-27 18:13:19.982   536   536 D commservice260303: msg.id = 1028,1
05-27 18:13:19.982   536   536 D commservice260303: i = 170, msgid = 8A000404
05-27 18:13:19.982   536   536 D commservice260303: msgid = -1979710460,did=138
05-27 18:13:19.982   536   536 D commservice260303: CommProtocolLibCmdBaseI2C::dataproc {"command":{"id":"imu_status","sub":""},"content":{"TimeStamp":8,"FrameCounter":200206,"GD_X":-0.012293193489313126,"GD_Y":0.004809814505279064,"GD_Z":0.0012977708829566836,"AD_X":-0.006038054823875427,"AD_Y":-0.0029647783376276493,"AD_Z":-0.16826629638671875,"TempDsp":0,"Status":0,"CalibState":1,"SigAmpInvalid":0}},-1979710460
05-27 18:13:19.982   536   536 D commservice260303: send2Cluster len:317, 7B22636F6D6D616E64223A7B226964223A22696D755F737461747573222C22737562223A22227D2C22636F6E74656E74223A7B2254696D655374616D70223A382C224672616D65436F756E746572223A3230303230362C2247445F58223A2D302E3031323239333139333438393331333132362C2247445F59223A302E3030343830393831343530353237393036342C2247445F5A223A302E303031323937373730383832393536363833362C2241445F58223A2D302E3030363033383035343832333837353432372C2241445F59223A2D302E303032393634373738333337363237363439332C2241445F5A223A2D302E31363832363632393633383637313837352C2254656D70447370223A302C22537461747573223A302C2243616C69625374617465223A312C22536967416D70496E76616C6964223A307D7D, 138 
05-27 18:13:19.982   536   536 D commservice260303: Push Message into SendPool fn=-1337326848
05-27 18:13:19.982   536   536 D commservice260303: ComProtocolLibSend2Cluster::send2ClusterRaw fn=-1337326848 , len=333
05-27 18:13:19.983   536   536 D commservice260303: sendCmdToPort :333!!!
05-27 18:13:19.983   536   536 D commservice260303: send Cmd To Port ++++5AA501498A0100034AB06A16C3BF7B22636F6D6D616E64223A7B226964223A22696D755F737461747573222C22737562223A22227D2C22636F6E74656E74223A7B2254696D655374616D70223A382C224672616D65436F756E746572223A3230303230362C2247445F58223A2D302E3031323239333139333438393331333132362C2247445F59223A302E3030343830393831343530353237393036342C2247445F5A223A302E303031323937373730383832393536363833362C2241445F58223A2D302E3030363033383035343832333837353432372C2241445F59223A2D302E303032393634373738333337363237363439332C2241445F5A223A2D302E31363832363632393633383637313837352C2254656D70447370223A302C22537461747573223A302C2243616C69625374617465223A312C22536967416D70496E76616C6964223A307D7DE0B0
05-27 18:13:19.983   536   536 D commservice260303: bufferevent_write retrun value = 0
05-27 18:13:19.983   536   560 D commservice260303: client datas send succeed,send finish
05-27 18:13:19.983 13911 14192 D Sentinelmode_1.2.5.17_sentry: <SentryImuClusterFgeSender>imu_status sent to Linux, frame=200206, tsNs=8667215, tsMs=8, intervalMs=39, ad=(-0.006038055,-0.0029647783,-0.1682663), gd=(-0.0122931935,0.0048098145,0.0012977709)
05-27 08:04:28.946   581   581 D spi_rst_gpio_get_output: GPIO 145 value: 1
05-27 08:04:28.946   581   581 D spidev_ioctl: gpio status=1)
05-27 18:13:19.986   581   581 I SpiService: fgesysctrl_getGPIO_status success val=1
05-27 08:04:28.951   581   581 D spi_rst_gpio_get_output: GPIO 145 value: 1
05-27 08:04:28.951   581   581 D spidev_ioctl: gpio status=1)
05-27 18:13:19.990  1008 30857 D [OMXB]  : usingANWBuffer: handle:0xee746310, format:1, w:1920, h:1080
05-27 18:13:19.991 30773 30789 I dvr_service_: Camera 1: MediaOK:11134684, frames:250, isKeyFrame:0,pts:8667000103
05-27 18:13:19.992   581   581 I SpiService: fgesysctrl_getGPIO_status success val=0
05-27 18:13:19.992   481   597 I mcuc    : send SPI:6AA602AE9A000289002B6AA6005EF8000504120100008E
05-27 08:04:28.957   581   581 D spi_rst_gpio_get_output: GPIO 145 value: 0
05-27 08:04:28.957   581   581 D spidev_ioctl: gpio status=0)
05-27 18:13:19.993 13911 14183 I SentryImuMcuAngleSender: 179.99298rollDeg
05-27 18:13:19.993 13911 14183 I SentryImuMcuAngleSender: 1,0,0
05-27 18:13:20.002   299 30844 D EvsDriver: forwardFrame
05-27 18:13:20.003   299 30844 D EvsDriver: Delivered 0xb400007b7ca56900 as id 0
05-27 18:13:20.004  1167  1184 D evsmanagerd: /dev/video6 forwarded the buffer #0 to 0xb4000074bf5f5510 from 0xb4000074bf5f6d90
05-27 18:13:20.006   299  1153 D EvsDriver: doneWithFrame
05-27 18:13:20.006  1008 30856 D [OMXB]  : usingANWBuffer: handle:0xee746c00, format:1, w:1920, h:1080
05-27 18:13:20.007   581   581 I SpiService: fgesysctrl_getGPIO_status success val=1
05-27 08:04:28.972   581   581 D spi_rst_gpio_get_output: GPIO 145 value: 1
05-27 08:04:28.972   581   581 D spidev_ioctl: gpio status=1)
05-27 18:13:20.013   581   581 I SpiService: fgesysctrl_getGPIO_status success val=1
05-27 18:13:20.013 13911 14183 I SentryImuMcuAngleSender: 179.97197rollDeg
05-27 08:04:28.977   581   581 D spi_rst_gpio_get_output: GPIO 145 value: 1
05-27 18:13:20.013 13911 14183 I SentryImuMcuAngleSender: 1,0,0
05-27 08:04:28.977   581   581 D spidev_ioctl: gpio status=1)
05-27 18:13:20.016   299 30841 D EvsDriver: forwardFrame
05-27 18:13:20.018   299 30841 D EvsDriver: Delivered 0xb400007b7ca56a60 as id 0
05-27 18:13:20.018  1167  1184 D evsmanagerd: /dev/video4 forwarded the buffer #0 to 0xb4000074bf5f6850 from 0xb4000074bf5f41d0
05-27 18:13:20.018   581   581 I SpiService: fgesysctrl_getGPIO_status success val=1
05-27 18:13:20.019   299  1153 D EvsDriver: doneWithFrame
05-27 08:04:28.983   581   581 D spi_rst_gpio_get_output: GPIO 145 value: 1
05-27 08:04:28.983   581   581 D spidev_ioctl: gpio status=1)
05-27 18:13:20.022   536   536 D commservice260303: msg.id = 1028,0
05-27 18:13:20.022   536   536 D commservice260303: i = 170, msgid = 8A000404
05-27 18:13:20.022   536   536 D commservice260303: msgid = -1979710460,did=138
05-27 18:13:20.022   536   536 D commservice260303: CommProtocolLibCmdBaseI2C::dataproc {"command":{"id":"imu_status","sub":""},"content":{"TimeStamp":8,"FrameCounter":200207,"GD_X":-0.011070843786001205,"GD_Y":0.00519212381914258,"GD_Z":0.0022902146447449923,"AD_X":-0.0053828805685043335,"AD_Y":0.0013135066255927086,"AD_Z":-0.17192459106445312,"TempDsp":0,"Status":0,"CalibState":1,"SigAmpInvalid":0}},-1979710460
