05-27 18:13:23.513 26217 26247 D ANWAPI_SECOND: (26217|0x2944BCB0)[BTAPI] A:Readpaired_storage[3]name[]cod[0]support[0]addr[00:00:00:00:00:00]linkkey[00:00:00:00:00:00:00:00:00:00:00:00:00:00:00:00]
05-27 18:13:23.513 26217 26247 D ANWAPI_SECOND: (26217|0x2944BCB0)[BTAPI] A:Readpaired_storage[4]name[]cod[0]support[0]addr[00:00:00:00:00:00]linkkey[00:00:00:00:00:00:00:00:00:00:00:00:00:00:00:00]
05-27 18:13:23.513 26217 26247 D ANWAPI_SECOND: (26217|0x2944BCB0)[BTAPI] A:Readpaired_storage[5]name[]cod[0]support[0]addr[00:00:00:00:00:00]linkkey[00:00:00:00:00:00:00:00:00:00:00:00:00:00:00:00]
05-27 18:13:23.513 26217 26247 D ANWAPI_SECOND: (26217|0x2944BCB0)[BTAPI] A:Readpaired_storage[6]name[]cod[0]support[0]addr[00:00:00:00:00:00]linkkey[00:00:00:00:00:00:00:00:00:00:00:00:00:00:00:00]
05-27 18:13:23.513 26217 26247 D ANWAPI_SECOND: (26217|0x2944BCB0)[BTAPI] A:Readpaired_storage[7]name[]cod[0]support[0]addr[00:00:00:00:00:00]linkkey[00:00:00:00:00:00:00:00:00:00:00:00:00:00:00:00]
05-27 18:13:23.513 26217 26247 D ANWAPI_SECOND: (26217|0x2944BCB0)[BTAPI] A:Readpaired_storage[8]name[]cod[0]support[0]addr[00:00:00:00:00:00]linkkey[00:00:00:00:00:00:00:00:00:00:00:00:00:00:00:00]
05-27 18:13:23.513 26217 26247 D ANWAPI_SECOND: (26217|0x2944BCB0)[BTAPI] A:Readpaired_storage[9]name[]cod[0]support[0]addr[00:00:00:00:00:00]linkkey[00:00:00:00:00:00:00:00:00:00:00:00:00:00:00:00]
05-27 18:13:23.513 26217 26247 D ANWAPI_SECOND: (26217|0x2944BCB0)[BTAPI] A:Readpaired_storage[10]name[]cod[0]support[0]addr[00:00:00:00:00:00]linkkey[00:00:00:00:00:00:00:00:00:00:00:00:00:00:00:00]
05-27 08:04:32.474   581   581 D spi_rst_gpio_get_output: GPIO 145 value: 1
05-27 18:13:23.513 26217 26247 D ANWAPI_SECOND: (26217|0x2944BCB0)[BTAPI] <<<<AnWBT_EEPROM_Read ret = 0
05-27 08:04:32.474   581   581 D spidev_ioctl: gpio status=1)
05-27 18:13:23.513 26217 26247 D ANWAPI_SECOND: (26217|0x2944BCB0)[BTAPI] build time = 11:28:38 sdk ver=0x 300002A
05-27 18:13:23.513 26217 26247 D ANWAPI_SECOND: (26217|0x2944BCB0)[BTAPI] creating init task
05-27 18:13:23.514 11344 11344 E SystemUI_NavBarFragment: SysUIConfig.icCarServiceConnected：false
05-27 18:13:23.514 26217 26249 D ANWAPI_SECOND: (26217|0x2924FCB0)[BTAPI] Enter BTInit_Task stacd=1,690289840
05-27 18:13:23.514 26217 26249 D ANWAPI_SECOND: (26217|0x2924FCB0)[BTAPI] pthread_attr_init
05-27 18:13:23.514 26217 26249 D ANWAPI_SECOND: (26217|0x2924FCB0)[BTAPI] BTHost_Init: min priority 1, max priority 99
05-27 18:13:23.514 26217 26249 D ANWAPI_SECOND: (26217|0x2924FCB0)[BTAPI] Enter BTHost_Init
05-27 18:13:23.514 26217 26249 D ANWAPI_SECOND: (26217|0x2924FCB0)[BTAPI] BTHost_InitMessage
05-27 18:13:23.514 26217 26249 D ANWAPI_SECOND: (26217|0x2924FCB0)[BTAPI] btosal_msg_ff_initial
05-27 18:13:23.514 26217 26249 D ANW_WAVEOUT_SECOND: (26217|0x2924FCB0)[WAVEOUT] [AnWBT WAVE] A2dp_WaveOut_Init
05-27 18:13:23.514 26217 26249 D ANW_WAVEOUT_SECOND: 
05-27 18:13:23.515   581   581 I SpiService: fgesysctrl_getGPIO_status success val=0
05-27 18:13:23.516  1008 30856 D [OMXB]  : usingANWBuffer: handle:0xee7439d0, format:1, w:1920, h:1080
05-27 08:04:32.479   581   581 D spi_rst_gpio_get_output: GPIO 145 value: 0
05-27 08:04:32.479   581   581 D spidev_ioctl: gpio status=0)
05-27 18:13:23.519 26217 26249 D ANWAPI_SECOND: (26217|0x2924FCB0)[BTAPI] Check BTHost_Task status
05-27 18:13:23.519 26217 26251 D ANWAPI_SECOND: (26217|0x29053CB0)[BTAPI] Enter BTHost_Task
05-27 18:13:23.519 26217 26251 D ANWAPI_SECOND: (26217|0x29053CB0)[BTAPI] BTHost_Task setpriority(0)(-15)
05-27 18:13:23.524 30773 30786 I dvr_service_: CameraX 1  audioOK: 14656000,audios:230
05-27 18:13:23.527 13911 14183 I SentryImuMcuAngleSender: 179.97197rollDeg
05-27 18:13:23.527 13911 14183 I SentryImuMcuAngleSender: 1,0,0
05-27 18:13:23.531  1008 30857 D [OMXB]  : usingANWBuffer: handle:0xee744000, format:1, w:1920, h:1080
05-27 18:13:23.533   581   581 I SpiService: fgesysctrl_getGPIO_status success val=1
05-27 08:04:32.497     0     0 W         : c6 [    C6] Irq_monitor:Irq                                           IPI[1]occur        7763 times interval 1032 ms
05-27 08:04:32.498   581   581 D spi_rst_gpio_get_output: GPIO 145 value: 1
05-27 08:04:32.498   581   581 D spidev_ioctl: gpio status=1)
05-27 18:13:23.537   299 30844 D EvsDriver: forwardFrame
05-27 18:13:23.538   299 30841 D EvsDriver: forwardFrame
05-27 18:13:23.540   581   581 I SpiService: fgesysctrl_getGPIO_status success val=1
05-27 18:13:23.540   299 30844 D EvsDriver: Delivered 0xb400007b7ca56900 as id 0
05-27 18:13:23.540  1167  1184 D evsmanagerd: /dev/video6 forwarded the buffer #0 to 0xb4000074bf5f5510 from 0xb4000074bf5f6d90
05-27 18:13:23.540   299 30841 D EvsDriver: Delivered 0xb400007b7ca56a60 as id 0
05-27 18:13:23.540  1167  1167 D evsmanagerd: /dev/video4 forwarded the buffer #0 to 0xb4000074bf5f6850 from 0xb4000074bf5f41d0
05-27 08:04:32.504   581   581 D spi_rst_gpio_get_output: GPIO 145 value: 1
05-27 08:04:32.504   581   581 D spidev_ioctl: gpio status=1)
05-27 18:13:23.542   536   536 D commservice260303: msg.id = 1028,1
05-27 18:13:23.542   536   536 D commservice260303: i = 170, msgid = 8A000404
05-27 18:13:23.542   536   536 D commservice260303: msgid = -1979710460,did=138
05-27 18:13:23.543   536   536 D commservice260303: CommProtocolLibCmdBaseI2C::dataproc {"command":{"id":"imu_status","sub":""},"content":{"TimeStamp":8,"FrameCounter":200294,"GD_X":-0.011223767884075642,"GD_Y":0.005039200186729431,"GD_Z":0.002519079949706793,"AD_X":5.193948745727539E-4,"AD_Y":-0.0020528885070234537,"AD_Z":-0.16948986053466797,"TempDsp":0,"Status":0,"CalibState":1,"SigAmpInvalid":0}},-1979710460
05-27 18:13:23.543   536   536 D commservice260303: send2Cluster len:315, 7B22636F6D6D616E64223A7B226964223A22696D755F737461747573222C22737562223A22227D2C22636F6E74656E74223A7B2254696D655374616D70223A382C224672616D65436F756E746572223A3230303239342C2247445F58223A2D302E3031313232333736373838343037353634322C2247445F59223A302E3030353033393230303138363732393433312C2247445F5A223A302E3030323531393037393934393730363739332C2241445F58223A352E313933393438373435373237353339452D342C2241445F59223A2D302E303032303532383838353037303233343533372C2241445F5A223A2D302E31363934383938363035333436363739372C2254656D70447370223A302C22537461747573223A302C2243616C69625374617465223A312C22536967416D70496E76616C6964223A307D7D, 138 
05-27 18:13:23.543   536   536 D commservice260303: Push Message into SendPool fn=155910912
05-27 18:13:23.543   536   536 D commservice260303: ComProtocolLibSend2Cluster::send2ClusterRaw fn=155910912 , len=331
05-27 18:13:23.543   536   536 D commservice260303: sendCmdToPort :331!!!
05-27 18:13:23.543   536   536 D commservice260303: send Cmd To Port ++++5AA501478A0100034B096A16C3C37B22636F6D6D616E64223A7B226964223A22696D755F737461747573222C22737562223A22227D2C22636F6E74656E74223A7B2254696D655374616D70223A382C224672616D65436F756E746572223A3230303239342C2247445F58223A2D302E3031313232333736373838343037353634322C2247445F59223A302E3030353033393230303138363732393433312C2247445F5A223A302E3030323531393037393934393730363739332C2241445F58223A352E313933393438373435373237353339452D342C2241445F59223A2D302E303032303532383838353037303233343533372C2241445F5A223A2D302E31363934383938363035333436363739372C2254656D70447370223A302C22537461747573223A302C2243616C69625374617465223A312C22536967416D70496E76616C6964223A307D7DC36C
05-27 18:13:23.544   536   536 D commservice260303: bufferevent_write retrun value = 0
05-27 18:13:23.544   536   560 D commservice260303: client datas send succeed,send finish
05-27 18:13:23.544 13911 14192 D Sentinelmode_1.2.5.17_sentry: <SentryImuClusterFgeSender>imu_status sent to Linux, frame=200294, tsNs=8670780, tsMs=8, intervalMs=43, ad=(5.193949E-4,-0.0020528885,-0.16948986), gd=(-0.011223768,0.0050392,0.00251908)
05-27 18:13:23.545   299  1153 D EvsDriver: doneWithFrame
05-27 18:13:23.546   581   581 I SpiService: fgesysctrl_getGPIO_status success val=1
05-27 18:13:23.546   299  1163 D EvsDriver: doneWithFrame
05-27 18:13:23.547 13911 14183 I SentryImuMcuAngleSender: 179.986rollDeg
05-27 18:13:23.548 13911 14183 I SentryImuMcuAngleSender: 1,0,0
05-27 08:04:32.510   581   581 D spi_rst_gpio_get_output: GPIO 145 value: 1
05-27 18:13:23.552   581   581 I SpiService: fgesysctrl_getGPIO_status success val=1
05-27 08:04:32.510   581   581 D spidev_ioctl: gpio status=1)
05-27 08:04:32.517   581   581 D spi_rst_gpio_get_output: GPIO 145 value: 1
05-27 08:04:32.517   581   581 D spidev_ioctl: gpio status=1)
05-27 18:13:23.557  1008 30856 D [OMXB]  : usingANWBuffer: handle:0xee742690, format:1, w:1920, h:1080
05-27 18:13:23.558   581   581 I SpiService: fgesysctrl_getGPIO_status success val=0
05-27 18:13:23.558   536  2579 D commservice260303: send heart beat package to Cluster
05-27 18:13:23.558   536  2579 D commservice260303: send2Cluster len:40, 7B22636F6D6D616E64223A7B226964223A22686561727462656174222C22737562223A22227D7D0A, 129 
05-27 18:13:23.558   536  2579 D commservice260303: Push Message into SendPool fn=172688128
05-27 18:13:23.558   536  2579 D commservice260303: ComProtocolLibSend2Cluster::send2ClusterRaw fn=172688128 , len=56
05-27 18:13:23.558   536  2579 D commservice260303: sendCmdToPort :56!!!
05-27 18:13:23.558   536  2579 D commservice260303: send Cmd To Port ++++5AA50034810100034B0A6A16C3C37B22636F6D6D616E64223A7B226964223A22686561727462656174222C22737562223A22227D7D0ABBA5
05-27 18:13:23.559   536  2579 D commservice260303: bufferevent_write retrun value = 0
05-27 18:13:23.559   536   560 D commservice260303: client datas send succeed,send finish
05-27 08:04:32.522   581   581 D spi_rst_gpio_get_output: GPIO 145 value: 0
05-27 08:04:32.522   581   581 D spidev_ioctl: gpio status=0)
05-27 18:13:23.562 30773 30785 I dvr_service_: [EncoderHandler::runMediaThread] runMediaThread started:1,state:1, cam2:started:1,state:1, lastSwitch:1, mIsMuxerStart:1,format:0,is_str_ing:0
05-27 18:13:23.564   283   307 I rvcservice: t.code = 2, t.value = 9971060
05-27 18:13:23.565   536   560 D commservice260303: recv len:91, 5AA500570100000032C16A16C3C37B22636F6D6D616E64223A7B226964223A22686561727462656174222C22737562223A22227D2C22726573706F6E65223A7B22636F6465223A302C226D657373616765223A226F6B227D7D0761 from server
05-27 18:13:23.565   536  2578 D commservice260303: mcuDataAnalyzeHandle templen:91,len:91,pos:0, 5AA500570100000032C16A16C3C37B22636F6D6D616E64223A7B226964223A22686561727462656174222C22737562223A22227D2C22726573706F6E65223A7B22636F6465223A302C226D657373616765223A226F6B227D7D0761 
05-27 18:13:23.565   536  2578 I commservice260303: checksumCal = 1889
05-27 18:13:23.565   536  2578 D commservice260303: Protocol_C2I_Commservice::dataproc {"command":{"id":"heartbeat","sub":""},"respone":{"code":0,"message":"ok"}},1
05-27 18:13:23.565   536  2578 D commservice260303: Protocol_C2I_Commservice::dataproc Receive a heartbeat command from Cluster, setTcpHeartbeat = EID_UID_HEARTBEAT
05-27 18:13:23.569 13911 14183 I SentryImuMcuAngleSender: 179.97197rollDeg
05-27 18:13:23.569 13911 14183 I SentryImuMcuAngleSender: 1,0,0
05-27 18:13:23.570 10188 11122 E WifiVendorHal: getWifiLinkLayerStats_1_6_Internal(l.1202) failed {.code = ERROR_UNKNOWN, .description = unknown error}
05-27 18:13:23.572   299 30844 D EvsDriver: forwardFrame
05-27 18:13:23.572   299 30841 D EvsDriver: forwardFrame
05-27 18:13:23.573   581   581 I SpiService: fgesysctrl_getGPIO_status success val=1
05-27 18:13:23.573   299 30844 D EvsDriver: Delivered 0xb400007b7ca56900 as id 0
05-27 18:13:23.573   299 30841 D EvsDriver: Delivered 0xb400007b7ca56a60 as id 0
05-27 08:04:32.535 10047 10047 W         : AICWFDBG(LOGTRACE)	rwnx_send_msg (118)MM_GET_STA_INFO_CFM reqcfm:1 in_irq:0 in_softirq:0 in_atomic:0
05-27 18:13:23.573  1167  1184 D evsmanagerd: /dev/video6 forwarded the buffer #0 to 0xb4000074bf5f5510 from 0xb4000074bf5f6d90
05-27 08:04:32.535 10047 10047 W         : AICWFDBG(LOGTRACE)	rwnx_cmd_malloc get cmd_array[0]:000000004c96fbbb
05-27 18:13:23.574  1167  1167 D evsmanagerd: /dev/video4 forwarded the buffer #0 to 0xb4000074bf5f6850 from 0xb4000074bf5f41d0
05-27 08:04:32.536   354   354 W         : AICWFDBG(LOGDEBUG)	rwnx_rx_handle_msg msg->id:0x76
05-27 18:13:23.574  1008 30857 D [OMXB]  : usingANWBuffer: handle:0xee741da0, format:1, w:1920, h:1080
05-27 18:13:23.576   299  1153 D EvsDriver: doneWithFrame
05-27 18:13:23.577   299  1163 D EvsDriver: doneWithFrame
05-27 08:04:32.536 10047 10047 W         : AICWFDBG(LOGTRACE)	rwnx_cmd_free cmd_array[0]:000000004c96fbbb
05-27 08:04:32.536 10047 10047 W         : AICWFDBG(LOGDEBUG)	rwnx_fill_station_info ModTx(2):5 TxIndex:10 ModRx(0):0 RxHTIndex:0 RxVHTIndex:0 RxHEIndex:0 RSSI:-38
05-27 08:04:32.537   581   581 D spi_rst_gpio_get_output: GPIO 145 value: 1
05-27 08:04:32.537   581   581 D spidev_ioctl: gpio status=1)
05-27 18:13:23.579   581   581 I SpiService: fgesysctrl_getGPIO_status success val=1
05-27 08:04:32.543   581   581 D spi_rst_gpio_get_output: GPIO 145 value: 1
05-27 08:04:32.543   581   581 D spidev_ioctl: gpio status=1)
05-27 18:13:23.581   536   536 D commservice260303: msg.id = 1028,0
05-27 18:13:23.581   536   536 D commservice260303: i = 170, msgid = 8A000404
05-27 18:13:23.581   536   536 D commservice260303: msgid = -1979710460,did=138
05-27 18:13:23.581   536   536 D commservice260303: CommProtocolLibCmdBaseI2C::dataproc {"command":{"id":"imu_status","sub":""},"content":{"TimeStamp":8,"FrameCounter":200295,"GD_X":-0.01153013575822115,"GD_Y":0.0059551820158958435,"GD_Z":0.0020608289632946253,"AD_X":0.0035333186388015747,"AD_Y":3.927317447960377E-4,"AD_Z":-0.16887950897216797,"TempDsp":0,"Status":0,"CalibState":1,"SigAmpInvalid":0}},-1979710460
05-27 18:13:23.581   536   536 D commservice260303: send2Cluster len:315, 7B22636F6D6D616E64223A7B226964223A22696D755F737461747573222C22737562223A22227D2C22636F6E74656E74223A7B2254696D655374616D70223A382C224672616D65436F756E746572223A3230303239352C2247445F58223A2D302E30313135333031333537353832323131352C2247445F59223A302E303035393535313832303135383935383433352C2247445F5A223A302E303032303630383238393633323934363235332C2241445F58223A302E303033353333333138363338383031353734372C2241445F59223A332E393237333137343437393630333737452D342C2241445F5A223A2D302E31363838373935303839373231363739372C2254656D70447370223A302C22537461747573223A302C2243616C69625374617465223A312C22536967416D70496E76616C6964223A307D7D, 138 
05-27 18:13:23.581   536   536 D commservice260303: Push Message into SendPool fn=189465344
05-27 18:13:23.582   536   536 D commservice260303: ComProtocolLibSend2Cluster::send2ClusterRaw fn=189465344 , len=331
05-27 18:13:23.582   536   536 D commservice260303: sendCmdToPort :331!!!
05-27 18:13:23.582   536   536 D commservice260303: send Cmd To Port ++++5AA501478A0100034B0B6A16C3C37B22636F6D6D616E64223A7B226964223A22696D755F737461747573222C22737562223A22227D2C22636F6E74656E74223A7B2254696D655374616D70223A382C224672616D65436F756E746572223A3230303239352C2247445F58223A2D302E30313135333031333537353832323131352C2247445F59223A302E303035393535313832303135383935383433352C2247445F5A223A302E303032303630383238393633323934363235332C2241445F58223A302E303033353333333138363338383031353734372C2241445F59223A332E393237333137343437393630333737452D342C2241445F5A223A2D302E31363838373935303839373231363739372C2254656D70447370223A302C22537461747573223A302C2243616C69625374617465223A312C22536967416D70496E76616C6964223A307D7DA9B6
05-27 18:13:23.582   536   536 D commservice260303: bufferevent_write retrun value = 0
05-27 18:13:23.582   536   560 D commservice260303: client datas send succeed,send finish
05-27 18:13:23.582 13911 14192 D Sentinelmode_1.2.5.17_sentry: <SentryImuClusterFgeSender>imu_status sent to Linux, frame=200295, tsNs=8670816, tsMs=8, intervalMs=38, ad=(0.0035333186,3.9273174E-4,-0.16887951), gd=(-0.011530136,0.005955182,0.002060829)
05-27 18:13:23.584   572   572 I Sensors : 230 AccelSensor: x:-0.165310,y:0.005490,z:-9.977160
05-27 18:13:23.585   581   581 I SpiService: fgesysctrl_getGPIO_status success val=1
05-27 08:04:32.549   581   581 D spi_rst_gpio_get_output: GPIO 145 value: 1
05-27 08:04:32.549   581   581 D spidev_ioctl: gpio status=1)
05-27 18:13:23.589 13911 14183 I SentryImuMcuAngleSender: 179.96848rollDeg
05-27 18:13:23.589 13911 14183 I SentryImuMcuAngleSender: 1,0,0
05-27 18:13:23.590   581   581 I SpiService: fgesysctrl_getGPIO_status success val=1
05-27 08:04:32.555   581   581 D spi_rst_gpio_get_output: GPIO 145 value: 1
05-27 08:04:32.555   581   581 D spidev_ioctl: gpio status=1)
05-27 18:13:23.595   581   581 I SpiService: fgesysctrl_getGPIO_status success val=1
05-27 08:04:32.560   581   581 D spi_rst_gpio_get_output: GPIO 145 value: 1
05-27 08:04:32.560   581   581 D spidev_ioctl: gpio status=1)
05-27 08:04:32.565   581   581 D spi_rst_gpio_get_output: GPIO 145 value: 0
05-27 08:04:32.565   581   581 D spidev_ioctl: gpio status=0)
05-27 18:13:23.601   581   581 I SpiService: fgesysctrl_getGPIO_status success val=0
05-27 18:13:23.608   299 30844 D EvsDriver: forwardFrame
05-27 18:13:23.608   299 30841 D EvsDriver: forwardFrame
05-27 18:13:23.610   299 30841 D EvsDriver: Delivered 0xb400007b7ca56a60 as id 0
05-27 18:13:23.610 13911 14183 I SentryImuMcuAngleSender: 179.97899rollDeg
05-27 18:13:23.610  1167  1167 D evsmanagerd: /dev/video4 forwarded the buffer #0 to 0xb4000074bf5f6850 from 0xb4000074bf5f41d0
05-27 18:13:23.610 13911 14183 I SentryImuMcuAngleSender: 1,0,0
05-27 18:13:23.611  1167  1167 D evsmanagerd: /dev/video6 forwarded the buffer #0 to 0xb4000074bf5f5510 from 0xb4000074bf5f6d90
05-27 18:13:23.611   299 30844 D EvsDriver: Delivered 0xb400007b7ca56900 as id 0
05-27 18:13:23.611   299  1153 D EvsDriver: doneWithFrame
05-27 18:13:23.613   299  1153 D EvsDriver: doneWithFrame
05-27 18:13:23.615   581   581 I SpiService: fgesysctrl_getGPIO_status success val=1
05-27 08:04:32.580   581   581 D spi_rst_gpio_get_output: GPIO 145 value: 1
05-27 08:04:32.580   581   581 D spidev_ioctl: gpio status=1)
05-27 18:13:23.619 26217 26249 D ANWAPI_SECOND: (26217|0x2924FCB0)[BTAPI] set_bluetooth_power : open /sys/class/gpio/gpio142/value
05-27 18:13:23.619 26217 26249 D ANWAPI_SECOND: (26217|0x2924FCB0)[BTAPI] set_bluetooth_power : open(/sys/class/gpio/gpio142/value) for write failed,fd=-1
05-27 18:13:23.619 26217 26249 D ANWAPI_SECOND: (26217|0x2924FCB0)[BTAPI] open set_bluetooth_power : write(No such file or directory) failed,errno = 2
05-27 18:13:23.620   581   581 I SpiService: fgesysctrl_getGPIO_status success val=1
05-27 08:04:32.585   581   581 D spi_rst_gpio_get_output: GPIO 145 value: 1
05-27 08:04:32.585   581   581 D spidev_ioctl: gpio status=1)
05-27 18:13:23.621  1008 30857 D [OMXB]  : usingANWBuffer: handle:0xee7428a0, format:1, w:1920, h:1080
05-27 18:13:23.622   536   536 D commservice260303: msg.id = 1028,1
05-27 18:13:23.622   536   536 D commservice260303: i = 170, msgid = 8A000404
05-27 18:13:23.622   536   536 D commservice260303: msgid = -1979710460,did=138
05-27 18:13:23.622   536   536 D commservice260303: CommProtocolLibCmdBaseI2C::dataproc {"command":{"id":"imu_status","sub":""},"content":{"TimeStamp":8,"FrameCounter":200296,"GD_X":-0.01221725158393383,"GD_Y":0.0056498548947274685,"GD_Z":0.00259606190957129,"AD_X":-0.0056269168853759766,"AD_Y":-8.249122183769941E-4,"AD_Z":-0.16948986053466797,"TempDsp":0,"Status":0,"CalibState":1,"SigAmpInvalid":0}},-1979710460
05-27 18:13:23.623   536   536 D commservice260303: send2Cluster len:315, 7B22636F6D6D616E64223A7B226964223A22696D755F737461747573222C22737562223A22227D2C22636F6E74656E74223A7B2254696D655374616D70223A382C224672616D65436F756E746572223A3230303239362C2247445F58223A2D302E30313232313732353135383339333338332C2247445F59223A302E303035363439383534383934373237343638352C2247445F5A223A302E30303235393630363139303935373132392C2241445F58223A2D302E303035363236393136383835333735393736362C2241445F59223A2D382E323439313232313833373639393431452D342C2241445F5A223A2D302E31363934383938363035333436363739372C2254656D70447370223A302C22537461747573223A302C2243616C69625374617465223A312C22536967416D70496E76616C6964223A307D7D, 138 
05-27 18:13:23.623   536   536 D commservice260303: Push Message into SendPool fn=206242560
05-27 18:13:23.623   536   536 D commservice260303: ComProtocolLibSend2Cluster::send2ClusterRaw fn=206242560 , len=331
05-27 18:13:23.623   536   536 D commservice260303: sendCmdToPort :331!!!
05-27 18:13:23.623   536   536 D commservice260303: send Cmd To Port ++++5AA501478A0100034B0C6A16C3C37B22636F6D6D616E64223A7B226964223A22696D755F737461747573222C22737562223A22227D2C22636F6E74656E74223A7B2254696D655374616D70223A382C224672616D65436F756E746572223A3230303239362C2247445F58223A2D302E30313232313732353135383339333338332C2247445F59223A302E303035363439383534383934373237343638352C2247445F5A223A302E30303235393630363139303935373132392C2241445F58223A2D302E303035363236393136383835333735393736362C2241445F59223A2D382E323439313232313833373639393431452D342C2241445F5A223A2D302E31363934383938363035333436363739372C2254656D70447370223A302C22537461747573223A302C2243616C69625374617465223A312C22536967416D70496E76616C6964223A307D7D727D
05-27 18:13:23.623   536   536 D commservice260303: bufferevent_write retrun value = 0
05-27 18:13:23.623   536   560 D commservice260303: client datas send succeed,send finish
05-27 18:13:23.623 13911 14192 D Sentinelmode_1.2.5.17_sentry: <SentryImuClusterFgeSender>imu_status sent to Linux, frame=200296, tsNs=8670870, tsMs=8, intervalMs=41, ad=(-0.005626917,-8.249122E-4,-0.16948986), gd=(-0.012217252,0.005649855,0.002596062)
05-27 18:13:23.626   581   581 I SpiService: fgesysctrl_getGPIO_status success val=1
05-27 08:04:32.590   581   581 D spi_rst_gpio_get_output: GPIO 145 value: 1
05-27 08:04:32.590   581   581 D spidev_ioctl: gpio status=1)
05-27 18:13:23.631 13911 14183 I SentryImuMcuAngleSender: 179.97899rollDeg
05-27 18:13:23.631 13911 14183 I SentryImuMcuAngleSender: 1,0,0
05-27 18:13:23.631   581   581 I SpiService: fgesysctrl_getGPIO_status success val=1
05-27 08:04:32.596   581   581 D spi_rst_gpio_get_output: GPIO 145 value: 1
05-27 08:04:32.596   581   581 D spidev_ioctl: gpio status=1)
05-27 18:13:23.636   581   581 I SpiService: fgesysctrl_getGPIO_status success val=0
05-27 08:04:32.601   581   581 D spi_rst_gpio_get_output: GPIO 145 value: 0
05-27 08:04:32.601   581   581 D spidev_ioctl: gpio status=0)
05-27 18:13:23.638  1008 30856 D [OMXB]  : usingANWBuffer: handle:0xee746cb0, format:1, w:1920, h:1080
05-27 18:13:23.640 30773 30789 I dvr_service_: Camera 0: MediaOK:14659956, frames:330, isKeyFrame:0,pts:8670539249
05-27 18:13:23.644   299 30841 D EvsDriver: forwardFrame
05-27 18:13:23.644   299 30844 D EvsDriver: forwardFrame
05-27 18:13:23.646   299 30841 D EvsDriver: Delivered 0xb400007b7ca56a60 as id 0
05-27 18:13:23.646  1167  1167 D evsmanagerd: /dev/video4 forwarded the buffer #0 to 0xb4000074bf5f6850 from 0xb4000074bf5f41d0
05-27 18:13:23.646 30773 30773 E dvr_service_: [myNum:0] Received S**** loss
05-27 18:13:23.647   299  1153 D EvsDriver: doneWithFrame
05-27 18:13:23.647   299 30844 D EvsDriver: Delivered 0xb400007b7ca56900 as id 0
05-27 18:13:23.647  1167  1167 D evsmanagerd: /dev/video6 forwarded the buffer #0 to 0xb4000074bf5f5510 from 0xb4000074bf5f6d90
05-27 18:13:23.648 30773 30773 E dvr_service_: [myNum:1] Received S**** loss
05-27 18:13:23.648   299  1153 D EvsDriver: doneWithFrame
05-27 18:13:23.651   581   581 I SpiService: fgesysctrl_getGPIO_status success val=1
05-27 18:13:23.651 13911 14183 I SentryImuMcuAngleSender: 179.97897rollDeg
05-27 18:13:23.651 13911 14183 I SentryImuMcuAngleSender: 1,0,0
05-27 08:04:32.616   581   581 D spi_rst_gpio_get_output: GPIO 145 value: 1
05-27 08:04:32.616   581   581 D spidev_ioctl: gpio status=1)
05-27 18:13:23.656   581   581 I SpiService: fgesysctrl_getGPIO_status success val=1
05-27 08:04:32.621   581   581 D spi_rst_gpio_get_output: GPIO 145 value: 1
05-27 08:04:32.621   581   581 D spidev_ioctl: gpio status=1)
05-27 18:13:23.662   581   581 I SpiService: fgesysctrl_getGPIO_status success val=1
05-27 18:13:23.662 30773 30786 I dvr_service_: CameraX 0  audioOK: 14656000,audios:230
05-27 18:13:23.662   536   536 D commservice260303: msg.id = 1028,0
05-27 18:13:23.662   536   536 D commservice260303: i = 170, msgid = 8A000404
05-27 18:13:23.662   536   536 D commservice260303: msgid = -1979710460,did=138
05-27 18:13:23.662   536   536 D commservice260303: CommProtocolLibCmdBaseI2C::dataproc {"command":{"id":"imu_status","sub":""},"content":{"TimeStamp":8,"FrameCounter":200297,"GD_X":-0.012139749713242054,"GD_Y":0.005573912989348173,"GD_Z":0.0021378109231591225,"AD_X":-0.00985504686832428,"AD_Y":3.9742980152368546E-4,"AD_Z":-0.16766357421875,"TempDsp":0,"Status":0,"CalibState":1,"SigAmpInvalid":0}},-1979710460
05-27 18:13:23.662   536   536 D commservice260303: send2Cluster len:312, 7B22636F6D6D616E64223A7B226964223A22696D755F737461747573222C22737562223A22227D2C22636F6E74656E74223A7B2254696D655374616D70223A382C224672616D65436F756E746572223A3230303239372C2247445F58223A2D302E3031323133393734393731333234323035342C2247445F59223A302E3030353537333931323938393334383137332C2247445F5A223A302E303032313337383130393233313539313232352C2241445F58223A2D302E30303938353530343638363833323432382C2241445F59223A332E39373432393830313532333638353436452D342C2241445F5A223A2D302E31363736363335373432313837352C2254656D70447370223A302C22537461747573223A302C2243616C69625374617465223A312C22536967416D70496E76616C6964223A307D7D, 138 
05-27 18:13:23.662   536   536 D commservice260303: Push Message into SendPool fn=223019776
05-27 18:13:23.663   536   536 D commservice260303: ComProtocolLibSend2Cluster::send2ClusterRaw fn=223019776 , len=328
05-27 18:13:23.663   536   536 D commservice260303: sendCmdToPort :328!!!
05-27 18:13:23.663   536   536 D commservice260303: send Cmd To Port ++++5AA501448A0100034B0D6A16C3C37B22636F6D6D616E64223A7B226964223A22696D755F737461747573222C22737562223A22227D2C22636F6E74656E74223A7B2254696D655374616D70223A382C224672616D65436F756E746572223A3230303239372C2247445F58223A2D302E3031323133393734393731333234323035342C2247445F59223A302E3030353537333931323938393334383137332C2247445F5A223A302E303032313337383130393233313539313232352C2241445F58223A2D302E30303938353530343638363833323432382C2241445F59223A332E39373432393830313532333638353436452D342C2241445F5A223A2D302E31363736363335373432313837352C2254656D70447370223A302C22537461747573223A302C2243616C69625374617465223A312C22536967416D70496E76616C6964223A307D7D13C9
05-27 18:13:23.663   536   536 D commservice260303: bufferevent_write retrun value = 0
05-27 18:13:23.663   536   560 D commservice260303: client datas send succeed,send finish
05-27 18:13:23.663 13911 14192 D Sentinelmode_1.2.5.17_sentry: <SentryImuClusterFgeSender>imu_status sent to Linux, frame=200297, tsNs=8670905, tsMs=8, intervalMs=40, ad=(-0.009855047,3.974298E-4,-0.16766357), gd=(-0.01213975,0.005573913,0.002137811)
05-27 18:13:23.665   283   307 I rvcservice: t.code = 3, t.value = 0
05-27 08:04:32.626   581   581 D spi_rst_gpio_get_output: GPIO 145 value: 1
05-27 08:04:32.626   581   581 D spidev_ioctl: gpio status=1)
05-27 18:13:23.665  1008 30857 D [OMXB]  : usingANWBuffer: handle:0xee740d20, format:1, w:1920, h:1080
05-27 18:13:23.667   581   581 I SpiService: fgesysctrl_getGPIO_status success val=1
05-27 18:13:23.668   299 30841 D EvsDriver: forwardFrame
05-27 08:04:32.632   581   581 D spi_rst_gpio_get_output: GPIO 145 value: 1
05-27 08:04:32.632   581   581 D spidev_ioctl: gpio status=1)
05-27 18:13:23.670  1167  1167 D evsmanagerd: /dev/video4 forwarded the buffer #0 to 0xb4000074bf5f6850 from 0xb4000074bf5f41d0
05-27 18:13:23.671 13911 14183 I SentryImuMcuAngleSender: 179.97197rollDeg
05-27 08:04:32.637   581   581 D spi_rst_gpio_get_output: GPIO 145 value: 1
05-27 08:04:32.637   581   581 D spidev_ioctl: gpio status=1)
05-27 08:04:32.643   581   581 D spi_rst_gpio_get_output: GPIO 145 value: 1
05-27 08:04:32.643   581   581 D spidev_ioctl: gpio status=1)
05-27 18:13:23.671 13911 14183 I SentryImuMcuAngleSender: 1,0,0
05-27 18:13:23.672   299 30844 D EvsDriver: forwardFrame
05-27 18:13:23.673   581   581 I SpiService: fgesysctrl_getGPIO_status success val=1
05-27 18:13:23.673   299  1153 D EvsDriver: doneWithFrame
05-27 18:13:23.674   299 30844 D EvsDriver: Delivered 0xb400007b7ca56900 as id 0
05-27 18:13:23.674  1167  1167 D evsmanagerd: /dev/video6 forwarded the buffer #0 to 0xb4000074bf5f5510 from 0xb4000074bf5f6d90
05-27 18:13:23.675   572   572 I Sensors : 230 GyroSensor: x:-0.011682,y:0.005421,z:0.002596
05-27 18:13:23.677   299  1153 D EvsDriver: doneWithFrame
05-27 18:13:23.679   581   581 I SpiService: fgesysctrl_getGPIO_status success val=1
05-27 08:04:32.649   581   581 D spi_rst_gpio_get_output: GPIO 145 value: 0
05-27 08:04:32.649   581   581 D spidev_ioctl: gpio status=0)
05-27 18:13:23.684   581   581 I SpiService: fgesysctrl_getGPIO_status success val=0
05-27 18:13:23.686  1008 30856 D [OMXB]  : usingANWBuffer: handle:0xee746aa0, format:1, w:1920, h:1080
05-27 18:13:23.691 13911 14183 I SentryImuMcuAngleSender: 179.95447rollDeg
05-27 18:13:23.691 13911 14183 I SentryImuMcuAngleSender: 1,0,0
05-27 18:13:23.698   581   581 I SpiService: fgesysctrl_getGPIO_status success val=1
05-27 08:04:32.663   581   581 D spi_rst_gpio_get_output: GPIO 145 value: 1
05-27 08:04:32.663   581   581 D spidev_ioctl: gpio status=1)
05-27 18:13:23.702   536   536 D commservice260303: msg.id = 1028,1
05-27 18:13:23.702   536   536 D commservice260303: i = 170, msgid = 8A000404
05-27 18:13:23.702   536   536 D commservice260303: msgid = -1979710460,did=138
05-27 18:13:23.703   536   536 D commservice260303: CommProtocolLibCmdBaseI2C::dataproc {"command":{"id":"imu_status","sub":""},"content":{"TimeStamp":8,"FrameCounter":200298,"GD_X":-0.011682018637657166,"GD_Y":0.005039200186729431,"GD_Z":0.0028249274473637342,"AD_X":-0.00616222620010376,"AD_Y":0.0034345784224569798,"AD_Z":-0.1719341278076172,"TempDsp":0,"Status":0,"CalibState":1,"SigAmpInvalid":0}},-1979710460
05-27 18:13:23.703   536   536 D commservice260303: send2Cluster len:314, 7B22636F6D6D616E64223A7B226964223A22696D755F737461747573222C22737562223A22227D2C22636F6E74656E74223A7B2254696D655374616D70223A382C224672616D65436F756E746572223A3230303239382C2247445F58223A2D302E3031313638323031383633373635373136362C2247445F59223A302E3030353033393230303138363732393433312C2247445F5A223A302E303032383234393237343437333633373334322C2241445F58223A2D302E30303631363232323632303031303337362C2241445F59223A302E303033343334353738343232343536393739382C2241445F5A223A2D302E313731393334313237383037363137322C2254656D70447370223A302C22537461747573223A302C2243616C69625374617465223A312C22536967416D70496E76616C6964223A307D7D, 138 
05-27 18:13:23.703   536   536 D commservice260303: Push Message into SendPool fn=239796992
05-27 18:13:23.703   536   536 D commservice260303: ComProtocolLibSend2Cluster::send2ClusterRaw fn=239796992 , len=330
05-27 18:13:23.703   536   536 D commservice260303: sendCmdToPort :330!!!
05-27 18:13:23.703   536   536 D commservice260303: send Cmd To Port ++++5AA501468A0100034B0E6A16C3C37B22636F6D6D616E64223A7B226964223A22696D755F737461747573222C22737562223A22227D2C22636F6E74656E74223A7B2254696D655374616D70223A382C224672616D65436F756E746572223A3230303239382C2247445F58223A2D302E3031313638323031383633373635373136362C2247445F59223A302E3030353033393230303138363732393433312C2247445F5A223A302E303032383234393237343437333633373334322C2241445F58223A2D302E30303631363232323632303031303337362C2241445F59223A302E303033343334353738343232343536393739382C2241445F5A223A2D302E313731393334313237383037363137322C2254656D70447370223A302C22537461747573223A302C2243616C69625374617465223A312C22536967416D70496E76616C6964223A307D7D5D21
05-27 18:13:23.703   536   536 D commservice260303: bufferevent_write retrun value = 0
05-27 18:13:23.703   536   560 D commservice260303: client datas send succeed,send finish
05-27 18:13:23.703 13911 14192 D Sentinelmode_1.2.5.17_sentry: <SentryImuClusterFgeSender>imu_status sent to Linux, frame=200298, tsNs=8670941, tsMs=8, intervalMs=40, ad=(-0.006162226,0.0034345784,-0.17193413), gd=(-0.011682019,0.0050392,0.0028249274)
05-27 18:13:23.703   581   581 I SpiService: fgesysctrl_getGPIO_status success val=1
05-27 08:04:32.668   581   581 D spi_rst_gpio_get_output: GPIO 145 value: 1
05-27 18:13:23.705   299 30841 D EvsDriver: forwardFrame
05-27 08:04:32.668   581   581 D spidev_ioctl: gpio status=1)
05-27 18:13:23.706   299 30841 D EvsDriver: Delivered 0xb400007b7ca56a60 as id 0
05-27 18:13:23.706  1167  1167 D evsmanagerd: /dev/video4 forwarded the buffer #0 to 0xb4000074bf5f6850 from 0xb4000074bf5f41d0
05-27 18:13:23.708   299  1153 D EvsDriver: doneWithFrame
05-27 18:13:23.709  1008 30857 D [OMXB]  : usingANWBuffer: handle:0xee742480, format:1, w:1920, h:1080
05-27 18:13:23.709   581   581 I SpiService: fgesysctrl_getGPIO_status success val=1
05-27 18:13:23.709   299 30844 D EvsDriver: forwardFrame
05-27 18:13:23.711   299 30844 D EvsDriver: Delivered 0xb400007b7ca56900 as id 0
05-27 18:13:23.711  1167  1167 D evsmanagerd: /dev/video6 forwarded the buffer #0 to 0xb4000074bf5f5510 from 0xb4000074bf5f6d90
05-27 18:13:23.711 13911 14183 I SentryImuMcuAngleSender: 179.94746rollDeg
05-27 18:13:23.712 13911 14183 I SentryImuMcuAngleSender: 1,0,0
05-27 08:04:32.674   581   581 D spi_rst_gpio_get_output: GPIO 145 value: 1
05-27 08:04:32.674   581   581 D spidev_ioctl: gpio status=1)
05-27 18:13:23.715   581   581 I SpiService: fgesysctrl_getGPIO_status success val=1
05-27 18:13:23.715   299  1153 D EvsDriver: doneWithFrame
05-27 08:04:32.679   581   581 D spi_rst_gpio_get_output: GPIO 145 value: 1
05-27 08:04:32.679   581   581 D spidev_ioctl: gpio status=1)
05-27 18:13:23.720   581   581 I SpiService: fgesysctrl_getGPIO_status success val=0
05-27 08:04:32.685   581   581 D spi_rst_gpio_get_output: GPIO 145 value: 0
05-27 08:04:32.685   581   581 D spidev_ioctl: gpio status=0)
05-27 18:13:23.731 13911 14183 I SentryImuMcuAngleSender: 179.97899rollDeg
05-27 18:13:23.731 13911 14183 I SentryImuMcuAngleSender: 1,0,0
05-27 18:13:23.735   581   581 I SpiService: fgesysctrl_getGPIO_status success val=1
05-27 18:13:23.735  1008 30856 D [OMXB]  : usingANWBuffer: handle:0xee742cc0, format:1, w:1920, h:1080
05-27 08:04:32.699   581   581 D spi_rst_gpio_get_output: GPIO 145 value: 1
05-27 08:04:32.699   581   581 D spidev_ioctl: gpio status=1)
05-27 18:13:23.739   299 30841 D EvsDriver: forwardFrame
05-27 18:13:23.740   581   581 I SpiService: fgesysctrl_getGPIO_status success val=1
05-27 08:04:32.705   581   581 D spi_rst_gpio_get_output: GPIO 145 value: 1
05-27 08:04:32.705   581   581 D spidev_ioctl: gpio status=1)
05-27 18:13:23.741   299 30841 D EvsDriver: Delivered 0xb400007b7ca56a60 as id 0
05-27 18:13:23.741  1167  1167 D evsmanagerd: /dev/video4 forwarded the buffer #0 to 0xb4000074bf5f6850 from 0xb4000074bf5f41d0
05-27 18:13:23.742   299 30844 D EvsDriver: forwardFrame
05-27 18:13:23.744   536   536 D commservice260303: msg.id = 1028,2
05-27 18:13:23.745   536   536 D commservice260303: i = 170, msgid = 8A000404
05-27 18:13:23.745   536   536 D commservice260303: msgid = -1979710460,did=138
05-27 18:13:23.745   536   536 D commservice260303: CommProtocolLibCmdBaseI2C::dataproc {"command":{"id":"imu_status","sub":""},"content":{"TimeStamp":8,"FrameCounter":200299,"GD_X":-0.012674982659518719,"GD_Y":0.0048857564106583595,"GD_Z":0.002443138277158141,"AD_X":0.0035720616579055786,"AD_Y":-8.462935220450163E-4,"AD_Z":-0.17436981201171875,"TempDsp":0,"Status":0,"CalibState":1,"SigAmpInvalid":0}},-1979710460
05-27 18:13:23.745   536   536 D commservice260303: send2Cluster len:316, 7B22636F6D6D616E64223A7B226964223A22696D755F737461747573222C22737562223A22227D2C22636F6E74656E74223A7B2254696D655374616D70223A382C224672616D65436F756E746572223A3230303239392C2247445F58223A2D302E3031323637343938323635393531383731392C2247445F59223A302E303034383835373536343130363538333539352C2247445F5A223A302E3030323434333133383237373135383134312C2241445F58223A302E303033353732303631363537393035353738362C2241445F59223A2D382E343632393335323230343530313633452D342C2241445F5A223A2D302E31373433363938313230313137313837352C2254656D70447370223A302C22537461747573223A302C2243616C69625374617465223A312C22536967416D70496E76616C6964223A307D7D, 138 
05-27 18:13:23.745   536   536 D commservice260303: Push Message into SendPool fn=256574208
05-27 18:13:23.745   536   536 D commservice260303: ComProtocolLibSend2Cluster::send2ClusterRaw fn=256574208 , len=332
05-27 18:13:23.745   536   536 D commservice260303: sendCmdToPort :332!!!
05-27 18:13:23.745   536   536 D commservice260303: send Cmd To Port ++++5AA501488A0100034B0F6A16C3C37B22636F6D6D616E64223A7B226964223A22696D755F737461747573222C22737562223A22227D2C22636F6E74656E74223A7B2254696D655374616D70223A382C224672616D65436F756E746572223A3230303239392C2247445F58223A2D302E3031323637343938323635393531383731392C2247445F59223A302E303034383835373536343130363538333539352C2247445F5A223A302E3030323434333133383237373135383134312C2241445F58223A302E303033353732303631363537393035353738362C2241445F59223A2D382E343632393335323230343530313633452D342C2241445F5A223A2D302E31373433363938313230313137313837352C2254656D70447370223A302C22537461747573223A302C2243616C69625374617465223A312C22536967416D70496E76616C6964223A307D7DAB4B
05-27 18:13:23.745  1167  1167 D evsmanagerd: /dev/video6 forwarded the buffer #0 to 0xb4000074bf5f5510 from 0xb4000074bf5f6d90
05-27 18:13:23.746   536   536 D commservice260303: bufferevent_write retrun value = 0
05-27 18:13:23.746   536   560 D commservice260303: client datas send succeed,send finish
05-27 18:13:23.746   299 30844 D EvsDriver: Delivered 0xb400007b7ca56900 as id 0
05-27 18:13:23.746   581   581 I SpiService: fgesysctrl_getGPIO_status success val=1
05-27 18:13:23.746   299  1153 D EvsDriver: doneWithFrame
05-27 18:13:23.747 13911 14192 D Sentinelmode_1.2.5.17_sentry: <SentryImuClusterFgeSender>imu_status sent to Linux, frame=200299, tsNs=8670976, tsMs=8, intervalMs=43, ad=(0.0035720617,-8.462935E-4,-0.17436981), gd=(-0.012674983,0.0048857564,0.0024431383)
05-27 08:04:32.711   581   581 D spi_rst_gpio_get_output: GPIO 145 value: 1
05-27 08:04:32.711   581   581 D spidev_ioctl: gpio status=1)
05-27 18:13:23.750   299  1153 D EvsDriver: doneWithFrame
05-27 18:13:23.751 13911 14183 I SentryImuMcuAngleSender: -179.993rollDeg
05-27 18:13:23.751 13911 14183 I SentryImuMcuAngleSender: 1,0,0
05-27 18:13:23.752   581   581 I SpiService: fgesysctrl_getGPIO_status success val=1
05-27 08:04:32.716   581   581 D spi_rst_gpio_get_output: GPIO 145 value: 1
05-27 08:04:32.716   581   581 D spidev_ioctl: gpio status=1)
05-27 18:13:23.756  1008 30857 D [OMXB]  : usingANWBuffer: handle:0xee741b90, format:1, w:1920, h:1080
05-27 18:13:23.757   581   581 I SpiService: fgesysctrl_getGPIO_status success val=1
05-27 08:04:32.722   581   581 D spi_rst_gpio_get_output: GPIO 145 value: 1
05-27 08:04:32.722   581   581 D spidev_ioctl: gpio status=1)
05-27 18:13:23.763   581   581 I SpiService: fgesysctrl_getGPIO_status success val=0
05-27 18:13:23.765   283   307 I rvcservice: t.code = 0, t.value = 3659
05-27 08:04:32.727   581   581 D spi_rst_gpio_get_output: GPIO 145 value: 0
05-27 08:04:32.728   581   581 D spidev_ioctl: gpio status=0)
05-27 18:13:23.770   299 30844 D EvsDriver: forwardFrame
05-27 18:13:23.770   299 30841 D EvsDriver: forwardFrame
05-27 18:13:23.771 13911 14183 I SentryImuMcuAngleSender: -179.97897rollDeg
05-27 18:13:23.771 13911 14183 I SentryImuMcuAngleSender: 1,0,0
05-27 18:13:23.772   299 30844 D EvsDriver: Delivered 0xb400007b7ca56900 as id 0
05-27 18:13:23.772   299 30841 D EvsDriver: Delivered 0xb400007b7ca56a60 as id 0
05-27 18:13:23.772  1167  1184 D evsmanagerd: /dev/video6 forwarded the buffer #0 to 0xb4000074bf5f5510 from 0xb4000074bf5f6d90
05-27 18:13:23.772  1167  1167 D evsmanagerd: /dev/video4 forwarded the buffer #0 to 0xb4000074bf5f6850 from 0xb4000074bf5f41d0
05-27 18:13:23.775   299  1153 D EvsDriver: doneWithFrame
05-27 18:13:23.777   299  1153 D EvsDriver: doneWithFrame
05-27 18:13:23.778   581   581 I SpiService: fgesysctrl_getGPIO_status success val=1
05-27 18:13:23.778  1008 30856 D [OMXB]  : usingANWBuffer: handle:0xee743b30, format:1, w:1920, h:1080
05-27 18:13:23.780   572   622 I Sensors : 230 AccelSensor: x:-0.161650,y:-0.002440,z:-9.973500
05-27 08:04:32.742   581   581 D spi_rst_gpio_get_output: GPIO 145 value: 1
05-27 08:04:32.742   581   581 D spidev_ioctl: gpio status=1)
05-27 08:04:32.748   581   581 D spi_rst_gpio_get_output: GPIO 145 value: 1
05-27 08:04:32.748   581   581 D spidev_ioctl: gpio status=1)
05-27 18:13:23.784   581   581 I SpiService: fgesysctrl_getGPIO_status success val=1
05-27 18:13:23.787   536   536 D commservice260303: msg.id = 1028,2
05-27 18:13:23.787   536   536 D commservice260303: i = 170, msgid = 8A000404
05-27 18:13:23.787   536   536 D commservice260303: msgid = -1979710460,did=138
05-27 18:13:23.787   536   536 D commservice260303: CommProtocolLibCmdBaseI2C::dataproc {"command":{"id":"imu_status","sub":""},"content":{"TimeStamp":8,"FrameCounter":200300,"GD_X":-0.011987865902483463,"GD_Y":0.0048857564106583595,"GD_Z":0.002443138277158141,"AD_X":0.006560280919075012,"AD_Y":-0.008119708858430386,"AD_Z":-0.16827106475830078,"TempDsp":0,"Status":0,"CalibState":1,"SigAmpInvalid":0}},-1979710460
05-27 18:13:23.787   536   536 D commservice260303: send2Cluster len:315, 7B22636F6D6D616E64223A7B226964223A22696D755F737461747573222C22737562223A22227D2C22636F6E74656E74223A7B2254696D655374616D70223A382C224672616D65436F756E746572223A3230303330302C2247445F58223A2D302E3031313938373836353930323438333436332C2247445F59223A302E303034383835373536343130363538333539352C2247445F5A223A302E3030323434333133383237373135383134312C2241445F58223A302E3030363536303238303931393037353031322C2241445F59223A2D302E3030383131393730383835383433303338362C2241445F5A223A2D302E31363832373130363437353833303037382C2254656D70447370223A302C22537461747573223A302C2243616C69625374617465223A312C22536967416D70496E76616C6964223A307D7D, 138 
05-27 18:13:23.787   536   536 D commservice260303: Push Message into SendPool fn=273351424
05-27 18:13:23.787   536   536 D commservice260303: ComProtocolLibSend2Cluster::send2ClusterRaw fn=273351424 , len=331
05-27 18:13:23.787   536   536 D commservice260303: sendCmdToPort :331!!!
05-27 18:13:23.787   536   536 D commservice260303: send Cmd To Port ++++5AA501478A0100034B106A16C3C37B22636F6D6D616E64223A7B226964223A22696D755F737461747573222C22737562223A22227D2C22636F6E74656E74223A7B2254696D655374616D70223A382C224672616D65436F756E746572223A3230303330302C2247445F58223A2D302E3031313938373836353930323438333436332C2247445F59223A302E303034383835373536343130363538333539352C2247445F5A223A302E3030323434333133383237373135383134312C2241445F58223A302E3030363536303238303931393037353031322C2241445F59223A2D302E3030383131393730383835383433303338362C2241445F5A223A2D302E31363832373130363437353833303037382C2254656D70447370223A302C22537461747573223A302C2243616C69625374617465223A312C22536967416D70496E76616C6964223A307D7D6084
05-27 18:13:23.787   536   536 D commservice260303: bufferevent_write retrun value = 0
05-27 18:13:23.788   536   560 D commservice260303: client datas send succeed,send finish
05-27 18:13:23.788 13911 14192 D Sentinelmode_1.2.5.17_sentry: <SentryImuClusterFgeSender>imu_status sent to Linux, frame=200300, tsNs=8671012, tsMs=8, intervalMs=42, ad=(0.006560281,-0.008119709,-0.16827106), gd=(-0.011987866,0.0048857564,0.0024431383)
05-27 18:13:23.790   581   581 I SpiService: fgesysctrl_getGPIO_status success val=1
05-27 18:13:23.791 13911 14183 I SentryImuMcuAngleSender: -179.98598rollDeg
05-27 18:13:23.791 13911 14183 I SentryImuMcuAngleSender: 1,0,0
05-27 08:04:32.754   581   581 D spi_rst_gpio_get_output: GPIO 145 value: 1
05-27 08:04:32.754   581   581 D spidev_ioctl: gpio status=1)
05-27 18:13:23.795   581   581 I SpiService: fgesysctrl_getGPIO_status success val=1
05-27 08:04:32.760   581   581 D spi_rst_gpio_get_output: GPIO 145 value: 1
05-27 08:04:32.760   581   581 D spidev_ioctl: gpio status=1)
05-27 18:13:23.797  1008 30857 D [OMXB]  : usingANWBuffer: handle:0xee743df0, format:1, w:1920, h:1080
05-27 18:13:23.801   581   581 I SpiService: fgesysctrl_getGPIO_status success val=1
05-27 08:04:32.766   581   581 D spi_rst_gpio_get_output: GPIO 145 value: 1
05-27 08:04:32.766   581   581 D spidev_ioctl: gpio status=1)
05-27 18:13:23.806   299 30844 D EvsDriver: forwardFrame
05-27 18:13:23.807   581   581 I SpiService: fgesysctrl_getGPIO_status success val=0
05-27 18:13:23.808   299 30844 D EvsDriver: Delivered 0xb400007b7ca56900 as id 0
05-27 18:13:23.808  1167  1167 D evsmanagerd: /dev/video6 forwarded the buffer #0 to 0xb4000074bf5f5510 from 0xb4000074bf5f6d90
05-27 18:13:23.808 30773 30782 E dvr_service_: [myNum:1] Received S**** loss
05-27 18:13:23.809   299 30841 D EvsDriver: forwardFrame
05-27 08:04:32.772   581   581 D spi_rst_gpio_get_output: GPIO 145 value: 0
05-27 18:13:23.809   299  1153 D EvsDriver: doneWithFrame
05-27 08:04:32.772   581   581 D spidev_ioctl: gpio status=0)
05-27 18:13:23.811  1167  1167 D evsmanagerd: /dev/video4 forwarded the buffer #0 to 0xb4000074bf5f6850 from 0xb4000074bf5f41d0
05-27 18:13:23.811   299 30841 D EvsDriver: Delivered 0xb400007b7ca56a60 as id 0
05-27 18:13:23.811 30773 30782 E dvr_service_: [myNum:0] Received S**** loss
05-27 18:13:23.811 13911 14183 I SentryImuMcuAngleSender: 179.993rollDeg
05-27 18:13:23.811 13911 14183 I SentryImuMcuAngleSender: 1,0,0
05-27 18:13:23.811   299  1153 D EvsDriver: doneWithFrame
05-27 18:13:23.813  1008 30856 D [OMXB]  : usingANWBuffer: handle:0xee744630, format:1, w:1920, h:1080
05-27 18:13:23.822   581   581 I SpiService: fgesysctrl_getGPIO_status success val=1
05-27 18:13:23.824   536   536 D commservice260303: msg.id = 1028,0
05-27 18:13:23.824   536   536 D commservice260303: i = 170, msgid = 8A000404
05-27 18:13:23.824   536   536 D commservice260303: msgid = -1979710460,did=138
05-27 18:13:23.824   536   536 D commservice260303: CommProtocolLibCmdBaseI2C::dataproc {"command":{"id":"imu_status","sub":""},"content":{"TimeStamp":8,"FrameCounter":200301,"GD_X":-0.011223767884075642,"GD_Y":0.0056498548947274685,"GD_Z":0.002519079949706793,"AD_X":-0.004457458853721619,"AD_Y":-7.659385446459055E-4,"AD_Z":-0.17498016357421875,"TempDsp":0,"Status":0,"CalibState":1,"SigAmpInvalid":0}},-1979710460
05-27 18:13:23.824   536   536 D commservice260303: send2Cluster len:316, 7B22636F6D6D616E64223A7B226964223A22696D755F737461747573222C22737562223A22227D2C22636F6E74656E74223A7B2254696D655374616D70223A382C224672616D65436F756E746572223A3230303330312C2247445F58223A2D302E3031313232333736373838343037353634322C2247445F59223A302E303035363439383534383934373237343638352C2247445F5A223A302E3030323531393037393934393730363739332C2241445F58223A2D302E3030343435373435383835333732313631392C2241445F59223A2D372E363539333835343436343539303535452D342C2241445F5A223A2D302E31373439383031363335373432313837352C2254656D70447370223A302C22537461747573223A302C2243616C69625374617465223A312C22536967416D70496E76616C6964223A307D7D, 138 
05-27 18:13:23.824   536   536 D commservice260303: Push Message into SendPool fn=290128640
05-27 18:13:23.824   536   536 D commservice260303: ComProtocolLibSend2Cluster::send2ClusterRaw fn=290128640 , len=332
05-27 18:13:23.824   536   536 D commservice260303: sendCmdToPort :332!!!
05-27 18:13:23.824   536   536 D commservice260303: send Cmd To Port ++++5AA501488A0100034B116A16C3C37B22636F6D6D616E64223A7B226964223A22696D755F737461747573222C22737562223A22227D2C22636F6E74656E74223A7B2254696D655374616D70223A382C224672616D65436F756E746572223A3230303330312C2247445F58223A2D302E3031313232333736373838343037353634322C2247445F59223A302E303035363439383534383934373237343638352C2247445F5A223A302E3030323531393037393934393730363739332C2241445F58223A2D302E3030343435373435383835333732313631392C2241445F59223A2D372E363539333835343436343539303535452D342C2241445F5A223A2D302E31373439383031363335373432313837352C2254656D70447370223A302C22537461747573223A302C2243616C69625374617465223A312C22536967416D70496E76616C6964223A307D7D027A
05-27 18:13:23.824   536   536 D commservice260303: bufferevent_write retrun value = 0
05-27 18:13:23.825   536   560 D commservice260303: client datas send succeed,send finish
05-27 08:04:32.786   581   581 D spi_rst_gpio_get_output: GPIO 145 value: 1
05-27 08:04:32.786   581   581 D spidev_ioctl: gpio status=1)
05-27 18:13:23.825 13911 14192 D Sentinelmode_1.2.5.17_sentry: <SentryImuClusterFgeSender>imu_status sent to Linux, frame=200301, tsNs=8671066, tsMs=8, intervalMs=36, ad=(-0.004457459,-7.6593854E-4,-0.17498016), gd=(-0.011223768,0.005649855,0.00251908)
05-27 18:13:23.827   581   581 I SpiService: fgesysctrl_getGPIO_status success val=1
05-27 08:04:32.791   581   581 D spi_rst_gpio_get_output: GPIO 145 value: 1
05-27 08:04:32.792   581   581 D spidev_ioctl: gpio status=1)
05-27 18:13:23.829  1008 30857 D [OMXB]  : usingANWBuffer: handle:0xee7444d0, format:1, w:1920, h:1080
05-27 18:13:23.832 13911 14183 I SentryImuMcuAngleSender: 179.97899rollDeg
05-27 18:13:23.832 13911 14183 I SentryImuMcuAngleSender: 1,0,0
05-27 18:13:23.833   581   581 I SpiService: fgesysctrl_getGPIO_status success val=1
05-27 18:13:23.835   299 30844 D EvsDriver: forwardFrame
05-27 08:04:32.797   581   581 D spi_rst_gpio_get_output: GPIO 145 value: 1
05-27 08:04:32.797   581   581 D spidev_ioctl: gpio status=1)
05-27 18:13:23.837  1167  1167 D evsmanagerd: /dev/video6 forwarded the buffer #0 to 0xb4000074bf5f5510 from 0xb4000074bf5f6d90
05-27 18:13:23.837   299 30844 D EvsDriver: Delivered 0xb400007b7ca56900 as id 0
05-27 18:13:23.839   581   581 I SpiService: fgesysctrl_getGPIO_status success val=1
05-27 18:13:23.840   299  1153 D EvsDriver: doneWithFrame
05-27 08:04:32.803   581   581 D spi_rst_gpio_get_output: GPIO 145 value: 1
05-27 08:04:32.803   581   581 D spidev_ioctl: gpio status=1)
