05-27 18:13:14.891 13911 14183 I SentryImuMcuAngleSender: 179.95793rollDeg
05-27 18:13:14.892 13911 14183 I SentryImuMcuAngleSender: 1,0,0
05-27 18:13:14.895  1008 30857 D [OMXB]  : usingANWBuffer: handle:0xee7432f0, format:1, w:1920, h:1080
05-27 18:13:14.899   581   581 I SpiService: fgesysctrl_getGPIO_status success val=1
05-27 08:04:23.864   581   581 D spi_rst_gpio_get_output: GPIO 145 value: 1
05-27 08:04:23.864   581   581 D spidev_ioctl: gpio status=1)
05-27 18:13:14.901   299 30844 D EvsDriver: forwardFrame
05-27 18:13:14.902  1167  1184 D evsmanagerd: /dev/video6 forwarded the buffer #0 to 0xb4000074bf5f5510 from 0xb4000074bf5f6d90
05-27 08:04:23.869   581   581 D spi_rst_gpio_get_output: GPIO 145 value: 1
05-27 08:04:23.869   581   581 D spidev_ioctl: gpio status=1)
05-27 18:13:14.904   299 30844 D EvsDriver: Delivered 0xb400007b7ca56900 as id 0
05-27 18:13:14.904   299  1163 D EvsDriver: doneWithFrame
05-27 18:13:14.904   581   581 I SpiService: fgesysctrl_getGPIO_status success val=1
05-27 18:13:14.906   536   536 D commservice260303: msg.id = 1028,1
05-27 18:13:14.906   536   536 D commservice260303: i = 170, msgid = 8A000404
05-27 18:13:14.906   536   536 D commservice260303: msgid = -1979710460,did=138
05-27 18:13:14.906   536   536 D commservice260303: CommProtocolLibCmdBaseI2C::dataproc {"command":{"id":"imu_status","sub":""},"content":{"TimeStamp":8,"FrameCounter":200081,"GD_X":-0.011223767884075642,"GD_Y":0.004580949433147907,"GD_Z":0.002443138277158141,"AD_X":-0.004879400134086609,"AD_Y":-7.729171775281429E-4,"AD_Z":-0.16704559326171875,"TempDsp":0,"Status":0,"CalibState":1,"SigAmpInvalid":0}},-1979710460
05-27 18:13:14.906   536   536 D commservice260303: send2Cluster len:315, 7B22636F6D6D616E64223A7B226964223A22696D755F737461747573222C22737562223A22227D2C22636F6E74656E74223A7B2254696D655374616D70223A382C224672616D65436F756E746572223A3230303038312C2247445F58223A2D302E3031313232333736373838343037353634322C2247445F59223A302E3030343538303934393433333134373930372C2247445F5A223A302E3030323434333133383237373135383134312C2241445F58223A2D302E3030343837393430303133343038363630392C2241445F59223A2D372E373239313731373735323831343239452D342C2241445F5A223A2D302E31363730343535393332363137313837352C2254656D70447370223A302C22537461747573223A302C2243616C69625374617465223A312C22536967416D70496E76616C6964223A307D7D, 138 
05-27 18:13:14.906   536   536 D commservice260303: Push Message into SendPool fn=810156800
05-27 18:13:14.906   536   536 D commservice260303: ComProtocolLibSend2Cluster::send2ClusterRaw fn=810156800 , len=331
05-27 18:13:14.906   536   536 D commservice260303: sendCmdToPort :331!!!
05-27 18:13:14.906   536   536 D commservice260303: send Cmd To Port ++++5AA501478A0100034A306A16C3BA7B22636F6D6D616E64223A7B226964223A22696D755F737461747573222C22737562223A22227D2C22636F6E74656E74223A7B2254696D655374616D70223A382C224672616D65436F756E746572223A3230303038312C2247445F58223A2D302E3031313232333736373838343037353634322C2247445F59223A302E3030343538303934393433333134373930372C2247445F5A223A302E3030323434333133383237373135383134312C2241445F58223A2D302E3030343837393430303133343038363630392C2241445F59223A2D372E373239313731373735323831343239452D342C2241445F5A223A2D302E31363730343535393332363137313837352C2254656D70447370223A302C22537461747573223A302C2243616C69625374617465223A312C22536967416D70496E76616C6964223A307D7D5A9B
05-27 18:13:14.906   536   536 D commservice260303: bufferevent_write retrun value = 0
05-27 18:13:14.906   536   560 D commservice260303: client datas send succeed,send finish
05-27 18:13:14.910   581   581 I SpiService: fgesysctrl_getGPIO_status success val=1
05-27 18:13:14.912 13911 14192 D Sentinelmode_1.2.5.17_sentry: <SentryImuClusterFgeSender>imu_status sent to Linux, frame=200081, tsNs=8662151, tsMs=8, intervalMs=45, ad=(-0.0048794,-7.729172E-4,-0.1670456), gd=(-0.011223768,0.0045809494,0.0024431383)
05-27 18:13:14.913 13911 14183 I SentryImuMcuAngleSender: 179.97546rollDeg
05-27 18:13:14.913 13911 14183 I SentryImuMcuAngleSender: 1,0,0
05-27 08:04:23.874   581   581 D spi_rst_gpio_get_output: GPIO 145 value: 1
05-27 08:04:23.874   581   581 D spidev_ioctl: gpio status=1)
05-27 18:13:14.914   299 30841 D EvsDriver: forwardFrame
05-27 18:13:14.916   581   581 I SpiService: fgesysctrl_getGPIO_status success val=1
05-27 18:13:14.916   299 30841 D EvsDriver: Delivered 0xb400007b7ca56a60 as id 0
05-27 18:13:14.916  1167  1184 D evsmanagerd: /dev/video4 forwarded the buffer #0 to 0xb4000074bf5f6850 from 0xb4000074bf5f41d0
05-27 08:04:23.880   581   581 D spi_rst_gpio_get_output: GPIO 145 value: 1
05-27 08:04:23.880   581   581 D spidev_ioctl: gpio status=1)
05-27 18:13:14.920   299  1163 D EvsDriver: doneWithFrame
05-27 18:13:14.921   581   581 I SpiService: fgesysctrl_getGPIO_status success val=0
05-27 08:04:23.886   581   581 D spi_rst_gpio_get_output: GPIO 145 value: 0
05-27 08:04:23.886   581   581 D spidev_ioctl: gpio status=0)
05-27 18:13:14.927  1008 30856 D [OMXB]  : usingANWBuffer: handle:0xee745fa0, format:1, w:1920, h:1080
05-27 18:13:14.932 13911 14183 I SentryImuMcuAngleSender: 179.99298rollDeg
05-27 18:13:14.932 13911 14183 I SentryImuMcuAngleSender: 1,0,0
05-27 18:13:14.934   283   307 I rvcservice: t.code = 3, t.value = 0
05-27 18:13:14.936   581   581 I SpiService: fgesysctrl_getGPIO_status success val=1
05-27 18:13:14.936   566  1173 D gps_hdbd: [request_agps_thread 979] get sys.gps.agnssd:1
05-27 08:04:23.900   581   581 D spi_rst_gpio_get_output: GPIO 145 value: 1
05-27 08:04:23.900   581   581 D spidev_ioctl: gpio status=1)
05-27 18:13:14.938   299 30841 D EvsDriver: forwardFrame
05-27 18:13:14.939   299 30841 D EvsDriver: Delivered 0xb400007b7ca56a60 as id 0
05-27 18:13:14.939  1167  1184 D evsmanagerd: /dev/video4 forwarded the buffer #0 to 0xb4000074bf5f6850 from 0xb4000074bf5f41d0
05-27 18:13:14.941   581   581 I SpiService: fgesysctrl_getGPIO_status success val=1
05-27 18:13:14.942   299 30844 D EvsDriver: forwardFrame
05-27 18:13:14.942   299  1163 D EvsDriver: doneWithFrame
05-27 18:13:14.943   299 30844 D EvsDriver: Delivered 0xb400007b7ca56900 as id 0
05-27 18:13:14.943  1167  1184 D evsmanagerd: /dev/video6 forwarded the buffer #0 to 0xb4000074bf5f5510 from 0xb4000074bf5f6d90
05-27 08:04:23.906   581   581 D spi_rst_gpio_get_output: GPIO 145 value: 1
05-27 08:04:23.906   581   581 D spidev_ioctl: gpio status=1)
05-27 18:13:14.945   536   536 D commservice260303: i = 170, msgid = 8A000404
05-27 18:13:14.945   536   536 D commservice260303: msgid = -1979710460,did=138
05-27 18:13:14.945   536   536 D commservice260303: CommProtocolLibCmdBaseI2C::dataproc {"command":{"id":"imu_status","sub":""},"content":{"TimeStamp":8,"FrameCounter":200082,"GD_X":-0.010841978713870049,"GD_Y":0.0048857564106583595,"GD_Z":0.0021378109231591225,"AD_X":-0.009111642837524414,"AD_Y":-0.0025825456250458956,"AD_Z":-0.16826629638671875,"TempDsp":0,"Status":0,"CalibState":1,"SigAmpInvalid":0}},-1979710460
05-27 18:13:14.945   536   536 D commservice260303: send2Cluster len:318, 7B22636F6D6D616E64223A7B226964223A22696D755F737461747573222C22737562223A22227D2C22636F6E74656E74223A7B2254696D655374616D70223A382C224672616D65436F756E746572223A3230303038322C2247445F58223A2D302E3031303834313937383731333837303034392C2247445F59223A302E303034383835373536343130363538333539352C2247445F5A223A302E303032313337383130393233313539313232352C2241445F58223A2D302E3030393131313634323833373532343431342C2241445F59223A2D302E303032353832353435363235303435383935362C2241445F5A223A2D302E31363832363632393633383637313837352C2254656D70447370223A302C22537461747573223A302C2243616C69625374617465223A312C22536967416D70496E76616C6964223A307D7D, 138 
05-27 18:13:14.945   536   536 D commservice260303: Push Message into SendPool fn=826934016
05-27 18:13:14.945   536   536 D commservice260303: ComProtocolLibSend2Cluster::send2ClusterRaw fn=826934016 , len=334
05-27 18:13:14.945   536   536 D commservice260303: sendCmdToPort :334!!!
05-27 18:13:14.945   536   536 D commservice260303: send Cmd To Port ++++5AA5014A8A0100034A316A16C3BA7B22636F6D6D616E64223A7B226964223A22696D755F737461747573222C22737562223A22227D2C22636F6E74656E74223A7B2254696D655374616D70223A382C224672616D65436F756E746572223A3230303038322C2247445F58223A2D302E3031303834313937383731333837303034392C2247445F59223A302E303034383835373536343130363538333539352C2247445F5A223A302E303032313337383130393233313539313232352C2241445F58223A2D302E3030393131313634323833373532343431342C2241445F59223A2D302E303032353832353435363235303435383935362C2241445F5A223A2D302E31363832363632393633383637313837352C2254656D70447370223A302C22537461747573223A302C2243616C69625374617465223A312C22536967416D70496E76616C6964223A307D7D6A7B
05-27 18:13:14.945   536   536 D commservice260303: bufferevent_write retrun value = 0
05-27 18:13:14.945   536   560 D commservice260303: client datas send succeed,send finish
05-27 18:13:14.945   299  1163 D EvsDriver: doneWithFrame
05-27 08:04:23.912   581   581 D spi_rst_gpio_get_output: GPIO 145 value: 1
05-27 18:13:14.946 13911 14192 D Sentinelmode_1.2.5.17_sentry: <SentryImuClusterFgeSender>imu_status sent to Linux, frame=200082, tsNs=8662187, tsMs=8, intervalMs=33, ad=(-0.009111643,-0.0025825456,-0.1682663), gd=(-0.010841979,0.0048857564,0.002137811)
05-27 08:04:23.912   581   581 D spidev_ioctl: gpio status=1)
05-27 18:13:14.947   581   581 I SpiService: fgesysctrl_getGPIO_status success val=1
05-27 18:13:14.952 13911 14183 I SentryImuMcuAngleSender: 179.98598rollDeg
05-27 18:13:14.952 13911 14183 I SentryImuMcuAngleSender: 1,0,0
05-27 18:13:14.952   581   581 I SpiService: fgesysctrl_getGPIO_status success val=1
05-27 08:04:23.917   581   581 D spi_rst_gpio_get_output: GPIO 145 value: 1
05-27 08:04:23.917   581   581 D spidev_ioctl: gpio status=1)
05-27 18:13:14.954   572   622 I Sensors : 230 AccelSensor: x:-0.173239,y:0.003659,z:-9.971670
05-27 18:13:14.955  1008 30856 D [OMXB]  : usingANWBuffer: handle:0xee747180, format:1, w:1920, h:1080
05-27 18:13:14.958   581   581 I SpiService: fgesysctrl_getGPIO_status success val=1
05-27 08:04:23.923   581   581 D spi_rst_gpio_get_output: GPIO 145 value: 1
05-27 08:04:23.923   581   581 D spidev_ioctl: gpio status=1)
05-27 18:13:14.963   581   581 I SpiService: fgesysctrl_getGPIO_status success val=0
05-27 08:04:23.928   581   581 D spi_rst_gpio_get_output: GPIO 145 value: 0
05-27 08:04:23.928   581   581 D spidev_ioctl: gpio status=0)
05-27 18:13:14.969  1008 30857 D [OMXB]  : usingANWBuffer: handle:0xee740170, format:1, w:1920, h:1080
05-27 18:13:14.969 13911 14183 I SentryImuMcuAngleSender: [4, 18, 1, 0, 0],5
05-27 18:13:14.970 13911 14183 I McuCommManager: mcuCommSendcmd [4, 18, 1, 0, 0]
05-27 18:13:14.970 13911 14183 I SentryImuMcuAngleSender: true
05-27 18:13:14.970 13911 14183 W Sentinelmode_1.2.5.17_sentry: <SentryImuMcuAngleSender>MCU IMU send interval abnormal: 1001ms
05-27 18:13:14.972   299 30841 D EvsDriver: forwardFrame
05-27 18:13:14.973   299 30841 D EvsDriver: Delivered 0xb400007b7ca56a60 as id 0
05-27 18:13:14.973  1167  1184 D evsmanagerd: /dev/video4 forwarded the buffer #0 to 0xb4000074bf5f6850 from 0xb4000074bf5f41d0
05-27 18:13:14.973 30773 30773 E dvr_service_: [myNum:0] Received S**** loss
05-27 18:13:14.973 13911 14183 I SentryImuMcuAngleSender: 179.97897rollDeg
05-27 18:13:14.974 13911 14183 I SentryImuMcuAngleSender: 1,0,0
05-27 18:13:14.974   299  1163 D EvsDriver: doneWithFrame
05-27 18:13:14.976   299 30844 D EvsDriver: forwardFrame
05-27 18:13:14.977   299 30844 D EvsDriver: Delivered 0xb400007b7ca56900 as id 0
05-27 18:13:14.978  1167  1184 D evsmanagerd: /dev/video6 forwarded the buffer #0 to 0xb4000074bf5f5510 from 0xb4000074bf5f6d90
05-27 18:13:14.978 30773 30773 E dvr_service_: [myNum:1] Received S**** loss
05-27 18:13:14.978   581   581 I SpiService: fgesysctrl_getGPIO_status success val=1
05-27 18:13:14.978   299  1163 D EvsDriver: doneWithFrame
05-27 08:04:23.943   581   581 D spi_rst_gpio_get_output: GPIO 145 value: 1
05-27 08:04:23.943   581   581 D spidev_ioctl: gpio status=1)
05-27 18:13:14.984   581   581 I SpiService: fgesysctrl_getGPIO_status success val=1
05-27 08:04:23.948   581   581 D spi_rst_gpio_get_output: GPIO 145 value: 1
05-27 08:04:23.948   581   581 D spidev_ioctl: gpio status=1)
05-27 18:13:14.986   536   536 D commservice260303: msg.id = 1028,1
05-27 18:13:14.986   536   536 D commservice260303: i = 170, msgid = 8A000404
05-27 18:13:14.986   536   536 D commservice260303: msgid = -1979710460,did=138
05-27 18:13:14.986   536   536 D commservice260303: CommProtocolLibCmdBaseI2C::dataproc {"command":{"id":"imu_status","sub":""},"content":{"TimeStamp":8,"FrameCounter":200083,"GD_X":-0.011070843786001205,"GD_Y":0.004656890872865915,"GD_Z":0.0023671966046094894,"AD_X":-0.0029987096786499023,"AD_Y":4.7090696170926094E-4,"AD_Z":-0.16765403747558594,"TempDsp":0,"Status":0,"CalibState":1,"SigAmpInvalid":0}},-1979710460
05-27 18:13:14.986   536   536 D commservice260303: send2Cluster len:317, 7B22636F6D6D616E64223A7B226964223A22696D755F737461747573222C22737562223A22227D2C22636F6E74656E74223A7B2254696D655374616D70223A382C224672616D65436F756E746572223A3230303038332C2247445F58223A2D302E3031313037303834333738363030313230352C2247445F59223A302E3030343635363839303837323836353931352C2247445F5A223A302E303032333637313936363034363039343839342C2241445F58223A2D302E303032393938373039363738363439393032332C2241445F59223A342E37303930363936313730393236303934452D342C2241445F5A223A2D302E31363736353430333734373535383539342C2254656D70447370223A302C22537461747573223A302C2243616C69625374617465223A312C22536967416D70496E76616C6964223A307D7D, 138 
05-27 18:13:14.986   536   536 D commservice260303: Push Message into SendPool fn=843711232
05-27 18:13:14.986   536   536 D commservice260303: ComProtocolLibSend2Cluster::send2ClusterRaw fn=843711232 , len=333
05-27 18:13:14.986   536   536 D commservice260303: sendCmdToPort :333!!!
05-27 18:13:14.986   536   536 D commservice260303: send Cmd To Port ++++5AA501498A0100034A326A16C3BA7B22636F6D6D616E64223A7B226964223A22696D755F737461747573222C22737562223A22227D2C22636F6E74656E74223A7B2254696D655374616D70223A382C224672616D65436F756E746572223A3230303038332C2247445F58223A2D302E3031313037303834333738363030313230352C2247445F59223A302E3030343635363839303837323836353931352C2247445F5A223A302E303032333637313936363034363039343839342C2241445F58223A2D302E303032393938373039363738363439393032332C2241445F59223A342E37303930363936313730393236303934452D342C2241445F5A223A2D302E31363736353430333734373535383539342C2254656D70447370223A302C22537461747573223A302C2243616C69625374617465223A312C22536967416D70496E76616C6964223A307D7D2AE4
05-27 18:13:14.986   536   536 D commservice260303: bufferevent_write retrun value = 0
05-27 18:13:14.986   536   560 D commservice260303: client datas send succeed,send finish
05-27 18:13:14.986 13911 14192 D Sentinelmode_1.2.5.17_sentry: <SentryImuClusterFgeSender>imu_status sent to Linux, frame=200083, tsNs=8662222, tsMs=8, intervalMs=41, ad=(-0.0029987097,4.7090696E-4,-0.16765404), gd=(-0.011070844,0.004656891,0.0023671966)
05-27 18:13:14.989   581   581 I SpiService: fgesysctrl_getGPIO_status success val=1
05-27 08:04:23.954   581   581 D spi_rst_gpio_get_output: GPIO 145 value: 1
05-27 08:04:23.954   581   581 D spidev_ioctl: gpio status=1)
05-27 18:13:14.993 13911 14183 I SentryImuMcuAngleSender: 179.95795rollDeg
05-27 18:13:14.993 13911 14183 I SentryImuMcuAngleSender: 1,0,0
05-27 18:13:14.994   581   581 I SpiService: fgesysctrl_getGPIO_status success val=1
05-27 18:13:14.996  1008 30856 D [OMXB]  : usingANWBuffer: handle:0xee746c00, format:1, w:1920, h:1080
05-27 08:04:23.959   581   581 D spi_rst_gpio_get_output: GPIO 145 value: 1
05-27 08:04:23.959   581   581 D spidev_ioctl: gpio status=1)
05-27 18:13:15.000   581   581 I SpiService: fgesysctrl_getGPIO_status success val=0
05-27 18:13:15.000   481   597 I mcuc    : send SPI:6AA6005EEB000504120100009B
05-27 08:04:23.965   581   581 D spi_rst_gpio_get_output: GPIO 145 value: 0
05-27 08:04:23.965   581   581 D spidev_ioctl: gpio status=0)
05-27 18:13:15.010   299 30841 D EvsDriver: forwardFrame
05-27 18:13:15.011   299 30844 D EvsDriver: forwardFrame
05-27 18:13:15.012  1167  1184 D evsmanagerd: /dev/video4 forwarded the buffer #0 to 0xb4000074bf5f6850 from 0xb4000074bf5f41d0
05-27 18:13:15.013 13911 14183 I SentryImuMcuAngleSender: 179.96144rollDeg
05-27 18:13:15.013 13911 14183 I SentryImuMcuAngleSender: 1,0,0
05-27 18:13:15.013   299 30844 D EvsDriver: Delivered 0xb400007b7ca56900 as id 0
05-27 18:13:15.014 15863 16069 D AIN-HttpHealthPolicy: response: 200, cost=254
05-27 18:13:15.014 15863 16068 D AIN-PingWorker: updateHost: result=true,host=v.qq.com,delay=254
05-27 18:13:15.015  1167  1184 D evsmanagerd: /dev/video6 forwarded the buffer #0 to 0xb4000074bf5f5510 from 0xb4000074bf5f6d90
05-27 18:13:15.015   581   581 I SpiService: fgesysctrl_getGPIO_status success val=1
05-27 18:13:15.015 15863 16068 D AIN-NetCheckerOutputer: onHealthy
05-27 08:04:23.979   581   581 D spi_rst_gpio_get_output: GPIO 145 value: 1
05-27 08:04:23.979   581   581 D spidev_ioctl: gpio status=1)
05-27 18:13:15.018   299  1163 D EvsDriver: doneWithFrame
05-27 18:13:15.020   581   581 I SpiService: fgesysctrl_getGPIO_status success val=1
05-27 08:04:23.985   581   581 D spi_rst_gpio_get_output: GPIO 145 value: 1
05-27 08:04:23.985   581   581 D spidev_ioctl: gpio status=1)
05-27 18:13:15.025   536   536 D commservice260303: msg.id = 1028,1
05-27 18:13:15.025   536   536 D commservice260303: i = 170, msgid = 8A000404
05-27 18:13:15.025   536   536 D commservice260303: msgid = -1979710460,did=138
05-27 18:13:15.025   536   536 D commservice260303: CommProtocolLibCmdBaseI2C::dataproc {"command":{"id":"imu_status","sub":""},"content":{"TimeStamp":8,"FrameCounter":200084,"GD_X":-0.011300750076770782,"GD_Y":0.0051151420921087265,"GD_Z":0.0021378109231591225,"AD_X":0.00489392876625061,"AD_Y":0.0016791429370641708,"AD_Z":-0.16643524169921875,"TempDsp":0,"Status":0,"CalibState":1,"SigAmpInvalid":0}},-1979710460
05-27 18:13:15.025   536   536 D commservice260303: send2Cluster len:315, 7B22636F6D6D616E64223A7B226964223A22696D755F737461747573222C22737562223A22227D2C22636F6E74656E74223A7B2254696D655374616D70223A382C224672616D65436F756E746572223A3230303038342C2247445F58223A2D302E3031313330303735303037363737303738322C2247445F59223A302E303035313135313432303932313038373236352C2247445F5A223A302E303032313337383130393233313539313232352C2241445F58223A302E30303438393339323837363632353036312C2241445F59223A302E303031363739313432393337303634313730382C2241445F5A223A2D302E31363634333532343136393932313837352C2254656D70447370223A302C22537461747573223A302C2243616C69625374617465223A312C22536967416D70496E76616C6964223A307D7D, 138 
05-27 18:13:15.025   536   536 D commservice260303: Push Message into SendPool fn=860488448
05-27 18:13:15.025   536   536 D commservice260303: ComProtocolLibSend2Cluster::send2ClusterRaw fn=860488448 , len=331
05-27 18:13:15.025   536   536 D commservice260303: sendCmdToPort :331!!!
05-27 18:13:15.025   536   536 D commservice260303: send Cmd To Port ++++5AA501478A0100034A336A16C3BB7B22636F6D6D616E64223A7B226964223A22696D755F737461747573222C22737562223A22227D2C22636F6E74656E74223A7B2254696D655374616D70223A382C224672616D65436F756E746572223A3230303038342C2247445F58223A2D302E3031313330303735303037363737303738322C2247445F59223A302E303035313135313432303932313038373236352C2247445F5A223A302E303032313337383130393233313539313232352C2241445F58223A302E30303438393339323837363632353036312C2241445F59223A302E303031363739313432393337303634313730382C2241445F5A223A2D302E31363634333532343136393932313837352C2254656D70447370223A302C22537461747573223A302C2243616C69625374617465223A312C22536967416D70496E76616C6964223A307D7DBFDE
05-27 18:13:15.025   536   536 D commservice260303: bufferevent_write retrun value = 0
05-27 18:13:15.026   581   581 I SpiService: fgesysctrl_getGPIO_status success val=1
05-27 18:13:15.027   536   560 D commservice260303: client datas send succeed,send finish
05-27 18:13:15.027  1008 30857 D [OMXB]  : usingANWBuffer: handle:0xee742f80, format:1, w:1920, h:1080
05-27 18:13:15.027 13911 14192 D Sentinelmode_1.2.5.17_sentry: <SentryImuClusterFgeSender>imu_status sent to Linux, frame=200084, tsNs=8662258, tsMs=8, intervalMs=40, ad=(0.0048939288,0.0016791429,-0.16643524), gd=(-0.01130075,0.005115142,0.002137811)
05-27 08:04:23.991   581   581 D spi_rst_gpio_get_output: GPIO 145 value: 1
05-27 08:04:23.991   581   581 D spidev_ioctl: gpio status=1)
05-27 18:13:15.032   581   581 I SpiService: fgesysctrl_getGPIO_status success val=1
05-27 08:04:23.996   581   581 D spi_rst_gpio_get_output: GPIO 145 value: 1
05-27 08:04:23.997   581   581 D spidev_ioctl: gpio status=1)
05-27 18:13:15.034 13911 14183 I SentryImuMcuAngleSender: 179.98598rollDeg
05-27 18:13:15.034   283   307 I rvcservice: t.code = 1, t.value = -167140
05-27 18:13:15.034 13911 14183 I SentryImuMcuAngleSender: 1,0,0
05-27 18:13:15.037   581   581 I SpiService: fgesysctrl_getGPIO_status success val=1
05-27 18:13:15.039   299 30844 D EvsDriver: forwardFrame
05-27 18:13:15.040   299 30841 D EvsDriver: forwardFrame
05-27 18:13:15.040   299 30844 D EvsDriver: Delivered 0xb400007b7ca56900 as id 0
05-27 18:13:15.040  1167  1184 D evsmanagerd: /dev/video6 forwarded the buffer #0 to 0xb4000074bf5f5510 from 0xb4000074bf5f6d90
05-27 08:04:24.002   581   581 D spi_rst_gpio_get_output: GPIO 145 value: 1
05-27 08:04:24.002   581   581 D spidev_ioctl: gpio status=1)
05-27 18:13:15.041   299 30841 D EvsDriver: Delivered 0xb400007b7ca56a60 as id 0
05-27 18:13:15.041  1167  1184 D evsmanagerd: /dev/video4 forwarded the buffer #0 to 0xb4000074bf5f6850 from 0xb4000074bf5f41d0
05-27 18:13:15.043   299  1163 D EvsDriver: doneWithFrame
05-27 18:13:15.043   581   581 I SpiService: fgesysctrl_getGPIO_status success val=1
05-27 18:13:15.043   299  1163 D EvsDriver: doneWithFrame
05-27 18:13:15.043   572   572 I Sensors : 230 GyroSensor: x:-0.010995,y:0.005421,z:0.001679
05-27 08:04:24.007   581   581 D spi_rst_gpio_get_output: GPIO 145 value: 1
05-27 08:04:24.007   581   581 D spidev_ioctl: gpio status=1)
05-27 08:04:24.013   581   581 D spi_rst_gpio_get_output: GPIO 145 value: 0
05-27 08:04:24.013   581   581 D spidev_ioctl: gpio status=0)
05-27 18:13:15.049   581   581 I SpiService: fgesysctrl_getGPIO_status success val=0
05-27 18:13:15.054  1008 30856 D [OMXB]  : usingANWBuffer: handle:0xee744000, format:1, w:1920, h:1080
05-27 18:13:15.054 13911 14183 I SentryImuMcuAngleSender: 179.99649rollDeg
05-27 18:13:15.054 13911 14183 I SentryImuMcuAngleSender: 1,0,0
05-27 18:13:15.063   581   581 I SpiService: fgesysctrl_getGPIO_status success val=1
05-27 18:13:15.065   536   536 D commservice260303: msg.id = 1028,0
05-27 18:13:15.065   536   536 D commservice260303: i = 170, msgid = 8A000404
05-27 18:13:15.065   536   536 D commservice260303: msgid = -1979710460,did=138
05-27 18:13:15.065   536   536 D commservice260303: CommProtocolLibCmdBaseI2C::dataproc {"command":{"id":"imu_status","sub":""},"content":{"TimeStamp":8,"FrameCounter":200085,"GD_X":-0.010766036808490753,"GD_Y":0.004733873065561056,"GD_Z":0.0018319635419175029,"AD_X":0.0011633187532424927,"AD_Y":-0.0019514607265591621,"AD_Z":-0.1676502227783203,"TempDsp":0,"Status":0,"CalibState":1,"SigAmpInvalid":0}},-1979710460
05-27 08:04:24.027   581   581 D spi_rst_gpio_get_output: GPIO 145 value: 1
05-27 08:04:24.027   581   581 D spidev_ioctl: gpio status=1)
05-27 18:13:15.065   536   536 D commservice260303: send2Cluster len:316, 7B22636F6D6D616E64223A7B226964223A22696D755F737461747573222C22737562223A22227D2C22636F6E74656E74223A7B2254696D655374616D70223A382C224672616D65436F756E746572223A3230303038352C2247445F58223A2D302E3031303736363033363830383439303735332C2247445F59223A302E3030343733333837333036353536313035362C2247445F5A223A302E303031383331393633353431393137353032392C2241445F58223A302E303031313633333138373533323432343932372C2241445F59223A2D302E303031393531343630373236353539313632312C2241445F5A223A2D302E313637363530323232373738333230332C2254656D70447370223A302C22537461747573223A302C2243616C69625374617465223A312C22536967416D70496E76616C6964223A307D7D, 138 
05-27 18:13:15.065   536   536 D commservice260303: Push Message into SendPool fn=877265664
05-27 18:13:15.065   536   536 D commservice260303: ComProtocolLibSend2Cluster::send2ClusterRaw fn=877265664 , len=332
05-27 18:13:15.065   536   536 D commservice260303: sendCmdToPort :332!!!
05-27 18:13:15.065   536   536 D commservice260303: send Cmd To Port ++++5AA501488A0100034A346A16C3BB7B22636F6D6D616E64223A7B226964223A22696D755F737461747573222C22737562223A22227D2C22636F6E74656E74223A7B2254696D655374616D70223A382C224672616D65436F756E746572223A3230303038352C2247445F58223A2D302E3031303736363033363830383439303735332C2247445F59223A302E3030343733333837333036353536313035362C2247445F5A223A302E303031383331393633353431393137353032392C2241445F58223A302E303031313633333138373533323432343932372C2241445F59223A2D302E303031393531343630373236353539313632312C2241445F5A223A2D302E313637363530323232373738333230332C2254656D70447370223A302C22537461747573223A302C2243616C69625374617465223A312C22536967416D70496E76616C6964223A307D7D7EBC
05-27 18:13:15.065   536   536 D commservice260303: bufferevent_write retrun value = 0
05-27 18:13:15.066   536   560 D commservice260303: client datas send succeed,send finish
05-27 18:13:15.066 13911 14192 D Sentinelmode_1.2.5.17_sentry: <SentryImuClusterFgeSender>imu_status sent to Linux, frame=200085, tsNs=8662312, tsMs=8, intervalMs=39, ad=(0.0011633188,-0.0019514607,-0.16765022), gd=(-0.010766037,0.004733873,0.0018319635)
05-27 18:13:15.068   581   581 I SpiService: fgesysctrl_getGPIO_status success val=1
05-27 08:04:24.033   581   581 D spi_rst_gpio_get_output: GPIO 145 value: 1
05-27 08:04:24.033   581   581 D spidev_ioctl: gpio status=1)
05-27 18:13:15.072  1008 30857 D [OMXB]  : usingANWBuffer: handle:0xee742cc0, format:1, w:1920, h:1080
05-27 18:13:15.074 30773 30789 I dvr_service_: Camera 1: MediaOK:6005101, frames:140, isKeyFrame:0,pts:8661870520
05-27 18:13:15.074   581   581 I SpiService: fgesysctrl_getGPIO_status success val=1
05-27 18:13:15.075 13911 14183 I SentryImuMcuAngleSender: 179.98248rollDeg
05-27 18:13:15.075 13911 14183 I SentryImuMcuAngleSender: 1,0,0
05-27 08:04:24.038   581   581 D spi_rst_gpio_get_output: GPIO 145 value: 1
05-27 08:04:24.038   581   581 D spidev_ioctl: gpio status=1)
05-27 18:13:15.079   299 30841 D EvsDriver: forwardFrame
05-27 18:13:15.079   299 30844 D EvsDriver: forwardFrame
05-27 18:13:15.080   581   581 I SpiService: fgesysctrl_getGPIO_status success val=1
05-27 18:13:15.080  1167  1184 D evsmanagerd: /dev/video4 forwarded the buffer #0 to 0xb4000074bf5f6850 from 0xb4000074bf5f41d0
05-27 18:13:15.080   299 30841 D EvsDriver: Delivered 0xb400007b7ca56a60 as id 0
05-27 08:04:24.044   581   581 D spi_rst_gpio_get_output: GPIO 145 value: 1
05-27 08:04:24.044   581   581 D spidev_ioctl: gpio status=1)
05-27 18:13:15.082  1167  1184 D evsmanagerd: /dev/video6 forwarded the buffer #0 to 0xb4000074bf5f5510 from 0xb4000074bf5f6d90
05-27 18:13:15.082   299 30844 D EvsDriver: Delivered 0xb400007b7ca56900 as id 0
05-27 18:13:15.082   299  1163 D EvsDriver: doneWithFrame
05-27 18:13:15.086   581   581 I SpiService: fgesysctrl_getGPIO_status success val=0
05-27 18:13:15.087   299  1163 D EvsDriver: doneWithFrame
05-27 08:04:24.050   581   581 D spi_rst_gpio_get_output: GPIO 145 value: 0
05-27 08:04:24.050   581   581 D spidev_ioctl: gpio status=0)
05-27 18:13:15.095 13911 14183 I SentryImuMcuAngleSender: 179.95795rollDeg
05-27 18:13:15.096 13911 14183 I SentryImuMcuAngleSender: 1,0,0
05-27 18:13:15.102   581   581 I SpiService: fgesysctrl_getGPIO_status success val=1
05-27 18:13:15.103  1008 30856 D [OMXB]  : usingANWBuffer: handle:0xee7428a0, format:1, w:1920, h:1080
05-27 18:13:15.104   536   536 D commservice260303: msg.id = 1028,1
05-27 18:13:15.105   536   536 D commservice260303: i = 170, msgid = 8A000404
05-27 18:13:15.105   536   536 D commservice260303: msgid = -1979710460,did=138
05-27 18:13:15.105   536   536 D commservice260303: CommProtocolLibCmdBaseI2C::dataproc {"command":{"id":"imu_status","sub":""},"content":{"TimeStamp":8,"FrameCounter":200086,"GD_X":-0.011377211660146713,"GD_Y":0.004809814505279064,"GD_Z":0.0020608289632946253,"AD_X":-0.009789496660232544,"AD_Y":0.005343926139175892,"AD_Z":-0.1694812774658203,"TempDsp":0,"Status":0,"CalibState":1,"SigAmpInvalid":0}},-1979710460
05-27 18:13:15.105   536   536 D commservice260303: send2Cluster len:314, 7B22636F6D6D616E64223A7B226964223A22696D755F737461747573222C22737562223A22227D2C22636F6E74656E74223A7B2254696D655374616D70223A382C224672616D65436F756E746572223A3230303038362C2247445F58223A2D302E3031313337373231313636303134363731332C2247445F59223A302E3030343830393831343530353237393036342C2247445F5A223A302E303032303630383238393633323934363235332C2241445F58223A2D302E3030393738393439363636303233323534342C2241445F59223A302E3030353334333932363133393137353839322C2241445F5A223A2D302E313639343831323737343635383230332C2254656D70447370223A302C22537461747573223A302C2243616C69625374617465223A312C22536967416D70496E76616C6964223A307D7D, 138 
05-27 18:13:15.105   536   536 D commservice260303: Push Message into SendPool fn=894042880
05-27 18:13:15.105   536   536 D commservice260303: ComProtocolLibSend2Cluster::send2ClusterRaw fn=894042880 , len=330
05-27 18:13:15.105   536   536 D commservice260303: sendCmdToPort :330!!!
05-27 18:13:15.105   536   536 D commservice260303: send Cmd To Port ++++5AA501468A0100034A356A16C3BB7B22636F6D6D616E64223A7B226964223A22696D755F737461747573222C22737562223A22227D2C22636F6E74656E74223A7B2254696D655374616D70223A382C224672616D65436F756E746572223A3230303038362C2247445F58223A2D302E3031313337373231313636303134363731332C2247445F59223A302E3030343830393831343530353237393036342C2247445F5A223A302E303032303630383238393633323934363235332C2241445F58223A2D302E3030393738393439363636303233323534342C2241445F59223A302E3030353334333932363133393137353839322C2241445F5A223A2D302E313639343831323737343635383230332C2254656D70447370223A302C22537461747573223A302C2243616C69625374617465223A312C22536967416D70496E76616C6964223A307D7D66CB
05-27 18:13:15.105   536   536 D commservice260303: bufferevent_write retrun value = 0
05-27 18:13:15.105   536   560 D commservice260303: client datas send succeed,send finish
05-27 08:04:24.066   581   581 D spi_rst_gpio_get_output: GPIO 145 value: 1
05-27 08:04:24.066   581   581 D spidev_ioctl: gpio status=1)
05-27 18:13:15.106 13911 14192 D Sentinelmode_1.2.5.17_sentry: <SentryImuClusterFgeSender>imu_status sent to Linux, frame=200086, tsNs=8662348, tsMs=8, intervalMs=41, ad=(-0.009789497,0.005343926,-0.16948128), gd=(-0.011377212,0.0048098145,0.002060829)
05-27 18:13:15.107   581   581 I SpiService: fgesysctrl_getGPIO_status success val=1
05-27 08:04:24.072   581   581 D spi_rst_gpio_get_output: GPIO 145 value: 1
05-27 08:04:24.072   581   581 D spidev_ioctl: gpio status=1)
05-27 08:04:24.077   581   581 D spi_rst_gpio_get_output: GPIO 145 value: 1
05-27 08:04:24.077   581   581 D spidev_ioctl: gpio status=1)
05-27 18:13:15.113   581   581 I SpiService: fgesysctrl_getGPIO_status success val=1
05-27 18:13:15.114   299 30841 D EvsDriver: forwardFrame
05-27 18:13:15.115   299 30844 D EvsDriver: forwardFrame
05-27 18:13:15.115 13911 14183 I SentryImuMcuAngleSender: 179.93344rollDeg
05-27 18:13:15.116 13911 14183 I SentryImuMcuAngleSender: 1,0,0
05-27 18:13:15.117   299 30841 D EvsDriver: Delivered 0xb400007b7ca56a60 as id 0
05-27 18:13:15.117  1167  1167 D evsmanagerd: /dev/video4 forwarded the buffer #0 to 0xb4000074bf5f6850 from 0xb4000074bf5f41d0
05-27 18:13:15.119   581   581 I SpiService: fgesysctrl_getGPIO_status success val=1
05-27 18:13:15.119   299 30844 D EvsDriver: Delivered 0xb400007b7ca56900 as id 0
05-27 18:13:15.119  1167  1167 D evsmanagerd: /dev/video6 forwarded the buffer #0 to 0xb4000074bf5f5510 from 0xb4000074bf5f6d90
05-27 08:04:24.083   581   581 D spi_rst_gpio_get_output: GPIO 145 value: 1
05-27 08:04:24.083   581   581 D spidev_ioctl: gpio status=1)
05-27 18:13:15.122   299  1163 D EvsDriver: doneWithFrame
05-27 18:13:15.123   299  1153 D EvsDriver: doneWithFrame
05-27 18:13:15.125   581   581 I SpiService: fgesysctrl_getGPIO_status success val=1
05-27 08:04:24.089   581   581 D spi_rst_gpio_get_output: GPIO 145 value: 1
05-27 08:04:24.089   581   581 D spidev_ioctl: gpio status=1)
05-27 18:13:15.131   581   581 I SpiService: fgesysctrl_getGPIO_status success val=0
05-27 18:13:15.131  1008 30857 D [OMXB]  : usingANWBuffer: handle:0xee740590, format:1, w:1920, h:1080
05-27 08:04:24.095   581   581 D spi_rst_gpio_get_output: GPIO 145 value: 0
05-27 08:04:24.095   581   581 D spidev_ioctl: gpio status=0)
05-27 18:13:15.134   283   307 I rvcservice: t.code = 3, t.value = 0
05-27 18:13:15.136 13911 14183 I SentryImuMcuAngleSender: 179.93695rollDeg
05-27 18:13:15.136 13911 14183 I SentryImuMcuAngleSender: 1,0,0
05-27 18:13:15.143   299 30841 D EvsDriver: forwardFrame
05-27 18:13:15.143   299 30844 D EvsDriver: forwardFrame
05-27 18:13:15.144   299 30841 D EvsDriver: Delivered 0xb400007b7ca56a60 as id 0
05-27 18:13:15.145  1167  1167 D evsmanagerd: /dev/video4 forwarded the buffer #0 to 0xb4000074bf5f6850 from 0xb4000074bf5f41d0
05-27 18:13:15.145 30773 30782 E dvr_service_: [myNum:0] Received S**** loss
05-27 18:13:15.145   299  1153 D EvsDriver: doneWithFrame
05-27 18:13:15.146   581   581 I SpiService: fgesysctrl_getGPIO_status success val=1
05-27 18:13:15.146   536   536 D commservice260303: msg.id = 1028,0
05-27 18:13:15.146   536   536 D commservice260303: i = 170, msgid = 8A000404
05-27 18:13:15.146   536   536 D commservice260303: msgid = -1979710460,did=138
05-27 18:13:15.146   536   536 D commservice260303: CommProtocolLibCmdBaseI2C::dataproc {"command":{"id":"imu_status","sub":""},"content":{"TimeStamp":8,"FrameCounter":200087,"GD_X":-0.011453153565526009,"GD_Y":0.005879240110516548,"GD_Z":0.0023671966046094894,"AD_X":-0.01216953992843628,"AD_Y":0.005915044341236353,"AD_Z":-0.17192459106445312,"TempDsp":0,"Status":0,"CalibState":1,"SigAmpInvalid":0}},-1979710460
05-27 18:13:15.146   536   536 D commservice260303: send2Cluster len:314, 7B22636F6D6D616E64223A7B226964223A22696D755F737461747573222C22737562223A22227D2C22636F6E74656E74223A7B2254696D655374616D70223A382C224672616D65436F756E746572223A3230303038372C2247445F58223A2D302E3031313435333135333536353532363030392C2247445F59223A302E3030353837393234303131303531363534382C2247445F5A223A302E303032333637313936363034363039343839342C2241445F58223A2D302E30313231363935333939323834333632382C2241445F59223A302E3030353931353034343334313233363335332C2241445F5A223A2D302E31373139323435393130363434353331322C2254656D70447370223A302C22537461747573223A302C2243616C69625374617465223A312C22536967416D70496E76616C6964223A307D7D, 138 
05-27 18:13:15.146   536   536 D commservice260303: Push Message into SendPool fn=910820096
05-27 18:13:15.146   536   536 D commservice260303: ComProtocolLibSend2Cluster::send2ClusterRaw fn=910820096 , len=330
05-27 18:13:15.146   536   536 D commservice260303: sendCmdToPort :330!!!
05-27 18:13:15.146   536   536 D commservice260303: send Cmd To Port ++++5AA501468A0100034A366A16C3BB7B22636F6D6D616E64223A7B226964223A22696D755F737461747573222C22737562223A22227D2C22636F6E74656E74223A7B2254696D655374616D70223A382C224672616D65436F756E746572223A3230303038372C2247445F58223A2D302E3031313435333135333536353532363030392C2247445F59223A302E3030353837393234303131303531363534382C2247445F5A223A302E303032333637313936363034363039343839342C2241445F58223A2D302E30313231363935333939323834333632382C2241445F59223A302E3030353931353034343334313233363335332C2241445F5A223A2D302E31373139323435393130363434353331322C2254656D70447370223A302C22537461747573223A302C2243616C69625374617465223A312C22536967416D70496E76616C6964223A307D7D4035
05-27 18:13:15.146   536   536 D commservice260303: bufferevent_write retrun value = 0
05-27 18:13:15.146   536   560 D commservice260303: client datas send succeed,send finish
05-27 18:13:15.147 13911 14192 D Sentinelmode_1.2.5.17_sentry: <SentryImuClusterFgeSender>imu_status sent to Linux, frame=200087, tsNs=8662383, tsMs=8, intervalMs=41, ad=(-0.01216954,0.0059150443,-0.17192459), gd=(-0.011453154,0.00587924,0.0023671966)
05-27 18:13:15.147  1167  1167 D evsmanagerd: /dev/video6 forwarded the buffer #0 to 0xb4000074bf5f5510 from 0xb4000074bf5f6d90
05-27 18:13:15.147   299 30844 D EvsDriver: Delivered 0xb400007b7ca56900 as id 0
05-27 18:13:15.147 30773 30782 E dvr_service_: [myNum:1] Received S**** loss
05-27 18:13:15.148   299  1153 D EvsDriver: doneWithFrame
05-27 08:04:24.110   581   581 D spi_rst_gpio_get_output: GPIO 145 value: 1
05-27 08:04:24.110   581   581 D spidev_ioctl: gpio status=1)
05-27 18:13:15.150  1008 30856 D [OMXB]  : usingANWBuffer: handle:0xee7444d0, format:1, w:1920, h:1080
05-27 18:13:15.150   572   622 I Sensors : 230 AccelSensor: x:-0.173239,y:0.007319,z:-9.973500
05-27 18:13:15.151 30773 30789 I dvr_service_: Camera 0: MediaOK:6155466, frames:140, isKeyFrame:0,pts:8662034759
05-27 18:13:15.151   581   581 I SpiService: fgesysctrl_getGPIO_status success val=1
05-27 08:04:24.116   581   581 D spi_rst_gpio_get_output: GPIO 145 value: 1
05-27 08:04:24.116   581   581 D spidev_ioctl: gpio status=1)
05-27 18:13:15.156 13911 14183 I SentryImuMcuAngleSender: 179.95795rollDeg
05-27 18:13:15.156 13911 14183 I SentryImuMcuAngleSender: 1,0,0
05-27 08:04:24.121   581   581 D spi_rst_gpio_get_output: GPIO 145 value: 1
05-27 08:04:24.121   581   581 D spidev_ioctl: gpio status=1)
05-27 18:13:15.157   581   581 I SpiService: fgesysctrl_getGPIO_status success val=1
05-27 18:13:15.162   581   581 I SpiService: fgesysctrl_getGPIO_status success val=1
05-27 08:04:24.127   581   581 D spi_rst_gpio_get_output: GPIO 145 value: 1
05-27 08:04:24.127   581   581 D spidev_ioctl: gpio status=1)
05-27 18:13:15.168   581   581 I SpiService: fgesysctrl_getGPIO_status success val=0
05-27 08:04:24.132   581   581 D spi_rst_gpio_get_output: GPIO 145 value: 0
05-27 08:04:24.132   581   581 D spidev_ioctl: gpio status=0)
05-27 18:13:15.171  1008 30857 D [OMXB]  : usingANWBuffer: handle:0xee744bb0, format:1, w:1920, h:1080
05-27 18:13:15.172   299 30844 D EvsDriver: forwardFrame
05-27 18:13:15.173   299 30844 D EvsDriver: Delivered 0xb400007b7ca56900 as id 0
05-27 18:13:15.173  1167  1167 D evsmanagerd: /dev/video6 forwarded the buffer #0 to 0xb4000074bf5f5510 from 0xb4000074bf5f6d90
05-27 18:13:15.177   299  1153 D EvsDriver: doneWithFrame
05-27 18:13:15.179 15863 16024 D AIN-ExternalMapLocation: MSG_LOCATE
05-27 18:13:15.179 15863 16024 D AIN-CustomMapProxy: sendMsgToCustomMap hascallback : true
05-27 18:13:15.179 15863 16024 D AIN-ServiceHub: getService with: name = service_multi_dhu_control
05-27 18:13:15.179 15863 16024 D AIN-NaviThirdPartyAccessor: hasCallback : true
05-27 18:13:15.179 15863 16024 D AIN-NaviThirdPartyAccessor: sendMsgToCustomMap msg : {"needResponse":true,"protocolFrom":"com.aispeech.lyra.daemon","protocolId":14012,"protocolVersion":"v1","requestCode":"ae73a78d-2316-4ad9-a1cc-08b679e73c4d"}
05-27 18:13:15.180 17284 17302 D AIN-AiNaviManager: speech send msg to navi : {"needResponse":true,"protocolFrom":"com.aispeech.lyra.daemon","protocolId":14012,"protocolVersion":"v1","requestCode":"ae73a78d-2316-4ad9-a1cc-08b679e73c4d"}
05-27 18:13:15.180 17284 17302 I AIN-MapAccessLayer: onMessage_with: protocolMsg = [{"needResponse":true,"protocolFrom":"com.aispeech.lyra.daemon","protocolId":14012,"protocolVersion":"v1","requestCode":"ae73a78d-2316-4ad9-a1cc-08b679e73c4d"}]
05-27 18:13:15.181 17284 17344 D AIN-MapAccessLayer: 请求定位 14012
05-27 18:13:15.181 15863 16024 D AIN-NaviThirdPartyAccessor: callback[navi_com.aispeech.lyra.assistant] is invoked
05-27 18:13:15.181 13911 14183 I SentryImuMcuAngleSender: 179.97897rollDeg
05-27 18:13:15.181 13911 14183 I SentryImuMcuAngleSender: 1,0,0
05-27 18:13:15.181   299 30841 D EvsDriver: forwardFrame
05-27 18:13:15.182   581   581 I SpiService: fgesysctrl_getGPIO_status success val=1
05-27 18:13:15.183   481   598 I mcuc    : rev,n=1,6AA681AE82001489001F060003080101010101010101010103FF0175
05-27 18:13:15.184   351   373 D automotive.vehicle@2.0-adayo-datacomm-mcu: MCUDatacomm sendMessageFromVehicle prop: 0x89, areaId: 0x0, status: 0x1f, timestamp: 0x6
05-27 18:13:15.184   351   373 D automotive.vehicle@2.0-adayo-datacomm-mcu: MCUDatacomm 1sendMessageFromVehicle ---> type = 3 
05-27 18:13:15.184   351   373 D automotive.vehicle@2.0-adayo-func-bcm: sendMessageFromVehicle sendMessageFromVehicle
05-27 18:13:15.184   351   516 D automotive.vehicle@2.0-adayo-func-bcm: jjfan1 ______procotolSize :13
05-27 18:13:15.184   351   516 D automotive.vehicle@2.0-adayo-func-bcm: BCMFunc sendMessageFromVehicle_l dataType: 12,mByte=7,propid=0x21400056
05-27 18:13:15.184   351   516 D automotive.vehicle@2.0-adayo-func-bcm: BCMFunc sendMessageFromVehicle_l msgBuff[7]=0x1,start:0,len:8,temp:8,
05-27 18:13:15.184   351   516 D automotive.vehicle@2.0-adayo-func-bcm: BCMFunc sendMessageFromVehicle_l prop: 0x21400056 ,areaId: 0x0  SPLITE_BIT_DATA_INTEGER : 1
05-27 18:13:15.184   351   516 D automotive.vehicle@2.0-adayo-func-bcm: BCMFunc sendMessageFromVehicle_l id:557842518, area:0 not report! 
05-27 18:13:15.184   351   516 D automotive.vehicle@2.0-adayo-func-bcm: BCMFunc sendMessageFromVehicle_l dataType: 12,mByte=8,propid=0x21400057
05-27 18:13:15.184   351   516 D automotive.vehicle@2.0-adayo-func-bcm: BCMFunc sendMessageFromVehicle_l msgBuff[8]=0x1,start:0,len:8,temp:8,
05-27 18:13:15.184   351   516 D automotive.vehicle@2.0-adayo-func-bcm: BCMFunc sendMessageFromVehicle_l prop: 0x21400057 ,areaId: 0x0  SPLITE_BIT_DATA_INTEGER : 1
05-27 18:13:15.184   351   516 D automotive.vehicle@2.0-adayo-func-bcm: BCMFunc sendMessageFromVehicle_l id:557842519, area:0 not report! 
05-27 18:13:15.184   351   516 D automotive.vehicle@2.0-adayo-func-bcm: BCMFunc sendMessageFromVehicle_l dataType: 12,mByte=9,propid=0x21400058
05-27 18:13:15.184   351   516 D automotive.vehicle@2.0-adayo-func-bcm: BCMFunc sendMessageFromVehicle_l msgBuff[9]=0x1,start:0,len:8,temp:8,
05-27 18:13:15.184   351   516 D automotive.vehicle@2.0-adayo-func-bcm: BCMFunc sendMessageFromVehicle_l prop: 0x21400058 ,areaId: 0x0  SPLITE_BIT_DATA_INTEGER : 1
05-27 18:13:15.184   351   516 D automotive.vehicle@2.0-adayo-func-bcm: BCMFunc sendMessageFromVehicle_l id:557842520, area:0 not report! 
05-27 08:04:24.147   581   581 D spi_rst_gpio_get_output: GPIO 145 value: 1
05-27 08:04:24.147   581   581 D spidev_ioctl: gpio status=1)
05-27 18:13:15.184   351   516 D automotive.vehicle@2.0-adayo-func-bcm: BCMFunc sendMessageFromVehicle_l msgBuff[10]=0x1,start:0,len:8,temp:8,
05-27 18:13:15.184   351   516 D automotive.vehicle@2.0-adayo-func-bcm: BCMFunc sendMessageFromVehicle_l prop: 0x21400059 ,areaId: 0x0  SPLITE_BIT_DATA_INTEGER : 1
05-27 18:13:15.184   351   516 D automotive.vehicle@2.0-adayo-func-bcm: BCMFunc sendMessageFromVehicle_l id:557842521, area:0 not report! 
05-27 18:13:15.184   351   516 D automotive.vehicle@2.0-adayo-func-bcm: BCMFunc sendMessageFromVehicle_l dataType: 12,mByte=11,propid=0x2140005a
05-27 18:13:15.184   351   516 D automotive.vehicle@2.0-adayo-func-bcm: BCMFunc sendMessageFromVehicle_l msgBuff[11]=0x1,start:0,len:8,temp:8,
05-27 18:13:15.184   351   516 D automotive.vehicle@2.0-adayo-func-bcm: BCMFunc sendMessageFromVehicle_l prop: 0x2140005a ,areaId: 0x0  SPLITE_BIT_DATA_INTEGER : 1
05-27 18:13:15.184   351   516 D automotive.vehicle@2.0-adayo-func-bcm: BCMFunc sendMessageFromVehicle_l id:557842522, area:0 not report! 
05-27 18:13:15.184   351   516 D automotive.vehicle@2.0-adayo-func-bcm: BCMFunc sendMessageFromVehicle_l dataType: 12,mByte=12,propid=0x2140005b
05-27 18:13:15.184   351   516 D automotive.vehicle@2.0-adayo-func-bcm: BCMFunc sendMessageFromVehicle_l msgBuff[12]=0x1,start:0,len:8,temp:8,
05-27 18:13:15.184   351   516 D automotive.vehicle@2.0-adayo-func-bcm: BCMFunc sendMessageFromVehicle_l prop: 0x2140005b ,areaId: 0x0  SPLITE_BIT_DATA_INTEGER : 1
05-27 18:13:15.184   351   516 D automotive.vehicle@2.0-adayo-func-bcm: BCMFunc sendMessageFromVehicle_l id:557842523, area:0 not report! 
05-27 18:13:15.184   351   516 D automotive.vehicle@2.0-adayo-func-bcm: BCMFunc sendMessageFromVehicle_l dataType: 12,mByte=13,propid=0x2140005c
05-27 18:13:15.184   351   516 D automotive.vehicle@2.0-adayo-func-bcm: BCMFunc sendMessageFromVehicle_l msgBuff[13]=0x1,start:0,len:8,temp:8,
05-27 18:13:15.184   351   516 D automotive.vehicle@2.0-adayo-func-bcm: BCMFunc sendMessageFromVehicle_l prop: 0x2140005c ,areaId: 0x0  SPLITE_BIT_DATA_INTEGER : 1
05-27 18:13:15.185   351   516 D automotive.vehicle@2.0-adayo-func-bcm: BCMFunc sendMessageFromVehicle_l id:557842524, area:0 not report! 
05-27 18:13:15.185   351   516 D automotive.vehicle@2.0-adayo-func-bcm: BCMFunc sendMessageFromVehicle_l dataType: 12,mByte=14,propid=0x2140005d
05-27 18:13:15.185   351   516 D automotive.vehicle@2.0-adayo-func-bcm: BCMFunc sendMessageFromVehicle_l msgBuff[14]=0x1,start:0,len:8,temp:8,
05-27 18:13:15.185   351   516 D automotive.vehicle@2.0-adayo-func-bcm: BCMFunc sendMessageFromVehicle_l prop: 0x2140005d ,areaId: 0x0  SPLITE_BIT_DATA_INTEGER : 1
05-27 18:13:15.185   351   516 D automotive.vehicle@2.0-adayo-func-bcm: BCMFunc sendMessageFromVehicle_l id:557842525, area:0 not report! 
05-27 18:13:15.185   351   516 D automotive.vehicle@2.0-adayo-func-bcm: BCMFunc sendMessageFromVehicle_l dataType: 12,mByte=15,propid=0x2140005e
05-27 08:04:24.152   581   581 D spi_rst_gpio_get_output: GPIO 145 value: 1
05-27 08:04:24.152   581   581 D spidev_ioctl: gpio status=1)
05-27 08:04:24.158   581   581 D spi_rst_gpio_get_output: GPIO 145 value: 1
05-27 08:04:24.158   581   581 D spidev_ioctl: gpio status=1)
05-27 18:13:15.185   351   516 D automotive.vehicle@2.0-adayo-func-bcm: BCMFunc sendMessageFromVehicle_l msgBuff[15]=0x1,start:0,len:8,temp:8,
05-27 18:13:15.185   351   516 D automotive.vehicle@2.0-adayo-func-bcm: BCMFunc sendMessageFromVehicle_l prop: 0x2140005e ,areaId: 0x0  SPLITE_BIT_DATA_INTEGER : 1
05-27 18:13:15.185   351   516 D automotive.vehicle@2.0-adayo-func-bcm: BCMFunc sendMessageFromVehicle_l id:557842526, area:0 not report! 
05-27 18:13:15.185   351   516 D automotive.vehicle@2.0-adayo-func-bcm: BCMFunc sendMessageFromVehicle_l dataType: 12,mByte=16,propid=0x2140005f
05-27 18:13:15.185   351   516 D automotive.vehicle@2.0-adayo-func-bcm: BCMFunc sendMessageFromVehicle_l msgBuff[16]=0x1,start:0,len:8,temp:8,
05-27 18:13:15.185   351   516 D automotive.vehicle@2.0-adayo-func-bcm: BCMFunc sendMessageFromVehicle_l prop: 0x2140005f ,areaId: 0x0  SPLITE_BIT_DATA_INTEGER : 1
05-27 18:13:15.185   351   516 D automotive.vehicle@2.0-adayo-func-bcm: BCMFunc sendMessageFromVehicle_l id:557842527, area:0 not report! 
05-27 18:13:15.185   351   516 D automotive.vehicle@2.0-adayo-func-bcm: BCMFunc sendMessageFromVehicle_l dataType: 12,mByte=17,propid=0x21400060
05-27 18:13:15.185   351   516 D automotive.vehicle@2.0-adayo-func-bcm: BCMFunc sendMessageFromVehicle_l msgBuff[17]=0x3,start:0,len:8,temp:8,
05-27 18:13:15.185   351   516 D automotive.vehicle@2.0-adayo-func-bcm: BCMFunc sendMessageFromVehicle_l prop: 0x21400060 ,areaId: 0x0  SPLITE_BIT_DATA_INTEGER : 3
05-27 18:13:15.185   351   516 D automotive.vehicle@2.0-adayo-func-bcm: BCMFunc sendMessageFromVehicle_l id:557842528, area:0 not report! 
05-27 18:13:15.185   351   516 D automotive.vehicle@2.0-adayo-func-bcm: BCMFunc sendMessageFromVehicle_l dataType: 12,mByte=18,propid=0x21400061
05-27 18:13:15.185   351   516 D automotive.vehicle@2.0-adayo-func-bcm: BCMFunc sendMessageFromVehicle_l msgBuff[18]=0xff,start:0,len:8,temp:8,
05-27 18:13:15.185   351   516 D automotive.vehicle@2.0-adayo-func-bcm: BCMFunc sendMessageFromVehicle_l prop: 0x21400061 ,areaId: 0x0  SPLITE_BIT_DATA_INTEGER : 255
05-27 18:13:15.185   351   516 D automotive.vehicle@2.0-adayo-func-bcm: BCMFunc sendMessageFromVehicle_l id:557842529, area:0 not report! 
05-27 18:13:15.185   351   516 D automotive.vehicle@2.0-adayo-func-bcm: BCMFunc sendMessageFromVehicle_l dataType: 12,mByte=19,propid=0x2140010a
05-27 18:13:15.185   351   516 D automotive.vehicle@2.0-adayo-func-bcm: BCMFunc sendMessageFromVehicle_l msgBuff[19]=0x1,start:0,len:8,temp:8,
05-27 18:13:15.185   351   516 D automotive.vehicle@2.0-adayo-func-bcm: BCMFunc sendMessageFromVehicle_l prop: 0x2140010a ,areaId: 0x0  SPLITE_BIT_DATA_INTEGER : 1
05-27 18:13:15.185   351   516 D automotive.vehicle@2.0-adayo-func-bcm: BCMFunc sendMessageFromVehicle_l id:557842698, area:0 not report! 
05-27 18:13:15.185   299 30841 D EvsDriver: Delivered 0xb400007b7ca56a60 as id 0
05-27 18:13:15.185   481   598 I mcuc    : rev,n=2,6AA681AE83000A89002601040901123456EA
05-27 18:13:15.186   351   373 D automotive.vehicle@2.0-adayo-datacomm-mcu: MCUDatacomm sendMessageFromVehicle prop: 0x89, areaId: 0x0, status: 0x26, timestamp: 0x1
05-27 18:13:15.186   351   373 D automotive.vehicle@2.0-adayo-datacomm-mcu: MCUDatacomm 1sendMessageFromVehicle ---> type = 12 
05-27 18:13:15.186  1121  1144 I tboxmids_ap: [2026-05-27 18:13:15.186] [MCU RX] src=MCU dst=ZMQ len=10 type=BINARY data=00 08 26 01 04 09 01 12 34 56 
05-27 18:13:15.186  1167  1167 D evsmanagerd: /dev/video4 forwarded the buffer #0 to 0xb4000074bf5f6850 from 0xb4000074bf5f41d0
05-27 18:13:15.186 15863 16024 I AIN-CustomMapProxy: requestCurLocation，requestLocationCount=1618 callTag=toLocate
05-27 18:13:15.187   536   536 D commservice260303: msg.id = 1028,1
05-27 18:13:15.187   536   536 D commservice260303: i = 170, msgid = 8A000404
05-27 18:13:15.187   536   536 D commservice260303: msgid = -1979710460,did=138
