05-27 18:13:18.678 12348 12448 E ExtUsbManager: 	at android.os.HandlerThread.run(HandlerThread.java:67)
05-27 18:13:18.678   299 30841 D EvsDriver: forwardFrame
05-27 18:13:18.680 13911 14183 I SentryImuMcuAngleSender: 179.986rollDeg
05-27 18:13:18.680 13911 14183 I SentryImuMcuAngleSender: 1,0,0
05-27 18:13:18.681   572   622 I Sensors : 230 AccelSensor: x:-0.169580,y:0.000610,z:-9.975940
05-27 18:13:18.681  1167  1167 D evsmanagerd: /dev/video4 forwarded the buffer #0 to 0xb4000074bf5f6850 from 0xb4000074bf5f41d0
05-27 18:13:18.681   299 30841 D EvsDriver: Delivered 0xb400007b7ca56a60 as id 0
05-27 18:13:18.683   299  1163 D EvsDriver: doneWithFrame
05-27 18:13:18.687   581   581 I SpiService: fgesysctrl_getGPIO_status success val=1
05-27 08:04:27.652   581   581 D spi_rst_gpio_get_output: GPIO 145 value: 1
05-27 08:04:27.652   581   581 D spidev_ioctl: gpio status=1)
05-27 18:13:18.691   536   536 D commservice260303: msg.id = 1028,0
05-27 18:13:18.691   536   536 D commservice260303: i = 170, msgid = 8A000404
05-27 18:13:18.691   536   536 D commservice260303: msgid = -1979710460,did=138
05-27 18:13:18.691   536   536 D commservice260303: CommProtocolLibCmdBaseI2C::dataproc {"command":{"id":"imu_status","sub":""},"content":{"TimeStamp":8,"FrameCounter":200174,"GD_X":-0.01091896090656519,"GD_Y":0.004809814505279064,"GD_Z":0.002443138277158141,"AD_X":-0.0030935853719711304,"AD_Y":-0.004370321985334158,"AD_Z":-0.17070484161376953,"TempDsp":0,"Status":0,"CalibState":1,"SigAmpInvalid":0}},-1979710460
05-27 18:13:18.691   536   536 D commservice260303: send2Cluster len:315, 7B22636F6D6D616E64223A7B226964223A22696D755F737461747573222C22737562223A22227D2C22636F6E74656E74223A7B2254696D655374616D70223A382C224672616D65436F756E746572223A3230303137342C2247445F58223A2D302E30313039313839363039303635363531392C2247445F59223A302E3030343830393831343530353237393036342C2247445F5A223A302E3030323434333133383237373135383134312C2241445F58223A2D302E303033303933353835333731393731313330342C2241445F59223A2D302E3030343337303332313938353333343135382C2241445F5A223A2D302E31373037303438343136313337363935332C2254656D70447370223A302C22537461747573223A302C2243616C69625374617465223A312C22536967416D70496E76616C6964223A307D7D, 138 
05-27 18:13:18.691   536   536 D commservice260303: Push Message into SendPool fn=-1890974976
05-27 18:13:18.691   536   536 D commservice260303: ComProtocolLibSend2Cluster::send2ClusterRaw fn=-1890974976 , len=331
05-27 18:13:18.691   536   536 D commservice260303: sendCmdToPort :331!!!
05-27 18:13:18.692   536   536 D commservice260303: send Cmd To Port ++++5AA501478A0100034A8F6A16C3BE7B22636F6D6D616E64223A7B226964223A22696D755F737461747573222C22737562223A22227D2C22636F6E74656E74223A7B2254696D655374616D70223A382C224672616D65436F756E746572223A3230303137342C2247445F58223A2D302E30313039313839363039303635363531392C2247445F59223A302E3030343830393831343530353237393036342C2247445F5A223A302E3030323434333133383237373135383134312C2241445F58223A2D302E303033303933353835333731393731313330342C2241445F59223A2D302E3030343337303332313938353333343135382C2241445F5A223A2D302E31373037303438343136313337363935332C2254656D70447370223A302C22537461747573223A302C2243616C69625374617465223A312C22536967416D70496E76616C6964223A307D7D17F2
05-27 18:13:18.692   536   536 D commservice260303: bufferevent_write retrun value = 0
05-27 18:13:18.692   536   560 D commservice260303: client datas send succeed,send finish
05-27 18:13:18.692 13911 14192 D Sentinelmode_1.2.5.17_sentry: <SentryImuClusterFgeSender>imu_status sent to Linux, frame=200174, tsNs=8665931, tsMs=8, intervalMs=39, ad=(-0.0030935854,-0.004370322,-0.17070484), gd=(-0.010918961,0.0048098145,0.0024431383)
05-27 18:13:18.692   581   581 I SpiService: fgesysctrl_getGPIO_status success val=1
05-27 08:04:27.657   581   581 D spi_rst_gpio_get_output: GPIO 145 value: 1
05-27 08:04:27.657   581   581 D spidev_ioctl: gpio status=1)
05-27 18:13:18.695 30773 30787 I dvr_service_: [runShortMediaThread:298] cameraId:0 medias:300,audios:220,stateAudio:0,mShortState:0,warnEvent:0,state:1
05-27 18:13:18.698   581   581 I SpiService: fgesysctrl_getGPIO_status success val=1
05-27 18:13:18.698  1008 30856 D [OMXB]  : usingANWBuffer: handle:0xee7444d0, format:1, w:1920, h:1080
05-27 08:04:27.662   581   581 D spi_rst_gpio_get_output: GPIO 145 value: 1
05-27 08:04:27.662   581   581 D spidev_ioctl: gpio status=1)
05-27 18:13:18.701 13911 14183 I SentryImuMcuAngleSender: 180.0rollDeg
05-27 18:13:18.701 13911 14183 I SentryImuMcuAngleSender: 1,0,0
05-27 18:13:18.704   581   581 I SpiService: fgesysctrl_getGPIO_status success val=1
05-27 08:04:27.668   581   581 D spi_rst_gpio_get_output: GPIO 145 value: 1
05-27 08:04:27.668   581   581 D spidev_ioctl: gpio status=1)
05-27 18:13:18.706   299 30844 D EvsDriver: forwardFrame
05-27 18:13:18.706   299 30841 D EvsDriver: forwardFrame
05-27 18:13:18.708   299 30844 D EvsDriver: Delivered 0xb400007b7ca56900 as id 0
05-27 18:13:18.708   299 30841 D EvsDriver: Delivered 0xb400007b7ca56a60 as id 0
05-27 18:13:18.708  1167  1167 D evsmanagerd: /dev/video6 forwarded the buffer #0 to 0xb4000074bf5f5510 from 0xb4000074bf5f6d90
05-27 18:13:18.708  1167  1184 D evsmanagerd: /dev/video4 forwarded the buffer #0 to 0xb4000074bf5f6850 from 0xb4000074bf5f41d0
05-27 18:13:18.710   581   581 I SpiService: fgesysctrl_getGPIO_status success val=0
05-27 18:13:18.711   299  1163 D EvsDriver: doneWithFrame
05-27 18:13:18.712   299  1153 D EvsDriver: doneWithFrame
05-27 08:04:27.675   581   581 D spi_rst_gpio_get_output: GPIO 145 value: 0
05-27 08:04:27.675   581   581 D spidev_ioctl: gpio status=0)
05-27 18:13:18.715  1008 30857 D [OMXB]  : usingANWBuffer: handle:0xee7412a0, format:1, w:1920, h:1080
05-27 18:13:18.721 13911 14183 I SentryImuMcuAngleSender: 179.97897rollDeg
05-27 18:13:18.721 13911 14183 I SentryImuMcuAngleSender: 1,0,0
05-27 18:13:18.725   581   581 I SpiService: fgesysctrl_getGPIO_status success val=1
05-27 08:04:27.690   581   581 D spi_rst_gpio_get_output: GPIO 145 value: 1
05-27 08:04:27.690   581   581 D spidev_ioctl: gpio status=1)
05-27 18:13:18.731   581   581 I SpiService: fgesysctrl_getGPIO_status success val=1
05-27 18:13:18.732   536   536 D commservice260303: msg.id = 1028,0
05-27 18:13:18.732   536   536 D commservice260303: i = 170, msgid = 8A000404
05-27 18:13:18.732   536   536 D commservice260303: msgid = -1979710460,did=138
05-27 18:13:18.732   536   536 D commservice260303: CommProtocolLibCmdBaseI2C::dataproc {"command":{"id":"imu_status","sub":""},"content":{"TimeStamp":8,"FrameCounter":200175,"GD_X":-0.011910883709788322,"GD_Y":0.005268065724521875,"GD_Z":0.002900869119912386,"AD_X":-0.005515098571777344,"AD_Y":-0.0013007901143282652,"AD_Z":-0.16826629638671875,"TempDsp":0,"Status":0,"CalibState":1,"SigAmpInvalid":0}},-1979710460
05-27 18:13:18.732   536   536 D commservice260303: send2Cluster len:316, 7B22636F6D6D616E64223A7B226964223A22696D755F737461747573222C22737562223A22227D2C22636F6E74656E74223A7B2254696D655374616D70223A382C224672616D65436F756E746572223A3230303137352C2247445F58223A2D302E3031313931303838333730393738383332322C2247445F59223A302E3030353236383036353732343532313837352C2247445F5A223A302E3030323930303836393131393931323338362C2241445F58223A2D302E3030353531353039383537313737373334342C2241445F59223A2D302E303031333030373930313134333238323635322C2241445F5A223A2D302E31363832363632393633383637313837352C2254656D70447370223A302C22537461747573223A302C2243616C69625374617465223A312C22536967416D70496E76616C6964223A307D7D, 138 
05-27 18:13:18.732   536   536 D commservice260303: Push Message into SendPool fn=-1874197760
05-27 18:13:18.732   536   536 D commservice260303: ComProtocolLibSend2Cluster::send2ClusterRaw fn=-1874197760 , len=332
05-27 18:13:18.732   536   536 D commservice260303: sendCmdToPort :332!!!
05-27 18:13:18.733   536   536 D commservice260303: send Cmd To Port ++++5AA501488A0100034A906A16C3BE7B22636F6D6D616E64223A7B226964223A22696D755F737461747573222C22737562223A22227D2C22636F6E74656E74223A7B2254696D655374616D70223A382C224672616D65436F756E746572223A3230303137352C2247445F58223A2D302E3031313931303838333730393738383332322C2247445F59223A302E3030353236383036353732343532313837352C2247445F5A223A302E3030323930303836393131393931323338362C2241445F58223A2D302E3030353531353039383537313737373334342C2241445F59223A2D302E303031333030373930313134333238323635322C2241445F5A223A2D302E31363832363632393633383637313837352C2254656D70447370223A302C22537461747573223A302C2243616C69625374617465223A312C22536967416D70496E76616C6964223A307D7D644F
05-27 18:13:18.733   536   536 D commservice260303: bufferevent_write retrun value = 0
05-27 18:13:18.733   536   560 D commservice260303: client datas send succeed,send finish
05-27 08:04:27.695   581   581 D spi_rst_gpio_get_output: GPIO 145 value: 1
05-27 08:04:27.695   581   581 D spidev_ioctl: gpio status=1)
05-27 18:13:18.733 13911 14192 D Sentinelmode_1.2.5.17_sentry: <SentryImuClusterFgeSender>imu_status sent to Linux, frame=200175, tsNs=8665967, tsMs=8, intervalMs=42, ad=(-0.0055150986,-0.0013007901,-0.1682663), gd=(-0.011910884,0.0052680657,0.0029008691)
05-27 08:04:27.701   581   581 D spi_rst_gpio_get_output: GPIO 145 value: 1
05-27 08:04:27.701   581   581 D spidev_ioctl: gpio status=1)
05-27 18:13:18.736   581   581 I SpiService: fgesysctrl_getGPIO_status success val=1
05-27 18:13:18.740  1008 30856 D [OMXB]  : usingANWBuffer: handle:0xee744790, format:1, w:1920, h:1080
05-27 18:13:18.741   581   581 I SpiService: fgesysctrl_getGPIO_status success val=1
05-27 18:13:18.742 13911 14183 I SentryImuMcuAngleSender: 179.96495rollDeg
05-27 18:13:18.742 13911 14183 I SentryImuMcuAngleSender: 1,0,0
05-27 08:04:27.706   581   581 D spi_rst_gpio_get_output: GPIO 145 value: 1
05-27 08:04:27.706   581   581 D spidev_ioctl: gpio status=1)
05-27 18:13:18.745   299 30841 D EvsDriver: forwardFrame
05-27 18:13:18.745   299 30844 D EvsDriver: forwardFrame
05-27 18:13:18.747   299 30841 D EvsDriver: Delivered 0xb400007b7ca56a60 as id 0
05-27 18:13:18.748   581   581 I SpiService: fgesysctrl_getGPIO_status success val=1
05-27 18:13:18.748  1167  1184 D evsmanagerd: /dev/video6 forwarded the buffer #0 to 0xb4000074bf5f5510 from 0xb4000074bf5f6d90
05-27 18:13:18.748  1167  1167 D evsmanagerd: /dev/video4 forwarded the buffer #0 to 0xb4000074bf5f6850 from 0xb4000074bf5f41d0
05-27 18:13:18.748   299 30844 D EvsDriver: Delivered 0xb400007b7ca56900 as id 0
05-27 08:04:27.712   581   581 D spi_rst_gpio_get_output: GPIO 145 value: 1
05-27 08:04:27.712   581   581 D spidev_ioctl: gpio status=1)
05-27 18:13:18.752   283   307 I rvcservice: t.code = 3, t.value = 0
05-27 18:13:18.752   299  1163 D EvsDriver: doneWithFrame
05-27 18:13:18.753   299  1153 D EvsDriver: doneWithFrame
05-27 18:13:18.753   581   581 I SpiService: fgesysctrl_getGPIO_status success val=0
05-27 18:13:18.757  1121  1159 D lib_tbox: calling Uid is 0
05-27 18:13:18.757  1121  1159 D lib_tbox: tboxService has already been creaded
05-27 08:04:27.718   581   581 D spi_rst_gpio_get_output: GPIO 145 value: 0
05-27 18:13:18.757  1121  1159 D lib_tbox: sim[0] request Queue is ready
05-27 08:04:27.718   581   581 D spidev_ioctl: gpio status=0)
05-27 18:13:18.757  1121  1159 D lib_tbox: waitForResponse serial:1360933007 phoneId:0 mCount:0
05-27 18:13:18.757   648   648 D RILC_TBOX: getModemState: serial 1360933007
05-27 18:13:18.757   648   690 D RIL_REQ_THDS: dequeue msg
05-27 18:13:18.757   648   690 D RIL_REQ_THDS: handleMessage 10005
05-27 18:13:18.757   648   690 D RIL     : onRequest: TBOX_REQUEST_GET_MODEM_STATE radioState = RADIO_ON
05-27 18:13:18.757   648   690 D RILC    : RequestComplete, RIL_SOCKET_1
05-27 18:13:18.757   648   690 D RILC    : Calling responseFunction() for token 1360933007
05-27 18:13:18.757   648   690 D RILC_TBOX: getModemStateResponse: serial 1360933007
05-27 18:13:18.757   648   690 D RIL_REQ_THDS: pool1Thread[0] process one message done
05-27 18:13:18.757  1121  1151 D lib_tbox: notifyRequest serial:1360933007 receivedSerial:1360933007 phoneId:0 mCount:0
05-27 18:13:18.757  1121  1159 D lib_tbox: getModemState done. state:0
05-27 18:13:18.758  1121  1159 D lib_tbox: retStatus: aidl response 0, return 0
05-27 18:13:18.758  1121  1159 D lib_tbox: calling Uid is 0
05-27 18:13:18.758  1121  1159 D lib_tbox: tboxService has already been creaded
05-27 18:13:18.758  1121  1159 D lib_tbox: sim[0] request Queue is ready
05-27 18:13:18.758  1121  1159 D lib_tbox: sim[0] getSimState start. serial:300819353
05-27 18:13:18.758  1121  1159 D lib_tbox: waitForResponse serial:300819353 phoneId:0 mCount:0
05-27 18:13:18.758   648   648 D RILC_TBOX: getSimState: serial 300819353
05-27 18:13:18.758   648   691 D RIL_REQ_THDS: dequeue msg
05-27 18:13:18.758   648   691 D RIL_REQ_THDS: handleMessage 10001
05-27 18:13:18.758   648   691 D RIL     : onRequest: TBOX_REQUEST_GET_SIM_STATE radioState = RADIO_ON
05-27 18:13:18.758   648   691 D RIL_REQ_THDS: get Channel1
05-27 18:13:18.758   648   691 D RIL-AT  : Channel1: AT> AT+CPIN?
05-27 18:13:18.758  1083  1083 W MyAppLog: [2026-05-27 18:13:18.758 W tboxmid getModemAlive:545] [Tbxomids] [CellularDataService] getModemState ret=0, state=0
05-27 18:13:18.759   648   813 D RIL-AT  : Channel1: AT< +CME ERROR: 10
05-27 18:13:18.759   648   691 D RIL_REQ_THDS: put Channel1
05-27 18:13:18.759   648   691 D RIL_STK_CONTEXT: socket_id: 0, s_setupMenuNeedUnsol : 0, s_setupMenuResponse is : (null)
05-27 18:13:18.759   648   691 D RIL     : setSimPresent[0] hasSim = 0
05-27 18:13:18.759   648   691 D RILC    : RequestComplete, RIL_SOCKET_1
05-27 18:13:18.759   648   691 D RILC    : Calling responseFunction() for token 300819353
05-27 18:13:18.759   648   691 D RILC_TBOX: getSimStateResponse: serial:300819353, slotId:0
05-27 18:13:18.759   648   691 D RIL_REQ_THDS: pool2Thread[0] process one message done
05-27 18:13:18.759  1121  1151 D lib_tbox: sim0 getSimStateResponse: 0
05-27 18:13:18.760  1121  1151 D lib_tbox: notifyRequest serial:300819353 receivedSerial:300819353 phoneId:0 mCount:0
05-27 18:13:18.760  1121  1159 D lib_tbox: sim[0] getSimState done. state:0
05-27 18:13:18.760  1121  1159 D lib_tbox: retStatus: aidl response 0, return 0
05-27 18:13:18.760  1083  1083 W MyAppLog: [2026-05-27 18:13:18.760 W tboxmid getSimStatus:599] [Tbxomids] [CellularDataService] getSimState phoneId=0, state=0
05-27 18:13:18.760  1083  1083 W MyAppLog: [2026-05-27 18:13:18.760 W tboxmid threadLoop:1077] [Tbxomids] [CellularDataService] SIM not ready
05-27 18:13:18.760  1008 30857 D [OMXB]  : usingANWBuffer: handle:0xee742b60, format:1, w:1920, h:1080
05-27 18:13:18.763 13911 14183 I SentryImuMcuAngleSender: 179.97197rollDeg
05-27 18:13:18.763 13911 14183 I SentryImuMcuAngleSender: 1,0,0
05-27 18:13:18.768   581   581 I SpiService: fgesysctrl_getGPIO_status success val=1
05-27 08:04:27.732   581   581 D spi_rst_gpio_get_output: GPIO 145 value: 1
05-27 08:04:27.732   581   581 D spidev_ioctl: gpio status=1)
05-27 18:13:18.770   572   622 I Sensors : 230 GyroSensor: x:-0.011911,y:0.005421,z:0.001985
05-27 18:13:18.772   536   536 D commservice260303: msg.id = 1028,1
05-27 18:13:18.772   536   536 D commservice260303: i = 170, msgid = 8A000404
05-27 18:13:18.772   536   536 D commservice260303: msgid = -1979710460,did=138
05-27 18:13:18.772   536   536 D commservice260303: CommProtocolLibCmdBaseI2C::dataproc {"command":{"id":"imu_status","sub":""},"content":{"TimeStamp":8,"FrameCounter":200176,"GD_X":-0.011910883709788322,"GD_Y":0.005420989356935024,"GD_Z":0.0019848872907459736,"AD_X":5.66527247428894E-4,"AD_Y":-0.003729942487552762,"AD_Z":-0.16582489013671875,"TempDsp":0,"Status":0,"CalibState":1,"SigAmpInvalid":0}},-1979710460
05-27 18:13:18.772   536   536 D commservice260303: send2Cluster len:314, 7B22636F6D6D616E64223A7B226964223A22696D755F737461747573222C22737562223A22227D2C22636F6E74656E74223A7B2254696D655374616D70223A382C224672616D65436F756E746572223A3230303137362C2247445F58223A2D302E3031313931303838333730393738383332322C2247445F59223A302E3030353432303938393335363933353032342C2247445F5A223A302E303031393834383837323930373435393733362C2241445F58223A352E3636353237323437343238383934452D342C2241445F59223A2D302E3030333732393934323438373535323736322C2241445F5A223A2D302E31363538323438393031333637313837352C2254656D70447370223A302C22537461747573223A302C2243616C69625374617465223A312C22536967416D70496E76616C6964223A307D7D, 138 
05-27 18:13:18.772   536   536 D commservice260303: Push Message into SendPool fn=-1857420544
05-27 18:13:18.772   536   536 D commservice260303: ComProtocolLibSend2Cluster::send2ClusterRaw fn=-1857420544 , len=330
05-27 18:13:18.772   536   536 D commservice260303: sendCmdToPort :330!!!
05-27 18:13:18.772   536   536 D commservice260303: send Cmd To Port ++++5AA501468A0100034A916A16C3BE7B22636F6D6D616E64223A7B226964223A22696D755F737461747573222C22737562223A22227D2C22636F6E74656E74223A7B2254696D655374616D70223A382C224672616D65436F756E746572223A3230303137362C2247445F58223A2D302E3031313931303838333730393738383332322C2247445F59223A302E3030353432303938393335363933353032342C2247445F5A223A302E303031393834383837323930373435393733362C2241445F58223A352E3636353237323437343238383934452D342C2241445F59223A2D302E3030333732393934323438373535323736322C2241445F5A223A2D302E31363538323438393031333637313837352C2254656D70447370223A302C22537461747573223A302C2243616C69625374617465223A312C22536967416D70496E76616C6964223A307D7D2273
05-27 18:13:18.772   299 30841 D EvsDriver: forwardFrame
05-27 18:13:18.773   536   536 D commservice260303: bufferevent_write retrun value = 0
05-27 18:13:18.773   536   560 D commservice260303: client datas send succeed,send finish
05-27 18:13:18.773   299 30844 D EvsDriver: forwardFrame
05-27 18:13:18.773 13911 14192 D Sentinelmode_1.2.5.17_sentry: <SentryImuClusterFgeSender>imu_status sent to Linux, frame=200176, tsNs=8666020, tsMs=8, intervalMs=40, ad=(5.6652725E-4,-0.0037299425,-0.16582489), gd=(-0.011910884,0.0054209894,0.0019848873)
05-27 18:13:18.773   581   581 I SpiService: fgesysctrl_getGPIO_status success val=1
05-27 18:13:18.775   299 30841 D EvsDriver: Delivered 0xb400007b7ca56a60 as id 0
05-27 18:13:18.775   299 30844 D EvsDriver: Delivered 0xb400007b7ca56900 as id 0
05-27 18:13:18.775  1167  1184 D evsmanagerd: /dev/video4 forwarded the buffer #0 to 0xb4000074bf5f6850 from 0xb4000074bf5f41d0
05-27 18:13:18.775  1167  1167 D evsmanagerd: /dev/video6 forwarded the buffer #0 to 0xb4000074bf5f5510 from 0xb4000074bf5f6d90
05-27 08:04:27.738   581   581 D spi_rst_gpio_get_output: GPIO 145 value: 1
05-27 08:04:27.738   581   581 D spidev_ioctl: gpio status=1)
05-27 18:13:18.778   299  1163 D EvsDriver: doneWithFrame
05-27 18:13:18.779   581   581 I SpiService: fgesysctrl_getGPIO_status success val=1
05-27 18:13:18.779   299  1163 D EvsDriver: doneWithFrame
05-27 18:13:18.780  1008 30857 D [OMXB]  : usingANWBuffer: handle:0xee742480, format:1, w:1920, h:1080
05-27 18:13:18.781 30773 30789 I dvr_service_: Camera 1: MediaOK:9902402, frames:220, isKeyFrame:0,pts:8665767821
05-27 08:04:27.744   581   581 D spi_rst_gpio_get_output: GPIO 145 value: 1
05-27 08:04:27.744   581   581 D spidev_ioctl: gpio status=1)
05-27 18:13:18.783 13911 14183 I SentryImuMcuAngleSender: 179.99298rollDeg
05-27 18:13:18.784 13911 14183 I SentryImuMcuAngleSender: 1,0,0
05-27 18:13:18.785   581   581 I SpiService: fgesysctrl_getGPIO_status success val=1
05-27 08:04:27.750   581   581 D spi_rst_gpio_get_output: GPIO 145 value: 1
05-27 08:04:27.750   581   581 D spidev_ioctl: gpio status=1)
05-27 18:13:18.791   581   581 I SpiService: fgesysctrl_getGPIO_status success val=0
05-27 08:04:27.755   581   581 D spi_rst_gpio_get_output: GPIO 145 value: 0
05-27 08:04:27.755   581   581 D spidev_ioctl: gpio status=0)
05-27 18:13:18.800  1008 30856 D [OMXB]  : usingANWBuffer: handle:0xee744b00, format:1, w:1920, h:1080
05-27 18:13:18.804 13911 14183 I SentryImuMcuAngleSender: 179.99298rollDeg
05-27 18:13:18.804 13911 14183 I SentryImuMcuAngleSender: 1,0,0
05-27 08:04:27.769   581   581 D spi_rst_gpio_get_output: GPIO 145 value: 1
05-27 08:04:27.769   581   581 D spidev_ioctl: gpio status=1)
05-27 18:13:18.805   581   581 I SpiService: fgesysctrl_getGPIO_status success val=1
05-27 18:13:18.810   581   581 I SpiService: fgesysctrl_getGPIO_status success val=1
05-27 18:13:18.810   299 30841 D EvsDriver: forwardFrame
05-27 18:13:18.811   299 30844 D EvsDriver: forwardFrame
05-27 18:13:18.812   536   536 D commservice260303: msg.id = 1028,1
05-27 18:13:18.812   299 30841 D EvsDriver: Delivered 0xb400007b7ca56a60 as id 0
05-27 18:13:18.812   536   536 D commservice260303: i = 170, msgid = 8A000404
05-27 18:13:18.812   536   536 D commservice260303: msgid = -1979710460,did=138
05-27 18:13:18.812   536   536 D commservice260303: CommProtocolLibCmdBaseI2C::dataproc {"command":{"id":"imu_status","sub":""},"content":{"TimeStamp":8,"FrameCounter":200177,"GD_X":-0.01153013575822115,"GD_Y":0.005039200186729431,"GD_Z":0.0018319635419175029,"AD_X":-0.0018871873617172241,"AD_Y":-0.0037054403219372034,"AD_Z":-0.16643524169921875,"TempDsp":0,"Status":0,"CalibState":1,"SigAmpInvalid":0}},-1979710460
05-27 18:13:18.812   536   536 D commservice260303: send2Cluster len:317, 7B22636F6D6D616E64223A7B226964223A22696D755F737461747573222C22737562223A22227D2C22636F6E74656E74223A7B2254696D655374616D70223A382C224672616D65436F756E746572223A3230303137372C2247445F58223A2D302E30313135333031333537353832323131352C2247445F59223A302E3030353033393230303138363732393433312C2247445F5A223A302E303031383331393633353431393137353032392C2241445F58223A2D302E303031383837313837333631373137323234312C2241445F59223A2D302E303033373035343430333231393337323033342C2241445F5A223A2D302E31363634333532343136393932313837352C2254656D70447370223A302C22537461747573223A302C2243616C69625374617465223A312C22536967416D70496E76616C6964223A307D7D, 138 
05-27 18:13:18.812   536   536 D commservice260303: Push Message into SendPool fn=-1840643328
05-27 18:13:18.812   536   536 D commservice260303: ComProtocolLibSend2Cluster::send2ClusterRaw fn=-1840643328 , len=333
05-27 18:13:18.812   536   536 D commservice260303: sendCmdToPort :333!!!
05-27 18:13:18.812   536   536 D commservice260303: send Cmd To Port ++++5AA501498A0100034A926A16C3BE7B22636F6D6D616E64223A7B226964223A22696D755F737461747573222C22737562223A22227D2C22636F6E74656E74223A7B2254696D655374616D70223A382C224672616D65436F756E746572223A3230303137372C2247445F58223A2D302E30313135333031333537353832323131352C2247445F59223A302E3030353033393230303138363732393433312C2247445F5A223A302E303031383331393633353431393137353032392C2241445F58223A2D302E303031383837313837333631373137323234312C2241445F59223A2D302E303033373035343430333231393337323033342C2241445F5A223A2D302E31363634333532343136393932313837352C2254656D70447370223A302C22537461747573223A302C2243616C69625374617465223A312C22536967416D70496E76616C6964223A307D7D599F
05-27 18:13:18.812   536   536 D commservice260303: bufferevent_write retrun value = 0
05-27 18:13:18.813   536   560 D commservice260303: client datas send succeed,send finish
05-27 18:13:18.813 30773 30773 E dvr_service_: [myNum:0] Received S**** loss
05-27 18:13:18.813 13911 14192 D Sentinelmode_1.2.5.17_sentry: <SentryImuClusterFgeSender>imu_status sent to Linux, frame=200177, tsNs=8666056, tsMs=8, intervalMs=39, ad=(-0.0018871874,-0.0037054403,-0.16643524), gd=(-0.011530136,0.0050392,0.0018319635)
05-27 18:13:18.813   299  1163 D EvsDriver: doneWithFrame
05-27 18:13:18.814   299 30844 D EvsDriver: Delivered 0xb400007b7ca56900 as id 0
05-27 18:13:18.814  1167  1167 D evsmanagerd: /dev/video6 forwarded the buffer #0 to 0xb4000074bf5f5510 from 0xb4000074bf5f6d90
05-27 18:13:18.814 30773 30773 E dvr_service_: [myNum:1] Received S**** loss
05-27 18:13:18.814   299  1163 D EvsDriver: doneWithFrame
05-27 18:13:18.815   581   581 I SpiService: fgesysctrl_getGPIO_status success val=1
05-27 08:04:27.780   581   581 D spi_rst_gpio_get_output: GPIO 145 value: 1
05-27 08:04:27.780   581   581 D spidev_ioctl: gpio status=1)
05-27 18:13:18.817  1008 30857 D [OMXB]  : usingANWBuffer: handle:0xee740bc0, format:1, w:1920, h:1080
05-27 18:13:18.821   581   581 I SpiService: fgesysctrl_getGPIO_status success val=1
05-27 08:04:27.786   581   581 D spi_rst_gpio_get_output: GPIO 145 value: 1
05-27 08:04:27.786   581   581 D spidev_ioctl: gpio status=1)
05-27 18:13:18.825 13911 14183 I SentryImuMcuAngleSender: 179.99298rollDeg
05-27 18:13:18.825 13911 14183 I SentryImuMcuAngleSender: 1,0,0
05-27 18:13:18.827   581   581 I SpiService: fgesysctrl_getGPIO_status success val=1
05-27 08:04:27.792   581   581 D spi_rst_gpio_get_output: GPIO 145 value: 1
05-27 08:04:27.792   581   581 D spidev_ioctl: gpio status=1)
05-27 18:13:18.832  1008 30856 D [OMXB]  : usingANWBuffer: handle:0xee740170, format:1, w:1920, h:1080
05-27 18:13:18.833   581   581 I SpiService: fgesysctrl_getGPIO_status success val=0
05-27 08:04:27.797   581   581 D spi_rst_gpio_get_output: GPIO 145 value: 0
05-27 08:04:27.797   581   581 D spidev_ioctl: gpio status=0)
05-27 18:13:18.837   299 30844 D EvsDriver: forwardFrame
05-27 18:13:18.837   299 30841 D EvsDriver: forwardFrame
05-27 18:13:18.839  1167  1167 D evsmanagerd: /dev/video4 forwarded the buffer #0 to 0xb4000074bf5f6850 from 0xb4000074bf5f41d0
05-27 18:13:18.840   299 30841 D EvsDriver: Delivered 0xb400007b7ca56a60 as id 0
05-27 18:13:18.840   299 30844 D EvsDriver: Delivered 0xb400007b7ca56900 as id 0
05-27 18:13:18.842  1167  1167 D evsmanagerd: /dev/video6 forwarded the buffer #0 to 0xb4000074bf5f5510 from 0xb4000074bf5f6d90
05-27 18:13:18.846   299  1153 D EvsDriver: doneWithFrame
05-27 18:13:18.847   299  1163 D EvsDriver: doneWithFrame
05-27 18:13:18.848   581   581 I SpiService: fgesysctrl_getGPIO_status success val=1
05-27 08:04:27.813   581   581 D spi_rst_gpio_get_output: GPIO 145 value: 1
05-27 08:04:27.813   581   581 D spidev_ioctl: gpio status=1)
05-27 18:13:18.849 13911 14183 I SentryImuMcuAngleSender: 179.96495rollDeg
05-27 18:13:18.849 13911 14183 I SentryImuMcuAngleSender: 1,0,0
05-27 18:13:18.851  1008 30857 D [OMXB]  : usingANWBuffer: handle:0xee741400, format:1, w:1920, h:1080
05-27 18:13:18.852   536   536 D commservice260303: msg.id = 1028,0
05-27 18:13:18.852   536   536 D commservice260303: i = 170, msgid = 8A000404
05-27 18:13:18.852   283   307 I rvcservice: t.code = 3, t.value = 0
05-27 18:13:18.852   536   536 D commservice260303: msgid = -1979710460,did=138
05-27 18:13:18.852   536   536 D commservice260303: CommProtocolLibCmdBaseI2C::dataproc {"command":{"id":"imu_status","sub":""},"content":{"TimeStamp":8,"FrameCounter":200178,"GD_X":-0.011759000830352306,"GD_Y":0.004580949433147907,"GD_Z":0.0022902146447449923,"AD_X":-0.0024964064359664917,"AD_Y":0.0011769318953156471,"AD_Z":-0.16704559326171875,"TempDsp":0,"Status":0,"CalibState":1,"SigAmpInvalid":0}},-1979710460
05-27 18:13:18.852   536   536 D commservice260303: send2Cluster len:317, 7B22636F6D6D616E64223A7B226964223A22696D755F737461747573222C22737562223A22227D2C22636F6E74656E74223A7B2254696D655374616D70223A382C224672616D65436F756E746572223A3230303137382C2247445F58223A2D302E3031313735393030303833303335323330362C2247445F59223A302E3030343538303934393433333134373930372C2247445F5A223A302E303032323930323134363434373434393932332C2241445F58223A2D302E303032343936343036343335393636343931372C2241445F59223A302E303031313736393331383935333135363437312C2241445F5A223A2D302E31363730343535393332363137313837352C2254656D70447370223A302C22537461747573223A302C2243616C69625374617465223A312C22536967416D70496E76616C6964223A307D7D, 138 
05-27 18:13:18.852   536   536 D commservice260303: Push Message into SendPool fn=-1823866112
05-27 18:13:18.852   536   536 D commservice260303: ComProtocolLibSend2Cluster::send2ClusterRaw fn=-1823866112 , len=333
05-27 18:13:18.852   536   536 D commservice260303: sendCmdToPort :333!!!
05-27 18:13:18.852   536   536 D commservice260303: send Cmd To Port ++++5AA501498A0100034A936A16C3BE7B22636F6D6D616E64223A7B226964223A22696D755F737461747573222C22737562223A22227D2C22636F6E74656E74223A7B2254696D655374616D70223A382C224672616D65436F756E746572223A3230303137382C2247445F58223A2D302E3031313735393030303833303335323330362C2247445F59223A302E3030343538303934393433333134373930372C2247445F5A223A302E303032323930323134363434373434393932332C2241445F58223A2D302E303032343936343036343335393636343931372C2241445F59223A302E303031313736393331383935333135363437312C2241445F5A223A2D302E31363730343535393332363137313837352C2254656D70447370223A302C22537461747573223A302C2243616C69625374617465223A312C22536967416D70496E76616C6964223A307D7D06A0
05-27 18:13:18.852   536   536 D commservice260303: bufferevent_write retrun value = 0
05-27 18:13:18.853   536   560 D commservice260303: client datas send succeed,send finish
05-27 18:13:18.853 13911 14192 D Sentinelmode_1.2.5.17_sentry: <SentryImuClusterFgeSender>imu_status sent to Linux, frame=200178, tsNs=8666092, tsMs=8, intervalMs=41, ad=(-0.0024964064,0.0011769319,-0.1670456), gd=(-0.011759001,0.0045809494,0.0022902146)
05-27 18:13:18.854   581   581 I SpiService: fgesysctrl_getGPIO_status success val=1
05-27 08:04:27.818   581   581 D spi_rst_gpio_get_output: GPIO 145 value: 1
05-27 08:04:27.818   581   581 D spidev_ioctl: gpio status=1)
05-27 18:13:18.859   581   581 I SpiService: fgesysctrl_getGPIO_status success val=1
05-27 08:04:27.824   581   581 D spi_rst_gpio_get_output: GPIO 145 value: 1
05-27 08:04:27.824   581   581 D spidev_ioctl: gpio status=1)
05-27 08:04:27.829   581   581 D spi_rst_gpio_get_output: GPIO 145 value: 1
05-27 18:13:18.865   581   581 I SpiService: fgesysctrl_getGPIO_status success val=1
05-27 08:04:27.829   581   581 D spidev_ioctl: gpio status=1)
05-27 18:13:18.865 15863 15863 D AIN-NaviLocationPresenter: ACC is OFF, skip upload location
05-27 18:13:18.869 13911 14183 I SentryImuMcuAngleSender: 179.96146rollDeg
05-27 18:13:18.869 13911 14183 I SentryImuMcuAngleSender: 1,0,0
05-27 18:13:18.870   581   581 I SpiService: fgesysctrl_getGPIO_status success val=1
05-27 08:04:27.835   581   581 D spi_rst_gpio_get_output: GPIO 145 value: 1
05-27 08:04:27.835   581   581 D spidev_ioctl: gpio status=1)
05-27 18:13:18.874   299 30844 D EvsDriver: forwardFrame
05-27 18:13:18.874   299 30841 D EvsDriver: forwardFrame
05-27 18:13:18.876   581   581 I SpiService: fgesysctrl_getGPIO_status success val=0
05-27 08:04:27.841   581   581 D spi_rst_gpio_get_output: GPIO 145 value: 0
05-27 08:04:27.841   581   581 D spidev_ioctl: gpio status=0)
05-27 18:13:18.877   572   572 I Sensors : 230 AccelSensor: x:-0.170800,y:0.006100,z:-9.978380
05-27 18:13:18.877  1167  1167 D evsmanagerd: /dev/video4 forwarded the buffer #0 to 0xb4000074bf5f6850 from 0xb4000074bf5f41d0
05-27 18:13:18.877  1167  1184 D evsmanagerd: /dev/video6 forwarded the buffer #0 to 0xb4000074bf5f5510 from 0xb4000074bf5f6d90
05-27 18:13:18.877   299 30841 D EvsDriver: Delivered 0xb400007b7ca56a60 as id 0
05-27 18:13:18.877   299 30844 D EvsDriver: Delivered 0xb400007b7ca56900 as id 0
05-27 18:13:18.879  1008 30857 D [OMXB]  : usingANWBuffer: handle:0xee743240, format:1, w:1920, h:1080
05-27 18:13:18.881   299  1163 D EvsDriver: doneWithFrame
05-27 18:13:18.886   299  1163 D EvsDriver: doneWithFrame
05-27 18:13:18.889 13911 14183 I SentryImuMcuAngleSender: 179.96497rollDeg
05-27 08:04:27.857   581   581 D spi_rst_gpio_get_output: GPIO 145 value: 1
05-27 18:13:18.890 13911 14183 I SentryImuMcuAngleSender: 1,0,0
05-27 18:13:18.891   536   536 D commservice260303: msg.id = 1028,0
05-27 18:13:18.892   536   536 D commservice260303: i = 170, msgid = 8A000404
05-27 18:13:18.892   536   536 D commservice260303: msgid = -1979710460,did=138
05-27 18:13:18.892   536   536 D commservice260303: CommProtocolLibCmdBaseI2C::dataproc {"command":{"id":"imu_status","sub":""},"content":{"TimeStamp":8,"FrameCounter":200179,"GD_X":-0.011987865902483463,"GD_Y":0.005573912989348173,"GD_Z":0.0022902146447449923,"AD_X":-0.004323989152908325,"AD_Y":0.0011680712923407555,"AD_Z":-0.17314529418945312,"TempDsp":0,"Status":0,"CalibState":1,"SigAmpInvalid":0}},-1979710460
05-27 18:13:18.892   536   536 D commservice260303: send2Cluster len:316, 7B22636F6D6D616E64223A7B226964223A22696D755F737461747573222C22737562223A22227D2C22636F6E74656E74223A7B2254696D655374616D70223A382C224672616D65436F756E746572223A3230303137392C2247445F58223A2D302E3031313938373836353930323438333436332C2247445F59223A302E3030353537333931323938393334383137332C2247445F5A223A302E303032323930323134363434373434393932332C2241445F58223A2D302E3030343332333938393135323930383332352C2241445F59223A302E303031313638303731323932333430373535352C2241445F5A223A2D302E31373331343532393431383934353331322C2254656D70447370223A302C22537461747573223A302C2243616C69625374617465223A312C22536967416D70496E76616C6964223A307D7D, 138 
05-27 18:13:18.892   536   536 D commservice260303: Push Message into SendPool fn=-1807088896
05-27 18:13:18.892   536   536 D commservice260303: ComProtocolLibSend2Cluster::send2ClusterRaw fn=-1807088896 , len=332
05-27 18:13:18.892   536   536 D commservice260303: sendCmdToPort :332!!!
05-27 18:13:18.892   536   536 D commservice260303: send Cmd To Port ++++5AA501488A0100034A946A16C3BE7B22636F6D6D616E64223A7B226964223A22696D755F737461747573222C22737562223A22227D2C22636F6E74656E74223A7B2254696D655374616D70223A382C224672616D65436F756E746572223A3230303137392C2247445F58223A2D302E3031313938373836353930323438333436332C2247445F59223A302E3030353537333931323938393334383137332C2247445F5A223A302E303032323930323134363434373434393932332C2241445F58223A2D302E3030343332333938393135323930383332352C2241445F59223A302E303031313638303731323932333430373535352C2241445F5A223A2D302E31373331343532393431383934353331322C2254656D70447370223A302C22537461747573223A302C2243616C69625374617465223A312C22536967416D70496E76616C6964223A307D7DD020
05-27 18:13:18.892   536   536 D commservice260303: bufferevent_write retrun value = 0
05-27 18:13:18.892   536   560 D commservice260303: client datas send succeed,send finish
05-27 18:13:18.892 13911 14192 D Sentinelmode_1.2.5.17_sentry: <SentryImuClusterFgeSender>imu_status sent to Linux, frame=200179, tsNs=8666127, tsMs=8, intervalMs=39, ad=(-0.004323989,0.0011680713,-0.1731453), gd=(-0.011987866,0.005573913,0.0022902146)
05-27 18:13:18.892  1008 30856 D [OMXB]  : usingANWBuffer: handle:0xee745fa0, format:1, w:1920, h:1080
05-27 18:13:18.892   581   581 I SpiService: fgesysctrl_getGPIO_status success val=1
05-27 18:13:18.894   481   598 I mcuc    : rev,n=1,6AA681AE93000A89002C01040900123456D5
05-27 18:13:18.894   351   373 D automotive.vehicle@2.0-adayo-datacomm-mcu: MCUDatacomm sendMessageFromVehicle prop: 0x89, areaId: 0x0, status: 0x2c, timestamp: 0x1
05-27 18:13:18.894  1121  1144 I tboxmids_ap: [2026-05-27 18:13:18.894] [MCU RX] src=MCU dst=ZMQ len=10 type=BINARY data=00 08 2C 01 04 09 00 12 34 56 
05-27 18:13:18.894   351   373 D automotive.vehicle@2.0-adayo-datacomm-mcu: MCUDatacomm 1sendMessageFromVehicle ---> type = 12 
05-27 18:13:18.895  1083  1083 I MyAppLog: [2026-05-27 18:13:18.894 I tboxap mcuCommTboxmidsRecvCb:97] [Mcu] [mcuCommTboxmidsRecvCb] recv from tboxmids, size:10
05-27 18:13:18.895  1083  1083 I MyAppLog: [2026-05-27 18:13:18.894 I tboxap mcuCommTboxmidsRecvCb:98] [Mcu] [tboxmids -> tboxap]: :00 08 2C 01 04 09 00 12 34 56
05-27 18:13:18.895  1083  1083 I MyAppLog: [2026-05-27 18:13:18.894 I tboxap mcuPtlParseData:990] [Mcu] [Mcu  Parse]: (cmd):0900 (param):0900123456
05-27 18:13:18.895  1083  1083 W MyAppLog: [2026-05-27 18:13:18.894 W tboxap mcuParamDataRevPack:918] [Mcu] mcuParamDataRevPack start pack data!!!
05-27 18:13:18.895  1083  1083 I MyAppLog: [2026-05-27 18:13:18.895 I tboxap MCU_HANDSHAKE_IND_McuInd:317] [Mcu] [MCU_HANDSHAKE_IND_McuInd] wakeReason:0x12 -> loginReason:0x08 protoVer:0x34
05-27 18:13:18.895  1083  1083 W MyAppLog: [2026-05-27 18:13:18.895 W tboxap mcuHandleHandshakeInd:1654] [Mcu] [mcuHandleHandshakeInd] recv 0x0900 handshake response wakeReason:0x12 protoVer:0x34
05-27 08:04:27.857   581   581 D spidev_ioctl: gpio status=1)
05-27 08:04:27.862   581   581 D spi_rst_gpio_get_output: GPIO 145 value: 1
05-27 08:04:27.862   581   581 D spidev_ioctl: gpio status=1)
05-27 18:13:18.898   581   581 I SpiService: fgesysctrl_getGPIO_status success val=1
05-27 18:13:18.901   299 30844 D EvsDriver: forwardFrame
05-27 18:13:18.902   299 30841 D EvsDriver: forwardFrame
05-27 18:13:18.902   299 30844 D EvsDriver: Delivered 0xb400007b7ca56900 as id 0
05-27 18:13:18.903  1167  1184 D evsmanagerd: /dev/video6 forwarded the buffer #0 to 0xb4000074bf5f5510 from 0xb4000074bf5f6d90
05-27 18:13:18.903  1167  1167 D evsmanagerd: /dev/video4 forwarded the buffer #0 to 0xb4000074bf5f6850 from 0xb4000074bf5f41d0
05-27 18:13:18.903   299 30841 D EvsDriver: Delivered 0xb400007b7ca56a60 as id 0
05-27 18:13:18.903   581   581 I SpiService: fgesysctrl_getGPIO_status success val=1
05-27 18:13:18.905   299  1153 D EvsDriver: doneWithFrame
05-27 18:13:18.905   299  1163 D EvsDriver: doneWithFrame
05-27 08:04:27.868   581   581 D spi_rst_gpio_get_output: GPIO 145 value: 1
05-27 08:04:27.868   581   581 D spidev_ioctl: gpio status=1)
05-27 18:13:18.909   581   581 I SpiService: fgesysctrl_getGPIO_status success val=1
05-27 18:13:18.909 13911 14183 I SentryImuMcuAngleSender: 179.97198rollDeg
05-27 18:13:18.909 13911 14183 I SentryImuMcuAngleSender: 1,0,0
05-27 08:04:27.874   581   581 D spi_rst_gpio_get_output: GPIO 145 value: 1
05-27 08:04:27.874   581   581 D spidev_ioctl: gpio status=1)
05-27 18:13:18.915   581   581 I SpiService: fgesysctrl_getGPIO_status success val=0
05-27 18:13:18.915   481   597 I mcuc    : send SPI:6AA602AE930002890032
05-27 18:13:18.916  1083  1083 I MyAppLog: [2026-05-27 18:13:18.916 I tboxap mcuMainPeriodic100msTask:914] [Mcu] [mcuMainPeriodic100msTask] MCU version not ready, send 0x0981 item 0x01 retry:1
05-27 18:13:18.916  1083  1083 I MyAppLog: [2026-05-27 18:13:18.916 I tboxap mcuSendYadiTransfer:196] [Mcu] [mcuYadiSend]: :00 08 3E 04 01 09 81 02 01 01
05-27 08:04:27.879   581   581 D spi_rst_gpio_get_output: GPIO 145 value: 0
05-27 08:04:27.879   581   581 D spidev_ioctl: gpio status=0)
05-27 18:13:18.919   481   599 I mcuc    : start timer OK = 24309 
05-27 18:13:18.924  1008 30857 D [OMXB]  : usingANWBuffer: handle:0xee744000, format:1, w:1920, h:1080
05-27 18:13:18.929 13911 14183 I SentryImuMcuAngleSender: 179.97546rollDeg
05-27 18:13:18.929 13911 14183 I SentryImuMcuAngleSender: 1,0,0
05-27 18:13:18.930   581   581 I SpiService: fgesysctrl_getGPIO_status success val=1
05-27 18:13:18.931   536   536 D commservice260303: msg.id = 1028,0
05-27 18:13:18.931   536   536 D commservice260303: i = 170, msgid = 8A000404
05-27 18:13:18.931   536   536 D commservice260303: msgid = -1979710460,did=138
05-27 18:13:18.931   536   536 D commservice260303: CommProtocolLibCmdBaseI2C::dataproc {"command":{"id":"imu_status","sub":""},"content":{"TimeStamp":8,"FrameCounter":200180,"GD_X":-0.011147825978696346,"GD_Y":0.005573912989348173,"GD_Z":0.0023671966046094894,"AD_X":-0.00794549286365509,"AD_Y":-0.001265697879716754,"AD_Z":-0.16460514068603516,"TempDsp":0,"Status":0,"CalibState":1,"SigAmpInvalid":0}},-1979710460
05-27 18:13:18.931   536   536 D commservice260303: send2Cluster len:315, 7B22636F6D6D616E64223A7B226964223A22696D755F737461747573222C22737562223A22227D2C22636F6E74656E74223A7B2254696D655374616D70223A382C224672616D65436F756E746572223A3230303138302C2247445F58223A2D302E3031313134373832353937383639363334362C2247445F59223A302E3030353537333931323938393334383137332C2247445F5A223A302E303032333637313936363034363039343839342C2241445F58223A2D302E30303739343534393238363336353530392C2241445F59223A2D302E3030313236353639373837393731363735342C2241445F5A223A2D302E31363436303531343036383630333531362C2254656D70447370223A302C22537461747573223A302C2243616C69625374617465223A312C22536967416D70496E76616C6964223A307D7D, 138 
05-27 18:13:18.931   536   536 D commservice260303: Push Message into SendPool fn=-1790311680
05-27 18:13:18.932   536   536 D commservice260303: ComProtocolLibSend2Cluster::send2ClusterRaw fn=-1790311680 , len=331
05-27 18:13:18.932   536   536 D commservice260303: sendCmdToPort :331!!!
05-27 18:13:18.932   536   536 D commservice260303: send Cmd To Port ++++5AA501478A0100034A956A16C3BE7B22636F6D6D616E64223A7B226964223A22696D755F737461747573222C22737562223A22227D2C22636F6E74656E74223A7B2254696D655374616D70223A382C224672616D65436F756E746572223A3230303138302C2247445F58223A2D302E3031313134373832353937383639363334362C2247445F59223A302E3030353537333931323938393334383137332C2247445F5A223A302E303032333637313936363034363039343839342C2241445F58223A2D302E30303739343534393238363336353530392C2241445F59223A2D302E3030313236353639373837393731363735342C2241445F5A223A2D302E31363436303531343036383630333531362C2254656D70447370223A302C22537461747573223A302C2243616C69625374617465223A312C22536967416D70496E76616C6964223A307D7D8A3F
05-27 18:13:18.932   536   536 D commservice260303: bufferevent_write retrun value = 0
05-27 18:13:18.932   536   560 D commservice260303: client datas send succeed,send finish
05-27 18:13:18.932 13911 14192 D Sentinelmode_1.2.5.17_sentry: <SentryImuClusterFgeSender>imu_status sent to Linux, frame=200180, tsNs=8666181, tsMs=8, intervalMs=40, ad=(-0.007945493,-0.0012656979,-0.16460514), gd=(-0.011147826,0.005573913,0.0023671966)
05-27 08:04:27.895   581   581 D spi_rst_gpio_get_output: GPIO 145 value: 1
05-27 08:04:27.895   581   581 D spidev_ioctl: gpio status=1)
05-27 18:13:18.935   581   581 I SpiService: fgesysctrl_getGPIO_status success val=1
05-27 08:04:27.900   581   581 D spi_rst_gpio_get_output: GPIO 145 value: 1
05-27 08:04:27.900   581   581 D spidev_ioctl: gpio status=1)
05-27 18:13:18.940  1008 30856 D [OMXB]  : usingANWBuffer: handle:0xee7407a0, format:1, w:1920, h:1080
05-27 18:13:18.941   581   581 I SpiService: fgesysctrl_getGPIO_status success val=1
05-27 18:13:18.942   299 30841 D EvsDriver: forwardFrame
05-27 18:13:18.943   586   613 D vendor.sprd.hardware.aprd-service: WCN Get CP2Ver failed
05-27 18:13:18.944   586   613 D vendor.sprd.hardware.aprd-service: WCNInfoThread::GetVer
05-27 18:13:18.945   299 30841 D EvsDriver: Delivered 0xb400007b7ca56a60 as id 0
05-27 18:13:18.945   586   613 D vendor.sprd.hardware.aprd-service: WCNcmdReqRsp: waiting for server wcnd
05-27 18:13:18.945  1167  1184 D evsmanagerd: /dev/video4 forwarded the buffer #0 to 0xb4000074bf5f6850 from 0xb4000074bf5f41d0
05-27 18:13:18.945  2166  2197 D WCND    : wcnd got 12 from accept
05-27 08:04:27.906   581   581 D spi_rst_gpio_get_output: GPIO 145 value: 1
05-27 08:04:27.906   581   581 D spidev_ioctl: gpio status=1)
05-27 18:13:18.946  2166  2197 D WCND    : Socket client fd = 5, max fd = 12
05-27 18:13:18.946  2166  2197 D WCND    : process_active_socket_client_fd: active client fd is 12
05-27 08:04:27.912   581   581 D spi_rst_gpio_get_output: GPIO 145 value: 1
05-27 08:04:27.912   581   581 D spidev_ioctl: gpio status=1)
05-27 18:13:18.947  2166  2197 D WCND    : wcnd_runcommand : argv :  at+spatgetcp2info
05-27 18:13:18.947   581   581 I SpiService: fgesysctrl_getGPIO_status success val=1
05-27 18:13:18.948  2166  2197 E wcn_vendor: open(/sys/class/misc/wcn/devices/sw_ver) for read failed: No such file or directory (2)
05-27 18:13:18.948  2166  2197 D WCND    : Reply Socket : FAIL Unknown
05-27 18:13:18.948  2166  2197 D WCND    : Socket client fd = 5, max fd = 12
05-27 18:13:18.948   586   613 D vendor.sprd.hardware.aprd-service: WCNcmdReqRsp: get 13 bytes FAIL Unknown
05-27 18:13:18.948   586   613 D vendor.sprd.hardware.aprd-service: wcn AT+spatgetcp2info, ret=0, rsp:FAIL Unknown
05-27 18:13:18.948  2166  2197 D WCND    : process_active_socket_client_fd: active client fd is 12
05-27 18:13:18.948  2166  2197 D WCND    : Client socket fd : 12 closed
05-27 18:13:18.948  2166  2197 D WCND    : Socket client fd = 5, max fd = 11
05-27 18:13:18.949 13911 14183 I SentryImuMcuAngleSender: 179.97197rollDeg
05-27 18:13:18.949 13911 14183 I SentryImuMcuAngleSender: 1,0,0
05-27 18:13:18.949   299 30844 D EvsDriver: forwardFrame
05-27 18:13:18.949   299  1153 D EvsDriver: doneWithFrame
05-27 18:13:18.951  1167  1184 D evsmanagerd: /dev/video6 forwarded the buffer #0 to 0xb4000074bf5f5510 from 0xb4000074bf5f6d90
05-27 18:13:18.951   299 30844 D EvsDriver: Delivered 0xb400007b7ca56900 as id 0
05-27 18:13:18.952   283   307 I rvcservice: t.code = 7, t.value = 8666092
05-27 18:13:18.953   581   581 I SpiService: fgesysctrl_getGPIO_status success val=0
05-27 18:13:18.954   481   597 I mcuc    : send SPI:6AA6015EF500F809013E0401098102010100000000000000000000000000000000000000000000000000000000000000000000000000000000000000000000000000000000000000000000000000000000000000000000000000000000000000000000000000000000000000000000000000000000000000000000000000000000000000000000000000000000000000000000000000000000000000000000000000000000000000000000000000000000000000000000000000000000000000000000000000000000000000000000000000000000000000000000000000000000000000000000000000000000000000000000000000000000000000000000D9
05-27 08:04:27.918   581   581 D spi_rst_gpio_get_output: GPIO 145 value: 0
05-27 08:04:27.918   581   581 D spidev_ioctl: gpio status=0)
05-27 18:13:18.959   299  1153 D EvsDriver: doneWithFrame
05-27 18:13:18.963  1008 30857 D [OMXB]  : usingANWBuffer: handle:0xee7440b0, format:1, w:1920, h:1080
05-27 18:13:18.965   572   572 I Sensors : 230 GyroSensor: x:-0.011911,y:0.005497,z:0.002214
05-27 18:13:18.968   581   581 I SpiService: fgesysctrl_getGPIO_status success val=1
05-27 08:04:27.933   581   581 D spi_rst_gpio_get_output: GPIO 145 value: 1
05-27 08:04:27.933   581   581 D spidev_ioctl: gpio status=1)
05-27 18:13:18.969 13911 14183 I SentryImuMcuAngleSender: 179.95096rollDeg
05-27 18:13:18.969 13911 14183 I SentryImuMcuAngleSender: 1,0,0
05-27 18:13:18.971   536   536 D commservice260303: msg.id = 1028,0
05-27 18:13:18.971   536   536 D commservice260303: i = 170, msgid = 8A000404
05-27 18:13:18.971   536   536 D commservice260303: msgid = -1979710460,did=138
05-27 18:13:18.971   536   536 D commservice260303: CommProtocolLibCmdBaseI2C::dataproc {"command":{"id":"imu_status","sub":""},"content":{"TimeStamp":8,"FrameCounter":200181,"GD_X":-0.011910883709788322,"GD_Y":0.00549693126231432,"GD_Z":0.002213752595707774,"AD_X":-0.006697788834571838,"AD_Y":0.0036042705178260803,"AD_Z":-0.17192459106445312,"TempDsp":0,"Status":0,"CalibState":1,"SigAmpInvalid":0}},-1979710460
05-27 18:13:18.972   536   536 D commservice260303: send2Cluster len:314, 7B22636F6D6D616E64223A7B226964223A22696D755F737461747573222C22737562223A22227D2C22636F6E74656E74223A7B2254696D655374616D70223A382C224672616D65436F756E746572223A3230303138312C2247445F58223A2D302E3031313931303838333730393738383332322C2247445F59223A302E30303534393639333132363233313433322C2247445F5A223A302E3030323231333735323539353730373737342C2241445F58223A2D302E3030363639373738383833343537313833382C2241445F59223A302E303033363034323730353137383236303830332C2241445F5A223A2D302E31373139323435393130363434353331322C2254656D70447370223A302C22537461747573223A302C2243616C69625374617465223A312C22536967416D70496E76616C6964223A307D7D, 138 
05-27 18:13:18.972   536   536 D commservice260303: Push Message into SendPool fn=-1773534464
05-27 18:13:18.972   536   536 D commservice260303: ComProtocolLibSend2Cluster::send2ClusterRaw fn=-1773534464 , len=330
05-27 18:13:18.972   536   536 D commservice260303: sendCmdToPort :330!!!
05-27 18:13:18.972   536   536 D commservice260303: send Cmd To Port ++++5AA501468A0100034A966A16C3BE7B22636F6D6D616E64223A7B226964223A22696D755F737461747573222C22737562223A22227D2C22636F6E74656E74223A7B2254696D655374616D70223A382C224672616D65436F756E746572223A3230303138312C2247445F58223A2D302E3031313931303838333730393738383332322C2247445F59223A302E30303534393639333132363233313433322C2247445F5A223A302E3030323231333735323539353730373737342C2241445F58223A2D302E3030363639373738383833343537313833382C2241445F59223A302E303033363034323730353137383236303830332C2241445F5A223A2D302E31373139323435393130363434353331322C2254656D70447370223A302C22537461747573223A302C2243616C69625374617465223A312C22536967416D70496E76616C6964223A307D7D7BE3
05-27 18:13:18.972   536   536 D commservice260303: bufferevent_write retrun value = 0
05-27 18:13:18.972   536   560 D commservice260303: client datas send succeed,send finish
05-27 18:13:18.972 13911 14192 D Sentinelmode_1.2.5.17_sentry: <SentryImuClusterFgeSender>imu_status sent to Linux, frame=200181, tsNs=8666216, tsMs=8, intervalMs=40, ad=(-0.006697789,0.0036042705,-0.17192459), gd=(-0.011910884,0.0054969313,0.0022137526)
05-27 18:13:18.972   299 30841 D EvsDriver: forwardFrame
05-27 18:13:18.973   299 30841 D EvsDriver: Delivered 0xb400007b7ca56a60 as id 0
05-27 18:13:18.974  1167  1184 D evsmanagerd: /dev/video4 forwarded the buffer #0 to 0xb4000074bf5f6850 from 0xb4000074bf5f41d0
05-27 18:13:18.974 30773 30773 E dvr_service_: [myNum:0] Received S**** loss
05-27 18:13:18.974   581   581 I SpiService: fgesysctrl_getGPIO_status success val=1
05-27 18:13:18.974   299  1153 D EvsDriver: doneWithFrame
05-27 18:13:18.974 13911 14183 I SentryImuMcuAngleSender: [4, 18, 1, 0, 0],5
05-27 18:13:18.974 13911 14183 I McuCommManager: mcuCommSendcmd [4, 18, 1, 0, 0]
05-27 18:13:18.975 13911 14183 I SentryImuMcuAngleSender: true
05-27 18:13:18.975 13911 14183 W Sentinelmode_1.2.5.17_sentry: <SentryImuMcuAngleSender>MCU IMU send interval abnormal: 1000ms
05-27 18:13:18.976   299 30844 D EvsDriver: forwardFrame
05-27 08:04:27.939   581   581 D spi_rst_gpio_get_output: GPIO 145 value: 1
05-27 08:04:27.939   581   581 D spidev_ioctl: gpio status=1)
05-27 18:13:18.977   299 30844 D EvsDriver: Delivered 0xb400007b7ca56900 as id 0
05-27 18:13:18.977  1167  1184 D evsmanagerd: /dev/video6 forwarded the buffer #0 to 0xb4000074bf5f5510 from 0xb4000074bf5f6d90
05-27 18:13:18.977 30773 30773 E dvr_service_: [myNum:1] Received S**** loss
