05-27 18:13:18.408  1167  1184 D evsmanagerd: /dev/video4 forwarded the buffer #0 to 0xb4000074bf5f6850 from 0xb4000074bf5f41d0
05-27 18:13:18.409   536   536 D commservice260303: msg.id = 1028,1
05-27 18:13:18.409   536   536 D commservice260303: i = 170, msgid = 8A000404
05-27 18:13:18.409   536   536 D commservice260303: msgid = -1979710460,did=138
05-27 18:13:18.409   536   536 D commservice260303: CommProtocolLibCmdBaseI2C::dataproc {"command":{"id":"imu_status","sub":""},"content":{"TimeStamp":8,"FrameCounter":200167,"GD_X":-0.010841978713870049,"GD_Y":0.00519212381914258,"GD_Z":0.0019079053308814764,"AD_X":-0.004365697503089905,"AD_Y":-7.764408364892006E-4,"AD_Z":-0.16704177856445312,"TempDsp":0,"Status":0,"CalibState":1,"SigAmpInvalid":0}},-1979710460
05-27 08:04:27.371   581   581 D spi_rst_gpio_get_output: GPIO 145 value: 1
05-27 08:04:27.371   581   581 D spidev_ioctl: gpio status=1)
05-27 18:13:18.409   536   536 D commservice260303: send2Cluster len:315, 7B22636F6D6D616E64223A7B226964223A22696D755F737461747573222C22737562223A22227D2C22636F6E74656E74223A7B2254696D655374616D70223A382C224672616D65436F756E746572223A3230303136372C2247445F58223A2D302E3031303834313937383731333837303034392C2247445F59223A302E30303531393231323338313931343235382C2247445F5A223A302E303031393037393035333330383831343736342C2241445F58223A2D302E3030343336353639373530333038393930352C2241445F59223A2D372E373634343038333634383932303036452D342C2241445F5A223A2D302E31363730343137373835363434353331322C2254656D70447370223A302C22537461747573223A302C2243616C69625374617465223A312C22536967416D70496E76616C6964223A307D7D, 138 
05-27 08:04:27.373     0     0 W         : c6 [    C6] Irq_monitor:Irq                                           IPI[1]occur        7666 times interval 1028 ms
05-27 18:13:18.409   536   536 D commservice260303: Push Message into SendPool fn=-2008415488
05-27 18:13:18.409   536   536 D commservice260303: ComProtocolLibSend2Cluster::send2ClusterRaw fn=-2008415488 , len=331
05-27 18:13:18.409   536   536 D commservice260303: sendCmdToPort :331!!!
05-27 18:13:18.409   536   536 D commservice260303: send Cmd To Port ++++5AA501478A0100034A886A16C3BE7B22636F6D6D616E64223A7B226964223A22696D755F737461747573222C22737562223A22227D2C22636F6E74656E74223A7B2254696D655374616D70223A382C224672616D65436F756E746572223A3230303136372C2247445F58223A2D302E3031303834313937383731333837303034392C2247445F59223A302E30303531393231323338313931343235382C2247445F5A223A302E303031393037393035333330383831343736342C2241445F58223A2D302E3030343336353639373530333038393930352C2241445F59223A2D372E373634343038333634383932303036452D342C2241445F5A223A2D302E31363730343137373835363434353331322C2254656D70447370223A302C22537461747573223A302C2243616C69625374617465223A312C22536967416D70496E76616C6964223A307D7DCE5C
05-27 18:13:18.409   536   536 D commservice260303: bufferevent_write retrun value = 0
05-27 18:13:18.409   536   560 D commservice260303: client datas send succeed,send finish
05-27 18:13:18.410 13911 14192 D Sentinelmode_1.2.5.17_sentry: <SentryImuClusterFgeSender>imu_status sent to Linux, frame=200167, tsNs=8665654, tsMs=8, intervalMs=42, ad=(-0.0043656975,-7.7644084E-4,-0.16704178), gd=(-0.010841979,0.005192124,0.0019079053)
05-27 18:13:18.411   566 11459 I gps_hdbd: Received: '$BDGSV,1,1,00,5*71
'
05-27 18:13:18.411   299  1153 D EvsDriver: doneWithFrame
05-27 18:13:18.413   581   581 I SpiService: fgesysctrl_getGPIO_status success val=1
05-27 18:13:18.414   566 11459 I gps_hdbd: Received: '$GPGSV,1,1,01,199,42,165,,1*60
'
05-27 18:13:18.415 13911 14183 I SentryImuMcuAngleSender: 179.97546rollDeg
05-27 18:13:18.415 13911 14183 I SentryImuMcuAngleSender: 1,0,0
05-27 18:13:18.415   299  1153 D EvsDriver: doneWithFrame
05-27 18:13:18.415   566 11459 I gps_hdbd: Received: '$GPGSV,1,1,00,8*6D
'
05-27 18:13:18.416   566 11459 I gps_hdbd: Received: '$GAGSV,1,1,00,7*73
'
05-27 08:04:27.378   581   581 D spi_rst_gpio_get_output: GPIO 145 value: 1
05-27 08:04:27.378   581   581 D spidev_ioctl: gpio status=1)
05-27 18:13:18.419   581   581 I SpiService: fgesysctrl_getGPIO_status success val=0
05-27 18:13:18.420   566 11459 I gps_hdbd: Received: '$GAGSV,1,1,00,1*75
'
05-27 18:13:18.420  1008 30856 D [OMXB]  : usingANWBuffer: handle:0xee742f80, format:1, w:1920, h:1080
05-27 08:04:27.383   581   581 D spi_rst_gpio_get_output: GPIO 145 value: 0
05-27 08:04:27.383   581   581 D spidev_ioctl: gpio status=0)
05-27 18:13:18.421   566 11459 I gps_hdbd: Received: '$GNRMC,002909.000,V,,,,,,,270526,120.0,E,N,V*47
'
05-27 18:13:18.422   566 11459 I gps_hdbd: RMC : CALL gnss_sv_status_cb, view_in_sat <1>
05-27 18:13:18.422   566 11459 I gps_hdbd: [reportSvStatus]--->PLATFORM_BSP::Enter
05-27 18:13:18.422   566 11459 I gps_hdbd: hy abnormal deal:hy_cnr30_satellite_cnt=0
05-27 18:13:18.422   566 11459 D gps_hdbd: hy abnormal deal:hy_fixStatus_fail_count=0
05-27 18:13:18.422  1083  1083 W MyAppLog: [2026-05-27 18:13:18.422 W tboxap gpsSyncGpsInfoToDm:361] [Gps] [gpsSyncGpsInfoToDm] fix=0 mode=49 corner:0x01 alt=0.00 sat=0 hdop=0.00 pdop=0.00 vdop=0.00
05-27 18:13:18.427   566 11459 I gps_hdbd: Received: '$GNZDA,002909.000,27,05,2026,00,00*4C
'
05-27 18:13:18.434   581   581 I SpiService: fgesysctrl_getGPIO_status success val=1
05-27 18:13:18.435 13911 14183 I SentryImuMcuAngleSender: 179.95094rollDeg
05-27 18:13:18.435 13911 14183 I SentryImuMcuAngleSender: 1,0,0
05-27 08:04:27.399   581   581 D spi_rst_gpio_get_output: GPIO 145 value: 1
05-27 08:04:27.399   581   581 D spidev_ioctl: gpio status=1)
05-27 18:13:18.438  1008 30857 D [OMXB]  : usingANWBuffer: handle:0xee7437c0, format:1, w:1920, h:1080
05-27 18:13:18.440   581   581 I SpiService: fgesysctrl_getGPIO_status success val=1
05-27 08:04:27.404   581   581 D spi_rst_gpio_get_output: GPIO 145 value: 1
05-27 08:04:27.404   581   581 D spidev_ioctl: gpio status=1)
05-27 18:13:18.443   299 30844 D EvsDriver: forwardFrame
05-27 18:13:18.443   299 30841 D EvsDriver: forwardFrame
05-27 18:13:18.445   299 30844 D EvsDriver: Delivered 0xb400007b7ca56900 as id 0
05-27 18:13:18.445  1167  1184 D evsmanagerd: /dev/video6 forwarded the buffer #0 to 0xb4000074bf5f5510 from 0xb4000074bf5f6d90
05-27 18:13:18.445   581   581 I SpiService: fgesysctrl_getGPIO_status success val=1
05-27 18:13:18.447  1167  1184 D evsmanagerd: /dev/video4 forwarded the buffer #0 to 0xb4000074bf5f6850 from 0xb4000074bf5f41d0
05-27 08:04:27.410   581   581 D spi_rst_gpio_get_output: GPIO 145 value: 1
05-27 08:04:27.410   581   581 D spidev_ioctl: gpio status=1)
05-27 18:13:18.447   299 30841 D EvsDriver: Delivered 0xb400007b7ca56a60 as id 0
05-27 18:13:18.448   299  1153 D EvsDriver: doneWithFrame
05-27 18:13:18.449   566 11459 I gps_hdbd: Received: '$GNINS,1,1,TYPE,I,V,002909.000,17260000,FUS,-13,0,0,0,MOT,V,1,PATT,0.00,0.00,0.00,VEL,0.000,0.000,0.000,POS,40.0001330924,116.0001570688,84.176,IIA,1,0.00,0.00,0.00,BGA,0.31,-0.66,-0.13,0.000,0.000,0.000,IGA,0,-1,0,0,-2,98,VG,16c2ff1*22
'
05-27 18:13:18.451   536   536 D commservice260303: msg.id = 1028,2
05-27 18:13:18.451   536   536 D commservice260303: i = 170, msgid = 8A000404
05-27 18:13:18.451   536   536 D commservice260303: msgid = -1979710460,did=138
05-27 18:13:18.451   536   536 D commservice260303: CommProtocolLibCmdBaseI2C::dataproc {"command":{"id":"imu_status","sub":""},"content":{"TimeStamp":8,"FrameCounter":200168,"GD_X":-0.010994902811944485,"GD_Y":0.0059551820158958435,"GD_Z":0.0019079053308814764,"AD_X":-0.00314544141292572,"AD_Y":0.0034820004366338253,"AD_Z":-0.16826248168945312,"TempDsp":0,"Status":0,"CalibState":1,"SigAmpInvalid":0}},-1979710460
05-27 18:13:18.451   536   536 D commservice260303: send2Cluster len:316, 7B22636F6D6D616E64223A7B226964223A22696D755F737461747573222C22737562223A22227D2C22636F6E74656E74223A7B2254696D655374616D70223A382C224672616D65436F756E746572223A3230303136382C2247445F58223A2D302E3031303939343930323831313934343438352C2247445F59223A302E303035393535313832303135383935383433352C2247445F5A223A302E303031393037393035333330383831343736342C2241445F58223A2D302E30303331343534343134313239323537322C2241445F59223A302E303033343832303030343336363333383235332C2241445F5A223A2D302E31363832363234383136383934353331322C2254656D70447370223A302C22537461747573223A302C2243616C69625374617465223A312C22536967416D70496E76616C6964223A307D7D, 138 
05-27 18:13:18.451   536   536 D commservice260303: Push Message into SendPool fn=-1991638272
05-27 18:13:18.451   536   536 D commservice260303: ComProtocolLibSend2Cluster::send2ClusterRaw fn=-1991638272 , len=332
05-27 18:13:18.451   536   536 D commservice260303: sendCmdToPort :332!!!
05-27 18:13:18.451   536   536 D commservice260303: send Cmd To Port ++++5AA501488A0100034A896A16C3BE7B22636F6D6D616E64223A7B226964223A22696D755F737461747573222C22737562223A22227D2C22636F6E74656E74223A7B2254696D655374616D70223A382C224672616D65436F756E746572223A3230303136382C2247445F58223A2D302E3031303939343930323831313934343438352C2247445F59223A302E303035393535313832303135383935383433352C2247445F5A223A302E303031393037393035333330383831343736342C2241445F58223A2D302E30303331343534343134313239323537322C2241445F59223A302E303033343832303030343336363333383235332C2241445F5A223A2D302E31363832363234383136383934353331322C2254656D70447370223A302C22537461747573223A302C2243616C69625374617465223A312C22536967416D70496E76616C6964223A307D7D218E
05-27 08:04:27.416   581   581 D spi_rst_gpio_get_output: GPIO 145 value: 1
05-27 08:04:27.416   581   581 D spidev_ioctl: gpio status=1)
05-27 18:13:18.451   581   581 I SpiService: fgesysctrl_getGPIO_status success val=1
05-27 18:13:18.451   536   536 D commservice260303: bufferevent_write retrun value = 0
05-27 18:13:18.451   536   560 D commservice260303: client datas send succeed,send finish
05-27 18:13:18.451   283   307 I rvcservice: t.code = 0, t.value = 0
05-27 18:13:18.451   299  1153 D EvsDriver: doneWithFrame
05-27 18:13:18.452 13911 14192 D Sentinelmode_1.2.5.17_sentry: <SentryImuClusterFgeSender>imu_status sent to Linux, frame=200168, tsNs=8665667, tsMs=8, intervalMs=43, ad=(-0.0031454414,0.0034820004,-0.16826248), gd=(-0.010994903,0.005955182,0.0019079053)
05-27 18:13:18.455   566 11459 I gps_hdbd: Received: '$GNINS,CARSPEED,ADR_STATUS,0,Pulse_count,0,1,0,0,17260000,86450,0.000,0.000,0.000*3B
'
05-27 18:13:18.455 13911 14183 I SentryImuMcuAngleSender: 179.95094rollDeg
05-27 18:13:18.455 13911 14183 I SentryImuMcuAngleSender: 1,0,0
05-27 08:04:27.421   581   581 D spi_rst_gpio_get_output: GPIO 145 value: 1
05-27 08:04:27.421   581   581 D spidev_ioctl: gpio status=1)
05-27 18:13:18.457   581   581 I SpiService: fgesysctrl_getGPIO_status success val=1
05-27 18:13:18.459  1008 30856 D [OMXB]  : usingANWBuffer: handle:0xee7454a0, format:1, w:1920, h:1080
05-27 18:13:18.460   566 11459 I gps_hdbd: Received: '$GNTXT,04,01,04,INS,V,1,,,,FLG,1,000000,1,0,1,0,0,Con,0*71
'
05-27 18:13:18.462   581   581 I SpiService: fgesysctrl_getGPIO_status success val=1
05-27 08:04:27.427   581   581 D spi_rst_gpio_get_output: GPIO 145 value: 1
05-27 08:04:27.427   581   581 D spidev_ioctl: gpio status=1)
05-27 18:13:18.466   566 11459 I gps_hdbd: Received: '$GNTXT,INSTALL,0.00,0.00,0.00,0.00,0.00,0.00,0*20
'
05-27 18:13:18.468   581   581 I SpiService: fgesysctrl_getGPIO_status success val=0
05-27 08:04:27.432   581   581 D spi_rst_gpio_get_output: GPIO 145 value: 0
05-27 08:04:27.432   581   581 D spidev_ioctl: gpio status=0)
05-27 18:13:18.475 13911 14183 I SentryImuMcuAngleSender: 179.97546rollDeg
05-27 18:13:18.475 13911 14183 I SentryImuMcuAngleSender: 1,0,0
05-27 18:13:18.480   481   598 I mcuc    : rev,n=1,6AA681AE91000A89002A01040910123456C9
05-27 18:13:18.480  1121  1144 I tboxmids_ap: [2026-05-27 18:13:18.480] [MCU RX] src=MCU dst=ZMQ len=10 type=BINARY data=00 08 2A 01 04 09 10 12 34 56 
05-27 18:13:18.480   351   373 D automotive.vehicle@2.0-adayo-datacomm-mcu: MCUDatacomm sendMessageFromVehicle prop: 0x89, areaId: 0x0, status: 0x2a, timestamp: 0x1
05-27 18:13:18.480   351   373 D automotive.vehicle@2.0-adayo-datacomm-mcu: MCUDatacomm 1sendMessageFromVehicle ---> type = 12 
05-27 18:13:18.480  1008 30857 D [OMXB]  : usingANWBuffer: handle:0xee742320, format:1, w:1920, h:1080
05-27 18:13:18.480   299 30841 D EvsDriver: forwardFrame
05-27 18:13:18.481  1083  1083 I MyAppLog: [2026-05-27 18:13:18.480 I tboxap mcuCommTboxmidsRecvCb:97] [Mcu] [mcuCommTboxmidsRecvCb] recv from tboxmids, size:10
05-27 18:13:18.481  1083  1083 I MyAppLog: [2026-05-27 18:13:18.480 I tboxap mcuCommTboxmidsRecvCb:98] [Mcu] [tboxmids -> tboxap]: :00 08 2A 01 04 09 10 12 34 56
05-27 18:13:18.481  1083  1083 I MyAppLog: [2026-05-27 18:13:18.480 I tboxap mcuPtlParseData:990] [Mcu] [Mcu  Parse]: (cmd):0910 (param):0910123456
05-27 18:13:18.482   481   598 I mcuc    : rev,n=2,6AA681AE92000A89002B01040921123456B6
05-27 18:13:18.482   581   581 I SpiService: fgesysctrl_getGPIO_status success val=1
05-27 18:13:18.482   299 30844 D EvsDriver: forwardFrame
05-27 18:13:18.482  1121  1144 I tboxmids_ap: [2026-05-27 18:13:18.482] [MCU RX] src=MCU dst=ZMQ len=10 type=BINARY data=00 08 2B 01 04 09 21 12 34 56 
05-27 18:13:18.482   351   373 D automotive.vehicle@2.0-adayo-datacomm-mcu: MCUDatacomm sendMessageFromVehicle prop: 0x89, areaId: 0x0, status: 0x2b, timestamp: 0x1
05-27 18:13:18.482   351   373 D automotive.vehicle@2.0-adayo-datacomm-mcu: MCUDatacomm 1sendMessageFromVehicle ---> type = 12 
05-27 18:13:18.482  1083  1083 W MyAppLog: [2026-05-27 18:13:18.481 W tboxap mcuParamDataRevPack:918] [Mcu] mcuParamDataRevPack start pack data!!!
05-27 18:13:18.482  1083  1083 I MyAppLog: [2026-05-27 18:13:18.481 I tboxap MCU_BATT_STATIC_DATA_IND_McuInd:515] [Mcu] [MCU_BATT_STATIC_DATA_IND_McuInd] staticData type:0x12 len:5
05-27 18:13:18.483   299 30841 D EvsDriver: Delivered 0xb400007b7ca56a60 as id 0
05-27 18:13:18.483  1167  1184 D evsmanagerd: /dev/video4 forwarded the buffer #0 to 0xb4000074bf5f6850 from 0xb4000074bf5f41d0
05-27 18:13:18.484 30773 30773 E dvr_service_: [myNum:0] Received S**** loss
05-27 18:13:18.485  1083  1083 I MyAppLog: [2026-05-27 18:13:18.483 I tboxap mcuCommTboxmidsRecvCb:97] [Mcu] [mcuCommTboxmidsRecvCb] recv from tboxmids, size:10
05-27 18:13:18.485   299  1153 D EvsDriver: doneWithFrame
05-27 08:04:27.447   581   581 D spi_rst_gpio_get_output: GPIO 145 value: 1
05-27 18:13:18.485  1083  1083 I MyAppLog: [2026-05-27 18:13:18.483 I tboxap mcuCommTboxmidsRecvCb:98] [Mcu] [tboxmids -> tboxap]: :00 08 2B 01 04 09 21 12 34 56
05-27 08:04:27.447   581   581 D spidev_ioctl: gpio status=1)
05-27 18:13:18.485  1083  1083 I MyAppLog: [2026-05-27 18:13:18.483 I tboxap mcuPtlParseData:990] [Mcu] [Mcu  Parse]: (cmd):0921 (param):0921123456
05-27 18:13:18.485  1083  1083 W MyAppLog: [2026-05-27 18:13:18.484 W tboxap mcuParamDataRevPack:918] [Mcu] mcuParamDataRevPack start pack data!!!
05-27 18:13:18.485  1083  1083 W MyAppLog: [2026-05-27 18:13:18.484 W tboxap mcuHandleFaultCodeInd:1947] [Mcu] [mcuHandleFaultCodeInd] recv 0x0921 fault count:18 stored:2 firstCode:0x34
05-27 18:13:18.485  1083  1083 I MyAppLog: [2026-05-27 18:13:18.484 I tboxap mcuSendYadiTransfer:196] [Mcu] [mcuYadiSend]: :00 06 3D 04 01 09 A1 01
05-27 18:13:18.485  1083  1083 W MyAppLog: [2026-05-27 18:13:18.484 W tboxap tsp_ExternalEvent:109] [Tsp] [tsp_ExternalEvent] recv ExternalEvent = 55, size:2
05-27 18:13:18.486   572   622 I Sensors : 230 AccelSensor: x:-0.172019,y:0.004270,z:-9.972890
05-27 18:13:18.486  1167  1184 D evsmanagerd: /dev/video6 forwarded the buffer #0 to 0xb4000074bf5f5510 from 0xb4000074bf5f6d90
05-27 18:13:18.486   299 30844 D EvsDriver: Delivered 0xb400007b7ca56900 as id 0
05-27 18:13:18.486 30773 30773 E dvr_service_: [myNum:1] Received S**** loss
05-27 18:13:18.486   299  1153 D EvsDriver: doneWithFrame
05-27 18:13:18.487   481   599 I mcuc    : start timer OK = 24308 
05-27 18:13:18.487   581   581 I SpiService: fgesysctrl_getGPIO_status success val=1
05-27 08:04:27.452   581   581 D spi_rst_gpio_get_output: GPIO 145 value: 1
05-27 08:04:27.452   581   581 D spidev_ioctl: gpio status=1)
05-27 18:13:18.491   536   536 D commservice260303: msg.id = 1028,0
05-27 18:13:18.491   536   536 D commservice260303: i = 170, msgid = 8A000404
05-27 18:13:18.491   536   536 D commservice260303: msgid = -1979710460,did=138
05-27 18:13:18.491   536   536 D commservice260303: CommProtocolLibCmdBaseI2C::dataproc {"command":{"id":"imu_status","sub":""},"content":{"TimeStamp":8,"FrameCounter":200169,"GD_X":-0.011223767884075642,"GD_Y":0.005345047451555729,"GD_Z":0.002900869119912386,"AD_X":-0.00555787980556488,"AD_Y":-7.964540272951126E-4,"AD_Z":-0.1676502227783203,"TempDsp":0,"Status":0,"CalibState":1,"SigAmpInvalid":0}},-1979710460
05-27 18:13:18.491   536   536 D commservice260303: send2Cluster len:313, 7B22636F6D6D616E64223A7B226964223A22696D755F737461747573222C22737562223A22227D2C22636F6E74656E74223A7B2254696D655374616D70223A382C224672616D65436F756E746572223A3230303136392C2247445F58223A2D302E3031313232333736373838343037353634322C2247445F59223A302E3030353334353034373435313535353732392C2247445F5A223A302E3030323930303836393131393931323338362C2241445F58223A2D302E30303535353738373938303535363438382C2241445F59223A2D372E393634353430323732393531313236452D342C2241445F5A223A2D302E313637363530323232373738333230332C2254656D70447370223A302C22537461747573223A302C2243616C69625374617465223A312C22536967416D70496E76616C6964223A307D7D, 138 
05-27 18:13:18.491   536   536 D commservice260303: Push Message into SendPool fn=-1974861056
05-27 18:13:18.491   536   536 D commservice260303: ComProtocolLibSend2Cluster::send2ClusterRaw fn=-1974861056 , len=329
05-27 18:13:18.491   536   536 D commservice260303: sendCmdToPort :329!!!
05-27 18:13:18.491   536   536 D commservice260303: send Cmd To Port ++++5AA501458A0100034A8A6A16C3BE7B22636F6D6D616E64223A7B226964223A22696D755F737461747573222C22737562223A22227D2C22636F6E74656E74223A7B2254696D655374616D70223A382C224672616D65436F756E746572223A3230303136392C2247445F58223A2D302E3031313232333736373838343037353634322C2247445F59223A302E3030353334353034373435313535353732392C2247445F5A223A302E3030323930303836393131393931323338362C2241445F58223A2D302E30303535353738373938303535363438382C2241445F59223A2D372E393634353430323732393531313236452D342C2241445F5A223A2D302E313637363530323232373738333230332C2254656D70447370223A302C22537461747573223A302C2243616C69625374617465223A312C22536967416D70496E76616C6964223A307D7D7969
05-27 18:13:18.491   536   536 D commservice260303: bufferevent_write retrun value = 0
05-27 18:13:18.491   536   560 D commservice260303: client datas send succeed,send finish
05-27 18:13:18.492 13911 14192 D Sentinelmode_1.2.5.17_sentry: <SentryImuClusterFgeSender>imu_status sent to Linux, frame=200169, tsNs=8665736, tsMs=8, intervalMs=39, ad=(-0.00555788,-7.96454E-4,-0.16765022), gd=(-0.011223768,0.0053450475,0.0029008691)
05-27 18:13:18.493   581   581 I SpiService: fgesysctrl_getGPIO_status success val=1
05-27 18:13:18.496 13911 14183 I SentryImuMcuAngleSender: 179.97546rollDeg
05-27 18:13:18.496 13911 14183 I SentryImuMcuAngleSender: 1,0,0
05-27 08:04:27.457   581   581 D spi_rst_gpio_get_output: GPIO 145 value: 1
05-27 08:04:27.457   581   581 D spidev_ioctl: gpio status=1)
05-27 18:13:18.498  1008 30856 D [OMXB]  : usingANWBuffer: handle:0xee740e80, format:1, w:1920, h:1080
05-27 18:13:18.498   581   581 I SpiService: fgesysctrl_getGPIO_status success val=1
05-27 08:04:27.463   581   581 D spi_rst_gpio_get_output: GPIO 145 value: 1
05-27 08:04:27.463   581   581 D spidev_ioctl: gpio status=1)
05-27 18:13:18.504   581   581 I SpiService: fgesysctrl_getGPIO_status success val=0
05-27 18:13:18.504   481   597 I mcuc    : send SPI:6AA602AE9100028900346AA602AE9200028900336AA6015EF400F809013D040109A101000000000000000000000000000000000000000000000000000000000000000000000000000000000000000000000000000000000000000000000000000000000000000000000000000000000000000000000000000000000000000000000000000000000000000000000000000000000000000000000000000000000000000000000000000000000000000000000000000000000000000000000000000000000000000000000000000000000000000000000000000000000000000000000000000000000000000000000000000000000000000000000000000000000000000000000000000000000000000000000000BE
05-27 08:04:27.469   581   581 D spi_rst_gpio_get_output: GPIO 145 value: 0
05-27 08:04:27.469   581   581 D spidev_ioctl: gpio status=0)
05-27 18:13:18.507   299 30841 D EvsDriver: forwardFrame
05-27 18:13:18.507 11344 11344 E SystemUI_NavBarFragment: SysUIConfig.icCarServiceConnected：false
05-27 18:13:18.509   299 30844 D EvsDriver: forwardFrame
05-27 18:13:18.509   299 30841 D EvsDriver: Delivered 0xb400007b7ca56a60 as id 0
05-27 18:13:18.509  1167  1184 D evsmanagerd: /dev/video4 forwarded the buffer #0 to 0xb4000074bf5f6850 from 0xb4000074bf5f41d0
05-27 18:13:18.512   299  1153 D EvsDriver: doneWithFrame
05-27 18:13:18.512   299 30844 D EvsDriver: Delivered 0xb400007b7ca56900 as id 0
05-27 18:13:18.512  1167  1184 D evsmanagerd: /dev/video6 forwarded the buffer #0 to 0xb4000074bf5f5510 from 0xb4000074bf5f6d90
05-27 18:13:18.513  1008 30857 D [OMXB]  : usingANWBuffer: handle:0xee743df0, format:1, w:1920, h:1080
05-27 18:13:18.514   299  1153 D EvsDriver: doneWithFrame
05-27 08:04:27.484   581   581 D spi_rst_gpio_get_output: GPIO 145 value: 1
05-27 08:04:27.484   581   581 D spidev_ioctl: gpio status=1)
05-27 18:13:18.517 13911 14183 I SentryImuMcuAngleSender: 179.97897rollDeg
05-27 18:13:18.517 13911 14183 I SentryImuMcuAngleSender: 1,0,0
05-27 18:13:18.519   581   581 I SpiService: fgesysctrl_getGPIO_status success val=1
05-27 18:13:18.525   581   581 I SpiService: fgesysctrl_getGPIO_status success val=1
05-27 08:04:27.489   581   581 D spi_rst_gpio_get_output: GPIO 145 value: 1
05-27 08:04:27.489   581   581 D spidev_ioctl: gpio status=1)
05-27 18:13:18.530   581   581 I SpiService: fgesysctrl_getGPIO_status success val=1
05-27 18:13:18.530   536   536 D commservice260303: msg.id = 1028,0
05-27 18:13:18.530   536   536 D commservice260303: i = 170, msgid = 8A000404
05-27 18:13:18.530   536   536 D commservice260303: msgid = -1979710460,did=138
05-27 18:13:18.531   536   536 D commservice260303: CommProtocolLibCmdBaseI2C::dataproc {"command":{"id":"imu_status","sub":""},"content":{"TimeStamp":8,"FrameCounter":200170,"GD_X":-0.011377211660146713,"GD_Y":0.004580949433147907,"GD_Z":0.002519079949706793,"AD_X":-0.004937350749969482,"AD_Y":-0.0020054159685969353,"AD_Z":-0.16704559326171875,"TempDsp":0,"Status":0,"CalibState":1,"SigAmpInvalid":0}},-1979710460
05-27 18:13:18.531   536   536 D commservice260303: send2Cluster len:316, 7B22636F6D6D616E64223A7B226964223A22696D755F737461747573222C22737562223A22227D2C22636F6E74656E74223A7B2254696D655374616D70223A382C224672616D65436F756E746572223A3230303137302C2247445F58223A2D302E3031313337373231313636303134363731332C2247445F59223A302E3030343538303934393433333134373930372C2247445F5A223A302E3030323531393037393934393730363739332C2241445F58223A2D302E3030343933373335303734393936393438322C2241445F59223A2D302E303032303035343135393638353936393335332C2241445F5A223A2D302E31363730343535393332363137313837352C2254656D70447370223A302C22537461747573223A302C2243616C69625374617465223A312C22536967416D70496E76616C6964223A307D7D, 138 
05-27 18:13:18.531   536   536 D commservice260303: Push Message into SendPool fn=-1958083840
05-27 18:13:18.531   536   536 D commservice260303: ComProtocolLibSend2Cluster::send2ClusterRaw fn=-1958083840 , len=332
05-27 18:13:18.531   536   536 D commservice260303: sendCmdToPort :332!!!
05-27 18:13:18.531   536   536 D commservice260303: send Cmd To Port ++++5AA501488A0100034A8B6A16C3BE7B22636F6D6D616E64223A7B226964223A22696D755F737461747573222C22737562223A22227D2C22636F6E74656E74223A7B2254696D655374616D70223A382C224672616D65436F756E746572223A3230303137302C2247445F58223A2D302E3031313337373231313636303134363731332C2247445F59223A302E3030343538303934393433333134373930372C2247445F5A223A302E3030323531393037393934393730363739332C2241445F58223A2D302E3030343933373335303734393936393438322C2241445F59223A2D302E303032303035343135393638353936393335332C2241445F5A223A2D302E31363730343535393332363137313837352C2254656D70447370223A302C22537461747573223A302C2243616C69625374617465223A312C22536967416D70496E76616C6964223A307D7D7813
05-27 18:13:18.531   536   536 D commservice260303: bufferevent_write retrun value = 0
05-27 18:13:18.531   536   560 D commservice260303: client datas send succeed,send finish
05-27 18:13:18.531 13911 14192 D Sentinelmode_1.2.5.17_sentry: <SentryImuClusterFgeSender>imu_status sent to Linux, frame=200170, tsNs=8665771, tsMs=8, intervalMs=40, ad=(-0.0049373507,-0.002005416,-0.1670456), gd=(-0.011377212,0.0045809494,0.00251908)
05-27 18:13:18.534  1008 30856 D [OMXB]  : usingANWBuffer: handle:0xee740d20, format:1, w:1920, h:1080
05-27 08:04:27.495   581   581 D spi_rst_gpio_get_output: GPIO 145 value: 1
05-27 08:04:27.495   581   581 D spidev_ioctl: gpio status=1)
05-27 18:13:18.535   299 30844 D EvsDriver: forwardFrame
05-27 18:13:18.536   299 30844 D EvsDriver: Delivered 0xb400007b7ca56900 as id 0
05-27 18:13:18.536   581   581 I SpiService: fgesysctrl_getGPIO_status success val=1
05-27 18:13:18.536  1167  1184 D evsmanagerd: /dev/video6 forwarded the buffer #0 to 0xb4000074bf5f5510 from 0xb4000074bf5f6d90
05-27 08:04:27.501   581   581 D spi_rst_gpio_get_output: GPIO 145 value: 1
05-27 08:04:27.501   581   581 D spidev_ioctl: gpio status=1)
05-27 18:13:18.537 13911 14183 I SentryImuMcuAngleSender: 179.98248rollDeg
05-27 18:13:18.537 13911 14183 I SentryImuMcuAngleSender: 1,0,0
05-27 18:13:18.539   299  1153 D EvsDriver: doneWithFrame
05-27 18:13:18.542 30773 30786 I dvr_service_: CameraX 0  audioOK: 9536000,audios:150
05-27 18:13:18.543   299 30841 D EvsDriver: forwardFrame
05-27 18:13:18.543   581   581 I SpiService: fgesysctrl_getGPIO_status success val=1
05-27 18:13:18.544 13549 13549 I ADAYO_LOG_: handleMessage(UsbFunc.java:352)copyQnx = 0
05-27 18:13:18.544   299 30841 D EvsDriver: Delivered 0xb400007b7ca56a60 as id 0
05-27 18:13:18.544   536   760 I commservice260303: [mcuCommFunctionTcp::ProtocolCheckConnectTimeOutProc:613] keyID:256,tcpEvent:5,tcpcount:0,heartbeat:1,noHeartBeatNumber:0,endispatch:0,strState:0
05-27 18:13:18.544  1167  1184 D evsmanagerd: /dev/video4 forwarded the buffer #0 to 0xb4000074bf5f6850 from 0xb4000074bf5f41d0
05-27 18:13:18.544   536   760 D commservice260303: ProtocolCheckConnectTimeOutProc,629,clear heartbeat
05-27 08:04:27.507   581   581 D spi_rst_gpio_get_output: GPIO 145 value: 1
05-27 08:04:27.507   581   581 D spidev_ioctl: gpio status=1)
05-27 18:13:18.546 13549 13549 I ADAYO_LOG_: handleMessage(UsbFunc.java:404)copyState = 2
05-27 18:13:18.548   299  1153 D EvsDriver: doneWithFrame
05-27 18:13:18.549   581   581 I SpiService: fgesysctrl_getGPIO_status success val=0
05-27 18:13:18.551   283   307 I rvcservice: t.code = 3, t.value = 0
05-27 18:13:18.552 13911 13911 I Sentinelmode_1.2.5.17_sentry: <SentinelCarServiceManager>sensorType:291504647
05-27 08:04:27.514   581   581 D spi_rst_gpio_get_output: GPIO 145 value: 0
05-27 08:04:27.514   581   581 D spidev_ioctl: gpio status=0)
05-27 18:13:18.558 13911 14183 I SentryImuMcuAngleSender: 179.97546rollDeg
05-27 18:13:18.558 13911 14183 I SentryImuMcuAngleSender: 1,0,0
05-27 18:13:18.559  1008 30857 D [OMXB]  : usingANWBuffer: handle:0xee7469f0, format:1, w:1920, h:1080
05-27 18:13:18.565   481   598 I mcuc    : rev,n=1,6AA6825EF40002090120
05-27 18:13:18.565   581   581 I SpiService: fgesysctrl_getGPIO_status success val=1
05-27 08:04:27.530   581   581 D spi_rst_gpio_get_output: GPIO 145 value: 1
05-27 08:04:27.530   581   581 D spidev_ioctl: gpio status=1)
05-27 18:13:18.570   536   536 D commservice260303: msg.id = 1028,0
05-27 18:13:18.570   536   536 D commservice260303: i = 170, msgid = 8A000404
05-27 18:13:18.570   536   536 D commservice260303: msgid = -1979710460,did=138
05-27 18:13:18.570   536   536 D commservice260303: CommProtocolLibCmdBaseI2C::dataproc {"command":{"id":"imu_status","sub":""},"content":{"TimeStamp":8,"FrameCounter":200171,"GD_X":-0.01153013575822115,"GD_Y":0.004580949433147907,"GD_Z":0.0022902146447449923,"AD_X":-0.006741642951965332,"AD_Y":-7.754405960440636E-4,"AD_Z":-0.16704559326171875,"TempDsp":0,"Status":0,"CalibState":1,"SigAmpInvalid":0}},-1979710460
05-27 18:13:18.571   536   536 D commservice260303: send2Cluster len:315, 7B22636F6D6D616E64223A7B226964223A22696D755F737461747573222C22737562223A22227D2C22636F6E74656E74223A7B2254696D655374616D70223A382C224672616D65436F756E746572223A3230303137312C2247445F58223A2D302E30313135333031333537353832323131352C2247445F59223A302E3030343538303934393433333134373930372C2247445F5A223A302E303032323930323134363434373434393932332C2241445F58223A2D302E3030363734313634323935313936353333322C2241445F59223A2D372E373534343035393630343430363336452D342C2241445F5A223A2D302E31363730343535393332363137313837352C2254656D70447370223A302C22537461747573223A302C2243616C69625374617465223A312C22536967416D70496E76616C6964223A307D7D, 138 
05-27 18:13:18.571   536   536 D commservice260303: Push Message into SendPool fn=-1941306624
05-27 18:13:18.571   536   536 D commservice260303: ComProtocolLibSend2Cluster::send2ClusterRaw fn=-1941306624 , len=331
05-27 18:13:18.571   536   536 D commservice260303: sendCmdToPort :331!!!
05-27 18:13:18.571   581   581 I SpiService: fgesysctrl_getGPIO_status success val=1
05-27 18:13:18.571   536   536 D commservice260303: send Cmd To Port ++++5AA501478A0100034A8C6A16C3BE7B22636F6D6D616E64223A7B226964223A22696D755F737461747573222C22737562223A22227D2C22636F6E74656E74223A7B2254696D655374616D70223A382C224672616D65436F756E746572223A3230303137312C2247445F58223A2D302E30313135333031333537353832323131352C2247445F59223A302E3030343538303934393433333134373930372C2247445F5A223A302E303032323930323134363434373434393932332C2241445F58223A2D302E3030363734313634323935313936353333322C2241445F59223A2D372E373534343035393630343430363336452D342C2241445F5A223A2D302E31363730343535393332363137313837352C2254656D70447370223A302C22537461747573223A302C2243616C69625374617465223A312C22536967416D70496E76616C6964223A307D7DEF8F
05-27 18:13:18.571   536   536 D commservice260303: bufferevent_write retrun value = 0
05-27 18:13:18.571   536   560 D commservice260303: client datas send succeed,send finish
05-27 18:13:18.571 13911 14192 D Sentinelmode_1.2.5.17_sentry: <SentryImuClusterFgeSender>imu_status sent to Linux, frame=200171, tsNs=8665806, tsMs=8, intervalMs=40, ad=(-0.006741643,-7.754406E-4,-0.1670456), gd=(-0.011530136,0.0045809494,0.0022902146)
05-27 08:04:27.535   581   581 D spi_rst_gpio_get_output: GPIO 145 value: 1
05-27 08:04:27.535   581   581 D spidev_ioctl: gpio status=1)
05-27 18:13:18.575   572   572 I Sensors : 230 GyroSensor: x:-0.011682,y:0.005345,z:0.001908
05-27 18:13:18.576   581   581 I SpiService: fgesysctrl_getGPIO_status success val=1
05-27 18:13:18.577   299 30841 D EvsDriver: forwardFrame
05-27 18:13:18.577   299 30844 D EvsDriver: forwardFrame
05-27 08:04:27.541   581   581 D spi_rst_gpio_get_output: GPIO 145 value: 1
05-27 08:04:27.541   581   581 D spidev_ioctl: gpio status=1)
05-27 18:13:18.578 13911 14183 I SentryImuMcuAngleSender: 179.97546rollDeg
05-27 18:13:18.578 13911 14183 I SentryImuMcuAngleSender: 1,0,0
05-27 18:13:18.578  1167  1184 D evsmanagerd: /dev/video4 forwarded the buffer #0 to 0xb4000074bf5f6850 from 0xb4000074bf5f41d0
05-27 18:13:18.578   299 30844 D EvsDriver: Delivered 0xb400007b7ca56900 as id 0
05-27 18:13:18.578  1167  1167 D evsmanagerd: /dev/video6 forwarded the buffer #0 to 0xb4000074bf5f5510 from 0xb4000074bf5f6d90
05-27 18:13:18.578   299 30841 D EvsDriver: Delivered 0xb400007b7ca56a60 as id 0
05-27 18:13:18.580  1008 30856 D [OMXB]  : usingANWBuffer: handle:0xee7439d0, format:1, w:1920, h:1080
05-27 18:13:18.582   581   581 I SpiService: fgesysctrl_getGPIO_status success val=1
05-27 18:13:18.582   299  1153 D EvsDriver: doneWithFrame
05-27 18:13:18.582   299  1163 D EvsDriver: doneWithFrame
05-27 18:13:18.582 30773 30789 I dvr_service_: Camera 0: MediaOK:9620989, frames:210, isKeyFrame:0,pts:8665500282
05-27 18:13:18.588   581   581 I SpiService: fgesysctrl_getGPIO_status success val=0
05-27 08:04:27.547   581   581 D spi_rst_gpio_get_output: GPIO 145 value: 1
05-27 08:04:27.547   581   581 D spidev_ioctl: gpio status=1)
05-27 08:04:27.552   581   581 D spi_rst_gpio_get_output: GPIO 145 value: 0
05-27 08:04:27.552   581   581 D spidev_ioctl: gpio status=0)
05-27 18:13:18.597  1008 30857 D [OMXB]  : usingANWBuffer: handle:0xee740590, format:1, w:1920, h:1080
05-27 18:13:18.597 13911 14183 I SentryImuMcuAngleSender: 179.98248rollDeg
05-27 18:13:18.597 13911 14183 I SentryImuMcuAngleSender: 1,0,0
05-27 18:13:18.602   299 30844 D EvsDriver: forwardFrame
05-27 18:13:18.603 30773 30788 I dvr_service_: [runShortMediaThread:298] cameraId:1 medias:300,audios:220,stateAudio:0,mShortState:0,warnEvent:0,state:1
05-27 18:13:18.603   299 30844 D EvsDriver: Delivered 0xb400007b7ca56900 as id 0
05-27 18:13:18.603  1167  1167 D evsmanagerd: /dev/video6 forwarded the buffer #0 to 0xb4000074bf5f5510 from 0xb4000074bf5f6d90
05-27 18:13:18.603   581   581 I SpiService: fgesysctrl_getGPIO_status success val=1
05-27 08:04:27.568   581   581 D spi_rst_gpio_get_output: GPIO 145 value: 1
05-27 08:04:27.568   581   581 D spidev_ioctl: gpio status=1)
05-27 18:13:18.605   299  1163 D EvsDriver: doneWithFrame
05-27 18:13:18.605   299 30841 D EvsDriver: forwardFrame
05-27 18:13:18.606   299 30841 D EvsDriver: Delivered 0xb400007b7ca56a60 as id 0
05-27 18:13:18.606  1167  1167 D evsmanagerd: /dev/video4 forwarded the buffer #0 to 0xb4000074bf5f6850 from 0xb4000074bf5f41d0
05-27 18:13:18.609   581   581 I SpiService: fgesysctrl_getGPIO_status success val=1
05-27 18:13:18.612   536   536 D commservice260303: msg.id = 1028,1
05-27 18:13:18.612   536   536 D commservice260303: i = 170, msgid = 8A000404
05-27 18:13:18.612   536   536 D commservice260303: msgid = -1979710460,did=138
05-27 18:13:18.612   536   536 D commservice260303: CommProtocolLibCmdBaseI2C::dataproc {"command":{"id":"imu_status","sub":""},"content":{"TimeStamp":8,"FrameCounter":200172,"GD_X":-0.011300750076770782,"GD_Y":0.00519212381914258,"GD_Z":0.0012977708829566836,"AD_X":-0.0024676918983459473,"AD_Y":-0.001986502204090357,"AD_Z":-0.16826629638671875,"TempDsp":0,"Status":0,"CalibState":1,"SigAmpInvalid":0}},-1979710460
05-27 18:13:18.612   536   536 D commservice260303: send2Cluster len:316, 7B22636F6D6D616E64223A7B226964223A22696D755F737461747573222C22737562223A22227D2C22636F6E74656E74223A7B2254696D655374616D70223A382C224672616D65436F756E746572223A3230303137322C2247445F58223A2D302E3031313330303735303037363737303738322C2247445F59223A302E30303531393231323338313931343235382C2247445F5A223A302E303031323937373730383832393536363833362C2241445F58223A2D302E303032343637363931383938333435393437332C2241445F59223A2D302E3030313938363530323230343039303335372C2241445F5A223A2D302E31363832363632393633383637313837352C2254656D70447370223A302C22537461747573223A302C2243616C69625374617465223A312C22536967416D70496E76616C6964223A307D7D, 138 
05-27 18:13:18.612   536   536 D commservice260303: Push Message into SendPool fn=-1924529408
05-27 18:13:18.612   536   536 D commservice260303: ComProtocolLibSend2Cluster::send2ClusterRaw fn=-1924529408 , len=332
05-27 18:13:18.612   536   536 D commservice260303: sendCmdToPort :332!!!
05-27 18:13:18.612   536   536 D commservice260303: send Cmd To Port ++++5AA501488A0100034A8D6A16C3BE7B22636F6D6D616E64223A7B226964223A22696D755F737461747573222C22737562223A22227D2C22636F6E74656E74223A7B2254696D655374616D70223A382C224672616D65436F756E746572223A3230303137322C2247445F58223A2D302E3031313330303735303037363737303738322C2247445F59223A302E30303531393231323338313931343235382C2247445F5A223A302E303031323937373730383832393536363833362C2241445F58223A2D302E303032343637363931383938333435393437332C2241445F59223A2D302E3030313938363530323230343039303335372C2241445F5A223A2D302E31363832363632393633383637313837352C2254656D70447370223A302C22537461747573223A302C2243616C69625374617465223A312C22536967416D70496E76616C6964223A307D7DB410
05-27 18:13:18.612   536   536 D commservice260303: bufferevent_write retrun value = 0
05-27 18:13:18.612   536   560 D commservice260303: client datas send succeed,send finish
05-27 18:13:18.612 13911 14192 D Sentinelmode_1.2.5.17_sentry: <SentryImuClusterFgeSender>imu_status sent to Linux, frame=200172, tsNs=8665842, tsMs=8, intervalMs=41, ad=(-0.002467692,-0.0019865022,-0.1682663), gd=(-0.01130075,0.005192124,0.0012977709)
05-27 18:13:18.612   299  1163 D EvsDriver: doneWithFrame
05-27 08:04:27.574   581   581 D spi_rst_gpio_get_output: GPIO 145 value: 1
05-27 08:04:27.574   581   581 D spidev_ioctl: gpio status=1)
05-27 18:13:18.615   581   581 I SpiService: fgesysctrl_getGPIO_status success val=1
05-27 08:04:27.580   581   581 D spi_rst_gpio_get_output: GPIO 145 value: 1
05-27 08:04:27.580   581   581 D spidev_ioctl: gpio status=1)
05-27 18:13:18.618 13911 14183 I SentryImuMcuAngleSender: 179.98949rollDeg
05-27 18:13:18.618 13911 14183 I SentryImuMcuAngleSender: 1,0,0
05-27 18:13:18.620   581   581 I SpiService: fgesysctrl_getGPIO_status success val=1
05-27 08:04:27.585   581   581 D spi_rst_gpio_get_output: GPIO 145 value: 1
05-27 08:04:27.585   581   581 D spidev_ioctl: gpio status=1)
05-27 18:13:18.624  1008 30857 D [OMXB]  : usingANWBuffer: handle:0xee742ed0, format:1, w:1920, h:1080
05-27 18:13:18.626   581   581 I SpiService: fgesysctrl_getGPIO_status success val=1
05-27 08:04:27.590   581   581 D spi_rst_gpio_get_output: GPIO 145 value: 1
05-27 08:04:27.590   581   581 D spidev_ioctl: gpio status=1)
05-27 18:13:18.631   581   581 I SpiService: fgesysctrl_getGPIO_status success val=0
05-27 08:04:27.596   581   581 D spi_rst_gpio_get_output: GPIO 145 value: 0
05-27 08:04:27.596   581   581 D spidev_ioctl: gpio status=0)
05-27 18:13:18.639 13911 14183 I SentryImuMcuAngleSender: 179.993rollDeg
05-27 18:13:18.639 13911 14183 I SentryImuMcuAngleSender: 1,0,0
05-27 18:13:18.640  1008 30856 D [OMXB]  : usingANWBuffer: handle:0xee742690, format:1, w:1920, h:1080
05-27 18:13:18.641   299 30841 D EvsDriver: forwardFrame
05-27 18:13:18.642   299 30841 D EvsDriver: Delivered 0xb400007b7ca56a60 as id 0
05-27 18:13:18.642  1167  1167 D evsmanagerd: /dev/video4 forwarded the buffer #0 to 0xb4000074bf5f6850 from 0xb4000074bf5f41d0
05-27 18:13:18.642 30773 30782 E dvr_service_: [myNum:0] Received S**** loss
05-27 18:13:18.643   299  1163 D EvsDriver: doneWithFrame
05-27 18:13:18.645   581   581 I SpiService: fgesysctrl_getGPIO_status success val=1
05-27 18:13:18.647   299 30844 D EvsDriver: forwardFrame
05-27 18:13:18.648   299 30844 D EvsDriver: Delivered 0xb400007b7ca56900 as id 0
05-27 18:13:18.648  1167  1167 D evsmanagerd: /dev/video6 forwarded the buffer #0 to 0xb4000074bf5f5510 from 0xb4000074bf5f6d90
05-27 18:13:18.649 30773 30782 E dvr_service_: [myNum:1] Received S**** loss
05-27 08:04:27.610   581   581 D spi_rst_gpio_get_output: GPIO 145 value: 1
05-27 08:04:27.610   581   581 D spidev_ioctl: gpio status=1)
05-27 18:13:18.649   299  1163 D EvsDriver: doneWithFrame
05-27 18:13:18.650   581   581 I SpiService: fgesysctrl_getGPIO_status success val=1
05-27 18:13:18.651   536   536 D commservice260303: msg.id = 1028,0
05-27 18:13:18.651   536   536 D commservice260303: i = 170, msgid = 8A000404
05-27 18:13:18.651   536   536 D commservice260303: msgid = -1979710460,did=138
05-27 18:13:18.651   536   536 D commservice260303: CommProtocolLibCmdBaseI2C::dataproc {"command":{"id":"imu_status","sub":""},"content":{"TimeStamp":8,"FrameCounter":200173,"GD_X":-0.011453153565526009,"GD_Y":0.004809814505279064,"GD_Z":0.0021378109231591225,"AD_X":-0.0012590140104293823,"AD_Y":-0.0031736670061945915,"AD_Z":-0.17009544372558594,"TempDsp":0,"Status":0,"CalibState":1,"SigAmpInvalid":0}},-1979710460
05-27 18:13:18.652   536   536 D commservice260303: send2Cluster len:318, 7B22636F6D6D616E64223A7B226964223A22696D755F737461747573222C22737562223A22227D2C22636F6E74656E74223A7B2254696D655374616D70223A382C224672616D65436F756E746572223A3230303137332C2247445F58223A2D302E3031313435333135333536353532363030392C2247445F59223A302E3030343830393831343530353237393036342C2247445F5A223A302E303032313337383130393233313539313232352C2241445F58223A2D302E303031323539303134303130343239333832332C2241445F59223A2D302E303033313733363637303036313934353931352C2241445F5A223A2D302E31373030393534343337323535383539342C2254656D70447370223A302C22537461747573223A302C2243616C69625374617465223A312C22536967416D70496E76616C6964223A307D7D, 138 
05-27 18:13:18.652   536   536 D commservice260303: Push Message into SendPool fn=-1907752192
05-27 18:13:18.652   536   536 D commservice260303: ComProtocolLibSend2Cluster::send2ClusterRaw fn=-1907752192 , len=334
05-27 18:13:18.652   536   536 D commservice260303: sendCmdToPort :334!!!
05-27 18:13:18.652   536   536 D commservice260303: send Cmd To Port ++++5AA5014A8A0100034A8E6A16C3BE7B22636F6D6D616E64223A7B226964223A22696D755F737461747573222C22737562223A22227D2C22636F6E74656E74223A7B2254696D655374616D70223A382C224672616D65436F756E746572223A3230303137332C2247445F58223A2D302E3031313435333135333536353532363030392C2247445F59223A302E3030343830393831343530353237393036342C2247445F5A223A302E303032313337383130393233313539313232352C2241445F58223A2D302E303031323539303134303130343239333832332C2241445F59223A2D302E303033313733363637303036313934353931352C2241445F5A223A2D302E31373030393534343337323535383539342C2254656D70447370223A302C22537461747573223A302C2243616C69625374617465223A312C22536967416D70496E76616C6964223A307D7D15EC
05-27 18:13:18.652   283   307 I rvcservice: t.code = 4, t.value = 0
05-27 18:13:18.652   536   536 D commservice260303: bufferevent_write retrun value = 0
05-27 18:13:18.652   536   560 D commservice260303: client datas send succeed,send finish
05-27 18:13:18.652 13911 14192 D Sentinelmode_1.2.5.17_sentry: <SentryImuClusterFgeSender>imu_status sent to Linux, frame=200173, tsNs=8665895, tsMs=8, intervalMs=40, ad=(-0.001259014,-0.003173667,-0.17009544), gd=(-0.011453154,0.0048098145,0.002137811)
05-27 08:04:27.615   581   581 D spi_rst_gpio_get_output: GPIO 145 value: 1
05-27 08:04:27.615   581   581 D spidev_ioctl: gpio status=1)
05-27 18:13:18.656   581   581 I SpiService: fgesysctrl_getGPIO_status success val=1
05-27 08:04:27.620   581   581 D spi_rst_gpio_get_output: GPIO 145 value: 1
05-27 08:04:27.620   581   581 D spidev_ioctl: gpio status=1)
05-27 18:13:18.658  1008 30857 D [OMXB]  : usingANWBuffer: handle:0xee747180, format:1, w:1920, h:1080
05-27 18:13:18.659 13911 14183 I SentryImuMcuAngleSender: 179.98949rollDeg
05-27 18:13:18.659 13911 14183 I SentryImuMcuAngleSender: 1,0,0
05-27 18:13:18.661   581   581 I SpiService: fgesysctrl_getGPIO_status success val=1
05-27 08:04:27.626   581   581 D spi_rst_gpio_get_output: GPIO 145 value: 1
05-27 08:04:27.626   581   581 D spidev_ioctl: gpio status=1)
05-27 18:13:18.667   581   581 I SpiService: fgesysctrl_getGPIO_status success val=1
05-27 08:04:27.631   581   581 D spi_rst_gpio_get_output: GPIO 145 value: 1
05-27 08:04:27.631   581   581 D spidev_ioctl: gpio status=1)
05-27 18:13:18.670   299 30844 D EvsDriver: forwardFrame
05-27 18:13:18.672   269   269 D libvintf: HalManifest::getHidlTransport(framework): Cannot find android.hardware.usb@1.0::IUsb/default
05-27 18:13:18.672   299 30844 D EvsDriver: Delivered 0xb400007b7ca56900 as id 0
05-27 18:13:18.672   269   269 D libvintf: HalManifest::getHidlTransport(device): Cannot find android.hardware.usb@1.0::IUsb/default
05-27 18:13:18.672  1167  1167 D evsmanagerd: /dev/video6 forwarded the buffer #0 to 0xb4000074bf5f5510 from 0xb4000074bf5f6d90
05-27 18:13:18.672   269   269 I hwservicemanager: getTransport: Cannot find entry android.hardware.usb@1.0::IUsb/default in either framework or device VINTF manifest.
05-27 18:13:18.673   581   581 I SpiService: fgesysctrl_getGPIO_status success val=0
05-27 08:04:27.637   581   581 D spi_rst_gpio_get_output: GPIO 145 value: 0
05-27 18:13:18.673 12348 12448 E ExtUsbManager: UsbHalController: android.hardware.usb.V1_0.IUsb getService failed!
05-27 18:13:18.673 12348 12448 E ExtUsbManager: java.util.NoSuchElementException
05-27 18:13:18.673 12348 12448 E ExtUsbManager: 	at android.os.HwBinder.getService(Native Method)
05-27 18:13:18.673 12348 12448 E ExtUsbManager: 	at android.os.HwBinder.getService(HwBinder.java:81)
05-27 18:13:18.673 12348 12448 E ExtUsbManager: 	at android.hardware.usb.V1_0.IUsb.getService(IUsb.java:74)
05-27 18:13:18.673 12348 12448 E ExtUsbManager: 	at android.hardware.usb.V1_0.IUsb.getService(IUsb.java:84)
05-27 18:13:18.673 12348 12448 E ExtUsbManager: 	at ts.car.usb.UsbHalController.createService(UsbHalController.java:37)
05-27 18:13:18.673 12348 12448 E ExtUsbManager: 	at ts.car.usb.UsbHalController.createService(UsbHalController.java:18)
05-27 18:13:18.673 12348 12448 E ExtUsbManager: 	at ts.car.usb.utils.AutoServiceConnector4Hidl.autoConnect(AutoServiceConnector4Hidl.java:47)
05-27 18:13:18.673 12348 12448 E ExtUsbManager: 	at ts.car.usb.utils.AutoServiceConnector4Hidl$$ExternalSyntheticLambda0.run(Unknown Source:2)
05-27 18:13:18.673 12348 12448 E ExtUsbManager: 	at android.os.Handler.handleCallback(Handler.java:942)
05-27 18:13:18.673 12348 12448 E ExtUsbManager: 	at android.os.Handler.dispatchMessage(Handler.java:99)
05-27 18:13:18.673 12348 12448 E ExtUsbManager: 	at android.os.Looper.loopOnce(Looper.java:201)
05-27 18:13:18.673 12348 12448 E ExtUsbManager: 	at android.os.Looper.loop(Looper.java:288)
05-27 18:13:18.673 12348 12448 E ExtUsbManager: 	at android.os.HandlerThread.run(HandlerThread.java:67)
05-27 08:04:27.637   581   581 D spidev_ioctl: gpio status=0)
05-27 18:13:18.675   269   269 D libvintf: HalManifest::getHidlTransport(framework): Cannot find vendor.ts.usbext@1.0::IUsbext/default
05-27 18:13:18.675   269   269 D libvintf: HalManifest::getHidlTransport(device): Cannot find vendor.ts.usbext@1.0::IUsbext/default
05-27 18:13:18.675   269   269 I hwservicemanager: getTransport: Cannot find entry vendor.ts.usbext@1.0::IUsbext/default in either framework or device VINTF manifest.
05-27 18:13:18.675   299  1163 D EvsDriver: doneWithFrame
05-27 18:13:18.676 12348 12448 E ExtUsbManager: UsbHalExtController: vendor.ts.usbext.V1_0.IUsbext getService failed!
05-27 18:13:18.676 12348 12448 E ExtUsbManager: java.util.NoSuchElementException
05-27 18:13:18.676 12348 12448 E ExtUsbManager: 	at android.os.HwBinder.getService(Native Method)
05-27 18:13:18.676 12348 12448 E ExtUsbManager: 	at android.os.HwBinder.getService(HwBinder.java:81)
05-27 18:13:18.676 12348 12448 E ExtUsbManager: 	at vendor.ts.usbext.V1_0.IUsbext.getService(IUsbext.java:74)
05-27 18:13:18.676 12348 12448 E ExtUsbManager: 	at vendor.ts.usbext.V1_0.IUsbext.getService(IUsbext.java:84)
05-27 18:13:18.676 12348 12448 E ExtUsbManager: 	at ts.car.usb.UsbHalExtController.createService(UsbHalExtController.java:37)
05-27 18:13:18.676 12348 12448 E ExtUsbManager: 	at ts.car.usb.UsbHalExtController.createService(UsbHalExtController.java:18)
05-27 18:13:18.676 12348 12448 E ExtUsbManager: 	at ts.car.usb.utils.AutoServiceConnector4Hidl.autoConnect(AutoServiceConnector4Hidl.java:47)
05-27 18:13:18.676 12348 12448 E ExtUsbManager: 	at ts.car.usb.utils.AutoServiceConnector4Hidl$$ExternalSyntheticLambda0.run(Unknown Source:2)
05-27 18:13:18.676 12348 12448 E ExtUsbManager: 	at android.os.Handler.handleCallback(Handler.java:942)
05-27 18:13:18.676 12348 12448 E ExtUsbManager: 	at android.os.Handler.dispatchMessage(Handler.java:99)
05-27 18:13:18.676 12348 12448 E ExtUsbManager: 	at android.os.Looper.loopOnce(Looper.java:201)
05-27 18:13:18.676 12348 12448 E ExtUsbManager: 	at android.os.Looper.loop(Looper.java:288)
05-27 18:13:18.676 12348 12448 E ExtUsbManager: 	at android.os.HandlerThread.run(HandlerThread.java:67)
05-27 18:13:18.677   269   269 D libvintf: HalManifest::getHidlTransport(framework): Cannot find android.hardware.usb.gadget@1.0::IUsbGadget/default
05-27 18:13:18.677   269   269 D libvintf: HalManifest::getHidlTransport(device): Cannot find android.hardware.usb.gadget@1.0::IUsbGadget/default
05-27 18:13:18.677   269   269 I hwservicemanager: getTransport: Cannot find entry android.hardware.usb.gadget@1.0::IUsbGadget/default in either framework or device VINTF manifest.
05-27 18:13:18.678 12348 12448 E ExtUsbManager: UsbGadgetController: android.hardware.usb.gadget.V1_0.IUsbGadget getService failed!
05-27 18:13:18.678 12348 12448 E ExtUsbManager: java.util.NoSuchElementException
05-27 18:13:18.678 12348 12448 E ExtUsbManager: 	at android.os.HwBinder.getService(Native Method)
05-27 18:13:18.678 12348 12448 E ExtUsbManager: 	at android.os.HwBinder.getService(HwBinder.java:81)
05-27 18:13:18.678 12348 12448 E ExtUsbManager: 	at android.hardware.usb.gadget.V1_0.IUsbGadget.getService(IUsbGadget.java:74)
05-27 18:13:18.678 12348 12448 E ExtUsbManager: 	at android.hardware.usb.gadget.V1_0.IUsbGadget.getService(IUsbGadget.java:84)
05-27 18:13:18.678 12348 12448 E ExtUsbManager: 	at ts.car.usb.UsbGadgetController.createService(UsbGadgetController.java:36)
05-27 18:13:18.678 12348 12448 E ExtUsbManager: 	at ts.car.usb.UsbGadgetController.createService(UsbGadgetController.java:17)
05-27 18:13:18.678 12348 12448 E ExtUsbManager: 	at ts.car.usb.utils.AutoServiceConnector4Hidl.autoConnect(AutoServiceConnector4Hidl.java:47)
05-27 18:13:18.678 12348 12448 E ExtUsbManager: 	at ts.car.usb.utils.AutoServiceConnector4Hidl$$ExternalSyntheticLambda0.run(Unknown Source:2)
05-27 18:13:18.678 12348 12448 E ExtUsbManager: 	at android.os.Handler.handleCallback(Handler.java:942)
05-27 18:13:18.678 12348 12448 E ExtUsbManager: 	at android.os.Handler.dispatchMessage(Handler.java:99)
05-27 18:13:18.678 12348 12448 E ExtUsbManager: 	at android.os.Looper.loopOnce(Looper.java:201)
05-27 18:13:18.678 12348 12448 E ExtUsbManager: 	at android.os.Looper.loop(Looper.java:288)
