05-27 18:13:21.158   536   536 D commservice260303: send Cmd To Port ++++5AA501478A0100034ACD6A16C3C17B22636F6D6D616E64223A7B226964223A22696D755F737461747573222C22737562223A22227D2C22636F6E74656E74223A7B2254696D655374616D70223A382C224672616D65436F756E746572223A3230303233352C2247445F58223A2D302E3031323133393734393731333234323035342C2247445F59223A302E3030353837393234303131303531363534382C2247445F5A223A302E3030323434333133383237373135383134312C2241445F58223A302E303031383237333539313939353233393235382C2241445F59223A312E32343731353236383631313930373936452D342C2241445F5A223A2D302E31363832363632393633383637313837352C2254656D70447370223A302C22537461747573223A302C2243616C69625374617465223A312C22536967416D70496E76616C6964223A307D7D2D98
05-27 18:13:21.158   536   536 D commservice260303: bufferevent_write retrun value = 0
05-27 18:13:21.158   536   560 D commservice260303: client datas send succeed,send finish
05-27 18:13:21.158 13911 14192 D Sentinelmode_1.2.5.17_sentry: <SentryImuClusterFgeSender>imu_status sent to Linux, frame=200235, tsNs=8668392, tsMs=8, intervalMs=36, ad=(0.0018273592,1.2471527E-4,-0.1682663), gd=(-0.01213975,0.00587924,0.0024431383)
05-27 18:13:21.159   283   307 I rvcservice: t.code = 3, t.value = 0
05-27 08:04:30.122   581   581 D spi_rst_gpio_get_output: GPIO 145 value: 1
05-27 08:04:30.122   581   581 D spidev_ioctl: gpio status=1)
05-27 18:13:21.163   581   581 I SpiService: fgesysctrl_getGPIO_status success val=0
05-27 18:13:21.163   481   597 I mcuc    : send SPI:6AA6015EFC00F80901410401098102010100000000000000000000000000000000000000000000000000000000000000000000000000000000000000000000000000000000000000000000000000000000000000000000000000000000000000000000000000000000000000000000000000000000000000000000000000000000000000000000000000000000000000000000000000000000000000000000000000000000000000000000000000000000000000000000000000000000000000000000000000000000000000000000000000000000000000000000000000000000000000000000000000000000000000000000000000000000000000000000CF
05-27 08:04:30.128   581   581 D spi_rst_gpio_get_output: GPIO 145 value: 0
05-27 08:04:30.128   581   581 D spidev_ioctl: gpio status=0)
05-27 18:13:21.165  1008 30857 D [OMXB]  : usingANWBuffer: handle:0xee747180, format:1, w:1920, h:1080
05-27 18:13:21.165 13911 14183 I SentryImuMcuAngleSender: 179.97197rollDeg
05-27 18:13:21.165 13911 14183 I SentryImuMcuAngleSender: 1,0,0
05-27 18:13:21.166 30773 30789 I dvr_service_: Camera 1: MediaOK:12409621, frames:280, isKeyFrame:0,pts:8668275040
05-27 18:13:21.172   299 30841 D EvsDriver: forwardFrame
05-27 18:13:21.175  1167  1167 D evsmanagerd: /dev/video4 forwarded the buffer #0 to 0xb4000074bf5f6850 from 0xb4000074bf5f41d0
05-27 18:13:21.175   299 30841 D EvsDriver: Delivered 0xb400007b7ca56a60 as id 0
05-27 18:13:21.178   581   581 I SpiService: fgesysctrl_getGPIO_status success val=1
05-27 18:13:21.178   299 30844 D EvsDriver: forwardFrame
05-27 18:13:21.180   299 30844 D EvsDriver: Delivered 0xb400007b7ca56900 as id 0
05-27 18:13:21.180  1167  1167 D evsmanagerd: /dev/video6 forwarded the buffer #0 to 0xb4000074bf5f5510 from 0xb4000074bf5f6d90
05-27 08:04:30.142   581   581 D spi_rst_gpio_get_output: GPIO 145 value: 1
05-27 08:04:30.142   581   581 D spidev_ioctl: gpio status=1)
05-27 18:13:21.184   581   581 I SpiService: fgesysctrl_getGPIO_status success val=1
05-27 18:13:21.184   299  1153 D EvsDriver: doneWithFrame
05-27 18:13:21.184   299  1163 D EvsDriver: doneWithFrame
05-27 08:04:30.148   581   581 D spi_rst_gpio_get_output: GPIO 145 value: 1
05-27 08:04:30.148   581   581 D spidev_ioctl: gpio status=1)
05-27 18:13:21.186 13911 14183 I SentryImuMcuAngleSender: 179.96848rollDeg
05-27 18:13:21.186 13911 14183 I SentryImuMcuAngleSender: 1,0,0
05-27 18:13:21.189   581   581 I SpiService: fgesysctrl_getGPIO_status success val=1
05-27 18:13:21.192  1008 30856 D [OMXB]  : usingANWBuffer: handle:0xee7444d0, format:1, w:1920, h:1080
05-27 08:04:30.154   581   581 D spi_rst_gpio_get_output: GPIO 145 value: 1
05-27 08:04:30.154   581   581 D spidev_ioctl: gpio status=1)
05-27 18:13:21.195   581   581 I SpiService: fgesysctrl_getGPIO_status success val=1
05-27 18:13:21.198   536   536 D commservice260303: msg.id = 1028,1
05-27 08:04:30.160   581   581 D spi_rst_gpio_get_output: GPIO 145 value: 1
05-27 08:04:30.160   581   581 D spidev_ioctl: gpio status=1)
05-27 18:13:21.198   536   536 D commservice260303: i = 170, msgid = 8A000404
05-27 18:13:21.198   536   536 D commservice260303: msgid = -1979710460,did=138
05-27 18:13:21.198   536   536 D commservice260303: CommProtocolLibCmdBaseI2C::dataproc {"command":{"id":"imu_status","sub":""},"content":{"TimeStamp":8,"FrameCounter":200236,"GD_X":-0.011682018637657166,"GD_Y":0.0048857564106583595,"GD_Z":0.0021378109231591225,"AD_X":-6.429404020309448E-4,"AD_Y":0.0037708859890699387,"AD_Z":-0.16704177856445312,"TempDsp":0,"Status":0,"CalibState":1,"SigAmpInvalid":0}},-1979710460
05-27 18:13:21.198   536   536 D commservice260303: send2Cluster len:317, 7B22636F6D6D616E64223A7B226964223A22696D755F737461747573222C22737562223A22227D2C22636F6E74656E74223A7B2254696D655374616D70223A382C224672616D65436F756E746572223A3230303233362C2247445F58223A2D302E3031313638323031383633373635373136362C2247445F59223A302E303034383835373536343130363538333539352C2247445F5A223A302E303032313337383130393233313539313232352C2241445F58223A2D362E343239343034303230333039343438452D342C2241445F59223A302E303033373730383835393839303639393338372C2241445F5A223A2D302E31363730343137373835363434353331322C2254656D70447370223A302C22537461747573223A302C2243616C69625374617465223A312C22536967416D70496E76616C6964223A307D7D, 138 
05-27 18:13:21.198   536   536 D commservice260303: Push Message into SendPool fn=-834010368
05-27 18:13:21.198   536   536 D commservice260303: ComProtocolLibSend2Cluster::send2ClusterRaw fn=-834010368 , len=333
05-27 18:13:21.198   536   536 D commservice260303: sendCmdToPort :333!!!
05-27 18:13:21.198   536   536 D commservice260303: send Cmd To Port ++++5AA501498A0100034ACE6A16C3C17B22636F6D6D616E64223A7B226964223A22696D755F737461747573222C22737562223A22227D2C22636F6E74656E74223A7B2254696D655374616D70223A382C224672616D65436F756E746572223A3230303233362C2247445F58223A2D302E3031313638323031383633373635373136362C2247445F59223A302E303034383835373536343130363538333539352C2247445F5A223A302E303032313337383130393233313539313232352C2241445F58223A2D362E343239343034303230333039343438452D342C2241445F59223A302E303033373730383835393839303639393338372C2241445F5A223A2D302E31363730343137373835363434353331322C2254656D70447370223A302C22537461747573223A302C2243616C69625374617465223A312C22536967416D70496E76616C6964223A307D7D8A6F
05-27 18:13:21.199   536   536 D commservice260303: bufferevent_write retrun value = 0
05-27 18:13:21.199   536   560 D commservice260303: client datas send succeed,send finish
05-27 18:13:21.199 13911 14192 D Sentinelmode_1.2.5.17_sentry: <SentryImuClusterFgeSender>imu_status sent to Linux, frame=200236, tsNs=8668445, tsMs=8, intervalMs=41, ad=(-6.429404E-4,0.003770886,-0.16704178), gd=(-0.011682019,0.0048857564,0.002137811)
05-27 18:13:21.201   581   581 I SpiService: fgesysctrl_getGPIO_status success val=1
05-27 08:04:30.165   581   581 D spi_rst_gpio_get_output: GPIO 145 value: 1
05-27 08:04:30.165   581   581 D spidev_ioctl: gpio status=1)
05-27 18:13:21.205 13911 14183 I SentryImuMcuAngleSender: 179.95093rollDeg
05-27 18:13:21.205 13911 14183 I SentryImuMcuAngleSender: 1,0,0
05-27 18:13:21.206  1008 30857 D [OMXB]  : usingANWBuffer: handle:0xee741e50, format:1, w:1920, h:1080
05-27 18:13:21.206   299 30844 D EvsDriver: forwardFrame
05-27 18:13:21.206   581   581 I SpiService: fgesysctrl_getGPIO_status success val=0
05-27 08:04:30.171   581   581 D spi_rst_gpio_get_output: GPIO 145 value: 0
05-27 08:04:30.171   581   581 D spidev_ioctl: gpio status=0)
05-27 18:13:21.207   299 30844 D EvsDriver: Delivered 0xb400007b7ca56900 as id 0
05-27 18:13:21.208  1167  1167 D evsmanagerd: /dev/video6 forwarded the buffer #0 to 0xb4000074bf5f5510 from 0xb4000074bf5f6d90
05-27 18:13:21.213   299  1153 D EvsDriver: doneWithFrame
05-27 18:13:21.217   299 30841 D EvsDriver: forwardFrame
05-27 18:13:21.219   299 30841 D EvsDriver: Delivered 0xb400007b7ca56a60 as id 0
05-27 18:13:21.219  1167  1167 D evsmanagerd: /dev/video4 forwarded the buffer #0 to 0xb4000074bf5f6850 from 0xb4000074bf5f41d0
05-27 18:13:21.219   481   598 I mcuc    : rev,n=1,6AA6825EFC0002090118
05-27 18:13:21.223   581   581 I SpiService: fgesysctrl_getGPIO_status success val=1
05-27 18:13:21.224   299  1153 D EvsDriver: doneWithFrame
05-27 08:04:30.188   581   581 D spi_rst_gpio_get_output: GPIO 145 value: 1
05-27 08:04:30.188   581   581 D spidev_ioctl: gpio status=1)
05-27 18:13:21.225 13911 14183 I SentryImuMcuAngleSender: 179.9369rollDeg
05-27 18:13:21.225 13911 14183 I SentryImuMcuAngleSender: 1,0,0
05-27 08:04:30.193   581   581 D spi_rst_gpio_get_output: GPIO 145 value: 1
05-27 08:04:30.193   581   581 D spidev_ioctl: gpio status=1)
05-27 18:13:21.229   581   581 I SpiService: fgesysctrl_getGPIO_status success val=1
05-27 18:13:21.230   572   622 I Sensors : 230 AccelSensor: x:-0.168969,y:0.009760,z:-9.973500
05-27 18:13:21.231  1008 30856 D [OMXB]  : usingANWBuffer: handle:0xee740220, format:1, w:1920, h:1080
05-27 18:13:21.235   581   581 I SpiService: fgesysctrl_getGPIO_status success val=1
05-27 08:04:30.199   581   581 D spi_rst_gpio_get_output: GPIO 145 value: 1
05-27 08:04:30.200   581   581 D spidev_ioctl: gpio status=1)
05-27 18:13:21.238   536   536 D commservice260303: msg.id = 1028,1
05-27 18:13:21.238   536   536 D commservice260303: i = 170, msgid = 8A000404
05-27 18:13:21.238   536   536 D commservice260303: msgid = -1979710460,did=138
05-27 18:13:21.238   536   536 D commservice260303: CommProtocolLibCmdBaseI2C::dataproc {"command":{"id":"imu_status","sub":""},"content":{"TimeStamp":8,"FrameCounter":200237,"GD_X":-0.011453153565526009,"GD_Y":0.0048857564106583595,"GD_Z":0.001679039909504354,"AD_X":-0.0024717003107070923,"AD_Y":0.0049559627659618855,"AD_Z":-0.16826248168945312,"TempDsp":0,"Status":0,"CalibState":1,"SigAmpInvalid":0}},-1979710460
05-27 18:13:21.238   536   536 D commservice260303: send2Cluster len:317, 7B22636F6D6D616E64223A7B226964223A22696D755F737461747573222C22737562223A22227D2C22636F6E74656E74223A7B2254696D655374616D70223A382C224672616D65436F756E746572223A3230303233372C2247445F58223A2D302E3031313435333135333536353532363030392C2247445F59223A302E303034383835373536343130363538333539352C2247445F5A223A302E3030313637393033393930393530343335342C2241445F58223A2D302E303032343731373030333130373037303932332C2241445F59223A302E303034393535393632373635393631383835352C2241445F5A223A2D302E31363832363234383136383934353331322C2254656D70447370223A302C22537461747573223A302C2243616C69625374617465223A312C22536967416D70496E76616C6964223A307D7D, 138 
05-27 18:13:21.238   536   536 D commservice260303: Push Message into SendPool fn=-817233152
05-27 18:13:21.238   536   536 D commservice260303: ComProtocolLibSend2Cluster::send2ClusterRaw fn=-817233152 , len=333
05-27 18:13:21.238   536   536 D commservice260303: sendCmdToPort :333!!!
05-27 18:13:21.238   536   536 D commservice260303: send Cmd To Port ++++5AA501498A0100034ACF6A16C3C17B22636F6D6D616E64223A7B226964223A22696D755F737461747573222C22737562223A22227D2C22636F6E74656E74223A7B2254696D655374616D70223A382C224672616D65436F756E746572223A3230303233372C2247445F58223A2D302E3031313435333135333536353532363030392C2247445F59223A302E303034383835373536343130363538333539352C2247445F5A223A302E3030313637393033393930393530343335342C2241445F58223A2D302E303032343731373030333130373037303932332C2241445F59223A302E303034393535393632373635393631383835352C2241445F5A223A2D302E31363832363234383136383934353331322C2254656D70447370223A302C22537461747573223A302C2243616C69625374617465223A312C22536967416D70496E76616C6964223A307D7D946C
05-27 18:13:21.239   536   536 D commservice260303: bufferevent_write retrun value = 0
05-27 18:13:21.239   536   560 D commservice260303: client datas send succeed,send finish
05-27 18:13:21.239 13911 14192 D Sentinelmode_1.2.5.17_sentry: <SentryImuClusterFgeSender>imu_status sent to Linux, frame=200237, tsNs=8668481, tsMs=8, intervalMs=40, ad=(-0.0024717003,0.0049559628,-0.16826248), gd=(-0.011453154,0.0048857564,0.0016790399)
05-27 18:13:21.240   299 30844 D EvsDriver: forwardFrame
05-27 18:13:21.241   581   581 I SpiService: fgesysctrl_getGPIO_status success val=1
05-27 18:13:21.241   299 30844 D EvsDriver: Delivered 0xb400007b7ca56900 as id 0
05-27 18:13:21.241  1167  1167 D evsmanagerd: /dev/video6 forwarded the buffer #0 to 0xb4000074bf5f5510 from 0xb4000074bf5f6d90
05-27 18:13:21.243   299 30841 D EvsDriver: forwardFrame
05-27 18:13:21.243   299  1153 D EvsDriver: doneWithFrame
05-27 08:04:30.206   581   581 D spi_rst_gpio_get_output: GPIO 145 value: 1
05-27 08:04:30.206   581   581 D spidev_ioctl: gpio status=1)
05-27 18:13:21.245  1167  1167 D evsmanagerd: /dev/video4 forwarded the buffer #0 to 0xb4000074bf5f6850 from 0xb4000074bf5f41d0
05-27 18:13:21.245   299 30841 D EvsDriver: Delivered 0xb400007b7ca56a60 as id 0
05-27 18:13:21.245 13911 14183 I SentryImuMcuAngleSender: 179.94392rollDeg
05-27 18:13:21.245 13911 14183 I SentryImuMcuAngleSender: 1,0,0
05-27 08:04:30.211   581   581 D spi_rst_gpio_get_output: GPIO 145 value: 0
05-27 08:04:30.211   581   581 D spidev_ioctl: gpio status=0)
05-27 18:13:21.247   581   581 I SpiService: fgesysctrl_getGPIO_status success val=0
05-27 18:13:21.247   299  1153 D EvsDriver: doneWithFrame
05-27 18:13:21.253  1008 30857 D [OMXB]  : usingANWBuffer: handle:0xee744630, format:1, w:1920, h:1080
05-27 18:13:21.259   283   307 I rvcservice: t.code = 4, t.value = 0
05-27 18:13:21.261   581   581 I SpiService: fgesysctrl_getGPIO_status success val=1
05-27 08:04:30.226   581   581 D spi_rst_gpio_get_output: GPIO 145 value: 1
05-27 08:04:30.226   581   581 D spidev_ioctl: gpio status=1)
05-27 18:13:21.266 13911 14183 I SentryImuMcuAngleSender: 179.95796rollDeg
05-27 18:13:21.266 13911 14183 I SentryImuMcuAngleSender: 1,0,0
05-27 18:13:21.267   581   581 I SpiService: fgesysctrl_getGPIO_status success val=1
05-27 18:13:21.268  1008 30856 D [OMXB]  : usingANWBuffer: handle:0xee744000, format:1, w:1920, h:1080
05-27 08:04:30.231   581   581 D spi_rst_gpio_get_output: GPIO 145 value: 1
05-27 08:04:30.231   581   581 D spidev_ioctl: gpio status=1)
05-27 18:13:21.269   299 30841 D EvsDriver: forwardFrame
05-27 18:13:21.271  1167  1167 D evsmanagerd: /dev/video4 forwarded the buffer #0 to 0xb4000074bf5f6850 from 0xb4000074bf5f41d0
05-27 18:13:21.271   299 30841 D EvsDriver: Delivered 0xb400007b7ca56a60 as id 0
05-27 18:13:21.272   581   581 I SpiService: fgesysctrl_getGPIO_status success val=1
05-27 08:04:30.237   581   581 D spi_rst_gpio_get_output: GPIO 145 value: 1
05-27 08:04:30.237   581   581 D spidev_ioctl: gpio status=1)
05-27 18:13:21.274   299  1153 D EvsDriver: doneWithFrame
05-27 18:13:21.276   536   536 D commservice260303: msg.id = 1028,0
05-27 18:13:21.277   536   536 D commservice260303: i = 170, msgid = 8A000404
05-27 18:13:21.277   536   536 D commservice260303: msgid = -1979710460,did=138
05-27 18:13:21.277   536   536 D commservice260303: CommProtocolLibCmdBaseI2C::dataproc {"command":{"id":"imu_status","sub":""},"content":{"TimeStamp":8,"FrameCounter":200238,"GD_X":-0.01153013575822115,"GD_Y":0.0059551820158958435,"GD_Z":0.0021378109231591225,"AD_X":-0.0030819177627563477,"AD_Y":0.0012841015122830868,"AD_Z":-0.1700916290283203,"TempDsp":0,"Status":0,"CalibState":1,"SigAmpInvalid":0}},-1979710460
05-27 18:13:21.277   536   536 D commservice260303: send2Cluster len:316, 7B22636F6D6D616E64223A7B226964223A22696D755F737461747573222C22737562223A22227D2C22636F6E74656E74223A7B2254696D655374616D70223A382C224672616D65436F756E746572223A3230303233382C2247445F58223A2D302E30313135333031333537353832323131352C2247445F59223A302E303035393535313832303135383935383433352C2247445F5A223A302E303032313337383130393233313539313232352C2241445F58223A2D302E303033303831393137373632373536333437372C2241445F59223A302E303031323834313031353132323833303836382C2241445F5A223A2D302E313730303931363239303238333230332C2254656D70447370223A302C22537461747573223A302C2243616C69625374617465223A312C22536967416D70496E76616C6964223A307D7D, 138 
05-27 18:13:21.277   536   536 D commservice260303: Push Message into SendPool fn=-800455936
05-27 18:13:21.277   536   536 D commservice260303: ComProtocolLibSend2Cluster::send2ClusterRaw fn=-800455936 , len=332
05-27 18:13:21.277   536   536 D commservice260303: sendCmdToPort :332!!!
05-27 18:13:21.277   299 30844 D EvsDriver: forwardFrame
05-27 18:13:21.277   536   536 D commservice260303: send Cmd To Port ++++5AA501488A0100034AD06A16C3C17B22636F6D6D616E64223A7B226964223A22696D755F737461747573222C22737562223A22227D2C22636F6E74656E74223A7B2254696D655374616D70223A382C224672616D65436F756E746572223A3230303233382C2247445F58223A2D302E30313135333031333537353832323131352C2247445F59223A302E303035393535313832303135383935383433352C2247445F5A223A302E303032313337383130393233313539313232352C2241445F58223A2D302E303033303831393137373632373536333437372C2241445F59223A302E303031323834313031353132323833303836382C2241445F5A223A2D302E313730303931363239303238333230332C2254656D70447370223A302C22537461747573223A302C2243616C69625374617465223A312C22536967416D70496E76616C6964223A307D7D4A7D
05-27 18:13:21.278   536   536 D commservice260303: bufferevent_write retrun value = 0
05-27 18:13:21.278   536   560 D commservice260303: client datas send succeed,send finish
05-27 18:13:21.278   581   581 I SpiService: fgesysctrl_getGPIO_status success val=1
05-27 18:13:21.278 13911 14192 D Sentinelmode_1.2.5.17_sentry: <SentryImuClusterFgeSender>imu_status sent to Linux, frame=200238, tsNs=8668516, tsMs=8, intervalMs=39, ad=(-0.0030819178,0.0012841015,-0.17009163), gd=(-0.011530136,0.005955182,0.002137811)
05-27 18:13:21.279   299 30844 D EvsDriver: Delivered 0xb400007b7ca56900 as id 0
05-27 18:13:21.279  1167  1167 D evsmanagerd: /dev/video6 forwarded the buffer #0 to 0xb4000074bf5f5510 from 0xb4000074bf5f6d90
05-27 08:04:30.243   581   581 D spi_rst_gpio_get_output: GPIO 145 value: 1
05-27 08:04:30.243   581   581 D spidev_ioctl: gpio status=1)
05-27 18:13:21.284   581   581 I SpiService: fgesysctrl_getGPIO_status success val=1
05-27 18:13:21.284   299  1153 D EvsDriver: doneWithFrame
05-27 08:04:30.249   581   581 D spi_rst_gpio_get_output: GPIO 145 value: 1
05-27 08:04:30.249   581   581 D spidev_ioctl: gpio status=1)
05-27 18:13:21.286 13911 14183 I SentryImuMcuAngleSender: 179.96497rollDeg
05-27 18:13:21.286 13911 14183 I SentryImuMcuAngleSender: 1,0,0
05-27 18:13:21.290   581   581 I SpiService: fgesysctrl_getGPIO_status success val=0
05-27 08:04:30.254   581   581 D spi_rst_gpio_get_output: GPIO 145 value: 0
05-27 08:04:30.254   581   581 D spidev_ioctl: gpio status=0)
05-27 18:13:21.296  1008 30856 D [OMXB]  : usingANWBuffer: handle:0xee7407a0, format:1, w:1920, h:1080
05-27 18:13:21.304   299 30841 D EvsDriver: forwardFrame
05-27 18:13:21.304   581   581 I SpiService: fgesysctrl_getGPIO_status success val=1
05-27 08:04:30.269   581   581 D spi_rst_gpio_get_output: GPIO 145 value: 1
05-27 08:04:30.269   581   581 D spidev_ioctl: gpio status=1)
05-27 18:13:21.306   299 30844 D EvsDriver: forwardFrame
05-27 18:13:21.306 13911 14183 I SentryImuMcuAngleSender: 179.97897rollDeg
05-27 18:13:21.306 13911 14183 I SentryImuMcuAngleSender: 1,0,0
05-27 18:13:21.307   299 30841 D EvsDriver: Delivered 0xb400007b7ca56a60 as id 0
05-27 18:13:21.308   299 30844 D EvsDriver: Delivered 0xb400007b7ca56900 as id 0
05-27 18:13:21.308  1167  1184 D evsmanagerd: /dev/video6 forwarded the buffer #0 to 0xb4000074bf5f5510 from 0xb4000074bf5f6d90
05-27 18:13:21.308  1167  1167 D evsmanagerd: /dev/video4 forwarded the buffer #0 to 0xb4000074bf5f6850 from 0xb4000074bf5f41d0
05-27 18:13:21.308 30773 30773 I dvr_service_: [myNum:1][onFrameReceived] Received Surface:1 0
05-27 18:13:21.308 30773 30773 E dvr_service_: [myNum:1] Received S**** loss
05-27 18:13:21.308 30773 30782 I dvr_service_: [myNum:0][onFrameReceived] Received Surface:1 0
05-27 18:13:21.308 30773 30782 E dvr_service_: [myNum:0] Received S**** loss
05-27 18:13:21.309   299  1153 D EvsDriver: doneWithFrame
05-27 18:13:21.309   299  1163 D EvsDriver: doneWithFrame
05-27 18:13:21.310   581   581 I SpiService: fgesysctrl_getGPIO_status success val=1
05-27 08:04:30.274   581   581 D spi_rst_gpio_get_output: GPIO 145 value: 1
05-27 08:04:30.274   581   581 D spidev_ioctl: gpio status=1)
05-27 18:13:21.315   581   581 I SpiService: fgesysctrl_getGPIO_status success val=1
05-27 18:13:21.317   536   536 D commservice260303: msg.id = 1028,1
05-27 18:13:21.317   536   536 D commservice260303: i = 170, msgid = 8A000404
05-27 18:13:21.317   536   536 D commservice260303: msgid = -1979710460,did=138
05-27 18:13:21.317   536   536 D commservice260303: CommProtocolLibCmdBaseI2C::dataproc {"command":{"id":"imu_status","sub":""},"content":{"TimeStamp":8,"FrameCounter":200239,"GD_X":-0.01221725158393383,"GD_Y":0.005573912989348173,"GD_Z":0.0019079053308814764,"AD_X":-0.0030824095010757446,"AD_Y":-0.001150892348960042,"AD_Z":-0.16826248168945312,"TempDsp":0,"Status":0,"CalibState":1,"SigAmpInvalid":0}},-1979710460
05-27 08:04:30.280   581   581 D spi_rst_gpio_get_output: GPIO 145 value: 1
05-27 08:04:30.280   581   581 D spidev_ioctl: gpio status=1)
05-27 18:13:21.317   536   536 D commservice260303: send2Cluster len:316, 7B22636F6D6D616E64223A7B226964223A22696D755F737461747573222C22737562223A22227D2C22636F6E74656E74223A7B2254696D655374616D70223A382C224672616D65436F756E746572223A3230303233392C2247445F58223A2D302E30313232313732353135383339333338332C2247445F59223A302E3030353537333931323938393334383137332C2247445F5A223A302E303031393037393035333330383831343736342C2241445F58223A2D302E303033303832343039353031303735373434362C2241445F59223A2D302E3030313135303839323334383936303034322C2241445F5A223A2D302E31363832363234383136383934353331322C2254656D70447370223A302C22537461747573223A302C2243616C69625374617465223A312C22536967416D70496E76616C6964223A307D7D, 138 
05-27 18:13:21.317   536   536 D commservice260303: Push Message into SendPool fn=-783678720
05-27 18:13:21.317   536   536 D commservice260303: ComProtocolLibSend2Cluster::send2ClusterRaw fn=-783678720 , len=332
05-27 18:13:21.317   536   536 D commservice260303: sendCmdToPort :332!!!
05-27 18:13:21.317   536   536 D commservice260303: send Cmd To Port ++++5AA501488A0100034AD16A16C3C17B22636F6D6D616E64223A7B226964223A22696D755F737461747573222C22737562223A22227D2C22636F6E74656E74223A7B2254696D655374616D70223A382C224672616D65436F756E746572223A3230303233392C2247445F58223A2D302E30313232313732353135383339333338332C2247445F59223A302E3030353537333931323938393334383137332C2247445F5A223A302E303031393037393035333330383831343736342C2241445F58223A2D302E303033303832343039353031303735373434362C2241445F59223A2D302E3030313135303839323334383936303034322C2241445F5A223A2D302E31363832363234383136383934353331322C2254656D70447370223A302C22537461747573223A302C2243616C69625374617465223A312C22536967416D70496E76616C6964223A307D7DAF5C
05-27 18:13:21.317   536   536 D commservice260303: bufferevent_write retrun value = 0
05-27 18:13:21.317   536   560 D commservice260303: client datas send succeed,send finish
05-27 18:13:21.318 13911 14192 D Sentinelmode_1.2.5.17_sentry: <SentryImuClusterFgeSender>imu_status sent to Linux, frame=200239, tsNs=8668552, tsMs=8, intervalMs=39, ad=(-0.0030824095,-0.0011508923,-0.16826248), gd=(-0.012217252,0.005573913,0.0019079053)
05-27 18:13:21.319   572   572 I Sensors : 230 GyroSensor: x:-0.012293,y:0.005345,z:0.001832
05-27 18:13:21.321   581   581 I SpiService: fgesysctrl_getGPIO_status success val=1
05-27 08:04:30.285   581   581 D spi_rst_gpio_get_output: GPIO 145 value: 1
05-27 08:04:30.285   581   581 D spidev_ioctl: gpio status=1)
05-27 18:13:21.326   581   581 I SpiService: fgesysctrl_getGPIO_status success val=0
05-27 18:13:21.326 13911 14183 I SentryImuMcuAngleSender: 179.97197rollDeg
05-27 18:13:21.326 13911 14183 I SentryImuMcuAngleSender: 1,0,0
05-27 18:13:21.327 10188 10922 D NetworkPolicy: Blocked state of 10080: {blocked=NONE,allowed=FOREGROUND|METERED_FOREGROUND,effective=NONE}
05-27 08:04:30.290   581   581 D spi_rst_gpio_get_output: GPIO 145 value: 0
05-27 08:04:30.290   581   581 D spidev_ioctl: gpio status=0)
05-27 18:13:21.331  1008 30857 D [OMXB]  : usingANWBuffer: handle:0xee740170, format:1, w:1920, h:1080
05-27 18:13:21.340   581   581 I SpiService: fgesysctrl_getGPIO_status success val=1
05-27 08:04:30.304   581   581 D spi_rst_gpio_get_output: GPIO 145 value: 1
05-27 08:04:30.304   581   581 D spidev_ioctl: gpio status=1)
05-27 18:13:21.341   299 30841 D EvsDriver: forwardFrame
05-27 18:13:21.341   299 30844 D EvsDriver: forwardFrame
05-27 18:13:21.343   299 30844 D EvsDriver: Delivered 0xb400007b7ca56900 as id 0
05-27 18:13:21.344  1167  1184 D evsmanagerd: /dev/video6 forwarded the buffer #0 to 0xb4000074bf5f5510 from 0xb4000074bf5f6d90
05-27 18:13:21.345  1167  1184 D evsmanagerd: /dev/video4 forwarded the buffer #0 to 0xb4000074bf5f6850 from 0xb4000074bf5f41d0
05-27 18:13:21.345   299 30841 D EvsDriver: Delivered 0xb400007b7ca56a60 as id 0
05-27 18:13:21.345   581   581 I SpiService: fgesysctrl_getGPIO_status success val=1
05-27 18:13:21.346   299  1163 D EvsDriver: doneWithFrame
05-27 18:13:21.346  1008 30856 D [OMXB]  : usingANWBuffer: handle:0xee742320, format:1, w:1920, h:1080
05-27 18:13:21.350   299  1163 D EvsDriver: doneWithFrame
05-27 18:13:21.350 13911 14183 I SentryImuMcuAngleSender: 179.97197rollDeg
05-27 18:13:21.350 13911 14183 I SentryImuMcuAngleSender: 1,0,0
05-27 08:04:30.310   581   581 D spi_rst_gpio_get_output: GPIO 145 value: 1
05-27 08:04:30.310   581   581 D spidev_ioctl: gpio status=1)
05-27 18:13:21.351   581   581 I SpiService: fgesysctrl_getGPIO_status success val=1
05-27 08:04:30.316   581   581 D spi_rst_gpio_get_output: GPIO 145 value: 1
05-27 08:04:30.316   581   581 D spidev_ioctl: gpio status=1)
05-27 18:13:21.357   581   581 I SpiService: fgesysctrl_getGPIO_status success val=1
05-27 18:13:21.357   536   536 D commservice260303: msg.id = 1028,1
05-27 18:13:21.357   536   536 D commservice260303: i = 170, msgid = 8A000404
05-27 18:13:21.357   536   536 D commservice260303: msgid = -1979710460,did=138
05-27 18:13:21.357   536   536 D commservice260303: CommProtocolLibCmdBaseI2C::dataproc {"command":{"id":"imu_status","sub":""},"content":{"TimeStamp":8,"FrameCounter":200240,"GD_X":-0.010461229830980301,"GD_Y":0.004580949433147907,"GD_Z":0.0021378109231591225,"AD_X":-0.004292309284210205,"AD_Y":6.972067058086395E-5,"AD_Z":-0.17314529418945312,"TempDsp":0,"Status":0,"CalibState":1,"SigAmpInvalid":0}},-1979710460
05-27 08:04:30.321   581   581 D spi_rst_gpio_get_output: GPIO 145 value: 1
05-27 08:04:30.321   581   581 D spidev_ioctl: gpio status=1)
05-27 18:13:21.357   536   536 D commservice260303: send2Cluster len:315, 7B22636F6D6D616E64223A7B226964223A22696D755F737461747573222C22737562223A22227D2C22636F6E74656E74223A7B2254696D655374616D70223A382C224672616D65436F756E746572223A3230303234302C2247445F58223A2D302E3031303436313232393833303938303330312C2247445F59223A302E3030343538303934393433333134373930372C2247445F5A223A302E303032313337383130393233313539313232352C2241445F58223A2D302E3030343239323330393238343231303230352C2241445F59223A362E393732303637303538303836333935452D352C2241445F5A223A2D302E31373331343532393431383934353331322C2254656D70447370223A302C22537461747573223A302C2243616C69625374617465223A312C22536967416D70496E76616C6964223A307D7D, 138 
05-27 18:13:21.357   536   536 D commservice260303: Push Message into SendPool fn=-766901504
05-27 18:13:21.357   536   536 D commservice260303: ComProtocolLibSend2Cluster::send2ClusterRaw fn=-766901504 , len=331
05-27 18:13:21.357   536   536 D commservice260303: sendCmdToPort :331!!!
05-27 18:13:21.357   536   536 D commservice260303: send Cmd To Port ++++5AA501478A0100034AD26A16C3C17B22636F6D6D616E64223A7B226964223A22696D755F737461747573222C22737562223A22227D2C22636F6E74656E74223A7B2254696D655374616D70223A382C224672616D65436F756E746572223A3230303234302C2247445F58223A2D302E3031303436313232393833303938303330312C2247445F59223A302E3030343538303934393433333134373930372C2247445F5A223A302E303032313337383130393233313539313232352C2241445F58223A2D302E3030343239323330393238343231303230352C2241445F59223A362E393732303637303538303836333935452D352C2241445F5A223A2D302E31373331343532393431383934353331322C2254656D70447370223A302C22537461747573223A302C2243616C69625374617465223A312C22536967416D70496E76616C6964223A307D7D88D5
05-27 18:13:21.357   536   536 D commservice260303: bufferevent_write retrun value = 0
05-27 18:13:21.358 13911 14192 D Sentinelmode_1.2.5.17_sentry: <SentryImuClusterFgeSender>imu_status sent to Linux, frame=200240, tsNs=8668605, tsMs=8, intervalMs=40, ad=(-0.0042923093,6.972067E-5,-0.1731453), gd=(-0.01046123,0.0045809494,0.002137811)
05-27 18:13:21.358   536   560 D commservice260303: client datas send succeed,send finish
05-27 18:13:21.360   283   307 I rvcservice: t.code = 3, t.value = 0
05-27 18:13:21.360 13911 14131 D SVR_MNG_SvrMngProxy: getServer: mSvrManger is null
05-27 18:13:21.360 13911 14131 D SVR_MNG_SvrMngProxy: getNewStub: 
05-27 18:13:21.360 13911 14131 D SVR_MNG_SvrMngProxy: getNewStub: getSvrManagerService start
05-27 18:13:21.362 13911 14131 D SVR_MNG_SvrMngProxy: getNewStub: getSvrManagerService end
05-27 18:13:21.362 13911 14131 D SVR_MNG_SvrMngProxy: getServer: svrMngService doesn't start
05-27 18:13:21.362   581   581 I SpiService: fgesysctrl_getGPIO_status success val=1
05-27 08:04:30.327   581   581 D spi_rst_gpio_get_output: GPIO 145 value: 1
05-27 08:04:30.327   581   581 D spidev_ioctl: gpio status=1)
05-27 18:13:21.367   581   581 I SpiService: fgesysctrl_getGPIO_status success val=0
05-27 08:04:30.332   581   581 D spi_rst_gpio_get_output: GPIO 145 value: 0
05-27 08:04:30.332   581   581 D spidev_ioctl: gpio status=0)
05-27 18:13:21.370   299 30844 D EvsDriver: forwardFrame
05-27 18:13:21.370 13911 14183 I SentryImuMcuAngleSender: 179.97198rollDeg
05-27 18:13:21.370 13911 14183 I SentryImuMcuAngleSender: 1,0,0
05-27 18:13:21.370   299 30841 D EvsDriver: forwardFrame
05-27 18:13:21.372  1167  1184 D evsmanagerd: /dev/video6 forwarded the buffer #0 to 0xb4000074bf5f5510 from 0xb4000074bf5f6d90
05-27 18:13:21.372   299 30844 D EvsDriver: Delivered 0xb400007b7ca56900 as id 0
05-27 18:13:21.373   299 30841 D EvsDriver: Delivered 0xb400007b7ca56a60 as id 0
05-27 18:13:21.373  1167  1184 D evsmanagerd: /dev/video4 forwarded the buffer #0 to 0xb4000074bf5f6850 from 0xb4000074bf5f41d0
05-27 18:13:21.376   299  1163 D EvsDriver: doneWithFrame
05-27 18:13:21.376  1008 30856 D [OMXB]  : usingANWBuffer: handle:0xee7435b0, format:1, w:1920, h:1080
05-27 18:13:21.377   299  1153 D EvsDriver: doneWithFrame
05-27 18:13:21.385   581   581 I SpiService: fgesysctrl_getGPIO_status success val=1
05-27 18:13:21.390   566 11459 I gps_hdbd: Received: '$GNGGA,002912.000,,,,,0,00,,,M,,M,,*6E
'
05-27 18:13:21.390 13911 14183 I SentryImuMcuAngleSender: 179.97197rollDeg
05-27 18:13:21.390 13911 14183 I SentryImuMcuAngleSender: 1,0,0
05-27 08:04:30.350   581   581 D spi_rst_gpio_get_output: GPIO 145 value: 1
05-27 08:04:30.350   581   581 D spidev_ioctl: gpio status=1)
05-27 18:13:21.391   581   581 I SpiService: fgesysctrl_getGPIO_status success val=1
05-27 08:04:30.356   581   581 D spi_rst_gpio_get_output: GPIO 145 value: 1
05-27 08:04:30.356   581   581 D spidev_ioctl: gpio status=1)
05-27 18:13:21.394   566 11459 I gps_hdbd: Received: '$GNGSA,A,1,,,,,,,,,,,,,,,,1*1D
'
05-27 18:13:21.395  1008 30857 D [OMXB]  : usingANWBuffer: handle:0xee741400, format:1, w:1920, h:1080
05-27 18:13:21.397   581   581 I SpiService: fgesysctrl_getGPIO_status success val=1
05-27 18:13:21.398   536   536 D commservice260303: msg.id = 1028,1
05-27 18:13:21.398   536   536 D commservice260303: i = 170, msgid = 8A000404
05-27 18:13:21.398   536   536 D commservice260303: msgid = -1979710460,did=138
05-27 18:13:21.398   536   536 D commservice260303: CommProtocolLibCmdBaseI2C::dataproc {"command":{"id":"imu_status","sub":""},"content":{"TimeStamp":8,"FrameCounter":200241,"GD_X":-0.01153013575822115,"GD_Y":0.00519212381914258,"GD_Z":0.0021378109231591225,"AD_X":-0.006711095571517944,"AD_Y":6.97961077094078E-5,"AD_Z":-0.16460514068603516,"TempDsp":0,"Status":0,"CalibState":1,"SigAmpInvalid":0}},-1979710460
05-27 18:13:21.398   536   536 D commservice260303: send2Cluster len:312, 7B22636F6D6D616E64223A7B226964223A22696D755F737461747573222C22737562223A22227D2C22636F6E74656E74223A7B2254696D655374616D70223A382C224672616D65436F756E746572223A3230303234312C2247445F58223A2D302E30313135333031333537353832323131352C2247445F59223A302E30303531393231323338313931343235382C2247445F5A223A302E303032313337383130393233313539313232352C2241445F58223A2D302E3030363731313039353537313531373934342C2241445F59223A362E3937393631303737303934303738452D352C2241445F5A223A2D302E31363436303531343036383630333531362C2254656D70447370223A302C22537461747573223A302C2243616C69625374617465223A312C22536967416D70496E76616C6964223A307D7D, 138 
05-27 18:13:21.398   536   536 D commservice260303: Push Message into SendPool fn=-750124288
05-27 18:13:21.399   536   536 D commservice260303: ComProtocolLibSend2Cluster::send2ClusterRaw fn=-750124288 , len=328
05-27 18:13:21.399   536   536 D commservice260303: sendCmdToPort :328!!!
05-27 18:13:21.399   536   536 D commservice260303: send Cmd To Port ++++5AA501448A0100034AD36A16C3C17B22636F6D6D616E64223A7B226964223A22696D755F737461747573222C22737562223A22227D2C22636F6E74656E74223A7B2254696D655374616D70223A382C224672616D65436F756E746572223A3230303234312C2247445F58223A2D302E30313135333031333537353832323131352C2247445F59223A302E30303531393231323338313931343235382C2247445F5A223A302E303032313337383130393233313539313232352C2241445F58223A2D302E3030363731313039353537313531373934342C2241445F59223A362E3937393631303737303934303738452D352C2241445F5A223A2D302E31363436303531343036383630333531362C2254656D70447370223A302C22537461747573223A302C2243616C69625374617465223A312C22536967416D70496E76616C6964223A307D7DB1EA
05-27 18:13:21.399   536   536 D commservice260303: bufferevent_write retrun value = 0
05-27 18:13:21.399   536   560 D commservice260303: client datas send succeed,send finish
05-27 18:13:21.400   566 11459 I gps_hdbd: Received: '$GNGSA,A,1,,,,,,,,,,,,,,,,3*1F
'
05-27 18:13:21.399 13911 14192 D Sentinelmode_1.2.5.17_sentry: <SentryImuClusterFgeSender>imu_status sent to Linux, frame=200241, tsNs=8668646, tsMs=8, intervalMs=42, ad=(-0.0067110956,6.979611E-5,-0.16460514), gd=(-0.011530136,0.005192124,0.002137811)
05-27 08:04:30.361   581   581 D spi_rst_gpio_get_output: GPIO 145 value: 1
05-27 08:04:30.361   581   581 D spidev_ioctl: gpio status=1)
05-27 18:13:21.402   581   581 I SpiService: fgesysctrl_getGPIO_status success val=1
05-27 08:04:30.367   581   581 D spi_rst_gpio_get_output: GPIO 145 value: 1
05-27 08:04:30.367   581   581 D spidev_ioctl: gpio status=1)
05-27 18:13:21.405   566 11459 I gps_hdbd: Received: '$GNGSA,A,1,,,,,,,,,,,,,,,,4*18
'
05-27 18:13:21.406   566 11459 I gps_hdbd: Received: '$BDGSV,1,1,00,1*75
'
05-27 18:13:21.406   299 30841 D EvsDriver: forwardFrame
05-27 18:13:21.406   566 11459 I gps_hdbd: Received: '$BDGSV,1,1,00,5*71
'
05-27 18:13:21.406   566 11459 I gps_hdbd: Received: '$GPGSV,1,1,01,199,42,165,,1*60
'
05-27 18:13:21.408  1167  1184 D evsmanagerd: /dev/video4 forwarded the buffer #0 to 0xb4000074bf5f6850 from 0xb4000074bf5f41d0
05-27 18:13:21.408   581   581 I SpiService: fgesysctrl_getGPIO_status success val=0
05-27 18:13:21.408   299 30844 D EvsDriver: forwardFrame
05-27 08:04:30.372   581   581 D spi_rst_gpio_get_output: GPIO 145 value: 0
05-27 08:04:30.372   581   581 D spidev_ioctl: gpio status=0)
05-27 18:13:21.410   299 30844 D EvsDriver: Delivered 0xb400007b7ca56900 as id 0
05-27 18:13:21.410  1167  1184 D evsmanagerd: /dev/video6 forwarded the buffer #0 to 0xb4000074bf5f5510 from 0xb4000074bf5f6d90
05-27 18:13:21.412   566 11459 I gps_hdbd: Received: '$GPGSV,1,1,00,8*6D
'
05-27 18:13:21.415   566 11459 I gps_hdbd: Received: '$GAGSV,1,1,00,7*73
'
05-27 18:13:21.419 13911 14183 I SentryImuMcuAngleSender: 179.97195rollDeg
05-27 18:13:21.419 13911 14183 I SentryImuMcuAngleSender: 1,0,0
05-27 18:13:21.419   299  1153 D EvsDriver: doneWithFrame
05-27 18:13:21.420   299  1153 D EvsDriver: doneWithFrame
05-27 18:13:21.421   299 30841 D EvsDriver: Delivered 0xb400007b7ca56a60 as id 0
05-27 18:13:21.423   581   581 I SpiService: fgesysctrl_getGPIO_status success val=1
05-27 08:04:30.388   581   581 D spi_rst_gpio_get_output: GPIO 145 value: 1
05-27 08:04:30.388   581   581 D spidev_ioctl: gpio status=1)
05-27 18:13:21.428   566 11459 I gps_hdbd: Received: '$GAGSV,1,1,00,1*75
'
05-27 18:13:21.429   566 11459 I gps_hdbd: Received: '$GNRMC,002912.000,V,,,,,,,270526,120.0,E,N,V*4D
'
05-27 18:13:21.429   581   581 I SpiService: fgesysctrl_getGPIO_status success val=1
05-27 18:13:21.429   566 11459 I gps_hdbd: RMC : CALL gnss_sv_status_cb, view_in_sat <1>
05-27 18:13:21.429   566 11459 I gps_hdbd: [reportSvStatus]--->PLATFORM_BSP::Enter
05-27 18:13:21.430   566 11459 I gps_hdbd: hy abnormal deal:hy_cnr30_satellite_cnt=0
05-27 18:13:21.430   566 11459 D gps_hdbd: hy abnormal deal:hy_fixStatus_fail_count=0
05-27 18:13:21.430   566 11459 I gps_hdbd: Received: '$GNZDA,002912.000,27,05,2026,00,00*46
'
05-27 18:13:21.431  1083  1083 W MyAppLog: [2026-05-27 18:13:21.430 W tboxap gpsSyncGpsInfoToDm:361] [Gps] [gpsSyncGpsInfoToDm] fix=0 mode=49 corner:0x01 alt=0.00 sat=0 hdop=0.00 pdop=0.00 vdop=0.00
05-27 18:13:21.433  1008 30857 D [OMXB]  : usingANWBuffer: handle:0xee743240, format:1, w:1920, h:1080
05-27 08:04:30.394   581   581 D spi_rst_gpio_get_output: GPIO 145 value: 1
05-27 08:04:30.394   581   581 D spidev_ioctl: gpio status=1)
05-27 18:13:21.435   581   581 I SpiService: fgesysctrl_getGPIO_status success val=1
05-27 18:13:21.435 30773 30789 I dvr_service_: Camera 1: Buffer reuse stats - Total: 165700, Reused: 82233, New: 83467, Rate: 49.6%
05-27 08:04:30.400   581   581 D spi_rst_gpio_get_output: GPIO 145 value: 1
05-27 08:04:30.400   581   581 D spidev_ioctl: gpio status=1)
05-27 18:13:21.439 13911 14183 I SentryImuMcuAngleSender: 179.97195rollDeg
05-27 18:13:21.439 13911 14183 I SentryImuMcuAngleSender: 1,0,0
05-27 18:13:21.440   536   536 D commservice260303: msg.id = 1028,0
05-27 18:13:21.440   536   536 D commservice260303: i = 170, msgid = 8A000404
05-27 18:13:21.440   536   536 D commservice260303: msgid = -1979710460,did=138
05-27 18:13:21.440   536   536 D commservice260303: CommProtocolLibCmdBaseI2C::dataproc {"command":{"id":"imu_status","sub":""},"content":{"TimeStamp":8,"FrameCounter":200242,"GD_X":-0.011300750076770782,"GD_Y":0.005039200186729431,"GD_Z":0.0019079053308814764,"AD_X":-0.007306784391403198,"AD_Y":6.982963532209396E-5,"AD_Z":-0.16521453857421875,"TempDsp":0,"Status":0,"CalibState":1,"SigAmpInvalid":0}},-1979710460
05-27 18:13:21.440   536   536 D commservice260303: send2Cluster len:315, 7B22636F6D6D616E64223A7B226964223A22696D755F737461747573222C22737562223A22227D2C22636F6E74656E74223A7B2254696D655374616D70223A382C224672616D65436F756E746572223A3230303234322C2247445F58223A2D302E3031313330303735303037363737303738322C2247445F59223A302E3030353033393230303138363732393433312C2247445F5A223A302E303031393037393035333330383831343736342C2241445F58223A2D302E3030373330363738343339313430333139382C2241445F59223A362E393832393633353332323039333936452D352C2241445F5A223A2D302E31363532313435333835373432313837352C2254656D70447370223A302C22537461747573223A302C2243616C69625374617465223A312C22536967416D70496E76616C6964223A307D7D, 138 
05-27 18:13:21.441   536   536 D commservice260303: Push Message into SendPool fn=-733347072
05-27 18:13:21.441   536   536 D commservice260303: ComProtocolLibSend2Cluster::send2ClusterRaw fn=-733347072 , len=331
05-27 18:13:21.441   536   536 D commservice260303: sendCmdToPort :331!!!
05-27 18:13:21.441   536   536 D commservice260303: send Cmd To Port ++++5AA501478A0100034AD46A16C3C17B22636F6D6D616E64223A7B226964223A22696D755F737461747573222C22737562223A22227D2C22636F6E74656E74223A7B2254696D655374616D70223A382C224672616D65436F756E746572223A3230303234322C2247445F58223A2D302E3031313330303735303037363737303738322C2247445F59223A302E3030353033393230303138363732393433312C2247445F5A223A302E303031393037393035333330383831343736342C2241445F58223A2D302E3030373330363738343339313430333139382C2241445F59223A362E393832393633353332323039333936452D352C2241445F5A223A2D302E31363532313435333835373432313837352C2254656D70447370223A302C22537461747573223A302C2243616C69625374617465223A312C22536967416D70496E76616C6964223A307D7DBC67
05-27 18:13:21.441   581   581 I SpiService: fgesysctrl_getGPIO_status success val=1
05-27 18:13:21.441   536   536 D commservice260303: bufferevent_write retrun value = 0
05-27 18:13:21.441 13911 14192 D Sentinelmode_1.2.5.17_sentry: <SentryImuClusterFgeSender>imu_status sent to Linux, frame=200242, tsNs=8668668, tsMs=8, intervalMs=42, ad=(-0.0073067844,6.9829635E-5,-0.16521454), gd=(-0.01130075,0.0050392,0.0019079053)
05-27 18:13:21.442   536   560 D commservice260303: client datas send succeed,send finish
05-27 08:04:30.405   581   581 D spi_rst_gpio_get_output: GPIO 145 value: 1
05-27 08:04:30.405   581   581 D spidev_ioctl: gpio status=1)
05-27 08:04:30.407     0     0 I         : c6 [    C6] io insert-issue:  560   24    2    0    0    0    0    0    0    0    0    0
05-27 08:04:30.407     0     0 I         : c6 [    C6] |_i2i       sda[  8- 8192ms]:  156   15    2    0    0    0    0    0    0    0    0    0
05-27 08:04:30.407     0     0 I         : c6 [    C6] |_i2i    others[  8- 8192ms]:  404    9    0    0    0    0    0    0    0    0    0    0
05-27 08:04:30.407     0     0 I         : c6 [    C6] io issue-comp:  461   74   36   15    0    0    0    0    0    0    0    0
05-27 08:04:30.407     0     0 I         : c6 [    C6] |_i2c       sda[  8- 8192ms]:  153   18    2    0    0    0    0    0    0    0    0    0
05-27 08:04:30.407     0     0 I         : c6 [    C6] |_i2c    others[  8- 8192ms]:  308   56   34   15    0    0    0    0    0    0    0    0
05-27 18:13:21.444   299 30841 D EvsDriver: forwardFrame
05-27 18:13:21.445   299 30844 D EvsDriver: forwardFrame
05-27 18:13:21.446   299 30841 D EvsDriver: Delivered 0xb400007b7ca56a60 as id 0
05-27 18:13:21.446   581   581 I SpiService: fgesysctrl_getGPIO_status success val=1
05-27 18:13:21.446  1167  1167 D evsmanagerd: /dev/video6 forwarded the buffer #0 to 0xb4000074bf5f5510 from 0xb4000074bf5f6d90
05-27 18:13:21.446  1167  1184 D evsmanagerd: /dev/video4 forwarded the buffer #0 to 0xb4000074bf5f6850 from 0xb4000074bf5f41d0
05-27 18:13:21.446   566 11459 I gps_hdbd: Received: '$GNINS,1,1,TYPE,I,V,002912.000,17263000,FUS,-18,0,0,0,MOT,V,1,PATT,0.00,0.00,0.00,VEL,0.000,0.000,0.000,POS,40.0001330924,116.0001570688,84.176,IIA,1,0.00,0.00,0.00,BGA,0.31,-0.66,-0.13,0.000,0.000,0.000,IGA,0,-1,0,0,-2,98,VG,16c2ff1*20
'
05-27 18:13:21.446   299 30844 D EvsDriver: Delivered 0xb400007b7ca56900 as id 0
05-27 08:04:30.410 25234 25234 I iowait  : 286   44   12    0    0    0    0    0    0    0    0    0
05-27 08:04:30.411   581   581 D spi_rst_gpio_get_output: GPIO 145 value: 1
05-27 08:04:30.411   581   581 D spidev_ioctl: gpio status=1)
05-27 08:04:30.416   581   581 D spi_rst_gpio_get_output: GPIO 145 value: 0
05-27 08:04:30.417   581   581 D spidev_ioctl: gpio status=0)
05-27 18:13:21.448  1008 30856 D [OMXB]  : usingANWBuffer: handle:0xee740bc0, format:1, w:1920, h:1080
05-27 18:13:21.448   299  1153 D EvsDriver: doneWithFrame
05-27 18:13:21.449 30773 30789 I dvr_service_: Camera 0: MediaOK:12599516, frames:280, isKeyFrame:0,pts:8668478809
05-27 18:13:21.450   299  1153 D EvsDriver: doneWithFrame
05-27 18:13:21.452   581   581 I SpiService: fgesysctrl_getGPIO_status success val=0
05-27 18:13:21.452   566 11459 I gps_hdbd: Received: '$GNINS,CARSPEED,ADR_STATUS,0,Pulse_count,0,1,0,0,17263000,86480,0.000,0.000,0.000*35
'
05-27 18:13:21.460 13911 14183 I SentryImuMcuAngleSender: 179.97195rollDeg
05-27 18:13:21.460 13911 14183 I SentryImuMcuAngleSender: 1,0,0
05-27 18:13:21.460   283   307 I rvcservice: t.code = 1, t.value = -170190
05-27 18:13:21.461   566 11459 I gps_hdbd: Received: '$GNTXT,04,01,04,INS,V,1,,,,FLG,1,000000,1,0,1,0,0,Con,0*71
'
05-27 18:13:21.463   566 11459 I gps_hdbd: Received: '$GNTXT,INSTALL,0.00,0.00,0.00,0.00,0.00,0.00,0*20
'
05-27 18:13:21.464   572   622 I Sensors : 230 AccelSensor: x:-0.173239,y:0.006100,z:-9.974720
05-27 18:13:21.466   581   581 I SpiService: fgesysctrl_getGPIO_status success val=1
05-27 18:13:21.467   299 30844 D EvsDriver: forwardFrame
05-27 08:04:30.431   581   581 D spi_rst_gpio_get_output: GPIO 145 value: 1
05-27 08:04:30.431   581   581 D spidev_ioctl: gpio status=1)
05-27 18:13:21.469   299 30844 D EvsDriver: Delivered 0xb400007b7ca56900 as id 0
05-27 18:13:21.470  1167  1184 D evsmanagerd: /dev/video6 forwarded the buffer #0 to 0xb4000074bf5f5510 from 0xb4000074bf5f6d90
05-27 18:13:21.470 30773 30773 E dvr_service_: [myNum:1] Received S**** loss
05-27 18:13:21.471   299  1153 D EvsDriver: doneWithFrame
05-27 18:13:21.472   581   581 I SpiService: fgesysctrl_getGPIO_status success val=1
05-27 08:04:30.436   581   581 D spi_rst_gpio_get_output: GPIO 145 value: 1
05-27 08:04:30.436   581   581 D spidev_ioctl: gpio status=1)
05-27 18:13:21.477   299 30841 D EvsDriver: forwardFrame
05-27 18:13:21.477   581   581 I SpiService: fgesysctrl_getGPIO_status success val=1
05-27 18:13:21.478   299 30841 D EvsDriver: Delivered 0xb400007b7ca56a60 as id 0
05-27 18:13:21.478  1167  1184 D evsmanagerd: /dev/video4 forwarded the buffer #0 to 0xb4000074bf5f6850 from 0xb4000074bf5f41d0
05-27 18:13:21.478 30773 30773 E dvr_service_: [myNum:0] Received S**** loss
05-27 18:13:21.479   299  1153 D EvsDriver: doneWithFrame
05-27 18:13:21.480 13911 14183 I SentryImuMcuAngleSender: 179.97198rollDeg
05-27 18:13:21.480 13911 14183 I SentryImuMcuAngleSender: 1,0,0
05-27 18:13:21.480   536   536 D commservice260303: msg.id = 1028,1
05-27 18:13:21.480   536   536 D commservice260303: i = 170, msgid = 8A000404
05-27 18:13:21.480   536   536 D commservice260303: msgid = -1979710460,did=138
05-27 18:13:21.480   536   536 D commservice260303: CommProtocolLibCmdBaseI2C::dataproc {"command":{"id":"imu_status","sub":""},"content":{"TimeStamp":8,"FrameCounter":200243,"GD_X":-0.01153013575822115,"GD_Y":0.005039200186729431,"GD_Z":0.002213752595707774,"AD_X":-0.005451604723930359,"AD_Y":6.608525291085243E-5,"AD_Z":-0.17436504364013672,"TempDsp":0,"Status":0,"CalibState":1,"SigAmpInvalid":0}},-1979710460
05-27 18:13:21.481   536   536 D commservice260303: send2Cluster len:313, 7B22636F6D6D616E64223A7B226964223A22696D755F737461747573222C22737562223A22227D2C22636F6E74656E74223A7B2254696D655374616D70223A382C224672616D65436F756E746572223A3230303234332C2247445F58223A2D302E30313135333031333537353832323131352C2247445F59223A302E3030353033393230303138363732393433312C2247445F5A223A302E3030323231333735323539353730373737342C2241445F58223A2D302E3030353435313630343732333933303335392C2241445F59223A362E363038353235323931303835323433452D352C2241445F5A223A2D302E31373433363530343336343031333637322C2254656D70447370223A302C22537461747573223A302C2243616C69625374617465223A312C22536967416D70496E76616C6964223A307D7D, 138 
05-27 08:04:30.442   581   581 D spidev_ioctl: gpio status=1)
05-27 18:13:21.481   536   536 D commservice260303: Push Message into SendPool fn=-716569856
05-27 18:13:21.481   536   536 D commservice260303: ComProtocolLibSend2Cluster::send2ClusterRaw fn=-716569856 , len=329
05-27 18:13:21.481   536   536 D commservice260303: sendCmdToPort :329!!!
05-27 18:13:21.481   536   536 D commservice260303: send Cmd To Port ++++5AA501458A0100034AD56A16C3C17B22636F6D6D616E64223A7B226964223A22696D755F737461747573222C22737562223A22227D2C22636F6E74656E74223A7B2254696D655374616D70223A382C224672616D65436F756E746572223A3230303234332C2247445F58223A2D302E30313135333031333537353832323131352C2247445F59223A302E3030353033393230303138363732393433312C2247445F5A223A302E3030323231333735323539353730373737342C2241445F58223A2D302E3030353435313630343732333933303335392C2241445F59223A362E363038353235323931303835323433452D352C2241445F5A223A2D302E31373433363530343336343031333637322C2254656D70447370223A302C22537461747573223A302C2243616C69625374617465223A312C22536967416D70496E76616C6964223A307D7D6D6C
05-27 18:13:21.481   536   536 D commservice260303: bufferevent_write retrun value = 0
05-27 18:13:21.481   536   560 D commservice260303: client datas send succeed,send finish
05-27 18:13:21.481 13911 14192 D Sentinelmode_1.2.5.17_sentry: <SentryImuClusterFgeSender>imu_status sent to Linux, frame=200243, tsNs=8668730, tsMs=8, intervalMs=40, ad=(-0.0054516047,6.608525E-5,-0.17436504), gd=(-0.011530136,0.0050392,0.0022137526)
05-27 08:04:30.445     0     0 W         : c6 [    C6] Irq_monitor:Irq                                           IPI[1]occur        7115 times interval 1028 ms
05-27 18:13:21.483   581   581 I SpiService: fgesysctrl_getGPIO_status success val=1
05-27 18:13:21.483  1008 30857 D [OMXB]  : usingANWBuffer: handle:0xee746c00, format:1, w:1920, h:1080
05-27 08:04:30.447   581   581 D spi_rst_gpio_get_output: GPIO 145 value: 1
05-27 08:04:30.447   581   581 D spidev_ioctl: gpio status=1)
05-27 18:13:21.489   581   581 I SpiService: fgesysctrl_getGPIO_status success val=0
05-27 08:04:30.453   581   581 D spi_rst_gpio_get_output: GPIO 145 value: 0
05-27 08:04:30.453   581   581 D spidev_ioctl: gpio status=0)
05-27 18:13:21.500 13911 14183 I SentryImuMcuAngleSender: 179.986rollDeg
05-27 18:13:21.500 13911 14183 I SentryImuMcuAngleSender: 1,0,0
