05-27 18:13:20.545   536   536 D commservice260303: CommProtocolLibCmdBaseI2C::dataproc {"command":{"id":"imu_status","sub":""},"content":{"TimeStamp":8,"FrameCounter":200220,"GD_X":-0.011070843786001205,"GD_Y":0.0048857564106583595,"GD_Z":0.0020608289632946253,"AD_X":-0.0017161965370178223,"AD_Y":1.2906966730952263E-4,"AD_Z":-0.16765403747558594,"TempDsp":0,"Status":0,"CalibState":1,"SigAmpInvalid":0}},-1979710460
05-27 18:13:20.546   536   536 D commservice260303: send2Cluster len:318, 7B22636F6D6D616E64223A7B226964223A22696D755F737461747573222C22737562223A22227D2C22636F6E74656E74223A7B2254696D655374616D70223A382C224672616D65436F756E746572223A3230303232302C2247445F58223A2D302E3031313037303834333738363030313230352C2247445F59223A302E303034383835373536343130363538333539352C2247445F5A223A302E303032303630383238393633323934363235332C2241445F58223A2D302E303031373136313936353337303137383232332C2241445F59223A312E32393036393636373330393532323633452D342C2241445F5A223A2D302E31363736353430333734373535383539342C2254656D70447370223A302C22537461747573223A302C2243616C69625374617465223A312C22536967416D70496E76616C6964223A307D7D, 138 
05-27 18:13:20.546   536   536 D commservice260303: Push Message into SendPool fn=-1102445824
05-27 18:13:20.546   536   536 D commservice260303: ComProtocolLibSend2Cluster::send2ClusterRaw fn=-1102445824 , len=334
05-27 18:13:20.546   536   536 D commservice260303: sendCmdToPort :334!!!
05-27 18:13:20.546   536   536 D commservice260303: send Cmd To Port ++++5AA5014A8A0100034ABE6A16C3C07B22636F6D6D616E64223A7B226964223A22696D755F737461747573222C22737562223A22227D2C22636F6E74656E74223A7B2254696D655374616D70223A382C224672616D65436F756E746572223A3230303232302C2247445F58223A2D302E3031313037303834333738363030313230352C2247445F59223A302E303034383835373536343130363538333539352C2247445F5A223A302E303032303630383238393633323934363235332C2241445F58223A2D302E303031373136313936353337303137383232332C2241445F59223A312E32393036393636373330393532323633452D342C2241445F5A223A2D302E31363736353430333734373535383539342C2254656D70447370223A302C22537461747573223A302C2243616C69625374617465223A312C22536967416D70496E76616C6964223A307D7D6873
05-27 18:13:20.546   536   536 D commservice260303: bufferevent_write retrun value = 0
05-27 18:13:20.546   536   560 D commservice260303: client datas send succeed,send finish
05-27 18:13:20.546 13911 14192 D Sentinelmode_1.2.5.17_sentry: <SentryImuClusterFgeSender>imu_status sent to Linux, frame=200220, tsNs=8667785, tsMs=8, intervalMs=41, ad=(-0.0017161965,1.2906967E-4,-0.16765404), gd=(-0.011070844,0.0048857564,0.002060829)
05-27 18:13:20.547   536   760 I commservice260303: [mcuCommFunctionTcp::ProtocolCheckConnectTimeOutProc:613] keyID:256,tcpEvent:5,tcpcount:0,heartbeat:1,noHeartBeatNumber:0,endispatch:0,strState:0
05-27 18:13:20.547   536   760 D commservice260303: ProtocolCheckConnectTimeOutProc,629,clear heartbeat
05-27 18:13:20.548  1008 30857 D [OMXB]  : usingANWBuffer: handle:0xee742320, format:1, w:1920, h:1080
05-27 18:13:20.549 13911 14183 I SentryImuMcuAngleSender: 179.97197rollDeg
05-27 18:13:20.550 13911 14183 I SentryImuMcuAngleSender: 1,0,0
05-27 18:13:20.553   299  1153 D EvsDriver: doneWithFrame
05-27 18:13:20.553   299  1163 D EvsDriver: doneWithFrame
05-27 18:13:20.553   581   581 I SpiService: fgesysctrl_getGPIO_status success val=1
05-27 18:13:20.557   283   307 I rvcservice: t.code = 3, t.value = 0
05-27 18:13:20.559   581   581 I SpiService: fgesysctrl_getGPIO_status success val=1
05-27 18:13:20.564 10188 11122 E WifiVendorHal: getWifiLinkLayerStats_1_6_Internal(l.1202) failed {.code = ERROR_UNKNOWN, .description = unknown error}
05-27 18:13:20.564  1008 30856 D [OMXB]  : usingANWBuffer: handle:0xee7407a0, format:1, w:1920, h:1080
05-27 18:13:20.565   581   581 I SpiService: fgesysctrl_getGPIO_status success val=1
05-27 08:04:29.529 10047 10047 W         : AICWFDBG(LOGTRACE)	rwnx_send_msg (118)MM_GET_STA_INFO_CFM reqcfm:1 in_irq:0 in_softirq:0 in_atomic:0
05-27 08:04:29.529 10047 10047 W         : AICWFDBG(LOGTRACE)	rwnx_cmd_malloc get cmd_array[0]:000000004c96fbbb
05-27 08:04:29.529   581   581 D spi_rst_gpio_get_output: GPIO 145 value: 1
05-27 08:04:29.530   581   581 D spidev_ioctl: gpio status=1)
05-27 08:04:29.530   354   354 W         : AICWFDBG(LOGDEBUG)	rwnx_rx_handle_msg msg->id:0x76
05-27 08:04:29.530 10047 10047 W         : AICWFDBG(LOGTRACE)	rwnx_cmd_free cmd_array[0]:000000004c96fbbb
05-27 08:04:29.530 10047 10047 W         : AICWFDBG(LOGDEBUG)	rwnx_fill_station_info ModTx(2):5 TxIndex:10 ModRx(0):0 RxHTIndex:0 RxVHTIndex:0 RxHEIndex:0 RSSI:-39
05-27 18:13:20.570 13911 14183 I SentryImuMcuAngleSender: 179.97195rollDeg
05-27 18:13:20.570 13911 14183 I SentryImuMcuAngleSender: 1,0,0
05-27 18:13:20.570   581   581 I SpiService: fgesysctrl_getGPIO_status success val=1
05-27 08:04:29.535   581   581 D spi_rst_gpio_get_output: GPIO 145 value: 1
05-27 08:04:29.535   581   581 D spidev_ioctl: gpio status=1)
05-27 18:13:20.576   581   581 I SpiService: fgesysctrl_getGPIO_status success val=1
05-27 18:13:20.576   299 30841 D EvsDriver: forwardFrame
05-27 08:04:29.541   581   581 D spi_rst_gpio_get_output: GPIO 145 value: 1
05-27 08:04:29.541   581   581 D spidev_ioctl: gpio status=1)
05-27 18:13:20.578   299 30841 D EvsDriver: Delivered 0xb400007b7ca56a60 as id 0
05-27 18:13:20.578  1167  1167 D evsmanagerd: /dev/video4 forwarded the buffer #0 to 0xb4000074bf5f6850 from 0xb4000074bf5f41d0
05-27 18:13:20.579   299 30844 D EvsDriver: forwardFrame
05-27 08:04:29.546   581   581 D spi_rst_gpio_get_output: GPIO 145 value: 0
05-27 08:04:29.546   581   581 D spidev_ioctl: gpio status=0)
05-27 18:13:20.581   299 30844 D EvsDriver: Delivered 0xb400007b7ca56900 as id 0
05-27 18:13:20.582  1167  1167 D evsmanagerd: /dev/video6 forwarded the buffer #0 to 0xb4000074bf5f5510 from 0xb4000074bf5f6d90
05-27 18:13:20.582   581   581 I SpiService: fgesysctrl_getGPIO_status success val=0
05-27 18:13:20.583   299  1153 D EvsDriver: doneWithFrame
05-27 18:13:20.586   299  1153 D EvsDriver: doneWithFrame
05-27 18:13:20.587 10188 11505 E SSense.fps: We could not find the file :/sys/class/display/dispc0/frame_count
05-27 18:13:20.587   536   536 D commservice260303: msg.id = 1028,1
05-27 18:13:20.587   536   536 D commservice260303: i = 170, msgid = 8A000404
05-27 18:13:20.587   536   536 D commservice260303: msgid = -1979710460,did=138
05-27 18:13:20.587   536   536 D commservice260303: CommProtocolLibCmdBaseI2C::dataproc {"command":{"id":"imu_status","sub":""},"content":{"TimeStamp":8,"FrameCounter":200221,"GD_X":-0.011070843786001205,"GD_Y":0.006261029280722141,"GD_Z":0.0018319635419175029,"AD_X":-0.003540337085723877,"AD_Y":1.287548802793026E-4,"AD_Z":-0.16704559326171875,"TempDsp":0,"Status":0,"CalibState":1,"SigAmpInvalid":0}},-1979710460
05-27 18:13:20.587   536   536 D commservice260303: send2Cluster len:315, 7B22636F6D6D616E64223A7B226964223A22696D755F737461747573222C22737562223A22227D2C22636F6E74656E74223A7B2254696D655374616D70223A382C224672616D65436F756E746572223A3230303232312C2247445F58223A2D302E3031313037303834333738363030313230352C2247445F59223A302E3030363236313032393238303732323134312C2247445F5A223A302E303031383331393633353431393137353032392C2241445F58223A2D302E3030333534303333373038353732333837372C2241445F59223A312E323837353438383032373933303236452D342C2241445F5A223A2D302E31363730343535393332363137313837352C2254656D70447370223A302C22537461747573223A302C2243616C69625374617465223A312C22536967416D70496E76616C6964223A307D7D, 138 
05-27 18:13:20.587   536   536 D commservice260303: Push Message into SendPool fn=-1085668608
05-27 18:13:20.587   536   536 D commservice260303: ComProtocolLibSend2Cluster::send2ClusterRaw fn=-1085668608 , len=331
05-27 18:13:20.587   536   536 D commservice260303: sendCmdToPort :331!!!
05-27 18:13:20.587   536   536 D commservice260303: send Cmd To Port ++++5AA501478A0100034ABF6A16C3C07B22636F6D6D616E64223A7B226964223A22696D755F737461747573222C22737562223A22227D2C22636F6E74656E74223A7B2254696D655374616D70223A382C224672616D65436F756E746572223A3230303232312C2247445F58223A2D302E3031313037303834333738363030313230352C2247445F59223A302E3030363236313032393238303732323134312C2247445F5A223A302E303031383331393633353431393137353032392C2241445F58223A2D302E3030333534303333373038353732333837372C2241445F59223A312E323837353438383032373933303236452D342C2241445F5A223A2D302E31363730343535393332363137313837352C2254656D70447370223A302C22537461747573223A302C2243616C69625374617465223A312C22536967416D70496E76616C6964223A307D7DCAF4
05-27 18:13:20.587   536   536 D commservice260303: bufferevent_write retrun value = 0
05-27 18:13:20.588 13911 14192 D Sentinelmode_1.2.5.17_sentry: <SentryImuClusterFgeSender>imu_status sent to Linux, frame=200221, tsNs=8667821, tsMs=8, intervalMs=41, ad=(-0.003540337,1.2875488E-4,-0.1670456), gd=(-0.011070844,0.0062610293,0.0018319635)
05-27 18:13:20.581 30773 30773 I auditd  : type=1400 audit(0.0:40873): avc: denied { use } for comm=4E444B204D65646961436F6465635F path="/dmabuf:" dev="dmabuf" ino=1960919 scontext=u:r:adayo_dvr_service:s0 tcontext=u:r:mediaswcodec:s0 tclass=fd permissive=1
05-27 18:13:20.581 30773 30773 I /system/bin/adayo_dvr_service: type=1400 audit(0.0:40873): avc: denied { use } for comm=4E444B204D65646961436F6465635F path="/dmabuf:" dev="dmabuf" ino=1960919 scontext=u:r:adayo_dvr_service:s0 tcontext=u:r:mediaswcodec:s0 tclass=fd permissive=1
05-27 18:13:20.589  1008 30857 D [OMXB]  : usingANWBuffer: handle:0xee7435b0, format:1, w:1920, h:1080
05-27 18:13:20.590   536   560 D commservice260303: client datas send succeed,send finish
05-27 18:13:20.590 13911 14183 I SentryImuMcuAngleSender: 179.97546rollDeg
05-27 18:13:20.591 13911 14183 I SentryImuMcuAngleSender: 1,0,0
05-27 08:04:29.561   581   581 D spi_rst_gpio_get_output: GPIO 145 value: 1
05-27 18:13:20.597   581   581 I SpiService: fgesysctrl_getGPIO_status success val=1
05-27 08:04:29.561   581   581 D spidev_ioctl: gpio status=1)
05-27 18:13:20.602   581   581 I SpiService: fgesysctrl_getGPIO_status success val=1
05-27 18:13:20.605   299 30841 D EvsDriver: forwardFrame
05-27 18:13:20.605   299 30844 D EvsDriver: forwardFrame
05-27 08:04:29.567   581   581 D spi_rst_gpio_get_output: GPIO 145 value: 1
05-27 08:04:29.567   581   581 D spidev_ioctl: gpio status=1)
05-27 18:13:20.607   299 30844 D EvsDriver: Delivered 0xb400007b7ca56900 as id 0
05-27 18:13:20.608  1167  1184 D evsmanagerd: /dev/video4 forwarded the buffer #0 to 0xb4000074bf5f6850 from 0xb4000074bf5f41d0
05-27 18:13:20.608  1167  1167 D evsmanagerd: /dev/video6 forwarded the buffer #0 to 0xb4000074bf5f5510 from 0xb4000074bf5f6d90
05-27 18:13:20.608   581   581 I SpiService: fgesysctrl_getGPIO_status success val=1
05-27 18:13:20.608   299 30841 D EvsDriver: Delivered 0xb400007b7ca56a60 as id 0
05-27 08:04:29.572   581   581 D spi_rst_gpio_get_output: GPIO 145 value: 1
05-27 08:04:29.572   581   581 D spidev_ioctl: gpio status=1)
05-27 18:13:20.610 13911 14183 I SentryImuMcuAngleSender: 179.98598rollDeg
05-27 18:13:20.610 13911 14183 I SentryImuMcuAngleSender: 1,0,0
05-27 18:13:20.611   299  1153 D EvsDriver: doneWithFrame
05-27 18:13:20.612   299  1153 D EvsDriver: doneWithFrame
05-27 18:13:20.612  1008 30856 D [OMXB]  : usingANWBuffer: handle:0xee740220, format:1, w:1920, h:1080
05-27 18:13:20.614   581   581 I SpiService: fgesysctrl_getGPIO_status success val=1
05-27 08:04:29.579   581   581 D spi_rst_gpio_get_output: GPIO 145 value: 1
05-27 08:04:29.579   581   581 D spidev_ioctl: gpio status=1)
05-27 18:13:20.621   581   581 I SpiService: fgesysctrl_getGPIO_status success val=0
05-27 08:04:29.585   581   581 D spi_rst_gpio_get_output: GPIO 145 value: 0
05-27 08:04:29.585   581   581 D spidev_ioctl: gpio status=0)
05-27 18:13:20.627   536   536 D commservice260303: msg.id = 1028,0
05-27 18:13:20.627   536   536 D commservice260303: i = 170, msgid = 8A000404
05-27 18:13:20.627   536   536 D commservice260303: msgid = -1979710460,did=138
05-27 18:13:20.627   536   536 D commservice260303: CommProtocolLibCmdBaseI2C::dataproc {"command":{"id":"imu_status","sub":""},"content":{"TimeStamp":8,"FrameCounter":200222,"GD_X":-0.012370175682008266,"GD_Y":0.004733873065561056,"GD_Z":0.00137423281557858,"AD_X":-0.004146784543991089,"AD_Y":-0.0010785514023154974,"AD_Z":-0.16826629638671875,"TempDsp":0,"Status":0,"CalibState":1,"SigAmpInvalid":0}},-1979710460
05-27 18:13:20.627   536   536 D commservice260303: send2Cluster len:315, 7B22636F6D6D616E64223A7B226964223A22696D755F737461747573222C22737562223A22227D2C22636F6E74656E74223A7B2254696D655374616D70223A382C224672616D65436F756E746572223A3230303232322C2247445F58223A2D302E3031323337303137353638323030383236362C2247445F59223A302E3030343733333837333036353536313035362C2247445F5A223A302E30303133373432333238313535373835382C2241445F58223A2D302E3030343134363738343534333939313038392C2241445F59223A2D302E303031303738353531343032333135343937342C2241445F5A223A2D302E31363832363632393633383637313837352C2254656D70447370223A302C22537461747573223A302C2243616C69625374617465223A312C22536967416D70496E76616C6964223A307D7D, 138 
05-27 18:13:20.627   536   536 D commservice260303: Push Message into SendPool fn=-1068891392
05-27 18:13:20.627   536   536 D commservice260303: ComProtocolLibSend2Cluster::send2ClusterRaw fn=-1068891392 , len=331
05-27 18:13:20.627   536   536 D commservice260303: sendCmdToPort :331!!!
05-27 18:13:20.627   536   536 D commservice260303: send Cmd To Port ++++5AA501478A0100034AC06A16C3C07B22636F6D6D616E64223A7B226964223A22696D755F737461747573222C22737562223A22227D2C22636F6E74656E74223A7B2254696D655374616D70223A382C224672616D65436F756E746572223A3230303232322C2247445F58223A2D302E3031323337303137353638323030383236362C2247445F59223A302E3030343733333837333036353536313035362C2247445F5A223A302E30303133373432333238313535373835382C2241445F58223A2D302E3030343134363738343534333939313038392C2241445F59223A2D302E303031303738353531343032333135343937342C2241445F5A223A2D302E31363832363632393633383637313837352C2254656D70447370223A302C22537461747573223A302C2243616C69625374617465223A312C22536967416D70496E76616C6964223A307D7D0E59
05-27 18:13:20.627   536   536 D commservice260303: bufferevent_write retrun value = 0
05-27 18:13:20.627   536   560 D commservice260303: client datas send succeed,send finish
05-27 18:13:20.627 13911 14192 D Sentinelmode_1.2.5.17_sentry: <SentryImuClusterFgeSender>imu_status sent to Linux, frame=200222, tsNs=8667874, tsMs=8, intervalMs=40, ad=(-0.0041467845,-0.0010785514,-0.1682663), gd=(-0.012370176,0.004733873,0.0013742328)
05-27 18:13:20.631 13911 14183 I SentryImuMcuAngleSender: 179.97897rollDeg
05-27 18:13:20.631 13911 14183 I SentryImuMcuAngleSender: 1,0,0
05-27 18:13:20.631  1008 30857 D [OMXB]  : usingANWBuffer: handle:0xee741400, format:1, w:1920, h:1080
05-27 18:13:20.636   581   581 I SpiService: fgesysctrl_getGPIO_status success val=1
05-27 08:04:29.601   581   581 D spi_rst_gpio_get_output: GPIO 145 value: 1
05-27 08:04:29.601   581   581 D spidev_ioctl: gpio status=1)
05-27 18:13:20.641  1008 30856 D [OMXB]  : usingANWBuffer: handle:0xee740170, format:1, w:1920, h:1080
05-27 18:13:20.642   572   572 I Sensors : 230 AccelSensor: x:-0.174459,y:0.004880,z:-9.971060
05-27 18:13:20.642   581   581 I SpiService: fgesysctrl_getGPIO_status success val=1
05-27 18:13:20.643 30773 30789 I dvr_service_: Camera 0: MediaOK:11757616, frames:260, isKeyFrame:0,pts:8667636909
05-27 08:04:29.607   581   581 D spi_rst_gpio_get_output: GPIO 145 value: 1
05-27 08:04:29.607   581   581 D spidev_ioctl: gpio status=1)
05-27 18:13:20.645   299 30844 D EvsDriver: forwardFrame
05-27 18:13:20.648   299 30844 D EvsDriver: Delivered 0xb400007b7ca56900 as id 0
05-27 18:13:20.649  1167  1167 D evsmanagerd: /dev/video6 forwarded the buffer #0 to 0xb4000074bf5f5510 from 0xb4000074bf5f6d90
05-27 18:13:20.649   581   581 I SpiService: fgesysctrl_getGPIO_status success val=1
05-27 18:13:20.649   299 30841 D EvsDriver: forwardFrame
05-27 18:13:20.650 30773 30782 E dvr_service_: [myNum:1] Received S**** loss
05-27 18:13:20.650 13911 14183 I SentryImuMcuAngleSender: 179.97195rollDeg
05-27 18:13:20.651   299  1153 D EvsDriver: doneWithFrame
05-27 18:13:20.651 13911 14183 I SentryImuMcuAngleSender: 1,0,0
05-27 18:13:20.651   299 30841 D EvsDriver: Delivered 0xb400007b7ca56a60 as id 0
05-27 18:13:20.651  1167  1167 D evsmanagerd: /dev/video4 forwarded the buffer #0 to 0xb4000074bf5f6850 from 0xb4000074bf5f41d0
05-27 18:13:20.652 30773 30782 E dvr_service_: [myNum:0] Received S**** loss
05-27 18:13:20.652   299  1153 D EvsDriver: doneWithFrame
05-27 08:04:29.613   581   581 D spi_rst_gpio_get_output: GPIO 145 value: 1
05-27 08:04:29.613   581   581 D spidev_ioctl: gpio status=1)
05-27 18:13:20.655   581   581 I SpiService: fgesysctrl_getGPIO_status success val=1
05-27 18:13:20.656  1008 30857 D [OMXB]  : usingANWBuffer: handle:0xee7432f0, format:1, w:1920, h:1080
05-27 08:04:29.619   581   581 D spi_rst_gpio_get_output: GPIO 145 value: 1
05-27 08:04:29.619   581   581 D spidev_ioctl: gpio status=1)
05-27 18:13:20.657   283   307 I rvcservice: t.code = 4, t.value = 0
05-27 08:04:29.625   581   581 D spi_rst_gpio_get_output: GPIO 145 value: 1
05-27 18:13:20.661   581   581 I SpiService: fgesysctrl_getGPIO_status success val=1
05-27 08:04:29.625   581   581 D spidev_ioctl: gpio status=1)
05-27 18:13:20.667   536   536 D commservice260303: msg.id = 1028,0
05-27 18:13:20.667   536   536 D commservice260303: i = 170, msgid = 8A000404
05-27 18:13:20.667   536   536 D commservice260303: msgid = -1979710460,did=138
05-27 18:13:20.667   536   536 D commservice260303: CommProtocolLibCmdBaseI2C::dataproc {"command":{"id":"imu_status","sub":""},"content":{"TimeStamp":8,"FrameCounter":200223,"GD_X":-0.01160607673227787,"GD_Y":0.005420989356935024,"GD_Z":0.0019848872907459736,"AD_X":-0.0077738165855407715,"AD_Y":0.001966356299817562,"AD_Z":-0.16582489013671875,"TempDsp":0,"Status":0,"CalibState":1,"SigAmpInvalid":0}},-1979710460
05-27 18:13:20.667   581   581 I SpiService: fgesysctrl_getGPIO_status success val=0
05-27 18:13:20.667   536   536 D commservice260303: send2Cluster len:315, 7B22636F6D6D616E64223A7B226964223A22696D755F737461747573222C22737562223A22227D2C22636F6E74656E74223A7B2254696D655374616D70223A382C224672616D65436F756E746572223A3230303232332C2247445F58223A2D302E30313136303630373637333232373738372C2247445F59223A302E3030353432303938393335363933353032342C2247445F5A223A302E303031393834383837323930373435393733362C2241445F58223A2D302E303037373733383136353835353430373731352C2241445F59223A302E3030313936363335363239393831373536322C2241445F5A223A2D302E31363538323438393031333637313837352C2254656D70447370223A302C22537461747573223A302C2243616C69625374617465223A312C22536967416D70496E76616C6964223A307D7D, 138 
05-27 18:13:20.667   536   536 D commservice260303: Push Message into SendPool fn=-1052114176
05-27 18:13:20.667   536   536 D commservice260303: ComProtocolLibSend2Cluster::send2ClusterRaw fn=-1052114176 , len=331
05-27 18:13:20.667   536   536 D commservice260303: sendCmdToPort :331!!!
05-27 18:13:20.667   536   536 D commservice260303: send Cmd To Port ++++5AA501478A0100034AC16A16C3C07B22636F6D6D616E64223A7B226964223A22696D755F737461747573222C22737562223A22227D2C22636F6E74656E74223A7B2254696D655374616D70223A382C224672616D65436F756E746572223A3230303232332C2247445F58223A2D302E30313136303630373637333232373738372C2247445F59223A302E3030353432303938393335363933353032342C2247445F5A223A302E303031393834383837323930373435393733362C2241445F58223A2D302E303037373733383136353835353430373731352C2241445F59223A302E3030313936363335363239393831373536322C2241445F5A223A2D302E31363538323438393031333637313837352C2254656D70447370223A302C22537461747573223A302C2243616C69625374617465223A312C22536967416D70496E76616C6964223A307D7D1ADA
05-27 18:13:20.667   536   536 D commservice260303: bufferevent_write retrun value = 0
05-27 18:13:20.667   536   560 D commservice260303: client datas send succeed,send finish
05-27 18:13:20.667 13911 14192 D Sentinelmode_1.2.5.17_sentry: <SentryImuClusterFgeSender>imu_status sent to Linux, frame=200223, tsNs=8667910, tsMs=8, intervalMs=40, ad=(-0.0077738166,0.0019663563,-0.16582489), gd=(-0.011606077,0.0054209894,0.0019848873)
05-27 08:04:29.631   581   581 D spi_rst_gpio_get_output: GPIO 145 value: 0
05-27 08:04:29.631   581   581 D spidev_ioctl: gpio status=0)
05-27 18:13:20.671  1008 30856 D [OMXB]  : usingANWBuffer: handle:0xee743240, format:1, w:1920, h:1080
05-27 18:13:20.671 13911 14183 I SentryImuMcuAngleSender: 179.96144rollDeg
05-27 18:13:20.671 13911 14183 I SentryImuMcuAngleSender: 1,0,0
05-27 18:13:20.675   269   269 D libvintf: HalManifest::getHidlTransport(framework): Cannot find android.hardware.usb@1.0::IUsb/default
05-27 18:13:20.675   269   269 D libvintf: HalManifest::getHidlTransport(device): Cannot find android.hardware.usb@1.0::IUsb/default
05-27 18:13:20.675   269   269 I hwservicemanager: getTransport: Cannot find entry android.hardware.usb@1.0::IUsb/default in either framework or device VINTF manifest.
05-27 18:13:20.676 12348 12448 E ExtUsbManager: UsbHalController: android.hardware.usb.V1_0.IUsb getService failed!
05-27 18:13:20.676 12348 12448 E ExtUsbManager: java.util.NoSuchElementException
05-27 18:13:20.676 12348 12448 E ExtUsbManager: 	at android.os.HwBinder.getService(Native Method)
05-27 18:13:20.676 12348 12448 E ExtUsbManager: 	at android.os.HwBinder.getService(HwBinder.java:81)
05-27 18:13:20.676 12348 12448 E ExtUsbManager: 	at android.hardware.usb.V1_0.IUsb.getService(IUsb.java:74)
05-27 18:13:20.676 12348 12448 E ExtUsbManager: 	at android.hardware.usb.V1_0.IUsb.getService(IUsb.java:84)
05-27 18:13:20.676 12348 12448 E ExtUsbManager: 	at ts.car.usb.UsbHalController.createService(UsbHalController.java:37)
05-27 18:13:20.676 12348 12448 E ExtUsbManager: 	at ts.car.usb.UsbHalController.createService(UsbHalController.java:18)
05-27 18:13:20.676 12348 12448 E ExtUsbManager: 	at ts.car.usb.utils.AutoServiceConnector4Hidl.autoConnect(AutoServiceConnector4Hidl.java:47)
05-27 18:13:20.676 12348 12448 E ExtUsbManager: 	at ts.car.usb.utils.AutoServiceConnector4Hidl$$ExternalSyntheticLambda0.run(Unknown Source:2)
05-27 18:13:20.676 12348 12448 E ExtUsbManager: 	at android.os.Handler.handleCallback(Handler.java:942)
05-27 18:13:20.676 12348 12448 E ExtUsbManager: 	at android.os.Handler.dispatchMessage(Handler.java:99)
05-27 18:13:20.676 12348 12448 E ExtUsbManager: 	at android.os.Looper.loopOnce(Looper.java:201)
05-27 18:13:20.676 12348 12448 E ExtUsbManager: 	at android.os.Looper.loop(Looper.java:288)
05-27 18:13:20.676 12348 12448 E ExtUsbManager: 	at android.os.HandlerThread.run(HandlerThread.java:67)
05-27 18:13:20.677   299 30844 D EvsDriver: forwardFrame
05-27 18:13:20.677   269   269 D libvintf: HalManifest::getHidlTransport(framework): Cannot find vendor.ts.usbext@1.0::IUsbext/default
05-27 18:13:20.677   269   269 D libvintf: HalManifest::getHidlTransport(device): Cannot find vendor.ts.usbext@1.0::IUsbext/default
05-27 18:13:20.677   269   269 I hwservicemanager: getTransport: Cannot find entry vendor.ts.usbext@1.0::IUsbext/default in either framework or device VINTF manifest.
05-27 18:13:20.678 12348 12448 E ExtUsbManager: UsbHalExtController: vendor.ts.usbext.V1_0.IUsbext getService failed!
05-27 18:13:20.678 12348 12448 E ExtUsbManager: java.util.NoSuchElementException
05-27 18:13:20.678 12348 12448 E ExtUsbManager: 	at android.os.HwBinder.getService(Native Method)
05-27 18:13:20.678 12348 12448 E ExtUsbManager: 	at android.os.HwBinder.getService(HwBinder.java:81)
05-27 18:13:20.678 12348 12448 E ExtUsbManager: 	at vendor.ts.usbext.V1_0.IUsbext.getService(IUsbext.java:74)
05-27 18:13:20.678 12348 12448 E ExtUsbManager: 	at vendor.ts.usbext.V1_0.IUsbext.getService(IUsbext.java:84)
05-27 18:13:20.678 12348 12448 E ExtUsbManager: 	at ts.car.usb.UsbHalExtController.createService(UsbHalExtController.java:37)
05-27 18:13:20.678 12348 12448 E ExtUsbManager: 	at ts.car.usb.UsbHalExtController.createService(UsbHalExtController.java:18)
05-27 18:13:20.678 12348 12448 E ExtUsbManager: 	at ts.car.usb.utils.AutoServiceConnector4Hidl.autoConnect(AutoServiceConnector4Hidl.java:47)
05-27 18:13:20.678 12348 12448 E ExtUsbManager: 	at ts.car.usb.utils.AutoServiceConnector4Hidl$$ExternalSyntheticLambda0.run(Unknown Source:2)
05-27 18:13:20.678 12348 12448 E ExtUsbManager: 	at android.os.Handler.handleCallback(Handler.java:942)
05-27 18:13:20.678 12348 12448 E ExtUsbManager: 	at android.os.Handler.dispatchMessage(Handler.java:99)
05-27 18:13:20.678 12348 12448 E ExtUsbManager: 	at android.os.Looper.loopOnce(Looper.java:201)
05-27 18:13:20.678 12348 12448 E ExtUsbManager: 	at android.os.Looper.loop(Looper.java:288)
05-27 18:13:20.678 12348 12448 E ExtUsbManager: 	at android.os.HandlerThread.run(HandlerThread.java:67)
05-27 18:13:20.679   269   269 D libvintf: HalManifest::getHidlTransport(framework): Cannot find android.hardware.usb.gadget@1.0::IUsbGadget/default
05-27 18:13:20.679   299 30844 D EvsDriver: Delivered 0xb400007b7ca56900 as id 0
05-27 18:13:20.679   269   269 D libvintf: HalManifest::getHidlTransport(device): Cannot find android.hardware.usb.gadget@1.0::IUsbGadget/default
05-27 18:13:20.679   269   269 I hwservicemanager: getTransport: Cannot find entry android.hardware.usb.gadget@1.0::IUsbGadget/default in either framework or device VINTF manifest.
05-27 18:13:20.679   299 30841 D EvsDriver: forwardFrame
05-27 18:13:20.679  1167  1167 D evsmanagerd: /dev/video6 forwarded the buffer #0 to 0xb4000074bf5f5510 from 0xb4000074bf5f6d90
05-27 18:13:20.680   481   598 I mcuc    : rev,n=1,6AA681AE9E000B8300E00000000000000000C5
05-27 18:13:20.680   351   373 D automotive.vehicle@2.0-adayo-datacomm-mcu: MCUDatacomm sendMessageFromVehicle prop: 0x83, areaId: 0x0, status: 0x0, timestamp: 0x0
05-27 18:13:20.680   351   373 D automotive.vehicle@2.0-adayo-datacomm-mcu: MCUDatacomm 1sendMessageFromVehicle ---> type = 7 
05-27 18:13:20.680   351   373 I automotive.vehicle@2.0-adayo-func-mcu: MCUFunc :sendMessageFromVehicle  msgBuff[0] = 131 
05-27 18:13:20.680   351   373 I automotive.vehicle@2.0-adayo-func-mcu: MCUFunc :sendMessageFromVehicle  msgBuff[1] = 0 
05-27 18:13:20.681   351   373 I automotive.vehicle@2.0-adayo-func-mcu: MCUFunc :sendMessageFromVehicle  msgBuff[2] = 0 
05-27 18:13:20.681   351   373 I automotive.vehicle@2.0-adayo-func-mcu: MCUFunc :sendMessageFromVehicle  msgBuff[3] = 0 
05-27 18:13:20.681   351   373 I automotive.vehicle@2.0-adayo-func-mcu: MCUFunc :sendMessageFromVehicle  msgBuff[4] = 3 
05-27 18:13:20.681 12348 12448 E ExtUsbManager: UsbGadgetController: android.hardware.usb.gadget.V1_0.IUsbGadget getService failed!
05-27 18:13:20.681 12348 12448 E ExtUsbManager: java.util.NoSuchElementException
05-27 18:13:20.681 12348 12448 E ExtUsbManager: 	at android.os.HwBinder.getService(Native Method)
05-27 18:13:20.681 12348 12448 E ExtUsbManager: 	at android.os.HwBinder.getService(HwBinder.java:81)
05-27 18:13:20.681 12348 12448 E ExtUsbManager: 	at android.hardware.usb.gadget.V1_0.IUsbGadget.getService(IUsbGadget.java:74)
05-27 18:13:20.681 12348 12448 E ExtUsbManager: 	at android.hardware.usb.gadget.V1_0.IUsbGadget.getService(IUsbGadget.java:84)
05-27 18:13:20.681 12348 12448 E ExtUsbManager: 	at ts.car.usb.UsbGadgetController.createService(UsbGadgetController.java:36)
05-27 18:13:20.681 12348 12448 E ExtUsbManager: 	at ts.car.usb.UsbGadgetController.createService(UsbGadgetController.java:17)
05-27 18:13:20.681 12348 12448 E ExtUsbManager: 	at ts.car.usb.utils.AutoServiceConnector4Hidl.autoConnect(AutoServiceConnector4Hidl.java:47)
05-27 18:13:20.681 12348 12448 E ExtUsbManager: 	at ts.car.usb.utils.AutoServiceConnector4Hidl$$ExternalSyntheticLambda0.run(Unknown Source:2)
05-27 18:13:20.681 12348 12448 E ExtUsbManager: 	at android.os.Handler.handleCallback(Handler.java:942)
05-27 18:13:20.681 12348 12448 E ExtUsbManager: 	at android.os.Handler.dispatchMessage(Handler.java:99)
05-27 18:13:20.681 12348 12448 E ExtUsbManager: 	at android.os.Looper.loopOnce(Looper.java:201)
05-27 18:13:20.681 12348 12448 E ExtUsbManager: 	at android.os.Looper.loop(Looper.java:288)
05-27 18:13:20.681 12348 12448 E ExtUsbManager: 	at android.os.HandlerThread.run(HandlerThread.java:67)
05-27 18:13:20.681   351   373 I automotive.vehicle@2.0-adayo-func-mcu: MCUFunc :sendMessageFromVehicle  msgBuff[5] = 1 
05-27 18:13:20.681   351   373 I automotive.vehicle@2.0-adayo-func-mcu: MCUFunc :sendMessageFromVehicle  msgBuff[6] = 0 
05-27 18:13:20.681   351   373 I automotive.vehicle@2.0-adayo-func-mcu: MCUFunc :sendMessageFromVehicle  msgBuff[7] = 0 
05-27 18:13:20.681   351   373 I automotive.vehicle@2.0-adayo-func-mcu: MCUFunc :sendMessageFromVehicle  msgBuff[8] = 0 
05-27 18:13:20.681   351   373 I automotive.vehicle@2.0-adayo-func-mcu: MCUFunc :sendMessageFromVehicle  msgBuff[9] = 0 
05-27 18:13:20.681   351   373 I automotive.vehicle@2.0-adayo-func-mcu: MCUFunc :sendMessageFromVehicle  msgBuff[10] = 0 
05-27 18:13:20.681   351   373 I automotive.vehicle@2.0-adayo-func-mcu: MCUFunc :sendMessageFromVehicle  msgBuff[11] = 0 
05-27 18:13:20.681   351   373 I automotive.vehicle@2.0-adayo-func-mcu: MCUFunc :sendMessageFromVehicle  msgBuff[12] = 0 
05-27 18:13:20.681   351   373 I automotive.vehicle@2.0-adayo-func-mcu: MCUFunc :sendMessageFromVehicle  msgBuff[13] = 0 
05-27 18:13:20.681   299 30841 D EvsDriver: Delivered 0xb400007b7ca56a60 as id 0
05-27 18:13:20.681   351   373 I automotive.vehicle@2.0-adayo-func-mcu: MCUFunc :sendMessageFromVehicle  msgBuff[14] = 0 
05-27 18:13:20.681   351   373 I automotive.vehicle@2.0-adayo-func-mcu: MCUFunc :sendMessageFromVehicle  msgBuff[15] = 0 
05-27 18:13:20.681   351   373 I automotive.vehicle@2.0-adayo-func-mcu: MCUFunc :sendMessageFromVehicle  msgBuff[16] = 0 
05-27 18:13:20.681  1167  1167 D evsmanagerd: /dev/video4 forwarded the buffer #0 to 0xb4000074bf5f6850 from 0xb4000074bf5f41d0
05-27 18:13:20.683   481   598 I mcuc    : rev,n=2,6AA681AE9F000384150096
05-27 18:13:20.683   581   581 I SpiService: fgesysctrl_getGPIO_status success val=1
05-27 18:13:20.684   299  1153 D EvsDriver: doneWithFrame
05-27 18:13:20.685   481   598 I mcuc    : rev,n=3,6AA681AEA0008C8305000055000000B000000000000100010000A590F5B11A17E5F51BF51A449CF51AEA35F51BB2C9887647931400000000040000B3000000000000000000000000000000B44300000000000300000000000000AA000000E40701010000000000000000BB06050507EA051B000008009403CB00CC000000000000000000000000000000B5000000000000000072
05-27 08:04:29.647   581   581 D spi_rst_gpio_get_output: GPIO 145 value: 1
05-27 08:04:29.647   581   581 D spidev_ioctl: gpio status=1)
05-27 18:13:20.686   351   373 D automotive.vehicle@2.0-adayo-datacomm-mcu: MCUDatacomm sendMessageFromVehicle prop: 0x83, areaId: 0x5, status: 0x0, timestamp: 0x0
05-27 18:13:20.687   351   373 D automotive.vehicle@2.0-adayo-datacomm-mcu: MCUDatacomm 1sendMessageFromVehicle ---> type = 7 
05-27 18:13:20.687   351   373 I automotive.vehicle@2.0-adayo-func-mcu: MCUFunc :sendMessageFromVehicle  msgBuff[0] = 131 
05-27 18:13:20.687   351   373 I automotive.vehicle@2.0-adayo-func-mcu: MCUFunc :sendMessageFromVehicle  msgBuff[1] = 5 
05-27 18:13:20.687   351   373 I automotive.vehicle@2.0-adayo-func-mcu: MCUFunc :sendMessageFromVehicle  msgBuff[2] = 0 
05-27 18:13:20.687   351   373 I automotive.vehicle@2.0-adayo-func-mcu: MCUFunc :sendMessageFromVehicle  msgBuff[3] = 0 
05-27 18:13:20.687   351   373 I automotive.vehicle@2.0-adayo-func-mcu: MCUFunc :sendMessageFromVehicle  msgBuff[4] = 85 
05-27 18:13:20.687   351   373 I automotive.vehicle@2.0-adayo-func-mcu: MCUFunc :sendMessageFromVehicle  msgBuff[5] = 0 
05-27 18:13:20.688   481   598 I mcuc    : rev,n=4,6AA681AEA1009E8B30028E01020403A0030000030100000100000000002901A100000000003B000202000002020002A208FA29018000028000038000048000A3058000068000070000080000000000A4000000000000000000000101000700A502000000090102000200FF0100A68FDD01010101010000000101010000000A0A0A0000010101040402020000000000000000000000000000000000000000000000000000EE5A
05-27 18:13:20.688   299  1153 D EvsDriver: doneWithFrame
05-27 18:13:20.688   581   581 I SpiService: fgesysctrl_getGPIO_status success val=1
05-27 08:04:29.653   581   581 D spi_rst_gpio_get_output: GPIO 145 value: 1
05-27 08:04:29.653   581   581 D spidev_ioctl: gpio status=1)
05-27 18:13:20.690  1008 30857 D [OMXB]  : usingANWBuffer: handle:0xee746c00, format:1, w:1920, h:1080
05-27 18:13:20.690   481   598 I mcuc    : rev,n=5,6AA681AEA200028B3270
05-27 18:13:20.691 13911 14183 I SentryImuMcuAngleSender: 179.96846rollDeg
05-27 18:13:20.691 13911 14183 I SentryImuMcuAngleSender: 1,0,0
05-27 18:13:20.695   581   581 I SpiService: fgesysctrl_getGPIO_status success val=1
05-27 08:04:29.659   581   581 D spi_rst_gpio_get_output: GPIO 145 value: 1
05-27 08:04:29.659   581   581 D spidev_ioctl: gpio status=1)
05-27 18:13:20.700   581   581 I SpiService: fgesysctrl_getGPIO_status success val=1
05-27 08:04:29.665   581   581 D spi_rst_gpio_get_output: GPIO 145 value: 1
05-27 08:04:29.665   581   581 D spidev_ioctl: gpio status=1)
05-27 18:13:20.706   581   581 I SpiService: fgesysctrl_getGPIO_status success val=0
05-27 18:13:20.706   481   597 I mcuc    : send SPI:6AA602AE9E000283002D6AA602AE9F00028415166AA602AEA000028305266AA602AEA100028B30F26AA602AEA200028B32EF
05-27 18:13:20.707   299 30841 D EvsDriver: forwardFrame
05-27 18:13:20.707   536   536 D commservice260303: msg.id = 1028,0
05-27 18:13:20.707   536   536 D commservice260303: i = 170, msgid = 8A000404
05-27 18:13:20.707   536   536 D commservice260303: msgid = -1979710460,did=138
05-27 18:13:20.707   536   536 D commservice260303: CommProtocolLibCmdBaseI2C::dataproc {"command":{"id":"imu_status","sub":""},"content":{"TimeStamp":8,"FrameCounter":200224,"GD_X":-0.011147825978696346,"GD_Y":0.006032164208590984,"GD_Z":0.002443138277158141,"AD_X":-0.0028892159461975098,"AD_Y":-0.0010832331608980894,"AD_Z":-0.16704559326171875,"TempDsp":0,"Status":0,"CalibState":1,"SigAmpInvalid":0}},-1979710460
05-27 18:13:20.707   536   536 D commservice260303: send2Cluster len:317, 7B22636F6D6D616E64223A7B226964223A22696D755F737461747573222C22737562223A22227D2C22636F6E74656E74223A7B2254696D655374616D70223A382C224672616D65436F756E746572223A3230303232342C2247445F58223A2D302E3031313134373832353937383639363334362C2247445F59223A302E3030363033323136343230383539303938342C2247445F5A223A302E3030323434333133383237373135383134312C2241445F58223A2D302E303032383839323135393436313937353039382C2241445F59223A2D302E303031303833323333313630383938303839342C2241445F5A223A2D302E31363730343535393332363137313837352C2254656D70447370223A302C22537461747573223A302C2243616C69625374617465223A312C22536967416D70496E76616C6964223A307D7D, 138 
05-27 18:13:20.707   536   536 D commservice260303: Push Message into SendPool fn=-1035336960
05-27 18:13:20.707   536   536 D commservice260303: ComProtocolLibSend2Cluster::send2ClusterRaw fn=-1035336960 , len=333
05-27 18:13:20.707   536   536 D commservice260303: sendCmdToPort :333!!!
05-27 18:13:20.707   536   536 D commservice260303: send Cmd To Port ++++5AA501498A0100034AC26A16C3C07B22636F6D6D616E64223A7B226964223A22696D755F737461747573222C22737562223A22227D2C22636F6E74656E74223A7B2254696D655374616D70223A382C224672616D65436F756E746572223A3230303232342C2247445F58223A2D302E3031313134373832353937383639363334362C2247445F59223A302E3030363033323136343230383539303938342C2247445F5A223A302E3030323434333133383237373135383134312C2241445F58223A2D302E303032383839323135393436313937353039382C2241445F59223A2D302E303031303833323333313630383938303839342C2241445F5A223A2D302E31363730343535393332363137313837352C2254656D70447370223A302C22537461747573223A302C2243616C69625374617465223A312C22536967416D70496E76616C6964223A307D7DD812
05-27 18:13:20.708   536   536 D commservice260303: bufferevent_write retrun value = 0
05-27 18:13:20.708   536   560 D commservice260303: client datas send succeed,send finish
05-27 18:13:20.708 13911 14192 D Sentinelmode_1.2.5.17_sentry: <SentryImuClusterFgeSender>imu_status sent to Linux, frame=200224, tsNs=8667946, tsMs=8, intervalMs=40, ad=(-0.002889216,-0.0010832332,-0.1670456), gd=(-0.011147826,0.006032164,0.0024431383)
05-27 18:13:20.708   299 30841 D EvsDriver: Delivered 0xb400007b7ca56a60 as id 0
05-27 18:13:20.708  1167  1167 D evsmanagerd: /dev/video4 forwarded the buffer #0 to 0xb4000074bf5f6850 from 0xb4000074bf5f41d0
05-27 08:04:29.670   581   581 D spi_rst_gpio_get_output: GPIO 145 value: 0
05-27 08:04:29.670   581   581 D spidev_ioctl: gpio status=0)
05-27 18:13:20.710  1008 30856 D [OMXB]  : usingANWBuffer: handle:0xee740bc0, format:1, w:1920, h:1080
05-27 18:13:20.711   299  1153 D EvsDriver: doneWithFrame
05-27 18:13:20.711 13911 14183 I SentryImuMcuAngleSender: 179.97897rollDeg
05-27 18:13:20.711 13911 14183 I SentryImuMcuAngleSender: 1,0,0
05-27 18:13:20.712   299 30844 D EvsDriver: forwardFrame
05-27 18:13:20.719  1167  1167 D evsmanagerd: /dev/video6 forwarded the buffer #0 to 0xb4000074bf5f5510 from 0xb4000074bf5f6d90
05-27 18:13:20.719   299 30844 D EvsDriver: Delivered 0xb400007b7ca56900 as id 0
05-27 18:13:20.721   581   581 I SpiService: fgesysctrl_getGPIO_status success val=1
05-27 18:13:20.723   299  1153 D EvsDriver: doneWithFrame
05-27 08:04:29.686   581   581 D spi_rst_gpio_get_output: GPIO 145 value: 1
05-27 08:04:29.686   581   581 D spidev_ioctl: gpio status=1)
05-27 18:13:20.726  1008 30857 D [OMXB]  : usingANWBuffer: handle:0xee745760, format:1, w:1920, h:1080
05-27 18:13:20.727   581   581 I SpiService: fgesysctrl_getGPIO_status success val=1
05-27 08:04:29.692   581   581 D spi_rst_gpio_get_output: GPIO 145 value: 1
05-27 08:04:29.692   581   581 D spidev_ioctl: gpio status=1)
05-27 18:13:20.731   572   572 I Sensors : 230 GyroSensor: x:-0.011071,y:0.004810,z:0.001908
05-27 18:13:20.732 13911 14183 I SentryImuMcuAngleSender: 179.96846rollDeg
05-27 18:13:20.732 13911 14183 I SentryImuMcuAngleSender: 1,0,0
05-27 08:04:29.697   581   581 D spi_rst_gpio_get_output: GPIO 145 value: 1
05-27 08:04:29.697   581   581 D spidev_ioctl: gpio status=1)
05-27 18:13:20.733   581   581 I SpiService: fgesysctrl_getGPIO_status success val=1
05-27 18:13:20.738   581   581 I SpiService: fgesysctrl_getGPIO_status success val=1
05-27 08:04:29.703   581   581 D spi_rst_gpio_get_output: GPIO 145 value: 1
05-27 08:04:29.703   581   581 D spidev_ioctl: gpio status=1)
05-27 18:13:20.744   581   581 I SpiService: fgesysctrl_getGPIO_status success val=0
05-27 08:04:29.708   581   581 D spi_rst_gpio_get_output: GPIO 145 value: 0
05-27 08:04:29.708   581   581 D spidev_ioctl: gpio status=0)
05-27 18:13:20.747   536   536 D commservice260303: msg.id = 1028,1
05-27 18:13:20.747   536   536 D commservice260303: i = 170, msgid = 8A000404
05-27 18:13:20.747  1008 30856 D [OMXB]  : usingANWBuffer: handle:0xee743c90, format:1, w:1920, h:1080
05-27 18:13:20.747   536   536 D commservice260303: msgid = -1979710460,did=138
05-27 18:13:20.747   536   536 D commservice260303: CommProtocolLibCmdBaseI2C::dataproc {"command":{"id":"imu_status","sub":""},"content":{"TimeStamp":8,"FrameCounter":200225,"GD_X":-0.011070843786001205,"GD_Y":0.004809814505279064,"GD_Z":0.0019079053308814764,"AD_X":-4.607886075973511E-4,"AD_Y":0.002566879615187645,"AD_Z":-0.16704559326171875,"TempDsp":0,"Status":0,"CalibState":1,"SigAmpInvalid":0}},-1979710460
05-27 18:13:20.747   536   536 D commservice260303: send2Cluster len:315, 7B22636F6D6D616E64223A7B226964223A22696D755F737461747573222C22737562223A22227D2C22636F6E74656E74223A7B2254696D655374616D70223A382C224672616D65436F756E746572223A3230303232352C2247445F58223A2D302E3031313037303834333738363030313230352C2247445F59223A302E3030343830393831343530353237393036342C2247445F5A223A302E303031393037393035333330383831343736342C2241445F58223A2D342E363037383836303735393733353131452D342C2241445F59223A302E3030323536363837393631353138373634352C2241445F5A223A2D302E31363730343535393332363137313837352C2254656D70447370223A302C22537461747573223A302C2243616C69625374617465223A312C22536967416D70496E76616C6964223A307D7D, 138 
05-27 18:13:20.747   536   536 D commservice260303: Push Message into SendPool fn=-1018559744
05-27 18:13:20.747   536   536 D commservice260303: ComProtocolLibSend2Cluster::send2ClusterRaw fn=-1018559744 , len=331
05-27 18:13:20.747   536   536 D commservice260303: sendCmdToPort :331!!!
05-27 18:13:20.747   536   536 D commservice260303: send Cmd To Port ++++5AA501478A0100034AC36A16C3C07B22636F6D6D616E64223A7B226964223A22696D755F737461747573222C22737562223A22227D2C22636F6E74656E74223A7B2254696D655374616D70223A382C224672616D65436F756E746572223A3230303232352C2247445F58223A2D302E3031313037303834333738363030313230352C2247445F59223A302E3030343830393831343530353237393036342C2247445F5A223A302E303031393037393035333330383831343736342C2241445F58223A2D342E363037383836303735393733353131452D342C2241445F59223A302E3030323536363837393631353138373634352C2241445F5A223A2D302E31363730343535393332363137313837352C2254656D70447370223A302C22537461747573223A302C2243616C69625374617465223A312C22536967416D70496E76616C6964223A307D7DA4F2
05-27 18:13:20.747   536   536 D commservice260303: bufferevent_write retrun value = 0
05-27 18:13:20.747   536   560 D commservice260303: client datas send succeed,send finish
05-27 18:13:20.748 13911 14192 D Sentinelmode_1.2.5.17_sentry: <SentryImuClusterFgeSender>imu_status sent to Linux, frame=200225, tsNs=8667981, tsMs=8, intervalMs=40, ad=(-4.607886E-4,0.0025668796,-0.1670456), gd=(-0.011070844,0.0048098145,0.0019079053)
05-27 18:13:20.750   299 30844 D EvsDriver: forwardFrame
05-27 18:13:20.750   299 30841 D EvsDriver: forwardFrame
05-27 18:13:20.750 13911 13911 I Sentinelmode_1.2.5.17_sentry: <SentinelCarServiceManager>sensorType:291504647
05-27 18:13:20.752   299 30841 D EvsDriver: Delivered 0xb400007b7ca56a60 as id 0
05-27 18:13:20.752 13911 14183 I SentryImuMcuAngleSender: 179.95795rollDeg
05-27 18:13:20.752 13911 14183 I SentryImuMcuAngleSender: 1,0,0
05-27 18:13:20.752  1167  1167 D evsmanagerd: /dev/video4 forwarded the buffer #0 to 0xb4000074bf5f6850 from 0xb4000074bf5f41d0
05-27 18:13:20.756   299  1153 D EvsDriver: doneWithFrame
05-27 18:13:20.758   283   307 I rvcservice: t.code = 3, t.value = 0
05-27 18:13:20.758   581   581 I SpiService: fgesysctrl_getGPIO_status success val=1
05-27 18:13:20.759   299 30844 D EvsDriver: Delivered 0xb400007b7ca56900 as id 0
05-27 18:13:20.759  1167  1167 D evsmanagerd: /dev/video6 forwarded the buffer #0 to 0xb4000074bf5f5510 from 0xb4000074bf5f6d90
05-27 08:04:29.722   581   581 D spi_rst_gpio_get_output: GPIO 145 value: 1
05-27 08:04:29.722   581   581 D spidev_ioctl: gpio status=1)
05-27 18:13:20.762   299  1153 D EvsDriver: doneWithFrame
05-27 18:13:20.763   581   581 I SpiService: fgesysctrl_getGPIO_status success val=1
05-27 08:04:29.728   581   581 D spi_rst_gpio_get_output: GPIO 145 value: 1
05-27 08:04:29.728   581   581 D spidev_ioctl: gpio status=1)
05-27 18:13:20.766  1008 30857 D [OMXB]  : usingANWBuffer: handle:0xee742690, format:1, w:1920, h:1080
05-27 18:13:20.767 30773 30789 I dvr_service_: Camera 1: MediaOK:11978282, frames:270, isKeyFrame:0,pts:8667843701
05-27 18:13:20.769   581   581 I SpiService: fgesysctrl_getGPIO_status success val=1
05-27 18:13:20.772 13911 14183 I SentryImuMcuAngleSender: 179.95445rollDeg
05-27 18:13:20.772 13911 14183 I SentryImuMcuAngleSender: 1,0,0
05-27 18:13:20.772   299 30844 D EvsDriver: forwardFrame
05-27 08:04:29.733   581   581 D spi_rst_gpio_get_output: GPIO 145 value: 1
05-27 08:04:29.733   581   581 D spidev_ioctl: gpio status=1)
05-27 18:13:20.773   299 30844 D EvsDriver: Delivered 0xb400007b7ca56900 as id 0
05-27 18:13:20.773  1167  1167 D evsmanagerd: /dev/video6 forwarded the buffer #0 to 0xb4000074bf5f5510 from 0xb4000074bf5f6d90
05-27 18:13:20.774   581   581 I SpiService: fgesysctrl_getGPIO_status success val=1
05-27 08:04:29.739   581   581 D spi_rst_gpio_get_output: GPIO 145 value: 1
05-27 08:04:29.739   581   581 D spidev_ioctl: gpio status=1)
05-27 18:13:20.777   299  1153 D EvsDriver: doneWithFrame
05-27 18:13:20.778   299 30841 D EvsDriver: forwardFrame
05-27 18:13:20.780   581   581 I SpiService: fgesysctrl_getGPIO_status success val=1
05-27 08:04:29.744   581   581 D spi_rst_gpio_get_output: GPIO 145 value: 1
05-27 08:04:29.744   581   581 D spidev_ioctl: gpio status=1)
05-27 08:04:29.748   303   303 I [Audio:SBLCK] p_tt: 1119620,1119620
05-27 18:13:20.783   299 30841 D EvsDriver: Delivered 0xb400007b7ca56a60 as id 0
05-27 08:04:29.750   581   581 D spi_rst_gpio_get_output: GPIO 145 value: 0
05-27 08:04:29.750   581   581 D spidev_ioctl: gpio status=0)
05-27 18:13:20.783  1167  1167 D evsmanagerd: /dev/video4 forwarded the buffer #0 to 0xb4000074bf5f6850 from 0xb4000074bf5f41d0
05-27 18:13:20.786   581   581 I SpiService: fgesysctrl_getGPIO_status success val=0
05-27 18:13:20.789   299  1153 D EvsDriver: doneWithFrame
05-27 18:13:20.790   536   536 D commservice260303: msg.id = 1028,0
05-27 18:13:20.790   536   536 D commservice260303: i = 170, msgid = 8A000404
05-27 18:13:20.790   536   536 D commservice260303: msgid = -1979710460,did=138
05-27 18:13:20.791   536   536 D commservice260303: CommProtocolLibCmdBaseI2C::dataproc {"command":{"id":"imu_status","sub":""},"content":{"TimeStamp":8,"FrameCounter":200226,"GD_X":-0.01160607673227787,"GD_Y":0.005879240110516548,"GD_Z":0.0020608289632946253,"AD_X":0.0025563687086105347,"AD_Y":0.0031580477952957153,"AD_Z":-0.16704559326171875,"TempDsp":0,"Status":0,"CalibState":1,"SigAmpInvalid":0}},-1979710460
05-27 18:13:20.791   536   536 D commservice260303: send2Cluster len:315, 7B22636F6D6D616E64223A7B226964223A22696D755F737461747573222C22737562223A22227D2C22636F6E74656E74223A7B2254696D655374616D70223A382C224672616D65436F756E746572223A3230303232362C2247445F58223A2D302E30313136303630373637333232373738372C2247445F59223A302E3030353837393234303131303531363534382C2247445F5A223A302E303032303630383238393633323934363235332C2241445F58223A302E303032353536333638373038363130353334372C2241445F59223A302E303033313538303437373935323935373135332C2241445F5A223A2D302E31363730343535393332363137313837352C2254656D70447370223A302C22537461747573223A302C2243616C69625374617465223A312C22536967416D70496E76616C6964223A307D7D, 138 
05-27 18:13:20.791   536   536 D commservice260303: Push Message into SendPool fn=-1001782528
05-27 18:13:20.791   536   536 D commservice260303: ComProtocolLibSend2Cluster::send2ClusterRaw fn=-1001782528 , len=331
05-27 18:13:20.791   536   536 D commservice260303: sendCmdToPort :331!!!
05-27 18:13:20.791   536   536 D commservice260303: send Cmd To Port ++++5AA501478A0100034AC46A16C3C07B22636F6D6D616E64223A7B226964223A22696D755F737461747573222C22737562223A22227D2C22636F6E74656E74223A7B2254696D655374616D70223A382C224672616D65436F756E746572223A3230303232362C2247445F58223A2D302E30313136303630373637333232373738372C2247445F59223A302E3030353837393234303131303531363534382C2247445F5A223A302E303032303630383238393633323934363235332C2241445F58223A302E303032353536333638373038363130353334372C2241445F59223A302E303033313538303437373935323935373135332C2241445F5A223A2D302E31363730343535393332363137313837352C2254656D70447370223A302C22537461747573223A302C2243616C69625374617465223A312C22536967416D70496E76616C6964223A307D7DE08D
05-27 18:13:20.791   536   536 D commservice260303: bufferevent_write retrun value = 0
05-27 18:13:20.791   536   560 D commservice260303: client datas send succeed,send finish
05-27 18:13:20.791 13911 14192 D Sentinelmode_1.2.5.17_sentry: <SentryImuClusterFgeSender>imu_status sent to Linux, frame=200226, tsNs=8668019, tsMs=8, intervalMs=44, ad=(0.0025563687,0.0031580478,-0.1670456), gd=(-0.011606077,0.00587924,0.002060829)
05-27 18:13:20.793 13911 14183 I SentryImuMcuAngleSender: 179.96495rollDeg
05-27 18:13:20.793 13911 14183 I SentryImuMcuAngleSender: 1,0,0
05-27 18:13:20.794  1008 30856 D [OMXB]  : usingANWBuffer: handle:0xee742f80, format:1, w:1920, h:1080
05-27 18:13:20.801   581   581 I SpiService: fgesysctrl_getGPIO_status success val=1
05-27 08:04:29.766   581   581 D spi_rst_gpio_get_output: GPIO 145 value: 1
05-27 08:04:29.766   581   581 D spidev_ioctl: gpio status=1)
05-27 18:13:20.806   581   581 I SpiService: fgesysctrl_getGPIO_status success val=1
05-27 18:13:20.807   299 30841 D EvsDriver: forwardFrame
05-27 18:13:20.808   299 30841 D EvsDriver: Delivered 0xb400007b7ca56a60 as id 0
05-27 18:13:20.808  1167  1167 D evsmanagerd: /dev/video4 forwarded the buffer #0 to 0xb4000074bf5f6850 from 0xb4000074bf5f41d0
05-27 18:13:20.808 30773 30773 E dvr_service_: [myNum:0] Received S**** loss
05-27 08:04:29.771   581   581 D spi_rst_gpio_get_output: GPIO 145 value: 1
05-27 08:04:29.771   581   581 D spidev_ioctl: gpio status=1)
05-27 18:13:20.809   299  1153 D EvsDriver: doneWithFrame
05-27 18:13:20.809   299 30844 D EvsDriver: forwardFrame
05-27 18:13:20.810   299 30844 D EvsDriver: Delivered 0xb400007b7ca56900 as id 0
05-27 18:13:20.810  1167  1167 D evsmanagerd: /dev/video6 forwarded the buffer #0 to 0xb4000074bf5f5510 from 0xb4000074bf5f6d90
05-27 18:13:20.810 30773 30773 E dvr_service_: [myNum:1] Received S**** loss
05-27 18:13:20.810   299  1153 D EvsDriver: doneWithFrame
05-27 18:13:20.812   581   581 I SpiService: fgesysctrl_getGPIO_status success val=1
05-27 08:04:29.776   581   581 D spi_rst_gpio_get_output: GPIO 145 value: 1
05-27 08:04:29.776   581   581 D spidev_ioctl: gpio status=1)
05-27 18:13:20.814 13911 14183 I SentryImuMcuAngleSender: 179.97195rollDeg
05-27 18:13:20.814 13911 14183 I SentryImuMcuAngleSender: 1,0,0
05-27 18:13:20.817  1008 30857 D [OMXB]  : usingANWBuffer: handle:0xee742530, format:1, w:1920, h:1080
05-27 18:13:20.817   581   581 I SpiService: fgesysctrl_getGPIO_status success val=1
05-27 18:13:20.819 26149 26177 D ANWAPI_SECOND: (26149|0x293CBCB0)[BTAPI] set_bluetooth_power : open /sys/class/gpio/gpio142/value
