05-27 18:13:14.160  1083  1083 I MyAppLog: [2026-05-27 18:13:14.159 I tboxap mcuCommTboxmidsRecvCb:98] [Mcu] [tboxmids -> tboxap]: :00 08 25 01 04 09 13 12 34 56
05-27 18:13:14.160  1083  1083 W MyAppLog: [2026-05-27 18:13:14.159 W tboxap mcuYadiFrameParse:852] [Mcu] [mcuYadiFrameParse] cmd:0913(MCU_SEC_BATT1_DYNAMIC_IND) payload too short:5 < 36
05-27 18:13:14.160   581   581 I SpiService: fgesysctrl_getGPIO_status success val=1
05-27 18:13:14.160  1083  1083 W MyAppLog: [2026-05-27 18:13:14.159 W tboxap mcuPtlParseData:982] [Mcu] [mcuPtlParseData] invalid yadi frame, len:10
05-27 08:04:23.125   581   581 D spi_rst_gpio_get_output: GPIO 145 value: 1
05-27 08:04:23.125   581   581 D spidev_ioctl: gpio status=1)
05-27 18:13:14.166   581   581 I SpiService: fgesysctrl_getGPIO_status success val=1
05-27 08:04:23.130   581   581 D spi_rst_gpio_get_output: GPIO 145 value: 1
05-27 08:04:23.130   581   581 D spidev_ioctl: gpio status=1)
05-27 18:13:14.170  1008 30856 D [OMXB]  : usingANWBuffer: handle:0xee743df0, format:1, w:1920, h:1080
05-27 18:13:14.171   572   572 I Sensors : 230 AccelSensor: x:-0.179950,y:0.002440,z:-9.971060
05-27 18:13:14.171   581   581 I SpiService: fgesysctrl_getGPIO_status success val=1
05-27 08:04:23.136   581   581 D spi_rst_gpio_get_output: GPIO 145 value: 1
05-27 08:04:23.136   581   581 D spidev_ioctl: gpio status=1)
05-27 18:13:14.176   299 30841 D EvsDriver: forwardFrame
05-27 18:13:14.176   536   536 D commservice260303: msg.id = 1028,1
05-27 18:13:14.176   536   536 D commservice260303: i = 170, msgid = 8A000404
05-27 18:13:14.176   536   536 D commservice260303: msgid = -1979710460,did=138
05-27 18:13:14.176   536   536 D commservice260303: CommProtocolLibCmdBaseI2C::dataproc {"command":{"id":"imu_status","sub":""},"content":{"TimeStamp":8,"FrameCounter":200063,"GD_X":-0.01160607673227787,"GD_Y":0.005345047451555729,"GD_Z":0.002747945487499237,"AD_X":-0.013297170400619507,"AD_Y":-0.002658301265910268,"AD_Z":-0.16582489013671875,"TempDsp":0,"Status":0,"CalibState":1,"SigAmpInvalid":0}},-1979710460
05-27 18:13:14.177   581   581 I SpiService: fgesysctrl_getGPIO_status success val=1
05-27 18:13:14.177   536   536 D commservice260303: send2Cluster len:314, 7B22636F6D6D616E64223A7B226964223A22696D755F737461747573222C22737562223A22227D2C22636F6E74656E74223A7B2254696D655374616D70223A382C224672616D65436F756E746572223A3230303036332C2247445F58223A2D302E30313136303630373637333232373738372C2247445F59223A302E3030353334353034373435313535353732392C2247445F5A223A302E3030323734373934353438373439393233372C2241445F58223A2D302E3031333239373137303430303631393530372C2241445F59223A2D302E3030323635383330313236353931303236382C2241445F5A223A2D302E31363538323438393031333637313837352C2254656D70447370223A302C22537461747573223A302C2243616C69625374617465223A312C22536967416D70496E76616C6964223A307D7D, 138 
05-27 18:13:14.177   536   536 D commservice260303: Push Message into SendPool fn=508166912
05-27 18:13:14.177   536   536 D commservice260303: ComProtocolLibSend2Cluster::send2ClusterRaw fn=508166912 , len=330
05-27 18:13:14.177   536   536 D commservice260303: sendCmdToPort :330!!!
05-27 18:13:14.177   536   536 D commservice260303: send Cmd To Port ++++5AA501468A0100034A1E6A16C3BA7B22636F6D6D616E64223A7B226964223A22696D755F737461747573222C22737562223A22227D2C22636F6E74656E74223A7B2254696D655374616D70223A382C224672616D65436F756E746572223A3230303036332C2247445F58223A2D302E30313136303630373637333232373738372C2247445F59223A302E3030353334353034373435313535353732392C2247445F5A223A302E3030323734373934353438373439393233372C2241445F58223A2D302E3031333239373137303430303631393530372C2241445F59223A2D302E3030323635383330313236353931303236382C2241445F5A223A2D302E31363538323438393031333637313837352C2254656D70447370223A302C22537461747573223A302C2243616C69625374617465223A312C22536967416D70496E76616C6964223A307D7D8771
05-27 18:13:14.178   536   536 D commservice260303: bufferevent_write retrun value = 0
05-27 18:13:14.178   299 30841 D EvsDriver: Delivered 0xb400007b7ca56a60 as id 0
05-27 18:13:14.178  1167  1184 D evsmanagerd: /dev/video4 forwarded the buffer #0 to 0xb4000074bf5f6850 from 0xb4000074bf5f41d0
05-27 18:13:14.178   536   560 D commservice260303: client datas send succeed,send finish
05-27 18:13:14.178 13911 14192 D Sentinelmode_1.2.5.17_sentry: <SentryImuClusterFgeSender>imu_status sent to Linux, frame=200063, tsNs=8661421, tsMs=8, intervalMs=42, ad=(-0.01329717,-0.0026583013,-0.16582489), gd=(-0.011606077,0.0053450475,0.0027479455)
05-27 18:13:14.179 13911 14183 I SentryImuMcuAngleSender: 179.98598rollDeg
05-27 18:13:14.179 13911 14183 I SentryImuMcuAngleSender: 1,0,0
05-27 08:04:23.141   581   581 D spi_rst_gpio_get_output: GPIO 145 value: 1
05-27 08:04:23.141   581   581 D spidev_ioctl: gpio status=1)
05-27 18:13:14.183   581   581 I SpiService: fgesysctrl_getGPIO_status success val=1
05-27 08:04:23.147   581   581 D spi_rst_gpio_get_output: GPIO 145 value: 1
05-27 18:13:14.183   299 30844 D EvsDriver: forwardFrame
05-27 08:04:23.147   581   581 D spidev_ioctl: gpio status=1)
05-27 18:13:14.186   299  1163 D EvsDriver: doneWithFrame
05-27 18:13:14.187   299 30844 D EvsDriver: Delivered 0xb400007b7ca56900 as id 0
05-27 18:13:14.187  1167  1184 D evsmanagerd: /dev/video6 forwarded the buffer #0 to 0xb4000074bf5f5510 from 0xb4000074bf5f6d90
05-27 18:13:14.190   299  1163 D EvsDriver: doneWithFrame
05-27 18:13:14.191   566  1171 I gps_hdbd: [gps_upgrade_thread 3506]Enter
05-27 18:13:14.192   566  1171 I gps_hdbd: [gps_upgrade_thread 3535] sys.gps.update:0 ,file:not ,upgrate_ing:0
05-27 18:13:14.192   581   581 I SpiService: fgesysctrl_getGPIO_status success val=0
05-27 18:13:14.192   481   597 I mcuc    : send SPI:6AA602AE7E00028900476AA6005EE900020601B0
05-27 18:13:14.192  1008 30857 D [OMXB]  : usingANWBuffer: handle:0xee7428a0, format:1, w:1920, h:1080
05-27 08:04:23.156   581   581 D spi_rst_gpio_get_output: GPIO 145 value: 0
05-27 08:04:23.156   581   581 D spidev_ioctl: gpio status=0)
05-27 18:13:14.197 26030 26030 I ADAYO_LOG_TRACE_LOGCAT: executing
05-27 18:13:14.201 13911 14183 I SentryImuMcuAngleSender: 179.97197rollDeg
05-27 18:13:14.201 13911 14183 I SentryImuMcuAngleSender: 1,0,0
05-27 18:13:14.204   299 30844 D EvsDriver: forwardFrame
05-27 18:13:14.205   299 30841 D EvsDriver: forwardFrame
05-27 08:04:23.172   581   581 D spi_rst_gpio_get_output: GPIO 145 value: 1
05-27 08:04:23.172   581   581 D spidev_ioctl: gpio status=1)
05-27 18:13:14.207   299 30841 D EvsDriver: Delivered 0xb400007b7ca56a60 as id 0
05-27 18:13:14.208   581   581 I SpiService: fgesysctrl_getGPIO_status success val=1
05-27 18:13:14.208  1167  1184 D evsmanagerd: /dev/video4 forwarded the buffer #0 to 0xb4000074bf5f6850 from 0xb4000074bf5f41d0
05-27 18:13:14.209  1167  1184 D evsmanagerd: /dev/video6 forwarded the buffer #0 to 0xb4000074bf5f5510 from 0xb4000074bf5f6d90
05-27 18:13:14.209   299 30844 D EvsDriver: Delivered 0xb400007b7ca56900 as id 0
05-27 18:13:14.209  1002  1011 E SLOGCP  : remove: start unlink par_dir=/data/ylog/modem, m_base_name=md_20260527-180703.log, length=16, 22.
05-27 08:04:23.178   581   581 D spi_rst_gpio_get_output: GPIO 145 value: 1
05-27 08:04:23.178   581   581 D spidev_ioctl: gpio status=1)
05-27 18:13:14.212  1008 30856 D [OMXB]  : usingANWBuffer: handle:0xee7437c0, format:1, w:1920, h:1080
05-27 18:13:14.212   299  1163 D EvsDriver: doneWithFrame
05-27 18:13:14.213   299  1163 D EvsDriver: doneWithFrame
05-27 18:13:14.213   581   581 I SpiService: fgesysctrl_getGPIO_status success val=1
05-27 18:13:14.219   581   581 I SpiService: fgesysctrl_getGPIO_status success val=1
05-27 18:13:14.219   536   536 D commservice260303: msg.id = 1028,0
05-27 18:13:14.219   536   536 D commservice260303: i = 170, msgid = 8A000404
05-27 18:13:14.219   536   536 D commservice260303: msgid = -1979710460,did=138
05-27 08:04:23.183   581   581 D spi_rst_gpio_get_output: GPIO 145 value: 1
05-27 08:04:23.183   581   581 D spidev_ioctl: gpio status=1)
05-27 18:13:14.219   536   536 D commservice260303: CommProtocolLibCmdBaseI2C::dataproc {"command":{"id":"imu_status","sub":""},"content":{"TimeStamp":8,"FrameCounter":200064,"GD_X":-0.01091896090656519,"GD_Y":0.004963258747011423,"GD_Z":0.0026720035821199417,"AD_X":-0.008978515863418579,"AD_Y":0.0010000234469771385,"AD_Z":-0.16887474060058594,"TempDsp":0,"Status":0,"CalibState":1,"SigAmpInvalid":0}},-1979710460
05-27 18:13:14.219   536   536 D commservice260303: send2Cluster len:315, 7B22636F6D6D616E64223A7B226964223A22696D755F737461747573222C22737562223A22227D2C22636F6E74656E74223A7B2254696D655374616D70223A382C224672616D65436F756E746572223A3230303036342C2247445F58223A2D302E30313039313839363039303635363531392C2247445F59223A302E3030343936333235383734373031313432332C2247445F5A223A302E303032363732303033353832313139393431372C2241445F58223A2D302E3030383937383531353836333431383537392C2241445F59223A302E303031303030303233343436393737313338352C2241445F5A223A2D302E31363838373437343036303035383539342C2254656D70447370223A302C22537461747573223A302C2243616C69625374617465223A312C22536967416D70496E76616C6964223A307D7D, 138 
05-27 18:13:14.219   536   536 D commservice260303: Push Message into SendPool fn=524944128
05-27 18:13:14.219   536   536 D commservice260303: ComProtocolLibSend2Cluster::send2ClusterRaw fn=524944128 , len=331
05-27 18:13:14.219   536   536 D commservice260303: sendCmdToPort :331!!!
05-27 18:13:14.219   536   536 D commservice260303: send Cmd To Port ++++5AA501478A0100034A1F6A16C3BA7B22636F6D6D616E64223A7B226964223A22696D755F737461747573222C22737562223A22227D2C22636F6E74656E74223A7B2254696D655374616D70223A382C224672616D65436F756E746572223A3230303036342C2247445F58223A2D302E30313039313839363039303635363531392C2247445F59223A302E3030343936333235383734373031313432332C2247445F5A223A302E303032363732303033353832313139393431372C2241445F58223A2D302E3030383937383531353836333431383537392C2241445F59223A302E303031303030303233343436393737313338352C2241445F5A223A2D302E31363838373437343036303035383539342C2254656D70447370223A302C22537461747573223A302C2243616C69625374617465223A312C22536967416D70496E76616C6964223A307D7D4E80
05-27 18:13:14.220   536   536 D commservice260303: bufferevent_write retrun value = 0
05-27 18:13:14.220   536   560 D commservice260303: client datas send succeed,send finish
05-27 18:13:14.220 13911 14192 D Sentinelmode_1.2.5.17_sentry: <SentryImuClusterFgeSender>imu_status sent to Linux, frame=200064, tsNs=8661456, tsMs=8, intervalMs=42, ad=(-0.008978516,0.0010000234,-0.16887474), gd=(-0.010918961,0.0049632587,0.0026720036)
05-27 18:13:14.223 13911 14183 I SentryImuMcuAngleSender: 179.96497rollDeg
05-27 18:13:14.223 13911 14183 I SentryImuMcuAngleSender: 1,0,0
05-27 18:13:14.225   581   581 I SpiService: fgesysctrl_getGPIO_status success val=1
05-27 08:04:23.189   581   581 D spi_rst_gpio_get_output: GPIO 145 value: 1
05-27 08:04:23.189   581   581 D spidev_ioctl: gpio status=1)
05-27 18:13:14.230   581   581 I SpiService: fgesysctrl_getGPIO_status success val=0
05-27 18:13:14.232   283   307 I rvcservice: t.code = 4, t.value = 0
05-27 08:04:23.195   581   581 D spi_rst_gpio_get_output: GPIO 145 value: 0
05-27 08:04:23.195   581   581 D spidev_ioctl: gpio status=0)
05-27 18:13:14.238  1008 30857 D [OMXB]  : usingANWBuffer: handle:0xee741da0, format:1, w:1920, h:1080
05-27 18:13:14.238 26032 26032 I ADAYO_LOG_TRACE_LOGCAT: collect_dest_path:/mnt/log_data/AndroidLog/logcat
05-27 18:13:14.244 13911 14183 I SentryImuMcuAngleSender: 179.96146rollDeg
05-27 08:04:23.209   581   581 D spi_rst_gpio_get_output: GPIO 145 value: 1
05-27 18:13:14.244 13911 14183 I SentryImuMcuAngleSender: 1,0,0
05-27 18:13:14.245   581   581 I SpiService: fgesysctrl_getGPIO_status success val=1
05-27 08:04:23.209   581   581 D spidev_ioctl: gpio status=1)
05-27 18:13:14.248   299 30844 D EvsDriver: forwardFrame
05-27 18:13:14.248   299 30841 D EvsDriver: forwardFrame
05-27 18:13:14.250  1002  1011 E SLOGCP  : remove: unlink is complete,result is 0
05-27 18:13:14.250   581   581 I SpiService: fgesysctrl_getGPIO_status success val=1
05-27 18:13:14.251   299 30841 D EvsDriver: Delivered 0xb400007b7ca56a60 as id 0
05-27 18:13:14.251  1167  1184 D evsmanagerd: /dev/video4 forwarded the buffer #0 to 0xb4000074bf5f6850 from 0xb4000074bf5f41d0
05-27 18:13:14.251   299 30844 D EvsDriver: Delivered 0xb400007b7ca56900 as id 0
05-27 18:13:14.251  1167  1184 D evsmanagerd: /dev/video6 forwarded the buffer #0 to 0xb4000074bf5f5510 from 0xb4000074bf5f6d90
05-27 08:04:23.215   581   581 D spi_rst_gpio_get_output: GPIO 145 value: 1
05-27 08:04:23.215   581   581 D spidev_ioctl: gpio status=1)
05-27 18:13:14.253   299  1163 D EvsDriver: doneWithFrame
05-27 18:13:14.256   536   536 D commservice260303: msg.id = 1028,2
05-27 18:13:14.256   581   581 I SpiService: fgesysctrl_getGPIO_status success val=1
05-27 18:13:14.256   536   536 D commservice260303: i = 170, msgid = 8A000404
05-27 18:13:14.257   536   536 D commservice260303: msgid = -1979710460,did=138
05-27 18:13:14.257   536   536 D commservice260303: CommProtocolLibCmdBaseI2C::dataproc {"command":{"id":"imu_status","sub":""},"content":{"TimeStamp":8,"FrameCounter":200065,"GD_X":-0.01160607673227787,"GD_Y":0.00671876035630703,"GD_Z":0.00259606190957129,"AD_X":-4.387497901916504E-4,"AD_Y":-2.2432534024119377E-4,"AD_Z":-0.17070484161376953,"TempDsp":0,"Status":0,"CalibState":1,"SigAmpInvalid":0}},-1979710460
05-27 08:04:23.221   581   581 D spi_rst_gpio_get_output: GPIO 145 value: 1
05-27 08:04:23.221   581   581 D spidev_ioctl: gpio status=1)
05-27 18:13:14.257   536   536 D commservice260303: send2Cluster len:313, 7B22636F6D6D616E64223A7B226964223A22696D755F737461747573222C22737562223A22227D2C22636F6E74656E74223A7B2254696D655374616D70223A382C224672616D65436F756E746572223A3230303036352C2247445F58223A2D302E30313136303630373637333232373738372C2247445F59223A302E30303637313837363033353633303730332C2247445F5A223A302E30303235393630363139303935373132392C2241445F58223A2D342E333837343937393031393136353034452D342C2241445F59223A2D322E32343332353334303234313139333737452D342C2241445F5A223A2D302E31373037303438343136313337363935332C2254656D70447370223A302C22537461747573223A302C2243616C69625374617465223A312C22536967416D70496E76616C6964223A307D7D, 138 
05-27 18:13:14.257   536   536 D commservice260303: Push Message into SendPool fn=541721344
05-27 18:13:14.257   536   536 D commservice260303: ComProtocolLibSend2Cluster::send2ClusterRaw fn=541721344 , len=329
05-27 18:13:14.257   536   536 D commservice260303: sendCmdToPort :329!!!
05-27 18:13:14.257   299  1163 D EvsDriver: doneWithFrame
05-27 18:13:14.257   536   536 D commservice260303: send Cmd To Port ++++5AA501458A0100034A206A16C3BA7B22636F6D6D616E64223A7B226964223A22696D755F737461747573222C22737562223A22227D2C22636F6E74656E74223A7B2254696D655374616D70223A382C224672616D65436F756E746572223A3230303036352C2247445F58223A2D302E30313136303630373637333232373738372C2247445F59223A302E30303637313837363033353633303730332C2247445F5A223A302E30303235393630363139303935373132392C2241445F58223A2D342E333837343937393031393136353034452D342C2241445F59223A2D322E32343332353334303234313139333737452D342C2241445F5A223A2D302E31373037303438343136313337363935332C2254656D70447370223A302C22537461747573223A302C2243616C69625374617465223A312C22536967416D70496E76616C6964223A307D7D0FE2
05-27 18:13:14.257  1008 30856 D [OMXB]  : usingANWBuffer: handle:0xee741e50, format:1, w:1920, h:1080
05-27 18:13:14.257   536   536 D commservice260303: bufferevent_write retrun value = 0
05-27 18:13:14.258   536   560 D commservice260303: client datas send succeed,send finish
05-27 18:13:14.258 13911 14192 D Sentinelmode_1.2.5.17_sentry: <SentryImuClusterFgeSender>imu_status sent to Linux, frame=200065, tsNs=8661492, tsMs=8, intervalMs=38, ad=(-4.387498E-4,-2.2432534E-4,-0.17070484), gd=(-0.011606077,0.0067187604,0.002596062)
05-27 18:13:14.259   572   572 I Sensors : 230 GyroSensor: x:-0.011530,y:0.006490,z:0.002290
05-27 18:13:14.262   581   581 I SpiService: fgesysctrl_getGPIO_status success val=1
05-27 08:04:23.226   581   581 D spi_rst_gpio_get_output: GPIO 145 value: 1
05-27 08:04:23.226   581   581 D spidev_ioctl: gpio status=1)
05-27 18:13:14.265 13911 14183 I SentryImuMcuAngleSender: 179.97197rollDeg
05-27 18:13:14.265 13911 14183 I SentryImuMcuAngleSender: 1,0,0
05-27 18:13:14.267   581   581 I SpiService: fgesysctrl_getGPIO_status success val=1
05-27 18:13:14.268   299 30841 D EvsDriver: forwardFrame
05-27 08:04:23.232   581   581 D spi_rst_gpio_get_output: GPIO 145 value: 1
05-27 08:04:23.232   581   581 D spidev_ioctl: gpio status=1)
05-27 18:13:14.269   299 30841 D EvsDriver: Delivered 0xb400007b7ca56a60 as id 0
05-27 18:13:14.269  1167  1184 D evsmanagerd: /dev/video4 forwarded the buffer #0 to 0xb4000074bf5f6850 from 0xb4000074bf5f41d0
05-27 18:13:14.273   581   581 I SpiService: fgesysctrl_getGPIO_status success val=0
05-27 18:13:14.274   299  1163 D EvsDriver: doneWithFrame
05-27 18:13:14.274   299 30844 D EvsDriver: forwardFrame
05-27 08:04:23.237   581   581 D spi_rst_gpio_get_output: GPIO 145 value: 0
05-27 08:04:23.237   581   581 D spidev_ioctl: gpio status=0)
05-27 18:13:14.277  1167  1184 D evsmanagerd: /dev/video6 forwarded the buffer #0 to 0xb4000074bf5f5510 from 0xb4000074bf5f6d90
05-27 18:13:14.277   299 30844 D EvsDriver: Delivered 0xb400007b7ca56900 as id 0
05-27 18:13:14.283   299  1163 D EvsDriver: doneWithFrame
05-27 18:13:14.286 13911 14183 I SentryImuMcuAngleSender: 179.97197rollDeg
05-27 18:13:14.286 13911 14183 I SentryImuMcuAngleSender: 1,0,0
05-27 18:13:14.288   581   581 I SpiService: fgesysctrl_getGPIO_status success val=1
05-27 08:04:23.253   581   581 D spi_rst_gpio_get_output: GPIO 145 value: 1
05-27 08:04:23.253   581   581 D spidev_ioctl: gpio status=1)
05-27 18:13:14.291  1008 30857 D [OMXB]  : usingANWBuffer: handle:0xee7427f0, format:1, w:1920, h:1080
05-27 18:13:14.293   581   581 I SpiService: fgesysctrl_getGPIO_status success val=1
05-27 08:04:23.258   581   581 D spi_rst_gpio_get_output: GPIO 145 value: 1
05-27 08:04:23.258   581   581 D spidev_ioctl: gpio status=1)
05-27 18:13:14.297   536   536 D commservice260303: msg.id = 1028,0
05-27 18:13:14.297   536   536 D commservice260303: i = 170, msgid = 8A000404
05-27 18:13:14.297   536   536 D commservice260303: msgid = -1979710460,did=138
05-27 18:13:14.297   536   536 D commservice260303: CommProtocolLibCmdBaseI2C::dataproc {"command":{"id":"imu_status","sub":""},"content":{"TimeStamp":8,"FrameCounter":200066,"GD_X":-0.012446117587387562,"GD_Y":0.0056498548947274685,"GD_Z":0.0022902146447449923,"AD_X":0.001945778727531433,"AD_Y":-0.0014379469212144613,"AD_Z":-0.17192459106445312,"TempDsp":0,"Status":0,"CalibState":1,"SigAmpInvalid":0}},-1979710460
05-27 18:13:14.297   536   536 D commservice260303: send2Cluster len:317, 7B22636F6D6D616E64223A7B226964223A22696D755F737461747573222C22737562223A22227D2C22636F6E74656E74223A7B2254696D655374616D70223A382C224672616D65436F756E746572223A3230303036362C2247445F58223A2D302E3031323434363131373538373338373536322C2247445F59223A302E303035363439383534383934373237343638352C2247445F5A223A302E303032323930323134363434373434393932332C2241445F58223A302E3030313934353737383732373533313433332C2241445F59223A2D302E303031343337393436393231323134343631332C2241445F5A223A2D302E31373139323435393130363434353331322C2254656D70447370223A302C22537461747573223A302C2243616C69625374617465223A312C22536967416D70496E76616C6964223A307D7D, 138 
05-27 18:13:14.297   536   536 D commservice260303: Push Message into SendPool fn=558498560
05-27 18:13:14.297   536   536 D commservice260303: ComProtocolLibSend2Cluster::send2ClusterRaw fn=558498560 , len=333
05-27 18:13:14.297   536   536 D commservice260303: sendCmdToPort :333!!!
05-27 18:13:14.298   536   536 D commservice260303: send Cmd To Port ++++5AA501498A0100034A216A16C3BA7B22636F6D6D616E64223A7B226964223A22696D755F737461747573222C22737562223A22227D2C22636F6E74656E74223A7B2254696D655374616D70223A382C224672616D65436F756E746572223A3230303036362C2247445F58223A2D302E3031323434363131373538373338373536322C2247445F59223A302E303035363439383534383934373237343638352C2247445F5A223A302E303032323930323134363434373434393932332C2241445F58223A302E3030313934353737383732373533313433332C2241445F59223A2D302E303031343337393436393231323134343631332C2241445F5A223A2D302E31373139323435393130363434353331322C2254656D70447370223A302C22537461747573223A302C2243616C69625374617465223A312C22536967416D70496E76616C6964223A307D7D05C2
05-27 18:13:14.298   536   536 D commservice260303: bufferevent_write retrun value = 0
05-27 18:13:14.298   536   560 D commservice260303: client datas send succeed,send finish
05-27 18:13:14.298 13911 14192 D Sentinelmode_1.2.5.17_sentry: <SentryImuClusterFgeSender>imu_status sent to Linux, frame=200066, tsNs=8661545, tsMs=8, intervalMs=40, ad=(0.0019457787,-0.0014379469,-0.17192459), gd=(-0.012446118,0.005649855,0.0022902146)
05-27 18:13:14.299   581   581 I SpiService: fgesysctrl_getGPIO_status success val=1
05-27 08:04:23.263   581   581 D spi_rst_gpio_get_output: GPIO 145 value: 1
05-27 08:04:23.263   581   581 D spidev_ioctl: gpio status=1)
05-27 18:13:14.301   299 30844 D EvsDriver: forwardFrame
05-27 18:13:14.302   299 30844 D EvsDriver: Delivered 0xb400007b7ca56900 as id 0
05-27 18:13:14.302  1167  1184 D evsmanagerd: /dev/video6 forwarded the buffer #0 to 0xb4000074bf5f5510 from 0xb4000074bf5f6d90
05-27 18:13:14.303 30773 30782 I dvr_service_: [myNum:1][onFrameReceived] Received Surface:1 0
05-27 18:13:14.303 30773 30782 E dvr_service_: [myNum:1] Received S**** loss
05-27 18:13:14.303   299  1163 D EvsDriver: doneWithFrame
05-27 18:13:14.304   581   581 I SpiService: fgesysctrl_getGPIO_status success val=1
05-27 18:13:14.305 26036 26036 I ADAYO_LOG_TRACE_LOGCAT: file_path:/mnt/log_data/AndroidLog/logcat/logcat_2026_05_27_18_13_13_440-41.txt
05-27 08:04:23.269   581   581 D spi_rst_gpio_get_output: GPIO 145 value: 1
05-27 08:04:23.269   581   581 D spidev_ioctl: gpio status=1)
05-27 18:13:14.305   299 30841 D EvsDriver: forwardFrame
05-27 18:13:14.306   299 30841 D EvsDriver: Delivered 0xb400007b7ca56a60 as id 0
05-27 18:13:14.306  1167  1184 D evsmanagerd: /dev/video4 forwarded the buffer #0 to 0xb4000074bf5f6850 from 0xb4000074bf5f41d0
05-27 18:13:14.306 13911 14183 I SentryImuMcuAngleSender: 179.97899rollDeg
05-27 18:13:14.306 13911 14183 I SentryImuMcuAngleSender: 1,0,0
05-27 18:13:14.306 30773 30782 I dvr_service_: [myNum:0][onFrameReceived] Received Surface:1 0
05-27 18:13:14.306 30773 30782 E dvr_service_: [myNum:0] Received S**** loss
05-27 18:13:14.309   299  1163 D EvsDriver: doneWithFrame
05-27 18:13:14.309 25978 26008 D ANWAPI_SECOND: (25978|0x2834ACB0)[BTAPI] run AnWBT_WaitInitFinish
05-27 18:13:14.309 25978 26008 D ANWAPI_SECOND: (25978|0x2834ACB0)[BTAPI] bb_vendor(3)hcit_type(3)
05-27 18:13:14.309 25978 26008 D ANWAPI_SECOND: (25978|0x2834ACB0)[BTAPI] RTL8761, config_uart_path[/dev/ttyS3], baudrate_init(115200), baudrate_normal(3000000)
05-27 18:13:14.310 25978 26008 D ANWAPI_SECOND: (25978|0x2834ACB0)[BTAPI] RTL8761, config_BT_ADDR_path[]
05-27 18:13:14.310 25978 26008 D ANWAPI_SECOND: (25978|0x2834ACB0)[BTAPI] BTUart_Configure start
05-27 18:13:14.310 25978 26008 I ANWStack: [   8661561][ANWBT] Device name = /dev/ttyS3,baudrate_init =115200(115200),baudrate =3000000(3000000)
05-27 18:13:14.310 25978 26008 I ANWStack: 
05-27 18:13:14.310 25978 26008 I ANWStack: [   8661561][ANWBT] BTUart_StartUp  speed = 115200
05-27 18:13:14.310 25978 26008 I ANWStack: 
05-27 18:13:14.310   581   581 I SpiService: fgesysctrl_getGPIO_status success val=0
05-27 18:13:14.310 25978 26008 D ANWStack: Mac Address /data/vendor/bluetooth/btmac.txt open fail - No such file or directory
05-27 18:13:14.310 25978 26008 D ANWStack: Mac Address from file  /data/vendor/bluetooth/btmac.txt -  (1)
05-27 18:13:14.305 26038 26038 I auditd  : type=1400 audit(0.0:40783): avc: denied { read } for comm="cut" path="pipe:[2106102]" dev="pipefs" ino=2106102 scontext=u:r:toolbox:s0 tcontext=u:r:init:s0 tclass=fifo_file permissive=1
05-27 18:13:14.305 26038 26038 I cut     : type=1400 audit(0.0:40783): avc: denied { read } for path="pipe:[2106102]" dev="pipefs" ino=2106102 scontext=u:r:toolbox:s0 tcontext=u:r:init:s0 tclass=fifo_file permissive=1
05-27 18:13:14.305 25978 25978 I auditd  : type=1400 audit(0.0:40784): avc: denied { read write } for comm="BTInit_Task" name="ttyS3" dev="tmpfs" ino=3005 scontext=u:r:system_app:s0 tcontext=u:object_r:serial_device:s0 tclass=chr_file permissive=1
05-27 18:13:14.305 25978 25978 I BTInit_Task: type=1400 audit(0.0:40784): avc: denied { read write } for name="ttyS3" dev="tmpfs" ino=3005 scontext=u:r:system_app:s0 tcontext=u:object_r:serial_device:s0 tclass=chr_file permissive=1
05-27 18:13:14.305 25978 25978 I auditd  : type=1400 audit(0.0:40785): avc: denied { open } for comm="BTInit_Task" path="/dev/ttyS3" dev="tmpfs" ino=3005 scontext=u:r:system_app:s0 tcontext=u:object_r:serial_device:s0 tclass=chr_file permissive=1
05-27 18:13:14.305 25978 25978 I BTInit_Task: type=1400 audit(0.0:40785): avc: denied { open } for path="/dev/ttyS3" dev="tmpfs" ino=3005 scontext=u:r:system_app:s0 tcontext=u:object_r:serial_device:s0 tclass=chr_file permissive=1
05-27 18:13:14.305 25978 25978 I auditd  : type=1400 audit(0.0:40786): avc: denied { ioctl } for comm="BTInit_Task" path="/dev/ttyS3" dev="tmpfs" ino=3005 ioctlcmd=0x540b scontext=u:r:system_app:s0 tcontext=u:object_r:serial_device:s0 tclass=chr_file permissive=1
05-27 18:13:14.305 25978 25978 I BTInit_Task: type=1400 audit(0.0:40786): avc: denied { ioctl } for path="/dev/ttyS3" dev="tmpfs" ino=3005 ioctlcmd=0x540b scontext=u:r:system_app:s0 tcontext=u:object_r:serial_device:s0 tclass=chr_file permissive=1
05-27 08:04:23.274   581   581 D spi_rst_gpio_get_output: GPIO 145 value: 0
05-27 08:04:23.275   581   581 D spidev_ioctl: gpio status=0)
05-27 08:04:23.276 26008 26008 E sprd_serial 20230000.serial: request TX DMA channel failed, ret = -19
05-27 08:04:23.276 26008 26008 E sprd_serial 20230000.serial: request RX DMA channel failed, ret = -19
05-27 08:04:23.277     0     0 W         : c6 [    C6] Irq_monitor:Irq                                           IPI[1]occur        6002 times interval 1024 ms
05-27 18:13:14.311 25978 26008 D ANWStack: rtk_8761C_init@1, fd 0x55
05-27 18:13:14.311 25978 26008 D ANWStack: type RTL_8761C, init speed 115200
05-27 18:13:14.312 25978 26008 D ANWStack: rtk_8761C_init@2, fd 0x55
05-27 18:13:14.312 25978 26008 D ANWStack: Realtek Bluetooth init uart with init speed:115200, type:HCI UART H4
05-27 18:13:14.312 25978 26008 D ANWStack: Realtek Bluetooth :Realtek hciattach version 3.1.d5a90fd.20250813-162457 
05-27 18:13:14.312 25978 26008 D ANWStack: 
05-27 18:13:14.312 25978 26008 D ANWStack: Realtek Bluetooth :Use epoll
05-27 18:13:14.312 25978 26008 D ANWStack: Realtek Bluetooth :Realtek H4 IC
05-27 18:13:14.323  1008 30856 D [OMXB]  : usingANWBuffer: handle:0xee742690, format:1, w:1920, h:1080
05-27 18:13:14.325   581   581 I SpiService: fgesysctrl_getGPIO_status success val=1
05-27 18:13:14.327 13911 14183 I SentryImuMcuAngleSender: 179.97197rollDeg
05-27 18:13:14.327 13911 14183 I SentryImuMcuAngleSender: 1,0,0
05-27 08:04:23.289   581   581 D spi_rst_gpio_get_output: GPIO 145 value: 1
05-27 08:04:23.289   581   581 D spidev_ioctl: gpio status=1)
05-27 18:13:14.331   581   581 I SpiService: fgesysctrl_getGPIO_status success val=1
05-27 18:13:14.332   283   307 I rvcservice: t.code = 3, t.value = 0
05-27 08:04:23.295   581   581 D spi_rst_gpio_get_output: GPIO 145 value: 1
05-27 08:04:23.295   581   581 D spidev_ioctl: gpio status=1)
05-27 18:13:14.336   581   581 I SpiService: fgesysctrl_getGPIO_status success val=1
05-27 18:13:14.336  1008 30857 D [OMXB]  : usingANWBuffer: handle:0xee742b60, format:1, w:1920, h:1080
05-27 18:13:14.336 26039 26039 I ADAYO_LOG_TRACE_LOGCAT: folder_size:
05-27 18:13:14.337   536   536 D commservice260303: msg.id = 1028,0
05-27 18:13:14.337   536   536 D commservice260303: i = 170, msgid = 8A000404
05-27 18:13:14.337   536   536 D commservice260303: msgid = -1979710460,did=138
05-27 18:13:14.337   536   536 D commservice260303: CommProtocolLibCmdBaseI2C::dataproc {"command":{"id":"imu_status","sub":""},"content":{"TimeStamp":8,"FrameCounter":200067,"GD_X":-0.011377211660146713,"GD_Y":0.004733873065561056,"GD_Z":0.0021378109231591225,"AD_X":-0.0023348331451416016,"AD_Y":0.001001051627099514,"AD_Z":-0.16826629638671875,"TempDsp":0,"Status":0,"CalibState":1,"SigAmpInvalid":0}},-1979710460
05-27 18:13:14.337   536   536 D commservice260303: send2Cluster len:316, 7B22636F6D6D616E64223A7B226964223A22696D755F737461747573222C22737562223A22227D2C22636F6E74656E74223A7B2254696D655374616D70223A382C224672616D65436F756E746572223A3230303036372C2247445F58223A2D302E3031313337373231313636303134363731332C2247445F59223A302E3030343733333837333036353536313035362C2247445F5A223A302E303032313337383130393233313539313232352C2241445F58223A2D302E303032333334383333313435313431363031362C2241445F59223A302E3030313030313035313632373039393531342C2241445F5A223A2D302E31363832363632393633383637313837352C2254656D70447370223A302C22537461747573223A302C2243616C69625374617465223A312C22536967416D70496E76616C6964223A307D7D, 138 
05-27 18:13:14.337   536   536 D commservice260303: Push Message into SendPool fn=575275776
05-27 18:13:14.337   536   536 D commservice260303: ComProtocolLibSend2Cluster::send2ClusterRaw fn=575275776 , len=332
05-27 18:13:14.337   536   536 D commservice260303: sendCmdToPort :332!!!
05-27 18:13:14.337   536   536 D commservice260303: send Cmd To Port ++++5AA501488A0100034A226A16C3BA7B22636F6D6D616E64223A7B226964223A22696D755F737461747573222C22737562223A22227D2C22636F6E74656E74223A7B2254696D655374616D70223A382C224672616D65436F756E746572223A3230303036372C2247445F58223A2D302E3031313337373231313636303134363731332C2247445F59223A302E3030343733333837333036353536313035362C2247445F5A223A302E303032313337383130393233313539313232352C2241445F58223A2D302E303032333334383333313435313431363031362C2241445F59223A302E3030313030313035313632373039393531342C2241445F5A223A2D302E31363832363632393633383637313837352C2254656D70447370223A302C22537461747573223A302C2243616C69625374617465223A312C22536967416D70496E76616C6964223A307D7D77C4
05-27 18:13:14.337   536   536 D commservice260303: bufferevent_write retrun value = 0
05-27 18:13:14.337   536   560 D commservice260303: client datas send succeed,send finish
05-27 18:13:14.337 13911 14192 D Sentinelmode_1.2.5.17_sentry: <SentryImuClusterFgeSender>imu_status sent to Linux, frame=200067, tsNs=8661581, tsMs=8, intervalMs=39, ad=(-0.0023348331,0.0010010516,-0.1682663), gd=(-0.011377212,0.004733873,0.002137811)
05-27 08:04:23.301   581   581 D spi_rst_gpio_get_output: GPIO 145 value: 1
05-27 08:04:23.301   581   581 D spidev_ioctl: gpio status=1)
05-27 18:13:14.338 13911 14131 D SVR_MNG_SvrMngProxy: getServer: mSvrManger is null
05-27 18:13:14.338 13911 14131 D SVR_MNG_SvrMngProxy: getNewStub: 
05-27 18:13:14.338 13911 14131 D SVR_MNG_SvrMngProxy: getNewStub: getSvrManagerService start
05-27 18:13:14.339   299 30844 D EvsDriver: forwardFrame
05-27 18:13:14.339   299 30841 D EvsDriver: forwardFrame
05-27 18:13:14.341   299 30844 D EvsDriver: Delivered 0xb400007b7ca56900 as id 0
05-27 18:13:14.341  1167  1184 D evsmanagerd: /dev/video6 forwarded the buffer #0 to 0xb4000074bf5f5510 from 0xb4000074bf5f6d90
05-27 18:13:14.341   299 30841 D EvsDriver: Delivered 0xb400007b7ca56a60 as id 0
05-27 18:13:14.341  1167  1167 D evsmanagerd: /dev/video4 forwarded the buffer #0 to 0xb4000074bf5f6850 from 0xb4000074bf5f41d0
05-27 18:13:14.342   581   581 I SpiService: fgesysctrl_getGPIO_status success val=1
05-27 18:13:14.342 13911 14131 D SVR_MNG_SvrMngProxy: getNewStub: getSvrManagerService end
05-27 18:13:14.342 13911 14131 D SVR_MNG_SvrMngProxy: getServer: svrMngService doesn't start
05-27 08:04:23.306   581   581 D spi_rst_gpio_get_output: GPIO 145 value: 1
05-27 08:04:23.306   581   581 D spidev_ioctl: gpio status=1)
05-27 18:13:14.347   299  1153 D EvsDriver: doneWithFrame
05-27 08:04:23.312   581   581 D spi_rst_gpio_get_output: GPIO 145 value: 1
05-27 08:04:23.312   581   581 D spidev_ioctl: gpio status=1)
05-27 18:13:14.347   299  1163 D EvsDriver: doneWithFrame
05-27 18:13:14.347   581   581 I SpiService: fgesysctrl_getGPIO_status success val=1
05-27 18:13:14.348 13911 14183 I SentryImuMcuAngleSender: 179.96495rollDeg
05-27 18:13:14.348 13911 14183 I SentryImuMcuAngleSender: 1,0,0
05-27 18:13:14.353   581   581 I SpiService: fgesysctrl_getGPIO_status success val=0
05-27 18:13:14.349 26040 26040 I auditd  : type=1400 audit(0.0:40787): avc: denied { write } for comm="setprop" name="property_service" dev="tmpfs" ino=22223 scontext=u:r:toolbox:s0 tcontext=u:object_r:property_socket:s0 tclass=sock_file permissive=1
05-27 18:13:14.349 26040 26040 I setprop : type=1400 audit(0.0:40787): avc: denied { write } for name="property_service" dev="tmpfs" ino=22223 scontext=u:r:toolbox:s0 tcontext=u:object_r:property_socket:s0 tclass=sock_file permissive=1
05-27 08:04:23.317   581   581 D spi_rst_gpio_get_output: GPIO 145 value: 0
05-27 08:04:23.317   581   581 D spidev_ioctl: gpio status=0)
05-27 18:13:14.367   581   581 I SpiService: fgesysctrl_getGPIO_status success val=1
05-27 18:13:14.368   299 30841 D EvsDriver: forwardFrame
05-27 18:13:14.368 13911 14183 I SentryImuMcuAngleSender: 179.96146rollDeg
05-27 18:13:14.368 13911 14183 I SentryImuMcuAngleSender: 1,0,0
05-27 08:04:23.331   581   581 D spi_rst_gpio_get_output: GPIO 145 value: 1
05-27 08:04:23.331   581   581 D spidev_ioctl: gpio status=1)
05-27 18:13:14.369   572   572 I Sensors : 230 AccelSensor: x:-0.172019,y:0.006100,z:-9.972281
05-27 18:13:14.369  1167  1167 D evsmanagerd: /dev/video4 forwarded the buffer #0 to 0xb4000074bf5f6850 from 0xb4000074bf5f41d0
05-27 18:13:14.370   299 30841 D EvsDriver: Delivered 0xb400007b7ca56a60 as id 0
05-27 18:13:14.371   299  1153 D EvsDriver: doneWithFrame
05-27 18:13:14.372   581   581 I SpiService: fgesysctrl_getGPIO_status success val=1
05-27 08:04:23.337   581   581 D spi_rst_gpio_get_output: GPIO 145 value: 1
05-27 08:04:23.337   581   581 D spidev_ioctl: gpio status=1)
05-27 18:13:14.373   299 30844 D EvsDriver: forwardFrame
05-27 18:13:14.374   299 30844 D EvsDriver: Delivered 0xb400007b7ca56900 as id 0
05-27 18:13:14.374  1167  1167 D evsmanagerd: /dev/video6 forwarded the buffer #0 to 0xb4000074bf5f5510 from 0xb4000074bf5f6d90
05-27 18:13:14.377   536   536 W commservice260303: [FgeComService::getAQConnectStatus:378]
05-27 18:13:14.377   536   536 W commservice260303: [mcuCommFunctionTcp::getAQConnectStatus:406] 1
05-27 18:13:14.377   536   536 W commservice260303: [FgeComService::getAQConnectStatus:380] status:1
05-27 18:13:14.377   536   536 D commservice260303: msg.id = 1028,0
05-27 18:13:14.377   536   536 D commservice260303: i = 170, msgid = 8A000404
05-27 18:13:14.377   536   536 D commservice260303: msgid = -1979710460,did=138
05-27 18:13:14.377   536   536 D commservice260303: CommProtocolLibCmdBaseI2C::dataproc {"command":{"id":"imu_status","sub":""},"content":{"TimeStamp":8,"FrameCounter":200068,"GD_X":-0.011070843786001205,"GD_Y":0.005420989356935024,"GD_Z":0.002213752595707774,"AD_X":-0.0053667426109313965,"AD_Y":9.932564571499825E-4,"AD_Z":-0.16704559326171875,"TempDsp":0,"Status":0,"CalibState":1,"SigAmpInvalid":0}},-1979710460
05-27 18:13:14.377  1008 30856 D [OMXB]  : usingANWBuffer: handle:0xee740220, format:1, w:1920, h:1080
05-27 18:13:14.377   536   536 D commservice260303: send2Cluster len:315, 7B22636F6D6D616E64223A7B226964223A22696D755F737461747573222C22737562223A22227D2C22636F6E74656E74223A7B2254696D655374616D70223A382C224672616D65436F756E746572223A3230303036382C2247445F58223A2D302E3031313037303834333738363030313230352C2247445F59223A302E3030353432303938393335363933353032342C2247445F5A223A302E3030323231333735323539353730373737342C2241445F58223A2D302E303035333636373432363130393331333936352C2241445F59223A392E393332353634353731343939383235452D342C2241445F5A223A2D302E31363730343535393332363137313837352C2254656D70447370223A302C22537461747573223A302C2243616C69625374617465223A312C22536967416D70496E76616C6964223A307D7D, 138 
05-27 18:13:14.377   536   536 D commservice260303: Push Message into SendPool fn=592052992
05-27 18:13:14.377   536   536 D commservice260303: ComProtocolLibSend2Cluster::send2ClusterRaw fn=592052992 , len=331
05-27 18:13:14.377   536   536 D commservice260303: sendCmdToPort :331!!!
05-27 18:13:14.377   536   536 D commservice260303: send Cmd To Port ++++5AA501478A0100034A236A16C3BA7B22636F6D6D616E64223A7B226964223A22696D755F737461747573222C22737562223A22227D2C22636F6E74656E74223A7B2254696D655374616D70223A382C224672616D65436F756E746572223A3230303036382C2247445F58223A2D302E3031313037303834333738363030313230352C2247445F59223A302E3030353432303938393335363933353032342C2247445F5A223A302E3030323231333735323539353730373737342C2241445F58223A2D302E303035333636373432363130393331333936352C2241445F59223A392E393332353634353731343939383235452D342C2241445F5A223A2D302E31363730343535393332363137313837352C2254656D70447370223A302C22537461747573223A302C2243616C69625374617465223A312C22536967416D70496E76616C6964223A307D7D11CC
05-27 18:13:14.378   536   536 D commservice260303: bufferevent_write retrun value = 0
05-27 18:13:14.378 12246 12246 E ivicomm_CommManager: getA2lConnectStatus aqConnectStatus:1
05-27 18:13:14.378 13911 14192 D Sentinelmode_1.2.5.17_sentry: <SentryImuClusterFgeSender>imu_status sent to Linux, frame=200068, tsNs=8661619, tsMs=8, intervalMs=40, ad=(-0.0053667426,9.932565E-4,-0.1670456), gd=(-0.011070844,0.0054209894,0.0022137526)
05-27 18:13:14.378 12246 12246 D ivicomm_ConnectStateManager: notifyState newState=1curState=1
05-27 18:13:14.378   581   581 I SpiService: fgesysctrl_getGPIO_status success val=1
05-27 18:13:14.378   536   560 D commservice260303: client datas send succeed,send finish
05-27 18:13:14.378   299  1153 D EvsDriver: doneWithFrame
05-27 08:04:23.342   581   581 D spi_rst_gpio_get_output: GPIO 145 value: 1
05-27 08:04:23.342   581   581 D spidev_ioctl: gpio status=1)
05-27 18:13:14.383   581   581 I SpiService: fgesysctrl_getGPIO_status success val=1
05-27 08:04:23.348   581   581 D spi_rst_gpio_get_output: GPIO 145 value: 1
05-27 08:04:23.348   581   581 D spidev_ioctl: gpio status=1)
05-27 18:13:14.389 13911 14183 I SentryImuMcuAngleSender: 179.96144rollDeg
05-27 18:13:14.389 13911 14183 I SentryImuMcuAngleSender: 1,0,0
05-27 18:13:14.389   581   581 I SpiService: fgesysctrl_getGPIO_status success val=1
05-27 08:04:23.354   581   581 D spi_rst_gpio_get_output: GPIO 145 value: 1
05-27 08:04:23.354   581   581 D spidev_ioctl: gpio status=1)
05-27 18:13:14.392   566 11459 I gps_hdbd: Received: '$GNGGA,002905.000,,,,,0,00,,,M,,M,,*68
'
05-27 18:13:14.393   566 11459 I gps_hdbd: Received: '$GNGSA,A,1,,,,,,,,,,,,,,,,1*1D
'
05-27 18:13:14.394   581   581 I SpiService: fgesysctrl_getGPIO_status success val=0
05-27 08:04:23.359   581   581 D spi_rst_gpio_get_output: GPIO 145 value: 0
05-27 08:04:23.359   581   581 D spidev_ioctl: gpio status=0)
05-27 18:13:14.399   566 11459 I gps_hdbd: Received: '$GNGSA,A,1,,,,,,,,,,,,,,,,3*1F
'
05-27 18:13:14.400   566 11459 I gps_hdbd: Received: '$GNGSA,A,1,,,,,,,,,,,,,,,,4*18
'
05-27 18:13:14.400   566 11459 I gps_hdbd: Received: '$BDGSV,1,1,00,1*75
'
05-27 18:13:14.400  1008 30857 D [OMXB]  : usingANWBuffer: handle:0xee744b00, format:1, w:1920, h:1080
05-27 18:13:14.402   299 30841 D EvsDriver: forwardFrame
05-27 18:13:14.403   299 30841 D EvsDriver: Delivered 0xb400007b7ca56a60 as id 0
05-27 18:13:14.403  1167  1167 D evsmanagerd: /dev/video4 forwarded the buffer #0 to 0xb4000074bf5f6850 from 0xb4000074bf5f41d0
05-27 18:13:14.405   566 11459 I gps_hdbd: Received: '$BDGSV,1,1,00,5*71
'
05-27 18:13:14.405   299  1153 D EvsDriver: doneWithFrame
05-27 08:04:23.373   581   581 D spi_rst_gpio_get_output: GPIO 145 value: 1
05-27 08:04:23.373   581   581 D spidev_ioctl: gpio status=1)
05-27 18:13:14.408   299 30844 D EvsDriver: forwardFrame
05-27 18:13:14.408   581   581 I SpiService: fgesysctrl_getGPIO_status success val=1
05-27 18:13:14.410 13911 14183 I SentryImuMcuAngleSender: 179.95795rollDeg
05-27 18:13:14.410 13911 14183 I SentryImuMcuAngleSender: 1,0,0
05-27 18:13:14.411   299 30844 D EvsDriver: Delivered 0xb400007b7ca56900 as id 0
05-27 18:13:14.411  1167  1167 D evsmanagerd: /dev/video6 forwarded the buffer #0 to 0xb4000074bf5f5510 from 0xb4000074bf5f6d90
05-27 18:13:14.411   566 11459 I gps_hdbd: Received: '$GPGSV,1,1,01,199,42,165,,1*60
'
05-27 18:13:14.412   566 11459 I gps_hdbd: Received: '$GPGSV,1,1,00,8*6D
'
05-27 18:13:14.412   566 11459 I gps_hdbd: Received: '$GAGSV,1,1,00,7*73
'
05-27 18:13:14.414   581   581 I SpiService: fgesysctrl_getGPIO_status success val=1
05-27 18:13:14.414   299  1153 D EvsDriver: doneWithFrame
05-27 18:13:14.416   566 11459 I gps_hdbd: Received: '$GAGSV,1,1,00,1*75
'
05-27 08:04:23.378   581   581 D spi_rst_gpio_get_output: GPIO 145 value: 1
05-27 08:04:23.379   581   581 D spidev_ioctl: gpio status=1)
05-27 18:13:14.419   536   536 D commservice260303: msg.id = 1028,0
05-27 18:13:14.419   536   536 D commservice260303: i = 170, msgid = 8A000404
05-27 18:13:14.419   536   536 D commservice260303: msgid = -1979710460,did=138
05-27 18:13:14.419   536   536 D commservice260303: CommProtocolLibCmdBaseI2C::dataproc {"command":{"id":"imu_status","sub":""},"content":{"TimeStamp":8,"FrameCounter":200069,"GD_X":-0.010994902811944485,"GD_Y":0.005573912989348173,"GD_Z":0.0019848872907459736,"AD_X":-0.0029255449771881104,"AD_Y":0.0022008507512509823,"AD_Z":-0.16582489013671875,"TempDsp":0,"Status":0,"CalibState":1,"SigAmpInvalid":0}},-1979710460
05-27 18:13:14.419   536   536 D commservice260303: send2Cluster len:317, 7B22636F6D6D616E64223A7B226964223A22696D755F737461747573222C22737562223A22227D2C22636F6E74656E74223A7B2254696D655374616D70223A382C224672616D65436F756E746572223A3230303036392C2247445F58223A2D302E3031303939343930323831313934343438352C2247445F59223A302E3030353537333931323938393334383137332C2247445F5A223A302E303031393834383837323930373435393733362C2241445F58223A2D302E303032393235353434393737313838313130342C2241445F59223A302E303032323030383530373531323530393832332C2241445F5A223A2D302E31363538323438393031333637313837352C2254656D70447370223A302C22537461747573223A302C2243616C69625374617465223A312C22536967416D70496E76616C6964223A307D7D, 138 
05-27 18:13:14.419   536   536 D commservice260303: Push Message into SendPool fn=608830208
05-27 18:13:14.419   536   536 D commservice260303: ComProtocolLibSend2Cluster::send2ClusterRaw fn=608830208 , len=333
05-27 18:13:14.419   536   536 D commservice260303: sendCmdToPort :333!!!
05-27 18:13:14.419   536   536 D commservice260303: send Cmd To Port ++++5AA501498A0100034A246A16C3BA7B22636F6D6D616E64223A7B226964223A22696D755F737461747573222C22737562223A22227D2C22636F6E74656E74223A7B2254696D655374616D70223A382C224672616D65436F756E746572223A3230303036392C2247445F58223A2D302E3031303939343930323831313934343438352C2247445F59223A302E3030353537333931323938393334383137332C2247445F5A223A302E303031393834383837323930373435393733362C2241445F58223A2D302E303032393235353434393737313838313130342C2241445F59223A302E303032323030383530373531323530393832332C2241445F5A223A2D302E31363538323438393031333637313837352C2254656D70447370223A302C22537461747573223A302C2243616C69625374617465223A312C22536967416D70496E76616C6964223A307D7D6B88
05-27 18:13:14.419   536   536 D commservice260303: bufferevent_write retrun value = 0
05-27 18:13:14.419 13911 14192 D Sentinelmode_1.2.5.17_sentry: <SentryImuClusterFgeSender>imu_status sent to Linux, frame=200069, tsNs=8661658, tsMs=8, intervalMs=42, ad=(-0.002925545,0.0022008508,-0.16582489), gd=(-0.010994903,0.005573913,0.0019848873)
05-27 18:13:14.419   581   581 I SpiService: fgesysctrl_getGPIO_status success val=1
05-27 18:13:14.419   536   560 D commservice260303: client datas send succeed,send finish
05-27 08:04:23.384   581   581 D spi_rst_gpio_get_output: GPIO 145 value: 1
05-27 08:04:23.384   581   581 D spidev_ioctl: gpio status=1)
05-27 18:13:14.422   566 11459 I gps_hdbd: Received: '$GNRMC,002905.000,V,,,,,,,270526,120.0,E,N,V*4B
'
05-27 18:13:14.422   566 11459 I gps_hdbd: RMC : CALL gnss_sv_status_cb, view_in_sat <1>
05-27 18:13:14.423   566 11459 I gps_hdbd: [reportSvStatus]--->PLATFORM_BSP::Enter
05-27 18:13:14.423   566 11459 I gps_hdbd: hy abnormal deal:hy_cnr30_satellite_cnt=0
05-27 18:13:14.423   566 11459 D gps_hdbd: hy abnormal deal:hy_fixStatus_fail_count=0
05-27 18:13:14.423  1083  1083 W MyAppLog: [2026-05-27 18:13:14.423 W tboxap gpsSyncGpsInfoToDm:361] [Gps] [gpsSyncGpsInfoToDm] fix=0 mode=49 corner:0x01 alt=0.00 sat=0 hdop=0.00 pdop=0.00 vdop=0.00
05-27 18:13:14.423   566 11459 I gps_hdbd: Received: '$GNZDA,002905.000,27,05,2026,00,00*40
'
05-27 18:13:14.425   581   581 I SpiService: fgesysctrl_getGPIO_status success val=1
05-27 08:04:23.389   581   581 D spi_rst_gpio_get_output: GPIO 145 value: 1
05-27 08:04:23.389   581   581 D spidev_ioctl: gpio status=1)
05-27 18:13:14.430   581   581 I SpiService: fgesysctrl_getGPIO_status success val=1
05-27 18:13:14.431 13911 14183 I SentryImuMcuAngleSender: 179.95795rollDeg
05-27 18:13:14.431 13911 14183 I SentryImuMcuAngleSender: 1,0,0
05-27 18:13:14.432   283   307 I rvcservice: t.code = 1, t.value = -164700
05-27 08:04:23.395   581   581 D spi_rst_gpio_get_output: GPIO 145 value: 1
05-27 08:04:23.395   581   581 D spidev_ioctl: gpio status=1)
05-27 18:13:14.436   581   581 I SpiService: fgesysctrl_getGPIO_status success val=0
05-27 08:04:23.400   581   581 D spi_rst_gpio_get_output: GPIO 145 value: 0
05-27 08:04:23.400   581   581 D spidev_ioctl: gpio status=0)
05-27 18:13:14.439   299 30844 D EvsDriver: forwardFrame
05-27 18:13:14.439   299 30841 D EvsDriver: forwardFrame
05-27 18:13:14.441   299 30841 D EvsDriver: Delivered 0xb400007b7ca56a60 as id 0
05-27 18:13:14.441  1167  1167 D evsmanagerd: /dev/video4 forwarded the buffer #0 to 0xb4000074bf5f6850 from 0xb4000074bf5f41d0
05-27 18:13:14.441   299 30844 D EvsDriver: Delivered 0xb400007b7ca56900 as id 0
05-27 18:13:14.441  1167  1167 D evsmanagerd: /dev/video6 forwarded the buffer #0 to 0xb4000074bf5f5510 from 0xb4000074bf5f6d90
05-27 18:13:14.444   299  1153 D EvsDriver: doneWithFrame
05-27 18:13:14.445  1008 30856 D [OMXB]  : usingANWBuffer: handle:0xee742320, format:1, w:1920, h:1080
05-27 18:13:14.446   566 11459 I gps_hdbd: Received: '$GNINS,1,1,TYPE,I,V,002905.000,17256000,FUS,-7,0,0,0,MOT,V,1,PATT,0.00,0.00,0.00,VEL,0.000,0.000,0.000,POS,40.0001330924,116.0001570688,84.176,IIA,1,0.00,0.00,0.00,BGA,0.31,-0.66,-0.13,0.000,0.000,0.000,IGA,0,-1,0,0,-2,98,VG,16c2ff1*1E
'
05-27 18:13:14.446   299  1153 D EvsDriver: doneWithFrame
05-27 18:13:14.451 13911 14183 I SentryImuMcuAngleSender: 179.95795rollDeg
05-27 18:13:14.451 13911 14183 I SentryImuMcuAngleSender: 1,0,0
05-27 08:04:23.417   581   581 D spi_rst_gpio_get_output: GPIO 145 value: 1
05-27 08:04:23.417   581   581 D spidev_ioctl: gpio status=1)
05-27 18:13:14.452   581   581 I SpiService: fgesysctrl_getGPIO_status success val=1
05-27 18:13:14.456   566 11459 I gps_hdbd: Received: '$GNINS,CARSPEED,ADR_STATUS,0,Pulse_count,0,1,0,0,17256000,86410,0.000,0.000,0.000*3A
'
05-27 18:13:14.458   581   581 I SpiService: fgesysctrl_getGPIO_status success val=1
05-27 18:13:14.459   536   536 D commservice260303: msg.id = 1028,1
05-27 18:13:14.459   536   536 D commservice260303: i = 170, msgid = 8A000404
05-27 18:13:14.459   536   536 D commservice260303: msgid = -1979710460,did=138
05-27 18:13:14.459   536   536 D commservice260303: CommProtocolLibCmdBaseI2C::dataproc {"command":{"id":"imu_status","sub":""},"content":{"TimeStamp":8,"FrameCounter":200070,"GD_X":-0.010994902811944485,"GD_Y":0.005268065724521875,"GD_Z":0.0019079053308814764,"AD_X":-0.0023157745599746704,"AD_Y":0.002194032073020935,"AD_Z":-0.16582489013671875,"TempDsp":0,"Status":0,"CalibState":1,"SigAmpInvalid":0}},-1979710460
05-27 18:13:14.459   536   536 D commservice260303: send2Cluster len:316, 7B22636F6D6D616E64223A7B226964223A22696D755F737461747573222C22737562223A22227D2C22636F6E74656E74223A7B2254696D655374616D70223A382C224672616D65436F756E746572223A3230303037302C2247445F58223A2D302E3031303939343930323831313934343438352C2247445F59223A302E3030353236383036353732343532313837352C2247445F5A223A302E303031393037393035333330383831343736342C2241445F58223A2D302E303032333135373734353539393734363730342C2241445F59223A302E3030323139343033323037333032303933352C2241445F5A223A2D302E31363538323438393031333637313837352C2254656D70447370223A302C22537461747573223A302C2243616C69625374617465223A312C22536967416D70496E76616C6964223A307D7D, 138 
05-27 18:13:14.459   536   536 D commservice260303: Push Message into SendPool fn=625607424
05-27 18:13:14.459   536   536 D commservice260303: ComProtocolLibSend2Cluster::send2ClusterRaw fn=625607424 , len=332
05-27 18:13:14.459   536   536 D commservice260303: sendCmdToPort :332!!!
05-27 18:13:14.459   536   536 D commservice260303: send Cmd To Port ++++5AA501488A0100034A256A16C3BA7B22636F6D6D616E64223A7B226964223A22696D755F737461747573222C22737562223A22227D2C22636F6E74656E74223A7B2254696D655374616D70223A382C224672616D65436F756E746572223A3230303037302C2247445F58223A2D302E3031303939343930323831313934343438352C2247445F59223A302E3030353236383036353732343532313837352C2247445F5A223A302E303031393037393035333330383831343736342C2241445F58223A2D302E303032333135373734353539393734363730342C2241445F59223A302E3030323139343033323037333032303933352C2241445F5A223A2D302E31363538323438393031333637313837352C2254656D70447370223A302C22537461747573223A302C2243616C69625374617465223A312C22536967416D70496E76616C6964223A307D7DF750
05-27 18:13:14.459   536   536 D commservice260303: bufferevent_write retrun value = 0
05-27 18:13:14.460   536   560 D commservice260303: client datas send succeed,send finish
