05-27 18:13:17.026 26061 26101 D ANWAPI_SECOND: (26061|0x29272CB0)[BTAPI] set_bluetooth_power : open /sys/class/gpio/gpio142/value
05-27 18:13:17.027 26061 26101 D ANWAPI_SECOND: (26061|0x29272CB0)[BTAPI] set_bluetooth_power : open(/sys/class/gpio/gpio142/value) for write failed,fd=-1
05-27 18:13:17.027 26061 26101 D ANWAPI_SECOND: (26061|0x29272CB0)[BTAPI] open set_bluetooth_power : write(No such file or directory) failed,errno = 2
05-27 18:13:17.030  1008 30856 D [OMXB]  : usingANWBuffer: handle:0xee747180, format:1, w:1920, h:1080
05-27 18:13:17.031   536   536 D commservice260303: msg.id = 1028,1
05-27 18:13:17.031   536   536 D commservice260303: i = 170, msgid = 8A000404
05-27 18:13:17.031   536   536 D commservice260303: msgid = -1979710460,did=138
05-27 18:13:17.031   536   536 D commservice260303: CommProtocolLibCmdBaseI2C::dataproc {"command":{"id":"imu_status","sub":""},"content":{"TimeStamp":8,"FrameCounter":200133,"GD_X":-0.01091896090656519,"GD_Y":0.005802778527140617,"GD_Z":0.0023671966046094894,"AD_X":-0.0018694251775741577,"AD_Y":0.0015815617516636848,"AD_Z":-0.16338539123535156,"TempDsp":0,"Status":0,"CalibState":1,"SigAmpInvalid":0}},-1979710460
05-27 18:13:17.031   536   536 D commservice260303: send2Cluster len:316, 7B22636F6D6D616E64223A7B226964223A22696D755F737461747573222C22737562223A22227D2C22636F6E74656E74223A7B2254696D655374616D70223A382C224672616D65436F756E746572223A3230303133332C2247445F58223A2D302E30313039313839363039303635363531392C2247445F59223A302E3030353830323737383532373134303631372C2247445F5A223A302E303032333637313936363034363039343839342C2241445F58223A2D302E303031383639343235313737353734313537372C2241445F59223A302E303031353831353631373531363633363834382C2241445F5A223A2D302E31363333383533393132333533353135362C2254656D70447370223A302C22537461747573223A302C2243616C69625374617465223A312C22536967416D70496E76616C6964223A307D7D, 138 
05-27 18:13:17.031   536   536 D commservice260303: Push Message into SendPool fn=1699349248
05-27 18:13:17.031   536   536 D commservice260303: ComProtocolLibSend2Cluster::send2ClusterRaw fn=1699349248 , len=332
05-27 18:13:17.031   536   536 D commservice260303: sendCmdToPort :332!!!
05-27 18:13:17.031   536   536 D commservice260303: send Cmd To Port ++++5AA501488A0100034A656A16C3BD7B22636F6D6D616E64223A7B226964223A22696D755F737461747573222C22737562223A22227D2C22636F6E74656E74223A7B2254696D655374616D70223A382C224672616D65436F756E746572223A3230303133332C2247445F58223A2D302E30313039313839363039303635363531392C2247445F59223A302E3030353830323737383532373134303631372C2247445F5A223A302E303032333637313936363034363039343839342C2241445F58223A2D302E303031383639343235313737353734313537372C2241445F59223A302E303031353831353631373531363633363834382C2241445F5A223A2D302E31363333383533393132333533353135362C2254656D70447370223A302C22537461747573223A302C2243616C69625374617465223A312C22536967416D70496E76616C6964223A307D7DC8F0
05-27 18:13:17.031   536   536 D commservice260303: bufferevent_write retrun value = 0
05-27 18:13:17.031   536   560 D commservice260303: client datas send succeed,send finish
05-27 18:13:17.032 13911 14192 D Sentinelmode_1.2.5.17_sentry: <SentryImuClusterFgeSender>imu_status sent to Linux, frame=200133, tsNs=8664273, tsMs=8, intervalMs=40, ad=(-0.0018694252,0.0015815618,-0.16338539), gd=(-0.010918961,0.0058027785,0.0023671966)
05-27 18:13:17.033   581   581 I SpiService: fgesysctrl_getGPIO_status success val=1
05-27 18:13:17.038   283   307 I rvcservice: t.code = 3, t.value = 0
05-27 18:13:17.039   581   581 I SpiService: fgesysctrl_getGPIO_status success val=1
05-27 18:13:17.040   299 30844 D EvsDriver: forwardFrame
05-27 18:13:17.041   299 30844 D EvsDriver: Delivered 0xb400007b7ca56900 as id 0
05-27 18:13:17.042  1167  1184 D evsmanagerd: /dev/video6 forwarded the buffer #0 to 0xb4000074bf5f5510 from 0xb4000074bf5f6d90
05-27 18:13:17.044   299  1153 D EvsDriver: doneWithFrame
05-27 18:13:17.044 13911 14183 I SentryImuMcuAngleSender: 179.96144rollDeg
05-27 18:13:17.044   581   581 I SpiService: fgesysctrl_getGPIO_status success val=1
05-27 18:13:17.044 13911 14183 I SentryImuMcuAngleSender: 1,0,0
05-27 18:13:17.049  1008 30857 D [OMXB]  : usingANWBuffer: handle:0xee743240, format:1, w:1920, h:1080
05-27 18:13:17.050   581   581 I SpiService: fgesysctrl_getGPIO_status success val=1
05-27 18:13:17.051   299 30841 D EvsDriver: forwardFrame
05-27 18:13:17.052   299 30841 D EvsDriver: Delivered 0xb400007b7ca56a60 as id 0
05-27 18:13:17.052  1167  1184 D evsmanagerd: /dev/video4 forwarded the buffer #0 to 0xb4000074bf5f6850 from 0xb4000074bf5f41d0
05-27 18:13:17.055   299  1153 D EvsDriver: doneWithFrame
05-27 18:13:17.056   581   581 I SpiService: fgesysctrl_getGPIO_status success val=1
05-27 18:13:17.062   581   581 I SpiService: fgesysctrl_getGPIO_status success val=0
05-27 18:13:17.064 13911 14183 I SentryImuMcuAngleSender: 179.96497rollDeg
05-27 18:13:17.064 13911 14183 I SentryImuMcuAngleSender: 1,0,0
05-27 18:13:17.071   536   536 D commservice260303: msg.id = 1028,0
05-27 18:13:17.071   536   536 D commservice260303: i = 170, msgid = 8A000404
05-27 18:13:17.071   536   536 D commservice260303: msgid = -1979710460,did=138
05-27 18:13:17.071   536   536 D commservice260303: CommProtocolLibCmdBaseI2C::dataproc {"command":{"id":"imu_status","sub":""},"content":{"TimeStamp":8,"FrameCounter":200134,"GD_X":-0.01091896090656519,"GD_Y":0.005345047451555729,"GD_Z":0.0018319635419175029,"AD_X":5.52251935005188E-4,"AD_Y":9.637461043894291E-4,"AD_Z":-0.17314529418945312,"TempDsp":0,"Status":0,"CalibState":1,"SigAmpInvalid":0}},-1979710460
05-27 18:13:17.071   536   536 D commservice260303: send2Cluster len:312, 7B22636F6D6D616E64223A7B226964223A22696D755F737461747573222C22737562223A22227D2C22636F6E74656E74223A7B2254696D655374616D70223A382C224672616D65436F756E746572223A3230303133342C2247445F58223A2D302E30313039313839363039303635363531392C2247445F59223A302E3030353334353034373435313535353732392C2247445F5A223A302E303031383331393633353431393137353032392C2241445F58223A352E3532323531393335303035313838452D342C2241445F59223A392E363337343631303433383934323931452D342C2241445F5A223A2D302E31373331343532393431383934353331322C2254656D70447370223A302C22537461747573223A302C2243616C69625374617465223A312C22536967416D70496E76616C6964223A307D7D, 138 
05-27 18:13:17.071   536   536 D commservice260303: Push Message into SendPool fn=1716126464
05-27 18:13:17.071   536   536 D commservice260303: ComProtocolLibSend2Cluster::send2ClusterRaw fn=1716126464 , len=328
05-27 18:13:17.071   536   536 D commservice260303: sendCmdToPort :328!!!
05-27 18:13:17.071   536   536 D commservice260303: send Cmd To Port ++++5AA501448A0100034A666A16C3BD7B22636F6D6D616E64223A7B226964223A22696D755F737461747573222C22737562223A22227D2C22636F6E74656E74223A7B2254696D655374616D70223A382C224672616D65436F756E746572223A3230303133342C2247445F58223A2D302E30313039313839363039303635363531392C2247445F59223A302E3030353334353034373435313535353732392C2247445F5A223A302E303031383331393633353431393137353032392C2241445F58223A352E3532323531393335303035313838452D342C2241445F59223A392E363337343631303433383934323931452D342C2241445F5A223A2D302E31373331343532393431383934353331322C2254656D70447370223A302C22537461747573223A302C2243616C69625374617465223A312C22536967416D70496E76616C6964223A307D7DEA31
05-27 18:13:17.071   536   536 D commservice260303: bufferevent_write retrun value = 0
05-27 18:13:17.071   536   560 D commservice260303: client datas send succeed,send finish
05-27 18:13:17.072 13911 14192 D Sentinelmode_1.2.5.17_sentry: <SentryImuClusterFgeSender>imu_status sent to Linux, frame=200134, tsNs=8664309, tsMs=8, intervalMs=40, ad=(5.5225194E-4,9.637461E-4,-0.1731453), gd=(-0.010918961,0.0053450475,0.0018319635)
05-27 18:13:17.074  1008 30856 D [OMXB]  : usingANWBuffer: handle:0xee740170, format:1, w:1920, h:1080
05-27 18:13:17.076   481   598 I mcuc    : rev,n=1,6AA6825EF00002090124
05-27 08:04:26.041   581   581 D spi_rst_gpio_get_output: GPIO 145 value: 1
05-27 08:04:26.041   581   581 D spidev_ioctl: gpio status=1)
05-27 18:13:17.077   581   581 I SpiService: fgesysctrl_getGPIO_status success val=1
05-27 18:13:17.078   299 30841 D EvsDriver: forwardFrame
05-27 18:13:17.078   299 30844 D EvsDriver: forwardFrame
05-27 18:13:17.078   481   598 I mcuc    : rev,n=2,6AA681AE89001B8900200600030E303132333435363738394142434445464700B7F3DA
05-27 18:13:17.079   351   373 D automotive.vehicle@2.0-adayo-datacomm-mcu: MCUDatacomm sendMessageFromVehicle prop: 0x89, areaId: 0x0, status: 0x20, timestamp: 0x6
05-27 18:13:17.080   351   373 D automotive.vehicle@2.0-adayo-datacomm-mcu: MCUDatacomm 1sendMessageFromVehicle ---> type = 3 
05-27 18:13:17.080   351   373 D automotive.vehicle@2.0-adayo-func-bcm: sendMessageFromVehicle sendMessageFromVehicle
05-27 18:13:17.081   351   516 D automotive.vehicle@2.0-adayo-func-bcm: jjfan1 ______procotolSize :1
05-27 18:13:17.081   351   516 D automotive.vehicle@2.0-adayo-func-bcm: BCMFunc sendMessageFromVehicle_l dataType: 13,mByte=7,propid=0x2110001a
05-27 18:13:17.081   351   516 D automotive.vehicle@2.0-adayo-func-bcm: BCMFunc VEHICLE_VIN_CODE111 0x2110001a 
05-27 18:13:17.081   351   516 E automotive.vehicle@2.0-adayo-func-bcm: byteArrayToASCIIString, index 7 hex: 30, ascii: 0
05-27 18:13:17.081   351   516 E automotive.vehicle@2.0-adayo-func-bcm: byteArrayToASCIIString, index 8 hex: 31, ascii: 01
05-27 18:13:17.081   351   516 E automotive.vehicle@2.0-adayo-func-bcm: byteArrayToASCIIString, index 9 hex: 32, ascii: 012
05-27 18:13:17.081   351   516 E automotive.vehicle@2.0-adayo-func-bcm: byteArrayToASCIIString, index 10 hex: 33, ascii: 0123
05-27 18:13:17.081   351   516 E automotive.vehicle@2.0-adayo-func-bcm: byteArrayToASCIIString, index 11 hex: 34, ascii: 01234
05-27 18:13:17.081   351   516 E automotive.vehicle@2.0-adayo-func-bcm: byteArrayToASCIIString, index 12 hex: 35, ascii: 012345
05-27 18:13:17.081   351   516 E automotive.vehicle@2.0-adayo-func-bcm: byteArrayToASCIIString, index 13 hex: 36, ascii: 0123456
05-27 18:13:17.082   351   516 E automotive.vehicle@2.0-adayo-func-bcm: byteArrayToASCIIString, index 14 hex: 37, ascii: 01234567
05-27 18:13:17.082   351   516 E automotive.vehicle@2.0-adayo-func-bcm: byteArrayToASCIIString, index 15 hex: 38, ascii: 012345678
05-27 18:13:17.082   351   516 E automotive.vehicle@2.0-adayo-func-bcm: byteArrayToASCIIString, index 16 hex: 39, ascii: 0123456789
05-27 18:13:17.082   351   516 E automotive.vehicle@2.0-adayo-func-bcm: byteArrayToASCIIString, index 17 hex: 41, ascii: 0123456789A
05-27 18:13:17.082   351   516 E automotive.vehicle@2.0-adayo-func-bcm: byteArrayToASCIIString, index 18 hex: 42, ascii: 0123456789AB
05-27 18:13:17.082   351   516 E automotive.vehicle@2.0-adayo-func-bcm: byteArrayToASCIIString, index 19 hex: 43, ascii: 0123456789ABC
05-27 18:13:17.082   351   516 E automotive.vehicle@2.0-adayo-func-bcm: byteArrayToASCIIString, index 20 hex: 44, ascii: 0123456789ABCD
05-27 18:13:17.082   351   516 E automotive.vehicle@2.0-adayo-func-bcm: byteArrayToASCIIString, index 21 hex: 45, ascii: 0123456789ABCDE
05-27 18:13:17.082   351   516 E automotive.vehicle@2.0-adayo-func-bcm: byteArrayToASCIIString, index 22 hex: 46, ascii: 0123456789ABCDEF
05-27 18:13:17.082   351   516 E automotive.vehicle@2.0-adayo-func-bcm: byteArrayToASCIIString, index 23 hex: 47, ascii: 0123456789ABCDEFG
05-27 18:13:17.082   351   516 D automotive.vehicle@2.0-adayo-func-bcm: BCMFunc VEHICLE_VIN_CODE222 0x2110001a ,value:0123456789ABCDEFG
05-27 18:13:17.082   351   516 D automotive.vehicle@2.0-adayo-func-bcm: BCMFunc sendMessageFromVehicle_l id:554696730, area:0 not report! 
05-27 18:13:17.083   581   581 I SpiService: fgesysctrl_getGPIO_status success val=1
05-27 18:13:17.083   299 30844 D EvsDriver: Delivered 0xb400007b7ca56900 as id 0
05-27 18:13:17.083  1167  1184 D evsmanagerd: /dev/video6 forwarded the buffer #0 to 0xb4000074bf5f5510 from 0xb4000074bf5f6d90
05-27 18:13:17.084  1167  1184 D evsmanagerd: /dev/video4 forwarded the buffer #0 to 0xb4000074bf5f6850 from 0xb4000074bf5f41d0
05-27 18:13:17.084   299 30841 D EvsDriver: Delivered 0xb400007b7ca56a60 as id 0
05-27 18:13:17.085 13911 14183 I SentryImuMcuAngleSender: 179.96497rollDeg
05-27 18:13:17.085 13911 14183 I SentryImuMcuAngleSender: 1,0,0
05-27 18:13:17.086   299  1153 D EvsDriver: doneWithFrame
05-27 18:13:17.088   299  1153 D EvsDriver: doneWithFrame
05-27 18:13:17.088   581   581 I SpiService: fgesysctrl_getGPIO_status success val=1
05-27 18:13:17.088  1008 30857 D [OMXB]  : usingANWBuffer: handle:0xee743c90, format:1, w:1920, h:1080
05-27 18:13:17.094   581   581 I SpiService: fgesysctrl_getGPIO_status success val=1
05-27 18:13:17.100   581   581 I SpiService: fgesysctrl_getGPIO_status success val=0
05-27 18:13:17.100   481   597 I mcuc    : send SPI:6AA602AE89000289003C
05-27 18:13:17.105 13911 14183 I SentryImuMcuAngleSender: 179.97197rollDeg
05-27 18:13:17.105 13911 14183 I SentryImuMcuAngleSender: 1,0,0
05-27 18:13:17.109   299 30841 D EvsDriver: forwardFrame
05-27 18:13:17.111  1167  1184 D evsmanagerd: /dev/video4 forwarded the buffer #0 to 0xb4000074bf5f6850 from 0xb4000074bf5f41d0
05-27 18:13:17.111   299 30841 D EvsDriver: Delivered 0xb400007b7ca56a60 as id 0
05-27 18:13:17.111   299 30844 D EvsDriver: forwardFrame
05-27 18:13:17.112   572   622 I Sensors : 230 AccelSensor: x:-0.169580,y:0.004880,z:-9.970449
05-27 18:13:17.114   536   536 D commservice260303: msg.id = 1028,1
05-27 18:13:17.114   536   536 D commservice260303: i = 170, msgid = 8A000404
05-27 18:13:17.114   536   536 D commservice260303: msgid = -1979710460,did=138
05-27 18:13:17.114   536   536 D commservice260303: CommProtocolLibCmdBaseI2C::dataproc {"command":{"id":"imu_status","sub":""},"content":{"TimeStamp":8,"FrameCounter":200135,"GD_X":-0.011834942735731602,"GD_Y":0.006032164208590984,"GD_Z":0.0019848872907459736,"AD_X":0.0011309236288070679,"AD_Y":-2.5839172303676605E-4,"AD_Z":-0.16826248168945312,"TempDsp":0,"Status":0,"CalibState":1,"SigAmpInvalid":0}},-1979710460
05-27 18:13:17.114   536   536 D commservice260303: send2Cluster len:317, 7B22636F6D6D616E64223A7B226964223A22696D755F737461747573222C22737562223A22227D2C22636F6E74656E74223A7B2254696D655374616D70223A382C224672616D65436F756E746572223A3230303133352C2247445F58223A2D302E3031313833343934323733353733313630322C2247445F59223A302E3030363033323136343230383539303938342C2247445F5A223A302E303031393834383837323930373435393733362C2241445F58223A302E303031313330393233363238383037303637392C2241445F59223A2D322E35383339313732333033363736363035452D342C2241445F5A223A2D302E31363832363234383136383934353331322C2254656D70447370223A302C22537461747573223A302C2243616C69625374617465223A312C22536967416D70496E76616C6964223A307D7D, 138 
05-27 18:13:17.114   536   536 D commservice260303: Push Message into SendPool fn=1732903680
05-27 18:13:17.115   536   536 D commservice260303: ComProtocolLibSend2Cluster::send2ClusterRaw fn=1732903680 , len=333
05-27 18:13:17.115   536   536 D commservice260303: sendCmdToPort :333!!!
05-27 18:13:17.115   536   536 D commservice260303: send Cmd To Port ++++5AA501498A0100034A676A16C3BD7B22636F6D6D616E64223A7B226964223A22696D755F737461747573222C22737562223A22227D2C22636F6E74656E74223A7B2254696D655374616D70223A382C224672616D65436F756E746572223A3230303133352C2247445F58223A2D302E3031313833343934323733353733313630322C2247445F59223A302E3030363033323136343230383539303938342C2247445F5A223A302E303031393834383837323930373435393733362C2241445F58223A302E303031313330393233363238383037303637392C2241445F59223A2D322E35383339313732333033363736363035452D342C2241445F5A223A2D302E31363832363234383136383934353331322C2254656D70447370223A302C22537461747573223A302C2243616C69625374617465223A312C22536967416D70496E76616C6964223A307D7D565C
05-27 18:13:17.115   536   536 D commservice260303: bufferevent_write retrun value = 0
05-27 18:13:17.115   581   581 I SpiService: fgesysctrl_getGPIO_status success val=1
05-27 18:13:17.115   536   560 D commservice260303: client datas send succeed,send finish
05-27 18:13:17.115   299  1153 D EvsDriver: doneWithFrame
05-27 18:13:17.116  1167  1184 D evsmanagerd: /dev/video6 forwarded the buffer #0 to 0xb4000074bf5f5510 from 0xb4000074bf5f6d90
05-27 18:13:17.116   299 30844 D EvsDriver: Delivered 0xb400007b7ca56900 as id 0
05-27 18:13:17.118 13911 14192 D Sentinelmode_1.2.5.17_sentry: <SentryImuClusterFgeSender>imu_status sent to Linux, frame=200135, tsNs=8664344, tsMs=8, intervalMs=46, ad=(0.0011309236,-2.5839172E-4,-0.16826248), gd=(-0.011834943,0.006032164,0.0019848873)
05-27 18:13:17.119  1008 30856 D [OMXB]  : usingANWBuffer: handle:0xee746c00, format:1, w:1920, h:1080
05-27 18:13:17.120   299  1153 D EvsDriver: doneWithFrame
05-27 18:13:17.122   581   581 I SpiService: fgesysctrl_getGPIO_status success val=1
05-27 18:13:17.126 13911 14183 I SentryImuMcuAngleSender: 179.97195rollDeg
05-27 18:13:17.126 13911 14183 I SentryImuMcuAngleSender: 1,0,0
05-27 18:13:17.128 30773 30786 I dvr_service_: CameraX 1  audioOK: 8256000,audios:130
05-27 18:13:17.128   581   581 I SpiService: fgesysctrl_getGPIO_status success val=1
05-27 18:13:17.128  1008 30857 D [OMXB]  : usingANWBuffer: handle:0xee745fa0, format:1, w:1920, h:1080
05-27 08:04:26.093   581   581 D spi_rst_gpio_get_output: GPIO 145 value: 1
05-27 18:13:17.134   581   581 I SpiService: fgesysctrl_getGPIO_status success val=1
05-27 18:13:17.138   283   307 I rvcservice: t.code = 3, t.value = 0
05-27 18:13:17.139   581   581 I SpiService: fgesysctrl_getGPIO_status success val=1
05-27 18:13:17.140   299 30841 D EvsDriver: forwardFrame
05-27 18:13:17.141   299 30844 D EvsDriver: forwardFrame
05-27 18:13:17.144  1167  1184 D evsmanagerd: /dev/video4 forwarded the buffer #0 to 0xb4000074bf5f6850 from 0xb4000074bf5f41d0
05-27 18:13:17.144   299 30841 D EvsDriver: Delivered 0xb400007b7ca56a60 as id 0
05-27 18:13:17.144 30773 30782 E dvr_service_: [myNum:0] Received S**** loss
05-27 18:13:17.144   299  1153 D EvsDriver: doneWithFrame
05-27 18:13:17.144   299 30844 D EvsDriver: Delivered 0xb400007b7ca56900 as id 0
05-27 18:13:17.144  1167  1184 D evsmanagerd: /dev/video6 forwarded the buffer #0 to 0xb4000074bf5f5510 from 0xb4000074bf5f6d90
05-27 18:13:17.144 30773 30782 E dvr_service_: [myNum:1] Received S**** loss
05-27 18:13:17.145   299  1153 D EvsDriver: doneWithFrame
05-27 18:13:17.145   581   581 I SpiService: fgesysctrl_getGPIO_status success val=0
05-27 18:13:17.146 13911 14183 I SentryImuMcuAngleSender: 179.95796rollDeg
05-27 18:13:17.147 13911 14183 I SentryImuMcuAngleSender: 1,0,0
05-27 18:13:17.151   536   536 D commservice260303: msg.id = 1028,0
05-27 18:13:17.151   536   536 D commservice260303: i = 170, msgid = 8A000404
05-27 18:13:17.151   536   536 D commservice260303: msgid = -1979710460,did=138
05-27 18:13:17.151   536   536 D commservice260303: CommProtocolLibCmdBaseI2C::dataproc {"command":{"id":"imu_status","sub":""},"content":{"TimeStamp":8,"FrameCounter":200136,"GD_X":-0.010613113641738892,"GD_Y":0.004276141989976168,"GD_Z":0.002443138277158141,"AD_X":-0.005560204386711121,"AD_Y":0.0021692272275686264,"AD_Z":-0.1731414794921875,"TempDsp":0,"Status":0,"CalibState":1,"SigAmpInvalid":0}},-1979710460
05-27 18:13:17.152   536   536 D commservice260303: send2Cluster len:314, 7B22636F6D6D616E64223A7B226964223A22696D755F737461747573222C22737562223A22227D2C22636F6E74656E74223A7B2254696D655374616D70223A382C224672616D65436F756E746572223A3230303133362C2247445F58223A2D302E3031303631333131333634313733383839322C2247445F59223A302E3030343237363134313938393937363136382C2247445F5A223A302E3030323434333133383237373135383134312C2241445F58223A2D302E3030353536303230343338363731313132312C2241445F59223A302E303032313639323237323237353638363236342C2241445F5A223A2D302E313733313431343739343932313837352C2254656D70447370223A302C22537461747573223A302C2243616C69625374617465223A312C22536967416D70496E76616C6964223A307D7D, 138 
05-27 18:13:17.152   536   536 D commservice260303: Push Message into SendPool fn=1749680896
05-27 18:13:17.152   536   536 D commservice260303: ComProtocolLibSend2Cluster::send2ClusterRaw fn=1749680896 , len=330
05-27 18:13:17.152   536   536 D commservice260303: sendCmdToPort :330!!!
05-27 18:13:17.152   536   536 D commservice260303: send Cmd To Port ++++5AA501468A0100034A686A16C3BD7B22636F6D6D616E64223A7B226964223A22696D755F737461747573222C22737562223A22227D2C22636F6E74656E74223A7B2254696D655374616D70223A382C224672616D65436F756E746572223A3230303133362C2247445F58223A2D302E3031303631333131333634313733383839322C2247445F59223A302E3030343237363134313938393937363136382C2247445F5A223A302E3030323434333133383237373135383134312C2241445F58223A2D302E3030353536303230343338363731313132312C2241445F59223A302E303032313639323237323237353638363236342C2241445F5A223A2D302E313733313431343739343932313837352C2254656D70447370223A302C22537461747573223A302C2243616C69625374617465223A312C22536967416D70496E76616C6964223A307D7D8065
05-27 18:13:17.152   536   536 D commservice260303: bufferevent_write retrun value = 0
05-27 18:13:17.152 13911 14192 D Sentinelmode_1.2.5.17_sentry: <SentryImuClusterFgeSender>imu_status sent to Linux, frame=200136, tsNs=8664398, tsMs=8, intervalMs=35, ad=(-0.0055602044,0.0021692272,-0.17314148), gd=(-0.010613114,0.004276142,0.0024431383)
05-27 18:13:17.153  1008 30856 D [OMXB]  : usingANWBuffer: handle:0xee744000, format:1, w:1920, h:1080
05-27 18:13:17.154   536   560 D commservice260303: client datas send succeed,send finish
05-27 18:13:17.160   581   581 I SpiService: fgesysctrl_getGPIO_status success val=1
05-27 18:13:17.165   581   581 I SpiService: fgesysctrl_getGPIO_status success val=1
05-27 18:13:17.166 13911 14183 I SentryImuMcuAngleSender: 179.96146rollDeg
05-27 18:13:17.166 13911 14183 I SentryImuMcuAngleSender: 1,0,0
05-27 18:13:17.168  1008 30857 D [OMXB]  : usingANWBuffer: handle:0xee7440b0, format:1, w:1920, h:1080
05-27 18:13:17.169 30773 30789 I dvr_service_: Camera 1: MediaOK:8232554, frames:180, isKeyFrame:0,pts:8664097973
05-27 18:13:17.170   581   581 I SpiService: fgesysctrl_getGPIO_status success val=1
05-27 18:13:17.176   581   581 I SpiService: fgesysctrl_getGPIO_status success val=1
05-27 18:13:17.178   299 30841 D EvsDriver: forwardFrame
05-27 18:13:17.178   299 30844 D EvsDriver: forwardFrame
05-27 18:13:17.180   299 30841 D EvsDriver: Delivered 0xb400007b7ca56a60 as id 0
05-27 18:13:17.181  1167  1184 D evsmanagerd: /dev/video6 forwarded the buffer #0 to 0xb4000074bf5f5510 from 0xb4000074bf5f6d90
05-27 18:13:17.181  1167  1167 D evsmanagerd: /dev/video4 forwarded the buffer #0 to 0xb4000074bf5f6850 from 0xb4000074bf5f41d0
05-27 18:13:17.182   581   581 I SpiService: fgesysctrl_getGPIO_status success val=0
05-27 18:13:17.182   299 30844 D EvsDriver: Delivered 0xb400007b7ca56900 as id 0
05-27 18:13:17.185   299  1163 D EvsDriver: doneWithFrame
05-27 18:13:17.185   299  1153 D EvsDriver: doneWithFrame
05-27 18:13:17.186 13911 14183 I SentryImuMcuAngleSender: 179.96146rollDeg
05-27 18:13:17.186 13911 14183 I SentryImuMcuAngleSender: 1,0,0
05-27 18:13:17.192   566  1171 I gps_hdbd: [gps_upgrade_thread 3506]Enter
05-27 18:13:17.192   536   536 D commservice260303: msg.id = 1028,0
05-27 18:13:17.192   536   536 D commservice260303: i = 170, msgid = 8A000404
05-27 18:13:17.192   536   536 D commservice260303: msgid = -1979710460,did=138
05-27 18:13:17.192   536   536 D commservice260303: CommProtocolLibCmdBaseI2C::dataproc {"command":{"id":"imu_status","sub":""},"content":{"TimeStamp":8,"FrameCounter":200137,"GD_X":-0.010613113641738892,"GD_Y":0.004199160262942314,"GD_Z":0.0023671966046094894,"AD_X":-0.005545064806938171,"AD_Y":0.0015507754869759083,"AD_Z":-0.16826629638671875,"TempDsp":0,"Status":0,"CalibState":1,"SigAmpInvalid":0}},-1979710460
05-27 18:13:17.192   566  1171 I gps_hdbd: [gps_upgrade_thread 3535] sys.gps.update:0 ,file:not ,upgrate_ing:0
05-27 18:13:17.192   536   536 D commservice260303: send2Cluster len:316, 7B22636F6D6D616E64223A7B226964223A22696D755F737461747573222C22737562223A22227D2C22636F6E74656E74223A7B2254696D655374616D70223A382C224672616D65436F756E746572223A3230303133372C2247445F58223A2D302E3031303631333131333634313733383839322C2247445F59223A302E3030343139393136303236323934323331342C2247445F5A223A302E303032333637313936363034363039343839342C2241445F58223A2D302E3030353534353036343830363933383137312C2241445F59223A302E303031353530373735343836393735393038332C2241445F5A223A2D302E31363832363632393633383637313837352C2254656D70447370223A302C22537461747573223A302C2243616C69625374617465223A312C22536967416D70496E76616C6964223A307D7D, 138 
05-27 18:13:17.192   536   536 D commservice260303: Push Message into SendPool fn=1766458112
05-27 18:13:17.192   536   536 D commservice260303: ComProtocolLibSend2Cluster::send2ClusterRaw fn=1766458112 , len=332
05-27 18:13:17.192   536   536 D commservice260303: sendCmdToPort :332!!!
05-27 18:13:17.193   536   536 D commservice260303: send Cmd To Port ++++5AA501488A0100034A696A16C3BD7B22636F6D6D616E64223A7B226964223A22696D755F737461747573222C22737562223A22227D2C22636F6E74656E74223A7B2254696D655374616D70223A382C224672616D65436F756E746572223A3230303133372C2247445F58223A2D302E3031303631333131333634313733383839322C2247445F59223A302E3030343139393136303236323934323331342C2247445F5A223A302E303032333637313936363034363039343839342C2241445F58223A2D302E3030353534353036343830363933383137312C2241445F59223A302E303031353530373735343836393735393038332C2241445F5A223A2D302E31363832363632393633383637313837352C2254656D70447370223A302C22537461747573223A302C2243616C69625374617465223A312C22536967416D70496E76616C6964223A307D7D8BDF
05-27 18:13:17.193   536   536 D commservice260303: bufferevent_write retrun value = 0
05-27 18:13:17.193   536   560 D commservice260303: client datas send succeed,send finish
05-27 18:13:17.193 13911 14192 D Sentinelmode_1.2.5.17_sentry: <SentryImuClusterFgeSender>imu_status sent to Linux, frame=200137, tsNs=8664435, tsMs=8, intervalMs=41, ad=(-0.005545065,0.0015507755,-0.1682663), gd=(-0.010613114,0.0041991603,0.0023671966)
05-27 18:13:17.194  1008 30856 D [OMXB]  : usingANWBuffer: handle:0xee740bc0, format:1, w:1920, h:1080
05-27 18:13:17.198   581   581 I SpiService: fgesysctrl_getGPIO_status success val=1
05-27 18:13:17.201   572   572 I Sensors : 230 GyroSensor: x:-0.011606,y:0.004886,z:0.002367
05-27 18:13:17.204   581   581 I SpiService: fgesysctrl_getGPIO_status success val=1
05-27 18:13:17.206 13911 14183 I SentryImuMcuAngleSender: 179.95795rollDeg
05-27 18:13:17.206 13911 14183 I SentryImuMcuAngleSender: 1,0,0
05-27 18:13:17.207   299 30844 D EvsDriver: forwardFrame
05-27 18:13:17.208   299 30844 D EvsDriver: Delivered 0xb400007b7ca56900 as id 0
05-27 18:13:17.208  1167  1184 D evsmanagerd: /dev/video6 forwarded the buffer #0 to 0xb4000074bf5f5510 from 0xb4000074bf5f6d90
05-27 18:13:17.209   581   581 I SpiService: fgesysctrl_getGPIO_status success val=1
05-27 18:13:17.210   299  1153 D EvsDriver: doneWithFrame
05-27 18:13:17.213  1008 30857 D [OMXB]  : usingANWBuffer: handle:0xee742320, format:1, w:1920, h:1080
05-27 18:13:17.214   299 30841 D EvsDriver: forwardFrame
05-27 18:13:17.216   581   581 I SpiService: fgesysctrl_getGPIO_status success val=1
05-27 18:13:17.219   299 30841 D EvsDriver: Delivered 0xb400007b7ca56a60 as id 0
05-27 18:13:17.219  1167  1184 D evsmanagerd: /dev/video4 forwarded the buffer #0 to 0xb4000074bf5f6850 from 0xb4000074bf5f41d0
05-27 18:13:17.222   581   581 I SpiService: fgesysctrl_getGPIO_status success val=0
05-27 18:13:17.223 30773 30785 I dvr_service_: [EncoderHandler::runMediaThread] runMediaThread started:1,state:1, cam2:started:1,state:1, lastSwitch:1, mIsMuxerStart:1,format:0,is_str_ing:0
05-27 18:13:17.225   299  1153 D EvsDriver: doneWithFrame
05-27 18:13:17.226 13911 14183 I SentryImuMcuAngleSender: 179.96144rollDeg
05-27 18:13:17.227 13911 14183 I SentryImuMcuAngleSender: 1,0,0
05-27 18:13:17.230  1008 30856 D [OMXB]  : usingANWBuffer: handle:0xee7428a0, format:1, w:1920, h:1080
05-27 18:13:17.231 30773 30789 I dvr_service_: Camera 0: MediaOK:8250980, frames:180, isKeyFrame:0,pts:8664130273
05-27 18:13:17.233   536   536 D commservice260303: msg.id = 1028,0
05-27 18:13:17.233   536   536 D commservice260303: i = 170, msgid = 8A000404
05-27 18:13:17.233   536   536 D commservice260303: msgid = -1979710460,did=138
05-27 18:13:17.233   536   536 D commservice260303: CommProtocolLibCmdBaseI2C::dataproc {"command":{"id":"imu_status","sub":""},"content":{"TimeStamp":8,"FrameCounter":200138,"GD_X":-0.012063807807862759,"GD_Y":0.005039200186729431,"GD_Z":0.0021378109231591225,"AD_X":-0.0055275410413742065,"AD_Y":0.001539415679872036,"AD_Z":-0.16643524169921875,"TempDsp":0,"Status":0,"CalibState":1,"SigAmpInvalid":0}},-1979710460
05-27 18:13:17.234   536   536 D commservice260303: send2Cluster len:316, 7B22636F6D6D616E64223A7B226964223A22696D755F737461747573222C22737562223A22227D2C22636F6E74656E74223A7B2254696D655374616D70223A382C224672616D65436F756E746572223A3230303133382C2247445F58223A2D302E3031323036333830373830373836323735392C2247445F59223A302E3030353033393230303138363732393433312C2247445F5A223A302E303032313337383130393233313539313232352C2241445F58223A2D302E303035353237353431303431333734323036352C2241445F59223A302E3030313533393431353637393837323033362C2241445F5A223A2D302E31363634333532343136393932313837352C2254656D70447370223A302C22537461747573223A302C2243616C69625374617465223A312C22536967416D70496E76616C6964223A307D7D, 138 
05-27 18:13:17.234   536   536 D commservice260303: Push Message into SendPool fn=1783235328
05-27 18:13:17.234   536   536 D commservice260303: ComProtocolLibSend2Cluster::send2ClusterRaw fn=1783235328 , len=332
05-27 18:13:17.234   536   536 D commservice260303: sendCmdToPort :332!!!
05-27 18:13:17.234   536   536 D commservice260303: send Cmd To Port ++++5AA501488A0100034A6A6A16C3BD7B22636F6D6D616E64223A7B226964223A22696D755F737461747573222C22737562223A22227D2C22636F6E74656E74223A7B2254696D655374616D70223A382C224672616D65436F756E746572223A3230303133382C2247445F58223A2D302E3031323036333830373830373836323735392C2247445F59223A302E3030353033393230303138363732393433312C2247445F5A223A302E303032313337383130393233313539313232352C2241445F58223A2D302E303035353237353431303431333734323036352C2241445F59223A302E3030313533393431353637393837323033362C2241445F5A223A2D302E31363634333532343136393932313837352C2254656D70447370223A302C22537461747573223A302C2243616C69625374617465223A312C22536967416D70496E76616C6964223A307D7D28EF
05-27 18:13:17.234   536   536 D commservice260303: bufferevent_write retrun value = 0
05-27 18:13:17.234   536   560 D commservice260303: client datas send succeed,send finish
05-27 18:13:17.235 13911 14192 D Sentinelmode_1.2.5.17_sentry: <SentryImuClusterFgeSender>imu_status sent to Linux, frame=200138, tsNs=8664470, tsMs=8, intervalMs=41, ad=(-0.005527541,0.0015394157,-0.16643524), gd=(-0.012063808,0.0050392,0.002137811)
05-27 18:13:17.236   299 30841 D EvsDriver: forwardFrame
05-27 18:13:17.238   581   581 I SpiService: fgesysctrl_getGPIO_status success val=1
05-27 18:13:17.238   283   307 I rvcservice: t.code = 0, t.value = 0
05-27 18:13:17.239   299 30841 D EvsDriver: Delivered 0xb400007b7ca56a60 as id 0
05-27 18:13:17.239  1167  1184 D evsmanagerd: /dev/video4 forwarded the buffer #0 to 0xb4000074bf5f6850 from 0xb4000074bf5f41d0
05-27 18:13:17.242   299  1153 D EvsDriver: doneWithFrame
05-27 18:13:17.243   299 30844 D EvsDriver: forwardFrame
05-27 18:13:17.243   581   581 I SpiService: fgesysctrl_getGPIO_status success val=1
05-27 18:13:17.245   299 30844 D EvsDriver: Delivered 0xb400007b7ca56900 as id 0
05-27 18:13:17.246  1167  1184 D evsmanagerd: /dev/video6 forwarded the buffer #0 to 0xb4000074bf5f5510 from 0xb4000074bf5f6d90
05-27 18:13:17.247 13911 14183 I SentryImuMcuAngleSender: 179.95093rollDeg
05-27 18:13:17.247 13911 14183 I SentryImuMcuAngleSender: 1,0,0
05-27 18:13:17.249   581   581 I SpiService: fgesysctrl_getGPIO_status success val=1
05-27 18:13:17.250 13911 16534 D VersionPrinter: com.adayo.app.dvrlocalservice- VersionName:[1.2.5.17_sentry] - append:[] - active:[]
05-27 18:13:17.251   299  1153 D EvsDriver: doneWithFrame
05-27 18:13:17.254  1008 30856 D [OMXB]  : usingANWBuffer: handle:0xee741e50, format:1, w:1920, h:1080
05-27 18:13:17.255   581   581 I SpiService: fgesysctrl_getGPIO_status success val=1
05-27 18:13:17.260   581   581 I SpiService: fgesysctrl_getGPIO_status success val=1
05-27 18:13:17.260 30773 30786 I dvr_service_: CameraX 0  audioOK: 8256000,audios:130
05-27 18:13:17.266   581   581 I SpiService: fgesysctrl_getGPIO_status success val=0
05-27 18:13:17.269 13911 14183 I SentryImuMcuAngleSender: 179.93692rollDeg
05-27 18:13:17.269 13911 14183 I SentryImuMcuAngleSender: 1,0,0
05-27 18:13:17.270   299 30844 D EvsDriver: forwardFrame
05-27 18:13:17.271   299 30844 D EvsDriver: Delivered 0xb400007b7ca56900 as id 0
05-27 18:13:17.271  1167  1184 D evsmanagerd: /dev/video6 forwarded the buffer #0 to 0xb4000074bf5f5510 from 0xb4000074bf5f6d90
05-27 18:13:17.272   299 30841 D EvsDriver: forwardFrame
05-27 18:13:17.273   536   536 D commservice260303: msg.id = 1028,1
05-27 18:13:17.273  1008 30857 D [OMXB]  : usingANWBuffer: handle:0xee740d20, format:1, w:1920, h:1080
05-27 18:13:17.273   536   536 D commservice260303: i = 170, msgid = 8A000404
05-27 18:13:17.273   536   536 D commservice260303: msgid = -1979710460,did=138
05-27 18:13:17.273   536   536 D commservice260303: CommProtocolLibCmdBaseI2C::dataproc {"command":{"id":"imu_status","sub":""},"content":{"TimeStamp":8,"FrameCounter":200139,"GD_X":-0.011070843786001205,"GD_Y":0.005420989356935024,"GD_Z":0.00259606190957129,"AD_X":0.001775786280632019,"AD_Y":0.005779888015240431,"AD_Z":-0.16704559326171875,"TempDsp":0,"Status":0,"CalibState":1,"SigAmpInvalid":0}},-1979710460
05-27 18:13:17.273   536   536 D commservice260303: send2Cluster len:312, 7B22636F6D6D616E64223A7B226964223A22696D755F737461747573222C22737562223A22227D2C22636F6E74656E74223A7B2254696D655374616D70223A382C224672616D65436F756E746572223A3230303133392C2247445F58223A2D302E3031313037303834333738363030313230352C2247445F59223A302E3030353432303938393335363933353032342C2247445F5A223A302E30303235393630363139303935373132392C2241445F58223A302E3030313737353738363238303633323031392C2241445F59223A302E3030353737393838383031353234303433312C2241445F5A223A2D302E31363730343535393332363137313837352C2254656D70447370223A302C22537461747573223A302C2243616C69625374617465223A312C22536967416D70496E76616C6964223A307D7D, 138 
05-27 18:13:17.273   536   536 D commservice260303: Push Message into SendPool fn=1800012544
05-27 18:13:17.274   536   536 D commservice260303: ComProtocolLibSend2Cluster::send2ClusterRaw fn=1800012544 , len=328
05-27 18:13:17.274   536   536 D commservice260303: sendCmdToPort :328!!!
05-27 18:13:17.274   299 30841 D EvsDriver: Delivered 0xb400007b7ca56a60 as id 0
05-27 18:13:17.274   536   536 D commservice260303: send Cmd To Port ++++5AA501448A0100034A6B6A16C3BD7B22636F6D6D616E64223A7B226964223A22696D755F737461747573222C22737562223A22227D2C22636F6E74656E74223A7B2254696D655374616D70223A382C224672616D65436F756E746572223A3230303133392C2247445F58223A2D302E3031313037303834333738363030313230352C2247445F59223A302E3030353432303938393335363933353032342C2247445F5A223A302E30303235393630363139303935373132392C2241445F58223A302E3030313737353738363238303633323031392C2241445F59223A302E3030353737393838383031353234303433312C2241445F5A223A2D302E31363730343535393332363137313837352C2254656D70447370223A302C22537461747573223A302C2243616C69625374617465223A312C22536967416D70496E76616C6964223A307D7D4AC3
05-27 18:13:17.274  1167  1184 D evsmanagerd: /dev/video4 forwarded the buffer #0 to 0xb4000074bf5f6850 from 0xb4000074bf5f41d0
05-27 18:13:17.274   536   536 D commservice260303: bufferevent_write retrun value = 0
05-27 18:13:17.274   299  1153 D EvsDriver: doneWithFrame
05-27 18:13:17.274   536   560 D commservice260303: client datas send succeed,send finish
05-27 18:13:17.274 13911 14192 D Sentinelmode_1.2.5.17_sentry: <SentryImuClusterFgeSender>imu_status sent to Linux, frame=200139, tsNs=8664505, tsMs=8, intervalMs=40, ad=(0.0017757863,0.005779888,-0.1670456), gd=(-0.011070844,0.0054209894,0.002596062)
05-27 18:13:17.276   299  1153 D EvsDriver: doneWithFrame
05-27 18:13:17.281   581   581 I SpiService: fgesysctrl_getGPIO_status success val=1
05-27 08:04:26.246   581   581 D spidev_ioctl: gpio status=1)
05-27 18:13:17.287   581   581 I SpiService: fgesysctrl_getGPIO_status success val=1
05-27 08:04:26.252   581   581 D spidev_ioctl: gpio status=1)
05-27 18:13:17.289 13911 14183 I SentryImuMcuAngleSender: 179.93341rollDeg
05-27 18:13:17.289 13911 14183 I SentryImuMcuAngleSender: 1,0,0
05-27 18:13:17.293   581   581 I SpiService: fgesysctrl_getGPIO_status success val=1
05-27 18:13:17.296  1008 30856 D [OMXB]  : usingANWBuffer: handle:0xee741b90, format:1, w:1920, h:1080
05-27 18:13:17.299   581   581 I SpiService: fgesysctrl_getGPIO_status success val=1
05-27 08:04:26.263   581   581 D spi_rst_gpio_get_output: GPIO 145 value: 1
05-27 18:13:17.304   299 30844 D EvsDriver: forwardFrame
05-27 18:13:17.305   581   581 I SpiService: fgesysctrl_getGPIO_status success val=0
05-27 18:13:17.306   299 30844 D EvsDriver: Delivered 0xb400007b7ca56900 as id 0
05-27 18:13:17.306  1167  1184 D evsmanagerd: /dev/video6 forwarded the buffer #0 to 0xb4000074bf5f5510 from 0xb4000074bf5f6d90
05-27 18:13:17.306 30773 30773 I dvr_service_: [myNum:1][onFrameReceived] Received Surface:1 0
05-27 18:13:17.306 30773 30773 E dvr_service_: [myNum:1] Received S**** loss
05-27 18:13:17.307   299  1153 D EvsDriver: doneWithFrame
05-27 18:13:17.307   299 30841 D EvsDriver: forwardFrame
05-27 18:13:17.308   572   572 I Sensors : 230 AccelSensor: x:-0.167140,y:0.010370,z:-9.969231
05-27 18:13:17.309 13911 14183 I SentryImuMcuAngleSender: 179.9404rollDeg
05-27 18:13:17.309 13911 14183 I SentryImuMcuAngleSender: 1,0,0
05-27 18:13:17.309  1167  1184 D evsmanagerd: /dev/video4 forwarded the buffer #0 to 0xb4000074bf5f6850 from 0xb4000074bf5f41d0
05-27 18:13:17.309 30773 30773 I dvr_service_: [myNum:0][onFrameReceived] Received Surface:1 0
05-27 18:13:17.309 30773 30773 E dvr_service_: [myNum:0] Received S**** loss
05-27 18:13:17.309   299 30841 D EvsDriver: Delivered 0xb400007b7ca56a60 as id 0
05-27 18:13:17.310   299  1153 D EvsDriver: doneWithFrame
05-27 18:13:17.312   536   536 D commservice260303: msg.id = 1028,0
05-27 18:13:17.312   536   536 D commservice260303: i = 170, msgid = 8A000404
05-27 18:13:17.312   536   536 D commservice260303: msgid = -1979710460,did=138
05-27 18:13:17.312   536   536 D commservice260303: CommProtocolLibCmdBaseI2C::dataproc {"command":{"id":"imu_status","sub":""},"content":{"TimeStamp":8,"FrameCounter":200140,"GD_X":-0.010841978713870049,"GD_Y":0.005345047451555729,"GD_Z":0.001679039909504354,"AD_X":-6.974637508392334E-4,"AD_Y":0.005110809579491615,"AD_Z":-0.16399192810058594,"TempDsp":0,"Status":0,"CalibState":1,"SigAmpInvalid":0}},-1979710460
05-27 18:13:17.312   536   536 D commservice260303: send2Cluster len:314, 7B22636F6D6D616E64223A7B226964223A22696D755F737461747573222C22737562223A22227D2C22636F6E74656E74223A7B2254696D655374616D70223A382C224672616D65436F756E746572223A3230303134302C2247445F58223A2D302E3031303834313937383731333837303034392C2247445F59223A302E3030353334353034373435313535353732392C2247445F5A223A302E3030313637393033393930393530343335342C2241445F58223A2D362E393734363337353038333932333334452D342C2241445F59223A302E3030353131303830393537393439313631352C2241445F5A223A2D302E31363339393139323831303035383539342C2254656D70447370223A302C22537461747573223A302C2243616C69625374617465223A312C22536967416D70496E76616C6964223A307D7D, 138 
05-27 18:13:17.312   536   536 D commservice260303: Push Message into SendPool fn=1816789760
05-27 18:13:17.312   536   536 D commservice260303: ComProtocolLibSend2Cluster::send2ClusterRaw fn=1816789760 , len=330
05-27 18:13:17.312   536   536 D commservice260303: sendCmdToPort :330!!!
05-27 18:13:17.313   536   536 D commservice260303: send Cmd To Port ++++5AA501468A0100034A6C6A16C3BD7B22636F6D6D616E64223A7B226964223A22696D755F737461747573222C22737562223A22227D2C22636F6E74656E74223A7B2254696D655374616D70223A382C224672616D65436F756E746572223A3230303134302C2247445F58223A2D302E3031303834313937383731333837303034392C2247445F59223A302E3030353334353034373435313535353732392C2247445F5A223A302E3030313637393033393930393530343335342C2241445F58223A2D362E393734363337353038333932333334452D342C2241445F59223A302E3030353131303830393537393439313631352C2241445F5A223A2D302E31363339393139323831303035383539342C2254656D70447370223A302C22537461747573223A302C2243616C69625374617465223A312C22536967416D70496E76616C6964223A307D7D86AB
05-27 18:13:17.313   536   536 D commservice260303: bufferevent_write retrun value = 0
05-27 18:13:17.313   536   560 D commservice260303: client datas send succeed,send finish
05-27 18:13:17.313 13911 14192 D Sentinelmode_1.2.5.17_sentry: <SentryImuClusterFgeSender>imu_status sent to Linux, frame=200140, tsNs=8664558, tsMs=8, intervalMs=39, ad=(-6.9746375E-4,0.0051108096,-0.16399193), gd=(-0.010841979,0.0053450475,0.0016790399)
05-27 18:13:17.320   581   581 I SpiService: fgesysctrl_getGPIO_status success val=1
05-27 18:13:17.322  1008 30857 D [OMXB]  : usingANWBuffer: handle:0xee7444d0, format:1, w:1920, h:1080
05-27 18:13:17.325   581   581 I SpiService: fgesysctrl_getGPIO_status success val=1
05-27 18:13:17.329 13911 14183 I SentryImuMcuAngleSender: 179.95093rollDeg
05-27 18:13:17.329 13911 14183 I SentryImuMcuAngleSender: 1,0,0
05-27 18:13:17.330   581   581 I SpiService: fgesysctrl_getGPIO_status success val=1
05-27 18:13:17.336   581   581 I SpiService: fgesysctrl_getGPIO_status success val=1
05-27 18:13:17.337  1008 30856 D [OMXB]  : usingANWBuffer: handle:0xee741da0, format:1, w:1920, h:1080
05-27 18:13:17.339   283   307 I rvcservice: t.code = 3, t.value = 0
05-27 18:13:17.342   581   581 I SpiService: fgesysctrl_getGPIO_status success val=1
05-27 18:13:17.343   299 30841 D EvsDriver: forwardFrame
05-27 18:13:17.345   299 30841 D EvsDriver: Delivered 0xb400007b7ca56a60 as id 0
05-27 18:13:17.345  1167  1184 D evsmanagerd: /dev/video4 forwarded the buffer #0 to 0xb4000074bf5f6850 from 0xb4000074bf5f41d0
05-27 18:13:17.347   581   581 I SpiService: fgesysctrl_getGPIO_status success val=0
05-27 18:13:17.348   299  1153 D EvsDriver: doneWithFrame
05-27 18:13:17.349   299 30844 D EvsDriver: forwardFrame
05-27 18:13:17.350 13911 14183 I SentryImuMcuAngleSender: 179.95796rollDeg
05-27 18:13:17.350 13911 14183 I SentryImuMcuAngleSender: 1,0,0
05-27 18:13:17.352 13911 13911 I Sentinelmode_1.2.5.17_sentry: <SentinelCarServiceManager>sensorType:291504647
05-27 18:13:17.353 13911 14131 D SVR_MNG_SvrMngProxy: getServer: mSvrManger is null
05-27 18:13:17.353 13911 14131 D SVR_MNG_SvrMngProxy: getNewStub: 
05-27 18:13:17.353 13911 14131 D SVR_MNG_SvrMngProxy: getNewStub: getSvrManagerService start
05-27 18:13:17.353   536   536 D commservice260303: msg.id = 1028,0
05-27 18:13:17.354   536   536 D commservice260303: i = 170, msgid = 8A000404
05-27 18:13:17.354 13911 14131 D SVR_MNG_SvrMngProxy: getNewStub: getSvrManagerService end
05-27 18:13:17.354   536   536 D commservice260303: msgid = -1979710460,did=138
05-27 18:13:17.354 13911 14131 D SVR_MNG_SvrMngProxy: getServer: svrMngService doesn't start
05-27 18:13:17.354   536   536 D commservice260303: CommProtocolLibCmdBaseI2C::dataproc {"command":{"id":"imu_status","sub":""},"content":{"TimeStamp":8,"FrameCounter":200141,"GD_X":-0.011300750076770782,"GD_Y":0.00519212381914258,"GD_Z":0.0021378109231591225,"AD_X":-0.002529919147491455,"AD_Y":0.0020442684181034565,"AD_Z":-0.1694812774658203,"TempDsp":0,"Status":0,"CalibState":1,"SigAmpInvalid":0}},-1979710460
05-27 18:13:17.354   536   536 D commservice260303: send2Cluster len:314, 7B22636F6D6D616E64223A7B226964223A22696D755F737461747573222C22737562223A22227D2C22636F6E74656E74223A7B2254696D655374616D70223A382C224672616D65436F756E746572223A3230303134312C2247445F58223A2D302E3031313330303735303037363737303738322C2247445F59223A302E30303531393231323338313931343235382C2247445F5A223A302E303032313337383130393233313539313232352C2241445F58223A2D302E3030323532393931393134373439313435352C2241445F59223A302E303032303434323638343138313033343536352C2241445F5A223A2D302E313639343831323737343635383230332C2254656D70447370223A302C22537461747573223A302C2243616C69625374617465223A312C22536967416D70496E76616C6964223A307D7D, 138 
05-27 18:13:17.354   536   536 D commservice260303: Push Message into SendPool fn=1833566976
05-27 18:13:17.354   536   536 D commservice260303: ComProtocolLibSend2Cluster::send2ClusterRaw fn=1833566976 , len=330
05-27 18:13:17.354   536   536 D commservice260303: sendCmdToPort :330!!!
05-27 18:13:17.354   536   536 D commservice260303: send Cmd To Port ++++5AA501468A0100034A6D6A16C3BD7B22636F6D6D616E64223A7B226964223A22696D755F737461747573222C22737562223A22227D2C22636F6E74656E74223A7B2254696D655374616D70223A382C224672616D65436F756E746572223A3230303134312C2247445F58223A2D302E3031313330303735303037363737303738322C2247445F59223A302E30303531393231323338313931343235382C2247445F5A223A302E303032313337383130393233313539313232352C2241445F58223A2D302E3030323532393931393134373439313435352C2241445F59223A302E303032303434323638343138313033343536352C2241445F5A223A2D302E313639343831323737343635383230332C2254656D70447370223A302C22537461747573223A302C2243616C69625374617465223A312C22536967416D70496E76616C6964223A307D7DBF3D
05-27 18:13:17.354   299 30844 D EvsDriver: Delivered 0xb400007b7ca56900 as id 0
05-27 18:13:17.354   536   536 D commservice260303: bufferevent_write retrun value = 0
05-27 18:13:17.354  1167  1184 D evsmanagerd: /dev/video6 forwarded the buffer #0 to 0xb4000074bf5f5510 from 0xb4000074bf5f6d90
05-27 18:13:17.354   536   560 D commservice260303: client datas send succeed,send finish
05-27 18:13:17.355 13911 14192 D Sentinelmode_1.2.5.17_sentry: <SentryImuClusterFgeSender>imu_status sent to Linux, frame=200141, tsNs=8664594, tsMs=8, intervalMs=41, ad=(-0.0025299191,0.0020442684,-0.16948128), gd=(-0.01130075,0.005192124,0.002137811)
05-27 18:13:17.358   299  1153 D EvsDriver: doneWithFrame
05-27 18:13:17.363  1008 30857 D [OMXB]  : usingANWBuffer: handle:0xee7427f0, format:1, w:1920, h:1080
05-27 18:13:17.363   581   581 I SpiService: fgesysctrl_getGPIO_status success val=1
05-27 18:13:17.368   581   581 I SpiService: fgesysctrl_getGPIO_status success val=1
05-27 18:13:17.370 13911 14183 I SentryImuMcuAngleSender: 179.97197rollDeg
05-27 18:13:17.370 13911 14183 I SentryImuMcuAngleSender: 1,0,0
05-27 18:13:17.373   299 30841 D EvsDriver: forwardFrame
05-27 18:13:17.374   299 30844 D EvsDriver: forwardFrame
05-27 18:13:17.374   581   581 I SpiService: fgesysctrl_getGPIO_status success val=1
05-27 18:13:17.375   299 30841 D EvsDriver: Delivered 0xb400007b7ca56a60 as id 0
05-27 18:13:17.375  1167  1184 D evsmanagerd: /dev/video4 forwarded the buffer #0 to 0xb4000074bf5f6850 from 0xb4000074bf5f41d0
05-27 18:13:17.377  1167  1184 D evsmanagerd: /dev/video6 forwarded the buffer #0 to 0xb4000074bf5f5510 from 0xb4000074bf5f6d90
05-27 18:13:17.377   299 30844 D EvsDriver: Delivered 0xb400007b7ca56900 as id 0
05-27 18:13:17.378   299  1153 D EvsDriver: doneWithFrame
05-27 18:13:17.378  1008 30856 D [OMXB]  : usingANWBuffer: handle:0xee7454a0, format:1, w:1920, h:1080
05-27 18:13:17.380   581   581 I SpiService: fgesysctrl_getGPIO_status success val=1
05-27 18:13:17.381   299  1153 D EvsDriver: doneWithFrame
05-27 18:13:17.385   581   581 I SpiService: fgesysctrl_getGPIO_status success val=0
05-27 18:13:17.389   566 11459 I gps_hdbd: Received: '$GNGGA,002908.000,,,,,0,00,,,M,,M,,*65
'
05-27 18:13:17.391 13911 14183 I SentryImuMcuAngleSender: 179.98248rollDeg
05-27 18:13:17.391 13911 14183 I SentryImuMcuAngleSender: 1,0,0
05-27 18:13:17.394   536   536 D commservice260303: msg.id = 1028,0
05-27 18:13:17.394   536   536 D commservice260303: i = 170, msgid = 8A000404
05-27 18:13:17.394   536   536 D commservice260303: msgid = -1979710460,did=138
05-27 18:13:17.395   536   536 D commservice260303: CommProtocolLibCmdBaseI2C::dataproc {"command":{"id":"imu_status","sub":""},"content":{"TimeStamp":8,"FrameCounter":200142,"GD_X":-0.011223767884075642,"GD_Y":0.0051151420921087265,"GD_Z":0.0021378109231591225,"AD_X":-0.0019308626651763916,"AD_Y":-0.002216142602264881,"AD_Z":-0.1694812774658203,"TempDsp":0,"Status":0,"CalibState":1,"SigAmpInvalid":0}},-1979710460
05-27 18:13:17.395   536   536 D commservice260303: send2Cluster len:317, 7B22636F6D6D616E64223A7B226964223A22696D755F737461747573222C22737562223A22227D2C22636F6E74656E74223A7B2254696D655374616D70223A382C224672616D65436F756E746572223A3230303134322C2247445F58223A2D302E3031313232333736373838343037353634322C2247445F59223A302E303035313135313432303932313038373236352C2247445F5A223A302E303032313337383130393233313539313232352C2241445F58223A2D302E303031393330383632363635313736333931362C2241445F59223A2D302E3030323231363134323630323236343838312C2241445F5A223A2D302E313639343831323737343635383230332C2254656D70447370223A302C22537461747573223A302C2243616C69625374617465223A312C22536967416D70496E76616C6964223A307D7D, 138 
05-27 18:13:17.395   536   536 D commservice260303: Push Message into SendPool fn=1850344192
05-27 18:13:17.395   536   536 D commservice260303: ComProtocolLibSend2Cluster::send2ClusterRaw fn=1850344192 , len=333
05-27 18:13:17.395   536   536 D commservice260303: sendCmdToPort :333!!!
