05-27 18:13:23.844   299 30841 D EvsDriver: forwardFrame
05-27 18:13:23.844   581   581 I SpiService: fgesysctrl_getGPIO_status success val=0
05-27 08:04:32.809   581   581 D spi_rst_gpio_get_output: GPIO 145 value: 0
05-27 08:04:32.809   581   581 D spidev_ioctl: gpio status=0)
05-27 18:13:23.847   299 30841 D EvsDriver: Delivered 0xb400007b7ca56a60 as id 0
05-27 18:13:23.847  1167  1167 D evsmanagerd: /dev/video4 forwarded the buffer #0 to 0xb4000074bf5f6850 from 0xb4000074bf5f41d0
05-27 18:13:23.847  1008 30856 D [OMXB]  : usingANWBuffer: handle:0xee743240, format:1, w:1920, h:1080
05-27 18:13:23.850   299  1153 D EvsDriver: doneWithFrame
05-27 18:13:23.852 13911 14183 I SentryImuMcuAngleSender: 179.986rollDeg
05-27 18:13:23.853 13911 14183 I SentryImuMcuAngleSender: 1,0,0
05-27 18:13:23.860   581   581 I SpiService: fgesysctrl_getGPIO_status success val=1
05-27 18:13:23.861   481   598 I mcuc    : rev,n=1,6AA681AEAD000A89003601040910123456A1
05-27 18:13:23.861  1121  1144 I tboxmids_ap: [2026-05-27 18:13:23.861] [MCU RX] src=MCU dst=ZMQ len=10 type=BINARY data=00 08 36 01 04 09 10 12 34 56 
05-27 18:13:23.861   351   373 D automotive.vehicle@2.0-adayo-datacomm-mcu: MCUDatacomm sendMessageFromVehicle prop: 0x89, areaId: 0x0, status: 0x36, timestamp: 0x1
05-27 18:13:23.861   351   373 D automotive.vehicle@2.0-adayo-datacomm-mcu: MCUDatacomm 1sendMessageFromVehicle ---> type = 12 
05-27 08:04:32.825   581   581 D spi_rst_gpio_get_output: GPIO 145 value: 1
05-27 08:04:32.825   581   581 D spidev_ioctl: gpio status=1)
05-27 18:13:23.862  1083  1083 I MyAppLog: [2026-05-27 18:13:23.861 I tboxap mcuCommTboxmidsRecvCb:97] [Mcu] [mcuCommTboxmidsRecvCb] recv from tboxmids, size:10
05-27 18:13:23.862  1083  1083 I MyAppLog: [2026-05-27 18:13:23.861 I tboxap mcuCommTboxmidsRecvCb:98] [Mcu] [tboxmids -> tboxap]: :00 08 36 01 04 09 10 12 34 56
05-27 18:13:23.862  1083  1083 I MyAppLog: [2026-05-27 18:13:23.861 I tboxap mcuPtlParseData:990] [Mcu] [Mcu  Parse]: (cmd):0910 (param):0910123456
05-27 18:13:23.862  1083  1083 W MyAppLog: [2026-05-27 18:13:23.861 W tboxap mcuParamDataRevPack:918] [Mcu] mcuParamDataRevPack start pack data!!!
05-27 18:13:23.862  1083  1083 I MyAppLog: [2026-05-27 18:13:23.861 I tboxap MCU_BATT_STATIC_DATA_IND_McuInd:515] [Mcu] [MCU_BATT_STATIC_DATA_IND_McuInd] staticData type:0x12 len:5
05-27 18:13:23.864   536   536 D commservice260303: msg.id = 1028,0
05-27 18:13:23.864   536   536 D commservice260303: i = 170, msgid = 8A000404
05-27 18:13:23.865   536   536 D commservice260303: msgid = -1979710460,did=138
05-27 18:13:23.865   536   536 D commservice260303: CommProtocolLibCmdBaseI2C::dataproc {"command":{"id":"imu_status","sub":""},"content":{"TimeStamp":8,"FrameCounter":200302,"GD_X":-0.011147825978696346,"GD_Y":0.005039200186729431,"GD_Z":0.0019848872907459736,"AD_X":-0.012945190072059631,"AD_Y":-0.0031876310240477324,"AD_Z":-0.17192935943603516,"TempDsp":0,"Status":0,"CalibState":1,"SigAmpInvalid":0}},-1979710460
05-27 18:13:23.865   536   536 D commservice260303: send2Cluster len:317, 7B22636F6D6D616E64223A7B226964223A22696D755F737461747573222C22737562223A22227D2C22636F6E74656E74223A7B2254696D655374616D70223A382C224672616D65436F756E746572223A3230303330322C2247445F58223A2D302E3031313134373832353937383639363334362C2247445F59223A302E3030353033393230303138363732393433312C2247445F5A223A302E303031393834383837323930373435393733362C2241445F58223A2D302E3031323934353139303037323035393633312C2241445F59223A2D302E303033313837363331303234303437373332342C2241445F5A223A2D302E31373139323933353934333630333531362C2254656D70447370223A302C22537461747573223A302C2243616C69625374617465223A312C22536967416D70496E76616C6964223A307D7D, 138 
05-27 18:13:23.865   536   536 D commservice260303: Push Message into SendPool fn=306905856
05-27 18:13:23.865   536   536 D commservice260303: ComProtocolLibSend2Cluster::send2ClusterRaw fn=306905856 , len=333
05-27 18:13:23.865   536   536 D commservice260303: sendCmdToPort :333!!!
05-27 18:13:23.865   536   536 D commservice260303: send Cmd To Port ++++5AA501498A0100034B126A16C3C37B22636F6D6D616E64223A7B226964223A22696D755F737461747573222C22737562223A22227D2C22636F6E74656E74223A7B2254696D655374616D70223A382C224672616D65436F756E746572223A3230303330322C2247445F58223A2D302E3031313134373832353937383639363334362C2247445F59223A302E3030353033393230303138363732393433312C2247445F5A223A302E303031393834383837323930373435393733362C2241445F58223A2D302E3031323934353139303037323035393633312C2241445F59223A2D302E303033313837363331303234303437373332342C2241445F5A223A2D302E31373139323933353934333630333531362C2254656D70447370223A302C22537461747573223A302C2243616C69625374617465223A312C22536967416D70496E76616C6964223A307D7DE216
05-27 18:13:23.865   536   536 D commservice260303: bufferevent_write retrun value = 0
05-27 18:13:23.865   536   560 D commservice260303: client datas send succeed,send finish
05-27 18:13:23.865 13911 14192 D Sentinelmode_1.2.5.17_sentry: <SentryImuClusterFgeSender>imu_status sent to Linux, frame=200302, tsNs=8671105, tsMs=8, intervalMs=41, ad=(-0.01294519,-0.003187631,-0.17192936), gd=(-0.011147826,0.0050392,0.0019848873)
05-27 18:13:23.865   283   307 I rvcservice: t.code = 3, t.value = 0
05-27 18:13:23.866   581   581 I SpiService: fgesysctrl_getGPIO_status success val=1
05-27 18:13:23.868  1008 30857 D [OMXB]  : usingANWBuffer: handle:0xee742950, format:1, w:1920, h:1080
05-27 18:13:23.869 30773 30789 I dvr_service_: Camera 1: MediaOK:14934975, frames:340, isKeyFrame:0,pts:8670800394
05-27 18:13:23.869   572   572 I Sensors : 230 GyroSensor: x:-0.011682,y:0.005115,z:0.001985
05-27 08:04:32.831   581   581 D spi_rst_gpio_get_output: GPIO 145 value: 1
05-27 08:04:32.831   581   581 D spidev_ioctl: gpio status=1)
05-27 08:04:32.836   581   581 D spi_rst_gpio_get_output: GPIO 145 value: 1
05-27 08:04:32.836   581   581 D spidev_ioctl: gpio status=1)
05-27 18:13:23.870   299 30844 D EvsDriver: forwardFrame
05-27 18:13:23.871   581   581 I SpiService: fgesysctrl_getGPIO_status success val=1
05-27 18:13:23.872   299 30841 D EvsDriver: forwardFrame
05-27 18:13:23.873   299 30844 D EvsDriver: Delivered 0xb400007b7ca56900 as id 0
05-27 18:13:23.873  1167  1167 D evsmanagerd: /dev/video6 forwarded the buffer #0 to 0xb4000074bf5f5510 from 0xb4000074bf5f6d90
05-27 18:13:23.873   299 30841 D EvsDriver: Delivered 0xb400007b7ca56a60 as id 0
05-27 18:13:23.873  1167  1167 D evsmanagerd: /dev/video4 forwarded the buffer #0 to 0xb4000074bf5f6850 from 0xb4000074bf5f41d0
05-27 18:13:23.874 13911 14183 I SentryImuMcuAngleSender: 180.0rollDeg
05-27 18:13:23.874 13911 14183 I SentryImuMcuAngleSender: 1,0,0
05-27 08:04:32.842   581   581 D spi_rst_gpio_get_output: GPIO 145 value: 1
05-27 08:04:32.842   581   581 D spidev_ioctl: gpio status=1)
05-27 18:13:23.877   581   581 I SpiService: fgesysctrl_getGPIO_status success val=1
05-27 18:13:23.877   299  1163 D EvsDriver: doneWithFrame
05-27 18:13:23.877   299  1153 D EvsDriver: doneWithFrame
05-27 18:13:23.883   581   581 I SpiService: fgesysctrl_getGPIO_status success val=0
05-27 18:13:23.883   481   597 I mcuc    : send SPI:6AA602AEAD0002890018
05-27 08:04:32.848   581   581 D spi_rst_gpio_get_output: GPIO 145 value: 0
05-27 08:04:32.848   581   581 D spidev_ioctl: gpio status=0)
05-27 18:13:23.887  1008 30856 D [OMXB]  : usingANWBuffer: handle:0xee741e50, format:1, w:1920, h:1080
05-27 18:13:23.893 13911 14183 I SentryImuMcuAngleSender: 179.99298rollDeg
05-27 18:13:23.893 13911 14183 I SentryImuMcuAngleSender: 1,0,0
05-27 18:13:23.897   581   581 I SpiService: fgesysctrl_getGPIO_status success val=1
05-27 08:04:32.862   581   581 D spi_rst_gpio_get_output: GPIO 145 value: 1
05-27 08:04:32.862   581   581 D spidev_ioctl: gpio status=1)
05-27 18:13:23.903   581   581 I SpiService: fgesysctrl_getGPIO_status success val=1
05-27 08:04:32.867   581   581 D spi_rst_gpio_get_output: GPIO 145 value: 1
05-27 08:04:32.867   581   581 D spidev_ioctl: gpio status=1)
05-27 18:13:23.905   536   536 D commservice260303: msg.id = 1028,0
05-27 18:13:23.905   536   536 D commservice260303: i = 170, msgid = 8A000404
05-27 18:13:23.905   536   536 D commservice260303: msgid = -1979710460,did=138
05-27 18:13:23.905   536   536 D commservice260303: CommProtocolLibCmdBaseI2C::dataproc {"command":{"id":"imu_status","sub":""},"content":{"TimeStamp":8,"FrameCounter":200303,"GD_X":-0.011759000830352306,"GD_Y":0.005268065724521875,"GD_Z":0.0023671966046094894,"AD_X":-0.009839102625846863,"AD_Y":-0.003162554232403636,"AD_Z":-0.15851497650146484,"TempDsp":0,"Status":0,"CalibState":1,"SigAmpInvalid":0}},-1979710460
05-27 18:13:23.905   536   536 D commservice260303: send2Cluster len:316, 7B22636F6D6D616E64223A7B226964223A22696D755F737461747573222C22737562223A22227D2C22636F6E74656E74223A7B2254696D655374616D70223A382C224672616D65436F756E746572223A3230303330332C2247445F58223A2D302E3031313735393030303833303335323330362C2247445F59223A302E3030353236383036353732343532313837352C2247445F5A223A302E303032333637313936363034363039343839342C2241445F58223A2D302E3030393833393130323632353834363836332C2241445F59223A2D302E3030333136323535343233323430333633362C2241445F5A223A2D302E31353835313439373635303134363438342C2254656D70447370223A302C22537461747573223A302C2243616C69625374617465223A312C22536967416D70496E76616C6964223A307D7D, 138 
05-27 18:13:23.905   536   536 D commservice260303: Push Message into SendPool fn=323683072
05-27 18:13:23.905   536   536 D commservice260303: ComProtocolLibSend2Cluster::send2ClusterRaw fn=323683072 , len=332
05-27 18:13:23.905   536   536 D commservice260303: sendCmdToPort :332!!!
05-27 18:13:23.905   536   536 D commservice260303: send Cmd To Port ++++5AA501488A0100034B136A16C3C37B22636F6D6D616E64223A7B226964223A22696D755F737461747573222C22737562223A22227D2C22636F6E74656E74223A7B2254696D655374616D70223A382C224672616D65436F756E746572223A3230303330332C2247445F58223A2D302E3031313735393030303833303335323330362C2247445F59223A302E3030353236383036353732343532313837352C2247445F5A223A302E303032333637313936363034363039343839342C2241445F58223A2D302E3030393833393130323632353834363836332C2241445F59223A2D302E3030333136323535343233323430333633362C2241445F5A223A2D302E31353835313439373635303134363438342C2254656D70447370223A302C22537461747573223A302C2243616C69625374617465223A312C22536967416D70496E76616C6964223A307D7D2576
05-27 18:13:23.905   536   536 D commservice260303: bufferevent_write retrun value = 0
05-27 18:13:23.905   536   560 D commservice260303: client datas send succeed,send finish
05-27 18:13:23.905   299 30841 D EvsDriver: forwardFrame
05-27 18:13:23.906 13911 14192 D Sentinelmode_1.2.5.17_sentry: <SentryImuClusterFgeSender>imu_status sent to Linux, frame=200303, tsNs=8671137, tsMs=8, intervalMs=40, ad=(-0.009839103,-0.0031625542,-0.15851498), gd=(-0.011759001,0.0052680657,0.0023671966)
05-27 18:13:23.906   299 30841 D EvsDriver: Delivered 0xb400007b7ca56a60 as id 0
05-27 18:13:23.907  1167  1167 D evsmanagerd: /dev/video4 forwarded the buffer #0 to 0xb4000074bf5f6850 from 0xb4000074bf5f41d0
05-27 18:13:23.907   299 30844 D EvsDriver: forwardFrame
05-27 18:13:23.908   581   581 I SpiService: fgesysctrl_getGPIO_status success val=1
05-27 18:13:23.909   299  1153 D EvsDriver: doneWithFrame
05-27 18:13:23.909   299 30844 D EvsDriver: Delivered 0xb400007b7ca56900 as id 0
05-27 18:13:23.909  1167  1167 D evsmanagerd: /dev/video6 forwarded the buffer #0 to 0xb4000074bf5f5510 from 0xb4000074bf5f6d90
05-27 08:04:32.873   581   581 D spi_rst_gpio_get_output: GPIO 145 value: 1
05-27 08:04:32.873   581   581 D spidev_ioctl: gpio status=1)
05-27 18:13:23.910  1008 30856 D [OMXB]  : usingANWBuffer: handle:0xee742320, format:1, w:1920, h:1080
05-27 18:13:23.914 13911 14183 I SentryImuMcuAngleSender: 179.97195rollDeg
05-27 18:13:23.914   581   581 I SpiService: fgesysctrl_getGPIO_status success val=1
05-27 18:13:23.914   299  1153 D EvsDriver: doneWithFrame
05-27 18:13:23.914 13911 14183 I SentryImuMcuAngleSender: 1,0,0
05-27 08:04:32.879   581   581 D spi_rst_gpio_get_output: GPIO 145 value: 1
05-27 08:04:32.879   581   581 D spidev_ioctl: gpio status=1)
05-27 18:13:23.920   581   581 I SpiService: fgesysctrl_getGPIO_status success val=1
05-27 08:04:32.884   581   581 D spi_rst_gpio_get_output: GPIO 145 value: 1
05-27 08:04:32.885   581   581 D spidev_ioctl: gpio status=1)
05-27 18:13:23.925   581   581 I SpiService: fgesysctrl_getGPIO_status success val=0
05-27 08:04:32.890   581   581 D spi_rst_gpio_get_output: GPIO 145 value: 0
05-27 08:04:32.890   581   581 D spidev_ioctl: gpio status=0)
05-27 18:13:23.929  1008 30857 D [OMXB]  : usingANWBuffer: handle:0xee742b60, format:1, w:1920, h:1080
05-27 18:13:23.934 13911 14183 I SentryImuMcuAngleSender: 179.96495rollDeg
05-27 18:13:23.934 13911 14183 I SentryImuMcuAngleSender: 1,0,0
05-27 18:13:23.934   299 30844 D EvsDriver: forwardFrame
05-27 18:13:23.935   299 30844 D EvsDriver: Delivered 0xb400007b7ca56900 as id 0
05-27 18:13:23.935  1167  1167 D evsmanagerd: /dev/video6 forwarded the buffer #0 to 0xb4000074bf5f5510 from 0xb4000074bf5f6d90
05-27 18:13:23.937   299 30841 D EvsDriver: forwardFrame
05-27 08:04:32.904   581   581 D spi_rst_gpio_get_output: GPIO 145 value: 1
05-27 08:04:32.904   581   581 D spidev_ioctl: gpio status=1)
05-27 18:13:23.939   299  1153 D EvsDriver: doneWithFrame
05-27 18:13:23.940   581   581 I SpiService: fgesysctrl_getGPIO_status success val=1
05-27 18:13:23.942   299 30841 D EvsDriver: Delivered 0xb400007b7ca56a60 as id 0
05-27 18:13:23.942  1167  1167 D evsmanagerd: /dev/video4 forwarded the buffer #0 to 0xb4000074bf5f6850 from 0xb4000074bf5f41d0
05-27 18:13:23.946   581   581 I SpiService: fgesysctrl_getGPIO_status success val=1
05-27 18:13:23.946   536   536 D commservice260303: msg.id = 1028,0
05-27 18:13:23.946   536   536 D commservice260303: i = 170, msgid = 8A000404
05-27 18:13:23.946   299  1153 D EvsDriver: doneWithFrame
05-27 18:13:23.946   536   536 D commservice260303: msgid = -1979710460,did=138
05-27 18:13:23.946   536   536 D commservice260303: CommProtocolLibCmdBaseI2C::dataproc {"command":{"id":"imu_status","sub":""},"content":{"TimeStamp":8,"FrameCounter":200304,"GD_X":-0.011682018637657166,"GD_Y":0.0056498548947274685,"GD_Z":0.002519079949706793,"AD_X":-0.00249558687210083,"AD_Y":4.886072129011154E-4,"AD_Z":-0.1719341278076172,"TempDsp":0,"Status":0,"CalibState":1,"SigAmpInvalid":0}},-1979710460
05-27 18:13:23.946   536   536 D commservice260303: send2Cluster len:313, 7B22636F6D6D616E64223A7B226964223A22696D755F737461747573222C22737562223A22227D2C22636F6E74656E74223A7B2254696D655374616D70223A382C224672616D65436F756E746572223A3230303330342C2247445F58223A2D302E3031313638323031383633373635373136362C2247445F59223A302E303035363439383534383934373237343638352C2247445F5A223A302E3030323531393037393934393730363739332C2241445F58223A2D302E30303234393535383638373231303038332C2241445F59223A342E383836303732313239303131313534452D342C2241445F5A223A2D302E313731393334313237383037363137322C2254656D70447370223A302C22537461747573223A302C2243616C69625374617465223A312C22536967416D70496E76616C6964223A307D7D, 138 
05-27 18:13:23.946   536   536 D commservice260303: Push Message into SendPool fn=340460288
05-27 18:13:23.946   536   536 D commservice260303: ComProtocolLibSend2Cluster::send2ClusterRaw fn=340460288 , len=329
05-27 18:13:23.946   536   536 D commservice260303: sendCmdToPort :329!!!
05-27 18:13:23.946   536   536 D commservice260303: send Cmd To Port ++++5AA501458A0100034B146A16C3C37B22636F6D6D616E64223A7B226964223A22696D755F737461747573222C22737562223A22227D2C22636F6E74656E74223A7B2254696D655374616D70223A382C224672616D65436F756E746572223A3230303330342C2247445F58223A2D302E3031313638323031383633373635373136362C2247445F59223A302E303035363439383534383934373237343638352C2247445F5A223A302E3030323531393037393934393730363739332C2241445F58223A2D302E30303234393535383638373231303038332C2241445F59223A342E383836303732313239303131313534452D342C2241445F5A223A2D302E313731393334313237383037363137322C2254656D70447370223A302C22537461747573223A302C2243616C69625374617465223A312C22536967416D70496E76616C6964223A307D7D0987
05-27 18:13:23.946   536   536 D commservice260303: bufferevent_write retrun value = 0
05-27 18:13:23.946   536   560 D commservice260303: client datas send succeed,send finish
05-27 18:13:23.947 13911 14192 D Sentinelmode_1.2.5.17_sentry: <SentryImuClusterFgeSender>imu_status sent to Linux, frame=200304, tsNs=8671190, tsMs=8, intervalMs=41, ad=(-0.0024955869,4.886072E-4,-0.17193413), gd=(-0.011682019,0.005649855,0.00251908)
05-27 08:04:32.910   581   581 D spi_rst_gpio_get_output: GPIO 145 value: 1
05-27 08:04:32.910   581   581 D spidev_ioctl: gpio status=1)
05-27 08:04:32.916   581   581 D spi_rst_gpio_get_output: GPIO 145 value: 1
05-27 08:04:32.916   581   581 D spidev_ioctl: gpio status=1)
05-27 18:13:23.948   586   613 D vendor.sprd.hardware.aprd-service: WCN Get CP2Ver failed
05-27 18:13:23.948   586   613 D vendor.sprd.hardware.aprd-service: WCNInfoThread::GetVer
05-27 18:13:23.949   586   613 D vendor.sprd.hardware.aprd-service: WCNcmdReqRsp: waiting for server wcnd
05-27 18:13:23.949  2166  2197 D WCND    : wcnd got 12 from accept
05-27 18:13:23.949  2166  2197 D WCND    : Socket client fd = 5, max fd = 12
05-27 18:13:23.949  2166  2197 D WCND    : process_active_socket_client_fd: active client fd is 12
05-27 18:13:23.950  2166  2197 D WCND    : wcnd_runcommand : argv :  at+spatgetcp2info
05-27 18:13:23.951  2166  2197 E wcn_vendor: open(/sys/class/misc/wcn/devices/sw_ver) for read failed: No such file or directory (2)
05-27 18:13:23.951  2166  2197 D WCND    : Reply Socket : FAIL Unknown
05-27 18:13:23.951  2166  2197 D WCND    : Socket client fd = 5, max fd = 12
05-27 18:13:23.951 13911 13911 I Sentinelmode_1.2.5.17_sentry: <SentinelCarServiceManager>sensorType:291504647
05-27 18:13:23.951   586   613 D vendor.sprd.hardware.aprd-service: WCNcmdReqRsp: get 13 bytes FAIL Unknown
05-27 18:13:23.951   586   613 D vendor.sprd.hardware.aprd-service: wcn AT+spatgetcp2info, ret=0, rsp:FAIL Unknown
05-27 18:13:23.951   581   581 I SpiService: fgesysctrl_getGPIO_status success val=1
05-27 18:13:23.951  2166  2197 D WCND    : process_active_socket_client_fd: active client fd is 12
05-27 18:13:23.951  2166  2197 D WCND    : Client socket fd : 12 closed
05-27 18:13:23.952  2166  2197 D WCND    : Socket client fd = 5, max fd = 11
05-27 18:13:23.955 13911 14183 I SentryImuMcuAngleSender: 179.97198rollDeg
05-27 18:13:23.955 13911 14183 I SentryImuMcuAngleSender: 1,0,0
05-27 18:13:23.957   581   581 I SpiService: fgesysctrl_getGPIO_status success val=1
05-27 18:13:23.959  1008 30856 D [OMXB]  : usingANWBuffer: handle:0xee7427f0, format:1, w:1920, h:1080
05-27 08:04:32.921   581   581 D spi_rst_gpio_get_output: GPIO 145 value: 1
05-27 08:04:32.921   581   581 D spidev_ioctl: gpio status=1)
05-27 18:13:23.962   581   581 I SpiService: fgesysctrl_getGPIO_status success val=0
05-27 08:04:32.927   581   581 D spi_rst_gpio_get_output: GPIO 145 value: 0
05-27 08:04:32.927   581   581 D spidev_ioctl: gpio status=0)
05-27 18:13:23.965   283   307 I rvcservice: t.code = 7, t.value = 8671030
05-27 18:13:23.970   299 30844 D EvsDriver: forwardFrame
05-27 18:13:23.972   299 30844 D EvsDriver: Delivered 0xb400007b7ca56900 as id 0
05-27 18:13:23.972  1167  1167 D evsmanagerd: /dev/video6 forwarded the buffer #0 to 0xb4000074bf5f5510 from 0xb4000074bf5f6d90
05-27 18:13:23.973 30773 30773 E dvr_service_: [myNum:1] Received S**** loss
05-27 18:13:23.973   299  1153 D EvsDriver: doneWithFrame
05-27 18:13:23.974 13911 14183 I SentryImuMcuAngleSender: 179.98949rollDeg
05-27 18:13:23.974 13911 14183 I SentryImuMcuAngleSender: 1,0,0
05-27 18:13:23.976   572   572 I Sensors : 230 AccelSensor: x:-0.167140,y:0.001829,z:-9.971060
05-27 18:13:23.976   299 30841 D EvsDriver: forwardFrame
05-27 18:13:23.977   481   598 I mcuc    : rev,n=1,6AA681AEAE000A890037010409211234568E
05-27 18:13:23.977  1121  1144 I tboxmids_ap: [2026-05-27 18:13:23.977] [MCU RX] src=MCU dst=ZMQ len=10 type=BINARY data=00 08 37 01 04 09 21 12 34 56 
05-27 18:13:23.977   581   581 I SpiService: fgesysctrl_getGPIO_status success val=1
05-27 18:13:23.978  1167  1167 D evsmanagerd: /dev/video4 forwarded the buffer #0 to 0xb4000074bf5f6850 from 0xb4000074bf5f41d0
05-27 18:13:23.978   351   373 D automotive.vehicle@2.0-adayo-datacomm-mcu: MCUDatacomm sendMessageFromVehicle prop: 0x89, areaId: 0x0, status: 0x37, timestamp: 0x1
05-27 18:13:23.978 30773 30773 E dvr_service_: [myNum:0] Received S**** loss
05-27 18:13:23.978   351   373 D automotive.vehicle@2.0-adayo-datacomm-mcu: MCUDatacomm 1sendMessageFromVehicle ---> type = 12 
05-27 18:13:23.978   299 30841 D EvsDriver: Delivered 0xb400007b7ca56a60 as id 0
05-27 18:13:23.978   299  1153 D EvsDriver: doneWithFrame
05-27 18:13:23.978  1083  1083 I MyAppLog: [2026-05-27 18:13:23.978 I tboxap mcuCommTboxmidsRecvCb:97] [Mcu] [mcuCommTboxmidsRecvCb] recv from tboxmids, size:10
05-27 18:13:23.978  1083  1083 I MyAppLog: [2026-05-27 18:13:23.978 I tboxap mcuCommTboxmidsRecvCb:98] [Mcu] [tboxmids -> tboxap]: :00 08 37 01 04 09 21 12 34 56
05-27 18:13:23.978  1083  1083 I MyAppLog: [2026-05-27 18:13:23.978 I tboxap mcuPtlParseData:990] [Mcu] [Mcu  Parse]: (cmd):0921 (param):0921123456
05-27 18:13:23.978  1083  1083 W MyAppLog: [2026-05-27 18:13:23.978 W tboxap mcuParamDataRevPack:918] [Mcu] mcuParamDataRevPack start pack data!!!
05-27 18:13:23.978  1083  1083 W MyAppLog: [2026-05-27 18:13:23.978 W tboxap mcuHandleFaultCodeInd:1947] [Mcu] [mcuHandleFaultCodeInd] recv 0x0921 fault count:18 stored:2 firstCode:0x34
05-27 18:13:23.979  1083  1083 I MyAppLog: [2026-05-27 18:13:23.978 I tboxap mcuSendYadiTransfer:196] [Mcu] [mcuYadiSend]: :00 06 44 04 01 09 A1 01
05-27 18:13:23.979  1083  1083 W MyAppLog: [2026-05-27 18:13:23.978 W tboxap tsp_ExternalEvent:109] [Tsp] [tsp_ExternalEvent] recv ExternalEvent = 55, size:2
05-27 18:13:23.979  1008 30857 D [OMXB]  : usingANWBuffer: handle:0xee740bc0, format:1, w:1920, h:1080
05-27 18:13:23.980 13911 14183 I SentryImuMcuAngleSender: [4, 18, 1, 0, 0],5
05-27 18:13:23.980 13911 14183 I McuCommManager: mcuCommSendcmd [4, 18, 1, 0, 0]
05-27 08:04:32.942   581   581 D spi_rst_gpio_get_output: GPIO 145 value: 1
05-27 08:04:32.942   581   581 D spidev_ioctl: gpio status=1)
05-27 18:13:23.981 13911 14183 I SentryImuMcuAngleSender: true
05-27 18:13:23.981 13911 14183 W Sentinelmode_1.2.5.17_sentry: <SentryImuMcuAngleSender>MCU IMU send interval abnormal: 1002ms
05-27 18:13:23.981   481   599 I mcuc    : start timer OK = 24322 
05-27 18:13:23.983   581   581 I SpiService: fgesysctrl_getGPIO_status success val=1
05-27 08:04:32.947   581   581 D spi_rst_gpio_get_output: GPIO 145 value: 1
05-27 08:04:32.947   581   581 D spidev_ioctl: gpio status=1)
05-27 18:13:23.986   536   536 D commservice260303: msg.id = 1028,1
05-27 18:13:23.986   536   536 D commservice260303: i = 170, msgid = 8A000404
05-27 18:13:23.986   536   536 D commservice260303: msgid = -1979710460,did=138
05-27 18:13:23.986   536   536 D commservice260303: CommProtocolLibCmdBaseI2C::dataproc {"command":{"id":"imu_status","sub":""},"content":{"TimeStamp":8,"FrameCounter":200305,"GD_X":-0.01160607673227787,"GD_Y":0.005420989356935024,"GD_Z":0.0023671966046094894,"AD_X":-7.18235969543457E-5,"AD_Y":-0.002544549759477377,"AD_Z":-0.1658344268798828,"TempDsp":0,"Status":0,"CalibState":1,"SigAmpInvalid":0}},-1979710460
05-27 18:13:23.986   536   536 D commservice260303: send2Cluster len:313, 7B22636F6D6D616E64223A7B226964223A22696D755F737461747573222C22737562223A22227D2C22636F6E74656E74223A7B2254696D655374616D70223A382C224672616D65436F756E746572223A3230303330352C2247445F58223A2D302E30313136303630373637333232373738372C2247445F59223A302E3030353432303938393335363933353032342C2247445F5A223A302E303032333637313936363034363039343839342C2241445F58223A2D372E3138323335393639353433343537452D352C2241445F59223A2D302E3030323534343534393735393437373337372C2241445F5A223A2D302E313635383334343236383739383832382C2254656D70447370223A302C22537461747573223A302C2243616C69625374617465223A312C22536967416D70496E76616C6964223A307D7D, 138 
05-27 18:13:23.986   536   536 D commservice260303: Push Message into SendPool fn=357237504
05-27 18:13:23.986   536   536 D commservice260303: ComProtocolLibSend2Cluster::send2ClusterRaw fn=357237504 , len=329
05-27 18:13:23.986   536   536 D commservice260303: sendCmdToPort :329!!!
05-27 18:13:23.986   536   536 D commservice260303: send Cmd To Port ++++5AA501458A0100034B156A16C3C37B22636F6D6D616E64223A7B226964223A22696D755F737461747573222C22737562223A22227D2C22636F6E74656E74223A7B2254696D655374616D70223A382C224672616D65436F756E746572223A3230303330352C2247445F58223A2D302E30313136303630373637333232373738372C2247445F59223A302E3030353432303938393335363933353032342C2247445F5A223A302E303032333637313936363034363039343839342C2241445F58223A2D372E3138323335393639353433343537452D352C2241445F59223A2D302E3030323534343534393735393437373337372C2241445F5A223A2D302E313635383334343236383739383832382C2254656D70447370223A302C22537461747573223A302C2243616C69625374617465223A312C22536967416D70496E76616C6964223A307D7D3FB0
05-27 18:13:23.986   536   536 D commservice260303: bufferevent_write retrun value = 0
05-27 18:13:23.986   536   560 D commservice260303: client datas send succeed,send finish
05-27 18:13:23.986 13911 14192 D Sentinelmode_1.2.5.17_sentry: <SentryImuClusterFgeSender>imu_status sent to Linux, frame=200305, tsNs=8671226, tsMs=8, intervalMs=40, ad=(-7.18236E-5,-0.0025445498,-0.16583443), gd=(-0.011606077,0.0054209894,0.0023671966)
05-27 18:13:23.988   581   581 I SpiService: fgesysctrl_getGPIO_status success val=1
05-27 08:04:32.953   581   581 D spi_rst_gpio_get_output: GPIO 145 value: 1
05-27 08:04:32.953   581   581 D spidev_ioctl: gpio status=1)
05-27 18:13:23.993   581   581 I SpiService: fgesysctrl_getGPIO_status success val=1
05-27 18:13:23.994  1008 30856 D [OMXB]  : usingANWBuffer: handle:0xee742f80, format:1, w:1920, h:1080
05-27 18:13:23.994 13911 14183 I SentryImuMcuAngleSender: 180.0rollDeg
05-27 18:13:23.994 13911 14183 I SentryImuMcuAngleSender: 1,0,0
05-27 08:04:32.958   581   581 D spi_rst_gpio_get_output: GPIO 145 value: 1
05-27 08:04:32.958   581   581 D spidev_ioctl: gpio status=1)
05-27 18:13:23.999   581   581 I SpiService: fgesysctrl_getGPIO_status success val=1
05-27 08:04:32.964   581   581 D spi_rst_gpio_get_output: GPIO 145 value: 1
05-27 08:04:32.964   581   581 D spidev_ioctl: gpio status=1)
05-27 18:13:24.001   299 30841 D EvsDriver: forwardFrame
05-27 18:13:24.003   299 30841 D EvsDriver: Delivered 0xb400007b7ca56a60 as id 0
05-27 18:13:24.003  1167  1167 D evsmanagerd: /dev/video4 forwarded the buffer #0 to 0xb4000074bf5f6850 from 0xb4000074bf5f41d0
05-27 18:13:24.005   581   581 I SpiService: fgesysctrl_getGPIO_status success val=0
05-27 08:04:32.969   581   581 D spi_rst_gpio_get_output: GPIO 145 value: 0
05-27 18:13:24.005   481   597 I mcuc    : send SPI:6AA602AEAE00028900176AA6015F0200F8090144040109A101000000000000000000000000000000000000000000000000000000000000000000000000000000000000000000000000000000000000000000000000000000000000000000000000000000000000000000000000000000000000000000000000000000000000000000000000000000000000000000000000000000000000000000000000000000000000000000000000000000000000000000000000000000000000000000000000000000000000000000000000000000000000000000000000000000000000000000000000000000000000000000000000000000000000000000000000000000000000000000000000A86AA6005F030005041201000082
05-27 08:04:32.969   581   581 D spidev_ioctl: gpio status=0)
05-27 18:13:24.007   299 30844 D EvsDriver: forwardFrame
05-27 18:13:24.008   299  1153 D EvsDriver: doneWithFrame
05-27 18:13:24.010   299 30844 D EvsDriver: Delivered 0xb400007b7ca56900 as id 0
05-27 18:13:24.010  1167  1167 D evsmanagerd: /dev/video6 forwarded the buffer #0 to 0xb4000074bf5f5510 from 0xb4000074bf5f6d90
05-27 18:13:24.014   299  1153 D EvsDriver: doneWithFrame
05-27 18:13:24.014 13911 14183 I SentryImuMcuAngleSender: 179.993rollDeg
05-27 18:13:24.015 13911 14183 I SentryImuMcuAngleSender: 1,0,0
05-27 18:13:24.020   581   581 I SpiService: fgesysctrl_getGPIO_status success val=1
05-27 08:04:32.984   581   581 D spi_rst_gpio_get_output: GPIO 145 value: 1
05-27 08:04:32.984   581   581 D spidev_ioctl: gpio status=1)
05-27 18:13:24.021  1008 30857 D [OMXB]  : usingANWBuffer: handle:0xee744790, format:1, w:1920, h:1080
05-27 18:13:24.026   581   581 I SpiService: fgesysctrl_getGPIO_status success val=1
05-27 18:13:24.027   536   536 D commservice260303: msg.id = 1028,1
05-27 18:13:24.027   536   536 D commservice260303: i = 170, msgid = 8A000404
05-27 18:13:24.027   536   536 D commservice260303: msgid = -1979710460,did=138
05-27 18:13:24.027   536   536 D commservice260303: CommProtocolLibCmdBaseI2C::dataproc {"command":{"id":"imu_status","sub":""},"content":{"TimeStamp":8,"FrameCounter":200306,"GD_X":-0.01160607673227787,"GD_Y":0.004580949433147907,"GD_Z":0.0020608289632946253,"AD_X":-0.0019141286611557007,"AD_Y":-0.0031290457118302584,"AD_Z":-0.16887950897216797,"TempDsp":0,"Status":0,"CalibState":1,"SigAmpInvalid":0}},-1979710460
05-27 18:13:24.027   536   536 D commservice260303: send2Cluster len:317, 7B22636F6D6D616E64223A7B226964223A22696D755F737461747573222C22737562223A22227D2C22636F6E74656E74223A7B2254696D655374616D70223A382C224672616D65436F756E746572223A3230303330362C2247445F58223A2D302E30313136303630373637333232373738372C2247445F59223A302E3030343538303934393433333134373930372C2247445F5A223A302E303032303630383238393633323934363235332C2241445F58223A2D302E303031393134313238363631313535373030372C2241445F59223A2D302E303033313239303435373131383330323538342C2241445F5A223A2D302E31363838373935303839373231363739372C2254656D70447370223A302C22537461747573223A302C2243616C69625374617465223A312C22536967416D70496E76616C6964223A307D7D, 138 
05-27 18:13:24.027   536   536 D commservice260303: Push Message into SendPool fn=374014720
05-27 18:13:24.027   536   536 D commservice260303: ComProtocolLibSend2Cluster::send2ClusterRaw fn=374014720 , len=333
05-27 18:13:24.027   536   536 D commservice260303: sendCmdToPort :333!!!
05-27 18:13:24.027   536   536 D commservice260303: send Cmd To Port ++++5AA501498A0100034B166A16C3C47B22636F6D6D616E64223A7B226964223A22696D755F737461747573222C22737562223A22227D2C22636F6E74656E74223A7B2254696D655374616D70223A382C224672616D65436F756E746572223A3230303330362C2247445F58223A2D302E30313136303630373637333232373738372C2247445F59223A302E3030343538303934393433333134373930372C2247445F5A223A302E303032303630383238393633323934363235332C2241445F58223A2D302E303031393134313238363631313535373030372C2241445F59223A2D302E303033313239303435373131383330323538342C2241445F5A223A2D302E31363838373935303839373231363739372C2254656D70447370223A302C22537461747573223A302C2243616C69625374617465223A312C22536967416D70496E76616C6964223A307D7DFFC0
05-27 18:13:24.027   536   536 D commservice260303: bufferevent_write retrun value = 0
05-27 18:13:24.027   536   560 D commservice260303: client datas send succeed,send finish
05-27 18:13:24.028 13911 14192 D Sentinelmode_1.2.5.17_sentry: <SentryImuClusterFgeSender>imu_status sent to Linux, frame=200306, tsNs=8671262, tsMs=8, intervalMs=41, ad=(-0.0019141287,-0.0031290457,-0.16887951), gd=(-0.011606077,0.0045809494,0.002060829)
05-27 08:04:32.990   581   581 D spi_rst_gpio_get_output: GPIO 145 value: 1
05-27 08:04:32.990   581   581 D spidev_ioctl: gpio status=1)
05-27 18:13:24.031   581   581 I SpiService: fgesysctrl_getGPIO_status success val=1
05-27 08:04:32.996   581   581 D spi_rst_gpio_get_output: GPIO 145 value: 1
05-27 08:04:32.996   581   581 D spidev_ioctl: gpio status=1)
05-27 18:13:24.034 13911 14183 I SentryImuMcuAngleSender: 179.96144rollDeg
05-27 18:13:24.034 13911 14183 I SentryImuMcuAngleSender: 1,0,0
05-27 18:13:24.037   581   581 I SpiService: fgesysctrl_getGPIO_status success val=1
05-27 08:04:33.001   581   581 D spi_rst_gpio_get_output: GPIO 145 value: 1
05-27 08:04:33.001   581   581 D spidev_ioctl: gpio status=1)
05-27 18:13:24.039  1008 30856 D [OMXB]  : usingANWBuffer: handle:0xee740220, format:1, w:1920, h:1080
05-27 18:13:24.040 30773 30789 I dvr_service_: Camera 0: MediaOK:15081458, frames:340, isKeyFrame:0,pts:8670960751
05-27 18:13:24.042   581   581 I SpiService: fgesysctrl_getGPIO_status success val=1
05-27 08:04:33.007   581   581 D spi_rst_gpio_get_output: GPIO 145 value: 1
05-27 08:04:33.007   581   581 D spidev_ioctl: gpio status=1)
05-27 18:13:24.046   299 30844 D EvsDriver: forwardFrame
05-27 18:13:24.046   299 30841 D EvsDriver: forwardFrame
05-27 18:13:24.048   581   581 I SpiService: fgesysctrl_getGPIO_status success val=0
05-27 18:13:24.048  1167  1167 D evsmanagerd: /dev/video4 forwarded the buffer #0 to 0xb4000074bf5f6850 from 0xb4000074bf5f41d0
05-27 18:13:24.048   299 30841 D EvsDriver: Delivered 0xb400007b7ca56a60 as id 0
05-27 08:04:33.012   581   581 D spi_rst_gpio_get_output: GPIO 145 value: 0
05-27 08:04:33.012   581   581 D spidev_ioctl: gpio status=0)
05-27 18:13:24.050   299 30844 D EvsDriver: Delivered 0xb400007b7ca56900 as id 0
05-27 18:13:24.050  1167  1184 D evsmanagerd: /dev/video6 forwarded the buffer #0 to 0xb4000074bf5f5510 from 0xb4000074bf5f6d90
05-27 18:13:24.050   299  1153 D EvsDriver: doneWithFrame
05-27 18:13:24.050  1008 30857 D [OMXB]  : usingANWBuffer: handle:0xee740170, format:1, w:1920, h:1080
05-27 18:13:24.054   299  1153 D EvsDriver: doneWithFrame
05-27 18:13:24.055 13911 14183 I SentryImuMcuAngleSender: 179.93694rollDeg
05-27 18:13:24.055 13911 14183 I SentryImuMcuAngleSender: 1,0,0
05-27 18:13:24.060   481   598 I mcuc    : rev,n=1,6AA6825F020002090111
05-27 18:13:24.063   581   581 I SpiService: fgesysctrl_getGPIO_status success val=1
05-27 18:13:24.065   572   622 I Sensors : 230 GyroSensor: x:-0.011682,y:0.004428,z:0.002443
05-27 08:04:33.028   581   581 D spi_rst_gpio_get_output: GPIO 145 value: 1
05-27 08:04:33.028   581   581 D spidev_ioctl: gpio status=1)
05-27 18:13:24.065   283   307 I rvcservice: t.code = 3, t.value = 0
05-27 18:13:24.068   536   536 D commservice260303: msg.id = 1028,1
05-27 18:13:24.068   536   536 D commservice260303: i = 170, msgid = 8A000404
05-27 18:13:24.068   536   536 D commservice260303: msgid = -1979710460,did=138
05-27 18:13:24.068   536   536 D commservice260303: CommProtocolLibCmdBaseI2C::dataproc {"command":{"id":"imu_status","sub":""},"content":{"TimeStamp":8,"FrameCounter":200307,"GD_X":-0.011682018637657166,"GD_Y":0.004428025335073471,"GD_Z":0.002443138277158141,"AD_X":-0.007366091012954712,"AD_Y":0.005365406163036823,"AD_Z":-0.1652240753173828,"TempDsp":0,"Status":0,"CalibState":1,"SigAmpInvalid":0}},-1979710460
05-27 18:13:24.068   536   536 D commservice260303: send2Cluster len:313, 7B22636F6D6D616E64223A7B226964223A22696D755F737461747573222C22737562223A22227D2C22636F6E74656E74223A7B2254696D655374616D70223A382C224672616D65436F756E746572223A3230303330372C2247445F58223A2D302E3031313638323031383633373635373136362C2247445F59223A302E3030343432383032353333353037333437312C2247445F5A223A302E3030323434333133383237373135383134312C2241445F58223A2D302E3030373336363039313031323935343731322C2241445F59223A302E3030353336353430363136333033363832332C2241445F5A223A2D302E313635323234303735333137333832382C2254656D70447370223A302C22537461747573223A302C2243616C69625374617465223A312C22536967416D70496E76616C6964223A307D7D, 138 
05-27 18:13:24.068   536   536 D commservice260303: Push Message into SendPool fn=390791936
05-27 18:13:24.068   536   536 D commservice260303: ComProtocolLibSend2Cluster::send2ClusterRaw fn=390791936 , len=329
05-27 18:13:24.069   536   536 D commservice260303: sendCmdToPort :329!!!
05-27 18:13:24.069   536   536 D commservice260303: send Cmd To Port ++++5AA501458A0100034B176A16C3C47B22636F6D6D616E64223A7B226964223A22696D755F737461747573222C22737562223A22227D2C22636F6E74656E74223A7B2254696D655374616D70223A382C224672616D65436F756E746572223A3230303330372C2247445F58223A2D302E3031313638323031383633373635373136362C2247445F59223A302E3030343432383032353333353037333437312C2247445F5A223A302E3030323434333133383237373135383134312C2241445F58223A2D302E3030373336363039313031323935343731322C2241445F59223A302E3030353336353430363136333033363832332C2241445F5A223A2D302E313635323234303735333137333832382C2254656D70447370223A302C22537461747573223A302C2243616C69625374617465223A312C22536967416D70496E76616C6964223A307D7DA34D
05-27 18:13:24.069   581   581 I SpiService: fgesysctrl_getGPIO_status success val=1
05-27 18:13:24.069   536   536 D commservice260303: bufferevent_write retrun value = 0
05-27 18:13:24.069   536   560 D commservice260303: client datas send succeed,send finish
05-27 18:13:24.069 13911 14192 D Sentinelmode_1.2.5.17_sentry: <SentryImuClusterFgeSender>imu_status sent to Linux, frame=200307, tsNs=8671315, tsMs=8, intervalMs=42, ad=(-0.007366091,0.005365406,-0.16522408), gd=(-0.011682019,0.0044280253,0.0024431383)
05-27 18:13:24.071   299 30841 D EvsDriver: forwardFrame
05-27 18:13:24.072   299 30841 D EvsDriver: Delivered 0xb400007b7ca56a60 as id 0
05-27 18:13:24.072  1167  1184 D evsmanagerd: /dev/video4 forwarded the buffer #0 to 0xb4000074bf5f6850 from 0xb4000074bf5f41d0
05-27 18:13:24.072   566 11459 I gps_hdbd: Received: '$t'
05-27 08:04:33.033   581   581 D spi_rst_gpio_get_output: GPIO 145 value: 1
05-27 08:04:33.033   581   581 D spidev_ioctl: gpio status=1)
05-27 18:13:24.074   299  1153 D EvsDriver: doneWithFrame
05-27 18:13:24.074   581   581 I SpiService: fgesysctrl_getGPIO_status success val=1
05-27 18:13:24.075 13911 14183 I SentryImuMcuAngleSender: 179.94391rollDeg
05-27 18:13:24.075 13911 14183 I SentryImuMcuAngleSender: 1,0,0
05-27 18:13:24.075   299 30844 D EvsDriver: forwardFrame
05-27 18:13:24.076   299 30844 D EvsDriver: Delivered 0xb400007b7ca56900 as id 0
05-27 18:13:24.076  1167  1184 D evsmanagerd: /dev/video6 forwarded the buffer #0 to 0xb4000074bf5f5510 from 0xb4000074bf5f6d90
05-27 08:04:33.039   581   581 D spi_rst_gpio_get_output: GPIO 145 value: 1
05-27 08:04:33.039   581   581 D spidev_ioctl: gpio status=1)
05-27 18:13:24.079   299  1153 D EvsDriver: doneWithFrame
05-27 18:13:24.080   581   581 I SpiService: fgesysctrl_getGPIO_status success val=1
05-27 08:04:33.045   581   581 D spi_rst_gpio_get_output: GPIO 145 value: 1
05-27 08:04:33.045   581   581 D spidev_ioctl: gpio status=1)
05-27 18:13:24.086  1008 30856 D [OMXB]  : usingANWBuffer: handle:0xee7432f0, format:1, w:1920, h:1080
05-27 18:13:24.086   581   581 I SpiService: fgesysctrl_getGPIO_status success val=0
05-27 08:04:33.051   581   581 D spi_rst_gpio_get_output: GPIO 145 value: 0
05-27 08:04:33.051   581   581 D spidev_ioctl: gpio status=0)
05-27 18:13:24.090  1982  1982 E health_guardian: UID for PID 11579 is 1000
05-27 18:13:24.090  1982  1982 E health_guardian: The 1000 process is system app,I refused to kill it,try next one!
05-27 18:13:24.090  1982  1982 E health_guardian: UID for PID 13435 is 1000
05-27 18:13:24.091  1982  1982 E health_guardian: The 1000 process is system app,I refused to kill it,try next one!
05-27 18:13:24.091  1982  1982 E health_guardian: UID for PID 6212 is 1000
05-27 18:13:24.091  1982  1982 E health_guardian: The 1000 process is system app,I refused to kill it,try next one!
05-27 18:13:24.095 13911 14183 I SentryImuMcuAngleSender: 179.97545rollDeg
05-27 18:13:24.095 13911 14183 I SentryImuMcuAngleSender: 1,0,0
05-27 18:13:24.096  1008 30857 D [OMXB]  : usingANWBuffer: handle:0xee745760, format:1, w:1920, h:1080
05-27 18:13:24.100   581   581 I SpiService: fgesysctrl_getGPIO_status success val=1
05-27 08:04:33.064   581   581 D spi_rst_gpio_get_output: GPIO 145 value: 1
05-27 08:04:33.064   581   581 D spidev_ioctl: gpio status=1)
05-27 18:13:24.105   581   581 I SpiService: fgesysctrl_getGPIO_status success val=1
05-27 18:13:24.106   299 30844 D EvsDriver: forwardFrame
05-27 18:13:24.107   299 30841 D EvsDriver: forwardFrame
05-27 18:13:24.107   299 30844 D EvsDriver: Delivered 0xb400007b7ca56900 as id 0
05-27 18:13:24.108   536   536 D commservice260303: msg.id = 1028,1
05-27 18:13:24.108   536   536 D commservice260303: i = 170, msgid = 8A000404
05-27 18:13:24.108   536   536 D commservice260303: msgid = -1979710460,did=138
05-27 18:13:24.108   536   536 D commservice260303: CommProtocolLibCmdBaseI2C::dataproc {"command":{"id":"imu_status","sub":""},"content":{"TimeStamp":8,"FrameCounter":200308,"GD_X":-0.011910883709788322,"GD_Y":0.00549693126231432,"GD_Z":0.0023671966046094894,"AD_X":-0.007328629493713379,"AD_Y":-0.004379826597869396,"AD_Z":-0.16339492797851562,"TempDsp":0,"Status":0,"CalibState":1,"SigAmpInvalid":0}},-1979710460
05-27 18:13:24.108   536   536 D commservice260303: send2Cluster len:315, 7B22636F6D6D616E64223A7B226964223A22696D755F737461747573222C22737562223A22227D2C22636F6E74656E74223A7B2254696D655374616D70223A382C224672616D65436F756E746572223A3230303330382C2247445F58223A2D302E3031313931303838333730393738383332322C2247445F59223A302E30303534393639333132363233313433322C2247445F5A223A302E303032333637313936363034363039343839342C2241445F58223A2D302E3030373332383632393439333731333337392C2241445F59223A2D302E3030343337393832363539373836393339362C2241445F5A223A2D302E31363333393439323739373835313536322C2254656D70447370223A302C22537461747573223A302C2243616C69625374617465223A312C22536967416D70496E76616C6964223A307D7D, 138 
05-27 18:13:24.108   299 30841 D EvsDriver: Delivered 0xb400007b7ca56a60 as id 0
05-27 18:13:24.109   536   536 D commservice260303: Push Message into SendPool fn=407569152
05-27 18:13:24.109   536   536 D commservice260303: ComProtocolLibSend2Cluster::send2ClusterRaw fn=407569152 , len=331
05-27 18:13:24.109  1167  1167 D evsmanagerd: /dev/video4 forwarded the buffer #0 to 0xb4000074bf5f6850 from 0xb4000074bf5f41d0
05-27 18:13:24.109   536   536 D commservice260303: sendCmdToPort :331!!!
05-27 08:04:33.070   581   581 D spi_rst_gpio_get_output: GPIO 145 value: 1
05-27 08:04:33.070   581   581 D spidev_ioctl: gpio status=1)
05-27 18:13:24.109  1167  1184 D evsmanagerd: /dev/video6 forwarded the buffer #0 to 0xb4000074bf5f5510 from 0xb4000074bf5f6d90
05-27 18:13:24.109   536   536 D commservice260303: send Cmd To Port ++++5AA501478A0100034B186A16C3C47B22636F6D6D616E64223A7B226964223A22696D755F737461747573222C22737562223A22227D2C22636F6E74656E74223A7B2254696D655374616D70223A382C224672616D65436F756E746572223A3230303330382C2247445F58223A2D302E3031313931303838333730393738383332322C2247445F59223A302E30303534393639333132363233313433322C2247445F5A223A302E303032333637313936363034363039343839342C2241445F58223A2D302E3030373332383632393439333731333337392C2241445F59223A2D302E3030343337393832363539373836393339362C2241445F5A223A2D302E31363333393439323739373835313536322C2254656D70447370223A302C22537461747573223A302C2243616C69625374617465223A312C22536967416D70496E76616C6964223A307D7DD567
05-27 18:13:24.109   536   536 D commservice260303: bufferevent_write retrun value = 0
05-27 18:13:24.109   536   560 D commservice260303: client datas send succeed,send finish
05-27 18:13:24.110 13911 14192 D Sentinelmode_1.2.5.17_sentry: <SentryImuClusterFgeSender>imu_status sent to Linux, frame=200308, tsNs=8671351, tsMs=8, intervalMs=40, ad=(-0.0073286295,-0.0043798266,-0.16339493), gd=(-0.011910884,0.0054969313,0.0023671966)
05-27 18:13:24.112   581   581 I SpiService: fgesysctrl_getGPIO_status success val=1
05-27 18:13:24.113   299  1153 D EvsDriver: doneWithFrame
05-27 18:13:24.113   299  1163 D EvsDriver: doneWithFrame
05-27 08:04:33.076   581   581 D spi_rst_gpio_get_output: GPIO 145 value: 1
05-27 08:04:33.076   581   581 D spidev_ioctl: gpio status=1)
05-27 18:13:24.115 13911 14183 I SentryImuMcuAngleSender: 180.0rollDeg
05-27 18:13:24.115 13911 14183 I SentryImuMcuAngleSender: 1,0,0
05-27 18:13:24.117   581   581 I SpiService: fgesysctrl_getGPIO_status success val=1
05-27 08:04:33.082   581   581 D spi_rst_gpio_get_output: GPIO 145 value: 1
05-27 08:04:33.082   581   581 D spidev_ioctl: gpio status=1)
05-27 18:13:24.121  1008 30857 D [OMXB]  : usingANWBuffer: handle:0xee747180, format:1, w:1920, h:1080
05-27 18:13:24.123   581   581 I SpiService: fgesysctrl_getGPIO_status success val=1
05-27 08:04:33.087   581   581 D spi_rst_gpio_get_output: GPIO 145 value: 1
05-27 08:04:33.087   581   581 D spidev_ioctl: gpio status=1)
05-27 18:13:24.128   581   581 I SpiService: fgesysctrl_getGPIO_status success val=0
05-27 08:04:33.093   581   581 D spi_rst_gpio_get_output: GPIO 145 value: 0
05-27 08:04:33.093   581   581 D spidev_ioctl: gpio status=0)
05-27 18:13:24.135 13911 14183 I SentryImuMcuAngleSender: -179.98598rollDeg
05-27 18:13:24.135 13911 14183 I SentryImuMcuAngleSender: 1,0,0
05-27 18:13:24.138   299 30844 D EvsDriver: forwardFrame
05-27 18:13:24.138   299 30841 D EvsDriver: forwardFrame
05-27 18:13:24.139   299 30844 D EvsDriver: Delivered 0xb400007b7ca56900 as id 0
05-27 18:13:24.139  1167  1184 D evsmanagerd: /dev/video6 forwarded the buffer #0 to 0xb4000074bf5f5510 from 0xb4000074bf5f6d90
05-27 18:13:24.139   299 30841 D EvsDriver: Delivered 0xb400007b7ca56a60 as id 0
05-27 18:13:24.139  1167  1167 D evsmanagerd: /dev/video4 forwarded the buffer #0 to 0xb4000074bf5f6850 from 0xb4000074bf5f41d0
05-27 18:13:24.139 30773 30782 E dvr_service_: [myNum:0] Received S**** loss
05-27 18:13:24.139 30773 30773 E dvr_service_: [myNum:1] Received S**** loss
05-27 18:13:24.140   299  1153 D EvsDriver: doneWithFrame
05-27 18:13:24.140   299  1163 D EvsDriver: doneWithFrame
05-27 18:13:24.141  1008 30856 D [OMXB]  : usingANWBuffer: handle:0xee746c00, format:1, w:1920, h:1080
05-27 18:13:24.142   581   581 I SpiService: fgesysctrl_getGPIO_status success val=1
05-27 08:04:33.107   581   581 D spi_rst_gpio_get_output: GPIO 145 value: 1
05-27 08:04:33.107   581   581 D spidev_ioctl: gpio status=1)
05-27 18:13:24.147   536   536 D commservice260303: msg.id = 1028,0
05-27 18:13:24.147   536   536 D commservice260303: i = 170, msgid = 8A000404
05-27 18:13:24.148   536   536 D commservice260303: msgid = -1979710460,did=138
05-27 18:13:24.148   536   536 D commservice260303: CommProtocolLibCmdBaseI2C::dataproc {"command":{"id":"imu_status","sub":""},"content":{"TimeStamp":8,"FrameCounter":200309,"GD_X":-0.010994902811944485,"GD_Y":0.004733873065561056,"GD_Z":0.00259606190957129,"AD_X":-0.0024482905864715576,"AD_Y":-0.004951272159814835,"AD_Z":-0.16339492797851562,"TempDsp":0,"Status":0,"CalibState":1,"SigAmpInvalid":0}},-1979710460
05-27 18:13:24.148   536   536 D commservice260303: send2Cluster len:315, 7B22636F6D6D616E64223A7B226964223A22696D755F737461747573222C22737562223A22227D2C22636F6E74656E74223A7B2254696D655374616D70223A382C224672616D65436F756E746572223A3230303330392C2247445F58223A2D302E3031303939343930323831313934343438352C2247445F59223A302E3030343733333837333036353536313035362C2247445F5A223A302E30303235393630363139303935373132392C2241445F58223A2D302E303032343438323930353836343731353537362C2241445F59223A2D302E3030343935313237323135393831343833352C2241445F5A223A2D302E31363333393439323739373835313536322C2254656D70447370223A302C22537461747573223A302C2243616C69625374617465223A312C22536967416D70496E76616C6964223A307D7D, 138 
05-27 18:13:24.148   536   536 D commservice260303: Push Message into SendPool fn=424346368
05-27 18:13:24.148   536   536 D commservice260303: ComProtocolLibSend2Cluster::send2ClusterRaw fn=424346368 , len=331
05-27 18:13:24.148   536   536 D commservice260303: sendCmdToPort :331!!!
05-27 18:13:24.148   536   536 D commservice260303: send Cmd To Port ++++5AA501478A0100034B196A16C3C47B22636F6D6D616E64223A7B226964223A22696D755F737461747573222C22737562223A22227D2C22636F6E74656E74223A7B2254696D655374616D70223A382C224672616D65436F756E746572223A3230303330392C2247445F58223A2D302E3031303939343930323831313934343438352C2247445F59223A302E3030343733333837333036353536313035362C2247445F5A223A302E30303235393630363139303935373132392C2241445F58223A2D302E303032343438323930353836343731353537362C2241445F59223A2D302E3030343935313237323135393831343833352C2241445F5A223A2D302E31363333393439323739373835313536322C2254656D70447370223A302C22537461747573223A302C2243616C69625374617465223A312C22536967416D70496E76616C6964223A307D7D015A
05-27 18:13:24.148   581   581 I SpiService: fgesysctrl_getGPIO_status success val=1
05-27 18:13:24.148   536   536 D commservice260303: bufferevent_write retrun value = 0
05-27 18:13:24.148   536   560 D commservice260303: client datas send succeed,send finish
05-27 18:13:24.148 13911 14192 D Sentinelmode_1.2.5.17_sentry: <SentryImuClusterFgeSender>imu_status sent to Linux, frame=200309, tsNs=8671387, tsMs=8, intervalMs=39, ad=(-0.0024482906,-0.004951272,-0.16339493), gd=(-0.010994903,0.004733873,0.002596062)
05-27 08:04:33.112   581   581 D spi_rst_gpio_get_output: GPIO 145 value: 1
05-27 08:04:33.112   581   581 D spidev_ioctl: gpio status=1)
05-27 18:13:24.153  1008 30857 D [OMXB]  : usingANWBuffer: handle:0xee7437c0, format:1, w:1920, h:1080
05-27 18:13:24.153   581   581 I SpiService: fgesysctrl_getGPIO_status success val=1
05-27 18:13:24.155 13911 14183 I SentryImuMcuAngleSender: 179.986rollDeg
05-27 18:13:24.155 13911 14183 I SentryImuMcuAngleSender: 1,0,0
05-27 08:04:33.118   581   581 D spi_rst_gpio_get_output: GPIO 145 value: 1
05-27 08:04:33.118   581   581 D spidev_ioctl: gpio status=1)
05-27 18:13:24.159   581   581 I SpiService: fgesysctrl_getGPIO_status success val=1
05-27 18:13:24.161 30773 30786 I dvr_service_: CameraX 1  audioOK: 15296000,audios:240
05-27 08:04:33.123   581   581 D spi_rst_gpio_get_output: GPIO 145 value: 1
05-27 08:04:33.123   581   581 D spidev_ioctl: gpio status=1)
05-27 18:13:24.164   581   581 I SpiService: fgesysctrl_getGPIO_status success val=1
05-27 08:04:33.129   581   581 D spi_rst_gpio_get_output: GPIO 145 value: 1
05-27 08:04:33.129   581   581 D spidev_ioctl: gpio status=1)
05-27 18:13:24.166   283   307 I rvcservice: t.code = 3, t.value = 0
