05-27 18:13:15.188   536   536 D commservice260303: CommProtocolLibCmdBaseI2C::dataproc {"command":{"id":"imu_status","sub":""},"content":{"TimeStamp":8,"FrameCounter":200088,"GD_X":-0.01153013575822115,"GD_Y":0.005420989356935024,"GD_Z":0.0023671966046094894,"AD_X":-0.0011805593967437744,"AD_Y":-0.0014076160732656717,"AD_Z":-0.16460514068603516,"TempDsp":0,"Status":0,"CalibState":1,"SigAmpInvalid":0}},-1979710460
05-27 18:13:15.188   536   536 D commservice260303: send2Cluster len:317, 7B22636F6D6D616E64223A7B226964223A22696D755F737461747573222C22737562223A22227D2C22636F6E74656E74223A7B2254696D655374616D70223A382C224672616D65436F756E746572223A3230303038382C2247445F58223A2D302E30313135333031333537353832323131352C2247445F59223A302E3030353432303938393335363933353032342C2247445F5A223A302E303032333637313936363034363039343839342C2241445F58223A2D302E303031313830353539333936373433373734342C2241445F59223A2D302E303031343037363136303733323635363731372C2241445F5A223A2D302E31363436303531343036383630333531362C2254656D70447370223A302C22537461747573223A302C2243616C69625374617465223A312C22536967416D70496E76616C6964223A307D7D, 138 
05-27 18:13:15.188   536   536 D commservice260303: Push Message into SendPool fn=927597312
05-27 18:13:15.188   536   536 D commservice260303: ComProtocolLibSend2Cluster::send2ClusterRaw fn=927597312 , len=333
05-27 18:13:15.188   536   536 D commservice260303: sendCmdToPort :333!!!
05-27 18:13:15.188   536   536 D commservice260303: send Cmd To Port ++++5AA501498A0100034A376A16C3BB7B22636F6D6D616E64223A7B226964223A22696D755F737461747573222C22737562223A22227D2C22636F6E74656E74223A7B2254696D655374616D70223A382C224672616D65436F756E746572223A3230303038382C2247445F58223A2D302E30313135333031333537353832323131352C2247445F59223A302E3030353432303938393335363933353032342C2247445F5A223A302E303032333637313936363034363039343839342C2241445F58223A2D302E303031313830353539333936373433373734342C2241445F59223A2D302E303031343037363136303733323635363731372C2241445F5A223A2D302E31363436303531343036383630333531362C2254656D70447370223A302C22537461747573223A302C2243616C69625374617465223A312C22536967416D70496E76616C6964223A307D7D0D62
05-27 18:13:15.188   536   536 D commservice260303: bufferevent_write retrun value = 0
05-27 18:13:15.188   581   581 I SpiService: fgesysctrl_getGPIO_status success val=1
05-27 18:13:15.188  1083  1083 I MyAppLog: [2026-05-27 18:13:15.186 I tboxap mcuCommTboxmidsRecvCb:97] [Mcu] [mcuCommTboxmidsRecvCb] recv from tboxmids, size:10
05-27 18:13:15.188   536   560 D commservice260303: client datas send succeed,send finish
05-27 18:13:15.188  1083  1083 I MyAppLog: [2026-05-27 18:13:15.187 I tboxap mcuCommTboxmidsRecvCb:98] [Mcu] [tboxmids -> tboxap]: :00 08 26 01 04 09 01 12 34 56
05-27 18:13:15.188 13911 14192 D Sentinelmode_1.2.5.17_sentry: <SentryImuClusterFgeSender>imu_status sent to Linux, frame=200088, tsNs=8662419, tsMs=8, intervalMs=41, ad=(-0.0011805594,-0.0014076161,-0.16460514), gd=(-0.011530136,0.0054209894,0.0023671966)
05-27 18:13:15.188  1083  1083 I MyAppLog: [2026-05-27 18:13:15.187 I tboxap mcuPtlParseData:990] [Mcu] [Mcu  Parse]: (cmd):0901 (param):0901123456
05-27 18:13:15.189  1083  1083 W MyAppLog: [2026-05-27 18:13:15.187 W tboxap mcuParamDataRevPack:918] [Mcu] mcuParamDataRevPack start pack data!!!
05-27 18:13:15.189  1083  1083 W MyAppLog: [2026-05-27 18:13:15.187 W tboxap mcuSaveQueryData:219] [Mcu] [mcuSaveQueryData] unknown query item:0x56
05-27 18:13:15.189  1083  1083 W MyAppLog: [2026-05-27 18:13:15.187 W tboxap mcuHandleQueryInd:1700] [Mcu] [mcuHandleQueryInd] unknown query item:0x56
05-27 18:13:15.189  1083  1083 W MyAppLog: [2026-05-27 18:13:15.187 W tboxap mcuHandleQueryInd:1700] [Mcu] [mcuHandleQueryInd] unknown query item:0x56
05-27 18:13:15.189  1083  1083 W MyAppLog: [2026-05-27 18:13:15.187 W tboxap mcuHandleQueryInd:1700] [Mcu] [mcuHandleQueryInd] unknown query item:0x56
05-27 18:13:15.190  1083  1083 W MyAppLog: [2026-05-27 18:13:15.187 W tboxap mcuHandleQueryInd:1700] [Mcu] [mcuHandleQueryInd] unknown query item:0x56
05-27 18:13:15.190  1083  1083 W MyAppLog: [2026-05-27 18:13:15.187 W tboxap mcuHandleQueryInd:1700] [Mcu] [mcuHandleQueryInd] unknown query item:0x56
05-27 18:13:15.190  1083  1083 W MyAppLog: [2026-05-27 18:13:15.187 W tboxap mcuHandleQueryInd:1700] [Mcu] [mcuHandleQueryInd] unknown query item:0x56
05-27 18:13:15.190  1083  1083 W MyAppLog: [2026-05-27 18:13:15.187 W tboxap mcuHandleQueryInd:1700] [Mcu] [mcuHandleQueryInd] unknown query item:0x56
05-27 18:13:15.190  1083  1083 W MyAppLog: [2026-05-27 18:13:15.187 W tboxap mcuHandleQueryInd:1700] [Mcu] [mcuHandleQueryInd] unknown query item:0x56
05-27 18:13:15.190  1083  1083 W MyAppLog: [2026-05-27 18:13:15.187 W tboxap mcuHandleQueryInd:1700] [Mcu] [mcuHandleQueryInd] unknown query item:0x56
05-27 18:13:15.190  1083  1083 W MyAppLog: [2026-05-27 18:13:15.187 W tboxap mcuHandleQueryInd:1700] [Mcu] [mcuHandleQueryInd] unknown query item:0x56
05-27 18:13:15.191  1083  1083 W MyAppLog: [2026-05-27 18:13:15.187 W tboxap mcuHandleQueryInd:1700] [Mcu] [mcuHandleQueryInd] unknown query item:0x56
05-27 18:13:15.191  1083  1083 W MyAppLog: [2026-05-27 18:13:15.187 W tboxap mcuHandleQueryInd:1700] [Mcu] [mcuHandleQueryInd] unknown query item:0x56
05-27 18:13:15.191   299  1153 D EvsDriver: doneWithFrame
05-27 18:13:15.191  1083  1083 W MyAppLog: [2026-05-27 18:13:15.187 W tboxap mcuHandleQueryInd:1700] [Mcu] [mcuHandleQueryInd] unknown query item:0x56
05-27 18:13:15.191  1083  1083 W MyAppLog: [2026-05-27 18:13:15.187 W tboxap mcuHandleQueryInd:1700] [Mcu] [mcuHandleQueryInd] unknown query item:0x56
05-27 18:13:15.191  1083  1083 W MyAppLog: [2026-05-27 18:13:15.187 W tboxap mcuHandleQueryInd:1700] [Mcu] [mcuHandleQueryInd] unknown query item:0x56
05-27 18:13:15.191  1083  1083 W MyAppLog: [2026-05-27 18:13:15.187 W tboxap mcuHandleQueryInd:1700] [Mcu] [mcuHandleQueryInd] unknown query item:0x56
05-27 18:13:15.191  1083  1083 W MyAppLog: [2026-05-27 18:13:15.187 W tboxap mcuHandleQueryInd:1700] [Mcu] [mcuHandleQueryInd] unknown query item:0x56
05-27 18:13:15.192  1083  1083 W MyAppLog: [2026-05-27 18:13:15.187 W tboxap mcuHandleQueryInd:1700] [Mcu] [mcuHandleQueryInd] unknown query item:0x56
05-27 18:13:15.192  1083  1083 W MyAppLog: [2026-05-27 18:13:15.187 W tboxap mcuHandleQueryInd:1700] [Mcu] [mcuHandleQueryInd] unknown query item:0x56
05-27 18:13:15.192  1083  1083 W MyAppLog: [2026-05-27 18:13:15.187 W tboxap mcuHandleQueryInd:1700] [Mcu] [mcuHandleQueryInd] unknown query item:0x56
05-27 18:13:15.192  1083  1083 W MyAppLog: [2026-05-27 18:13:15.187 W tboxap mcuHandleQueryInd:1700] [Mcu] [mcuHandleQueryInd] unknown query item:0x56
05-27 18:13:15.192  1083  1083 W MyAppLog: [2026-05-27 18:13:15.187 W tboxap mcuHandleQueryInd:1700] [Mcu] [mcuHandleQueryInd] unknown query item:0x56
05-27 18:13:15.192  1083  1083 W MyAppLog: [2026-05-27 18:13:15.187 W tboxap mcuHandleQueryInd:1700] [Mcu] [mcuHandleQueryInd] unknown query item:0x56
05-27 18:13:15.192  1083  1083 W MyAppLog: [2026-05-27 18:13:15.187 W tboxap mcuHandleQueryInd:1700] [Mcu] [mcuHandleQueryInd] unknown query item:0x56
05-27 18:13:15.192  1083  1083 W MyAppLog: [2026-05-27 18:13:15.187 W tboxap mcuHandleQueryInd:1700] [Mcu] [mcuHandleQueryInd] unknown query item:0x56
05-27 18:13:15.193  1083  1083 W MyAppLog: [2026-05-27 18:13:15.187 W tboxap mcuHandleQueryInd:1700] [Mcu] [mcuHandleQueryInd] unknown query item:0x56
05-27 18:13:15.193  1083  1083 W MyAppLog: [2026-05-27 18:13:15.187 W tboxap mcuHandleQueryInd:1700] [Mcu] [mcuHandleQueryInd] unknown query item:0x56
05-27 18:13:15.193   581   581 I SpiService: fgesysctrl_getGPIO_status success val=1
05-27 18:13:15.197  1083  1083 W MyAppLog: [2026-05-27 18:13:15.187 W tboxap mcuHandleQueryInd:1700] [Mcu] [mcuHandleQueryInd] unknown query item:0x56
05-27 18:13:15.197  1083  1083 W MyAppLog: [2026-05-27 18:13:15.187 W tboxap mcuHandleQueryInd:1700] [Mcu] [mcuHandleQueryInd] unknown query item:0x56
05-27 18:13:15.197  1083  1083 W MyAppLog: [2026-05-27 18:13:15.187 W tboxap mcuHandleQueryInd:1700] [Mcu] [mcuHandleQueryInd] unknown query item:0x56
05-27 18:13:15.197  1083  1083 W MyAppLog: [2026-05-27 18:13:15.187 W tboxap mcuHandleQueryInd:1700] [Mcu] [mcuHandleQueryInd] unknown query item:0x56
05-27 18:13:15.197  1083  1083 W MyAppLog: [2026-05-27 18:13:15.187 W tboxap mcuHandleQueryInd:1700] [Mcu] [mcuHandleQueryInd] unknown query item:0x56
05-27 18:13:15.197  1083  1083 W MyAppLog: [2026-05-27 18:13:15.187 W tboxap mcuHandleQueryInd:1700] [Mcu] [mcuHandleQueryInd] unknown query item:0x56
05-27 18:13:15.198  1083  1083 W MyAppLog: [2026-05-27 18:13:15.187 W tboxap mcuHandleQueryInd:1700] [Mcu] [mcuHandleQueryInd] unknown query item:0x56
05-27 18:13:15.198  1083  1083 W MyAppLog: [2026-05-27 18:13:15.187 W tboxap mcuHandleQueryInd:1700] [Mcu] [mcuHandleQueryInd] unknown query item:0x56
05-27 18:13:15.198  1083  1083 W MyAppLog: [2026-05-27 18:13:15.187 W tboxap mcuHandleQueryInd:1700] [Mcu] [mcuHandleQueryInd] unknown query item:0x56
05-27 18:13:15.198  1083  1083 W MyAppLog: [2026-05-27 18:13:15.187 W tboxap mcuHandleQueryInd:1700] [Mcu] [mcuHandleQueryInd] unknown query item:0x56
05-27 18:13:15.198  1083  1083 W MyAppLog: [2026-05-27 18:13:15.187 W tboxap mcuHandleQueryInd:1700] [Mcu] [mcuHandleQueryInd] unknown query item:0x56
05-27 18:13:15.198  1083  1083 W MyAppLog: [2026-05-27 18:13:15.187 W tboxap mcuHandleQueryInd:1700] [Mcu] [mcuHandleQueryInd] unknown query item:0x56
05-27 18:13:15.198  1083  1083 W MyAppLog: [2026-05-27 18:13:15.187 W tboxap mcuHandleQueryInd:1700] [Mcu] [mcuHandleQueryInd] unknown query item:0x56
05-27 18:13:15.198  1083  1083 W MyAppLog: [2026-05-27 18:13:15.187 W tboxap mcuHandleQueryInd:1700] [Mcu] [mcuHandleQueryInd] unknown query item:0x56
05-27 18:13:15.198  1083  1083 W MyAppLog: [2026-05-27 18:13:15.187 W tboxap mcuHandleQueryInd:1700] [Mcu] [mcuHandleQueryInd] unknown query item:0x56
05-27 18:13:15.198  1083  1083 W MyAppLog: [2026-05-27 18:13:15.187 W tboxap mcuHandleQueryInd:1700] [Mcu] [mcuHandleQueryInd] unknown query item:0x56
05-27 18:13:15.198  1008 30856 D [OMXB]  : usingANWBuffer: handle:0xee741e50, format:1, w:1920, h:1080
05-27 18:13:15.198  1083  1083 W MyAppLog: [2026-05-27 18:13:15.187 W tboxap mcuHandleQueryInd:1700] [Mcu] [mcuHandleQueryInd] unknown query item:0x56
05-27 18:13:15.198  1083  1083 W MyAppLog: [2026-05-27 18:13:15.187 W tboxap mcuHandleQueryInd:1700] [Mcu] [mcuHandleQueryInd] unknown query item:0x56
05-27 18:13:15.198  1083  1083 W MyAppLog: [2026-05-27 18:13:15.187 W tboxap mcuHandleQueryInd:1700] [Mcu] [mcuHandleQueryInd] unknown query item:0x56
05-27 18:13:15.198  1083  1083 W MyAppLog: [2026-05-27 18:13:15.187 W tboxap mcuHandleQueryInd:1700] [Mcu] [mcuHandleQueryInd] unknown query item:0x56
05-27 18:13:15.198  1083  1083 W MyAppLog: [2026-05-27 18:13:15.187 W tboxap mcuHandleQueryInd:1700] [Mcu] [mcuHandleQueryInd] unknown query item:0x56
05-27 18:13:15.198  1083  1083 W MyAppLog: [2026-05-27 18:13:15.187 W tboxap mcuHandleQueryInd:1700] [Mcu] [mcuHandleQueryInd] unknown query item:0x56
05-27 18:13:15.198  1083  1083 W MyAppLog: [2026-05-27 18:13:15.187 W tboxap mcuHandleQueryInd:1700] [Mcu] [mcuHandleQueryInd] unknown query item:0x56
05-27 18:13:15.198  1083  1083 W MyAppLog: [2026-05-27 18:13:15.187 W tboxap mcuHandleQueryInd:1700] [Mcu] [mcuHandleQueryInd] unknown query item:0x56
05-27 18:13:15.198  1083  1083 W MyAppLog: [2026-05-27 18:13:15.187 W tboxap mcuHandleQueryInd:1700] [Mcu] [mcuHandleQueryInd] unknown query item:0x56
05-27 18:13:15.199   581   581 I SpiService: fgesysctrl_getGPIO_status success val=1
05-27 08:04:24.163   581   581 D spi_rst_gpio_get_output: GPIO 145 value: 1
05-27 08:04:24.163   581   581 D spidev_ioctl: gpio status=1)
05-27 18:13:15.203 13911 14183 I SentryImuMcuAngleSender: 179.97897rollDeg
05-27 18:13:15.203 13911 14183 I SentryImuMcuAngleSender: 1,0,0
05-27 18:13:15.203 30773 30786 I dvr_service_: CameraX 1  audioOK: 6336000,audios:100
05-27 18:13:15.204   581   581 I SpiService: fgesysctrl_getGPIO_status success val=1
05-27 08:04:24.169   581   581 D spi_rst_gpio_get_output: GPIO 145 value: 1
05-27 08:04:24.169   581   581 D spidev_ioctl: gpio status=1)
05-27 18:13:15.207   299 30841 D EvsDriver: forwardFrame
05-27 18:13:15.208   299 30841 D EvsDriver: Delivered 0xb400007b7ca56a60 as id 0
05-27 18:13:15.208  1167  1167 D evsmanagerd: /dev/video4 forwarded the buffer #0 to 0xb4000074bf5f6850 from 0xb4000074bf5f41d0
05-27 18:13:15.208   299 30844 D EvsDriver: forwardFrame
05-27 18:13:15.210   299 30844 D EvsDriver: Delivered 0xb400007b7ca56900 as id 0
05-27 18:13:15.210   581   581 I SpiService: fgesysctrl_getGPIO_status success val=0
05-27 18:13:15.210  1167  1167 D evsmanagerd: /dev/video6 forwarded the buffer #0 to 0xb4000074bf5f5510 from 0xb4000074bf5f6d90
05-27 18:13:15.210   481   597 I mcuc    : send SPI:6AA602AE8200028900436AA602AE830002890042
05-27 18:13:15.212   299  1163 D EvsDriver: doneWithFrame
05-27 18:13:15.212   299  1153 D EvsDriver: doneWithFrame
05-27 08:04:24.174   581   581 D spi_rst_gpio_get_output: GPIO 145 value: 0
05-27 08:04:24.175   581   581 D spidev_ioctl: gpio status=0)
05-27 18:13:15.224 13911 14183 I SentryImuMcuAngleSender: 179.96844rollDeg
05-27 18:13:15.224 13911 14183 I SentryImuMcuAngleSender: 1,0,0
05-27 18:13:15.225   581   581 I SpiService: fgesysctrl_getGPIO_status success val=1
05-27 08:04:24.189   581   581 D spi_rst_gpio_get_output: GPIO 145 value: 1
05-27 08:04:24.189   581   581 D spidev_ioctl: gpio status=1)
05-27 18:13:15.226   536   536 D commservice260303: msg.id = 1028,1
05-27 18:13:15.227   536   536 D commservice260303: i = 170, msgid = 8A000404
05-27 18:13:15.227   536   536 D commservice260303: msgid = -1979710460,did=138
05-27 18:13:15.227   536   536 D commservice260303: CommProtocolLibCmdBaseI2C::dataproc {"command":{"id":"imu_status","sub":""},"content":{"TimeStamp":8,"FrameCounter":200089,"GD_X":-0.011834942735731602,"GD_Y":0.00549693126231432,"GD_Z":0.0019079053308814764,"AD_X":0.0018153637647628784,"AD_Y":4.276623949408531E-4,"AD_Z":-0.16399574279785156,"TempDsp":0,"Status":0,"CalibState":1,"SigAmpInvalid":0}},-1979710460
05-27 18:13:15.227   536   536 D commservice260303: send2Cluster len:314, 7B22636F6D6D616E64223A7B226964223A22696D755F737461747573222C22737562223A22227D2C22636F6E74656E74223A7B2254696D655374616D70223A382C224672616D65436F756E746572223A3230303038392C2247445F58223A2D302E3031313833343934323733353733313630322C2247445F59223A302E30303534393639333132363233313433322C2247445F5A223A302E303031393037393035333330383831343736342C2241445F58223A302E303031383135333633373634373632383738342C2241445F59223A342E323736363233393439343038353331452D342C2241445F5A223A2D302E31363339393537343237393738353135362C2254656D70447370223A302C22537461747573223A302C2243616C69625374617465223A312C22536967416D70496E76616C6964223A307D7D, 138 
05-27 18:13:15.227   536   536 D commservice260303: Push Message into SendPool fn=944374528
05-27 18:13:15.227   536   536 D commservice260303: ComProtocolLibSend2Cluster::send2ClusterRaw fn=944374528 , len=330
05-27 18:13:15.227   536   536 D commservice260303: sendCmdToPort :330!!!
05-27 18:13:15.227   536   536 D commservice260303: send Cmd To Port ++++5AA501468A0100034A386A16C3BB7B22636F6D6D616E64223A7B226964223A22696D755F737461747573222C22737562223A22227D2C22636F6E74656E74223A7B2254696D655374616D70223A382C224672616D65436F756E746572223A3230303038392C2247445F58223A2D302E3031313833343934323733353733313630322C2247445F59223A302E30303534393639333132363233313433322C2247445F5A223A302E303031393037393035333330383831343736342C2241445F58223A302E303031383135333633373634373632383738342C2241445F59223A342E323736363233393439343038353331452D342C2241445F5A223A2D302E31363339393537343237393738353135362C2254656D70447370223A302C22537461747573223A302C2243616C69625374617465223A312C22536967416D70496E76616C6964223A307D7DA1C1
05-27 18:13:15.227   536   536 D commservice260303: bufferevent_write retrun value = 0
05-27 18:13:15.227   536   560 D commservice260303: client datas send succeed,send finish
05-27 18:13:15.228 13911 14192 D Sentinelmode_1.2.5.17_sentry: <SentryImuClusterFgeSender>imu_status sent to Linux, frame=200089, tsNs=8662472, tsMs=8, intervalMs=39, ad=(0.0018153638,4.276624E-4,-0.16399574), gd=(-0.011834943,0.0054969313,0.0019079053)
05-27 18:13:15.230   581   581 I SpiService: fgesysctrl_getGPIO_status success val=1
05-27 08:04:24.195   581   581 D spi_rst_gpio_get_output: GPIO 145 value: 1
05-27 08:04:24.195   581   581 D spidev_ioctl: gpio status=1)
05-27 18:13:15.234   283   307 I rvcservice: t.code = 0, t.value = 0
05-27 18:13:15.236   581   581 I SpiService: fgesysctrl_getGPIO_status success val=1
05-27 08:04:24.200   581   581 D spi_rst_gpio_get_output: GPIO 145 value: 1
05-27 08:04:24.200   581   581 D spidev_ioctl: gpio status=1)
05-27 18:13:15.238  1008 30856 D [OMXB]  : usingANWBuffer: handle:0xee744630, format:1, w:1920, h:1080
05-27 18:13:15.240   572   622 I Sensors : 230 GyroSensor: x:-0.011377,y:0.005115,z:0.002061
05-27 18:13:15.241   581   581 I SpiService: fgesysctrl_getGPIO_status success val=1
05-27 18:13:15.243   299 30841 D EvsDriver: forwardFrame
05-27 18:13:15.244   299 30841 D EvsDriver: Delivered 0xb400007b7ca56a60 as id 0
05-27 18:13:15.244  1167  1167 D evsmanagerd: /dev/video4 forwarded the buffer #0 to 0xb4000074bf5f6850 from 0xb4000074bf5f41d0
05-27 08:04:24.206   581   581 D spi_rst_gpio_get_output: GPIO 145 value: 1
05-27 08:04:24.206   581   581 D spidev_ioctl: gpio status=1)
05-27 18:13:15.245 13911 14183 I SentryImuMcuAngleSender: 179.97195rollDeg
05-27 18:13:15.245 13911 14183 I SentryImuMcuAngleSender: 1,0,0
05-27 18:13:15.247   581   581 I SpiService: fgesysctrl_getGPIO_status success val=1
05-27 18:13:15.247   299 30844 D EvsDriver: forwardFrame
05-27 18:13:15.248   299  1153 D EvsDriver: doneWithFrame
05-27 18:13:15.249   299 30844 D EvsDriver: Delivered 0xb400007b7ca56900 as id 0
05-27 18:13:15.249  1167  1167 D evsmanagerd: /dev/video6 forwarded the buffer #0 to 0xb4000074bf5f5510 from 0xb4000074bf5f6d90
05-27 08:04:24.212   581   581 D spi_rst_gpio_get_output: GPIO 145 value: 1
05-27 08:04:24.212   581   581 D spidev_ioctl: gpio status=1)
05-27 08:04:24.218   581   581 D spi_rst_gpio_get_output: GPIO 145 value: 0
05-27 08:04:24.218   581   581 D spidev_ioctl: gpio status=0)
05-27 18:13:15.253   581   581 I SpiService: fgesysctrl_getGPIO_status success val=0
05-27 18:13:15.253   299  1153 D EvsDriver: doneWithFrame
05-27 18:13:15.260  1008 30857 D [OMXB]  : usingANWBuffer: handle:0xee743df0, format:1, w:1920, h:1080
05-27 18:13:15.266 13911 14183 I SentryImuMcuAngleSender: 179.97897rollDeg
05-27 18:13:15.266 13911 14183 I SentryImuMcuAngleSender: 1,0,0
05-27 18:13:15.267   536   536 D commservice260303: msg.id = 1028,0
05-27 18:13:15.268   536   536 D commservice260303: i = 170, msgid = 8A000404
05-27 18:13:15.268   536   536 D commservice260303: msgid = -1979710460,did=138
05-27 18:13:15.268   536   536 D commservice260303: CommProtocolLibCmdBaseI2C::dataproc {"command":{"id":"imu_status","sub":""},"content":{"TimeStamp":8,"FrameCounter":200090,"GD_X":-0.011682018637657166,"GD_Y":0.0048857564106583595,"GD_Z":0.0023671966046094894,"AD_X":-0.00367794930934906,"AD_Y":-0.0013974171597510576,"AD_Z":-0.16704559326171875,"TempDsp":0,"Status":0,"CalibState":1,"SigAmpInvalid":0}},-1979710460
05-27 18:13:15.268   581   581 I SpiService: fgesysctrl_getGPIO_status success val=1
05-27 18:13:15.268   536   536 D commservice260303: send2Cluster len:317, 7B22636F6D6D616E64223A7B226964223A22696D755F737461747573222C22737562223A22227D2C22636F6E74656E74223A7B2254696D655374616D70223A382C224672616D65436F756E746572223A3230303039302C2247445F58223A2D302E3031313638323031383633373635373136362C2247445F59223A302E303034383835373536343130363538333539352C2247445F5A223A302E303032333637313936363034363039343839342C2241445F58223A2D302E30303336373739343933303933343930362C2241445F59223A2D302E303031333937343137313539373531303537362C2241445F5A223A2D302E31363730343535393332363137313837352C2254656D70447370223A302C22537461747573223A302C2243616C69625374617465223A312C22536967416D70496E76616C6964223A307D7D, 138 
05-27 18:13:15.268   536   536 D commservice260303: Push Message into SendPool fn=961151744
05-27 18:13:15.268   536   536 D commservice260303: ComProtocolLibSend2Cluster::send2ClusterRaw fn=961151744 , len=333
05-27 18:13:15.268   536   536 D commservice260303: sendCmdToPort :333!!!
05-27 18:13:15.268   536   536 D commservice260303: send Cmd To Port ++++5AA501498A0100034A396A16C3BB7B22636F6D6D616E64223A7B226964223A22696D755F737461747573222C22737562223A22227D2C22636F6E74656E74223A7B2254696D655374616D70223A382C224672616D65436F756E746572223A3230303039302C2247445F58223A2D302E3031313638323031383633373635373136362C2247445F59223A302E303034383835373536343130363538333539352C2247445F5A223A302E303032333637313936363034363039343839342C2241445F58223A2D302E30303336373739343933303933343930362C2241445F59223A2D302E303031333937343137313539373531303537362C2241445F5A223A2D302E31363730343535393332363137313837352C2254656D70447370223A302C22537461747573223A302C2243616C69625374617465223A312C22536967416D70496E76616C6964223A307D7DB8E3
05-27 08:04:24.232   581   581 D spi_rst_gpio_get_output: GPIO 145 value: 1
05-27 08:04:24.232   581   581 D spidev_ioctl: gpio status=1)
05-27 18:13:15.268   536   536 D commservice260303: bufferevent_write retrun value = 0
05-27 18:13:15.269   536   560 D commservice260303: client datas send succeed,send finish
05-27 18:13:15.269 13911 14192 D Sentinelmode_1.2.5.17_sentry: <SentryImuClusterFgeSender>imu_status sent to Linux, frame=200090, tsNs=8662508, tsMs=8, intervalMs=41, ad=(-0.0036779493,-0.0013974172,-0.1670456), gd=(-0.011682019,0.0048857564,0.0023671966)
05-27 18:13:15.272   299 30844 D EvsDriver: forwardFrame
05-27 18:13:15.272   299 30841 D EvsDriver: forwardFrame
05-27 18:13:15.274   581   581 I SpiService: fgesysctrl_getGPIO_status success val=1
05-27 18:13:15.274   299 30844 D EvsDriver: Delivered 0xb400007b7ca56900 as id 0
05-27 18:13:15.275  1167  1167 D evsmanagerd: /dev/video6 forwarded the buffer #0 to 0xb4000074bf5f5510 from 0xb4000074bf5f6d90
05-27 08:04:24.239   581   581 D spi_rst_gpio_get_output: GPIO 145 value: 1
05-27 08:04:24.239   581   581 D spidev_ioctl: gpio status=1)
05-27 18:13:15.275   299 30841 D EvsDriver: Delivered 0xb400007b7ca56a60 as id 0
05-27 18:13:15.275  1167  1167 D evsmanagerd: /dev/video4 forwarded the buffer #0 to 0xb4000074bf5f6850 from 0xb4000074bf5f41d0
05-27 18:13:15.278   299  1153 D EvsDriver: doneWithFrame
05-27 18:13:15.279   581   581 I SpiService: fgesysctrl_getGPIO_status success val=1
05-27 18:13:15.280   299  1153 D EvsDriver: doneWithFrame
05-27 08:04:24.244   581   581 D spi_rst_gpio_get_output: GPIO 145 value: 1
05-27 08:04:24.244   581   581 D spidev_ioctl: gpio status=1)
05-27 18:13:15.285   581   581 I SpiService: fgesysctrl_getGPIO_status success val=1
05-27 18:13:15.287 13911 14183 I SentryImuMcuAngleSender: 179.98949rollDeg
05-27 18:13:15.287 13911 14183 I SentryImuMcuAngleSender: 1,0,0
05-27 08:04:24.249   581   581 D spi_rst_gpio_get_output: GPIO 145 value: 1
05-27 08:04:24.250   581   581 D spidev_ioctl: gpio status=1)
05-27 18:13:15.290   581   581 I SpiService: fgesysctrl_getGPIO_status success val=0
05-27 08:04:24.255   581   581 D spi_rst_gpio_get_output: GPIO 145 value: 0
05-27 08:04:24.255   581   581 D spidev_ioctl: gpio status=0)
05-27 18:13:15.296  1008 30856 D [OMXB]  : usingANWBuffer: handle:0xee7427f0, format:1, w:1920, h:1080
05-27 18:13:15.304   299 30841 D EvsDriver: forwardFrame
05-27 18:13:15.305   581   581 I SpiService: fgesysctrl_getGPIO_status success val=1
05-27 18:13:15.305   299 30844 D EvsDriver: forwardFrame
05-27 18:13:15.305   299 30841 D EvsDriver: Delivered 0xb400007b7ca56a60 as id 0
05-27 18:13:15.305  1167  1167 D evsmanagerd: /dev/video4 forwarded the buffer #0 to 0xb4000074bf5f6850 from 0xb4000074bf5f41d0
05-27 18:13:15.305 30773 30782 I dvr_service_: [myNum:0][onFrameReceived] Received Surface:1 0
05-27 18:13:15.306 30773 30782 E dvr_service_: [myNum:0] Received S**** loss
05-27 18:13:15.306   299  1153 D EvsDriver: doneWithFrame
05-27 18:13:15.307 13911 14183 I SentryImuMcuAngleSender: 179.97897rollDeg
05-27 18:13:15.307 13911 14183 I SentryImuMcuAngleSender: 1,0,0
05-27 18:13:15.308   299 30844 D EvsDriver: Delivered 0xb400007b7ca56900 as id 0
05-27 18:13:15.308  1167  1167 D evsmanagerd: /dev/video6 forwarded the buffer #0 to 0xb4000074bf5f5510 from 0xb4000074bf5f6d90
05-27 18:13:15.308 30773 30782 I dvr_service_: [myNum:1][onFrameReceived] Received Surface:1 0
05-27 18:13:15.308 30773 30782 E dvr_service_: [myNum:1] Received S**** loss
05-27 18:13:15.309   299  1153 D EvsDriver: doneWithFrame
05-27 18:13:15.309   536   536 D commservice260303: msg.id = 1028,1
05-27 18:13:15.309   536   536 D commservice260303: i = 170, msgid = 8A000404
05-27 18:13:15.309   536   536 D commservice260303: msgid = -1979710460,did=138
05-27 18:13:15.309   536   536 D commservice260303: CommProtocolLibCmdBaseI2C::dataproc {"command":{"id":"imu_status","sub":""},"content":{"TimeStamp":8,"FrameCounter":200091,"GD_X":-0.011377211660146713,"GD_Y":0.005039200186729431,"GD_Z":0.0019079053308814764,"AD_X":-0.007314354181289673,"AD_Y":-0.0013821173924952745,"AD_Z":-0.16826629638671875,"TempDsp":0,"Status":0,"CalibState":1,"SigAmpInvalid":0}},-1979710460
05-27 18:13:15.309   536   536 D commservice260303: send2Cluster len:317, 7B22636F6D6D616E64223A7B226964223A22696D755F737461747573222C22737562223A22227D2C22636F6E74656E74223A7B2254696D655374616D70223A382C224672616D65436F756E746572223A3230303039312C2247445F58223A2D302E3031313337373231313636303134363731332C2247445F59223A302E3030353033393230303138363732393433312C2247445F5A223A302E303031393037393035333330383831343736342C2241445F58223A2D302E3030373331343335343138313238393637332C2241445F59223A2D302E303031333832313137333932343935323734352C2241445F5A223A2D302E31363832363632393633383637313837352C2254656D70447370223A302C22537461747573223A302C2243616C69625374617465223A312C22536967416D70496E76616C6964223A307D7D, 138 
05-27 18:13:15.309   536   536 D commservice260303: Push Message into SendPool fn=977928960
05-27 18:13:15.309   536   536 D commservice260303: ComProtocolLibSend2Cluster::send2ClusterRaw fn=977928960 , len=333
05-27 18:13:15.309   536   536 D commservice260303: sendCmdToPort :333!!!
05-27 18:13:15.309   536   536 D commservice260303: send Cmd To Port ++++5AA501498A0100034A3A6A16C3BB7B22636F6D6D616E64223A7B226964223A22696D755F737461747573222C22737562223A22227D2C22636F6E74656E74223A7B2254696D655374616D70223A382C224672616D65436F756E746572223A3230303039312C2247445F58223A2D302E3031313337373231313636303134363731332C2247445F59223A302E3030353033393230303138363732393433312C2247445F5A223A302E303031393037393035333330383831343736342C2241445F58223A2D302E3030373331343335343138313238393637332C2241445F59223A2D302E303031333832313137333932343935323734352C2241445F5A223A2D302E31363832363632393633383637313837352C2254656D70447370223A302C22537461747573223A302C2243616C69625374617465223A312C22536967416D70496E76616C6964223A307D7DAB88
05-27 18:13:15.309   536   536 D commservice260303: bufferevent_write retrun value = 0
05-27 08:04:24.269   581   581 D spi_rst_gpio_get_output: GPIO 145 value: 1
05-27 08:04:24.269   581   581 D spidev_ioctl: gpio status=1)
05-27 18:13:15.309   536   560 D commservice260303: client datas send succeed,send finish
05-27 18:13:15.309 13911 14192 D Sentinelmode_1.2.5.17_sentry: <SentryImuClusterFgeSender>imu_status sent to Linux, frame=200091, tsNs=8662544, tsMs=8, intervalMs=41, ad=(-0.007314354,-0.0013821174,-0.1682663), gd=(-0.011377212,0.0050392,0.0019079053)
05-27 18:13:15.310   581   581 I SpiService: fgesysctrl_getGPIO_status success val=1
05-27 08:04:24.275   581   581 D spi_rst_gpio_get_output: GPIO 145 value: 1
05-27 08:04:24.275   581   581 D spidev_ioctl: gpio status=1)
05-27 18:13:15.313 25978 26008 D ANWStack: Realtek Bluetooth :01 01 10 00
05-27 18:13:15.316   581   581 I SpiService: fgesysctrl_getGPIO_status success val=1
05-27 18:13:15.316  1008 30857 D [OMXB]  : usingANWBuffer: handle:0xee741da0, format:1, w:1920, h:1080
05-27 08:04:24.280   581   581 D spi_rst_gpio_get_output: GPIO 145 value: 1
05-27 08:04:24.280   581   581 D spidev_ioctl: gpio status=1)
05-27 18:13:15.321   581   581 I SpiService: fgesysctrl_getGPIO_status success val=1
05-27 08:04:24.286   581   581 D spi_rst_gpio_get_output: GPIO 145 value: 1
05-27 08:04:24.286   581   581 D spidev_ioctl: gpio status=1)
05-27 18:13:15.327   581   581 I SpiService: fgesysctrl_getGPIO_status success val=1
05-27 18:13:15.327 13911 14183 I SentryImuMcuAngleSender: 179.95795rollDeg
05-27 18:13:15.328 13911 14183 I SentryImuMcuAngleSender: 1,0,0
05-27 08:04:24.291   581   581 D spi_rst_gpio_get_output: GPIO 145 value: 1
05-27 08:04:24.291   581   581 D spidev_ioctl: gpio status=1)
05-27 18:13:15.332   581   581 I SpiService: fgesysctrl_getGPIO_status success val=0
05-27 08:04:24.297   581   581 D spi_rst_gpio_get_output: GPIO 145 value: 0
05-27 08:04:24.297   581   581 D spidev_ioctl: gpio status=0)
05-27 18:13:15.334   283   307 I rvcservice: t.code = 3, t.value = 0
05-27 18:13:15.340   299 30844 D EvsDriver: forwardFrame
05-27 18:13:15.341   299 30841 D EvsDriver: forwardFrame
05-27 18:13:15.342   299 30844 D EvsDriver: Delivered 0xb400007b7ca56900 as id 0
05-27 18:13:15.342  1167  1167 D evsmanagerd: /dev/video6 forwarded the buffer #0 to 0xb4000074bf5f5510 from 0xb4000074bf5f6d90
05-27 18:13:15.342   299 30841 D EvsDriver: Delivered 0xb400007b7ca56a60 as id 0
05-27 08:04:24.301     0     0 W         : c6 [    C6] Irq_monitor:Irq                                           IPI[1]occur        6860 times interval 1024 ms
05-27 18:13:15.342 30773 30786 I dvr_service_: CameraX 0  audioOK: 6336000,audios:100
05-27 18:13:15.344 13911 14131 D SVR_MNG_SvrMngProxy: getServer: mSvrManger is null
05-27 18:13:15.344 13911 14131 D SVR_MNG_SvrMngProxy: getNewStub: 
05-27 18:13:15.344  1167  1167 D evsmanagerd: /dev/video4 forwarded the buffer #0 to 0xb4000074bf5f6850 from 0xb4000074bf5f41d0
05-27 18:13:15.344 13911 14131 D SVR_MNG_SvrMngProxy: getNewStub: getSvrManagerService start
05-27 18:13:15.344   299  1153 D EvsDriver: doneWithFrame
05-27 18:13:15.344  1008 30856 D [OMXB]  : usingANWBuffer: handle:0xee742ed0, format:1, w:1920, h:1080
05-27 18:13:15.345 13911 14131 D SVR_MNG_SvrMngProxy: getNewStub: getSvrManagerService end
05-27 18:13:15.345 13911 14131 D SVR_MNG_SvrMngProxy: getServer: svrMngService doesn't start
05-27 18:13:15.345   299  1153 D EvsDriver: doneWithFrame
05-27 18:13:15.346   572   622 I Sensors : 230 AccelSensor: x:-0.170800,y:0.005490,z:-9.978380
05-27 18:13:15.347   581   581 I SpiService: fgesysctrl_getGPIO_status success val=1
05-27 18:13:15.347 13911 14183 I SentryImuMcuAngleSender: 179.96848rollDeg
05-27 18:13:15.347 13911 14183 I SentryImuMcuAngleSender: 1,0,0
05-27 18:13:15.350 13911 13911 I Sentinelmode_1.2.5.17_sentry: <SentinelCarServiceManager>sensorType:291504647
05-27 18:13:15.350   536   536 D commservice260303: msg.id = 1028,0
05-27 18:13:15.351   536   536 D commservice260303: i = 170, msgid = 8A000404
05-27 18:13:15.351   536   536 D commservice260303: msgid = -1979710460,did=138
05-27 18:13:15.351   536   536 D commservice260303: CommProtocolLibCmdBaseI2C::dataproc {"command":{"id":"imu_status","sub":""},"content":{"TimeStamp":8,"FrameCounter":200092,"GD_X":-0.012446117587387562,"GD_Y":0.0048857564106583595,"GD_Z":0.0019079053308814764,"AD_X":-0.004243344068527222,"AD_Y":4.295925609767437E-4,"AD_Z":-0.17314529418945312,"TempDsp":0,"Status":0,"CalibState":1,"SigAmpInvalid":0}},-1979710460
05-27 18:13:15.351   536   536 D commservice260303: send2Cluster len:316, 7B22636F6D6D616E64223A7B226964223A22696D755F737461747573222C22737562223A22227D2C22636F6E74656E74223A7B2254696D655374616D70223A382C224672616D65436F756E746572223A3230303039322C2247445F58223A2D302E3031323434363131373538373338373536322C2247445F59223A302E303034383835373536343130363538333539352C2247445F5A223A302E303031393037393035333330383831343736342C2241445F58223A2D302E3030343234333334343036383532373232322C2241445F59223A342E323935393235363039373637343337452D342C2241445F5A223A2D302E31373331343532393431383934353331322C2254656D70447370223A302C22537461747573223A302C2243616C69625374617465223A312C22536967416D70496E76616C6964223A307D7D, 138 
05-27 18:13:15.351   536   536 D commservice260303: Push Message into SendPool fn=994706176
05-27 18:13:15.351   536   536 D commservice260303: ComProtocolLibSend2Cluster::send2ClusterRaw fn=994706176 , len=332
05-27 18:13:15.351   536   536 D commservice260303: sendCmdToPort :332!!!
05-27 18:13:15.351   536   536 D commservice260303: send Cmd To Port ++++5AA501488A0100034A3B6A16C3BB7B22636F6D6D616E64223A7B226964223A22696D755F737461747573222C22737562223A22227D2C22636F6E74656E74223A7B2254696D655374616D70223A382C224672616D65436F756E746572223A3230303039322C2247445F58223A2D302E3031323434363131373538373338373536322C2247445F59223A302E303034383835373536343130363538333539352C2247445F5A223A302E303031393037393035333330383831343736342C2241445F58223A2D302E3030343234333334343036383532373232322C2241445F59223A342E323935393235363039373637343337452D342C2241445F5A223A2D302E31373331343532393431383934353331322C2254656D70447370223A302C22537461747573223A302C2243616C69625374617465223A312C22536967416D70496E76616C6964223A307D7D2070
05-27 18:13:15.351   536   536 D commservice260303: bufferevent_write retrun value = 0
05-27 18:13:15.351   536   560 D commservice260303: client datas send succeed,send finish
05-27 18:13:15.351 13911 14192 D Sentinelmode_1.2.5.17_sentry: <SentryImuClusterFgeSender>imu_status sent to Linux, frame=200092, tsNs=8662597, tsMs=8, intervalMs=42, ad=(-0.004243344,4.2959256E-4,-0.1731453), gd=(-0.012446118,0.0048857564,0.0019079053)
05-27 08:04:24.311   581   581 D spi_rst_gpio_get_output: GPIO 145 value: 1
05-27 08:04:24.311   581   581 D spidev_ioctl: gpio status=1)
05-27 08:04:24.317   581   581 D spi_rst_gpio_get_output: GPIO 145 value: 1
05-27 08:04:24.317   581   581 D spidev_ioctl: gpio status=1)
05-27 18:13:15.352   581   581 I SpiService: fgesysctrl_getGPIO_status success val=1
05-27 18:13:15.358   581   581 I SpiService: fgesysctrl_getGPIO_status success val=1
05-27 08:04:24.322   581   581 D spi_rst_gpio_get_output: GPIO 145 value: 1
05-27 08:04:24.322   581   581 D spidev_ioctl: gpio status=1)
05-27 18:13:15.363   581   581 I SpiService: fgesysctrl_getGPIO_status success val=1
05-27 08:04:24.328   581   581 D spi_rst_gpio_get_output: GPIO 145 value: 1
05-27 08:04:24.328   581   581 D spidev_ioctl: gpio status=1)
05-27 18:13:15.367 13911 14183 I SentryImuMcuAngleSender: 179.98949rollDeg
05-27 18:13:15.367 13911 14183 I SentryImuMcuAngleSender: 1,0,0
05-27 18:13:15.368   581   581 I SpiService: fgesysctrl_getGPIO_status success val=1
05-27 08:04:24.333   581   581 D spi_rst_gpio_get_output: GPIO 145 value: 1
05-27 08:04:24.333   581   581 D spidev_ioctl: gpio status=1)
05-27 18:13:15.369   299 30841 D EvsDriver: forwardFrame
05-27 18:13:15.370   299 30841 D EvsDriver: Delivered 0xb400007b7ca56a60 as id 0
05-27 18:13:15.370  1167  1167 D evsmanagerd: /dev/video4 forwarded the buffer #0 to 0xb4000074bf5f6850 from 0xb4000074bf5f41d0
05-27 18:13:15.372   299  1153 D EvsDriver: doneWithFrame
05-27 18:13:15.374   581   581 I SpiService: fgesysctrl_getGPIO_status success val=0
05-27 18:13:15.377  1008 30857 D [OMXB]  : usingANWBuffer: handle:0xee742690, format:1, w:1920, h:1080
05-27 18:13:15.379   299 30844 D EvsDriver: forwardFrame
05-27 18:13:15.382  1167  1167 D evsmanagerd: /dev/video6 forwarded the buffer #0 to 0xb4000074bf5f5510 from 0xb4000074bf5f6d90
05-27 18:13:15.382   299 30844 D EvsDriver: Delivered 0xb400007b7ca56900 as id 0
05-27 08:04:24.338   581   581 D spi_rst_gpio_get_output: GPIO 145 value: 0
05-27 08:04:24.338   581   581 D spidev_ioctl: gpio status=0)
05-27 18:13:15.387 13911 14183 I SentryImuMcuAngleSender: 179.98598rollDeg
05-27 18:13:15.387 13911 14183 I SentryImuMcuAngleSender: 1,0,0
05-27 18:13:15.388   299  1153 D EvsDriver: doneWithFrame
05-27 18:13:15.388   581   581 I SpiService: fgesysctrl_getGPIO_status success val=1
05-27 08:04:24.353   581   581 D spi_rst_gpio_get_output: GPIO 145 value: 1
05-27 08:04:24.353   581   581 D spidev_ioctl: gpio status=1)
05-27 18:13:15.391   536   536 D commservice260303: msg.id = 1028,1
05-27 18:13:15.391   536   536 D commservice260303: i = 170, msgid = 8A000404
05-27 18:13:15.391   536   536 D commservice260303: msgid = -1979710460,did=138
05-27 18:13:15.391   536   536 D commservice260303: CommProtocolLibCmdBaseI2C::dataproc {"command":{"id":"imu_status","sub":""},"content":{"TimeStamp":8,"FrameCounter":200093,"GD_X":-0.011910883709788322,"GD_Y":0.0051151420921087265,"GD_Z":0.0019079053308814764,"AD_X":-5.950480699539185E-4,"AD_Y":-0.0026012652087956667,"AD_Z":-0.16826629638671875,"TempDsp":0,"Status":0,"CalibState":1,"SigAmpInvalid":0}},-1979710460
05-27 18:13:15.391   536   536 D commservice260303: send2Cluster len:318, 7B22636F6D6D616E64223A7B226964223A22696D755F737461747573222C22737562223A22227D2C22636F6E74656E74223A7B2254696D655374616D70223A382C224672616D65436F756E746572223A3230303039332C2247445F58223A2D302E3031313931303838333730393738383332322C2247445F59223A302E303035313135313432303932313038373236352C2247445F5A223A302E303031393037393035333330383831343736342C2241445F58223A2D352E393530343830363939353339313835452D342C2241445F59223A2D302E303032363031323635323038373935363636372C2241445F5A223A2D302E31363832363632393633383637313837352C2254656D70447370223A302C22537461747573223A302C2243616C69625374617465223A312C22536967416D70496E76616C6964223A307D7D, 138 
05-27 18:13:15.391   536   536 D commservice260303: Push Message into SendPool fn=1011483392
05-27 18:13:15.391   536   536 D commservice260303: ComProtocolLibSend2Cluster::send2ClusterRaw fn=1011483392 , len=334
05-27 18:13:15.391   536   536 D commservice260303: sendCmdToPort :334!!!
05-27 18:13:15.391   536   536 D commservice260303: send Cmd To Port ++++5AA5014A8A0100034A3C6A16C3BB7B22636F6D6D616E64223A7B226964223A22696D755F737461747573222C22737562223A22227D2C22636F6E74656E74223A7B2254696D655374616D70223A382C224672616D65436F756E746572223A3230303039332C2247445F58223A2D302E3031313931303838333730393738383332322C2247445F59223A302E303035313135313432303932313038373236352C2247445F5A223A302E303031393037393035333330383831343736342C2241445F58223A2D352E393530343830363939353339313835452D342C2241445F59223A2D302E303032363031323635323038373935363636372C2241445F5A223A2D302E31363832363632393633383637313837352C2254656D70447370223A302C22537461747573223A302C2243616C69625374617465223A312C22536967416D70496E76616C6964223A307D7D4039
05-27 18:13:15.391   536   536 D commservice260303: bufferevent_write retrun value = 0
05-27 18:13:15.391   536   560 D commservice260303: client datas send succeed,send finish
05-27 18:13:15.392 13911 14192 D Sentinelmode_1.2.5.17_sentry: <SentryImuClusterFgeSender>imu_status sent to Linux, frame=200093, tsNs=8662633, tsMs=8, intervalMs=40, ad=(-5.9504807E-4,-0.0026012652,-0.1682663), gd=(-0.011910884,0.005115142,0.0019079053)
05-27 18:13:15.394   581   581 I SpiService: fgesysctrl_getGPIO_status success val=1
05-27 18:13:15.395   566 11459 I gps_hdbd: Received: '$GNGGA,002906.000,,,,,0,00,,,M,,M,,*6B
'
05-27 08:04:24.358   581   581 D spi_rst_gpio_get_output: GPIO 145 value: 1
05-27 08:04:24.358   581   581 D spidev_ioctl: gpio status=1)
05-27 18:13:15.396  1008 30856 D [OMXB]  : usingANWBuffer: handle:0xee7469f0, format:1, w:1920, h:1080
05-27 18:13:15.399   581   581 I SpiService: fgesysctrl_getGPIO_status success val=1
05-27 08:04:24.364   581   581 D spi_rst_gpio_get_output: GPIO 145 value: 1
05-27 08:04:24.364   581   581 D spidev_ioctl: gpio status=1)
05-27 18:13:15.401   566 11459 I gps_hdbd: Received: '$GNGSA,A,1,,,,,,,,,,,,,,,,1*1D
'
05-27 18:13:15.401   566 11459 I gps_hdbd: Received: '$GNGSA,A,1,,,,,,,,,,,,,,,,3*1F
'
05-27 08:04:24.369   581   581 D spi_rst_gpio_get_output: GPIO 145 value: 1
05-27 08:04:24.369   581   581 D spidev_ioctl: gpio status=1)
05-27 18:13:15.405   581   581 I SpiService: fgesysctrl_getGPIO_status success val=1
05-27 18:13:15.406   566 11459 I gps_hdbd: Received: '$GNGSA,A,1,,,,,,,,,,,,,,,,4*18
'
05-27 18:13:15.406   299 30841 D EvsDriver: forwardFrame
05-27 18:13:15.407   299 30841 D EvsDriver: Delivered 0xb400007b7ca56a60 as id 0
05-27 18:13:15.407  1167  1167 D evsmanagerd: /dev/video4 forwarded the buffer #0 to 0xb4000074bf5f6850 from 0xb4000074bf5f41d0
05-27 18:13:15.408   566 11459 I gps_hdbd: Received: '$BDGSV,1,1,00,1*75
'
05-27 18:13:15.408   299 30844 D EvsDriver: forwardFrame
05-27 18:13:15.410  1167  1184 D evsmanagerd: /dev/video6 forwarded the buffer #0 to 0xb4000074bf5f5510 from 0xb4000074bf5f6d90
05-27 18:13:15.410   299 30844 D EvsDriver: Delivered 0xb400007b7ca56900 as id 0
05-27 18:13:15.410   581   581 I SpiService: fgesysctrl_getGPIO_status success val=0
05-27 18:13:15.411 30773 30785 I dvr_service_: [EncoderHandler::runMediaThread] runMediaThread started:1,state:1, cam2:started:1,state:1, lastSwitch:1, mIsMuxerStart:1,format:0,is_str_ing:0
05-27 18:13:15.412   299  1153 D EvsDriver: doneWithFrame
05-27 08:04:24.375   581   581 D spi_rst_gpio_get_output: GPIO 145 value: 0
05-27 08:04:24.375   581   581 D spidev_ioctl: gpio status=0)
05-27 18:13:15.413 13911 14183 I SentryImuMcuAngleSender: 179.98598rollDeg
05-27 18:13:15.413 13911 14183 I SentryImuMcuAngleSender: 1,0,0
05-27 18:13:15.417   566 11459 I gps_hdbd: Received: '$BDGSV,1,1,00,5*71
'
05-27 18:13:15.417   299  1153 D EvsDriver: doneWithFrame
05-27 18:13:15.418   566 11459 I gps_hdbd: Received: '$GPGSV,1,1,01,199,42,165,,1*60
'
05-27 18:13:15.418   566 11459 I gps_hdbd: Received: '$GPGSV,1,1,00,8*6D
'
05-27 18:13:15.418   566 11459 I gps_hdbd: Received: '$GAGSV,1,1,00,7*73
'
--------- beginning of system
05-27 18:13:15.420 10188 23768 I ActivityManager: Death received in com.android.server.am.ActivityManagerService$AppDeathRecipient@cbdb7d for thread android.os.BinderProxy@35aba72, proc:ProcessRecord{cecc30e 25978:com.anwsdk.service:remote/1000}
05-27 18:13:15.420 10188 23768 I ActivityManager: Process com.anwsdk.service:remote (pid 25978) has died: cch CACC
05-27 18:13:15.421 10188 23768 I am_proc_died: [0,25978,com.anwsdk.service:remote,900,17]
05-27 18:13:15.421 13435 13435 D BtManager: onServiceDisconnected
05-27 08:04:24.391   581   581 D spi_rst_gpio_get_output: GPIO 145 value: 1
05-27 18:13:15.421 10188 10678 I libprocessgroup: Successfully killed process cgroup uid 1000 pid 25978 in 0ms
05-27 18:13:15.422 10188 23768 I ActivityManager: app ProcessRecord{cecc30e 25978:com.anwsdk.service:remote/1000} mThread:android.app.IApplicationThread$Stub$Proxy@89c4ec3 mDeathRecipient:com.android.server.am.ActivityManagerService$AppDeathRecipient@cbdb7d has been unlinked.
05-27 18:13:15.424 10041 10041 I Zygote  : Process 25978 exited cleanly (1)
05-27 18:13:15.425   566 11459 I gps_hdbd: Received: '$GAGSV,1,1,00,1*75
'
05-27 18:13:15.426 10188 23768 W ActivityManager: Scheduling restart of crashed service com.anwsdk.service/.anwbtservice in 0ms for persistent
05-27 18:13:15.426 10188 23768 I am_schedule_service_restart: [0,com.anwsdk.service/.anwbtservice,0]
05-27 18:13:15.426 10188 23768 I ActivityManager: note: ProcessRecord{cecc30e 25978:com.anwsdk.service:remote/1000} died, saving the exit info
05-27 18:13:15.426 10188 10680 I ActivityManager: Update process exit info for com.anwsdk.service(25978/u1000)
05-27 18:13:15.427   581   581 I SpiService: fgesysctrl_getGPIO_status success val=1
05-27 18:13:15.427 10188 23768 D ActivityTaskManager: put all activities to cleanup list, wpc=ProcessRecord{cecc30e 0:com.anwsdk.service:remote/1000} mHasActivities=false activeActivitySize=0
05-27 18:13:15.430   566 11459 I gps_hdbd: Received: '$GNRMC,002906.000,V,,,,,,,270526,120.0,E,N,V*48
'
05-27 18:13:15.430   566 11459 I gps_hdbd: RMC : CALL gnss_sv_status_cb, view_in_sat <1>
05-27 08:04:24.391   581   581 D spidev_ioctl: gpio status=1)
05-27 18:13:15.430   566 11459 I gps_hdbd: [reportSvStatus]--->PLATFORM_BSP::Enter
05-27 18:13:15.431   536   536 D commservice260303: msg.id = 1028,0
05-27 08:04:24.397   581   581 D spi_rst_gpio_get_output: GPIO 145 value: 1
05-27 08:04:24.397   581   581 D spidev_ioctl: gpio status=1)
05-27 18:13:15.431 10188 10678 I ActivityManager: Got SIGCHLD from zygote: pid=25978, uid=1000, status=100
05-27 18:13:15.431   536   536 D commservice260303: i = 170, msgid = 8A000404
05-27 18:13:15.431   536   536 D commservice260303: msgid = -1979710460,did=138
05-27 18:13:15.431   536   536 D commservice260303: CommProtocolLibCmdBaseI2C::dataproc {"command":{"id":"imu_status","sub":""},"content":{"TimeStamp":8,"FrameCounter":200094,"GD_X":-0.010537171736359596,"GD_Y":0.0056498548947274685,"GD_Z":0.002213752595707774,"AD_X":0.0024250298738479614,"AD_Y":-0.001368570839986205,"AD_Z":-0.16399574279785156,"TempDsp":0,"Status":0,"CalibState":1,"SigAmpInvalid":0}},-1979710460
05-27 18:13:15.431 10188 10680 I ActivityManager: zygote: proc died: pid=25978 uid=1000, status=256
05-27 18:13:15.431   536   536 D commservice260303: send2Cluster len:316, 7B22636F6D6D616E64223A7B226964223A22696D755F737461747573222C22737562223A22227D2C22636F6E74656E74223A7B2254696D655374616D70223A382C224672616D65436F756E746572223A3230303039342C2247445F58223A2D302E3031303533373137313733363335393539362C2247445F59223A302E303035363439383534383934373237343638352C2247445F5A223A302E3030323231333735323539353730373737342C2241445F58223A302E303032343235303239383733383437393631342C2241445F59223A2D302E3030313336383537303833393938363230352C2241445F5A223A2D302E31363339393537343237393738353135362C2254656D70447370223A302C22537461747573223A302C2243616C69625374617465223A312C22536967416D70496E76616C6964223A307D7D, 138 
05-27 18:13:15.431   536   536 D commservice260303: Push Message into SendPool fn=1028260608
05-27 18:13:15.431   536   536 D commservice260303: ComProtocolLibSend2Cluster::send2ClusterRaw fn=1028260608 , len=332
05-27 18:13:15.431   536   536 D commservice260303: sendCmdToPort :332!!!
05-27 18:13:15.431 10188 10660 I ActivityManager: com.anwsdk.service is exempt from freezer
05-27 18:13:15.431   536   536 D commservice260303: send Cmd To Port ++++5AA501488A0100034A3D6A16C3BB7B22636F6D6D616E64223A7B226964223A22696D755F737461747573222C22737562223A22227D2C22636F6E74656E74223A7B2254696D655374616D70223A382C224672616D65436F756E746572223A3230303039342C2247445F58223A2D302E3031303533373137313733363335393539362C2247445F59223A302E303035363439383534383934373237343638352C2247445F5A223A302E3030323231333735323539353730373737342C2241445F58223A302E303032343235303239383733383437393631342C2241445F59223A2D302E3030313336383537303833393938363230352C2241445F5A223A2D302E31363339393537343237393738353135362C2254656D70447370223A302C22537461747573223A302C2243616C69625374617465223A312C22536967416D70496E76616C6964223A307D7DBCE7
05-27 18:13:15.431 10188 10680 E UnisocStabilityCollection: getKill:true,cur=1,killType=3 ,name=proc_died:1000, reason=proc_died
05-27 18:13:15.431 10188 10680 E UnisocStabilityCollection: getKill sum:26
05-27 18:13:15.431   536   536 D commservice260303: bufferevent_write retrun value = 0
05-27 18:13:15.431 10188 10188 D JobScheduler.Quota: Processing event 31 for <0>com.anwsdk.service
05-27 18:13:15.431   536   560 D commservice260303: client datas send succeed,send finish
05-27 18:13:15.431   566 11459 I gps_hdbd: hy abnormal deal:hy_cnr30_satellite_cnt=0
05-27 18:13:15.431   566 11459 D gps_hdbd: hy abnormal deal:hy_fixStatus_fail_count=0
05-27 18:13:15.432  1083  1083 W MyAppLog: [2026-05-27 18:13:15.431 W tboxap gpsSyncGpsInfoToDm:361] [Gps] [gpsSyncGpsInfoToDm] fix=0 mode=49 corner:0x01 alt=0.00 sat=0 hdop=0.00 pdop=0.00 vdop=0.00
05-27 18:13:15.432   566 11459 I gps_hdbd: Received: '$GNZDA,002906.000,27,05,2026,00,00*43
'
05-27 18:13:15.432 13911 14192 D Sentinelmode_1.2.5.17_sentry: <SentryImuClusterFgeSender>imu_status sent to Linux, frame=200094, tsNs=8662670, tsMs=8, intervalMs=41, ad=(0.0024250299,-0.0013685708,-0.16399574), gd=(-0.010537172,0.005649855,0.0022137526)
05-27 18:13:15.432   581   581 I SpiService: fgesysctrl_getGPIO_status success val=1
05-27 18:13:15.434 13911 14183 I SentryImuMcuAngleSender: 179.97897rollDeg
05-27 18:13:15.435   283   307 I rvcservice: t.code = 4, t.value = 0
05-27 18:13:15.435 13911 14183 I SentryImuMcuAngleSender: 1,0,0
05-27 18:13:15.439 10188 10660 D CompatibilityChangeReporter: Compat change id reported: 135634846; UID 1000; state: DISABLED
05-27 18:13:15.439 10188 10660 D CompatibilityChangeReporter: Compat change id reported: 177438394; UID 1000; state: DISABLED
05-27 18:13:15.439 10188 10660 D CompatibilityChangeReporter: Compat change id reported: 135772972; UID 1000; state: DISABLED
05-27 18:13:15.439 10188 10660 D CompatibilityChangeReporter: Compat change id reported: 135754954; UID 1000; state: ENABLED
05-27 18:13:15.439 10188 10660 D ActivityManager: ProcessRecord{85f2340 0:com.anwsdk.service:remote/1000} setPendingStart=true callers=com.android.server.am.ProcessList.startProcessLocked:1922 com.android.server.am.UnisocProcessList.startProcessLocked:320 com.android.server.am.ProcessList.startProcessLocked:2391 com.android.server.am.ProcessList.startProcessLocked:2534 com.android.server.am.ActivityManagerService.startProcessLocked:2890 com.android.server.am.ActiveServices.bringUpServiceLocked:4326 com.android.server.am.ActiveServices.performServiceRestartLocked:4104 com.android.server.am.ActiveServices$ServiceRestarter.run:3320 android.os.Handler.handleCallback:942 android.os.Handler.dispatchMessage:99 
05-27 18:13:15.439 10188 10660 I ActivityManager: Posting procStart msg for 0:com.anwsdk.service:remote/1000
05-27 18:13:15.439   581   581 I SpiService: fgesysctrl_getGPIO_status success val=1
