05-27 18:13:15.439 10188 10661 D ActivityManager: asking zygote to start proc:ProcessRecord{85f2340 0:com.anwsdk.service:remote/1000}
05-27 18:13:15.440  1008 30857 D [OMXB]  : usingANWBuffer: handle:0xee742b60, format:1, w:1920, h:1080
05-27 18:13:15.440 10188 10661 D Prefork : startResult is empty and running normal execution.
05-27 18:13:15.443   299 30844 D EvsDriver: forwardFrame
05-27 18:13:15.444   299 30841 D EvsDriver: forwardFrame
05-27 18:13:15.445   581   581 I SpiService: fgesysctrl_getGPIO_status success val=1
05-27 18:13:15.445  1167  1184 D evsmanagerd: /dev/video4 forwarded the buffer #0 to 0xb4000074bf5f6850 from 0xb4000074bf5f41d0
05-27 08:04:24.404   581   581 D spi_rst_gpio_get_output: GPIO 145 value: 1
05-27 18:13:15.445   299 30841 D EvsDriver: Delivered 0xb400007b7ca56a60 as id 0
05-27 08:04:24.404   581   581 D spidev_ioctl: gpio status=1)
05-27 18:13:15.446  1167  1184 D evsmanagerd: /dev/video6 forwarded the buffer #0 to 0xb4000074bf5f5510 from 0xb4000074bf5f6d90
05-27 08:04:24.410   581   581 D spi_rst_gpio_get_output: GPIO 145 value: 1
05-27 08:04:24.410   581   581 D spidev_ioctl: gpio status=1)
05-27 18:13:15.448   299  1153 D EvsDriver: doneWithFrame
05-27 08:04:24.415   581   581 D spi_rst_gpio_get_output: GPIO 145 value: 0
05-27 08:04:24.415   581   581 D spidev_ioctl: gpio status=0)
05-27 18:13:15.450   299  1153 D EvsDriver: doneWithFrame
05-27 18:13:15.451   581   581 I SpiService: fgesysctrl_getGPIO_status success val=0
05-27 18:13:15.453   566 11459 I gps_hdbd: Received: '$GNINS,1,1,TYPE,I,V,002906.000,17257000,FUS,-8,0,0,0,MOT,V,1,PATT,0.00,0.00,0.00,VEL,0.000,0.000,0.000,POS,40.0001330924,116.0001570688,84.176,IIA,1,0.00,0.00,0.00,BGA,0.31,-0.66,-0.13,0.000,0.000,0.000,IGA,0,-1,0,0,-2,98,VG,16c2ff1*13
'
05-27 18:13:15.457 13911 14183 I SentryImuMcuAngleSender: 179.97897rollDeg
05-27 18:13:15.457 13911 14183 I SentryImuMcuAngleSender: 1,0,0
05-27 18:13:15.458   566 11459 I gps_hdbd: Received: '$GNINS,CARSPEED,ADR_STATUS,0,Pulse_count,0,1,0,0,17257000,86420,0.000,0.000,0.000*38
'
05-27 18:13:15.460   299 30844 D EvsDriver: Delivered 0xb400007b7ca56900 as id 0
05-27 18:13:15.464   566 11459 I gps_hdbd: Received: '$GNTXT,04,01,04,INS,V,1,,,,FLG,1,000000,1,0,1,0,0,Con,0*71
'
05-27 18:13:15.465   581   581 I SpiService: fgesysctrl_getGPIO_status success val=1
05-27 18:13:15.467 10041 10041 D Zygote  : Forked child process 26061
05-27 08:04:24.430   581   581 D spi_rst_gpio_get_output: GPIO 145 value: 1
05-27 08:04:24.430   581   581 D spidev_ioctl: gpio status=1)
05-27 18:13:15.469 10188 10661 I am_proc_start: [0,26061,1000,com.anwsdk.service:remote,service,{com.anwsdk.service/com.anwsdk.service.anwbtservice}]
05-27 18:13:15.469 10188 10661 I ActivityManager: Start proc 26061:com.anwsdk.service:remote/1000 for service {com.anwsdk.service/com.anwsdk.service.anwbtservice}
05-27 18:13:15.469 10188 10661 D ActivityManager: ProcessRecord{85f2340 26061:com.anwsdk.service:remote/1000} setPendingStart=false callers=com.android.server.am.ProcessList.handleProcessStartedLocked:2646 com.android.server.am.UnisocProcessList.handleProcessStartedLocked:377 com.android.server.am.ProcessList.handleProcessStartedLocked:2585 com.android.server.am.ProcessList.lambda$handleProcessStart$1$com-android-server-am-ProcessList:1993 com.android.server.am.ProcessList$$ExternalSyntheticLambda1.run:22 com.android.server.am.ProcessList.handleProcessStart:2016 com.android.server.am.ProcessList.lambda$startProcessLocked$0$com-android-server-am-ProcessList:1950 com.android.server.am.ProcessList$$ExternalSyntheticLambda5.run:22 android.os.Handler.handleCallback:942 android.os.Handler.dispatchMessage:99 
05-27 18:13:15.470   299 30844 D EvsDriver: forwardFrame
05-27 18:13:15.470   566 11459 I gps_hdbd: Received: '$GNTXT,INSTALL,0.00,0.00,0.00,0.00,0.00,0.00,0*20
'
05-27 18:13:15.470   572   622 I Sensors : 230 GyroSensor: x:-0.010995,y:0.005345,z:0.002443
05-27 18:13:15.471   581   581 I SpiService: fgesysctrl_getGPIO_status success val=1
05-27 18:13:15.471   536   536 D commservice260303: msg.id = 1028,0
05-27 18:13:15.471   536   536 D commservice260303: i = 170, msgid = 8A000404
05-27 18:13:15.471   536   536 D commservice260303: msgid = -1979710460,did=138
05-27 18:13:15.471   536   536 D commservice260303: CommProtocolLibCmdBaseI2C::dataproc {"command":{"id":"imu_status","sub":""},"content":{"TimeStamp":8,"FrameCounter":200095,"GD_X":-0.010537171736359596,"GD_Y":0.0056498548947274685,"GD_Z":0.002213752595707774,"AD_X":0.0024250298738479614,"AD_Y":-0.001368570839986205,"AD_Z":-0.16399574279785156,"TempDsp":0,"Status":0,"CalibState":1,"SigAmpInvalid":0}},-1979710460
05-27 18:13:15.471   299 30844 D EvsDriver: Delivered 0xb400007b7ca56900 as id 0
05-27 18:13:15.471   536   536 D commservice260303: send2Cluster len:316, 7B22636F6D6D616E64223A7B226964223A22696D755F737461747573222C22737562223A22227D2C22636F6E74656E74223A7B2254696D655374616D70223A382C224672616D65436F756E746572223A3230303039352C2247445F58223A2D302E3031303533373137313733363335393539362C2247445F59223A302E303035363439383534383934373237343638352C2247445F5A223A302E3030323231333735323539353730373737342C2241445F58223A302E303032343235303239383733383437393631342C2241445F59223A2D302E3030313336383537303833393938363230352C2241445F5A223A2D302E31363339393537343237393738353135362C2254656D70447370223A302C22537461747573223A302C2243616C69625374617465223A312C22536967416D70496E76616C6964223A307D7D, 138 
05-27 18:13:15.471  1167  1184 D evsmanagerd: /dev/video6 forwarded the buffer #0 to 0xb4000074bf5f5510 from 0xb4000074bf5f6d90
05-27 18:13:15.471   536   536 D commservice260303: Push Message into SendPool fn=1045037824
05-27 18:13:15.471   536   536 D commservice260303: ComProtocolLibSend2Cluster::send2ClusterRaw fn=1045037824 , len=332
05-27 18:13:15.471   536   536 D commservice260303: sendCmdToPort :332!!!
05-27 18:13:15.472   536   536 D commservice260303: send Cmd To Port ++++5AA501488A0100034A3E6A16C3BB7B22636F6D6D616E64223A7B226964223A22696D755F737461747573222C22737562223A22227D2C22636F6E74656E74223A7B2254696D655374616D70223A382C224672616D65436F756E746572223A3230303039352C2247445F58223A2D302E3031303533373137313733363335393539362C2247445F59223A302E303035363439383534383934373237343638352C2247445F5A223A302E3030323231333735323539353730373737342C2241445F58223A302E303032343235303239383733383437393631342C2241445F59223A2D302E3030313336383537303833393938363230352C2241445F5A223A2D302E31363339393537343237393738353135362C2254656D70447370223A302C22537461747573223A302C2243616C69625374617465223A312C22536967416D70496E76616C6964223A307D7DBA8C
05-27 18:13:15.472   536   536 D commservice260303: bufferevent_write retrun value = 0
05-27 18:13:15.472   536   560 D commservice260303: client datas send succeed,send finish
05-27 18:13:15.472 30773 30782 E dvr_service_: [myNum:1] Received S**** loss
05-27 18:13:15.472   299 30841 D EvsDriver: forwardFrame
05-27 18:13:15.472 13911 14192 D Sentinelmode_1.2.5.17_sentry: <SentryImuClusterFgeSender>imu_status sent to Linux, frame=200095, tsNs=8662670, tsMs=8, intervalMs=40, ad=(0.0024250299,-0.0013685708,-0.16399574), gd=(-0.010537172,0.005649855,0.0022137526)
05-27 18:13:15.472   299  1153 D EvsDriver: doneWithFrame
05-27 08:04:24.436   581   581 D spi_rst_gpio_get_output: GPIO 145 value: 1
05-27 08:04:24.436   581   581 D spidev_ioctl: gpio status=1)
05-27 18:13:15.473   299 30841 D EvsDriver: Delivered 0xb400007b7ca56a60 as id 0
05-27 18:13:15.473  1167  1184 D evsmanagerd: /dev/video4 forwarded the buffer #0 to 0xb4000074bf5f6850 from 0xb4000074bf5f41d0
05-27 18:13:15.473 26061 26061 I Zygote  : seccomp disabled by setenforce 0
05-27 18:13:15.474 30773 30782 E dvr_service_: [myNum:0] Received S**** loss
05-27 18:13:15.474   299  1153 D EvsDriver: doneWithFrame
05-27 18:13:15.476  1008 30856 D [OMXB]  : usingANWBuffer: handle:0xee740e80, format:1, w:1920, h:1080
05-27 18:13:15.469  1008  1008 I auditd  : type=1400 audit(0.0:40803): avc: denied { call } for comm="OMXCallbackDisp" scontext=u:r:mediacodec:s0 tcontext=u:r:adayo_dvr_service:s0 tclass=binder permissive=1
05-27 18:13:15.469  1008  1008 I OMXCallbackDisp: type=1400 audit(0.0:40803): avc: denied { call } for scontext=u:r:mediacodec:s0 tcontext=u:r:adayo_dvr_service:s0 tclass=binder permissive=1
05-27 18:13:15.469   581   581 I auditd  : type=1400 audit(0.0:40804): avc: denied { read write } for comm="spi@1.0-service" name="spidev2.0" dev="tmpfs" ino=23621 scontext=u:r:hal_spi_default:s0 tcontext=u:object_r:spi_consumerir_device:s0 tclass=chr_file permissive=1
05-27 18:13:15.469   581   581 I spi@1.0-service: type=1400 audit(0.0:40804): avc: denied { read write } for name="spidev2.0" dev="tmpfs" ino=23621 scontext=u:r:hal_spi_default:s0 tcontext=u:object_r:spi_consumerir_device:s0 tclass=chr_file permissive=1
05-27 18:13:15.469   581   581 I auditd  : type=1400 audit(0.0:40805): avc: denied { open } for comm="spi@1.0-service" path="/dev/spidev2.0" dev="tmpfs" ino=23621 scontext=u:r:hal_spi_default:s0 tcontext=u:object_r:spi_consumerir_device:s0 tclass=chr_file permissive=1
05-27 18:13:15.469   581   581 I spi@1.0-service: type=1400 audit(0.0:40805): avc: denied { open } for path="/dev/spidev2.0" dev="tmpfs" ino=23621 scontext=u:r:hal_spi_default:s0 tcontext=u:object_r:spi_consumerir_device:s0 tclass=chr_file permissive=1
05-27 18:13:15.469   581   581 I auditd  : type=1400 audit(0.0:40806): avc: denied { ioctl } for comm="spi@1.0-service" path="/dev/spidev2.0" dev="tmpfs" ino=23621 ioctlcmd=0x6b06 scontext=u:r:hal_spi_default:s0 tcontext=u:object_r:spi_consumerir_device:s0 tclass=chr_file permissive=1
05-27 18:13:15.469   581   581 I spi@1.0-service: type=1400 audit(0.0:40806): avc: denied { ioctl } for path="/dev/spidev2.0" dev="tmpfs" ino=23621 ioctlcmd=0x6b06 scontext=u:r:hal_spi_default:s0 tcontext=u:object_r:spi_consumerir_device:s0 tclass=chr_file permissive=1
05-27 08:04:24.441   581   581 D spi_rst_gpio_get_output: GPIO 145 value: 1
05-27 08:04:24.441   581   581 D spidev_ioctl: gpio status=1)
05-27 18:13:15.479 26061 26061 I .service:remote: Late-enabling -Xcheck:jni
05-27 18:13:15.473 26051 26051 I auditd  : type=1400 audit(0.0:40807): avc: denied { append } for comm="logcat" path="/mnt/log_data/AndroidLog/logcat/logcat_2026_05_27_18_13_13_440-41.txt" dev="vda93" ino=180274 scontext=u:r:logpersist:s0 tcontext=u:object_r:log_data_file:s0 tclass=file permissive=1
05-27 18:13:15.473 26051 26051 I logcat  : type=1400 audit(0.0:40807): avc: denied { append } for path="/mnt/log_data/AndroidLog/logcat/logcat_2026_05_27_18_13_13_440-41.txt" dev="vda93" ino=180274 scontext=u:r:logpersist:s0 tcontext=u:object_r:log_data_file:s0 tclass=file permissive=1
05-27 18:13:15.483   581   581 I SpiService: fgesysctrl_getGPIO_status success val=1
05-27 08:04:24.447   581   581 D spi_rst_gpio_get_output: GPIO 145 value: 1
05-27 08:04:24.447   581   581 D spidev_ioctl: gpio status=1)
05-27 18:13:15.488   581   581 I SpiService: fgesysctrl_getGPIO_status success val=1
05-27 18:13:15.488 13911 14183 I SentryImuMcuAngleSender: 179.97195rollDeg
05-27 08:04:24.453   581   581 D spi_rst_gpio_get_output: GPIO 145 value: 1
05-27 08:04:24.453   581   581 D spidev_ioctl: gpio status=1)
05-27 18:13:15.489 13911 14183 I SentryImuMcuAngleSender: 1,0,0
05-27 18:13:15.494   581   581 I SpiService: fgesysctrl_getGPIO_status success val=1
05-27 08:04:24.458   581   581 D spi_rst_gpio_get_output: GPIO 145 value: 1
05-27 08:04:24.458   581   581 D spidev_ioctl: gpio status=1)
05-27 18:13:15.497  1008 30857 D [OMXB]  : usingANWBuffer: handle:0xee740220, format:1, w:1920, h:1080
05-27 18:13:15.499   581   581 I SpiService: fgesysctrl_getGPIO_status success val=0
05-27 08:04:24.464   581   581 D spi_rst_gpio_get_output: GPIO 145 value: 0
05-27 08:04:24.464   581   581 D spidev_ioctl: gpio status=0)
05-27 18:13:15.501 11344 11344 E SystemUI_NavBarFragment: SysUIConfig.icCarServiceConnected：false
05-27 18:13:15.508   299 30844 D EvsDriver: forwardFrame
05-27 18:13:15.508   299 30841 D EvsDriver: forwardFrame
05-27 18:13:15.514  1167  1184 D evsmanagerd: /dev/video6 forwarded the buffer #0 to 0xb4000074bf5f5510 from 0xb4000074bf5f6d90
05-27 08:04:24.479 30845 30845 W audit   : audit_lost=21477 audit_rate_limit=5 audit_backlog_limit=64
05-27 08:04:24.479 30845 30845 E audit   : rate limit exceeded
05-27 18:13:15.517  1167  1184 D evsmanagerd: /dev/video4 forwarded the buffer #0 to 0xb4000074bf5f6850 from 0xb4000074bf5f41d0
05-27 18:13:15.518   581   581 I SpiService: fgesysctrl_getGPIO_status success val=1
05-27 18:13:15.519   299  1153 D EvsDriver: doneWithFrame
05-27 18:13:15.520 13911 14183 I SentryImuMcuAngleSender: 179.98598rollDeg
05-27 18:13:15.520 13911 14183 I SentryImuMcuAngleSender: 1,0,0
05-27 18:13:15.521   299 30844 D EvsDriver: Delivered 0xb400007b7ca56900 as id 0
05-27 08:04:24.483   581   581 D spi_rst_gpio_get_output: GPIO 145 value: 1
05-27 08:04:24.483   581   581 D spidev_ioctl: gpio status=1)
05-27 18:13:15.522   299 30841 D EvsDriver: Delivered 0xb400007b7ca56a60 as id 0
05-27 18:13:15.522   536   536 D commservice260303: msg.id = 1028,0
05-27 18:13:15.522   536   536 D commservice260303: i = 170, msgid = 8A000404
05-27 18:13:15.522   536   536 D commservice260303: msgid = -1979710460,did=138
05-27 18:13:15.522   536   536 D commservice260303: CommProtocolLibCmdBaseI2C::dataproc {"command":{"id":"imu_status","sub":""},"content":{"TimeStamp":8,"FrameCounter":200096,"GD_X":-0.011300750076770782,"GD_Y":0.004580949433147907,"GD_Z":0.0020608289632946253,"AD_X":-0.0036849528551101685,"AD_Y":-0.0025730666238814592,"AD_Z":-0.16460132598876953,"TempDsp":0,"Status":0,"CalibState":1,"SigAmpInvalid":0}},-1979710460
05-27 18:13:15.522   536   536 D commservice260303: send2Cluster len:318, 7B22636F6D6D616E64223A7B226964223A22696D755F737461747573222C22737562223A22227D2C22636F6E74656E74223A7B2254696D655374616D70223A382C224672616D65436F756E746572223A3230303039362C2247445F58223A2D302E3031313330303735303037363737303738322C2247445F59223A302E3030343538303934393433333134373930372C2247445F5A223A302E303032303630383238393633323934363235332C2241445F58223A2D302E303033363834393532383535313130313638352C2241445F59223A2D302E303032353733303636363233383831343539322C2241445F5A223A2D302E31363436303133323539383837363935332C2254656D70447370223A302C22537461747573223A302C2243616C69625374617465223A312C22536967416D70496E76616C6964223A307D7D, 138 
05-27 18:13:15.522   536   536 D commservice260303: Push Message into SendPool fn=1061815040
05-27 18:13:15.523   299  1153 D EvsDriver: doneWithFrame
05-27 18:13:15.523   536   536 D commservice260303: ComProtocolLibSend2Cluster::send2ClusterRaw fn=1061815040 , len=334
05-27 18:13:15.523   536   536 D commservice260303: sendCmdToPort :334!!!
05-27 18:13:15.523   536   536 D commservice260303: send Cmd To Port ++++5AA5014A8A0100034A3F6A16C3BB7B22636F6D6D616E64223A7B226964223A22696D755F737461747573222C22737562223A22227D2C22636F6E74656E74223A7B2254696D655374616D70223A382C224672616D65436F756E746572223A3230303039362C2247445F58223A2D302E3031313330303735303037363737303738322C2247445F59223A302E3030343538303934393433333134373930372C2247445F5A223A302E303032303630383238393633323934363235332C2241445F58223A2D302E303033363834393532383535313130313638352C2241445F59223A2D302E303032353733303636363233383831343539322C2241445F5A223A2D302E31363436303133323539383837363935332C2254656D70447370223A302C22537461747573223A302C2243616C69625374617465223A312C22536967416D70496E76616C6964223A307D7DA7AA
05-27 18:13:15.523   536   536 D commservice260303: bufferevent_write retrun value = 0
05-27 18:13:15.523   536   560 D commservice260303: client datas send succeed,send finish
05-27 18:13:15.524   581   581 I SpiService: fgesysctrl_getGPIO_status success val=1
05-27 08:04:24.489   581   581 D spi_rst_gpio_get_output: GPIO 145 value: 1
05-27 08:04:24.489   581   581 D spidev_ioctl: gpio status=1)
05-27 18:13:15.525 13911 14192 D Sentinelmode_1.2.5.17_sentry: <SentryImuClusterFgeSender>imu_status sent to Linux, frame=200096, tsNs=8662740, tsMs=8, intervalMs=53, ad=(-0.0036849529,-0.0025730666,-0.16460133), gd=(-0.01130075,0.0045809494,0.002060829)
05-27 18:13:15.528 26061 26061 D .service:remote: Received session metadata: 1942225720296942766
05-27 18:13:15.529   581   581 I SpiService: fgesysctrl_getGPIO_status success val=1
05-27 18:13:15.531  1008 30856 D [OMXB]  : usingANWBuffer: handle:0xee7454a0, format:1, w:1920, h:1080
05-27 08:04:24.494   581   581 D spi_rst_gpio_get_output: GPIO 145 value: 1
05-27 08:04:24.494   581   581 D spidev_ioctl: gpio status=1)
05-27 18:13:15.535   283   307 I rvcservice: t.code = 3, t.value = 0
05-27 18:13:15.535   581   581 I SpiService: fgesysctrl_getGPIO_status success val=0
05-27 08:04:24.500   581   581 D spi_rst_gpio_get_output: GPIO 145 value: 0
05-27 08:04:24.500   581   581 D spidev_ioctl: gpio status=0)
05-27 18:13:15.539   299 30841 D EvsDriver: forwardFrame
05-27 18:13:15.539   299 30844 D EvsDriver: forwardFrame
05-27 18:13:15.542 13911 14183 I SentryImuMcuAngleSender: 179.96495rollDeg
05-27 18:13:15.542 13911 14183 I SentryImuMcuAngleSender: 1,0,0
05-27 18:13:15.542   299 30841 D EvsDriver: Delivered 0xb400007b7ca56a60 as id 0
05-27 18:13:15.542  1167  1167 D evsmanagerd: /dev/video4 forwarded the buffer #0 to 0xb4000074bf5f6850 from 0xb4000074bf5f41d0
05-27 18:13:15.542  1167  1184 D evsmanagerd: /dev/video6 forwarded the buffer #0 to 0xb4000074bf5f5510 from 0xb4000074bf5f6d90
05-27 18:13:15.543   299 30844 D EvsDriver: Delivered 0xb400007b7ca56900 as id 0
05-27 18:13:15.546   572   622 I Sensors : 230 AccelSensor: x:-0.173239,y:0.008540,z:-9.973500
05-27 18:13:15.549   299  1163 D EvsDriver: doneWithFrame
05-27 18:13:15.549   299  1153 D EvsDriver: doneWithFrame
05-27 18:13:15.551   581   581 I SpiService: fgesysctrl_getGPIO_status success val=1
05-27 08:04:24.516   581   581 D spi_rst_gpio_get_output: GPIO 145 value: 1
05-27 08:04:24.516   581   581 D spidev_ioctl: gpio status=1)
05-27 18:13:15.555  1116  1135 I adbd    : jdwp connection from 26061
05-27 18:13:15.556  1008 30857 D [OMXB]  : usingANWBuffer: handle:0xee742530, format:1, w:1920, h:1080
05-27 18:13:15.557   581   581 I SpiService: fgesysctrl_getGPIO_status success val=1
05-27 18:13:15.558   536  2579 D commservice260303: send heart beat package to Cluster
05-27 18:13:15.558   536  2579 D commservice260303: send2Cluster len:40, 7B22636F6D6D616E64223A7B226964223A22686561727462656174222C22737562223A22227D7D0A, 129 
05-27 18:13:15.558   536  2579 D commservice260303: Push Message into SendPool fn=1078592256
05-27 18:13:15.559   536  2579 D commservice260303: ComProtocolLibSend2Cluster::send2ClusterRaw fn=1078592256 , len=56
05-27 18:13:15.559   536  2579 D commservice260303: sendCmdToPort :56!!!
05-27 18:13:15.559   536  2579 D commservice260303: send Cmd To Port ++++5AA50034810100034A406A16C3BB7B22636F6D6D616E64223A7B226964223A22686561727462656174222C22737562223A22227D7D0A2F67
05-27 18:13:15.559   536  2579 D commservice260303: bufferevent_write retrun value = 0
05-27 18:13:15.559   536   560 D commservice260303: client datas send succeed,send finish
05-27 08:04:24.522   581   581 D spi_rst_gpio_get_output: GPIO 145 value: 1
05-27 08:04:24.522   581   581 D spidev_ioctl: gpio status=1)
05-27 18:13:15.562 13911 14183 I SentryImuMcuAngleSender: 179.94043rollDeg
05-27 18:13:15.562 13911 14183 I SentryImuMcuAngleSender: 1,0,0
05-27 18:13:15.563   581   581 I SpiService: fgesysctrl_getGPIO_status success val=1
05-27 18:13:15.564   536   560 D commservice260303: recv len:91, 5AA500570100000032B56A16C3BB7B22636F6D6D616E64223A7B226964223A22686561727462656174222C22737562223A22227D2C22726573706F6E65223A7B22636F6465223A302C226D657373616765223A226F6B227D7DA9BB from server
05-27 18:13:15.564   536  2578 D commservice260303: mcuDataAnalyzeHandle templen:91,len:91,pos:0, 5AA500570100000032B56A16C3BB7B22636F6D6D616E64223A7B226964223A22686561727462656174222C22737562223A22227D2C22726573706F6E65223A7B22636F6465223A302C226D657373616765223A226F6B227D7DA9BB 
05-27 18:13:15.564   536  2578 I commservice260303: checksumCal = 43451
05-27 18:13:15.564   536  2578 D commservice260303: Protocol_C2I_Commservice::dataproc {"command":{"id":"heartbeat","sub":""},"respone":{"code":0,"message":"ok"}},1
05-27 18:13:15.564   536  2578 D commservice260303: Protocol_C2I_Commservice::dataproc Receive a heartbeat command from Cluster, setTcpHeartbeat = EID_UID_HEARTBEAT
05-27 08:04:24.528   581   581 D spi_rst_gpio_get_output: GPIO 145 value: 1
05-27 08:04:24.528   581   581 D spidev_ioctl: gpio status=1)
05-27 18:13:15.565   536   536 D commservice260303: msg.id = 1028,0
05-27 18:13:15.565   536   536 D commservice260303: i = 170, msgid = 8A000404
05-27 18:13:15.565   536   536 D commservice260303: msgid = -1979710460,did=138
05-27 18:13:15.565   536   536 D commservice260303: CommProtocolLibCmdBaseI2C::dataproc {"command":{"id":"imu_status","sub":""},"content":{"TimeStamp":8,"FrameCounter":200097,"GD_X":-0.012139749713242054,"GD_Y":0.005802778527140617,"GD_Z":0.0019079053308814764,"AD_X":-0.00547163188457489,"AD_Y":0.0053262002766132355,"AD_Z":-0.16826629638671875,"TempDsp":0,"Status":0,"CalibState":1,"SigAmpInvalid":0}},-1979710460
05-27 18:13:15.566   536   536 D commservice260303: send2Cluster len:315, 7B22636F6D6D616E64223A7B226964223A22696D755F737461747573222C22737562223A22227D2C22636F6E74656E74223A7B2254696D655374616D70223A382C224672616D65436F756E746572223A3230303039372C2247445F58223A2D302E3031323133393734393731333234323035342C2247445F59223A302E3030353830323737383532373134303631372C2247445F5A223A302E303031393037393035333330383831343736342C2241445F58223A2D302E30303534373136333138383435373438392C2241445F59223A302E303035333236323030323736363133323335352C2241445F5A223A2D302E31363832363632393633383637313837352C2254656D70447370223A302C22537461747573223A302C2243616C69625374617465223A312C22536967416D70496E76616C6964223A307D7D, 138 
05-27 18:13:15.566   536   536 D commservice260303: Push Message into SendPool fn=1095369472
05-27 18:13:15.566   536   536 D commservice260303: ComProtocolLibSend2Cluster::send2ClusterRaw fn=1095369472 , len=331
05-27 18:13:15.566   536   536 D commservice260303: sendCmdToPort :331!!!
05-27 18:13:15.566   536   536 D commservice260303: send Cmd To Port ++++5AA501478A0100034A416A16C3BB7B22636F6D6D616E64223A7B226964223A22696D755F737461747573222C22737562223A22227D2C22636F6E74656E74223A7B2254696D655374616D70223A382C224672616D65436F756E746572223A3230303039372C2247445F58223A2D302E3031323133393734393731333234323035342C2247445F59223A302E3030353830323737383532373134303631372C2247445F5A223A302E303031393037393035333330383831343736342C2241445F58223A2D302E30303534373136333138383435373438392C2241445F59223A302E303035333236323030323736363133323335352C2241445F5A223A2D302E31363832363632393633383637313837352C2254656D70447370223A302C22537461747573223A302C2243616C69625374617465223A312C22536967416D70496E76616C6964223A307D7D504D
05-27 18:13:15.566   536   536 D commservice260303: bufferevent_write retrun value = 0
05-27 18:13:15.566   536   560 D commservice260303: client datas send succeed,send finish
05-27 18:13:15.567 13911 14192 D Sentinelmode_1.2.5.17_sentry: <SentryImuClusterFgeSender>imu_status sent to Linux, frame=200097, tsNs=8662811, tsMs=8, intervalMs=41, ad=(-0.005471632,0.0053262003,-0.1682663), gd=(-0.01213975,0.0058027785,0.0019079053)
05-27 18:13:15.569   581   581 I SpiService: fgesysctrl_getGPIO_status success val=1
05-27 08:04:24.533   581   581 D spi_rst_gpio_get_output: GPIO 145 value: 1
05-27 08:04:24.533   581   581 D spidev_ioctl: gpio status=1)
05-27 18:13:15.571  1008 30856 D [OMXB]  : usingANWBuffer: handle:0xee742f80, format:1, w:1920, h:1080
05-27 18:13:15.574   581   581 I SpiService: fgesysctrl_getGPIO_status success val=1
05-27 08:04:24.539   581   581 D spi_rst_gpio_get_output: GPIO 145 value: 1
05-27 08:04:24.539   581   581 D spidev_ioctl: gpio status=1)
05-27 18:13:15.575   299 30841 D EvsDriver: forwardFrame
05-27 18:13:15.575   299 30844 D EvsDriver: forwardFrame
05-27 18:13:15.577   299 30844 D EvsDriver: Delivered 0xb400007b7ca56900 as id 0
05-27 18:13:15.577  1167  1184 D evsmanagerd: /dev/video6 forwarded the buffer #0 to 0xb4000074bf5f5510 from 0xb4000074bf5f6d90
05-27 18:13:15.577   299 30841 D EvsDriver: Delivered 0xb400007b7ca56a60 as id 0
05-27 18:13:15.577  1167  1167 D evsmanagerd: /dev/video4 forwarded the buffer #0 to 0xb4000074bf5f6850 from 0xb4000074bf5f41d0
05-27 18:13:15.578 26061 26061 W ziparchive: Unable to open '/system_ext/framework/unisoc-framework.dm': No such file or directory
05-27 18:13:15.578 26061 26061 W ziparchive: Unable to open '/system_ext/framework/unisoc-framework.dm': No such file or directory
05-27 08:04:24.544   581   581 D spi_rst_gpio_get_output: GPIO 145 value: 0
05-27 08:04:24.544   581   581 D spidev_ioctl: gpio status=0)
05-27 18:13:15.580   581   581 I SpiService: fgesysctrl_getGPIO_status success val=0
05-27 18:13:15.581   299  1153 D EvsDriver: doneWithFrame
05-27 18:13:15.584 10188 11505 E SSense.fps: We could not find the file :/sys/class/display/dispc0/frame_count
05-27 18:13:15.585   299  1153 D EvsDriver: doneWithFrame
05-27 18:13:15.588 26061 26061 I service_manager_slow: [13,activity]
05-27 18:13:15.592 10188 23768 I am_proc_bound: [0,26061,com.anwsdk.service:remote]
05-27 18:13:15.593 13911 14183 I SentryImuMcuAngleSender: 179.94043rollDeg
05-27 18:13:15.593 13911 14183 I SentryImuMcuAngleSender: 1,0,0
05-27 18:13:15.594 30773 30788 I dvr_service_: [runShortMediaThread:298] cameraId:1 medias:300,audios:220,stateAudio:0,mShortState:0,warnEvent:0,state:1
05-27 18:13:15.599   581   581 I SpiService: fgesysctrl_getGPIO_status success val=1
05-27 18:13:15.600 10188 23768 I am_create_service: [0,208025669,.anwbtservice,1000,26061]
05-27 08:04:24.564   581   581 D spi_rst_gpio_get_output: GPIO 145 value: 1
05-27 08:04:24.564   581   581 D spidev_ioctl: gpio status=1)
05-27 18:13:15.602  1008 30857 D [OMXB]  : usingANWBuffer: handle:0xee742950, format:1, w:1920, h:1080
05-27 18:13:15.602   299 30844 D EvsDriver: forwardFrame
05-27 18:13:15.605   299 30844 D EvsDriver: Delivered 0xb400007b7ca56900 as id 0
05-27 18:13:15.605  1167  1167 D evsmanagerd: /dev/video6 forwarded the buffer #0 to 0xb4000074bf5f5510 from 0xb4000074bf5f6d90
05-27 18:13:15.605   581   581 I SpiService: fgesysctrl_getGPIO_status success val=1
05-27 08:04:24.570   581   581 D spi_rst_gpio_get_output: GPIO 145 value: 1
05-27 08:04:24.570   581   581 D spidev_ioctl: gpio status=1)
05-27 18:13:15.608   536   536 D commservice260303: msg.id = 1028,0
05-27 18:13:15.608   536   536 D commservice260303: i = 170, msgid = 8A000404
05-27 18:13:15.608   536   536 D commservice260303: msgid = -1979710460,did=138
05-27 18:13:15.608   536   536 D commservice260303: CommProtocolLibCmdBaseI2C::dataproc {"command":{"id":"imu_status","sub":""},"content":{"TimeStamp":8,"FrameCounter":200098,"GD_X":-0.01153013575822115,"GD_Y":0.006032164208590984,"GD_Z":0.0018319635419175029,"AD_X":-0.0042432695627212524,"AD_Y":0.0034708636812865734,"AD_Z":-0.16704559326171875,"TempDsp":0,"Status":0,"CalibState":1,"SigAmpInvalid":0}},-1979710460
05-27 18:13:15.608   536   536 D commservice260303: send2Cluster len:316, 7B22636F6D6D616E64223A7B226964223A22696D755F737461747573222C22737562223A22227D2C22636F6E74656E74223A7B2254696D655374616D70223A382C224672616D65436F756E746572223A3230303039382C2247445F58223A2D302E30313135333031333537353832323131352C2247445F59223A302E3030363033323136343230383539303938342C2247445F5A223A302E303031383331393633353431393137353032392C2241445F58223A2D302E303034323433323639353632373231323532342C2241445F59223A302E303033343730383633363831323836353733342C2241445F5A223A2D302E31363730343535393332363137313837352C2254656D70447370223A302C22537461747573223A302C2243616C69625374617465223A312C22536967416D70496E76616C6964223A307D7D, 138 
05-27 18:13:15.608   536   536 D commservice260303: Push Message into SendPool fn=1112146688
05-27 18:13:15.608   536   536 D commservice260303: ComProtocolLibSend2Cluster::send2ClusterRaw fn=1112146688 , len=332
05-27 18:13:15.608   536   536 D commservice260303: sendCmdToPort :332!!!
05-27 18:13:15.608   536   536 D commservice260303: send Cmd To Port ++++5AA501488A0100034A426A16C3BB7B22636F6D6D616E64223A7B226964223A22696D755F737461747573222C22737562223A22227D2C22636F6E74656E74223A7B2254696D655374616D70223A382C224672616D65436F756E746572223A3230303039382C2247445F58223A2D302E30313135333031333537353832323131352C2247445F59223A302E3030363033323136343230383539303938342C2247445F5A223A302E303031383331393633353431393137353032392C2241445F58223A2D302E303034323433323639353632373231323532342C2241445F59223A302E303033343730383633363831323836353733342C2241445F5A223A2D302E31363730343535393332363137313837352C2254656D70447370223A302C22537461747573223A302C2243616C69625374617465223A312C22536967416D70496E76616C6964223A307D7DEC2A
05-27 18:13:15.608   536   536 D commservice260303: bufferevent_write retrun value = 0
05-27 18:13:15.609   299  1153 D EvsDriver: doneWithFrame
05-27 18:13:15.609 13911 14192 D Sentinelmode_1.2.5.17_sentry: <SentryImuClusterFgeSender>imu_status sent to Linux, frame=200098, tsNs=8662847, tsMs=8, intervalMs=42, ad=(-0.0042432696,0.0034708637,-0.1670456), gd=(-0.011530136,0.006032164,0.0018319635)
05-27 08:04:24.575   581   581 D spi_rst_gpio_get_output: GPIO 145 value: 1
05-27 18:13:15.611   581   581 I SpiService: fgesysctrl_getGPIO_status success val=1
05-27 18:13:15.611   536   560 D commservice260303: client datas send succeed,send finish
05-27 18:13:15.612   299 30841 D EvsDriver: forwardFrame
05-27 18:13:15.613 13911 14183 I SentryImuMcuAngleSender: 179.95093rollDeg
05-27 18:13:15.613 13911 14183 I SentryImuMcuAngleSender: 1,0,0
05-27 18:13:15.615 26061 26061 D CompatibilityChangeReporter: Compat change id reported: 171979766; UID 1000; state: ENABLED
05-27 18:13:15.615   299 30841 D EvsDriver: Delivered 0xb400007b7ca56a60 as id 0
05-27 18:13:15.616  1167  1167 D evsmanagerd: /dev/video4 forwarded the buffer #0 to 0xb4000074bf5f6850 from 0xb4000074bf5f41d0
05-27 08:04:24.575   581   581 D spidev_ioctl: gpio status=1)
05-27 18:13:15.616   581   581 I SpiService: fgesysctrl_getGPIO_status success val=1
05-27 08:04:24.581   581   581 D spi_rst_gpio_get_output: GPIO 145 value: 1
05-27 08:04:24.581   581   581 D spidev_ioctl: gpio status=1)
05-27 18:13:15.622   299  1153 D EvsDriver: doneWithFrame
05-27 18:13:15.622   581   581 I SpiService: fgesysctrl_getGPIO_status success val=1
05-27 08:04:24.586   581   581 D spi_rst_gpio_get_output: GPIO 145 value: 1
05-27 08:04:24.586   581   581 D spidev_ioctl: gpio status=1)
05-27 18:13:15.627   581   581 I SpiService: fgesysctrl_getGPIO_status success val=0
05-27 18:13:15.628 26061 26061 D CompatibilityInfo: applyToConfigurationCompat inoutConfig.densityDpi= 160
05-27 08:04:24.592   581   581 D spi_rst_gpio_get_output: GPIO 145 value: 0
05-27 08:04:24.592   581   581 D spidev_ioctl: gpio status=0)
05-27 18:13:15.631   572   572 I Sensors : 230 GyroSensor: x:-0.011835,y:0.005268,z:0.001832
05-27 18:13:15.632  1008 30857 D [OMXB]  : usingANWBuffer: handle:0xee745760, format:1, w:1920, h:1080
05-27 18:13:15.633 13911 14183 I SentryImuMcuAngleSender: 179.95445rollDeg
05-27 18:13:15.633 13911 14183 I SentryImuMcuAngleSender: 1,0,0
05-27 18:13:15.633 30773 30789 I dvr_service_: Camera 1: MediaOK:6565382, frames:150, isKeyFrame:0,pts:8662430801
05-27 18:13:15.635   283   307 I rvcservice: t.code = 3, t.value = 0
05-27 18:13:15.637   299 30844 D EvsDriver: forwardFrame
05-27 18:13:15.638   299 30844 D EvsDriver: Delivered 0xb400007b7ca56900 as id 0
05-27 18:13:15.639  1167  1167 D evsmanagerd: /dev/video6 forwarded the buffer #0 to 0xb4000074bf5f5510 from 0xb4000074bf5f6d90
05-27 18:13:15.639 30773 30773 E dvr_service_: [myNum:1] Received S**** loss
05-27 18:13:15.639   299 30841 D EvsDriver: forwardFrame
05-27 18:13:15.640   299  1153 D EvsDriver: doneWithFrame
05-27 18:13:15.641   299 30841 D EvsDriver: Delivered 0xb400007b7ca56a60 as id 0
05-27 18:13:15.641  1167  1184 D evsmanagerd: /dev/video4 forwarded the buffer #0 to 0xb4000074bf5f6850 from 0xb4000074bf5f41d0
05-27 18:13:15.641 30773 30773 E dvr_service_: [myNum:0] Received S**** loss
05-27 18:13:15.642   581   581 I SpiService: fgesysctrl_getGPIO_status success val=1
05-27 18:13:15.642   299  1153 D EvsDriver: doneWithFrame
05-27 08:04:24.606   581   581 D spi_rst_gpio_get_output: GPIO 145 value: 1
05-27 08:04:24.606   581   581 D spidev_ioctl: gpio status=1)
05-27 18:13:15.647   581   581 I SpiService: fgesysctrl_getGPIO_status success val=1
05-27 18:13:15.648   536   536 D commservice260303: msg.id = 1028,1
05-27 18:13:15.648   536   536 D commservice260303: i = 170, msgid = 8A000404
05-27 18:13:15.648   536   536 D commservice260303: msgid = -1979710460,did=138
05-27 18:13:15.648   536   536 D commservice260303: CommProtocolLibCmdBaseI2C::dataproc {"command":{"id":"imu_status","sub":""},"content":{"TimeStamp":8,"FrameCounter":200099,"GD_X":-0.011834942735731602,"GD_Y":0.005268065724521875,"GD_Z":0.0018319635419175029,"AD_X":-0.0030189156532287598,"AD_Y":0.0028436430729925632,"AD_Z":-0.16826629638671875,"TempDsp":0,"Status":0,"CalibState":1,"SigAmpInvalid":0}},-1979710460
05-27 18:13:15.648   536   536 D commservice260303: send2Cluster len:317, 7B22636F6D6D616E64223A7B226964223A22696D755F737461747573222C22737562223A22227D2C22636F6E74656E74223A7B2254696D655374616D70223A382C224672616D65436F756E746572223A3230303039392C2247445F58223A2D302E3031313833343934323733353733313630322C2247445F59223A302E3030353236383036353732343532313837352C2247445F5A223A302E303031383331393633353431393137353032392C2241445F58223A2D302E303033303138393135363533323238373539382C2241445F59223A302E303032383433363433303732393932353633322C2241445F5A223A2D302E31363832363632393633383637313837352C2254656D70447370223A302C22537461747573223A302C2243616C69625374617465223A312C22536967416D70496E76616C6964223A307D7D, 138 
05-27 18:13:15.648   536   536 D commservice260303: Push Message into SendPool fn=1128923904
05-27 18:13:15.648   536   536 D commservice260303: ComProtocolLibSend2Cluster::send2ClusterRaw fn=1128923904 , len=333
05-27 18:13:15.648   536   536 D commservice260303: sendCmdToPort :333!!!
05-27 18:13:15.648   536   536 D commservice260303: send Cmd To Port ++++5AA501498A0100034A436A16C3BB7B22636F6D6D616E64223A7B226964223A22696D755F737461747573222C22737562223A22227D2C22636F6E74656E74223A7B2254696D655374616D70223A382C224672616D65436F756E746572223A3230303039392C2247445F58223A2D302E3031313833343934323733353733313630322C2247445F59223A302E3030353236383036353732343532313837352C2247445F5A223A302E303031383331393633353431393137353032392C2241445F58223A2D302E303033303138393135363533323238373539382C2241445F59223A302E303032383433363433303732393932353633322C2241445F5A223A2D302E31363832363632393633383637313837352C2254656D70447370223A302C22537461747573223A302C2243616C69625374617465223A312C22536967416D70496E76616C6964223A307D7D137E
05-27 18:13:15.649   536   536 D commservice260303: bufferevent_write retrun value = 0
05-27 08:04:24.612   581   581 D spi_rst_gpio_get_output: GPIO 145 value: 1
05-27 08:04:24.612   581   581 D spidev_ioctl: gpio status=1)
05-27 18:13:15.649   536   560 D commservice260303: client datas send succeed,send finish
05-27 18:13:15.649 13911 14192 D Sentinelmode_1.2.5.17_sentry: <SentryImuClusterFgeSender>imu_status sent to Linux, frame=200099, tsNs=8662882, tsMs=8, intervalMs=40, ad=(-0.0030189157,0.002843643,-0.1682663), gd=(-0.011834943,0.0052680657,0.0018319635)
05-27 18:13:15.652   581   581 I SpiService: fgesysctrl_getGPIO_status success val=1
05-27 08:04:24.617   581   581 D spi_rst_gpio_get_output: GPIO 145 value: 1
05-27 08:04:24.617   581   581 D spidev_ioctl: gpio status=1)
05-27 18:13:15.653 13911 14183 I SentryImuMcuAngleSender: 179.95796rollDeg
05-27 18:13:15.653 13911 14183 I SentryImuMcuAngleSender: 1,0,0
05-27 18:13:15.653 26061 26061 D adservices: Registering AdServices's TopicsManager.
05-27 18:13:15.654  1008 30856 D [OMXB]  : usingANWBuffer: handle:0xee7407a0, format:1, w:1920, h:1080
05-27 18:13:15.658 26061 26061 D CompatibilityInfo: applyToConfigurationCompat inoutConfig.densityDpi= 160
05-27 18:13:15.658   581   581 I SpiService: fgesysctrl_getGPIO_status success val=1
05-27 08:04:24.623   581   581 D spi_rst_gpio_get_output: GPIO 145 value: 1
05-27 08:04:24.623   581   581 D spidev_ioctl: gpio status=1)
05-27 18:13:15.663   581   581 I SpiService: fgesysctrl_getGPIO_status success val=1
05-27 08:04:24.628   581   581 D spi_rst_gpio_get_output: GPIO 145 value: 1
05-27 08:04:24.628   581   581 D spidev_ioctl: gpio status=1)
05-27 18:13:15.667 10188 23768 I DexManager: com.anwsdk.service loads from null-0 : 0 : /system/framework/javax.obex.jar
05-27 18:13:15.667 10188 23768 I DexManager: Could not find owning package for dex file: /system/framework/javax.obex.jar
05-27 18:13:15.669   581   581 I SpiService: fgesysctrl_getGPIO_status success val=0
05-27 08:04:24.633   581   581 D spi_rst_gpio_get_output: GPIO 145 value: 0
05-27 08:04:24.633   581   581 D spidev_ioctl: gpio status=0)
05-27 18:13:15.673 13911 14183 I SentryImuMcuAngleSender: 179.97198rollDeg
05-27 18:13:15.673 13911 14183 I SentryImuMcuAngleSender: 1,0,0
05-27 18:13:15.674   299 30844 D EvsDriver: forwardFrame
05-27 18:13:15.675   299 30841 D EvsDriver: forwardFrame
05-27 18:13:15.675 26061 26061 W .service:remote: ClassLoaderContext shared library size mismatch. Expected=0, found=1 (PCL[] | PCL[]{PCL[/system/framework/javax.obex.jar*2267184930]})
05-27 18:13:15.675  1167  1184 D evsmanagerd: /dev/video6 forwarded the buffer #0 to 0xb4000074bf5f5510 from 0xb4000074bf5f6d90
05-27 08:04:24.648   581   581 D spi_rst_gpio_get_output: GPIO 145 value: 1
05-27 08:04:24.648   581   581 D spidev_ioctl: gpio status=1)
05-27 18:13:15.678  1167  1184 D evsmanagerd: /dev/video4 forwarded the buffer #0 to 0xb4000074bf5f6850 from 0xb4000074bf5f41d0
05-27 18:13:15.679   299  1153 D EvsDriver: doneWithFrame
05-27 18:13:15.681   299 30844 D EvsDriver: Delivered 0xb400007b7ca56900 as id 0
05-27 18:13:15.681   299 30841 D EvsDriver: Delivered 0xb400007b7ca56a60 as id 0
05-27 18:13:15.684   581   581 I SpiService: fgesysctrl_getGPIO_status success val=1
05-27 18:13:15.684   299  1153 D EvsDriver: doneWithFrame
05-27 18:13:15.684  1008 30857 D [OMXB]  : usingANWBuffer: handle:0xee7439d0, format:1, w:1920, h:1080
05-27 18:13:15.688 30773 30787 I dvr_service_: [runShortMediaThread:298] cameraId:0 medias:300,audios:220,stateAudio:0,mShortState:0,warnEvent:0,state:1
05-27 18:13:15.688   536   536 D commservice260303: msg.id = 1028,1
05-27 18:13:15.688   536   536 D commservice260303: i = 170, msgid = 8A000404
05-27 18:13:15.688   536   536 D commservice260303: msgid = -1979710460,did=138
05-27 18:13:15.688   536   536 D commservice260303: CommProtocolLibCmdBaseI2C::dataproc {"command":{"id":"imu_status","sub":""},"content":{"TimeStamp":8,"FrameCounter":200100,"GD_X":-0.011987865902483463,"GD_Y":0.005879240110516548,"GD_Z":0.002213752595707774,"AD_X":-0.0036284327507019043,"AD_Y":-2.1111592650413513E-4,"AD_Z":-0.17192459106445312,"TempDsp":0,"Status":0,"CalibState":1,"SigAmpInvalid":0}},-1979710460
05-27 18:13:15.688   536   536 D commservice260303: send2Cluster len:317, 7B22636F6D6D616E64223A7B226964223A22696D755F737461747573222C22737562223A22227D2C22636F6E74656E74223A7B2254696D655374616D70223A382C224672616D65436F756E746572223A3230303130302C2247445F58223A2D302E3031313938373836353930323438333436332C2247445F59223A302E3030353837393234303131303531363534382C2247445F5A223A302E3030323231333735323539353730373737342C2241445F58223A2D302E303033363238343332373530373031393034332C2241445F59223A2D322E31313131353932363530343133353133452D342C2241445F5A223A2D302E31373139323435393130363434353331322C2254656D70447370223A302C22537461747573223A302C2243616C69625374617465223A312C22536967416D70496E76616C6964223A307D7D, 138 
05-27 18:13:15.688   536   536 D commservice260303: Push Message into SendPool fn=1145701120
05-27 18:13:15.688   536   536 D commservice260303: ComProtocolLibSend2Cluster::send2ClusterRaw fn=1145701120 , len=333
05-27 08:04:24.654   581   581 D spi_rst_gpio_get_output: GPIO 145 value: 1
05-27 08:04:24.654   581   581 D spidev_ioctl: gpio status=1)
05-27 18:13:15.688   536   536 D commservice260303: sendCmdToPort :333!!!
05-27 18:13:15.688   536   536 D commservice260303: send Cmd To Port ++++5AA501498A0100034A446A16C3BB7B22636F6D6D616E64223A7B226964223A22696D755F737461747573222C22737562223A22227D2C22636F6E74656E74223A7B2254696D655374616D70223A382C224672616D65436F756E746572223A3230303130302C2247445F58223A2D302E3031313938373836353930323438333436332C2247445F59223A302E3030353837393234303131303531363534382C2247445F5A223A302E3030323231333735323539353730373737342C2241445F58223A2D302E303033363238343332373530373031393034332C2241445F59223A2D322E31313131353932363530343133353133452D342C2241445F5A223A2D302E31373139323435393130363434353331322C2254656D70447370223A302C22537461747573223A302C2243616C69625374617465223A312C22536967416D70496E76616C6964223A307D7DB9F1
05-27 18:13:15.689   536   536 D commservice260303: bufferevent_write retrun value = 0
05-27 18:13:15.689 10188 23768 I DexManager: com.anwsdk.service loads from com.anwsdk.service-1 : 0 : /system/app/BluetoothExt/BluetoothExt.apk
05-27 18:13:15.689   536   560 D commservice260303: client datas send succeed,send finish
05-27 18:13:15.689 13911 14192 D Sentinelmode_1.2.5.17_sentry: <SentryImuClusterFgeSender>imu_status sent to Linux, frame=200100, tsNs=8662919, tsMs=8, intervalMs=41, ad=(-0.0036284328,-2.1111593E-4,-0.17192459), gd=(-0.011987866,0.00587924,0.0022137526)
05-27 18:13:15.689   581   581 I SpiService: fgesysctrl_getGPIO_status success val=1
05-27 18:13:15.693 13911 14183 I SentryImuMcuAngleSender: 179.97197rollDeg
05-27 18:13:15.693 13911 14183 I SentryImuMcuAngleSender: 1,0,0
05-27 18:13:15.695   581   581 I SpiService: fgesysctrl_getGPIO_status success val=1
05-27 08:04:24.659   581   581 D spi_rst_gpio_get_output: GPIO 145 value: 1
05-27 08:04:24.659   581   581 D spidev_ioctl: gpio status=1)
05-27 18:13:15.698 26061 26061 D CompatibilityInfo: applyToConfigurationCompat inoutConfig.densityDpi= 160
05-27 18:13:15.698  1008 30856 D [OMXB]  : usingANWBuffer: handle:0xee744790, format:1, w:1920, h:1080
05-27 18:13:15.700 30773 30789 I dvr_service_: Camera 0: MediaOK:6584670, frames:150, isKeyFrame:0,pts:8662463963
05-27 08:04:24.665   581   581 D spi_rst_gpio_get_output: GPIO 145 value: 1
05-27 08:04:24.665   581   581 D spidev_ioctl: gpio status=1)
05-27 18:13:15.700   581   581 I SpiService: fgesysctrl_getGPIO_status success val=1
05-27 18:13:15.706   581   581 I SpiService: fgesysctrl_getGPIO_status success val=1
05-27 18:13:15.708 26061 26061 D libEGL  : <.service:remote>[setCacheFilename]: file=/data/user_de/0/com.anwsdk.service/code_cache/com.android.opengl.shaders_cache
05-27 08:04:24.670   581   581 D spi_rst_gpio_get_output: GPIO 145 value: 1
05-27 08:04:24.670   581   581 D spidev_ioctl: gpio status=1)
05-27 18:13:15.711   581   581 I SpiService: fgesysctrl_getGPIO_status success val=0
05-27 08:04:24.676   581   581 D spi_rst_gpio_get_output: GPIO 145 value: 0
05-27 08:04:24.676   581   581 D spidev_ioctl: gpio status=0)
05-27 18:13:15.713   299 30841 D EvsDriver: forwardFrame
05-27 18:13:15.714   299 30841 D EvsDriver: Delivered 0xb400007b7ca56a60 as id 0
05-27 18:13:15.714   299 30844 D EvsDriver: forwardFrame
05-27 18:13:15.714 13911 14183 I SentryImuMcuAngleSender: 179.96495rollDeg
05-27 18:13:15.714 13911 14183 I SentryImuMcuAngleSender: 1,0,0
05-27 18:13:15.714  1167  1167 D evsmanagerd: /dev/video4 forwarded the buffer #0 to 0xb4000074bf5f6850 from 0xb4000074bf5f41d0
05-27 18:13:15.715  1167  1167 D evsmanagerd: /dev/video6 forwarded the buffer #0 to 0xb4000074bf5f5510 from 0xb4000074bf5f6d90
05-27 18:13:15.717   299 30844 D EvsDriver: Delivered 0xb400007b7ca56900 as id 0
05-27 18:13:15.723   299  1153 D EvsDriver: doneWithFrame
05-27 18:13:15.724   299  1153 D EvsDriver: doneWithFrame
05-27 18:13:15.726   581   581 I SpiService: fgesysctrl_getGPIO_status success val=1
05-27 08:04:24.691   581   581 D spi_rst_gpio_get_output: GPIO 145 value: 1
05-27 08:04:24.691   581   581 D spidev_ioctl: gpio status=1)
05-27 18:13:15.729   536   536 D commservice260303: msg.id = 1028,1
05-27 18:13:15.729   536   536 D commservice260303: i = 170, msgid = 8A000404
05-27 18:13:15.729   536   536 D commservice260303: msgid = -1979710460,did=138
05-27 18:13:15.729   536   536 D commservice260303: CommProtocolLibCmdBaseI2C::dataproc {"command":{"id":"imu_status","sub":""},"content":{"TimeStamp":8,"FrameCounter":200101,"GD_X":-0.01153013575822115,"GD_Y":0.004963258747011423,"GD_Z":0.002213752595707774,"AD_X":-0.004216030240058899,"AD_Y":0.0028268578462302685,"AD_Z":-0.16582489013671875,"TempDsp":0,"Status":0,"CalibState":1,"SigAmpInvalid":0}},-1979710460
05-27 18:13:15.729   536   536 D commservice260303: send2Cluster len:314, 7B22636F6D6D616E64223A7B226964223A22696D755F737461747573222C22737562223A22227D2C22636F6E74656E74223A7B2254696D655374616D70223A382C224672616D65436F756E746572223A3230303130312C2247445F58223A2D302E30313135333031333537353832323131352C2247445F59223A302E3030343936333235383734373031313432332C2247445F5A223A302E3030323231333735323539353730373737342C2241445F58223A2D302E3030343231363033303234303035383839392C2241445F59223A302E303032383236383537383436323330323638352C2241445F5A223A2D302E31363538323438393031333637313837352C2254656D70447370223A302C22537461747573223A302C2243616C69625374617465223A312C22536967416D70496E76616C6964223A307D7D, 138 
05-27 18:13:15.729   536   536 D commservice260303: Push Message into SendPool fn=1162478336
05-27 18:13:15.729   536   536 D commservice260303: ComProtocolLibSend2Cluster::send2ClusterRaw fn=1162478336 , len=330
05-27 18:13:15.729   536   536 D commservice260303: sendCmdToPort :330!!!
05-27 18:13:15.729   536   536 D commservice260303: send Cmd To Port ++++5AA501468A0100034A456A16C3BB7B22636F6D6D616E64223A7B226964223A22696D755F737461747573222C22737562223A22227D2C22636F6E74656E74223A7B2254696D655374616D70223A382C224672616D65436F756E746572223A3230303130312C2247445F58223A2D302E30313135333031333537353832323131352C2247445F59223A302E3030343936333235383734373031313432332C2247445F5A223A302E3030323231333735323539353730373737342C2241445F58223A2D302E3030343231363033303234303035383839392C2241445F59223A302E303032383236383537383436323330323638352C2241445F5A223A2D302E31363538323438393031333637313837352C2254656D70447370223A302C22537461747573223A302C2243616C69625374617465223A312C22536967416D70496E76616C6964223A307D7DD4C7
05-27 18:13:15.729   536   536 D commservice260303: bufferevent_write retrun value = 0
05-27 18:13:15.729   536   560 D commservice260303: client datas send succeed,send finish
05-27 18:13:15.730 13911 14192 D Sentinelmode_1.2.5.17_sentry: <SentryImuClusterFgeSender>imu_status sent to Linux, frame=200101, tsNs=8662973, tsMs=8, intervalMs=40, ad=(-0.0042160302,0.0028268578,-0.16582489), gd=(-0.011530136,0.0049632587,0.0022137526)
05-27 18:13:15.732   581   581 I SpiService: fgesysctrl_getGPIO_status success val=1
05-27 08:04:24.697   581   581 D spi_rst_gpio_get_output: GPIO 145 value: 1
05-27 08:04:24.697   581   581 D spidev_ioctl: gpio status=1)
05-27 18:13:15.734 13911 14183 I SentryImuMcuAngleSender: 179.95444rollDeg
05-27 18:13:15.734 13911 14183 I SentryImuMcuAngleSender: 1,0,0
05-27 18:13:15.735 26061 26061 D NetworkSecurityConfig: No Network Security Config specified, using platform default
05-27 18:13:15.735   283   307 I rvcservice: t.code = 7, t.value = 8662865
05-27 18:13:15.736 26061 26061 D NetworkSecurityConfig: No Network Security Config specified, using platform default
05-27 18:13:15.738   581   581 I SpiService: fgesysctrl_getGPIO_status success val=1
05-27 18:13:15.738   299 30844 D EvsDriver: forwardFrame
05-27 18:13:15.738   299 30841 D EvsDriver: forwardFrame
05-27 18:13:15.739   572   572 I Sensors : 230 AccelSensor: x:-0.168360,y:0.007319,z:-9.969840
05-27 18:13:15.740   299 30841 D EvsDriver: Delivered 0xb400007b7ca56a60 as id 0
05-27 18:13:15.740  1167  1167 D evsmanagerd: /dev/video4 forwarded the buffer #0 to 0xb4000074bf5f6850 from 0xb4000074bf5f41d0
05-27 18:13:15.740  1167  1167 D evsmanagerd: /dev/video6 forwarded the buffer #0 to 0xb4000074bf5f5510 from 0xb4000074bf5f6d90
05-27 18:13:15.740   299 30844 D EvsDriver: Delivered 0xb400007b7ca56900 as id 0
05-27 08:04:24.702   581   581 D spi_rst_gpio_get_output: GPIO 145 value: 1
05-27 08:04:24.702   581   581 D spidev_ioctl: gpio status=1)
05-27 18:13:15.743   299  1163 D EvsDriver: doneWithFrame
05-27 18:13:15.743   299  1153 D EvsDriver: doneWithFrame
05-27 18:13:15.743  1008 30857 D [OMXB]  : usingANWBuffer: handle:0xee7437c0, format:1, w:1920, h:1080
05-27 18:13:15.743   581   581 I SpiService: fgesysctrl_getGPIO_status success val=1
05-27 08:04:24.708   581   581 D spi_rst_gpio_get_output: GPIO 145 value: 1
05-27 08:04:24.708   581   581 D spidev_ioctl: gpio status=1)
--------- beginning of radio
05-27 18:13:15.749  1121  1159 D lib_tbox: calling Uid is 0
05-27 18:13:15.750   581   581 I SpiService: fgesysctrl_getGPIO_status success val=0
05-27 18:13:15.750  1121  1159 D lib_tbox: tboxService has already been creaded
05-27 18:13:15.750  1121  1159 D lib_tbox: sim[0] request Queue is ready
05-27 18:13:15.750  1121  1159 D lib_tbox: getModemState start. serial:556939443
05-27 18:13:15.751  1121  1159 D lib_tbox: waitForResponse serial:556939443 phoneId:0 mCount:0
05-27 18:13:15.751   648   648 D RILC_TBOX: getModemState: serial 556939443
05-27 18:13:15.752   648   690 D RIL_REQ_THDS: dequeue msg
05-27 18:13:15.752   648   690 D RIL_REQ_THDS: handleMessage 10005
05-27 18:13:15.752   648   690 D RIL     : onRequest: TBOX_REQUEST_GET_MODEM_STATE radioState = RADIO_ON
05-27 18:13:15.752   648   690 D RILC    : RequestComplete, RIL_SOCKET_1
