05-27 18:13:17.760   536   536 D commservice260303: Push Message into SendPool fn=2018116352
05-27 18:13:17.760   536   536 D commservice260303: ComProtocolLibSend2Cluster::send2ClusterRaw fn=2018116352 , len=329
05-27 18:13:17.760   536   536 D commservice260303: sendCmdToPort :329!!!
05-27 18:13:17.760   536   536 D commservice260303: send Cmd To Port ++++5AA501458A0100034A786A16C3BD7B22636F6D6D616E64223A7B226964223A22696D755F737461747573222C22737562223A22227D2C22636F6E74656E74223A7B2254696D655374616D70223A382C224672616D65436F756E746572223A3230303135312C2247445F58223A2D302E3031313435333135333536353532363030392C2247445F59223A302E3030353236383036353732343532313837352C2247445F5A223A302E303031373536303231383639333638383531322C2241445F58223A2D302E3030343431343831313733303338343832372C2241445F59223A302E30303230393036323336303232373130382C2241445F5A223A2D302E313733373530383737333830333731312C2254656D70447370223A302C22537461747573223A302C2243616C69625374617465223A312C22536967416D70496E76616C6964223A307D7D9D44
05-27 18:13:17.760   536   536 D commservice260303: bufferevent_write retrun value = 0
05-27 18:13:17.760   536   560 D commservice260303: client datas send succeed,send finish
05-27 18:13:17.761 13911 14192 D Sentinelmode_1.2.5.17_sentry: <SentryImuClusterFgeSender>imu_status sent to Linux, frame=200151, tsNs=8665004, tsMs=8, intervalMs=41, ad=(-0.0044148117,0.0020906236,-0.17375088), gd=(-0.011453154,0.0052680657,0.0017560219)
05-27 18:13:17.762 30773 30786 I dvr_service_: CameraX 1  audioOK: 8896000,audios:140
05-27 18:13:17.763   581   581 I SpiService: fgesysctrl_getGPIO_status success val=1
05-27 18:13:17.764  1008 30857 D [OMXB]  : usingANWBuffer: handle:0xee744b00, format:1, w:1920, h:1080
05-27 18:13:17.769   581   581 I SpiService: fgesysctrl_getGPIO_status success val=1
05-27 18:13:17.774   581   581 I SpiService: fgesysctrl_getGPIO_status success val=1
05-27 18:13:17.775   299 30844 D EvsDriver: forwardFrame
05-27 18:13:17.775 11346 16541 D VersionPrinter: com.android.car- VersionName:[13] - append:[] - active:[]
05-27 18:13:17.776   299 30844 D EvsDriver: Delivered 0xb400007b7ca56900 as id 0
05-27 18:13:17.776  1167  1184 D evsmanagerd: /dev/video6 forwarded the buffer #0 to 0xb4000074bf5f5510 from 0xb4000074bf5f6d90
05-27 18:13:17.776   299 30841 D EvsDriver: forwardFrame
05-27 18:13:17.778 13911 14183 I SentryImuMcuAngleSender: 179.95796rollDeg
05-27 18:13:17.778   299 30841 D EvsDriver: Delivered 0xb400007b7ca56a60 as id 0
05-27 18:13:17.779  1167  1167 D evsmanagerd: /dev/video4 forwarded the buffer #0 to 0xb4000074bf5f6850 from 0xb4000074bf5f41d0
05-27 18:13:17.779 13911 14183 I SentryImuMcuAngleSender: 1,0,0
05-27 18:13:17.780   581   581 I SpiService: fgesysctrl_getGPIO_status success val=1
05-27 18:13:17.782   299  1153 D EvsDriver: doneWithFrame
05-27 18:13:17.783   299  1153 D EvsDriver: doneWithFrame
05-27 18:13:17.786   581   581 I SpiService: fgesysctrl_getGPIO_status success val=1
05-27 18:13:17.789   572   622 I Sensors : 230 GyroSensor: x:-0.011682,y:0.004199,z:0.001985
05-27 18:13:17.792   581   581 I SpiService: fgesysctrl_getGPIO_status success val=0
05-27 18:13:17.795  1008 30857 D [OMXB]  : usingANWBuffer: handle:0xee744790, format:1, w:1920, h:1080
05-27 18:13:17.799 13911 14183 I SentryImuMcuAngleSender: 179.96144rollDeg
05-27 18:13:17.800 13911 14183 I SentryImuMcuAngleSender: 1,0,0
05-27 18:13:17.800   536   536 D commservice260303: msg.id = 1028,1
05-27 18:13:17.800   536   536 D commservice260303: i = 170, msgid = 8A000404
05-27 18:13:17.800   536   536 D commservice260303: msgid = -1979710460,did=138
05-27 18:13:17.800   536   536 D commservice260303: CommProtocolLibCmdBaseI2C::dataproc {"command":{"id":"imu_status","sub":""},"content":{"TimeStamp":8,"FrameCounter":200152,"GD_X":-0.011682018637657166,"GD_Y":0.004199160262942314,"GD_Z":0.0019848872907459736,"AD_X":-0.0013673901557922363,"AD_Y":0.0014707297086715698,"AD_Z":-0.16704177856445312,"TempDsp":0,"Status":0,"CalibState":1,"SigAmpInvalid":0}},-1979710460
05-27 18:13:17.800   536   536 D commservice260303: send2Cluster len:317, 7B22636F6D6D616E64223A7B226964223A22696D755F737461747573222C22737562223A22227D2C22636F6E74656E74223A7B2254696D655374616D70223A382C224672616D65436F756E746572223A3230303135322C2247445F58223A2D302E3031313638323031383633373635373136362C2247445F59223A302E3030343139393136303236323934323331342C2247445F5A223A302E303031393834383837323930373435393733362C2241445F58223A2D302E303031333637333930313535373932323336332C2241445F59223A302E303031343730373239373038363731353639382C2241445F5A223A2D302E31363730343137373835363434353331322C2254656D70447370223A302C22537461747573223A302C2243616C69625374617465223A312C22536967416D70496E76616C6964223A307D7D, 138 
05-27 18:13:17.800   536   536 D commservice260303: Push Message into SendPool fn=2034893568
05-27 18:13:17.800   536   536 D commservice260303: ComProtocolLibSend2Cluster::send2ClusterRaw fn=2034893568 , len=333
05-27 18:13:17.800   536   536 D commservice260303: sendCmdToPort :333!!!
05-27 18:13:17.800   536   536 D commservice260303: send Cmd To Port ++++5AA501498A0100034A796A16C3BD7B22636F6D6D616E64223A7B226964223A22696D755F737461747573222C22737562223A22227D2C22636F6E74656E74223A7B2254696D655374616D70223A382C224672616D65436F756E746572223A3230303135322C2247445F58223A2D302E3031313638323031383633373635373136362C2247445F59223A302E3030343139393136303236323934323331342C2247445F5A223A302E303031393834383837323930373435393733362C2241445F58223A2D302E303031333637333930313535373932323336332C2241445F59223A302E303031343730373239373038363731353639382C2241445F5A223A2D302E31363730343137373835363434353331322C2254656D70447370223A302C22537461747573223A302C2243616C69625374617465223A312C22536967416D70496E76616C6964223A307D7D76B0
05-27 18:13:17.800   536   536 D commservice260303: bufferevent_write retrun value = 0
05-27 18:13:17.800   536   560 D commservice260303: client datas send succeed,send finish
05-27 18:13:17.801 13911 14192 D Sentinelmode_1.2.5.17_sentry: <SentryImuClusterFgeSender>imu_status sent to Linux, frame=200152, tsNs=8665040, tsMs=8, intervalMs=40, ad=(-0.0013673902,0.0014707297,-0.16704178), gd=(-0.011682019,0.0041991603,0.0019848873)
05-27 18:13:17.805   299 30844 D EvsDriver: forwardFrame
05-27 18:13:17.806   299 30841 D EvsDriver: forwardFrame
05-27 18:13:17.807   581   581 I SpiService: fgesysctrl_getGPIO_status success val=1
05-27 18:13:17.809   299 30841 D EvsDriver: Delivered 0xb400007b7ca56a60 as id 0
05-27 18:13:17.809   299 30844 D EvsDriver: Delivered 0xb400007b7ca56900 as id 0
05-27 18:13:17.809  1167  1167 D evsmanagerd: /dev/video6 forwarded the buffer #0 to 0xb4000074bf5f5510 from 0xb4000074bf5f6d90
05-27 18:13:17.809  1167  1184 D evsmanagerd: /dev/video4 forwarded the buffer #0 to 0xb4000074bf5f6850 from 0xb4000074bf5f41d0
05-27 18:13:17.809 30773 30773 E dvr_service_: [myNum:1] Received S**** loss
05-27 18:13:17.809 30773 30782 E dvr_service_: [myNum:0] Received S**** loss
05-27 18:13:17.809   299  1153 D EvsDriver: doneWithFrame
05-27 18:13:17.810   299  1163 D EvsDriver: doneWithFrame
05-27 18:13:17.812   581   581 I SpiService: fgesysctrl_getGPIO_status success val=1
05-27 18:13:17.818   581   581 I SpiService: fgesysctrl_getGPIO_status success val=1
05-27 18:13:17.820 13911 14183 I SentryImuMcuAngleSender: 179.97897rollDeg
05-27 18:13:17.821 13911 14183 I SentryImuMcuAngleSender: 1,0,0
05-27 18:13:17.823   581   581 I SpiService: fgesysctrl_getGPIO_status success val=1
05-27 18:13:17.826  1008 30856 D [OMXB]  : usingANWBuffer: handle:0xee7407a0, format:1, w:1920, h:1080
05-27 18:13:17.829   581   581 I SpiService: fgesysctrl_getGPIO_status success val=1
05-27 18:13:17.834   299 30844 D EvsDriver: forwardFrame
05-27 18:13:17.834   581   581 I SpiService: fgesysctrl_getGPIO_status success val=1
05-27 18:13:17.835   299 30841 D EvsDriver: forwardFrame
05-27 18:13:17.836   299 30844 D EvsDriver: Delivered 0xb400007b7ca56900 as id 0
05-27 18:13:17.837   299 30841 D EvsDriver: Delivered 0xb400007b7ca56a60 as id 0
05-27 08:04:26.799   581   581 D spi_rst_gpio_get_output: GPIO 145 value: 1
05-27 08:04:26.799   581   581 D spidev_ioctl: gpio status=1)
05-27 18:13:17.837  1167  1184 D evsmanagerd: /dev/video4 forwarded the buffer #0 to 0xb4000074bf5f6850 from 0xb4000074bf5f41d0
05-27 18:13:17.833  1167  1167 I auditd  : type=1400 audit(0.0:40849): avc: denied { call } for comm="binder:1167_3" scontext=u:r:evsmanagerd:s0 tcontext=u:r:adayo_dvr_service:s0 tclass=binder permissive=1
05-27 18:13:17.837  1167  1167 D evsmanagerd: /dev/video6 forwarded the buffer #0 to 0xb4000074bf5f5510 from 0xb4000074bf5f6d90
05-27 18:13:17.833  1167  1167 I binder:1167_3: type=1400 audit(0.0:40849): avc: denied { call } for scontext=u:r:evsmanagerd:s0 tcontext=u:r:adayo_dvr_service:s0 tclass=binder permissive=1
05-27 18:13:17.833  1167  1167 I auditd  : type=1400 audit(0.0:40848): avc: denied { call } for comm="binder:1167_1" scontext=u:r:evsmanagerd:s0 tcontext=u:r:adayo_dvr_service:s0 tclass=binder permissive=1
05-27 18:13:17.833  1167  1167 I binder:1167_1: type=1400 audit(0.0:40848): avc: denied { call } for scontext=u:r:evsmanagerd:s0 tcontext=u:r:adayo_dvr_service:s0 tclass=binder permissive=1
05-27 18:13:17.840   581   581 I SpiService: fgesysctrl_getGPIO_status success val=0
05-27 08:04:26.805   581   581 D spi_rst_gpio_get_output: GPIO 145 value: 0
05-27 08:04:26.805   581   581 D spidev_ioctl: gpio status=0)
05-27 18:13:17.841   299  1163 D EvsDriver: doneWithFrame
05-27 18:13:17.841   299  1153 D EvsDriver: doneWithFrame
05-27 18:13:17.842 13911 14183 I SentryImuMcuAngleSender: 179.98247rollDeg
05-27 18:13:17.842 13911 14183 I SentryImuMcuAngleSender: 1,0,0
05-27 18:13:17.843   536   560 D commservice260303: recv len:77, 5AA500490600000032B96A16C3BD7B22636F6D6D616E64223A7B226964223A226473695F6C7578222C22737562223A22227D2C22636F6E74656E74223A7B2276616C7565223A3230307D7D50C1 from server
05-27 18:13:17.843   536  2578 D commservice260303: mcuDataAnalyzeHandle templen:77,len:77,pos:0, 5AA500490600000032B96A16C3BD7B22636F6D6D616E64223A7B226964223A226473695F6C7578222C22737562223A22227D2C22636F6E74656E74223A7B2276616C7565223A3230307D7D50C1 
05-27 18:13:17.843   536  2578 I commservice260303: checksumCal = 20673
05-27 18:13:17.843   536  2578 D commservice260303: CommProtocolLibCmdBaseC2I::dataproc {"command":{"id":"dsi_lux","sub":""},"content":{"value":200}},6
05-27 18:13:17.843   536   536 D commservice260303: msg.id = 1028,1
05-27 18:13:17.844   536  2578 D commservice260303: mcuCommMessageManager::notifyMsgToClient hwbinder OK
05-27 18:13:17.844   536  2578 D commservice260303: McuProtocolLibSend2Service::send2Service ret=1
05-27 18:13:17.844   536   536 D commservice260303: i = 170, msgid = 8A000404
05-27 18:13:17.844   536   536 D commservice260303: msgid = -1979710460,did=138
05-27 18:13:17.844   536   536 D commservice260303: CommProtocolLibCmdBaseI2C::dataproc {"command":{"id":"imu_status","sub":""},"content":{"TimeStamp":8,"FrameCounter":200153,"GD_X":-0.01153013575822115,"GD_Y":0.004963258747011423,"GD_Z":0.002519079949706793,"AD_X":-0.0038089007139205933,"AD_Y":-0.0021768384613096714,"AD_Z":-0.16521072387695312,"TempDsp":0,"Status":0,"CalibState":1,"SigAmpInvalid":0}},-1979710460
05-27 18:13:17.844   536   536 D commservice260303: send2Cluster len:316, 7B22636F6D6D616E64223A7B226964223A22696D755F737461747573222C22737562223A22227D2C22636F6E74656E74223A7B2254696D655374616D70223A382C224672616D65436F756E746572223A3230303135332C2247445F58223A2D302E30313135333031333537353832323131352C2247445F59223A302E3030343936333235383734373031313432332C2247445F5A223A302E3030323531393037393934393730363739332C2241445F58223A2D302E303033383038393030373133393230353933332C2241445F59223A2D302E303032313736383338343631333039363731342C2241445F5A223A2D302E31363532313037323338373639353331322C2254656D70447370223A302C22537461747573223A302C2243616C69625374617465223A312C22536967416D70496E76616C6964223A307D7D, 138 
05-27 18:13:17.844   536   536 D commservice260303: Push Message into SendPool fn=2051670784
05-27 18:13:17.844   536   536 D commservice260303: ComProtocolLibSend2Cluster::send2ClusterRaw fn=2051670784 , len=332
05-27 18:13:17.844   536   536 D commservice260303: sendCmdToPort :332!!!
05-27 18:13:17.844   536   536 D commservice260303: send Cmd To Port ++++5AA501488A0100034A7A6A16C3BD7B22636F6D6D616E64223A7B226964223A22696D755F737461747573222C22737562223A22227D2C22636F6E74656E74223A7B2254696D655374616D70223A382C224672616D65436F756E746572223A3230303135332C2247445F58223A2D302E30313135333031333537353832323131352C2247445F59223A302E3030343936333235383734373031313432332C2247445F5A223A302E3030323531393037393934393730363739332C2241445F58223A2D302E303033383038393030373133393230353933332C2241445F59223A2D302E303032313736383338343631333039363731342C2241445F5A223A2D302E31363532313037323338373639353331322C2254656D70447370223A302C22537461747573223A302C2243616C69625374617465223A312C22536967416D70496E76616C6964223A307D7DDAD2
05-27 18:13:17.844   536   536 D commservice260303: bufferevent_write retrun value = 0
05-27 18:13:17.845   536   560 D commservice260303: client datas send succeed,send finish
05-27 18:13:17.845  1008 30857 D [OMXB]  : usingANWBuffer: handle:0xee740170, format:1, w:1920, h:1080
05-27 18:13:17.844 12246 12440 D ivicomm_CommManager: fgeComServiceCallback: {"command":{"id":"dsi_lux","sub":""},"content":{"value":200}}
05-27 18:13:17.847 12246 12440 D ivicomm_CallbackManager: registerCallback DSI_LUX: {"value":200} mCommStateCallbackMap size:4
05-27 18:13:17.847 11579 11619 D NSLogUtils_VehicleService: L2A comm state: id=dsi_lux, value=200
05-27 18:13:17.847 13911 14192 D Sentinelmode_1.2.5.17_sentry: <SentryImuClusterFgeSender>imu_status sent to Linux, frame=200153, tsNs=8665075, tsMs=8, intervalMs=47, ad=(-0.0038089007,-0.0021768385,-0.16521072), gd=(-0.011530136,0.0049632587,0.00251908)
05-27 18:13:17.849   283   307 I rvcservice: t.code = 0, t.value = 0
05-27 18:13:17.849 11344  6590 D SystemUI_SystemSettingsControllerService: onCommState: commandID = dsi_lux; value = 200
05-27 18:13:17.856   581   581 I SpiService: fgesysctrl_getGPIO_status success val=1
05-27 08:04:26.820   581   581 D spi_rst_gpio_get_output: GPIO 145 value: 1
05-27 08:04:26.820   581   581 D spidev_ioctl: gpio status=1)
05-27 18:13:17.861   581   581 I SpiService: fgesysctrl_getGPIO_status success val=1
05-27 18:13:17.862 13911 14183 I SentryImuMcuAngleSender: 179.97897rollDeg
05-27 18:13:17.862 13911 14183 I SentryImuMcuAngleSender: 1,0,0
05-27 08:04:26.826   581   581 D spi_rst_gpio_get_output: GPIO 145 value: 1
05-27 08:04:26.826   581   581 D spidev_ioctl: gpio status=1)
05-27 18:13:17.867   581   581 I SpiService: fgesysctrl_getGPIO_status success val=1
05-27 18:13:17.868  1008 30857 D [OMXB]  : usingANWBuffer: handle:0xee742ed0, format:1, w:1920, h:1080
05-27 08:04:26.831   581   581 D spi_rst_gpio_get_output: GPIO 145 value: 1
05-27 08:04:26.831   581   581 D spidev_ioctl: gpio status=1)
05-27 18:13:17.870 26132 26132 I ADAYO_LOG_TRACE_KERNEL: execute interrupt
05-27 18:13:17.872   581   581 I SpiService: fgesysctrl_getGPIO_status success val=1
05-27 08:04:26.837   581   581 D spi_rst_gpio_get_output: GPIO 145 value: 1
05-27 08:04:26.837   581   581 D spidev_ioctl: gpio status=1)
05-27 18:13:17.874   299 30844 D EvsDriver: forwardFrame
05-27 18:13:17.874   299 30841 D EvsDriver: forwardFrame
05-27 18:13:17.877   299 30841 D EvsDriver: Delivered 0xb400007b7ca56a60 as id 0
05-27 18:13:17.877  1167  1184 D evsmanagerd: /dev/video6 forwarded the buffer #0 to 0xb4000074bf5f5510 from 0xb4000074bf5f6d90
05-27 18:13:17.877  1167  1167 D evsmanagerd: /dev/video4 forwarded the buffer #0 to 0xb4000074bf5f6850 from 0xb4000074bf5f41d0
05-27 18:13:17.878   299 30844 D EvsDriver: Delivered 0xb400007b7ca56900 as id 0
05-27 18:13:17.878   581   581 I SpiService: fgesysctrl_getGPIO_status success val=1
05-27 18:13:17.881   299  1153 D EvsDriver: doneWithFrame
05-27 18:13:17.882   536   536 D commservice260303: msg.id = 1028,1
05-27 18:13:17.882   536   536 D commservice260303: i = 170, msgid = 8A000404
05-27 18:13:17.882   536   536 D commservice260303: msgid = -1979710460,did=138
05-27 18:13:17.882   536   536 D commservice260303: CommProtocolLibCmdBaseI2C::dataproc {"command":{"id":"imu_status","sub":""},"content":{"TimeStamp":8,"FrameCounter":200154,"GD_X":-0.01091896090656519,"GD_Y":0.005420989356935024,"GD_Z":0.002900869119912386,"AD_X":-0.005619227886199951,"AD_Y":-0.0015571343246847391,"AD_Z":-0.16704177856445312,"TempDsp":0,"Status":0,"CalibState":1,"SigAmpInvalid":0}},-1979710460
05-27 18:13:17.882   536   536 D commservice260303: send2Cluster len:315, 7B22636F6D6D616E64223A7B226964223A22696D755F737461747573222C22737562223A22227D2C22636F6E74656E74223A7B2254696D655374616D70223A382C224672616D65436F756E746572223A3230303135342C2247445F58223A2D302E30313039313839363039303635363531392C2247445F59223A302E3030353432303938393335363933353032342C2247445F5A223A302E3030323930303836393131393931323338362C2241445F58223A2D302E3030353631393232373838363139393935312C2241445F59223A2D302E303031353537313334333234363834373339312C2241445F5A223A2D302E31363730343137373835363434353331322C2254656D70447370223A302C22537461747573223A302C2243616C69625374617465223A312C22536967416D70496E76616C6964223A307D7D, 138 
05-27 18:13:17.882   536   536 D commservice260303: Push Message into SendPool fn=2068448000
05-27 18:13:17.882   536   536 D commservice260303: ComProtocolLibSend2Cluster::send2ClusterRaw fn=2068448000 , len=331
05-27 18:13:17.882   536   536 D commservice260303: sendCmdToPort :331!!!
05-27 18:13:17.882   536   536 D commservice260303: send Cmd To Port ++++5AA501478A0100034A7B6A16C3BD7B22636F6D6D616E64223A7B226964223A22696D755F737461747573222C22737562223A22227D2C22636F6E74656E74223A7B2254696D655374616D70223A382C224672616D65436F756E746572223A3230303135342C2247445F58223A2D302E30313039313839363039303635363531392C2247445F59223A302E3030353432303938393335363933353032342C2247445F5A223A302E3030323930303836393131393931323338362C2241445F58223A2D302E3030353631393232373838363139393935312C2241445F59223A2D302E303031353537313334333234363834373339312C2241445F5A223A2D302E31363730343137373835363434353331322C2254656D70447370223A302C22537461747573223A302C2243616C69625374617465223A312C22536967416D70496E76616C6964223A307D7DF3C1
05-27 18:13:17.883   536   536 D commservice260303: bufferevent_write retrun value = 0
05-27 18:13:17.883   536   560 D commservice260303: client datas send succeed,send finish
05-27 18:13:17.883   581   581 I SpiService: fgesysctrl_getGPIO_status success val=1
05-27 08:04:26.842   581   581 D spi_rst_gpio_get_output: GPIO 145 value: 1
05-27 08:04:26.842   581   581 D spidev_ioctl: gpio status=1)
05-27 08:04:26.848   581   581 D spi_rst_gpio_get_output: GPIO 145 value: 1
05-27 08:04:26.848   581   581 D spidev_ioctl: gpio status=1)
05-27 18:13:17.884   299  1153 D EvsDriver: doneWithFrame
05-27 18:13:17.884 13911 14183 I SentryImuMcuAngleSender: 179.97197rollDeg
05-27 18:13:17.885 13911 14183 I SentryImuMcuAngleSender: 1,0,0
05-27 18:13:17.887 13911 14192 D Sentinelmode_1.2.5.17_sentry: <SentryImuClusterFgeSender>imu_status sent to Linux, frame=200154, tsNs=8665111, tsMs=8, intervalMs=39, ad=(-0.005619228,-0.0015571343,-0.16704178), gd=(-0.010918961,0.0054209894,0.0029008691)
05-27 18:13:17.889   581   581 I SpiService: fgesysctrl_getGPIO_status success val=0
05-27 18:13:17.892 26133 26133 I ADAYO_LOG_TRACE_KERNEL: execute end
05-27 08:04:26.853   581   581 D spi_rst_gpio_get_output: GPIO 145 value: 0
05-27 08:04:26.853   581   581 D spidev_ioctl: gpio status=0)
05-27 18:13:17.896   572   622 I Sensors : 230 AccelSensor: x:-0.169580,y:0.004880,z:-9.971060
05-27 08:04:26.860     1     1 I init    : Service 'trace_kernel' (pid 26104) exited with status 0
05-27 08:04:26.860     1     1 I init    : Sending signal 9 to service 'trace_kernel' (pid 26104) process group...
05-27 08:04:26.861     1     1 I libprocessgroup: Successfully killed process cgroup uid 0 pid 26104 in 0ms
05-27 18:13:17.901  1008 30856 D [OMXB]  : usingANWBuffer: handle:0xee7412a0, format:1, w:1920, h:1080
05-27 18:13:17.901 30773 30789 I dvr_service_: Camera 0: Buffer reuse stats - Total: 165600, Reused: 81824, New: 83776, Rate: 49.4%
05-27 18:13:17.902   299 30841 D EvsDriver: forwardFrame
05-27 18:13:17.903 30773 30786 I dvr_service_: CameraX 0  audioOK: 8896000,audios:140
05-27 18:13:17.904   581   581 I SpiService: fgesysctrl_getGPIO_status success val=1
05-27 18:13:17.897 30773 30773 I auditd  : type=1400 audit(0.0:40850): avc: denied { use } for comm=4E444B204D65646961436F6465635F path="/dmabuf:" dev="dmabuf" ino=1960919 scontext=u:r:adayo_dvr_service:s0 tcontext=u:r:mediaswcodec:s0 tclass=fd permissive=1
05-27 18:13:17.897 30773 30773 I /system/bin/adayo_dvr_service: type=1400 audit(0.0:40850): avc: denied { use } for comm=4E444B204D65646961436F6465635F path="/dmabuf:" dev="dmabuf" ino=1960919 scontext=u:r:adayo_dvr_service:s0 tcontext=u:r:mediaswcodec:s0 tclass=fd permissive=1
05-27 08:04:26.868   581   581 D spi_rst_gpio_get_output: GPIO 145 value: 1
05-27 08:04:26.868   581   581 D spidev_ioctl: gpio status=1)
05-27 08:04:26.874   581   581 D spi_rst_gpio_get_output: GPIO 145 value: 1
05-27 08:04:26.874   581   581 D spidev_ioctl: gpio status=1)
05-27 18:13:17.904   299 30841 D EvsDriver: Delivered 0xb400007b7ca56a60 as id 0
05-27 18:13:17.904   299 30844 D EvsDriver: forwardFrame
05-27 18:13:17.904  1167  1167 D evsmanagerd: /dev/video4 forwarded the buffer #0 to 0xb4000074bf5f6850 from 0xb4000074bf5f41d0
05-27 18:13:17.905 13911 14183 I SentryImuMcuAngleSender: 179.97195rollDeg
05-27 18:13:17.905 13911 14183 I SentryImuMcuAngleSender: 1,0,0
05-27 18:13:17.909  1167  1184 D evsmanagerd: /dev/video6 forwarded the buffer #0 to 0xb4000074bf5f5510 from 0xb4000074bf5f6d90
05-27 18:13:17.909   299  1153 D EvsDriver: doneWithFrame
05-27 18:13:17.910   581   581 I SpiService: fgesysctrl_getGPIO_status success val=1
05-27 18:13:17.912   299 30844 D EvsDriver: Delivered 0xb400007b7ca56900 as id 0
05-27 18:13:17.912   299  1153 D EvsDriver: doneWithFrame
05-27 18:13:17.915   581   581 I SpiService: fgesysctrl_getGPIO_status success val=1
05-27 08:04:26.880   581   581 D spi_rst_gpio_get_output: GPIO 145 value: 1
05-27 08:04:26.880   581   581 D spidev_ioctl: gpio status=1)
05-27 18:13:17.917  1008 30857 D [OMXB]  : usingANWBuffer: handle:0xee7432f0, format:1, w:1920, h:1080
05-27 18:13:17.921   581   581 I SpiService: fgesysctrl_getGPIO_status success val=1
05-27 18:13:17.921   536   536 D commservice260303: msg.id = 1028,0
05-27 18:13:17.921   536   536 D commservice260303: i = 170, msgid = 8A000404
05-27 18:13:17.922   536   536 D commservice260303: msgid = -1979710460,did=138
05-27 18:13:17.922   536   536 D commservice260303: CommProtocolLibCmdBaseI2C::dataproc {"command":{"id":"imu_status","sub":""},"content":{"TimeStamp":8,"FrameCounter":200155,"GD_X":-0.01160607673227787,"GD_Y":0.004276141989976168,"GD_Z":0.00259606190957129,"AD_X":-0.0031732916831970215,"AD_Y":-0.0015491212252527475,"AD_Z":-0.16582107543945312,"TempDsp":0,"Status":0,"CalibState":1,"SigAmpInvalid":0}},-1979710460
05-27 18:13:17.922   536   536 D commservice260303: send2Cluster len:315, 7B22636F6D6D616E64223A7B226964223A22696D755F737461747573222C22737562223A22227D2C22636F6E74656E74223A7B2254696D655374616D70223A382C224672616D65436F756E746572223A3230303135352C2247445F58223A2D302E30313136303630373637333232373738372C2247445F59223A302E3030343237363134313938393937363136382C2247445F5A223A302E30303235393630363139303935373132392C2241445F58223A2D302E303033313733323931363833313937303231352C2241445F59223A2D302E303031353439313231323235323532373437352C2241445F5A223A2D302E31363538323130373534333934353331322C2254656D70447370223A302C22537461747573223A302C2243616C69625374617465223A312C22536967416D70496E76616C6964223A307D7D, 138 
05-27 18:13:17.922   536   536 D commservice260303: Push Message into SendPool fn=2085225216
05-27 18:13:17.922   536   536 D commservice260303: ComProtocolLibSend2Cluster::send2ClusterRaw fn=2085225216 , len=331
05-27 18:13:17.922   536   536 D commservice260303: sendCmdToPort :331!!!
05-27 18:13:17.922   536   536 D commservice260303: send Cmd To Port ++++5AA501478A0100034A7C6A16C3BD7B22636F6D6D616E64223A7B226964223A22696D755F737461747573222C22737562223A22227D2C22636F6E74656E74223A7B2254696D655374616D70223A382C224672616D65436F756E746572223A3230303135352C2247445F58223A2D302E30313136303630373637333232373738372C2247445F59223A302E3030343237363134313938393937363136382C2247445F5A223A302E30303235393630363139303935373132392C2241445F58223A2D302E303033313733323931363833313937303231352C2241445F59223A2D302E303031353439313231323235323532373437352C2241445F5A223A2D302E31363538323130373534333934353331322C2254656D70447370223A302C22537461747573223A302C2243616C69625374617465223A312C22536967416D70496E76616C6964223A307D7D2DB9
05-27 18:13:17.922   536   536 D commservice260303: bufferevent_write retrun value = 0
05-27 18:13:17.922   536   560 D commservice260303: client datas send succeed,send finish
05-27 18:13:17.922 13911 14192 D Sentinelmode_1.2.5.17_sentry: <SentryImuClusterFgeSender>imu_status sent to Linux, frame=200155, tsNs=8665164, tsMs=8, intervalMs=36, ad=(-0.0031732917,-0.0015491212,-0.16582108), gd=(-0.011606077,0.004276142,0.002596062)
05-27 08:04:26.886   581   581 D spi_rst_gpio_get_output: GPIO 145 value: 1
05-27 08:04:26.886   581   581 D spidev_ioctl: gpio status=1)
05-27 18:13:17.925 13911 14183 I SentryImuMcuAngleSender: 179.97897rollDeg
05-27 18:13:17.925 13911 14183 I SentryImuMcuAngleSender: 1,0,0
05-27 18:13:17.926   581   581 I SpiService: fgesysctrl_getGPIO_status success val=0
05-27 08:04:26.891   581   581 D spi_rst_gpio_get_output: GPIO 145 value: 0
05-27 08:04:26.891   581   581 D spidev_ioctl: gpio status=0)
05-27 18:13:17.937   299 30841 D EvsDriver: forwardFrame
05-27 18:13:17.939   299 30841 D EvsDriver: Delivered 0xb400007b7ca56a60 as id 0
05-27 18:13:17.939  1167  1184 D evsmanagerd: /dev/video4 forwarded the buffer #0 to 0xb4000074bf5f6850 from 0xb4000074bf5f41d0
05-27 18:13:17.941   581   581 I SpiService: fgesysctrl_getGPIO_status success val=1
05-27 08:04:26.905   581   581 D spi_rst_gpio_get_output: GPIO 145 value: 1
05-27 08:04:26.905   581   581 D spidev_ioctl: gpio status=1)
05-27 18:13:17.942   299  1153 D EvsDriver: doneWithFrame
05-27 18:13:17.944   299 30844 D EvsDriver: forwardFrame
05-27 18:13:17.945 13911 14183 I SentryImuMcuAngleSender: 179.96846rollDeg
05-27 18:13:17.945 13911 14183 I SentryImuMcuAngleSender: 1,0,0
05-27 18:13:17.946   299 30844 D EvsDriver: Delivered 0xb400007b7ca56900 as id 0
05-27 18:13:17.946  1167  1184 D evsmanagerd: /dev/video6 forwarded the buffer #0 to 0xb4000074bf5f5510 from 0xb4000074bf5f6d90
05-27 18:13:17.946   581   581 I SpiService: fgesysctrl_getGPIO_status success val=1
05-27 18:13:17.949   299  1153 D EvsDriver: doneWithFrame
05-27 08:04:26.911   581   581 D spi_rst_gpio_get_output: GPIO 145 value: 1
05-27 08:04:26.911   581   581 D spidev_ioctl: gpio status=1)
05-27 18:13:17.949   283   307 I rvcservice: t.code = 3, t.value = 0
05-27 18:13:17.952  1008 30857 D [OMXB]  : usingANWBuffer: handle:0xee746c00, format:1, w:1920, h:1080
05-27 18:13:17.952   581   581 I SpiService: fgesysctrl_getGPIO_status success val=1
05-27 08:04:26.917   581   581 D spi_rst_gpio_get_output: GPIO 145 value: 1
05-27 08:04:26.917   581   581 D spidev_ioctl: gpio status=1)
05-27 18:13:17.958   581   581 I SpiService: fgesysctrl_getGPIO_status success val=1
05-27 08:04:26.923   581   581 D spi_rst_gpio_get_output: GPIO 145 value: 1
05-27 08:04:26.923   581   581 D spidev_ioctl: gpio status=1)
05-27 18:13:17.962   536   536 D commservice260303: msg.id = 1028,1
05-27 18:13:17.962   536   536 D commservice260303: i = 170, msgid = 8A000404
05-27 18:13:17.962   536   536 D commservice260303: msgid = -1979710460,did=138
05-27 18:13:17.962   536   536 D commservice260303: CommProtocolLibCmdBaseI2C::dataproc {"command":{"id":"imu_status","sub":""},"content":{"TimeStamp":8,"FrameCounter":200156,"GD_X":-0.01160607673227787,"GD_Y":0.004809814505279064,"GD_Z":0.0022902146447449923,"AD_X":-0.0013492405414581299,"AD_Y":8.886684663593769E-4,"AD_Z":-0.1694812774658203,"TempDsp":0,"Status":0,"CalibState":1,"SigAmpInvalid":0}},-1979710460
05-27 18:13:17.962   536   536 D commservice260303: send2Cluster len:314, 7B22636F6D6D616E64223A7B226964223A22696D755F737461747573222C22737562223A22227D2C22636F6E74656E74223A7B2254696D655374616D70223A382C224672616D65436F756E746572223A3230303135362C2247445F58223A2D302E30313136303630373637333232373738372C2247445F59223A302E3030343830393831343530353237393036342C2247445F5A223A302E303032323930323134363434373434393932332C2241445F58223A2D302E303031333439323430353431343538313239392C2241445F59223A382E383836363834363633353933373639452D342C2241445F5A223A2D302E313639343831323737343635383230332C2254656D70447370223A302C22537461747573223A302C2243616C69625374617465223A312C22536967416D70496E76616C6964223A307D7D, 138 
05-27 18:13:17.962   536   536 D commservice260303: Push Message into SendPool fn=2102002432
05-27 18:13:17.962   536   536 D commservice260303: ComProtocolLibSend2Cluster::send2ClusterRaw fn=2102002432 , len=330
05-27 18:13:17.962   536   536 D commservice260303: sendCmdToPort :330!!!
05-27 18:13:17.962   536   536 D commservice260303: send Cmd To Port ++++5AA501468A0100034A7D6A16C3BD7B22636F6D6D616E64223A7B226964223A22696D755F737461747573222C22737562223A22227D2C22636F6E74656E74223A7B2254696D655374616D70223A382C224672616D65436F756E746572223A3230303135362C2247445F58223A2D302E30313136303630373637333232373738372C2247445F59223A302E3030343830393831343530353237393036342C2247445F5A223A302E303032323930323134363434373434393932332C2241445F58223A2D302E303031333439323430353431343538313239392C2241445F59223A382E383836363834363633353933373639452D342C2241445F5A223A2D302E313639343831323737343635383230332C2254656D70447370223A302C22537461747573223A302C2243616C69625374617465223A312C22536967416D70496E76616C6964223A307D7D2122
05-27 18:13:17.962   536   536 D commservice260303: bufferevent_write retrun value = 0
05-27 18:13:17.962 13911 14192 D Sentinelmode_1.2.5.17_sentry: <SentryImuClusterFgeSender>imu_status sent to Linux, frame=200156, tsNs=8665201, tsMs=8, intervalMs=40, ad=(-0.0013492405,8.8866847E-4,-0.16948128), gd=(-0.011606077,0.0048098145,0.0022902146)
05-27 18:13:17.963   536   560 D commservice260303: client datas send succeed,send finish
05-27 18:13:17.963  1008 30856 D [OMXB]  : usingANWBuffer: handle:0xee747180, format:1, w:1920, h:1080
05-27 18:13:17.964   581   581 I SpiService: fgesysctrl_getGPIO_status success val=1
05-27 08:04:26.928   581   581 D spi_rst_gpio_get_output: GPIO 145 value: 1
05-27 08:04:26.929   581   581 D spidev_ioctl: gpio status=1)
05-27 18:13:17.965 13911 14183 I SentryImuMcuAngleSender: 179.96497rollDeg
05-27 18:13:17.965 13911 14183 I SentryImuMcuAngleSender: 1,0,0
05-27 18:13:17.970   581   581 I SpiService: fgesysctrl_getGPIO_status success val=0
05-27 18:13:17.972   299 30841 D EvsDriver: forwardFrame
05-27 08:04:26.934   581   581 D spi_rst_gpio_get_output: GPIO 145 value: 0
05-27 08:04:26.934   581   581 D spidev_ioctl: gpio status=0)
05-27 18:13:17.974   299 30841 D EvsDriver: Delivered 0xb400007b7ca56a60 as id 0
05-27 18:13:17.974 13911 14183 I SentryImuMcuAngleSender: [4, 18, 1, 0, 0],5
05-27 18:13:17.974 13911 14183 I McuCommManager: mcuCommSendcmd [4, 18, 1, 0, 0]
05-27 18:13:17.974  1167  1184 D evsmanagerd: /dev/video4 forwarded the buffer #0 to 0xb4000074bf5f6850 from 0xb4000074bf5f41d0
05-27 18:13:17.974 13911 14183 I SentryImuMcuAngleSender: true
05-27 18:13:17.974 13911 14183 W Sentinelmode_1.2.5.17_sentry: <SentryImuMcuAngleSender>MCU IMU send interval abnormal: 1002ms
05-27 18:13:17.974 30773 30773 E dvr_service_: [myNum:0] Received S**** loss
05-27 18:13:17.975   299 30844 D EvsDriver: forwardFrame
05-27 18:13:17.977   299  1153 D EvsDriver: doneWithFrame
05-27 18:13:17.978   299 30844 D EvsDriver: Delivered 0xb400007b7ca56900 as id 0
05-27 18:13:17.978  1167  1184 D evsmanagerd: /dev/video6 forwarded the buffer #0 to 0xb4000074bf5f5510 from 0xb4000074bf5f6d90
05-27 18:13:17.979 30773 30773 E dvr_service_: [myNum:1] Received S**** loss
05-27 18:13:17.979   299  1153 D EvsDriver: doneWithFrame
05-27 18:13:17.984  1008 30856 D [OMXB]  : usingANWBuffer: handle:0xee741400, format:1, w:1920, h:1080
05-27 18:13:17.984   581   581 I SpiService: fgesysctrl_getGPIO_status success val=1
05-27 08:04:26.949   581   581 D spi_rst_gpio_get_output: GPIO 145 value: 1
05-27 08:04:26.949   581   581 D spidev_ioctl: gpio status=1)
05-27 18:13:17.986 13911 14183 I SentryImuMcuAngleSender: 179.97195rollDeg
05-27 18:13:17.986 13911 14183 I SentryImuMcuAngleSender: 1,0,0
05-27 18:13:17.986   572   622 I Sensors : 230 GyroSensor: x:-0.011835,y:0.004886,z:0.001450
05-27 18:13:17.990   581   581 I SpiService: fgesysctrl_getGPIO_status success val=1
05-27 08:04:26.955   581   581 D spi_rst_gpio_get_output: GPIO 145 value: 1
05-27 08:04:26.955   581   581 D spidev_ioctl: gpio status=1)
05-27 18:13:17.996   581   581 I SpiService: fgesysctrl_getGPIO_status success val=1
05-27 08:04:26.961   581   581 D spi_rst_gpio_get_output: GPIO 145 value: 1
05-27 08:04:26.961   581   581 D spidev_ioctl: gpio status=1)
05-27 18:13:18.000  1008 30857 D [OMXB]  : usingANWBuffer: handle:0xee7435b0, format:1, w:1920, h:1080
05-27 18:13:18.001 30773 30789 I dvr_service_: Camera 1: MediaOK:9076965, frames:200, isKeyFrame:0,pts:8664942384
05-27 18:13:18.002   581   581 I SpiService: fgesysctrl_getGPIO_status success val=1
05-27 18:13:18.004   536   536 D commservice260303: msg.id = 1028,1
05-27 18:13:18.004   536   536 D commservice260303: i = 170, msgid = 8A000404
05-27 18:13:18.004   536   536 D commservice260303: msgid = -1979710460,did=138
05-27 18:13:18.004   536   536 D commservice260303: CommProtocolLibCmdBaseI2C::dataproc {"command":{"id":"imu_status","sub":""},"content":{"TimeStamp":8,"FrameCounter":200157,"GD_X":-0.011834942735731602,"GD_Y":0.0048857564106583595,"GD_Z":0.0014501744881272316,"AD_X":-0.0037908852100372314,"AD_Y":-0.001545655308291316,"AD_Z":-0.16460132598876953,"TempDsp":0,"Status":0,"CalibState":1,"SigAmpInvalid":0}},-1979710460
05-27 18:13:18.004   536   536 D commservice260303: send2Cluster len:318, 7B22636F6D6D616E64223A7B226964223A22696D755F737461747573222C22737562223A22227D2C22636F6E74656E74223A7B2254696D655374616D70223A382C224672616D65436F756E746572223A3230303135372C2247445F58223A2D302E3031313833343934323733353733313630322C2247445F59223A302E303034383835373536343130363538333539352C2247445F5A223A302E303031343530313734343838313237323331362C2241445F58223A2D302E303033373930383835323130303337323331342C2241445F59223A2D302E3030313534353635353330383239313331362C2241445F5A223A2D302E31363436303133323539383837363935332C2254656D70447370223A302C22537461747573223A302C2243616C69625374617465223A312C22536967416D70496E76616C6964223A307D7D, 138 
05-27 18:13:18.004   536   536 D commservice260303: Push Message into SendPool fn=2118779648
05-27 18:13:18.004   536   536 D commservice260303: ComProtocolLibSend2Cluster::send2ClusterRaw fn=2118779648 , len=334
05-27 18:13:18.004   536   536 D commservice260303: sendCmdToPort :334!!!
05-27 18:13:18.004   536   536 D commservice260303: send Cmd To Port ++++5AA5014A8A0100034A7E6A16C3BE7B22636F6D6D616E64223A7B226964223A22696D755F737461747573222C22737562223A22227D2C22636F6E74656E74223A7B2254696D655374616D70223A382C224672616D65436F756E746572223A3230303135372C2247445F58223A2D302E3031313833343934323733353733313630322C2247445F59223A302E303034383835373536343130363538333539352C2247445F5A223A302E303031343530313734343838313237323331362C2241445F58223A2D302E303033373930383835323130303337323331342C2241445F59223A2D302E3030313534353635353330383239313331362C2241445F5A223A2D302E31363436303133323539383837363935332C2254656D70447370223A302C22537461747573223A302C2243616C69625374617465223A312C22536967416D70496E76616C6964223A307D7DD1B8
05-27 18:13:18.004   536   536 D commservice260303: bufferevent_write retrun value = 0
05-27 18:13:18.005   536   560 D commservice260303: client datas send succeed,send finish
05-27 18:13:18.005 13911 14192 D Sentinelmode_1.2.5.17_sentry: <SentryImuClusterFgeSender>imu_status sent to Linux, frame=200157, tsNs=8665236, tsMs=8, intervalMs=43, ad=(-0.0037908852,-0.0015456553,-0.16460133), gd=(-0.011834943,0.0048857564,0.0014501745)
05-27 08:04:26.966   581   581 D spi_rst_gpio_get_output: GPIO 145 value: 1
05-27 08:04:26.966   581   581 D spidev_ioctl: gpio status=1)
05-27 18:13:18.007 13911 14183 I SentryImuMcuAngleSender: 179.97897rollDeg
05-27 18:13:18.007 13911 14183 I SentryImuMcuAngleSender: 1,0,0
05-27 18:13:18.007   581   581 I SpiService: fgesysctrl_getGPIO_status success val=0
05-27 18:13:18.007   481   597 I mcuc    : send SPI:6AA6005EF10005041201000095
05-27 18:13:18.008   299 30841 D EvsDriver: forwardFrame
05-27 08:04:26.972   581   581 D spi_rst_gpio_get_output: GPIO 145 value: 0
05-27 08:04:26.972   581   581 D spidev_ioctl: gpio status=0)
05-27 18:13:18.009   299 30841 D EvsDriver: Delivered 0xb400007b7ca56a60 as id 0
05-27 18:13:18.009  1167  1184 D evsmanagerd: /dev/video4 forwarded the buffer #0 to 0xb4000074bf5f6850 from 0xb4000074bf5f41d0
05-27 18:13:18.013   299 30844 D EvsDriver: forwardFrame
05-27 18:13:18.014   299  1153 D EvsDriver: doneWithFrame
05-27 18:13:18.014   299 30844 D EvsDriver: Delivered 0xb400007b7ca56900 as id 0
05-27 18:13:18.014  1167  1184 D evsmanagerd: /dev/video6 forwarded the buffer #0 to 0xb4000074bf5f5510 from 0xb4000074bf5f6d90
05-27 08:04:26.988   581   581 D spi_rst_gpio_get_output: GPIO 145 value: 1
05-27 08:04:26.988   581   581 D spidev_ioctl: gpio status=1)
05-27 18:13:18.017 15863 16069 D AIN-HttpHealthPolicy: call() called start, host=www.17ce.com
05-27 18:13:18.018   299  1153 D EvsDriver: doneWithFrame
05-27 18:13:18.019  1008 30856 D [OMXB]  : usingANWBuffer: handle:0xee745fa0, format:1, w:1920, h:1080
05-27 18:13:18.021 10046 26137 D resolv  : GetAddrInfoHandler::run: {103 786535 103 983143 1000 0}
05-27 18:13:18.022 10046 26137 D resolv  : resolv_getaddrinfo: explore_fqdn(): ai_family=0 ai_socktype=1 ai_protocol=6
05-27 18:13:18.023   581   581 I SpiService: fgesysctrl_getGPIO_status success val=1
05-27 18:13:18.024 10046 26138 D resolv  : doQuery: (1, 1)
05-27 18:13:18.024 10046 26138 D resolv  : res_nmkquery: (QUERY, IN, A)
05-27 18:13:18.024 10046 26138 D resolv  : res_nsend
05-27 18:13:18.024 10046 26138 I resolv  : resolv_cache_lookup: lookup
05-27 18:13:18.024 10046 26138 I resolv  : resolv_cache_lookup: FOUND IN CACHE entry=0xb400007275467450
05-27 18:13:18.024 10046 26138 D resolv  : doQuery: rcode=0, ancount=2
05-27 18:13:18.026 15863 16069 D TrafficStats: tagSocket(188) with statsTag=0xffffffff, statsUid=-1
05-27 18:13:18.027 13911 14183 I SentryImuMcuAngleSender: 179.97899rollDeg
05-27 18:13:18.027 13911 14183 I SentryImuMcuAngleSender: 1,0,0
05-27 18:13:18.027 26061 26101 D ANWAPI_SECOND: (26061|0x29272CB0)[BTAPI] run AnWBT_WaitInitFinish
05-27 18:13:18.025 26061 26061 I auditd  : type=1400 audit(0.0:40851): avc: denied { read write } for comm="BTInit_Task" name="ttyS3" dev="tmpfs" ino=3005 scontext=u:r:system_app:s0 tcontext=u:object_r:serial_device:s0 tclass=chr_file permissive=1
05-27 18:13:18.025 26061 26061 I BTInit_Task: type=1400 audit(0.0:40851): avc: denied { read write } for name="ttyS3" dev="tmpfs" ino=3005 scontext=u:r:system_app:s0 tcontext=u:object_r:serial_device:s0 tclass=chr_file permissive=1
05-27 18:13:18.025 26061 26061 I auditd  : type=1400 audit(0.0:40852): avc: denied { open } for comm="BTInit_Task" path="/dev/ttyS3" dev="tmpfs" ino=3005 scontext=u:r:system_app:s0 tcontext=u:object_r:serial_device:s0 tclass=chr_file permissive=1
05-27 18:13:18.025 26061 26061 I BTInit_Task: type=1400 audit(0.0:40852): avc: denied { open } for path="/dev/ttyS3" dev="tmpfs" ino=3005 scontext=u:r:system_app:s0 tcontext=u:object_r:serial_device:s0 tclass=chr_file permissive=1
05-27 08:04:26.994   581   581 D spi_rst_gpio_get_output: GPIO 145 value: 1
05-27 08:04:26.994   581   581 D spidev_ioctl: gpio status=1)
05-27 08:04:26.996 26101 26101 E sprd_serial 20230000.serial: request TX DMA channel failed, ret = -19
05-27 18:13:18.027 26061 26101 D ANWAPI_SECOND: (26061|0x29272CB0)[BTAPI] RTL8761, config_uart_path[/dev/ttyS3], baudrate_init(115200), baudrate_normal(3000000)
05-27 18:13:18.027 26061 26101 D ANWAPI_SECOND: (26061|0x29272CB0)[BTAPI] RTL8761, config_BT_ADDR_path[]
05-27 18:13:18.027 26061 26101 D ANWAPI_SECOND: (26061|0x29272CB0)[BTAPI] BTUart_Configure start
05-27 18:13:18.028 26061 26101 I ANWStack: [   8665278][ANWBT] Device name = /dev/ttyS3,baudrate_init =115200(115200),baudrate =3000000(3000000)
05-27 18:13:18.028 26061 26101 I ANWStack: 
05-27 18:13:18.028 26061 26101 I ANWStack: [   8665279][ANWBT] BTUart_StartUp  speed = 115200
05-27 18:13:18.028 26061 26101 I ANWStack: 
05-27 18:13:18.029 26061 26101 D ANWStack: Mac Address /data/vendor/bluetooth/btmac.txt open fail - No such file or directory
05-27 18:13:18.029   581   581 I SpiService: fgesysctrl_getGPIO_status success val=1
05-27 18:13:18.029 26061 26101 D ANWStack: Mac Address from file  /data/vendor/bluetooth/btmac.txt -  (1)
05-27 08:04:26.996 26101 26101 E sprd_serial 20230000.serial: request RX DMA channel failed, ret = -19
05-27 08:04:26.996 26101 26101 W audit   : audit_lost=21512 audit_rate_limit=5 audit_backlog_limit=64
05-27 08:04:26.996 26101 26101 E audit   : rate limit exceeded
05-27 18:13:18.031 26061 26101 D ANWStack: rtk_8761C_init@1, fd 0x55
05-27 18:13:18.031 26061 26101 D ANWStack: type RTL_8761C, init speed 115200
05-27 18:13:18.031 26061 26101 D ANWStack: rtk_8761C_init@2, fd 0x55
05-27 18:13:18.031 26061 26101 D ANWStack: Realtek Bluetooth init uart with init speed:115200, type:HCI UART H4
05-27 18:13:18.032 26061 26101 D ANWStack: Realtek Bluetooth :Realtek hciattach version 3.1.d5a90fd.20250813-162457 
05-27 18:13:18.032 26061 26101 D ANWStack: 
05-27 18:13:18.032 26061 26101 D ANWStack: Realtek Bluetooth :Use epoll
05-27 18:13:18.032 26061 26101 D ANWStack: Realtek Bluetooth :Realtek H4 IC
05-27 18:13:18.035   581   581 I SpiService: fgesysctrl_getGPIO_status success val=1
05-27 18:13:18.036   299 30841 D EvsDriver: forwardFrame
05-27 08:04:27.000   581   581 D spi_rst_gpio_get_output: GPIO 145 value: 1
05-27 08:04:27.000   581   581 D spidev_ioctl: gpio status=1)
05-27 18:13:18.038   299 30841 D EvsDriver: Delivered 0xb400007b7ca56a60 as id 0
05-27 18:13:18.038  1167  1184 D evsmanagerd: /dev/video4 forwarded the buffer #0 to 0xb4000074bf5f6850 from 0xb4000074bf5f41d0
05-27 18:13:18.038  1008 30857 D [OMXB]  : usingANWBuffer: handle:0xee740bc0, format:1, w:1920, h:1080
05-27 18:13:18.039   299 30844 D EvsDriver: forwardFrame
05-27 18:13:18.041   581   581 I SpiService: fgesysctrl_getGPIO_status success val=1
05-27 18:13:18.041   299 30844 D EvsDriver: Delivered 0xb400007b7ca56900 as id 0
05-27 18:13:18.041  1167  1184 D evsmanagerd: /dev/video6 forwarded the buffer #0 to 0xb4000074bf5f5510 from 0xb4000074bf5f6d90
05-27 08:04:27.005   581   581 D spi_rst_gpio_get_output: GPIO 145 value: 1
05-27 08:04:27.005   581   581 D spidev_ioctl: gpio status=1)
05-27 18:13:18.045   299  1153 D EvsDriver: doneWithFrame
05-27 18:13:18.046   299  1163 D EvsDriver: doneWithFrame
05-27 18:13:18.046   536   536 D commservice260303: msg.id = 1028,1
05-27 18:13:18.046   536   536 D commservice260303: i = 170, msgid = 8A000404
05-27 18:13:18.046   536   536 D commservice260303: msgid = -1979710460,did=138
05-27 18:13:18.046   536   536 D commservice260303: CommProtocolLibCmdBaseI2C::dataproc {"command":{"id":"imu_status","sub":""},"content":{"TimeStamp":8,"FrameCounter":200158,"GD_X":-0.01160607673227787,"GD_Y":0.0051151420921087265,"GD_Z":0.0022902146447449923,"AD_X":-0.003179594874382019,"AD_Y":-0.0027454469818621874,"AD_Z":-0.1688709259033203,"TempDsp":0,"Status":0,"CalibState":1,"SigAmpInvalid":0}},-1979710460
05-27 18:13:18.047   581   581 I SpiService: fgesysctrl_getGPIO_status success val=1
05-27 18:13:18.047   536   536 D commservice260303: send2Cluster len:316, 7B22636F6D6D616E64223A7B226964223A22696D755F737461747573222C22737562223A22227D2C22636F6E74656E74223A7B2254696D655374616D70223A382C224672616D65436F756E746572223A3230303135382C2247445F58223A2D302E30313136303630373637333232373738372C2247445F59223A302E303035313135313432303932313038373236352C2247445F5A223A302E303032323930323134363434373434393932332C2241445F58223A2D302E3030333137393539343837343338323031392C2241445F59223A2D302E303032373435343436393831383632313837342C2241445F5A223A2D302E313638383730393235393033333230332C2254656D70447370223A302C22537461747573223A302C2243616C69625374617465223A312C22536967416D70496E76616C6964223A307D7D, 138 
05-27 18:13:18.047   536   536 D commservice260303: Push Message into SendPool fn=2135556864
05-27 18:13:18.047   536   536 D commservice260303: ComProtocolLibSend2Cluster::send2ClusterRaw fn=2135556864 , len=332
05-27 18:13:18.047   536   536 D commservice260303: sendCmdToPort :332!!!
05-27 18:13:18.047   536   536 D commservice260303: send Cmd To Port ++++5AA501488A0100034A7F6A16C3BE7B22636F6D6D616E64223A7B226964223A22696D755F737461747573222C22737562223A22227D2C22636F6E74656E74223A7B2254696D655374616D70223A382C224672616D65436F756E746572223A3230303135382C2247445F58223A2D302E30313136303630373637333232373738372C2247445F59223A302E303035313135313432303932313038373236352C2247445F5A223A302E303032323930323134363434373434393932332C2241445F58223A2D302E3030333137393539343837343338323031392C2241445F59223A2D302E303032373435343436393831383632313837342C2241445F5A223A2D302E313638383730393235393033333230332C2254656D70447370223A302C22537461747573223A302C2243616C69625374617465223A312C22536967416D70496E76616C6964223A307D7D83D0
05-27 18:13:18.047 13911 14183 I SentryImuMcuAngleSender: 179.98598rollDeg
05-27 18:13:18.047   536   536 D commservice260303: bufferevent_write retrun value = 0
05-27 18:13:18.047 13911 14183 I SentryImuMcuAngleSender: 1,0,0
05-27 18:13:18.048   536   560 D commservice260303: client datas send succeed,send finish
05-27 08:04:27.011   581   581 D spi_rst_gpio_get_output: GPIO 145 value: 1
05-27 08:04:27.011   581   581 D spidev_ioctl: gpio status=1)
05-27 18:13:18.048 13911 14192 D Sentinelmode_1.2.5.17_sentry: <SentryImuClusterFgeSender>imu_status sent to Linux, frame=200158, tsNs=8665289, tsMs=8, intervalMs=43, ad=(-0.0031795949,-0.002745447,-0.16887093), gd=(-0.011606077,0.005115142,0.0022902146)
05-27 18:13:18.049   283   307 I rvcservice: t.code = 4, t.value = 0
05-27 18:13:18.052  1982  1982 E health_guardian: UID for PID 11579 is 1000
05-27 18:13:18.052  1982  1982 E health_guardian: The 1000 process is system app,I refused to kill it,try next one!
05-27 18:13:18.052  1982  1982 E health_guardian: UID for PID 13435 is 1000
05-27 18:13:18.052  1982  1982 E health_guardian: The 1000 process is system app,I refused to kill it,try next one!
05-27 08:04:27.017   581   581 D spi_rst_gpio_get_output: GPIO 145 value: 0
05-27 08:04:27.017   581   581 D spidev_ioctl: gpio status=0)
05-27 18:13:18.052   581   581 I SpiService: fgesysctrl_getGPIO_status success val=0
05-27 18:13:18.053  1982  1982 E health_guardian: UID for PID 6212 is 1000
05-27 18:13:18.053  1982  1982 E health_guardian: The 1000 process is system app,I refused to kill it,try next one!
05-27 18:13:18.058  1008 30856 D [OMXB]  : usingANWBuffer: handle:0xee743240, format:1, w:1920, h:1080
05-27 18:13:18.067 13911 14183 I SentryImuMcuAngleSender: 179.97897rollDeg
05-27 18:13:18.067 13911 14183 I SentryImuMcuAngleSender: 1,0,0
05-27 18:13:18.067   581   581 I SpiService: fgesysctrl_getGPIO_status success val=1
05-27 08:04:27.032   581   581 D spi_rst_gpio_get_output: GPIO 145 value: 1
05-27 08:04:27.032   581   581 D spidev_ioctl: gpio status=1)
05-27 18:13:18.070  1008 30857 D [OMXB]  : usingANWBuffer: handle:0xee7440b0, format:1, w:1920, h:1080
05-27 18:13:18.072   299 30841 D EvsDriver: forwardFrame
05-27 18:13:18.073   581   581 I SpiService: fgesysctrl_getGPIO_status success val=1
05-27 18:13:18.074   299 30841 D EvsDriver: Delivered 0xb400007b7ca56a60 as id 0
05-27 18:13:18.074   299 30844 D EvsDriver: forwardFrame
05-27 18:13:18.074  1167  1184 D evsmanagerd: /dev/video4 forwarded the buffer #0 to 0xb4000074bf5f6850 from 0xb4000074bf5f41d0
05-27 08:04:27.038   581   581 D spi_rst_gpio_get_output: GPIO 145 value: 1
05-27 08:04:27.038   581   581 D spidev_ioctl: gpio status=1)
05-27 18:13:18.077   299 30844 D EvsDriver: Delivered 0xb400007b7ca56900 as id 0
05-27 18:13:18.077   299  1153 D EvsDriver: doneWithFrame
05-27 18:13:18.077  1167  1184 D evsmanagerd: /dev/video6 forwarded the buffer #0 to 0xb4000074bf5f5510 from 0xb4000074bf5f6d90
05-27 18:13:18.079   581   581 I SpiService: fgesysctrl_getGPIO_status success val=1
05-27 18:13:18.080   299  1153 D EvsDriver: doneWithFrame
05-27 08:04:27.044   581   581 D spi_rst_gpio_get_output: GPIO 145 value: 1
05-27 08:04:27.044   581   581 D spidev_ioctl: gpio status=1)
05-27 08:04:27.049   581   581 D spi_rst_gpio_get_output: GPIO 145 value: 1
05-27 08:04:27.049   581   581 D spidev_ioctl: gpio status=1)
05-27 18:13:18.085   581   581 I SpiService: fgesysctrl_getGPIO_status success val=1
05-27 18:13:18.085   536   536 D commservice260303: msg.id = 1028,0
05-27 18:13:18.085   536   536 D commservice260303: i = 170, msgid = 8A000404
05-27 18:13:18.085   536   536 D commservice260303: msgid = -1979710460,did=138
05-27 18:13:18.086   536   536 D commservice260303: CommProtocolLibCmdBaseI2C::dataproc {"command":{"id":"imu_status","sub":""},"content":{"TimeStamp":8,"FrameCounter":200159,"GD_X":-0.010841978713870049,"GD_Y":0.0057257963344454765,"GD_Z":0.002213752595707774,"AD_X":-0.005604550242424011,"AD_Y":-0.0015158250462263823,"AD_Z":-0.1694812774658203,"TempDsp":0,"Status":0,"CalibState":1,"SigAmpInvalid":0}},-1979710460
