05-27 18:13:20.819 26149 26177 D ANWAPI_SECOND: (26149|0x293CBCB0)[BTAPI] set_bluetooth_power : open(/sys/class/gpio/gpio142/value) for write failed,fd=-1
05-27 18:13:20.819 26149 26177 D ANWAPI_SECOND: (26149|0x293CBCB0)[BTAPI] open set_bluetooth_power : write(No such file or directory) failed,errno = 2
05-27 08:04:29.782   581   581 D spi_rst_gpio_get_output: GPIO 145 value: 1
05-27 08:04:29.782   581   581 D spidev_ioctl: gpio status=1)
05-27 18:13:20.822   581   581 I SpiService: fgesysctrl_getGPIO_status success val=1
05-27 08:04:29.787   581   581 D spi_rst_gpio_get_output: GPIO 145 value: 1
05-27 08:04:29.787   581   581 D spidev_ioctl: gpio status=1)
05-27 18:13:20.828   581   581 I SpiService: fgesysctrl_getGPIO_status success val=0
05-27 08:04:29.792   581   581 D spi_rst_gpio_get_output: GPIO 145 value: 0
05-27 08:04:29.792   581   581 D spidev_ioctl: gpio status=0)
05-27 18:13:20.830   536   536 D commservice260303: msg.id = 1028,0
05-27 18:13:20.830   536   536 D commservice260303: i = 170, msgid = 8A000404
05-27 18:13:20.830   536   536 D commservice260303: msgid = -1979710460,did=138
05-27 18:13:20.830   536   536 D commservice260303: CommProtocolLibCmdBaseI2C::dataproc {"command":{"id":"imu_status","sub":""},"content":{"TimeStamp":8,"FrameCounter":200227,"GD_X":-0.011834942735731602,"GD_Y":0.005268065724521875,"GD_Z":0.002443138277158141,"AD_X":-0.005976513028144836,"AD_Y":-0.0011115355882793665,"AD_Z":-0.16582489013671875,"TempDsp":0,"Status":0,"CalibState":1,"SigAmpInvalid":0}},-1979710460
05-27 18:13:20.830   536   536 D commservice260303: send2Cluster len:316, 7B22636F6D6D616E64223A7B226964223A22696D755F737461747573222C22737562223A22227D2C22636F6E74656E74223A7B2254696D655374616D70223A382C224672616D65436F756E746572223A3230303232372C2247445F58223A2D302E3031313833343934323733353733313630322C2247445F59223A302E3030353236383036353732343532313837352C2247445F5A223A302E3030323434333133383237373135383134312C2241445F58223A2D302E3030353937363531333032383134343833362C2241445F59223A2D302E303031313131353335353838323739333636352C2241445F5A223A2D302E31363538323438393031333637313837352C2254656D70447370223A302C22537461747573223A302C2243616C69625374617465223A312C22536967416D70496E76616C6964223A307D7D, 138 
05-27 18:13:20.830   536   536 D commservice260303: Push Message into SendPool fn=-985005312
05-27 18:13:20.830   536   536 D commservice260303: ComProtocolLibSend2Cluster::send2ClusterRaw fn=-985005312 , len=332
05-27 18:13:20.830   536   536 D commservice260303: sendCmdToPort :332!!!
05-27 18:13:20.830   536   536 D commservice260303: send Cmd To Port ++++5AA501488A0100034AC56A16C3C07B22636F6D6D616E64223A7B226964223A22696D755F737461747573222C22737562223A22227D2C22636F6E74656E74223A7B2254696D655374616D70223A382C224672616D65436F756E746572223A3230303232372C2247445F58223A2D302E3031313833343934323733353733313630322C2247445F59223A302E3030353236383036353732343532313837352C2247445F5A223A302E3030323434333133383237373135383134312C2241445F58223A2D302E3030353937363531333032383134343833362C2241445F59223A2D302E303031313131353335353838323739333636352C2241445F5A223A2D302E31363538323438393031333637313837352C2254656D70447370223A302C22537461747573223A302C2243616C69625374617465223A312C22536967416D70496E76616C6964223A307D7D7FBE
05-27 18:13:20.830   536   536 D commservice260303: bufferevent_write retrun value = 0
05-27 18:13:20.830   536   560 D commservice260303: client datas send succeed,send finish
05-27 18:13:20.830 13911 14192 D Sentinelmode_1.2.5.17_sentry: <SentryImuClusterFgeSender>imu_status sent to Linux, frame=200227, tsNs=8668070, tsMs=8, intervalMs=39, ad=(-0.005976513,-0.0011115356,-0.16582489), gd=(-0.011834943,0.0052680657,0.0024431383)
05-27 18:13:20.831  1008 30856 D [OMXB]  : usingANWBuffer: handle:0xee747180, format:1, w:1920, h:1080
05-27 18:13:20.835 13911 14183 I SentryImuMcuAngleSender: 179.97897rollDeg
05-27 18:13:20.835 13911 14183 I SentryImuMcuAngleSender: 1,0,0
05-27 18:13:20.837   572   622 I Sensors : 230 AccelSensor: x:-0.171410,y:0.003659,z:-9.972890
05-27 18:13:20.840   536   560 D commservice260303: recv len:77, 5AA500490600000032BD6A16C3C07B22636F6D6D616E64223A7B226964223A226473695F6C7578222C22737562223A22227D2C22636F6E74656E74223A7B2276616C7565223A3230307D7D5B25 from server
05-27 18:13:20.840   536  2578 D commservice260303: mcuDataAnalyzeHandle templen:77,len:77,pos:0, 5AA500490600000032BD6A16C3C07B22636F6D6D616E64223A7B226964223A226473695F6C7578222C22737562223A22227D2C22636F6E74656E74223A7B2276616C7565223A3230307D7D5B25 
05-27 18:13:20.840   536  2578 I commservice260303: checksumCal = 23333
05-27 18:13:20.840   536  2578 D commservice260303: CommProtocolLibCmdBaseC2I::dataproc {"command":{"id":"dsi_lux","sub":""},"content":{"value":200}},6
05-27 18:13:20.841   536  2578 D commservice260303: mcuCommMessageManager::notifyMsgToClient hwbinder OK
05-27 18:13:20.841   536  2578 D commservice260303: McuProtocolLibSend2Service::send2Service ret=1
05-27 18:13:20.841 12246 12440 D ivicomm_CommManager: fgeComServiceCallback: {"command":{"id":"dsi_lux","sub":""},"content":{"value":200}}
05-27 18:13:20.841 12246 12440 D ivicomm_CallbackManager: registerCallback DSI_LUX: {"value":200} mCommStateCallbackMap size:4
05-27 18:13:20.841   299 30841 D EvsDriver: forwardFrame
05-27 18:13:20.843   581   581 I SpiService: fgesysctrl_getGPIO_status success val=1
05-27 18:13:20.843 11579 11619 D NSLogUtils_VehicleService: L2A comm state: id=dsi_lux, value=200
05-27 18:13:20.843   299 30841 D EvsDriver: Delivered 0xb400007b7ca56a60 as id 0
05-27 18:13:20.843  1167  1167 D evsmanagerd: /dev/video4 forwarded the buffer #0 to 0xb4000074bf5f6850 from 0xb4000074bf5f41d0
05-27 18:13:20.844   299 30844 D EvsDriver: forwardFrame
05-27 18:13:20.844 11344  6590 D SystemUI_SystemSettingsControllerService: onCommState: commandID = dsi_lux; value = 200
05-27 08:04:29.807   581   581 D spi_rst_gpio_get_output: GPIO 145 value: 1
05-27 08:04:29.807   581   581 D spidev_ioctl: gpio status=1)
05-27 18:13:20.845 30773 30785 I dvr_service_: [EncoderHandler::runMediaThread] runMediaThread started:1,state:1, cam2:started:1,state:1, lastSwitch:1, mIsMuxerStart:1,format:0,is_str_ing:0
05-27 18:13:20.847   299 30844 D EvsDriver: Delivered 0xb400007b7ca56900 as id 0
05-27 18:13:20.847  1167  1167 D evsmanagerd: /dev/video6 forwarded the buffer #0 to 0xb4000074bf5f5510 from 0xb4000074bf5f6d90
05-27 18:13:20.849   581   581 I SpiService: fgesysctrl_getGPIO_status success val=1
05-27 18:13:20.849   299  1153 D EvsDriver: doneWithFrame
05-27 18:13:20.850   299  1153 D EvsDriver: doneWithFrame
05-27 08:04:29.813   581   581 D spi_rst_gpio_get_output: GPIO 145 value: 1
05-27 08:04:29.813   581   581 D spidev_ioctl: gpio status=1)
05-27 18:13:20.854  1008 30857 D [OMXB]  : usingANWBuffer: handle:0xee746310, format:1, w:1920, h:1080
05-27 18:13:20.855   581   581 I SpiService: fgesysctrl_getGPIO_status success val=1
05-27 18:13:20.855 13911 14183 I SentryImuMcuAngleSender: 179.97897rollDeg
05-27 18:13:20.855 13911 14183 I SentryImuMcuAngleSender: 1,0,0
05-27 08:04:29.819   581   581 D spi_rst_gpio_get_output: GPIO 145 value: 1
05-27 08:04:29.820   581   581 D spidev_ioctl: gpio status=1)
05-27 18:13:20.858   283   307 I rvcservice: t.code = 1, t.value = -164700
05-27 18:13:20.861   581   581 I SpiService: fgesysctrl_getGPIO_status success val=1
05-27 08:04:29.826   581   581 D spi_rst_gpio_get_output: GPIO 145 value: 1
05-27 08:04:29.826   581   581 D spidev_ioctl: gpio status=1)
05-27 18:13:20.866   581   581 I SpiService: fgesysctrl_getGPIO_status success val=0
05-27 18:13:20.868 15863 15863 D AIN-NaviLocationPresenter: ACC is OFF, skip upload location
05-27 08:04:29.831   581   581 D spi_rst_gpio_get_output: GPIO 145 value: 0
05-27 08:04:29.831   581   581 D spidev_ioctl: gpio status=0)
05-27 18:13:20.869  1008 30856 D [OMXB]  : usingANWBuffer: handle:0xee740d20, format:1, w:1920, h:1080
05-27 18:13:20.870   536   536 D commservice260303: msg.id = 1028,1
05-27 18:13:20.870   299 30844 D EvsDriver: forwardFrame
05-27 18:13:20.870   536   536 D commservice260303: i = 170, msgid = 8A000404
05-27 18:13:20.870   536   536 D commservice260303: msgid = -1979710460,did=138
05-27 18:13:20.870   536   536 D commservice260303: CommProtocolLibCmdBaseI2C::dataproc {"command":{"id":"imu_status","sub":""},"content":{"TimeStamp":8,"FrameCounter":200228,"GD_X":-0.011223767884075642,"GD_Y":0.0051151420921087265,"GD_Z":0.0020608289632946253,"AD_X":-0.0029202401638031006,"AD_Y":-0.003534754039719701,"AD_Z":-0.16948509216308594,"TempDsp":0,"Status":0,"CalibState":1,"SigAmpInvalid":0}},-1979710460
05-27 18:13:20.870   536   536 D commservice260303: send2Cluster len:318, 7B22636F6D6D616E64223A7B226964223A22696D755F737461747573222C22737562223A22227D2C22636F6E74656E74223A7B2254696D655374616D70223A382C224672616D65436F756E746572223A3230303232382C2247445F58223A2D302E3031313232333736373838343037353634322C2247445F59223A302E303035313135313432303932313038373236352C2247445F5A223A302E303032303630383238393633323934363235332C2241445F58223A2D302E303032393230323430313633383033313030362C2241445F59223A2D302E3030333533343735343033393731393730312C2241445F5A223A2D302E31363934383530393231363330383539342C2254656D70447370223A302C22537461747573223A302C2243616C69625374617465223A312C22536967416D70496E76616C6964223A307D7D, 138 
05-27 18:13:20.870   536   536 D commservice260303: Push Message into SendPool fn=-968228096
05-27 18:13:20.870   536   536 D commservice260303: ComProtocolLibSend2Cluster::send2ClusterRaw fn=-968228096 , len=334
05-27 18:13:20.870   536   536 D commservice260303: sendCmdToPort :334!!!
05-27 18:13:20.870   536   536 D commservice260303: send Cmd To Port ++++5AA5014A8A0100034AC66A16C3C07B22636F6D6D616E64223A7B226964223A22696D755F737461747573222C22737562223A22227D2C22636F6E74656E74223A7B2254696D655374616D70223A382C224672616D65436F756E746572223A3230303232382C2247445F58223A2D302E3031313232333736373838343037353634322C2247445F59223A302E303035313135313432303932313038373236352C2247445F5A223A302E303032303630383238393633323934363235332C2241445F58223A2D302E303032393230323430313633383033313030362C2241445F59223A2D302E3030333533343735343033393731393730312C2241445F5A223A2D302E31363934383530393231363330383539342C2254656D70447370223A302C22537461747573223A302C2243616C69625374617465223A312C22536967416D70496E76616C6964223A307D7DBE1A
05-27 18:13:20.870   536   536 D commservice260303: bufferevent_write retrun value = 0
05-27 18:13:20.870   536   560 D commservice260303: client datas send succeed,send finish
05-27 18:13:20.871 13911 14192 D Sentinelmode_1.2.5.17_sentry: <SentryImuClusterFgeSender>imu_status sent to Linux, frame=200228, tsNs=8668106, tsMs=8, intervalMs=40, ad=(-0.0029202402,-0.003534754,-0.16948509), gd=(-0.011223768,0.005115142,0.002060829)
05-27 18:13:20.873  1167  1167 D evsmanagerd: /dev/video6 forwarded the buffer #0 to 0xb4000074bf5f5510 from 0xb4000074bf5f6d90
05-27 18:13:20.873   299 30844 D EvsDriver: Delivered 0xb400007b7ca56900 as id 0
05-27 18:13:20.876   299  1153 D EvsDriver: doneWithFrame
05-27 18:13:20.876 13911 14183 I SentryImuMcuAngleSender: 179.993rollDeg
05-27 18:13:20.876 13911 14183 I SentryImuMcuAngleSender: 1,0,0
05-27 18:13:20.882   581   581 I SpiService: fgesysctrl_getGPIO_status success val=1
05-27 08:04:29.847   581   581 D spi_rst_gpio_get_output: GPIO 145 value: 1
05-27 08:04:29.847   581   581 D spidev_ioctl: gpio status=1)
05-27 18:13:20.886   299 30841 D EvsDriver: forwardFrame
05-27 18:13:20.887   299 30841 D EvsDriver: Delivered 0xb400007b7ca56a60 as id 0
05-27 18:13:20.887  1167  1167 D evsmanagerd: /dev/video4 forwarded the buffer #0 to 0xb4000074bf5f6850 from 0xb4000074bf5f41d0
05-27 08:04:29.853   581   581 D spi_rst_gpio_get_output: GPIO 145 value: 1
05-27 08:04:29.853   581   581 D spidev_ioctl: gpio status=1)
05-27 18:13:20.888  1008 30857 D [OMXB]  : usingANWBuffer: handle:0xee740590, format:1, w:1920, h:1080
05-27 18:13:20.889   581   581 I SpiService: fgesysctrl_getGPIO_status success val=1
05-27 18:13:20.891   299  1153 D EvsDriver: doneWithFrame
05-27 18:13:20.895   581   581 I SpiService: fgesysctrl_getGPIO_status success val=1
05-27 08:04:29.859   581   581 D spi_rst_gpio_get_output: GPIO 145 value: 1
05-27 08:04:29.860   581   581 D spidev_ioctl: gpio status=1)
05-27 18:13:20.897 13911 14183 I SentryImuMcuAngleSender: 179.99649rollDeg
05-27 18:13:20.897 13911 14183 I SentryImuMcuAngleSender: 1,0,0
05-27 18:13:20.901   581   581 I SpiService: fgesysctrl_getGPIO_status success val=1
05-27 08:04:29.865   581   581 D spi_rst_gpio_get_output: GPIO 145 value: 1
05-27 08:04:29.865   581   581 D spidev_ioctl: gpio status=1)
05-27 18:13:20.905  1008 30856 D [OMXB]  : usingANWBuffer: handle:0xee742cc0, format:1, w:1920, h:1080
05-27 18:13:20.906   581   581 I SpiService: fgesysctrl_getGPIO_status success val=0
05-27 08:04:29.871   581   581 D spi_rst_gpio_get_output: GPIO 145 value: 0
05-27 08:04:29.871   581   581 D spidev_ioctl: gpio status=0)
05-27 18:13:20.909   299 30844 D EvsDriver: forwardFrame
05-27 18:13:20.911   536   536 D commservice260303: msg.id = 1028,1
05-27 18:13:20.911   536   536 D commservice260303: i = 170, msgid = 8A000404
05-27 18:13:20.911   536   536 D commservice260303: msgid = -1979710460,did=138
05-27 18:13:20.911   536   536 D commservice260303: CommProtocolLibCmdBaseI2C::dataproc {"command":{"id":"imu_status","sub":""},"content":{"TimeStamp":8,"FrameCounter":200229,"GD_X":-0.011682018637657166,"GD_Y":0.0057257963344454765,"GD_Z":0.001679039909504354,"AD_X":-0.0023109018802642822,"AD_Y":-0.0041163405403494835,"AD_Z":-0.17314529418945312,"TempDsp":0,"Status":0,"CalibState":1,"SigAmpInvalid":0}},-1979710460
05-27 18:13:20.912   536   536 D commservice260303: send2Cluster len:318, 7B22636F6D6D616E64223A7B226964223A22696D755F737461747573222C22737562223A22227D2C22636F6E74656E74223A7B2254696D655374616D70223A382C224672616D65436F756E746572223A3230303232392C2247445F58223A2D302E3031313638323031383633373635373136362C2247445F59223A302E303035373235373936333334343435343736352C2247445F5A223A302E3030313637393033393930393530343335342C2241445F58223A2D302E303032333130393031383830323634323832322C2241445F59223A2D302E303034313136333430353430333439343833352C2241445F5A223A2D302E31373331343532393431383934353331322C2254656D70447370223A302C22537461747573223A302C2243616C69625374617465223A312C22536967416D70496E76616C6964223A307D7D, 138 
05-27 18:13:20.912   536   536 D commservice260303: Push Message into SendPool fn=-951450880
05-27 18:13:20.912   536   536 D commservice260303: ComProtocolLibSend2Cluster::send2ClusterRaw fn=-951450880 , len=334
05-27 18:13:20.912   536   536 D commservice260303: sendCmdToPort :334!!!
05-27 18:13:20.912   536   536 D commservice260303: send Cmd To Port ++++5AA5014A8A0100034AC76A16C3C07B22636F6D6D616E64223A7B226964223A22696D755F737461747573222C22737562223A22227D2C22636F6E74656E74223A7B2254696D655374616D70223A382C224672616D65436F756E746572223A3230303232392C2247445F58223A2D302E3031313638323031383633373635373136362C2247445F59223A302E303035373235373936333334343435343736352C2247445F5A223A302E3030313637393033393930393530343335342C2241445F58223A2D302E303032333130393031383830323634323832322C2241445F59223A2D302E303034313136333430353430333439343833352C2241445F5A223A2D302E31373331343532393431383934353331322C2254656D70447370223A302C22537461747573223A302C2243616C69625374617465223A312C22536967416D70496E76616C6964223A307D7DB55B
05-27 18:13:20.912   536   536 D commservice260303: bufferevent_write retrun value = 0
05-27 18:13:20.912   536   560 D commservice260303: client datas send succeed,send finish
05-27 18:13:20.912 13911 14192 D Sentinelmode_1.2.5.17_sentry: <SentryImuClusterFgeSender>imu_status sent to Linux, frame=200229, tsNs=8668142, tsMs=8, intervalMs=42, ad=(-0.0023109019,-0.0041163405,-0.1731453), gd=(-0.011682019,0.0057257963,0.0016790399)
05-27 18:13:20.912   299 30841 D EvsDriver: forwardFrame
05-27 18:13:20.913   299 30844 D EvsDriver: Delivered 0xb400007b7ca56900 as id 0
05-27 18:13:20.913  1167  1167 D evsmanagerd: /dev/video6 forwarded the buffer #0 to 0xb4000074bf5f5510 from 0xb4000074bf5f6d90
05-27 18:13:20.915  1167  1167 D evsmanagerd: /dev/video4 forwarded the buffer #0 to 0xb4000074bf5f6850 from 0xb4000074bf5f41d0
05-27 18:13:20.915   299 30841 D EvsDriver: Delivered 0xb400007b7ca56a60 as id 0
05-27 18:13:20.917   299  1153 D EvsDriver: doneWithFrame
05-27 18:13:20.918 13911 14183 I SentryImuMcuAngleSender: 179.97899rollDeg
05-27 18:13:20.918 13911 14183 I SentryImuMcuAngleSender: 1,0,0
05-27 18:13:20.922   299  1153 D EvsDriver: doneWithFrame
05-27 18:13:20.922   581   581 I SpiService: fgesysctrl_getGPIO_status success val=1
05-27 08:04:29.887   581   581 D spi_rst_gpio_get_output: GPIO 145 value: 1
05-27 08:04:29.887   581   581 D spidev_ioctl: gpio status=1)
05-27 18:13:20.926   572   572 I Sensors : 230 GyroSensor: x:-0.011835,y:0.005497,z:0.002596
05-27 18:13:20.928   581   581 I SpiService: fgesysctrl_getGPIO_status success val=1
05-27 08:04:29.892   581   581 D spi_rst_gpio_get_output: GPIO 145 value: 1
05-27 08:04:29.892   581   581 D spidev_ioctl: gpio status=1)
05-27 18:13:20.930  1008 30857 D [OMXB]  : usingANWBuffer: handle:0xee742ed0, format:1, w:1920, h:1080
05-27 18:13:20.934   581   581 I SpiService: fgesysctrl_getGPIO_status success val=1
05-27 08:04:29.898   581   581 D spi_rst_gpio_get_output: GPIO 145 value: 1
05-27 08:04:29.898   581   581 D spidev_ioctl: gpio status=1)
05-27 18:13:20.938 13911 14183 I SentryImuMcuAngleSender: 179.95796rollDeg
05-27 18:13:20.938 13911 14183 I SentryImuMcuAngleSender: 1,0,0
05-27 18:13:20.940   581   581 I SpiService: fgesysctrl_getGPIO_status success val=1
05-27 08:04:29.904   581   581 D spi_rst_gpio_get_output: GPIO 145 value: 1
05-27 08:04:29.904   581   581 D spidev_ioctl: gpio status=1)
05-27 18:13:20.941   299 30844 D EvsDriver: forwardFrame
05-27 18:13:20.942   299 30841 D EvsDriver: forwardFrame
05-27 18:13:20.944   299 30841 D EvsDriver: Delivered 0xb400007b7ca56a60 as id 0
05-27 18:13:20.944  1167  1167 D evsmanagerd: /dev/video4 forwarded the buffer #0 to 0xb4000074bf5f6850 from 0xb4000074bf5f41d0
05-27 18:13:20.944   299 30844 D EvsDriver: Delivered 0xb400007b7ca56900 as id 0
05-27 18:13:20.944  1167  1167 D evsmanagerd: /dev/video6 forwarded the buffer #0 to 0xb4000074bf5f5510 from 0xb4000074bf5f6d90
05-27 18:13:20.946   581   581 I SpiService: fgesysctrl_getGPIO_status success val=0
05-27 18:13:20.947   299  1163 D EvsDriver: doneWithFrame
05-27 18:13:20.947   299  1153 D EvsDriver: doneWithFrame
05-27 18:13:20.949  1008 30856 D [OMXB]  : usingANWBuffer: handle:0xee743df0, format:1, w:1920, h:1080
05-27 08:04:29.910   581   581 D spi_rst_gpio_get_output: GPIO 145 value: 0
05-27 08:04:29.910   581   581 D spidev_ioctl: gpio status=0)
05-27 18:13:20.953   536   536 D commservice260303: msg.id = 1028,0
05-27 18:13:20.954   536   536 D commservice260303: i = 170, msgid = 8A000404
05-27 18:13:20.954   536   536 D commservice260303: msgid = -1979710460,did=138
05-27 18:13:20.954   536   536 D commservice260303: CommProtocolLibCmdBaseI2C::dataproc {"command":{"id":"imu_status","sub":""},"content":{"TimeStamp":8,"FrameCounter":200230,"GD_X":-0.011223767884075642,"GD_Y":0.0057257963344454765,"GD_Z":0.0023671966046094894,"AD_X":0.004348099231719971,"AD_Y":-4.587071016430855E-4,"AD_Z":-0.17192459106445312,"TempDsp":0,"Status":0,"CalibState":1,"SigAmpInvalid":0}},-1979710460
05-27 18:13:20.954   536   536 D commservice260303: send2Cluster len:316, 7B22636F6D6D616E64223A7B226964223A22696D755F737461747573222C22737562223A22227D2C22636F6E74656E74223A7B2254696D655374616D70223A382C224672616D65436F756E746572223A3230303233302C2247445F58223A2D302E3031313232333736373838343037353634322C2247445F59223A302E303035373235373936333334343435343736352C2247445F5A223A302E303032333637313936363034363039343839342C2241445F58223A302E3030343334383039393233313731393937312C2241445F59223A2D342E353837303731303136343330383535452D342C2241445F5A223A2D302E31373139323435393130363434353331322C2254656D70447370223A302C22537461747573223A302C2243616C69625374617465223A312C22536967416D70496E76616C6964223A307D7D, 138 
05-27 18:13:20.954   536   536 D commservice260303: Push Message into SendPool fn=-934673664
05-27 18:13:20.954   536   536 D commservice260303: ComProtocolLibSend2Cluster::send2ClusterRaw fn=-934673664 , len=332
05-27 18:13:20.954   536   536 D commservice260303: sendCmdToPort :332!!!
05-27 18:13:20.954   536   536 D commservice260303: send Cmd To Port ++++5AA501488A0100034AC86A16C3C07B22636F6D6D616E64223A7B226964223A22696D755F737461747573222C22737562223A22227D2C22636F6E74656E74223A7B2254696D655374616D70223A382C224672616D65436F756E746572223A3230303233302C2247445F58223A2D302E3031313232333736373838343037353634322C2247445F59223A302E303035373235373936333334343435343736352C2247445F5A223A302E303032333637313936363034363039343839342C2241445F58223A302E3030343334383039393233313731393937312C2241445F59223A2D342E353837303731303136343330383535452D342C2241445F5A223A2D302E31373139323435393130363434353331322C2254656D70447370223A302C22537461747573223A302C2243616C69625374617465223A312C22536967416D70496E76616C6964223A307D7DF92D
05-27 18:13:20.954   536   536 D commservice260303: bufferevent_write retrun value = 0
05-27 18:13:20.954   536   560 D commservice260303: client datas send succeed,send finish
05-27 18:13:20.954 13911 14192 D Sentinelmode_1.2.5.17_sentry: <SentryImuClusterFgeSender>imu_status sent to Linux, frame=200230, tsNs=8668195, tsMs=8, intervalMs=42, ad=(0.004348099,-4.587071E-4,-0.17192459), gd=(-0.011223768,0.0057257963,0.0023671966)
05-27 18:13:20.958 13911 14183 I SentryImuMcuAngleSender: 179.97548rollDeg
05-27 18:13:20.958 13911 14183 I SentryImuMcuAngleSender: 1,0,0
05-27 18:13:20.958   283   307 I rvcservice: t.code = 3, t.value = 0
05-27 18:13:20.962   581   581 I SpiService: fgesysctrl_getGPIO_status success val=1
05-27 18:13:20.963 30773 30786 I dvr_service_: CameraX 1  audioOK: 12096000,audios:190
05-27 08:04:29.926   581   581 D spi_rst_gpio_get_output: GPIO 145 value: 1
05-27 08:04:29.926   581   581 D spidev_ioctl: gpio status=1)
05-27 18:13:20.967   581   581 I SpiService: fgesysctrl_getGPIO_status success val=1
05-27 08:04:29.932   581   581 D spi_rst_gpio_get_output: GPIO 145 value: 1
05-27 08:04:29.932   581   581 D spidev_ioctl: gpio status=1)
05-27 08:04:29.937   581   581 D spi_rst_gpio_get_output: GPIO 145 value: 1
05-27 18:13:20.973   581   581 I SpiService: fgesysctrl_getGPIO_status success val=1
05-27 08:04:29.937   581   581 D spidev_ioctl: gpio status=1)
05-27 18:13:20.973  1008 30857 D [OMXB]  : usingANWBuffer: handle:0xee7454a0, format:1, w:1920, h:1080
05-27 18:13:20.974 13911 14183 I SentryImuMcuAngleSender: [4, 18, 1, 0, 0],5
05-27 18:13:20.974 13911 14183 I McuCommManager: mcuCommSendcmd [4, 18, 1, 0, 0]
05-27 18:13:20.975   299 30841 D EvsDriver: forwardFrame
05-27 18:13:20.976 13911 14183 I SentryImuMcuAngleSender: true
05-27 18:13:20.977 13911 14183 W Sentinelmode_1.2.5.17_sentry: <SentryImuMcuAngleSender>MCU IMU send interval abnormal: 1000ms
05-27 18:13:20.977   299 30841 D EvsDriver: Delivered 0xb400007b7ca56a60 as id 0
05-27 18:13:20.978  1167  1167 D evsmanagerd: /dev/video4 forwarded the buffer #0 to 0xb4000074bf5f6850 from 0xb4000074bf5f41d0
05-27 08:04:29.943   581   581 D spi_rst_gpio_get_output: GPIO 145 value: 1
05-27 08:04:29.943   581   581 D spidev_ioctl: gpio status=1)
05-27 18:13:20.978 30773 30782 E dvr_service_: [myNum:0] Received S**** loss
05-27 18:13:20.978 13911 14183 I SentryImuMcuAngleSender: 179.986rollDeg
05-27 18:13:20.978 13911 14183 I SentryImuMcuAngleSender: 1,0,0
05-27 18:13:20.978   299 30844 D EvsDriver: forwardFrame
05-27 18:13:20.978   581   581 I SpiService: fgesysctrl_getGPIO_status success val=1
05-27 18:13:20.978   299  1153 D EvsDriver: doneWithFrame
05-27 18:13:20.981  1167  1167 D evsmanagerd: /dev/video6 forwarded the buffer #0 to 0xb4000074bf5f5510 from 0xb4000074bf5f6d90
05-27 18:13:20.981   299 30844 D EvsDriver: Delivered 0xb400007b7ca56900 as id 0
05-27 18:13:20.981 30773 30782 E dvr_service_: [myNum:1] Received S**** loss
05-27 18:13:20.982   299  1153 D EvsDriver: doneWithFrame
05-27 18:13:20.984   581   581 I SpiService: fgesysctrl_getGPIO_status success val=1
05-27 08:04:29.948   581   581 D spi_rst_gpio_get_output: GPIO 145 value: 1
05-27 08:04:29.948   581   581 D spidev_ioctl: gpio status=1)
05-27 18:13:20.989  1008 30856 D [OMXB]  : usingANWBuffer: handle:0xee7428a0, format:1, w:1920, h:1080
05-27 18:13:20.989   581   581 I SpiService: fgesysctrl_getGPIO_status success val=0
05-27 18:13:20.989   481   597 I mcuc    : send SPI:6AA6005EFB000504120100008B
05-27 08:04:29.954   581   581 D spi_rst_gpio_get_output: GPIO 145 value: 0
05-27 08:04:29.954   581   581 D spidev_ioctl: gpio status=0)
05-27 18:13:20.994   536   536 D commservice260303: msg.id = 1028,0
05-27 18:13:20.994   536   536 D commservice260303: i = 170, msgid = 8A000404
05-27 18:13:20.995   536   536 D commservice260303: msgid = -1979710460,did=138
05-27 18:13:20.995   536   536 D commservice260303: CommProtocolLibCmdBaseI2C::dataproc {"command":{"id":"imu_status","sub":""},"content":{"TimeStamp":8,"FrameCounter":200231,"GD_X":-0.011453153565526009,"GD_Y":0.004963258747011423,"GD_Z":0.0022902146447449923,"AD_X":-0.0023740530014038086,"AD_Y":0.0013742214068770409,"AD_Z":-0.16826629638671875,"TempDsp":0,"Status":0,"CalibState":1,"SigAmpInvalid":0}},-1979710460
05-27 18:13:20.995   536   536 D commservice260303: send2Cluster len:317, 7B22636F6D6D616E64223A7B226964223A22696D755F737461747573222C22737562223A22227D2C22636F6E74656E74223A7B2254696D655374616D70223A382C224672616D65436F756E746572223A3230303233312C2247445F58223A2D302E3031313435333135333536353532363030392C2247445F59223A302E3030343936333235383734373031313432332C2247445F5A223A302E303032323930323134363434373434393932332C2241445F58223A2D302E303032333734303533303031343033383038362C2241445F59223A302E303031333734323231343036383737303430392C2241445F5A223A2D302E31363832363632393633383637313837352C2254656D70447370223A302C22537461747573223A302C2243616C69625374617465223A312C22536967416D70496E76616C6964223A307D7D, 138 
05-27 18:13:20.995   536   536 D commservice260303: Push Message into SendPool fn=-917896448
05-27 18:13:20.995   536   536 D commservice260303: ComProtocolLibSend2Cluster::send2ClusterRaw fn=-917896448 , len=333
05-27 18:13:20.995   536   536 D commservice260303: sendCmdToPort :333!!!
05-27 18:13:20.995   536   536 D commservice260303: send Cmd To Port ++++5AA501498A0100034AC96A16C3C07B22636F6D6D616E64223A7B226964223A22696D755F737461747573222C22737562223A22227D2C22636F6E74656E74223A7B2254696D655374616D70223A382C224672616D65436F756E746572223A3230303233312C2247445F58223A2D302E3031313435333135333536353532363030392C2247445F59223A302E3030343936333235383734373031313432332C2247445F5A223A302E303032323930323134363434373434393932332C2241445F58223A2D302E303032333734303533303031343033383038362C2241445F59223A302E303031333734323231343036383737303430392C2241445F5A223A2D302E31363832363632393633383637313837352C2254656D70447370223A302C22537461747573223A302C2243616C69625374617465223A312C22536967416D70496E76616C6964223A307D7DE693
05-27 18:13:20.995   536   536 D commservice260303: bufferevent_write retrun value = 0
05-27 18:13:20.995   536   560 D commservice260303: client datas send succeed,send finish
05-27 18:13:20.996 13911 14192 D Sentinelmode_1.2.5.17_sentry: <SentryImuClusterFgeSender>imu_status sent to Linux, frame=200231, tsNs=8668231, tsMs=8, intervalMs=41, ad=(-0.002374053,0.0013742214,-0.1682663), gd=(-0.011453154,0.0049632587,0.0022902146)
05-27 18:13:20.999 13911 14183 I SentryImuMcuAngleSender: 179.95795rollDeg
05-27 18:13:20.999 13911 14183 I SentryImuMcuAngleSender: 1,0,0
05-27 18:13:21.003   581   581 I SpiService: fgesysctrl_getGPIO_status success val=1
05-27 08:04:29.968   581   581 D spi_rst_gpio_get_output: GPIO 145 value: 1
05-27 08:04:29.968   581   581 D spidev_ioctl: gpio status=1)
05-27 18:13:21.015   299 30841 D EvsDriver: forwardFrame
05-27 18:13:21.015   581   581 I SpiService: fgesysctrl_getGPIO_status success val=1
05-27 08:04:29.980   581   581 D spi_rst_gpio_get_output: GPIO 145 value: 1
05-27 08:04:29.980   581   581 D spidev_ioctl: gpio status=1)
05-27 18:13:21.017   299 30841 D EvsDriver: Delivered 0xb400007b7ca56a60 as id 0
05-27 18:13:21.017  1167  1167 D evsmanagerd: /dev/video4 forwarded the buffer #0 to 0xb4000074bf5f6850 from 0xb4000074bf5f41d0
05-27 18:13:21.018   299 30844 D EvsDriver: Delivered 0xb400007b7ca56900 as id 0
05-27 18:13:21.018  1167  1167 D evsmanagerd: /dev/video6 forwarded the buffer #0 to 0xb4000074bf5f5510 from 0xb4000074bf5f6d90
05-27 18:13:21.020 13911 14183 I SentryImuMcuAngleSender: 179.96495rollDeg
05-27 18:13:21.020 13911 14183 I SentryImuMcuAngleSender: 1,0,0
05-27 18:13:21.020   299  1153 D EvsDriver: doneWithFrame
05-27 18:13:21.020   299  1153 D EvsDriver: doneWithFrame
05-27 18:13:21.020   581   581 I SpiService: fgesysctrl_getGPIO_status success val=1
05-27 08:04:29.985   581   581 D spi_rst_gpio_get_output: GPIO 145 value: 1
05-27 08:04:29.985   581   581 D spidev_ioctl: gpio status=1)
05-27 18:13:21.022  1008 30856 D [OMXB]  : usingANWBuffer: handle:0xee742950, format:1, w:1920, h:1080
05-27 18:13:21.024 30773 30789 I dvr_service_: Camera 0: MediaOK:12162299, frames:270, isKeyFrame:0,pts:8668041592
05-27 18:13:21.026   581   581 I SpiService: fgesysctrl_getGPIO_status success val=1
05-27 08:04:29.991   581   581 D spi_rst_gpio_get_output: GPIO 145 value: 1
05-27 08:04:29.991   581   581 D spidev_ioctl: gpio status=1)
05-27 18:13:21.032   581   581 I SpiService: fgesysctrl_getGPIO_status success val=0
05-27 08:04:29.994     1     1 I init    : starting service 'trace_kernel'...
05-27 08:04:29.997   581   581 D spi_rst_gpio_get_output: GPIO 145 value: 0
05-27 08:04:29.997   581   581 D spidev_ioctl: gpio status=0)
05-27 18:13:21.034   572   572 I Sensors : 230 AccelSensor: x:-0.167140,y:0.006100,z:-9.974110
05-27 18:13:21.035   536   536 D commservice260303: msg.id = 1028,0
05-27 18:13:21.035   536   536 D commservice260303: i = 170, msgid = 8A000404
05-27 18:13:21.035   536   536 D commservice260303: msgid = -1979710460,did=138
05-27 18:13:21.035   536   536 D commservice260303: CommProtocolLibCmdBaseI2C::dataproc {"command":{"id":"imu_status","sub":""},"content":{"TimeStamp":8,"FrameCounter":200232,"GD_X":-0.011910883709788322,"GD_Y":0.004352083895355463,"GD_Z":0.0023671966046094894,"AD_X":-0.0017719268798828125,"AD_Y":0.0013620308600366116,"AD_Z":-0.16826629638671875,"TempDsp":0,"Status":0,"CalibState":1,"SigAmpInvalid":0}},-1979710460
05-27 18:13:21.035   536   536 D commservice260303: send2Cluster len:317, 7B22636F6D6D616E64223A7B226964223A22696D755F737461747573222C22737562223A22227D2C22636F6E74656E74223A7B2254696D655374616D70223A382C224672616D65436F756E746572223A3230303233322C2247445F58223A2D302E3031313931303838333730393738383332322C2247445F59223A302E3030343335323038333839353335353436332C2247445F5A223A302E303032333637313936363034363039343839342C2241445F58223A2D302E303031373731393236383739383832383132352C2241445F59223A302E303031333632303330383630303336363131362C2241445F5A223A2D302E31363832363632393633383637313837352C2254656D70447370223A302C22537461747573223A302C2243616C69625374617465223A312C22536967416D70496E76616C6964223A307D7D, 138 
05-27 18:13:21.035   536   536 D commservice260303: Push Message into SendPool fn=-901119232
05-27 18:13:21.035   536   536 D commservice260303: ComProtocolLibSend2Cluster::send2ClusterRaw fn=-901119232 , len=333
05-27 18:13:21.035   536   536 D commservice260303: sendCmdToPort :333!!!
05-27 18:13:21.035   536   536 D commservice260303: send Cmd To Port ++++5AA501498A0100034ACA6A16C3C17B22636F6D6D616E64223A7B226964223A22696D755F737461747573222C22737562223A22227D2C22636F6E74656E74223A7B2254696D655374616D70223A382C224672616D65436F756E746572223A3230303233322C2247445F58223A2D302E3031313931303838333730393738383332322C2247445F59223A302E3030343335323038333839353335353436332C2247445F5A223A302E303032333637313936363034363039343839342C2241445F58223A2D302E303031373731393236383739383832383132352C2241445F59223A302E303031333632303330383630303336363131362C2241445F5A223A2D302E31363832363632393633383637313837352C2254656D70447370223A302C22537461747573223A302C2243616C69625374617465223A312C22536967416D70496E76616C6964223A307D7DEEE9
05-27 18:13:21.036   536   536 D commservice260303: bufferevent_write retrun value = 0
05-27 18:13:21.036   536   560 D commservice260303: client datas send succeed,send finish
05-27 18:13:21.036 13911 14192 D Sentinelmode_1.2.5.17_sentry: <SentryImuClusterFgeSender>imu_status sent to Linux, frame=200232, tsNs=8668267, tsMs=8, intervalMs=41, ad=(-0.0017719269,0.0013620309,-0.1682663), gd=(-0.011910884,0.004352084,0.0023671966)
05-27 18:13:21.038  1008 30857 D [OMXB]  : usingANWBuffer: handle:0xee7439d0, format:1, w:1920, h:1080
05-27 18:13:21.041 13911 14183 I SentryImuMcuAngleSender: 179.96497rollDeg
05-27 18:13:21.041 13911 14183 I SentryImuMcuAngleSender: 1,0,0
05-27 08:04:30.002 26184 26184 W audit   : audit_lost=21523 audit_rate_limit=5 audit_backlog_limit=64
05-27 08:04:30.002 26184 26184 E audit   : rate limit exceeded
05-27 18:13:21.044   299 30841 D EvsDriver: forwardFrame
05-27 18:13:21.046   299 30841 D EvsDriver: Delivered 0xb400007b7ca56a60 as id 0
05-27 18:13:21.046  1167  1167 D evsmanagerd: /dev/video4 forwarded the buffer #0 to 0xb4000074bf5f6850 from 0xb4000074bf5f41d0
05-27 18:13:21.047   581   581 I SpiService: fgesysctrl_getGPIO_status success val=1
05-27 08:04:30.011   581   581 D spi_rst_gpio_get_output: GPIO 145 value: 1
05-27 08:04:30.011   581   581 D spidev_ioctl: gpio status=1)
05-27 18:13:21.049   299  1153 D EvsDriver: doneWithFrame
05-27 08:04:30.018   581   581 D spi_rst_gpio_get_output: GPIO 145 value: 1
05-27 08:04:30.018   581   581 D spidev_ioctl: gpio status=1)
05-27 18:13:21.052   299 30844 D EvsDriver: forwardFrame
05-27 18:13:21.053   581   581 I SpiService: fgesysctrl_getGPIO_status success val=1
05-27 18:13:21.057  1167  1167 D evsmanagerd: /dev/video6 forwarded the buffer #0 to 0xb4000074bf5f5510 from 0xb4000074bf5f6d90
05-27 18:13:21.057   299 30844 D EvsDriver: Delivered 0xb400007b7ca56900 as id 0
05-27 18:13:21.059   283   307 I rvcservice: t.code = 0, t.value = 0
05-27 18:13:21.059   581   581 I SpiService: fgesysctrl_getGPIO_status success val=1
05-27 18:13:21.060  1008 30856 D [OMXB]  : usingANWBuffer: handle:0xee746cb0, format:1, w:1920, h:1080
05-27 08:04:30.023   581   581 D spi_rst_gpio_get_output: GPIO 145 value: 1
05-27 08:04:30.023   581   581 D spidev_ioctl: gpio status=1)
05-27 08:04:30.029   581   581 D spi_rst_gpio_get_output: GPIO 145 value: 1
05-27 08:04:30.029   581   581 D spidev_ioctl: gpio status=1)
05-27 18:13:21.062 13911 14183 I SentryImuMcuAngleSender: 179.96495rollDeg
05-27 18:13:21.062 13911 14183 I SentryImuMcuAngleSender: 1,0,0
05-27 18:13:21.062   299  1153 D EvsDriver: doneWithFrame
05-27 18:13:21.064   581   581 I SpiService: fgesysctrl_getGPIO_status success val=1
05-27 18:13:21.070   581   581 I SpiService: fgesysctrl_getGPIO_status success val=0
05-27 18:13:21.070 26185 26185 I ADAYO_LOG_TRACE_KERNEL: execute start
05-27 08:04:30.035   581   581 D spi_rst_gpio_get_output: GPIO 145 value: 0
05-27 08:04:30.035   581   581 D spidev_ioctl: gpio status=0)
05-27 18:13:21.073 10188 10959 E UnisocStabilityCollection: handleMessage:1,running=true
05-27 18:13:21.073 10188 10959 E UnisocStabilityCollection: sendMessage:1
05-27 18:13:21.075   536   536 D commservice260303: msg.id = 1028,0
05-27 18:13:21.075   536   536 D commservice260303: i = 170, msgid = 8A000404
05-27 18:13:21.075   536   536 D commservice260303: msgid = -1979710460,did=138
05-27 18:13:21.075   536   536 D commservice260303: CommProtocolLibCmdBaseI2C::dataproc {"command":{"id":"imu_status","sub":""},"content":{"TimeStamp":8,"FrameCounter":200233,"GD_X":-0.011300750076770782,"GD_Y":0.005345047451555729,"GD_Z":0.0019079053308814764,"AD_X":-0.0036091357469558716,"AD_Y":7.414799183607101E-4,"AD_Z":-0.16826629638671875,"TempDsp":0,"Status":0,"CalibState":1,"SigAmpInvalid":0}},-1979710460
05-27 18:13:21.076   536   536 D commservice260303: send2Cluster len:316, 7B22636F6D6D616E64223A7B226964223A22696D755F737461747573222C22737562223A22227D2C22636F6E74656E74223A7B2254696D655374616D70223A382C224672616D65436F756E746572223A3230303233332C2247445F58223A2D302E3031313330303735303037363737303738322C2247445F59223A302E3030353334353034373435313535353732392C2247445F5A223A302E303031393037393035333330383831343736342C2241445F58223A2D302E303033363039313335373436393535383731362C2241445F59223A372E343134373939313833363037313031452D342C2241445F5A223A2D302E31363832363632393633383637313837352C2254656D70447370223A302C22537461747573223A302C2243616C69625374617465223A312C22536967416D70496E76616C6964223A307D7D, 138 
05-27 18:13:21.076   536   536 D commservice260303: Push Message into SendPool fn=-884342016
05-27 18:13:21.076   536   536 D commservice260303: ComProtocolLibSend2Cluster::send2ClusterRaw fn=-884342016 , len=332
05-27 18:13:21.076   536   536 D commservice260303: sendCmdToPort :332!!!
05-27 18:13:21.076   536   536 D commservice260303: send Cmd To Port ++++5AA501488A0100034ACB6A16C3C17B22636F6D6D616E64223A7B226964223A22696D755F737461747573222C22737562223A22227D2C22636F6E74656E74223A7B2254696D655374616D70223A382C224672616D65436F756E746572223A3230303233332C2247445F58223A2D302E3031313330303735303037363737303738322C2247445F59223A302E3030353334353034373435313535353732392C2247445F5A223A302E303031393037393035333330383831343736342C2241445F58223A2D302E303033363039313335373436393535383731362C2241445F59223A372E343134373939313833363037313031452D342C2241445F5A223A2D302E31363832363632393633383637313837352C2254656D70447370223A302C22537461747573223A302C2243616C69625374617465223A312C22536967416D70496E76616C6964223A307D7D33B4
05-27 18:13:21.076   536   536 D commservice260303: bufferevent_write retrun value = 0
05-27 18:13:21.076   536   560 D commservice260303: client datas send succeed,send finish
05-27 18:13:21.077 13911 14192 D Sentinelmode_1.2.5.17_sentry: <SentryImuClusterFgeSender>imu_status sent to Linux, frame=200233, tsNs=8668320, tsMs=8, intervalMs=40, ad=(-0.0036091357,7.414799E-4,-0.1682663), gd=(-0.01130075,0.0053450475,0.0019079053)
05-27 18:13:21.081   299 30841 D EvsDriver: forwardFrame
05-27 18:13:21.082   299 30844 D EvsDriver: forwardFrame
05-27 18:13:21.083 13911 14183 I SentryImuMcuAngleSender: 179.96846rollDeg
05-27 18:13:21.083 13911 14183 I SentryImuMcuAngleSender: 1,0,0
05-27 18:13:21.083  1167  1167 D evsmanagerd: /dev/video4 forwarded the buffer #0 to 0xb4000074bf5f6850 from 0xb4000074bf5f41d0
05-27 18:13:21.084   299 30841 D EvsDriver: Delivered 0xb400007b7ca56a60 as id 0
05-27 18:13:21.085   581   581 I SpiService: fgesysctrl_getGPIO_status success val=1
05-27 18:13:21.086  1167  1167 D evsmanagerd: /dev/video6 forwarded the buffer #0 to 0xb4000074bf5f5510 from 0xb4000074bf5f6d90
05-27 18:13:21.086   299 30844 D EvsDriver: Delivered 0xb400007b7ca56900 as id 0
05-27 18:13:21.087   299  1153 D EvsDriver: doneWithFrame
05-27 18:13:21.088  1008 30857 D [OMXB]  : usingANWBuffer: handle:0xee7437c0, format:1, w:1920, h:1080
05-27 08:04:30.050   581   581 D spi_rst_gpio_get_output: GPIO 145 value: 1
05-27 08:04:30.050   581   581 D spidev_ioctl: gpio status=1)
05-27 18:13:21.091   581   581 I SpiService: fgesysctrl_getGPIO_status success val=1
05-27 18:13:21.092 10188 10959 E UnisocStabilityCollection: getLoadAvgInfo:12/2645
05-27 18:13:21.092 10188 10959 E UnisocStabilityCollection: getLoadAvgInfo index:2
05-27 18:13:21.092 10188 10959 E UnisocStabilityCollection: getLoadAvgInfo str1:12
05-27 18:13:21.092 10188 10959 E UnisocStabilityCollection: getLoadAvgInfo str1:2645
05-27 18:13:21.093 10188 10959 E UnisocStabilityCollection: checkLastPressure[/proc/pressure/memory] some (0.0,0.0,0.0)
05-27 18:13:21.093 10188 10959 E UnisocStabilityCollection: checkLastPressure[/proc/pressure/memory] full (0.0,0.0,0.0)
05-27 18:13:21.093 10188 10959 E UnisocStabilityCollection: checkLastPressure[/proc/pressure/io] some (2.02,3.08,3.12)
05-27 18:13:21.093 10188 10959 E UnisocStabilityCollection: checkLastPressure[/proc/pressure/io] full (0.85,1.72,1.73)
05-27 18:13:21.093 10188 10959 E UnisocStabilityCollection: handleMessage UNISOCCOLLECTION_EVENT_SYSTEM:1,sum=5
05-27 18:13:21.094   299  1153 D EvsDriver: doneWithFrame
05-27 08:04:30.055   581   581 D spi_rst_gpio_get_output: GPIO 145 value: 1
05-27 08:04:30.056   581   581 D spidev_ioctl: gpio status=1)
05-27 08:04:30.062   581   581 D spi_rst_gpio_get_output: GPIO 145 value: 1
05-27 08:04:30.062   581   581 D spidev_ioctl: gpio status=1)
05-27 18:13:21.097   581   581 I SpiService: fgesysctrl_getGPIO_status success val=1
05-27 18:13:21.103   581   581 I SpiService: fgesysctrl_getGPIO_status success val=1
05-27 18:13:21.103 13911 14183 I SentryImuMcuAngleSender: 179.96846rollDeg
05-27 18:13:21.103 13911 14183 I SentryImuMcuAngleSender: 1,0,0
05-27 08:04:30.067   581   581 D spi_rst_gpio_get_output: GPIO 145 value: 1
05-27 08:04:30.067   581   581 D spidev_ioctl: gpio status=1)
05-27 18:13:21.107   299 30841 D EvsDriver: forwardFrame
05-27 18:13:21.107 30773 30786 I dvr_service_: CameraX 0  audioOK: 12096000,audios:190
05-27 18:13:21.109   581   581 I SpiService: fgesysctrl_getGPIO_status success val=1
05-27 08:04:30.073   581   581 D spi_rst_gpio_get_output: GPIO 145 value: 1
05-27 08:04:30.073   581   581 D spidev_ioctl: gpio status=1)
05-27 18:13:21.109   299 30841 D EvsDriver: Delivered 0xb400007b7ca56a60 as id 0
05-27 18:13:21.109  1167  1184 D evsmanagerd: /dev/video4 forwarded the buffer #0 to 0xb4000074bf5f6850 from 0xb4000074bf5f41d0
05-27 18:13:21.110  1008 30856 D [OMXB]  : usingANWBuffer: handle:0xee744790, format:1, w:1920, h:1080
05-27 18:13:21.111   299 30844 D EvsDriver: forwardFrame
05-27 18:13:21.114  1167  1184 D evsmanagerd: /dev/video6 forwarded the buffer #0 to 0xb4000074bf5f5510 from 0xb4000074bf5f6d90
05-27 18:13:21.114   299 30844 D EvsDriver: Delivered 0xb400007b7ca56900 as id 0
05-27 18:13:21.117   581   581 I SpiService: fgesysctrl_getGPIO_status success val=0
05-27 08:04:30.082   581   581 D spi_rst_gpio_get_output: GPIO 145 value: 0
05-27 08:04:30.082   581   581 D spidev_ioctl: gpio status=0)
05-27 18:13:21.120   536   536 D commservice260303: msg.id = 1028,1
05-27 18:13:21.120   536   536 D commservice260303: i = 170, msgid = 8A000404
05-27 18:13:21.120   536   536 D commservice260303: msgid = -1979710460,did=138
05-27 18:13:21.120   536   536 D commservice260303: CommProtocolLibCmdBaseI2C::dataproc {"command":{"id":"imu_status","sub":""},"content":{"TimeStamp":8,"FrameCounter":200234,"GD_X":-0.011147825978696346,"GD_Y":0.005420989356935024,"GD_Z":0.002443138277158141,"AD_X":0.0018613934516906738,"AD_Y":7.372233085334301E-4,"AD_Z":-0.16460514068603516,"TempDsp":0,"Status":0,"CalibState":1,"SigAmpInvalid":0}},-1979710460
05-27 18:13:21.120   299  1153 D EvsDriver: doneWithFrame
05-27 18:13:21.120   299  1163 D EvsDriver: doneWithFrame
05-27 18:13:21.120   536   536 D commservice260303: send2Cluster len:314, 7B22636F6D6D616E64223A7B226964223A22696D755F737461747573222C22737562223A22227D2C22636F6E74656E74223A7B2254696D655374616D70223A382C224672616D65436F756E746572223A3230303233342C2247445F58223A2D302E3031313134373832353937383639363334362C2247445F59223A302E3030353432303938393335363933353032342C2247445F5A223A302E3030323434333133383237373135383134312C2241445F58223A302E303031383631333933343531363930363733382C2241445F59223A372E333732323333303835333334333031452D342C2241445F5A223A2D302E31363436303531343036383630333531362C2254656D70447370223A302C22537461747573223A302C2243616C69625374617465223A312C22536967416D70496E76616C6964223A307D7D, 138 
05-27 18:13:21.120   536   536 D commservice260303: Push Message into SendPool fn=-867564800
05-27 18:13:21.121   536   536 D commservice260303: ComProtocolLibSend2Cluster::send2ClusterRaw fn=-867564800 , len=330
05-27 18:13:21.121   536   536 D commservice260303: sendCmdToPort :330!!!
05-27 18:13:21.122   536   536 D commservice260303: send Cmd To Port ++++5AA501468A0100034ACC6A16C3C17B22636F6D6D616E64223A7B226964223A22696D755F737461747573222C22737562223A22227D2C22636F6E74656E74223A7B2254696D655374616D70223A382C224672616D65436F756E746572223A3230303233342C2247445F58223A2D302E3031313134373832353937383639363334362C2247445F59223A302E3030353432303938393335363933353032342C2247445F5A223A302E3030323434333133383237373135383134312C2241445F58223A302E303031383631333933343531363930363733382C2241445F59223A372E333732323333303835333334333031452D342C2241445F5A223A2D302E31363436303531343036383630333531362C2254656D70447370223A302C22537461747573223A302C2243616C69625374617465223A312C22536967416D70496E76616C6964223A307D7D266C
05-27 18:13:21.122   536   536 D commservice260303: bufferevent_write retrun value = 0
05-27 18:13:21.122   536   560 D commservice260303: client datas send succeed,send finish
05-27 18:13:21.123 13911 14192 D Sentinelmode_1.2.5.17_sentry: <SentryImuClusterFgeSender>imu_status sent to Linux, frame=200234, tsNs=8668356, tsMs=8, intervalMs=46, ad=(0.0018613935,7.372233E-4,-0.16460514), gd=(-0.011147826,0.0054209894,0.0024431383)
05-27 18:13:21.124   572   572 I Sensors : 230 GyroSensor: x:-0.012217,y:0.005345,z:0.002367
05-27 18:13:21.124 13911 14183 I SentryImuMcuAngleSender: 179.96844rollDeg
05-27 18:13:21.124 13911 14183 I SentryImuMcuAngleSender: 1,0,0
05-27 18:13:21.125 26187 26187 I ADAYO_LOG_TRACE_KERNEL: executing
05-27 18:13:21.131  1008 30857 D [OMXB]  : usingANWBuffer: handle:0xee742f80, format:1, w:1920, h:1080
05-27 18:13:21.134  1083  1083 I MyAppLog: [2026-05-27 18:13:21.133 I tboxap mcuSendYadiTransfer:196] [Mcu] [mcuYadiSend]: :00 08 41 04 01 09 81 02 01 01
05-27 18:13:21.135   581   581 I SpiService: fgesysctrl_getGPIO_status success val=1
05-27 18:13:21.136   481   599 I mcuc    : start timer OK = 24316 
05-27 08:04:30.100   581   581 D spi_rst_gpio_get_output: GPIO 145 value: 1
05-27 08:04:30.100   581   581 D spidev_ioctl: gpio status=1)
05-27 18:13:21.138   299 30841 D EvsDriver: forwardFrame
05-27 18:13:21.140   299 30841 D EvsDriver: Delivered 0xb400007b7ca56a60 as id 0
05-27 18:13:21.140  1167  1167 D evsmanagerd: /dev/video4 forwarded the buffer #0 to 0xb4000074bf5f6850 from 0xb4000074bf5f41d0
05-27 18:13:21.140 30773 30782 E dvr_service_: [myNum:0] Received S**** loss
05-27 18:13:21.141   299  1163 D EvsDriver: doneWithFrame
05-27 18:13:21.141   581   581 I SpiService: fgesysctrl_getGPIO_status success val=1
05-27 18:13:21.141   299 30844 D EvsDriver: forwardFrame
05-27 18:13:21.144   299 30844 D EvsDriver: Delivered 0xb400007b7ca56900 as id 0
05-27 18:13:21.144  1167  1167 D evsmanagerd: /dev/video6 forwarded the buffer #0 to 0xb4000074bf5f5510 from 0xb4000074bf5f6d90
05-27 18:13:21.144 30773 30782 E dvr_service_: [myNum:1] Received S**** loss
05-27 18:13:21.144   299  1163 D EvsDriver: doneWithFrame
05-27 08:04:30.105   581   581 D spi_rst_gpio_get_output: GPIO 145 value: 1
05-27 08:04:30.105   581   581 D spidev_ioctl: gpio status=1)
05-27 18:13:21.145 13911 14183 I SentryImuMcuAngleSender: 179.97197rollDeg
05-27 18:13:21.145 13911 14183 I SentryImuMcuAngleSender: 1,0,0
05-27 18:13:21.146   581   581 I SpiService: fgesysctrl_getGPIO_status success val=1
05-27 08:04:30.111   581   581 D spi_rst_gpio_get_output: GPIO 145 value: 1
05-27 08:04:30.111   581   581 D spidev_ioctl: gpio status=1)
05-27 18:13:21.151  1008 30856 D [OMXB]  : usingANWBuffer: handle:0xee740e80, format:1, w:1920, h:1080
05-27 18:13:21.152   581   581 I SpiService: fgesysctrl_getGPIO_status success val=1
05-27 08:04:30.117   581   581 D spi_rst_gpio_get_output: GPIO 145 value: 1
05-27 08:04:30.117   581   581 D spidev_ioctl: gpio status=1)
05-27 18:13:21.157 26190 26190 I ADAYO_LOG_TRACE_KERNEL: collect_root_path:/mnt/log_data
05-27 18:13:21.158   536   536 D commservice260303: msg.id = 1028,0
05-27 18:13:21.158   536   536 D commservice260303: i = 170, msgid = 8A000404
05-27 18:13:21.158   536   536 D commservice260303: msgid = -1979710460,did=138
05-27 18:13:21.158   536   536 D commservice260303: CommProtocolLibCmdBaseI2C::dataproc {"command":{"id":"imu_status","sub":""},"content":{"TimeStamp":8,"FrameCounter":200235,"GD_X":-0.012139749713242054,"GD_Y":0.005879240110516548,"GD_Z":0.002443138277158141,"AD_X":0.0018273591995239258,"AD_Y":1.2471526861190796E-4,"AD_Z":-0.16826629638671875,"TempDsp":0,"Status":0,"CalibState":1,"SigAmpInvalid":0}},-1979710460
05-27 18:13:21.158   536   536 D commservice260303: send2Cluster len:315, 7B22636F6D6D616E64223A7B226964223A22696D755F737461747573222C22737562223A22227D2C22636F6E74656E74223A7B2254696D655374616D70223A382C224672616D65436F756E746572223A3230303233352C2247445F58223A2D302E3031323133393734393731333234323035342C2247445F59223A302E3030353837393234303131303531363534382C2247445F5A223A302E3030323434333133383237373135383134312C2241445F58223A302E303031383237333539313939353233393235382C2241445F59223A312E32343731353236383631313930373936452D342C2241445F5A223A2D302E31363832363632393633383637313837352C2254656D70447370223A302C22537461747573223A302C2243616C69625374617465223A312C22536967416D70496E76616C6964223A307D7D, 138 
05-27 18:13:21.158   581   581 I SpiService: fgesysctrl_getGPIO_status success val=1
05-27 18:13:21.158   536   536 D commservice260303: Push Message into SendPool fn=-850787584
05-27 18:13:21.158   536   536 D commservice260303: ComProtocolLibSend2Cluster::send2ClusterRaw fn=-850787584 , len=331
05-27 18:13:21.158   536   536 D commservice260303: sendCmdToPort :331!!!
