05-27 18:13:18.977   299  1153 D EvsDriver: doneWithFrame
05-27 18:13:18.979  1008 30856 D [OMXB]  : usingANWBuffer: handle:0xee7435b0, format:1, w:1920, h:1080
05-27 18:13:18.979   581   581 I SpiService: fgesysctrl_getGPIO_status success val=1
05-27 08:04:27.944   581   581 D spi_rst_gpio_get_output: GPIO 145 value: 1
05-27 08:04:27.944   581   581 D spidev_ioctl: gpio status=1)
05-27 18:13:18.985   581   581 I SpiService: fgesysctrl_getGPIO_status success val=1
05-27 08:04:27.949   581   581 D spi_rst_gpio_get_output: GPIO 145 value: 1
05-27 08:04:27.949   581   581 D spidev_ioctl: gpio status=1)
05-27 18:13:18.989 13911 14183 I SentryImuMcuAngleSender: 179.95796rollDeg
05-27 18:13:18.989 13911 14183 I SentryImuMcuAngleSender: 1,0,0
05-27 18:13:18.990   581   581 I SpiService: fgesysctrl_getGPIO_status success val=1
05-27 08:04:27.955   581   581 D spi_rst_gpio_get_output: GPIO 145 value: 1
05-27 08:04:27.955   581   581 D spidev_ioctl: gpio status=1)
05-27 18:13:18.995   581   581 I SpiService: fgesysctrl_getGPIO_status success val=0
05-27 18:13:18.996   481   597 I mcuc    : send SPI:6AA6005EF60005041201000090
05-27 08:04:27.960   581   581 D spi_rst_gpio_get_output: GPIO 145 value: 0
05-27 08:04:27.960   581   581 D spidev_ioctl: gpio status=0)
05-27 18:13:18.999  1008 30856 D [OMXB]  : usingANWBuffer: handle:0xee746aa0, format:1, w:1920, h:1080
05-27 18:13:19.008   481   598 I mcuc    : rev,n=1,6AA6825EF5000209011F
05-27 18:13:19.009   299 30841 D EvsDriver: forwardFrame
05-27 18:13:19.009   299 30844 D EvsDriver: forwardFrame
05-27 18:13:19.010 13911 14183 I SentryImuMcuAngleSender: 179.97197rollDeg
05-27 18:13:19.010 13911 14183 I SentryImuMcuAngleSender: 1,0,0
05-27 18:13:19.011   581   581 I SpiService: fgesysctrl_getGPIO_status success val=1
05-27 18:13:19.011   299 30841 D EvsDriver: Delivered 0xb400007b7ca56a60 as id 0
05-27 18:13:19.011   299 30844 D EvsDriver: Delivered 0xb400007b7ca56900 as id 0
05-27 18:13:19.011  1167  1167 D evsmanagerd: /dev/video6 forwarded the buffer #0 to 0xb4000074bf5f5510 from 0xb4000074bf5f6d90
05-27 18:13:19.011  1167  1184 D evsmanagerd: /dev/video4 forwarded the buffer #0 to 0xb4000074bf5f6850 from 0xb4000074bf5f41d0
05-27 18:13:19.012   536   536 D commservice260303: msg.id = 1028,0
05-27 18:13:19.012   536   536 D commservice260303: i = 170, msgid = 8A000404
05-27 18:13:19.012   536   536 D commservice260303: msgid = -1979710460,did=138
05-27 18:13:19.012   536   536 D commservice260303: CommProtocolLibCmdBaseI2C::dataproc {"command":{"id":"imu_status","sub":""},"content":{"TimeStamp":8,"FrameCounter":200182,"GD_X":-0.011987865902483463,"GD_Y":0.005268065724521875,"GD_Z":0.0023671966046094894,"AD_X":-0.006673350930213928,"AD_Y":-6.285030394792557E-5,"AD_Z":-0.16704559326171875,"TempDsp":0,"Status":0,"CalibState":1,"SigAmpInvalid":0}},-1979710460
05-27 18:13:19.012   536   536 D commservice260303: send2Cluster len:316, 7B22636F6D6D616E64223A7B226964223A22696D755F737461747573222C22737562223A22227D2C22636F6E74656E74223A7B2254696D655374616D70223A382C224672616D65436F756E746572223A3230303138322C2247445F58223A2D302E3031313938373836353930323438333436332C2247445F59223A302E3030353236383036353732343532313837352C2247445F5A223A302E303032333637313936363034363039343839342C2241445F58223A2D302E3030363637333335303933303231333932382C2241445F59223A2D362E323835303330333934373932353537452D352C2241445F5A223A2D302E31363730343535393332363137313837352C2254656D70447370223A302C22537461747573223A302C2243616C69625374617465223A312C22536967416D70496E76616C6964223A307D7D, 138 
05-27 18:13:19.012   536   536 D commservice260303: Push Message into SendPool fn=-1756757248
05-27 18:13:19.012   536   536 D commservice260303: ComProtocolLibSend2Cluster::send2ClusterRaw fn=-1756757248 , len=332
05-27 18:13:19.012   536   536 D commservice260303: sendCmdToPort :332!!!
05-27 18:13:19.012   536   536 D commservice260303: send Cmd To Port ++++5AA501488A0100034A976A16C3BF7B22636F6D6D616E64223A7B226964223A22696D755F737461747573222C22737562223A22227D2C22636F6E74656E74223A7B2254696D655374616D70223A382C224672616D65436F756E746572223A3230303138322C2247445F58223A2D302E3031313938373836353930323438333436332C2247445F59223A302E3030353236383036353732343532313837352C2247445F5A223A302E303032333637313936363034363039343839342C2241445F58223A2D302E3030363637333335303933303231333932382C2241445F59223A2D362E323835303330333934373932353537452D352C2241445F5A223A2D302E31363730343535393332363137313837352C2254656D70447370223A302C22537461747573223A302C2243616C69625374617465223A312C22536967416D70496E76616C6964223A307D7D35F8
05-27 18:13:19.013   536   536 D commservice260303: bufferevent_write retrun value = 0
05-27 18:13:19.013   536   560 D commservice260303: client datas send succeed,send finish
05-27 18:13:19.013 13911 14192 D Sentinelmode_1.2.5.17_sentry: <SentryImuClusterFgeSender>imu_status sent to Linux, frame=200182, tsNs=8666252, tsMs=8, intervalMs=41, ad=(-0.006673351,-6.2850304E-5,-0.1670456), gd=(-0.011987866,0.0052680657,0.0023671966)
05-27 08:04:27.975   581   581 D spi_rst_gpio_get_output: GPIO 145 value: 1
05-27 08:04:27.975   581   581 D spidev_ioctl: gpio status=1)
05-27 18:13:19.016   299  1163 D EvsDriver: doneWithFrame
05-27 18:13:19.016   299  1153 D EvsDriver: doneWithFrame
05-27 18:13:19.016   581   581 I SpiService: fgesysctrl_getGPIO_status success val=1
05-27 08:04:27.981   581   581 D spi_rst_gpio_get_output: GPIO 145 value: 1
05-27 08:04:27.981   581   581 D spidev_ioctl: gpio status=1)
05-27 18:13:19.021  1008 30857 D [OMXB]  : usingANWBuffer: handle:0xee7428a0, format:1, w:1920, h:1080
05-27 18:13:19.022   581   581 I SpiService: fgesysctrl_getGPIO_status success val=1
05-27 08:04:27.987   581   581 D spi_rst_gpio_get_output: GPIO 145 value: 1
05-27 08:04:27.987   581   581 D spidev_ioctl: gpio status=1)
05-27 18:13:19.028   581   581 I SpiService: fgesysctrl_getGPIO_status success val=1
05-27 08:04:27.992   581   581 D spi_rst_gpio_get_output: GPIO 145 value: 1
05-27 08:04:27.992   581   581 D spidev_ioctl: gpio status=1)
05-27 18:13:19.030 13911 14183 I SentryImuMcuAngleSender: 179.97897rollDeg
05-27 18:13:19.030 13911 14183 I SentryImuMcuAngleSender: 1,0,0
05-27 18:13:19.033 26061 26101 D ANWStack: Realtek Bluetooth :01 01 10 00
05-27 18:13:19.033   581   581 I SpiService: fgesysctrl_getGPIO_status success val=1
05-27 18:13:19.034 30773 30785 I dvr_service_: [EncoderHandler::runMediaThread] runMediaThread started:1,state:1, cam2:started:1,state:1, lastSwitch:1, mIsMuxerStart:1,format:0,is_str_ing:0
05-27 08:04:27.998   581   581 D spi_rst_gpio_get_output: GPIO 145 value: 1
05-27 08:04:27.998   581   581 D spidev_ioctl: gpio status=1)
05-27 18:13:19.037   299 30844 D EvsDriver: forwardFrame
05-27 18:13:19.038   299 30844 D EvsDriver: Delivered 0xb400007b7ca56900 as id 0
05-27 18:13:19.038  1167  1184 D evsmanagerd: /dev/video6 forwarded the buffer #0 to 0xb4000074bf5f5510 from 0xb4000074bf5f6d90
05-27 18:13:19.038   581   581 I SpiService: fgesysctrl_getGPIO_status success val=0
05-27 18:13:19.040   299  1163 D EvsDriver: doneWithFrame
05-27 18:13:19.041  1008 30856 D [OMXB]  : usingANWBuffer: handle:0xee741b90, format:1, w:1920, h:1080
05-27 18:13:19.042 30773 30789 I dvr_service_: Camera 0: MediaOK:10056453, frames:220, isKeyFrame:0,pts:8665935746
05-27 18:13:19.043 30773 30786 I dvr_service_: CameraX 1  audioOK: 10176000,audios:160
05-27 08:04:28.003   581   581 D spi_rst_gpio_get_output: GPIO 145 value: 0
05-27 08:04:28.003   581   581 D spidev_ioctl: gpio status=0)
05-27 18:13:19.050 13911 14183 I SentryImuMcuAngleSender: 179.97197rollDeg
05-27 18:13:19.050 13911 14183 I SentryImuMcuAngleSender: 1,0,0
05-27 18:13:19.052   536   536 D commservice260303: msg.id = 1028,1
05-27 18:13:19.052   536   536 D commservice260303: i = 170, msgid = 8A000404
05-27 18:13:19.052   536   536 D commservice260303: msgid = -1979710460,did=138
05-27 18:13:19.052   536   536 D commservice260303: CommProtocolLibCmdBaseI2C::dataproc {"command":{"id":"imu_status","sub":""},"content":{"TimeStamp":8,"FrameCounter":200183,"GD_X":-0.01160607673227787,"GD_Y":0.005039200186729431,"GD_Z":0.0019848872907459736,"AD_X":-0.004825115203857422,"AD_Y":-5.8006029576063156E-5,"AD_Z":-0.16704559326171875,"TempDsp":0,"Status":0,"CalibState":1,"SigAmpInvalid":0}},-1979710460
05-27 18:13:19.052   536   536 D commservice260303: send2Cluster len:316, 7B22636F6D6D616E64223A7B226964223A22696D755F737461747573222C22737562223A22227D2C22636F6E74656E74223A7B2254696D655374616D70223A382C224672616D65436F756E746572223A3230303138332C2247445F58223A2D302E30313136303630373637333232373738372C2247445F59223A302E3030353033393230303138363732393433312C2247445F5A223A302E303031393834383837323930373435393733362C2241445F58223A2D302E3030343832353131353230333835373432322C2241445F59223A2D352E38303036303239353736303633313536452D352C2241445F5A223A2D302E31363730343535393332363137313837352C2254656D70447370223A302C22537461747573223A302C2243616C69625374617465223A312C22536967416D70496E76616C6964223A307D7D, 138 
05-27 18:13:19.052   536   536 D commservice260303: Push Message into SendPool fn=-1739980032
05-27 18:13:19.052   536   536 D commservice260303: ComProtocolLibSend2Cluster::send2ClusterRaw fn=-1739980032 , len=332
05-27 18:13:19.052   536   536 D commservice260303: sendCmdToPort :332!!!
05-27 18:13:19.052   536   536 D commservice260303: send Cmd To Port ++++5AA501488A0100034A986A16C3BF7B22636F6D6D616E64223A7B226964223A22696D755F737461747573222C22737562223A22227D2C22636F6E74656E74223A7B2254696D655374616D70223A382C224672616D65436F756E746572223A3230303138332C2247445F58223A2D302E30313136303630373637333232373738372C2247445F59223A302E3030353033393230303138363732393433312C2247445F5A223A302E303031393834383837323930373435393733362C2241445F58223A2D302E3030343832353131353230333835373432322C2241445F59223A2D352E38303036303239353736303633313536452D352C2241445F5A223A2D302E31363730343535393332363137313837352C2254656D70447370223A302C22537461747573223A302C2243616C69625374617465223A312C22536967416D70496E76616C6964223A307D7D2091
05-27 18:13:19.052   536   536 D commservice260303: bufferevent_write retrun value = 0
05-27 18:13:19.052   536   560 D commservice260303: client datas send succeed,send finish
05-27 18:13:19.052 13911 14192 D Sentinelmode_1.2.5.17_sentry: <SentryImuClusterFgeSender>imu_status sent to Linux, frame=200183, tsNs=8666288, tsMs=8, intervalMs=39, ad=(-0.004825115,-5.800603E-5,-0.1670456), gd=(-0.011606077,0.0050392,0.0019848873)
05-27 18:13:19.052   283   307 I rvcservice: t.code = 3, t.value = 0
05-27 18:13:19.053   299 30841 D EvsDriver: forwardFrame
05-27 18:13:19.054   581   581 I SpiService: fgesysctrl_getGPIO_status success val=1
05-27 18:13:19.055   299 30841 D EvsDriver: Delivered 0xb400007b7ca56a60 as id 0
05-27 18:13:19.055  1167  1184 D evsmanagerd: /dev/video4 forwarded the buffer #0 to 0xb4000074bf5f6850 from 0xb4000074bf5f41d0
05-27 08:04:28.019   581   581 D spi_rst_gpio_get_output: GPIO 145 value: 1
05-27 08:04:28.019   581   581 D spidev_ioctl: gpio status=1)
05-27 18:13:19.058   299  1163 D EvsDriver: doneWithFrame
05-27 08:04:28.025   581   581 D spi_rst_gpio_get_output: GPIO 145 value: 1
05-27 08:04:28.025   581   581 D spidev_ioctl: gpio status=1)
05-27 18:13:19.060  1008 30857 D [OMXB]  : usingANWBuffer: handle:0xee740220, format:1, w:1920, h:1080
05-27 18:13:19.060   581   581 I SpiService: fgesysctrl_getGPIO_status success val=1
05-27 18:13:19.066   581   581 I SpiService: fgesysctrl_getGPIO_status success val=1
05-27 08:04:28.030   581   581 D spi_rst_gpio_get_output: GPIO 145 value: 1
05-27 08:04:28.030   581   581 D spidev_ioctl: gpio status=1)
05-27 18:13:19.070 13911 14183 I SentryImuMcuAngleSender: 179.96495rollDeg
05-27 18:13:19.070 13911 14183 I SentryImuMcuAngleSender: 1,0,0
05-27 18:13:19.071   581   581 I SpiService: fgesysctrl_getGPIO_status success val=1
05-27 08:04:28.036   581   581 D spi_rst_gpio_get_output: GPIO 145 value: 1
05-27 08:04:28.036   581   581 D spidev_ioctl: gpio status=1)
05-27 18:13:19.075   572   572 I Sensors : 230 AccelSensor: x:-0.170800,y:0.003050,z:-9.971670
05-27 18:13:19.075   299 30844 D EvsDriver: forwardFrame
05-27 18:13:19.076   581   581 I SpiService: fgesysctrl_getGPIO_status success val=0
05-27 18:13:19.077   299 30841 D EvsDriver: forwardFrame
05-27 08:04:28.041   581   581 D spi_rst_gpio_get_output: GPIO 145 value: 0
05-27 08:04:28.041   581   581 D spidev_ioctl: gpio status=0)
05-27 18:13:19.078   299 30844 D EvsDriver: Delivered 0xb400007b7ca56900 as id 0
05-27 18:13:19.078  1167  1167 D evsmanagerd: /dev/video6 forwarded the buffer #0 to 0xb4000074bf5f5510 from 0xb4000074bf5f6d90
05-27 18:13:19.078  1167  1184 D evsmanagerd: /dev/video4 forwarded the buffer #0 to 0xb4000074bf5f6850 from 0xb4000074bf5f41d0
05-27 18:13:19.078   299 30841 D EvsDriver: Delivered 0xb400007b7ca56a60 as id 0
05-27 18:13:19.084   299  1163 D EvsDriver: doneWithFrame
05-27 18:13:19.085   299  1163 D EvsDriver: doneWithFrame
05-27 18:13:19.087  1008 30856 D [OMXB]  : usingANWBuffer: handle:0xee741da0, format:1, w:1920, h:1080
05-27 18:13:19.091 13911 14183 I SentryImuMcuAngleSender: 179.98247rollDeg
05-27 18:13:19.091 13911 14183 I SentryImuMcuAngleSender: 1,0,0
05-27 18:13:19.092   581   581 I SpiService: fgesysctrl_getGPIO_status success val=1
05-27 18:13:19.093   536   536 D commservice260303: msg.id = 1028,0
05-27 18:13:19.093   536   536 D commservice260303: i = 170, msgid = 8A000404
05-27 18:13:19.093   536   536 D commservice260303: msgid = -1979710460,did=138
05-27 18:13:19.093   536   536 D commservice260303: CommProtocolLibCmdBaseI2C::dataproc {"command":{"id":"imu_status","sub":""},"content":{"TimeStamp":8,"FrameCounter":200184,"GD_X":-0.010766036808490753,"GD_Y":0.005039200186729431,"GD_Z":0.0022902146447449923,"AD_X":-0.004205986857414246,"AD_Y":-0.0018846816383302212,"AD_Z":-0.16643524169921875,"TempDsp":0,"Status":0,"CalibState":1,"SigAmpInvalid":0}},-1979710460
05-27 18:13:19.093   536   536 D commservice260303: send2Cluster len:317, 7B22636F6D6D616E64223A7B226964223A22696D755F737461747573222C22737562223A22227D2C22636F6E74656E74223A7B2254696D655374616D70223A382C224672616D65436F756E746572223A3230303138342C2247445F58223A2D302E3031303736363033363830383439303735332C2247445F59223A302E3030353033393230303138363732393433312C2247445F5A223A302E303032323930323134363434373434393932332C2241445F58223A2D302E3030343230353938363835373431343234362C2241445F59223A2D302E303031383834363831363338333330323231322C2241445F5A223A2D302E31363634333532343136393932313837352C2254656D70447370223A302C22537461747573223A302C2243616C69625374617465223A312C22536967416D70496E76616C6964223A307D7D, 138 
05-27 18:13:19.093   536   536 D commservice260303: Push Message into SendPool fn=-1723202816
05-27 18:13:19.093   536   536 D commservice260303: ComProtocolLibSend2Cluster::send2ClusterRaw fn=-1723202816 , len=333
05-27 18:13:19.093   536   536 D commservice260303: sendCmdToPort :333!!!
05-27 18:13:19.093   536   536 D commservice260303: send Cmd To Port ++++5AA501498A0100034A996A16C3BF7B22636F6D6D616E64223A7B226964223A22696D755F737461747573222C22737562223A22227D2C22636F6E74656E74223A7B2254696D655374616D70223A382C224672616D65436F756E746572223A3230303138342C2247445F58223A2D302E3031303736363033363830383439303735332C2247445F59223A302E3030353033393230303138363732393433312C2247445F5A223A302E303032323930323134363434373434393932332C2241445F58223A2D302E3030343230353938363835373431343234362C2241445F59223A2D302E303031383834363831363338333330323231322C2241445F5A223A2D302E31363634333532343136393932313837352C2254656D70447370223A302C22537461747573223A302C2243616C69625374617465223A312C22536967416D70496E76616C6964223A307D7DB06D
05-27 08:04:28.057   581   581 D spi_rst_gpio_get_output: GPIO 145 value: 1
05-27 18:13:19.093   481   598 I mcuc    : rev,n=1,6AA681AE94000A89002D01040911123456C2
05-27 08:04:28.057   581   581 D spidev_ioctl: gpio status=1)
05-27 18:13:19.093   536   536 D commservice260303: bufferevent_write retrun value = 0
05-27 18:13:19.093   536   560 D commservice260303: client datas send succeed,send finish
05-27 18:13:19.094   351   373 D automotive.vehicle@2.0-adayo-datacomm-mcu: MCUDatacomm sendMessageFromVehicle prop: 0x89, areaId: 0x0, status: 0x2d, timestamp: 0x1
05-27 18:13:19.094   351   373 D automotive.vehicle@2.0-adayo-datacomm-mcu: MCUDatacomm 1sendMessageFromVehicle ---> type = 12 
05-27 18:13:19.094 13911 14192 D Sentinelmode_1.2.5.17_sentry: <SentryImuClusterFgeSender>imu_status sent to Linux, frame=200184, tsNs=8666325, tsMs=8, intervalMs=42, ad=(-0.004205987,-0.0018846816,-0.16643524), gd=(-0.010766037,0.0050392,0.0022902146)
05-27 18:13:19.094  1121  1144 I tboxmids_ap: [2026-05-27 18:13:19.094] [MCU RX] src=MCU dst=ZMQ len=10 type=BINARY data=00 08 2D 01 04 09 11 12 34 56 
05-27 18:13:19.095  1083  1083 I MyAppLog: [2026-05-27 18:13:19.095 I tboxap mcuCommTboxmidsRecvCb:97] [Mcu] [mcuCommTboxmidsRecvCb] recv from tboxmids, size:10
05-27 18:13:19.095  1083  1083 I MyAppLog: [2026-05-27 18:13:19.095 I tboxap mcuCommTboxmidsRecvCb:98] [Mcu] [tboxmids -> tboxap]: :00 08 2D 01 04 09 11 12 34 56
05-27 18:13:19.095  1083  1083 W MyAppLog: [2026-05-27 18:13:19.095 W tboxap mcuYadiFrameParse:852] [Mcu] [mcuYadiFrameParse] cmd:0911(MCU_VHL_DYNAMIC_DATA_IND) payload too short:5 < 54
05-27 18:13:19.095  1083  1083 W MyAppLog: [2026-05-27 18:13:19.095 W tboxap mcuPtlParseData:982] [Mcu] [mcuPtlParseData] invalid yadi frame, len:10
05-27 18:13:19.096   481   598 I mcuc    : rev,n=2,6AA681AE95000A89002E01040920123456B1
05-27 18:13:19.096  1121  1144 I tboxmids_ap: [2026-05-27 18:13:19.096] [MCU RX] src=MCU dst=ZMQ len=10 type=BINARY data=00 08 2E 01 04 09 20 12 34 56 
05-27 18:13:19.096   351   373 D automotive.vehicle@2.0-adayo-datacomm-mcu: MCUDatacomm sendMessageFromVehicle prop: 0x89, areaId: 0x0, status: 0x2e, timestamp: 0x1
05-27 18:13:19.096   351   373 D automotive.vehicle@2.0-adayo-datacomm-mcu: MCUDatacomm 1sendMessageFromVehicle ---> type = 12 
05-27 18:13:19.096  1083  1083 I MyAppLog: [2026-05-27 18:13:19.096 I tboxap mcuCommTboxmidsRecvCb:97] [Mcu] [mcuCommTboxmidsRecvCb] recv from tboxmids, size:10
05-27 18:13:19.096  1083  1083 I MyAppLog: [2026-05-27 18:13:19.096 I tboxap mcuCommTboxmidsRecvCb:98] [Mcu] [tboxmids -> tboxap]: :00 08 2E 01 04 09 20 12 34 56
05-27 18:13:19.096  1083  1083 I MyAppLog: [2026-05-27 18:13:19.096 I tboxap mcuPtlParseData:990] [Mcu] [Mcu  Parse]: (cmd):0920 (param):0920123456
05-27 18:13:19.096  1083  1083 W MyAppLog: [2026-05-27 18:13:19.096 W tboxap mcuParamDataRevPack:918] [Mcu] mcuParamDataRevPack start pack data!!!
05-27 18:13:19.096  1083  1083 W MyAppLog: [2026-05-27 18:13:19.096 W tboxap mcuHandleTrigAlarmInd:1906] [Mcu] [mcuHandleTrigAlarmInd] trig alarm rpt, msgId:0x0200 alarmType:0x12 12VBatt:0x34
05-27 18:13:19.096  1083  1083 I MyAppLog: [2026-05-27 18:13:19.096 I tboxap mcuSendYadiTransfer:196] [Mcu] [mcuYadiSend]: :00 06 3F 04 01 09 A0 01
05-27 18:13:19.097  1083  1083 W MyAppLog: [2026-05-27 18:13:19.096 W tboxap tsp_ExternalEvent:109] [Tsp] [tsp_ExternalEvent] recv ExternalEvent = 61, size:4
05-27 18:13:19.097  1083  1083 W MyAppLog: [2026-05-27 18:13:19.096 W tboxap tsp_TrigAlarmFilter:621] [Tsp] [tsp_TrigAlarmFilter] bit[1] check start: isActive:1 wasActive:1 lastReport:1779875391 delta:1408 severeCnt:0 severeDelta:-1
05-27 18:13:19.097  1083  1083 W MyAppLog: [2026-05-27 18:13:19.096 W tboxap tsp_TrigAlarmFilter:668] [Tsp] [tsp_TrigAlarmFilter] bit[1] check done: allow:0 outAlarmType:0x00 outBatt:0x00
05-27 18:13:19.097  1083  1083 W MyAppLog: [2026-05-27 18:13:19.096 W tboxap tsp_TrigAlarmFilter:621] [Tsp] [tsp_TrigAlarmFilter] bit[10] check start: isActive:1 wasActive:1 lastReport:1779875391 delta:1408 severeCnt:0 severeDelta:-1
05-27 18:13:19.097  1083  1083 W MyAppLog: [2026-05-27 18:13:19.096 W tboxap tsp_TrigAlarmFilter:668] [Tsp] [tsp_TrigAlarmFilter] bit[10] check done: allow:0 outAlarmType:0x00 outBatt:0x00
05-27 18:13:19.097  1083  1083 W MyAppLog: [2026-05-27 18:13:19.096 W tboxap tsp_TrigAlarmFilter:677] [Tsp] [tsp_TrigAlarmFilter] input alarmType:0x02 batt:0x04 output alarmType:0x00 batt:0x00 severeCnt:0
05-27 18:13:19.098   581   581 I SpiService: fgesysctrl_getGPIO_status success val=1
05-27 18:13:19.099   481   599 I mcuc    : start timer OK = 24311 
05-27 18:13:19.101  1008 30857 D [OMXB]  : usingANWBuffer: handle:0xee7432f0, format:1, w:1920, h:1080
05-27 08:04:28.062   581   581 D spi_rst_gpio_get_output: GPIO 145 value: 1
05-27 08:04:28.062   581   581 D spidev_ioctl: gpio status=1)
05-27 08:04:28.068   581   581 D spi_rst_gpio_get_output: GPIO 145 value: 1
05-27 08:04:28.068   581   581 D spidev_ioctl: gpio status=1)
05-27 18:13:19.101   299 30844 D EvsDriver: forwardFrame
05-27 18:13:19.102   299 30841 D EvsDriver: forwardFrame
05-27 18:13:19.103   299 30841 D EvsDriver: Delivered 0xb400007b7ca56a60 as id 0
05-27 18:13:19.103  1167  1184 D evsmanagerd: /dev/video4 forwarded the buffer #0 to 0xb4000074bf5f6850 from 0xb4000074bf5f41d0
05-27 18:13:19.103   581   581 I SpiService: fgesysctrl_getGPIO_status success val=1
05-27 18:13:19.105  1167  1184 D evsmanagerd: /dev/video6 forwarded the buffer #0 to 0xb4000074bf5f5510 from 0xb4000074bf5f6d90
05-27 18:13:19.105   299 30844 D EvsDriver: Delivered 0xb400007b7ca56900 as id 0
05-27 18:13:19.109   581   581 I SpiService: fgesysctrl_getGPIO_status success val=1
05-27 18:13:19.111   299  1163 D EvsDriver: doneWithFrame
05-27 18:13:19.112   299  1153 D EvsDriver: doneWithFrame
05-27 18:13:19.112 13911 14183 I SentryImuMcuAngleSender: -179.99298rollDeg
05-27 18:13:19.113 13911 14183 I SentryImuMcuAngleSender: 1,0,0
05-27 08:04:28.074   581   581 D spi_rst_gpio_get_output: GPIO 145 value: 1
05-27 08:04:28.074   581   581 D spidev_ioctl: gpio status=1)
05-27 18:13:19.116   581   581 I SpiService: fgesysctrl_getGPIO_status success val=0
05-27 18:13:19.116   481   597 I mcuc    : send SPI:6AA602AE9400028900316AA602AE9500028900306AA6015EF700F809013F040109A001000000000000000000000000000000000000000000000000000000000000000000000000000000000000000000000000000000000000000000000000000000000000000000000000000000000000000000000000000000000000000000000000000000000000000000000000000000000000000000000000000000000000000000000000000000000000000000000000000000000000000000000000000000000000000000000000000000000000000000000000000000000000000000000000000000000000000000000000000000000000000000000000000000000000000000000000000000000000000000000000BA
05-27 08:04:28.080   581   581 D spi_rst_gpio_get_output: GPIO 145 value: 0
05-27 08:04:28.080   581   581 D spidev_ioctl: gpio status=0)
05-27 18:13:19.124  1008 30856 D [OMXB]  : usingANWBuffer: handle:0xee743c90, format:1, w:1920, h:1080
05-27 18:13:19.131   581   581 I SpiService: fgesysctrl_getGPIO_status success val=1
05-27 08:04:28.095   581   581 D spi_rst_gpio_get_output: GPIO 145 value: 1
05-27 08:04:28.095   581   581 D spidev_ioctl: gpio status=1)
05-27 18:13:19.133 13911 14183 I SentryImuMcuAngleSender: 179.98949rollDeg
05-27 18:13:19.133 13911 14183 I SentryImuMcuAngleSender: 1,0,0
05-27 18:13:19.133   536   536 D commservice260303: msg.id = 1028,1
05-27 18:13:19.133   536   536 D commservice260303: i = 170, msgid = 8A000404
05-27 18:13:19.133   536   536 D commservice260303: msgid = -1979710460,did=138
05-27 18:13:19.133   536   536 D commservice260303: CommProtocolLibCmdBaseI2C::dataproc {"command":{"id":"imu_status","sub":""},"content":{"TimeStamp":8,"FrameCounter":200185,"GD_X":-0.010994902811944485,"GD_Y":0.005268065724521875,"GD_Z":0.002213752595707774,"AD_X":-5.687624216079712E-4,"AD_Y":-0.003058886155486107,"AD_Z":-0.16338539123535156,"TempDsp":0,"Status":0,"CalibState":1,"SigAmpInvalid":0}},-1979710460
05-27 18:13:19.133   536   536 D commservice260303: send2Cluster len:315, 7B22636F6D6D616E64223A7B226964223A22696D755F737461747573222C22737562223A22227D2C22636F6E74656E74223A7B2254696D655374616D70223A382C224672616D65436F756E746572223A3230303138352C2247445F58223A2D302E3031303939343930323831313934343438352C2247445F59223A302E3030353236383036353732343532313837352C2247445F5A223A302E3030323231333735323539353730373737342C2241445F58223A2D352E363837363234323136303739373132452D342C2241445F59223A2D302E3030333035383838363135353438363130372C2241445F5A223A2D302E31363333383533393132333533353135362C2254656D70447370223A302C22537461747573223A302C2243616C69625374617465223A312C22536967416D70496E76616C6964223A307D7D, 138 
05-27 18:13:19.133   536   536 D commservice260303: Push Message into SendPool fn=-1706425600
05-27 18:13:19.133   536   536 D commservice260303: ComProtocolLibSend2Cluster::send2ClusterRaw fn=-1706425600 , len=331
05-27 18:13:19.134   536   536 D commservice260303: sendCmdToPort :331!!!
05-27 18:13:19.134   536   536 D commservice260303: send Cmd To Port ++++5AA501478A0100034A9A6A16C3BF7B22636F6D6D616E64223A7B226964223A22696D755F737461747573222C22737562223A22227D2C22636F6E74656E74223A7B2254696D655374616D70223A382C224672616D65436F756E746572223A3230303138352C2247445F58223A2D302E3031303939343930323831313934343438352C2247445F59223A302E3030353236383036353732343532313837352C2247445F5A223A302E3030323231333735323539353730373737342C2241445F58223A2D352E363837363234323136303739373132452D342C2241445F59223A2D302E3030333035383838363135353438363130372C2241445F5A223A2D302E31363333383533393132333533353135362C2254656D70447370223A302C22537461747573223A302C2243616C69625374617465223A312C22536967416D70496E76616C6964223A307D7DD950
05-27 18:13:19.134   536   536 D commservice260303: bufferevent_write retrun value = 0
05-27 18:13:19.134   536   560 D commservice260303: client datas send succeed,send finish
05-27 18:13:19.134 13911 14192 D Sentinelmode_1.2.5.17_sentry: <SentryImuClusterFgeSender>imu_status sent to Linux, frame=200185, tsNs=8666377, tsMs=8, intervalMs=40, ad=(-5.687624E-4,-0.0030588862,-0.16338539), gd=(-0.010994903,0.0052680657,0.0022137526)
05-27 18:13:19.136   581   581 I SpiService: fgesysctrl_getGPIO_status success val=1
05-27 08:04:28.101   581   581 D spi_rst_gpio_get_output: GPIO 145 value: 1
05-27 08:04:28.101   581   581 D spidev_ioctl: gpio status=1)
05-27 18:13:19.138  1008 30857 D [OMXB]  : usingANWBuffer: handle:0xee745760, format:1, w:1920, h:1080
05-27 18:13:19.140   299 30841 D EvsDriver: forwardFrame
05-27 08:04:28.107   581   581 D spi_rst_gpio_get_output: GPIO 145 value: 1
05-27 08:04:28.107   581   581 D spidev_ioctl: gpio status=1)
05-27 18:13:19.140   299 30844 D EvsDriver: forwardFrame
05-27 18:13:19.142   581   581 I SpiService: fgesysctrl_getGPIO_status success val=1
05-27 18:13:19.142   299 30841 D EvsDriver: Delivered 0xb400007b7ca56a60 as id 0
05-27 18:13:19.142  1167  1184 D evsmanagerd: /dev/video4 forwarded the buffer #0 to 0xb4000074bf5f6850 from 0xb4000074bf5f41d0
05-27 18:13:19.142   299 30844 D EvsDriver: Delivered 0xb400007b7ca56900 as id 0
05-27 18:13:19.142  1167  1184 D evsmanagerd: /dev/video6 forwarded the buffer #0 to 0xb4000074bf5f5510 from 0xb4000074bf5f6d90
05-27 18:13:19.142 30773 30773 E dvr_service_: [myNum:0] Received S**** loss
05-27 18:13:19.142 30773 30782 E dvr_service_: [myNum:1] Received S**** loss
05-27 18:13:19.143   299  1153 D EvsDriver: doneWithFrame
05-27 18:13:19.143   299  1163 D EvsDriver: doneWithFrame
05-27 18:13:19.147   581   581 I SpiService: fgesysctrl_getGPIO_status success val=1
05-27 08:04:28.112   581   581 D spi_rst_gpio_get_output: GPIO 145 value: 1
05-27 08:04:28.112   581   581 D spidev_ioctl: gpio status=1)
05-27 18:13:19.153   283   307 I rvcservice: t.code = 2, t.value = 9972280
05-27 18:13:19.153   581   581 I SpiService: fgesysctrl_getGPIO_status success val=1
05-27 18:13:19.154 13911 14183 I SentryImuMcuAngleSender: 179.97195rollDeg
05-27 18:13:19.154 13911 14183 I SentryImuMcuAngleSender: 1,0,0
05-27 18:13:19.157 10188 10922 I ActivityManager: Death received in com.android.server.am.ActivityManagerService$AppDeathRecipient@7356817 for thread android.os.BinderProxy@3e8404, proc:ProcessRecord{85f2340 26061:com.anwsdk.service:remote/1000}
05-27 08:04:28.117   581   581 D spi_rst_gpio_get_output: GPIO 145 value: 1
05-27 18:13:19.157 13435 13435 D BtManager: onServiceDisconnected
05-27 18:13:19.157 10188 10922 I ActivityManager: Process com.anwsdk.service:remote (pid 26061) has died: cch CACC
05-27 18:13:19.157 10188 10922 I am_proc_died: [0,26061,com.anwsdk.service:remote,900,17]
05-27 08:04:28.117   581   581 D spidev_ioctl: gpio status=1)
05-27 18:13:19.157 10188 10678 I libprocessgroup: Successfully killed process cgroup uid 1000 pid 26061 in 0ms
05-27 18:13:19.157 10188 10922 I ActivityManager: app ProcessRecord{85f2340 26061:com.anwsdk.service:remote/1000} mThread:android.app.IApplicationThread$Stub$Proxy@5ef9ded mDeathRecipient:com.android.server.am.ActivityManagerService$AppDeathRecipient@7356817 has been unlinked.
05-27 18:13:19.157 10188 10922 W ActivityManager: Scheduling restart of crashed service com.anwsdk.service/.anwbtservice in 0ms for persistent
05-27 18:13:19.157 10188 10922 I am_schedule_service_restart: [0,com.anwsdk.service/.anwbtservice,0]
05-27 18:13:19.158 10188 10922 I ActivityManager: note: ProcessRecord{85f2340 26061:com.anwsdk.service:remote/1000} died, saving the exit info
05-27 18:13:19.158 10188 10680 I ActivityManager: Update process exit info for com.anwsdk.service(26061/u1000)
05-27 18:13:19.158 10188 10922 D ActivityTaskManager: put all activities to cleanup list, wpc=ProcessRecord{85f2340 0:com.anwsdk.service:remote/1000} mHasActivities=false activeActivitySize=0
05-27 18:13:19.158   581   581 I SpiService: fgesysctrl_getGPIO_status success val=0
05-27 18:13:19.159 10188 10188 D JobScheduler.Quota: Processing event 31 for <0>com.anwsdk.service
05-27 18:13:19.159 10188 10660 I ActivityManager: com.anwsdk.service is exempt from freezer
05-27 08:04:28.123   581   581 D spi_rst_gpio_get_output: GPIO 145 value: 0
05-27 08:04:28.123   581   581 D spidev_ioctl: gpio status=0)
05-27 18:13:19.159  1008 30857 D [OMXB]  : usingANWBuffer: handle:0xee7437c0, format:1, w:1920, h:1080
05-27 18:13:19.160 10188 10660 D CompatibilityChangeReporter: Compat change id reported: 135634846; UID 1000; state: DISABLED
05-27 18:13:19.160 10188 10660 D CompatibilityChangeReporter: Compat change id reported: 177438394; UID 1000; state: DISABLED
05-27 18:13:19.160 30773 30789 I dvr_service_: Camera 1: MediaOK:10294956, frames:230, isKeyFrame:0,pts:8666160375
05-27 18:13:19.161 10188 10660 D CompatibilityChangeReporter: Compat change id reported: 135772972; UID 1000; state: DISABLED
05-27 18:13:19.161 10188 10660 D CompatibilityChangeReporter: Compat change id reported: 135754954; UID 1000; state: ENABLED
05-27 18:13:19.162 10188 10660 D ActivityManager: ProcessRecord{b72a422 0:com.anwsdk.service:remote/1000} setPendingStart=true callers=com.android.server.am.ProcessList.startProcessLocked:1922 com.android.server.am.UnisocProcessList.startProcessLocked:320 com.android.server.am.ProcessList.startProcessLocked:2391 com.android.server.am.ProcessList.startProcessLocked:2534 com.android.server.am.ActivityManagerService.startProcessLocked:2890 com.android.server.am.ActiveServices.bringUpServiceLocked:4326 com.android.server.am.ActiveServices.performServiceRestartLocked:4104 com.android.server.am.ActiveServices$ServiceRestarter.run:3320 android.os.Handler.handleCallback:942 android.os.Handler.dispatchMessage:99 
05-27 18:13:19.162   572   622 I Sensors : 230 GyroSensor: x:-0.011224,y:0.006414,z:0.002061
05-27 18:13:19.162 10188 10660 I ActivityManager: Posting procStart msg for 0:com.anwsdk.service:remote/1000
05-27 18:13:19.162 10188 10661 D ActivityManager: asking zygote to start proc:ProcessRecord{b72a422 0:com.anwsdk.service:remote/1000}
05-27 18:13:19.163 10188 10661 D Prefork : startResult is empty and running normal execution.
05-27 18:13:19.163 10041 10041 I Zygote  : Process 26061 exited cleanly (1)
05-27 18:13:19.163 10188 10678 I ActivityManager: Got SIGCHLD from zygote: pid=26061, uid=1000, status=100
05-27 18:13:19.164 10188 10680 I ActivityManager: zygote: proc died: pid=26061 uid=1000, status=256
05-27 18:13:19.164 10188 10680 E UnisocStabilityCollection: getKill:true,cur=1,killType=3 ,name=proc_died:1000, reason=proc_died
05-27 18:13:19.164 10188 10680 E UnisocStabilityCollection: getKill sum:27
05-27 18:13:19.169   481   598 I mcuc    : rev,n=1,6AA6825EF7000209011D
05-27 18:13:19.173   536   536 D commservice260303: msg.id = 1028,1
05-27 18:13:19.173   536   536 D commservice260303: i = 170, msgid = 8A000404
05-27 18:13:19.173   536   536 D commservice260303: msgid = -1979710460,did=138
05-27 18:13:19.173   536   536 D commservice260303: CommProtocolLibCmdBaseI2C::dataproc {"command":{"id":"imu_status","sub":""},"content":{"TimeStamp":8,"FrameCounter":200186,"GD_X":-0.011223767884075642,"GD_Y":0.00641395291313529,"GD_Z":0.0020608289632946253,"AD_X":-0.0054362863302230835,"AD_Y":0.0012083044275641441,"AD_Z":-0.16765403747558594,"TempDsp":0,"Status":0,"CalibState":1,"SigAmpInvalid":0}},-1979710460
05-27 18:13:19.173   581   581 I SpiService: fgesysctrl_getGPIO_status success val=1
05-27 18:13:19.173   536   536 D commservice260303: send2Cluster len:316, 7B22636F6D6D616E64223A7B226964223A22696D755F737461747573222C22737562223A22227D2C22636F6E74656E74223A7B2254696D655374616D70223A382C224672616D65436F756E746572223A3230303138362C2247445F58223A2D302E3031313232333736373838343037353634322C2247445F59223A302E30303634313339353239313331333532392C2247445F5A223A302E303032303630383238393633323934363235332C2241445F58223A2D302E303035343336323836333330323233303833352C2241445F59223A302E303031323038333034343237353634313434312C2241445F5A223A2D302E31363736353430333734373535383539342C2254656D70447370223A302C22537461747573223A302C2243616C69625374617465223A312C22536967416D70496E76616C6964223A307D7D, 138 
05-27 18:13:19.174   536   536 D commservice260303: Push Message into SendPool fn=-1689648384
05-27 18:13:19.174   536   536 D commservice260303: ComProtocolLibSend2Cluster::send2ClusterRaw fn=-1689648384 , len=332
05-27 18:13:19.174   536   536 D commservice260303: sendCmdToPort :332!!!
05-27 18:13:19.174   536   536 D commservice260303: send Cmd To Port ++++5AA501488A0100034A9B6A16C3BF7B22636F6D6D616E64223A7B226964223A22696D755F737461747573222C22737562223A22227D2C22636F6E74656E74223A7B2254696D655374616D70223A382C224672616D65436F756E746572223A3230303138362C2247445F58223A2D302E3031313232333736373838343037353634322C2247445F59223A302E30303634313339353239313331333532392C2247445F5A223A302E303032303630383238393633323934363235332C2241445F58223A2D302E303035343336323836333330323233303833352C2241445F59223A302E303031323038333034343237353634313434312C2241445F5A223A2D302E31363736353430333734373535383539342C2254656D70447370223A302C22537461747573223A302C2243616C69625374617465223A312C22536967416D70496E76616C6964223A307D7D5516
05-27 18:13:19.174   536   536 D commservice260303: bufferevent_write retrun value = 0
05-27 18:13:19.174   536   560 D commservice260303: client datas send succeed,send finish
05-27 18:13:19.174 13911 14183 I SentryImuMcuAngleSender: 179.96495rollDeg
05-27 18:13:19.174 13911 14183 I SentryImuMcuAngleSender: 1,0,0
05-27 18:13:19.174 13911 14192 D Sentinelmode_1.2.5.17_sentry: <SentryImuClusterFgeSender>imu_status sent to Linux, frame=200186, tsNs=8666412, tsMs=8, intervalMs=40, ad=(-0.0054362863,0.0012083044,-0.16765404), gd=(-0.011223768,0.006413953,0.002060829)
05-27 18:13:19.176  1008 30856 D [OMXB]  : usingANWBuffer: handle:0xee742530, format:1, w:1920, h:1080
05-27 18:13:19.176   299 30841 D EvsDriver: forwardFrame
05-27 18:13:19.177   299 30844 D EvsDriver: forwardFrame
05-27 08:04:28.138   581   581 D spi_rst_gpio_get_output: GPIO 145 value: 1
05-27 08:04:28.138   581   581 D spidev_ioctl: gpio status=1)
05-27 18:13:19.179   581   581 I SpiService: fgesysctrl_getGPIO_status success val=1
05-27 18:13:19.179  1167  1167 D evsmanagerd: /dev/video6 forwarded the buffer #0 to 0xb4000074bf5f5510 from 0xb4000074bf5f6d90
05-27 08:04:28.144   581   581 D spi_rst_gpio_get_output: GPIO 145 value: 1
05-27 08:04:28.144   581   581 D spidev_ioctl: gpio status=1)
05-27 18:13:19.180   299 30844 D EvsDriver: Delivered 0xb400007b7ca56900 as id 0
05-27 18:13:19.184   299 30841 D EvsDriver: Delivered 0xb400007b7ca56a60 as id 0
05-27 18:13:19.185  1167  1167 D evsmanagerd: /dev/video4 forwarded the buffer #0 to 0xb4000074bf5f6850 from 0xb4000074bf5f41d0
05-27 18:13:19.185 30773 30786 I dvr_service_: CameraX 0  audioOK: 10176000,audios:160
05-27 18:13:19.186   299  1163 D EvsDriver: doneWithFrame
05-27 18:13:19.188   581   581 I SpiService: fgesysctrl_getGPIO_status success val=1
05-27 08:04:28.153   581   581 D spi_rst_gpio_get_output: GPIO 145 value: 1
05-27 08:04:28.153   581   581 D spidev_ioctl: gpio status=1)
05-27 18:13:19.191 10041 10041 D Zygote  : Forked child process 26149
05-27 18:13:19.192   299  1163 D EvsDriver: doneWithFrame
05-27 18:13:19.194 10188 10661 I am_proc_start: [0,26149,1000,com.anwsdk.service:remote,service,{com.anwsdk.service/com.anwsdk.service.anwbtservice}]
05-27 18:13:19.194   581   581 I SpiService: fgesysctrl_getGPIO_status success val=1
05-27 18:13:19.195 10188 10661 I ActivityManager: Start proc 26149:com.anwsdk.service:remote/1000 for service {com.anwsdk.service/com.anwsdk.service.anwbtservice}
05-27 18:13:19.195 13911 14183 I SentryImuMcuAngleSender: 179.96495rollDeg
05-27 18:13:19.195 13911 14183 I SentryImuMcuAngleSender: 1,0,0
05-27 18:13:19.195 10188 10661 D ActivityManager: ProcessRecord{b72a422 26149:com.anwsdk.service:remote/1000} setPendingStart=false callers=com.android.server.am.ProcessList.handleProcessStartedLocked:2646 com.android.server.am.UnisocProcessList.handleProcessStartedLocked:377 com.android.server.am.ProcessList.handleProcessStartedLocked:2585 com.android.server.am.ProcessList.lambda$handleProcessStart$1$com-android-server-am-ProcessList:1993 com.android.server.am.ProcessList$$ExternalSyntheticLambda1.run:22 com.android.server.am.ProcessList.handleProcessStart:2016 com.android.server.am.ProcessList.lambda$startProcessLocked$0$com-android-server-am-ProcessList:1950 com.android.server.am.ProcessList$$ExternalSyntheticLambda5.run:22 android.os.Handler.handleCallback:942 android.os.Handler.dispatchMessage:99 
05-27 18:13:19.196  1008 30857 D [OMXB]  : usingANWBuffer: handle:0xee740e80, format:1, w:1920, h:1080
05-27 08:04:28.159   581   581 D spi_rst_gpio_get_output: GPIO 145 value: 1
05-27 08:04:28.159   581   581 D spidev_ioctl: gpio status=1)
05-27 18:13:19.200   581   581 I SpiService: fgesysctrl_getGPIO_status success val=0
05-27 18:13:19.200 26149 26149 I Zygote  : seccomp disabled by setenforce 0
05-27 08:04:28.165   581   581 D spi_rst_gpio_get_output: GPIO 145 value: 0
05-27 08:04:28.165   581   581 D spidev_ioctl: gpio status=0)
05-27 18:13:19.202   299 30844 D EvsDriver: forwardFrame
05-27 18:13:19.197 26051 26051 I auditd  : type=1400 audit(0.0:40859): avc: denied { append } for comm="logcat" path="/mnt/log_data/AndroidLog/logcat/logcat_2026_05_27_18_13_13_440-41.txt" dev="vda93" ino=180274 scontext=u:r:logpersist:s0 tcontext=u:object_r:log_data_file:s0 tclass=file permissive=1
05-27 18:13:19.197 26051 26051 I logcat  : type=1400 audit(0.0:40859): avc: denied { append } for path="/mnt/log_data/AndroidLog/logcat/logcat_2026_05_27_18_13_13_440-41.txt" dev="vda93" ino=180274 scontext=u:r:logpersist:s0 tcontext=u:object_r:log_data_file:s0 tclass=file permissive=1
05-27 18:13:19.204   299 30844 D EvsDriver: Delivered 0xb400007b7ca56900 as id 0
05-27 18:13:19.204  1167  1167 D evsmanagerd: /dev/video6 forwarded the buffer #0 to 0xb4000074bf5f5510 from 0xb4000074bf5f6d90
05-27 18:13:19.206 26149 26149 I .service:remote: Late-enabling -Xcheck:jni
05-27 18:13:19.208   299 30841 D EvsDriver: forwardFrame
05-27 18:13:19.201 30773 30773 I auditd  : type=1400 audit(0.0:40860): avc: denied { call } for comm="CameraHelper" scontext=u:r:adayo_dvr_service:s0 tcontext=u:r:mediacodec:s0 tclass=binder permissive=1
05-27 18:13:19.201 30773 30773 I CameraHelper: type=1400 audit(0.0:40860): avc: denied { call } for scontext=u:r:adayo_dvr_service:s0 tcontext=u:r:mediacodec:s0 tclass=binder permissive=1
05-27 18:13:19.209   299 30841 D EvsDriver: Delivered 0xb400007b7ca56a60 as id 0
05-27 18:13:19.205 30773 30773 I auditd  : type=1400 audit(0.0:40861): avc: denied { use } for comm="CameraHelper" path="anon_inode:sync_file" dev="anon_inodefs" ino=14081 scontext=u:r:mediacodec:s0 tcontext=u:r:adayo_dvr_service:s0 tclass=fd permissive=1
05-27 18:13:19.205 30773 30773 I CameraHelper: type=1400 audit(0.0:40861): avc: denied { use } for path="anon_inode:sync_file" dev="anon_inodefs" ino=14081 scontext=u:r:mediacodec:s0 tcontext=u:r:adayo_dvr_service:s0 tclass=fd permissive=1
05-27 18:13:19.209  1167  1167 D evsmanagerd: /dev/video4 forwarded the buffer #0 to 0xb4000074bf5f6850 from 0xb4000074bf5f41d0
05-27 18:13:19.210   299  1163 D EvsDriver: doneWithFrame
05-27 18:13:19.214 13911 14183 I SentryImuMcuAngleSender: 179.97197rollDeg
05-27 08:04:28.181   581   581 D spi_rst_gpio_get_output: GPIO 145 value: 1
05-27 08:04:28.181   581   581 D spidev_ioctl: gpio status=1)
05-27 18:13:19.214   536   536 D commservice260303: msg.id = 1028,1
05-27 18:13:19.215 13911 14183 I SentryImuMcuAngleSender: 1,0,0
05-27 18:13:19.215   536   536 D commservice260303: i = 170, msgid = 8A000404
05-27 18:13:19.215   536   536 D commservice260303: msgid = -1979710460,did=138
05-27 18:13:19.215   536   536 D commservice260303: CommProtocolLibCmdBaseI2C::dataproc {"command":{"id":"imu_status","sub":""},"content":{"TimeStamp":8,"FrameCounter":200187,"GD_X":-0.012139749713242054,"GD_Y":0.004733873065561056,"GD_Z":0.002519079949706793,"AD_X":-0.0042043328285217285,"AD_Y":-1.5461817383766174E-5,"AD_Z":-0.16704559326171875,"TempDsp":0,"Status":0,"CalibState":1,"SigAmpInvalid":0}},-1979710460
05-27 18:13:19.215   536   536 D commservice260303: send2Cluster len:317, 7B22636F6D6D616E64223A7B226964223A22696D755F737461747573222C22737562223A22227D2C22636F6E74656E74223A7B2254696D655374616D70223A382C224672616D65436F756E746572223A3230303138372C2247445F58223A2D302E3031323133393734393731333234323035342C2247445F59223A302E3030343733333837333036353536313035362C2247445F5A223A302E3030323531393037393934393730363739332C2241445F58223A2D302E303034323034333332383238353231373238352C2241445F59223A2D312E35343631383137333833373636313734452D352C2241445F5A223A2D302E31363730343535393332363137313837352C2254656D70447370223A302C22537461747573223A302C2243616C69625374617465223A312C22536967416D70496E76616C6964223A307D7D, 138 
05-27 18:13:19.215   536   536 D commservice260303: Push Message into SendPool fn=-1672871168
05-27 18:13:19.215   536   536 D commservice260303: ComProtocolLibSend2Cluster::send2ClusterRaw fn=-1672871168 , len=333
05-27 18:13:19.215   536   536 D commservice260303: sendCmdToPort :333!!!
05-27 18:13:19.216   536   536 D commservice260303: send Cmd To Port ++++5AA501498A0100034A9C6A16C3BF7B22636F6D6D616E64223A7B226964223A22696D755F737461747573222C22737562223A22227D2C22636F6E74656E74223A7B2254696D655374616D70223A382C224672616D65436F756E746572223A3230303138372C2247445F58223A2D302E3031323133393734393731333234323035342C2247445F59223A302E3030343733333837333036353536313035362C2247445F5A223A302E3030323531393037393934393730363739332C2241445F58223A2D302E303034323034333332383238353231373238352C2241445F59223A2D312E35343631383137333833373636313734452D352C2241445F5A223A2D302E31363730343535393332363137313837352C2254656D70447370223A302C22537461747573223A302C2243616C69625374617465223A312C22536967416D70496E76616C6964223A307D7D6F89
05-27 18:13:19.216   536   536 D commservice260303: bufferevent_write retrun value = 0
05-27 18:13:19.216   536   560 D commservice260303: client datas send succeed,send finish
05-27 18:13:19.217   581   581 I SpiService: fgesysctrl_getGPIO_status success val=1
05-27 18:13:19.218   299  1163 D EvsDriver: doneWithFrame
05-27 18:13:19.213   572   572 I auditd  : type=1400 audit(0.0:40862): avc: denied { read } for comm="sensors@1.0-ser" name="ontim_gps_imu" dev="sysfs" ino=27597 scontext=u:r:hal_sensors_default:s0 tcontext=u:object_r:sysfs:s0 tclass=dir permissive=1
05-27 18:13:19.213   572   572 I sensors@1.0-ser: type=1400 audit(0.0:40862): avc: denied { read } for name="ontim_gps_imu" dev="sysfs" ino=27597 scontext=u:r:hal_sensors_default:s0 tcontext=u:object_r:sysfs:s0 tclass=dir permissive=1
05-27 18:13:19.219 13911 14192 D Sentinelmode_1.2.5.17_sentry: <SentryImuClusterFgeSender>imu_status sent to Linux, frame=200187, tsNs=8666448, tsMs=8, intervalMs=44, ad=(-0.004204333,-1.5461817E-5,-0.1670456), gd=(-0.01213975,0.004733873,0.00251908)
05-27 18:13:19.223   581   581 I SpiService: fgesysctrl_getGPIO_status success val=1
05-27 08:04:28.188   581   581 D spi_rst_gpio_get_output: GPIO 145 value: 1
05-27 08:04:28.188   581   581 D spidev_ioctl: gpio status=1)
05-27 18:13:19.229   581   581 I SpiService: fgesysctrl_getGPIO_status success val=1
05-27 18:13:19.232  1008 30856 D [OMXB]  : usingANWBuffer: handle:0xee746c00, format:1, w:1920, h:1080
05-27 08:04:28.194   581   581 D spi_rst_gpio_get_output: GPIO 145 value: 1
05-27 08:04:28.194   581   581 D spidev_ioctl: gpio status=1)
05-27 18:13:19.235   581   581 I SpiService: fgesysctrl_getGPIO_status success val=1
05-27 18:13:19.237   299 30844 D EvsDriver: forwardFrame
05-27 08:04:28.199   581   581 D spi_rst_gpio_get_output: GPIO 145 value: 1
05-27 08:04:28.199   581   581 D spidev_ioctl: gpio status=1)
05-27 18:13:19.240 13911 14183 I SentryImuMcuAngleSender: 179.96495rollDeg
05-27 18:13:19.240 13911 14183 I SentryImuMcuAngleSender: 1,0,0
05-27 18:13:19.241   581   581 I SpiService: fgesysctrl_getGPIO_status success val=0
05-27 18:13:19.242   299 30844 D EvsDriver: Delivered 0xb400007b7ca56900 as id 0
05-27 18:13:19.242  1167  1167 D evsmanagerd: /dev/video6 forwarded the buffer #0 to 0xb4000074bf5f5510 from 0xb4000074bf5f6d90
05-27 08:04:28.205   581   581 D spi_rst_gpio_get_output: GPIO 145 value: 0
05-27 08:04:28.205   581   581 D spidev_ioctl: gpio status=0)
05-27 18:13:19.243   299 30841 D EvsDriver: forwardFrame
05-27 18:13:19.241 30773 30773 I auditd  : type=1400 audit(0.0:40863): avc: denied { call } for comm=4E444B204D65646961436F6465635F scontext=u:r:adayo_dvr_service:s0 tcontext=u:r:mediaswcodec:s0 tclass=binder permissive=1
05-27 18:13:19.241 30773 30773 I /system/bin/adayo_dvr_service: type=1400 audit(0.0:40863): avc: denied { call } for comm=4E444B204D65646961436F6465635F scontext=u:r:adayo_dvr_service:s0 tcontext=u:r:mediaswcodec:s0 tclass=binder permissive=1
05-27 18:13:19.248  1167  1167 D evsmanagerd: /dev/video4 forwarded the buffer #0 to 0xb4000074bf5f6850 from 0xb4000074bf5f41d0
05-27 18:13:19.248   299 30841 D EvsDriver: Delivered 0xb400007b7ca56a60 as id 0
05-27 08:04:28.216 30796 30796 W audit   : audit_lost=21518 audit_rate_limit=5 audit_backlog_limit=64
05-27 08:04:28.216 30796 30796 E audit   : rate limit exceeded
05-27 18:13:19.251   299  1163 D EvsDriver: doneWithFrame
05-27 18:13:19.253   283   307 I rvcservice: t.code = 3, t.value = 0
05-27 18:13:19.255   536   536 D commservice260303: msg.id = 1028,0
05-27 18:13:19.255   536   536 D commservice260303: i = 170, msgid = 8A000404
05-27 18:13:19.255   536   536 D commservice260303: msgid = -1979710460,did=138
05-27 18:13:19.255   536   536 D commservice260303: CommProtocolLibCmdBaseI2C::dataproc {"command":{"id":"imu_status","sub":""},"content":{"TimeStamp":8,"FrameCounter":200188,"GD_X":-0.01153013575822115,"GD_Y":0.0037409092765301466,"GD_Z":0.0022902146447449923,"AD_X":-0.0017713606357574463,"AD_Y":0.002413216046988964,"AD_Z":-0.16765403747558594,"TempDsp":0,"Status":0,"CalibState":1,"SigAmpInvalid":0}},-1979710460
05-27 18:13:19.255   299  1153 D EvsDriver: doneWithFrame
05-27 18:13:19.255  1008 30857 D [OMXB]  : usingANWBuffer: handle:0xee742cc0, format:1, w:1920, h:1080
05-27 18:13:19.255   536   536 D commservice260303: send2Cluster len:316, 7B22636F6D6D616E64223A7B226964223A22696D755F737461747573222C22737562223A22227D2C22636F6E74656E74223A7B2254696D655374616D70223A382C224672616D65436F756E746572223A3230303138382C2247445F58223A2D302E30313135333031333537353832323131352C2247445F59223A302E303033373430393039323736353330313436362C2247445F5A223A302E303032323930323134363434373434393932332C2241445F58223A2D302E303031373731333630363335373537343436332C2241445F59223A302E3030323431333231363034363938383936342C2241445F5A223A2D302E31363736353430333734373535383539342C2254656D70447370223A302C22537461747573223A302C2243616C69625374617465223A312C22536967416D70496E76616C6964223A307D7D, 138 
05-27 18:13:19.255   536   536 D commservice260303: Push Message into SendPool fn=-1656093952
05-27 18:13:19.255   536   536 D commservice260303: ComProtocolLibSend2Cluster::send2ClusterRaw fn=-1656093952 , len=332
05-27 18:13:19.255   536   536 D commservice260303: sendCmdToPort :332!!!
05-27 18:13:19.255   536   536 D commservice260303: send Cmd To Port ++++5AA501488A0100034A9D6A16C3BF7B22636F6D6D616E64223A7B226964223A22696D755F737461747573222C22737562223A22227D2C22636F6E74656E74223A7B2254696D655374616D70223A382C224672616D65436F756E746572223A3230303138382C2247445F58223A2D302E30313135333031333537353832323131352C2247445F59223A302E303033373430393039323736353330313436362C2247445F5A223A302E303032323930323134363434373434393932332C2241445F58223A2D302E303031373731333630363335373537343436332C2241445F59223A302E3030323431333231363034363938383936342C2241445F5A223A2D302E31363736353430333734373535383539342C2254656D70447370223A302C22537461747573223A302C2243616C69625374617465223A312C22536967416D70496E76616C6964223A307D7D7383
05-27 18:13:19.255   536   536 D commservice260303: bufferevent_write retrun value = 0
05-27 08:04:28.221   581   581 D spi_rst_gpio_get_output: GPIO 145 value: 1
05-27 08:04:28.221   581   581 D spidev_ioctl: gpio status=1)
05-27 18:13:19.256   536   560 D commservice260303: client datas send succeed,send finish
05-27 18:13:19.256   581   581 I SpiService: fgesysctrl_getGPIO_status success val=1
