05-27 18:13:20.022   536   536 D commservice260303: send2Cluster len:316, 7B22636F6D6D616E64223A7B226964223A22696D755F737461747573222C22737562223A22227D2C22636F6E74656E74223A7B2254696D655374616D70223A382C224672616D65436F756E746572223A3230303230372C2247445F58223A2D302E3031313037303834333738363030313230352C2247445F59223A302E30303531393231323338313931343235382C2247445F5A223A302E303032323930323134363434373434393932332C2241445F58223A2D302E303035333832383830353638353034333333352C2241445F59223A302E303031333133353036363235353932373038362C2241445F5A223A2D302E31373139323435393130363434353331322C2254656D70447370223A302C22537461747573223A302C2243616C69625374617465223A312C22536967416D70496E76616C6964223A307D7D, 138 
05-27 18:13:20.022   536   536 D commservice260303: Push Message into SendPool fn=-1320549632
05-27 18:13:20.022   536   536 D commservice260303: ComProtocolLibSend2Cluster::send2ClusterRaw fn=-1320549632 , len=332
05-27 18:13:20.022   536   536 D commservice260303: sendCmdToPort :332!!!
05-27 18:13:20.023   536   536 D commservice260303: send Cmd To Port ++++5AA501488A0100034AB16A16C3C07B22636F6D6D616E64223A7B226964223A22696D755F737461747573222C22737562223A22227D2C22636F6E74656E74223A7B2254696D655374616D70223A382C224672616D65436F756E746572223A3230303230372C2247445F58223A2D302E3031313037303834333738363030313230352C2247445F59223A302E30303531393231323338313931343235382C2247445F5A223A302E303032323930323134363434373434393932332C2241445F58223A2D302E303035333832383830353638353034333333352C2241445F59223A302E303031333133353036363235353932373038362C2241445F5A223A2D302E31373139323435393130363434353331322C2254656D70447370223A302C22537461747573223A302C2243616C69625374617465223A312C22536967416D70496E76616C6964223A307D7DBFC8
05-27 18:13:20.023   536   536 D commservice260303: bufferevent_write retrun value = 0
05-27 18:13:20.023   536   560 D commservice260303: client datas send succeed,send finish
05-27 18:13:20.023 13911 14192 D Sentinelmode_1.2.5.17_sentry: <SentryImuClusterFgeSender>imu_status sent to Linux, frame=200207, tsNs=8667268, tsMs=8, intervalMs=40, ad=(-0.0053828806,0.0013135066,-0.17192459), gd=(-0.011070844,0.005192124,0.0022902146)
05-27 18:13:20.024   581   581 I SpiService: fgesysctrl_getGPIO_status success val=1
05-27 08:04:28.988   581   581 D spi_rst_gpio_get_output: GPIO 145 value: 1
05-27 08:04:28.988   581   581 D spidev_ioctl: gpio status=1)
05-27 18:13:20.025  1008 30857 D [OMXB]  : usingANWBuffer: handle:0xee742690, format:1, w:1920, h:1080
05-27 18:13:20.030   581   581 I SpiService: fgesysctrl_getGPIO_status success val=0
05-27 18:13:20.030   481   597 I mcuc    : send SPI:6AA6015EF900F80901400401098102010100000000000000000000000000000000000000000000000000000000000000000000000000000000000000000000000000000000000000000000000000000000000000000000000000000000000000000000000000000000000000000000000000000000000000000000000000000000000000000000000000000000000000000000000000000000000000000000000000000000000000000000000000000000000000000000000000000000000000000000000000000000000000000000000000000000000000000000000000000000000000000000000000000000000000000000000000000000000000000000D3
05-27 18:13:20.030  1083  1083 I MyAppLog: [2026-05-27 18:13:20.026 I tboxap mcuSendYadiTransfer:196] [Mcu] [mcuYadiSend]: :00 08 40 04 01 09 81 02 01 01
05-27 18:13:20.030   481   599 I mcuc    : start timer OK = 24313 
05-27 08:04:28.994   581   581 D spi_rst_gpio_get_output: GPIO 145 value: 0
05-27 08:04:28.994   581   581 D spidev_ioctl: gpio status=0)
05-27 18:13:20.034 13911 14183 I SentryImuMcuAngleSender: 179.96497rollDeg
05-27 18:13:20.034 13911 14183 I SentryImuMcuAngleSender: 1,0,0
05-27 18:13:20.037   299 30841 D EvsDriver: forwardFrame
05-27 18:13:20.037   299 30844 D EvsDriver: forwardFrame
05-27 18:13:20.038   299 30844 D EvsDriver: Delivered 0xb400007b7ca56900 as id 0
05-27 18:13:20.038   299 30841 D EvsDriver: Delivered 0xb400007b7ca56a60 as id 0
05-27 18:13:20.039  1167  1184 D evsmanagerd: /dev/video6 forwarded the buffer #0 to 0xb4000074bf5f5510 from 0xb4000074bf5f6d90
05-27 18:13:20.039  1167  1167 D evsmanagerd: /dev/video4 forwarded the buffer #0 to 0xb4000074bf5f6850 from 0xb4000074bf5f41d0
05-27 18:13:20.041   299  1153 D EvsDriver: doneWithFrame
05-27 18:13:20.042   299  1153 D EvsDriver: doneWithFrame
05-27 18:13:20.045   581   581 I SpiService: fgesysctrl_getGPIO_status success val=1
05-27 18:13:20.047  1008 30856 D [OMXB]  : usingANWBuffer: handle:0xee742f80, format:1, w:1920, h:1080
05-27 08:04:29.009   581   581 D spi_rst_gpio_get_output: GPIO 145 value: 1
05-27 08:04:29.010   581   581 D spidev_ioctl: gpio status=1)
05-27 18:13:20.051   581   581 I SpiService: fgesysctrl_getGPIO_status success val=1
05-27 08:04:29.016   581   581 D spi_rst_gpio_get_output: GPIO 145 value: 1
05-27 08:04:29.016   581   581 D spidev_ioctl: gpio status=1)
05-27 18:13:20.053   572   572 I Sensors : 230 AccelSensor: x:-0.170190,y:0.003659,z:-9.975330
05-27 18:13:20.054 13911 14183 I SentryImuMcuAngleSender: 179.97899rollDeg
05-27 18:13:20.054 13911 14183 I SentryImuMcuAngleSender: 1,0,0
05-27 18:13:20.055   283   307 I rvcservice: t.code = 3, t.value = 0
05-27 18:13:20.057   581   581 I SpiService: fgesysctrl_getGPIO_status success val=1
05-27 08:04:29.022   581   581 D spi_rst_gpio_get_output: GPIO 145 value: 1
05-27 08:04:29.022   581   581 D spidev_ioctl: gpio status=1)
05-27 18:13:20.061   536   536 D commservice260303: msg.id = 1028,0
05-27 18:13:20.062   536   536 D commservice260303: i = 170, msgid = 8A000404
05-27 18:13:20.062   536   536 D commservice260303: msgid = -1979710460,did=138
05-27 18:13:20.062   536   536 D commservice260303: CommProtocolLibCmdBaseI2C::dataproc {"command":{"id":"imu_status","sub":""},"content":{"TimeStamp":8,"FrameCounter":200208,"GD_X":-0.011910883709788322,"GD_Y":0.005345047451555729,"GD_Z":0.0022902146447449923,"AD_X":-0.0035484731197357178,"AD_Y":-0.001123629743233323,"AD_Z":-0.17009544372558594,"TempDsp":0,"Status":0,"CalibState":1,"SigAmpInvalid":0}},-1979710460
05-27 18:13:20.062   536   536 D commservice260303: send2Cluster len:317, 7B22636F6D6D616E64223A7B226964223A22696D755F737461747573222C22737562223A22227D2C22636F6E74656E74223A7B2254696D655374616D70223A382C224672616D65436F756E746572223A3230303230382C2247445F58223A2D302E3031313931303838333730393738383332322C2247445F59223A302E3030353334353034373435313535353732392C2247445F5A223A302E303032323930323134363434373434393932332C2241445F58223A2D302E303033353438343733313139373335373137382C2241445F59223A2D302E3030313132333632393734333233333332332C2241445F5A223A2D302E31373030393534343337323535383539342C2254656D70447370223A302C22537461747573223A302C2243616C69625374617465223A312C22536967416D70496E76616C6964223A307D7D, 138 
05-27 18:13:20.062   536   536 D commservice260303: Push Message into SendPool fn=-1303772416
05-27 18:13:20.062   536   536 D commservice260303: ComProtocolLibSend2Cluster::send2ClusterRaw fn=-1303772416 , len=333
05-27 18:13:20.062   536   536 D commservice260303: sendCmdToPort :333!!!
05-27 18:13:20.062   536   536 D commservice260303: send Cmd To Port ++++5AA501498A0100034AB26A16C3C07B22636F6D6D616E64223A7B226964223A22696D755F737461747573222C22737562223A22227D2C22636F6E74656E74223A7B2254696D655374616D70223A382C224672616D65436F756E746572223A3230303230382C2247445F58223A2D302E3031313931303838333730393738383332322C2247445F59223A302E3030353334353034373435313535353732392C2247445F5A223A302E303032323930323134363434373434393932332C2241445F58223A2D302E303033353438343733313139373335373137382C2241445F59223A2D302E3030313132333632393734333233333332332C2241445F5A223A2D302E31373030393534343337323535383539342C2254656D70447370223A302C22537461747573223A302C2243616C69625374617465223A312C22536967416D70496E76616C6964223A307D7D66B2
05-27 18:13:20.062   581   581 I SpiService: fgesysctrl_getGPIO_status success val=1
05-27 18:13:20.062   536   536 D commservice260303: bufferevent_write retrun value = 0
05-27 18:13:20.062   536   560 D commservice260303: client datas send succeed,send finish
05-27 18:13:20.063 13911 14192 D Sentinelmode_1.2.5.17_sentry: <SentryImuClusterFgeSender>imu_status sent to Linux, frame=200208, tsNs=8667304, tsMs=8, intervalMs=39, ad=(-0.0035484731,-0.0011236297,-0.17009544), gd=(-0.011910884,0.0053450475,0.0022902146)
05-27 18:13:20.064  1008 30857 D [OMXB]  : usingANWBuffer: handle:0xee741e50, format:1, w:1920, h:1080
05-27 08:04:29.027   581   581 D spi_rst_gpio_get_output: GPIO 145 value: 1
05-27 08:04:29.027   581   581 D spidev_ioctl: gpio status=1)
05-27 18:13:20.068   581   581 I SpiService: fgesysctrl_getGPIO_status success val=1
05-27 18:13:20.068  1982  1982 E health_guardian: UID for PID 11579 is 1000
05-27 08:04:29.033   581   581 D spi_rst_gpio_get_output: GPIO 145 value: 1
05-27 08:04:29.033   581   581 D spidev_ioctl: gpio status=1)
05-27 18:13:20.068  1982  1982 E health_guardian: The 1000 process is system app,I refused to kill it,try next one!
05-27 18:13:20.068  1982  1982 E health_guardian: UID for PID 13435 is 1000
05-27 18:13:20.068  1982  1982 E health_guardian: The 1000 process is system app,I refused to kill it,try next one!
05-27 18:13:20.068  1982  1982 E health_guardian: UID for PID 6212 is 1000
05-27 18:13:20.068  1982  1982 E health_guardian: The 1000 process is system app,I refused to kill it,try next one!
05-27 18:13:20.072   299 30844 D EvsDriver: forwardFrame
05-27 18:13:20.073   299 30841 D EvsDriver: forwardFrame
05-27 18:13:20.074   299 30844 D EvsDriver: Delivered 0xb400007b7ca56900 as id 0
05-27 18:13:20.074   581   581 I SpiService: fgesysctrl_getGPIO_status success val=0
05-27 18:13:20.074  1167  1184 D evsmanagerd: /dev/video6 forwarded the buffer #0 to 0xb4000074bf5f5510 from 0xb4000074bf5f6d90
05-27 18:13:20.075   299 30841 D EvsDriver: Delivered 0xb400007b7ca56a60 as id 0
05-27 18:13:20.075 13911 14183 I SentryImuMcuAngleSender: 179.97897rollDeg
05-27 18:13:20.075 13911 14183 I SentryImuMcuAngleSender: 1,0,0
05-27 18:13:20.075  1167  1184 D evsmanagerd: /dev/video4 forwarded the buffer #0 to 0xb4000074bf5f6850 from 0xb4000074bf5f41d0
05-27 08:04:29.038   581   581 D spi_rst_gpio_get_output: GPIO 145 value: 0
05-27 08:04:29.038   581   581 D spidev_ioctl: gpio status=0)
05-27 18:13:20.079   299  1153 D EvsDriver: doneWithFrame
05-27 18:13:20.079   299  1153 D EvsDriver: doneWithFrame
05-27 18:13:20.084   481   598 I mcuc    : rev,n=1,6AA6825EF9000209011B
05-27 18:13:20.087  1008 30856 D [OMXB]  : usingANWBuffer: handle:0xee742950, format:1, w:1920, h:1080
05-27 18:13:20.089   581   581 I SpiService: fgesysctrl_getGPIO_status success val=1
05-27 08:04:29.054   581   581 D spi_rst_gpio_get_output: GPIO 145 value: 1
05-27 08:04:29.054   581   581 D spidev_ioctl: gpio status=1)
05-27 18:13:20.095   581   581 I SpiService: fgesysctrl_getGPIO_status success val=1
05-27 18:13:20.095 13911 14183 I SentryImuMcuAngleSender: 179.97197rollDeg
05-27 18:13:20.095 13911 14183 I SentryImuMcuAngleSender: 1,0,0
05-27 08:04:29.059   581   581 D spi_rst_gpio_get_output: GPIO 145 value: 1
05-27 08:04:29.059   581   581 D spidev_ioctl: gpio status=1)
05-27 18:13:20.097  1008 30857 D [OMXB]  : usingANWBuffer: handle:0xee744bb0, format:1, w:1920, h:1080
05-27 18:13:20.100   581   581 I SpiService: fgesysctrl_getGPIO_status success val=1
05-27 08:04:29.065   581   581 D spi_rst_gpio_get_output: GPIO 145 value: 1
05-27 08:04:29.065   581   581 D spidev_ioctl: gpio status=1)
05-27 18:13:20.101   536   536 D commservice260303: msg.id = 1028,0
05-27 18:13:20.101   536   536 D commservice260303: i = 170, msgid = 8A000404
05-27 18:13:20.101   536   536 D commservice260303: msgid = -1979710460,did=138
05-27 18:13:20.102   536   536 D commservice260303: CommProtocolLibCmdBaseI2C::dataproc {"command":{"id":"imu_status","sub":""},"content":{"TimeStamp":8,"FrameCounter":200209,"GD_X":-0.011987865902483463,"GD_Y":0.0048857564106583595,"GD_Z":0.0017560218693688512,"AD_X":-0.001721203327178955,"AD_Y":1.0064942762255669E-4,"AD_Z":-0.16887474060058594,"TempDsp":0,"Status":0,"CalibState":1,"SigAmpInvalid":0}},-1979710460
05-27 18:13:20.102   536   536 D commservice260303: send2Cluster len:317, 7B22636F6D6D616E64223A7B226964223A22696D755F737461747573222C22737562223A22227D2C22636F6E74656E74223A7B2254696D655374616D70223A382C224672616D65436F756E746572223A3230303230392C2247445F58223A2D302E3031313938373836353930323438333436332C2247445F59223A302E303034383835373536343130363538333539352C2247445F5A223A302E303031373536303231383639333638383531322C2241445F58223A2D302E3030313732313230333332373137383935352C2241445F59223A312E30303634393432373632323535363639452D342C2241445F5A223A2D302E31363838373437343036303035383539342C2254656D70447370223A302C22537461747573223A302C2243616C69625374617465223A312C22536967416D70496E76616C6964223A307D7D, 138 
05-27 18:13:20.102   536   536 D commservice260303: Push Message into SendPool fn=-1286995200
05-27 18:13:20.102   536   536 D commservice260303: ComProtocolLibSend2Cluster::send2ClusterRaw fn=-1286995200 , len=333
05-27 18:13:20.102   536   536 D commservice260303: sendCmdToPort :333!!!
05-27 18:13:20.102   536   536 D commservice260303: send Cmd To Port ++++5AA501498A0100034AB36A16C3C07B22636F6D6D616E64223A7B226964223A22696D755F737461747573222C22737562223A22227D2C22636F6E74656E74223A7B2254696D655374616D70223A382C224672616D65436F756E746572223A3230303230392C2247445F58223A2D302E3031313938373836353930323438333436332C2247445F59223A302E303034383835373536343130363538333539352C2247445F5A223A302E303031373536303231383639333638383531322C2241445F58223A2D302E3030313732313230333332373137383935352C2241445F59223A312E30303634393432373632323535363639452D342C2241445F5A223A2D302E31363838373437343036303035383539342C2254656D70447370223A302C22537461747573223A302C2243616C69625374617465223A312C22536967416D70496E76616C6964223A307D7D9714
05-27 18:13:20.102   536   536 D commservice260303: bufferevent_write retrun value = 0
05-27 18:13:20.102   536   560 D commservice260303: client datas send succeed,send finish
05-27 18:13:20.102 13911 14192 D Sentinelmode_1.2.5.17_sentry: <SentryImuClusterFgeSender>imu_status sent to Linux, frame=200209, tsNs=8667340, tsMs=8, intervalMs=40, ad=(-0.0017212033,1.0064943E-4,-0.16887474), gd=(-0.011987866,0.0048857564,0.0017560219)
05-27 18:13:20.106   581   581 I SpiService: fgesysctrl_getGPIO_status success val=1
05-27 08:04:29.070   581   581 D spi_rst_gpio_get_output: GPIO 145 value: 1
05-27 08:04:29.070   581   581 D spidev_ioctl: gpio status=1)
05-27 18:13:20.109   299 30844 D EvsDriver: forwardFrame
05-27 18:13:20.110   299 30844 D EvsDriver: Delivered 0xb400007b7ca56900 as id 0
05-27 18:13:20.111  1167  1184 D evsmanagerd: /dev/video6 forwarded the buffer #0 to 0xb4000074bf5f5510 from 0xb4000074bf5f6d90
05-27 18:13:20.111   581   581 I SpiService: fgesysctrl_getGPIO_status success val=1
05-27 18:13:20.111   299 30841 D EvsDriver: forwardFrame
05-27 08:04:29.076   581   581 D spi_rst_gpio_get_output: GPIO 145 value: 1
05-27 08:04:29.076   581   581 D spidev_ioctl: gpio status=1)
05-27 18:13:20.114  1167  1184 D evsmanagerd: /dev/video4 forwarded the buffer #0 to 0xb4000074bf5f6850 from 0xb4000074bf5f41d0
05-27 18:13:20.114   299 30841 D EvsDriver: Delivered 0xb400007b7ca56a60 as id 0
05-27 18:13:20.115   299  1153 D EvsDriver: doneWithFrame
05-27 18:13:20.116 13911 14183 I SentryImuMcuAngleSender: 179.95445rollDeg
05-27 18:13:20.116 13911 14183 I SentryImuMcuAngleSender: 1,0,0
05-27 18:13:20.117   581   581 I SpiService: fgesysctrl_getGPIO_status success val=0
05-27 18:13:20.118   299  1153 D EvsDriver: doneWithFrame
05-27 08:04:29.082   581   581 D spi_rst_gpio_get_output: GPIO 145 value: 0
05-27 08:04:29.082   581   581 D spidev_ioctl: gpio status=0)
05-27 18:13:20.130  1008 30856 D [OMXB]  : usingANWBuffer: handle:0xee742cc0, format:1, w:1920, h:1080
05-27 18:13:20.132   581   581 I SpiService: fgesysctrl_getGPIO_status success val=1
05-27 08:04:29.097   581   581 D spi_rst_gpio_get_output: GPIO 145 value: 1
05-27 08:04:29.097   581   581 D spidev_ioctl: gpio status=1)
05-27 18:13:20.133   481   598 I mcuc    : rev,n=1,6AA681AE9B001B8900240600030E30313233343536373839414243444546470000006E
05-27 18:13:20.134   351   373 D automotive.vehicle@2.0-adayo-datacomm-mcu: MCUDatacomm sendMessageFromVehicle prop: 0x89, areaId: 0x0, status: 0x24, timestamp: 0x6
05-27 18:13:20.134   351   373 D automotive.vehicle@2.0-adayo-datacomm-mcu: MCUDatacomm 1sendMessageFromVehicle ---> type = 3 
05-27 18:13:20.134   351   373 D automotive.vehicle@2.0-adayo-func-bcm: sendMessageFromVehicle sendMessageFromVehicle
05-27 18:13:20.134   351   516 D automotive.vehicle@2.0-adayo-func-bcm: jjfan1 ______procotolSize :1
05-27 18:13:20.134   351   516 D automotive.vehicle@2.0-adayo-func-bcm: BCMFunc sendMessageFromVehicle_l dataType: 13,mByte=7,propid=0x2110001a
05-27 18:13:20.134   351   516 D automotive.vehicle@2.0-adayo-func-bcm: BCMFunc VEHICLE_VIN_CODE111 0x2110001a 
05-27 18:13:20.134   351   516 E automotive.vehicle@2.0-adayo-func-bcm: byteArrayToASCIIString, index 7 hex: 30, ascii: 0
05-27 18:13:20.134   351   516 E automotive.vehicle@2.0-adayo-func-bcm: byteArrayToASCIIString, index 8 hex: 31, ascii: 01
05-27 18:13:20.134   351   516 E automotive.vehicle@2.0-adayo-func-bcm: byteArrayToASCIIString, index 9 hex: 32, ascii: 012
05-27 18:13:20.134   351   516 E automotive.vehicle@2.0-adayo-func-bcm: byteArrayToASCIIString, index 10 hex: 33, ascii: 0123
05-27 18:13:20.134   351   516 E automotive.vehicle@2.0-adayo-func-bcm: byteArrayToASCIIString, index 11 hex: 34, ascii: 01234
05-27 18:13:20.134   351   516 E automotive.vehicle@2.0-adayo-func-bcm: byteArrayToASCIIString, index 12 hex: 35, ascii: 012345
05-27 18:13:20.134   351   516 E automotive.vehicle@2.0-adayo-func-bcm: byteArrayToASCIIString, index 13 hex: 36, ascii: 0123456
05-27 18:13:20.134   351   516 E automotive.vehicle@2.0-adayo-func-bcm: byteArrayToASCIIString, index 14 hex: 37, ascii: 01234567
05-27 18:13:20.134   351   516 E automotive.vehicle@2.0-adayo-func-bcm: byteArrayToASCIIString, index 15 hex: 38, ascii: 012345678
05-27 18:13:20.134   351   516 E automotive.vehicle@2.0-adayo-func-bcm: byteArrayToASCIIString, index 16 hex: 39, ascii: 0123456789
05-27 18:13:20.134   351   516 E automotive.vehicle@2.0-adayo-func-bcm: byteArrayToASCIIString, index 17 hex: 41, ascii: 0123456789A
05-27 18:13:20.134   351   516 E automotive.vehicle@2.0-adayo-func-bcm: byteArrayToASCIIString, index 18 hex: 42, ascii: 0123456789AB
05-27 18:13:20.134   351   516 E automotive.vehicle@2.0-adayo-func-bcm: byteArrayToASCIIString, index 19 hex: 43, ascii: 0123456789ABC
05-27 18:13:20.134   351   516 E automotive.vehicle@2.0-adayo-func-bcm: byteArrayToASCIIString, index 20 hex: 44, ascii: 0123456789ABCD
05-27 18:13:20.135   351   516 E automotive.vehicle@2.0-adayo-func-bcm: byteArrayToASCIIString, index 21 hex: 45, ascii: 0123456789ABCDE
05-27 18:13:20.135   351   516 E automotive.vehicle@2.0-adayo-func-bcm: byteArrayToASCIIString, index 22 hex: 46, ascii: 0123456789ABCDEF
05-27 18:13:20.135   351   516 E automotive.vehicle@2.0-adayo-func-bcm: byteArrayToASCIIString, index 23 hex: 47, ascii: 0123456789ABCDEFG
05-27 18:13:20.135   351   516 D automotive.vehicle@2.0-adayo-func-bcm: BCMFunc VEHICLE_VIN_CODE222 0x2110001a ,value:0123456789ABCDEFG
05-27 18:13:20.135   351   516 D automotive.vehicle@2.0-adayo-func-bcm: BCMFunc sendMessageFromVehicle_l id:554696730, area:0 not report! 
05-27 18:13:20.136 13911 14183 I SentryImuMcuAngleSender: 179.95796rollDeg
05-27 18:13:20.137 13911 14183 I SentryImuMcuAngleSender: 1,0,0
05-27 18:13:20.138   581   581 I SpiService: fgesysctrl_getGPIO_status success val=1
05-27 18:13:20.140   299 30841 D EvsDriver: forwardFrame
05-27 08:04:29.103   581   581 D spi_rst_gpio_get_output: GPIO 145 value: 1
05-27 08:04:29.103   581   581 D spidev_ioctl: gpio status=1)
05-27 18:13:20.142   536   536 D commservice260303: msg.id = 1028,0
05-27 18:13:20.142   536   536 D commservice260303: i = 170, msgid = 8A000404
05-27 18:13:20.142   299 30841 D EvsDriver: Delivered 0xb400007b7ca56a60 as id 0
05-27 18:13:20.142  1167  1184 D evsmanagerd: /dev/video4 forwarded the buffer #0 to 0xb4000074bf5f6850 from 0xb4000074bf5f41d0
05-27 18:13:20.142   536   536 D commservice260303: msgid = -1979710460,did=138
05-27 18:13:20.142   536   536 D commservice260303: CommProtocolLibCmdBaseI2C::dataproc {"command":{"id":"imu_status","sub":""},"content":{"TimeStamp":8,"FrameCounter":200210,"GD_X":-0.011682018637657166,"GD_Y":0.004656890872865915,"GD_Z":0.0020608289632946253,"AD_X":-0.0017285197973251343,"AD_Y":0.002522802446037531,"AD_Z":-0.16948509216308594,"TempDsp":0,"Status":0,"CalibState":1,"SigAmpInvalid":0}},-1979710460
05-27 18:13:20.143 30773 30773 E dvr_service_: [myNum:0] Received S**** loss
05-27 18:13:20.143   536   536 D commservice260303: send2Cluster len:316, 7B22636F6D6D616E64223A7B226964223A22696D755F737461747573222C22737562223A22227D2C22636F6E74656E74223A7B2254696D655374616D70223A382C224672616D65436F756E746572223A3230303231302C2247445F58223A2D302E3031313638323031383633373635373136362C2247445F59223A302E3030343635363839303837323836353931352C2247445F5A223A302E303032303630383238393633323934363235332C2241445F58223A2D302E303031373238353139373937333235313334332C2241445F59223A302E3030323532323830323434363033373533312C2241445F5A223A2D302E31363934383530393231363330383539342C2254656D70447370223A302C22537461747573223A302C2243616C69625374617465223A312C22536967416D70496E76616C6964223A307D7D, 138 
05-27 18:13:20.143   572   622 I Sensors : 230 GyroSensor: x:-0.011530,y:0.005268,z:0.001756
05-27 18:13:20.143   536   536 D commservice260303: Push Message into SendPool fn=-1270217984
05-27 18:13:20.143   536   536 D commservice260303: ComProtocolLibSend2Cluster::send2ClusterRaw fn=-1270217984 , len=332
05-27 18:13:20.143   536   536 D commservice260303: sendCmdToPort :332!!!
05-27 18:13:20.143   536   536 D commservice260303: send Cmd To Port ++++5AA501488A0100034AB46A16C3C07B22636F6D6D616E64223A7B226964223A22696D755F737461747573222C22737562223A22227D2C22636F6E74656E74223A7B2254696D655374616D70223A382C224672616D65436F756E746572223A3230303231302C2247445F58223A2D302E3031313638323031383633373635373136362C2247445F59223A302E3030343635363839303837323836353931352C2247445F5A223A302E303032303630383238393633323934363235332C2241445F58223A2D302E303031373238353139373937333235313334332C2241445F59223A302E3030323532323830323434363033373533312C2241445F5A223A2D302E31363934383530393231363330383539342C2254656D70447370223A302C22537461747573223A302C2243616C69625374617465223A312C22536967416D70496E76616C6964223A307D7DD225
05-27 18:13:20.143   299  1153 D EvsDriver: doneWithFrame
05-27 18:13:20.143   536   536 D commservice260303: bufferevent_write retrun value = 0
05-27 18:13:20.143   536   560 D commservice260303: client datas send succeed,send finish
05-27 18:13:20.143 13911 14192 D Sentinelmode_1.2.5.17_sentry: <SentryImuClusterFgeSender>imu_status sent to Linux, frame=200210, tsNs=8667375, tsMs=8, intervalMs=41, ad=(-0.0017285198,0.0025228024,-0.16948509), gd=(-0.011682019,0.004656891,0.002060829)
05-27 18:13:20.144   581   581 I SpiService: fgesysctrl_getGPIO_status success val=1
05-27 08:04:29.108   581   581 D spi_rst_gpio_get_output: GPIO 145 value: 1
05-27 08:04:29.108   581   581 D spidev_ioctl: gpio status=1)
05-27 18:13:20.145  1008 30857 D [OMXB]  : usingANWBuffer: handle:0xee743df0, format:1, w:1920, h:1080
05-27 18:13:20.148   299 30844 D EvsDriver: forwardFrame
05-27 18:13:20.150   581   581 I SpiService: fgesysctrl_getGPIO_status success val=1
05-27 18:13:20.151   299 30844 D EvsDriver: Delivered 0xb400007b7ca56900 as id 0
05-27 18:13:20.152  1167  1184 D evsmanagerd: /dev/video6 forwarded the buffer #0 to 0xb4000074bf5f5510 from 0xb4000074bf5f6d90
05-27 18:13:20.152 30773 30773 E dvr_service_: [myNum:1] Received S**** loss
05-27 18:13:20.152   299  1153 D EvsDriver: doneWithFrame
05-27 08:04:29.114   581   581 D spi_rst_gpio_get_output: GPIO 145 value: 1
05-27 08:04:29.114   581   581 D spidev_ioctl: gpio status=1)
05-27 18:13:20.155   581   581 I SpiService: fgesysctrl_getGPIO_status success val=1
05-27 18:13:20.156   283   307 I rvcservice: t.code = 7, t.value = 8667233
05-27 18:13:20.156 13911 14183 I SentryImuMcuAngleSender: 179.97197rollDeg
05-27 18:13:20.156 13911 14183 I SentryImuMcuAngleSender: 1,0,0
05-27 08:04:29.120   581   581 D spi_rst_gpio_get_output: GPIO 145 value: 1
05-27 08:04:29.120   581   581 D spidev_ioctl: gpio status=1)
05-27 18:13:20.161   581   581 I SpiService: fgesysctrl_getGPIO_status success val=1
05-27 18:13:20.162  1008 30856 D [OMXB]  : usingANWBuffer: handle:0xee7469f0, format:1, w:1920, h:1080
05-27 08:04:29.125   581   581 D spi_rst_gpio_get_output: GPIO 145 value: 1
05-27 08:04:29.125   581   581 D spidev_ioctl: gpio status=1)
05-27 18:13:20.167   581   581 I SpiService: fgesysctrl_getGPIO_status success val=0
05-27 18:13:20.167   481   597 I mcuc    : send SPI:6AA602AE9B000289002A
05-27 08:04:29.131   581   581 D spi_rst_gpio_get_output: GPIO 145 value: 0
05-27 08:04:29.131   581   581 D spidev_ioctl: gpio status=0)
05-27 18:13:20.176   299 30841 D EvsDriver: forwardFrame
05-27 18:13:20.177 13911 14183 I SentryImuMcuAngleSender: 179.993rollDeg
05-27 18:13:20.177 13911 14183 I SentryImuMcuAngleSender: 1,0,0
05-27 18:13:20.177   299 30841 D EvsDriver: Delivered 0xb400007b7ca56a60 as id 0
05-27 18:13:20.177  1167  1184 D evsmanagerd: /dev/video4 forwarded the buffer #0 to 0xb4000074bf5f6850 from 0xb4000074bf5f41d0
05-27 18:13:20.178   299 30844 D EvsDriver: forwardFrame
05-27 18:13:20.179   299 30844 D EvsDriver: Delivered 0xb400007b7ca56900 as id 0
05-27 18:13:20.179  1167  1184 D evsmanagerd: /dev/video6 forwarded the buffer #0 to 0xb4000074bf5f5510 from 0xb4000074bf5f6d90
05-27 18:13:20.180   299  1153 D EvsDriver: doneWithFrame
05-27 18:13:20.182   581   581 I SpiService: fgesysctrl_getGPIO_status success val=1
05-27 18:13:20.183   299  1153 D EvsDriver: doneWithFrame
05-27 18:13:20.184   536   536 D commservice260303: msg.id = 1028,1
05-27 18:13:20.184   536   536 D commservice260303: i = 170, msgid = 8A000404
05-27 18:13:20.184   536   536 D commservice260303: msgid = -1979710460,did=138
05-27 18:13:20.184   536   536 D commservice260303: CommProtocolLibCmdBaseI2C::dataproc {"command":{"id":"imu_status","sub":""},"content":{"TimeStamp":8,"FrameCounter":200211,"GD_X":-0.010461229830980301,"GD_Y":0.00519212381914258,"GD_Z":0.0023671966046094894,"AD_X":-0.005996003746986389,"AD_Y":-0.0035526349674910307,"AD_Z":-0.16460514068603516,"TempDsp":0,"Status":0,"CalibState":1,"SigAmpInvalid":0}},-1979710460
05-27 18:13:20.184   536   536 D commservice260303: send2Cluster len:316, 7B22636F6D6D616E64223A7B226964223A22696D755F737461747573222C22737562223A22227D2C22636F6E74656E74223A7B2254696D655374616D70223A382C224672616D65436F756E746572223A3230303231312C2247445F58223A2D302E3031303436313232393833303938303330312C2247445F59223A302E30303531393231323338313931343235382C2247445F5A223A302E303032333637313936363034363039343839342C2241445F58223A2D302E3030353939363030333734363938363338392C2241445F59223A2D302E303033353532363334393637343931303330372C2241445F5A223A2D302E31363436303531343036383630333531362C2254656D70447370223A302C22537461747573223A302C2243616C69625374617465223A312C22536967416D70496E76616C6964223A307D7D, 138 
05-27 18:13:20.184   536   536 D commservice260303: Push Message into SendPool fn=-1253440768
05-27 18:13:20.184   536   536 D commservice260303: ComProtocolLibSend2Cluster::send2ClusterRaw fn=-1253440768 , len=332
05-27 18:13:20.184   536   536 D commservice260303: sendCmdToPort :332!!!
05-27 18:13:20.185   536   536 D commservice260303: send Cmd To Port ++++5AA501488A0100034AB56A16C3C07B22636F6D6D616E64223A7B226964223A22696D755F737461747573222C22737562223A22227D2C22636F6E74656E74223A7B2254696D655374616D70223A382C224672616D65436F756E746572223A3230303231312C2247445F58223A2D302E3031303436313232393833303938303330312C2247445F59223A302E30303531393231323338313931343235382C2247445F5A223A302E303032333637313936363034363039343839342C2241445F58223A2D302E3030353939363030333734363938363338392C2241445F59223A2D302E303033353532363334393637343931303330372C2241445F5A223A2D302E31363436303531343036383630333531362C2254656D70447370223A302C22537461747573223A302C2243616C69625374617465223A312C22536967416D70496E76616C6964223A307D7DECEB
05-27 08:04:29.146   581   581 D spi_rst_gpio_get_output: GPIO 145 value: 1
05-27 08:04:29.146   581   581 D spidev_ioctl: gpio status=1)
05-27 18:13:20.185   536   536 D commservice260303: bufferevent_write retrun value = 0
05-27 18:13:20.185   536   560 D commservice260303: client datas send succeed,send finish
05-27 18:13:20.186 13911 14192 D Sentinelmode_1.2.5.17_sentry: <SentryImuClusterFgeSender>imu_status sent to Linux, frame=200211, tsNs=8667429, tsMs=8, intervalMs=42, ad=(-0.0059960037,-0.003552635,-0.16460514), gd=(-0.01046123,0.005192124,0.0023671966)
05-27 18:13:20.188   581   581 I SpiService: fgesysctrl_getGPIO_status success val=1
05-27 08:04:29.152   581   581 D spi_rst_gpio_get_output: GPIO 145 value: 1
05-27 08:04:29.152   581   581 D spidev_ioctl: gpio status=1)
05-27 18:13:20.189 15863 16024 D AIN-ExternalMapLocation: MSG_LOCATE
05-27 18:13:20.189 15863 16024 D AIN-CustomMapProxy: sendMsgToCustomMap hascallback : true
05-27 18:13:20.189 15863 16024 D AIN-ServiceHub: getService with: name = service_multi_dhu_control
05-27 18:13:20.189 15863 16024 D AIN-NaviThirdPartyAccessor: hasCallback : true
05-27 18:13:20.189 15863 16024 D AIN-NaviThirdPartyAccessor: sendMsgToCustomMap msg : {"needResponse":true,"protocolFrom":"com.aispeech.lyra.daemon","protocolId":14012,"protocolVersion":"v1","requestCode":"941157dd-9422-43f4-b240-f55f49291bfa"}
05-27 18:13:20.190 17284 17302 D AIN-AiNaviManager: speech send msg to navi : {"needResponse":true,"protocolFrom":"com.aispeech.lyra.daemon","protocolId":14012,"protocolVersion":"v1","requestCode":"941157dd-9422-43f4-b240-f55f49291bfa"}
05-27 18:13:20.190 17284 17302 I AIN-MapAccessLayer: onMessage_with: protocolMsg = [{"needResponse":true,"protocolFrom":"com.aispeech.lyra.daemon","protocolId":14012,"protocolVersion":"v1","requestCode":"941157dd-9422-43f4-b240-f55f49291bfa"}]
05-27 18:13:20.190 17284 17344 D AIN-MapAccessLayer: 请求定位 14012
05-27 18:13:20.190 15863 16024 D AIN-NaviThirdPartyAccessor: callback[navi_com.aispeech.lyra.assistant] is invoked
05-27 18:13:20.191 15863 16024 I AIN-CustomMapProxy: requestCurLocation，requestLocationCount=1619 callTag=toLocate
05-27 18:13:20.192   566  1171 I gps_hdbd: [gps_upgrade_thread 3506]Enter
05-27 18:13:20.193  1008 30857 D [OMXB]  : usingANWBuffer: handle:0xee7440b0, format:1, w:1920, h:1080
05-27 18:13:20.193   581   581 I SpiService: fgesysctrl_getGPIO_status success val=1
05-27 18:13:20.193   566  1171 I gps_hdbd: [gps_upgrade_thread 3535] sys.gps.update:0 ,file:not ,upgrate_ing:0
05-27 08:04:29.158   581   581 D spi_rst_gpio_get_output: GPIO 145 value: 1
05-27 08:04:29.158   581   581 D spidev_ioctl: gpio status=1)
05-27 18:13:20.197 13911 14183 I SentryImuMcuAngleSender: 179.97195rollDeg
05-27 18:13:20.197 13911 14183 I SentryImuMcuAngleSender: 1,0,0
05-27 18:13:20.199   581   581 I SpiService: fgesysctrl_getGPIO_status success val=1
05-27 08:04:29.163   581   581 D spi_rst_gpio_get_output: GPIO 145 value: 1
05-27 08:04:29.163   581   581 D spidev_ioctl: gpio status=1)
05-27 18:13:20.203   299 30841 D EvsDriver: forwardFrame
05-27 18:13:20.204   581   581 I SpiService: fgesysctrl_getGPIO_status success val=0
05-27 18:13:20.204   481   597 I mcuc    : send SPI:6AA6005EFA000206019F
05-27 18:13:20.205   299 30841 D EvsDriver: Delivered 0xb400007b7ca56a60 as id 0
05-27 08:04:29.169   581   581 D spi_rst_gpio_get_output: GPIO 145 value: 0
05-27 08:04:29.169   581   581 D spidev_ioctl: gpio status=0)
05-27 18:13:20.205  1167  1167 D evsmanagerd: /dev/video4 forwarded the buffer #0 to 0xb4000074bf5f6850 from 0xb4000074bf5f41d0
05-27 18:13:20.206  1008 30856 D [OMXB]  : usingANWBuffer: handle:0xee744630, format:1, w:1920, h:1080
05-27 18:13:20.207   299  1153 D EvsDriver: doneWithFrame
05-27 18:13:20.208   299 30844 D EvsDriver: forwardFrame
05-27 18:13:20.210  1167  1167 D evsmanagerd: /dev/video6 forwarded the buffer #0 to 0xb4000074bf5f5510 from 0xb4000074bf5f6d90
05-27 18:13:20.210   299 30844 D EvsDriver: Delivered 0xb400007b7ca56900 as id 0
05-27 18:13:20.215   299  1153 D EvsDriver: doneWithFrame
05-27 18:13:20.217 13911 14183 I SentryImuMcuAngleSender: 179.95795rollDeg
05-27 18:13:20.218 13911 14183 I SentryImuMcuAngleSender: 1,0,0
05-27 18:13:20.219   581   581 I SpiService: fgesysctrl_getGPIO_status success val=1
05-27 08:04:29.183   581   581 D spi_rst_gpio_get_output: GPIO 145 value: 1
05-27 08:04:29.183   581   581 D spidev_ioctl: gpio status=1)
05-27 18:13:20.222   536   536 D commservice260303: msg.id = 1028,1
05-27 18:13:20.222   536   536 D commservice260303: i = 170, msgid = 8A000404
05-27 18:13:20.222   536   536 D commservice260303: msgid = -1979710460,did=138
05-27 18:13:20.222   536   536 D commservice260303: CommProtocolLibCmdBaseI2C::dataproc {"command":{"id":"imu_status","sub":""},"content":{"TimeStamp":8,"FrameCounter":200212,"GD_X":-0.011070843786001205,"GD_Y":0.004352083895355463,"GD_Z":0.0026720035821199417,"AD_X":-0.006580814719200134,"AD_Y":0.0025382661260664463,"AD_Z":-0.16704559326171875,"TempDsp":0,"Status":0,"CalibState":1,"SigAmpInvalid":0}},-1979710460
05-27 18:13:20.222   536   536 D commservice260303: send2Cluster len:316, 7B22636F6D6D616E64223A7B226964223A22696D755F737461747573222C22737562223A22227D2C22636F6E74656E74223A7B2254696D655374616D70223A382C224672616D65436F756E746572223A3230303231322C2247445F58223A2D302E3031313037303834333738363030313230352C2247445F59223A302E3030343335323038333839353335353436332C2247445F5A223A302E303032363732303033353832313139393431372C2241445F58223A2D302E3030363538303831343731393230303133342C2241445F59223A302E303032353338323636313236303636343436332C2241445F5A223A2D302E31363730343535393332363137313837352C2254656D70447370223A302C22537461747573223A302C2243616C69625374617465223A312C22536967416D70496E76616C6964223A307D7D, 138 
05-27 18:13:20.222   536   536 D commservice260303: Push Message into SendPool fn=-1236663552
05-27 18:13:20.222   536   536 D commservice260303: ComProtocolLibSend2Cluster::send2ClusterRaw fn=-1236663552 , len=332
05-27 18:13:20.222   536   536 D commservice260303: sendCmdToPort :332!!!
05-27 18:13:20.223   536   536 D commservice260303: send Cmd To Port ++++5AA501488A0100034AB66A16C3C07B22636F6D6D616E64223A7B226964223A22696D755F737461747573222C22737562223A22227D2C22636F6E74656E74223A7B2254696D655374616D70223A382C224672616D65436F756E746572223A3230303231322C2247445F58223A2D302E3031313037303834333738363030313230352C2247445F59223A302E3030343335323038333839353335353436332C2247445F5A223A302E303032363732303033353832313139393431372C2241445F58223A2D302E3030363538303831343731393230303133342C2241445F59223A302E303032353338323636313236303636343436332C2241445F5A223A2D302E31363730343535393332363137313837352C2254656D70447370223A302C22537461747573223A302C2243616C69625374617465223A312C22536967416D70496E76616C6964223A307D7D8DFD
05-27 18:13:20.223   536   536 D commservice260303: bufferevent_write retrun value = 0
05-27 18:13:20.223   536   560 D commservice260303: client datas send succeed,send finish
05-27 18:13:20.223 13911 14192 D Sentinelmode_1.2.5.17_sentry: <SentryImuClusterFgeSender>imu_status sent to Linux, frame=200212, tsNs=8667464, tsMs=8, intervalMs=38, ad=(-0.0065808147,0.0025382661,-0.1670456), gd=(-0.011070844,0.004352084,0.0026720036)
05-27 18:13:20.224   581   581 I SpiService: fgesysctrl_getGPIO_status success val=1
05-27 08:04:29.189   581   581 D spi_rst_gpio_get_output: GPIO 145 value: 1
05-27 08:04:29.189   581   581 D spidev_ioctl: gpio status=1)
05-27 18:13:20.230   581   581 I SpiService: fgesysctrl_getGPIO_status success val=1
05-27 08:04:29.194   581   581 D spi_rst_gpio_get_output: GPIO 145 value: 1
05-27 08:04:29.194   581   581 D spidev_ioctl: gpio status=1)
05-27 18:13:20.235  1008 30857 D [OMXB]  : usingANWBuffer: handle:0xee7454a0, format:1, w:1920, h:1080
05-27 18:13:20.235   581   581 I SpiService: fgesysctrl_getGPIO_status success val=1
05-27 08:04:29.200   581   581 D spi_rst_gpio_get_output: GPIO 145 value: 1
05-27 08:04:29.200   581   581 D spidev_ioctl: gpio status=1)
05-27 18:13:20.238 13911 14183 I SentryImuMcuAngleSender: 179.95795rollDeg
05-27 18:13:20.238 13911 14183 I SentryImuMcuAngleSender: 1,0,0
05-27 18:13:20.241   581   581 I SpiService: fgesysctrl_getGPIO_status success val=1
05-27 18:13:20.241   299 30841 D EvsDriver: forwardFrame
05-27 18:13:20.242   299 30844 D EvsDriver: forwardFrame
05-27 08:04:29.205   581   581 D spi_rst_gpio_get_output: GPIO 145 value: 1
05-27 08:04:29.205   581   581 D spidev_ioctl: gpio status=1)
05-27 18:13:20.244  1167  1167 D evsmanagerd: /dev/video6 forwarded the buffer #0 to 0xb4000074bf5f5510 from 0xb4000074bf5f6d90
05-27 18:13:20.244  1167  1184 D evsmanagerd: /dev/video4 forwarded the buffer #0 to 0xb4000074bf5f6850 from 0xb4000074bf5f41d0
05-27 18:13:20.244   299 30841 D EvsDriver: Delivered 0xb400007b7ca56a60 as id 0
05-27 18:13:20.244   299 30844 D EvsDriver: Delivered 0xb400007b7ca56900 as id 0
05-27 18:13:20.247   581   581 I SpiService: fgesysctrl_getGPIO_status success val=0
05-27 18:13:20.248   299  1153 D EvsDriver: doneWithFrame
05-27 18:13:20.249   299  1153 D EvsDriver: doneWithFrame
05-27 18:13:20.249  1008 30856 D [OMXB]  : usingANWBuffer: handle:0xee742ed0, format:1, w:1920, h:1080
05-27 08:04:29.212   581   581 D spidev_ioctl: gpio status=0)
05-27 18:13:20.250   572   572 I Sensors : 230 AccelSensor: x:-0.167140,y:0.004880,z:-9.973500
05-27 18:13:20.255 30773 30789 I dvr_service_: Camera 0: MediaOK:11325610, frames:250, isKeyFrame:0,pts:8667204903
05-27 18:13:20.256   283   307 I rvcservice: t.code = 3, t.value = 0
05-27 18:13:20.259 13911 14183 I SentryImuMcuAngleSender: 179.97197rollDeg
05-27 18:13:20.259 13911 14183 I SentryImuMcuAngleSender: 1,0,0
05-27 18:13:20.264   581   581 I SpiService: fgesysctrl_getGPIO_status success val=1
05-27 18:13:20.264   536   536 D commservice260303: msg.id = 1028,0
05-27 18:13:20.264   536   536 D commservice260303: i = 170, msgid = 8A000404
05-27 18:13:20.264   536   536 D commservice260303: msgid = -1979710460,did=138
05-27 18:13:20.264   536   536 D commservice260303: CommProtocolLibCmdBaseI2C::dataproc {"command":{"id":"imu_status","sub":""},"content":{"TimeStamp":8,"FrameCounter":200213,"GD_X":-0.012522058561444283,"GD_Y":0.005345047451555729,"GD_Z":0.00259606190957129,"AD_X":-4.89354133605957E-4,"AD_Y":9.057624265551567E-5,"AD_Z":-0.16826629638671875,"TempDsp":0,"Status":0,"CalibState":1,"SigAmpInvalid":0}},-1979710460
05-27 18:13:20.265   536   536 D commservice260303: send2Cluster len:312, 7B22636F6D6D616E64223A7B226964223A22696D755F737461747573222C22737562223A22227D2C22636F6E74656E74223A7B2254696D655374616D70223A382C224672616D65436F756E746572223A3230303231332C2247445F58223A2D302E3031323532323035383536313434343238332C2247445F59223A302E3030353334353034373435313535353732392C2247445F5A223A302E30303235393630363139303935373132392C2241445F58223A2D342E3839333534313333363035393537452D342C2241445F59223A392E303537363234323635353531353637452D352C2241445F5A223A2D302E31363832363632393633383637313837352C2254656D70447370223A302C22537461747573223A302C2243616C69625374617465223A312C22536967416D70496E76616C6964223A307D7D, 138 
05-27 18:13:20.265   536   536 D commservice260303: Push Message into SendPool fn=-1219886336
05-27 18:13:20.265   536   536 D commservice260303: ComProtocolLibSend2Cluster::send2ClusterRaw fn=-1219886336 , len=328
05-27 18:13:20.265   536   536 D commservice260303: sendCmdToPort :328!!!
05-27 18:13:20.265   536   536 D commservice260303: send Cmd To Port ++++5AA501448A0100034AB76A16C3C07B22636F6D6D616E64223A7B226964223A22696D755F737461747573222C22737562223A22227D2C22636F6E74656E74223A7B2254696D655374616D70223A382C224672616D65436F756E746572223A3230303231332C2247445F58223A2D302E3031323532323035383536313434343238332C2247445F59223A302E3030353334353034373435313535353732392C2247445F5A223A302E30303235393630363139303935373132392C2241445F58223A2D342E3839333534313333363035393537452D342C2241445F59223A392E303537363234323635353531353637452D352C2241445F5A223A2D302E31363832363632393633383637313837352C2254656D70447370223A302C22537461747573223A302C2243616C69625374617465223A312C22536967416D70496E76616C6964223A307D7D2B60
05-27 18:13:20.265   536   536 D commservice260303: bufferevent_write retrun value = 0
05-27 18:13:20.265   536   560 D commservice260303: client datas send succeed,send finish
05-27 18:13:20.265 13911 14192 D Sentinelmode_1.2.5.17_sentry: <SentryImuClusterFgeSender>imu_status sent to Linux, frame=200213, tsNs=8667500, tsMs=8, intervalMs=42, ad=(-4.8935413E-4,9.057624E-5,-0.1682663), gd=(-0.012522059,0.0053450475,0.002596062)
05-27 18:13:20.269   581   581 I SpiService: fgesysctrl_getGPIO_status success val=1
05-27 18:13:20.271   299 30844 D EvsDriver: forwardFrame
05-27 18:13:20.273  1167  1184 D evsmanagerd: /dev/video6 forwarded the buffer #0 to 0xb4000074bf5f5510 from 0xb4000074bf5f6d90
05-27 18:13:20.273   299 30844 D EvsDriver: Delivered 0xb400007b7ca56900 as id 0
05-27 18:13:20.275   581   581 I SpiService: fgesysctrl_getGPIO_status success val=1
05-27 18:13:20.276   299  1153 D EvsDriver: doneWithFrame
05-27 08:04:29.234   581   581 D spi_rst_gpio_get_output: GPIO 145 value: 1
05-27 08:04:29.234   581   581 D spidev_ioctl: gpio status=1)
05-27 08:04:29.240   581   581 D spi_rst_gpio_get_output: GPIO 145 value: 1
05-27 08:04:29.240   581   581 D spidev_ioctl: gpio status=1)
05-27 18:13:20.278   299 30841 D EvsDriver: forwardFrame
05-27 18:13:20.279 13911 14183 I SentryImuMcuAngleSender: 179.98949rollDeg
05-27 18:13:20.280 13911 14183 I SentryImuMcuAngleSender: 1,0,0
05-27 18:13:20.281   581   581 I SpiService: fgesysctrl_getGPIO_status success val=1
05-27 18:13:20.282  1167  1184 D evsmanagerd: /dev/video4 forwarded the buffer #0 to 0xb4000074bf5f6850 from 0xb4000074bf5f41d0
05-27 18:13:20.282   299 30841 D EvsDriver: Delivered 0xb400007b7ca56a60 as id 0
05-27 08:04:29.246   581   581 D spi_rst_gpio_get_output: GPIO 145 value: 1
05-27 08:04:29.246   581   581 D spidev_ioctl: gpio status=1)
05-27 18:13:20.285   299  1153 D EvsDriver: doneWithFrame
05-27 18:13:20.286  1008 30856 D [OMXB]  : usingANWBuffer: handle:0xee747180, format:1, w:1920, h:1080
05-27 18:13:20.287   581   581 I SpiService: fgesysctrl_getGPIO_status success val=0
05-27 08:04:29.251   581   581 D spi_rst_gpio_get_output: GPIO 145 value: 0
05-27 08:04:29.251   581   581 D spidev_ioctl: gpio status=0)
05-27 18:13:20.299 13911 14183 I SentryImuMcuAngleSender: 179.97899rollDeg
05-27 18:13:20.299 13911 14183 I SentryImuMcuAngleSender: 1,0,0
05-27 18:13:20.301   581   581 I SpiService: fgesysctrl_getGPIO_status success val=1
05-27 18:13:20.303   536   536 D commservice260303: msg.id = 1028,1
05-27 18:13:20.303   536   536 D commservice260303: i = 170, msgid = 8A000404
05-27 18:13:20.303   536   536 D commservice260303: msgid = -1979710460,did=138
05-27 18:13:20.303   536   536 D commservice260303: CommProtocolLibCmdBaseI2C::dataproc {"command":{"id":"imu_status","sub":""},"content":{"TimeStamp":8,"FrameCounter":200214,"GD_X":-0.011300750076770782,"GD_Y":0.005420989356935024,"GD_Z":0.0026720035821199417,"AD_X":-5.045831203460693E-4,"AD_Y":-0.0011163342278450727,"AD_Z":-0.17009544372558594,"TempDsp":0,"Status":0,"CalibState":1,"SigAmpInvalid":0}},-1979710460
05-27 18:13:20.303   536   536 D commservice260303: send2Cluster len:317, 7B22636F6D6D616E64223A7B226964223A22696D755F737461747573222C22737562223A22227D2C22636F6E74656E74223A7B2254696D655374616D70223A382C224672616D65436F756E746572223A3230303231342C2247445F58223A2D302E3031313330303735303037363737303738322C2247445F59223A302E3030353432303938393335363933353032342C2247445F5A223A302E303032363732303033353832313139393431372C2241445F58223A2D352E303435383331323033343630363933452D342C2241445F59223A2D302E303031313136333334323237383435303732372C2241445F5A223A2D302E31373030393534343337323535383539342C2254656D70447370223A302C22537461747573223A302C2243616C69625374617465223A312C22536967416D70496E76616C6964223A307D7D, 138 
05-27 18:13:20.303   536   536 D commservice260303: Push Message into SendPool fn=-1203109120
05-27 18:13:20.303   536   536 D commservice260303: ComProtocolLibSend2Cluster::send2ClusterRaw fn=-1203109120 , len=333
05-27 18:13:20.303   536   536 D commservice260303: sendCmdToPort :333!!!
05-27 18:13:20.303   536   536 D commservice260303: send Cmd To Port ++++5AA501498A0100034AB86A16C3C07B22636F6D6D616E64223A7B226964223A22696D755F737461747573222C22737562223A22227D2C22636F6E74656E74223A7B2254696D655374616D70223A382C224672616D65436F756E746572223A3230303231342C2247445F58223A2D302E3031313330303735303037363737303738322C2247445F59223A302E3030353432303938393335363933353032342C2247445F5A223A302E303032363732303033353832313139393431372C2241445F58223A2D352E303435383331323033343630363933452D342C2241445F59223A2D302E303031313136333334323237383435303732372C2241445F5A223A2D302E31373030393534343337323535383539342C2254656D70447370223A302C22537461747573223A302C2243616C69625374617465223A312C22536967416D70496E76616C6964223A307D7DF64B
05-27 18:13:20.304   536   536 D commservice260303: bufferevent_write retrun value = 0
05-27 18:13:20.304   536   560 D commservice260303: client datas send succeed,send finish
05-27 18:13:20.304 13911 14192 D Sentinelmode_1.2.5.17_sentry: <SentryImuClusterFgeSender>imu_status sent to Linux, frame=200214, tsNs=8667536, tsMs=8, intervalMs=39, ad=(-5.045831E-4,-0.0011163342,-0.17009544), gd=(-0.01130075,0.0054209894,0.0026720036)
05-27 08:04:29.266   581   581 D spi_rst_gpio_get_output: GPIO 145 value: 1
05-27 08:04:29.266   581   581 D spidev_ioctl: gpio status=1)
05-27 18:13:20.306   299 30841 D EvsDriver: forwardFrame
05-27 18:13:20.307   581   581 I SpiService: fgesysctrl_getGPIO_status success val=1
05-27 18:13:20.307   299 30844 D EvsDriver: forwardFrame
05-27 18:13:20.308   299 30841 D EvsDriver: Delivered 0xb400007b7ca56a60 as id 0
05-27 18:13:20.308  1167  1184 D evsmanagerd: /dev/video4 forwarded the buffer #0 to 0xb4000074bf5f6850 from 0xb4000074bf5f41d0
05-27 18:13:20.308 30773 30773 I dvr_service_: [myNum:0][onFrameReceived] Received Surface:1 0
05-27 18:13:20.308 30773 30773 E dvr_service_: [myNum:0] Received S**** loss
05-27 18:13:20.309   299 30844 D EvsDriver: Delivered 0xb400007b7ca56900 as id 0
05-27 18:13:20.309  1167  1184 D evsmanagerd: /dev/video6 forwarded the buffer #0 to 0xb4000074bf5f5510 from 0xb4000074bf5f6d90
05-27 18:13:20.309 30773 30773 I dvr_service_: [myNum:1][onFrameReceived] Received Surface:1 0
05-27 18:13:20.309 30773 30773 E dvr_service_: [myNum:1] Received S**** loss
05-27 18:13:20.309   299  1153 D EvsDriver: doneWithFrame
05-27 18:13:20.309   299  1153 D EvsDriver: doneWithFrame
05-27 08:04:29.271   581   581 D spi_rst_gpio_get_output: GPIO 145 value: 1
05-27 08:04:29.271   581   581 D spidev_ioctl: gpio status=1)
05-27 18:13:20.310  1008 30856 D [OMXB]  : usingANWBuffer: handle:0xee7412a0, format:1, w:1920, h:1080
05-27 18:13:20.312   581   581 I SpiService: fgesysctrl_getGPIO_status success val=1
05-27 08:04:29.277   581   581 D spi_rst_gpio_get_output: GPIO 145 value: 1
05-27 08:04:29.277   581   581 D spidev_ioctl: gpio status=1)
05-27 18:13:20.318   581   581 I SpiService: fgesysctrl_getGPIO_status success val=1
05-27 18:13:20.320 13911 14183 I SentryImuMcuAngleSender: 179.97198rollDeg
05-27 18:13:20.320 13911 14183 I SentryImuMcuAngleSender: 1,0,0
05-27 08:04:29.283   581   581 D spi_rst_gpio_get_output: GPIO 145 value: 1
05-27 08:04:29.283   581   581 D spidev_ioctl: gpio status=1)
05-27 18:13:20.323   581   581 I SpiService: fgesysctrl_getGPIO_status success val=1
05-27 18:13:20.325  1008 30857 D [OMXB]  : usingANWBuffer: handle:0xee7439d0, format:1, w:1920, h:1080
05-27 08:04:29.288   581   581 D spi_rst_gpio_get_output: GPIO 145 value: 1
05-27 08:04:29.288   581   581 D spidev_ioctl: gpio status=1)
05-27 18:13:20.329   581   581 I SpiService: fgesysctrl_getGPIO_status success val=0
05-27 08:04:29.294   581   581 D spi_rst_gpio_get_output: GPIO 145 value: 0
05-27 08:04:29.294   581   581 D spidev_ioctl: gpio status=0)
05-27 18:13:20.336  6212  6256 D VersionPrinter: com.yadea.setting- VersionName:[1.0.012_2026_0526_1408] - append:[] - active:[]
05-27 18:13:20.338   572   622 I Sensors : 230 GyroSensor: x:-0.011301,y:0.005497,z:0.001908
05-27 18:13:20.340  1008 30856 D [OMXB]  : usingANWBuffer: handle:0xee7444d0, format:1, w:1920, h:1080
05-27 18:13:20.341 13911 14183 I SentryImuMcuAngleSender: 180.0rollDeg
05-27 18:13:20.341 13911 14183 I SentryImuMcuAngleSender: 1,0,0
05-27 18:13:20.342 30773 30786 I dvr_service_: CameraX 1  audioOK: 11456000,audios:180
05-27 18:13:20.343   299 30844 D EvsDriver: forwardFrame
05-27 18:13:20.343   581   581 I SpiService: fgesysctrl_getGPIO_status success val=1
05-27 18:13:20.345   536   536 D commservice260303: msg.id = 1028,1
05-27 18:13:20.345   536   536 D commservice260303: i = 170, msgid = 8A000404
05-27 18:13:20.345   536   536 D commservice260303: msgid = -1979710460,did=138
05-27 18:13:20.345   536   536 D commservice260303: CommProtocolLibCmdBaseI2C::dataproc {"command":{"id":"imu_status","sub":""},"content":{"TimeStamp":8,"FrameCounter":200215,"GD_X":-0.011300750076770782,"GD_Y":0.00549693126231432,"GD_Z":0.0019079053308814764,"AD_X":-0.002944454550743103,"AD_Y":-0.0047524962574243546,"AD_Z":-0.17253684997558594,"TempDsp":0,"Status":0,"CalibState":1,"SigAmpInvalid":0}},-1979710460
