05-27 18:13:19.257 15863 16069 D AIN-HttpHealthPolicy: response: 401, cost=1240
05-27 18:13:19.259 15863 16068 D AIN-PingWorker: updateHost: result=true,host=www.17ce.com,delay=1240
05-27 18:13:19.259 15863 16068 D AIN-NetCheckerOutputer: onHealthy
05-27 18:13:19.259 15863 16068 D AIN-ServiceHub: getService with: name = service_tracker
05-27 18:13:19.261 13911 14192 D Sentinelmode_1.2.5.17_sentry: <SentryImuClusterFgeSender>imu_status sent to Linux, frame=200188, tsNs=8666484, tsMs=8, intervalMs=43, ad=(-0.0017713606,0.002413216,-0.16765404), gd=(-0.011530136,0.0037409093,0.0022902146)
05-27 18:13:19.262   581   581 I SpiService: fgesysctrl_getGPIO_status success val=1
05-27 18:13:19.263 13911 14183 I SentryImuMcuAngleSender: 179.95795rollDeg
05-27 18:13:19.263 13911 14183 I SentryImuMcuAngleSender: 1,0,0
05-27 08:04:28.227   581   581 D spi_rst_gpio_get_output: GPIO 145 value: 1
05-27 08:04:28.227   581   581 D spidev_ioctl: gpio status=1)
05-27 18:13:19.268  1008 30856 D [OMXB]  : usingANWBuffer: handle:0xee742f80, format:1, w:1920, h:1080
05-27 18:13:19.268   581   581 I SpiService: fgesysctrl_getGPIO_status success val=1
05-27 18:13:19.269   572   572 I Sensors : 230 AccelSensor: x:-0.169580,y:0.006100,z:-9.973500
05-27 08:04:28.233   581   581 D spi_rst_gpio_get_output: GPIO 145 value: 1
05-27 08:04:28.233   581   581 D spidev_ioctl: gpio status=1)
05-27 18:13:19.274   581   581 I SpiService: fgesysctrl_getGPIO_status success val=1
05-27 18:13:19.276 26149 26149 D .service:remote: Received session metadata: 3111643318397007766
05-27 08:04:28.239   581   581 D spi_rst_gpio_get_output: GPIO 145 value: 1
05-27 08:04:28.239   581   581 D spidev_ioctl: gpio status=1)
05-27 18:13:19.278   299 30844 D EvsDriver: forwardFrame
05-27 18:13:19.279   299 30841 D EvsDriver: forwardFrame
05-27 18:13:19.280   581   581 I SpiService: fgesysctrl_getGPIO_status success val=0
05-27 08:04:28.245   581   581 D spi_rst_gpio_get_output: GPIO 145 value: 0
05-27 08:04:28.245   581   581 D spidev_ioctl: gpio status=0)
05-27 18:13:19.282   299 30844 D EvsDriver: Delivered 0xb400007b7ca56900 as id 0
05-27 18:13:19.282  1167  1167 D evsmanagerd: /dev/video6 forwarded the buffer #0 to 0xb4000074bf5f5510 from 0xb4000074bf5f6d90
05-27 18:13:19.283   299 30841 D EvsDriver: Delivered 0xb400007b7ca56a60 as id 0
05-27 18:13:19.283  1167  1167 D evsmanagerd: /dev/video4 forwarded the buffer #0 to 0xb4000074bf5f6850 from 0xb4000074bf5f41d0
05-27 18:13:19.286 13911 14183 I SentryImuMcuAngleSender: 179.96495rollDeg
05-27 18:13:19.286 13911 14183 I SentryImuMcuAngleSender: 1,0,0
05-27 18:13:19.287   299  1153 D EvsDriver: doneWithFrame
05-27 18:13:19.288   299  1153 D EvsDriver: doneWithFrame
05-27 18:13:19.294  1008 30856 D [OMXB]  : usingANWBuffer: handle:0xee746310, format:1, w:1920, h:1080
05-27 18:13:19.294   536   536 D commservice260303: msg.id = 1028,1
05-27 18:13:19.294   536   536 D commservice260303: i = 170, msgid = 8A000404
05-27 18:13:19.295   536   536 D commservice260303: msgid = -1979710460,did=138
05-27 18:13:19.295   536   536 D commservice260303: CommProtocolLibCmdBaseI2C::dataproc {"command":{"id":"imu_status","sub":""},"content":{"TimeStamp":8,"FrameCounter":200189,"GD_X":-0.01160607673227787,"GD_Y":0.004656890872865915,"GD_Z":0.002443138277158141,"AD_X":-0.0017739832401275635,"AD_Y":-3.717932850122452E-5,"AD_Z":-0.16826629638671875,"TempDsp":0,"Status":0,"CalibState":1,"SigAmpInvalid":0}},-1979710460
05-27 18:13:19.295   536   536 D commservice260303: send2Cluster len:315, 7B22636F6D6D616E64223A7B226964223A22696D755F737461747573222C22737562223A22227D2C22636F6E74656E74223A7B2254696D655374616D70223A382C224672616D65436F756E746572223A3230303138392C2247445F58223A2D302E30313136303630373637333232373738372C2247445F59223A302E3030343635363839303837323836353931352C2247445F5A223A302E3030323434333133383237373135383134312C2241445F58223A2D302E303031373733393833323430313237353633352C2241445F59223A2D332E373137393332383530313232343532452D352C2241445F5A223A2D302E31363832363632393633383637313837352C2254656D70447370223A302C22537461747573223A302C2243616C69625374617465223A312C22536967416D70496E76616C6964223A307D7D, 138 
05-27 18:13:19.295   536   536 D commservice260303: Push Message into SendPool fn=-1639316736
05-27 18:13:19.295   536   536 D commservice260303: ComProtocolLibSend2Cluster::send2ClusterRaw fn=-1639316736 , len=331
05-27 18:13:19.295   536   536 D commservice260303: sendCmdToPort :331!!!
05-27 18:13:19.295   536   536 D commservice260303: send Cmd To Port ++++5AA501478A0100034A9E6A16C3BF7B22636F6D6D616E64223A7B226964223A22696D755F737461747573222C22737562223A22227D2C22636F6E74656E74223A7B2254696D655374616D70223A382C224672616D65436F756E746572223A3230303138392C2247445F58223A2D302E30313136303630373637333232373738372C2247445F59223A302E3030343635363839303837323836353931352C2247445F5A223A302E3030323434333133383237373135383134312C2241445F58223A2D302E303031373733393833323430313237353633352C2241445F59223A2D332E373137393332383530313232343532452D352C2241445F5A223A2D302E31363832363632393633383637313837352C2254656D70447370223A302C22537461747573223A302C2243616C69625374617465223A312C22536967416D70496E76616C6964223A307D7D21E6
05-27 18:13:19.295   581   581 I SpiService: fgesysctrl_getGPIO_status success val=1
05-27 18:13:19.296   536   536 D commservice260303: bufferevent_write retrun value = 0
05-27 18:13:19.296   536   560 D commservice260303: client datas send succeed,send finish
05-27 18:13:19.296 13911 14192 D Sentinelmode_1.2.5.17_sentry: <SentryImuClusterFgeSender>imu_status sent to Linux, frame=200189, tsNs=8666537, tsMs=8, intervalMs=35, ad=(-0.0017739832,-3.717933E-5,-0.1682663), gd=(-0.011606077,0.004656891,0.0024431383)
05-27 08:04:28.260   581   581 D spi_rst_gpio_get_output: GPIO 145 value: 1
05-27 08:04:28.260   581   581 D spidev_ioctl: gpio status=1)
05-27 18:13:19.302   581   581 I SpiService: fgesysctrl_getGPIO_status success val=1
05-27 08:04:28.266   581   581 D spi_rst_gpio_get_output: GPIO 145 value: 1
05-27 08:04:28.266   581   581 D spidev_ioctl: gpio status=1)
05-27 18:13:19.306 13911 14183 I SentryImuMcuAngleSender: 179.97897rollDeg
05-27 18:13:19.306 13911 14183 I SentryImuMcuAngleSender: 1,0,0
05-27 18:13:19.308   581   581 I SpiService: fgesysctrl_getGPIO_status success val=1
05-27 18:13:19.308   299 30841 D EvsDriver: forwardFrame
05-27 08:04:28.272   581   581 D spi_rst_gpio_get_output: GPIO 145 value: 1
05-27 08:04:28.272   581   581 D spidev_ioctl: gpio status=1)
05-27 18:13:19.310  1167  1167 D evsmanagerd: /dev/video4 forwarded the buffer #0 to 0xb4000074bf5f6850 from 0xb4000074bf5f41d0
05-27 18:13:19.310   299 30844 D EvsDriver: forwardFrame
05-27 18:13:19.310   299 30841 D EvsDriver: Delivered 0xb400007b7ca56a60 as id 0
05-27 18:13:19.311 30773 30773 I dvr_service_: [myNum:0][onFrameReceived] Received Surface:1 0
05-27 18:13:19.311 30773 30773 E dvr_service_: [myNum:0] Received S**** loss
05-27 18:13:19.311   299  1153 D EvsDriver: doneWithFrame
05-27 18:13:19.311  1116  1135 I adbd    : jdwp connection from 26149
05-27 18:13:19.312   299 30844 D EvsDriver: Delivered 0xb400007b7ca56900 as id 0
05-27 18:13:19.312  1167  1167 D evsmanagerd: /dev/video6 forwarded the buffer #0 to 0xb4000074bf5f5510 from 0xb4000074bf5f6d90
05-27 18:13:19.312 30773 30773 I dvr_service_: [myNum:1][onFrameReceived] Received Surface:1 0
05-27 18:13:19.312 30773 30773 E dvr_service_: [myNum:1] Received S**** loss
05-27 18:13:19.313  1008 30857 D [OMXB]  : usingANWBuffer: handle:0xee744630, format:1, w:1920, h:1080
05-27 18:13:19.313   299  1153 D EvsDriver: doneWithFrame
05-27 18:13:19.313   581   581 I SpiService: fgesysctrl_getGPIO_status success val=1
05-27 08:04:28.278   581   581 D spi_rst_gpio_get_output: GPIO 145 value: 1
05-27 08:04:28.278   581   581 D spidev_ioctl: gpio status=1)
05-27 18:13:19.318   581   581 I SpiService: fgesysctrl_getGPIO_status success val=1
05-27 08:04:28.283   581   581 D spi_rst_gpio_get_output: GPIO 145 value: 1
05-27 08:04:28.283   581   581 D spidev_ioctl: gpio status=1)
05-27 18:13:19.324 26149 26149 W ziparchive: Unable to open '/system_ext/framework/unisoc-framework.dm': No such file or directory
05-27 18:13:19.324 26149 26149 W ziparchive: Unable to open '/system_ext/framework/unisoc-framework.dm': No such file or directory
05-27 18:13:19.324   581   581 I SpiService: fgesysctrl_getGPIO_status success val=0
05-27 08:04:28.288   581   581 D spi_rst_gpio_get_output: GPIO 145 value: 0
05-27 08:04:28.288   581   581 D spidev_ioctl: gpio status=0)
05-27 18:13:19.326 13911 14183 I SentryImuMcuAngleSender: 179.98247rollDeg
05-27 18:13:19.326 13911 14183 I SentryImuMcuAngleSender: 1,0,0
05-27 18:13:19.328 10188 10922 I am_proc_bound: [0,26149,com.anwsdk.service:remote]
05-27 18:13:19.330 10188 10922 I am_create_service: [0,208025669,.anwbtservice,1000,26149]
05-27 18:13:19.334   536   536 D commservice260303: msg.id = 1028,0
05-27 18:13:19.334   536   536 D commservice260303: i = 170, msgid = 8A000404
05-27 18:13:19.334   536   536 D commservice260303: msgid = -1979710460,did=138
05-27 18:13:19.334   536   536 D commservice260303: CommProtocolLibCmdBaseI2C::dataproc {"command":{"id":"imu_status","sub":""},"content":{"TimeStamp":8,"FrameCounter":200190,"GD_X":-0.011682018637657166,"GD_Y":0.005039200186729431,"GD_Z":0.0022902146447449923,"AD_X":-0.0011771619319915771,"AD_Y":-0.0018561645410954952,"AD_Z":-0.16582489013671875,"TempDsp":0,"Status":0,"CalibState":1,"SigAmpInvalid":0}},-1979710460
05-27 18:13:19.334   536   536 D commservice260303: send2Cluster len:318, 7B22636F6D6D616E64223A7B226964223A22696D755F737461747573222C22737562223A22227D2C22636F6E74656E74223A7B2254696D655374616D70223A382C224672616D65436F756E746572223A3230303139302C2247445F58223A2D302E3031313638323031383633373635373136362C2247445F59223A302E3030353033393230303138363732393433312C2247445F5A223A302E303032323930323134363434373434393932332C2241445F58223A2D302E303031313737313631393331393931353737312C2241445F59223A2D302E303031383536313634353431303935343935322C2241445F5A223A2D302E31363538323438393031333637313837352C2254656D70447370223A302C22537461747573223A302C2243616C69625374617465223A312C22536967416D70496E76616C6964223A307D7D, 138 
05-27 18:13:19.334   536   536 D commservice260303: Push Message into SendPool fn=-1622539520
05-27 18:13:19.334   536   536 D commservice260303: ComProtocolLibSend2Cluster::send2ClusterRaw fn=-1622539520 , len=334
05-27 18:13:19.334   536   536 D commservice260303: sendCmdToPort :334!!!
05-27 18:13:19.334   536   536 D commservice260303: send Cmd To Port ++++5AA5014A8A0100034A9F6A16C3BF7B22636F6D6D616E64223A7B226964223A22696D755F737461747573222C22737562223A22227D2C22636F6E74656E74223A7B2254696D655374616D70223A382C224672616D65436F756E746572223A3230303139302C2247445F58223A2D302E3031313638323031383633373635373136362C2247445F59223A302E3030353033393230303138363732393433312C2247445F5A223A302E303032323930323134363434373434393932332C2241445F58223A2D302E303031313737313631393331393931353737312C2241445F59223A2D302E303031383536313634353431303935343935322C2241445F5A223A2D302E31363538323438393031333637313837352C2254656D70447370223A302C22537461747573223A302C2243616C69625374617465223A312C22536967416D70496E76616C6964223A307D7DDCB9
05-27 18:13:19.334   536   536 D commservice260303: bufferevent_write retrun value = 0
05-27 18:13:19.334   536   560 D commservice260303: client datas send succeed,send finish
05-27 18:13:19.334 13911 14192 D Sentinelmode_1.2.5.17_sentry: <SentryImuClusterFgeSender>imu_status sent to Linux, frame=200190, tsNs=8666573, tsMs=8, intervalMs=38, ad=(-0.0011771619,-0.0018561645,-0.16582489), gd=(-0.011682019,0.0050392,0.0022902146)
05-27 18:13:19.334 26149 26149 D CompatibilityChangeReporter: Compat change id reported: 171979766; UID 1000; state: ENABLED
05-27 18:13:19.334  1008 30857 D [OMXB]  : usingANWBuffer: handle:0xee742690, format:1, w:1920, h:1080
05-27 18:13:19.335   299 30844 D EvsDriver: forwardFrame
05-27 18:13:19.335   299 30841 D EvsDriver: forwardFrame
05-27 18:13:19.336   299 30844 D EvsDriver: Delivered 0xb400007b7ca56900 as id 0
05-27 08:04:28.303   581   581 D spi_rst_gpio_get_output: GPIO 145 value: 1
05-27 18:13:19.337  1167  1167 D evsmanagerd: /dev/video6 forwarded the buffer #0 to 0xb4000074bf5f5510 from 0xb4000074bf5f6d90
05-27 18:13:19.337  1167  1167 D evsmanagerd: /dev/video4 forwarded the buffer #0 to 0xb4000074bf5f6850 from 0xb4000074bf5f41d0
05-27 18:13:19.337   299 30841 D EvsDriver: Delivered 0xb400007b7ca56a60 as id 0
05-27 18:13:19.338   581   581 I SpiService: fgesysctrl_getGPIO_status success val=1
05-27 18:13:19.341   299  1153 D EvsDriver: doneWithFrame
05-27 18:13:19.344   581   581 I SpiService: fgesysctrl_getGPIO_status success val=1
05-27 18:13:19.344 26149 26149 D CompatibilityInfo: applyToConfigurationCompat inoutConfig.densityDpi= 160
05-27 18:13:19.346   299  1153 D EvsDriver: doneWithFrame
05-27 18:13:19.346 13911 14183 I SentryImuMcuAngleSender: 179.98598rollDeg
05-27 18:13:19.346 13911 14183 I SentryImuMcuAngleSender: 1,0,0
05-27 08:04:28.309   581   581 D spi_rst_gpio_get_output: GPIO 145 value: 1
05-27 08:04:28.309   581   581 D spidev_ioctl: gpio status=1)
05-27 18:13:19.351   581   581 I SpiService: fgesysctrl_getGPIO_status success val=1
05-27 08:04:28.315   581   581 D spi_rst_gpio_get_output: GPIO 145 value: 1
05-27 08:04:28.315   581   581 D spidev_ioctl: gpio status=1)
05-27 18:13:19.354   283   307 I rvcservice: t.code = 0, t.value = 7319
05-27 08:04:28.321   581   581 D spi_rst_gpio_get_output: GPIO 145 value: 1
05-27 08:04:28.321   581   581 D spidev_ioctl: gpio status=1)
05-27 18:13:19.356   581   581 I SpiService: fgesysctrl_getGPIO_status success val=1
05-27 18:13:19.357 13911 14131 D SVR_MNG_SvrMngProxy: getServer: mSvrManger is null
05-27 18:13:19.357 13911 14131 D SVR_MNG_SvrMngProxy: getNewStub: 
05-27 18:13:19.357 13911 14131 D SVR_MNG_SvrMngProxy: getNewStub: getSvrManagerService start
05-27 18:13:19.358 13911 14131 D SVR_MNG_SvrMngProxy: getNewStub: getSvrManagerService end
05-27 18:13:19.358 13911 14131 D SVR_MNG_SvrMngProxy: getServer: svrMngService doesn't start
05-27 18:13:19.358   572   572 I Sensors : 230 GyroSensor: x:-0.011453,y:0.005039,z:0.001985
05-27 18:13:19.360  1008 30856 D [OMXB]  : usingANWBuffer: handle:0xee741e50, format:1, w:1920, h:1080
05-27 18:13:19.362   581   581 I SpiService: fgesysctrl_getGPIO_status success val=1
05-27 08:04:28.326   581   581 D spi_rst_gpio_get_output: GPIO 145 value: 1
05-27 08:04:28.326   581   581 D spidev_ioctl: gpio status=1)
05-27 18:13:19.366 13911 14183 I SentryImuMcuAngleSender: 179.98949rollDeg
05-27 18:13:19.366 13911 14183 I SentryImuMcuAngleSender: 1,0,0
05-27 18:13:19.367   581   581 I SpiService: fgesysctrl_getGPIO_status success val=0
05-27 08:04:28.332   581   581 D spi_rst_gpio_get_output: GPIO 145 value: 0
05-27 08:04:28.332   581   581 D spidev_ioctl: gpio status=0)
05-27 18:13:19.369 17284 17338 D VersionPrinter: com.aispeech.lyra.assistant- VersionName:[8.0.1_260521.1.yadi_HuoXing] - append:[] - active:[]
05-27 18:13:19.371   299 30841 D EvsDriver: forwardFrame
05-27 18:13:19.371   299 30844 D EvsDriver: forwardFrame
05-27 18:13:19.373   299 30844 D EvsDriver: Delivered 0xb400007b7ca56900 as id 0
05-27 18:13:19.373  1167  1167 D evsmanagerd: /dev/video6 forwarded the buffer #0 to 0xb4000074bf5f5510 from 0xb4000074bf5f6d90
05-27 18:13:19.374   536   536 D commservice260303: msg.id = 1028,1
05-27 18:13:19.374   536   536 D commservice260303: i = 170, msgid = 8A000404
05-27 18:13:19.374   536   536 D commservice260303: msgid = -1979710460,did=138
05-27 18:13:19.374   536   536 D commservice260303: CommProtocolLibCmdBaseI2C::dataproc {"command":{"id":"imu_status","sub":""},"content":{"TimeStamp":8,"FrameCounter":200191,"GD_X":-0.011453153565526009,"GD_Y":0.005039200186729431,"GD_Z":0.0019848872907459736,"AD_X":-0.006040409207344055,"AD_Y":-0.003058352507650852,"AD_Z":-0.16826629638671875,"TempDsp":0,"Status":0,"CalibState":1,"SigAmpInvalid":0}},-1979710460
05-27 18:13:19.374   536   536 D commservice260303: send2Cluster len:316, 7B22636F6D6D616E64223A7B226964223A22696D755F737461747573222C22737562223A22227D2C22636F6E74656E74223A7B2254696D655374616D70223A382C224672616D65436F756E746572223A3230303139312C2247445F58223A2D302E3031313435333135333536353532363030392C2247445F59223A302E3030353033393230303138363732393433312C2247445F5A223A302E303031393834383837323930373435393733362C2241445F58223A2D302E3030363034303430393230373334343035352C2241445F59223A2D302E3030333035383335323530373635303835322C2241445F5A223A2D302E31363832363632393633383637313837352C2254656D70447370223A302C22537461747573223A302C2243616C69625374617465223A312C22536967416D70496E76616C6964223A307D7D, 138 
05-27 18:13:19.374   536   536 D commservice260303: Push Message into SendPool fn=-1605762304
05-27 18:13:19.374   536   536 D commservice260303: ComProtocolLibSend2Cluster::send2ClusterRaw fn=-1605762304 , len=332
05-27 18:13:19.374   536   536 D commservice260303: sendCmdToPort :332!!!
05-27 18:13:19.375   536   536 D commservice260303: send Cmd To Port ++++5AA501488A0100034AA06A16C3BF7B22636F6D6D616E64223A7B226964223A22696D755F737461747573222C22737562223A22227D2C22636F6E74656E74223A7B2254696D655374616D70223A382C224672616D65436F756E746572223A3230303139312C2247445F58223A2D302E3031313435333135333536353532363030392C2247445F59223A302E3030353033393230303138363732393433312C2247445F5A223A302E303031393834383837323930373435393733362C2241445F58223A2D302E3030363034303430393230373334343035352C2241445F59223A2D302E3030333035383335323530373635303835322C2241445F5A223A2D302E31363832363632393633383637313837352C2254656D70447370223A302C22537461747573223A302C2243616C69625374617465223A312C22536967416D70496E76616C6964223A307D7D4CA3
05-27 18:13:19.375   536   536 D commservice260303: bufferevent_write retrun value = 0
05-27 18:13:19.375   536   560 D commservice260303: client datas send succeed,send finish
05-27 18:13:19.375 13911 14192 D Sentinelmode_1.2.5.17_sentry: <SentryImuClusterFgeSender>imu_status sent to Linux, frame=200191, tsNs=8666609, tsMs=8, intervalMs=41, ad=(-0.006040409,-0.0030583525,-0.1682663), gd=(-0.011453154,0.0050392,0.0019848873)
05-27 18:13:19.376  1167  1167 D evsmanagerd: /dev/video4 forwarded the buffer #0 to 0xb4000074bf5f6850 from 0xb4000074bf5f41d0
05-27 18:13:19.376   299  1153 D EvsDriver: doneWithFrame
05-27 18:13:19.379 26149 26149 D adservices: Registering AdServices's TopicsManager.
05-27 18:13:19.380  1008 30857 D [OMXB]  : usingANWBuffer: handle:0xee740590, format:1, w:1920, h:1080
05-27 18:13:19.382   299  1153 D EvsDriver: doneWithFrame
05-27 18:13:19.385   581   581 I SpiService: fgesysctrl_getGPIO_status success val=1
05-27 08:04:28.350   581   581 D spi_rst_gpio_get_output: GPIO 145 value: 1
05-27 08:04:28.350   581   581 D spidev_ioctl: gpio status=1)
05-27 08:04:28.356   581   581 D spi_rst_gpio_get_output: GPIO 145 value: 1
05-27 08:04:28.356   581   581 D spidev_ioctl: gpio status=1)
05-27 08:04:28.362   581   581 D spi_rst_gpio_get_output: GPIO 145 value: 1
05-27 08:04:28.362   581   581 D spidev_ioctl: gpio status=1)
05-27 18:13:19.376   299 30841 D EvsDriver: Delivered 0xb400007b7ca56a60 as id 0
05-27 18:13:19.388 13911 14183 I SentryImuMcuAngleSender: 179.993rollDeg
05-27 18:13:19.388 13911 14183 I SentryImuMcuAngleSender: 1,0,0
05-27 18:13:19.391   566 11459 I gps_hdbd: Received: '$GNGGA,002910.000,,,,,0,00,,,M,,M,,*6C
'
05-27 18:13:19.391   581   581 I SpiService: fgesysctrl_getGPIO_status success val=1
05-27 18:13:19.392 26149 26149 D CompatibilityInfo: applyToConfigurationCompat inoutConfig.densityDpi= 160
05-27 18:13:19.396   566 11459 I gps_hdbd: Received: '$GNGSA,A,1,,,,,,,,,,,,,,,,1*1D
'
05-27 18:13:19.397   566 11459 I gps_hdbd: Received: '$GNGSA,A,1,,,,,,,,,,,,,,,,3*1F
'
05-27 18:13:19.397   581   581 I SpiService: fgesysctrl_getGPIO_status success val=1
05-27 18:13:19.401  1008 30856 D [OMXB]  : usingANWBuffer: handle:0xee7469f0, format:1, w:1920, h:1080
05-27 18:13:19.401   566 11459 I gps_hdbd: Received: '$GNGSA,A,1,,,,,,,,,,,,,,,,4*18
'
05-27 18:13:19.402   566 11459 I gps_hdbd: Received: '$BDGSV,1,1,00,1*75
'
05-27 08:04:28.368   581   581 D spi_rst_gpio_get_output: GPIO 145 value: 1
05-27 08:04:28.368   581   581 D spidev_ioctl: gpio status=1)
05-27 18:13:19.403   581   581 I SpiService: fgesysctrl_getGPIO_status success val=1
05-27 18:13:19.407   566 11459 I gps_hdbd: Received: '$BDGSV,1,1,00,5*71
'
05-27 18:13:19.408   299 30844 D EvsDriver: forwardFrame
05-27 18:13:19.408   566 11459 I gps_hdbd: Received: '$GPGSV,1,1,01,199,42,165,,1*60
'
05-27 18:13:19.408 13911 14183 I SentryImuMcuAngleSender: 179.97899rollDeg
05-27 18:13:19.409 13911 14183 I SentryImuMcuAngleSender: 1,0,0
05-27 18:13:19.409   581   581 I SpiService: fgesysctrl_getGPIO_status success val=0
05-27 18:13:19.409   299 30844 D EvsDriver: Delivered 0xb400007b7ca56900 as id 0
05-27 18:13:19.410  1167  1167 D evsmanagerd: /dev/video6 forwarded the buffer #0 to 0xb4000074bf5f5510 from 0xb4000074bf5f6d90
05-27 18:13:19.410   299 30841 D EvsDriver: forwardFrame
05-27 08:04:28.374   581   581 D spi_rst_gpio_get_output: GPIO 145 value: 0
05-27 08:04:28.374   581   581 D spidev_ioctl: gpio status=0)
05-27 18:13:19.413   299  1153 D EvsDriver: doneWithFrame
05-27 18:13:19.415   299 30841 D EvsDriver: Delivered 0xb400007b7ca56a60 as id 0
05-27 18:13:19.415  1167  1167 D evsmanagerd: /dev/video4 forwarded the buffer #0 to 0xb4000074bf5f6850 from 0xb4000074bf5f41d0
05-27 18:13:19.418 10188 10922 I DexManager: com.anwsdk.service loads from null-0 : 0 : /system/framework/javax.obex.jar
05-27 18:13:19.418 10188 10922 I DexManager: Could not find owning package for dex file: /system/framework/javax.obex.jar
05-27 18:13:19.419   566 11459 I gps_hdbd: Received: '$GPGSV,1,1,00,8*6D
'
05-27 18:13:19.420   299  1153 D EvsDriver: doneWithFrame
05-27 18:13:19.420   566 11459 I gps_hdbd: Received: '$GAGSV,1,1,00,7*73
'
05-27 18:13:19.415   536   536 D commservice260303: msg.id = 1028,1
05-27 18:13:19.420   536   536 D commservice260303: i = 170, msgid = 8A000404
05-27 18:13:19.420   536   536 D commservice260303: msgid = -1979710460,did=138
05-27 18:13:19.420   536   536 D commservice260303: CommProtocolLibCmdBaseI2C::dataproc {"command":{"id":"imu_status","sub":""},"content":{"TimeStamp":8,"FrameCounter":200192,"GD_X":-0.011300750076770782,"GD_Y":0.005345047451555729,"GD_Z":0.002443138277158141,"AD_X":-0.0017712712287902832,"AD_Y":-0.0012127046938985586,"AD_Z":-0.17131519317626953,"TempDsp":0,"Status":0,"CalibState":1,"SigAmpInvalid":0}},-1979710460
05-27 18:13:19.420   536   536 D commservice260303: send2Cluster len:317, 7B22636F6D6D616E64223A7B226964223A22696D755F737461747573222C22737562223A22227D2C22636F6E74656E74223A7B2254696D655374616D70223A382C224672616D65436F756E746572223A3230303139322C2247445F58223A2D302E3031313330303735303037363737303738322C2247445F59223A302E3030353334353034373435313535353732392C2247445F5A223A302E3030323434333133383237373135383134312C2241445F58223A2D302E303031373731323731323238373930323833322C2241445F59223A2D302E303031323132373034363933383938353538362C2241445F5A223A2D302E31373133313531393331373632363935332C2254656D70447370223A302C22537461747573223A302C2243616C69625374617465223A312C22536967416D70496E76616C6964223A307D7D, 138 
05-27 18:13:19.420   536   536 D commservice260303: Push Message into SendPool fn=-1588985088
05-27 18:13:19.420   536   536 D commservice260303: ComProtocolLibSend2Cluster::send2ClusterRaw fn=-1588985088 , len=333
05-27 18:13:19.420   536   536 D commservice260303: sendCmdToPort :333!!!
05-27 18:13:19.420   566 11459 I gps_hdbd: Received: '$GAGSV,1,1,00,1*75
'
05-27 18:13:19.420   536   536 D commservice260303: send Cmd To Port ++++5AA501498A0100034AA16A16C3BF7B22636F6D6D616E64223A7B226964223A22696D755F737461747573222C22737562223A22227D2C22636F6E74656E74223A7B2254696D655374616D70223A382C224672616D65436F756E746572223A3230303139322C2247445F58223A2D302E3031313330303735303037363737303738322C2247445F59223A302E3030353334353034373435313535353732392C2247445F5A223A302E3030323434333133383237373135383134312C2241445F58223A2D302E303031373731323731323238373930323833322C2241445F59223A2D302E303031323132373034363933383938353538362C2241445F5A223A2D302E31373133313531393331373632363935332C2254656D70447370223A302C22537461747573223A302C2243616C69625374617465223A312C22536967416D70496E76616C6964223A307D7D993A
05-27 18:13:19.420   536   560 D commservice260303: client datas send succeed,send finish
05-27 18:13:19.420   566 11459 I gps_hdbd: Received: '$GNRMC,002910.000,V,,,,,,,270526,120.0,E,N,V*4F
'
05-27 18:13:19.420   536   536 D commservice260303: bufferevent_write retrun value = 0
05-27 18:13:19.421 13911 14192 D Sentinelmode_1.2.5.17_sentry: <SentryImuClusterFgeSender>imu_status sent to Linux, frame=200192, tsNs=8666656, tsMs=8, intervalMs=46, ad=(-0.0017712712,-0.0012127047,-0.1713152), gd=(-0.01130075,0.0053450475,0.0024431383)
05-27 18:13:19.421   566 11459 I gps_hdbd: RMC : CALL gnss_sv_status_cb, view_in_sat <1>
05-27 18:13:19.421   566 11459 I gps_hdbd: [reportSvStatus]--->PLATFORM_BSP::Enter
05-27 18:13:19.421   566 11459 I gps_hdbd: hy abnormal deal:hy_cnr30_satellite_cnt=0
05-27 18:13:19.421   566 11459 D gps_hdbd: hy abnormal deal:hy_fixStatus_fail_count=0
05-27 18:13:19.422  1008 30857 D [OMXB]  : usingANWBuffer: handle:0xee742ed0, format:1, w:1920, h:1080
05-27 18:13:19.422  1083  1083 W MyAppLog: [2026-05-27 18:13:19.421 W tboxap gpsSyncGpsInfoToDm:361] [Gps] [gpsSyncGpsInfoToDm] fix=0 mode=49 corner:0x01 alt=0.00 sat=0 hdop=0.00 pdop=0.00 vdop=0.00
05-27 18:13:19.424   581   581 I SpiService: fgesysctrl_getGPIO_status success val=1
05-27 18:13:19.425   566 11459 I gps_hdbd: Received: '$GNZDA,002910.000,27,05,2026,00,00*44
'
05-27 08:04:28.389   581   581 D spi_rst_gpio_get_output: GPIO 145 value: 1
05-27 08:04:28.389   581   581 D spidev_ioctl: gpio status=1)
05-27 18:13:19.428 13911 14183 I SentryImuMcuAngleSender: 179.96497rollDeg
05-27 18:13:19.428 13911 14183 I SentryImuMcuAngleSender: 1,0,0
05-27 18:13:19.429 26149 26149 W .service:remote: ClassLoaderContext shared library size mismatch. Expected=0, found=1 (PCL[] | PCL[]{PCL[/system/framework/javax.obex.jar*2267184930]})
05-27 18:13:19.430   581   581 I SpiService: fgesysctrl_getGPIO_status success val=1
05-27 08:04:28.394   581   581 D spi_rst_gpio_get_output: GPIO 145 value: 1
05-27 08:04:28.394   581   581 D spidev_ioctl: gpio status=1)
05-27 08:04:28.397     0     0 W         : c6 [    C6] Irq_monitor:Irq                                           IPI[1]occur        7329 times interval 1028 ms
05-27 18:13:19.435   581   581 I SpiService: fgesysctrl_getGPIO_status success val=1
05-27 18:13:19.435 10188 10922 I DexManager: com.anwsdk.service loads from com.anwsdk.service-1 : 0 : /system/app/BluetoothExt/BluetoothExt.apk
05-27 08:04:28.400   581   581 D spi_rst_gpio_get_output: GPIO 145 value: 1
05-27 08:04:28.400   581   581 D spidev_ioctl: gpio status=1)
05-27 18:13:19.437   299 30841 D EvsDriver: forwardFrame
05-27 18:13:19.439   299 30841 D EvsDriver: Delivered 0xb400007b7ca56a60 as id 0
05-27 18:13:19.439  1167  1167 D evsmanagerd: /dev/video4 forwarded the buffer #0 to 0xb4000074bf5f6850 from 0xb4000074bf5f41d0
05-27 18:13:19.441  1008 30856 D [OMXB]  : usingANWBuffer: handle:0xee742320, format:1, w:1920, h:1080
05-27 18:13:19.441   581   581 I SpiService: fgesysctrl_getGPIO_status success val=1
05-27 18:13:19.443   299  1153 D EvsDriver: doneWithFrame
05-27 18:13:19.444   299 30844 D EvsDriver: forwardFrame
05-27 18:13:19.447   299 30844 D EvsDriver: Delivered 0xb400007b7ca56900 as id 0
05-27 18:13:19.447   581   581 I SpiService: fgesysctrl_getGPIO_status success val=0
05-27 18:13:19.448  1167  1167 D evsmanagerd: /dev/video6 forwarded the buffer #0 to 0xb4000074bf5f5510 from 0xb4000074bf5f6d90
05-27 18:13:19.452 13911 14183 I SentryImuMcuAngleSender: 179.96497rollDeg
05-27 18:13:19.452 13911 14183 I SentryImuMcuAngleSender: 1,0,0
05-27 18:13:19.454   283   307 I rvcservice: t.code = 3, t.value = 0
05-27 18:13:19.455   536   536 D commservice260303: msg.id = 1028,1
05-27 18:13:19.455   536   536 D commservice260303: i = 170, msgid = 8A000404
05-27 18:13:19.455   536   536 D commservice260303: msgid = -1979710460,did=138
05-27 18:13:19.455   536   536 D commservice260303: CommProtocolLibCmdBaseI2C::dataproc {"command":{"id":"imu_status","sub":""},"content":{"TimeStamp":8,"FrameCounter":200193,"GD_X":-0.011147825978696346,"GD_Y":0.005420989356935024,"GD_Z":0.0021378109231591225,"AD_X":-0.002991408109664917,"AD_Y":0.0012246049009263515,"AD_Z":-0.16948509216308594,"TempDsp":0,"Status":0,"CalibState":1,"SigAmpInvalid":0}},-1979710460
05-27 18:13:19.455   536   536 D commservice260303: send2Cluster len:316, 7B22636F6D6D616E64223A7B226964223A22696D755F737461747573222C22737562223A22227D2C22636F6E74656E74223A7B2254696D655374616D70223A382C224672616D65436F756E746572223A3230303139332C2247445F58223A2D302E3031313134373832353937383639363334362C2247445F59223A302E3030353432303938393335363933353032342C2247445F5A223A302E303032313337383130393233313539313232352C2241445F58223A2D302E3030323939313430383130393636343931372C2241445F59223A302E303031323234363034393030393236333531352C2241445F5A223A2D302E31363934383530393231363330383539342C2254656D70447370223A302C22537461747573223A302C2243616C69625374617465223A312C22536967416D70496E76616C6964223A307D7D, 138 
05-27 18:13:19.455   536   536 D commservice260303: Push Message into SendPool fn=-1572207872
05-27 18:13:19.455   536   536 D commservice260303: ComProtocolLibSend2Cluster::send2ClusterRaw fn=-1572207872 , len=332
05-27 18:13:19.455   536   536 D commservice260303: sendCmdToPort :332!!!
05-27 18:13:19.455   536   536 D commservice260303: send Cmd To Port ++++5AA501488A0100034AA26A16C3BF7B22636F6D6D616E64223A7B226964223A22696D755F737461747573222C22737562223A22227D2C22636F6E74656E74223A7B2254696D655374616D70223A382C224672616D65436F756E746572223A3230303139332C2247445F58223A2D302E3031313134373832353937383639363334362C2247445F59223A302E3030353432303938393335363933353032342C2247445F5A223A302E303032313337383130393233313539313232352C2241445F58223A2D302E3030323939313430383130393636343931372C2241445F59223A302E303031323234363034393030393236333531352C2241445F5A223A2D302E31363934383530393231363330383539342C2254656D70447370223A302C22537461747573223A302C2243616C69625374617465223A312C22536967416D70496E76616C6964223A307D7DB7E7
05-27 18:13:19.455   536   536 D commservice260303: bufferevent_write retrun value = 0
05-27 18:13:19.455   536   560 D commservice260303: client datas send succeed,send finish
05-27 08:04:28.406   581   581 D spi_rst_gpio_get_output: GPIO 145 value: 1
05-27 08:04:28.406   581   581 D spidev_ioctl: gpio status=1)
05-27 08:04:28.412   581   581 D spi_rst_gpio_get_output: GPIO 145 value: 0
05-27 08:04:28.412   581   581 D spidev_ioctl: gpio status=0)
05-27 18:13:19.456 13911 14192 D Sentinelmode_1.2.5.17_sentry: <SentryImuClusterFgeSender>imu_status sent to Linux, frame=200193, tsNs=8666671, tsMs=8, intervalMs=34, ad=(-0.002991408,0.0012246049,-0.16948509), gd=(-0.011147826,0.0054209894,0.002137811)
05-27 18:13:19.457   566 11459 I gps_hdbd: Received: '$GNINS,1,1,TYPE,I,V,002910.000,17261000,FUS,-15,0,0,0,MOT,V,1,PATT,0.00,0.00,0.00,VEL,0.000,0.000,0.000,POS,40.0001330924,116.0001570688,84.176,IIA,1,0.00,0.00,0.00,BGA,0.31,-0.66,-0.13,0.000,0.000,0.000,IGA,0,-1,0,0,-2,98,VG,16c2ff1*2D
'
05-27 18:13:19.457   566 11459 I gps_hdbd: Received: '$GNINS,CARSPEED,ADR_STATUS,0,Pulse_count,0,1,0,0,17261000,86460,0.000,0.000,0.000*39
'
05-27 18:13:19.458  1008 30857 D [OMXB]  : usingANWBuffer: handle:0xee742950, format:1, w:1920, h:1080
05-27 18:13:19.458 26149 26149 D CompatibilityInfo: applyToConfigurationCompat inoutConfig.densityDpi= 160
05-27 18:13:19.459   566 11459 I gps_hdbd: Received: '$GNTXT,04,01,04,INS,V,1,,,,FLG,1,000000,1,0,1,0,0,Con,0*71
'
05-27 18:13:19.461   299  1153 D EvsDriver: doneWithFrame
05-27 18:13:19.466   566 11459 I gps_hdbd: Received: '$GNTXT,INSTALL,0.00,0.00,0.00,0.00,0.00,0.00,0*20
'
05-27 18:13:19.466   581   581 I SpiService: fgesysctrl_getGPIO_status success val=1
05-27 18:13:19.468   481   598 I mcuc    : rev,n=1,6AA681AE96008C8305000055000000B000000000000100010000A584F4B1A017D6F4A2F4A0448DF4A1E941F4A2B2C72B76478E5A00000000040000B3000000000000000000000000000000B44300000000000300000000000000AA000000E40701010000000000000000BB06050507EA051B000008009403CB00CC000000000000000000000000000000B500000000000000001D
05-27 18:13:19.468   351   373 D automotive.vehicle@2.0-adayo-datacomm-mcu: MCUDatacomm sendMessageFromVehicle prop: 0x83, areaId: 0x5, status: 0x0, timestamp: 0x0
05-27 18:13:19.468   351   373 D automotive.vehicle@2.0-adayo-datacomm-mcu: MCUDatacomm 1sendMessageFromVehicle ---> type = 7 
05-27 18:13:19.468   351   373 I automotive.vehicle@2.0-adayo-func-mcu: MCUFunc :sendMessageFromVehicle  msgBuff[0] = 131 
05-27 18:13:19.468   351   373 I automotive.vehicle@2.0-adayo-func-mcu: MCUFunc :sendMessageFromVehicle  msgBuff[1] = 5 
05-27 18:13:19.468   351   373 I automotive.vehicle@2.0-adayo-func-mcu: MCUFunc :sendMessageFromVehicle  msgBuff[2] = 0 
05-27 18:13:19.468   351   373 I automotive.vehicle@2.0-adayo-func-mcu: MCUFunc :sendMessageFromVehicle  msgBuff[3] = 0 
05-27 18:13:19.468   351   373 I automotive.vehicle@2.0-adayo-func-mcu: MCUFunc :sendMessageFromVehicle  msgBuff[4] = 85 
05-27 18:13:19.468   351   373 I automotive.vehicle@2.0-adayo-func-mcu: MCUFunc :sendMessageFromVehicle  msgBuff[5] = 0 
05-27 08:04:28.431   581   581 D spi_rst_gpio_get_output: GPIO 145 value: 1
05-27 08:04:28.431   581   581 D spidev_ioctl: gpio status=1)
05-27 18:13:19.470   481   598 I mcuc    : rev,n=2,6AA681AE97000A89002F01040912123456BC
05-27 18:13:19.470   351   373 D automotive.vehicle@2.0-adayo-datacomm-mcu: MCUDatacomm sendMessageFromVehicle prop: 0x89, areaId: 0x0, status: 0x2f, timestamp: 0x1
05-27 18:13:19.470   351   373 D automotive.vehicle@2.0-adayo-datacomm-mcu: MCUDatacomm 1sendMessageFromVehicle ---> type = 12 
05-27 18:13:19.470  1121  1144 I tboxmids_ap: [2026-05-27 18:13:19.470] [MCU RX] src=MCU dst=ZMQ len=10 type=BINARY data=00 08 2F 01 04 09 12 12 34 56 
05-27 18:13:19.471   566 11459 I gps_hdbd: nmea_cs <0> != calc_cs <f5>, return -1
05-27 18:13:19.471   572   622 I Sensors : 230 AccelSensor: x:-0.169580,y:0.004880,z:-9.972281
05-27 18:13:19.471  1083  1083 I MyAppLog: [2026-05-27 18:13:19.471 I tboxap mcuCommTboxmidsRecvCb:97] [Mcu] [mcuCommTboxmidsRecvCb] recv from tboxmids, size:10
05-27 18:13:19.471  1083  1083 I MyAppLog: [2026-05-27 18:13:19.471 I tboxap mcuCommTboxmidsRecvCb:98] [Mcu] [tboxmids -> tboxap]: :00 08 2F 01 04 09 12 12 34 56
05-27 18:13:19.471  1083  1083 W MyAppLog: [2026-05-27 18:13:19.471 W tboxap mcuYadiFrameParse:852] [Mcu] [mcuYadiFrameParse] cmd:0912(MCU_MAIN_BATT_DYNAMIC_IND) payload too short:5 < 36
05-27 18:13:19.471  1083  1083 W MyAppLog: [2026-05-27 18:13:19.471 W tboxap mcuPtlParseData:982] [Mcu] [mcuPtlParseData] invalid yadi frame, len:10
05-27 18:13:19.472   581   581 I SpiService: fgesysctrl_getGPIO_status success val=1
05-27 18:13:19.472   481   598 I mcuc    : rev,n=3,6AA681AE98000A89003001040914123456B8
05-27 18:13:19.472   351   373 D automotive.vehicle@2.0-adayo-datacomm-mcu: MCUDatacomm sendMessageFromVehicle prop: 0x89, areaId: 0x0, status: 0x30, timestamp: 0x1
05-27 18:13:19.472  1121  1144 I tboxmids_ap: [2026-05-27 18:13:19.472] [MCU RX] src=MCU dst=ZMQ len=10 type=BINARY data=00 08 30 01 04 09 14 12 34 56 
05-27 18:13:19.472   351   373 D automotive.vehicle@2.0-adayo-datacomm-mcu: MCUDatacomm 1sendMessageFromVehicle ---> type = 12 
05-27 18:13:19.473 13911 14183 I SentryImuMcuAngleSender: 179.97197rollDeg
05-27 18:13:19.473 13911 14183 I SentryImuMcuAngleSender: 1,0,0
05-27 18:13:19.473  1083  1083 I MyAppLog: [2026-05-27 18:13:19.473 I tboxap mcuCommTboxmidsRecvCb:97] [Mcu] [mcuCommTboxmidsRecvCb] recv from tboxmids, size:10
05-27 18:13:19.473  1083  1083 I MyAppLog: [2026-05-27 18:13:19.473 I tboxap mcuCommTboxmidsRecvCb:98] [Mcu] [tboxmids -> tboxap]: :00 08 30 01 04 09 14 12 34 56
05-27 18:13:19.473  1083  1083 W MyAppLog: [2026-05-27 18:13:19.473 W tboxap mcuYadiFrameParse:852] [Mcu] [mcuYadiFrameParse] cmd:0914(MCU_SEC_BATT2_DYNAMIC_IND) payload too short:5 < 36
05-27 18:13:19.473  1083  1083 W MyAppLog: [2026-05-27 18:13:19.473 W tboxap mcuPtlParseData:982] [Mcu] [mcuPtlParseData] invalid yadi frame, len:10
05-27 08:04:28.437   581   581 D spi_rst_gpio_get_output: GPIO 145 value: 1
05-27 08:04:28.437   581   581 D spidev_ioctl: gpio status=1)
05-27 18:13:19.476   299 30841 D EvsDriver: forwardFrame
05-27 18:13:19.477   299 30844 D EvsDriver: forwardFrame
05-27 18:13:19.477   299 30841 D EvsDriver: Delivered 0xb400007b7ca56a60 as id 0
05-27 18:13:19.477  1167  1167 D evsmanagerd: /dev/video4 forwarded the buffer #0 to 0xb4000074bf5f6850 from 0xb4000074bf5f41d0
05-27 18:13:19.478 26149 26149 D libEGL  : <.service:remote>[setCacheFilename]: file=/data/user_de/0/com.anwsdk.service/code_cache/com.android.opengl.shaders_cache
05-27 18:13:19.478 30773 30773 E dvr_service_: [myNum:0] Received S**** loss
05-27 18:13:19.478   581   581 I SpiService: fgesysctrl_getGPIO_status success val=1
05-27 18:13:19.478   299 30844 D EvsDriver: Delivered 0xb400007b7ca56900 as id 0
05-27 18:13:19.478  1167  1167 D evsmanagerd: /dev/video6 forwarded the buffer #0 to 0xb4000074bf5f5510 from 0xb4000074bf5f6d90
05-27 18:13:19.478   299  1153 D EvsDriver: doneWithFrame
05-27 18:13:19.479 30773 30773 E dvr_service_: [myNum:1] Received S**** loss
05-27 18:13:19.479   299  1153 D EvsDriver: doneWithFrame
05-27 08:04:28.443   581   581 D spi_rst_gpio_get_output: GPIO 145 value: 1
05-27 08:04:28.443   581   581 D spidev_ioctl: gpio status=1)
05-27 18:13:19.482  1008 30856 D [OMXB]  : usingANWBuffer: handle:0xee743df0, format:1, w:1920, h:1080
05-27 18:13:19.484   581   581 I SpiService: fgesysctrl_getGPIO_status success val=1
05-27 18:13:19.484 30773 30789 I dvr_service_: Camera 0: MediaOK:10489116, frames:230, isKeyFrame:0,pts:8666368409
05-27 08:04:28.448   581   581 D spi_rst_gpio_get_output: GPIO 145 value: 1
05-27 08:04:28.448   581   581 D spidev_ioctl: gpio status=1)
05-27 18:13:19.490   581   581 I SpiService: fgesysctrl_getGPIO_status success val=0
05-27 18:13:19.490   481   597 I mcuc    : send SPI:6AA602AE9600028305306AA602AE97000289002E6AA602AE98000289002D
05-27 18:13:19.492  1008 30857 D [OMXB]  : usingANWBuffer: handle:0xee747180, format:1, w:1920, h:1080
05-27 08:04:28.454   581   581 D spi_rst_gpio_get_output: GPIO 145 value: 0
05-27 08:04:28.454   581   581 D spidev_ioctl: gpio status=0)
05-27 18:13:19.494 13911 14183 I SentryImuMcuAngleSender: 179.97197rollDeg
05-27 18:13:19.494 13911 14183 I SentryImuMcuAngleSender: 1,0,0
05-27 18:13:19.496   536   536 D commservice260303: msg.id = 1028,1
05-27 18:13:19.496   536   536 D commservice260303: i = 170, msgid = 8A000404
05-27 18:13:19.496   536   536 D commservice260303: msgid = -1979710460,did=138
05-27 18:13:19.496   536   536 D commservice260303: CommProtocolLibCmdBaseI2C::dataproc {"command":{"id":"imu_status","sub":""},"content":{"TimeStamp":8,"FrameCounter":200194,"GD_X":-0.011147825978696346,"GD_Y":0.004963258747011423,"GD_Z":0.0020608289632946253,"AD_X":-0.0017650425434112549,"AD_Y":-1.0432209819555283E-5,"AD_Z":-0.16826629638671875,"TempDsp":0,"Status":0,"CalibState":1,"SigAmpInvalid":0}},-1979710460
05-27 18:13:19.496   536   536 D commservice260303: send2Cluster len:318, 7B22636F6D6D616E64223A7B226964223A22696D755F737461747573222C22737562223A22227D2C22636F6E74656E74223A7B2254696D655374616D70223A382C224672616D65436F756E746572223A3230303139342C2247445F58223A2D302E3031313134373832353937383639363334362C2247445F59223A302E3030343936333235383734373031313432332C2247445F5A223A302E303032303630383238393633323934363235332C2241445F58223A2D302E303031373635303432353433343131323534392C2241445F59223A2D312E30343332323039383139353535323833452D352C2241445F5A223A2D302E31363832363632393633383637313837352C2254656D70447370223A302C22537461747573223A302C2243616C69625374617465223A312C22536967416D70496E76616C6964223A307D7D, 138 
05-27 18:13:19.496   536   536 D commservice260303: Push Message into SendPool fn=-1555430656
05-27 18:13:19.496   536   536 D commservice260303: ComProtocolLibSend2Cluster::send2ClusterRaw fn=-1555430656 , len=334
05-27 18:13:19.496   536   536 D commservice260303: sendCmdToPort :334!!!
05-27 18:13:19.496   536   536 D commservice260303: send Cmd To Port ++++5AA5014A8A0100034AA36A16C3BF7B22636F6D6D616E64223A7B226964223A22696D755F737461747573222C22737562223A22227D2C22636F6E74656E74223A7B2254696D655374616D70223A382C224672616D65436F756E746572223A3230303139342C2247445F58223A2D302E3031313134373832353937383639363334362C2247445F59223A302E3030343936333235383734373031313432332C2247445F5A223A302E303032303630383238393633323934363235332C2241445F58223A2D302E303031373635303432353433343131323534392C2241445F59223A2D312E30343332323039383139353535323833452D352C2241445F5A223A2D302E31363832363632393633383637313837352C2254656D70447370223A302C22537461747573223A302C2243616C69625374617465223A312C22536967416D70496E76616C6964223A307D7D62D0
05-27 18:13:19.496   536   536 D commservice260303: bufferevent_write retrun value = 0
05-27 18:13:19.496 26149 26149 D NetworkSecurityConfig: No Network Security Config specified, using platform default
05-27 18:13:19.496   536   560 D commservice260303: client datas send succeed,send finish
05-27 18:13:19.497 13911 14192 D Sentinelmode_1.2.5.17_sentry: <SentryImuClusterFgeSender>imu_status sent to Linux, frame=200194, tsNs=8666733, tsMs=8, intervalMs=41, ad=(-0.0017650425,-1.043221E-5,-0.1682663), gd=(-0.011147826,0.0049632587,0.002060829)
05-27 18:13:19.498 26149 26149 D NetworkSecurityConfig: No Network Security Config specified, using platform default
05-27 18:13:19.503   299 30844 D EvsDriver: forwardFrame
05-27 08:04:28.469   581   581 D spi_rst_gpio_get_output: GPIO 145 value: 1
05-27 08:04:28.469   581   581 D spidev_ioctl: gpio status=1)
05-27 08:04:28.475   581   581 D spi_rst_gpio_get_output: GPIO 145 value: 1
05-27 08:04:28.475   581   581 D spidev_ioctl: gpio status=1)
05-27 18:13:19.503   299 30841 D EvsDriver: forwardFrame
05-27 18:13:19.505   581   581 I SpiService: fgesysctrl_getGPIO_status success val=1
05-27 18:13:19.506   299 30841 D EvsDriver: Delivered 0xb400007b7ca56a60 as id 0
05-27 18:13:19.506   299 30844 D EvsDriver: Delivered 0xb400007b7ca56900 as id 0
05-27 18:13:19.506  1167  1184 D evsmanagerd: /dev/video4 forwarded the buffer #0 to 0xb4000074bf5f6850 from 0xb4000074bf5f41d0
05-27 18:13:19.506  1167  1167 D evsmanagerd: /dev/video6 forwarded the buffer #0 to 0xb4000074bf5f5510 from 0xb4000074bf5f6d90
05-27 18:13:19.508 11344 11344 E SystemUI_NavBarFragment: SysUIConfig.icCarServiceConnected：false
05-27 18:13:19.510   299  1163 D EvsDriver: doneWithFrame
05-27 18:13:19.511   581   581 I SpiService: fgesysctrl_getGPIO_status success val=1
05-27 18:13:19.511   299  1153 D EvsDriver: doneWithFrame
05-27 18:13:19.513  1008 30856 D [OMXB]  : usingANWBuffer: handle:0xee740d20, format:1, w:1920, h:1080
05-27 18:13:19.514 13911 14183 I SentryImuMcuAngleSender: 179.97197rollDeg
05-27 18:13:19.514 13911 14183 I SentryImuMcuAngleSender: 1,0,0
05-27 18:13:19.516   581   581 I SpiService: fgesysctrl_getGPIO_status success val=1
05-27 08:04:28.481   581   581 D spi_rst_gpio_get_output: GPIO 145 value: 1
05-27 08:04:28.481   581   581 D spidev_ioctl: gpio status=1)
05-27 08:04:28.487   581   581 D spi_rst_gpio_get_output: GPIO 145 value: 1
05-27 08:04:28.487   581   581 D spidev_ioctl: gpio status=1)
05-27 18:13:19.522   581   581 I SpiService: fgesysctrl_getGPIO_status success val=1
05-27 18:13:19.528   581   581 I SpiService: fgesysctrl_getGPIO_status success val=0
05-27 18:13:19.529  1008 30857 D [OMXB]  : usingANWBuffer: handle:0xee744790, format:1, w:1920, h:1080
05-27 08:04:28.493   581   581 D spi_rst_gpio_get_output: GPIO 145 value: 0
05-27 08:04:28.493   581   581 D spidev_ioctl: gpio status=0)
05-27 18:13:19.534 13911 14183 I SentryImuMcuAngleSender: 179.97546rollDeg
05-27 18:13:19.534 13911 14183 I SentryImuMcuAngleSender: 1,0,0
05-27 18:13:19.538   536   536 D commservice260303: msg.id = 1028,0
05-27 18:13:19.538   536   536 D commservice260303: i = 170, msgid = 8A000404
05-27 18:13:19.538   536   536 D commservice260303: msgid = -1979710460,did=138
05-27 18:13:19.538   536   536 D commservice260303: CommProtocolLibCmdBaseI2C::dataproc {"command":{"id":"imu_status","sub":""},"content":{"TimeStamp":8,"FrameCounter":200195,"GD_X":-0.011834942735731602,"GD_Y":0.0051151420921087265,"GD_Z":0.0017560218693688512,"AD_X":-0.004196330904960632,"AD_Y":-6.169602274894714E-4,"AD_Z":-0.16948509216308594,"TempDsp":0,"Status":0,"CalibState":1,"SigAmpInvalid":0}},-1979710460
05-27 18:13:19.538   536   536 D commservice260303: send2Cluster len:317, 7B22636F6D6D616E64223A7B226964223A22696D755F737461747573222C22737562223A22227D2C22636F6E74656E74223A7B2254696D655374616D70223A382C224672616D65436F756E746572223A3230303139352C2247445F58223A2D302E3031313833343934323733353733313630322C2247445F59223A302E303035313135313432303932313038373236352C2247445F5A223A302E303031373536303231383639333638383531322C2241445F58223A2D302E3030343139363333303930343936303633322C2241445F59223A2D362E313639363032323734383934373134452D342C2241445F5A223A2D302E31363934383530393231363330383539342C2254656D70447370223A302C22537461747573223A302C2243616C69625374617465223A312C22536967416D70496E76616C6964223A307D7D, 138 
05-27 18:13:19.538   536   536 D commservice260303: Push Message into SendPool fn=-1538653440
05-27 18:13:19.538   536   536 D commservice260303: ComProtocolLibSend2Cluster::send2ClusterRaw fn=-1538653440 , len=333
05-27 18:13:19.538   536   536 D commservice260303: sendCmdToPort :333!!!
05-27 18:13:19.538   536   536 D commservice260303: send Cmd To Port ++++5AA501498A0100034AA46A16C3BF7B22636F6D6D616E64223A7B226964223A22696D755F737461747573222C22737562223A22227D2C22636F6E74656E74223A7B2254696D655374616D70223A382C224672616D65436F756E746572223A3230303139352C2247445F58223A2D302E3031313833343934323733353733313630322C2247445F59223A302E303035313135313432303932313038373236352C2247445F5A223A302E303031373536303231383639333638383531322C2241445F58223A2D302E3030343139363333303930343936303633322C2241445F59223A2D362E313639363032323734383934373134452D342C2241445F5A223A2D302E31363934383530393231363330383539342C2254656D70447370223A302C22537461747573223A302C2243616C69625374617465223A312C22536967416D70496E76616C6964223A307D7D2F03
05-27 18:13:19.538   536   536 D commservice260303: bufferevent_write retrun value = 0
05-27 18:13:19.538   536   560 D commservice260303: client datas send succeed,send finish
05-27 18:13:19.539 13911 14192 D Sentinelmode_1.2.5.17_sentry: <SentryImuClusterFgeSender>imu_status sent to Linux, frame=200195, tsNs=8666770, tsMs=8, intervalMs=43, ad=(-0.004196331,-6.169602E-4,-0.16948509), gd=(-0.011834943,0.005115142,0.0017560219)
05-27 18:13:19.543   581   581 I SpiService: fgesysctrl_getGPIO_status success val=1
05-27 18:13:19.543   299 30844 D EvsDriver: forwardFrame
05-27 08:04:28.507   581   581 D spi_rst_gpio_get_output: GPIO 145 value: 1
05-27 18:13:19.544   299 30844 D EvsDriver: Delivered 0xb400007b7ca56900 as id 0
05-27 08:04:28.507   581   581 D spidev_ioctl: gpio status=1)
05-27 18:13:19.545  1167  1167 D evsmanagerd: /dev/video6 forwarded the buffer #0 to 0xb4000074bf5f5510 from 0xb4000074bf5f6d90
05-27 18:13:19.545   299 30841 D EvsDriver: forwardFrame
05-27 18:13:19.546   299 30841 D EvsDriver: Delivered 0xb400007b7ca56a60 as id 0
05-27 18:13:19.547  1167  1184 D evsmanagerd: /dev/video4 forwarded the buffer #0 to 0xb4000074bf5f6850 from 0xb4000074bf5f41d0
05-27 18:13:19.547   299  1153 D EvsDriver: doneWithFrame
05-27 08:04:28.513   581   581 D spi_rst_gpio_get_output: GPIO 145 value: 1
05-27 08:04:28.513   581   581 D spidev_ioctl: gpio status=1)
05-27 18:13:19.548   581   581 I SpiService: fgesysctrl_getGPIO_status success val=1
05-27 18:13:19.549   299  1153 D EvsDriver: doneWithFrame
05-27 18:13:19.554   581   581 I SpiService: fgesysctrl_getGPIO_status success val=1
05-27 18:13:19.554   283   307 I rvcservice: t.code = 7, t.value = 8666671
05-27 18:13:19.555   572   572 I Sensors : 230 GyroSensor: x:-0.011682,y:0.004810,z:0.002061
05-27 18:13:19.555 13911 14183 I SentryImuMcuAngleSender: 179.993rollDeg
05-27 18:13:19.555 13911 14183 I SentryImuMcuAngleSender: 1,0,0
05-27 18:13:19.556 26149 26149 I ANWJNI_SECOND: +++ JNI_OnLoad
05-27 08:04:28.519   581   581 D spi_rst_gpio_get_output: GPIO 145 value: 1
05-27 08:04:28.519   581   581 D spidev_ioctl: gpio status=1)
05-27 18:13:19.556 26149 26149 I ANWJNI_SECOND: +++ registerNativeMethods
05-27 18:13:19.556 26149 26149 I ANWJNI_SECOND: numMethods = 245
05-27 18:13:19.557 26149 26149 I ANWJNI_SECOND: --- registerNativeMethods
05-27 18:13:19.558   536  2579 D commservice260303: send heart beat package to Cluster
05-27 18:13:19.558   536  2579 D commservice260303: send2Cluster len:40, 7B22636F6D6D616E64223A7B226964223A22686561727462656174222C22737562223A22227D7D0A, 129 
05-27 18:13:19.558   536  2579 D commservice260303: Push Message into SendPool fn=-1521876224
05-27 18:13:19.558   536  2579 D commservice260303: ComProtocolLibSend2Cluster::send2ClusterRaw fn=-1521876224 , len=56
05-27 18:13:19.558   536  2579 D commservice260303: sendCmdToPort :56!!!
05-27 18:13:19.558   536  2579 D commservice260303: send Cmd To Port ++++5AA50034810100034AA56A16C3BF7B22636F6D6D616E64223A7B226964223A22686561727462656174222C22737562223A22227D7D0ADD28
05-27 18:13:19.558 26149 26149 D ANWJNI_SECOND: (26149|0x5467E4F8)[BTAPP] read XML config file
05-27 18:13:19.558 26149 26149 D ANWJNI_SECOND: 
05-27 18:13:19.559   536  2579 D commservice260303: bufferevent_write retrun value = 0
05-27 18:13:19.559 26149 26149 D ANWJNI_SECOND: (26149|0x5467E4F8)[BTAPP] run Read (/system/etc/bluetooth/btmonitor-config_second.xml) Start
