05-27 18:13:14.460 13911 14192 D Sentinelmode_1.2.5.17_sentry: <SentryImuClusterFgeSender>imu_status sent to Linux, frame=200070, tsNs=8661678, tsMs=8, intervalMs=40, ad=(-0.0023157746,0.002194032,-0.16582489), gd=(-0.010994903,0.0052680657,0.0019079053)
05-27 08:04:23.423   581   581 D spi_rst_gpio_get_output: GPIO 145 value: 1
05-27 08:04:23.423   581   581 D spidev_ioctl: gpio status=1)
05-27 18:13:14.462   566 11459 I gps_hdbd: Received: '$GNTXT,04,01,04,INS,V,1,,,,FLG,1,000000,1,0,1,0,0,Con,0*71
'
05-27 18:13:14.463   566 11459 I gps_hdbd: Received: '$GNTXT,INSTALL,0.00,0.00,0.00,0.00,0.00,0.00,0*20
'
05-27 18:13:14.463   581   581 I SpiService: fgesysctrl_getGPIO_status success val=1
05-27 08:04:23.428   581   581 D spi_rst_gpio_get_output: GPIO 145 value: 1
05-27 08:04:23.428   581   581 D spidev_ioctl: gpio status=1)
05-27 18:13:14.467  1008 30857 D [OMXB]  : usingANWBuffer: handle:0xee7454a0, format:1, w:1920, h:1080
05-27 18:13:14.469   581   581 I SpiService: fgesysctrl_getGPIO_status success val=1
05-27 18:13:14.472 13911 14183 I SentryImuMcuAngleSender: 179.97195rollDeg
05-27 18:13:14.472 13911 14183 I SentryImuMcuAngleSender: 1,0,0
05-27 08:04:23.433   581   581 D spi_rst_gpio_get_output: GPIO 145 value: 1
05-27 08:04:23.433   581   581 D spidev_ioctl: gpio status=1)
05-27 18:13:14.473   572   622 I Sensors : 230 GyroSensor: x:-0.011835,y:0.005115,z:0.002596
05-27 18:13:14.474   581   581 I SpiService: fgesysctrl_getGPIO_status success val=0
05-27 18:13:14.475   299 30844 D EvsDriver: forwardFrame
05-27 18:13:14.475   299 30844 D EvsDriver: Delivered 0xb400007b7ca56900 as id 0
05-27 18:13:14.476  1167  1167 D evsmanagerd: /dev/video6 forwarded the buffer #0 to 0xb4000074bf5f5510 from 0xb4000074bf5f6d90
05-27 18:13:14.476 30773 30782 E dvr_service_: [myNum:1] Received S**** loss
05-27 18:13:14.476   299 30841 D EvsDriver: forwardFrame
05-27 18:13:14.476   299  1153 D EvsDriver: doneWithFrame
05-27 08:04:23.439   581   581 D spi_rst_gpio_get_output: GPIO 145 value: 0
05-27 08:04:23.439   581   581 D spidev_ioctl: gpio status=0)
05-27 18:13:14.477   299 30841 D EvsDriver: Delivered 0xb400007b7ca56a60 as id 0
05-27 18:13:14.477  1167  1167 D evsmanagerd: /dev/video4 forwarded the buffer #0 to 0xb4000074bf5f6850 from 0xb4000074bf5f41d0
05-27 18:13:14.477 30773 30782 E dvr_service_: [myNum:0] Received S**** loss
05-27 18:13:14.478   299  1153 D EvsDriver: doneWithFrame
05-27 18:13:14.488   581   581 I SpiService: fgesysctrl_getGPIO_status success val=1
05-27 08:04:23.453   581   581 D spi_rst_gpio_get_output: GPIO 145 value: 1
05-27 08:04:23.453   581   581 D spidev_ioctl: gpio status=1)
05-27 18:13:14.492 13911 14183 I SentryImuMcuAngleSender: 179.97195rollDeg
05-27 18:13:14.492 13911 14183 I SentryImuMcuAngleSender: 1,0,0
05-27 18:13:14.494   581   581 I SpiService: fgesysctrl_getGPIO_status success val=1
05-27 08:04:23.459   581   581 D spi_rst_gpio_get_output: GPIO 145 value: 1
05-27 08:04:23.459   581   581 D spidev_ioctl: gpio status=1)
05-27 18:13:14.498   536   536 D commservice260303: msg.id = 1028,0
05-27 18:13:14.499   536   536 D commservice260303: i = 170, msgid = 8A000404
05-27 18:13:14.499   536   536 D commservice260303: msgid = -1979710460,did=138
05-27 18:13:14.499   536   536 D commservice260303: CommProtocolLibCmdBaseI2C::dataproc {"command":{"id":"imu_status","sub":""},"content":{"TimeStamp":8,"FrameCounter":200071,"GD_X":-0.012139749713242054,"GD_Y":0.005420989356935024,"GD_Z":0.0019848872907459736,"AD_X":-0.0029315203428268433,"AD_Y":-2.317032776772976E-4,"AD_Z":-0.16582489013671875,"TempDsp":0,"Status":0,"CalibState":1,"SigAmpInvalid":0}},-1979710460
05-27 18:13:14.499   536   536 D commservice260303: send2Cluster len:317, 7B22636F6D6D616E64223A7B226964223A22696D755F737461747573222C22737562223A22227D2C22636F6E74656E74223A7B2254696D655374616D70223A382C224672616D65436F756E746572223A3230303037312C2247445F58223A2D302E3031323133393734393731333234323035342C2247445F59223A302E3030353432303938393335363933353032342C2247445F5A223A302E303031393834383837323930373435393733362C2241445F58223A2D302E303032393331353230333432383236383433332C2241445F59223A2D322E333137303332373736373732393736452D342C2241445F5A223A2D302E31363538323438393031333637313837352C2254656D70447370223A302C22537461747573223A302C2243616C69625374617465223A312C22536967416D70496E76616C6964223A307D7D, 138 
05-27 18:13:14.499   536   536 D commservice260303: Push Message into SendPool fn=642384640
05-27 18:13:14.499   536   536 D commservice260303: ComProtocolLibSend2Cluster::send2ClusterRaw fn=642384640 , len=333
05-27 18:13:14.499   536   536 D commservice260303: sendCmdToPort :333!!!
05-27 18:13:14.499   536   536 D commservice260303: send Cmd To Port ++++5AA501498A0100034A266A16C3BA7B22636F6D6D616E64223A7B226964223A22696D755F737461747573222C22737562223A22227D2C22636F6E74656E74223A7B2254696D655374616D70223A382C224672616D65436F756E746572223A3230303037312C2247445F58223A2D302E3031323133393734393731333234323035342C2247445F59223A302E3030353432303938393335363933353032342C2247445F5A223A302E303031393834383837323930373435393733362C2241445F58223A2D302E303032393331353230333432383236383433332C2241445F59223A2D322E333137303332373736373732393736452D342C2241445F5A223A2D302E31363538323438393031333637313837352C2254656D70447370223A302C22537461747573223A302C2243616C69625374617465223A312C22536967416D70496E76616C6964223A307D7D3184
05-27 18:13:14.499   536   536 D commservice260303: bufferevent_write retrun value = 0
05-27 18:13:14.499   536   560 D commservice260303: client datas send succeed,send finish
05-27 18:13:14.500 13911 14192 D Sentinelmode_1.2.5.17_sentry: <SentryImuClusterFgeSender>imu_status sent to Linux, frame=200071, tsNs=8661741, tsMs=8, intervalMs=40, ad=(-0.0029315203,-2.3170328E-4,-0.16582489), gd=(-0.01213975,0.0054209894,0.0019848873)
05-27 18:13:14.500   581   581 I SpiService: fgesysctrl_getGPIO_status success val=1
05-27 18:13:14.500 11344 11344 E SystemUI_NavBarFragment: SysUIConfig.icCarServiceConnected：false
05-27 18:13:14.501   299 30844 D EvsDriver: forwardFrame
05-27 08:04:23.464   581   581 D spi_rst_gpio_get_output: GPIO 145 value: 1
05-27 08:04:23.464   581   581 D spidev_ioctl: gpio status=1)
05-27 18:13:14.502  1167  1167 D evsmanagerd: /dev/video6 forwarded the buffer #0 to 0xb4000074bf5f5510 from 0xb4000074bf5f6d90
05-27 18:13:14.505   299  1153 D EvsDriver: doneWithFrame
05-27 18:13:14.505   581   581 I SpiService: fgesysctrl_getGPIO_status success val=1
05-27 18:13:14.506   299 30844 D EvsDriver: Delivered 0xb400007b7ca56900 as id 0
05-27 18:13:14.506 30773 30785 I dvr_service_: [EncoderHandler::runMediaThread] runMediaThread started:1,state:1, cam2:started:1,state:1, lastSwitch:1, mIsMuxerStart:1,format:0,is_str_ing:0
05-27 08:04:23.470   581   581 D spi_rst_gpio_get_output: GPIO 145 value: 1
05-27 08:04:23.470   581   581 D spidev_ioctl: gpio status=1)
05-27 18:13:14.511   299 30841 D EvsDriver: forwardFrame
05-27 18:13:14.511   581   581 I SpiService: fgesysctrl_getGPIO_status success val=1
05-27 18:13:14.512   299 30841 D EvsDriver: Delivered 0xb400007b7ca56a60 as id 0
05-27 18:13:14.512  1167  1167 D evsmanagerd: /dev/video4 forwarded the buffer #0 to 0xb4000074bf5f6850 from 0xb4000074bf5f41d0
05-27 08:04:23.475   581   581 D spi_rst_gpio_get_output: GPIO 145 value: 1
05-27 08:04:23.475   581   581 D spidev_ioctl: gpio status=1)
05-27 18:13:14.514 13911 14183 I SentryImuMcuAngleSender: 179.95795rollDeg
05-27 18:13:14.514 13911 14183 I SentryImuMcuAngleSender: 1,0,0
05-27 18:13:14.515  1008 30856 D [OMXB]  : usingANWBuffer: handle:0xee740d20, format:1, w:1920, h:1080
05-27 18:13:14.517   581   581 I SpiService: fgesysctrl_getGPIO_status success val=0
05-27 08:04:23.481   581   581 D spi_rst_gpio_get_output: GPIO 145 value: 0
05-27 08:04:23.481   581   581 D spidev_ioctl: gpio status=0)
05-27 18:13:14.521   299  1153 D EvsDriver: doneWithFrame
05-27 18:13:14.529   481   598 I mcuc    : rev,n=1,6AA681AE7F008C8305000055000000B000000000000100010000A550F2B1B81798F2BEF2B8444AF2BDE577F2BEB2BDB9763E7B7600000000040000B3000000000000000000000000000000B44300000000000300000000000000AA000000E40701010000000000000000BB06050507EA051B000008009403CB00CC000000000000000000000000000000B50000000000000000B9
05-27 18:13:14.529   351   373 D automotive.vehicle@2.0-adayo-datacomm-mcu: MCUDatacomm sendMessageFromVehicle prop: 0x83, areaId: 0x5, status: 0x0, timestamp: 0x0
05-27 18:13:14.529   351   373 D automotive.vehicle@2.0-adayo-datacomm-mcu: MCUDatacomm 1sendMessageFromVehicle ---> type = 7 
05-27 18:13:14.529   351   373 I automotive.vehicle@2.0-adayo-func-mcu: MCUFunc :sendMessageFromVehicle  msgBuff[0] = 131 
05-27 18:13:14.529   351   373 I automotive.vehicle@2.0-adayo-func-mcu: MCUFunc :sendMessageFromVehicle  msgBuff[1] = 5 
05-27 18:13:14.529   351   373 I automotive.vehicle@2.0-adayo-func-mcu: MCUFunc :sendMessageFromVehicle  msgBuff[2] = 0 
05-27 18:13:14.529   351   373 I automotive.vehicle@2.0-adayo-func-mcu: MCUFunc :sendMessageFromVehicle  msgBuff[3] = 0 
05-27 18:13:14.530   351   373 I automotive.vehicle@2.0-adayo-func-mcu: MCUFunc :sendMessageFromVehicle  msgBuff[4] = 85 
05-27 18:13:14.530   351   373 I automotive.vehicle@2.0-adayo-func-mcu: MCUFunc :sendMessageFromVehicle  msgBuff[5] = 0 
05-27 18:13:14.531  1008 30857 D [OMXB]  : usingANWBuffer: handle:0xee7469f0, format:1, w:1920, h:1080
05-27 18:13:14.531   481   598 I mcuc    : rev,n=2,6AA681AE80009E8B30028D01020403A0030000030100000100000000002901A100000000003B000202000002020002A208FA29018000028000038000048000A3058000068000070000080000000000A4000000000000000000000101000700A502000000040102000200FF0100A68EDD01010101010000000101010000000A0A0A0000010101040402020000000000000000000000000000000000000000000000000000EE82
05-27 18:13:14.532   581   581 I SpiService: fgesysctrl_getGPIO_status success val=1
05-27 18:13:14.532   283   307 I rvcservice: t.code = 3, t.value = 0
05-27 08:04:23.496   581   581 D spi_rst_gpio_get_output: GPIO 145 value: 1
05-27 08:04:23.497   581   581 D spidev_ioctl: gpio status=1)
05-27 18:13:14.534 30773 30789 I dvr_service_: Camera 1: MediaOK:5469976, frames:130, isKeyFrame:0,pts:8661335395
05-27 18:13:14.535 13911 14183 I SentryImuMcuAngleSender: 179.94392rollDeg
05-27 18:13:14.535 13911 14183 I SentryImuMcuAngleSender: 1,0,0
05-27 18:13:14.537   581   581 I SpiService: fgesysctrl_getGPIO_status success val=1
05-27 18:13:14.538   536   536 D commservice260303: msg.id = 1028,1
05-27 18:13:14.538   536   536 D commservice260303: i = 170, msgid = 8A000404
05-27 18:13:14.539   536   536 D commservice260303: msgid = -1979710460,did=138
05-27 18:13:14.539   299 30841 D EvsDriver: forwardFrame
05-27 18:13:14.539   536   536 D commservice260303: CommProtocolLibCmdBaseI2C::dataproc {"command":{"id":"imu_status","sub":""},"content":{"TimeStamp":8,"FrameCounter":200072,"GD_X":-0.011759000830352306,"GD_Y":0.0056498548947274685,"GD_Z":0.0021378109231591225,"AD_X":-0.0029270201921463013,"AD_Y":0.004627614747732878,"AD_Z":-0.16826629638671875,"TempDsp":0,"Status":0,"CalibState":1,"SigAmpInvalid":0}},-1979710460
05-27 18:13:14.539   536   536 D commservice260303: send2Cluster len:317, 7B22636F6D6D616E64223A7B226964223A22696D755F737461747573222C22737562223A22227D2C22636F6E74656E74223A7B2254696D655374616D70223A382C224672616D65436F756E746572223A3230303037322C2247445F58223A2D302E3031313735393030303833303335323330362C2247445F59223A302E303035363439383534383934373237343638352C2247445F5A223A302E303032313337383130393233313539313232352C2241445F58223A2D302E303032393237303230313932313436333031332C2241445F59223A302E3030343632373631343734373733323837382C2241445F5A223A2D302E31363832363632393633383637313837352C2254656D70447370223A302C22537461747573223A302C2243616C69625374617465223A312C22536967416D70496E76616C6964223A307D7D, 138 
05-27 18:13:14.539   536   536 D commservice260303: Push Message into SendPool fn=659161856
05-27 18:13:14.539   299 30844 D EvsDriver: forwardFrame
05-27 18:13:14.539   536   536 D commservice260303: ComProtocolLibSend2Cluster::send2ClusterRaw fn=659161856 , len=333
05-27 18:13:14.539   536   536 D commservice260303: sendCmdToPort :333!!!
05-27 18:13:14.539   536   536 D commservice260303: send Cmd To Port ++++5AA501498A0100034A276A16C3BA7B22636F6D6D616E64223A7B226964223A22696D755F737461747573222C22737562223A22227D2C22636F6E74656E74223A7B2254696D655374616D70223A382C224672616D65436F756E746572223A3230303037322C2247445F58223A2D302E3031313735393030303833303335323330362C2247445F59223A302E303035363439383534383934373237343638352C2247445F5A223A302E303032313337383130393233313539313232352C2241445F58223A2D302E303032393237303230313932313436333031332C2241445F59223A302E3030343632373631343734373733323837382C2241445F5A223A2D302E31363832363632393633383637313837352C2254656D70447370223A302C22537461747573223A302C2243616C69625374617465223A312C22536967416D70496E76616C6964223A307D7D7DF7
05-27 18:13:14.539   536   536 D commservice260303: bufferevent_write retrun value = 0
05-27 18:13:14.540 13549 13549 I ADAYO_LOG_: handleMessage(UsbFunc.java:352)copyQnx = 0
05-27 18:13:14.540 13549 13549 I ADAYO_LOG_: handleMessage(UsbFunc.java:404)copyState = 2
05-27 18:13:14.540  1167  1167 D evsmanagerd: /dev/video4 forwarded the buffer #0 to 0xb4000074bf5f6850 from 0xb4000074bf5f41d0
05-27 18:13:14.540   299 30841 D EvsDriver: Delivered 0xb400007b7ca56a60 as id 0
05-27 18:13:14.540 13911 14192 D Sentinelmode_1.2.5.17_sentry: <SentryImuClusterFgeSender>imu_status sent to Linux, frame=200072, tsNs=8661778, tsMs=8, intervalMs=41, ad=(-0.0029270202,0.0046276147,-0.1682663), gd=(-0.011759001,0.005649855,0.002137811)
05-27 18:13:14.540   536   560 D commservice260303: client datas send succeed,send finish
05-27 18:13:14.542   299 30844 D EvsDriver: Delivered 0xb400007b7ca56900 as id 0
05-27 18:13:14.542  1167  1167 D evsmanagerd: /dev/video6 forwarded the buffer #0 to 0xb4000074bf5f5510 from 0xb4000074bf5f6d90
05-27 18:13:14.543   581   581 I SpiService: fgesysctrl_getGPIO_status success val=1
05-27 18:13:14.543 10188 11122 E WifiVendorHal: getWifiLinkLayerStats_1_6_Internal(l.1202) failed {.code = ERROR_UNKNOWN, .description = unknown error}
05-27 08:04:23.502   581   581 D spi_rst_gpio_get_output: GPIO 145 value: 1
05-27 08:04:23.502   581   581 D spidev_ioctl: gpio status=1)
05-27 08:04:23.507   581   581 D spi_rst_gpio_get_output: GPIO 145 value: 1
05-27 08:04:23.507   581   581 D spidev_ioctl: gpio status=1)
05-27 18:13:14.544   536   760 I commservice260303: [mcuCommFunctionTcp::ProtocolCheckConnectTimeOutProc:613] keyID:256,tcpEvent:5,tcpcount:0,heartbeat:1,noHeartBeatNumber:0,endispatch:0,strState:0
05-27 18:13:14.544   536   760 D commservice260303: ProtocolCheckConnectTimeOutProc,629,clear heartbeat
05-27 08:04:23.509 10047 10047 W         : AICWFDBG(LOGTRACE)	rwnx_send_msg (118)MM_GET_STA_INFO_CFM reqcfm:1 in_irq:0 in_softirq:0 in_atomic:0
05-27 08:04:23.509 10047 10047 W         : AICWFDBG(LOGTRACE)	rwnx_cmd_malloc get cmd_array[0]:000000004c96fbbb
05-27 18:13:14.546   299  1153 D EvsDriver: doneWithFrame
05-27 18:13:14.546   299  1163 D EvsDriver: doneWithFrame
05-27 18:13:14.549   581   581 I SpiService: fgesysctrl_getGPIO_status success val=1
05-27 08:04:23.511   354   354 W         : AICWFDBG(LOGDEBUG)	rwnx_rx_handle_msg msg->id:0x76
05-27 08:04:23.511 10047 10047 W         : AICWFDBG(LOGTRACE)	rwnx_cmd_free cmd_array[0]:000000004c96fbbb
05-27 08:04:23.511 10047 10047 W         : AICWFDBG(LOGDEBUG)	rwnx_fill_station_info ModTx(2):5 TxIndex:10 ModRx(0):0 RxHTIndex:0 RxVHTIndex:0 RxHEIndex:0 RSSI:-41
05-27 08:04:23.513   581   581 D spi_rst_gpio_get_output: GPIO 145 value: 1
05-27 08:04:23.514   581   581 D spidev_ioctl: gpio status=1)
05-27 18:13:14.555   581   581 I SpiService: fgesysctrl_getGPIO_status success val=0
05-27 18:13:14.555   481   597 I mcuc    : send SPI:6AA602AE7F00028305476AA602AE8000028B3013
05-27 18:13:14.556 13911 14183 I SentryImuMcuAngleSender: 179.95795rollDeg
05-27 18:13:14.556 13911 14183 I SentryImuMcuAngleSender: 1,0,0
05-27 08:04:23.519   581   581 D spi_rst_gpio_get_output: GPIO 145 value: 0
05-27 08:04:23.519   581   581 D spidev_ioctl: gpio status=0)
05-27 18:13:14.562   572   622 I Sensors : 230 AccelSensor: x:-0.163479,y:0.002440,z:-9.971060
05-27 18:13:14.563 30773 30786 I dvr_service_: CameraX 1  audioOK: 5696000,audios:90
05-27 18:13:14.563  1008 30857 D [OMXB]  : usingANWBuffer: handle:0xee742530, format:1, w:1920, h:1080
05-27 18:13:14.569   581   581 I SpiService: fgesysctrl_getGPIO_status success val=1
05-27 08:04:23.534   581   581 D spi_rst_gpio_get_output: GPIO 145 value: 1
05-27 08:04:23.534   581   581 D spidev_ioctl: gpio status=1)
05-27 18:13:14.573   299 30841 D EvsDriver: forwardFrame
05-27 18:13:14.575   581   581 I SpiService: fgesysctrl_getGPIO_status success val=1
05-27 08:04:23.540   581   581 D spi_rst_gpio_get_output: GPIO 145 value: 1
05-27 08:04:23.540   581   581 D spidev_ioctl: gpio status=1)
05-27 18:13:14.577  1167  1167 D evsmanagerd: /dev/video4 forwarded the buffer #0 to 0xb4000074bf5f6850 from 0xb4000074bf5f41d0
05-27 18:13:14.577   299 30841 D EvsDriver: Delivered 0xb400007b7ca56a60 as id 0
05-27 18:13:14.578   299 30844 D EvsDriver: forwardFrame
05-27 18:13:14.581 13911 14183 I SentryImuMcuAngleSender: 179.98598rollDeg
05-27 18:13:14.581 13911 14183 I SentryImuMcuAngleSender: 1,0,0
05-27 18:13:14.581   581   581 I SpiService: fgesysctrl_getGPIO_status success val=1
05-27 18:13:14.582   536   536 D commservice260303: msg.id = 1028,0
05-27 18:13:14.582   536   536 D commservice260303: i = 170, msgid = 8A000404
05-27 18:13:14.582   536   536 D commservice260303: msgid = -1979710460,did=138
05-27 18:13:14.582   536   536 D commservice260303: CommProtocolLibCmdBaseI2C::dataproc {"command":{"id":"imu_status","sub":""},"content":{"TimeStamp":8,"FrameCounter":200073,"GD_X":-0.01160607673227787,"GD_Y":0.00519212381914258,"GD_Z":0.001679039909504354,"AD_X":0.0031453371047973633,"AD_Y":-0.00269067264162004,"AD_Z":-0.16582489013671875,"TempDsp":0,"Status":0,"CalibState":1,"SigAmpInvalid":0}},-1979710460
05-27 18:13:14.583   536   536 D commservice260303: send2Cluster len:312, 7B22636F6D6D616E64223A7B226964223A22696D755F737461747573222C22737562223A22227D2C22636F6E74656E74223A7B2254696D655374616D70223A382C224672616D65436F756E746572223A3230303037332C2247445F58223A2D302E30313136303630373637333232373738372C2247445F59223A302E30303531393231323338313931343235382C2247445F5A223A302E3030313637393033393930393530343335342C2241445F58223A302E303033313435333337313034373937333633332C2241445F59223A2D302E30303236393036373236343136323030342C2241445F5A223A2D302E31363538323438393031333637313837352C2254656D70447370223A302C22537461747573223A302C2243616C69625374617465223A312C22536967416D70496E76616C6964223A307D7D, 138 
05-27 18:13:14.583   536   536 D commservice260303: Push Message into SendPool fn=675939072
05-27 18:13:14.583   536   536 D commservice260303: ComProtocolLibSend2Cluster::send2ClusterRaw fn=675939072 , len=328
05-27 18:13:14.583   536   536 D commservice260303: sendCmdToPort :328!!!
05-27 18:13:14.583   536   536 D commservice260303: send Cmd To Port ++++5AA501448A0100034A286A16C3BA7B22636F6D6D616E64223A7B226964223A22696D755F737461747573222C22737562223A22227D2C22636F6E74656E74223A7B2254696D655374616D70223A382C224672616D65436F756E746572223A3230303037332C2247445F58223A2D302E30313136303630373637333232373738372C2247445F59223A302E30303531393231323338313931343235382C2247445F5A223A302E3030313637393033393930393530343335342C2241445F58223A302E303033313435333337313034373937333633332C2241445F59223A2D302E30303236393036373236343136323030342C2241445F5A223A2D302E31363538323438393031333637313837352C2254656D70447370223A302C22537461747573223A302C2243616C69625374617465223A312C22536967416D70496E76616C6964223A307D7D0F7E
05-27 18:13:14.583   536   536 D commservice260303: bufferevent_write retrun value = 0
05-27 18:13:14.583   536   560 D commservice260303: client datas send succeed,send finish
05-27 18:13:14.584 13911 14192 D Sentinelmode_1.2.5.17_sentry: <SentryImuClusterFgeSender>imu_status sent to Linux, frame=200073, tsNs=8661813, tsMs=8, intervalMs=43, ad=(0.003145337,-0.0026906726,-0.16582489), gd=(-0.011606077,0.005192124,0.0016790399)
05-27 18:13:14.584   299  1163 D EvsDriver: doneWithFrame
05-27 08:04:23.546   581   581 D spi_rst_gpio_get_output: GPIO 145 value: 1
05-27 08:04:23.546   581   581 D spidev_ioctl: gpio status=1)
05-27 18:13:14.585   299 30844 D EvsDriver: Delivered 0xb400007b7ca56900 as id 0
05-27 18:13:14.585  1167  1167 D evsmanagerd: /dev/video6 forwarded the buffer #0 to 0xb4000074bf5f5510 from 0xb4000074bf5f6d90
05-27 18:13:14.589   581   581 I SpiService: fgesysctrl_getGPIO_status success val=1
05-27 18:13:14.589   299  1163 D EvsDriver: doneWithFrame
05-27 18:13:14.591  1008 30856 D [OMXB]  : usingANWBuffer: handle:0xee745760, format:1, w:1920, h:1080
05-27 08:04:23.553   581   581 D spi_rst_gpio_get_output: GPIO 145 value: 1
05-27 08:04:23.553   581   581 D spidev_ioctl: gpio status=1)
05-27 18:13:14.595   581   581 I SpiService: fgesysctrl_getGPIO_status success val=1
05-27 08:04:23.559   581   581 D spi_rst_gpio_get_output: GPIO 145 value: 1
05-27 08:04:23.559   581   581 D spidev_ioctl: gpio status=1)
05-27 18:13:14.600   581   581 I SpiService: fgesysctrl_getGPIO_status success val=0
05-27 08:04:23.565   581   581 D spi_rst_gpio_get_output: GPIO 145 value: 0
05-27 08:04:23.565   581   581 D spidev_ioctl: gpio status=0)
05-27 18:13:14.601 13911 14183 I SentryImuMcuAngleSender: 179.98598rollDeg
05-27 18:13:14.601 13911 14183 I SentryImuMcuAngleSender: 1,0,0
05-27 18:13:14.604   299 30844 D EvsDriver: forwardFrame
05-27 18:13:14.607  1167  1167 D evsmanagerd: /dev/video6 forwarded the buffer #0 to 0xb4000074bf5f5510 from 0xb4000074bf5f6d90
05-27 18:13:14.607   299 30841 D EvsDriver: forwardFrame
05-27 18:13:14.608   299 30844 D EvsDriver: Delivered 0xb400007b7ca56900 as id 0
05-27 18:13:14.609   299 30841 D EvsDriver: Delivered 0xb400007b7ca56a60 as id 0
05-27 18:13:14.609  1167  1167 D evsmanagerd: /dev/video4 forwarded the buffer #0 to 0xb4000074bf5f6850 from 0xb4000074bf5f41d0
05-27 18:13:14.615   299  1163 D EvsDriver: doneWithFrame
05-27 18:13:14.615   581   581 I SpiService: fgesysctrl_getGPIO_status success val=1
05-27 08:04:23.580   581   581 D spi_rst_gpio_get_output: GPIO 145 value: 1
05-27 08:04:23.580   581   581 D spidev_ioctl: gpio status=1)
05-27 18:13:14.618   299  1163 D EvsDriver: doneWithFrame
05-27 18:13:14.620   581   581 I SpiService: fgesysctrl_getGPIO_status success val=1
05-27 08:04:23.585   581   581 D spi_rst_gpio_get_output: GPIO 145 value: 1
05-27 08:04:23.585   581   581 D spidev_ioctl: gpio status=1)
05-27 18:13:14.622 13911 14183 I SentryImuMcuAngleSender: 179.986rollDeg
05-27 18:13:14.622 13911 14183 I SentryImuMcuAngleSender: 1,0,0
05-27 18:13:14.622   536   536 D commservice260303: msg.id = 1028,0
05-27 18:13:14.622   536   536 D commservice260303: i = 170, msgid = 8A000404
05-27 18:13:14.622   536   536 D commservice260303: msgid = -1979710460,did=138
05-27 18:13:14.622   536   536 D commservice260303: CommProtocolLibCmdBaseI2C::dataproc {"command":{"id":"imu_status","sub":""},"content":{"TimeStamp":8,"FrameCounter":200074,"GD_X":-0.011682018637657166,"GD_Y":0.004656890872865915,"GD_Z":0.002519079949706793,"AD_X":-0.001779213547706604,"AD_Y":-0.0026619380805641413,"AD_Z":-0.16948509216308594,"TempDsp":0,"Status":0,"CalibState":1,"SigAmpInvalid":0}},-1979710460
05-27 18:13:14.623   536   536 D commservice260303: send2Cluster len:316, 7B22636F6D6D616E64223A7B226964223A22696D755F737461747573222C22737562223A22227D2C22636F6E74656E74223A7B2254696D655374616D70223A382C224672616D65436F756E746572223A3230303037342C2247445F58223A2D302E3031313638323031383633373635373136362C2247445F59223A302E3030343635363839303837323836353931352C2247445F5A223A302E3030323531393037393934393730363739332C2241445F58223A2D302E3030313737393231333534373730363630342C2241445F59223A2D302E303032363631393338303830353634313431332C2241445F5A223A2D302E31363934383530393231363330383539342C2254656D70447370223A302C22537461747573223A302C2243616C69625374617465223A312C22536967416D70496E76616C6964223A307D7D, 138 
05-27 18:13:14.623  1008 30857 D [OMXB]  : usingANWBuffer: handle:0xee743240, format:1, w:1920, h:1080
05-27 18:13:14.623   536   536 D commservice260303: Push Message into SendPool fn=692716288
05-27 18:13:14.623   536   536 D commservice260303: ComProtocolLibSend2Cluster::send2ClusterRaw fn=692716288 , len=332
05-27 18:13:14.623   536   536 D commservice260303: sendCmdToPort :332!!!
05-27 18:13:14.623   536   536 D commservice260303: send Cmd To Port ++++5AA501488A0100034A296A16C3BA7B22636F6D6D616E64223A7B226964223A22696D755F737461747573222C22737562223A22227D2C22636F6E74656E74223A7B2254696D655374616D70223A382C224672616D65436F756E746572223A3230303037342C2247445F58223A2D302E3031313638323031383633373635373136362C2247445F59223A302E3030343635363839303837323836353931352C2247445F5A223A302E3030323531393037393934393730363739332C2241445F58223A2D302E3030313737393231333534373730363630342C2241445F59223A2D302E303032363631393338303830353634313431332C2241445F5A223A2D302E31363934383530393231363330383539342C2254656D70447370223A302C22537461747573223A302C2243616C69625374617465223A312C22536967416D70496E76616C6964223A307D7DD781
05-27 18:13:14.623   536   536 D commservice260303: bufferevent_write retrun value = 0
05-27 18:13:14.623   536   560 D commservice260303: client datas send succeed,send finish
05-27 18:13:14.623 13911 14192 D Sentinelmode_1.2.5.17_sentry: <SentryImuClusterFgeSender>imu_status sent to Linux, frame=200074, tsNs=8661867, tsMs=8, intervalMs=40, ad=(-0.0017792135,-0.002661938,-0.16948509), gd=(-0.011682019,0.004656891,0.00251908)
05-27 18:13:14.626   581   581 I SpiService: fgesysctrl_getGPIO_status success val=1
05-27 08:04:23.590   581   581 D spi_rst_gpio_get_output: GPIO 145 value: 1
05-27 08:04:23.590   581   581 D spidev_ioctl: gpio status=1)
05-27 18:13:14.631   581   581 I SpiService: fgesysctrl_getGPIO_status success val=1
05-27 08:04:23.596   581   581 D spi_rst_gpio_get_output: GPIO 145 value: 1
05-27 08:04:23.596   581   581 D spidev_ioctl: gpio status=1)
05-27 18:13:14.633   283   307 I rvcservice: t.code = 0, t.value = 0
05-27 08:04:23.601   581   581 D spi_rst_gpio_get_output: GPIO 145 value: 0
05-27 08:04:23.601   581   581 D spidev_ioctl: gpio status=0)
05-27 18:13:14.637   581   581 I SpiService: fgesysctrl_getGPIO_status success val=0
05-27 18:13:14.640   299 30844 D EvsDriver: forwardFrame
05-27 18:13:14.642   299 30841 D EvsDriver: forwardFrame
05-27 18:13:14.643  1167  1167 D evsmanagerd: /dev/video6 forwarded the buffer #0 to 0xb4000074bf5f5510 from 0xb4000074bf5f6d90
05-27 18:13:14.643   299 30844 D EvsDriver: Delivered 0xb400007b7ca56900 as id 0
05-27 18:13:14.645   299 30841 D EvsDriver: Delivered 0xb400007b7ca56a60 as id 0
05-27 18:13:14.645  1167  1167 D evsmanagerd: /dev/video4 forwarded the buffer #0 to 0xb4000074bf5f6850 from 0xb4000074bf5f41d0
05-27 18:13:14.645 30773 30782 E dvr_service_: [myNum:0] Received S**** loss
05-27 18:13:14.646 30773 30782 E dvr_service_: [myNum:1] Received S**** loss
05-27 18:13:14.646   299  1163 D EvsDriver: doneWithFrame
05-27 18:13:14.646   299  1153 D EvsDriver: doneWithFrame
05-27 18:13:14.646 13911 14183 I SentryImuMcuAngleSender: 179.98949rollDeg
05-27 18:13:14.646 13911 14183 I SentryImuMcuAngleSender: 1,0,0
05-27 08:04:23.612   278   278 I logd    : logdr: UID=0 GID=0 PID=26051 b tail=0 logMask=bf pid=0 start=0ns deadline=0ns
05-27 18:13:14.649  1041  1051 I ThermalCvtGovernor: soc(default) curTemp: 90888 tripTemp: 95000 setPollingDelay: 2000
05-27 18:13:14.651   581   581 I SpiService: fgesysctrl_getGPIO_status success val=1
05-27 18:13:14.651   572   622 I Sensors : 230 GyroSensor: x:-0.011530,y:0.006108,z:0.002290
05-27 18:13:14.652  1008 30856 D [OMXB]  : usingANWBuffer: handle:0xee746310, format:1, w:1920, h:1080
05-27 08:04:23.616   581   581 D spi_rst_gpio_get_output: GPIO 145 value: 1
05-27 08:04:23.616   581   581 D spidev_ioctl: gpio status=1)
05-27 08:04:23.621   581   581 D spi_rst_gpio_get_output: GPIO 145 value: 1
05-27 08:04:23.621   581   581 D spidev_ioctl: gpio status=1)
05-27 18:13:14.656   581   581 I SpiService: fgesysctrl_getGPIO_status success val=1
05-27 18:13:14.661   269   269 D libvintf: HalManifest::getHidlTransport(framework): Cannot find android.hardware.usb@1.0::IUsb/default
05-27 18:13:14.662   269   269 D libvintf: HalManifest::getHidlTransport(device): Cannot find android.hardware.usb@1.0::IUsb/default
05-27 18:13:14.662   269   269 I hwservicemanager: getTransport: Cannot find entry android.hardware.usb@1.0::IUsb/default in either framework or device VINTF manifest.
05-27 18:13:14.662   581   581 I SpiService: fgesysctrl_getGPIO_status success val=1
05-27 18:13:14.662   536   536 D commservice260303: msg.id = 1028,1
05-27 18:13:14.662   536   536 D commservice260303: i = 170, msgid = 8A000404
05-27 18:13:14.662   536   536 D commservice260303: msgid = -1979710460,did=138
05-27 18:13:14.662   536   536 D commservice260303: CommProtocolLibCmdBaseI2C::dataproc {"command":{"id":"imu_status","sub":""},"content":{"TimeStamp":8,"FrameCounter":200075,"GD_X":-0.01153013575822115,"GD_Y":0.006108105648308992,"GD_Z":0.0022902146447449923,"AD_X":-0.004822522401809692,"AD_Y":-0.004466099664568901,"AD_Z":-0.16765403747558594,"TempDsp":0,"Status":0,"CalibState":1,"SigAmpInvalid":0}},-1979710460
05-27 18:13:14.662 12348 12448 E ExtUsbManager: UsbHalController: android.hardware.usb.V1_0.IUsb getService failed!
05-27 18:13:14.662 12348 12448 E ExtUsbManager: java.util.NoSuchElementException
05-27 18:13:14.662 12348 12448 E ExtUsbManager: 	at android.os.HwBinder.getService(Native Method)
05-27 18:13:14.662 12348 12448 E ExtUsbManager: 	at android.os.HwBinder.getService(HwBinder.java:81)
05-27 18:13:14.662 12348 12448 E ExtUsbManager: 	at android.hardware.usb.V1_0.IUsb.getService(IUsb.java:74)
05-27 18:13:14.662 12348 12448 E ExtUsbManager: 	at android.hardware.usb.V1_0.IUsb.getService(IUsb.java:84)
05-27 18:13:14.662 12348 12448 E ExtUsbManager: 	at ts.car.usb.UsbHalController.createService(UsbHalController.java:37)
05-27 18:13:14.662 12348 12448 E ExtUsbManager: 	at ts.car.usb.UsbHalController.createService(UsbHalController.java:18)
05-27 18:13:14.662 12348 12448 E ExtUsbManager: 	at ts.car.usb.utils.AutoServiceConnector4Hidl.autoConnect(AutoServiceConnector4Hidl.java:47)
05-27 18:13:14.662 12348 12448 E ExtUsbManager: 	at ts.car.usb.utils.AutoServiceConnector4Hidl$$ExternalSyntheticLambda0.run(Unknown Source:2)
05-27 18:13:14.662 12348 12448 E ExtUsbManager: 	at android.os.Handler.handleCallback(Handler.java:942)
05-27 18:13:14.662 12348 12448 E ExtUsbManager: 	at android.os.Handler.dispatchMessage(Handler.java:99)
05-27 18:13:14.662 12348 12448 E ExtUsbManager: 	at android.os.Looper.loopOnce(Looper.java:201)
05-27 18:13:14.662 12348 12448 E ExtUsbManager: 	at android.os.Looper.loop(Looper.java:288)
05-27 18:13:14.662 12348 12448 E ExtUsbManager: 	at android.os.HandlerThread.run(HandlerThread.java:67)
05-27 18:13:14.663   536   536 D commservice260303: send2Cluster len:315, 7B22636F6D6D616E64223A7B226964223A22696D755F737461747573222C22737562223A22227D2C22636F6E74656E74223A7B2254696D655374616D70223A382C224672616D65436F756E746572223A3230303037352C2247445F58223A2D302E30313135333031333537353832323131352C2247445F59223A302E3030363130383130353634383330383939322C2247445F5A223A302E303032323930323134363434373434393932332C2241445F58223A2D302E3030343832323532323430313830393639322C2241445F59223A2D302E3030343436363039393636343536383930312C2241445F5A223A2D302E31363736353430333734373535383539342C2254656D70447370223A302C22537461747573223A302C2243616C69625374617465223A312C22536967416D70496E76616C6964223A307D7D, 138 
05-27 18:13:14.663   536   536 D commservice260303: Push Message into SendPool fn=709493504
05-27 18:13:14.663   536   536 D commservice260303: ComProtocolLibSend2Cluster::send2ClusterRaw fn=709493504 , len=331
05-27 18:13:14.663   536   536 D commservice260303: sendCmdToPort :331!!!
05-27 18:13:14.663   536   536 D commservice260303: send Cmd To Port ++++5AA501478A0100034A2A6A16C3BA7B22636F6D6D616E64223A7B226964223A22696D755F737461747573222C22737562223A22227D2C22636F6E74656E74223A7B2254696D655374616D70223A382C224672616D65436F756E746572223A3230303037352C2247445F58223A2D302E30313135333031333537353832323131352C2247445F59223A302E3030363130383130353634383330383939322C2247445F5A223A302E303032323930323134363434373434393932332C2241445F58223A2D302E3030343832323532323430313830393639322C2241445F59223A2D302E3030343436363039393636343536383930312C2241445F5A223A2D302E31363736353430333734373535383539342C2254656D70447370223A302C22537461747573223A302C2243616C69625374617465223A312C22536967416D70496E76616C6964223A307D7DF2E8
05-27 18:13:14.663   536   536 D commservice260303: bufferevent_write retrun value = 0
05-27 18:13:14.663   536   560 D commservice260303: client datas send succeed,send finish
05-27 18:13:14.663 13911 14192 D Sentinelmode_1.2.5.17_sentry: <SentryImuClusterFgeSender>imu_status sent to Linux, frame=200075, tsNs=8661902, tsMs=8, intervalMs=40, ad=(-0.0048225224,-0.0044660997,-0.16765404), gd=(-0.011530136,0.0061081056,0.0022902146)
05-27 08:04:23.627   581   581 D spi_rst_gpio_get_output: GPIO 145 value: 1
05-27 08:04:23.627   581   581 D spidev_ioctl: gpio status=1)
05-27 18:13:14.665   269   269 D libvintf: HalManifest::getHidlTransport(framework): Cannot find vendor.ts.usbext@1.0::IUsbext/default
05-27 18:13:14.665   269   269 D libvintf: HalManifest::getHidlTransport(device): Cannot find vendor.ts.usbext@1.0::IUsbext/default
05-27 18:13:14.666   269   269 I hwservicemanager: getTransport: Cannot find entry vendor.ts.usbext@1.0::IUsbext/default in either framework or device VINTF manifest.
05-27 18:13:14.667 12348 12448 E ExtUsbManager: UsbHalExtController: vendor.ts.usbext.V1_0.IUsbext getService failed!
05-27 18:13:14.667 12348 12448 E ExtUsbManager: java.util.NoSuchElementException
05-27 18:13:14.667 12348 12448 E ExtUsbManager: 	at android.os.HwBinder.getService(Native Method)
05-27 18:13:14.667 12348 12448 E ExtUsbManager: 	at android.os.HwBinder.getService(HwBinder.java:81)
05-27 18:13:14.667 12348 12448 E ExtUsbManager: 	at vendor.ts.usbext.V1_0.IUsbext.getService(IUsbext.java:74)
05-27 18:13:14.667 12348 12448 E ExtUsbManager: 	at vendor.ts.usbext.V1_0.IUsbext.getService(IUsbext.java:84)
05-27 18:13:14.667 12348 12448 E ExtUsbManager: 	at ts.car.usb.UsbHalExtController.createService(UsbHalExtController.java:37)
05-27 18:13:14.667 12348 12448 E ExtUsbManager: 	at ts.car.usb.UsbHalExtController.createService(UsbHalExtController.java:18)
05-27 18:13:14.667 12348 12448 E ExtUsbManager: 	at ts.car.usb.utils.AutoServiceConnector4Hidl.autoConnect(AutoServiceConnector4Hidl.java:47)
05-27 18:13:14.667 12348 12448 E ExtUsbManager: 	at ts.car.usb.utils.AutoServiceConnector4Hidl$$ExternalSyntheticLambda0.run(Unknown Source:2)
05-27 18:13:14.667 12348 12448 E ExtUsbManager: 	at android.os.Handler.handleCallback(Handler.java:942)
05-27 18:13:14.667 12348 12448 E ExtUsbManager: 	at android.os.Handler.dispatchMessage(Handler.java:99)
05-27 18:13:14.667 12348 12448 E ExtUsbManager: 	at android.os.Looper.loopOnce(Looper.java:201)
05-27 18:13:14.667 12348 12448 E ExtUsbManager: 	at android.os.Looper.loop(Looper.java:288)
05-27 18:13:14.667 12348 12448 E ExtUsbManager: 	at android.os.HandlerThread.run(HandlerThread.java:67)
05-27 18:13:14.668   581   581 I SpiService: fgesysctrl_getGPIO_status success val=1
05-27 18:13:14.668 13911 14183 I SentryImuMcuAngleSender: 179.99649rollDeg
05-27 18:13:14.668 13911 14183 I SentryImuMcuAngleSender: 1,0,0
05-27 08:04:23.632   581   581 D spi_rst_gpio_get_output: GPIO 145 value: 1
05-27 08:04:23.632   581   581 D spidev_ioctl: gpio status=1)
05-27 18:13:14.671   269   269 D libvintf: HalManifest::getHidlTransport(framework): Cannot find android.hardware.usb.gadget@1.0::IUsbGadget/default
05-27 18:13:14.672   269   269 D libvintf: HalManifest::getHidlTransport(device): Cannot find android.hardware.usb.gadget@1.0::IUsbGadget/default
05-27 18:13:14.672   269   269 I hwservicemanager: getTransport: Cannot find entry android.hardware.usb.gadget@1.0::IUsbGadget/default in either framework or device VINTF manifest.
05-27 18:13:14.672 12348 12448 E ExtUsbManager: UsbGadgetController: android.hardware.usb.gadget.V1_0.IUsbGadget getService failed!
05-27 18:13:14.672 12348 12448 E ExtUsbManager: java.util.NoSuchElementException
05-27 18:13:14.672 12348 12448 E ExtUsbManager: 	at android.os.HwBinder.getService(Native Method)
05-27 18:13:14.672 12348 12448 E ExtUsbManager: 	at android.os.HwBinder.getService(HwBinder.java:81)
05-27 18:13:14.672 12348 12448 E ExtUsbManager: 	at android.hardware.usb.gadget.V1_0.IUsbGadget.getService(IUsbGadget.java:74)
05-27 18:13:14.672 12348 12448 E ExtUsbManager: 	at android.hardware.usb.gadget.V1_0.IUsbGadget.getService(IUsbGadget.java:84)
05-27 18:13:14.672 12348 12448 E ExtUsbManager: 	at ts.car.usb.UsbGadgetController.createService(UsbGadgetController.java:36)
05-27 18:13:14.672 12348 12448 E ExtUsbManager: 	at ts.car.usb.UsbGadgetController.createService(UsbGadgetController.java:17)
05-27 18:13:14.672 12348 12448 E ExtUsbManager: 	at ts.car.usb.utils.AutoServiceConnector4Hidl.autoConnect(AutoServiceConnector4Hidl.java:47)
05-27 18:13:14.672 12348 12448 E ExtUsbManager: 	at ts.car.usb.utils.AutoServiceConnector4Hidl$$ExternalSyntheticLambda0.run(Unknown Source:2)
05-27 18:13:14.672 12348 12448 E ExtUsbManager: 	at android.os.Handler.handleCallback(Handler.java:942)
05-27 18:13:14.672 12348 12448 E ExtUsbManager: 	at android.os.Handler.dispatchMessage(Handler.java:99)
05-27 18:13:14.672 12348 12448 E ExtUsbManager: 	at android.os.Looper.loopOnce(Looper.java:201)
05-27 18:13:14.672 12348 12448 E ExtUsbManager: 	at android.os.Looper.loop(Looper.java:288)
05-27 18:13:14.672 12348 12448 E ExtUsbManager: 	at android.os.HandlerThread.run(HandlerThread.java:67)
05-27 18:13:14.673   581   581 I SpiService: fgesysctrl_getGPIO_status success val=1
05-27 18:13:14.676  1008 30857 D [OMXB]  : usingANWBuffer: handle:0xee7407a0, format:1, w:1920, h:1080
05-27 08:04:23.638   581   581 D spi_rst_gpio_get_output: GPIO 145 value: 1
05-27 08:04:23.638   581   581 D spidev_ioctl: gpio status=1)
05-27 18:13:14.679   581   581 I SpiService: fgesysctrl_getGPIO_status success val=0
05-27 08:04:23.644   581   581 D spi_rst_gpio_get_output: GPIO 145 value: 0
05-27 08:04:23.644   581   581 D spidev_ioctl: gpio status=0)
05-27 18:13:14.682   299 30844 D EvsDriver: forwardFrame
05-27 18:13:14.682   299 30841 D EvsDriver: forwardFrame
05-27 18:13:14.685  1167  1184 D evsmanagerd: /dev/video4 forwarded the buffer #0 to 0xb4000074bf5f6850 from 0xb4000074bf5f41d0
05-27 18:13:14.685  1167  1167 D evsmanagerd: /dev/video6 forwarded the buffer #0 to 0xb4000074bf5f5510 from 0xb4000074bf5f6d90
05-27 18:13:14.685   299 30841 D EvsDriver: Delivered 0xb400007b7ca56a60 as id 0
05-27 18:13:14.685   299 30844 D EvsDriver: Delivered 0xb400007b7ca56900 as id 0
05-27 18:13:14.688 13911 14183 I SentryImuMcuAngleSender: 179.99649rollDeg
05-27 18:13:14.688 13911 14183 I SentryImuMcuAngleSender: 1,0,0
05-27 18:13:14.692   299  1153 D EvsDriver: doneWithFrame
05-27 18:13:14.692   299  1163 D EvsDriver: doneWithFrame
05-27 18:13:14.697   581   581 I SpiService: fgesysctrl_getGPIO_status success val=1
05-27 08:04:23.662   581   581 D spi_rst_gpio_get_output: GPIO 145 value: 1
05-27 08:04:23.662   581   581 D spidev_ioctl: gpio status=1)
05-27 18:13:14.701  1008 30856 D [OMXB]  : usingANWBuffer: handle:0xee741400, format:1, w:1920, h:1080
05-27 18:13:14.701 30773 30786 I dvr_service_: CameraX 0  audioOK: 5696000,audios:90
05-27 18:13:14.703   581   581 I SpiService: fgesysctrl_getGPIO_status success val=1
05-27 18:13:14.703 30773 30789 I dvr_service_: Camera 0: MediaOK:5632746, frames:130, isKeyFrame:0,pts:8661512039
05-27 18:13:14.704   536   536 D commservice260303: msg.id = 1028,1
05-27 18:13:14.704   536   536 D commservice260303: i = 170, msgid = 8A000404
05-27 18:13:14.704   536   536 D commservice260303: msgid = -1979710460,did=138
05-27 18:13:14.704   536   536 D commservice260303: CommProtocolLibCmdBaseI2C::dataproc {"command":{"id":"imu_status","sub":""},"content":{"TimeStamp":8,"FrameCounter":200076,"GD_X":-0.010994902811944485,"GD_Y":0.006642818450927734,"GD_Z":0.0018319635419175029,"AD_X":-0.005409121513366699,"AD_Y":-0.001397815765812993,"AD_Z":-0.16826629638671875,"TempDsp":0,"Status":0,"CalibState":1,"SigAmpInvalid":0}},-1979710460
05-27 18:13:14.704   536   536 D commservice260303: send2Cluster len:316, 7B22636F6D6D616E64223A7B226964223A22696D755F737461747573222C22737562223A22227D2C22636F6E74656E74223A7B2254696D655374616D70223A382C224672616D65436F756E746572223A3230303037362C2247445F58223A2D302E3031303939343930323831313934343438352C2247445F59223A302E3030363634323831383435303932373733342C2247445F5A223A302E303031383331393633353431393137353032392C2241445F58223A2D302E3030353430393132313531333336363639392C2241445F59223A2D302E3030313339373831353736353831323939332C2241445F5A223A2D302E31363832363632393633383637313837352C2254656D70447370223A302C22537461747573223A302C2243616C69625374617465223A312C22536967416D70496E76616C6964223A307D7D, 138 
05-27 18:13:14.704   536   536 D commservice260303: Push Message into SendPool fn=726270720
05-27 18:13:14.704   536   536 D commservice260303: ComProtocolLibSend2Cluster::send2ClusterRaw fn=726270720 , len=332
05-27 18:13:14.704   536   536 D commservice260303: sendCmdToPort :332!!!
05-27 18:13:14.704   536   536 D commservice260303: send Cmd To Port ++++5AA501488A0100034A2B6A16C3BA7B22636F6D6D616E64223A7B226964223A22696D755F737461747573222C22737562223A22227D2C22636F6E74656E74223A7B2254696D655374616D70223A382C224672616D65436F756E746572223A3230303037362C2247445F58223A2D302E3031303939343930323831313934343438352C2247445F59223A302E3030363634323831383435303932373733342C2247445F5A223A302E303031383331393633353431393137353032392C2241445F58223A2D302E3030353430393132313531333336363639392C2241445F59223A2D302E3030313339373831353736353831323939332C2241445F5A223A2D302E31363832363632393633383637313837352C2254656D70447370223A302C22537461747573223A302C2243616C69625374617465223A312C22536967416D70496E76616C6964223A307D7DA3BD
05-27 18:13:14.704   536   536 D commservice260303: bufferevent_write retrun value = 0
05-27 18:13:14.704   536   560 D commservice260303: client datas send succeed,send finish
05-27 08:04:23.667   581   581 D spi_rst_gpio_get_output: GPIO 145 value: 1
05-27 18:13:14.705 13911 14192 D Sentinelmode_1.2.5.17_sentry: <SentryImuClusterFgeSender>imu_status sent to Linux, frame=200076, tsNs=8661938, tsMs=8, intervalMs=41, ad=(-0.0054091215,-0.0013978158,-0.1682663), gd=(-0.010994903,0.0066428185,0.0018319635)
05-27 08:04:23.667   581   581 D spidev_ioctl: gpio status=1)
05-27 18:13:14.708   581   581 I SpiService: fgesysctrl_getGPIO_status success val=1
05-27 08:04:23.673   581   581 D spi_rst_gpio_get_output: GPIO 145 value: 1
05-27 08:04:23.673   581   581 D spidev_ioctl: gpio status=1)
05-27 18:13:14.709 13911 14183 I SentryImuMcuAngleSender: 179.97546rollDeg
05-27 18:13:14.709 13911 14183 I SentryImuMcuAngleSender: 1,0,0
05-27 18:13:14.709   299 30844 D EvsDriver: forwardFrame
05-27 18:13:14.710   299 30841 D EvsDriver: forwardFrame
05-27 18:13:14.712   299 30841 D EvsDriver: Delivered 0xb400007b7ca56a60 as id 0
05-27 18:13:14.712  1167  1167 D evsmanagerd: /dev/video4 forwarded the buffer #0 to 0xb4000074bf5f6850 from 0xb4000074bf5f41d0
05-27 18:13:14.713  1167  1167 D evsmanagerd: /dev/video6 forwarded the buffer #0 to 0xb4000074bf5f5510 from 0xb4000074bf5f6d90
05-27 18:13:14.713   299 30844 D EvsDriver: Delivered 0xb400007b7ca56900 as id 0
05-27 18:13:14.715   581   581 I SpiService: fgesysctrl_getGPIO_status success val=1
05-27 18:13:14.717   299  1163 D EvsDriver: doneWithFrame
05-27 18:13:14.717   299  1153 D EvsDriver: doneWithFrame
05-27 08:04:23.679   581   581 D spi_rst_gpio_get_output: GPIO 145 value: 1
05-27 08:04:23.679   581   581 D spidev_ioctl: gpio status=1)
05-27 18:13:14.721   581   581 I SpiService: fgesysctrl_getGPIO_status success val=0
05-27 08:04:23.686   581   581 D spi_rst_gpio_get_output: GPIO 145 value: 0
05-27 08:04:23.686   581   581 D spidev_ioctl: gpio status=0)
05-27 18:13:14.727  1008 30857 D [OMXB]  : usingANWBuffer: handle:0xee744790, format:1, w:1920, h:1080
05-27 18:13:14.729 13911 14183 I SentryImuMcuAngleSender: 179.98598rollDeg
05-27 18:13:14.729 13911 14183 I SentryImuMcuAngleSender: 1,0,0
05-27 18:13:14.733   283   307 I rvcservice: t.code = 3, t.value = 0
05-27 18:13:14.735   581   581 I SpiService: fgesysctrl_getGPIO_status success val=1
05-27 18:13:14.735   481   598 I mcuc    : rev,n=1,6AA681AE81006B89001E0600030A4000003419400000000040000005354000000000400059231C4000004000000000000000000000000000000000000100000000000000000000000000000000000000000000000000000000000000000000000000000000000000000000000000000000004B
05-27 18:13:14.736   351   373 D automotive.vehicle@2.0-adayo-datacomm-mcu: MCUDatacomm sendMessageFromVehicle prop: 0x89, areaId: 0x0, status: 0x1e, timestamp: 0x6
05-27 18:13:14.736   351   373 D automotive.vehicle@2.0-adayo-datacomm-mcu: MCUDatacomm 1sendMessageFromVehicle ---> type = 3 
05-27 18:13:14.736   351   373 D automotive.vehicle@2.0-adayo-func-bcm: sendMessageFromVehicle sendMessageFromVehicle
05-27 18:13:14.736   351   516 D automotive.vehicle@2.0-adayo-func-bcm: jjfan1 ______procotolSize :38
05-27 18:13:14.736   351   516 D automotive.vehicle@2.0-adayo-func-bcm: BCMFunc sendMessageFromVehicle_l dataType: 12,mByte=7,propid=0x2140006b
05-27 18:13:14.736   351   516 D automotive.vehicle@2.0-adayo-func-bcm: BCMFunc sendMessageFromVehicle_l msgBuff[7]=0x40,start:0,len:6,temp:6,
05-27 18:13:14.736   351   516 D automotive.vehicle@2.0-adayo-func-bcm: BCMFunc sendMessageFromVehicle_l prop: 0x2140006b ,areaId: 0x0  SPLITE_BIT_DATA_INTEGER : 0
05-27 18:13:14.736   351   516 D automotive.vehicle@2.0-adayo-func-bcm: BCMFunc sendMessageFromVehicle_l id:557842539, area:0 not report! 
05-27 18:13:14.736   351   516 D automotive.vehicle@2.0-adayo-func-bcm: BCMFunc sendMessageFromVehicle_l dataType: 12,mByte=7,propid=0x2140006c
05-27 18:13:14.736   351   516 D automotive.vehicle@2.0-adayo-func-bcm: BCMFunc sendMessageFromVehicle_l msgBuff[7]=0x40,start:6,len:2,temp:2,
05-27 18:13:14.736   351   516 D automotive.vehicle@2.0-adayo-func-bcm: BCMFunc sendMessageFromVehicle_l prop: 0x2140006c ,areaId: 0x0  SPLITE_BIT_DATA_INTEGER : 1
05-27 18:13:14.736   351   516 D automotive.vehicle@2.0-adayo-func-bcm: BCMFunc sendMessageFromVehicle_l id:557842540, area:0 not report! 
05-27 18:13:14.736   351   516 D automotive.vehicle@2.0-adayo-func-bcm: BCMFunc sendMessageFromVehicle_l dataType: 12,mByte=11,propid=0x2140004a
05-27 18:13:14.736   351   516 D automotive.vehicle@2.0-adayo-func-bcm: BCMFunc sendMessageFromVehicle_l msgBuff[11]=0x19,start:0,len:32,temp:8,
05-27 18:13:14.736   351   516 D automotive.vehicle@2.0-adayo-func-bcm: BCMFunc sendMessageFromVehicle_l msgBuff[10]=0x34,start:0,len:24,temp:8,
05-27 18:13:14.736   351   516 D automotive.vehicle@2.0-adayo-func-bcm: BCMFunc sendMessageFromVehicle_l msgBuff[9]=0x0,start:0,len:16,temp:8,
05-27 18:13:14.736   351   516 D automotive.vehicle@2.0-adayo-func-bcm: BCMFunc sendMessageFromVehicle_l msgBuff[8]=0x0,start:0,len:8,temp:8,
05-27 18:13:14.736   351   516 D automotive.vehicle@2.0-adayo-func-bcm: BCMFunc sendMessageFromVehicle_l prop: 0x2140004a ,areaId: 0x0  SPLITE_BIT_DATA_INTEGER : 13337
05-27 18:13:14.736   351   516 D automotive.vehicle@2.0-adayo-func-bcm: BCMFunc sendMessageFromVehicle_l id:557842506, area:0 not report! 
05-27 18:13:14.736   351   516 D automotive.vehicle@2.0-adayo-func-bcm: BCMFunc sendMessageFromVehicle_l dataType: 12,mByte=12,propid=0x2140006d
05-27 18:13:14.736   351   516 D automotive.vehicle@2.0-adayo-func-bcm: BCMFunc sendMessageFromVehicle_l msgBuff[12]=0x40,start:0,len:6,temp:6,
05-27 18:13:14.736   351   516 D automotive.vehicle@2.0-adayo-func-bcm: BCMFunc sendMessageFromVehicle_l prop: 0x2140006d ,areaId: 0x0  SPLITE_BIT_DATA_INTEGER : 0
05-27 18:13:14.736   351   516 D automotive.vehicle@2.0-adayo-func-bcm: BCMFunc sendMessageFromVehicle_l id:557842541, area:0 not report! 
05-27 18:13:14.736   351   516 D automotive.vehicle@2.0-adayo-func-bcm: BCMFunc sendMessageFromVehicle_l dataType: 12,mByte=12,propid=0x2140006e
05-27 18:13:14.736   351   516 D automotive.vehicle@2.0-adayo-func-bcm: BCMFunc sendMessageFromVehicle_l msgBuff[12]=0x40,start:6,len:2,temp:2,
05-27 18:13:14.736   351   516 D automotive.vehicle@2.0-adayo-func-bcm: BCMFunc sendMessageFromVehicle_l prop: 0x2140006e ,areaId: 0x0  SPLITE_BIT_DATA_INTEGER : 1
05-27 18:13:14.736   351   516 D automotive.vehicle@2.0-adayo-func-bcm: BCMFunc sendMessageFromVehicle_l id:557842542, area:0 not report! 
05-27 18:13:14.736   351   516 D automotive.vehicle@2.0-adayo-func-bcm: BCMFunc sendMessageFromVehicle_l dataType: 12,mByte=16,propid=0x21600040
05-27 18:13:14.736   351   516 D automotive.vehicle@2.0-adayo-func-bcm: BCMFunc sendMessageFromVehicle_l msgBuff[16]=0x0,start:0,len:32,temp:8,
05-27 18:13:14.736   351   516 D automotive.vehicle@2.0-adayo-func-bcm: BCMFunc sendMessageFromVehicle_l msgBuff[15]=0x0,start:0,len:24,temp:8,
05-27 18:13:14.736   351   516 D automotive.vehicle@2.0-adayo-func-bcm: BCMFunc sendMessageFromVehicle_l msgBuff[14]=0x0,start:0,len:16,temp:8,
05-27 18:13:14.736   351   516 D automotive.vehicle@2.0-adayo-func-bcm: BCMFunc sendMessageFromVehicle_l msgBuff[13]=0x0,start:0,len:8,temp:8,
05-27 18:13:14.736   351   516 D automotive.vehicle@2.0-adayo-func-bcm: BCMFunc sendMessageFromVehicle_l prop: 0x21600040 , SPLITE_BIT_DATA_INTEGER1 data:0
