05-27 18:13:15.848   536   536 D commservice260303: ComProtocolLibSend2Cluster::send2ClusterRaw fn=1212809984 , len=333
05-27 18:13:15.848   536   536 D commservice260303: sendCmdToPort :333!!!
05-27 18:13:15.848   536   536 D commservice260303: send Cmd To Port ++++5AA501498A0100034A486A16C3BB7B22636F6D6D616E64223A7B226964223A22696D755F737461747573222C22737562223A22227D2C22636F6E74656E74223A7B2254696D655374616D70223A382C224672616D65436F756E746572223A3230303130342C2247445F58223A2D302E3031313134373832353937383639363334362C2247445F59223A302E3030343830393831343530353237393036342C2247445F5A223A302E303031393037393035333330383831343736342C2241445F58223A2D302E303033363032393037303631353736383433332C2241445F59223A302E303033333838343935363530313432343331332C2241445F5A223A2D302E31363436303531343036383630333531362C2254656D70447370223A302C22537461747573223A302C2243616C69625374617465223A312C22536967416D70496E76616C6964223A307D7D28E2
05-27 18:13:15.848   536   536 D commservice260303: bufferevent_write retrun value = 0
05-27 08:04:24.815   581   581 D spi_rst_gpio_get_output: GPIO 145 value: 1
05-27 08:04:24.815   581   581 D spidev_ioctl: gpio status=1)
05-27 18:13:15.848   299  1163 D EvsDriver: doneWithFrame
05-27 18:13:15.848   536   560 D commservice260303: client datas send succeed,send finish
05-27 18:13:15.849 13911 14192 D Sentinelmode_1.2.5.17_sentry: <SentryImuClusterFgeSender>imu_status sent to Linux, frame=200104, tsNs=8663096, tsMs=8, intervalMs=39, ad=(-0.003602907,0.0033884957,-0.16460514), gd=(-0.011147826,0.0048098145,0.0019079053)
05-27 18:13:15.849   299  1163 D EvsDriver: doneWithFrame
05-27 18:13:15.851   581   581 I SpiService: fgesysctrl_getGPIO_status success val=1
05-27 18:13:15.853   536   560 D commservice260303: recv len:77, 5AA500490600000032B66A16C3BB7B22636F6D6D616E64223A7B226964223A226473695F6C7578222C22737562223A22227D2C22636F6E74656E74223A7B2276616C7565223A3230307D7DEB6E from server
05-27 18:13:15.853   536  2578 D commservice260303: mcuDataAnalyzeHandle templen:77,len:77,pos:0, 5AA500490600000032B66A16C3BB7B22636F6D6D616E64223A7B226964223A226473695F6C7578222C22737562223A22227D2C22636F6E74656E74223A7B2276616C7565223A3230307D7DEB6E 
05-27 18:13:15.854   536  2578 I commservice260303: checksumCal = 60270
05-27 18:13:15.854   536  2578 D commservice260303: CommProtocolLibCmdBaseC2I::dataproc {"command":{"id":"dsi_lux","sub":""},"content":{"value":200}},6
05-27 18:13:15.854   536  2578 D commservice260303: mcuCommMessageManager::notifyMsgToClient hwbinder OK
05-27 18:13:15.854   536  2578 D commservice260303: McuProtocolLibSend2Service::send2Service ret=1
05-27 18:13:15.854 12246 12440 D ivicomm_CommManager: fgeComServiceCallback: {"command":{"id":"dsi_lux","sub":""},"content":{"value":200}}
05-27 18:13:15.855 12246 12440 D ivicomm_CallbackManager: registerCallback DSI_LUX: {"value":200} mCommStateCallbackMap size:4
05-27 18:13:15.855 13911 14183 I SentryImuMcuAngleSender: 179.95093rollDeg
05-27 18:13:15.855 11579 11619 D NSLogUtils_VehicleService: L2A comm state: id=dsi_lux, value=200
05-27 18:13:15.855 13911 14183 I SentryImuMcuAngleSender: 1,0,0
05-27 18:13:15.856 11344  6590 D SystemUI_SystemSettingsControllerService: onCommState: commandID = dsi_lux; value = 200
05-27 18:13:15.856   581   581 I SpiService: fgesysctrl_getGPIO_status success val=1
05-27 08:04:24.821   581   581 D spi_rst_gpio_get_output: GPIO 145 value: 1
05-27 08:04:24.821   581   581 D spidev_ioctl: gpio status=1)
05-27 18:13:15.862   581   581 I SpiService: fgesysctrl_getGPIO_status success val=1
05-27 08:04:24.827   581   581 D spi_rst_gpio_get_output: GPIO 145 value: 1
05-27 08:04:24.827   581   581 D spidev_ioctl: gpio status=1)
05-27 18:13:15.867 26061 26061 D AnwSdkService: apk rom size:40.90M
05-27 18:13:15.867   581   581 I SpiService: fgesysctrl_getGPIO_status success val=1
05-27 08:04:24.832   581   581 D spi_rst_gpio_get_output: GPIO 145 value: 1
05-27 08:04:24.832   581   581 D spidev_ioctl: gpio status=1)
05-27 18:13:15.869 26061 26061 D AnwSdkService: [android.permission.READ_EXTERNAL_STORAGE] permision is GRANTED
05-27 18:13:15.869 26061 26061 D AnwSdkService: [android.permission.WRITE_EXTERNAL_STORAGE] permision is GRANTED
05-27 18:13:15.871   299 30844 D EvsDriver: forwardFrame
05-27 18:13:15.871   299 30841 D EvsDriver: forwardFrame
05-27 18:13:15.872   299 30844 D EvsDriver: Delivered 0xb400007b7ca56900 as id 0
05-27 18:13:15.872   299 30841 D EvsDriver: Delivered 0xb400007b7ca56a60 as id 0
05-27 18:13:15.872  1167  1167 D evsmanagerd: /dev/video6 forwarded the buffer #0 to 0xb4000074bf5f5510 from 0xb4000074bf5f6d90
05-27 18:13:15.872  1167  1184 D evsmanagerd: /dev/video4 forwarded the buffer #0 to 0xb4000074bf5f6850 from 0xb4000074bf5f41d0
05-27 18:13:15.873   581   581 I SpiService: fgesysctrl_getGPIO_status success val=0
05-27 18:13:15.875 13911 14183 I SentryImuMcuAngleSender: 179.97897rollDeg
05-27 18:13:15.875 13911 14183 I SentryImuMcuAngleSender: 1,0,0
05-27 18:13:15.877   299  1163 D EvsDriver: doneWithFrame
05-27 18:13:15.877   299  1153 D EvsDriver: doneWithFrame
05-27 08:04:24.837   581   581 D spi_rst_gpio_get_output: GPIO 145 value: 0
05-27 08:04:24.837   581   581 D spidev_ioctl: gpio status=0)
05-27 18:13:15.881 26061 26061 D AnwSdkService: onCreate end
05-27 18:13:15.882  1008 30856 D [OMXB]  : usingANWBuffer: handle:0xee741b90, format:1, w:1920, h:1080
05-27 18:13:15.883 26061 26061 D AnwSdkService: onBind
05-27 18:13:15.885 13435 13435 D BtManager: onServiceConnected
05-27 18:13:15.888   581   581 I SpiService: fgesysctrl_getGPIO_status success val=1
05-27 08:04:24.852   581   581 D spi_rst_gpio_get_output: GPIO 145 value: 1
05-27 18:13:15.888 26061 26090 D AnwSdkService: GetPowerStatus = POWER_OFF
05-27 18:13:15.888 26061 26090 D AnwSdkService: ANWBT_GetBTPowerStatus() POWER_OFF
05-27 18:13:15.888 26061 26090 D AnwSdkService: GetPowerStatus = POWER_OFF
05-27 18:13:15.889 13435 13435 D BtManager: ANWBT_BTPowerOn
05-27 18:13:15.889 13435 13435 D BtManager: ANWBT_GetBTPowerStatus
05-27 18:13:15.889   536   536 D commservice260303: msg.id = 1028,1
05-27 18:13:15.889   536   536 D commservice260303: i = 170, msgid = 8A000404
05-27 18:13:15.889   536   536 D commservice260303: msgid = -1979710460,did=138
05-27 18:13:15.889   536   536 D commservice260303: CommProtocolLibCmdBaseI2C::dataproc {"command":{"id":"imu_status","sub":""},"content":{"TimeStamp":8,"FrameCounter":200105,"GD_X":-0.011377211660146713,"GD_Y":0.0057257963344454765,"GD_Z":0.0020608289632946253,"AD_X":-0.005418598651885986,"AD_Y":-0.005129532888531685,"AD_Z":-0.16826629638671875,"TempDsp":0,"Status":0,"CalibState":1,"SigAmpInvalid":0}},-1979710460
05-27 08:04:24.852   581   581 D spidev_ioctl: gpio status=1)
05-27 18:13:15.889   536   536 D commservice260303: send2Cluster len:317, 7B22636F6D6D616E64223A7B226964223A22696D755F737461747573222C22737562223A22227D2C22636F6E74656E74223A7B2254696D655374616D70223A382C224672616D65436F756E746572223A3230303130352C2247445F58223A2D302E3031313337373231313636303134363731332C2247445F59223A302E303035373235373936333334343435343736352C2247445F5A223A302E303032303630383238393633323934363235332C2241445F58223A2D302E3030353431383539383635313838353938362C2241445F59223A2D302E3030353132393533323838383533313638352C2241445F5A223A2D302E31363832363632393633383637313837352C2254656D70447370223A302C22537461747573223A302C2243616C69625374617465223A312C22536967416D70496E76616C6964223A307D7D, 138 
05-27 18:13:15.889   536   536 D commservice260303: Push Message into SendPool fn=1229587200
05-27 18:13:15.889   536   536 D commservice260303: ComProtocolLibSend2Cluster::send2ClusterRaw fn=1229587200 , len=333
05-27 18:13:15.889   536   536 D commservice260303: sendCmdToPort :333!!!
05-27 18:13:15.890   536   536 D commservice260303: send Cmd To Port ++++5AA501498A0100034A496A16C3BB7B22636F6D6D616E64223A7B226964223A22696D755F737461747573222C22737562223A22227D2C22636F6E74656E74223A7B2254696D655374616D70223A382C224672616D65436F756E746572223A3230303130352C2247445F58223A2D302E3031313337373231313636303134363731332C2247445F59223A302E303035373235373936333334343435343736352C2247445F5A223A302E303032303630383238393633323934363235332C2241445F58223A2D302E3030353431383539383635313838353938362C2241445F59223A2D302E3030353132393533323838383533313638352C2241445F5A223A2D302E31363832363632393633383637313837352C2254656D70447370223A302C22537461747573223A302C2243616C69625374617465223A312C22536967416D70496E76616C6964223A307D7D7231
05-27 18:13:15.890   536   536 D commservice260303: bufferevent_write retrun value = 0
05-27 18:13:15.890   536   560 D commservice260303: client datas send succeed,send finish
05-27 18:13:15.890 13911 14192 D Sentinelmode_1.2.5.17_sentry: <SentryImuClusterFgeSender>imu_status sent to Linux, frame=200105, tsNs=8663132, tsMs=8, intervalMs=42, ad=(-0.0054185987,-0.005129533,-0.1682663), gd=(-0.011377212,0.0057257963,0.002060829)
05-27 18:13:15.891 26061 26090 D AnwSdkService: GetPowerStatus = POWER_OFF
05-27 18:13:15.891 26061 26090 D AnwSdkService: ANWBT_GetBTPowerStatus() POWER_OFF
05-27 18:13:15.891 26061 26090 D AnwSdkService: GetPowerStatus = POWER_OFF
05-27 18:13:15.892  1083  1083 I MyAppLog: [2026-05-27 18:13:15.891 I tboxap mcuSendYadiTransfer:196] [Mcu] [mcuYadiSend]: :00 08 3A 04 01 09 81 02 01 01
05-27 18:13:15.892 26061 26090 D AnwSdkService: anw-update,bt_java_data:20260516
05-27 18:13:15.892 26061 26090 D AnwSdkService: ANWBT_BTPowerOn()
05-27 18:13:15.893   581   581 I SpiService: fgesysctrl_getGPIO_status success val=1
05-27 18:13:15.893 26061 26090 D AnwSdkService: GetPowerStatus = POWER_OFF
05-27 18:13:15.894 26061 26090 D AnwSdkService: SetPowerStatus = POWER_ONING
05-27 18:13:15.895   481   599 I mcuc    : start timer OK = 24300 
05-27 18:13:15.895 13911 14183 I SentryImuMcuAngleSender: 180.0rollDeg
05-27 18:13:15.895 13911 14183 I SentryImuMcuAngleSender: 1,0,0
05-27 08:04:24.858   581   581 D spi_rst_gpio_get_output: GPIO 145 value: 1
05-27 08:04:24.858   581   581 D spidev_ioctl: gpio status=1)
05-27 18:13:15.898 26061 26098 I ANWJNI_SECOND: anw-update,bt_jni_data: 20260516
05-27 18:13:15.898 26061 26098 D ANWAPI_SECOND: (26061|0x29578CB0)[BTAPI] SDK >>>>AnWBT_Snoop_Open
05-27 18:13:15.898 26061 26098 D ANWJNI_SECOND: (26061|0x29578CB0)[BTAPP] PowOn_Thread
05-27 18:13:15.898 26061 26098 D ANWJNI_SECOND: 
05-27 18:13:15.899 26061 26099 D ANWJNI_SECOND: (26061|0x2946ECB0)[BTAPP] BTPowerOn!!
05-27 18:13:15.899 26061 26099 D ANWJNI_SECOND: (26061|0x2946ECB0)[BTAPP] in thread_power_on_func,getpid()=26061, priority = 10
05-27 18:13:15.899 26061 26099 D ANWJNI_SECOND: 
05-27 18:13:15.899 26061 26099 D ANWJNI_SECOND: (26061|0x2946ECB0)[BTAPP] doPowerOn_Timeout_Thread_Create
05-27 18:13:15.899 26061 26099 D ANWJNI_SECOND: 
05-27 18:13:15.899   581   581 I SpiService: fgesysctrl_getGPIO_status success val=1
05-27 18:13:15.899 13435 13435 I BtManager: ANWBT_BTPowerOn result = 0
05-27 18:13:15.899 13435 13435 D BtManager: ret = 2
05-27 18:13:15.899 26061 26099 D ANWJNI_SECOND: (26061|0x2946ECB0)[BTAPP] AnWBT_SetInitialValue(hfphf:0)(hfpag:2)(pbap:0)(map:0)(a2dpsink:0)(a2dpsource:2)(avrcpct:0)(avrcttg:2)
05-27 18:13:15.899 26061 26099 D ANWJNI_SECOND: 
05-27 18:13:15.900 26061 26099 D ANWAPI_SECOND: (26061|0x2946ECB0)[BTAPI] SDK >>>>AnWBT_SetInitialValue devclass: 0x3c020c
05-27 18:13:15.900 26061 26099 D ANWAPI_SECOND: (26061|0x2946ECB0)[BTAPI] AnWBT_SetInitialValue avrcp_tg_attribute=6
05-27 18:13:15.900 26061 26099 D ANWAPI_SECOND: (26061|0x2946ECB0)[BTAPI] SDK <<<<AnWBT_SetInitialValue 0x0
05-27 18:13:15.900 26061 26099 D ANWAPI_SECOND: (26061|0x2946ECB0)[BTAPI] SDK >>>>AnWBT_HFP_Enable_WBS 1
05-27 18:13:15.900 26061 26099 D ANWAPI_SECOND: (26061|0x2946ECB0)[BTAPI] SDK <<<<AnWBT_HFP_Enable_WBS 0
05-27 18:13:15.900 26061 26099 D ANW_WAVEOUT_SECOND: (26061|0x2946ECB0)[WAVEOUT] init Audio PCM Thread Mute(800)(101)
05-27 18:13:15.900 26061 26099 D ANW_WAVEOUT_SECOND: 
05-27 18:13:15.900 26061 26099 D ANWAPI_SECOND: (26061|0x2946ECB0)[BTAPI] anw-update,bt_sdk_data:20260516-not_supportLea
05-27 18:13:15.900 26061 26099 D ANWAPI_SECOND: (26061|0x2946ECB0)[BTAPI] SDK >>>>AnWBT_Init
05-27 18:13:15.900 26061 26099 D ANWAPI_SECOND: (26061|0x2946ECB0)[BTAPI] AnWBTSDK_Version=0x0300002a
05-27 18:13:15.900 26061 26099 D ANWAPI_SECOND: (26061|0x2946ECB0)[BTAPI] >>>>AnWBT_EEPROM_Read 
05-27 18:13:15.900 26061 26099 D ANWAPI_SECOND: (26061|0x2946ECB0)[BTAPI] B:Rpaired_storage[0]name[]addr[00:00:00:00:00:00]linkkey[00:00:00:00:00:00:00:00:00:00:00:00:00:00:00:00]
05-27 18:13:15.900 26061 26099 D ANWAPI_SECOND: (26061|0x2946ECB0)[BTAPI] B:Rpaired_storage[1]name[]addr[00:00:00:00:00:00]linkkey[00:00:00:00:00:00:00:00:00:00:00:00:00:00:00:00]
05-27 18:13:15.900 26061 26099 D ANWAPI_SECOND: (26061|0x2946ECB0)[BTAPI] B:Rpaired_storage[2]name[]addr[00:00:00:00:00:00]linkkey[00:00:00:00:00:00:00:00:00:00:00:00:00:00:00:00]
05-27 08:04:24.863   581   581 D spi_rst_gpio_get_output: GPIO 145 value: 1
05-27 08:04:24.863   581   581 D spidev_ioctl: gpio status=1)
05-27 18:13:15.901 26061 26100 D ANWJNI_SECOND: (26061|0x29370CB0)[BTAPP] doPowerOn_Timeout_Thread
05-27 18:13:15.901 26061 26100 D ANWJNI_SECOND: 
05-27 18:13:15.901 26061 26099 D ANWAPI_SECOND: (26061|0x2946ECB0)[BTAPI] B:Rpaired_storage[3]name[]addr[00:00:00:00:00:00]linkkey[00:00:00:00:00:00:00:00:00:00:00:00:00:00:00:00]
05-27 18:13:15.901 26061 26099 D ANWAPI_SECOND: (26061|0x2946ECB0)[BTAPI] B:Rpaired_storage[4]name[]addr[00:00:00:00:00:00]linkkey[00:00:00:00:00:00:00:00:00:00:00:00:00:00:00:00]
05-27 18:13:15.901 26061 26099 D ANWAPI_SECOND: (26061|0x2946ECB0)[BTAPI] B:Rpaired_storage[5]name[]addr[00:00:00:00:00:00]linkkey[00:00:00:00:00:00:00:00:00:00:00:00:00:00:00:00]
05-27 18:13:15.901 26061 26099 D ANWAPI_SECOND: (26061|0x2946ECB0)[BTAPI] B:Rpaired_storage[6]name[]addr[00:00:00:00:00:00]linkkey[00:00:00:00:00:00:00:00:00:00:00:00:00:00:00:00]
05-27 18:13:15.901 26061 26099 D ANWAPI_SECOND: (26061|0x2946ECB0)[BTAPI] B:Rpaired_storage[7]name[]addr[00:00:00:00:00:00]linkkey[00:00:00:00:00:00:00:00:00:00:00:00:00:00:00:00]
05-27 18:13:15.901 26061 26099 D ANWAPI_SECOND: (26061|0x2946ECB0)[BTAPI] B:Rpaired_storage[8]name[]addr[00:00:00:00:00:00]linkkey[00:00:00:00:00:00:00:00:00:00:00:00:00:00:00:00]
05-27 18:13:15.901 26061 26099 D ANWAPI_SECOND: (26061|0x2946ECB0)[BTAPI] B:Rpaired_storage[9]name[]addr[00:00:00:00:00:00]linkkey[00:00:00:00:00:00:00:00:00:00:00:00:00:00:00:00]
05-27 18:13:15.901 26061 26099 D ANWAPI_SECOND: (26061|0x2946ECB0)[BTAPI] B:Rpaired_storage[10]name[]addr[00:00:00:00:00:00]linkkey[00:00:00:00:00:00:00:00:00:00:00:00:00:00:00:00]
05-27 18:13:15.902 26061 26099 D ANW_AVRCP_SECOND: AnWBT_ReadStorage =/data/misc/anw//anwbt_storage.bin
05-27 18:13:15.902 26061 26099 D ANW_AVRCP_SECOND: AnWBT_ReadStorage open anwbt_bt_storage success
05-27 18:13:15.902 26061 26099 D ANW_AVRCP_SECOND: 
05-27 18:13:15.902 26061 26099 D ANW_AVRCP_SECOND: read storage size=6600
05-27 18:13:15.902 26061 26099 D ANW_AVRCP_SECOND: 
05-27 18:13:15.902 26061 26099 D ANWAPI_SECOND: (26061|0x2946ECB0)[BTAPI] A:Readpaired_storage[0]name[]cod[0]support[0]addr[00:00:00:00:00:00]linkkey[00:00:00:00:00:00:00:00:00:00:00:00:00:00:00:00]
05-27 18:13:15.902 26061 26099 D ANWAPI_SECOND: (26061|0x2946ECB0)[BTAPI] A:Readpaired_storage[1]name[]cod[0]support[0]addr[00:00:00:00:00:00]linkkey[00:00:00:00:00:00:00:00:00:00:00:00:00:00:00:00]
05-27 18:13:15.902 26061 26099 D ANWAPI_SECOND: (26061|0x2946ECB0)[BTAPI] A:Readpaired_storage[2]name[]cod[0]support[0]addr[00:00:00:00:00:00]linkkey[00:00:00:00:00:00:00:00:00:00:00:00:00:00:00:00]
05-27 18:13:15.902 26061 26099 D ANWAPI_SECOND: (26061|0x2946ECB0)[BTAPI] A:Readpaired_storage[3]name[]cod[0]support[0]addr[00:00:00:00:00:00]linkkey[00:00:00:00:00:00:00:00:00:00:00:00:00:00:00:00]
05-27 18:13:15.902 26061 26099 D ANWAPI_SECOND: (26061|0x2946ECB0)[BTAPI] A:Readpaired_storage[4]name[]cod[0]support[0]addr[00:00:00:00:00:00]linkkey[00:00:00:00:00:00:00:00:00:00:00:00:00:00:00:00]
05-27 18:13:15.902 26061 26099 D ANWAPI_SECOND: (26061|0x2946ECB0)[BTAPI] A:Readpaired_storage[5]name[]cod[0]support[0]addr[00:00:00:00:00:00]linkkey[00:00:00:00:00:00:00:00:00:00:00:00:00:00:00:00]
05-27 18:13:15.902 26061 26099 D ANWAPI_SECOND: (26061|0x2946ECB0)[BTAPI] A:Readpaired_storage[6]name[]cod[0]support[0]addr[00:00:00:00:00:00]linkkey[00:00:00:00:00:00:00:00:00:00:00:00:00:00:00:00]
05-27 18:13:15.902 26061 26099 D ANWAPI_SECOND: (26061|0x2946ECB0)[BTAPI] A:Readpaired_storage[7]name[]cod[0]support[0]addr[00:00:00:00:00:00]linkkey[00:00:00:00:00:00:00:00:00:00:00:00:00:00:00:00]
05-27 18:13:15.902 26061 26099 D ANWAPI_SECOND: (26061|0x2946ECB0)[BTAPI] A:Readpaired_storage[8]name[]cod[0]support[0]addr[00:00:00:00:00:00]linkkey[00:00:00:00:00:00:00:00:00:00:00:00:00:00:00:00]
05-27 18:13:15.902 26061 26099 D ANWAPI_SECOND: (26061|0x2946ECB0)[BTAPI] A:Readpaired_storage[9]name[]cod[0]support[0]addr[00:00:00:00:00:00]linkkey[00:00:00:00:00:00:00:00:00:00:00:00:00:00:00:00]
05-27 18:13:15.902 26061 26099 D ANWAPI_SECOND: (26061|0x2946ECB0)[BTAPI] A:Readpaired_storage[10]name[]cod[0]support[0]addr[00:00:00:00:00:00]linkkey[00:00:00:00:00:00:00:00:00:00:00:00:00:00:00:00]
05-27 18:13:15.902 26061 26099 D ANWAPI_SECOND: (26061|0x2946ECB0)[BTAPI] <<<<AnWBT_EEPROM_Read ret = 0
05-27 18:13:15.902 26061 26099 D ANWAPI_SECOND: (26061|0x2946ECB0)[BTAPI] local_name_set=0
05-27 18:13:15.902 26061 26099 D ANWAPI_SECOND: (26061|0x2946ECB0)[BTAPI] [Paired DevInf] Storage Write
05-27 18:13:15.903 26061 26099 D ANW_AVRCP_SECOND: AnWBT_WriteStorage =/data/misc/anw//anwbt_storage.bin
05-27 18:13:15.903 26061 26099 D ANW_AVRCP_SECOND: AnWBT_WriteStorage open anwbt_bt_storage success
05-27 18:13:15.903 26061 26099 D ANW_AVRCP_SECOND: 
05-27 18:13:15.904  1008 30857 D [OMXB]  : usingANWBuffer: handle:0xee745fa0, format:1, w:1920, h:1080
05-27 18:13:15.904   581   581 I SpiService: fgesysctrl_getGPIO_status success val=1
05-27 08:04:24.869   581   581 D spi_rst_gpio_get_output: GPIO 145 value: 1
05-27 08:04:24.869   581   581 D spidev_ioctl: gpio status=1)
05-27 18:13:15.905   299 30841 D EvsDriver: forwardFrame
05-27 18:13:15.906   299 30841 D EvsDriver: Delivered 0xb400007b7ca56a60 as id 0
05-27 18:13:15.906   299 30844 D EvsDriver: forwardFrame
05-27 18:13:15.907  1167  1184 D evsmanagerd: /dev/video4 forwarded the buffer #0 to 0xb4000074bf5f6850 from 0xb4000074bf5f41d0
05-27 18:13:15.908   299 30844 D EvsDriver: Delivered 0xb400007b7ca56900 as id 0
05-27 18:13:15.908  1167  1184 D evsmanagerd: /dev/video6 forwarded the buffer #0 to 0xb4000074bf5f5510 from 0xb4000074bf5f6d90
05-27 08:04:24.874   581   581 D spi_rst_gpio_get_output: GPIO 145 value: 1
05-27 08:04:24.874   581   581 D spidev_ioctl: gpio status=1)
05-27 18:13:15.910   581   581 I SpiService: fgesysctrl_getGPIO_status success val=1
05-27 18:13:15.910   299  1163 D EvsDriver: doneWithFrame
05-27 18:13:15.912   299  1163 D EvsDriver: doneWithFrame
05-27 18:13:15.914 26061 26099 D ANW_AVRCP_SECOND: write storage size=6600
05-27 18:13:15.914 26061 26099 D ANW_AVRCP_SECOND: 
05-27 18:13:15.914 26061 26099 D ANWAPI_SECOND: (26061|0x2946ECB0)[BTAPI] >>>>AnWBT_EEPROM_Read 
05-27 18:13:15.914 26061 26099 D ANWAPI_SECOND: (26061|0x2946ECB0)[BTAPI] B:Rpaired_storage[0]name[]addr[00:00:00:00:00:00]linkkey[00:00:00:00:00:00:00:00:00:00:00:00:00:00:00:00]
05-27 18:13:15.915 26061 26099 D ANWAPI_SECOND: (26061|0x2946ECB0)[BTAPI] B:Rpaired_storage[1]name[]addr[00:00:00:00:00:00]linkkey[00:00:00:00:00:00:00:00:00:00:00:00:00:00:00:00]
05-27 18:13:15.915 26061 26099 D ANWAPI_SECOND: (26061|0x2946ECB0)[BTAPI] B:Rpaired_storage[2]name[]addr[00:00:00:00:00:00]linkkey[00:00:00:00:00:00:00:00:00:00:00:00:00:00:00:00]
05-27 18:13:15.915 26061 26099 D ANWAPI_SECOND: (26061|0x2946ECB0)[BTAPI] B:Rpaired_storage[3]name[]addr[00:00:00:00:00:00]linkkey[00:00:00:00:00:00:00:00:00:00:00:00:00:00:00:00]
05-27 18:13:15.915 26061 26099 D ANWAPI_SECOND: (26061|0x2946ECB0)[BTAPI] B:Rpaired_storage[4]name[]addr[00:00:00:00:00:00]linkkey[00:00:00:00:00:00:00:00:00:00:00:00:00:00:00:00]
05-27 18:13:15.915 26061 26099 D ANWAPI_SECOND: (26061|0x2946ECB0)[BTAPI] B:Rpaired_storage[5]name[]addr[00:00:00:00:00:00]linkkey[00:00:00:00:00:00:00:00:00:00:00:00:00:00:00:00]
05-27 18:13:15.915 26061 26099 D ANWAPI_SECOND: (26061|0x2946ECB0)[BTAPI] B:Rpaired_storage[6]name[]addr[00:00:00:00:00:00]linkkey[00:00:00:00:00:00:00:00:00:00:00:00:00:00:00:00]
05-27 18:13:15.915 13911 14183 I SentryImuMcuAngleSender: 179.98598rollDeg
05-27 18:13:15.915 26061 26099 D ANWAPI_SECOND: (26061|0x2946ECB0)[BTAPI] B:Rpaired_storage[7]name[]addr[00:00:00:00:00:00]linkkey[00:00:00:00:00:00:00:00:00:00:00:00:00:00:00:00]
05-27 18:13:15.915 13911 14183 I SentryImuMcuAngleSender: 1,0,0
05-27 18:13:15.915 26061 26099 D ANWAPI_SECOND: (26061|0x2946ECB0)[BTAPI] B:Rpaired_storage[8]name[]addr[00:00:00:00:00:00]linkkey[00:00:00:00:00:00:00:00:00:00:00:00:00:00:00:00]
05-27 18:13:15.915 26061 26099 D ANWAPI_SECOND: (26061|0x2946ECB0)[BTAPI] B:Rpaired_storage[9]name[]addr[00:00:00:00:00:00]linkkey[00:00:00:00:00:00:00:00:00:00:00:00:00:00:00:00]
05-27 18:13:15.915 26061 26099 D ANWAPI_SECOND: (26061|0x2946ECB0)[BTAPI] B:Rpaired_storage[10]name[]addr[00:00:00:00:00:00]linkkey[00:00:00:00:00:00:00:00:00:00:00:00:00:00:00:00]
05-27 18:13:15.915 26061 26099 D ANW_AVRCP_SECOND: AnWBT_ReadStorage =/data/misc/anw//anwbt_storage.bin
05-27 18:13:15.915   581   581 I SpiService: fgesysctrl_getGPIO_status success val=0
05-27 18:13:15.915 26061 26099 D ANW_AVRCP_SECOND: AnWBT_ReadStorage open anwbt_bt_storage success
05-27 18:13:15.915 26061 26099 D ANW_AVRCP_SECOND: 
05-27 18:13:15.915 26061 26099 D ANW_AVRCP_SECOND: read storage size=6600
05-27 18:13:15.915 26061 26099 D ANW_AVRCP_SECOND: 
05-27 18:13:15.915 26061 26099 D ANWAPI_SECOND: (26061|0x2946ECB0)[BTAPI] A:Readpaired_storage[0]name[]cod[0]support[0]addr[00:00:00:00:00:00]linkkey[00:00:00:00:00:00:00:00:00:00:00:00:00:00:00:00]
05-27 18:13:15.916 26061 26099 D ANWAPI_SECOND: (26061|0x2946ECB0)[BTAPI] A:Readpaired_storage[1]name[]cod[0]support[0]addr[00:00:00:00:00:00]linkkey[00:00:00:00:00:00:00:00:00:00:00:00:00:00:00:00]
05-27 18:13:15.916   481   597 I mcuc    : send SPI:6AA6015EEC00F809013A0401098102010100000000000000000000000000000000000000000000000000000000000000000000000000000000000000000000000000000000000000000000000000000000000000000000000000000000000000000000000000000000000000000000000000000000000000000000000000000000000000000000000000000000000000000000000000000000000000000000000000000000000000000000000000000000000000000000000000000000000000000000000000000000000000000000000000000000000000000000000000000000000000000000000000000000000000000000000000000000000000000000E6
05-27 18:13:15.916 26061 26099 D ANWAPI_SECOND: (26061|0x2946ECB0)[BTAPI] A:Readpaired_storage[2]name[]cod[0]support[0]addr[00:00:00:00:00:00]linkkey[00:00:00:00:00:00:00:00:00:00:00:00:00:00:00:00]
05-27 18:13:15.916 26061 26099 D ANWAPI_SECOND: (26061|0x2946ECB0)[BTAPI] A:Readpaired_storage[3]name[]cod[0]support[0]addr[00:00:00:00:00:00]linkkey[00:00:00:00:00:00:00:00:00:00:00:00:00:00:00:00]
05-27 18:13:15.916 26061 26099 D ANWAPI_SECOND: (26061|0x2946ECB0)[BTAPI] A:Readpaired_storage[4]name[]cod[0]support[0]addr[00:00:00:00:00:00]linkkey[00:00:00:00:00:00:00:00:00:00:00:00:00:00:00:00]
05-27 18:13:15.916 26061 26099 D ANWAPI_SECOND: (26061|0x2946ECB0)[BTAPI] A:Readpaired_storage[5]name[]cod[0]support[0]addr[00:00:00:00:00:00]linkkey[00:00:00:00:00:00:00:00:00:00:00:00:00:00:00:00]
05-27 18:13:15.916 26061 26099 D ANWAPI_SECOND: (26061|0x2946ECB0)[BTAPI] A:Readpaired_storage[6]name[]cod[0]support[0]addr[00:00:00:00:00:00]linkkey[00:00:00:00:00:00:00:00:00:00:00:00:00:00:00:00]
05-27 18:13:15.916 26061 26099 D ANWAPI_SECOND: (26061|0x2946ECB0)[BTAPI] A:Readpaired_storage[7]name[]cod[0]support[0]addr[00:00:00:00:00:00]linkkey[00:00:00:00:00:00:00:00:00:00:00:00:00:00:00:00]
05-27 18:13:15.916 26061 26099 D ANWAPI_SECOND: (26061|0x2946ECB0)[BTAPI] A:Readpaired_storage[8]name[]cod[0]support[0]addr[00:00:00:00:00:00]linkkey[00:00:00:00:00:00:00:00:00:00:00:00:00:00:00:00]
05-27 18:13:15.916 26061 26099 D ANWAPI_SECOND: (26061|0x2946ECB0)[BTAPI] A:Readpaired_storage[9]name[]cod[0]support[0]addr[00:00:00:00:00:00]linkkey[00:00:00:00:00:00:00:00:00:00:00:00:00:00:00:00]
05-27 18:13:15.916 26061 26099 D ANWAPI_SECOND: (26061|0x2946ECB0)[BTAPI] A:Readpaired_storage[10]name[]cod[0]support[0]addr[00:00:00:00:00:00]linkkey[00:00:00:00:00:00:00:00:00:00:00:00:00:00:00:00]
05-27 18:13:15.916 26061 26099 D ANWAPI_SECOND: (26061|0x2946ECB0)[BTAPI] <<<<AnWBT_EEPROM_Read ret = 0
05-27 18:13:15.916 26061 26099 D ANWAPI_SECOND: (26061|0x2946ECB0)[BTAPI] >>>>AnWBT_EEPROM_Read 
05-27 18:13:15.916 26061 26099 D ANWAPI_SECOND: (26061|0x2946ECB0)[BTAPI] B:Rle_paired_storage[0]addr[00:00:00:00:00:00]linkkey[00:00:00:00:00:00:00:00:00:00:00:00:00:00:00:00]
05-27 18:13:15.916 26061 26099 D ANWAPI_SECOND: (26061|0x2946ECB0)[BTAPI] B:Rle_paired_storage[1]addr[00:00:00:00:00:00]linkkey[00:00:00:00:00:00:00:00:00:00:00:00:00:00:00:00]
05-27 18:13:15.916 26061 26099 D ANWAPI_SECOND: (26061|0x2946ECB0)[BTAPI] B:Rle_paired_storage[2]addr[00:00:00:00:00:00]linkkey[00:00:00:00:00:00:00:00:00:00:00:00:00:00:00:00]
05-27 18:13:15.916 26061 26099 D ANWAPI_SECOND: (26061|0x2946ECB0)[BTAPI] B:Rle_paired_storage[3]addr[00:00:00:00:00:00]linkkey[00:00:00:00:00:00:00:00:00:00:00:00:00:00:00:00]
05-27 18:13:15.916 26061 26099 D ANWAPI_SECOND: (26061|0x2946ECB0)[BTAPI] B:Rle_paired_storage[4]addr[00:00:00:00:00:00]linkkey[00:00:00:00:00:00:00:00:00:00:00:00:00:00:00:00]
05-27 18:13:15.916 26061 26099 D ANWAPI_SECOND: (26061|0x2946ECB0)[BTAPI] B:Rle_paired_storage[5]addr[00:00:00:00:00:00]linkkey[00:00:00:00:00:00:00:00:00:00:00:00:00:00:00:00]
05-27 18:13:15.916 26061 26099 D ANWAPI_SECOND: (26061|0x2946ECB0)[BTAPI] B:Rle_paired_storage[6]addr[00:00:00:00:00:00]linkkey[00:00:00:00:00:00:00:00:00:00:00:00:00:00:00:00]
05-27 18:13:15.916 26061 26099 D ANW_AVRCP_SECOND: AnWBT_ReadStorage =/data/misc/anw//anwble_storage.bin
05-27 18:13:15.917 26061 26099 D ANW_AVRCP_SECOND: AnWBT_ReadStorage open anwbt_bt_storage success
05-27 18:13:15.917 26061 26099 D ANW_AVRCP_SECOND: 
05-27 18:13:15.917 26061 26099 D ANW_AVRCP_SECOND: read storage size=1336
05-27 18:13:15.917 26061 26099 D ANW_AVRCP_SECOND: 
05-27 08:04:24.880   581   581 D spi_rst_gpio_get_output: GPIO 145 value: 0
05-27 08:04:24.880   581   581 D spidev_ioctl: gpio status=0)
05-27 18:13:15.917 26061 26099 D ANWAPI_SECOND: (26061|0x2946ECB0)[BTAPI] A:Rle_paired_storage[0]addr[00:00:00:00:00:00]linkkey[00:00:00:00:00:00:00:00:00:00:00:00:00:00:00:00]
05-27 18:13:15.917 26061 26099 D ANWAPI_SECOND: (26061|0x2946ECB0)[BTAPI] A:Rle_paired_storage[1]addr[00:00:00:00:00:00]linkkey[00:00:00:00:00:00:00:00:00:00:00:00:00:00:00:00]
05-27 18:13:15.917 26061 26099 D ANWAPI_SECOND: (26061|0x2946ECB0)[BTAPI] A:Rle_paired_storage[2]addr[00:00:00:00:00:00]linkkey[00:00:00:00:00:00:00:00:00:00:00:00:00:00:00:00]
05-27 18:13:15.918 26061 26099 D ANWAPI_SECOND: (26061|0x2946ECB0)[BTAPI] A:Rle_paired_storage[3]addr[00:00:00:00:00:00]linkkey[00:00:00:00:00:00:00:00:00:00:00:00:00:00:00:00]
05-27 18:13:15.918 26061 26099 D ANWAPI_SECOND: (26061|0x2946ECB0)[BTAPI] A:Rle_paired_storage[4]addr[00:00:00:00:00:00]linkkey[00:00:00:00:00:00:00:00:00:00:00:00:00:00:00:00]
05-27 18:13:15.918 26061 26099 D ANWAPI_SECOND: (26061|0x2946ECB0)[BTAPI] A:Rle_paired_storage[5]addr[00:00:00:00:00:00]linkkey[00:00:00:00:00:00:00:00:00:00:00:00:00:00:00:00]
05-27 18:13:15.918 26061 26099 D ANWAPI_SECOND: (26061|0x2946ECB0)[BTAPI] A:Rle_paired_storage[6]addr[00:00:00:00:00:00]linkkey[00:00:00:00:00:00:00:00:00:00:00:00:00:00:00:00]
05-27 18:13:15.918 26061 26099 D ANWAPI_SECOND: (26061|0x2946ECB0)[BTAPI] <<<<AnWBT_EEPROM_Read ret = 0
05-27 18:13:15.918 26061 26099 D ANWAPI_SECOND: (26061|0x2946ECB0)[BTAPI] btsdk_initial_param.flag=0x4000
05-27 18:13:15.918 26061 26099 D ANWAPI_SECOND: (26061|0x2946ECB0)[BTAPI] [Paired DevInf] Storage Write
05-27 18:13:15.918 26061 26099 D ANW_AVRCP_SECOND: AnWBT_WriteStorage =/data/misc/anw//anwbt_storage.bin
05-27 18:13:15.918 26061 26099 D ANW_AVRCP_SECOND: AnWBT_WriteStorage open anwbt_bt_storage success
05-27 18:13:15.918 26061 26099 D ANW_AVRCP_SECOND: 
05-27 18:13:15.920 26061 26099 D ANW_AVRCP_SECOND: write storage size=6600
05-27 18:13:15.920 26061 26099 D ANW_AVRCP_SECOND: 
05-27 18:13:15.920 26061 26099 D ANWAPI_SECOND: (26061|0x2946ECB0)[BTAPI] >>>>AnWBT_EEPROM_Read 
05-27 18:13:15.920 26061 26099 D ANWAPI_SECOND: (26061|0x2946ECB0)[BTAPI] B:Rpaired_storage[0]name[]addr[00:00:00:00:00:00]linkkey[00:00:00:00:00:00:00:00:00:00:00:00:00:00:00:00]
05-27 18:13:15.920 26061 26099 D ANWAPI_SECOND: (26061|0x2946ECB0)[BTAPI] B:Rpaired_storage[1]name[]addr[00:00:00:00:00:00]linkkey[00:00:00:00:00:00:00:00:00:00:00:00:00:00:00:00]
05-27 18:13:15.920 26061 26099 D ANWAPI_SECOND: (26061|0x2946ECB0)[BTAPI] B:Rpaired_storage[2]name[]addr[00:00:00:00:00:00]linkkey[00:00:00:00:00:00:00:00:00:00:00:00:00:00:00:00]
05-27 18:13:15.920 26061 26099 D ANWAPI_SECOND: (26061|0x2946ECB0)[BTAPI] B:Rpaired_storage[3]name[]addr[00:00:00:00:00:00]linkkey[00:00:00:00:00:00:00:00:00:00:00:00:00:00:00:00]
05-27 18:13:15.920 26061 26099 D ANWAPI_SECOND: (26061|0x2946ECB0)[BTAPI] B:Rpaired_storage[4]name[]addr[00:00:00:00:00:00]linkkey[00:00:00:00:00:00:00:00:00:00:00:00:00:00:00:00]
05-27 18:13:15.920 26061 26099 D ANWAPI_SECOND: (26061|0x2946ECB0)[BTAPI] B:Rpaired_storage[5]name[]addr[00:00:00:00:00:00]linkkey[00:00:00:00:00:00:00:00:00:00:00:00:00:00:00:00]
05-27 18:13:15.920 26061 26099 D ANWAPI_SECOND: (26061|0x2946ECB0)[BTAPI] B:Rpaired_storage[6]name[]addr[00:00:00:00:00:00]linkkey[00:00:00:00:00:00:00:00:00:00:00:00:00:00:00:00]
05-27 18:13:15.920 26061 26099 D ANWAPI_SECOND: (26061|0x2946ECB0)[BTAPI] B:Rpaired_storage[7]name[]addr[00:00:00:00:00:00]linkkey[00:00:00:00:00:00:00:00:00:00:00:00:00:00:00:00]
05-27 18:13:15.920 26061 26099 D ANWAPI_SECOND: (26061|0x2946ECB0)[BTAPI] B:Rpaired_storage[8]name[]addr[00:00:00:00:00:00]linkkey[00:00:00:00:00:00:00:00:00:00:00:00:00:00:00:00]
05-27 18:13:15.920 26061 26099 D ANWAPI_SECOND: (26061|0x2946ECB0)[BTAPI] B:Rpaired_storage[9]name[]addr[00:00:00:00:00:00]linkkey[00:00:00:00:00:00:00:00:00:00:00:00:00:00:00:00]
05-27 18:13:15.920 26061 26099 D ANWAPI_SECOND: (26061|0x2946ECB0)[BTAPI] B:Rpaired_storage[10]name[]addr[00:00:00:00:00:00]linkkey[00:00:00:00:00:00:00:00:00:00:00:00:00:00:00:00]
05-27 18:13:15.920 26061 26099 D ANW_AVRCP_SECOND: AnWBT_ReadStorage =/data/misc/anw//anwbt_storage.bin
05-27 18:13:15.921 26061 26099 D ANW_AVRCP_SECOND: AnWBT_ReadStorage open anwbt_bt_storage success
05-27 18:13:15.921 26061 26099 D ANW_AVRCP_SECOND: 
05-27 18:13:15.921 26061 26099 D ANW_AVRCP_SECOND: read storage size=6600
05-27 18:13:15.921 26061 26099 D ANW_AVRCP_SECOND: 
05-27 18:13:15.921 26061 26099 D ANWAPI_SECOND: (26061|0x2946ECB0)[BTAPI] A:Readpaired_storage[0]name[]cod[0]support[0]addr[00:00:00:00:00:00]linkkey[00:00:00:00:00:00:00:00:00:00:00:00:00:00:00:00]
05-27 18:13:15.921 26061 26099 D ANWAPI_SECOND: (26061|0x2946ECB0)[BTAPI] A:Readpaired_storage[1]name[]cod[0]support[0]addr[00:00:00:00:00:00]linkkey[00:00:00:00:00:00:00:00:00:00:00:00:00:00:00:00]
05-27 18:13:15.921 26061 26099 D ANWAPI_SECOND: (26061|0x2946ECB0)[BTAPI] A:Readpaired_storage[2]name[]cod[0]support[0]addr[00:00:00:00:00:00]linkkey[00:00:00:00:00:00:00:00:00:00:00:00:00:00:00:00]
05-27 18:13:15.921 26061 26099 D ANWAPI_SECOND: (26061|0x2946ECB0)[BTAPI] A:Readpaired_storage[3]name[]cod[0]support[0]addr[00:00:00:00:00:00]linkkey[00:00:00:00:00:00:00:00:00:00:00:00:00:00:00:00]
05-27 18:13:15.921 26061 26099 D ANWAPI_SECOND: (26061|0x2946ECB0)[BTAPI] A:Readpaired_storage[4]name[]cod[0]support[0]addr[00:00:00:00:00:00]linkkey[00:00:00:00:00:00:00:00:00:00:00:00:00:00:00:00]
05-27 18:13:15.921 26061 26099 D ANWAPI_SECOND: (26061|0x2946ECB0)[BTAPI] A:Readpaired_storage[5]name[]cod[0]support[0]addr[00:00:00:00:00:00]linkkey[00:00:00:00:00:00:00:00:00:00:00:00:00:00:00:00]
05-27 18:13:15.921 26061 26099 D ANWAPI_SECOND: (26061|0x2946ECB0)[BTAPI] A:Readpaired_storage[6]name[]cod[0]support[0]addr[00:00:00:00:00:00]linkkey[00:00:00:00:00:00:00:00:00:00:00:00:00:00:00:00]
05-27 18:13:15.921 26061 26099 D ANWAPI_SECOND: (26061|0x2946ECB0)[BTAPI] A:Readpaired_storage[7]name[]cod[0]support[0]addr[00:00:00:00:00:00]linkkey[00:00:00:00:00:00:00:00:00:00:00:00:00:00:00:00]
05-27 18:13:15.921 26061 26099 D ANWAPI_SECOND: (26061|0x2946ECB0)[BTAPI] A:Readpaired_storage[8]name[]cod[0]support[0]addr[00:00:00:00:00:00]linkkey[00:00:00:00:00:00:00:00:00:00:00:00:00:00:00:00]
05-27 18:13:15.921 26061 26099 D ANWAPI_SECOND: (26061|0x2946ECB0)[BTAPI] A:Readpaired_storage[9]name[]cod[0]support[0]addr[00:00:00:00:00:00]linkkey[00:00:00:00:00:00:00:00:00:00:00:00:00:00:00:00]
05-27 18:13:15.921 26061 26099 D ANWAPI_SECOND: (26061|0x2946ECB0)[BTAPI] A:Readpaired_storage[10]name[]cod[0]support[0]addr[00:00:00:00:00:00]linkkey[00:00:00:00:00:00:00:00:00:00:00:00:00:00:00:00]
05-27 18:13:15.922 26061 26099 D ANWAPI_SECOND: (26061|0x2946ECB0)[BTAPI] <<<<AnWBT_EEPROM_Read ret = 0
05-27 18:13:15.922 26061 26099 D ANWAPI_SECOND: (26061|0x2946ECB0)[BTAPI] build time = 11:28:38 sdk ver=0x 300002A
05-27 18:13:15.922 26061 26099 D ANWAPI_SECOND: (26061|0x2946ECB0)[BTAPI] creating init task
05-27 18:13:15.924 26061 26101 D ANWAPI_SECOND: (26061|0x29272CB0)[BTAPI] Enter BTInit_Task stacd=1,690433200
05-27 18:13:15.924 26061 26101 D ANWAPI_SECOND: (26061|0x29272CB0)[BTAPI] pthread_attr_init
05-27 18:13:15.924 26061 26101 D ANWAPI_SECOND: (26061|0x29272CB0)[BTAPI] BTHost_Init: min priority 1, max priority 99
05-27 18:13:15.924 26061 26101 D ANWAPI_SECOND: (26061|0x29272CB0)[BTAPI] Enter BTHost_Init
05-27 18:13:15.925 26061 26101 D ANWAPI_SECOND: (26061|0x29272CB0)[BTAPI] BTHost_InitMessage
05-27 18:13:15.925 26061 26101 D ANWAPI_SECOND: (26061|0x29272CB0)[BTAPI] btosal_msg_ff_initial
05-27 18:13:15.925 26061 26101 D ANW_WAVEOUT_SECOND: (26061|0x29272CB0)[WAVEOUT] [AnWBT WAVE] A2dp_WaveOut_Init
05-27 18:13:15.925 26061 26101 D ANW_WAVEOUT_SECOND: 
05-27 18:13:15.925 26061 26103 D ANWAPI_SECOND: (26061|0x29076CB0)[BTAPI] Enter BTHost_Task
05-27 18:13:15.925 26061 26101 D ANWAPI_SECOND: (26061|0x29272CB0)[BTAPI] Check BTHost_Task status
05-27 18:13:15.925 26061 26103 D ANWAPI_SECOND: (26061|0x29076CB0)[BTAPI] BTHost_Task setpriority(0)(-15)
05-27 18:13:15.928   536   536 D commservice260303: msg.id = 1028,0
05-27 18:13:15.928   536   536 D commservice260303: i = 170, msgid = 8A000404
05-27 18:13:15.928   536   536 D commservice260303: msgid = -1979710460,did=138
05-27 18:13:15.928   536   536 D commservice260303: CommProtocolLibCmdBaseI2C::dataproc {"command":{"id":"imu_status","sub":""},"content":{"TimeStamp":8,"FrameCounter":200106,"GD_X":-0.01153013575822115,"GD_Y":0.005345047451555729,"GD_Z":0.0021378109231591225,"AD_X":-5.433410406112671E-4,"AD_Y":9.765550494194031E-4,"AD_Z":-0.16765403747558594,"TempDsp":0,"Status":0,"CalibState":1,"SigAmpInvalid":0}},-1979710460
05-27 18:13:15.929   536   536 D commservice260303: send2Cluster len:314, 7B22636F6D6D616E64223A7B226964223A22696D755F737461747573222C22737562223A22227D2C22636F6E74656E74223A7B2254696D655374616D70223A382C224672616D65436F756E746572223A3230303130362C2247445F58223A2D302E30313135333031333537353832323131352C2247445F59223A302E3030353334353034373435313535353732392C2247445F5A223A302E303032313337383130393233313539313232352C2241445F58223A2D352E343333343130343036313132363731452D342C2241445F59223A392E373635353530343934313934303331452D342C2241445F5A223A2D302E31363736353430333734373535383539342C2254656D70447370223A302C22537461747573223A302C2243616C69625374617465223A312C22536967416D70496E76616C6964223A307D7D, 138 
05-27 18:13:15.929   536   536 D commservice260303: Push Message into SendPool fn=1246364416
05-27 18:13:15.929   536   536 D commservice260303: ComProtocolLibSend2Cluster::send2ClusterRaw fn=1246364416 , len=330
05-27 18:13:15.929   536   536 D commservice260303: sendCmdToPort :330!!!
05-27 18:13:15.929   536   536 D commservice260303: send Cmd To Port ++++5AA501468A0100034A4A6A16C3BB7B22636F6D6D616E64223A7B226964223A22696D755F737461747573222C22737562223A22227D2C22636F6E74656E74223A7B2254696D655374616D70223A382C224672616D65436F756E746572223A3230303130362C2247445F58223A2D302E30313135333031333537353832323131352C2247445F59223A302E3030353334353034373435313535353732392C2247445F5A223A302E303032313337383130393233313539313232352C2241445F58223A2D352E343333343130343036313132363731452D342C2241445F59223A392E373635353530343934313934303331452D342C2241445F5A223A2D302E31363736353430333734373535383539342C2254656D70447370223A302C22537461747573223A302C2243616C69625374617465223A312C22536967416D70496E76616C6964223A307D7DE572
05-27 18:13:15.929   536   536 D commservice260303: bufferevent_write retrun value = 0
05-27 18:13:15.929   536   560 D commservice260303: client datas send succeed,send finish
05-27 18:13:15.929 13911 14192 D Sentinelmode_1.2.5.17_sentry: <SentryImuClusterFgeSender>imu_status sent to Linux, frame=200106, tsNs=8663174, tsMs=8, intervalMs=39, ad=(-5.4334104E-4,9.7655505E-4,-0.16765404), gd=(-0.011530136,0.0053450475,0.002137811)
05-27 18:13:15.930   581   581 I SpiService: fgesysctrl_getGPIO_status success val=1
05-27 08:04:24.895   581   581 D spi_rst_gpio_get_output: GPIO 145 value: 1
05-27 08:04:24.895   581   581 D spidev_ioctl: gpio status=1)
05-27 18:13:15.935   572   572 I Sensors : 230 AccelSensor: x:-0.164090,y:0.003659,z:-9.974720
05-27 18:13:15.935 13911 14183 I SentryImuMcuAngleSender: 179.97899rollDeg
05-27 18:13:15.936 13911 14183 I SentryImuMcuAngleSender: 1,0,0
05-27 18:13:15.936   581   581 I SpiService: fgesysctrl_getGPIO_status success val=1
05-27 18:13:15.936   283   307 I rvcservice: t.code = 2, t.value = 9973500
05-27 08:04:24.900   581   581 D spi_rst_gpio_get_output: GPIO 145 value: 1
05-27 08:04:24.900   581   581 D spidev_ioctl: gpio status=1)
05-27 18:13:15.938  1008 30856 D [OMXB]  : usingANWBuffer: handle:0xee7432f0, format:1, w:1920, h:1080
05-27 18:13:15.941   299 30841 D EvsDriver: forwardFrame
05-27 18:13:15.941   299 30844 D EvsDriver: forwardFrame
05-27 18:13:15.941   581   581 I SpiService: fgesysctrl_getGPIO_status success val=1
05-27 18:13:15.943   299 30841 D EvsDriver: Delivered 0xb400007b7ca56a60 as id 0
05-27 18:13:15.943  1167  1184 D evsmanagerd: /dev/video4 forwarded the buffer #0 to 0xb4000074bf5f6850 from 0xb4000074bf5f41d0
05-27 18:13:15.944   299 30844 D EvsDriver: Delivered 0xb400007b7ca56900 as id 0
05-27 18:13:15.944  1167  1184 D evsmanagerd: /dev/video6 forwarded the buffer #0 to 0xb4000074bf5f5510 from 0xb4000074bf5f6d90
05-27 08:04:24.906   581   581 D spi_rst_gpio_get_output: GPIO 145 value: 1
05-27 08:04:24.906   581   581 D spidev_ioctl: gpio status=1)
05-27 18:13:15.948   581   581 I SpiService: fgesysctrl_getGPIO_status success val=1
05-27 18:13:15.948   299  1163 D EvsDriver: doneWithFrame
05-27 18:13:15.948   299  1153 D EvsDriver: doneWithFrame
05-27 08:04:24.912   581   581 D spi_rst_gpio_get_output: GPIO 145 value: 1
05-27 08:04:24.912   581   581 D spidev_ioctl: gpio status=1)
05-27 18:13:15.953   581   581 I SpiService: fgesysctrl_getGPIO_status success val=0
05-27 18:13:15.955 13911 14183 I SentryImuMcuAngleSender: 179.993rollDeg
05-27 18:13:15.956 13911 14183 I SentryImuMcuAngleSender: 1,0,0
05-27 08:04:24.918   581   581 D spi_rst_gpio_get_output: GPIO 145 value: 0
05-27 08:04:24.918   581   581 D spidev_ioctl: gpio status=0)
05-27 18:13:15.959  1008 30857 D [OMXB]  : usingANWBuffer: handle:0xee747180, format:1, w:1920, h:1080
05-27 18:13:15.964   481   598 I mcuc    : rev,n=1,6AA6825EEC0002090128
05-27 18:13:15.968   581   581 I SpiService: fgesysctrl_getGPIO_status success val=1
05-27 08:04:24.932   581   581 D spi_rst_gpio_get_output: GPIO 145 value: 1
05-27 18:13:15.969   536   536 D commservice260303: msg.id = 1028,0
05-27 08:04:24.932   581   581 D spidev_ioctl: gpio status=1)
05-27 18:13:15.969   536   536 D commservice260303: i = 170, msgid = 8A000404
05-27 18:13:15.969   536   536 D commservice260303: msgid = -1979710460,did=138
05-27 18:13:15.969   536   536 D commservice260303: CommProtocolLibCmdBaseI2C::dataproc {"command":{"id":"imu_status","sub":""},"content":{"TimeStamp":8,"FrameCounter":200107,"GD_X":-0.012293193489313126,"GD_Y":0.005268065724521875,"GD_Z":0.0020608289632946253,"AD_X":0.0024723410606384277,"AD_Y":-0.0038853802252560854,"AD_Z":-0.17070484161376953,"TempDsp":0,"Status":0,"CalibState":1,"SigAmpInvalid":0}},-1979710460
05-27 18:13:15.969   536   536 D commservice260303: send2Cluster len:317, 7B22636F6D6D616E64223A7B226964223A22696D755F737461747573222C22737562223A22227D2C22636F6E74656E74223A7B2254696D655374616D70223A382C224672616D65436F756E746572223A3230303130372C2247445F58223A2D302E3031323239333139333438393331333132362C2247445F59223A302E3030353236383036353732343532313837352C2247445F5A223A302E303032303630383238393633323934363235332C2241445F58223A302E303032343732333431303630363338343237372C2241445F59223A2D302E303033383835333830323235323536303835342C2241445F5A223A2D302E31373037303438343136313337363935332C2254656D70447370223A302C22537461747573223A302C2243616C69625374617465223A312C22536967416D70496E76616C6964223A307D7D, 138 
05-27 18:13:15.969   536   536 D commservice260303: Push Message into SendPool fn=1263141632
05-27 18:13:15.969   536   536 D commservice260303: ComProtocolLibSend2Cluster::send2ClusterRaw fn=1263141632 , len=333
05-27 18:13:15.969   536   536 D commservice260303: sendCmdToPort :333!!!
05-27 18:13:15.969   536   536 D commservice260303: send Cmd To Port ++++5AA501498A0100034A4B6A16C3BB7B22636F6D6D616E64223A7B226964223A22696D755F737461747573222C22737562223A22227D2C22636F6E74656E74223A7B2254696D655374616D70223A382C224672616D65436F756E746572223A3230303130372C2247445F58223A2D302E3031323239333139333438393331333132362C2247445F59223A302E3030353236383036353732343532313837352C2247445F5A223A302E303032303630383238393633323934363235332C2241445F58223A302E303032343732333431303630363338343237372C2241445F59223A2D302E303033383835333830323235323536303835342C2241445F5A223A2D302E31373037303438343136313337363935332C2254656D70447370223A302C22537461747573223A302C2243616C69625374617465223A312C22536967416D70496E76616C6964223A307D7D85E7
05-27 18:13:15.969   536   536 D commservice260303: bufferevent_write retrun value = 0
05-27 18:13:15.969   536   560 D commservice260303: client datas send succeed,send finish
05-27 18:13:15.970 13911 14192 D Sentinelmode_1.2.5.17_sentry: <SentryImuClusterFgeSender>imu_status sent to Linux, frame=200107, tsNs=8663203, tsMs=8, intervalMs=40, ad=(0.002472341,-0.0038853802,-0.17070484), gd=(-0.0122931935,0.0052680657,0.002060829)
05-27 18:13:15.971 13911 14183 I SentryImuMcuAngleSender: [4, 18, 1, 0, 0],5
05-27 18:13:15.971 13911 14183 I McuCommManager: mcuCommSendcmd [4, 18, 1, 0, 0]
05-27 18:13:15.971   299 30844 D EvsDriver: forwardFrame
05-27 18:13:15.972 13911 14183 I SentryImuMcuAngleSender: true
05-27 18:13:15.972 13911 14183 W Sentinelmode_1.2.5.17_sentry: <SentryImuMcuAngleSender>MCU IMU send interval abnormal: 1001ms
05-27 18:13:15.973   581   581 I SpiService: fgesysctrl_getGPIO_status success val=1
05-27 18:13:15.974   299 30844 D EvsDriver: Delivered 0xb400007b7ca56900 as id 0
05-27 18:13:15.974  1167  1184 D evsmanagerd: /dev/video6 forwarded the buffer #0 to 0xb4000074bf5f5510 from 0xb4000074bf5f6d90
05-27 18:13:15.974 30773 30773 E dvr_service_: [myNum:1] Received S**** loss
05-27 18:13:15.974   299  1163 D EvsDriver: doneWithFrame
05-27 18:13:15.975 13911 14183 I SentryImuMcuAngleSender: 180.0rollDeg
05-27 18:13:15.975 13911 14183 I SentryImuMcuAngleSender: 1,0,0
05-27 08:04:24.938   581   581 D spi_rst_gpio_get_output: GPIO 145 value: 1
05-27 08:04:24.938   581   581 D spidev_ioctl: gpio status=1)
05-27 18:13:15.979   581   581 I SpiService: fgesysctrl_getGPIO_status success val=1
05-27 08:04:24.943   581   581 D spi_rst_gpio_get_output: GPIO 145 value: 1
05-27 08:04:24.943   581   581 D spidev_ioctl: gpio status=1)
05-27 18:13:15.981   299 30841 D EvsDriver: forwardFrame
05-27 18:13:15.982 30773 30786 I dvr_service_: CameraX 0  audioOK: 6976000,audios:110
05-27 18:13:15.982   299 30841 D EvsDriver: Delivered 0xb400007b7ca56a60 as id 0
05-27 18:13:15.982  1167  1184 D evsmanagerd: /dev/video4 forwarded the buffer #0 to 0xb4000074bf5f6850 from 0xb4000074bf5f41d0
05-27 18:13:15.983 30773 30773 E dvr_service_: [myNum:0] Received S**** loss
05-27 18:13:15.983   299  1163 D EvsDriver: doneWithFrame
05-27 18:13:15.984   581   581 I SpiService: fgesysctrl_getGPIO_status success val=1
05-27 18:13:15.984  1008 30857 D [OMXB]  : usingANWBuffer: handle:0xee743240, format:1, w:1920, h:1080
05-27 08:04:24.949   581   581 D spi_rst_gpio_get_output: GPIO 145 value: 1
05-27 08:04:24.949   581   581 D spidev_ioctl: gpio status=1)
05-27 18:13:15.990   581   581 I SpiService: fgesysctrl_getGPIO_status success val=1
05-27 08:04:24.954   581   581 D spi_rst_gpio_get_output: GPIO 145 value: 1
05-27 08:04:24.954   581   581 D spidev_ioctl: gpio status=1)
05-27 18:13:15.995   581   581 I SpiService: fgesysctrl_getGPIO_status success val=0
05-27 18:13:15.995   481   597 I mcuc    : send SPI:6AA6005EED0005041201000099
05-27 18:13:15.995 13911 14183 I SentryImuMcuAngleSender: 179.99649rollDeg
05-27 18:13:15.996 13911 14183 I SentryImuMcuAngleSender: 1,0,0
05-27 08:04:24.960   581   581 D spi_rst_gpio_get_output: GPIO 145 value: 0
05-27 08:04:24.960   581   581 D spidev_ioctl: gpio status=0)
05-27 18:13:16.001   299 30844 D EvsDriver: forwardFrame
05-27 18:13:16.003  1167  1184 D evsmanagerd: /dev/video6 forwarded the buffer #0 to 0xb4000074bf5f5510 from 0xb4000074bf5f6d90
05-27 18:13:16.003   299 30844 D EvsDriver: Delivered 0xb400007b7ca56900 as id 0
05-27 18:13:16.005   299  1163 D EvsDriver: doneWithFrame
05-27 18:13:16.006   299 30841 D EvsDriver: forwardFrame
05-27 18:13:16.008   299 30841 D EvsDriver: Delivered 0xb400007b7ca56a60 as id 0
05-27 18:13:16.008  1167  1184 D evsmanagerd: /dev/video4 forwarded the buffer #0 to 0xb4000074bf5f6850 from 0xb4000074bf5f41d0
05-27 18:13:16.009   536   536 D commservice260303: msg.id = 1028,0
05-27 18:13:16.009   536   536 D commservice260303: i = 170, msgid = 8A000404
05-27 18:13:16.009   536   536 D commservice260303: msgid = -1979710460,did=138
05-27 18:13:16.010   581   581 I SpiService: fgesysctrl_getGPIO_status success val=1
05-27 18:13:16.010   536   536 D commservice260303: CommProtocolLibCmdBaseI2C::dataproc {"command":{"id":"imu_status","sub":""},"content":{"TimeStamp":8,"FrameCounter":200108,"GD_X":-0.012063807807862759,"GD_Y":0.005268065724521875,"GD_Z":0.0018319635419175029,"AD_X":-0.004852801561355591,"AD_Y":-0.001410515746101737,"AD_Z":-0.16460514068603516,"TempDsp":0,"Status":0,"CalibState":1,"SigAmpInvalid":0}},-1979710460
05-27 18:13:16.010   536   536 D commservice260303: send2Cluster len:316, 7B22636F6D6D616E64223A7B226964223A22696D755F737461747573222C22737562223A22227D2C22636F6E74656E74223A7B2254696D655374616D70223A382C224672616D65436F756E746572223A3230303130382C2247445F58223A2D302E3031323036333830373830373836323735392C2247445F59223A302E3030353236383036353732343532313837352C2247445F5A223A302E303031383331393633353431393137353032392C2241445F58223A2D302E3030343835323830313536313335353539312C2241445F59223A2D302E3030313431303531353734363130313733372C2241445F5A223A2D302E31363436303531343036383630333531362C2254656D70447370223A302C22537461747573223A302C2243616C69625374617465223A312C22536967416D70496E76616C6964223A307D7D, 138 
05-27 18:13:16.010   536   536 D commservice260303: Push Message into SendPool fn=1279918848
05-27 18:13:16.010   536   536 D commservice260303: ComProtocolLibSend2Cluster::send2ClusterRaw fn=1279918848 , len=332
05-27 18:13:16.010   536   536 D commservice260303: sendCmdToPort :332!!!
05-27 18:13:16.010   536   536 D commservice260303: send Cmd To Port ++++5AA501488A0100034A4C6A16C3BC7B22636F6D6D616E64223A7B226964223A22696D755F737461747573222C22737562223A22227D2C22636F6E74656E74223A7B2254696D655374616D70223A382C224672616D65436F756E746572223A3230303130382C2247445F58223A2D302E3031323036333830373830373836323735392C2247445F59223A302E3030353236383036353732343532313837352C2247445F5A223A302E303031383331393633353431393137353032392C2241445F58223A2D302E3030343835323830313536313335353539312C2241445F59223A2D302E3030313431303531353734363130313733372C2241445F5A223A2D302E31363436303531343036383630333531362C2254656D70447370223A302C22537461747573223A302C2243616C69625374617465223A312C22536967416D70496E76616C6964223A307D7DC358
05-27 18:13:16.010   536   536 D commservice260303: bufferevent_write retrun value = 0
05-27 18:13:16.010   536   560 D commservice260303: client datas send succeed,send finish
05-27 18:13:16.010 13911 14192 D Sentinelmode_1.2.5.17_sentry: <SentryImuClusterFgeSender>imu_status sent to Linux, frame=200108, tsNs=8663258, tsMs=8, intervalMs=41, ad=(-0.0048528016,-0.0014105157,-0.16460514), gd=(-0.012063808,0.0052680657,0.0018319635)
05-27 18:13:16.013   299  1163 D EvsDriver: doneWithFrame
05-27 08:04:24.974   581   581 D spi_rst_gpio_get_output: GPIO 145 value: 1
05-27 08:04:24.974   581   581 D spidev_ioctl: gpio status=1)
05-27 18:13:16.014  1008 30856 D [OMXB]  : usingANWBuffer: handle:0xee740170, format:1, w:1920, h:1080
05-27 18:13:16.015   581   581 I SpiService: fgesysctrl_getGPIO_status success val=1
05-27 18:13:16.015 13911 14183 I SentryImuMcuAngleSender: 179.97897rollDeg
05-27 18:13:16.015 13911 14183 I SentryImuMcuAngleSender: 1,0,0
05-27 08:04:24.980   581   581 D spi_rst_gpio_get_output: GPIO 145 value: 1
05-27 08:04:24.980   581   581 D spidev_ioctl: gpio status=1)
05-27 18:13:16.021   581   581 I SpiService: fgesysctrl_getGPIO_status success val=1
05-27 08:04:24.985   581   581 D spi_rst_gpio_get_output: GPIO 145 value: 1
05-27 08:04:24.985   581   581 D spidev_ioctl: gpio status=1)
