05-27 18:18:20.305   351   516 D automotive.vehicle@2.0-adayo-func-bcm: BCMFunc sendMessageFromVehicle_l id:557842575, area:0 not report! 
05-27 18:18:20.305   351   516 D automotive.vehicle@2.0-adayo-func-bcm: BCMFunc sendMessageFromVehicle_l dataType: 12,mByte=24,propid=0x2140000b
05-27 18:18:20.305   351   516 D automotive.vehicle@2.0-adayo-func-bcm: BCMFunc sendMessageFromVehicle_l msgBuff[24]=0x0,start:2,len:3,temp:3,
05-27 18:18:20.305   351   516 D automotive.vehicle@2.0-adayo-func-bcm: BCMFunc sendMessageFromVehicle_l prop: 0x2140000b ,areaId: 0x0  SPLITE_BIT_DATA_INTEGER : 0
05-27 18:18:20.305   351   516 D automotive.vehicle@2.0-adayo-func-bcm: BCMFunc sendMessageFromVehicle_l id:557842443, area:0 not report! 
05-27 18:18:20.305   351   516 D automotive.vehicle@2.0-adayo-func-bcm: BCMFunc sendMessageFromVehicle_l dataType: 12,mByte=26,propid=0x21400086
05-27 18:18:20.305   351   516 D automotive.vehicle@2.0-adayo-func-bcm: BCMFunc sendMessageFromVehicle_l msgBuff[26]=0x0,start:0,len:11,temp:8,
05-27 18:18:20.305   351   373 D automotive.vehicle@2.0-adayo-datacomm-mcu: MCUDatacomm sendMessageFromVehicle prop: 0x89, areaId: 0x0, status: 0xc9, timestamp: 0x1
05-27 18:18:20.305   351   516 D automotive.vehicle@2.0-adayo-func-bcm: BCMFunc sendMessageFromVehicle_l msgBuff[25]=0x0,start:0,len:3,temp:3,
05-27 18:18:20.305   351   373 D automotive.vehicle@2.0-adayo-datacomm-mcu: MCUDatacomm 1sendMessageFromVehicle ---> type = 12 
05-27 18:18:20.305   351   516 D automotive.vehicle@2.0-adayo-func-bcm: BCMFunc sendMessageFromVehicle_l prop: 0x21400086 ,areaId: 0x0  SPLITE_BIT_DATA_INTEGER : 0
05-27 18:18:20.305   351   516 D automotive.vehicle@2.0-adayo-func-bcm: BCMFunc sendMessageFromVehicle_l id:557842566, area:0 not report! 
05-27 18:18:20.305   351   516 D automotive.vehicle@2.0-adayo-func-bcm: BCMFunc sendMessageFromVehicle_l dataType: 12,mByte=28,propid=0x21600004
05-27 18:18:20.305   351   516 D automotive.vehicle@2.0-adayo-func-bcm: BCMFunc sendMessageFromVehicle_l msgBuff[28]=0x0,start:0,len:16,temp:8,
05-27 18:18:20.305   351   516 D automotive.vehicle@2.0-adayo-func-bcm: BCMFunc sendMessageFromVehicle_l msgBuff[27]=0x0,start:0,len:8,temp:8,
05-27 18:18:20.305   351   516 D automotive.vehicle@2.0-adayo-func-bcm: BCMFunc sendMessageFromVehicle_l prop: 0x21600004 , SPLITE_BIT_DATA_INTEGER1 data:0
05-27 18:18:20.305   351   516 D automotive.vehicle@2.0-adayo-func-bcm: BCMFunc sendMessageFromVehicle_l prop: 0x21600004 , SPLITE_BIT_DATA_INTEGER4 procotol.calc[0]:0.100000,procotol.calc[1]:0.000000
05-27 18:18:20.305   351   516 D automotive.vehicle@2.0-adayo-func-bcm: BCMFunc sendMessageFromVehicle_l prop: 0x21600004 ,areaId: 0x0  SPLITE_BIT_DATA_INTEGER : 0.000000,calc[0]:0.100000,calc[1]:0.000000
05-27 18:18:20.305   351   516 D automotive.vehicle@2.0-adayo-func-bcm: BCMFunc sendMessageFromVehicle_l id:559939588, area:0 not report! 
05-27 18:18:20.305   351   516 D automotive.vehicle@2.0-adayo-func-bcm: BCMFunc sendMessageFromVehicle_l dataType: 12,mByte=30,propid=0x21400003
05-27 18:18:20.305   351   516 D automotive.vehicle@2.0-adayo-func-bcm: BCMFunc sendMessageFromVehicle_l msgBuff[30]=0x0,start:0,len:16,temp:8,
05-27 18:18:20.305   351   516 D automotive.vehicle@2.0-adayo-func-bcm: BCMFunc sendMessageFromVehicle_l msgBuff[29]=0x0,start:0,len:8,temp:8,
05-27 18:18:20.305   351   516 D automotive.vehicle@2.0-adayo-func-bcm: BCMFunc sendMessageFromVehicle_l prop: 0x21400003 ,areaId: 0x0  SPLITE_BIT_DATA_INTEGER : 0
05-27 18:18:20.305   351   516 D automotive.vehicle@2.0-adayo-func-bcm: BCMFunc sendMessageFromVehicle_l id:557842435, area:0 not report! 
05-27 18:18:20.305   351   516 D automotive.vehicle@2.0-adayo-func-bcm: BCMFunc sendMessageFromVehicle_l dataType: 12,mByte=32,propid=0x21600002
05-27 18:18:20.305   351   516 D automotive.vehicle@2.0-adayo-func-bcm: BCMFunc sendMessageFromVehicle_l msgBuff[32]=0x0,start:5,len:11,temp:3,
05-27 18:18:20.305   351   516 D automotive.vehicle@2.0-adayo-func-bcm: BCMFunc sendMessageFromVehicle_l msgBuff[31]=0x0,start:0,len:8,temp:8,
05-27 18:18:20.305   351   516 D automotive.vehicle@2.0-adayo-func-bcm: BCMFunc sendMessageFromVehicle_l prop: 0x21600002 , SPLITE_BIT_DATA_INTEGER1 data:0
05-27 18:18:20.305   351   516 D automotive.vehicle@2.0-adayo-func-bcm: BCMFunc sendMessageFromVehicle_l prop: 0x21600002 , SPLITE_BIT_DATA_INTEGER4 procotol.calc[0]:0.100000,procotol.calc[1]:0.000000
05-27 18:18:20.305   351   516 D automotive.vehicle@2.0-adayo-func-bcm: BCMFunc sendMessageFromVehicle_l prop: 0x21600002 ,areaId: 0x0  SPLITE_BIT_DATA_INTEGER : 0.000000,calc[0]:0.100000,calc[1]:0.000000
05-27 18:18:20.305   351   516 D automotive.vehicle@2.0-adayo-func-bcm: BCMFunc sendMessageFromVehicle_l id:559939586, area:0 not report! 
05-27 18:18:20.305   351   516 D automotive.vehicle@2.0-adayo-func-bcm: BCMFunc sendMessageFromVehicle_l dataType: 12,mByte=34,propid=0x216000dd
05-27 18:18:20.306   351   516 D automotive.vehicle@2.0-adayo-func-bcm: BCMFunc sendMessageFromVehicle_l msgBuff[34]=0x0,start:5,len:11,temp:3,
05-27 18:18:20.306   351   516 D automotive.vehicle@2.0-adayo-func-bcm: BCMFunc sendMessageFromVehicle_l msgBuff[33]=0x0,start:0,len:8,temp:8,
05-27 18:18:20.306   351   516 D automotive.vehicle@2.0-adayo-func-bcm: BCMFunc sendMessageFromVehicle_l prop: 0x216000dd , SPLITE_BIT_DATA_INTEGER1 data:0
05-27 18:18:20.306   351   516 D automotive.vehicle@2.0-adayo-func-bcm: BCMFunc sendMessageFromVehicle_l prop: 0x216000dd , SPLITE_BIT_DATA_INTEGER4 procotol.calc[0]:0.200000,procotol.calc[1]:0.000000
05-27 18:18:20.306   351   516 D automotive.vehicle@2.0-adayo-func-bcm: BCMFunc sendMessageFromVehicle_l prop: 0x216000dd ,areaId: 0x0  SPLITE_BIT_DATA_INTEGER : 0.000000,calc[0]:0.200000,calc[1]:0.000000
05-27 18:18:20.306   351   516 D automotive.vehicle@2.0-adayo-func-bcm: BCMFunc sendMessageFromVehicle_l id:559939805, area:0 not report! 
05-27 18:18:20.306   351   516 D automotive.vehicle@2.0-adayo-func-bcm: BCMFunc sendMessageFromVehicle_l dataType: 12,mByte=35,propid=0x216000de
05-27 18:18:20.306   351   516 D automotive.vehicle@2.0-adayo-func-bcm: BCMFunc sendMessageFromVehicle_l msgBuff[35]=0x0,start:0,len:8,temp:8,
05-27 18:18:20.306   351   516 D automotive.vehicle@2.0-adayo-func-bcm: BCMFunc sendMessageFromVehicle_l prop: 0x216000de , SPLITE_BIT_DATA_INTEGER1 data:0
05-27 18:18:20.306   351   516 D automotive.vehicle@2.0-adayo-func-bcm: BCMFunc sendMessageFromVehicle_l prop: 0x216000de , SPLITE_BIT_DATA_INTEGER4 procotol.calc[0]:0.392157,procotol.calc[1]:0.000000
05-27 18:18:20.306  1083  1083 I MyAppLog: [2026-05-27 18:18:20.305 I tboxap mcuCommTboxmidsRecvCb:97] [Mcu] [mcuCommTboxmidsRecvCb] recv from tboxmids, size:10
05-27 18:18:20.306   351   516 D automotive.vehicle@2.0-adayo-func-bcm: BCMFunc sendMessageFromVehicle_l prop: 0x216000de ,areaId: 0x0  SPLITE_BIT_DATA_INTEGER : 0.000000,calc[0]:0.392157,calc[1]:0.000000
05-27 18:18:20.306   351   516 D automotive.vehicle@2.0-adayo-func-bcm: BCMFunc sendMessageFromVehicle_l id:559939806, area:0 not report! 
05-27 18:18:20.306   351   516 D automotive.vehicle@2.0-adayo-func-bcm: BCMFunc sendMessageFromVehicle_l dataType: 12,mByte=36,propid=0x214000df
05-27 18:18:20.306   351   516 D automotive.vehicle@2.0-adayo-func-bcm: BCMFunc sendMessageFromVehicle_l msgBuff[36]=0x0,start:3,len:1,temp:1,
05-27 18:18:20.306   351   516 D automotive.vehicle@2.0-adayo-func-bcm: BCMFunc sendMessageFromVehicle_l prop: 0x214000df ,areaId: 0x0  SPLITE_BIT_DATA_INTEGER : 0
05-27 18:18:20.306  1083  1083 I MyAppLog: [2026-05-27 18:18:20.305 I tboxap mcuCommTboxmidsRecvCb:98] [Mcu] [tboxmids -> tboxap]: :00 08 C9 01 04 09 20 12 34 56
05-27 18:18:20.306   351   516 D automotive.vehicle@2.0-adayo-func-bcm: BCMFunc sendMessageFromVehicle_l id:557842655, area:0 not report! 
05-27 18:18:20.306   351   516 D automotive.vehicle@2.0-adayo-func-bcm: BCMFunc sendMessageFromVehicle_l dataType: 12,mByte=37,propid=0x214000e0
05-27 18:18:20.306   351   516 D automotive.vehicle@2.0-adayo-func-bcm: BCMFunc sendMessageFromVehicle_l msgBuff[37]=0x0,start:0,len:3,temp:3,
05-27 18:18:20.306   351   516 D automotive.vehicle@2.0-adayo-func-bcm: BCMFunc sendMessageFromVehicle_l prop: 0x214000e0 ,areaId: 0x0  SPLITE_BIT_DATA_INTEGER : 0
05-27 18:18:20.306   351   516 D automotive.vehicle@2.0-adayo-func-bcm: BCMFunc sendMessageFromVehicle_l id:557842656, area:0 not report! 
05-27 18:18:20.306   351   516 D automotive.vehicle@2.0-adayo-func-bcm: BCMFunc sendMessageFromVehicle_l dataType: 12,mByte=38,propid=0x216000e1
05-27 18:18:20.306  1083  1083 I MyAppLog: [2026-05-27 18:18:20.305 I tboxap mcuPtlParseData:990] [Mcu] [Mcu  Parse]: (cmd):0920 (param):0920123456
05-27 18:18:20.306   351   516 D automotive.vehicle@2.0-adayo-func-bcm: BCMFunc sendMessageFromVehicle_l msgBuff[38]=0x0,start:0,len:8,temp:8,
05-27 18:18:20.306   351   516 D automotive.vehicle@2.0-adayo-func-bcm: BCMFunc sendMessageFromVehicle_l prop: 0x216000e1 , SPLITE_BIT_DATA_INTEGER1 data:0
05-27 18:18:20.306   351   516 D automotive.vehicle@2.0-adayo-func-bcm: BCMFunc sendMessageFromVehicle_l prop: 0x216000e1 , SPLITE_BIT_DATA_INTEGER4 procotol.calc[0]:0.005000,procotol.calc[1]:-163.839996
05-27 18:18:20.306   351   516 D automotive.vehicle@2.0-adayo-func-bcm: BCMFunc sendMessageFromVehicle_l prop: 0x216000e1 ,areaId: 0x0  SPLITE_BIT_DATA_INTEGER : -163.839996,calc[0]:0.005000,calc[1]:-163.839996
05-27 18:18:20.306   351   516 D automotive.vehicle@2.0-adayo-func-bcm: BCMFunc sendMessageFromVehicle_l id:559939809, area:0 not report! 
05-27 18:18:20.306  1083  1083 W MyAppLog: [2026-05-27 18:18:20.305 W tboxap mcuParamDataRevPack:918] [Mcu] mcuParamDataRevPack start pack data!!!
05-27 18:18:20.306   351   516 D automotive.vehicle@2.0-adayo-func-bcm: BCMFunc sendMessageFromVehicle_l dataType: 12,mByte=39,propid=0x214000e2
05-27 18:18:20.306   299 30844 D EvsDriver: Delivered 0xb400007b7ca56900 as id 0
05-27 18:18:20.306  1167  1184 D evsmanagerd: /dev/video6 forwarded the buffer #0 to 0xb4000074bf5f5510 from 0xb4000074bf5f6d90
05-27 18:18:20.306   351   516 D automotive.vehicle@2.0-adayo-func-bcm: BCMFunc sendMessageFromVehicle_l msgBuff[39]=0x0,start:0,len:8,temp:8,
05-27 18:18:20.306   351   516 D automotive.vehicle@2.0-adayo-func-bcm: BCMFunc sendMessageFromVehicle_l prop: 0x214000e2 ,areaId: 0x0  SPLITE_BIT_DATA_INTEGER : 0
05-27 18:18:20.306  1083  1083 W MyAppLog: [2026-05-27 18:18:20.305 W tboxap mcuHandleTrigAlarmInd:1906] [Mcu] [mcuHandleTrigAlarmInd] trig alarm rpt, msgId:0x0200 alarmType:0x12 12VBatt:0x34
05-27 18:18:20.306   351   516 D automotive.vehicle@2.0-adayo-func-bcm: BCMFunc sendMessageFromVehicle_l id:557842658, area:0 not report! 
05-27 18:18:20.306   351   516 D automotive.vehicle@2.0-adayo-func-bcm: BCMFunc sendMessageFromVehicle_l dataType: 12,mByte=40,propid=0x214000e3
05-27 18:18:20.306   351   516 D automotive.vehicle@2.0-adayo-func-bcm: BCMFunc sendMessageFromVehicle_l msgBuff[40]=0x0,start:0,len:4,temp:4,
05-27 18:18:20.306   351   516 D automotive.vehicle@2.0-adayo-func-bcm: BCMFunc sendMessageFromVehicle_l prop: 0x214000e3 ,areaId: 0x0  SPLITE_BIT_DATA_INTEGER : 0
05-27 18:18:20.306  1083  1083 I MyAppLog: [2026-05-27 18:18:20.305 I tboxap mcuSendYadiTransfer:196] [Mcu] [mcuYadiSend]: :00 06 C8 04 01 09 A0 01
05-27 18:18:20.306   351   516 D automotive.vehicle@2.0-adayo-func-bcm: BCMFunc sendMessageFromVehicle_l id:557842659, area:0 not report! 
05-27 18:18:20.306   351   516 D automotive.vehicle@2.0-adayo-func-bcm: BCMFunc sendMessageFromVehicle_l dataType: 12,mByte=40,propid=0x214000e4
05-27 18:18:20.307   351   516 D automotive.vehicle@2.0-adayo-func-bcm: BCMFunc sendMessageFromVehicle_l msgBuff[40]=0x0,start:4,len:4,temp:4,
05-27 18:18:20.307 30773 30782 I dvr_service_: [myNum:1][onFrameReceived] Received Surface:1 0
05-27 18:18:20.307   351   516 D automotive.vehicle@2.0-adayo-func-bcm: BCMFunc sendMessageFromVehicle_l prop: 0x214000e4 ,areaId: 0x0  SPLITE_BIT_DATA_INTEGER : 0
05-27 18:18:20.307   351   516 D automotive.vehicle@2.0-adayo-func-bcm: BCMFunc sendMessageFromVehicle_l id:557842660, area:0 not report! 
05-27 18:18:20.307 30773 30782 E dvr_service_: [myNum:1] Received S**** loss
05-27 18:18:20.307   351   516 D automotive.vehicle@2.0-adayo-func-bcm: BCMFunc sendMessageFromVehicle_l dataType: 12,mByte=41,propid=0x214000e5
05-27 18:18:20.307   351   516 D automotive.vehicle@2.0-adayo-func-bcm: BCMFunc sendMessageFromVehicle_l msgBuff[41]=0x0,start:0,len:8,temp:8,
05-27 18:18:20.307   351   516 D automotive.vehicle@2.0-adayo-func-bcm: BCMFunc sendMessageFromVehicle_l prop: 0x214000e5 ,areaId: 0x0  SPLITE_BIT_DATA_INTEGER : 0
05-27 18:18:20.307   351   516 D automotive.vehicle@2.0-adayo-func-bcm: BCMFunc sendMessageFromVehicle_l id:557842661, area:0 not report! 
05-27 18:18:20.307   351   516 D automotive.vehicle@2.0-adayo-func-bcm: BCMFunc sendMessageFromVehicle_l dataType: 12,mByte=42,propid=0x216000e6
05-27 18:18:20.307   351   516 D automotive.vehicle@2.0-adayo-func-bcm: BCMFunc sendMessageFromVehicle_l msgBuff[42]=0x0,start:0,len:8,temp:8,
05-27 18:18:20.307   351   516 D automotive.vehicle@2.0-adayo-func-bcm: BCMFunc sendMessageFromVehicle_l prop: 0x216000e6 , SPLITE_BIT_DATA_INTEGER1 data:0
05-27 18:18:20.307  1083  1083 W MyAppLog: [2026-05-27 18:18:20.305 W tboxap tsp_ExternalEvent:109] [Tsp] [tsp_ExternalEvent] recv ExternalEvent = 61, size:4
05-27 18:18:20.307   351   516 D automotive.vehicle@2.0-adayo-func-bcm: BCMFunc sendMessageFromVehicle_l prop: 0x216000e6 , SPLITE_BIT_DATA_INTEGER4 procotol.calc[0]:0.000127,procotol.calc[1]:-4.176800
05-27 18:18:20.307   351   516 D automotive.vehicle@2.0-adayo-func-bcm: BCMFunc sendMessageFromVehicle_l prop: 0x216000e6 ,areaId: 0x0  SPLITE_BIT_DATA_INTEGER : -4.176800,calc[0]:0.000127,calc[1]:-4.176800
05-27 18:18:20.307   351   516 D automotive.vehicle@2.0-adayo-func-bcm: BCMFunc sendMessageFromVehicle_l id:559939814, area:0 not report! 
05-27 18:18:20.307   351   516 D automotive.vehicle@2.0-adayo-func-bcm: BCMFunc sendMessageFromVehicle_l dataType: 12,mByte=43,propid=0x214000e7
05-27 18:18:20.307   351   516 D automotive.vehicle@2.0-adayo-func-bcm: BCMFunc sendMessageFromVehicle_l msgBuff[43]=0x0,start:0,len:8,temp:8,
05-27 18:18:20.307   351   516 D automotive.vehicle@2.0-adayo-func-bcm: BCMFunc sendMessageFromVehicle_l prop: 0x214000e7 ,areaId: 0x0  SPLITE_BIT_DATA_INTEGER : 0
05-27 18:18:20.307   351   516 D automotive.vehicle@2.0-adayo-func-bcm: BCMFunc sendMessageFromVehicle_l id:557842663, area:0 not report! 
05-27 18:18:20.307   351   516 D automotive.vehicle@2.0-adayo-func-bcm: BCMFunc sendMessageFromVehicle_l dataType: 12,mByte=44,propid=0x214000e8
05-27 18:18:20.307   351   516 D automotive.vehicle@2.0-adayo-func-bcm: BCMFunc sendMessageFromVehicle_l msgBuff[44]=0x0,start:0,len:4,temp:4,
05-27 18:18:20.307   351   516 D automotive.vehicle@2.0-adayo-func-bcm: BCMFunc sendMessageFromVehicle_l prop: 0x214000e8 ,areaId: 0x0  SPLITE_BIT_DATA_INTEGER : 0
05-27 18:18:20.307   351   516 D automotive.vehicle@2.0-adayo-func-bcm: BCMFunc sendMessageFromVehicle_l id:557842664, area:0 not report! 
05-27 18:18:20.307  1083  1083 W MyAppLog: [2026-05-27 18:18:20.305 W tboxap tsp_TrigAlarmFilter:621] [Tsp] [tsp_TrigAlarmFilter] bit[1] check start: isActive:1 wasActive:1 lastReport:1779875391 delta:1709 severeCnt:0 severeDelta:-1
05-27 18:18:20.307   351   516 D automotive.vehicle@2.0-adayo-func-bcm: BCMFunc sendMessageFromVehicle_l dataType: 12,mByte=44,propid=0x214000e9
05-27 18:18:20.307   581   581 I SpiService: fgesysctrl_getGPIO_status success val=1
05-27 18:18:20.307   351   516 D automotive.vehicle@2.0-adayo-func-bcm: BCMFunc sendMessageFromVehicle_l msgBuff[44]=0x0,start:4,len:4,temp:4,
05-27 18:18:20.307   351   516 D automotive.vehicle@2.0-adayo-func-bcm: BCMFunc sendMessageFromVehicle_l prop: 0x214000e9 ,areaId: 0x0  SPLITE_BIT_DATA_INTEGER : 0
05-27 18:18:20.307   351   516 D automotive.vehicle@2.0-adayo-func-bcm: BCMFunc sendMessageFromVehicle_l id:557842665, area:0 not report! 
05-27 18:18:20.307   351   516 D automotive.vehicle@2.0-adayo-func-bcm: BCMFunc sendMessageFromVehicle_l dataType: 12,mByte=45,propid=0x214000ea
05-27 18:18:20.307   351   516 D automotive.vehicle@2.0-adayo-func-bcm: BCMFunc sendMessageFromVehicle_l msgBuff[45]=0x0,start:0,len:8,temp:8,
05-27 18:18:20.307   299  1163 D EvsDriver: doneWithFrame
05-27 18:18:20.307   351   516 D automotive.vehicle@2.0-adayo-func-bcm: BCMFunc sendMessageFromVehicle_l prop: 0x214000ea ,areaId: 0x0  SPLITE_BIT_DATA_INTEGER : 0
05-27 18:18:20.307   351   516 D automotive.vehicle@2.0-adayo-func-bcm: BCMFunc sendMessageFromVehicle_l id:557842666, area:0 not report! 
05-27 18:18:20.307   351   516 D automotive.vehicle@2.0-adayo-func-bcm: BCMFunc sendMessageFromVehicle_l dataType: 12,mByte=46,propid=0x214000eb
05-27 18:18:20.307   351   516 D automotive.vehicle@2.0-adayo-func-bcm: BCMFunc sendMessageFromVehicle_l msgBuff[46]=0x0,start:0,len:8,temp:8,
05-27 18:18:20.307   351   516 D automotive.vehicle@2.0-adayo-func-bcm: BCMFunc sendMessageFromVehicle_l prop: 0x214000eb ,areaId: 0x0  SPLITE_BIT_DATA_INTEGER : 0
05-27 18:18:20.307   351   516 D automotive.vehicle@2.0-adayo-func-bcm: BCMFunc sendMessageFromVehicle_l id:557842667, area:0 not report! 
05-27 18:18:20.307   351   516 D automotive.vehicle@2.0-adayo-func-bcm: BCMFunc sendMessageFromVehicle_l dataType: 12,mByte=47,propid=0x214000ec
05-27 18:18:20.307   351   516 D automotive.vehicle@2.0-adayo-func-bcm: BCMFunc sendMessageFromVehicle_l msgBuff[47]=0x0,start:0,len:8,temp:8,
05-27 18:18:20.307   351   516 D automotive.vehicle@2.0-adayo-func-bcm: BCMFunc sendMessageFromVehicle_l prop: 0x214000ec ,areaId: 0x0  SPLITE_BIT_DATA_INTEGER : 0
05-27 18:18:20.307   351   516 D automotive.vehicle@2.0-adayo-func-bcm: BCMFunc sendMessageFromVehicle_l id:557842668, area:0 not report! 
05-27 18:18:20.307   351   516 D automotive.vehicle@2.0-adayo-func-bcm: BCMFunc sendMessageFromVehicle_l dataType: 12,mByte=48,propid=0x214000ed
05-27 18:18:20.307   351   516 D automotive.vehicle@2.0-adayo-func-bcm: BCMFunc sendMessageFromVehicle_l msgBuff[48]=0x0,start:0,len:4,temp:4,
05-27 18:18:20.308   351   516 D automotive.vehicle@2.0-adayo-func-bcm: BCMFunc sendMessageFromVehicle_l prop: 0x214000ed ,areaId: 0x0  SPLITE_BIT_DATA_INTEGER : 0
05-27 18:18:20.308   351   516 D automotive.vehicle@2.0-adayo-func-bcm: BCMFunc sendMessageFromVehicle_l id:557842669, area:0 not report! 
05-27 18:18:20.308   351   516 D automotive.vehicle@2.0-adayo-func-bcm: BCMFunc sendMessageFromVehicle_l dataType: 12,mByte=48,propid=0x214000ee
05-27 18:18:20.308  1083  1083 W MyAppLog: [2026-05-27 18:18:20.305 W tboxap tsp_TrigAlarmFilter:668] [Tsp] [tsp_TrigAlarmFilter] bit[1] check done: allow:0 outAlarmType:0x00 outBatt:0x00
05-27 18:18:20.308   351   516 D automotive.vehicle@2.0-adayo-func-bcm: BCMFunc sendMessageFromVehicle_l msgBuff[48]=0x0,start:4,len:4,temp:4,
05-27 18:18:20.308   351   516 D automotive.vehicle@2.0-adayo-func-bcm: BCMFunc sendMessageFromVehicle_l prop: 0x214000ee ,areaId: 0x0  SPLITE_BIT_DATA_INTEGER : 0
05-27 18:18:20.308   351   516 D automotive.vehicle@2.0-adayo-func-bcm: BCMFunc sendMessageFromVehicle_l id:557842670, area:0 not report! 
05-27 18:18:20.308   351   516 D automotive.vehicle@2.0-adayo-func-bcm: BCMFunc sendMessageFromVehicle_l dataType: 12,mByte=49,propid=0x214000ef
05-27 18:18:20.308   351   516 D automotive.vehicle@2.0-adayo-func-bcm: BCMFunc sendMessageFromVehicle_l msgBuff[49]=0x0,start:0,len:8,temp:8,
05-27 18:18:20.308   351   516 D automotive.vehicle@2.0-adayo-func-bcm: BCMFunc sendMessageFromVehicle_l prop: 0x214000ef ,areaId: 0x0  SPLITE_BIT_DATA_INTEGER : 0
05-27 18:18:20.308  1083  1083 W MyAppLog: [2026-05-27 18:18:20.305 W tboxap tsp_TrigAlarmFilter:621] [Tsp] [tsp_TrigAlarmFilter] bit[10] check start: isActive:1 wasActive:1 lastReport:1779875391 delta:1709 severeCnt:0 severeDelta:-1
05-27 18:18:20.308   351   516 D automotive.vehicle@2.0-adayo-func-bcm: BCMFunc sendMessageFromVehicle_l id:557842671, area:0 not report! 
05-27 18:18:20.308   351   516 D automotive.vehicle@2.0-adayo-func-bcm: BCMFunc sendMessageFromVehicle_l dataType: 12,mByte=50,propid=0x21400108
05-27 18:18:20.308   351   516 D automotive.vehicle@2.0-adayo-func-bcm: BCMFunc sendMessageFromVehicle_l msgBuff[50]=0x0,start:5,len:1,temp:1,
05-27 18:18:20.308   351   516 D automotive.vehicle@2.0-adayo-func-bcm: BCMFunc sendMessageFromVehicle_l prop: 0x21400108 ,areaId: 0x0  SPLITE_BIT_DATA_INTEGER : 0
05-27 18:18:20.308   351   516 D automotive.vehicle@2.0-adayo-func-bcm: BCMFunc sendMessageFromVehicle_l id:557842696, area:0 not report! 
05-27 18:18:20.308  1083  1083 W MyAppLog: [2026-05-27 18:18:20.305 W tboxap tsp_TrigAlarmFilter:668] [Tsp] [tsp_TrigAlarmFilter] bit[10] check done: allow:0 outAlarmType:0x00 outBatt:0x00
05-27 18:18:20.308   351   516 D automotive.vehicle@2.0-adayo-func-bcm: BCMFunc sendMessageFromVehicle_l dataType: 12,mByte=51,propid=0x21400109
05-27 18:18:20.308   351   516 D automotive.vehicle@2.0-adayo-func-bcm: BCMFunc sendMessageFromVehicle_l msgBuff[51]=0x0,start:5,len:1,temp:1,
05-27 18:18:20.308   351   516 D automotive.vehicle@2.0-adayo-func-bcm: BCMFunc sendMessageFromVehicle_l prop: 0x21400109 ,areaId: 0x0  SPLITE_BIT_DATA_INTEGER : 0
05-27 18:18:20.308   351   516 D automotive.vehicle@2.0-adayo-func-bcm: BCMFunc sendMessageFromVehicle_l id:557842697, area:0 not report! 
05-27 18:18:20.308  1083  1083 W MyAppLog: [2026-05-27 18:18:20.305 W tboxap tsp_TrigAlarmFilter:677] [Tsp] [tsp_TrigAlarmFilter] input alarmType:0x02 batt:0x04 output alarmType:0x00 batt:0x00 severeCnt:0
05-27 18:18:20.308   351   516 D automotive.vehicle@2.0-adayo-func-bcm: BCMFunc sendMessageFromVehicle_l dataType: 12,mByte=52,propid=0x21400105
05-27 18:18:20.308   351   516 D automotive.vehicle@2.0-adayo-func-bcm: BCMFunc sendMessageFromVehicle_l msgBuff[52]=0x0,start:3,len:3,temp:3,
05-27 18:18:20.308   481   599 I mcuc    : start timer OK = 25177 
05-27 18:18:20.308   351   516 D automotive.vehicle@2.0-adayo-func-bcm: BCMFunc sendMessageFromVehicle_l prop: 0x21400105 ,areaId: 0x0  SPLITE_BIT_DATA_INTEGER : 0
05-27 18:18:20.308   351   516 D automotive.vehicle@2.0-adayo-func-bcm: BCMFunc sendMessageFromVehicle_l id:557842693, area:0 not report! 
05-27 18:18:20.309   536   536 D commservice260303: msg.id = 1028,1
05-27 18:18:20.309   536   536 D commservice260303: i = 170, msgid = 8A000404
05-27 18:18:20.309   536   536 D commservice260303: msgid = -1979710460,did=138
05-27 18:18:20.309   536   536 D commservice260303: CommProtocolLibCmdBaseI2C::dataproc {"command":{"id":"imu_status","sub":""},"content":{"TimeStamp":8,"FrameCounter":207601,"GD_X":-0.011300750076770782,"GD_Y":0.005345047451555729,"GD_Z":0.0019848872907459736,"AD_X":-0.0032857656478881836,"AD_Y":-0.0026627748738974333,"AD_Z":-0.16886615753173828,"TempDsp":0,"Status":0,"CalibState":1,"SigAmpInvalid":0}},-1979710460
05-27 18:18:20.310   536   536 D commservice260303: send2Cluster len:318, 7B22636F6D6D616E64223A7B226964223A22696D755F737461747573222C22737562223A22227D2C22636F6E74656E74223A7B2254696D655374616D70223A382C224672616D65436F756E746572223A3230373630312C2247445F58223A2D302E3031313330303735303037363737303738322C2247445F59223A302E3030353334353034373435313535353732392C2247445F5A223A302E303031393834383837323930373435393733362C2241445F58223A2D302E303033323835373635363437383838313833362C2241445F59223A2D302E303032363632373734383733383937343333332C2241445F5A223A2D302E31363838363631353735333137333832382C2254656D70447370223A302C22537461747573223A302C2243616C69625374617465223A312C22536967416D70496E76616C6964223A307D7D, 138 
05-27 18:18:20.310   536   536 D commservice260303: Push Message into SendPool fn=694682368
05-27 18:18:20.310   536   536 D commservice260303: ComProtocolLibSend2Cluster::send2ClusterRaw fn=694682368 , len=334
05-27 18:18:20.310   536   536 D commservice260303: sendCmdToPort :334!!!
05-27 18:18:20.310   536   536 D commservice260303: send Cmd To Port ++++5AA5014A8A01000368296A16C4EC7B22636F6D6D616E64223A7B226964223A22696D755F737461747573222C22737562223A22227D2C22636F6E74656E74223A7B2254696D655374616D70223A382C224672616D65436F756E746572223A3230373630312C2247445F58223A2D302E3031313330303735303037363737303738322C2247445F59223A302E3030353334353034373435313535353732392C2247445F5A223A302E303031393834383837323930373435393733362C2241445F58223A2D302E303033323835373635363437383838313833362C2241445F59223A2D302E303032363632373734383733383937343333332C2241445F5A223A2D302E31363838363631353735333137333832382C2254656D70447370223A302C22537461747573223A302C2243616C69625374617465223A312C22536967416D70496E76616C6964223A307D7D38F0
05-27 18:18:20.310   536   536 D commservice260303: bufferevent_write retrun value = 0
05-27 18:18:20.310   536   560 D commservice260303: client datas send succeed,send finish
05-27 18:18:20.310 13911 14192 D Sentinelmode_1.2.5.17_sentry: <SentryImuClusterFgeSender>imu_status sent to Linux, frame=207601, tsNs=8967549, tsMs=8, intervalMs=40, ad=(-0.0032857656,-0.0026627749,-0.16886616), gd=(-0.01130075,0.0053450475,0.0019848873)
05-27 18:18:20.312   581   581 I SpiService: fgesysctrl_getGPIO_status success val=1
05-27 18:18:20.313 13911 14183 I SentryImuMcuAngleSender: 180.0rollDeg
05-27 18:18:20.313 13911 14183 I SentryImuMcuAngleSender: 1,0,0
05-27 18:18:20.315  1008 30856 D [OMXB]  : usingANWBuffer: handle:0xee743190, format:1, w:1920, h:1080
05-27 18:18:20.318   581   581 I SpiService: fgesysctrl_getGPIO_status success val=1
05-27 18:18:20.324   581   581 I SpiService: fgesysctrl_getGPIO_status success val=0
05-27 18:18:20.324   481   597 I mcuc    : send SPI:6AA602B4A5000289001A6AA602B4A600028900196AA601625900F80901C8040109A001000000000000000000000000000000000000000000000000000000000000000000000000000000000000000000000000000000000000000000000000000000000000000000000000000000000000000000000000000000000000000000000000000000000000000000000000000000000000000000000000000000000000000000000000000000000000000000000000000000000000000000000000000000000000000000000000000000000000000000000000000000000000000000000000000000000000000000000000000000000000000000000000000000000000000000000000000000000000000000000000CB
05-27 18:18:20.328   299 30844 D EvsDriver: forwardFrame
05-27 18:18:20.330   299 30844 D EvsDriver: Delivered 0xb400007b7ca56900 as id 0
05-27 18:18:20.330  1167  1184 D evsmanagerd: /dev/video6 forwarded the buffer #0 to 0xb4000074bf5f5510 from 0xb4000074bf5f6d90
05-27 18:18:20.330  1008 30857 D [OMXB]  : usingANWBuffer: handle:0xee741e50, format:1, w:1920, h:1080
05-27 18:18:20.331   299 30841 D EvsDriver: forwardFrame
05-27 18:18:20.334   351   351 D DefaultVehicleHal: setProperty setValues start
05-27 18:18:20.334   351   351 D 2026-5-19:FakeVehicleHardware: setProperty FakeVehicleHardware  ID: 0x11500f31
05-27 18:18:20.334   351   351 D 2026-5-19:FakeVehicleHardware: setProperty id:0x11500f31,value:8967584
05-27 18:18:20.334   351   351 D DefaultVehicleHal: setProperty setValues end
05-27 18:18:20.334   351   368 D 2026-5-19:FakeVehicleHardware: setProperty FakeVehicleHardware  setValue START
05-27 18:18:20.334   351   368 D 2026-5-19:FakeVehicleHardware: setProperty FakeVehicleHardware  setValue end
05-27 18:18:20.335  1167  1184 D evsmanagerd: /dev/video4 forwarded the buffer #0 to 0xb4000074bf5f6850 from 0xb4000074bf5f41d0
05-27 18:18:20.336   299  1163 D EvsDriver: doneWithFrame
05-27 18:18:20.335   299 30841 D EvsDriver: Delivered 0xb400007b7ca56a60 as id 0
05-27 18:18:20.339 13911 14183 I SentryImuMcuAngleSender: 180.0rollDeg
05-27 18:18:20.339 13911 14183 I SentryImuMcuAngleSender: 1,0,0
05-27 18:18:20.339   581   581 I SpiService: fgesysctrl_getGPIO_status success val=1
05-27 18:18:20.339   299  1163 D EvsDriver: doneWithFrame
05-27 18:18:20.345   581   581 I SpiService: fgesysctrl_getGPIO_status success val=1
05-27 08:09:29.310   581   581 D spidev_ioctl: gpio status=1)
05-27 18:18:20.349   536   536 D commservice260303: msg.id = 1028,0
05-27 18:18:20.349   536   536 D commservice260303: i = 170, msgid = 8A000404
05-27 18:18:20.350   536   536 D commservice260303: msgid = -1979710460,did=138
05-27 18:18:20.350   536   536 D commservice260303: CommProtocolLibCmdBaseI2C::dataproc {"command":{"id":"imu_status","sub":""},"content":{"TimeStamp":8,"FrameCounter":207602,"GD_X":-0.010613113641738892,"GD_Y":0.005268065724521875,"GD_Z":0.0021378109231591225,"AD_X":-0.00327889621257782,"AD_Y":0.0010019221808761358,"AD_Z":-0.1652059555053711,"TempDsp":0,"Status":0,"CalibState":1,"SigAmpInvalid":0}},-1979710460
05-27 18:18:20.350   536   536 D commservice260303: send2Cluster len:314, 7B22636F6D6D616E64223A7B226964223A22696D755F737461747573222C22737562223A22227D2C22636F6E74656E74223A7B2254696D655374616D70223A382C224672616D65436F756E746572223A3230373630322C2247445F58223A2D302E3031303631333131333634313733383839322C2247445F59223A302E3030353236383036353732343532313837352C2247445F5A223A302E303032313337383130393233313539313232352C2241445F58223A2D302E30303332373838393632313235373738322C2241445F59223A302E303031303031393232313830383736313335382C2241445F5A223A2D302E313635323035393535353035333731312C2254656D70447370223A302C22537461747573223A302C2243616C69625374617465223A312C22536967416D70496E76616C6964223A307D7D, 138 
05-27 18:18:20.350   536   536 D commservice260303: Push Message into SendPool fn=711459584
05-27 18:18:20.350   536   536 D commservice260303: ComProtocolLibSend2Cluster::send2ClusterRaw fn=711459584 , len=330
05-27 18:18:20.350   536   536 D commservice260303: sendCmdToPort :330!!!
05-27 18:18:20.350   536   536 D commservice260303: send Cmd To Port ++++5AA501468A010003682A6A16C4EC7B22636F6D6D616E64223A7B226964223A22696D755F737461747573222C22737562223A22227D2C22636F6E74656E74223A7B2254696D655374616D70223A382C224672616D65436F756E746572223A3230373630322C2247445F58223A2D302E3031303631333131333634313733383839322C2247445F59223A302E3030353236383036353732343532313837352C2247445F5A223A302E303032313337383130393233313539313232352C2241445F58223A2D302E30303332373838393632313235373738322C2241445F59223A302E303031303031393232313830383736313335382C2241445F5A223A2D302E313635323035393535353035333731312C2254656D70447370223A302C22537461747573223A302C2243616C69625374617465223A312C22536967416D70496E76616C6964223A307D7DB9A4
05-27 18:18:20.350   536   536 D commservice260303: bufferevent_write retrun value = 0
05-27 18:18:20.350   536   560 D commservice260303: client datas send succeed,send finish
05-27 18:18:20.350 13911 14192 D Sentinelmode_1.2.5.17_sentry: <SentryImuClusterFgeSender>imu_status sent to Linux, frame=207602, tsNs=8967585, tsMs=8, intervalMs=40, ad=(-0.0032788962,0.0010019222,-0.16520596), gd=(-0.010613114,0.0052680657,0.002137811)
05-27 18:18:20.351  1008 30856 D [OMXB]  : usingANWBuffer: handle:0xee7404e0, format:1, w:1920, h:1080
05-27 18:18:20.351   581   581 I SpiService: fgesysctrl_getGPIO_status success val=1
05-27 08:09:29.315   581   581 D spidev_ioctl: gpio status=1)
05-27 18:18:20.356   581   581 I SpiService: fgesysctrl_getGPIO_status success val=1
05-27 08:09:29.321   581   581 D spidev_ioctl: gpio status=1)
05-27 18:18:20.360 13911 14183 I SentryImuMcuAngleSender: 179.96495rollDeg
05-27 18:18:20.360 13911 14183 I SentryImuMcuAngleSender: 1,0,0
05-27 18:18:20.361   581   581 I SpiService: fgesysctrl_getGPIO_status success val=1
05-27 18:18:20.363   299 30844 D EvsDriver: forwardFrame
05-27 18:18:20.364   299 30844 D EvsDriver: Delivered 0xb400007b7ca56900 as id 0
05-27 18:18:20.364  1167  1184 D evsmanagerd: /dev/video6 forwarded the buffer #0 to 0xb4000074bf5f5510 from 0xb4000074bf5f6d90
05-27 18:18:20.367   299  1163 D EvsDriver: doneWithFrame
05-27 18:18:20.367   581   581 I SpiService: fgesysctrl_getGPIO_status success val=0
05-27 18:18:20.367   299 30841 D EvsDriver: forwardFrame
05-27 18:18:20.368   299 30841 D EvsDriver: Delivered 0xb400007b7ca56a60 as id 0
05-27 18:18:20.368  1167  1184 D evsmanagerd: /dev/video4 forwarded the buffer #0 to 0xb4000074bf5f6850 from 0xb4000074bf5f41d0
05-27 18:18:20.370   299  1163 D EvsDriver: doneWithFrame
05-27 18:18:20.375  1008 30857 D [OMXB]  : usingANWBuffer: handle:0xee746ec0, format:1, w:1920, h:1080
05-27 18:18:20.377   481   598 I mcuc    : rev,n=1,6AA682625900020901B7
05-27 18:18:20.380 13911 14183 I SentryImuMcuAngleSender: 179.97197rollDeg
05-27 18:18:20.380 13911 14183 I SentryImuMcuAngleSender: 1,0,0
05-27 18:18:20.382   581   581 I SpiService: fgesysctrl_getGPIO_status success val=1
05-27 18:18:20.384   351   515 W automotive.vehicle@2.0-adayo-func-bcm: BCMFunc sendMessageFromClient_l sendMessage prop: 0x11500f31 not in table
05-27 18:18:20.387   581   581 I SpiService: fgesysctrl_getGPIO_status success val=1
05-27 18:18:20.388   572   572 I Sensors : 230 GyroSensor: x:-0.011301,y:0.006032,z:0.002748
05-27 18:18:20.390   536   536 D commservice260303: msg.id = 1028,0
05-27 18:18:20.390   536   536 D commservice260303: i = 170, msgid = 8A000404
05-27 18:18:20.390   536   536 D commservice260303: msgid = -1979710460,did=138
05-27 18:18:20.390   536   536 D commservice260303: CommProtocolLibCmdBaseI2C::dataproc {"command":{"id":"imu_status","sub":""},"content":{"TimeStamp":8,"FrameCounter":207603,"GD_X":-0.011300750076770782,"GD_Y":0.006032164208590984,"GD_Z":0.002747945487499237,"AD_X":-0.002666652202606201,"AD_Y":0.002204527612775564,"AD_Z":-0.16886615753173828,"TempDsp":0,"Status":0,"CalibState":1,"SigAmpInvalid":0}},-1979710460
05-27 18:18:20.390   536   536 D commservice260303: send2Cluster len:314, 7B22636F6D6D616E64223A7B226964223A22696D755F737461747573222C22737562223A22227D2C22636F6E74656E74223A7B2254696D655374616D70223A382C224672616D65436F756E746572223A3230373630332C2247445F58223A2D302E3031313330303735303037363737303738322C2247445F59223A302E3030363033323136343230383539303938342C2247445F5A223A302E3030323734373934353438373439393233372C2241445F58223A2D302E3030323636363635323230323630363230312C2241445F59223A302E3030323230343532373631323737353536342C2241445F5A223A2D302E31363838363631353735333137333832382C2254656D70447370223A302C22537461747573223A302C2243616C69625374617465223A312C22536967416D70496E76616C6964223A307D7D, 138 
05-27 18:18:20.390   536   536 D commservice260303: Push Message into SendPool fn=728236800
05-27 18:18:20.390   536   536 D commservice260303: ComProtocolLibSend2Cluster::send2ClusterRaw fn=728236800 , len=330
05-27 18:18:20.390   536   536 D commservice260303: sendCmdToPort :330!!!
05-27 18:18:20.390   536   536 D commservice260303: send Cmd To Port ++++5AA501468A010003682B6A16C4EC7B22636F6D6D616E64223A7B226964223A22696D755F737461747573222C22737562223A22227D2C22636F6E74656E74223A7B2254696D655374616D70223A382C224672616D65436F756E746572223A3230373630332C2247445F58223A2D302E3031313330303735303037363737303738322C2247445F59223A302E3030363033323136343230383539303938342C2247445F5A223A302E3030323734373934353438373439393233372C2241445F58223A2D302E3030323636363635323230323630363230312C2241445F59223A302E3030323230343532373631323737353536342C2241445F5A223A2D302E31363838363631353735333137333832382C2254656D70447370223A302C22537461747573223A302C2243616C69625374617465223A312C22536967416D70496E76616C6964223A307D7DBFAB
05-27 18:18:20.390   536   536 D commservice260303: bufferevent_write retrun value = 0
05-27 18:18:20.390   536   560 D commservice260303: client datas send succeed,send finish
05-27 18:18:20.390 13911 14192 D Sentinelmode_1.2.5.17_sentry: <SentryImuClusterFgeSender>imu_status sent to Linux, frame=207603, tsNs=8967639, tsMs=8, intervalMs=40, ad=(-0.0026666522,0.0022045276,-0.16886616), gd=(-0.01130075,0.006032164,0.0027479455)
05-27 18:18:20.391  1008 30856 D [OMXB]  : usingANWBuffer: handle:0xee7428a0, format:1, w:1920, h:1080
05-27 18:18:20.393   581   581 I SpiService: fgesysctrl_getGPIO_status success val=1
05-27 18:18:20.395   566 11459 I gps_hdbd: Received: '$GNGGA,003411.000,,,,,0,00,,,M,,M,,*61
'
05-27 18:18:20.396   566 11459 I gps_hdbd: Received: '$GNGSA,A,1,,,,,,,,,,,,,,,,1*1D
'
05-27 18:18:20.397   283   307 I rvcservice: t.code = 3, t.value = 0
05-27 18:18:20.398   581   581 I SpiService: fgesysctrl_getGPIO_status success val=1
05-27 18:18:20.400 13911 14183 I SentryImuMcuAngleSender: 179.98598rollDeg
05-27 18:18:20.400 13911 14183 I SentryImuMcuAngleSender: 1,0,0
05-27 18:18:20.401   299 30844 D EvsDriver: forwardFrame
05-27 18:18:20.402   566 11459 I gps_hdbd: Received: '$GNGSA,A,1,,,,,,,,,,,,,,,,3*1F
'
05-27 18:18:20.403   566 11459 I gps_hdbd: Received: '$GNGSA,A,1,,,,,,,,,,,,,,,,4*18
'
05-27 18:18:20.403   299 30844 D EvsDriver: Delivered 0xb400007b7ca56900 as id 0
05-27 18:18:20.403  1167  1184 D evsmanagerd: /dev/video6 forwarded the buffer #0 to 0xb4000074bf5f5510 from 0xb4000074bf5f6d90
05-27 18:18:20.403   581   581 I SpiService: fgesysctrl_getGPIO_status success val=1
05-27 18:18:20.404 30773 30786 I dvr_service_: CameraX 0  audioOK: 131418118,audios:1950
05-27 08:09:29.368   581   581 D spidev_ioctl: gpio status=1)
05-27 18:18:20.406   299 30841 D EvsDriver: forwardFrame
05-27 18:18:20.407   299 30841 D EvsDriver: Delivered 0xb400007b7ca56a60 as id 0
05-27 18:18:20.407  1167  1184 D evsmanagerd: /dev/video4 forwarded the buffer #0 to 0xb4000074bf5f6850 from 0xb4000074bf5f41d0
05-27 18:18:20.408   299  1163 D EvsDriver: doneWithFrame
05-27 18:18:20.410   581   581 I SpiService: fgesysctrl_getGPIO_status success val=0
05-27 18:18:20.411   299  1153 D EvsDriver: doneWithFrame
05-27 18:18:20.414   566 11459 I gps_hdbd: Received: '$BDGSV,1,1,00,1*75
'
05-27 18:18:20.416   566 11459 I gps_hdbd: Received: '$BDGSV,1,1,00,5*71
'
05-27 18:18:20.417   566 11459 I gps_hdbd: Received: '$GPGSV,1,1,01,199,42,165,,1*60
'
05-27 18:18:20.418   566 11459 I gps_hdbd: Received: '$GPGSV,1,1,00,8*6D
'
05-27 18:18:20.418  1008 30857 D [OMXB]  : usingANWBuffer: handle:0xee7427f0, format:1, w:1920, h:1080
05-27 18:18:20.419   566 11459 I gps_hdbd: Received: '$GAGSV,1,1,00,7*73
'
05-27 18:18:20.421 13911 14183 I SentryImuMcuAngleSender: 179.98598rollDeg
05-27 18:18:20.421 13911 14183 I SentryImuMcuAngleSender: 1,0,0
05-27 18:18:20.425   566 11459 I gps_hdbd: Received: '$GAGSV,1,1,00,1*75
'
05-27 18:18:20.426   581   581 I SpiService: fgesysctrl_getGPIO_status success val=1
05-27 18:18:20.428  1008 30856 D [OMXB]  : usingANWBuffer: handle:0xee744630, format:1, w:1920, h:1080
05-27 18:18:20.429   536   536 D commservice260303: msg.id = 1028,1
05-27 18:18:20.430   536   536 D commservice260303: i = 170, msgid = 8A000404
05-27 18:18:20.430   536   536 D commservice260303: msgid = -1979710460,did=138
05-27 18:18:20.430   536   536 D commservice260303: CommProtocolLibCmdBaseI2C::dataproc {"command":{"id":"imu_status","sub":""},"content":{"TimeStamp":8,"FrameCounter":207604,"GD_X":-0.011147825978696346,"GD_Y":0.006185087841004133,"GD_Z":0.002519079949706793,"AD_X":-0.00388200581073761,"AD_Y":9.827977046370506E-4,"AD_Z":-0.1645965576171875,"TempDsp":0,"Status":0,"CalibState":1,"SigAmpInvalid":0}},-1979710460
05-27 18:18:20.430   536   536 D commservice260303: send2Cluster len:312, 7B22636F6D6D616E64223A7B226964223A22696D755F737461747573222C22737562223A22227D2C22636F6E74656E74223A7B2254696D655374616D70223A382C224672616D65436F756E746572223A3230373630342C2247445F58223A2D302E3031313134373832353937383639363334362C2247445F59223A302E3030363138353038373834313030343133332C2247445F5A223A302E3030323531393037393934393730363739332C2241445F58223A2D302E30303338383230303538313037333736312C2241445F59223A392E383237393737303436333730353036452D342C2241445F5A223A2D302E313634353936353537363137313837352C2254656D70447370223A302C22537461747573223A302C2243616C69625374617465223A312C22536967416D70496E76616C6964223A307D7D, 138 
05-27 18:18:20.430   536   536 D commservice260303: Push Message into SendPool fn=745014016
05-27 18:18:20.430   566 11459 I gps_hdbd: Received: '$GNRMC,003411.000,V,,,,,,,270526,120.0,E,N,V*42
'
05-27 18:18:20.430   536   536 D commservice260303: ComProtocolLibSend2Cluster::send2ClusterRaw fn=745014016 , len=328
05-27 18:18:20.430   536   536 D commservice260303: sendCmdToPort :328!!!
05-27 18:18:20.430   566 11459 I gps_hdbd: RMC : CALL gnss_sv_status_cb, view_in_sat <1>
05-27 18:18:20.430   566 11459 I gps_hdbd: [reportSvStatus]--->PLATFORM_BSP::Enter
05-27 18:18:20.430   536   536 D commservice260303: send Cmd To Port ++++5AA501448A010003682C6A16C4EC7B22636F6D6D616E64223A7B226964223A22696D755F737461747573222C22737562223A22227D2C22636F6E74656E74223A7B2254696D655374616D70223A382C224672616D65436F756E746572223A3230373630342C2247445F58223A2D302E3031313134373832353937383639363334362C2247445F59223A302E3030363138353038373834313030343133332C2247445F5A223A302E3030323531393037393934393730363739332C2241445F58223A2D302E30303338383230303538313037333736312C2241445F59223A392E383237393737303436333730353036452D342C2241445F5A223A2D302E313634353936353537363137313837352C2254656D70447370223A302C22537461747573223A302C2243616C69625374617465223A312C22536967416D70496E76616C6964223A307D7D969D
05-27 18:18:20.430   566 11459 I gps_hdbd: hy abnormal deal:hy_cnr30_satellite_cnt=0
05-27 18:18:20.430   566 11459 D gps_hdbd: hy abnormal deal:hy_fixStatus_fail_count=0
05-27 18:18:20.430   536   536 D commservice260303: bufferevent_write retrun value = 0
05-27 18:18:20.430   536   560 D commservice260303: client datas send succeed,send finish
05-27 18:18:20.431 13911 14192 D Sentinelmode_1.2.5.17_sentry: <SentryImuClusterFgeSender>imu_status sent to Linux, frame=207604, tsNs=8967677, tsMs=8, intervalMs=40, ad=(-0.0038820058,9.827977E-4,-0.16459656), gd=(-0.011147826,0.006185088,0.00251908)
05-27 18:18:20.431  1083  1083 W MyAppLog: [2026-05-27 18:18:20.430 W tboxap gpsSyncGpsInfoToDm:361] [Gps] [gpsSyncGpsInfoToDm] fix=0 mode=49 corner:0x01 alt=0.00 sat=0 hdop=0.00 pdop=0.00 vdop=0.00
05-27 18:18:20.432   299 30841 D EvsDriver: forwardFrame
05-27 18:18:20.432   581   581 I SpiService: fgesysctrl_getGPIO_status success val=1
05-27 18:18:20.432   299 30841 D EvsDriver: Delivered 0xb400007b7ca56a60 as id 0
05-27 18:18:20.432  1167  1184 D evsmanagerd: /dev/video4 forwarded the buffer #0 to 0xb4000074bf5f6850 from 0xb4000074bf5f41d0
05-27 18:18:20.434   299  1163 D EvsDriver: doneWithFrame
05-27 18:18:20.436   299 30844 D EvsDriver: forwardFrame
05-27 18:18:20.437   566 11459 I gps_hdbd: Received: '$GNZDA,003411.000,27,05,2026,00,00*49
'
05-27 18:18:20.437   581   581 I SpiService: fgesysctrl_getGPIO_status success val=1
05-27 18:18:20.438  1167  1184 D evsmanagerd: /dev/video6 forwarded the buffer #0 to 0xb4000074bf5f5510 from 0xb4000074bf5f6d90
05-27 18:18:20.438   299 30844 D EvsDriver: Delivered 0xb400007b7ca56900 as id 0
05-27 18:18:20.440   299  1163 D EvsDriver: doneWithFrame
05-27 18:18:20.442 13911 14183 I SentryImuMcuAngleSender: 179.97897rollDeg
05-27 18:18:20.442 13911 14183 I SentryImuMcuAngleSender: 1,0,0
05-27 18:18:20.443   581   581 I SpiService: fgesysctrl_getGPIO_status success val=1
05-27 08:09:29.408   581   581 D spidev_ioctl: gpio status=1)
05-27 18:18:20.448   581   581 I SpiService: fgesysctrl_getGPIO_status success val=0
05-27 18:18:20.454   566 11459 I gps_hdbd: Received: '$GNINS,1,1,TYPE,I,V,003411.000,17562000,FUS,-3,0,0,0,MOT,V,1,PATT,0.00,0.00,0.00,VEL,0.000,0.000,0.000,POS,40.0001330924,116.0001570688,84.176,IIA,1,0.00,0.00,0.00,BGA,0.31,-0.66,-0.13,0.000,0.000,0.000,IGA,0,-1,0,0,-2,98,VG,16c2ff1*13
'
05-27 18:18:20.457  1008 30857 D [OMXB]  : usingANWBuffer: handle:0xee744b00, format:1, w:1920, h:1080
05-27 18:18:20.462 13911 14183 I SentryImuMcuAngleSender: 179.97897rollDeg
05-27 18:18:20.462 13911 14183 I SentryImuMcuAngleSender: 1,0,0
05-27 18:18:20.462   581   581 I SpiService: fgesysctrl_getGPIO_status success val=1
05-27 18:18:20.465   566 11459 I gps_hdbd: Received: '$GNINS,CARSPEED,ADR_STATUS,0,Pulse_count,0,1,0,0,17562000,89470,0.000,0.000,0.000*33
'
05-27 18:18:20.466   566 11459 I gps_hdbd: Received: '$GNTXT,04,01,04,INS,V,1,,,,FLG,1,000000,1,0,1,0,0,Con,0*71
'
05-27 18:18:20.468   581   581 I SpiService: fgesysctrl_getGPIO_status success val=1
05-27 18:18:20.468   299 30841 D EvsDriver: forwardFrame
05-27 18:18:20.470   299 30841 D EvsDriver: Delivered 0xb400007b7ca56a60 as id 0
05-27 18:18:20.470  1167  1184 D evsmanagerd: /dev/video4 forwarded the buffer #0 to 0xb4000074bf5f6850 from 0xb4000074bf5f41d0
05-27 18:18:20.470   536   536 D commservice260303: msg.id = 1028,0
05-27 18:18:20.470 30773 30782 E dvr_service_: [myNum:0] Received S**** loss
05-27 18:18:20.470   536   536 D commservice260303: i = 170, msgid = 8A000404
05-27 18:18:20.470   536   536 D commservice260303: msgid = -1979710460,did=138
05-27 18:18:20.470   536   536 D commservice260303: CommProtocolLibCmdBaseI2C::dataproc {"command":{"id":"imu_status","sub":""},"content":{"TimeStamp":8,"FrameCounter":207605,"GD_X":-0.011147825978696346,"GD_Y":0.006185087841004133,"GD_Z":0.002519079949706793,"AD_X":-0.00388200581073761,"AD_Y":9.827977046370506E-4,"AD_Z":-0.1645965576171875,"TempDsp":0,"Status":0,"CalibState":1,"SigAmpInvalid":0}},-1979710460
05-27 18:18:20.470   536   536 D commservice260303: send2Cluster len:312, 7B22636F6D6D616E64223A7B226964223A22696D755F737461747573222C22737562223A22227D2C22636F6E74656E74223A7B2254696D655374616D70223A382C224672616D65436F756E746572223A3230373630352C2247445F58223A2D302E3031313134373832353937383639363334362C2247445F59223A302E3030363138353038373834313030343133332C2247445F5A223A302E3030323531393037393934393730363739332C2241445F58223A2D302E30303338383230303538313037333736312C2241445F59223A392E383237393737303436333730353036452D342C2241445F5A223A2D302E313634353936353537363137313837352C2254656D70447370223A302C22537461747573223A302C2243616C69625374617465223A312C22536967416D70496E76616C6964223A307D7D, 138 
05-27 18:18:20.470   536   536 D commservice260303: Push Message into SendPool fn=761791232
05-27 18:18:20.470   536   536 D commservice260303: ComProtocolLibSend2Cluster::send2ClusterRaw fn=761791232 , len=328
05-27 18:18:20.470   536   536 D commservice260303: sendCmdToPort :328!!!
05-27 18:18:20.470   536   536 D commservice260303: send Cmd To Port ++++5AA501448A010003682D6A16C4EC7B22636F6D6D616E64223A7B226964223A22696D755F737461747573222C22737562223A22227D2C22636F6E74656E74223A7B2254696D655374616D70223A382C224672616D65436F756E746572223A3230373630352C2247445F58223A2D302E3031313134373832353937383639363334362C2247445F59223A302E3030363138353038373834313030343133332C2247445F5A223A302E3030323531393037393934393730363739332C2241445F58223A2D302E30303338383230303538313037333736312C2241445F59223A392E383237393737303436333730353036452D342C2241445F5A223A2D302E313634353936353537363137313837352C2254656D70447370223A302C22537461747573223A302C2243616C69625374617465223A312C22536967416D70496E76616C6964223A307D7D204B
05-27 18:18:20.470   299 30844 D EvsDriver: forwardFrame
05-27 18:18:20.470   299  1163 D EvsDriver: doneWithFrame
05-27 18:18:20.470   536   536 D commservice260303: bufferevent_write retrun value = 0
05-27 18:18:20.470   536   560 D commservice260303: client datas send succeed,send finish
05-27 18:18:20.470  1008 30856 D [OMXB]  : usingANWBuffer: handle:0xee7406f0, format:1, w:1920, h:1080
05-27 18:18:20.471 13911 14192 D Sentinelmode_1.2.5.17_sentry: <SentryImuClusterFgeSender>imu_status sent to Linux, frame=207605, tsNs=8967677, tsMs=8, intervalMs=40, ad=(-0.0038820058,9.827977E-4,-0.16459656), gd=(-0.011147826,0.006185088,0.00251908)
05-27 18:18:20.471   566 11459 I gps_hdbd: Received: '$GNTXT,INSTALL,0.00,0.00,0.00,0.00,0.00,0.00,0*20
'
05-27 18:18:20.472   299 30844 D EvsDriver: Delivered 0xb400007b7ca56900 as id 0
05-27 18:18:20.472  1167  1184 D evsmanagerd: /dev/video6 forwarded the buffer #0 to 0xb4000074bf5f5510 from 0xb4000074bf5f6d90
05-27 18:18:20.472 30773 30782 E dvr_service_: [myNum:1] Received S**** loss
05-27 18:18:20.472   299  1163 D EvsDriver: doneWithFrame
05-27 18:18:20.473   581   581 I SpiService: fgesysctrl_getGPIO_status success val=1
05-27 08:09:29.438   581   581 D spidev_ioctl: gpio status=1)
05-27 18:18:20.479   581   581 I SpiService: fgesysctrl_getGPIO_status success val=1
05-27 18:18:20.483 13911 14183 I SentryImuMcuAngleSender: 179.97897rollDeg
05-27 18:18:20.483 13911 14183 I SentryImuMcuAngleSender: 1,0,0
05-27 18:18:20.484   581   581 I SpiService: fgesysctrl_getGPIO_status success val=1
05-27 18:18:20.489   581   581 I SpiService: fgesysctrl_getGPIO_status success val=0
05-27 18:18:20.494   572   622 I Sensors : 230 AccelSensor: x:-0.168360,y:0.001220,z:-9.971060
05-27 18:18:20.497   283   307 I rvcservice: t.code = 1, t.value = -169580
05-27 18:18:20.499   299 30844 D EvsDriver: forwardFrame
05-27 18:18:20.499  1008 30857 D [OMXB]  : usingANWBuffer: handle:0xee7437c0, format:1, w:1920, h:1080
05-27 18:18:20.500 30773 30789 I dvr_service_: Camera 1: MediaOK:131397620, frames:3000, isKeyFrame:0,pts:8967433848
05-27 18:18:20.503 13911 14183 I SentryImuMcuAngleSender: 179.99298rollDeg
05-27 18:18:20.503 13911 14183 I SentryImuMcuAngleSender: 1,0,0
05-27 18:18:20.504   581   581 I SpiService: fgesysctrl_getGPIO_status success val=1
05-27 18:18:20.504   299 30844 D EvsDriver: Delivered 0xb400007b7ca56900 as id 0
05-27 18:18:20.504  1167  1184 D evsmanagerd: /dev/video6 forwarded the buffer #0 to 0xb4000074bf5f5510 from 0xb4000074bf5f6d90
05-27 18:18:20.506   299 30841 D EvsDriver: forwardFrame
05-27 18:18:20.507  1167  1184 D evsmanagerd: /dev/video4 forwarded the buffer #0 to 0xb4000074bf5f6850 from 0xb4000074bf5f41d0
05-27 18:18:20.507   299 30841 D EvsDriver: Delivered 0xb400007b7ca56a60 as id 0
05-27 18:18:20.509   299  1163 D EvsDriver: doneWithFrame
05-27 18:18:20.510  1008 30856 D [OMXB]  : usingANWBuffer: handle:0xee7442c0, format:1, w:1920, h:1080
05-27 18:18:20.510   536   536 D commservice260303: msg.id = 1028,0
05-27 18:18:20.510   581   581 I SpiService: fgesysctrl_getGPIO_status success val=1
05-27 18:18:20.510   536   536 D commservice260303: i = 170, msgid = 8A000404
05-27 18:18:20.510   536   536 D commservice260303: msgid = -1979710460,did=138
