05-27 18:18:18.044 31906 31906 W ContextImpl: Calling a method in the system process without a qualified user: android.app.ContextImpl.startService:1863 android.content.ContextWrapper.startService:817 com.anwsdk.service.anwbtservice.onCreate:7516 android.app.ActivityThread.handleCreateService:4616 android.app.ActivityThread.-$$Nest$mhandleCreateService:0 
05-27 18:18:18.045 10188  7589 W ActivityManager: Unable to start service Intent { cmp=com.anwsdk.service/.HfpClientConnectionService } U=0: not found with resolvedType = null, flags = 268436480, userId = 0, callingUid = 1000
05-27 18:18:18.046  1008 30857 D [OMXB]  : usingANWBuffer: handle:0xee7428a0, format:1, w:1920, h:1080
05-27 18:18:18.046 31906 31906 D AnwSdkService: 20210721 checking self APK rom size
05-27 18:18:18.046   299  1153 D EvsDriver: doneWithFrame
05-27 18:18:18.046   299  1163 D EvsDriver: doneWithFrame
05-27 18:18:18.049   581   581 I SpiService: fgesysctrl_getGPIO_status success val=0
05-27 18:18:18.049   481   597 I mcuc    : send SPI:6AA602B4990002890026
05-27 18:18:18.050 30773 30789 I dvr_service_: Camera 1: MediaOK:128834585, frames:2950, isKeyFrame:0,pts:8964870813
05-27 18:18:18.057 13911 14183 I SentryImuMcuAngleSender: 179.993rollDeg
05-27 18:18:18.057 13911 14183 I SentryImuMcuAngleSender: 1,0,0
05-27 18:18:18.061   536   536 D commservice260303: msg.id = 1028,0
05-27 18:18:18.061   536   536 D commservice260303: i = 170, msgid = 8A000404
05-27 18:18:18.061   536   536 D commservice260303: msgid = -1979710460,did=138
05-27 18:18:18.061   536   536 D commservice260303: CommProtocolLibCmdBaseI2C::dataproc {"command":{"id":"imu_status","sub":""},"content":{"TimeStamp":8,"FrameCounter":207546,"GD_X":-0.011453153565526009,"GD_Y":0.005039200186729431,"GD_Z":0.0022902146447449923,"AD_X":-1.5351176261901855E-4,"AD_Y":-0.0014972211793065071,"AD_Z":-0.1700916290283203,"TempDsp":0,"Status":0,"CalibState":1,"SigAmpInvalid":0}},-1979710460
05-27 18:18:18.061   536   536 D commservice260303: send2Cluster len:317, 7B22636F6D6D616E64223A7B226964223A22696D755F737461747573222C22737562223A22227D2C22636F6E74656E74223A7B2254696D655374616D70223A382C224672616D65436F756E746572223A3230373534362C2247445F58223A2D302E3031313435333135333536353532363030392C2247445F59223A302E3030353033393230303138363732393433312C2247445F5A223A302E303032323930323134363434373434393932332C2241445F58223A2D312E35333531313736323631393031383535452D342C2241445F59223A2D302E303031343937323231313739333036353037312C2241445F5A223A2D302E313730303931363239303238333230332C2254656D70447370223A302C22537461747573223A302C2243616C69625374617465223A312C22536967416D70496E76616C6964223A307D7D, 138 
05-27 18:18:18.061   536   536 D commservice260303: Push Message into SendPool fn=-244907264
05-27 18:18:18.061   536   536 D commservice260303: ComProtocolLibSend2Cluster::send2ClusterRaw fn=-244907264 , len=333
05-27 18:18:18.061   536   536 D commservice260303: sendCmdToPort :333!!!
05-27 18:18:18.061   536   536 D commservice260303: send Cmd To Port ++++5AA501498A01000367F16A16C4EA7B22636F6D6D616E64223A7B226964223A22696D755F737461747573222C22737562223A22227D2C22636F6E74656E74223A7B2254696D655374616D70223A382C224672616D65436F756E746572223A3230373534362C2247445F58223A2D302E3031313435333135333536353532363030392C2247445F59223A302E3030353033393230303138363732393433312C2247445F5A223A302E303032323930323134363434373434393932332C2241445F58223A2D312E35333531313736323631393031383535452D342C2241445F59223A2D302E303031343937323231313739333036353037312C2241445F5A223A2D302E313730303931363239303238333230332C2254656D70447370223A302C22537461747573223A302C2243616C69625374617465223A312C22536967416D70496E76616C6964223A307D7DDEFD
05-27 18:18:18.061   536   536 D commservice260303: bufferevent_write retrun value = 0
05-27 18:18:18.061   536   560 D commservice260303: client datas send succeed,send finish
05-27 18:18:18.061 13911 14192 D Sentinelmode_1.2.5.17_sentry: <SentryImuClusterFgeSender>imu_status sent to Linux, frame=207546, tsNs=8965305, tsMs=8, intervalMs=42, ad=(-1.5351176E-4,-0.0014972212,-0.17009163), gd=(-0.011453154,0.0050392,0.0022902146)
05-27 18:18:18.064   581   581 I SpiService: fgesysctrl_getGPIO_status success val=1
05-27 18:18:18.066   299 30844 D EvsDriver: forwardFrame
05-27 18:18:18.067   299 30844 D EvsDriver: Delivered 0xb400007b7ca56900 as id 0
05-27 18:18:18.068  1167  1184 D evsmanagerd: /dev/video6 forwarded the buffer #0 to 0xb4000074bf5f5510 from 0xb4000074bf5f6d90
05-27 18:18:18.069   581   581 I SpiService: fgesysctrl_getGPIO_status success val=1
05-27 18:18:18.070   299  1163 D EvsDriver: doneWithFrame
05-27 08:09:27.034   581   581 D spidev_ioctl: gpio status=1)
05-27 18:18:18.075   581   581 I SpiService: fgesysctrl_getGPIO_status success val=1
05-27 18:18:18.075   299 30841 D EvsDriver: forwardFrame
05-27 18:18:18.076   299 30841 D EvsDriver: Delivered 0xb400007b7ca56a60 as id 0
05-27 18:18:18.076  1167  1184 D evsmanagerd: /dev/video4 forwarded the buffer #0 to 0xb4000074bf5f6850 from 0xb4000074bf5f41d0
05-27 18:18:18.078 13911 14183 I SentryImuMcuAngleSender: 179.98248rollDeg
05-27 18:18:18.078 13911 14183 I SentryImuMcuAngleSender: 1,0,0
05-27 18:18:18.079   299  1163 D EvsDriver: doneWithFrame
05-27 18:18:18.081   581   581 I SpiService: fgesysctrl_getGPIO_status success val=1
05-27 18:18:18.082 31906 31906 D AnwSdkService: apk rom size:40.90M
05-27 18:18:18.084 31906 31906 D AnwSdkService: [android.permission.READ_EXTERNAL_STORAGE] permision is GRANTED
05-27 18:18:18.085 31906 31906 D AnwSdkService: [android.permission.WRITE_EXTERNAL_STORAGE] permision is GRANTED
05-27 18:18:18.086   581   581 I SpiService: fgesysctrl_getGPIO_status success val=1
05-27 08:09:27.051   581   581 D spidev_ioctl: gpio status=1)
05-27 18:18:18.090 31906 31906 D AnwSdkService: onCreate end
05-27 18:18:18.091 31906 31906 D AnwSdkService: onBind
05-27 18:18:18.092   581   581 I SpiService: fgesysctrl_getGPIO_status success val=0
05-27 18:18:18.092 13435 13435 D BtManager: onServiceConnected
05-27 18:18:18.093   283   307 I rvcservice: t.code = 3, t.value = 0
05-27 18:18:18.093 31906 31923 D AnwSdkService: GetPowerStatus = POWER_OFF
05-27 18:18:18.093 31906 31923 D AnwSdkService: ANWBT_GetBTPowerStatus() POWER_OFF
05-27 18:18:18.093 31906 31923 D AnwSdkService: GetPowerStatus = POWER_OFF
05-27 18:18:18.094 13435 13435 D BtManager: ANWBT_BTPowerOn
05-27 18:18:18.094 13435 13435 D BtManager: ANWBT_GetBTPowerStatus
05-27 18:18:18.094 31906 31923 D AnwSdkService: GetPowerStatus = POWER_OFF
05-27 18:18:18.094 31906 31923 D AnwSdkService: ANWBT_GetBTPowerStatus() POWER_OFF
05-27 18:18:18.094 31906 31923 D AnwSdkService: GetPowerStatus = POWER_OFF
05-27 18:18:18.094 31906 31923 D AnwSdkService: anw-update,bt_java_data:20260516
05-27 18:18:18.095 31906 31923 D AnwSdkService: ANWBT_BTPowerOn()
05-27 18:18:18.095 31906 31923 D AnwSdkService: GetPowerStatus = POWER_OFF
05-27 18:18:18.095 31906 31923 D AnwSdkService: SetPowerStatus = POWER_ONING
05-27 18:18:18.096 31906 31935 I ANWJNI_SECOND: anw-update,bt_jni_data: 20260516
05-27 18:18:18.097 31906 31935 D ANWAPI_SECOND: (31906|0x2909BCB0)[BTAPI] SDK >>>>AnWBT_Snoop_Open
05-27 18:18:18.097 31906 31935 D ANWJNI_SECOND: (31906|0x2909BCB0)[BTAPP] PowOn_Thread
05-27 18:18:18.097 31906 31935 D ANWJNI_SECOND: 
05-27 18:18:18.097 31906 31936 D ANWJNI_SECOND: (31906|0x28F91CB0)[BTAPP] BTPowerOn!!
05-27 18:18:18.097 31906 31936 D ANWJNI_SECOND: (31906|0x28F91CB0)[BTAPP] in thread_power_on_func,getpid()=31906, priority = 10
05-27 18:18:18.097 31906 31936 D ANWJNI_SECOND: 
05-27 18:18:18.097 31906 31936 D ANWJNI_SECOND: (31906|0x28F91CB0)[BTAPP] doPowerOn_Timeout_Thread_Create
05-27 18:18:18.097 31906 31936 D ANWJNI_SECOND: 
05-27 18:18:18.097 31906 31936 D ANWJNI_SECOND: (31906|0x28F91CB0)[BTAPP] AnWBT_SetInitialValue(hfphf:0)(hfpag:2)(pbap:0)(map:0)(a2dpsink:0)(a2dpsource:2)(avrcpct:0)(avrcttg:2)
05-27 18:18:18.097 31906 31936 D ANWJNI_SECOND: 
05-27 18:18:18.097 31906 31936 D ANWAPI_SECOND: (31906|0x28F91CB0)[BTAPI] SDK >>>>AnWBT_SetInitialValue devclass: 0x3c020c
05-27 18:18:18.097 31906 31936 D ANWAPI_SECOND: (31906|0x28F91CB0)[BTAPI] AnWBT_SetInitialValue avrcp_tg_attribute=6
05-27 18:18:18.098 13435 13435 I BtManager: ANWBT_BTPowerOn result = 0
05-27 18:18:18.098 13911 14183 I SentryImuMcuAngleSender: 179.986rollDeg
05-27 18:18:18.098 31906 31936 D ANWAPI_SECOND: (31906|0x28F91CB0)[BTAPI] SDK <<<<AnWBT_SetInitialValue 0x0
05-27 18:18:18.098 31906 31936 D ANWAPI_SECOND: (31906|0x28F91CB0)[BTAPI] SDK >>>>AnWBT_HFP_Enable_WBS 1
05-27 18:18:18.098 13911 14183 I SentryImuMcuAngleSender: 1,0,0
05-27 18:18:18.098  1008 30857 D [OMXB]  : usingANWBuffer: handle:0xee744b00, format:1, w:1920, h:1080
05-27 18:18:18.098 31906 31937 D ANWJNI_SECOND: (31906|0x28E93CB0)[BTAPP] doPowerOn_Timeout_Thread
05-27 18:18:18.098 31906 31937 D ANWJNI_SECOND: 
05-27 18:18:18.099 13435 13435 D BtManager: ret = 2
05-27 18:18:18.099 31906 31936 D ANWAPI_SECOND: (31906|0x28F91CB0)[BTAPI] SDK <<<<AnWBT_HFP_Enable_WBS 0
05-27 18:18:18.099 31906 31936 D ANW_WAVEOUT_SECOND: (31906|0x28F91CB0)[WAVEOUT] init Audio PCM Thread Mute(800)(101)
05-27 18:18:18.099 31906 31936 D ANW_WAVEOUT_SECOND: 
05-27 18:18:18.099 31906 31936 D ANWAPI_SECOND: (31906|0x28F91CB0)[BTAPI] anw-update,bt_sdk_data:20260516-not_supportLea
05-27 18:18:18.099 31906 31936 D ANWAPI_SECOND: (31906|0x28F91CB0)[BTAPI] SDK >>>>AnWBT_Init
05-27 18:18:18.099 31906 31936 D ANWAPI_SECOND: (31906|0x28F91CB0)[BTAPI] AnWBTSDK_Version=0x0300002a
05-27 18:18:18.099 31906 31936 D ANWAPI_SECOND: (31906|0x28F91CB0)[BTAPI] >>>>AnWBT_EEPROM_Read 
05-27 18:18:18.099 31906 31936 D ANWAPI_SECOND: (31906|0x28F91CB0)[BTAPI] B:Rpaired_storage[0]name[]addr[00:00:00:00:00:00]linkkey[00:00:00:00:00:00:00:00:00:00:00:00:00:00:00:00]
05-27 18:18:18.099   299 30841 D EvsDriver: forwardFrame
05-27 18:18:18.099 31906 31936 D ANWAPI_SECOND: (31906|0x28F91CB0)[BTAPI] B:Rpaired_storage[1]name[]addr[00:00:00:00:00:00]linkkey[00:00:00:00:00:00:00:00:00:00:00:00:00:00:00:00]
05-27 18:18:18.099 31906 31936 D ANWAPI_SECOND: (31906|0x28F91CB0)[BTAPI] B:Rpaired_storage[2]name[]addr[00:00:00:00:00:00]linkkey[00:00:00:00:00:00:00:00:00:00:00:00:00:00:00:00]
05-27 18:18:18.099 31906 31936 D ANWAPI_SECOND: (31906|0x28F91CB0)[BTAPI] B:Rpaired_storage[3]name[]addr[00:00:00:00:00:00]linkkey[00:00:00:00:00:00:00:00:00:00:00:00:00:00:00:00]
05-27 18:18:18.099 31906 31936 D ANWAPI_SECOND: (31906|0x28F91CB0)[BTAPI] B:Rpaired_storage[4]name[]addr[00:00:00:00:00:00]linkkey[00:00:00:00:00:00:00:00:00:00:00:00:00:00:00:00]
05-27 18:18:18.099 31906 31936 D ANWAPI_SECOND: (31906|0x28F91CB0)[BTAPI] B:Rpaired_storage[5]name[]addr[00:00:00:00:00:00]linkkey[00:00:00:00:00:00:00:00:00:00:00:00:00:00:00:00]
05-27 18:18:18.099 31906 31936 D ANWAPI_SECOND: (31906|0x28F91CB0)[BTAPI] B:Rpaired_storage[6]name[]addr[00:00:00:00:00:00]linkkey[00:00:00:00:00:00:00:00:00:00:00:00:00:00:00:00]
05-27 18:18:18.100 31906 31936 D ANWAPI_SECOND: (31906|0x28F91CB0)[BTAPI] B:Rpaired_storage[7]name[]addr[00:00:00:00:00:00]linkkey[00:00:00:00:00:00:00:00:00:00:00:00:00:00:00:00]
05-27 18:18:18.100 31906 31936 D ANWAPI_SECOND: (31906|0x28F91CB0)[BTAPI] B:Rpaired_storage[8]name[]addr[00:00:00:00:00:00]linkkey[00:00:00:00:00:00:00:00:00:00:00:00:00:00:00:00]
05-27 18:18:18.100 31906 31936 D ANWAPI_SECOND: (31906|0x28F91CB0)[BTAPI] B:Rpaired_storage[9]name[]addr[00:00:00:00:00:00]linkkey[00:00:00:00:00:00:00:00:00:00:00:00:00:00:00:00]
05-27 18:18:18.100 31906 31936 D ANWAPI_SECOND: (31906|0x28F91CB0)[BTAPI] B:Rpaired_storage[10]name[]addr[00:00:00:00:00:00]linkkey[00:00:00:00:00:00:00:00:00:00:00:00:00:00:00:00]
05-27 18:18:18.100 31906 31936 D ANW_AVRCP_SECOND: AnWBT_ReadStorage =/data/misc/anw//anwbt_storage.bin
05-27 18:18:18.100 31906 31936 D ANW_AVRCP_SECOND: AnWBT_ReadStorage open anwbt_bt_storage success
05-27 18:18:18.100 31906 31936 D ANW_AVRCP_SECOND: 
05-27 18:18:18.100 31906 31936 D ANW_AVRCP_SECOND: read storage size=6600
05-27 18:18:18.100 31906 31936 D ANW_AVRCP_SECOND: 
05-27 18:18:18.100 31906 31936 D ANWAPI_SECOND: (31906|0x28F91CB0)[BTAPI] A:Readpaired_storage[0]name[]cod[0]support[0]addr[00:00:00:00:00:00]linkkey[00:00:00:00:00:00:00:00:00:00:00:00:00:00:00:00]
05-27 18:18:18.100 31906 31936 D ANWAPI_SECOND: (31906|0x28F91CB0)[BTAPI] A:Readpaired_storage[1]name[]cod[0]support[0]addr[00:00:00:00:00:00]linkkey[00:00:00:00:00:00:00:00:00:00:00:00:00:00:00:00]
05-27 18:18:18.100 31906 31936 D ANWAPI_SECOND: (31906|0x28F91CB0)[BTAPI] A:Readpaired_storage[2]name[]cod[0]support[0]addr[00:00:00:00:00:00]linkkey[00:00:00:00:00:00:00:00:00:00:00:00:00:00:00:00]
05-27 18:18:18.100 31906 31936 D ANWAPI_SECOND: (31906|0x28F91CB0)[BTAPI] A:Readpaired_storage[3]name[]cod[0]support[0]addr[00:00:00:00:00:00]linkkey[00:00:00:00:00:00:00:00:00:00:00:00:00:00:00:00]
05-27 18:18:18.100 31906 31936 D ANWAPI_SECOND: (31906|0x28F91CB0)[BTAPI] A:Readpaired_storage[4]name[]cod[0]support[0]addr[00:00:00:00:00:00]linkkey[00:00:00:00:00:00:00:00:00:00:00:00:00:00:00:00]
05-27 18:18:18.101  1167  1184 D evsmanagerd: /dev/video4 forwarded the buffer #0 to 0xb4000074bf5f6850 from 0xb4000074bf5f41d0
05-27 18:18:18.101 31906 31936 D ANWAPI_SECOND: (31906|0x28F91CB0)[BTAPI] A:Readpaired_storage[5]name[]cod[0]support[0]addr[00:00:00:00:00:00]linkkey[00:00:00:00:00:00:00:00:00:00:00:00:00:00:00:00]
05-27 18:18:18.101 31906 31936 D ANWAPI_SECOND: (31906|0x28F91CB0)[BTAPI] A:Readpaired_storage[6]name[]cod[0]support[0]addr[00:00:00:00:00:00]linkkey[00:00:00:00:00:00:00:00:00:00:00:00:00:00:00:00]
05-27 18:18:18.101   299 30844 D EvsDriver: forwardFrame
05-27 18:18:18.101 31906 31936 D ANWAPI_SECOND: (31906|0x28F91CB0)[BTAPI] A:Readpaired_storage[7]name[]cod[0]support[0]addr[00:00:00:00:00:00]linkkey[00:00:00:00:00:00:00:00:00:00:00:00:00:00:00:00]
05-27 18:18:18.101 31906 31936 D ANWAPI_SECOND: (31906|0x28F91CB0)[BTAPI] A:Readpaired_storage[8]name[]cod[0]support[0]addr[00:00:00:00:00:00]linkkey[00:00:00:00:00:00:00:00:00:00:00:00:00:00:00:00]
05-27 18:18:18.101 31906 31936 D ANWAPI_SECOND: (31906|0x28F91CB0)[BTAPI] A:Readpaired_storage[9]name[]cod[0]support[0]addr[00:00:00:00:00:00]linkkey[00:00:00:00:00:00:00:00:00:00:00:00:00:00:00:00]
05-27 18:18:18.105   536   536 D commservice260303: msg.id = 1028,0
05-27 18:18:18.106   299  1163 D EvsDriver: doneWithFrame
05-27 18:18:18.106  1167  1184 D evsmanagerd: /dev/video6 forwarded the buffer #0 to 0xb4000074bf5f5510 from 0xb4000074bf5f6d90
05-27 18:18:18.106   299 30844 D EvsDriver: Delivered 0xb400007b7ca56900 as id 0
05-27 18:18:18.107   299 30841 D EvsDriver: Delivered 0xb400007b7ca56a60 as id 0
05-27 18:18:18.113 31906 31936 D ANWAPI_SECOND: (31906|0x28F91CB0)[BTAPI] A:Readpaired_storage[10]name[]cod[0]support[0]addr[00:00:00:00:00:00]linkkey[00:00:00:00:00:00:00:00:00:00:00:00:00:00:00:00]
05-27 18:18:18.113   536   536 D commservice260303: i = 170, msgid = 8A000404
05-27 18:18:18.113 31906 31936 D ANWAPI_SECOND: (31906|0x28F91CB0)[BTAPI] <<<<AnWBT_EEPROM_Read ret = 0
05-27 18:18:18.113   536   536 D commservice260303: msgid = -1979710460,did=138
05-27 18:18:18.113 31906 31936 D ANWAPI_SECOND: (31906|0x28F91CB0)[BTAPI] local_name_set=0
05-27 18:18:18.113   536   536 D commservice260303: CommProtocolLibCmdBaseI2C::dataproc {"command":{"id":"imu_status","sub":""},"content":{"TimeStamp":8,"FrameCounter":207547,"GD_X":-0.011300750076770782,"GD_Y":0.005420989356935024,"GD_Z":0.002519079949706793,"AD_X":-0.0020074695348739624,"AD_Y":-2.7675111778080463E-4,"AD_Z":-0.1731414794921875,"TempDsp":0,"Status":0,"CalibState":1,"SigAmpInvalid":0}},-1979710460
05-27 18:18:18.113 31906 31936 D ANWAPI_SECOND: (31906|0x28F91CB0)[BTAPI] [Paired DevInf] Storage Write
05-27 18:18:18.113   581   581 I SpiService: fgesysctrl_getGPIO_status success val=1
05-27 18:18:18.113   536   536 D commservice260303: send2Cluster len:316, 7B22636F6D6D616E64223A7B226964223A22696D755F737461747573222C22737562223A22227D2C22636F6E74656E74223A7B2254696D655374616D70223A382C224672616D65436F756E746572223A3230373534372C2247445F58223A2D302E3031313330303735303037363737303738322C2247445F59223A302E3030353432303938393335363933353032342C2247445F5A223A302E3030323531393037393934393730363739332C2241445F58223A2D302E303032303037343639353334383733393632342C2241445F59223A2D322E37363735313131373738303830343633452D342C2241445F5A223A2D302E313733313431343739343932313837352C2254656D70447370223A302C22537461747573223A302C2243616C69625374617465223A312C22536967416D70496E76616C6964223A307D7D, 138 
05-27 18:18:18.113 31906 31936 D ANW_AVRCP_SECOND: AnWBT_WriteStorage =/data/misc/anw//anwbt_storage.bin
05-27 18:18:18.114 31906 31936 D ANW_AVRCP_SECOND: AnWBT_WriteStorage open anwbt_bt_storage success
05-27 18:18:18.114 31906 31936 D ANW_AVRCP_SECOND: 
05-27 18:18:18.114  1044 30796 D BufferPoolAccessor2.0: bufferpool2 0xb400006f82870318 : 1(6144 size) total buffers - 1(6144 size) used buffers - 113256/113258 (recycle/alloc) - 2/113257 (fetch/transfer)
05-27 18:18:18.114   536   536 D commservice260303: Push Message into SendPool fn=-228130048
05-27 18:18:18.114   536   536 D commservice260303: ComProtocolLibSend2Cluster::send2ClusterRaw fn=-228130048 , len=332
05-27 18:18:18.115   536   536 D commservice260303: sendCmdToPort :332!!!
05-27 18:18:18.115   536   536 D commservice260303: send Cmd To Port ++++5AA501488A01000367F26A16C4EA7B22636F6D6D616E64223A7B226964223A22696D755F737461747573222C22737562223A22227D2C22636F6E74656E74223A7B2254696D655374616D70223A382C224672616D65436F756E746572223A3230373534372C2247445F58223A2D302E3031313330303735303037363737303738322C2247445F59223A302E3030353432303938393335363933353032342C2247445F5A223A302E3030323531393037393934393730363739332C2241445F58223A2D302E303032303037343639353334383733393632342C2241445F59223A2D322E37363735313131373738303830343633452D342C2241445F5A223A2D302E313733313431343739343932313837352C2254656D70447370223A302C22537461747573223A302C2243616C69625374617465223A312C22536967416D70496E76616C6964223A307D7D3B7B
05-27 18:18:18.115   536   536 D commservice260303: bufferevent_write retrun value = 0
05-27 18:18:18.115   536   560 D commservice260303: client datas send succeed,send finish
05-27 18:18:18.115   299  1153 D EvsDriver: doneWithFrame
05-27 18:18:18.116 13911 14192 D Sentinelmode_1.2.5.17_sentry: <SentryImuClusterFgeSender>imu_status sent to Linux, frame=207547, tsNs=8965338, tsMs=8, intervalMs=54, ad=(-0.0020074695,-2.7675112E-4,-0.17314148), gd=(-0.01130075,0.0054209894,0.00251908)
05-27 18:18:18.119   581   581 I SpiService: fgesysctrl_getGPIO_status success val=1
05-27 18:18:18.120 13911 14183 I SentryImuMcuAngleSender: 179.993rollDeg
05-27 18:18:18.120 13911 14183 I SentryImuMcuAngleSender: 1,0,0
05-27 18:18:18.121  1008 30856 D [OMXB]  : usingANWBuffer: handle:0xee7412a0, format:1, w:1920, h:1080
05-27 18:18:18.124   581   581 I SpiService: fgesysctrl_getGPIO_status success val=1
05-27 18:18:18.130   581   581 I SpiService: fgesysctrl_getGPIO_status success val=0
05-27 18:18:18.132 31906 31936 D ANW_AVRCP_SECOND: write storage size=6600
05-27 18:18:18.132 31906 31936 D ANW_AVRCP_SECOND: 
05-27 18:18:18.132 31906 31936 D ANWAPI_SECOND: (31906|0x28F91CB0)[BTAPI] >>>>AnWBT_EEPROM_Read 
05-27 18:18:18.132 31906 31936 D ANWAPI_SECOND: (31906|0x28F91CB0)[BTAPI] B:Rpaired_storage[0]name[]addr[00:00:00:00:00:00]linkkey[00:00:00:00:00:00:00:00:00:00:00:00:00:00:00:00]
05-27 18:18:18.132 31906 31936 D ANWAPI_SECOND: (31906|0x28F91CB0)[BTAPI] B:Rpaired_storage[1]name[]addr[00:00:00:00:00:00]linkkey[00:00:00:00:00:00:00:00:00:00:00:00:00:00:00:00]
05-27 18:18:18.132 31906 31936 D ANWAPI_SECOND: (31906|0x28F91CB0)[BTAPI] B:Rpaired_storage[2]name[]addr[00:00:00:00:00:00]linkkey[00:00:00:00:00:00:00:00:00:00:00:00:00:00:00:00]
05-27 18:18:18.132 31906 31936 D ANWAPI_SECOND: (31906|0x28F91CB0)[BTAPI] B:Rpaired_storage[3]name[]addr[00:00:00:00:00:00]linkkey[00:00:00:00:00:00:00:00:00:00:00:00:00:00:00:00]
05-27 18:18:18.132 31906 31936 D ANWAPI_SECOND: (31906|0x28F91CB0)[BTAPI] B:Rpaired_storage[4]name[]addr[00:00:00:00:00:00]linkkey[00:00:00:00:00:00:00:00:00:00:00:00:00:00:00:00]
05-27 18:18:18.133 31906 31936 D ANWAPI_SECOND: (31906|0x28F91CB0)[BTAPI] B:Rpaired_storage[5]name[]addr[00:00:00:00:00:00]linkkey[00:00:00:00:00:00:00:00:00:00:00:00:00:00:00:00]
05-27 18:18:18.133 31906 31936 D ANWAPI_SECOND: (31906|0x28F91CB0)[BTAPI] B:Rpaired_storage[6]name[]addr[00:00:00:00:00:00]linkkey[00:00:00:00:00:00:00:00:00:00:00:00:00:00:00:00]
05-27 18:18:18.133 31906 31936 D ANWAPI_SECOND: (31906|0x28F91CB0)[BTAPI] B:Rpaired_storage[7]name[]addr[00:00:00:00:00:00]linkkey[00:00:00:00:00:00:00:00:00:00:00:00:00:00:00:00]
05-27 18:18:18.133 31906 31936 D ANWAPI_SECOND: (31906|0x28F91CB0)[BTAPI] B:Rpaired_storage[8]name[]addr[00:00:00:00:00:00]linkkey[00:00:00:00:00:00:00:00:00:00:00:00:00:00:00:00]
05-27 18:18:18.133 31906 31936 D ANWAPI_SECOND: (31906|0x28F91CB0)[BTAPI] B:Rpaired_storage[9]name[]addr[00:00:00:00:00:00]linkkey[00:00:00:00:00:00:00:00:00:00:00:00:00:00:00:00]
05-27 18:18:18.133 31906 31936 D ANWAPI_SECOND: (31906|0x28F91CB0)[BTAPI] B:Rpaired_storage[10]name[]addr[00:00:00:00:00:00]linkkey[00:00:00:00:00:00:00:00:00:00:00:00:00:00:00:00]
05-27 18:18:18.133 31906 31936 D ANW_AVRCP_SECOND: AnWBT_ReadStorage =/data/misc/anw//anwbt_storage.bin
05-27 18:18:18.133 31906 31936 D ANW_AVRCP_SECOND: AnWBT_ReadStorage open anwbt_bt_storage success
05-27 18:18:18.133 31906 31936 D ANW_AVRCP_SECOND: 
05-27 18:18:18.134 31906 31936 D ANW_AVRCP_SECOND: read storage size=6600
05-27 18:18:18.134 31906 31936 D ANW_AVRCP_SECOND: 
05-27 18:18:18.134 31906 31936 D ANWAPI_SECOND: (31906|0x28F91CB0)[BTAPI] A:Readpaired_storage[0]name[]cod[0]support[0]addr[00:00:00:00:00:00]linkkey[00:00:00:00:00:00:00:00:00:00:00:00:00:00:00:00]
05-27 18:18:18.134 31906 31936 D ANWAPI_SECOND: (31906|0x28F91CB0)[BTAPI] A:Readpaired_storage[1]name[]cod[0]support[0]addr[00:00:00:00:00:00]linkkey[00:00:00:00:00:00:00:00:00:00:00:00:00:00:00:00]
05-27 18:18:18.134 31906 31936 D ANWAPI_SECOND: (31906|0x28F91CB0)[BTAPI] A:Readpaired_storage[2]name[]cod[0]support[0]addr[00:00:00:00:00:00]linkkey[00:00:00:00:00:00:00:00:00:00:00:00:00:00:00:00]
05-27 18:18:18.134 31906 31936 D ANWAPI_SECOND: (31906|0x28F91CB0)[BTAPI] A:Readpaired_storage[3]name[]cod[0]support[0]addr[00:00:00:00:00:00]linkkey[00:00:00:00:00:00:00:00:00:00:00:00:00:00:00:00]
05-27 18:18:18.134 31906 31936 D ANWAPI_SECOND: (31906|0x28F91CB0)[BTAPI] A:Readpaired_storage[4]name[]cod[0]support[0]addr[00:00:00:00:00:00]linkkey[00:00:00:00:00:00:00:00:00:00:00:00:00:00:00:00]
05-27 18:18:18.134 31906 31936 D ANWAPI_SECOND: (31906|0x28F91CB0)[BTAPI] A:Readpaired_storage[5]name[]cod[0]support[0]addr[00:00:00:00:00:00]linkkey[00:00:00:00:00:00:00:00:00:00:00:00:00:00:00:00]
05-27 18:18:18.134 31906 31936 D ANWAPI_SECOND: (31906|0x28F91CB0)[BTAPI] A:Readpaired_storage[6]name[]cod[0]support[0]addr[00:00:00:00:00:00]linkkey[00:00:00:00:00:00:00:00:00:00:00:00:00:00:00:00]
05-27 18:18:18.134 31906 31936 D ANWAPI_SECOND: (31906|0x28F91CB0)[BTAPI] A:Readpaired_storage[7]name[]cod[0]support[0]addr[00:00:00:00:00:00]linkkey[00:00:00:00:00:00:00:00:00:00:00:00:00:00:00:00]
05-27 18:18:18.134 31906 31936 D ANWAPI_SECOND: (31906|0x28F91CB0)[BTAPI] A:Readpaired_storage[8]name[]cod[0]support[0]addr[00:00:00:00:00:00]linkkey[00:00:00:00:00:00:00:00:00:00:00:00:00:00:00:00]
05-27 18:18:18.134 31906 31936 D ANWAPI_SECOND: (31906|0x28F91CB0)[BTAPI] A:Readpaired_storage[9]name[]cod[0]support[0]addr[00:00:00:00:00:00]linkkey[00:00:00:00:00:00:00:00:00:00:00:00:00:00:00:00]
05-27 18:18:18.134 31906 31936 D ANWAPI_SECOND: (31906|0x28F91CB0)[BTAPI] A:Readpaired_storage[10]name[]cod[0]support[0]addr[00:00:00:00:00:00]linkkey[00:00:00:00:00:00:00:00:00:00:00:00:00:00:00:00]
05-27 18:18:18.134 31906 31936 D ANWAPI_SECOND: (31906|0x28F91CB0)[BTAPI] <<<<AnWBT_EEPROM_Read ret = 0
05-27 18:18:18.134 31906 31936 D ANWAPI_SECOND: (31906|0x28F91CB0)[BTAPI] >>>>AnWBT_EEPROM_Read 
05-27 18:18:18.134 31906 31936 D ANWAPI_SECOND: (31906|0x28F91CB0)[BTAPI] B:Rle_paired_storage[0]addr[00:00:00:00:00:00]linkkey[00:00:00:00:00:00:00:00:00:00:00:00:00:00:00:00]
05-27 18:18:18.134 31906 31936 D ANWAPI_SECOND: (31906|0x28F91CB0)[BTAPI] B:Rle_paired_storage[1]addr[00:00:00:00:00:00]linkkey[00:00:00:00:00:00:00:00:00:00:00:00:00:00:00:00]
05-27 18:18:18.134 31906 31936 D ANWAPI_SECOND: (31906|0x28F91CB0)[BTAPI] B:Rle_paired_storage[2]addr[00:00:00:00:00:00]linkkey[00:00:00:00:00:00:00:00:00:00:00:00:00:00:00:00]
05-27 18:18:18.135 31906 31936 D ANWAPI_SECOND: (31906|0x28F91CB0)[BTAPI] B:Rle_paired_storage[3]addr[00:00:00:00:00:00]linkkey[00:00:00:00:00:00:00:00:00:00:00:00:00:00:00:00]
05-27 18:18:18.135 31906 31936 D ANWAPI_SECOND: (31906|0x28F91CB0)[BTAPI] B:Rle_paired_storage[4]addr[00:00:00:00:00:00]linkkey[00:00:00:00:00:00:00:00:00:00:00:00:00:00:00:00]
05-27 18:18:18.135 31906 31936 D ANWAPI_SECOND: (31906|0x28F91CB0)[BTAPI] B:Rle_paired_storage[5]addr[00:00:00:00:00:00]linkkey[00:00:00:00:00:00:00:00:00:00:00:00:00:00:00:00]
05-27 18:18:18.135 31906 31936 D ANWAPI_SECOND: (31906|0x28F91CB0)[BTAPI] B:Rle_paired_storage[6]addr[00:00:00:00:00:00]linkkey[00:00:00:00:00:00:00:00:00:00:00:00:00:00:00:00]
05-27 18:18:18.135 31906 31936 D ANW_AVRCP_SECOND: AnWBT_ReadStorage =/data/misc/anw//anwble_storage.bin
05-27 18:18:18.135 31906 31936 D ANW_AVRCP_SECOND: AnWBT_ReadStorage open anwbt_bt_storage success
05-27 18:18:18.135 31906 31936 D ANW_AVRCP_SECOND: 
05-27 18:18:18.135 31906 31936 D ANW_AVRCP_SECOND: read storage size=1336
05-27 18:18:18.135 31906 31936 D ANW_AVRCP_SECOND: 
05-27 18:18:18.135 31906 31936 D ANWAPI_SECOND: (31906|0x28F91CB0)[BTAPI] A:Rle_paired_storage[0]addr[00:00:00:00:00:00]linkkey[00:00:00:00:00:00:00:00:00:00:00:00:00:00:00:00]
05-27 18:18:18.135 31906 31936 D ANWAPI_SECOND: (31906|0x28F91CB0)[BTAPI] A:Rle_paired_storage[1]addr[00:00:00:00:00:00]linkkey[00:00:00:00:00:00:00:00:00:00:00:00:00:00:00:00]
05-27 18:18:18.135 31906 31936 D ANWAPI_SECOND: (31906|0x28F91CB0)[BTAPI] A:Rle_paired_storage[2]addr[00:00:00:00:00:00]linkkey[00:00:00:00:00:00:00:00:00:00:00:00:00:00:00:00]
05-27 18:18:18.135 31906 31936 D ANWAPI_SECOND: (31906|0x28F91CB0)[BTAPI] A:Rle_paired_storage[3]addr[00:00:00:00:00:00]linkkey[00:00:00:00:00:00:00:00:00:00:00:00:00:00:00:00]
05-27 18:18:18.135   299 30844 D EvsDriver: forwardFrame
05-27 18:18:18.135 31906 31936 D ANWAPI_SECOND: (31906|0x28F91CB0)[BTAPI] A:Rle_paired_storage[4]addr[00:00:00:00:00:00]linkkey[00:00:00:00:00:00:00:00:00:00:00:00:00:00:00:00]
05-27 18:18:18.135 31906 31936 D ANWAPI_SECOND: (31906|0x28F91CB0)[BTAPI] A:Rle_paired_storage[5]addr[00:00:00:00:00:00]linkkey[00:00:00:00:00:00:00:00:00:00:00:00:00:00:00:00]
05-27 18:18:18.135 31906 31936 D ANWAPI_SECOND: (31906|0x28F91CB0)[BTAPI] A:Rle_paired_storage[6]addr[00:00:00:00:00:00]linkkey[00:00:00:00:00:00:00:00:00:00:00:00:00:00:00:00]
05-27 18:18:18.135 31906 31936 D ANWAPI_SECOND: (31906|0x28F91CB0)[BTAPI] <<<<AnWBT_EEPROM_Read ret = 0
05-27 18:18:18.135 31906 31936 D ANWAPI_SECOND: (31906|0x28F91CB0)[BTAPI] btsdk_initial_param.flag=0x4000
05-27 18:18:18.135 31906 31936 D ANWAPI_SECOND: (31906|0x28F91CB0)[BTAPI] [Paired DevInf] Storage Write
05-27 18:18:18.136 31906 31936 D ANW_AVRCP_SECOND: AnWBT_WriteStorage =/data/misc/anw//anwbt_storage.bin
05-27 18:18:18.136 31906 31936 D ANW_AVRCP_SECOND: AnWBT_WriteStorage open anwbt_bt_storage success
05-27 18:18:18.136 31906 31936 D ANW_AVRCP_SECOND: 
05-27 18:18:18.136  1167  1184 D evsmanagerd: /dev/video6 forwarded the buffer #0 to 0xb4000074bf5f5510 from 0xb4000074bf5f6d90
05-27 18:18:18.136   299 30841 D EvsDriver: forwardFrame
05-27 18:18:18.137 30773 30773 E dvr_service_: [myNum:1] Received S**** loss
05-27 18:18:18.138   299  1153 D EvsDriver: doneWithFrame
05-27 18:18:18.138  1167  1184 D evsmanagerd: /dev/video4 forwarded the buffer #0 to 0xb4000074bf5f6850 from 0xb4000074bf5f41d0
05-27 18:18:18.138   299 30841 D EvsDriver: Delivered 0xb400007b7ca56a60 as id 0
05-27 18:18:18.138 30773 30773 E dvr_service_: [myNum:0] Received S**** loss
05-27 18:18:18.139   299  1153 D EvsDriver: doneWithFrame
05-27 18:18:18.139   299 30844 D EvsDriver: Delivered 0xb400007b7ca56900 as id 0
05-27 18:18:18.140 13911 14183 I SentryImuMcuAngleSender: 179.99649rollDeg
05-27 18:18:18.140   536   560 D commservice260303: recv len:77, 5AA5004906000000347B6A16C4EA7B22636F6D6D616E64223A7B226964223A226473695F6C7578222C22737562223A22227D2C22636F6E74656E74223A7B2276616C7565223A3230307D7D73E0 from server
05-27 18:18:18.140 13911 14183 I SentryImuMcuAngleSender: 1,0,0
05-27 18:18:18.140   536  2578 D commservice260303: mcuDataAnalyzeHandle templen:77,len:77,pos:0, 5AA5004906000000347B6A16C4EA7B22636F6D6D616E64223A7B226964223A226473695F6C7578222C22737562223A22227D2C22636F6E74656E74223A7B2276616C7565223A3230307D7D73E0 
05-27 18:18:18.140   536  2578 I commservice260303: checksumCal = 29664
05-27 18:18:18.140   536  2578 D commservice260303: CommProtocolLibCmdBaseC2I::dataproc {"command":{"id":"dsi_lux","sub":""},"content":{"value":200}},6
05-27 18:18:18.140   536  2578 D commservice260303: mcuCommMessageManager::notifyMsgToClient hwbinder OK
05-27 18:18:18.140   536  2578 D commservice260303: McuProtocolLibSend2Service::send2Service ret=1
05-27 18:18:18.141 12246 12440 D ivicomm_CommManager: fgeComServiceCallback: {"command":{"id":"dsi_lux","sub":""},"content":{"value":200}}
05-27 18:18:18.141 12246 12440 D ivicomm_CallbackManager: registerCallback DSI_LUX: {"value":200} mCommStateCallbackMap size:4
05-27 18:18:18.141  1008 30857 D [OMXB]  : usingANWBuffer: handle:0xee742060, format:1, w:1920, h:1080
05-27 18:18:18.141   572   572 I Sensors : 230 AccelSensor: x:-0.172019,y:-0.000610,z:-9.976550
05-27 18:18:18.142 11579 11619 D NSLogUtils_VehicleService: L2A comm state: id=dsi_lux, value=200
05-27 18:18:18.143 11344  6590 D SystemUI_SystemSettingsControllerService: onCommState: commandID = dsi_lux; value = 200
05-27 18:18:18.143 31906 31936 D ANW_AVRCP_SECOND: write storage size=6600
05-27 18:18:18.143 31906 31936 D ANW_AVRCP_SECOND: 
05-27 18:18:18.144 31906 31936 D ANWAPI_SECOND: (31906|0x28F91CB0)[BTAPI] >>>>AnWBT_EEPROM_Read 
05-27 18:18:18.144 31906 31936 D ANWAPI_SECOND: (31906|0x28F91CB0)[BTAPI] B:Rpaired_storage[0]name[]addr[00:00:00:00:00:00]linkkey[00:00:00:00:00:00:00:00:00:00:00:00:00:00:00:00]
05-27 18:18:18.144 31906 31936 D ANWAPI_SECOND: (31906|0x28F91CB0)[BTAPI] B:Rpaired_storage[1]name[]addr[00:00:00:00:00:00]linkkey[00:00:00:00:00:00:00:00:00:00:00:00:00:00:00:00]
05-27 18:18:18.144 31906 31936 D ANWAPI_SECOND: (31906|0x28F91CB0)[BTAPI] B:Rpaired_storage[2]name[]addr[00:00:00:00:00:00]linkkey[00:00:00:00:00:00:00:00:00:00:00:00:00:00:00:00]
05-27 18:18:18.144 31906 31936 D ANWAPI_SECOND: (31906|0x28F91CB0)[BTAPI] B:Rpaired_storage[3]name[]addr[00:00:00:00:00:00]linkkey[00:00:00:00:00:00:00:00:00:00:00:00:00:00:00:00]
05-27 18:18:18.144 31906 31936 D ANWAPI_SECOND: (31906|0x28F91CB0)[BTAPI] B:Rpaired_storage[4]name[]addr[00:00:00:00:00:00]linkkey[00:00:00:00:00:00:00:00:00:00:00:00:00:00:00:00]
05-27 18:18:18.144 31906 31936 D ANWAPI_SECOND: (31906|0x28F91CB0)[BTAPI] B:Rpaired_storage[5]name[]addr[00:00:00:00:00:00]linkkey[00:00:00:00:00:00:00:00:00:00:00:00:00:00:00:00]
05-27 18:18:18.144 31906 31936 D ANWAPI_SECOND: (31906|0x28F91CB0)[BTAPI] B:Rpaired_storage[6]name[]addr[00:00:00:00:00:00]linkkey[00:00:00:00:00:00:00:00:00:00:00:00:00:00:00:00]
05-27 18:18:18.144 31906 31936 D ANWAPI_SECOND: (31906|0x28F91CB0)[BTAPI] B:Rpaired_storage[7]name[]addr[00:00:00:00:00:00]linkkey[00:00:00:00:00:00:00:00:00:00:00:00:00:00:00:00]
05-27 18:18:18.144 31906 31936 D ANWAPI_SECOND: (31906|0x28F91CB0)[BTAPI] B:Rpaired_storage[8]name[]addr[00:00:00:00:00:00]linkkey[00:00:00:00:00:00:00:00:00:00:00:00:00:00:00:00]
05-27 18:18:18.144 31906 31936 D ANWAPI_SECOND: (31906|0x28F91CB0)[BTAPI] B:Rpaired_storage[9]name[]addr[00:00:00:00:00:00]linkkey[00:00:00:00:00:00:00:00:00:00:00:00:00:00:00:00]
05-27 18:18:18.144 31906 31936 D ANWAPI_SECOND: (31906|0x28F91CB0)[BTAPI] B:Rpaired_storage[10]name[]addr[00:00:00:00:00:00]linkkey[00:00:00:00:00:00:00:00:00:00:00:00:00:00:00:00]
05-27 18:18:18.144 31906 31936 D ANW_AVRCP_SECOND: AnWBT_ReadStorage =/data/misc/anw//anwbt_storage.bin
05-27 18:18:18.144 31906 31936 D ANW_AVRCP_SECOND: AnWBT_ReadStorage open anwbt_bt_storage success
05-27 18:18:18.144 31906 31936 D ANW_AVRCP_SECOND: 
05-27 18:18:18.144   581   581 I SpiService: fgesysctrl_getGPIO_status success val=1
05-27 18:18:18.144 31906 31936 D ANW_AVRCP_SECOND: read storage size=6600
05-27 18:18:18.144 31906 31936 D ANW_AVRCP_SECOND: 
05-27 18:18:18.144 31906 31936 D ANWAPI_SECOND: (31906|0x28F91CB0)[BTAPI] A:Readpaired_storage[0]name[]cod[0]support[0]addr[00:00:00:00:00:00]linkkey[00:00:00:00:00:00:00:00:00:00:00:00:00:00:00:00]
05-27 18:18:18.144 31906 31936 D ANWAPI_SECOND: (31906|0x28F91CB0)[BTAPI] A:Readpaired_storage[1]name[]cod[0]support[0]addr[00:00:00:00:00:00]linkkey[00:00:00:00:00:00:00:00:00:00:00:00:00:00:00:00]
05-27 18:18:18.145 31906 31936 D ANWAPI_SECOND: (31906|0x28F91CB0)[BTAPI] A:Readpaired_storage[2]name[]cod[0]support[0]addr[00:00:00:00:00:00]linkkey[00:00:00:00:00:00:00:00:00:00:00:00:00:00:00:00]
05-27 18:18:18.145 31906 31936 D ANWAPI_SECOND: (31906|0x28F91CB0)[BTAPI] A:Readpaired_storage[3]name[]cod[0]support[0]addr[00:00:00:00:00:00]linkkey[00:00:00:00:00:00:00:00:00:00:00:00:00:00:00:00]
05-27 18:18:18.145 31906 31936 D ANWAPI_SECOND: (31906|0x28F91CB0)[BTAPI] A:Readpaired_storage[4]name[]cod[0]support[0]addr[00:00:00:00:00:00]linkkey[00:00:00:00:00:00:00:00:00:00:00:00:00:00:00:00]
05-27 18:18:18.145 31906 31936 D ANWAPI_SECOND: (31906|0x28F91CB0)[BTAPI] A:Readpaired_storage[5]name[]cod[0]support[0]addr[00:00:00:00:00:00]linkkey[00:00:00:00:00:00:00:00:00:00:00:00:00:00:00:00]
05-27 18:18:18.145   481   598 I mcuc    : rev,n=1,6AA681B49A006B89006B0600030A4000003419400000000040000005354000000000400059231C400000400000000000000000000000000000000000010000000000000000000000000000000000000000000000000000000000000000000000000000000000000000000000000000000000DF
05-27 18:18:18.146   351   373 D automotive.vehicle@2.0-adayo-datacomm-mcu: MCUDatacomm sendMessageFromVehicle prop: 0x89, areaId: 0x0, status: 0x6b, timestamp: 0x6
05-27 18:18:18.146   351   373 D automotive.vehicle@2.0-adayo-datacomm-mcu: MCUDatacomm 1sendMessageFromVehicle ---> type = 3 
05-27 18:18:18.146   351   373 D automotive.vehicle@2.0-adayo-func-bcm: sendMessageFromVehicle sendMessageFromVehicle
05-27 18:18:18.146   536   536 D commservice260303: msg.id = 1028,0
05-27 18:18:18.146   536   536 D commservice260303: i = 170, msgid = 8A000404
05-27 18:18:18.146   351   516 D automotive.vehicle@2.0-adayo-func-bcm: jjfan1 ______procotolSize :38
05-27 18:18:18.146   536   536 D commservice260303: msgid = -1979710460,did=138
05-27 18:18:18.146   351   516 D automotive.vehicle@2.0-adayo-func-bcm: BCMFunc sendMessageFromVehicle_l dataType: 12,mByte=7,propid=0x2140006b
05-27 18:18:18.146   536   536 D commservice260303: CommProtocolLibCmdBaseI2C::dataproc {"command":{"id":"imu_status","sub":""},"content":{"TimeStamp":8,"FrameCounter":207548,"GD_X":-0.011987865902483463,"GD_Y":0.005573912989348173,"GD_Z":0.0019848872907459736,"AD_X":-0.005659535527229309,"AD_Y":-0.0033043082803487778,"AD_Z":-0.1713113784790039,"TempDsp":0,"Status":0,"CalibState":1,"SigAmpInvalid":0}},-1979710460
05-27 18:18:18.146   351   516 D automotive.vehicle@2.0-adayo-func-bcm: BCMFunc sendMessageFromVehicle_l msgBuff[7]=0x40,start:0,len:6,temp:6,
05-27 18:18:18.146   351   516 D automotive.vehicle@2.0-adayo-func-bcm: BCMFunc sendMessageFromVehicle_l prop: 0x2140006b ,areaId: 0x0  SPLITE_BIT_DATA_INTEGER : 0
05-27 18:18:18.146   351   516 D automotive.vehicle@2.0-adayo-func-bcm: BCMFunc sendMessageFromVehicle_l id:557842539, area:0 not report! 
05-27 18:18:18.146   536   536 D commservice260303: send2Cluster len:316, 7B22636F6D6D616E64223A7B226964223A22696D755F737461747573222C22737562223A22227D2C22636F6E74656E74223A7B2254696D655374616D70223A382C224672616D65436F756E746572223A3230373534382C2247445F58223A2D302E3031313938373836353930323438333436332C2247445F59223A302E3030353537333931323938393334383137332C2247445F5A223A302E303031393834383837323930373435393733362C2241445F58223A2D302E3030353635393533353532373232393330392C2241445F59223A2D302E303033333034333038323830333438373737382C2241445F5A223A2D302E313731333131333738343739303033392C2254656D70447370223A302C22537461747573223A302C2243616C69625374617465223A312C22536967416D70496E76616C6964223A307D7D, 138 
05-27 18:18:18.146   351   516 D automotive.vehicle@2.0-adayo-func-bcm: BCMFunc sendMessageFromVehicle_l dataType: 12,mByte=7,propid=0x2140006c
05-27 18:18:18.146   536   536 D commservice260303: Push Message into SendPool fn=-211352832
05-27 18:18:18.146   351   516 D automotive.vehicle@2.0-adayo-func-bcm: BCMFunc sendMessageFromVehicle_l msgBuff[7]=0x40,start:6,len:2,temp:2,
05-27 18:18:18.146   536   536 D commservice260303: ComProtocolLibSend2Cluster::send2ClusterRaw fn=-211352832 , len=332
05-27 18:18:18.146   351   516 D automotive.vehicle@2.0-adayo-func-bcm: BCMFunc sendMessageFromVehicle_l prop: 0x2140006c ,areaId: 0x0  SPLITE_BIT_DATA_INTEGER : 1
05-27 18:18:18.146   536   536 D commservice260303: sendCmdToPort :332!!!
05-27 18:18:18.146   351   516 D automotive.vehicle@2.0-adayo-func-bcm: BCMFunc sendMessageFromVehicle_l id:557842540, area:0 not report! 
05-27 18:18:18.146   351   516 D automotive.vehicle@2.0-adayo-func-bcm: BCMFunc sendMessageFromVehicle_l dataType: 12,mByte=11,propid=0x2140004a
05-27 18:18:18.146   351   516 D automotive.vehicle@2.0-adayo-func-bcm: BCMFunc sendMessageFromVehicle_l msgBuff[11]=0x19,start:0,len:32,temp:8,
05-27 18:18:18.146   536   536 D commservice260303: send Cmd To Port ++++5AA501488A01000367F36A16C4EA7B22636F6D6D616E64223A7B226964223A22696D755F737461747573222C22737562223A22227D2C22636F6E74656E74223A7B2254696D655374616D70223A382C224672616D65436F756E746572223A3230373534382C2247445F58223A2D302E3031313938373836353930323438333436332C2247445F59223A302E3030353537333931323938393334383137332C2247445F5A223A302E303031393834383837323930373435393733362C2241445F58223A2D302E3030353635393533353532373232393330392C2241445F59223A2D302E303033333034333038323830333438373737382C2241445F5A223A2D302E313731333131333738343739303033392C2254656D70447370223A302C22537461747573223A302C2243616C69625374617465223A312C22536967416D70496E76616C6964223A307D7D5351
05-27 18:18:18.146   351   516 D automotive.vehicle@2.0-adayo-func-bcm: BCMFunc sendMessageFromVehicle_l msgBuff[10]=0x34,start:0,len:24,temp:8,
05-27 18:18:18.146   536   536 D commservice260303: bufferevent_write retrun value = 0
05-27 18:18:18.147   536   560 D commservice260303: client datas send succeed,send finish
05-27 18:18:18.147   351   516 D automotive.vehicle@2.0-adayo-func-bcm: BCMFunc sendMessageFromVehicle_l msgBuff[9]=0x0,start:0,len:16,temp:8,
05-27 18:18:18.147   351   516 D automotive.vehicle@2.0-adayo-func-bcm: BCMFunc sendMessageFromVehicle_l msgBuff[8]=0x0,start:0,len:8,temp:8,
05-27 18:18:18.147   351   516 D automotive.vehicle@2.0-adayo-func-bcm: BCMFunc sendMessageFromVehicle_l prop: 0x2140004a ,areaId: 0x0  SPLITE_BIT_DATA_INTEGER : 13337
05-27 18:18:18.147   351   516 D automotive.vehicle@2.0-adayo-func-bcm: BCMFunc sendMessageFromVehicle_l id:557842506, area:0 not report! 
05-27 18:18:18.147   351   516 D automotive.vehicle@2.0-adayo-func-bcm: BCMFunc sendMessageFromVehicle_l dataType: 12,mByte=12,propid=0x2140006d
05-27 18:18:18.147   351   516 D automotive.vehicle@2.0-adayo-func-bcm: BCMFunc sendMessageFromVehicle_l msgBuff[12]=0x40,start:0,len:6,temp:6,
05-27 18:18:18.147   351   516 D automotive.vehicle@2.0-adayo-func-bcm: BCMFunc sendMessageFromVehicle_l prop: 0x2140006d ,areaId: 0x0  SPLITE_BIT_DATA_INTEGER : 0
05-27 18:18:18.147   351   516 D automotive.vehicle@2.0-adayo-func-bcm: BCMFunc sendMessageFromVehicle_l id:557842541, area:0 not report! 
05-27 18:18:18.147   351   516 D automotive.vehicle@2.0-adayo-func-bcm: BCMFunc sendMessageFromVehicle_l dataType: 12,mByte=12,propid=0x2140006e
05-27 18:18:18.147 13911 14192 D Sentinelmode_1.2.5.17_sentry: <SentryImuClusterFgeSender>imu_status sent to Linux, frame=207548, tsNs=8965392, tsMs=8, intervalMs=32, ad=(-0.0056595355,-0.0033043083,-0.17131138), gd=(-0.011987866,0.005573913,0.0019848873)
05-27 18:18:18.147   351   516 D automotive.vehicle@2.0-adayo-func-bcm: BCMFunc sendMessageFromVehicle_l msgBuff[12]=0x40,start:6,len:2,temp:2,
05-27 18:18:18.147   351   516 D automotive.vehicle@2.0-adayo-func-bcm: BCMFunc sendMessageFromVehicle_l prop: 0x2140006e ,areaId: 0x0  SPLITE_BIT_DATA_INTEGER : 1
05-27 18:18:18.147   351   516 D automotive.vehicle@2.0-adayo-func-bcm: BCMFunc sendMessageFromVehicle_l id:557842542, area:0 not report! 
05-27 18:18:18.147   351   516 D automotive.vehicle@2.0-adayo-func-bcm: BCMFunc sendMessageFromVehicle_l dataType: 12,mByte=16,propid=0x21600040
05-27 18:18:18.147   351   516 D automotive.vehicle@2.0-adayo-func-bcm: BCMFunc sendMessageFromVehicle_l msgBuff[16]=0x0,start:0,len:32,temp:8,
05-27 18:18:18.147   351   516 D automotive.vehicle@2.0-adayo-func-bcm: BCMFunc sendMessageFromVehicle_l msgBuff[15]=0x0,start:0,len:24,temp:8,
05-27 18:18:18.147   351   516 D automotive.vehicle@2.0-adayo-func-bcm: BCMFunc sendMessageFromVehicle_l msgBuff[14]=0x0,start:0,len:16,temp:8,
05-27 18:18:18.147   351   516 D automotive.vehicle@2.0-adayo-func-bcm: BCMFunc sendMessageFromVehicle_l msgBuff[13]=0x0,start:0,len:8,temp:8,
05-27 18:18:18.147   351   516 D automotive.vehicle@2.0-adayo-func-bcm: BCMFunc sendMessageFromVehicle_l prop: 0x21600040 , SPLITE_BIT_DATA_INTEGER1 data:0
05-27 18:18:18.147 31906 31936 D ANWAPI_SECOND: (31906|0x28F91CB0)[BTAPI] A:Readpaired_storage[6]name[]cod[0]support[0]addr[00:00:00:00:00:00]linkkey[00:00:00:00:00:00:00:00:00:00:00:00:00:00:00:00]
05-27 18:18:18.147   351   516 D automotive.vehicle@2.0-adayo-func-bcm: BCMFunc sendMessageFromVehicle_l prop: 0x21600040 , SPLITE_BIT_DATA_INTEGER4 procotol.calc[0]:0.100000,procotol.calc[1]:0.000000
05-27 18:18:18.147 31906 31936 D ANWAPI_SECOND: (31906|0x28F91CB0)[BTAPI] A:Readpaired_storage[7]name[]cod[0]support[0]addr[00:00:00:00:00:00]linkkey[00:00:00:00:00:00:00:00:00:00:00:00:00:00:00:00]
05-27 18:18:18.147   351   516 D automotive.vehicle@2.0-adayo-func-bcm: BCMFunc sendMessageFromVehicle_l prop: 0x21600040 ,areaId: 0x0  SPLITE_BIT_DATA_INTEGER : 0.000000,calc[0]:0.100000,calc[1]:0.000000
05-27 18:18:18.147   351   516 D automotive.vehicle@2.0-adayo-func-bcm: BCMFunc sendMessageFromVehicle_l id:559939648, area:0 not report! 
05-27 18:18:18.147 31906 31936 D ANWAPI_SECOND: (31906|0x28F91CB0)[BTAPI] A:Readpaired_storage[8]name[]cod[0]support[0]addr[00:00:00:00:00:00]linkkey[00:00:00:00:00:00:00:00:00:00:00:00:00:00:00:00]
05-27 18:18:18.147   351   516 D automotive.vehicle@2.0-adayo-func-bcm: BCMFunc sendMessageFromVehicle_l dataType: 12,mByte=17,propid=0x2140006f
05-27 18:18:18.148   351   516 D automotive.vehicle@2.0-adayo-func-bcm: BCMFunc sendMessageFromVehicle_l msgBuff[17]=0x40,start:0,len:6,temp:6,
05-27 18:18:18.148 31906 31936 D ANWAPI_SECOND: (31906|0x28F91CB0)[BTAPI] A:Readpaired_storage[9]name[]cod[0]support[0]addr[00:00:00:00:00:00]linkkey[00:00:00:00:00:00:00:00:00:00:00:00:00:00:00:00]
05-27 18:18:18.148   351   516 D automotive.vehicle@2.0-adayo-func-bcm: BCMFunc sendMessageFromVehicle_l prop: 0x2140006f ,areaId: 0x0  SPLITE_BIT_DATA_INTEGER : 0
05-27 18:18:18.148 31906 31936 D ANWAPI_SECOND: (31906|0x28F91CB0)[BTAPI] A:Readpaired_storage[10]name[]cod[0]support[0]addr[00:00:00:00:00:00]linkkey[00:00:00:00:00:00:00:00:00:00:00:00:00:00:00:00]
05-27 18:18:18.148   351   516 D automotive.vehicle@2.0-adayo-func-bcm: BCMFunc sendMessageFromVehicle_l id:557842543, area:0 not report! 
05-27 18:18:18.148   351   516 D automotive.vehicle@2.0-adayo-func-bcm: BCMFunc sendMessageFromVehicle_l dataType: 12,mByte=17,propid=0x21400070
05-27 18:18:18.148 31906 31936 D ANWAPI_SECOND: (31906|0x28F91CB0)[BTAPI] <<<<AnWBT_EEPROM_Read ret = 0
05-27 18:18:18.148   351   516 D automotive.vehicle@2.0-adayo-func-bcm: BCMFunc sendMessageFromVehicle_l msgBuff[17]=0x40,start:6,len:2,temp:2,
05-27 18:18:18.148   351   516 D automotive.vehicle@2.0-adayo-func-bcm: BCMFunc sendMessageFromVehicle_l prop: 0x21400070 ,areaId: 0x0  SPLITE_BIT_DATA_INTEGER : 1
05-27 18:18:18.148 31906 31936 D ANWAPI_SECOND: (31906|0x28F91CB0)[BTAPI] build time = 11:28:38 sdk ver=0x 300002A
05-27 18:18:18.148   351   516 D automotive.vehicle@2.0-adayo-func-bcm: BCMFunc sendMessageFromVehicle_l id:557842544, area:0 not report! 
05-27 18:18:18.148   351   516 D automotive.vehicle@2.0-adayo-func-bcm: BCMFunc sendMessageFromVehicle_l dataType: 12,mByte=21,propid=0x2160004c
05-27 18:18:18.148 31906 31936 D ANWAPI_SECOND: (31906|0x28F91CB0)[BTAPI] creating init task
05-27 18:18:18.148   351   516 D automotive.vehicle@2.0-adayo-func-bcm: BCMFunc sendMessageFromVehicle_l msgBuff[21]=0x35,start:0,len:32,temp:8,
05-27 18:18:18.148   351   516 D automotive.vehicle@2.0-adayo-func-bcm: BCMFunc sendMessageFromVehicle_l msgBuff[20]=0x5,start:0,len:24,temp:8,
05-27 18:18:18.148   351   516 D automotive.vehicle@2.0-adayo-func-bcm: BCMFunc sendMessageFromVehicle_l msgBuff[19]=0x0,start:0,len:16,temp:8,
05-27 18:18:18.148   351   516 D automotive.vehicle@2.0-adayo-func-bcm: BCMFunc sendMessageFromVehicle_l msgBuff[18]=0x0,start:0,len:8,temp:8,
05-27 18:18:18.148   351   516 D automotive.vehicle@2.0-adayo-func-bcm: BCMFunc sendMessageFromVehicle_l prop: 0x2160004c , SPLITE_BIT_DATA_INTEGER1 data:1333
05-27 18:18:18.148   351   516 D automotive.vehicle@2.0-adayo-func-bcm: BCMFunc sendMessageFromVehicle_l prop: 0x2160004c , SPLITE_BIT_DATA_INTEGER4 procotol.calc[0]:0.100000,procotol.calc[1]:0.000000
05-27 18:18:18.148   351   516 D automotive.vehicle@2.0-adayo-func-bcm: BCMFunc sendMessageFromVehicle_l prop: 0x2160004c ,areaId: 0x0  SPLITE_BIT_DATA_INTEGER : 133.300003,calc[0]:0.100000,calc[1]:0.000000
05-27 18:18:18.148   351   516 D automotive.vehicle@2.0-adayo-func-bcm: BCMFunc sendMessageFromVehicle_l id:559939660, area:0 not report! 
05-27 18:18:18.148   351   516 D automotive.vehicle@2.0-adayo-func-bcm: BCMFunc sendMessageFromVehicle_l dataType: 12,mByte=22,propid=0x21400071
05-27 18:18:18.148   351   516 D automotive.vehicle@2.0-adayo-func-bcm: BCMFunc sendMessageFromVehicle_l msgBuff[22]=0x40,start:0,len:6,temp:6,
05-27 18:18:18.148   351   516 D automotive.vehicle@2.0-adayo-func-bcm: BCMFunc sendMessageFromVehicle_l prop: 0x21400071 ,areaId: 0x0  SPLITE_BIT_DATA_INTEGER : 0
05-27 18:18:18.148   351   516 D automotive.vehicle@2.0-adayo-func-bcm: BCMFunc sendMessageFromVehicle_l id:557842545, area:0 not report! 
05-27 18:18:18.148   351   516 D automotive.vehicle@2.0-adayo-func-bcm: BCMFunc sendMessageFromVehicle_l dataType: 12,mByte=22,propid=0x21400072
05-27 18:18:18.148   351   516 D automotive.vehicle@2.0-adayo-func-bcm: BCMFunc sendMessageFromVehicle_l msgBuff[22]=0x40,start:6,len:2,temp:2,
05-27 18:18:18.148   351   516 D automotive.vehicle@2.0-adayo-func-bcm: BCMFunc sendMessageFromVehicle_l prop: 0x21400072 ,areaId: 0x0  SPLITE_BIT_DATA_INTEGER : 1
05-27 18:18:18.148   351   516 D automotive.vehicle@2.0-adayo-func-bcm: BCMFunc sendMessageFromVehicle_l id:557842546, area:0 not report! 
05-27 18:18:18.148   351   516 D automotive.vehicle@2.0-adayo-func-bcm: BCMFunc sendMessageFromVehicle_l dataType: 12,mByte=24,propid=0x21400050
05-27 18:18:18.148 31906 31938 D ANWAPI_SECOND: (31906|0x231FBCB0)[BTAPI] Enter BTInit_Task stacd=1,589282480
05-27 18:18:18.148   351   516 D automotive.vehicle@2.0-adayo-func-bcm: BCMFunc sendMessageFromVehicle_l msgBuff[24]=0x0,start:0,len:16,temp:8,
05-27 18:18:18.148   351   516 D automotive.vehicle@2.0-adayo-func-bcm: BCMFunc sendMessageFromVehicle_l msgBuff[23]=0x0,start:0,len:8,temp:8,
05-27 18:18:18.149 31906 31938 D ANWAPI_SECOND: (31906|0x231FBCB0)[BTAPI] pthread_attr_init
05-27 18:18:18.149   351   516 D automotive.vehicle@2.0-adayo-func-bcm: BCMFunc sendMessageFromVehicle_l prop: 0x21400050 ,areaId: 0x0  SPLITE_BIT_DATA_INTEGER : 0
05-27 18:18:18.149   351   516 D automotive.vehicle@2.0-adayo-func-bcm: BCMFunc sendMessageFromVehicle_l id:557842512, area:0 not report! 
05-27 18:18:18.149 31906 31938 D ANWAPI_SECOND: (31906|0x231FBCB0)[BTAPI] BTHost_Init: min priority 1, max priority 99
05-27 18:18:18.149   351   516 D automotive.vehicle@2.0-adayo-func-bcm: BCMFunc sendMessageFromVehicle_l dataType: 12,mByte=25,propid=0x21400051
05-27 18:18:18.149   351   516 D automotive.vehicle@2.0-adayo-func-bcm: BCMFunc sendMessageFromVehicle_l msgBuff[25]=0x0,start:0,len:8,temp:8,
05-27 18:18:18.149 31906 31938 D ANWAPI_SECOND: (31906|0x231FBCB0)[BTAPI] Enter BTHost_Init
05-27 18:18:18.149   351   516 D automotive.vehicle@2.0-adayo-func-bcm: BCMFunc sendMessageFromVehicle_l prop: 0x21400051 ,areaId: 0x0  SPLITE_BIT_DATA_INTEGER : 0
05-27 18:18:18.149   351   516 D automotive.vehicle@2.0-adayo-func-bcm: BCMFunc sendMessageFromVehicle_l id:557842513, area:0 not report! 
05-27 18:18:18.149   351   516 D automotive.vehicle@2.0-adayo-func-bcm: BCMFunc sendMessageFromVehicle_l dataType: 12,mByte=26,propid=0x21400052
05-27 18:18:18.149   351   516 D automotive.vehicle@2.0-adayo-func-bcm: BCMFunc sendMessageFromVehicle_l msgBuff[26]=0x0,start:0,len:8,temp:8,
05-27 18:18:18.149   351   516 D automotive.vehicle@2.0-adayo-func-bcm: BCMFunc sendMessageFromVehicle_l prop: 0x21400052 ,areaId: 0x0  SPLITE_BIT_DATA_INTEGER : 0
05-27 18:18:18.149   351   516 D automotive.vehicle@2.0-adayo-func-bcm: BCMFunc sendMessageFromVehicle_l id:557842514, area:0 not report! 
05-27 18:18:18.149   351   516 D automotive.vehicle@2.0-adayo-func-bcm: BCMFunc sendMessageFromVehicle_l dataType: 12,mByte=27,propid=0x21400073
05-27 18:18:18.149   351   516 D automotive.vehicle@2.0-adayo-func-bcm: BCMFunc sendMessageFromVehicle_l msgBuff[27]=0x40,start:0,len:6,temp:6,
