05-27 18:18:23.227 13911 14131 D SVR_MNG_SvrMngProxy: getServer: svrMngService doesn't start
05-27 18:18:23.228  1008 30857 D [OMXB]  : usingANWBuffer: handle:0xee741c40, format:1, w:1920, h:1080
05-27 18:18:23.230   299 30844 D EvsDriver: forwardFrame
05-27 18:18:23.232   581   581 I SpiService: fgesysctrl_getGPIO_status success val=1
05-27 18:18:23.233 13549 13801 I ADAYO_LOG_: call(KernelFunc.java:312)currentWatchKernelFilePath = /mnt/log_data/AndroidLog/kernel/default-1.txt
05-27 18:18:23.233   299 30844 D EvsDriver: Delivered 0xb400007b7ca56900 as id 0
05-27 18:18:23.234  1167  1167 D evsmanagerd: /dev/video6 forwarded the buffer #0 to 0xb4000074bf5f5510 from 0xb4000074bf5f6d90
05-27 18:18:23.229 13549 13549 I auditd  : type=1400 audit(0.0:44387): avc: denied { search } for comm="CACHEABLE" name="/" dev="vda93" ino=2 scontext=u:r:system_app:s0 tcontext=u:object_r:log_data_file:s0 tclass=dir permissive=1
05-27 18:18:23.229 13549 13549 I CACHEABLE: type=1400 audit(0.0:44387): avc: denied { search } for name="/" dev="vda93" ino=2 scontext=u:r:system_app:s0 tcontext=u:object_r:log_data_file:s0 tclass=dir permissive=1
05-27 18:18:23.229 13549 13549 I auditd  : type=1400 audit(0.0:44388): avc: denied { getattr } for comm="CACHEABLE" path="/mnt/log_data/AndroidLog/kernel/default-1.txt" dev="vda93" ino=180272 scontext=u:r:system_app:s0 tcontext=u:object_r:log_data_file:s0 tclass=file permissive=1
05-27 18:18:23.229 13549 13549 I CACHEABLE: type=1400 audit(0.0:44388): avc: denied { getattr } for path="/mnt/log_data/AndroidLog/kernel/default-1.txt" dev="vda93" ino=180272 scontext=u:r:system_app:s0 tcontext=u:object_r:log_data_file:s0 tclass=file permissive=1
05-27 18:18:23.235   536   536 D commservice260303: msg.id = 1028,0
05-27 18:18:23.235   536   536 D commservice260303: i = 170, msgid = 8A000404
05-27 18:18:23.235   536   536 D commservice260303: msgid = -1979710460,did=138
05-27 18:18:23.235   536   536 D commservice260303: CommProtocolLibCmdBaseI2C::dataproc {"command":{"id":"imu_status","sub":""},"content":{"TimeStamp":8,"FrameCounter":207673,"GD_X":-0.011682018637657166,"GD_Y":0.005879240110516548,"GD_Z":0.002747945487499237,"AD_X":-0.003072693943977356,"AD_Y":0.0015285552944988012,"AD_Z":-0.16704177856445312,"TempDsp":0,"Status":0,"CalibState":1,"SigAmpInvalid":0}},-1979710460
05-27 18:18:23.235   536   536 D commservice260303: send2Cluster len:315, 7B22636F6D6D616E64223A7B226964223A22696D755F737461747573222C22737562223A22227D2C22636F6E74656E74223A7B2254696D655374616D70223A382C224672616D65436F756E746572223A3230373637332C2247445F58223A2D302E3031313638323031383633373635373136362C2247445F59223A302E3030353837393234303131303531363534382C2247445F5A223A302E3030323734373934353438373439393233372C2241445F58223A2D302E3030333037323639333934333937373335362C2241445F59223A302E303031353238353535323934343938383031322C2241445F5A223A2D302E31363730343137373835363434353331322C2254656D70447370223A302C22537461747573223A302C2243616C69625374617465223A312C22536967416D70496E76616C6964223A307D7D, 138 
05-27 18:18:23.235   536   536 D commservice260303: Push Message into SendPool fn=1919419136
05-27 18:18:23.235   536   536 D commservice260303: ComProtocolLibSend2Cluster::send2ClusterRaw fn=1919419136 , len=331
05-27 18:18:23.235   536   536 D commservice260303: sendCmdToPort :331!!!
05-27 18:18:23.235   536   536 D commservice260303: send Cmd To Port ++++5AA501478A01000368726A16C4EF7B22636F6D6D616E64223A7B226964223A22696D755F737461747573222C22737562223A22227D2C22636F6E74656E74223A7B2254696D655374616D70223A382C224672616D65436F756E746572223A3230373637332C2247445F58223A2D302E3031313638323031383633373635373136362C2247445F59223A302E3030353837393234303131303531363534382C2247445F5A223A302E3030323734373934353438373439393233372C2241445F58223A2D302E3030333037323639333934333937373335362C2241445F59223A302E303031353238353535323934343938383031322C2241445F5A223A2D302E31363730343137373835363434353331322C2254656D70447370223A302C22537461747573223A302C2243616C69625374617465223A312C22536967416D70496E76616C6964223A307D7D0075
05-27 18:18:23.236   536   536 D commservice260303: bufferevent_write retrun value = 0
05-27 18:18:23.236   536   560 D commservice260303: client datas send succeed,send finish
05-27 18:18:23.236 13911 14192 D Sentinelmode_1.2.5.17_sentry: <SentryImuClusterFgeSender>imu_status sent to Linux, frame=207673, tsNs=8970473, tsMs=8, intervalMs=42, ad=(-0.003072694,0.0015285553,-0.16704178), gd=(-0.011682019,0.00587924,0.0027479455)
05-27 18:18:23.237   299  1153 D EvsDriver: doneWithFrame
05-27 18:18:23.238   581   581 I SpiService: fgesysctrl_getGPIO_status success val=1
05-27 18:18:23.239 13549 13801 I ADAYO_LOG_: call(KernelFunc.java:335)kernel fileSize:3350073,singleFileMaxSize:52428800
05-27 18:18:23.240   572   572 I Sensors : 230 AccelSensor: x:-0.167140,y:0.005490,z:-9.973500
05-27 18:18:23.242 13911 14183 I SentryImuMcuAngleSender: 179.96846rollDeg
05-27 18:18:23.243 13911 14183 I SentryImuMcuAngleSender: 1,0,0
05-27 18:18:23.243  1008 30856 D [OMXB]  : usingANWBuffer: handle:0xee7412a0, format:1, w:1920, h:1080
05-27 18:18:23.244   299 30841 D EvsDriver: forwardFrame
05-27 18:18:23.244   581   581 I SpiService: fgesysctrl_getGPIO_status success val=1
05-27 18:18:23.245   566  1171 I gps_hdbd: [gps_upgrade_thread 3506]Enter
05-27 18:18:23.245   566  1171 I gps_hdbd: [gps_upgrade_thread 3535] sys.gps.update:0 ,file:not ,upgrate_ing:0
05-27 18:18:23.246   299 30841 D EvsDriver: Delivered 0xb400007b7ca56a60 as id 0
05-27 18:18:23.246  1167  1167 D evsmanagerd: /dev/video4 forwarded the buffer #0 to 0xb4000074bf5f6850 from 0xb4000074bf5f41d0
05-27 18:18:23.250   581   581 I SpiService: fgesysctrl_getGPIO_status success val=0
05-27 18:18:23.251   299  1153 D EvsDriver: doneWithFrame
05-27 18:18:23.262 13911 14183 I SentryImuMcuAngleSender: 179.97897rollDeg
05-27 18:18:23.262 13911 14183 I SentryImuMcuAngleSender: 1,0,0
05-27 18:18:23.263   299 30844 D EvsDriver: forwardFrame
05-27 18:18:23.264   299 30844 D EvsDriver: Delivered 0xb400007b7ca56900 as id 0
05-27 18:18:23.264  1167  1167 D evsmanagerd: /dev/video6 forwarded the buffer #0 to 0xb4000074bf5f5510 from 0xb4000074bf5f6d90
05-27 18:18:23.265   581   581 I SpiService: fgesysctrl_getGPIO_status success val=1
05-27 18:18:23.266   299  1153 D EvsDriver: doneWithFrame
05-27 18:18:23.267  1008 30857 D [OMXB]  : usingANWBuffer: handle:0xee744630, format:1, w:1920, h:1080
05-27 18:18:23.268 30773 30789 I dvr_service_: Camera 1: MediaOK:134288236, frames:3070, isKeyFrame:0,pts:8970324464
05-27 18:18:23.271   581   581 I SpiService: fgesysctrl_getGPIO_status success val=1
05-27 08:09:32.235   581   581 D spi_rst_gpio_get_output: GPIO 145 value: 1
05-27 08:09:32.235   581   581 D spidev_ioctl: gpio status=1)
05-27 18:18:23.273   299 30841 D EvsDriver: forwardFrame
05-27 18:18:23.275   536   536 D commservice260303: msg.id = 1028,1
05-27 18:18:23.276   536   536 D commservice260303: i = 170, msgid = 8A000404
05-27 18:18:23.276   536   536 D commservice260303: msgid = -1979710460,did=138
05-27 18:18:23.276   536   536 D commservice260303: CommProtocolLibCmdBaseI2C::dataproc {"command":{"id":"imu_status","sub":""},"content":{"TimeStamp":8,"FrameCounter":207674,"GD_X":-0.01091896090656519,"GD_Y":0.004276141989976168,"GD_Z":0.00259606190957129,"AD_X":-0.0018625408411026,"AD_Y":9.057158604264259E-4,"AD_Z":-0.16826248168945312,"TempDsp":0,"Status":0,"CalibState":1,"SigAmpInvalid":0}},-1979710460
05-27 18:18:23.276   536   536 D commservice260303: send2Cluster len:310, 7B22636F6D6D616E64223A7B226964223A22696D755F737461747573222C22737562223A22227D2C22636F6E74656E74223A7B2254696D655374616D70223A382C224672616D65436F756E746572223A3230373637342C2247445F58223A2D302E30313039313839363039303635363531392C2247445F59223A302E3030343237363134313938393937363136382C2247445F5A223A302E30303235393630363139303935373132392C2241445F58223A2D302E303031383632353430383431313032362C2241445F59223A392E303537313538363034323634323539452D342C2241445F5A223A2D302E31363832363234383136383934353331322C2254656D70447370223A302C22537461747573223A302C2243616C69625374617465223A312C22536967416D70496E76616C6964223A307D7D, 138 
05-27 18:18:23.276   536   536 D commservice260303: Push Message into SendPool fn=1936196352
05-27 18:18:23.276   299 30841 D EvsDriver: Delivered 0xb400007b7ca56a60 as id 0
05-27 18:18:23.276   536   536 D commservice260303: ComProtocolLibSend2Cluster::send2ClusterRaw fn=1936196352 , len=326
05-27 18:18:23.276   536   536 D commservice260303: sendCmdToPort :326!!!
05-27 18:18:23.276  1167  1167 D evsmanagerd: /dev/video4 forwarded the buffer #0 to 0xb4000074bf5f6850 from 0xb4000074bf5f41d0
05-27 18:18:23.277   581   581 I SpiService: fgesysctrl_getGPIO_status success val=1
05-27 18:18:23.277   536   536 D commservice260303: send Cmd To Port ++++5AA501428A01000368736A16C4EF7B22636F6D6D616E64223A7B226964223A22696D755F737461747573222C22737562223A22227D2C22636F6E74656E74223A7B2254696D655374616D70223A382C224672616D65436F756E746572223A3230373637342C2247445F58223A2D302E30313039313839363039303635363531392C2247445F59223A302E3030343237363134313938393937363136382C2247445F5A223A302E30303235393630363139303935373132392C2241445F58223A2D302E303031383632353430383431313032362C2241445F59223A392E303537313538363034323634323539452D342C2241445F5A223A2D302E31363832363234383136383934353331322C2254656D70447370223A302C22537461747573223A302C2243616C69625374617465223A312C22536967416D70496E76616C6964223A307D7D0F3A
05-27 18:18:23.277   536   536 D commservice260303: bufferevent_write retrun value = 0
05-27 18:18:23.277   536   560 D commservice260303: client datas send succeed,send finish
05-27 18:18:23.278 13911 14192 D Sentinelmode_1.2.5.17_sentry: <SentryImuClusterFgeSender>imu_status sent to Linux, frame=207674, tsNs=8970508, tsMs=8, intervalMs=41, ad=(-0.0018625408,9.0571586E-4,-0.16826248), gd=(-0.010918961,0.004276142,0.002596062)
05-27 18:18:23.282   299  1153 D EvsDriver: doneWithFrame
05-27 18:18:23.283   581   581 I SpiService: fgesysctrl_getGPIO_status success val=1
05-27 18:18:23.283 13911 14183 I SentryImuMcuAngleSender: 179.986rollDeg
05-27 18:18:23.283 13911 14183 I SentryImuMcuAngleSender: 1,0,0
05-27 18:18:23.284  1008 30856 D [OMXB]  : usingANWBuffer: handle:0xee742270, format:1, w:1920, h:1080
05-27 08:09:32.247   581   581 D spidev_ioctl: gpio status=1)
05-27 18:18:23.289   581   581 I SpiService: fgesysctrl_getGPIO_status success val=0
05-27 08:09:32.253   581   581 D spidev_ioctl: gpio status=0)
05-27 18:18:23.298   299 30844 D EvsDriver: forwardFrame
05-27 18:18:23.300   299 30844 D EvsDriver: Delivered 0xb400007b7ca56900 as id 0
05-27 18:18:23.300  1167  1167 D evsmanagerd: /dev/video6 forwarded the buffer #0 to 0xb4000074bf5f5510 from 0xb4000074bf5f6d90
05-27 18:18:23.300 30773 30782 I dvr_service_: [myNum:1][onFrameReceived] Received Surface:1 0
05-27 18:18:23.300 30773 30782 E dvr_service_: [myNum:1] Received S**** loss
05-27 18:18:23.300   299  1153 D EvsDriver: doneWithFrame
05-27 18:18:23.301   299 30841 D EvsDriver: forwardFrame
05-27 18:18:23.302   299 30841 D EvsDriver: Delivered 0xb400007b7ca56a60 as id 0
05-27 18:18:23.302  1167  1167 D evsmanagerd: /dev/video4 forwarded the buffer #0 to 0xb4000074bf5f6850 from 0xb4000074bf5f41d0
05-27 18:18:23.302 30773 30782 I dvr_service_: [myNum:0][onFrameReceived] Received Surface:1 0
05-27 18:18:23.302 30773 30782 E dvr_service_: [myNum:0] Received S**** loss
05-27 18:18:23.302   299  1153 D EvsDriver: doneWithFrame
05-27 18:18:23.303  1008 30857 D [OMXB]  : usingANWBuffer: handle:0xee740dd0, format:1, w:1920, h:1080
05-27 18:18:23.304   581   581 I SpiService: fgesysctrl_getGPIO_status success val=1
05-27 18:18:23.304   283   307 I rvcservice: t.code = 0, t.value = 0
05-27 18:18:23.304 13911 14183 I SentryImuMcuAngleSender: 179.986rollDeg
05-27 18:18:23.304 13911 14183 I SentryImuMcuAngleSender: 1,0,0
05-27 08:09:32.268   581   581 D spidev_ioctl: gpio status=1)
05-27 18:18:23.309   581   581 I SpiService: fgesysctrl_getGPIO_status success val=1
05-27 08:09:32.274   581   581 D spidev_ioctl: gpio status=1)
05-27 18:18:23.314   581   581 I SpiService: fgesysctrl_getGPIO_status success val=1
05-27 18:18:23.315   536   536 D commservice260303: msg.id = 1028,0
05-27 18:18:23.315   536   536 D commservice260303: i = 170, msgid = 8A000404
05-27 18:18:23.315   536   536 D commservice260303: msgid = -1979710460,did=138
05-27 18:18:23.315   536   536 D commservice260303: CommProtocolLibCmdBaseI2C::dataproc {"command":{"id":"imu_status","sub":""},"content":{"TimeStamp":8,"FrameCounter":207675,"GD_X":-0.01160607673227787,"GD_Y":0.0051151420921087265,"GD_Z":0.0023671966046094894,"AD_X":-0.0055007487535476685,"AD_Y":-3.1016208231449127E-4,"AD_Z":-0.1707010269165039,"TempDsp":0,"Status":0,"CalibState":1,"SigAmpInvalid":0}},-1979710460
05-27 18:18:23.315   536   536 D commservice260303: send2Cluster len:317, 7B22636F6D6D616E64223A7B226964223A22696D755F737461747573222C22737562223A22227D2C22636F6E74656E74223A7B2254696D655374616D70223A382C224672616D65436F756E746572223A3230373637352C2247445F58223A2D302E30313136303630373637333232373738372C2247445F59223A302E303035313135313432303932313038373236352C2247445F5A223A302E303032333637313936363034363039343839342C2241445F58223A2D302E303035353030373438373533353437363638352C2241445F59223A2D332E31303136323038323331343439313237452D342C2241445F5A223A2D302E313730373031303236393136353033392C2254656D70447370223A302C22537461747573223A302C2243616C69625374617465223A312C22536967416D70496E76616C6964223A307D7D, 138 
05-27 18:18:23.315   536   536 D commservice260303: Push Message into SendPool fn=1952973568
05-27 18:18:23.315   536   536 D commservice260303: ComProtocolLibSend2Cluster::send2ClusterRaw fn=1952973568 , len=333
05-27 18:18:23.315   536   536 D commservice260303: sendCmdToPort :333!!!
05-27 18:18:23.315   536   536 D commservice260303: send Cmd To Port ++++5AA501498A01000368746A16C4EF7B22636F6D6D616E64223A7B226964223A22696D755F737461747573222C22737562223A22227D2C22636F6E74656E74223A7B2254696D655374616D70223A382C224672616D65436F756E746572223A3230373637352C2247445F58223A2D302E30313136303630373637333232373738372C2247445F59223A302E303035313135313432303932313038373236352C2247445F5A223A302E303032333637313936363034363039343839342C2241445F58223A2D302E303035353030373438373533353437363638352C2241445F59223A2D332E31303136323038323331343439313237452D342C2241445F5A223A2D302E313730373031303236393136353033392C2254656D70447370223A302C22537461747573223A302C2243616C69625374617465223A312C22536967416D70496E76616C6964223A307D7D942E
05-27 18:18:23.316   536   536 D commservice260303: bufferevent_write retrun value = 0
05-27 18:18:23.316   536   560 D commservice260303: client datas send succeed,send finish
05-27 18:18:23.316 13911 14192 D Sentinelmode_1.2.5.17_sentry: <SentryImuClusterFgeSender>imu_status sent to Linux, frame=207675, tsNs=8970562, tsMs=8, intervalMs=38, ad=(-0.0055007488,-3.1016208E-4,-0.17070103), gd=(-0.011606077,0.005115142,0.0023671966)
05-27 18:18:23.318  1008 30856 D [OMXB]  : usingANWBuffer: handle:0xee744000, format:1, w:1920, h:1080
05-27 18:18:23.319 30773 30789 I dvr_service_: Camera 0: MediaOK:134353254, frames:3080, isKeyFrame:0,pts:8970356690
05-27 18:18:23.320   581   581 I SpiService: fgesysctrl_getGPIO_status success val=1
05-27 18:18:23.325 13911 14183 I SentryImuMcuAngleSender: 179.986rollDeg
05-27 18:18:23.325 13911 14183 I SentryImuMcuAngleSender: 1,0,0
05-27 18:18:23.325   581   581 I SpiService: fgesysctrl_getGPIO_status success val=1
05-27 18:18:23.329   572   572 I Sensors : 230 GyroSensor: x:-0.010995,y:0.005879,z:0.002825
05-27 18:18:23.331   581   581 I SpiService: fgesysctrl_getGPIO_status success val=1
05-27 18:18:23.331  1008 30857 D [OMXB]  : usingANWBuffer: handle:0xee744b00, format:1, w:1920, h:1080
05-27 18:18:23.336   581   581 I SpiService: fgesysctrl_getGPIO_status success val=0
05-27 18:18:23.337   351   351 D DefaultVehicleHal: setProperty setValues start
05-27 18:18:23.337   351   351 D 2026-5-19:FakeVehicleHardware: setProperty FakeVehicleHardware  ID: 0x11500f31
05-27 18:18:23.337   351   351 D 2026-5-19:FakeVehicleHardware: setProperty id:0x11500f31,value:8970587
05-27 18:18:23.337   351   351 D DefaultVehicleHal: setProperty setValues end
05-27 18:18:23.337   351   368 D 2026-5-19:FakeVehicleHardware: setProperty FakeVehicleHardware  setValue START
05-27 18:18:23.337   351   368 D 2026-5-19:FakeVehicleHardware: setProperty FakeVehicleHardware  setValue end
05-27 18:18:23.338   299 30841 D EvsDriver: forwardFrame
05-27 18:18:23.338   299 30844 D EvsDriver: forwardFrame
05-27 18:18:23.340   299 30841 D EvsDriver: Delivered 0xb400007b7ca56a60 as id 0
05-27 18:18:23.340   299 30844 D EvsDriver: Delivered 0xb400007b7ca56900 as id 0
05-27 18:18:23.340  1167  1184 D evsmanagerd: /dev/video6 forwarded the buffer #0 to 0xb4000074bf5f5510 from 0xb4000074bf5f6d90
05-27 18:18:23.340  1167  1167 D evsmanagerd: /dev/video4 forwarded the buffer #0 to 0xb4000074bf5f6850 from 0xb4000074bf5f41d0
05-27 18:18:23.343  1044 30796 D BufferPoolAccessor2.0: bufferpool2 0xb400006f82870318 : 1(6144 size) total buffers - 1(6144 size) used buffers - 113338/113340 (recycle/alloc) - 2/113339 (fetch/transfer)
05-27 18:18:23.345   299  1153 D EvsDriver: doneWithFrame
05-27 18:18:23.347   299  1153 D EvsDriver: doneWithFrame
05-27 18:18:23.347 13911 14183 I SentryImuMcuAngleSender: 179.993rollDeg
05-27 18:18:23.347 13911 14183 I SentryImuMcuAngleSender: 1,0,0
05-27 18:18:23.352   581   581 I SpiService: fgesysctrl_getGPIO_status success val=1
05-27 18:18:23.352   481   598 I mcuc    : rev,n=1,6AA681B4B4000A8900D10104090112345608
05-27 18:18:23.353   351   373 D automotive.vehicle@2.0-adayo-datacomm-mcu: MCUDatacomm sendMessageFromVehicle prop: 0x89, areaId: 0x0, status: 0xd1, timestamp: 0x1
05-27 18:18:23.353  1121  1144 I tboxmids_ap: [2026-05-27 18:18:23.352] [MCU RX] src=MCU dst=ZMQ len=10 type=BINARY data=00 08 D1 01 04 09 01 12 34 56 
05-27 18:18:23.353   351   373 D automotive.vehicle@2.0-adayo-datacomm-mcu: MCUDatacomm 1sendMessageFromVehicle ---> type = 12 
05-27 18:18:23.353  1083  1083 I MyAppLog: [2026-05-27 18:18:23.353 I tboxap mcuCommTboxmidsRecvCb:97] [Mcu] [mcuCommTboxmidsRecvCb] recv from tboxmids, size:10
05-27 18:18:23.353  1083  1083 I MyAppLog: [2026-05-27 18:18:23.353 I tboxap mcuCommTboxmidsRecvCb:98] [Mcu] [tboxmids -> tboxap]: :00 08 D1 01 04 09 01 12 34 56
05-27 18:18:23.354  1083  1083 I MyAppLog: [2026-05-27 18:18:23.353 I tboxap mcuPtlParseData:990] [Mcu] [Mcu  Parse]: (cmd):0901 (param):0901123456
05-27 18:18:23.354  1083  1083 W MyAppLog: [2026-05-27 18:18:23.353 W tboxap mcuParamDataRevPack:918] [Mcu] mcuParamDataRevPack start pack data!!!
05-27 18:18:23.354  1083  1083 W MyAppLog: [2026-05-27 18:18:23.353 W tboxap mcuSaveQueryData:219] [Mcu] [mcuSaveQueryData] unknown query item:0x56
05-27 18:18:23.354  1083  1083 W MyAppLog: [2026-05-27 18:18:23.353 W tboxap mcuHandleQueryInd:1700] [Mcu] [mcuHandleQueryInd] unknown query item:0x56
05-27 18:18:23.354  1083  1083 W MyAppLog: [2026-05-27 18:18:23.353 W tboxap mcuHandleQueryInd:1700] [Mcu] [mcuHandleQueryInd] unknown query item:0x56
05-27 18:18:23.355  1083  1083 W MyAppLog: [2026-05-27 18:18:23.353 W tboxap mcuHandleQueryInd:1700] [Mcu] [mcuHandleQueryInd] unknown query item:0x56
05-27 18:18:23.355  1008 30856 D [OMXB]  : usingANWBuffer: handle:0xee741e50, format:1, w:1920, h:1080
05-27 18:18:23.355  1083  1083 W MyAppLog: [2026-05-27 18:18:23.353 W tboxap mcuHandleQueryInd:1700] [Mcu] [mcuHandleQueryInd] unknown query item:0x56
05-27 18:18:23.355  1083  1083 W MyAppLog: [2026-05-27 18:18:23.353 W tboxap mcuHandleQueryInd:1700] [Mcu] [mcuHandleQueryInd] unknown query item:0x56
05-27 18:18:23.355  1083  1083 W MyAppLog: [2026-05-27 18:18:23.353 W tboxap mcuHandleQueryInd:1700] [Mcu] [mcuHandleQueryInd] unknown query item:0x56
05-27 18:18:23.355  1083  1083 W MyAppLog: [2026-05-27 18:18:23.353 W tboxap mcuHandleQueryInd:1700] [Mcu] [mcuHandleQueryInd] unknown query item:0x56
05-27 18:18:23.355   536   536 D commservice260303: msg.id = 1028,0
05-27 18:18:23.355  1083  1083 W MyAppLog: [2026-05-27 18:18:23.353 W tboxap mcuHandleQueryInd:1700] [Mcu] [mcuHandleQueryInd] unknown query item:0x56
05-27 18:18:23.355   536   536 D commservice260303: i = 170, msgid = 8A000404
05-27 18:18:23.355   536   536 D commservice260303: msgid = -1979710460,did=138
05-27 18:18:23.355   536   536 D commservice260303: CommProtocolLibCmdBaseI2C::dataproc {"command":{"id":"imu_status","sub":""},"content":{"TimeStamp":8,"FrameCounter":207676,"GD_X":-0.010766036808490753,"GD_Y":0.0056498548947274685,"GD_Z":0.00259606190957129,"AD_X":-0.006093218922615051,"AD_Y":-3.039836883544922E-4,"AD_Z":-0.16704177856445312,"TempDsp":0,"Status":0,"CalibState":1,"SigAmpInvalid":0}},-1979710460
05-27 18:18:23.355  1083  1083 W MyAppLog: [2026-05-27 18:18:23.353 W tboxap mcuHandleQueryInd:1700] [Mcu] [mcuHandleQueryInd] unknown query item:0x56
05-27 18:18:23.355   536   536 D commservice260303: send2Cluster len:315, 7B22636F6D6D616E64223A7B226964223A22696D755F737461747573222C22737562223A22227D2C22636F6E74656E74223A7B2254696D655374616D70223A382C224672616D65436F756E746572223A3230373637362C2247445F58223A2D302E3031303736363033363830383439303735332C2247445F59223A302E303035363439383534383934373237343638352C2247445F5A223A302E30303235393630363139303935373132392C2241445F58223A2D302E3030363039333231383932323631353035312C2241445F59223A2D332E303339383336383833353434393232452D342C2241445F5A223A2D302E31363730343137373835363434353331322C2254656D70447370223A302C22537461747573223A302C2243616C69625374617465223A312C22536967416D70496E76616C6964223A307D7D, 138 
05-27 18:18:23.356   536   536 D commservice260303: Push Message into SendPool fn=1969750784
05-27 18:18:23.356   536   536 D commservice260303: ComProtocolLibSend2Cluster::send2ClusterRaw fn=1969750784 , len=331
05-27 18:18:23.356   536   536 D commservice260303: sendCmdToPort :331!!!
05-27 18:18:23.356  1083  1083 W MyAppLog: [2026-05-27 18:18:23.353 W tboxap mcuHandleQueryInd:1700] [Mcu] [mcuHandleQueryInd] unknown query item:0x56
05-27 18:18:23.356   536   536 D commservice260303: send Cmd To Port ++++5AA501478A01000368756A16C4EF7B22636F6D6D616E64223A7B226964223A22696D755F737461747573222C22737562223A22227D2C22636F6E74656E74223A7B2254696D655374616D70223A382C224672616D65436F756E746572223A3230373637362C2247445F58223A2D302E3031303736363033363830383439303735332C2247445F59223A302E303035363439383534383934373237343638352C2247445F5A223A302E30303235393630363139303935373132392C2241445F58223A2D302E3030363039333231383932323631353035312C2241445F59223A2D332E303339383336383833353434393232452D342C2241445F5A223A2D302E31363730343137373835363434353331322C2254656D70447370223A302C22537461747573223A302C2243616C69625374617465223A312C22536967416D70496E76616C6964223A307D7D8DBF
05-27 18:18:23.356   536   536 D commservice260303: bufferevent_write retrun value = 0
05-27 18:18:23.356  1083  1083 W MyAppLog: [2026-05-27 18:18:23.353 W tboxap mcuHandleQueryInd:1700] [Mcu] [mcuHandleQueryInd] unknown query item:0x56
05-27 18:18:23.356   536   560 D commservice260303: client datas send succeed,send finish
05-27 18:18:23.356  1083  1083 W MyAppLog: [2026-05-27 18:18:23.353 W tboxap mcuHandleQueryInd:1700] [Mcu] [mcuHandleQueryInd] unknown query item:0x56
05-27 18:18:23.356 13911 14192 D Sentinelmode_1.2.5.17_sentry: <SentryImuClusterFgeSender>imu_status sent to Linux, frame=207676, tsNs=8970598, tsMs=8, intervalMs=41, ad=(-0.006093219,-3.039837E-4,-0.16704178), gd=(-0.010766037,0.005649855,0.002596062)
05-27 18:18:23.356  1083  1083 W MyAppLog: [2026-05-27 18:18:23.353 W tboxap mcuHandleQueryInd:1700] [Mcu] [mcuHandleQueryInd] unknown query item:0x56
05-27 18:18:23.356  1083  1083 W MyAppLog: [2026-05-27 18:18:23.353 W tboxap mcuHandleQueryInd:1700] [Mcu] [mcuHandleQueryInd] unknown query item:0x56
05-27 18:18:23.356  1083  1083 W MyAppLog: [2026-05-27 18:18:23.353 W tboxap mcuHandleQueryInd:1700] [Mcu] [mcuHandleQueryInd] unknown query item:0x56
05-27 18:18:23.356  1083  1083 W MyAppLog: [2026-05-27 18:18:23.353 W tboxap mcuHandleQueryInd:1700] [Mcu] [mcuHandleQueryInd] unknown query item:0x56
05-27 18:18:23.357  1083  1083 W MyAppLog: [2026-05-27 18:18:23.353 W tboxap mcuHandleQueryInd:1700] [Mcu] [mcuHandleQueryInd] unknown query item:0x56
05-27 18:18:23.357  1083  1083 W MyAppLog: [2026-05-27 18:18:23.353 W tboxap mcuHandleQueryInd:1700] [Mcu] [mcuHandleQueryInd] unknown query item:0x56
05-27 18:18:23.357  1083  1083 W MyAppLog: [2026-05-27 18:18:23.353 W tboxap mcuHandleQueryInd:1700] [Mcu] [mcuHandleQueryInd] unknown query item:0x56
05-27 18:18:23.357  1083  1083 W MyAppLog: [2026-05-27 18:18:23.353 W tboxap mcuHandleQueryInd:1700] [Mcu] [mcuHandleQueryInd] unknown query item:0x56
05-27 18:18:23.357  1083  1083 W MyAppLog: [2026-05-27 18:18:23.353 W tboxap mcuHandleQueryInd:1700] [Mcu] [mcuHandleQueryInd] unknown query item:0x56
05-27 18:18:23.357  1083  1083 W MyAppLog: [2026-05-27 18:18:23.353 W tboxap mcuHandleQueryInd:1700] [Mcu] [mcuHandleQueryInd] unknown query item:0x56
05-27 18:18:23.358   581   581 I SpiService: fgesysctrl_getGPIO_status success val=1
05-27 18:18:23.358  1083  1083 W MyAppLog: [2026-05-27 18:18:23.353 W tboxap mcuHandleQueryInd:1700] [Mcu] [mcuHandleQueryInd] unknown query item:0x56
05-27 18:18:23.358  1083  1083 W MyAppLog: [2026-05-27 18:18:23.353 W tboxap mcuHandleQueryInd:1700] [Mcu] [mcuHandleQueryInd] unknown query item:0x56
05-27 18:18:23.358  1083  1083 W MyAppLog: [2026-05-27 18:18:23.353 W tboxap mcuHandleQueryInd:1700] [Mcu] [mcuHandleQueryInd] unknown query item:0x56
05-27 18:18:23.358  1083  1083 W MyAppLog: [2026-05-27 18:18:23.353 W tboxap mcuHandleQueryInd:1700] [Mcu] [mcuHandleQueryInd] unknown query item:0x56
05-27 18:18:23.358  1083  1083 W MyAppLog: [2026-05-27 18:18:23.353 W tboxap mcuHandleQueryInd:1700] [Mcu] [mcuHandleQueryInd] unknown query item:0x56
05-27 18:18:23.358  1083  1083 W MyAppLog: [2026-05-27 18:18:23.353 W tboxap mcuHandleQueryInd:1700] [Mcu] [mcuHandleQueryInd] unknown query item:0x56
05-27 18:18:23.358  1083  1083 W MyAppLog: [2026-05-27 18:18:23.353 W tboxap mcuHandleQueryInd:1700] [Mcu] [mcuHandleQueryInd] unknown query item:0x56
05-27 18:18:23.358  1083  1083 W MyAppLog: [2026-05-27 18:18:23.353 W tboxap mcuHandleQueryInd:1700] [Mcu] [mcuHandleQueryInd] unknown query item:0x56
05-27 18:18:23.359  1083  1083 W MyAppLog: [2026-05-27 18:18:23.353 W tboxap mcuHandleQueryInd:1700] [Mcu] [mcuHandleQueryInd] unknown query item:0x56
05-27 18:18:23.359  1083  1083 W MyAppLog: [2026-05-27 18:18:23.353 W tboxap mcuHandleQueryInd:1700] [Mcu] [mcuHandleQueryInd] unknown query item:0x56
05-27 18:18:23.359  1083  1083 W MyAppLog: [2026-05-27 18:18:23.353 W tboxap mcuHandleQueryInd:1700] [Mcu] [mcuHandleQueryInd] unknown query item:0x56
05-27 18:18:23.359  1083  1083 W MyAppLog: [2026-05-27 18:18:23.353 W tboxap mcuHandleQueryInd:1700] [Mcu] [mcuHandleQueryInd] unknown query item:0x56
05-27 18:18:23.359  1083  1083 W MyAppLog: [2026-05-27 18:18:23.353 W tboxap mcuHandleQueryInd:1700] [Mcu] [mcuHandleQueryInd] unknown query item:0x56
05-27 18:18:23.359  1083  1083 W MyAppLog: [2026-05-27 18:18:23.353 W tboxap mcuHandleQueryInd:1700] [Mcu] [mcuHandleQueryInd] unknown query item:0x56
05-27 18:18:23.359  1083  1083 W MyAppLog: [2026-05-27 18:18:23.353 W tboxap mcuHandleQueryInd:1700] [Mcu] [mcuHandleQueryInd] unknown query item:0x56
05-27 18:18:23.359  1083  1083 W MyAppLog: [2026-05-27 18:18:23.353 W tboxap mcuHandleQueryInd:1700] [Mcu] [mcuHandleQueryInd] unknown query item:0x56
05-27 18:18:23.360  1083  1083 W MyAppLog: [2026-05-27 18:18:23.353 W tboxap mcuHandleQueryInd:1700] [Mcu] [mcuHandleQueryInd] unknown query item:0x56
05-27 18:18:23.360  1083  1083 W MyAppLog: [2026-05-27 18:18:23.353 W tboxap mcuHandleQueryInd:1700] [Mcu] [mcuHandleQueryInd] unknown query item:0x56
05-27 18:18:23.360  1083  1083 W MyAppLog: [2026-05-27 18:18:23.353 W tboxap mcuHandleQueryInd:1700] [Mcu] [mcuHandleQueryInd] unknown query item:0x56
05-27 18:18:23.360  1083  1083 W MyAppLog: [2026-05-27 18:18:23.353 W tboxap mcuHandleQueryInd:1700] [Mcu] [mcuHandleQueryInd] unknown query item:0x56
05-27 18:18:23.360  1083  1083 W MyAppLog: [2026-05-27 18:18:23.353 W tboxap mcuHandleQueryInd:1700] [Mcu] [mcuHandleQueryInd] unknown query item:0x56
05-27 18:18:23.360  1083  1083 W MyAppLog: [2026-05-27 18:18:23.353 W tboxap mcuHandleQueryInd:1700] [Mcu] [mcuHandleQueryInd] unknown query item:0x56
05-27 18:18:23.360  1083  1083 W MyAppLog: [2026-05-27 18:18:23.353 W tboxap mcuHandleQueryInd:1700] [Mcu] [mcuHandleQueryInd] unknown query item:0x56
05-27 18:18:23.361  1083  1083 W MyAppLog: [2026-05-27 18:18:23.353 W tboxap mcuHandleQueryInd:1700] [Mcu] [mcuHandleQueryInd] unknown query item:0x56
05-27 08:09:32.322   581   581 D spi_rst_gpio_get_output: GPIO 145 value: 1
05-27 18:18:23.362  1083  1083 W MyAppLog: [2026-05-27 18:18:23.353 W tboxap mcuHandleQueryInd:1700] [Mcu] [mcuHandleQueryInd] unknown query item:0x56
05-27 18:18:23.362  1083  1083 W MyAppLog: [2026-05-27 18:18:23.353 W tboxap mcuHandleQueryInd:1700] [Mcu] [mcuHandleQueryInd] unknown query item:0x56
05-27 18:18:23.362  1083  1083 W MyAppLog: [2026-05-27 18:18:23.353 W tboxap mcuHandleQueryInd:1700] [Mcu] [mcuHandleQueryInd] unknown query item:0x56
05-27 18:18:23.362  1083  1083 W MyAppLog: [2026-05-27 18:18:23.354 W tboxap mcuHandleQueryInd:1700] [Mcu] [mcuHandleQueryInd] unknown query item:0x56
05-27 18:18:23.362  1083  1083 W MyAppLog: [2026-05-27 18:18:23.354 W tboxap mcuHandleQueryInd:1700] [Mcu] [mcuHandleQueryInd] unknown query item:0x56
05-27 18:18:23.362  1083  1083 W MyAppLog: [2026-05-27 18:18:23.354 W tboxap mcuHandleQueryInd:1700] [Mcu] [mcuHandleQueryInd] unknown query item:0x56
05-27 18:18:23.364   581   581 I SpiService: fgesysctrl_getGPIO_status success val=1
05-27 18:18:23.368 13911 14183 I SentryImuMcuAngleSender: 179.97897rollDeg
05-27 18:18:23.368 13911 14183 I SentryImuMcuAngleSender: 1,0,0
05-27 18:18:23.368   299 30841 D EvsDriver: forwardFrame
05-27 18:18:23.369   299 30844 D EvsDriver: forwardFrame
05-27 18:18:23.371   581   581 I SpiService: fgesysctrl_getGPIO_status success val=0
05-27 18:18:23.371   481   597 I mcuc    : send SPI:6AA602B4B4000289000B
05-27 18:18:23.371   299 30841 D EvsDriver: Delivered 0xb400007b7ca56a60 as id 0
05-27 18:18:23.371  1167  1184 D evsmanagerd: /dev/video6 forwarded the buffer #0 to 0xb4000074bf5f5510 from 0xb4000074bf5f6d90
05-27 18:18:23.371  1167  1167 D evsmanagerd: /dev/video4 forwarded the buffer #0 to 0xb4000074bf5f6850 from 0xb4000074bf5f41d0
05-27 18:18:23.371   299 30844 D EvsDriver: Delivered 0xb400007b7ca56900 as id 0
05-27 18:18:23.374   299  1153 D EvsDriver: doneWithFrame
05-27 18:18:23.376   299  1153 D EvsDriver: doneWithFrame
05-27 18:18:23.379  1008 30857 D [OMXB]  : usingANWBuffer: handle:0xee743ea0, format:1, w:1920, h:1080
05-27 18:18:23.380   269   269 D libvintf: HalManifest::getHidlTransport(framework): Cannot find android.hardware.usb@1.0::IUsb/default
05-27 18:18:23.381   269   269 D libvintf: HalManifest::getHidlTransport(device): Cannot find android.hardware.usb@1.0::IUsb/default
05-27 18:18:23.381   269   269 I hwservicemanager: getTransport: Cannot find entry android.hardware.usb@1.0::IUsb/default in either framework or device VINTF manifest.
05-27 18:18:23.381 12348 12448 E ExtUsbManager: UsbHalController: android.hardware.usb.V1_0.IUsb getService failed!
05-27 18:18:23.381 12348 12448 E ExtUsbManager: java.util.NoSuchElementException
05-27 18:18:23.381 12348 12448 E ExtUsbManager: 	at android.os.HwBinder.getService(Native Method)
05-27 18:18:23.381 12348 12448 E ExtUsbManager: 	at android.os.HwBinder.getService(HwBinder.java:81)
05-27 18:18:23.381 12348 12448 E ExtUsbManager: 	at android.hardware.usb.V1_0.IUsb.getService(IUsb.java:74)
05-27 18:18:23.381 12348 12448 E ExtUsbManager: 	at android.hardware.usb.V1_0.IUsb.getService(IUsb.java:84)
05-27 18:18:23.381 12348 12448 E ExtUsbManager: 	at ts.car.usb.UsbHalController.createService(UsbHalController.java:37)
05-27 18:18:23.381 12348 12448 E ExtUsbManager: 	at ts.car.usb.UsbHalController.createService(UsbHalController.java:18)
05-27 18:18:23.381 12348 12448 E ExtUsbManager: 	at ts.car.usb.utils.AutoServiceConnector4Hidl.autoConnect(AutoServiceConnector4Hidl.java:47)
05-27 18:18:23.381 12348 12448 E ExtUsbManager: 	at ts.car.usb.utils.AutoServiceConnector4Hidl$$ExternalSyntheticLambda0.run(Unknown Source:2)
05-27 18:18:23.381 12348 12448 E ExtUsbManager: 	at android.os.Handler.handleCallback(Handler.java:942)
05-27 18:18:23.381 12348 12448 E ExtUsbManager: 	at android.os.Handler.dispatchMessage(Handler.java:99)
05-27 18:18:23.381 12348 12448 E ExtUsbManager: 	at android.os.Looper.loopOnce(Looper.java:201)
05-27 18:18:23.381 12348 12448 E ExtUsbManager: 	at android.os.Looper.loop(Looper.java:288)
05-27 18:18:23.381 12348 12448 E ExtUsbManager: 	at android.os.HandlerThread.run(HandlerThread.java:67)
05-27 18:18:23.382   269   269 D libvintf: HalManifest::getHidlTransport(framework): Cannot find vendor.ts.usbext@1.0::IUsbext/default
05-27 18:18:23.382   269   269 D libvintf: HalManifest::getHidlTransport(device): Cannot find vendor.ts.usbext@1.0::IUsbext/default
05-27 18:18:23.382   269   269 I hwservicemanager: getTransport: Cannot find entry vendor.ts.usbext@1.0::IUsbext/default in either framework or device VINTF manifest.
05-27 18:18:23.383 12348 12448 E ExtUsbManager: UsbHalExtController: vendor.ts.usbext.V1_0.IUsbext getService failed!
05-27 18:18:23.383 12348 12448 E ExtUsbManager: java.util.NoSuchElementException
05-27 18:18:23.383 12348 12448 E ExtUsbManager: 	at android.os.HwBinder.getService(Native Method)
05-27 18:18:23.383 12348 12448 E ExtUsbManager: 	at android.os.HwBinder.getService(HwBinder.java:81)
05-27 18:18:23.383 12348 12448 E ExtUsbManager: 	at vendor.ts.usbext.V1_0.IUsbext.getService(IUsbext.java:74)
05-27 18:18:23.383 12348 12448 E ExtUsbManager: 	at vendor.ts.usbext.V1_0.IUsbext.getService(IUsbext.java:84)
05-27 18:18:23.383 12348 12448 E ExtUsbManager: 	at ts.car.usb.UsbHalExtController.createService(UsbHalExtController.java:37)
05-27 18:18:23.383 12348 12448 E ExtUsbManager: 	at ts.car.usb.UsbHalExtController.createService(UsbHalExtController.java:18)
05-27 18:18:23.383 12348 12448 E ExtUsbManager: 	at ts.car.usb.utils.AutoServiceConnector4Hidl.autoConnect(AutoServiceConnector4Hidl.java:47)
05-27 18:18:23.383 12348 12448 E ExtUsbManager: 	at ts.car.usb.utils.AutoServiceConnector4Hidl$$ExternalSyntheticLambda0.run(Unknown Source:2)
05-27 18:18:23.383 12348 12448 E ExtUsbManager: 	at android.os.Handler.handleCallback(Handler.java:942)
05-27 18:18:23.383 12348 12448 E ExtUsbManager: 	at android.os.Handler.dispatchMessage(Handler.java:99)
05-27 18:18:23.383 12348 12448 E ExtUsbManager: 	at android.os.Looper.loopOnce(Looper.java:201)
05-27 18:18:23.383 12348 12448 E ExtUsbManager: 	at android.os.Looper.loop(Looper.java:288)
05-27 18:18:23.383 12348 12448 E ExtUsbManager: 	at android.os.HandlerThread.run(HandlerThread.java:67)
05-27 18:18:23.384   269   269 D libvintf: HalManifest::getHidlTransport(framework): Cannot find android.hardware.usb.gadget@1.0::IUsbGadget/default
05-27 18:18:23.384   269   269 D libvintf: HalManifest::getHidlTransport(device): Cannot find android.hardware.usb.gadget@1.0::IUsbGadget/default
05-27 18:18:23.384   269   269 I hwservicemanager: getTransport: Cannot find entry android.hardware.usb.gadget@1.0::IUsbGadget/default in either framework or device VINTF manifest.
05-27 18:18:23.385 12348 12448 E ExtUsbManager: UsbGadgetController: android.hardware.usb.gadget.V1_0.IUsbGadget getService failed!
05-27 18:18:23.385 12348 12448 E ExtUsbManager: java.util.NoSuchElementException
05-27 18:18:23.385 12348 12448 E ExtUsbManager: 	at android.os.HwBinder.getService(Native Method)
05-27 18:18:23.385 12348 12448 E ExtUsbManager: 	at android.os.HwBinder.getService(HwBinder.java:81)
05-27 18:18:23.385 12348 12448 E ExtUsbManager: 	at android.hardware.usb.gadget.V1_0.IUsbGadget.getService(IUsbGadget.java:74)
05-27 18:18:23.385 12348 12448 E ExtUsbManager: 	at android.hardware.usb.gadget.V1_0.IUsbGadget.getService(IUsbGadget.java:84)
05-27 18:18:23.385 12348 12448 E ExtUsbManager: 	at ts.car.usb.UsbGadgetController.createService(UsbGadgetController.java:36)
05-27 18:18:23.385 12348 12448 E ExtUsbManager: 	at ts.car.usb.UsbGadgetController.createService(UsbGadgetController.java:17)
05-27 18:18:23.385 12348 12448 E ExtUsbManager: 	at ts.car.usb.utils.AutoServiceConnector4Hidl.autoConnect(AutoServiceConnector4Hidl.java:47)
05-27 18:18:23.385 12348 12448 E ExtUsbManager: 	at ts.car.usb.utils.AutoServiceConnector4Hidl$$ExternalSyntheticLambda0.run(Unknown Source:2)
05-27 18:18:23.385 12348 12448 E ExtUsbManager: 	at android.os.Handler.handleCallback(Handler.java:942)
05-27 18:18:23.385 12348 12448 E ExtUsbManager: 	at android.os.Handler.dispatchMessage(Handler.java:99)
05-27 18:18:23.385 12348 12448 E ExtUsbManager: 	at android.os.Looper.loopOnce(Looper.java:201)
05-27 18:18:23.385 12348 12448 E ExtUsbManager: 	at android.os.Looper.loop(Looper.java:288)
05-27 18:18:23.385 12348 12448 E ExtUsbManager: 	at android.os.HandlerThread.run(HandlerThread.java:67)
05-27 18:18:23.386   481   598 I mcuc    : rev,n=1,6AA681B4B5006B8900700600030A4000003419400000000040000005354000000000400059231C400000400000000000000000000000000000000000010000000000000000000000000000000000000000000000000000000000000000000000000000000000000000000000000000000000BF
05-27 18:18:23.386   351   373 D automotive.vehicle@2.0-adayo-datacomm-mcu: MCUDatacomm sendMessageFromVehicle prop: 0x89, areaId: 0x0, status: 0x70, timestamp: 0x6
05-27 18:18:23.386   351   373 D automotive.vehicle@2.0-adayo-datacomm-mcu: MCUDatacomm 1sendMessageFromVehicle ---> type = 3 
05-27 18:18:23.386   351   373 D automotive.vehicle@2.0-adayo-func-bcm: sendMessageFromVehicle sendMessageFromVehicle
05-27 18:18:23.387   351   516 D automotive.vehicle@2.0-adayo-func-bcm: jjfan1 ______procotolSize :38
05-27 18:18:23.387   351   516 D automotive.vehicle@2.0-adayo-func-bcm: BCMFunc sendMessageFromVehicle_l dataType: 12,mByte=7,propid=0x2140006b
05-27 18:18:23.387   351   516 D automotive.vehicle@2.0-adayo-func-bcm: BCMFunc sendMessageFromVehicle_l msgBuff[7]=0x40,start:0,len:6,temp:6,
05-27 18:18:23.387   351   516 D automotive.vehicle@2.0-adayo-func-bcm: BCMFunc sendMessageFromVehicle_l prop: 0x2140006b ,areaId: 0x0  SPLITE_BIT_DATA_INTEGER : 0
05-27 18:18:23.387   351   516 D automotive.vehicle@2.0-adayo-func-bcm: BCMFunc sendMessageFromVehicle_l id:557842539, area:0 not report! 
05-27 18:18:23.387   351   516 D automotive.vehicle@2.0-adayo-func-bcm: BCMFunc sendMessageFromVehicle_l dataType: 12,mByte=7,propid=0x2140006c
05-27 18:18:23.387   351   516 D automotive.vehicle@2.0-adayo-func-bcm: BCMFunc sendMessageFromVehicle_l msgBuff[7]=0x40,start:6,len:2,temp:2,
05-27 18:18:23.387   351   516 D automotive.vehicle@2.0-adayo-func-bcm: BCMFunc sendMessageFromVehicle_l prop: 0x2140006c ,areaId: 0x0  SPLITE_BIT_DATA_INTEGER : 1
05-27 18:18:23.387   351   516 D automotive.vehicle@2.0-adayo-func-bcm: BCMFunc sendMessageFromVehicle_l id:557842540, area:0 not report! 
05-27 18:18:23.387   351   516 D automotive.vehicle@2.0-adayo-func-bcm: BCMFunc sendMessageFromVehicle_l dataType: 12,mByte=11,propid=0x2140004a
05-27 18:18:23.387 30773 30785 I dvr_service_: [EncoderHandler::runMediaThread] runMediaThread started:1,state:1, cam2:started:1,state:1, lastSwitch:1, mIsMuxerStart:1,format:0,is_str_ing:0
05-27 18:18:23.387   351   516 D automotive.vehicle@2.0-adayo-func-bcm: BCMFunc sendMessageFromVehicle_l msgBuff[11]=0x19,start:0,len:32,temp:8,
05-27 18:18:23.387   351   516 D automotive.vehicle@2.0-adayo-func-bcm: BCMFunc sendMessageFromVehicle_l msgBuff[10]=0x34,start:0,len:24,temp:8,
05-27 18:18:23.387   351   516 D automotive.vehicle@2.0-adayo-func-bcm: BCMFunc sendMessageFromVehicle_l msgBuff[9]=0x0,start:0,len:16,temp:8,
05-27 18:18:23.387   351   516 D automotive.vehicle@2.0-adayo-func-bcm: BCMFunc sendMessageFromVehicle_l msgBuff[8]=0x0,start:0,len:8,temp:8,
05-27 18:18:23.387   351   516 D automotive.vehicle@2.0-adayo-func-bcm: BCMFunc sendMessageFromVehicle_l prop: 0x2140004a ,areaId: 0x0  SPLITE_BIT_DATA_INTEGER : 13337
05-27 18:18:23.387   351   516 D automotive.vehicle@2.0-adayo-func-bcm: BCMFunc sendMessageFromVehicle_l id:557842506, area:0 not report! 
05-27 18:18:23.387   351   516 D automotive.vehicle@2.0-adayo-func-bcm: BCMFunc sendMessageFromVehicle_l dataType: 12,mByte=12,propid=0x2140006d
05-27 18:18:23.387   351   516 D automotive.vehicle@2.0-adayo-func-bcm: BCMFunc sendMessageFromVehicle_l msgBuff[12]=0x40,start:0,len:6,temp:6,
05-27 18:18:23.387   351   516 D automotive.vehicle@2.0-adayo-func-bcm: BCMFunc sendMessageFromVehicle_l prop: 0x2140006d ,areaId: 0x0  SPLITE_BIT_DATA_INTEGER : 0
05-27 18:18:23.387   351   516 D automotive.vehicle@2.0-adayo-func-bcm: BCMFunc sendMessageFromVehicle_l id:557842541, area:0 not report! 
05-27 18:18:23.387   351   516 D automotive.vehicle@2.0-adayo-func-bcm: BCMFunc sendMessageFromVehicle_l dataType: 12,mByte=12,propid=0x2140006e
05-27 18:18:23.387   351   516 D automotive.vehicle@2.0-adayo-func-bcm: BCMFunc sendMessageFromVehicle_l msgBuff[12]=0x40,start:6,len:2,temp:2,
05-27 18:18:23.387   351   516 D automotive.vehicle@2.0-adayo-func-bcm: BCMFunc sendMessageFromVehicle_l prop: 0x2140006e ,areaId: 0x0  SPLITE_BIT_DATA_INTEGER : 1
05-27 18:18:23.387   581   581 I SpiService: fgesysctrl_getGPIO_status success val=1
05-27 18:18:23.387   351   516 D automotive.vehicle@2.0-adayo-func-bcm: BCMFunc sendMessageFromVehicle_l id:557842542, area:0 not report! 
05-27 18:18:23.387   351   516 D automotive.vehicle@2.0-adayo-func-bcm: BCMFunc sendMessageFromVehicle_l dataType: 12,mByte=16,propid=0x21600040
05-27 18:18:23.387   351   516 D automotive.vehicle@2.0-adayo-func-bcm: BCMFunc sendMessageFromVehicle_l msgBuff[16]=0x0,start:0,len:32,temp:8,
05-27 18:18:23.387   351   516 D automotive.vehicle@2.0-adayo-func-bcm: BCMFunc sendMessageFromVehicle_l msgBuff[15]=0x0,start:0,len:24,temp:8,
05-27 18:18:23.387   351   516 D automotive.vehicle@2.0-adayo-func-bcm: BCMFunc sendMessageFromVehicle_l msgBuff[14]=0x0,start:0,len:16,temp:8,
05-27 18:18:23.388   351   516 D automotive.vehicle@2.0-adayo-func-bcm: BCMFunc sendMessageFromVehicle_l msgBuff[13]=0x0,start:0,len:8,temp:8,
05-27 18:18:23.388   351   516 D automotive.vehicle@2.0-adayo-func-bcm: BCMFunc sendMessageFromVehicle_l prop: 0x21600040 , SPLITE_BIT_DATA_INTEGER1 data:0
05-27 18:18:23.388   351   516 D automotive.vehicle@2.0-adayo-func-bcm: BCMFunc sendMessageFromVehicle_l prop: 0x21600040 , SPLITE_BIT_DATA_INTEGER4 procotol.calc[0]:0.100000,procotol.calc[1]:0.000000
05-27 18:18:23.388   351   516 D automotive.vehicle@2.0-adayo-func-bcm: BCMFunc sendMessageFromVehicle_l prop: 0x21600040 ,areaId: 0x0  SPLITE_BIT_DATA_INTEGER : 0.000000,calc[0]:0.100000,calc[1]:0.000000
05-27 18:18:23.388   351   516 D automotive.vehicle@2.0-adayo-func-bcm: BCMFunc sendMessageFromVehicle_l id:559939648, area:0 not report! 
05-27 18:18:23.388   351   516 D automotive.vehicle@2.0-adayo-func-bcm: BCMFunc sendMessageFromVehicle_l dataType: 12,mByte=17,propid=0x2140006f
05-27 18:18:23.388   351   516 D automotive.vehicle@2.0-adayo-func-bcm: BCMFunc sendMessageFromVehicle_l msgBuff[17]=0x40,start:0,len:6,temp:6,
05-27 18:18:23.388   351   516 D automotive.vehicle@2.0-adayo-func-bcm: BCMFunc sendMessageFromVehicle_l prop: 0x2140006f ,areaId: 0x0  SPLITE_BIT_DATA_INTEGER : 0
05-27 18:18:23.388   351   516 D automotive.vehicle@2.0-adayo-func-bcm: BCMFunc sendMessageFromVehicle_l id:557842543, area:0 not report! 
05-27 18:18:23.388   351   516 D automotive.vehicle@2.0-adayo-func-bcm: BCMFunc sendMessageFromVehicle_l dataType: 12,mByte=17,propid=0x21400070
05-27 18:18:23.388   351   516 D automotive.vehicle@2.0-adayo-func-bcm: BCMFunc sendMessageFromVehicle_l msgBuff[17]=0x40,start:6,len:2,temp:2,
05-27 18:18:23.388   351   516 D automotive.vehicle@2.0-adayo-func-bcm: BCMFunc sendMessageFromVehicle_l prop: 0x21400070 ,areaId: 0x0  SPLITE_BIT_DATA_INTEGER : 1
05-27 18:18:23.388   351   516 D automotive.vehicle@2.0-adayo-func-bcm: BCMFunc sendMessageFromVehicle_l id:557842544, area:0 not report! 
05-27 18:18:23.388   351   516 D automotive.vehicle@2.0-adayo-func-bcm: BCMFunc sendMessageFromVehicle_l dataType: 12,mByte=21,propid=0x2160004c
05-27 18:18:23.388   351   516 D automotive.vehicle@2.0-adayo-func-bcm: BCMFunc sendMessageFromVehicle_l msgBuff[21]=0x35,start:0,len:32,temp:8,
05-27 18:18:23.388   351   516 D automotive.vehicle@2.0-adayo-func-bcm: BCMFunc sendMessageFromVehicle_l msgBuff[20]=0x5,start:0,len:24,temp:8,
05-27 18:18:23.388   351   516 D automotive.vehicle@2.0-adayo-func-bcm: BCMFunc sendMessageFromVehicle_l msgBuff[19]=0x0,start:0,len:16,temp:8,
05-27 18:18:23.388   351   516 D automotive.vehicle@2.0-adayo-func-bcm: BCMFunc sendMessageFromVehicle_l msgBuff[18]=0x0,start:0,len:8,temp:8,
05-27 18:18:23.388   351   516 D automotive.vehicle@2.0-adayo-func-bcm: BCMFunc sendMessageFromVehicle_l prop: 0x2160004c , SPLITE_BIT_DATA_INTEGER1 data:1333
05-27 18:18:23.388   351   516 D automotive.vehicle@2.0-adayo-func-bcm: BCMFunc sendMessageFromVehicle_l prop: 0x2160004c , SPLITE_BIT_DATA_INTEGER4 procotol.calc[0]:0.100000,procotol.calc[1]:0.000000
05-27 18:18:23.388   351   516 D automotive.vehicle@2.0-adayo-func-bcm: BCMFunc sendMessageFromVehicle_l prop: 0x2160004c ,areaId: 0x0  SPLITE_BIT_DATA_INTEGER : 133.300003,calc[0]:0.100000,calc[1]:0.000000
05-27 18:18:23.388   351   516 D automotive.vehicle@2.0-adayo-func-bcm: BCMFunc sendMessageFromVehicle_l id:559939660, area:0 not report! 
05-27 18:18:23.388   351   516 D automotive.vehicle@2.0-adayo-func-bcm: BCMFunc sendMessageFromVehicle_l dataType: 12,mByte=22,propid=0x21400071
05-27 18:18:23.388   351   516 D automotive.vehicle@2.0-adayo-func-bcm: BCMFunc sendMessageFromVehicle_l msgBuff[22]=0x40,start:0,len:6,temp:6,
05-27 18:18:23.388   351   516 D automotive.vehicle@2.0-adayo-func-bcm: BCMFunc sendMessageFromVehicle_l prop: 0x21400071 ,areaId: 0x0  SPLITE_BIT_DATA_INTEGER : 0
05-27 18:18:23.388   351   516 D automotive.vehicle@2.0-adayo-func-bcm: BCMFunc sendMessageFromVehicle_l id:557842545, area:0 not report! 
05-27 18:18:23.388   351   516 D automotive.vehicle@2.0-adayo-func-bcm: BCMFunc sendMessageFromVehicle_l dataType: 12,mByte=22,propid=0x21400072
05-27 18:18:23.388   351   516 D automotive.vehicle@2.0-adayo-func-bcm: BCMFunc sendMessageFromVehicle_l msgBuff[22]=0x40,start:6,len:2,temp:2,
05-27 18:18:23.388   351   516 D automotive.vehicle@2.0-adayo-func-bcm: BCMFunc sendMessageFromVehicle_l prop: 0x21400072 ,areaId: 0x0  SPLITE_BIT_DATA_INTEGER : 1
05-27 18:18:23.388   351   516 D automotive.vehicle@2.0-adayo-func-bcm: BCMFunc sendMessageFromVehicle_l id:557842546, area:0 not report! 
05-27 18:18:23.388   351   516 D automotive.vehicle@2.0-adayo-func-bcm: BCMFunc sendMessageFromVehicle_l dataType: 12,mByte=24,propid=0x21400050
05-27 18:18:23.388   351   516 D automotive.vehicle@2.0-adayo-func-bcm: BCMFunc sendMessageFromVehicle_l msgBuff[24]=0x0,start:0,len:16,temp:8,
05-27 18:18:23.388   351   516 D automotive.vehicle@2.0-adayo-func-bcm: BCMFunc sendMessageFromVehicle_l msgBuff[23]=0x0,start:0,len:8,temp:8,
05-27 18:18:23.388   351   516 D automotive.vehicle@2.0-adayo-func-bcm: BCMFunc sendMessageFromVehicle_l prop: 0x21400050 ,areaId: 0x0  SPLITE_BIT_DATA_INTEGER : 0
05-27 18:18:23.389   351   516 D automotive.vehicle@2.0-adayo-func-bcm: BCMFunc sendMessageFromVehicle_l id:557842512, area:0 not report! 
05-27 08:09:32.352   581   581 D spidev_ioctl: gpio status=1)
05-27 18:18:23.389   351   516 D automotive.vehicle@2.0-adayo-func-bcm: BCMFunc sendMessageFromVehicle_l dataType: 12,mByte=25,propid=0x21400051
05-27 18:18:23.389   351   516 D automotive.vehicle@2.0-adayo-func-bcm: BCMFunc sendMessageFromVehicle_l msgBuff[25]=0x0,start:0,len:8,temp:8,
05-27 18:18:23.389   351   516 D automotive.vehicle@2.0-adayo-func-bcm: BCMFunc sendMessageFromVehicle_l prop: 0x21400051 ,areaId: 0x0  SPLITE_BIT_DATA_INTEGER : 0
05-27 18:18:23.389   351   516 D automotive.vehicle@2.0-adayo-func-bcm: BCMFunc sendMessageFromVehicle_l id:557842513, area:0 not report! 
05-27 18:18:23.389   351   516 D automotive.vehicle@2.0-adayo-func-bcm: BCMFunc sendMessageFromVehicle_l dataType: 12,mByte=26,propid=0x21400052
05-27 18:18:23.389   351   516 D automotive.vehicle@2.0-adayo-func-bcm: BCMFunc sendMessageFromVehicle_l msgBuff[26]=0x0,start:0,len:8,temp:8,
05-27 18:18:23.389   351   516 D automotive.vehicle@2.0-adayo-func-bcm: BCMFunc sendMessageFromVehicle_l prop: 0x21400052 ,areaId: 0x0  SPLITE_BIT_DATA_INTEGER : 0
05-27 18:18:23.389   351   516 D automotive.vehicle@2.0-adayo-func-bcm: BCMFunc sendMessageFromVehicle_l id:557842514, area:0 not report! 
05-27 18:18:23.389   351   516 D automotive.vehicle@2.0-adayo-func-bcm: BCMFunc sendMessageFromVehicle_l dataType: 12,mByte=27,propid=0x21400073
05-27 18:18:23.389   351   516 D automotive.vehicle@2.0-adayo-func-bcm: BCMFunc sendMessageFromVehicle_l msgBuff[27]=0x40,start:0,len:6,temp:6,
05-27 18:18:23.389   351   516 D automotive.vehicle@2.0-adayo-func-bcm: BCMFunc sendMessageFromVehicle_l prop: 0x21400073 ,areaId: 0x0  SPLITE_BIT_DATA_INTEGER : 0
05-27 18:18:23.389   351   516 D automotive.vehicle@2.0-adayo-func-bcm: BCMFunc sendMessageFromVehicle_l id:557842547, area:0 not report! 
05-27 18:18:23.389   351   516 D automotive.vehicle@2.0-adayo-func-bcm: BCMFunc sendMessageFromVehicle_l dataType: 12,mByte=27,propid=0x21400074
05-27 18:18:23.389   351   516 D automotive.vehicle@2.0-adayo-func-bcm: BCMFunc sendMessageFromVehicle_l msgBuff[27]=0x40,start:6,len:2,temp:2,
05-27 18:18:23.389   351   516 D automotive.vehicle@2.0-adayo-func-bcm: BCMFunc sendMessageFromVehicle_l prop: 0x21400074 ,areaId: 0x0  SPLITE_BIT_DATA_INTEGER : 1
