05-27 18:18:19.662   536   536 D commservice260303: send Cmd To Port ++++5AA5014A8A01000368196A16C4EB7B22636F6D6D616E64223A7B226964223A22696D755F737461747573222C22737562223A22227D2C22636F6E74656E74223A7B2254696D655374616D70223A382C224672616D65436F756E746572223A3230373538352C2247445F58223A2D302E3031323239333139333438393331333132362C2247445F59223A302E3030343335323038333839353335353436332C2247445F5A223A302E303032303630383238393633323934363235332C2241445F58223A2D302E303032363437393231343432393835353334372C2241445F59223A2D312E35343037363630393736303532323834452D342C2241445F5A223A2D302E31363538323130373534333934353331322C2254656D70447370223A302C22537461747573223A302C2243616C69625374617465223A312C22536967416D70496E76616C6964223A307D7D7022
05-27 18:18:19.662   536   536 D commservice260303: bufferevent_write retrun value = 0
05-27 18:18:19.662   536   560 D commservice260303: client datas send succeed,send finish
05-27 18:18:19.662 13911 14192 D Sentinelmode_1.2.5.17_sentry: <SentryImuClusterFgeSender>imu_status sent to Linux, frame=207585, tsNs=8966907, tsMs=8, intervalMs=41, ad=(-0.0026479214,-1.5407661E-4,-0.16582108), gd=(-0.0122931935,0.004352084,0.002060829)
05-27 18:18:19.665   299 30844 D EvsDriver: forwardFrame
05-27 18:18:19.665  1008 30857 D [OMXB]  : usingANWBuffer: handle:0xee741c40, format:1, w:1920, h:1080
05-27 18:18:19.666   581   581 I SpiService: fgesysctrl_getGPIO_status success val=1
05-27 18:18:19.666   299 30844 D EvsDriver: Delivered 0xb400007b7ca56900 as id 0
05-27 18:18:19.666  1167  1167 D evsmanagerd: /dev/video6 forwarded the buffer #0 to 0xb4000074bf5f5510 from 0xb4000074bf5f6d90
05-27 18:18:19.667 30773 30789 I dvr_service_: Camera 1: MediaOK:130428400, frames:2980, isKeyFrame:0,pts:8966464628
05-27 18:18:19.671   299  1153 D EvsDriver: doneWithFrame
05-27 18:18:19.672   581   581 I SpiService: fgesysctrl_getGPIO_status success val=1
05-27 18:18:19.673   299 30841 D EvsDriver: forwardFrame
05-27 18:18:19.674   299 30841 D EvsDriver: Delivered 0xb400007b7ca56a60 as id 0
05-27 18:18:19.675  1167  1167 D evsmanagerd: /dev/video4 forwarded the buffer #0 to 0xb4000074bf5f6850 from 0xb4000074bf5f41d0
05-27 18:18:19.678   581   581 I SpiService: fgesysctrl_getGPIO_status success val=1
05-27 18:18:19.678 13911 14183 I SentryImuMcuAngleSender: 179.98598rollDeg
05-27 18:18:19.678 13911 14183 I SentryImuMcuAngleSender: 1,0,0
05-27 18:18:19.678   299  1153 D EvsDriver: doneWithFrame
05-27 18:18:19.683   581   581 I SpiService: fgesysctrl_getGPIO_status success val=1
05-27 18:18:19.686  1008 30856 D [OMXB]  : usingANWBuffer: handle:0xee7442c0, format:1, w:1920, h:1080
05-27 18:18:19.688 30773 30789 I dvr_service_: Camera 0: MediaOK:130525667, frames:2990, isKeyFrame:0,pts:8966529103
05-27 18:18:19.689   581   581 I SpiService: fgesysctrl_getGPIO_status success val=0
05-27 18:18:19.695   299 30844 D EvsDriver: forwardFrame
05-27 18:18:19.696   283   307 I rvcservice: t.code = 4, t.value = 0
05-27 18:18:19.697   299 30844 D EvsDriver: Delivered 0xb400007b7ca56900 as id 0
05-27 18:18:19.697  1167  1167 D evsmanagerd: /dev/video6 forwarded the buffer #0 to 0xb4000074bf5f5510 from 0xb4000074bf5f6d90
05-27 18:18:19.699 13911 14183 I SentryImuMcuAngleSender: 179.98248rollDeg
05-27 18:18:19.699   299 30841 D EvsDriver: forwardFrame
05-27 18:18:19.699 13911 14183 I SentryImuMcuAngleSender: 1,0,0
05-27 18:18:19.700   299  1153 D EvsDriver: doneWithFrame
05-27 18:18:19.701   299 30841 D EvsDriver: Delivered 0xb400007b7ca56a60 as id 0
05-27 18:18:19.701  1167  1167 D evsmanagerd: /dev/video4 forwarded the buffer #0 to 0xb4000074bf5f6850 from 0xb4000074bf5f41d0
05-27 18:18:19.702   536   536 D commservice260303: msg.id = 1028,0
05-27 18:18:19.703   536   536 D commservice260303: i = 170, msgid = 8A000404
05-27 18:18:19.703   536   536 D commservice260303: msgid = -1979710460,did=138
05-27 18:18:19.703   536   536 D commservice260303: CommProtocolLibCmdBaseI2C::dataproc {"command":{"id":"imu_status","sub":""},"content":{"TimeStamp":8,"FrameCounter":207586,"GD_X":-0.010994902811944485,"GD_Y":0.004963258747011423,"GD_Z":0.002519079949706793,"AD_X":-0.0020400434732437134,"AD_Y":4.5547098852694035E-4,"AD_Z":-0.16704177856445312,"TempDsp":0,"Status":0,"CalibState":1,"SigAmpInvalid":0}},-1979710460
05-27 18:18:19.703   536   536 D commservice260303: send2Cluster len:316, 7B22636F6D6D616E64223A7B226964223A22696D755F737461747573222C22737562223A22227D2C22636F6E74656E74223A7B2254696D655374616D70223A382C224672616D65436F756E746572223A3230373538362C2247445F58223A2D302E3031303939343930323831313934343438352C2247445F59223A302E3030343936333235383734373031313432332C2247445F5A223A302E3030323531393037393934393730363739332C2241445F58223A2D302E303032303430303433343733323433373133342C2241445F59223A342E35353437303938383532363934303335452D342C2241445F5A223A2D302E31363730343137373835363434353331322C2254656D70447370223A302C22537461747573223A302C2243616C69625374617465223A312C22536967416D70496E76616C6964223A307D7D, 138 
05-27 18:18:19.703   536   536 D commservice260303: Push Message into SendPool fn=443024128
05-27 18:18:19.703   536   536 D commservice260303: ComProtocolLibSend2Cluster::send2ClusterRaw fn=443024128 , len=332
05-27 18:18:19.703   536   536 D commservice260303: sendCmdToPort :332!!!
05-27 18:18:19.703   536   536 D commservice260303: send Cmd To Port ++++5AA501488A010003681A6A16C4EB7B22636F6D6D616E64223A7B226964223A22696D755F737461747573222C22737562223A22227D2C22636F6E74656E74223A7B2254696D655374616D70223A382C224672616D65436F756E746572223A3230373538362C2247445F58223A2D302E3031303939343930323831313934343438352C2247445F59223A302E3030343936333235383734373031313432332C2247445F5A223A302E3030323531393037393934393730363739332C2241445F58223A2D302E303032303430303433343733323433373133342C2241445F59223A342E35353437303938383532363934303335452D342C2241445F5A223A2D302E31363730343137373835363434353331322C2254656D70447370223A302C22537461747573223A302C2243616C69625374617465223A312C22536967416D70496E76616C6964223A307D7D7CC1
05-27 18:18:19.703   536   536 D commservice260303: bufferevent_write retrun value = 0
05-27 18:18:19.703   536   560 D commservice260303: client datas send succeed,send finish
05-27 18:18:19.703 13911 14192 D Sentinelmode_1.2.5.17_sentry: <SentryImuClusterFgeSender>imu_status sent to Linux, frame=207586, tsNs=8966943, tsMs=8, intervalMs=41, ad=(-0.0020400435,4.55471E-4,-0.16704178), gd=(-0.010994903,0.0049632587,0.00251908)
05-27 18:18:19.704   581   581 I SpiService: fgesysctrl_getGPIO_status success val=1
05-27 18:18:19.704   299  1153 D EvsDriver: doneWithFrame
05-27 18:18:19.709   581   581 I SpiService: fgesysctrl_getGPIO_status success val=1
05-27 18:18:19.710   572   622 I Sensors : 230 AccelSensor: x:-0.167140,y:0.002440,z:-9.973500
05-27 18:18:19.713  1008 30857 D [OMXB]  : usingANWBuffer: handle:0xee742b60, format:1, w:1920, h:1080
05-27 18:18:19.715   581   581 I SpiService: fgesysctrl_getGPIO_status success val=1
05-27 18:18:19.720 13911 14183 I SentryImuMcuAngleSender: 179.98598rollDeg
05-27 18:18:19.720 13911 14183 I SentryImuMcuAngleSender: 1,0,0
05-27 18:18:19.720   581   581 I SpiService: fgesysctrl_getGPIO_status success val=1
05-27 18:18:19.726   581   581 I SpiService: fgesysctrl_getGPIO_status success val=1
05-27 18:18:19.730  1008 30856 D [OMXB]  : usingANWBuffer: handle:0xee746aa0, format:1, w:1920, h:1080
05-27 18:18:19.731   581   581 I SpiService: fgesysctrl_getGPIO_status success val=1
05-27 18:18:19.732   299 30841 D EvsDriver: forwardFrame
05-27 18:18:19.734   299 30841 D EvsDriver: Delivered 0xb400007b7ca56a60 as id 0
05-27 18:18:19.734  1167  1167 D evsmanagerd: /dev/video4 forwarded the buffer #0 to 0xb4000074bf5f6850 from 0xb4000074bf5f41d0
05-27 18:18:19.734   299 30844 D EvsDriver: forwardFrame
05-27 18:18:19.737  1167  1167 D evsmanagerd: /dev/video6 forwarded the buffer #0 to 0xb4000074bf5f5510 from 0xb4000074bf5f6d90
05-27 18:18:19.737   299  1153 D EvsDriver: doneWithFrame
05-27 18:18:19.737   299 30844 D EvsDriver: Delivered 0xb400007b7ca56900 as id 0
05-27 18:18:19.737   581   581 I SpiService: fgesysctrl_getGPIO_status success val=0
05-27 18:18:19.741   299  1153 D EvsDriver: doneWithFrame
05-27 18:18:19.741 13911 14183 I SentryImuMcuAngleSender: 180.0rollDeg
05-27 18:18:19.741 13911 14183 I SentryImuMcuAngleSender: 1,0,0
05-27 18:18:19.745   536   536 D commservice260303: msg.id = 1028,1
05-27 18:18:19.745   536   536 D commservice260303: i = 170, msgid = 8A000404
05-27 18:18:19.745   536   536 D commservice260303: msgid = -1979710460,did=138
05-27 18:18:19.745   536   536 D commservice260303: CommProtocolLibCmdBaseI2C::dataproc {"command":{"id":"imu_status","sub":""},"content":{"TimeStamp":8,"FrameCounter":207587,"GD_X":-0.011759000830352306,"GD_Y":0.005268065724521875,"GD_Z":0.0019848872907459736,"AD_X":3.827810287475586E-4,"AD_Y":-0.0025855153799057007,"AD_Z":-0.17069625854492188,"TempDsp":0,"Status":0,"CalibState":1,"SigAmpInvalid":0}},-1979710460
05-27 18:18:19.746   536   536 D commservice260303: send2Cluster len:316, 7B22636F6D6D616E64223A7B226964223A22696D755F737461747573222C22737562223A22227D2C22636F6E74656E74223A7B2254696D655374616D70223A382C224672616D65436F756E746572223A3230373538372C2247445F58223A2D302E3031313735393030303833303335323330362C2247445F59223A302E3030353236383036353732343532313837352C2247445F5A223A302E303031393834383837323930373435393733362C2241445F58223A332E383237383130323837343735353836452D342C2241445F59223A2D302E303032353835353135333739393035373030372C2241445F5A223A2D302E31373036393632353835343439323138382C2254656D70447370223A302C22537461747573223A302C2243616C69625374617465223A312C22536967416D70496E76616C6964223A307D7D, 138 
05-27 18:18:19.746   536   536 D commservice260303: Push Message into SendPool fn=459801344
05-27 18:18:19.746   536   536 D commservice260303: ComProtocolLibSend2Cluster::send2ClusterRaw fn=459801344 , len=332
05-27 18:18:19.746   536   536 D commservice260303: sendCmdToPort :332!!!
05-27 18:18:19.746   536   536 D commservice260303: send Cmd To Port ++++5AA501488A010003681B6A16C4EB7B22636F6D6D616E64223A7B226964223A22696D755F737461747573222C22737562223A22227D2C22636F6E74656E74223A7B2254696D655374616D70223A382C224672616D65436F756E746572223A3230373538372C2247445F58223A2D302E3031313735393030303833303335323330362C2247445F59223A302E3030353236383036353732343532313837352C2247445F5A223A302E303031393834383837323930373435393733362C2241445F58223A332E383237383130323837343735353836452D342C2241445F59223A2D302E303032353835353135333739393035373030372C2241445F5A223A2D302E31373036393632353835343439323138382C2254656D70447370223A302C22537461747573223A302C2243616C69625374617465223A312C22536967416D70496E76616C6964223A307D7DD6C3
05-27 18:18:19.746   536   536 D commservice260303: bufferevent_write retrun value = 0
05-27 18:18:19.746   536   560 D commservice260303: client datas send succeed,send finish
05-27 18:18:19.746 13911 14192 D Sentinelmode_1.2.5.17_sentry: <SentryImuClusterFgeSender>imu_status sent to Linux, frame=207587, tsNs=8966978, tsMs=8, intervalMs=43, ad=(3.8278103E-4,-0.0025855154,-0.17069626), gd=(-0.011759001,0.0052680657,0.0019848873)
05-27 18:18:19.752   581   581 I SpiService: fgesysctrl_getGPIO_status success val=1
05-27 18:18:19.754  1008 30857 D [OMXB]  : usingANWBuffer: handle:0xee7433a0, format:1, w:1920, h:1080
05-27 18:18:19.758   581   581 I SpiService: fgesysctrl_getGPIO_status success val=1
05-27 18:18:19.761 13911 14183 I SentryImuMcuAngleSender: -179.993rollDeg
05-27 18:18:19.762 13911 14183 I SentryImuMcuAngleSender: 1,0,0
05-27 18:18:19.762 30773 30786 I dvr_service_: CameraX 0  audioOK: 130778118,audios:1940
05-27 18:18:19.764   581   581 I SpiService: fgesysctrl_getGPIO_status success val=1
05-27 18:18:19.765   299 30841 D EvsDriver: forwardFrame
05-27 18:18:19.766 30773 30785 I dvr_service_: [EncoderHandler::runMediaThread] runMediaThread started:1,state:1, cam2:started:1,state:1, lastSwitch:1, mIsMuxerStart:1,format:0,is_str_ing:0
05-27 18:18:19.767   299 30841 D EvsDriver: Delivered 0xb400007b7ca56a60 as id 0
05-27 18:18:19.767  1167  1167 D evsmanagerd: /dev/video4 forwarded the buffer #0 to 0xb4000074bf5f6850 from 0xb4000074bf5f41d0
05-27 18:18:19.770   581   581 I SpiService: fgesysctrl_getGPIO_status success val=1
05-27 18:18:19.770   299  1153 D EvsDriver: doneWithFrame
05-27 08:09:28.734   581   581 D spidev_ioctl: gpio status=1)
05-27 18:18:19.774   299 30844 D EvsDriver: forwardFrame
05-27 18:18:19.775   581   581 I SpiService: fgesysctrl_getGPIO_status success val=0
05-27 18:18:19.776   299 30844 D EvsDriver: Delivered 0xb400007b7ca56900 as id 0
05-27 18:18:19.776  1167  1167 D evsmanagerd: /dev/video6 forwarded the buffer #0 to 0xb4000074bf5f5510 from 0xb4000074bf5f6d90
05-27 08:09:28.740   581   581 D spidev_ioctl: gpio status=0)
05-27 18:18:19.777  1008 30856 D [OMXB]  : usingANWBuffer: handle:0xee740dd0, format:1, w:1920, h:1080
05-27 18:18:19.778   299  1153 D EvsDriver: doneWithFrame
05-27 18:18:19.781 13911 14183 I SentryImuMcuAngleSender: 179.993rollDeg
05-27 18:18:19.781 13911 14183 I SentryImuMcuAngleSender: 1,0,0
05-27 18:18:19.783   536   536 D commservice260303: msg.id = 1028,1
05-27 18:18:19.784   536   536 D commservice260303: i = 170, msgid = 8A000404
05-27 18:18:19.784   536   536 D commservice260303: msgid = -1979710460,did=138
05-27 18:18:19.784   536   536 D commservice260303: CommProtocolLibCmdBaseI2C::dataproc {"command":{"id":"imu_status","sub":""},"content":{"TimeStamp":8,"FrameCounter":207588,"GD_X":-0.010994902811944485,"GD_Y":0.004809814505279064,"GD_Z":0.002519079949706793,"AD_X":-0.005708932876586914,"AD_Y":0.001086945878341794,"AD_Z":-0.1725330352783203,"TempDsp":0,"Status":0,"CalibState":1,"SigAmpInvalid":0}},-1979710460
05-27 18:18:19.784   536   536 D commservice260303: send2Cluster len:313, 7B22636F6D6D616E64223A7B226964223A22696D755F737461747573222C22737562223A22227D2C22636F6E74656E74223A7B2254696D655374616D70223A382C224672616D65436F756E746572223A3230373538382C2247445F58223A2D302E3031303939343930323831313934343438352C2247445F59223A302E3030343830393831343530353237393036342C2247445F5A223A302E3030323531393037393934393730363739332C2241445F58223A2D302E3030353730383933323837363538363931342C2241445F59223A302E3030313038363934353837383334313739342C2241445F5A223A2D302E313732353333303335323738333230332C2254656D70447370223A302C22537461747573223A302C2243616C69625374617465223A312C22536967416D70496E76616C6964223A307D7D, 138 
05-27 18:18:19.784   536   536 D commservice260303: Push Message into SendPool fn=476578560
05-27 18:18:19.784   536   536 D commservice260303: ComProtocolLibSend2Cluster::send2ClusterRaw fn=476578560 , len=329
05-27 18:18:19.784   536   536 D commservice260303: sendCmdToPort :329!!!
05-27 18:18:19.784   536   536 D commservice260303: send Cmd To Port ++++5AA501458A010003681C6A16C4EB7B22636F6D6D616E64223A7B226964223A22696D755F737461747573222C22737562223A22227D2C22636F6E74656E74223A7B2254696D655374616D70223A382C224672616D65436F756E746572223A3230373538382C2247445F58223A2D302E3031303939343930323831313934343438352C2247445F59223A302E3030343830393831343530353237393036342C2247445F5A223A302E3030323531393037393934393730363739332C2241445F58223A2D302E3030353730383933323837363538363931342C2241445F59223A302E3030313038363934353837383334313739342C2241445F5A223A2D302E313732353333303335323738333230332C2254656D70447370223A302C22537461747573223A302C2243616C69625374617465223A312C22536967416D70496E76616C6964223A307D7D4888
05-27 18:18:19.784   536   536 D commservice260303: bufferevent_write retrun value = 0
05-27 18:18:19.784 13911 14192 D Sentinelmode_1.2.5.17_sentry: <SentryImuClusterFgeSender>imu_status sent to Linux, frame=207588, tsNs=8967032, tsMs=8, intervalMs=38, ad=(-0.005708933,0.0010869459,-0.17253304), gd=(-0.010994903,0.0048098145,0.00251908)
05-27 18:18:19.784   536   560 D commservice260303: client datas send succeed,send finish
05-27 18:18:19.789   581   581 I SpiService: fgesysctrl_getGPIO_status success val=1
05-27 08:09:28.754   581   581 D spi_rst_gpio_get_output: GPIO 145 value: 1
05-27 08:09:28.758 13763 13763 W audit   : audit_lost=23836 audit_rate_limit=5 audit_backlog_limit=64
05-27 08:09:28.758 13763 13763 E audit   : rate limit exceeded
05-27 18:18:19.795   581   581 I SpiService: fgesysctrl_getGPIO_status success val=1
05-27 18:18:19.796   283   307 I rvcservice: t.code = 3, t.value = 0
05-27 18:18:19.796   299 30841 D EvsDriver: forwardFrame
05-27 08:09:28.759   581   581 D spi_rst_gpio_get_output: GPIO 145 value: 1
05-27 18:18:19.797   299 30841 D EvsDriver: Delivered 0xb400007b7ca56a60 as id 0
05-27 18:18:19.797  1167  1167 D evsmanagerd: /dev/video4 forwarded the buffer #0 to 0xb4000074bf5f6850 from 0xb4000074bf5f41d0
05-27 18:18:19.798 30773 30782 E dvr_service_: [myNum:0] Received S**** loss
05-27 18:18:19.798   299  1153 D EvsDriver: doneWithFrame
05-27 18:18:19.799   572   572 I Sensors : 230 GyroSensor: x:-0.010766,y:0.004199,z:0.002290
05-27 18:18:19.800   299 30844 D EvsDriver: forwardFrame
05-27 18:18:19.800   581   581 I SpiService: fgesysctrl_getGPIO_status success val=1
05-27 18:18:19.802   299 30844 D EvsDriver: Delivered 0xb400007b7ca56900 as id 0
05-27 18:18:19.802  1167  1167 D evsmanagerd: /dev/video6 forwarded the buffer #0 to 0xb4000074bf5f5510 from 0xb4000074bf5f6d90
05-27 18:18:19.802 13911 14183 I SentryImuMcuAngleSender: 179.986rollDeg
05-27 18:18:19.802 13911 14183 I SentryImuMcuAngleSender: 1,0,0
05-27 18:18:19.802 30773 30782 E dvr_service_: [myNum:1] Received S**** loss
05-27 18:18:19.802   299  1153 D EvsDriver: doneWithFrame
05-27 18:18:19.803  1008 30857 D [OMXB]  : usingANWBuffer: handle:0xee746cb0, format:1, w:1920, h:1080
05-27 18:18:19.806   581   581 I SpiService: fgesysctrl_getGPIO_status success val=1
05-27 08:09:28.770   581   581 D spidev_ioctl: gpio status=1)
05-27 18:18:19.811   581   581 I SpiService: fgesysctrl_getGPIO_status success val=0
05-27 18:18:19.814  1083  1083 I MyAppLog: [2026-05-27 18:18:19.814 I tboxap mcuSendYadiTransfer:196] [Mcu] [mcuYadiSend]: :00 08 C7 04 01 09 81 02 01 01
05-27 18:18:19.816   481   599 I mcuc    : start timer OK = 25175 
05-27 18:18:19.818  1008 30856 D [OMXB]  : usingANWBuffer: handle:0xee743190, format:1, w:1920, h:1080
05-27 18:18:19.821 13911 14183 I SentryImuMcuAngleSender: -179.993rollDeg
05-27 18:18:19.822 13911 14183 I SentryImuMcuAngleSender: 1,0,0
05-27 18:18:19.824   536   536 D commservice260303: msg.id = 1028,0
05-27 18:18:19.824   536   536 D commservice260303: i = 170, msgid = 8A000404
05-27 18:18:19.824   536   536 D commservice260303: msgid = -1979710460,did=138
05-27 18:18:19.824   536   536 D commservice260303: CommProtocolLibCmdBaseI2C::dataproc {"command":{"id":"imu_status","sub":""},"content":{"TimeStamp":8,"FrameCounter":207589,"GD_X":-0.010230803862214088,"GD_Y":0.004428025335073471,"GD_Z":0.0023671966046094894,"AD_X":-0.004479631781578064,"AD_Y":-0.0037798837292939425,"AD_Z":-0.1719207763671875,"TempDsp":0,"Status":0,"CalibState":1,"SigAmpInvalid":0}},-1979710460
05-27 18:18:19.824   536   536 D commservice260303: send2Cluster len:316, 7B22636F6D6D616E64223A7B226964223A22696D755F737461747573222C22737562223A22227D2C22636F6E74656E74223A7B2254696D655374616D70223A382C224672616D65436F756E746572223A3230373538392C2247445F58223A2D302E3031303233303830333836323231343038382C2247445F59223A302E3030343432383032353333353037333437312C2247445F5A223A302E303032333637313936363034363039343839342C2241445F58223A2D302E3030343437393633313738313537383036342C2241445F59223A2D302E303033373739383833373239323933393432352C2241445F5A223A2D302E313731393230373736333637313837352C2254656D70447370223A302C22537461747573223A302C2243616C69625374617465223A312C22536967416D70496E76616C6964223A307D7D, 138 
05-27 18:18:19.824   536   536 D commservice260303: Push Message into SendPool fn=493355776
05-27 18:18:19.824   536   536 D commservice260303: ComProtocolLibSend2Cluster::send2ClusterRaw fn=493355776 , len=332
05-27 18:18:19.824   536   536 D commservice260303: sendCmdToPort :332!!!
05-27 18:18:19.824   536   536 D commservice260303: send Cmd To Port ++++5AA501488A010003681D6A16C4EB7B22636F6D6D616E64223A7B226964223A22696D755F737461747573222C22737562223A22227D2C22636F6E74656E74223A7B2254696D655374616D70223A382C224672616D65436F756E746572223A3230373538392C2247445F58223A2D302E3031303233303830333836323231343038382C2247445F59223A302E3030343432383032353333353037333437312C2247445F5A223A302E303032333637313936363034363039343839342C2241445F58223A2D302E3030343437393633313738313537383036342C2241445F59223A2D302E303033373739383833373239323933393432352C2241445F5A223A2D302E313731393230373736333637313837352C2254656D70447370223A302C22537461747573223A302C2243616C69625374617465223A312C22536967416D70496E76616C6964223A307D7D2722
05-27 18:18:19.824   536   536 D commservice260303: bufferevent_write retrun value = 0
05-27 18:18:19.824   536   560 D commservice260303: client datas send succeed,send finish
05-27 18:18:19.824 13911 14192 D Sentinelmode_1.2.5.17_sentry: <SentryImuClusterFgeSender>imu_status sent to Linux, frame=207589, tsNs=8967068, tsMs=8, intervalMs=40, ad=(-0.004479632,-0.0037798837,-0.17192078), gd=(-0.010230804,0.0044280253,0.0023671966)
05-27 18:18:19.825   581   581 I SpiService: fgesysctrl_getGPIO_status success val=1
05-27 18:18:19.831   581   581 I SpiService: fgesysctrl_getGPIO_status success val=1
05-27 18:18:19.832   299 30841 D EvsDriver: forwardFrame
05-27 18:18:19.834   299 30841 D EvsDriver: Delivered 0xb400007b7ca56a60 as id 0
05-27 18:18:19.834   299 30844 D EvsDriver: forwardFrame
05-27 18:18:19.834  1167  1167 D evsmanagerd: /dev/video4 forwarded the buffer #0 to 0xb4000074bf5f6850 from 0xb4000074bf5f41d0
05-27 18:18:19.836   581   581 I SpiService: fgesysctrl_getGPIO_status success val=1
05-27 18:18:19.836  1167  1167 D evsmanagerd: /dev/video6 forwarded the buffer #0 to 0xb4000074bf5f5510 from 0xb4000074bf5f6d90
05-27 18:18:19.836   299 30844 D EvsDriver: Delivered 0xb400007b7ca56900 as id 0
05-27 18:18:19.837   299  1153 D EvsDriver: doneWithFrame
05-27 18:18:19.839   299  1153 D EvsDriver: doneWithFrame
05-27 18:18:19.842   581   581 I SpiService: fgesysctrl_getGPIO_status success val=1
05-27 18:18:19.842 13911 14183 I SentryImuMcuAngleSender: -179.99649rollDeg
05-27 18:18:19.842 13911 14183 I SentryImuMcuAngleSender: 1,0,0
05-27 08:09:28.806   581   581 D spidev_ioctl: gpio status=1)
05-27 18:18:19.846  1008 30857 D [OMXB]  : usingANWBuffer: handle:0xee742f80, format:1, w:1920, h:1080
05-27 18:18:19.847   581   581 I SpiService: fgesysctrl_getGPIO_status success val=1
05-27 18:18:19.853   581   581 I SpiService: fgesysctrl_getGPIO_status success val=1
05-27 18:18:19.858  1008 30856 D [OMXB]  : usingANWBuffer: handle:0xee7435b0, format:1, w:1920, h:1080
05-27 18:18:19.858   581   581 I SpiService: fgesysctrl_getGPIO_status success val=0
05-27 18:18:19.858   481   597 I mcuc    : send SPI:6AA601625700F80901C70401098102010100000000000000000000000000000000000000000000000000000000000000000000000000000000000000000000000000000000000000000000000000000000000000000000000000000000000000000000000000000000000000000000000000000000000000000000000000000000000000000000000000000000000000000000000000000000000000000000000000000000000000000000000000000000000000000000000000000000000000000000000000000000000000000000000000000000000000000000000000000000000000000000000000000000000000000000000000000000000000000000EA
05-27 18:18:19.862 13911 14183 I SentryImuMcuAngleSender: 179.97198rollDeg
05-27 18:18:19.862 13911 14183 I SentryImuMcuAngleSender: 1,0,0
05-27 18:18:19.864   536   536 D commservice260303: msg.id = 1028,0
05-27 18:18:19.864   536   536 D commservice260303: i = 170, msgid = 8A000404
05-27 18:18:19.864   536   536 D commservice260303: msgid = -1979710460,did=138
05-27 18:18:19.864   536   536 D commservice260303: CommProtocolLibCmdBaseI2C::dataproc {"command":{"id":"imu_status","sub":""},"content":{"TimeStamp":8,"FrameCounter":207590,"GD_X":-0.012139749713242054,"GD_Y":0.004656890872865915,"GD_Z":0.0023671966046094894,"AD_X":-0.002648651599884033,"AD_Y":0.002323135733604431,"AD_Z":-0.1719207763671875,"TempDsp":0,"Status":0,"CalibState":1,"SigAmpInvalid":0}},-1979710460
05-27 18:18:19.864   536   536 D commservice260303: send2Cluster len:314, 7B22636F6D6D616E64223A7B226964223A22696D755F737461747573222C22737562223A22227D2C22636F6E74656E74223A7B2254696D655374616D70223A382C224672616D65436F756E746572223A3230373539302C2247445F58223A2D302E3031323133393734393731333234323035342C2247445F59223A302E3030343635363839303837323836353931352C2247445F5A223A302E303032333637313936363034363039343839342C2241445F58223A2D302E3030323634383635313539393838343033332C2241445F59223A302E3030323332333133353733333630343433312C2241445F5A223A2D302E313731393230373736333637313837352C2254656D70447370223A302C22537461747573223A302C2243616C69625374617465223A312C22536967416D70496E76616C6964223A307D7D, 138 
05-27 18:18:19.864   536   536 D commservice260303: Push Message into SendPool fn=510132992
05-27 18:18:19.864   536   536 D commservice260303: ComProtocolLibSend2Cluster::send2ClusterRaw fn=510132992 , len=330
05-27 18:18:19.864   536   536 D commservice260303: sendCmdToPort :330!!!
05-27 18:18:19.864   536   536 D commservice260303: send Cmd To Port ++++5AA501468A010003681E6A16C4EB7B22636F6D6D616E64223A7B226964223A22696D755F737461747573222C22737562223A22227D2C22636F6E74656E74223A7B2254696D655374616D70223A382C224672616D65436F756E746572223A3230373539302C2247445F58223A2D302E3031323133393734393731333234323035342C2247445F59223A302E3030343635363839303837323836353931352C2247445F5A223A302E303032333637313936363034363039343839342C2241445F58223A2D302E3030323634383635313539393838343033332C2241445F59223A302E3030323332333133353733333630343433312C2241445F5A223A2D302E313731393230373736333637313837352C2254656D70447370223A302C22537461747573223A302C2243616C69625374617465223A312C22536967416D70496E76616C6964223A307D7D0E77
05-27 18:18:19.864   536   536 D commservice260303: bufferevent_write retrun value = 0
05-27 18:18:19.865   536   560 D commservice260303: client datas send succeed,send finish
05-27 18:18:19.865 13911 14192 D Sentinelmode_1.2.5.17_sentry: <SentryImuClusterFgeSender>imu_status sent to Linux, frame=207590, tsNs=8967103, tsMs=8, intervalMs=40, ad=(-0.0026486516,0.0023231357,-0.17192078), gd=(-0.01213975,0.004656891,0.0023671966)
05-27 18:18:19.867   299 30841 D EvsDriver: forwardFrame
05-27 18:18:19.870   299 30844 D EvsDriver: forwardFrame
05-27 18:18:19.870   299 30841 D EvsDriver: Delivered 0xb400007b7ca56a60 as id 0
05-27 18:18:19.870  1167  1167 D evsmanagerd: /dev/video4 forwarded the buffer #0 to 0xb4000074bf5f6850 from 0xb4000074bf5f41d0
05-27 18:18:19.871   481   598 I mcuc    : rev,n=1,6AA681B4A2000B8300E00000000000000000BB
05-27 18:18:19.871   351   373 D automotive.vehicle@2.0-adayo-datacomm-mcu: MCUDatacomm sendMessageFromVehicle prop: 0x83, areaId: 0x0, status: 0x0, timestamp: 0x0
05-27 18:18:19.871   351   373 D automotive.vehicle@2.0-adayo-datacomm-mcu: MCUDatacomm 1sendMessageFromVehicle ---> type = 7 
05-27 18:18:19.872   351   373 I automotive.vehicle@2.0-adayo-func-mcu: MCUFunc :sendMessageFromVehicle  msgBuff[0] = 131 
05-27 18:18:19.872   351   373 I automotive.vehicle@2.0-adayo-func-mcu: MCUFunc :sendMessageFromVehicle  msgBuff[1] = 0 
05-27 18:18:19.872   351   373 I automotive.vehicle@2.0-adayo-func-mcu: MCUFunc :sendMessageFromVehicle  msgBuff[2] = 0 
05-27 18:18:19.872   351   373 I automotive.vehicle@2.0-adayo-func-mcu: MCUFunc :sendMessageFromVehicle  msgBuff[3] = 0 
05-27 18:18:19.872   351   373 I automotive.vehicle@2.0-adayo-func-mcu: MCUFunc :sendMessageFromVehicle  msgBuff[4] = 3 
05-27 18:18:19.872   351   373 I automotive.vehicle@2.0-adayo-func-mcu: MCUFunc :sendMessageFromVehicle  msgBuff[5] = 1 
05-27 18:18:19.872   351   373 I automotive.vehicle@2.0-adayo-func-mcu: MCUFunc :sendMessageFromVehicle  msgBuff[6] = 0 
05-27 18:18:19.872   351   373 I automotive.vehicle@2.0-adayo-func-mcu: MCUFunc :sendMessageFromVehicle  msgBuff[7] = 0 
05-27 18:18:19.872   351   373 I automotive.vehicle@2.0-adayo-func-mcu: MCUFunc :sendMessageFromVehicle  msgBuff[8] = 0 
05-27 18:18:19.872   351   373 I automotive.vehicle@2.0-adayo-func-mcu: MCUFunc :sendMessageFromVehicle  msgBuff[9] = 0 
05-27 18:18:19.872   351   373 I automotive.vehicle@2.0-adayo-func-mcu: MCUFunc :sendMessageFromVehicle  msgBuff[10] = 0 
05-27 18:18:19.872   351   373 I automotive.vehicle@2.0-adayo-func-mcu: MCUFunc :sendMessageFromVehicle  msgBuff[11] = 0 
05-27 18:18:19.872   351   373 I automotive.vehicle@2.0-adayo-func-mcu: MCUFunc :sendMessageFromVehicle  msgBuff[12] = 0 
05-27 18:18:19.872   351   373 I automotive.vehicle@2.0-adayo-func-mcu: MCUFunc :sendMessageFromVehicle  msgBuff[13] = 0 
05-27 18:18:19.872   351   373 I automotive.vehicle@2.0-adayo-func-mcu: MCUFunc :sendMessageFromVehicle  msgBuff[14] = 0 
05-27 18:18:19.872   351   373 I automotive.vehicle@2.0-adayo-func-mcu: MCUFunc :sendMessageFromVehicle  msgBuff[15] = 0 
05-27 18:18:19.872   351   373 I automotive.vehicle@2.0-adayo-func-mcu: MCUFunc :sendMessageFromVehicle  msgBuff[16] = 0 
05-27 18:18:19.873   581   581 I SpiService: fgesysctrl_getGPIO_status success val=1
05-27 18:18:19.873   481   598 I mcuc    : rev,n=2,6AA681B4A300038415008C
05-27 18:18:19.874   299  1153 D EvsDriver: doneWithFrame
05-27 18:18:19.876   481   598 I mcuc    : rev,n=3,6AA681B4A4008C8305000055000000B000000000000100010000BC9467B17C43D5677D677C7219677CCEFA677DB205737A400AEA00000000040000B3000000000000000000000000000000B44300000000000300000000000000AA000000E40701010000000000000000BB06050507EA051B000008009403CB00CC000000000000000000000000000000B5000000000000000048
05-27 18:18:19.876   351   373 D automotive.vehicle@2.0-adayo-datacomm-mcu: MCUDatacomm sendMessageFromVehicle prop: 0x83, areaId: 0x5, status: 0x0, timestamp: 0x0
05-27 18:18:19.876   351   373 D automotive.vehicle@2.0-adayo-datacomm-mcu: MCUDatacomm 1sendMessageFromVehicle ---> type = 7 
05-27 18:18:19.876   351   373 I automotive.vehicle@2.0-adayo-func-mcu: MCUFunc :sendMessageFromVehicle  msgBuff[0] = 131 
05-27 18:18:19.876   351   373 I automotive.vehicle@2.0-adayo-func-mcu: MCUFunc :sendMessageFromVehicle  msgBuff[1] = 5 
05-27 18:18:19.876   351   373 I automotive.vehicle@2.0-adayo-func-mcu: MCUFunc :sendMessageFromVehicle  msgBuff[2] = 0 
05-27 18:18:19.876  1167  1167 D evsmanagerd: /dev/video6 forwarded the buffer #0 to 0xb4000074bf5f5510 from 0xb4000074bf5f6d90
05-27 18:18:19.876   351   373 I automotive.vehicle@2.0-adayo-func-mcu: MCUFunc :sendMessageFromVehicle  msgBuff[3] = 0 
05-27 18:18:19.876   351   373 I automotive.vehicle@2.0-adayo-func-mcu: MCUFunc :sendMessageFromVehicle  msgBuff[4] = 85 
05-27 18:18:19.876   351   373 I automotive.vehicle@2.0-adayo-func-mcu: MCUFunc :sendMessageFromVehicle  msgBuff[5] = 0 
05-27 18:18:19.876   299 30844 D EvsDriver: Delivered 0xb400007b7ca56900 as id 0
05-27 08:09:28.837   581   581 D spidev_ioctl: gpio status=1)
05-27 18:18:19.878   299  1153 D EvsDriver: doneWithFrame
05-27 18:18:19.879   581   581 I SpiService: fgesysctrl_getGPIO_status success val=1
05-27 08:09:28.844   581   581 D spi_rst_gpio_get_output: GPIO 145 value: 1
05-27 08:09:28.844   581   581 D spidev_ioctl: gpio status=1)
05-27 18:18:19.883 13911 14183 I SentryImuMcuAngleSender: 179.95445rollDeg
05-27 18:18:19.883 13911 14183 I SentryImuMcuAngleSender: 1,0,0
05-27 18:18:19.884  1008 30857 D [OMXB]  : usingANWBuffer: handle:0xee7416c0, format:1, w:1920, h:1080
05-27 18:18:19.885   581   581 I SpiService: fgesysctrl_getGPIO_status success val=1
05-27 18:18:19.890   581   581 I SpiService: fgesysctrl_getGPIO_status success val=1
05-27 08:09:28.855   581   581 D spi_rst_gpio_get_output: GPIO 145 value: 1
05-27 18:18:19.896   283   307 I rvcservice: t.code = 1, t.value = -170800
05-27 18:18:19.896   581   581 I SpiService: fgesysctrl_getGPIO_status success val=1
05-27 08:09:28.861   581   581 D spi_rst_gpio_get_output: GPIO 145 value: 1
05-27 18:18:19.899   299 30844 D EvsDriver: forwardFrame
05-27 18:18:19.901   299 30844 D EvsDriver: Delivered 0xb400007b7ca56900 as id 0
05-27 18:18:19.901  1167  1167 D evsmanagerd: /dev/video6 forwarded the buffer #0 to 0xb4000074bf5f5510 from 0xb4000074bf5f6d90
05-27 18:18:19.902   581   581 I SpiService: fgesysctrl_getGPIO_status success val=0
05-27 18:18:19.902   481   597 I mcuc    : send SPI:6AA602B4A200028300236AA602B4A3000284150C6AA602B4A4000283051C
05-27 18:18:19.903   299  1153 D EvsDriver: doneWithFrame
05-27 18:18:19.903 30773 30786 I dvr_service_: CameraX 1  audioOK: 130778118,audios:1940
05-27 18:18:19.903 13911 14183 I SentryImuMcuAngleSender: 179.95093rollDeg
05-27 18:18:19.903 13911 14183 I SentryImuMcuAngleSender: 1,0,0
05-27 18:18:19.905   536   536 D commservice260303: msg.id = 1028,1
05-27 18:18:19.905   536   536 D commservice260303: i = 170, msgid = 8A000404
05-27 18:18:19.905   536   536 D commservice260303: msgid = -1979710460,did=138
05-27 18:18:19.905   536   536 D commservice260303: CommProtocolLibCmdBaseI2C::dataproc {"command":{"id":"imu_status","sub":""},"content":{"TimeStamp":8,"FrameCounter":207591,"GD_X":-0.010613113641738892,"GD_Y":0.004963258747011423,"GD_Z":0.00259606190957129,"AD_X":-0.006893128156661987,"AD_Y":0.00594733003526926,"AD_Z":-0.16704177856445312,"TempDsp":0,"Status":0,"CalibState":1,"SigAmpInvalid":0}},-1979710460
05-27 18:18:19.905   536   536 D commservice260303: send2Cluster len:312, 7B22636F6D6D616E64223A7B226964223A22696D755F737461747573222C22737562223A22227D2C22636F6E74656E74223A7B2254696D655374616D70223A382C224672616D65436F756E746572223A3230373539312C2247445F58223A2D302E3031303631333131333634313733383839322C2247445F59223A302E3030343936333235383734373031313432332C2247445F5A223A302E30303235393630363139303935373132392C2241445F58223A2D302E3030363839333132383135363636313938372C2241445F59223A302E30303539343733333030333532363932362C2241445F5A223A2D302E31363730343137373835363434353331322C2254656D70447370223A302C22537461747573223A302C2243616C69625374617465223A312C22536967416D70496E76616C6964223A307D7D, 138 
05-27 18:18:19.905   536   536 D commservice260303: Push Message into SendPool fn=526910208
05-27 18:18:19.905   536   536 D commservice260303: ComProtocolLibSend2Cluster::send2ClusterRaw fn=526910208 , len=328
05-27 18:18:19.905   536   536 D commservice260303: sendCmdToPort :328!!!
05-27 18:18:19.905   536   536 D commservice260303: send Cmd To Port ++++5AA501448A010003681F6A16C4EB7B22636F6D6D616E64223A7B226964223A22696D755F737461747573222C22737562223A22227D2C22636F6E74656E74223A7B2254696D655374616D70223A382C224672616D65436F756E746572223A3230373539312C2247445F58223A2D302E3031303631333131333634313733383839322C2247445F59223A302E3030343936333235383734373031313432332C2247445F5A223A302E30303235393630363139303935373132392C2241445F58223A2D302E3030363839333132383135363636313938372C2241445F59223A302E30303539343733333030333532363932362C2241445F5A223A2D302E31363730343137373835363434353331322C2254656D70447370223A302C22537461747573223A302C2243616C69625374617465223A312C22536967416D70496E76616C6964223A307D7DEA4F
05-27 18:18:19.905   536   536 D commservice260303: bufferevent_write retrun value = 0
05-27 18:18:19.905   536   560 D commservice260303: client datas send succeed,send finish
05-27 18:18:19.905  1008 30856 D [OMXB]  : usingANWBuffer: handle:0xee741e50, format:1, w:1920, h:1080
05-27 18:18:19.905 13911 14192 D Sentinelmode_1.2.5.17_sentry: <SentryImuClusterFgeSender>imu_status sent to Linux, frame=207591, tsNs=8967139, tsMs=8, intervalMs=41, ad=(-0.006893128,0.00594733,-0.16704178), gd=(-0.010613114,0.0049632587,0.002596062)
05-27 18:18:19.906   572   622 I Sensors : 230 AccelSensor: x:-0.170190,y:0.007319,z:-9.969840
05-27 18:18:19.914   299 30841 D EvsDriver: forwardFrame
05-27 18:18:19.916  1167  1167 D evsmanagerd: /dev/video4 forwarded the buffer #0 to 0xb4000074bf5f6850 from 0xb4000074bf5f41d0
05-27 18:18:19.916   299 30841 D EvsDriver: Delivered 0xb400007b7ca56a60 as id 0
05-27 18:18:19.917   481   598 I mcuc    : rev,n=1,6AA682625700020901B9
05-27 18:18:19.918   581   581 I SpiService: fgesysctrl_getGPIO_status success val=1
05-27 18:18:19.920   299  1153 D EvsDriver: doneWithFrame
05-27 18:18:19.922  1008 30857 D [OMXB]  : usingANWBuffer: handle:0xee742cc0, format:1, w:1920, h:1080
05-27 18:18:19.923   581   581 I SpiService: fgesysctrl_getGPIO_status success val=1
05-27 18:18:19.924 13911 14183 I SentryImuMcuAngleSender: 179.95793rollDeg
05-27 18:18:19.924 13911 14183 I SentryImuMcuAngleSender: 1,0,0
05-27 18:18:19.929   581   581 I SpiService: fgesysctrl_getGPIO_status success val=1
05-27 08:09:28.893   581   581 D spi_rst_gpio_get_output: GPIO 145 value: 1
05-27 18:18:19.934   581   581 I SpiService: fgesysctrl_getGPIO_status success val=1
05-27 18:18:19.935   299 30844 D EvsDriver: forwardFrame
05-27 18:18:19.935   299 30841 D EvsDriver: forwardFrame
05-27 18:18:19.938  1167  1167 D evsmanagerd: /dev/video6 forwarded the buffer #0 to 0xb4000074bf5f5510 from 0xb4000074bf5f6d90
05-27 18:18:19.938  1167  1184 D evsmanagerd: /dev/video4 forwarded the buffer #0 to 0xb4000074bf5f6850 from 0xb4000074bf5f41d0
05-27 18:18:19.938   299 30844 D EvsDriver: Delivered 0xb400007b7ca56900 as id 0
05-27 18:18:19.938   299 30841 D EvsDriver: Delivered 0xb400007b7ca56a60 as id 0
05-27 18:18:19.939 11344 11344 E SystemUI_NavBarFragment: SysUIConfig.icCarServiceConnected：false
05-27 18:18:19.940   581   581 I SpiService: fgesysctrl_getGPIO_status success val=1
05-27 08:09:28.905   581   581 D spidev_ioctl: gpio status=1)
05-27 18:18:19.942   299  1163 D EvsDriver: doneWithFrame
05-27 18:18:19.942   299  1153 D EvsDriver: doneWithFrame
05-27 18:18:19.944 13911 14183 I SentryImuMcuAngleSender: 179.97897rollDeg
05-27 18:18:19.944 13911 14183 I SentryImuMcuAngleSender: 1,0,0
05-27 18:18:19.945   536   536 D commservice260303: msg.id = 1028,0
05-27 18:18:19.945   536   536 D commservice260303: i = 170, msgid = 8A000404
05-27 18:18:19.945   536   536 D commservice260303: msgid = -1979710460,did=138
05-27 18:18:19.945   536   536 D commservice260303: CommProtocolLibCmdBaseI2C::dataproc {"command":{"id":"imu_status","sub":""},"content":{"TimeStamp":8,"FrameCounter":207592,"GD_X":-0.01091896090656519,"GD_Y":0.0056498548947274685,"GD_Z":0.0022902146447449923,"AD_X":-0.004437446594238281,"AD_Y":0.0010409965179860592,"AD_Z":-0.16704177856445312,"TempDsp":0,"Status":0,"CalibState":1,"SigAmpInvalid":0}},-1979710460
05-27 18:18:19.945   536   536 D commservice260303: send2Cluster len:316, 7B22636F6D6D616E64223A7B226964223A22696D755F737461747573222C22737562223A22227D2C22636F6E74656E74223A7B2254696D655374616D70223A382C224672616D65436F756E746572223A3230373539322C2247445F58223A2D302E30313039313839363039303635363531392C2247445F59223A302E303035363439383534383934373237343638352C2247445F5A223A302E303032323930323134363434373434393932332C2241445F58223A2D302E3030343433373434363539343233383238312C2241445F59223A302E303031303430393936353137393836303539322C2241445F5A223A2D302E31363730343137373835363434353331322C2254656D70447370223A302C22537461747573223A302C2243616C69625374617465223A312C22536967416D70496E76616C6964223A307D7D, 138 
05-27 18:18:19.945   536   536 D commservice260303: Push Message into SendPool fn=543687424
05-27 18:18:19.945   536   536 D commservice260303: ComProtocolLibSend2Cluster::send2ClusterRaw fn=543687424 , len=332
05-27 18:18:19.945   536   536 D commservice260303: sendCmdToPort :332!!!
05-27 18:18:19.945   536   536 D commservice260303: send Cmd To Port ++++5AA501488A01000368206A16C4EB7B22636F6D6D616E64223A7B226964223A22696D755F737461747573222C22737562223A22227D2C22636F6E74656E74223A7B2254696D655374616D70223A382C224672616D65436F756E746572223A3230373539322C2247445F58223A2D302E30313039313839363039303635363531392C2247445F59223A302E303035363439383534383934373237343638352C2247445F5A223A302E303032323930323134363434373434393932332C2241445F58223A2D302E3030343433373434363539343233383238312C2241445F59223A302E303031303430393936353137393836303539322C2241445F5A223A2D302E31363730343137373835363434353331322C2254656D70447370223A302C22537461747573223A302C2243616C69625374617465223A312C22536967416D70496E76616C6964223A307D7DEE3E
05-27 18:18:19.945   536   536 D commservice260303: bufferevent_write retrun value = 0
05-27 18:18:19.945   536   560 D commservice260303: client datas send succeed,send finish
05-27 18:18:19.945 13911 14192 D Sentinelmode_1.2.5.17_sentry: <SentryImuClusterFgeSender>imu_status sent to Linux, frame=207592, tsNs=8967192, tsMs=8, intervalMs=40, ad=(-0.0044374466,0.0010409965,-0.16704178), gd=(-0.010918961,0.005649855,0.0022902146)
05-27 18:18:19.946   581   581 I SpiService: fgesysctrl_getGPIO_status success val=1
05-27 08:09:28.910   581   581 D spi_rst_gpio_get_output: GPIO 145 value: 1
05-27 18:18:19.950  1008 30856 D [OMXB]  : usingANWBuffer: handle:0xee743240, format:1, w:1920, h:1080
05-27 18:18:19.952   581   581 I SpiService: fgesysctrl_getGPIO_status success val=0
05-27 08:09:28.916   581   581 D spi_rst_gpio_get_output: GPIO 145 value: 0
05-27 08:09:28.916   581   581 D spidev_ioctl: gpio status=0)
05-27 18:18:19.964 13911 14183 I SentryImuMcuAngleSender: 179.97897rollDeg
05-27 18:18:19.965 13911 14183 I SentryImuMcuAngleSender: 1,0,0
05-27 18:18:19.965  1008 30857 D [OMXB]  : usingANWBuffer: handle:0xee744fd0, format:1, w:1920, h:1080
05-27 18:18:19.967   581   581 I SpiService: fgesysctrl_getGPIO_status success val=1
05-27 18:18:19.968   299 30841 D EvsDriver: forwardFrame
05-27 18:18:19.970   299 30844 D EvsDriver: forwardFrame
05-27 18:18:19.970   299 30841 D EvsDriver: Delivered 0xb400007b7ca56a60 as id 0
05-27 18:18:19.970  1167  1167 D evsmanagerd: /dev/video4 forwarded the buffer #0 to 0xb4000074bf5f6850 from 0xb4000074bf5f41d0
05-27 18:18:19.971 30773 30782 E dvr_service_: [myNum:0] Received S**** loss
05-27 18:18:19.971   299  1153 D EvsDriver: doneWithFrame
05-27 18:18:19.972   581   581 I SpiService: fgesysctrl_getGPIO_status success val=1
05-27 18:18:19.973   299 30844 D EvsDriver: Delivered 0xb400007b7ca56900 as id 0
05-27 18:18:19.973  1167  1167 D evsmanagerd: /dev/video6 forwarded the buffer #0 to 0xb4000074bf5f5510 from 0xb4000074bf5f6d90
05-27 18:18:19.973 30773 30782 E dvr_service_: [myNum:1] Received S**** loss
05-27 18:18:19.973   299  1153 D EvsDriver: doneWithFrame
05-27 18:18:19.978   581   581 I SpiService: fgesysctrl_getGPIO_status success val=1
05-27 08:09:28.942   581   581 D spidev_ioctl: gpio status=1)
05-27 18:18:19.982  1008 30856 D [OMXB]  : usingANWBuffer: handle:0xee746c00, format:1, w:1920, h:1080
05-27 18:18:19.983   581   581 I SpiService: fgesysctrl_getGPIO_status success val=1
05-27 08:09:28.948   581   581 D spidev_ioctl: gpio status=1)
05-27 18:18:19.985 13911 14183 I SentryImuMcuAngleSender: 179.96846rollDeg
05-27 18:18:19.985 13911 14183 I SentryImuMcuAngleSender: 1,0,0
05-27 18:18:19.986   536   536 D commservice260303: msg.id = 1028,0
05-27 18:18:19.986   536   536 D commservice260303: i = 170, msgid = 8A000404
05-27 18:18:19.986   536   536 D commservice260303: msgid = -1979710460,did=138
05-27 18:18:19.986   536   536 D commservice260303: CommProtocolLibCmdBaseI2C::dataproc {"command":{"id":"imu_status","sub":""},"content":{"TimeStamp":8,"FrameCounter":207593,"GD_X":-0.011070843786001205,"GD_Y":0.004276141989976168,"GD_Z":0.002443138277158141,"AD_X":-7.837116718292236E-4,"AD_Y":0.002859429456293583,"AD_Z":-0.16704177856445312,"TempDsp":0,"Status":0,"CalibState":1,"SigAmpInvalid":0}},-1979710460
05-27 18:18:19.986   536   536 D commservice260303: send2Cluster len:314, 7B22636F6D6D616E64223A7B226964223A22696D755F737461747573222C22737562223A22227D2C22636F6E74656E74223A7B2254696D655374616D70223A382C224672616D65436F756E746572223A3230373539332C2247445F58223A2D302E3031313037303834333738363030313230352C2247445F59223A302E3030343237363134313938393937363136382C2247445F5A223A302E3030323434333133383237373135383134312C2241445F58223A2D372E383337313136373138323932323336452D342C2241445F59223A302E3030323835393432393435363239333538332C2241445F5A223A2D302E31363730343137373835363434353331322C2254656D70447370223A302C22537461747573223A302C2243616C69625374617465223A312C22536967416D70496E76616C6964223A307D7D, 138 
05-27 18:18:19.986   536   536 D commservice260303: Push Message into SendPool fn=560464640
05-27 18:18:19.986   536   536 D commservice260303: ComProtocolLibSend2Cluster::send2ClusterRaw fn=560464640 , len=330
05-27 18:18:19.986   536   536 D commservice260303: sendCmdToPort :330!!!
05-27 18:18:19.986   536   536 D commservice260303: send Cmd To Port ++++5AA501468A01000368216A16C4EB7B22636F6D6D616E64223A7B226964223A22696D755F737461747573222C22737562223A22227D2C22636F6E74656E74223A7B2254696D655374616D70223A382C224672616D65436F756E746572223A3230373539332C2247445F58223A2D302E3031313037303834333738363030313230352C2247445F59223A302E3030343237363134313938393937363136382C2247445F5A223A302E3030323434333133383237373135383134312C2241445F58223A2D372E383337313136373138323932323336452D342C2241445F59223A302E3030323835393432393435363239333538332C2241445F5A223A2D302E31363730343137373835363434353331322C2254656D70447370223A302C22537461747573223A302C2243616C69625374617465223A312C22536967416D70496E76616C6964223A307D7DE7DF
05-27 18:18:19.986   536   536 D commservice260303: bufferevent_write retrun value = 0
05-27 18:18:19.986   536   560 D commservice260303: client datas send succeed,send finish
05-27 18:18:19.986 13911 14192 D Sentinelmode_1.2.5.17_sentry: <SentryImuClusterFgeSender>imu_status sent to Linux, frame=207593, tsNs=8967228, tsMs=8, intervalMs=41, ad=(-7.837117E-4,0.0028594295,-0.16704178), gd=(-0.011070844,0.004276142,0.0024431383)
05-27 18:18:19.989   581   581 I SpiService: fgesysctrl_getGPIO_status success val=0
05-27 08:09:28.953   581   581 D spidev_ioctl: gpio status=0)
05-27 18:18:19.995   572   572 I Sensors : 230 GyroSensor: x:-0.011453,y:0.004657,z:0.002672
05-27 18:18:19.996   283   307 I rvcservice: t.code = 3, t.value = 0
05-27 18:18:19.998   299 30844 D EvsDriver: forwardFrame
05-27 18:18:19.999   299 30844 D EvsDriver: Delivered 0xb400007b7ca56900 as id 0
05-27 18:18:19.999  1167  1167 D evsmanagerd: /dev/video6 forwarded the buffer #0 to 0xb4000074bf5f5510 from 0xb4000074bf5f6d90
05-27 18:18:20.003   299  1153 D EvsDriver: doneWithFrame
05-27 18:18:20.003   581   581 I SpiService: fgesysctrl_getGPIO_status success val=1
05-27 18:18:20.003  1008 30857 D [OMXB]  : usingANWBuffer: handle:0xee744b00, format:1, w:1920, h:1080
05-27 18:18:20.005 13911 14183 I SentryImuMcuAngleSender: 179.96495rollDeg
05-27 18:18:20.006 13911 14183 I SentryImuMcuAngleSender: 1,0,0
05-27 18:18:20.006   299 30841 D EvsDriver: forwardFrame
05-27 18:18:20.009   581   581 I SpiService: fgesysctrl_getGPIO_status success val=1
05-27 18:18:20.012   299 30841 D EvsDriver: Delivered 0xb400007b7ca56a60 as id 0
05-27 18:18:20.013  1167  1167 D evsmanagerd: /dev/video4 forwarded the buffer #0 to 0xb4000074bf5f6850 from 0xb4000074bf5f41d0
05-27 18:18:20.015   581   581 I SpiService: fgesysctrl_getGPIO_status success val=1
05-27 18:18:20.016   299  1153 D EvsDriver: doneWithFrame
05-27 08:09:28.980   581   581 D spi_rst_gpio_get_output: GPIO 145 value: 1
05-27 18:18:20.021   581   581 I SpiService: fgesysctrl_getGPIO_status success val=1
05-27 18:18:20.021  1008 30856 D [OMXB]  : usingANWBuffer: handle:0xee743710, format:1, w:1920, h:1080
05-27 18:18:20.025   536   560 D commservice260303: recv len:87, 5AA5005306000000347D6A16C4EC7B22636F6D6D616E64223A7B226964223A2268656172745F42656174222C22737562223A22227D2C22636F6E74656E74223A7B2274797065223A322C2276616C7565223A307D7DDFA5 from server
05-27 18:18:20.025 13911 14183 I SentryImuMcuAngleSender: 179.97197rollDeg
05-27 18:18:20.025 13911 14183 I SentryImuMcuAngleSender: 1,0,0
05-27 18:18:20.025   536  2578 D commservice260303: mcuDataAnalyzeHandle templen:87,len:87,pos:0, 5AA5005306000000347D6A16C4EC7B22636F6D6D616E64223A7B226964223A2268656172745F42656174222C22737562223A22227D2C22636F6E74656E74223A7B2274797065223A322C2276616C7565223A307D7DDFA5 
05-27 18:18:20.025   536  2578 I commservice260303: checksumCal = 57253
05-27 18:18:20.025   536  2578 D commservice260303: CommProtocolLibCmdBaseC2I::dataproc {"command":{"id":"heart_Beat","sub":""},"content":{"type":2,"value":0}},6
05-27 18:18:20.026   536  2578 D commservice260303: mcuCommMessageManager::notifyMsgToClient hwbinder OK
05-27 18:18:20.026   536  2578 D commservice260303: McuProtocolLibSend2Service::send2Service ret=1
05-27 18:18:20.026 12246 12440 D ivicomm_CommManager: fgeComServiceCallback: {"command":{"id":"heart_Beat","sub":""},"content":{"type":2,"value":0}}
05-27 18:18:20.026 12246 12440 D ivicomm_ConnectStateManager: registerCallback HEART_BEAT: {"type":2,"value":0}
05-27 18:18:20.026   581   581 I SpiService: fgesysctrl_getGPIO_status success val=1
05-27 18:18:20.026 12246 12440 D ivicomm_ConnectStateManager: notifyState newState=0curState=0
05-27 18:18:20.027   536   536 D commservice260303: msg.id = 1028,0
05-27 18:18:20.027   536   536 D commservice260303: i = 170, msgid = 8A000404
05-27 18:18:20.027   536   536 D commservice260303: msgid = -1979710460,did=138
05-27 18:18:20.027   536   536 D commservice260303: CommProtocolLibCmdBaseI2C::dataproc {"command":{"id":"imu_status","sub":""},"content":{"TimeStamp":8,"FrameCounter":207594,"GD_X":-0.010613113641738892,"GD_Y":0.0051151420921087265,"GD_Z":0.002747945487499237,"AD_X":0.0016283541917800903,"AD_Y":0.002231170190498233,"AD_Z":-0.16826248168945312,"TempDsp":0,"Status":0,"CalibState":1,"SigAmpInvalid":0}},-1979710460
