05-27 18:18:18.149   351   516 D automotive.vehicle@2.0-adayo-func-bcm: BCMFunc sendMessageFromVehicle_l prop: 0x21400073 ,areaId: 0x0  SPLITE_BIT_DATA_INTEGER : 0
05-27 18:18:18.149 31906 31938 D ANWAPI_SECOND: (31906|0x231FBCB0)[BTAPI] BTHost_InitMessage
05-27 18:18:18.149   351   516 D automotive.vehicle@2.0-adayo-func-bcm: BCMFunc sendMessageFromVehicle_l id:557842547, area:0 not report! 
05-27 18:18:18.149 31906 31938 D ANWAPI_SECOND: (31906|0x231FBCB0)[BTAPI] btosal_msg_ff_initial
05-27 18:18:18.149   351   516 D automotive.vehicle@2.0-adayo-func-bcm: BCMFunc sendMessageFromVehicle_l dataType: 12,mByte=27,propid=0x21400074
05-27 18:18:18.149   351   516 D automotive.vehicle@2.0-adayo-func-bcm: BCMFunc sendMessageFromVehicle_l msgBuff[27]=0x40,start:6,len:2,temp:2,
05-27 18:18:18.149   351   516 D automotive.vehicle@2.0-adayo-func-bcm: BCMFunc sendMessageFromVehicle_l prop: 0x21400074 ,areaId: 0x0  SPLITE_BIT_DATA_INTEGER : 1
05-27 18:18:18.149   351   516 D automotive.vehicle@2.0-adayo-func-bcm: BCMFunc sendMessageFromVehicle_l id:557842548, area:0 not report! 
05-27 18:18:18.149   351   516 D automotive.vehicle@2.0-adayo-func-bcm: BCMFunc sendMessageFromVehicle_l dataType: 12,mByte=29,propid=0x21400053
05-27 18:18:18.149   351   516 D automotive.vehicle@2.0-adayo-func-bcm: BCMFunc sendMessageFromVehicle_l msgBuff[29]=0x59,start:0,len:16,temp:8,
05-27 18:18:18.149   351   516 D automotive.vehicle@2.0-adayo-func-bcm: BCMFunc sendMessageFromVehicle_l msgBuff[28]=0x0,start:0,len:8,temp:8,
05-27 18:18:18.149   351   516 D automotive.vehicle@2.0-adayo-func-bcm: BCMFunc sendMessageFromVehicle_l prop: 0x21400053 ,areaId: 0x0  SPLITE_BIT_DATA_INTEGER : 89
05-27 18:18:18.149   351   516 D automotive.vehicle@2.0-adayo-func-bcm: BCMFunc sendMessageFromVehicle_l id:557842515, area:0 not report! 
05-27 18:18:18.149 31906 31938 D ANW_WAVEOUT_SECOND: (31906|0x231FBCB0)[WAVEOUT] [AnWBT WAVE] A2dp_WaveOut_Init
05-27 18:18:18.149 31906 31938 D ANW_WAVEOUT_SECOND: 
05-27 18:18:18.149   351   516 D automotive.vehicle@2.0-adayo-func-bcm: BCMFunc sendMessageFromVehicle_l dataType: 12,mByte=30,propid=0x21400054
05-27 18:18:18.149   351   516 D automotive.vehicle@2.0-adayo-func-bcm: BCMFunc sendMessageFromVehicle_l msgBuff[30]=0x23,start:0,len:8,temp:8,
05-27 18:18:18.149   351   516 D automotive.vehicle@2.0-adayo-func-bcm: BCMFunc sendMessageFromVehicle_l prop: 0x21400054 ,areaId: 0x0  SPLITE_BIT_DATA_INTEGER : 35
05-27 18:18:18.150   351   516 D automotive.vehicle@2.0-adayo-func-bcm: BCMFunc sendMessageFromVehicle_l id:557842516, area:0 not report! 
05-27 18:18:18.150   351   516 D automotive.vehicle@2.0-adayo-func-bcm: BCMFunc sendMessageFromVehicle_l dataType: 12,mByte=31,propid=0x21400055
05-27 18:18:18.150   351   516 D automotive.vehicle@2.0-adayo-func-bcm: BCMFunc sendMessageFromVehicle_l msgBuff[31]=0x1c,start:0,len:8,temp:8,
05-27 18:18:18.150   351   516 D automotive.vehicle@2.0-adayo-func-bcm: BCMFunc sendMessageFromVehicle_l prop: 0x21400055 ,areaId: 0x0  SPLITE_BIT_DATA_INTEGER : 28
05-27 18:18:18.150   351   516 D automotive.vehicle@2.0-adayo-func-bcm: BCMFunc sendMessageFromVehicle_l id:557842517, area:0 not report! 
05-27 18:18:18.150   351   516 D automotive.vehicle@2.0-adayo-func-bcm: BCMFunc sendMessageFromVehicle_l dataType: 12,mByte=32,propid=0x21400075
05-27 18:18:18.150   351   516 D automotive.vehicle@2.0-adayo-func-bcm: BCMFunc sendMessageFromVehicle_l msgBuff[32]=0x40,start:0,len:6,temp:6,
05-27 18:18:18.150   581   581 I SpiService: fgesysctrl_getGPIO_status success val=1
05-27 18:18:18.150   351   516 D automotive.vehicle@2.0-adayo-func-bcm: BCMFunc sendMessageFromVehicle_l prop: 0x21400075 ,areaId: 0x0  SPLITE_BIT_DATA_INTEGER : 0
05-27 18:18:18.150   351   516 D automotive.vehicle@2.0-adayo-func-bcm: BCMFunc sendMessageFromVehicle_l id:557842549, area:0 not report! 
05-27 18:18:18.150   351   516 D automotive.vehicle@2.0-adayo-func-bcm: BCMFunc sendMessageFromVehicle_l dataType: 12,mByte=32,propid=0x21400076
05-27 18:18:18.150   351   516 D automotive.vehicle@2.0-adayo-func-bcm: BCMFunc sendMessageFromVehicle_l msgBuff[32]=0x40,start:6,len:2,temp:2,
05-27 18:18:18.150   351   516 D automotive.vehicle@2.0-adayo-func-bcm: BCMFunc sendMessageFromVehicle_l prop: 0x21400076 ,areaId: 0x0  SPLITE_BIT_DATA_INTEGER : 1
05-27 18:18:18.150   351   516 D automotive.vehicle@2.0-adayo-func-bcm: BCMFunc sendMessageFromVehicle_l id:557842550, area:0 not report! 
05-27 18:18:18.150   351   516 D automotive.vehicle@2.0-adayo-func-bcm: BCMFunc sendMessageFromVehicle_l dataType: 12,mByte=34,propid=0x2140004b
05-27 18:18:18.150   351   516 D automotive.vehicle@2.0-adayo-func-bcm: BCMFunc sendMessageFromVehicle_l msgBuff[34]=0x0,start:0,len:16,temp:8,
05-27 18:18:18.150   351   516 D automotive.vehicle@2.0-adayo-func-bcm: BCMFunc sendMessageFromVehicle_l msgBuff[33]=0x0,start:0,len:8,temp:8,
05-27 18:18:18.150   351   516 D automotive.vehicle@2.0-adayo-func-bcm: BCMFunc sendMessageFromVehicle_l prop: 0x2140004b ,areaId: 0x0  SPLITE_BIT_DATA_INTEGER : 0
05-27 18:18:18.150   351   516 D automotive.vehicle@2.0-adayo-func-bcm: BCMFunc sendMessageFromVehicle_l id:557842507, area:0 not report! 
05-27 18:18:18.150   351   516 D automotive.vehicle@2.0-adayo-func-bcm: BCMFunc sendMessageFromVehicle_l dataType: 12,mByte=35,propid=0x21400077
05-27 18:18:18.150   351   516 D automotive.vehicle@2.0-adayo-func-bcm: BCMFunc sendMessageFromVehicle_l msgBuff[35]=0x40,start:0,len:6,temp:6,
05-27 18:18:18.150   351   516 D automotive.vehicle@2.0-adayo-func-bcm: BCMFunc sendMessageFromVehicle_l prop: 0x21400077 ,areaId: 0x0  SPLITE_BIT_DATA_INTEGER : 0
05-27 18:18:18.150   351   516 D automotive.vehicle@2.0-adayo-func-bcm: BCMFunc sendMessageFromVehicle_l id:557842551, area:0 not report! 
05-27 18:18:18.150   351   516 D automotive.vehicle@2.0-adayo-func-bcm: BCMFunc sendMessageFromVehicle_l dataType: 12,mByte=35,propid=0x21400078
05-27 18:18:18.150   351   516 D automotive.vehicle@2.0-adayo-func-bcm: BCMFunc sendMessageFromVehicle_l msgBuff[35]=0x40,start:6,len:2,temp:2,
05-27 18:18:18.150   351   516 D automotive.vehicle@2.0-adayo-func-bcm: BCMFunc sendMessageFromVehicle_l prop: 0x21400078 ,areaId: 0x0  SPLITE_BIT_DATA_INTEGER : 1
05-27 18:18:18.150   351   516 D automotive.vehicle@2.0-adayo-func-bcm: BCMFunc sendMessageFromVehicle_l id:557842552, area:0 not report! 
05-27 18:18:18.150   351   516 D automotive.vehicle@2.0-adayo-func-bcm: BCMFunc sendMessageFromVehicle_l dataType: 12,mByte=37,propid=0x2140004c
05-27 18:18:18.150   351   516 D automotive.vehicle@2.0-adayo-func-bcm: BCMFunc sendMessageFromVehicle_l msgBuff[37]=0x0,start:0,len:16,temp:8,
05-27 18:18:18.150   351   516 D automotive.vehicle@2.0-adayo-func-bcm: BCMFunc sendMessageFromVehicle_l msgBuff[36]=0x0,start:0,len:8,temp:8,
05-27 18:18:18.150   351   516 D automotive.vehicle@2.0-adayo-func-bcm: BCMFunc sendMessageFromVehicle_l prop: 0x2140004c ,areaId: 0x0  SPLITE_BIT_DATA_INTEGER : 0
05-27 18:18:18.150 31906 31938 D ANWAPI_SECOND: (31906|0x231FBCB0)[BTAPI] Check BTHost_Task status
05-27 18:18:18.150   351   516 D automotive.vehicle@2.0-adayo-func-bcm: BCMFunc sendMessageFromVehicle_l id:557842508, area:0 not report! 
05-27 18:18:18.151   351   516 D automotive.vehicle@2.0-adayo-func-bcm: BCMFunc sendMessageFromVehicle_l dataType: 12,mByte=38,propid=0x2140009b
05-27 18:18:18.151   351   516 D automotive.vehicle@2.0-adayo-func-bcm: BCMFunc sendMessageFromVehicle_l msgBuff[38]=0x0,start:0,len:8,temp:8,
05-27 18:18:18.151   351   516 D automotive.vehicle@2.0-adayo-func-bcm: BCMFunc sendMessageFromVehicle_l prop: 0x2140009b ,areaId: 0x0  SPLITE_BIT_DATA_INTEGER : 0
05-27 18:18:18.151   351   516 D automotive.vehicle@2.0-adayo-func-bcm: BCMFunc sendMessageFromVehicle_l id:557842587, area:0 not report! 
05-27 18:18:18.151   351   516 D automotive.vehicle@2.0-adayo-func-bcm: BCMFunc sendMessageFromVehicle_l dataType: 12,mByte=39,propid=0x2140009c
05-27 18:18:18.151   351   516 D automotive.vehicle@2.0-adayo-func-bcm: BCMFunc sendMessageFromVehicle_l msgBuff[39]=0x0,start:0,len:8,temp:8,
05-27 18:18:18.151   351   516 D automotive.vehicle@2.0-adayo-func-bcm: BCMFunc sendMessageFromVehicle_l prop: 0x2140009c ,areaId: 0x0  SPLITE_BIT_DATA_INTEGER : 0
05-27 18:18:18.151   351   516 D automotive.vehicle@2.0-adayo-func-bcm: BCMFunc sendMessageFromVehicle_l id:557842588, area:0 not report! 
05-27 18:18:18.151   351   516 D automotive.vehicle@2.0-adayo-func-bcm: BCMFunc sendMessageFromVehicle_l dataType: 12,mByte=40,propid=0x2140009d
05-27 18:18:18.151   351   516 D automotive.vehicle@2.0-adayo-func-bcm: BCMFunc sendMessageFromVehicle_l msgBuff[40]=0x0,start:0,len:8,temp:8,
05-27 18:18:18.151   351   516 D automotive.vehicle@2.0-adayo-func-bcm: BCMFunc sendMessageFromVehicle_l prop: 0x2140009d ,areaId: 0x0  SPLITE_BIT_DATA_INTEGER : 0
05-27 18:18:18.151   351   516 D automotive.vehicle@2.0-adayo-func-bcm: BCMFunc sendMessageFromVehicle_l id:557842589, area:0 not report! 
05-27 18:18:18.151   351   516 D automotive.vehicle@2.0-adayo-func-bcm: BCMFunc sendMessageFromVehicle_l dataType: 12,mByte=41,propid=0x2140009e
05-27 18:18:18.151   351   516 D automotive.vehicle@2.0-adayo-func-bcm: BCMFunc sendMessageFromVehicle_l msgBuff[41]=0x0,start:0,len:8,temp:8,
05-27 18:18:18.151   351   516 D automotive.vehicle@2.0-adayo-func-bcm: BCMFunc sendMessageFromVehicle_l prop: 0x2140009e ,areaId: 0x0  SPLITE_BIT_DATA_INTEGER : 0
05-27 18:18:18.151   351   516 D automotive.vehicle@2.0-adayo-func-bcm: BCMFunc sendMessageFromVehicle_l id:557842590, area:0 not report! 
05-27 18:18:18.151   351   516 D automotive.vehicle@2.0-adayo-func-bcm: BCMFunc sendMessageFromVehicle_l dataType: 12,mByte=43,propid=0x2160009f
05-27 18:18:18.151   351   516 D automotive.vehicle@2.0-adayo-func-bcm: BCMFunc sendMessageFromVehicle_l msgBuff[43]=0x0,start:0,len:16,temp:8,
05-27 18:18:18.151   351   516 D automotive.vehicle@2.0-adayo-func-bcm: BCMFunc sendMessageFromVehicle_l msgBuff[42]=0x0,start:0,len:8,temp:8,
05-27 18:18:18.151   351   516 D automotive.vehicle@2.0-adayo-func-bcm: BCMFunc sendMessageFromVehicle_l prop: 0x2160009f , SPLITE_BIT_DATA_INTEGER1 data:0
05-27 18:18:18.151   351   516 D automotive.vehicle@2.0-adayo-func-bcm: BCMFunc sendMessageFromVehicle_l prop: 0x2160009f , SPLITE_BIT_DATA_INTEGER4 procotol.calc[0]:0.100000,procotol.calc[1]:0.000000
05-27 18:18:18.151   351   516 D automotive.vehicle@2.0-adayo-func-bcm: BCMFunc sendMessageFromVehicle_l prop: 0x2160009f ,areaId: 0x0  SPLITE_BIT_DATA_INTEGER : 0.000000,calc[0]:0.100000,calc[1]:0.000000
05-27 18:18:18.151   351   516 D automotive.vehicle@2.0-adayo-func-bcm: BCMFunc sendMessageFromVehicle_l id:559939743, area:0 not report! 
05-27 18:18:18.151   351   516 D automotive.vehicle@2.0-adayo-func-bcm: BCMFunc sendMessageFromVehicle_l dataType: 12,mByte=45,propid=0x216000f3
05-27 18:18:18.151   351   516 D automotive.vehicle@2.0-adayo-func-bcm: BCMFunc sendMessageFromVehicle_l msgBuff[45]=0x0,start:0,len:16,temp:8,
05-27 18:18:18.151   351   516 D automotive.vehicle@2.0-adayo-func-bcm: BCMFunc sendMessageFromVehicle_l msgBuff[44]=0x0,start:0,len:8,temp:8,
05-27 18:18:18.151   351   516 D automotive.vehicle@2.0-adayo-func-bcm: BCMFunc sendMessageFromVehicle_l prop: 0x216000f3 , SPLITE_BIT_DATA_INTEGER1 data:0
05-27 18:18:18.151   351   516 D automotive.vehicle@2.0-adayo-func-bcm: BCMFunc sendMessageFromVehicle_l prop: 0x216000f3 , SPLITE_BIT_DATA_INTEGER4 procotol.calc[0]:0.100000,procotol.calc[1]:0.000000
05-27 18:18:18.151   351   516 D automotive.vehicle@2.0-adayo-func-bcm: BCMFunc sendMessageFromVehicle_l prop: 0x216000f3 ,areaId: 0x0  SPLITE_BIT_DATA_INTEGER : 0.000000,calc[0]:0.100000,calc[1]:0.000000
05-27 18:18:18.151 31906 31940 D ANWAPI_SECOND: (31906|0x19B74CB0)[BTAPI] Enter BTHost_Task
05-27 18:18:18.151   351   516 D automotive.vehicle@2.0-adayo-func-bcm: BCMFunc sendMessageFromVehicle_l id:559939827, area:0 not report! 
05-27 18:18:18.152   351   516 D automotive.vehicle@2.0-adayo-func-bcm: BCMFunc sendMessageFromVehicle_l dataType: 12,mByte=47,propid=0x214000f4
05-27 18:18:18.152   351   516 D automotive.vehicle@2.0-adayo-func-bcm: BCMFunc sendMessageFromVehicle_l msgBuff[47]=0x0,start:0,len:16,temp:8,
05-27 18:18:18.152 31906 31940 D ANWAPI_SECOND: (31906|0x19B74CB0)[BTAPI] BTHost_Task setpriority(0)(-15)
05-27 18:18:18.152   351   516 D automotive.vehicle@2.0-adayo-func-bcm: BCMFunc sendMessageFromVehicle_l msgBuff[46]=0x0,start:0,len:8,temp:8,
05-27 18:18:18.152   351   516 D automotive.vehicle@2.0-adayo-func-bcm: BCMFunc sendMessageFromVehicle_l prop: 0x214000f4 ,areaId: 0x0  SPLITE_BIT_DATA_INTEGER : 0
05-27 18:18:18.152   351   516 D automotive.vehicle@2.0-adayo-func-bcm: BCMFunc sendMessageFromVehicle_l id:557842676, area:0 not report! 
05-27 18:18:18.152   351   516 D automotive.vehicle@2.0-adayo-func-bcm: BCMFunc sendMessageFromVehicle_l dataType: 12,mByte=48,propid=0x214000fe
05-27 18:18:18.152   351   516 D automotive.vehicle@2.0-adayo-func-bcm: BCMFunc sendMessageFromVehicle_l msgBuff[48]=0x0,start:0,len:8,temp:8,
05-27 18:18:18.152   351   516 D automotive.vehicle@2.0-adayo-func-bcm: BCMFunc sendMessageFromVehicle_l prop: 0x214000fe ,areaId: 0x0  SPLITE_BIT_DATA_INTEGER : 0
05-27 18:18:18.152   351   516 D automotive.vehicle@2.0-adayo-func-bcm: BCMFunc sendMessageFromVehicle_l id:557842686, area:0 not report! 
05-27 18:18:18.152   351   516 D automotive.vehicle@2.0-adayo-func-bcm: BCMFunc sendMessageFromVehicle_l dataType: 12,mByte=49,propid=0x21400100
05-27 18:18:18.152   351   516 D automotive.vehicle@2.0-adayo-func-bcm: BCMFunc sendMessageFromVehicle_l msgBuff[49]=0x0,start:0,len:8,temp:8,
05-27 18:18:18.152   351   516 D automotive.vehicle@2.0-adayo-func-bcm: BCMFunc sendMessageFromVehicle_l prop: 0x21400100 ,areaId: 0x0  SPLITE_BIT_DATA_INTEGER : 0
05-27 18:18:18.152   351   516 D automotive.vehicle@2.0-adayo-func-bcm: BCMFunc sendMessageFromVehicle_l id:557842688, area:0 not report! 
05-27 18:18:18.152   351   516 D automotive.vehicle@2.0-adayo-func-bcm: BCMFunc sendMessageFromVehicle_l dataType: 12,mByte=50,propid=0x214000fa
05-27 18:18:18.152   351   516 D automotive.vehicle@2.0-adayo-func-bcm: BCMFunc sendMessageFromVehicle_l msgBuff[50]=0x0,start:0,len:8,temp:8,
05-27 18:18:18.152   351   516 D automotive.vehicle@2.0-adayo-func-bcm: BCMFunc sendMessageFromVehicle_l prop: 0x214000fa ,areaId: 0x0  SPLITE_BIT_DATA_INTEGER : 0
05-27 18:18:18.152   351   516 D automotive.vehicle@2.0-adayo-func-bcm: BCMFunc sendMessageFromVehicle_l id:557842682, area:0 not report! 
05-27 18:18:18.152   351   516 D automotive.vehicle@2.0-adayo-func-bcm: BCMFunc sendMessageFromVehicle_l dataType: 12,mByte=51,propid=0x214000fb
05-27 18:18:18.152   351   516 D automotive.vehicle@2.0-adayo-func-bcm: BCMFunc sendMessageFromVehicle_l msgBuff[51]=0x0,start:0,len:8,temp:8,
05-27 18:18:18.152   351   516 D automotive.vehicle@2.0-adayo-func-bcm: BCMFunc sendMessageFromVehicle_l prop: 0x214000fb ,areaId: 0x0  SPLITE_BIT_DATA_INTEGER : 0
05-27 18:18:18.152   351   516 D automotive.vehicle@2.0-adayo-func-bcm: BCMFunc sendMessageFromVehicle_l id:557842683, area:0 not report! 
05-27 18:18:18.152   351   516 D automotive.vehicle@2.0-adayo-func-bcm: BCMFunc sendMessageFromVehicle_l dataType: 12,mByte=52,propid=0x214000fc
05-27 18:18:18.152   351   516 D automotive.vehicle@2.0-adayo-func-bcm: BCMFunc sendMessageFromVehicle_l msgBuff[52]=0x0,start:0,len:8,temp:8,
05-27 18:18:18.152   351   516 D automotive.vehicle@2.0-adayo-func-bcm: BCMFunc sendMessageFromVehicle_l prop: 0x214000fc ,areaId: 0x0  SPLITE_BIT_DATA_INTEGER : 0
05-27 18:18:18.152   351   516 D automotive.vehicle@2.0-adayo-func-bcm: BCMFunc sendMessageFromVehicle_l id:557842684, area:0 not report! 
05-27 18:18:18.152   351   516 D automotive.vehicle@2.0-adayo-func-bcm: BCMFunc sendMessageFromVehicle_l dataType: 12,mByte=53,propid=0x21400106
05-27 18:18:18.152   351   516 D automotive.vehicle@2.0-adayo-func-bcm: BCMFunc sendMessageFromVehicle_l msgBuff[53]=0x1,start:0,len:8,temp:8,
05-27 18:18:18.152   351   516 D automotive.vehicle@2.0-adayo-func-bcm: BCMFunc sendMessageFromVehicle_l prop: 0x21400106 ,areaId: 0x0  SPLITE_BIT_DATA_INTEGER : 1
05-27 18:18:18.152   351   516 D automotive.vehicle@2.0-adayo-func-bcm: BCMFunc sendMessageFromVehicle_l id:557842694, area:0 not report! 
05-27 18:18:18.155   581   581 I SpiService: fgesysctrl_getGPIO_status success val=1
05-27 08:09:27.120   581   581 D spi_rst_gpio_get_output: GPIO 145 value: 1
05-27 08:09:27.120   581   581 D spidev_ioctl: gpio status=1)
05-27 18:18:18.160 13911 14183 I SentryImuMcuAngleSender: 180.0rollDeg
05-27 18:18:18.160 13911 14183 I SentryImuMcuAngleSender: 1,0,0
05-27 18:18:18.161   581   581 I SpiService: fgesysctrl_getGPIO_status success val=1
05-27 18:18:18.163  1008 30856 D [OMXB]  : usingANWBuffer: handle:0xee743870, format:1, w:1920, h:1080
05-27 18:18:18.166   581   581 I SpiService: fgesysctrl_getGPIO_status success val=1
05-27 08:09:27.131   581   581 D spidev_ioctl: gpio status=1)
05-27 18:18:18.169   299 30841 D EvsDriver: forwardFrame
05-27 18:18:18.170   299 30844 D EvsDriver: forwardFrame
05-27 18:18:18.170   299 30841 D EvsDriver: Delivered 0xb400007b7ca56a60 as id 0
05-27 18:18:18.171  1167  1184 D evsmanagerd: /dev/video4 forwarded the buffer #0 to 0xb4000074bf5f6850 from 0xb4000074bf5f41d0
05-27 18:18:18.172   581   581 I SpiService: fgesysctrl_getGPIO_status success val=0
05-27 18:18:18.173   481   597 I mcuc    : send SPI:6AA602B49A0002890025
05-27 08:09:27.137   581   581 D spi_rst_gpio_get_output: GPIO 145 value: 0
05-27 08:09:27.137   581   581 D spidev_ioctl: gpio status=0)
05-27 18:18:18.175   299  1153 D EvsDriver: doneWithFrame
05-27 18:18:18.179   299 30844 D EvsDriver: Delivered 0xb400007b7ca56900 as id 0
05-27 18:18:18.180  1167  1184 D evsmanagerd: /dev/video6 forwarded the buffer #0 to 0xb4000074bf5f5510 from 0xb4000074bf5f6d90
05-27 18:18:18.180 13911 14183 I SentryImuMcuAngleSender: 179.99649rollDeg
05-27 18:18:18.180 13911 14183 I SentryImuMcuAngleSender: 1,0,0
05-27 18:18:18.184   299  1153 D EvsDriver: doneWithFrame
05-27 18:18:18.184   536   536 D commservice260303: msg.id = 1028,0
05-27 18:18:18.184   536   536 D commservice260303: i = 170, msgid = 8A000404
05-27 18:18:18.184   536   536 D commservice260303: msgid = -1979710460,did=138
05-27 18:18:18.184   536   536 D commservice260303: CommProtocolLibCmdBaseI2C::dataproc {"command":{"id":"imu_status","sub":""},"content":{"TimeStamp":8,"FrameCounter":207549,"GD_X":-0.01160607673227787,"GD_Y":0.005802778527140617,"GD_Z":0.0019848872907459736,"AD_X":-0.0032111704349517822,"AD_Y":-0.002068348228931427,"AD_Z":-0.1707010269165039,"TempDsp":0,"Status":0,"CalibState":1,"SigAmpInvalid":0}},-1979710460
05-27 18:18:18.184   536   536 D commservice260303: send2Cluster len:315, 7B22636F6D6D616E64223A7B226964223A22696D755F737461747573222C22737562223A22227D2C22636F6E74656E74223A7B2254696D655374616D70223A382C224672616D65436F756E746572223A3230373534392C2247445F58223A2D302E30313136303630373637333232373738372C2247445F59223A302E3030353830323737383532373134303631372C2247445F5A223A302E303031393834383837323930373435393733362C2241445F58223A2D302E303033323131313730343334393531373832322C2241445F59223A2D302E3030323036383334383232383933313432372C2241445F5A223A2D302E313730373031303236393136353033392C2254656D70447370223A302C22537461747573223A302C2243616C69625374617465223A312C22536967416D70496E76616C6964223A307D7D, 138 
05-27 18:18:18.184   536   536 D commservice260303: Push Message into SendPool fn=-194575616
05-27 18:18:18.184   536   536 D commservice260303: ComProtocolLibSend2Cluster::send2ClusterRaw fn=-194575616 , len=331
05-27 18:18:18.184   536   536 D commservice260303: sendCmdToPort :331!!!
05-27 18:18:18.184   536   536 D commservice260303: send Cmd To Port ++++5AA501478A01000367F46A16C4EA7B22636F6D6D616E64223A7B226964223A22696D755F737461747573222C22737562223A22227D2C22636F6E74656E74223A7B2254696D655374616D70223A382C224672616D65436F756E746572223A3230373534392C2247445F58223A2D302E30313136303630373637333232373738372C2247445F59223A302E3030353830323737383532373134303631372C2247445F5A223A302E303031393834383837323930373435393733362C2241445F58223A2D302E303033323131313730343334393531373832322C2241445F59223A2D302E3030323036383334383232383933313432372C2241445F5A223A2D302E313730373031303236393136353033392C2254656D70447370223A302C22537461747573223A302C2243616C69625374617465223A312C22536967416D70496E76616C6964223A307D7D0C98
05-27 18:18:18.185   536   536 D commservice260303: bufferevent_write retrun value = 0
05-27 18:18:18.185   536   560 D commservice260303: client datas send succeed,send finish
05-27 18:18:18.185 13911 14192 D Sentinelmode_1.2.5.17_sentry: <SentryImuClusterFgeSender>imu_status sent to Linux, frame=207549, tsNs=8965427, tsMs=8, intervalMs=38, ad=(-0.0032111704,-0.0020683482,-0.17070103), gd=(-0.011606077,0.0058027785,0.0019848873)
05-27 18:18:18.189   581   581 I SpiService: fgesysctrl_getGPIO_status success val=1
05-27 18:18:18.191  1008 30857 D [OMXB]  : usingANWBuffer: handle:0xee744210, format:1, w:1920, h:1080
05-27 18:18:18.193   283   307 I rvcservice: t.code = 2, t.value = 9977160
05-27 18:18:18.195   581   581 I SpiService: fgesysctrl_getGPIO_status success val=1
05-27 18:18:18.200   299 30841 D EvsDriver: forwardFrame
05-27 18:18:18.200 13911 14183 I SentryImuMcuAngleSender: 179.993rollDeg
05-27 18:18:18.200 13911 14183 I SentryImuMcuAngleSender: 1,0,0
05-27 18:18:18.201   581   581 I SpiService: fgesysctrl_getGPIO_status success val=1
05-27 18:18:18.202   299 30841 D EvsDriver: Delivered 0xb400007b7ca56a60 as id 0
05-27 18:18:18.202  1167  1184 D evsmanagerd: /dev/video4 forwarded the buffer #0 to 0xb4000074bf5f6850 from 0xb4000074bf5f41d0
05-27 18:18:18.203   299 30844 D EvsDriver: forwardFrame
05-27 18:18:18.206   299  1153 D EvsDriver: doneWithFrame
05-27 18:18:18.207   581   581 I SpiService: fgesysctrl_getGPIO_status success val=1
05-27 18:18:18.208  1167  1184 D evsmanagerd: /dev/video6 forwarded the buffer #0 to 0xb4000074bf5f5510 from 0xb4000074bf5f6d90
05-27 18:18:18.208   299 30844 D EvsDriver: Delivered 0xb400007b7ca56900 as id 0
05-27 18:18:18.209 13911 14131 D SVR_MNG_SvrMngProxy: getServer: mSvrManger is null
05-27 18:18:18.209 13911 14131 D SVR_MNG_SvrMngProxy: getNewStub: 
05-27 18:18:18.209 13911 14131 D SVR_MNG_SvrMngProxy: getNewStub: getSvrManagerService start
05-27 18:18:18.210 13911 14131 D SVR_MNG_SvrMngProxy: getNewStub: getSvrManagerService end
05-27 18:18:18.210 13911 14131 D SVR_MNG_SvrMngProxy: getServer: svrMngService doesn't start
05-27 18:18:18.211  1008 30856 D [OMXB]  : usingANWBuffer: handle:0xee741b90, format:1, w:1920, h:1080
05-27 18:18:18.211   299  1153 D EvsDriver: doneWithFrame
05-27 18:18:18.213   581   581 I SpiService: fgesysctrl_getGPIO_status success val=0
05-27 18:18:18.213   481   597 I mcuc    : send SPI:6AA60062530002060142
05-27 08:09:27.178   581   581 D spi_rst_gpio_get_output: GPIO 145 value: 0
05-27 08:09:27.178   581   581 D spidev_ioctl: gpio status=0)
05-27 18:18:18.221 13911 14183 I SentryImuMcuAngleSender: 179.993rollDeg
05-27 18:18:18.221 13911 14183 I SentryImuMcuAngleSender: 1,0,0
05-27 18:18:18.224   536   536 D commservice260303: msg.id = 1028,1
05-27 18:18:18.224   536   536 D commservice260303: i = 170, msgid = 8A000404
05-27 18:18:18.224   536   536 D commservice260303: msgid = -1979710460,did=138
05-27 18:18:18.224   536   536 D commservice260303: CommProtocolLibCmdBaseI2C::dataproc {"command":{"id":"imu_status","sub":""},"content":{"TimeStamp":8,"FrameCounter":207550,"GD_X":-0.011377211660146713,"GD_Y":0.0057257963344454765,"GD_Z":0.0019079053308814764,"AD_X":-0.001996561884880066,"AD_Y":-0.0014485542196780443,"AD_Z":-0.1725330352783203,"TempDsp":0,"Status":0,"CalibState":1,"SigAmpInvalid":0}},-1979710460
05-27 18:18:18.224   536   536 D commservice260303: send2Cluster len:317, 7B22636F6D6D616E64223A7B226964223A22696D755F737461747573222C22737562223A22227D2C22636F6E74656E74223A7B2254696D655374616D70223A382C224672616D65436F756E746572223A3230373535302C2247445F58223A2D302E3031313337373231313636303134363731332C2247445F59223A302E303035373235373936333334343435343736352C2247445F5A223A302E303031393037393035333330383831343736342C2241445F58223A2D302E3030313939363536313838343838303036362C2241445F59223A2D302E303031343438353534323139363738303434332C2241445F5A223A2D302E313732353333303335323738333230332C2254656D70447370223A302C22537461747573223A302C2243616C69625374617465223A312C22536967416D70496E76616C6964223A307D7D, 138 
05-27 18:18:18.225   536   536 D commservice260303: Push Message into SendPool fn=-177798400
05-27 18:18:18.225   536   536 D commservice260303: ComProtocolLibSend2Cluster::send2ClusterRaw fn=-177798400 , len=333
05-27 18:18:18.225   536   536 D commservice260303: sendCmdToPort :333!!!
05-27 18:18:18.225   536   536 D commservice260303: send Cmd To Port ++++5AA501498A01000367F56A16C4EA7B22636F6D6D616E64223A7B226964223A22696D755F737461747573222C22737562223A22227D2C22636F6E74656E74223A7B2254696D655374616D70223A382C224672616D65436F756E746572223A3230373535302C2247445F58223A2D302E3031313337373231313636303134363731332C2247445F59223A302E303035373235373936333334343435343736352C2247445F5A223A302E303031393037393035333330383831343736342C2241445F58223A2D302E3030313939363536313838343838303036362C2241445F59223A2D302E303031343438353534323139363738303434332C2241445F5A223A2D302E313732353333303335323738333230332C2254656D70447370223A302C22537461747573223A302C2243616C69625374617465223A312C22536967416D70496E76616C6964223A307D7D9B5F
05-27 18:18:18.225   536   536 D commservice260303: bufferevent_write retrun value = 0
05-27 18:18:18.225   536   560 D commservice260303: client datas send succeed,send finish
05-27 18:18:18.225 13911 14192 D Sentinelmode_1.2.5.17_sentry: <SentryImuClusterFgeSender>imu_status sent to Linux, frame=207550, tsNs=8965463, tsMs=8, intervalMs=40, ad=(-0.001996562,-0.0014485542,-0.17253304), gd=(-0.011377212,0.0057257963,0.0019079053)
05-27 18:18:18.228   581   581 I SpiService: fgesysctrl_getGPIO_status success val=1
05-27 18:18:18.230   572   622 I Sensors : 230 GyroSensor: x:-0.011453,y:0.004886,z:0.002214
05-27 18:18:18.232   299 30844 D EvsDriver: forwardFrame
05-27 18:18:18.233   581   581 I SpiService: fgesysctrl_getGPIO_status success val=1
05-27 18:18:18.234   299 30844 D EvsDriver: Delivered 0xb400007b7ca56900 as id 0
05-27 18:18:18.234  1167  1184 D evsmanagerd: /dev/video6 forwarded the buffer #0 to 0xb4000074bf5f5510 from 0xb4000074bf5f6d90
05-27 18:18:18.236   299  1153 D EvsDriver: doneWithFrame
05-27 08:09:27.198   581   581 D spidev_ioctl: gpio status=1)
05-27 18:18:18.239   581   581 I SpiService: fgesysctrl_getGPIO_status success val=1
05-27 18:18:18.241  1008 30857 D [OMXB]  : usingANWBuffer: handle:0xee746aa0, format:1, w:1920, h:1080
05-27 18:18:18.242 13911 14183 I SentryImuMcuAngleSender: 180.0rollDeg
05-27 18:18:18.242 13911 14183 I SentryImuMcuAngleSender: 1,0,0
05-27 18:18:18.243   299 30841 D EvsDriver: forwardFrame
05-27 18:18:18.244   581   581 I SpiService: fgesysctrl_getGPIO_status success val=1
05-27 18:18:18.245  1167  1184 D evsmanagerd: /dev/video4 forwarded the buffer #0 to 0xb4000074bf5f6850 from 0xb4000074bf5f41d0
05-27 18:18:18.245   299 30841 D EvsDriver: Delivered 0xb400007b7ca56a60 as id 0
05-27 18:18:18.249   299  1153 D EvsDriver: doneWithFrame
05-27 18:18:18.250   581   581 I SpiService: fgesysctrl_getGPIO_status success val=1
05-27 18:18:18.251 31906 31938 D ANWAPI_SECOND: (31906|0x231FBCB0)[BTAPI] set_bluetooth_power : open /sys/class/gpio/gpio142/value
05-27 18:18:18.252 31906 31938 D ANWAPI_SECOND: (31906|0x231FBCB0)[BTAPI] set_bluetooth_power : open(/sys/class/gpio/gpio142/value) for write failed,fd=-1
05-27 18:18:18.252 31906 31938 D ANWAPI_SECOND: (31906|0x231FBCB0)[BTAPI] open set_bluetooth_power : write(No such file or directory) failed,errno = 2
05-27 08:09:27.215   581   581 D spidev_ioctl: gpio status=1)
05-27 18:18:18.256   581   581 I SpiService: fgesysctrl_getGPIO_status success val=0
05-27 18:18:18.261  1008 30856 D [OMXB]  : usingANWBuffer: handle:0xee746ec0, format:1, w:1920, h:1080
05-27 18:18:18.257  1122  1122 I auditd  : type=1400 audit(0.0:44345): avc: denied { dac_read_search } for comm="tbox_ap" capability=2 scontext=u:r:tboxd:s0 tcontext=u:r:tboxd:s0 tclass=capability permissive=1
05-27 18:18:18.257  1122  1122 I tbox_ap : type=1400 audit(0.0:44345): avc: denied { dac_read_search } for capability=2 scontext=u:r:tboxd:s0 tcontext=u:r:tboxd:s0 tclass=capability permissive=1
05-27 18:18:18.262 13911 14183 I SentryImuMcuAngleSender: 180.0rollDeg
05-27 18:18:18.262 13911 14183 I SentryImuMcuAngleSender: 1,0,0
05-27 18:18:18.265   536   536 D commservice260303: msg.id = 1028,0
05-27 18:18:18.265   536   536 D commservice260303: i = 170, msgid = 8A000404
05-27 18:18:18.265   536   536 D commservice260303: msgid = -1979710460,did=138
05-27 18:18:18.265   536   536 D commservice260303: CommProtocolLibCmdBaseI2C::dataproc {"command":{"id":"imu_status","sub":""},"content":{"TimeStamp":8,"FrameCounter":207551,"GD_X":-0.012522058561444283,"GD_Y":0.0051151420921087265,"GD_Z":0.002443138277158141,"AD_X":-0.002605631947517395,"AD_Y":-0.0026517717633396387,"AD_Z":-0.1707010269165039,"TempDsp":0,"Status":0,"CalibState":1,"SigAmpInvalid":0}},-1979710460
05-27 18:18:18.265   536   536 D commservice260303: send2Cluster len:316, 7B22636F6D6D616E64223A7B226964223A22696D755F737461747573222C22737562223A22227D2C22636F6E74656E74223A7B2254696D655374616D70223A382C224672616D65436F756E746572223A3230373535312C2247445F58223A2D302E3031323532323035383536313434343238332C2247445F59223A302E303035313135313432303932313038373236352C2247445F5A223A302E3030323434333133383237373135383134312C2241445F58223A2D302E3030323630353633313934373531373339352C2241445F59223A2D302E303032363531373731373633333339363338372C2241445F5A223A2D302E313730373031303236393136353033392C2254656D70447370223A302C22537461747573223A302C2243616C69625374617465223A312C22536967416D70496E76616C6964223A307D7D, 138 
05-27 18:18:18.265   536   536 D commservice260303: Push Message into SendPool fn=-161021184
05-27 18:18:18.265   536   536 D commservice260303: ComProtocolLibSend2Cluster::send2ClusterRaw fn=-161021184 , len=332
05-27 18:18:18.266   536   536 D commservice260303: sendCmdToPort :332!!!
05-27 18:18:18.266   536   536 D commservice260303: send Cmd To Port ++++5AA501488A01000367F66A16C4EA7B22636F6D6D616E64223A7B226964223A22696D755F737461747573222C22737562223A22227D2C22636F6E74656E74223A7B2254696D655374616D70223A382C224672616D65436F756E746572223A3230373535312C2247445F58223A2D302E3031323532323035383536313434343238332C2247445F59223A302E303035313135313432303932313038373236352C2247445F5A223A302E3030323434333133383237373135383134312C2241445F58223A2D302E3030323630353633313934373531373339352C2241445F59223A2D302E303032363531373731373633333339363338372C2241445F5A223A2D302E313730373031303236393136353033392C2254656D70447370223A302C22537461747573223A302C2243616C69625374617465223A312C22536967416D70496E76616C6964223A307D7DF8BF
05-27 18:18:18.266   536   536 D commservice260303: bufferevent_write retrun value = 0
05-27 18:18:18.266   536   560 D commservice260303: client datas send succeed,send finish
05-27 18:18:18.266 13911 14192 D Sentinelmode_1.2.5.17_sentry: <SentryImuClusterFgeSender>imu_status sent to Linux, frame=207551, tsNs=8965499, tsMs=8, intervalMs=41, ad=(-0.002605632,-0.0026517718,-0.17070103), gd=(-0.012522059,0.005115142,0.0024431383)
05-27 18:18:18.269   299 30844 D EvsDriver: forwardFrame
05-27 18:18:18.270   581   581 I SpiService: fgesysctrl_getGPIO_status success val=1
05-27 18:18:18.270   299 30844 D EvsDriver: Delivered 0xb400007b7ca56900 as id 0
05-27 18:18:18.270  1167  1184 D evsmanagerd: /dev/video6 forwarded the buffer #0 to 0xb4000074bf5f5510 from 0xb4000074bf5f6d90
05-27 18:18:18.272   299  1153 D EvsDriver: doneWithFrame
05-27 18:18:18.273   299 30841 D EvsDriver: forwardFrame
05-27 18:18:18.274   299 30841 D EvsDriver: Delivered 0xb400007b7ca56a60 as id 0
05-27 18:18:18.274  1167  1184 D evsmanagerd: /dev/video4 forwarded the buffer #0 to 0xb4000074bf5f6850 from 0xb4000074bf5f41d0
05-27 18:18:18.276   581   581 I SpiService: fgesysctrl_getGPIO_status success val=1
05-27 18:18:18.278   299  1153 D EvsDriver: doneWithFrame
05-27 18:18:18.282   581   581 I SpiService: fgesysctrl_getGPIO_status success val=1
05-27 18:18:18.283 13911 14183 I SentryImuMcuAngleSender: 180.0rollDeg
05-27 18:18:18.283 13911 14183 I SentryImuMcuAngleSender: 1,0,0
05-27 18:18:18.288   581   581 I SpiService: fgesysctrl_getGPIO_status success val=1
05-27 08:09:27.252   581   581 D spidev_ioctl: gpio status=1)
05-27 18:18:18.293  1008 30856 D [OMXB]  : usingANWBuffer: handle:0xee744630, format:1, w:1920, h:1080
05-27 18:18:18.293   283   307 I rvcservice: t.code = 3, t.value = 0
05-27 18:18:18.293   581   581 I SpiService: fgesysctrl_getGPIO_status success val=0
05-27 18:18:18.294   299 30844 D EvsDriver: forwardFrame
05-27 18:18:18.294 30773 30789 I dvr_service_: Camera 0: MediaOK:129126188, frames:2960, isKeyFrame:0,pts:8965129624
05-27 18:18:18.296   299 30844 D EvsDriver: Delivered 0xb400007b7ca56900 as id 0
05-27 18:18:18.297  1167  1184 D evsmanagerd: /dev/video6 forwarded the buffer #0 to 0xb4000074bf5f5510 from 0xb4000074bf5f6d90
05-27 18:18:18.297 30773 30773 I dvr_service_: [myNum:1][onFrameReceived] Received Surface:1 0
05-27 18:18:18.297 30773 30773 E dvr_service_: [myNum:1] Received S**** loss
05-27 18:18:18.297   299  1153 D EvsDriver: doneWithFrame
05-27 18:18:18.300   299 30841 D EvsDriver: forwardFrame
05-27 18:18:18.303   299 30841 D EvsDriver: Delivered 0xb400007b7ca56a60 as id 0
05-27 18:18:18.303 13911 14183 I SentryImuMcuAngleSender: 179.993rollDeg
05-27 18:18:18.303  1167  1184 D evsmanagerd: /dev/video4 forwarded the buffer #0 to 0xb4000074bf5f6850 from 0xb4000074bf5f41d0
05-27 18:18:18.303 13911 14183 I SentryImuMcuAngleSender: 1,0,0
05-27 18:18:18.303 30773 30773 I dvr_service_: [myNum:0][onFrameReceived] Received Surface:1 0
05-27 18:18:18.303 30773 30773 E dvr_service_: [myNum:0] Received S**** loss
05-27 18:18:18.304   299  1153 D EvsDriver: doneWithFrame
05-27 18:18:18.306   536   536 D commservice260303: msg.id = 1028,0
05-27 18:18:18.306   536   536 D commservice260303: i = 170, msgid = 8A000404
05-27 18:18:18.306   536   536 D commservice260303: msgid = -1979710460,did=138
05-27 18:18:18.306   536   536 D commservice260303: CommProtocolLibCmdBaseI2C::dataproc {"command":{"id":"imu_status","sub":""},"content":{"TimeStamp":8,"FrameCounter":207552,"GD_X":-0.011759000830352306,"GD_Y":0.005879240110516548,"GD_Z":0.0020608289632946253,"AD_X":-7.895976305007935E-4,"AD_Y":0.0022340889554470778,"AD_Z":-0.1694812774658203,"TempDsp":0,"Status":0,"CalibState":1,"SigAmpInvalid":0}},-1979710460
05-27 18:18:18.306   536   536 D commservice260303: send2Cluster len:315, 7B22636F6D6D616E64223A7B226964223A22696D755F737461747573222C22737562223A22227D2C22636F6E74656E74223A7B2254696D655374616D70223A382C224672616D65436F756E746572223A3230373535322C2247445F58223A2D302E3031313735393030303833303335323330362C2247445F59223A302E3030353837393234303131303531363534382C2247445F5A223A302E303032303630383238393633323934363235332C2241445F58223A2D372E383935393736333035303037393335452D342C2241445F59223A302E303032323334303838393535343437303737382C2241445F5A223A2D302E313639343831323737343635383230332C2254656D70447370223A302C22537461747573223A302C2243616C69625374617465223A312C22536967416D70496E76616C6964223A307D7D, 138 
05-27 18:18:18.306   536   536 D commservice260303: Push Message into SendPool fn=-144243968
05-27 18:18:18.306   536   536 D commservice260303: ComProtocolLibSend2Cluster::send2ClusterRaw fn=-144243968 , len=331
05-27 18:18:18.306   536   536 D commservice260303: sendCmdToPort :331!!!
05-27 18:18:18.306   536   536 D commservice260303: send Cmd To Port ++++5AA501478A01000367F76A16C4EA7B22636F6D6D616E64223A7B226964223A22696D755F737461747573222C22737562223A22227D2C22636F6E74656E74223A7B2254696D655374616D70223A382C224672616D65436F756E746572223A3230373535322C2247445F58223A2D302E3031313735393030303833303335323330362C2247445F59223A302E3030353837393234303131303531363534382C2247445F5A223A302E303032303630383238393633323934363235332C2241445F58223A2D372E383935393736333035303037393335452D342C2241445F59223A302E303032323334303838393535343437303737382C2241445F5A223A2D302E313639343831323737343635383230332C2254656D70447370223A302C22537461747573223A302C2243616C69625374617465223A312C22536967416D70496E76616C6964223A307D7D8641
05-27 18:18:18.306   536   536 D commservice260303: bufferevent_write retrun value = 0
05-27 18:18:18.307   536   560 D commservice260303: client datas send succeed,send finish
05-27 18:18:18.307 13911 14192 D Sentinelmode_1.2.5.17_sentry: <SentryImuClusterFgeSender>imu_status sent to Linux, frame=207552, tsNs=8965552, tsMs=8, intervalMs=40, ad=(-7.8959763E-4,0.002234089,-0.16948128), gd=(-0.011759001,0.00587924,0.002060829)
05-27 18:18:18.308   581   581 I SpiService: fgesysctrl_getGPIO_status success val=1
05-27 08:09:27.273   581   581 D spi_rst_gpio_get_output: GPIO 145 value: 1
05-27 08:09:27.273   581   581 D spidev_ioctl: gpio status=1)
05-27 18:18:18.314   581   581 I SpiService: fgesysctrl_getGPIO_status success val=1
05-27 08:09:27.278   581   581 D spi_rst_gpio_get_output: GPIO 145 value: 1
05-27 18:18:18.319   581   581 I SpiService: fgesysctrl_getGPIO_status success val=1
05-27 18:18:18.319  1008 30857 D [OMXB]  : usingANWBuffer: handle:0xee743ea0, format:1, w:1920, h:1080
05-27 18:18:18.323 13911 14183 I SentryImuMcuAngleSender: 179.96497rollDeg
05-27 18:18:18.323 13911 14183 I SentryImuMcuAngleSender: 1,0,0
05-27 18:18:18.325   581   581 I SpiService: fgesysctrl_getGPIO_status success val=1
05-27 18:18:18.330   581   581 I SpiService: fgesysctrl_getGPIO_status success val=1
05-27 18:18:18.333   299 30844 D EvsDriver: forwardFrame
05-27 18:18:18.335   299 30844 D EvsDriver: Delivered 0xb400007b7ca56900 as id 0
05-27 18:18:18.335  1167  1184 D evsmanagerd: /dev/video6 forwarded the buffer #0 to 0xb4000074bf5f5510 from 0xb4000074bf5f6d90
05-27 18:18:18.336   581   581 I SpiService: fgesysctrl_getGPIO_status success val=0
05-27 18:18:18.337   299  1153 D EvsDriver: doneWithFrame
05-27 18:18:18.337   299 30841 D EvsDriver: forwardFrame
05-27 18:18:18.337   572   572 I Sensors : 230 AccelSensor: x:-0.168360,y:0.003659,z:-9.974720
05-27 08:09:27.300   581   581 D spi_rst_gpio_get_output: GPIO 145 value: 0
05-27 08:09:27.300   581   581 D spidev_ioctl: gpio status=0)
05-27 18:18:18.339   299 30841 D EvsDriver: Delivered 0xb400007b7ca56a60 as id 0
05-27 18:18:18.339  1167  1184 D evsmanagerd: /dev/video4 forwarded the buffer #0 to 0xb4000074bf5f6850 from 0xb4000074bf5f41d0
05-27 18:18:18.341  1008 30856 D [OMXB]  : usingANWBuffer: handle:0xee7427f0, format:1, w:1920, h:1080
05-27 18:18:18.343   299  1153 D EvsDriver: doneWithFrame
05-27 18:18:18.344 13911 14183 I SentryImuMcuAngleSender: 179.97899rollDeg
05-27 18:18:18.344 13911 14183 I SentryImuMcuAngleSender: 1,0,0
05-27 18:18:18.346   536   536 D commservice260303: msg.id = 1028,0
05-27 18:18:18.347   536   536 D commservice260303: i = 170, msgid = 8A000404
05-27 18:18:18.347   536   536 D commservice260303: msgid = -1979710460,did=138
05-27 18:18:18.347   536   536 D commservice260303: CommProtocolLibCmdBaseI2C::dataproc {"command":{"id":"imu_status","sub":""},"content":{"TimeStamp":8,"FrameCounter":207553,"GD_X":-0.011759000830352306,"GD_Y":0.004809814505279064,"GD_Z":0.002519079949706793,"AD_X":-0.0020164400339126587,"AD_Y":9.996716398745775E-4,"AD_Z":-0.1694812774658203,"TempDsp":0,"Status":0,"CalibState":1,"SigAmpInvalid":0}},-1979710460
05-27 18:18:18.347   536   536 D commservice260303: send2Cluster len:314, 7B22636F6D6D616E64223A7B226964223A22696D755F737461747573222C22737562223A22227D2C22636F6E74656E74223A7B2254696D655374616D70223A382C224672616D65436F756E746572223A3230373535332C2247445F58223A2D302E3031313735393030303833303335323330362C2247445F59223A302E3030343830393831343530353237393036342C2247445F5A223A302E3030323531393037393934393730363739332C2241445F58223A2D302E303032303136343430303333393132363538372C2241445F59223A392E393936373136333938373435373735452D342C2241445F5A223A2D302E313639343831323737343635383230332C2254656D70447370223A302C22537461747573223A302C2243616C69625374617465223A312C22536967416D70496E76616C6964223A307D7D, 138 
05-27 18:18:18.347   536   536 D commservice260303: Push Message into SendPool fn=-127466752
05-27 18:18:18.347   536   536 D commservice260303: ComProtocolLibSend2Cluster::send2ClusterRaw fn=-127466752 , len=330
05-27 18:18:18.347   536   536 D commservice260303: sendCmdToPort :330!!!
05-27 18:18:18.347   536   536 D commservice260303: send Cmd To Port ++++5AA501468A01000367F86A16C4EA7B22636F6D6D616E64223A7B226964223A22696D755F737461747573222C22737562223A22227D2C22636F6E74656E74223A7B2254696D655374616D70223A382C224672616D65436F756E746572223A3230373535332C2247445F58223A2D302E3031313735393030303833303335323330362C2247445F59223A302E3030343830393831343530353237393036342C2247445F5A223A302E3030323531393037393934393730363739332C2241445F58223A2D302E303032303136343430303333393132363538372C2241445F59223A392E393936373136333938373435373735452D342C2241445F5A223A2D302E313639343831323737343635383230332C2254656D70447370223A302C22537461747573223A302C2243616C69625374617465223A312C22536967416D70496E76616C6964223A307D7DB615
05-27 18:18:18.349   536   536 D commservice260303: bufferevent_write retrun value = 0
05-27 18:18:18.349   536   560 D commservice260303: client datas send succeed,send finish
05-27 18:18:18.349 13911 14192 D Sentinelmode_1.2.5.17_sentry: <SentryImuClusterFgeSender>imu_status sent to Linux, frame=207553, tsNs=8965588, tsMs=8, intervalMs=43, ad=(-0.00201644,9.996716E-4,-0.16948128), gd=(-0.011759001,0.0048098145,0.00251908)
05-27 18:18:18.351   581   581 I SpiService: fgesysctrl_getGPIO_status success val=1
05-27 08:09:27.315   581   581 D spi_rst_gpio_get_output: GPIO 145 value: 1
05-27 18:18:18.356   581   581 I SpiService: fgesysctrl_getGPIO_status success val=1
05-27 08:09:27.321   581   581 D spi_rst_gpio_get_output: GPIO 145 value: 1
05-27 18:18:18.362   581   581 I SpiService: fgesysctrl_getGPIO_status success val=1
05-27 18:18:18.364 13911 14183 I SentryImuMcuAngleSender: 179.98598rollDeg
05-27 18:18:18.364 13911 14183 I SentryImuMcuAngleSender: 1,0,0
05-27 18:18:18.364  1008 30857 D [OMXB]  : usingANWBuffer: handle:0xee743240, format:1, w:1920, h:1080
05-27 18:18:18.365   299 30841 D EvsDriver: forwardFrame
05-27 18:18:18.366  1167  1184 D evsmanagerd: /dev/video4 forwarded the buffer #0 to 0xb4000074bf5f6850 from 0xb4000074bf5f41d0
05-27 18:18:18.366   299 30841 D EvsDriver: Delivered 0xb400007b7ca56a60 as id 0
05-27 18:18:18.367   581   581 I SpiService: fgesysctrl_getGPIO_status success val=1
05-27 18:18:18.369   299  1153 D EvsDriver: doneWithFrame
05-27 18:18:18.370   299 30844 D EvsDriver: forwardFrame
05-27 18:18:18.372  1167  1184 D evsmanagerd: /dev/video6 forwarded the buffer #0 to 0xb4000074bf5f5510 from 0xb4000074bf5f6d90
05-27 18:18:18.372   299 30844 D EvsDriver: Delivered 0xb400007b7ca56900 as id 0
05-27 18:18:18.373   581   581 I SpiService: fgesysctrl_getGPIO_status success val=1
05-27 18:18:18.375   299  1153 D EvsDriver: doneWithFrame
05-27 18:18:18.379   581   581 I SpiService: fgesysctrl_getGPIO_status success val=0
05-27 18:18:18.385 13911 14183 I SentryImuMcuAngleSender: 179.98598rollDeg
05-27 18:18:18.385 13911 14183 I SentryImuMcuAngleSender: 1,0,0
05-27 18:18:18.386   536   536 D commservice260303: msg.id = 1028,0
05-27 18:18:18.386   536   536 D commservice260303: i = 170, msgid = 8A000404
05-27 18:18:18.386   536   536 D commservice260303: msgid = -1979710460,did=138
05-27 18:18:18.386   536   536 D commservice260303: CommProtocolLibCmdBaseI2C::dataproc {"command":{"id":"imu_status","sub":""},"content":{"TimeStamp":8,"FrameCounter":207554,"GD_X":-0.011682018637657166,"GD_Y":0.0051151420921087265,"GD_Z":0.0023671966046094894,"AD_X":-2.0210444927215576E-4,"AD_Y":-2.179490402340889E-4,"AD_Z":-0.1694812774658203,"TempDsp":0,"Status":0,"CalibState":1,"SigAmpInvalid":0}},-1979710460
05-27 18:18:18.386   536   536 D commservice260303: send2Cluster len:317, 7B22636F6D6D616E64223A7B226964223A22696D755F737461747573222C22737562223A22227D2C22636F6E74656E74223A7B2254696D655374616D70223A382C224672616D65436F756E746572223A3230373535342C2247445F58223A2D302E3031313638323031383633373635373136362C2247445F59223A302E303035313135313432303932313038373236352C2247445F5A223A302E303032333637313936363034363039343839342C2241445F58223A2D322E30323130343434393237323135353736452D342C2241445F59223A2D322E313739343930343032333430383839452D342C2241445F5A223A2D302E313639343831323737343635383230332C2254656D70447370223A302C22537461747573223A302C2243616C69625374617465223A312C22536967416D70496E76616C6964223A307D7D, 138 
05-27 18:18:18.386   536   536 D commservice260303: Push Message into SendPool fn=-110689536
05-27 18:18:18.386   536   536 D commservice260303: ComProtocolLibSend2Cluster::send2ClusterRaw fn=-110689536 , len=333
05-27 18:18:18.386   536   536 D commservice260303: sendCmdToPort :333!!!
05-27 18:18:18.387   536   536 D commservice260303: send Cmd To Port ++++5AA501498A01000367F96A16C4EA7B22636F6D6D616E64223A7B226964223A22696D755F737461747573222C22737562223A22227D2C22636F6E74656E74223A7B2254696D655374616D70223A382C224672616D65436F756E746572223A3230373535342C2247445F58223A2D302E3031313638323031383633373635373136362C2247445F59223A302E303035313135313432303932313038373236352C2247445F5A223A302E303032333637313936363034363039343839342C2241445F58223A2D322E30323130343434393237323135353736452D342C2241445F59223A2D322E313739343930343032333430383839452D342C2241445F5A223A2D302E313639343831323737343635383230332C2254656D70447370223A302C22537461747573223A302C2243616C69625374617465223A312C22536967416D70496E76616C6964223A307D7D3440
05-27 18:18:18.387   536   536 D commservice260303: bufferevent_write retrun value = 0
05-27 18:18:18.387 13911 14192 D Sentinelmode_1.2.5.17_sentry: <SentryImuClusterFgeSender>imu_status sent to Linux, frame=207554, tsNs=8965631, tsMs=8, intervalMs=38, ad=(-2.0210445E-4,-2.1794904E-4,-0.16948128), gd=(-0.011682019,0.005115142,0.0023671966)
05-27 18:18:18.388   536   560 D commservice260303: client datas send succeed,send finish
05-27 18:18:18.388   566 11459 I gps_hdbd: Received: '$GNGGA,003409.000,,,,,0,00,,,M,,M,,*68
'
05-27 18:18:18.392  1008 30856 D [OMXB]  : usingANWBuffer: handle:0xee747180, format:1, w:1920, h:1080
05-27 18:18:18.393   581   581 I SpiService: fgesysctrl_getGPIO_status success val=1
05-27 18:18:18.394   283   307 I rvcservice: t.code = 0, t.value = 0
05-27 18:18:18.394   566 11459 I gps_hdbd: Received: '$GNGSA,A,1,,,,,,,,,,,,,,,,1*1D
'
05-27 18:18:18.399   581   581 I SpiService: fgesysctrl_getGPIO_status success val=1
05-27 18:18:18.399   299 30844 D EvsDriver: forwardFrame
05-27 18:18:18.400   566 11459 I gps_hdbd: Received: '$GNGSA,A,1,,,,,,,,,,,,,,,,3*1F
'
05-27 18:18:18.402   566 11459 I gps_hdbd: Received: '$GNGSA,A,1,,,,,,,,,,,,,,,,4*18
'
05-27 18:18:18.402   566 11459 I gps_hdbd: Received: '$BDGSV,1,1,00,1*75
'
05-27 18:18:18.403   299 30841 D EvsDriver: forwardFrame
05-27 18:18:18.404   299 30844 D EvsDriver: Delivered 0xb400007b7ca56900 as id 0
05-27 18:18:18.404  1167  1184 D evsmanagerd: /dev/video6 forwarded the buffer #0 to 0xb4000074bf5f5510 from 0xb4000074bf5f6d90
05-27 18:18:18.404   299 30841 D EvsDriver: Delivered 0xb400007b7ca56a60 as id 0
05-27 18:18:18.405  1167  1184 D evsmanagerd: /dev/video4 forwarded the buffer #0 to 0xb4000074bf5f6850 from 0xb4000074bf5f41d0
05-27 18:18:18.406   581   581 I SpiService: fgesysctrl_getGPIO_status success val=1
05-27 18:18:18.406 13911 14183 I SentryImuMcuAngleSender: 179.99298rollDeg
05-27 18:18:18.407 13911 14183 I SentryImuMcuAngleSender: 1,0,0
05-27 18:18:18.407   566 11459 I gps_hdbd: Received: '$BDGSV,1,1,00,5*71
'
05-27 08:09:27.370   581   581 D spi_rst_gpio_get_output: GPIO 145 value: 1
05-27 08:09:27.370   581   581 D spidev_ioctl: gpio status=1)
05-27 18:18:18.412   299  1153 D EvsDriver: doneWithFrame
05-27 18:18:18.412   581   581 I SpiService: fgesysctrl_getGPIO_status success val=1
05-27 18:18:18.413   299  1153 D EvsDriver: doneWithFrame
05-27 18:18:18.413   566 11459 I gps_hdbd: Received: '$GPGSV,1,1,01,199,42,165,,1*60
'
05-27 18:18:18.414   566 11459 I gps_hdbd: Received: '$GPGSV,1,1,00,8*6D
'
05-27 18:18:18.415   566 11459 I gps_hdbd: Received: '$GAGSV,1,1,00,7*73
'
05-27 18:18:18.416  1008 30857 D [OMXB]  : usingANWBuffer: handle:0xee740e80, format:1, w:1920, h:1080
05-27 18:18:18.418   581   581 I SpiService: fgesysctrl_getGPIO_status success val=0
05-27 18:18:18.422   566 11459 I gps_hdbd: Received: '$GAGSV,1,1,00,1*75
'
05-27 18:18:18.424   566 11459 I gps_hdbd: Received: '$GNRMC,003409.000,V,,,,,,,270526,120.0,E,N,V*4B
'
05-27 18:18:18.424   566 11459 I gps_hdbd: RMC : CALL gnss_sv_status_cb, view_in_sat <1>
05-27 18:18:18.424   566 11459 I gps_hdbd: [reportSvStatus]--->PLATFORM_BSP::Enter
05-27 18:18:18.425   566 11459 I gps_hdbd: hy abnormal deal:hy_cnr30_satellite_cnt=0
05-27 18:18:18.425   566 11459 D gps_hdbd: hy abnormal deal:hy_fixStatus_fail_count=0
05-27 18:18:18.425   566 11459 I gps_hdbd: Received: '$GNZDA,003409.000,27,05,2026,00,00*40
'
05-27 18:18:18.426  1083  1083 W MyAppLog: [2026-05-27 18:18:18.425 W tboxap gpsSyncGpsInfoToDm:361] [Gps] [gpsSyncGpsInfoToDm] fix=0 mode=49 corner:0x01 alt=0.00 sat=0 hdop=0.00 pdop=0.00 vdop=0.00
05-27 18:18:18.427 13911 14183 I SentryImuMcuAngleSender: 179.99298rollDeg
05-27 18:18:18.427 13911 14183 I SentryImuMcuAngleSender: 1,0,0
05-27 18:18:18.430   299 30841 D EvsDriver: forwardFrame
05-27 18:18:18.431   299 30841 D EvsDriver: Delivered 0xb400007b7ca56a60 as id 0
05-27 18:18:18.431  1167  1184 D evsmanagerd: /dev/video4 forwarded the buffer #0 to 0xb4000074bf5f6850 from 0xb4000074bf5f41d0
