05-27 18:18:25.528 32036 32036 D ANWJNI_SECOND: (32036|0x5467E4F8)[BTAPP] XML : waveout debug open
05-27 18:18:25.528 32036 32036 D ANWJNI_SECOND: 
05-27 18:18:25.528 32036 32036 D ANWJNI_SECOND: (32036|0x5467E4F8)[BTAPP] XML : avrcp debug
05-27 18:18:25.528 32036 32036 D ANWJNI_SECOND: 
05-27 18:18:25.529 32036 32036 D ANWJNI_SECOND: (32036|0x5467E4F8)[BTAPP] XML : avrcp debug open
05-27 18:18:25.529 32036 32036 D ANWJNI_SECOND: 
05-27 18:18:25.529 32036 32036 D ANWJNI_SECOND: (32036|0x5467E4F8)[BTAPP] XML : pbap debug
05-27 18:18:25.529 32036 32036 D ANWJNI_SECOND: 
05-27 18:18:25.529 32036 32036 D ANWJNI_SECOND: (32036|0x5467E4F8)[BTAPP] XML : pbap debug open
05-27 18:18:25.529 32036 32036 D ANWJNI_SECOND: 
05-27 08:09:34.486   581   581 D spi_rst_gpio_get_output: GPIO 145 value: 1
05-27 18:18:25.529 32036 32036 D ANWJNI_SECOND: (32036|0x5467E4F8)[BTAPP] XML : map debug
05-27 18:18:25.529 32036 32036 D ANWJNI_SECOND: 
05-27 18:18:25.529 32036 32036 D ANWJNI_SECOND: (32036|0x5467E4F8)[BTAPP] XML : map debug open
05-27 18:18:25.529 32036 32036 D ANWJNI_SECOND: 
05-27 18:18:25.529 32036 32036 D ANWJNI_SECOND: (32036|0x5467E4F8)[BTAPP] get debug_iap data fail
05-27 18:18:25.529 32036 32036 D ANWJNI_SECOND: 
05-27 18:18:25.529 32036 32036 D ANWJNI_SECOND: (32036|0x5467E4F8)[BTAPP] XML : btsnoop
05-27 18:18:25.529 32036 32036 D ANWJNI_SECOND: 
05-27 18:18:25.529 32036 32036 D ANWJNI_SECOND: (32036|0x5467E4F8)[BTAPP] XML : btsnoop open
05-27 18:18:25.529 32036 32036 D ANWJNI_SECOND: 
05-27 08:09:34.486   581   581 D spidev_ioctl: gpio status=1)
05-27 08:09:34.491   581   581 D spi_rst_gpio_get_output: GPIO 145 value: 0
05-27 08:09:34.492   581   581 D spidev_ioctl: gpio status=0)
05-27 18:18:25.529 32036 32036 D ANWJNI_SECOND: (32036|0x5467E4F8)[BTAPP] XML : file_path 
05-27 18:18:25.529 32036 32036 D ANWJNI_SECOND: 
05-27 18:18:25.529 32036 32036 D ANWJNI_SECOND: (32036|0x5467E4F8)[BTAPP] XML : file_path /data/misc/anw/ is exist,so break
05-27 18:18:25.529 32036 32036 D ANWJNI_SECOND: 
05-27 18:18:25.529 32036 32036 D ANW_AVRCP_SECOND: AnWBT_Set_Storage_Path path /data/misc/anw/
05-27 18:18:25.529 32036 32036 D ANWJNI_SECOND: (32036|0x5467E4F8)[BTAPP] XML : btsnoop_file_path 
05-27 18:18:25.529 32036 32036 D ANWJNI_SECOND: 
05-27 18:18:25.529 32036 32036 D ANWJNI_SECOND: (32036|0x5467E4F8)[BTAPP] XML : btsnoop_path /data/misc/anw/logs/ is exist,so break
05-27 18:18:25.529 32036 32036 D ANWJNI_SECOND: 
05-27 18:18:25.530 32036 32036 D ANWJNI_SECOND: (32036|0x5467E4F8)[BTAPP] XML : find btsnoop_file_size_MB setting
05-27 18:18:25.530 32036 32036 D ANWJNI_SECOND: 
05-27 18:18:25.530 32036 32036 D ANWJNI_SECOND: (32036|0x5467E4F8)[BTAPP] XML : find maxBtSnoopFileSize_MB(100)(100)
05-27 18:18:25.530 32036 32036 D ANWJNI_SECOND: 
05-27 18:18:25.530 32036 32036 D ANWJNI_SECOND: (32036|0x5467E4F8)[BTAPP] XML : find rfkillstate_path:/sys/class/gpio/gpio142/value
05-27 18:18:25.530 32036 32036 D ANWJNI_SECOND: 
05-27 18:18:25.530 32036 32036 D ANWAPI_SECOND: (32036|0x5467E4F8)[BTAPI] AnW_BT_SetRfkillStatePath
05-27 18:18:25.530 32036 32036 D ANWJNI_SECOND: (32036|0x5467E4F8)[BTAPP] get dump_pcm data fail
05-27 18:18:25.530 32036 32036 D ANWJNI_SECOND: 
05-27 18:18:25.530 32036 32036 D ANWJNI_SECOND: (32036|0x5467E4F8)[BTAPP] XML : accept_avrcp_ct_control
05-27 18:18:25.530 32036 32036 D ANWJNI_SECOND: 
05-27 18:18:25.530 32036 32036 D ANWJNI_SECOND: (32036|0x5467E4F8)[BTAPP] XML : accept_avrcp_ct_control close
05-27 18:18:25.530 32036 32036 D ANWJNI_SECOND: 
05-27 18:18:25.530 32036 32036 D ANWJNI_SECOND: (32036|0x5467E4F8)[BTAPP] XML : find maxHFPAGConnNum setting
05-27 18:18:25.530 32036 32036 D ANWJNI_SECOND: 
05-27 18:18:25.530 32036 32036 D ANWJNI_SECOND: (32036|0x5467E4F8)[BTAPP] XML : find maxHFPAGConnNum(2)(2)
05-27 18:18:25.530 32036 32036 D ANWJNI_SECOND: 
05-27 18:18:25.530 32036 32036 D ANWJNI_SECOND: (32036|0x5467E4F8)[BTAPP] XML : find maxHFPHFConnNum setting
05-27 18:18:25.530 32036 32036 D ANWJNI_SECOND: 
05-27 18:18:25.530 32036 32036 D ANWJNI_SECOND: (32036|0x5467E4F8)[BTAPP] XML : find maxHFPHFConnNum(0)(0)
05-27 18:18:25.530 32036 32036 D ANWJNI_SECOND: 
05-27 18:18:25.530 32036 32036 D ANWJNI_SECOND: (32036|0x5467E4F8)[BTAPP] XML : find maxPBAPConnNum setting
05-27 18:18:25.530 32036 32036 D ANWJNI_SECOND: 
05-27 18:18:25.530 32036 32036 D ANWJNI_SECOND: (32036|0x5467E4F8)[BTAPP] XML : find maxPBAPConnNum(0)(0)
05-27 18:18:25.530 32036 32036 D ANWJNI_SECOND: 
05-27 18:18:25.530 32036 32036 D ANWJNI_SECOND: (32036|0x5467E4F8)[BTAPP] XML : find maxMAPConnNum setting
05-27 18:18:25.530 32036 32036 D ANWJNI_SECOND: 
05-27 18:18:25.530 32036 32036 D ANWJNI_SECOND: (32036|0x5467E4F8)[BTAPP] XML : find maxMAPConnNum(0)(0)
05-27 18:18:25.530 32036 32036 D ANWJNI_SECOND: 
05-27 18:18:25.530 32036 32036 D ANWJNI_SECOND: (32036|0x5467E4F8)[BTAPP] XML : find maxA2DPSinkConnNum setting
05-27 18:18:25.530 32036 32036 D ANWJNI_SECOND: 
05-27 18:18:25.530 32036 32036 D ANWJNI_SECOND: (32036|0x5467E4F8)[BTAPP] XML : find maxA2DPSinkConnNum(0)(0)
05-27 18:18:25.530 32036 32036 D ANWJNI_SECOND: 
05-27 18:18:25.530 32036 32036 D ANWJNI_SECOND: (32036|0x5467E4F8)[BTAPP] XML : find maxA2DPSourceConnNum setting
05-27 18:18:25.530 32036 32036 D ANWJNI_SECOND: 
05-27 18:18:25.531 32036 32036 D ANWJNI_SECOND: (32036|0x5467E4F8)[BTAPP] XML : find maxA2DPSourceConnNum(2)(2)
05-27 18:18:25.531 32036 32036 D ANWJNI_SECOND: 
05-27 18:18:25.531 32036 32036 D ANWJNI_SECOND: (32036|0x5467E4F8)[BTAPP] XML : find maxAVRCPCTConnNum setting
05-27 18:18:25.531 32036 32036 D ANWJNI_SECOND: 
05-27 18:18:25.531 32036 32036 D ANWJNI_SECOND: (32036|0x5467E4F8)[BTAPP] XML : find (0)(0)
05-27 18:18:25.531 32036 32036 D ANWJNI_SECOND: 
05-27 18:18:25.531 32036 32036 D ANWJNI_SECOND: (32036|0x5467E4F8)[BTAPP] XML : find maxAVRCPTGConnNum setting
05-27 18:18:25.531 32036 32036 D ANWJNI_SECOND: 
05-27 18:18:25.531 32036 32036 D ANWJNI_SECOND: (32036|0x5467E4F8)[BTAPP] XML : find maxAVRCPTGConnNum(2)(2)
05-27 18:18:25.531 32036 32036 D ANWJNI_SECOND: 
05-27 18:18:25.531 32036 32036 D ANWJNI_SECOND: (32036|0x5467E4F8)[BTAPP] XML : find maxDeviceConnNum setting
05-27 18:18:25.531 32036 32036 D ANWJNI_SECOND: 
05-27 18:18:25.531 32036 32036 D ANWJNI_SECOND: (32036|0x5467E4F8)[BTAPP] XML : find maxDeviceConnNum(2)(2)
05-27 18:18:25.531 32036 32036 D ANWJNI_SECOND: 
05-27 18:18:25.531 32036 32036 D ANWJNI_SECOND: (32036|0x5467E4F8)[BTAPP] XML : find maxSCOConnNum setting
05-27 18:18:25.531 32036 32036 D ANWJNI_SECOND: 
05-27 18:18:25.531 32036 32036 D ANWJNI_SECOND: (32036|0x5467E4F8)[BTAPP] XML : find maxSCOConnNum(2)(2)
05-27 18:18:25.531 32036 32036 D ANWJNI_SECOND: 
05-27 18:18:25.531 32036 32036 D ANWJNI_SECOND: (32036|0x5467E4F8)[BTAPP] XML : find maxHFSCOConnNum setting
05-27 18:18:25.531 32036 32036 D ANWJNI_SECOND: 
05-27 18:18:25.531 32036 32036 D ANWJNI_SECOND: (32036|0x5467E4F8)[BTAPP] XML : find maxHFSCOConnNum(0)(0)
05-27 18:18:25.531 32036 32036 D ANWJNI_SECOND: 
05-27 18:18:25.531 32036 32036 D ANWJNI_SECOND: (32036|0x5467E4F8)[BTAPP] XML : find maxAGSCOConnNum setting
05-27 18:18:25.531 32036 32036 D ANWJNI_SECOND: 
05-27 18:18:25.531 32036 32036 D ANWJNI_SECOND: (32036|0x5467E4F8)[BTAPP] XML : find maxAGSCOConnNum(2)(2)
05-27 18:18:25.531 32036 32036 D ANWJNI_SECOND: 
05-27 18:18:25.531 32036 32036 D ANWJNI_SECOND: (32036|0x5467E4F8)[BTAPP] XML : find maxOppConnNum_data setting
05-27 18:18:25.531 32036 32036 D ANWJNI_SECOND: 
05-27 18:18:25.531 32036 32036 D ANWJNI_SECOND: (32036|0x5467E4F8)[BTAPP] XML : find maxOPPConnNum(0)(0)
05-27 18:18:25.531 32036 32036 D ANWJNI_SECOND: 
05-27 18:18:25.531 32036 32036 D ANWJNI_SECOND: (32036|0x5467E4F8)[BTAPP] XML : find maxHidHostConnNum_data setting
05-27 18:18:25.531 32036 32036 D ANWJNI_SECOND: 
05-27 18:18:25.531 32036 32036 D ANWJNI_SECOND: (32036|0x5467E4F8)[BTAPP] XML : find maxHidHostConnNum(0)(0)
05-27 18:18:25.531 32036 32036 D ANWJNI_SECOND: 
05-27 18:18:25.531 32036 32036 D ANWJNI_SECOND: (32036|0x5467E4F8)[BTAPP] XML : music_mode_auto_select
05-27 18:18:25.531 32036 32036 D ANWJNI_SECOND: 
05-27 18:18:25.531 32036 32036 D ANWJNI_SECOND: (32036|0x5467E4F8)[BTAPP] XML : music_mode_auto_select open
05-27 18:18:25.531 32036 32036 D ANWJNI_SECOND: 
05-27 18:18:25.531 32036 32036 D ANWJNI_SECOND: (32036|0x5467E4F8)[BTAPP] XML : BQB_test_setting
05-27 18:18:25.531 32036 32036 D ANWJNI_SECOND: 
05-27 18:18:25.532 32036 32036 D ANWJNI_SECOND: (32036|0x5467E4F8)[BTAPP] XML : BQB_test_setting close
05-27 18:18:25.532 32036 32036 D ANWJNI_SECOND: 
05-27 18:18:25.532 32036 32036 D ANWJNI_SECOND: (32036|0x5467E4F8)[BTAPP] XML : find aaudio_device_id setting
05-27 18:18:25.532 32036 32036 D ANWJNI_SECOND: 
05-27 18:18:25.532 32036 32036 D ANWJNI_SECOND: (32036|0x5467E4F8)[BTAPP] XML : find aaudio_device_id(16)(16)
05-27 18:18:25.532 32036 32036 D ANWJNI_SECOND: 
05-27 18:18:25.532 32036 32036 D ANWJNI_SECOND: (32036|0x5467E4F8)[BTAPP] XML : local_device_name_data 
05-27 18:18:25.532 32036 32036 D ANWJNI_SECOND: 
05-27 18:18:25.532 32036 32036 D ANWAPI_SECOND: (32036|0x5467E4F8)[BTAPI] AnWBT_Set_Local_Device_Before_Init LJ_FUJIA
05-27 18:18:25.532 32036 32036 D ANWJNI_SECOND: (32036|0x5467E4F8)[BTAPP] get a2dp_sink_pcm data fail
05-27 18:18:25.532 32036 32036 D ANWJNI_SECOND: 
05-27 18:18:25.532 32036 32036 D ANWJNI_SECOND: (32036|0x5467E4F8)[BTAPP] XML : master_device_file_path 
05-27 18:18:25.532 32036 32036 D ANWJNI_SECOND: 
05-27 18:18:25.532 32036 32036 D ANWJNI_SECOND: (32036|0x5467E4F8)[BTAPP] XML : master_device_file_path /anw/target_device_info is not exist
05-27 18:18:25.532 32036 32036 D ANWJNI_SECOND: 
05-27 18:18:25.532 32036 32036 D ANWJNI_SECOND: (32036|0x5467E4F8)[BTAPP] XML : read_rssi_switch
05-27 18:18:25.532 32036 32036 D ANWJNI_SECOND: 
05-27 18:18:25.532 32036 32036 D ANWJNI_SECOND: (32036|0x5467E4F8)[BTAPP] XML : read_rssi_switch close
05-27 18:18:25.532 32036 32036 D ANWJNI_SECOND: 
05-27 18:18:25.532 32036 32036 D ANWJNI_SECOND: (32036|0x5467E4F8)[BTAPP] XML : pbapClient_autoConnectAndDownload
05-27 18:18:25.532 32036 32036 D ANWJNI_SECOND: 
05-27 18:18:25.532 32036 32036 D ANWJNI_SECOND: (32036|0x5467E4F8)[BTAPP] XML : PBAP Client auto connect an download close
05-27 18:18:25.532 32036 32036 D ANWJNI_SECOND: 
05-27 18:18:25.532 32036 32036 D ANWJNI_SECOND: (32036|0x5467E4F8)[BTAPP] get callDisconnect_AutoDownloadCalllog data fail
05-27 18:18:25.532 32036 32036 D ANWJNI_SECOND: 
05-27 18:18:25.532 32036 32036 D ANWJNI_SECOND: (32036|0x5467E4F8)[BTAPP] XML : UART_path 
05-27 18:18:25.532 32036 32036 D ANWJNI_SECOND: 
05-27 18:18:25.532 32036 32036 D ANWJNI_SECOND: (32036|0x5467E4F8)[BTAPP] XML : UART_path:[/dev/ttyS3]
05-27 18:18:25.532 32036 32036 D ANWJNI_SECOND: 
05-27 18:18:25.532 32036 32036 D ANWJNI_SECOND: (32036|0x5467E4F8)[BTAPP] get BTADDR_path data fail
05-27 18:18:25.532 32036 32036 D ANWJNI_SECOND: 
05-27 18:18:25.532 32036 32036 D ANWJNI_SECOND: (32036|0x5467E4F8)[BTAPP] XML : BTADDR path not find
05-27 18:18:25.532 32036 32036 D ANWJNI_SECOND: 
05-27 18:18:25.532 32036 32036 D ANWJNI_SECOND: (32036|0x5467E4F8)[BTAPP] XML : find UART_baudRate_init(115200)
05-27 18:18:25.532 32036 32036 D ANWJNI_SECOND: 
05-27 18:18:25.533 32036 32036 D ANWJNI_SECOND: (32036|0x5467E4F8)[BTAPP] XML : find UART_baudRate_normal(3000000)
05-27 18:18:25.533 32036 32036 D ANWJNI_SECOND: 
05-27 18:18:25.533 32036 32036 D ANWJNI_SECOND: (32036|0x5467E4F8)[BTAPP] XML : AVRCP_ABSOLUTE_VOLUME
05-27 18:18:25.533 32036 32036 D ANWJNI_SECOND: 
05-27 18:18:25.533 32036 32036 D ANWJNI_SECOND: (32036|0x5467E4F8)[BTAPP] XML : avrcp absolute volume change open
05-27 18:18:25.533 32036 32036 D ANWJNI_SECOND: 
05-27 18:18:25.533 32036 32036 D ANWAPI_SECOND: (32036|0x5467E4F8)[BTAPI] AnWBT_Set_Avrcp_Absoulte_Volume_Change[1]
05-27 18:18:25.533 32036 32036 D ANWJNI_SECOND: (32036|0x5467E4F8)[BTAPP] get generate_random_address data fail
05-27 18:18:25.533 32036 32036 D ANWJNI_SECOND: 
05-27 18:18:25.533 32036 32036 D ANWJNI_SECOND: (32036|0x5467E4F8)[BTAPP] get reject_a2dp_avrcp data fail
05-27 18:18:25.533 32036 32036 D ANWJNI_SECOND: 
05-27 18:18:25.533 32036 32036 D ANWJNI_SECOND: (32036|0x5467E4F8)[BTAPP] XML : find connect_by_sdp_limit setting
05-27 18:18:25.533 32036 32036 D ANWJNI_SECOND: 
05-27 18:18:25.533 32036 32036 D ANWJNI_SECOND: (32036|0x5467E4F8)[BTAPP] connect_by_sdp_limit set(close)
05-27 18:18:25.533 32036 32036 D ANWJNI_SECOND: 
05-27 18:18:25.533 32036 32036 D ANWJNI_SECOND: (32036|0x5467E4F8)[BTAPP] XML : find hfpag_auto_select_main_device setting
05-27 18:18:25.533 32036 32036 D ANWJNI_SECOND: 
05-27 18:18:25.533 32036 32036 D ANWJNI_SECOND: (32036|0x5467E4F8)[BTAPP] hfpag_auto_select_main_device set(open)
05-27 18:18:25.533 32036 32036 D ANWJNI_SECOND: 
05-27 18:18:25.533 32036 32036 D ANWJNI_SECOND: (32036|0x5467E4F8)[BTAPP] XML : find waveout_file_size_MB setting
05-27 18:18:25.533 32036 32036 D ANWJNI_SECOND: 
05-27 18:18:25.533 32036 32036 D ANWJNI_SECOND: (32036|0x5467E4F8)[BTAPP] XML : find waveout_file_size_MB_data(50)
05-27 18:18:25.533 32036 32036 D ANWJNI_SECOND: 
05-27 18:18:25.533 32036 32036 D ANWJNI_SECOND: (32036|0x5467E4F8)[BTAPP] free source_data
05-27 18:18:25.533 32036 32036 D ANWJNI_SECOND: 
05-27 18:18:25.533 32036 32036 D ANWJNI_SECOND: (32036|0x5467E4F8)[BTAPP] Read XMLfile End
05-27 18:18:25.533 32036 32036 D ANWJNI_SECOND: 
05-27 18:18:25.533 32036 32036 D ANWJNI_SECOND: (32036|0x5467E4F8)[BTAPP] run Read (/system/etc/bluetooth/anw_AA_CP_setting.cfg) Start
05-27 18:18:25.533 32036 32036 D ANWJNI_SECOND: 
05-27 18:18:25.533 32036 32036 D ANWJNI_SECOND: (32036|0x5467E4F8)[BTAPP] open BT config file (/system/etc/bluetooth/anw_AA_CP_setting.cfg) failed.
05-27 18:18:25.533 32036 32036 D ANWJNI_SECOND: 
05-27 18:18:25.533 32036 32036 D ANWJNI_SECOND: (32036|0x5467E4F8)[BTAPP] run Read (/data/misc/anw//btmonitor_lastrecord) Start
05-27 18:18:25.533 32036 32036 D ANWJNI_SECOND: 
05-27 18:18:25.534 32036 32036 D ANWJNI_SECOND: (32036|0x5467E4F8)[BTAPP] open BT last record file (/data/misc/anw//btmonitor_lastrecord) success.
05-27 18:18:25.534 32036 32036 D ANWJNI_SECOND: 
05-27 18:18:25.534 13911 14183 I SentryImuMcuAngleSender: 179.97897rollDeg
05-27 18:18:25.534 13911 14183 I SentryImuMcuAngleSender: 1,0,0
05-27 18:18:25.534 32036 32036 D ANWJNI_SECOND: (32036|0x5467E4F8)[BTAPP] read last_connected_device last_scan_mode::3
05-27 18:18:25.534 32036 32036 D ANWJNI_SECOND: 
05-27 18:18:25.534 32036 32036 D ANWJNI_SECOND: 
05-27 18:18:25.534 32036 32036 D ANWJNI_SECOND: (32036|0x5467E4F8)[BTAPP] read last_scan_mode
05-27 18:18:25.534 32036 32036 D ANWJNI_SECOND: 
05-27 18:18:25.534 32036 32036 D ANWJNI_SECOND: (32036|0x5467E4F8)[BTAPP] last_scan_mode find,value is 3
05-27 18:18:25.534 32036 32036 D ANWJNI_SECOND: 
05-27 18:18:25.534 32036 32036 D ANWJNI_SECOND: (32036|0x5467E4F8)[BTAPP] read last_poweron_state
05-27 18:18:25.534 32036 32036 D ANWJNI_SECOND: 
05-27 18:18:25.534 32036 32036 I ANWJNI_SECOND: --- JNI_OnLoad
05-27 18:18:25.534   299 30841 D EvsDriver: forwardFrame
05-27 18:18:25.535   299 30844 D EvsDriver: forwardFrame
05-27 18:18:25.535   299 30841 D EvsDriver: Delivered 0xb400007b7ca56a60 as id 0
05-27 18:18:25.536  1167  1184 D evsmanagerd: /dev/video4 forwarded the buffer #0 to 0xb4000074bf5f6850 from 0xb4000074bf5f41d0
05-27 18:18:25.536   299 30844 D EvsDriver: Delivered 0xb400007b7ca56900 as id 0
05-27 18:18:25.536  1167  1184 D evsmanagerd: /dev/video6 forwarded the buffer #0 to 0xb4000074bf5f5510 from 0xb4000074bf5f6d90
05-27 18:18:25.536   536   536 D commservice260303: msg.id = 1028,1
05-27 18:18:25.536   536   536 D commservice260303: i = 170, msgid = 8A000404
05-27 18:18:25.536   536   536 D commservice260303: msgid = -1979710460,did=138
05-27 18:18:25.537   536   536 D commservice260303: CommProtocolLibCmdBaseI2C::dataproc {"command":{"id":"imu_status","sub":""},"content":{"TimeStamp":8,"FrameCounter":207729,"GD_X":-0.011759000830352306,"GD_Y":0.004352083895355463,"GD_Z":0.0020608289632946253,"AD_X":-0.0036879777908325195,"AD_Y":8.558656554669142E-4,"AD_Z":-0.16704177856445312,"TempDsp":0,"Status":0,"CalibState":1,"SigAmpInvalid":0}},-1979710460
05-27 18:18:25.537   536   536 D commservice260303: send2Cluster len:316, 7B22636F6D6D616E64223A7B226964223A22696D755F737461747573222C22737562223A22227D2C22636F6E74656E74223A7B2254696D655374616D70223A382C224672616D65436F756E746572223A3230373732392C2247445F58223A2D302E3031313735393030303833303335323330362C2247445F59223A302E3030343335323038333839353335353436332C2247445F5A223A302E303032303630383238393633323934363235332C2241445F58223A2D302E303033363837393737373930383332353139352C2241445F59223A382E353538363536353534363639313432452D342C2241445F5A223A2D302E31363730343137373835363434353331322C2254656D70447370223A302C22537461747573223A302C2243616C69625374617465223A312C22536967416D70496E76616C6964223A307D7D, 138 
05-27 18:18:25.537   536   536 D commservice260303: Push Message into SendPool fn=-1419246848
05-27 18:18:25.537   536   536 D commservice260303: ComProtocolLibSend2Cluster::send2ClusterRaw fn=-1419246848 , len=332
05-27 18:18:25.537   536   536 D commservice260303: sendCmdToPort :332!!!
05-27 18:18:25.537   536   536 D commservice260303: send Cmd To Port ++++5AA501488A01000368AB6A16C4F17B22636F6D6D616E64223A7B226964223A22696D755F737461747573222C22737562223A22227D2C22636F6E74656E74223A7B2254696D655374616D70223A382C224672616D65436F756E746572223A3230373732392C2247445F58223A2D302E3031313735393030303833303335323330362C2247445F59223A302E3030343335323038333839353335353436332C2247445F5A223A302E303032303630383238393633323934363235332C2241445F58223A2D302E303033363837393737373930383332353139352C2241445F59223A382E353538363536353534363639313432452D342C2241445F5A223A2D302E31363730343137373835363434353331322C2254656D70447370223A302C22537461747573223A302C2243616C69625374617465223A312C22536967416D70496E76616C6964223A307D7D2D95
05-27 18:18:25.537   536   536 D commservice260303: bufferevent_write retrun value = 0
05-27 18:18:25.537 13911 14192 D Sentinelmode_1.2.5.17_sentry: <SentryImuClusterFgeSender>imu_status sent to Linux, frame=207729, tsNs=8972772, tsMs=8, intervalMs=43, ad=(-0.0036879778,8.5586566E-4,-0.16704178), gd=(-0.011759001,0.004352084,0.002060829)
05-27 18:18:25.538   536   560 D commservice260303: client datas send succeed,send finish
05-27 18:18:25.538   299  1153 D EvsDriver: doneWithFrame
05-27 18:18:25.538   299  1163 D EvsDriver: doneWithFrame
05-27 18:18:25.540  1008 30856 D [OMXB]  : usingANWBuffer: handle:0xee7442c0, format:1, w:1920, h:1080
05-27 18:18:25.541   581   581 I SpiService: fgesysctrl_getGPIO_status success val=1
05-27 18:18:25.542 30773 30786 I dvr_service_: CameraX 0  audioOK: 136538118,audios:2030
05-27 18:18:25.543 32036 32036 D AnwSdkService: onCreate
05-27 18:18:25.543 32036 32036 D AnwSdkService: run createMessageHandleThread
05-27 18:18:25.547 32036 32036 D AnwSdkService: run createAudioFocusListenerMessageHandleThread
05-27 18:18:25.547   581   581 I SpiService: fgesysctrl_getGPIO_status success val=1
05-27 18:18:25.551 32036 32036 I AnwSdkService: mhcilog1:
05-27 18:18:25.552 32036 32036 I AnwSdkService: mhcilog4:
05-27 08:09:34.506   581   581 D spi_rst_gpio_get_output: GPIO 145 value: 1
05-27 08:09:34.506   581   581 D spidev_ioctl: gpio status=1)
05-27 08:09:34.512   581   581 D spi_rst_gpio_get_output: GPIO 145 value: 1
05-27 08:09:34.512   581   581 D spidev_ioctl: gpio status=1)
05-27 18:18:25.553   581   581 I SpiService: fgesysctrl_getGPIO_status success val=1
05-27 18:18:25.554 13911 14183 I SentryImuMcuAngleSender: 179.98247rollDeg
05-27 18:18:25.554 13911 14183 I SentryImuMcuAngleSender: 1,0,0
05-27 08:09:34.518   581   581 D spi_rst_gpio_get_output: GPIO 145 value: 1
05-27 08:09:34.518   581   581 D spidev_ioctl: gpio status=1)
05-27 18:18:25.558 32036 32036 I ANWJNI_SECOND: +++ InitialCallback=====
05-27 18:18:25.558   536  2579 D commservice260303: send heart beat package to Cluster
05-27 18:18:25.558   536  2579 D commservice260303: send2Cluster len:40, 7B22636F6D6D616E64223A7B226964223A22686561727462656174222C22737562223A22227D7D0A, 129 
05-27 18:18:25.558   536  2579 D commservice260303: Push Message into SendPool fn=-1402469632
05-27 18:18:25.559   536  2579 D commservice260303: ComProtocolLibSend2Cluster::send2ClusterRaw fn=-1402469632 , len=56
05-27 18:18:25.559   536  2579 D commservice260303: sendCmdToPort :56!!!
05-27 18:18:25.559   581   581 I SpiService: fgesysctrl_getGPIO_status success val=1
05-27 18:18:25.559   536  2579 D commservice260303: send Cmd To Port ++++5AA500348101000368AC6A16C4F17B22636F6D6D616E64223A7B226964223A22686561727462656174222C22737562223A22227D7D0A6CE3
05-27 18:18:25.559   536  2579 D commservice260303: bufferevent_write retrun value = 0
05-27 18:18:25.559   536   560 D commservice260303: client datas send succeed,send finish
05-27 18:18:25.559 32036 32036 I ANWJNI_SECOND: --- InitialCallback(77)(78)
05-27 18:18:25.559 32036 32036 I ANWJNI_SECOND: --- InitialCallback(79)(80)
05-27 18:18:25.559 32036 32036 I ANWJNI_SECOND: --- InitialCallback:0
05-27 18:18:25.559 32036 32036 D AnwSdkService: onCreate:0,78,80
05-27 18:18:25.559 32036 32036 D AnwSdkService: pbap_socket_fd1 = 78
05-27 18:18:25.560 32036 32036 D AnwSdkService: run createPbapContactMessageHandleThread
05-27 18:18:25.560  1008 30857 D [OMXB]  : usingANWBuffer: handle:0xee7416c0, format:1, w:1920, h:1080
05-27 18:18:25.562 32036 32036 D AnwSdkService: run createPbapParsedDataUpdateMessageHandleThread
05-27 18:18:25.565   581   581 I SpiService: fgesysctrl_getGPIO_status success val=1
05-27 18:18:25.566   536   560 D commservice260303: recv len:91, 5AA500570100000034866A16C4F17B22636F6D6D616E64223A7B226964223A22686561727462656174222C22737562223A22227D2C22726573706F6E65223A7B22636F6465223A302C226D657373616765223A226F6B227D7D4248 from server
05-27 18:18:25.566   536  2578 D commservice260303: mcuDataAnalyzeHandle templen:91,len:91,pos:0, 5AA500570100000034866A16C4F17B22636F6D6D616E64223A7B226964223A22686561727462656174222C22737562223A22227D2C22726573706F6E65223A7B22636F6465223A302C226D657373616765223A226F6B227D7D4248 
05-27 18:18:25.566   536  2578 I commservice260303: checksumCal = 16968
05-27 18:18:25.566   536  2578 D commservice260303: Protocol_C2I_Commservice::dataproc {"command":{"id":"heartbeat","sub":""},"respone":{"code":0,"message":"ok"}},1
05-27 18:18:25.566   536  2578 D commservice260303: Protocol_C2I_Commservice::dataproc Receive a heartbeat command from Cluster, setTcpHeartbeat = EID_UID_HEARTBEAT
05-27 18:18:25.568   299 30841 D EvsDriver: forwardFrame
05-27 08:09:34.523   581   581 D spi_rst_gpio_get_output: GPIO 145 value: 1
05-27 18:18:25.569 13911 14183 I SentryImuMcuAngleSender: [4, 18, 1, 0, 0],5
05-27 18:18:25.569 13911 14183 I McuCommManager: mcuCommSendcmd [4, 18, 1, 0, 0]
05-27 18:18:25.570   581   581 I SpiService: fgesysctrl_getGPIO_status success val=0
05-27 18:18:25.571   481   597 I mcuc    : send SPI:6AA6006267000504120100001B
05-27 18:18:25.571 13911 14183 I SentryImuMcuAngleSender: true
05-27 18:18:25.571   299 30841 D EvsDriver: Delivered 0xb400007b7ca56a60 as id 0
05-27 08:09:34.523   581   581 D spidev_ioctl: gpio status=1)
05-27 08:09:34.529   581   581 D spi_rst_gpio_get_output: GPIO 145 value: 1
05-27 08:09:34.529   581   581 D spidev_ioctl: gpio status=1)
05-27 08:09:34.535   581   581 D spi_rst_gpio_get_output: GPIO 145 value: 0
05-27 08:09:34.535   581   581 D spidev_ioctl: gpio status=0)
05-27 18:18:25.571  1167  1167 D evsmanagerd: /dev/video4 forwarded the buffer #0 to 0xb4000074bf5f6850 from 0xb4000074bf5f41d0
05-27 18:18:25.573   299 30844 D EvsDriver: forwardFrame
05-27 18:18:25.575 13911 14183 I SentryImuMcuAngleSender: 179.97897rollDeg
05-27 18:18:25.575 13911 14183 I SentryImuMcuAngleSender: 1,0,0
05-27 18:18:25.576   299  1153 D EvsDriver: doneWithFrame
05-27 18:18:25.577   299 30844 D EvsDriver: Delivered 0xb400007b7ca56900 as id 0
05-27 18:18:25.577  1167  1167 D evsmanagerd: /dev/video6 forwarded the buffer #0 to 0xb4000074bf5f5510 from 0xb4000074bf5f6d90
05-27 18:18:25.578 32036 32036 W ContextImpl: Calling a method in the system process without a qualified user: android.app.ContextImpl.startService:1863 android.content.ContextWrapper.startService:817 com.anwsdk.service.anwbtservice.onCreate:7516 android.app.ActivityThread.handleCreateService:4616 android.app.ActivityThread.-$$Nest$mhandleCreateService:0 
05-27 18:18:25.580  1008 30856 D [OMXB]  : usingANWBuffer: handle:0xee740bc0, format:1, w:1920, h:1080
05-27 18:18:25.581 10188  7589 W ActivityManager: Unable to start service Intent { cmp=com.anwsdk.service/.HfpClientConnectionService } U=0: not found with resolvedType = null, flags = 268436480, userId = 0, callingUid = 1000
05-27 18:18:25.581   536   536 D commservice260303: msg.id = 1028,1
05-27 18:18:25.581   536   536 D commservice260303: i = 170, msgid = 8A000404
05-27 18:18:25.581   536   536 D commservice260303: msgid = -1979710460,did=138
05-27 18:18:25.581   536   536 D commservice260303: CommProtocolLibCmdBaseI2C::dataproc {"command":{"id":"imu_status","sub":""},"content":{"TimeStamp":8,"FrameCounter":207730,"GD_X":-0.011682018637657166,"GD_Y":0.004656890872865915,"GD_Z":0.0020608289632946253,"AD_X":-0.0030721426010131836,"AD_Y":8.526167366653681E-4,"AD_Z":-0.16582107543945312,"TempDsp":0,"Status":0,"CalibState":1,"SigAmpInvalid":0}},-1979710460
05-27 18:18:25.581   536   536 D commservice260303: send2Cluster len:316, 7B22636F6D6D616E64223A7B226964223A22696D755F737461747573222C22737562223A22227D2C22636F6E74656E74223A7B2254696D655374616D70223A382C224672616D65436F756E746572223A3230373733302C2247445F58223A2D302E3031313638323031383633373635373136362C2247445F59223A302E3030343635363839303837323836353931352C2247445F5A223A302E303032303630383238393633323934363235332C2241445F58223A2D302E303033303732313432363031303133313833362C2241445F59223A382E353236313637333636363533363831452D342C2241445F5A223A2D302E31363538323130373534333934353331322C2254656D70447370223A302C22537461747573223A302C2243616C69625374617465223A312C22536967416D70496E76616C6964223A307D7D, 138 
05-27 18:18:25.581   536   536 D commservice260303: Push Message into SendPool fn=-1385692416
05-27 18:18:25.581   536   536 D commservice260303: ComProtocolLibSend2Cluster::send2ClusterRaw fn=-1385692416 , len=332
05-27 18:18:25.581   536   536 D commservice260303: sendCmdToPort :332!!!
05-27 18:18:25.581   536   536 D commservice260303: send Cmd To Port ++++5AA501488A01000368AD6A16C4F17B22636F6D6D616E64223A7B226964223A22696D755F737461747573222C22737562223A22227D2C22636F6E74656E74223A7B2254696D655374616D70223A382C224672616D65436F756E746572223A3230373733302C2247445F58223A2D302E3031313638323031383633373635373136362C2247445F59223A302E3030343635363839303837323836353931352C2247445F5A223A302E303032303630383238393633323934363235332C2241445F58223A2D302E303033303732313432363031303133313833362C2241445F59223A382E353236313637333636363533363831452D342C2241445F5A223A2D302E31363538323130373534333934353331322C2254656D70447370223A302C22537461747573223A302C2243616C69625374617465223A312C22536967416D70496E76616C6964223A307D7DA408
05-27 18:18:25.581   536   536 D commservice260303: bufferevent_write retrun value = 0
05-27 18:18:25.581   536   560 D commservice260303: client datas send succeed,send finish
05-27 18:18:25.582 13911 14192 D Sentinelmode_1.2.5.17_sentry: <SentryImuClusterFgeSender>imu_status sent to Linux, frame=207730, tsNs=8972808, tsMs=8, intervalMs=44, ad=(-0.0030721426,8.5261674E-4,-0.16582108), gd=(-0.011682019,0.004656891,0.002060829)
05-27 18:18:25.582   299  1153 D EvsDriver: doneWithFrame
05-27 18:18:25.582 32036 32036 D AnwSdkService: 20210721 checking self APK rom size
05-27 18:18:25.585   581   581 I SpiService: fgesysctrl_getGPIO_status success val=1
05-27 08:09:34.550   581   581 D spi_rst_gpio_get_output: GPIO 145 value: 1
05-27 08:09:34.550   581   581 D spidev_ioctl: gpio status=1)
05-27 18:18:25.591   581   581 I SpiService: fgesysctrl_getGPIO_status success val=1
05-27 08:09:34.555   581   581 D spi_rst_gpio_get_output: GPIO 145 value: 1
05-27 08:09:34.555   581   581 D spidev_ioctl: gpio status=1)
05-27 18:18:25.593 15863 16069 D AIN-HttpHealthPolicy: call() called start, host=www.douyin.com
05-27 18:18:25.593 15863 16024 D AIN-ExternalMapLocation: MSG_LOCATE
05-27 18:18:25.594 15863 16024 D AIN-CustomMapProxy: sendMsgToCustomMap hascallback : true
05-27 18:18:25.594   572   622 I Sensors : 230 AccelSensor: x:-0.166530,y:0.006100,z:-9.972281
05-27 18:18:25.594 15863 16024 D AIN-ServiceHub: getService with: name = service_multi_dhu_control
05-27 18:18:25.594 15863 16024 D AIN-NaviThirdPartyAccessor: hasCallback : true
05-27 18:18:25.594 15863 16024 D AIN-NaviThirdPartyAccessor: sendMsgToCustomMap msg : {"needResponse":true,"protocolFrom":"com.aispeech.lyra.daemon","protocolId":14012,"protocolVersion":"v1","requestCode":"9dd65506-7d7e-472e-afd4-6530eb444c42"}
05-27 18:18:25.595 17284 17302 D AIN-AiNaviManager: speech send msg to navi : {"needResponse":true,"protocolFrom":"com.aispeech.lyra.daemon","protocolId":14012,"protocolVersion":"v1","requestCode":"9dd65506-7d7e-472e-afd4-6530eb444c42"}
05-27 18:18:25.595 17284 17302 I AIN-MapAccessLayer: onMessage_with: protocolMsg = [{"needResponse":true,"protocolFrom":"com.aispeech.lyra.daemon","protocolId":14012,"protocolVersion":"v1","requestCode":"9dd65506-7d7e-472e-afd4-6530eb444c42"}]
05-27 18:18:25.595 17284 17344 D AIN-MapAccessLayer: 请求定位 14012
05-27 18:18:25.595 15863 16024 D AIN-NaviThirdPartyAccessor: callback[navi_com.aispeech.lyra.assistant] is invoked
05-27 18:18:25.595 15863 16024 I AIN-CustomMapProxy: requestCurLocation，requestLocationCount=1680 callTag=toLocate
05-27 18:18:25.595 10046 32063 D resolv  : GetAddrInfoHandler::run: {103 786535 103 983143 1000 0}
05-27 18:18:25.595 10046 32063 D resolv  : resolv_getaddrinfo: explore_fqdn(): ai_family=0 ai_socktype=1 ai_protocol=6
05-27 18:18:25.595 13911 14183 I SentryImuMcuAngleSender: 179.96495rollDeg
05-27 18:18:25.595 13911 14183 I SentryImuMcuAngleSender: 1,0,0
05-27 18:18:25.596 10046 32064 D resolv  : doQuery: (1, 1)
05-27 18:18:25.596   581   581 I SpiService: fgesysctrl_getGPIO_status success val=1
05-27 18:18:25.596 10046 32064 D resolv  : res_nmkquery: (QUERY, IN, A)
05-27 08:09:34.561   581   581 D spi_rst_gpio_get_output: GPIO 145 value: 1
05-27 18:18:25.596 10046 32064 D resolv  : res_nsend
05-27 08:09:34.561   581   581 D spidev_ioctl: gpio status=1)
05-27 18:18:25.596 10046 32064 I resolv  : resolv_cache_lookup: lookup
05-27 18:18:25.596 10046 32064 I resolv  : resolv_cache_lookup: NOT IN CACHE (STALE ENTRY 0xb4000072a5465010DISCARDED)
05-27 18:18:25.596 10046 32064 I resolv  : _cache_remove_p: entry 607 removed (count=33)
05-27 18:18:25.597 10046 32064 I resolv  : resolv_populate_res_for_net: netid=103
05-27 18:18:25.597 10046 32064 I resolv  : res_stats_usable_server: NS stats: S 64 + E 0 + T 0 + I 0 = 64, rtt = 29, min_samples = 8
05-27 18:18:25.597 10046 32064 I resolv  : res_stats_usable_server: success rate 100
05-27 18:18:25.597 10046 32064 D resolv  : res_nsend: Querying server (# 1) address = 10.254.254.254:53
05-27 18:18:25.597 10046 32064 D resolv  : send_dg: new DG socket
05-27 18:18:25.597 10046 32064 I resolv  : get_timeout: using timeout of 5000 msec
05-27 18:18:25.597 10046 32064 I resolv  : retrying_poll: 48 retrying_poll
05-27 18:18:25.602   581   581 I SpiService: fgesysctrl_getGPIO_status success val=1
05-27 18:18:25.602  1008 30857 D [OMXB]  : usingANWBuffer: handle:0xee742060, format:1, w:1920, h:1080
05-27 08:09:34.566   581   581 D spi_rst_gpio_get_output: GPIO 145 value: 1
05-27 08:09:34.566   581   581 D spidev_ioctl: gpio status=1)
05-27 18:18:25.604   299 30841 D EvsDriver: forwardFrame
05-27 18:18:25.605   299 30844 D EvsDriver: forwardFrame
05-27 18:18:25.605   299 30841 D EvsDriver: Delivered 0xb400007b7ca56a60 as id 0
05-27 18:18:25.605  1167  1167 D evsmanagerd: /dev/video4 forwarded the buffer #0 to 0xb4000074bf5f6850 from 0xb4000074bf5f41d0
05-27 18:18:25.607   299 30844 D EvsDriver: Delivered 0xb400007b7ca56900 as id 0
05-27 18:18:25.607  1167  1167 D evsmanagerd: /dev/video6 forwarded the buffer #0 to 0xb4000074bf5f5510 from 0xb4000074bf5f6d90
05-27 18:18:25.607   581   581 I SpiService: fgesysctrl_getGPIO_status success val=1
05-27 08:09:34.572   581   581 D spi_rst_gpio_get_output: GPIO 145 value: 1
05-27 08:09:34.572   581   581 D spidev_ioctl: gpio status=1)
05-27 18:18:25.613   299  1153 D EvsDriver: doneWithFrame
05-27 08:09:34.578   581   581 D spi_rst_gpio_get_output: GPIO 145 value: 0
05-27 18:18:25.613   581   581 I SpiService: fgesysctrl_getGPIO_status success val=0
05-27 08:09:34.578   581   581 D spidev_ioctl: gpio status=0)
05-27 18:18:25.620 10046 32064 I resolv  : res_cache_add_stats_sample_locked: adding sample to stats, next = 57, count = 64
05-27 18:18:25.620 10046 32064 D resolv  : res_nsend: got answer:
05-27 18:18:25.620 10046 32064 I resolv  : answer_getTTL: TTL = 3
05-27 18:18:25.620 10046 32064 I resolv  : _cache_add_p: entry 618 added (count=34)
05-27 18:18:25.621 10046 32064 I resolv  : cache_dump_mru_locked: MRU LIST (34):  618 617 582 616 605 615 604 591 590 614 589 566 613 612 602 586 585 611 610 609 608 593 560 576 561 509 504 510 508 507 372 3 2 1
05-27 18:18:25.621 10046 32064 D resolv  : doQuery: rcode=0, ancount=6
05-27 18:18:25.622 15863 16069 D TrafficStats: tagSocket(106) with statsTag=0xffffffff, statsUid=-1
05-27 18:18:25.622  1008 30856 D [OMXB]  : usingANWBuffer: handle:0xee7406f0, format:1, w:1920, h:1080
05-27 18:18:25.622 11472 26284 D NetworkMonitor/103: isDataStall: result=-1, tcp packets received=66, latest tcp fail rate=-1
05-27 18:18:25.623   536   536 D commservice260303: msg.id = 1028,1
05-27 18:18:25.623   536   536 D commservice260303: i = 170, msgid = 8A000404
05-27 18:18:25.623   536   536 D commservice260303: msgid = -1979710460,did=138
05-27 18:18:25.624   536   536 D commservice260303: CommProtocolLibCmdBaseI2C::dataproc {"command":{"id":"imu_status","sub":""},"content":{"TimeStamp":8,"FrameCounter":207731,"GD_X":-0.011682018637657166,"GD_Y":0.00519212381914258,"GD_Z":0.0029768107924610376,"AD_X":-4.906952381134033E-5,"AD_Y":0.0032623314764350653,"AD_Z":-0.16521072387695312,"TempDsp":0,"Status":0,"CalibState":1,"SigAmpInvalid":0}},-1979710460
05-27 18:18:25.624   536   536 D commservice260303: send2Cluster len:315, 7B22636F6D6D616E64223A7B226964223A22696D755F737461747573222C22737562223A22227D2C22636F6E74656E74223A7B2254696D655374616D70223A382C224672616D65436F756E746572223A3230373733312C2247445F58223A2D302E3031313638323031383633373635373136362C2247445F59223A302E30303531393231323338313931343235382C2247445F5A223A302E303032393736383130373932343631303337362C2241445F58223A2D342E393036393532333831313334303333452D352C2241445F59223A302E303033323632333331343736343335303635332C2241445F5A223A2D302E31363532313037323338373639353331322C2254656D70447370223A302C22537461747573223A302C2243616C69625374617465223A312C22536967416D70496E76616C6964223A307D7D, 138 
05-27 18:18:25.624   536   536 D commservice260303: Push Message into SendPool fn=-1368915200
05-27 18:18:25.624   536   536 D commservice260303: ComProtocolLibSend2Cluster::send2ClusterRaw fn=-1368915200 , len=331
05-27 18:18:25.624   536   536 D commservice260303: sendCmdToPort :331!!!
05-27 18:18:25.624   536   536 D commservice260303: send Cmd To Port ++++5AA501478A01000368AE6A16C4F17B22636F6D6D616E64223A7B226964223A22696D755F737461747573222C22737562223A22227D2C22636F6E74656E74223A7B2254696D655374616D70223A382C224672616D65436F756E746572223A3230373733312C2247445F58223A2D302E3031313638323031383633373635373136362C2247445F59223A302E30303531393231323338313931343235382C2247445F5A223A302E303032393736383130373932343631303337362C2241445F58223A2D342E393036393532333831313334303333452D352C2241445F59223A302E303033323632333331343736343335303635332C2241445F5A223A2D302E31363532313037323338373639353331322C2254656D70447370223A302C22537461747573223A302C2243616C69625374617465223A312C22536967416D70496E76616C6964223A307D7D95B7
05-27 18:18:25.624   536   536 D commservice260303: bufferevent_write retrun value = 0
05-27 18:18:25.624   536   560 D commservice260303: client datas send succeed,send finish
05-27 18:18:25.624 13911 14192 D Sentinelmode_1.2.5.17_sentry: <SentryImuClusterFgeSender>imu_status sent to Linux, frame=207731, tsNs=8972863, tsMs=8, intervalMs=43, ad=(-4.9069524E-5,0.0032623315,-0.16521072), gd=(-0.011682019,0.005192124,0.0029768108)
05-27 18:18:25.628   581   581 I SpiService: fgesysctrl_getGPIO_status success val=1
05-27 08:09:34.593   581   581 D spi_rst_gpio_get_output: GPIO 145 value: 1
05-27 08:09:34.593   581   581 D spidev_ioctl: gpio status=1)
05-27 18:18:25.629   299 30841 D EvsDriver: forwardFrame
05-27 18:18:25.630   299 30844 D EvsDriver: forwardFrame
05-27 18:18:25.632   299 30841 D EvsDriver: Delivered 0xb400007b7ca56a60 as id 0
05-27 18:18:25.632   299 30844 D EvsDriver: Delivered 0xb400007b7ca56900 as id 0
05-27 18:18:25.632  1167  1167 D evsmanagerd: /dev/video4 forwarded the buffer #0 to 0xb4000074bf5f6850 from 0xb4000074bf5f41d0
05-27 18:18:25.632  1167  1184 D evsmanagerd: /dev/video6 forwarded the buffer #0 to 0xb4000074bf5f5510 from 0xb4000074bf5f6d90
05-27 18:18:25.632 30773 30782 E dvr_service_: [myNum:0] Received S**** loss
05-27 18:18:25.632 32036 32036 D AnwSdkService: apk rom size:40.90M
05-27 18:18:25.632 30773 30773 E dvr_service_: [myNum:1] Received S**** loss
05-27 18:18:25.632   299  1153 D EvsDriver: doneWithFrame
05-27 18:18:25.632   299  1163 D EvsDriver: doneWithFrame
05-27 18:18:25.633   581   581 I SpiService: fgesysctrl_getGPIO_status success val=1
05-27 18:18:25.635 32036 32036 D AnwSdkService: [android.permission.READ_EXTERNAL_STORAGE] permision is GRANTED
05-27 18:18:25.636 32036 32036 D AnwSdkService: [android.permission.WRITE_EXTERNAL_STORAGE] permision is GRANTED
05-27 18:18:25.637 13911 14183 I SentryImuMcuAngleSender: 179.96495rollDeg
05-27 18:18:25.637 13911 14183 I SentryImuMcuAngleSender: 1,0,0
05-27 08:09:34.598   581   581 D spi_rst_gpio_get_output: GPIO 145 value: 1
05-27 08:09:34.598   581   581 D spidev_ioctl: gpio status=1)
05-27 18:18:25.639   581   581 I SpiService: fgesysctrl_getGPIO_status success val=1
05-27 08:09:34.604   581   581 D spi_rst_gpio_get_output: GPIO 145 value: 1
05-27 08:09:34.604   581   581 D spidev_ioctl: gpio status=1)
05-27 18:18:25.641 32036 32036 D AnwSdkService: onCreate end
05-27 18:18:25.642 32036 32036 D AnwSdkService: onBind
05-27 18:18:25.643 13435 13435 D BtManager: onServiceConnected
05-27 18:18:25.644 32036 32053 D AnwSdkService: GetPowerStatus = POWER_OFF
05-27 18:18:25.644   581   581 I SpiService: fgesysctrl_getGPIO_status success val=1
05-27 18:18:25.644 32036 32053 D AnwSdkService: ANWBT_GetBTPowerStatus() POWER_OFF
05-27 18:18:25.644 32036 32053 D AnwSdkService: GetPowerStatus = POWER_OFF
05-27 08:09:34.609   581   581 D spi_rst_gpio_get_output: GPIO 145 value: 1
05-27 18:18:25.645  1008 30856 D [OMXB]  : usingANWBuffer: handle:0xee743870, format:1, w:1920, h:1080
05-27 08:09:34.609   581   581 D spidev_ioctl: gpio status=1)
05-27 18:18:25.645 13435 13435 D BtManager: ANWBT_BTPowerOn
05-27 18:18:25.645 13435 13435 D BtManager: ANWBT_GetBTPowerStatus
05-27 18:18:25.645 32036 32053 D AnwSdkService: GetPowerStatus = POWER_OFF
05-27 18:18:25.645 32036 32053 D AnwSdkService: ANWBT_GetBTPowerStatus() POWER_OFF
05-27 18:18:25.646 32036 32053 D AnwSdkService: GetPowerStatus = POWER_OFF
05-27 18:18:25.647 32036 32053 D AnwSdkService: anw-update,bt_java_data:20260516
05-27 18:18:25.647 32036 32053 D AnwSdkService: ANWBT_BTPowerOn()
05-27 18:18:25.649 32036 32053 D AnwSdkService: GetPowerStatus = POWER_OFF
05-27 18:18:25.649 32036 32053 D AnwSdkService: SetPowerStatus = POWER_ONING
05-27 18:18:25.650   581   581 I SpiService: fgesysctrl_getGPIO_status success val=0
05-27 18:18:25.650 32036 32065 I ANWJNI_SECOND: anw-update,bt_jni_data: 20260516
05-27 18:18:25.651 32036 32065 D ANWAPI_SECOND: (32036|0x297D1CB0)[BTAPI] SDK >>>>AnWBT_Snoop_Open
05-27 18:18:25.651 32036 32065 D ANWJNI_SECOND: (32036|0x297D1CB0)[BTAPP] PowOn_Thread
05-27 18:18:25.651 32036 32065 D ANWJNI_SECOND: 
05-27 18:18:25.651 32036 32066 D ANWJNI_SECOND: (32036|0x296C7CB0)[BTAPP] BTPowerOn!!
05-27 18:18:25.651 32036 32066 D ANWJNI_SECOND: (32036|0x296C7CB0)[BTAPP] in thread_power_on_func,getpid()=32036, priority = 10
05-27 18:18:25.651 32036 32066 D ANWJNI_SECOND: 
05-27 18:18:25.651 32036 32066 D ANWJNI_SECOND: (32036|0x296C7CB0)[BTAPP] doPowerOn_Timeout_Thread_Create
05-27 18:18:25.651 32036 32066 D ANWJNI_SECOND: 
05-27 18:18:25.652 13435 13435 I BtManager: ANWBT_BTPowerOn result = 0
05-27 18:18:25.652 13435 13435 D BtManager: ret = 2
05-27 18:18:25.652 32036 32066 D ANWJNI_SECOND: (32036|0x296C7CB0)[BTAPP] AnWBT_SetInitialValue(hfphf:0)(hfpag:2)(pbap:0)(map:0)(a2dpsink:0)(a2dpsource:2)(avrcpct:0)(avrcttg:2)
05-27 18:18:25.652 32036 32066 D ANWJNI_SECOND: 
05-27 18:18:25.652 32036 32066 D ANWAPI_SECOND: (32036|0x296C7CB0)[BTAPI] SDK >>>>AnWBT_SetInitialValue devclass: 0x3c020c
05-27 18:18:25.652 32036 32066 D ANWAPI_SECOND: (32036|0x296C7CB0)[BTAPI] AnWBT_SetInitialValue avrcp_tg_attribute=6
05-27 18:18:25.652 32036 32066 D ANWAPI_SECOND: (32036|0x296C7CB0)[BTAPI] SDK <<<<AnWBT_SetInitialValue 0x0
05-27 18:18:25.652 32036 32066 D ANWAPI_SECOND: (32036|0x296C7CB0)[BTAPI] SDK >>>>AnWBT_HFP_Enable_WBS 1
05-27 18:18:25.652 32036 32066 D ANWAPI_SECOND: (32036|0x296C7CB0)[BTAPI] SDK <<<<AnWBT_HFP_Enable_WBS 0
05-27 18:18:25.652 32036 32066 D ANW_WAVEOUT_SECOND: (32036|0x296C7CB0)[WAVEOUT] init Audio PCM Thread Mute(800)(101)
05-27 18:18:25.652 32036 32066 D ANW_WAVEOUT_SECOND: 
05-27 18:18:25.652 32036 32066 D ANWAPI_SECOND: (32036|0x296C7CB0)[BTAPI] anw-update,bt_sdk_data:20260516-not_supportLea
05-27 18:18:25.652 32036 32066 D ANWAPI_SECOND: (32036|0x296C7CB0)[BTAPI] SDK >>>>AnWBT_Init
05-27 18:18:25.652 32036 32066 D ANWAPI_SECOND: (32036|0x296C7CB0)[BTAPI] AnWBTSDK_Version=0x0300002a
05-27 08:09:34.614   581   581 D spi_rst_gpio_get_output: GPIO 145 value: 0
05-27 08:09:34.614   581   581 D spidev_ioctl: gpio status=0)
05-27 18:18:25.652 32036 32066 D ANWAPI_SECOND: (32036|0x296C7CB0)[BTAPI] >>>>AnWBT_EEPROM_Read 
05-27 18:18:25.653 32036 32066 D ANWAPI_SECOND: (32036|0x296C7CB0)[BTAPI] B:Rpaired_storage[0]name[]addr[00:00:00:00:00:00]linkkey[00:00:00:00:00:00:00:00:00:00:00:00:00:00:00:00]
05-27 18:18:25.653 32036 32066 D ANWAPI_SECOND: (32036|0x296C7CB0)[BTAPI] B:Rpaired_storage[1]name[]addr[00:00:00:00:00:00]linkkey[00:00:00:00:00:00:00:00:00:00:00:00:00:00:00:00]
05-27 18:18:25.655 32036 32066 D ANWAPI_SECOND: (32036|0x296C7CB0)[BTAPI] B:Rpaired_storage[2]name[]addr[00:00:00:00:00:00]linkkey[00:00:00:00:00:00:00:00:00:00:00:00:00:00:00:00]
05-27 18:18:25.655 32036 32066 D ANWAPI_SECOND: (32036|0x296C7CB0)[BTAPI] B:Rpaired_storage[3]name[]addr[00:00:00:00:00:00]linkkey[00:00:00:00:00:00:00:00:00:00:00:00:00:00:00:00]
05-27 18:18:25.655 32036 32066 D ANWAPI_SECOND: (32036|0x296C7CB0)[BTAPI] B:Rpaired_storage[4]name[]addr[00:00:00:00:00:00]linkkey[00:00:00:00:00:00:00:00:00:00:00:00:00:00:00:00]
05-27 18:18:25.655 32036 32066 D ANWAPI_SECOND: (32036|0x296C7CB0)[BTAPI] B:Rpaired_storage[5]name[]addr[00:00:00:00:00:00]linkkey[00:00:00:00:00:00:00:00:00:00:00:00:00:00:00:00]
05-27 18:18:25.655 32036 32066 D ANWAPI_SECOND: (32036|0x296C7CB0)[BTAPI] B:Rpaired_storage[6]name[]addr[00:00:00:00:00:00]linkkey[00:00:00:00:00:00:00:00:00:00:00:00:00:00:00:00]
05-27 18:18:25.656 32036 32066 D ANWAPI_SECOND: (32036|0x296C7CB0)[BTAPI] B:Rpaired_storage[7]name[]addr[00:00:00:00:00:00]linkkey[00:00:00:00:00:00:00:00:00:00:00:00:00:00:00:00]
05-27 18:18:25.656 32036 32066 D ANWAPI_SECOND: (32036|0x296C7CB0)[BTAPI] B:Rpaired_storage[8]name[]addr[00:00:00:00:00:00]linkkey[00:00:00:00:00:00:00:00:00:00:00:00:00:00:00:00]
05-27 18:18:25.656 32036 32066 D ANWAPI_SECOND: (32036|0x296C7CB0)[BTAPI] B:Rpaired_storage[9]name[]addr[00:00:00:00:00:00]linkkey[00:00:00:00:00:00:00:00:00:00:00:00:00:00:00:00]
05-27 18:18:25.656 32036 32066 D ANWAPI_SECOND: (32036|0x296C7CB0)[BTAPI] B:Rpaired_storage[10]name[]addr[00:00:00:00:00:00]linkkey[00:00:00:00:00:00:00:00:00:00:00:00:00:00:00:00]
05-27 18:18:25.656 32036 32066 D ANW_AVRCP_SECOND: AnWBT_ReadStorage =/data/misc/anw//anwbt_storage.bin
05-27 18:18:25.656 32036 32066 D ANW_AVRCP_SECOND: AnWBT_ReadStorage open anwbt_bt_storage success
05-27 18:18:25.656 32036 32066 D ANW_AVRCP_SECOND: 
05-27 18:18:25.656 32036 32066 D ANW_AVRCP_SECOND: read storage size=6600
05-27 18:18:25.656 32036 32066 D ANW_AVRCP_SECOND: 
05-27 18:18:25.656 32036 32066 D ANWAPI_SECOND: (32036|0x296C7CB0)[BTAPI] A:Readpaired_storage[0]name[]cod[0]support[0]addr[00:00:00:00:00:00]linkkey[00:00:00:00:00:00:00:00:00:00:00:00:00:00:00:00]
05-27 18:18:25.656 32036 32066 D ANWAPI_SECOND: (32036|0x296C7CB0)[BTAPI] A:Readpaired_storage[1]name[]cod[0]support[0]addr[00:00:00:00:00:00]linkkey[00:00:00:00:00:00:00:00:00:00:00:00:00:00:00:00]
05-27 18:18:25.656 32036 32066 D ANWAPI_SECOND: (32036|0x296C7CB0)[BTAPI] A:Readpaired_storage[2]name[]cod[0]support[0]addr[00:00:00:00:00:00]linkkey[00:00:00:00:00:00:00:00:00:00:00:00:00:00:00:00]
05-27 18:18:25.656 32036 32066 D ANWAPI_SECOND: (32036|0x296C7CB0)[BTAPI] A:Readpaired_storage[3]name[]cod[0]support[0]addr[00:00:00:00:00:00]linkkey[00:00:00:00:00:00:00:00:00:00:00:00:00:00:00:00]
05-27 18:18:25.656 32036 32066 D ANWAPI_SECOND: (32036|0x296C7CB0)[BTAPI] A:Readpaired_storage[4]name[]cod[0]support[0]addr[00:00:00:00:00:00]linkkey[00:00:00:00:00:00:00:00:00:00:00:00:00:00:00:00]
05-27 18:18:25.656 32036 32066 D ANWAPI_SECOND: (32036|0x296C7CB0)[BTAPI] A:Readpaired_storage[5]name[]cod[0]support[0]addr[00:00:00:00:00:00]linkkey[00:00:00:00:00:00:00:00:00:00:00:00:00:00:00:00]
05-27 18:18:25.656 32036 32066 D ANWAPI_SECOND: (32036|0x296C7CB0)[BTAPI] A:Readpaired_storage[6]name[]cod[0]support[0]addr[00:00:00:00:00:00]linkkey[00:00:00:00:00:00:00:00:00:00:00:00:00:00:00:00]
05-27 18:18:25.656 32036 32066 D ANWAPI_SECOND: (32036|0x296C7CB0)[BTAPI] A:Readpaired_storage[7]name[]cod[0]support[0]addr[00:00:00:00:00:00]linkkey[00:00:00:00:00:00:00:00:00:00:00:00:00:00:00:00]
05-27 18:18:25.656 32036 32066 D ANWAPI_SECOND: (32036|0x296C7CB0)[BTAPI] A:Readpaired_storage[8]name[]cod[0]support[0]addr[00:00:00:00:00:00]linkkey[00:00:00:00:00:00:00:00:00:00:00:00:00:00:00:00]
05-27 18:18:25.656 32036 32066 D ANWAPI_SECOND: (32036|0x296C7CB0)[BTAPI] A:Readpaired_storage[9]name[]cod[0]support[0]addr[00:00:00:00:00:00]linkkey[00:00:00:00:00:00:00:00:00:00:00:00:00:00:00:00]
05-27 18:18:25.656 13911 14183 I SentryImuMcuAngleSender: 179.96494rollDeg
05-27 18:18:25.657 32036 32066 D ANWAPI_SECOND: (32036|0x296C7CB0)[BTAPI] A:Readpaired_storage[10]name[]cod[0]support[0]addr[00:00:00:00:00:00]linkkey[00:00:00:00:00:00:00:00:00:00:00:00:00:00:00:00]
05-27 18:18:25.657 13911 14183 I SentryImuMcuAngleSender: 1,0,0
05-27 18:18:25.657 32036 32066 D ANWAPI_SECOND: (32036|0x296C7CB0)[BTAPI] <<<<AnWBT_EEPROM_Read ret = 0
05-27 18:18:25.657 32036 32066 D ANWAPI_SECOND: (32036|0x296C7CB0)[BTAPI] local_name_set=0
05-27 18:18:25.657 32036 32067 D ANWJNI_SECOND: (32036|0x295C9CB0)[BTAPP] doPowerOn_Timeout_Thread
05-27 18:18:25.657 32036 32067 D ANWJNI_SECOND: 
05-27 18:18:25.657 32036 32066 D ANWAPI_SECOND: (32036|0x296C7CB0)[BTAPI] [Paired DevInf] Storage Write
05-27 18:18:25.657 32036 32066 D ANW_AVRCP_SECOND: AnWBT_WriteStorage =/data/misc/anw//anwbt_storage.bin
05-27 18:18:25.657 32036 32066 D ANW_AVRCP_SECOND: AnWBT_WriteStorage open anwbt_bt_storage success
05-27 18:18:25.657 32036 32066 D ANW_AVRCP_SECOND: 
05-27 18:18:25.661  1008 30857 D [OMXB]  : usingANWBuffer: handle:0xee743710, format:1, w:1920, h:1080
05-27 18:18:25.662 30773 30786 I dvr_service_: CameraX 1  audioOK: 136538118,audios:2030
05-27 08:09:34.629   581   581 D spi_rst_gpio_get_output: GPIO 145 value: 1
05-27 08:09:34.629   581   581 D spidev_ioctl: gpio status=1)
05-27 18:18:25.664   581   581 I SpiService: fgesysctrl_getGPIO_status success val=1
05-27 18:18:25.664   536   536 D commservice260303: msg.id = 1028,2
05-27 18:18:25.664   536   536 D commservice260303: i = 170, msgid = 8A000404
05-27 18:18:25.665   536   536 D commservice260303: msgid = -1979710460,did=138
05-27 18:18:25.665   536   536 D commservice260303: CommProtocolLibCmdBaseI2C::dataproc {"command":{"id":"imu_status","sub":""},"content":{"TimeStamp":8,"FrameCounter":207732,"GD_X":-0.011147825978696346,"GD_Y":0.005039200186729431,"GD_Z":0.002747945487499237,"AD_X":0.0011478215456008911,"AD_Y":0.0032415559981018305,"AD_Z":-0.16338157653808594,"TempDsp":0,"Status":0,"CalibState":1,"SigAmpInvalid":0}},-1979710460
05-27 18:18:25.665   536   536 D commservice260303: send2Cluster len:315, 7B22636F6D6D616E64223A7B226964223A22696D755F737461747573222C22737562223A22227D2C22636F6E74656E74223A7B2254696D655374616D70223A382C224672616D65436F756E746572223A3230373733322C2247445F58223A2D302E3031313134373832353937383639363334362C2247445F59223A302E3030353033393230303138363732393433312C2247445F5A223A302E3030323734373934353438373439393233372C2241445F58223A302E303031313437383231353435363030383931312C2241445F59223A302E303033323431353535393938313031383330352C2241445F5A223A2D302E31363333383135373635333830383539342C2254656D70447370223A302C22537461747573223A302C2243616C69625374617465223A312C22536967416D70496E76616C6964223A307D7D, 138 
05-27 18:18:25.665   536   536 D commservice260303: Push Message into SendPool fn=-1352137984
05-27 18:18:25.665   536   536 D commservice260303: ComProtocolLibSend2Cluster::send2ClusterRaw fn=-1352137984 , len=331
05-27 18:18:25.665   536   536 D commservice260303: sendCmdToPort :331!!!
