05-27 18:18:25.421   351   516 D automotive.vehicle@2.0-adayo-func-bcm: BCMFunc sendMessageFromVehicle_l id:557842571, area:0 not report! 
05-27 18:18:25.421   351   516 D automotive.vehicle@2.0-adayo-func-bcm: BCMFunc sendMessageFromVehicle_l dataType: 12,mByte=22,propid=0x2140008c
05-27 18:18:25.421   351   516 D automotive.vehicle@2.0-adayo-func-bcm: BCMFunc sendMessageFromVehicle_l msgBuff[22]=0x0,start:1,len:1,temp:1,
05-27 18:18:25.421   351   516 D automotive.vehicle@2.0-adayo-func-bcm: BCMFunc sendMessageFromVehicle_l prop: 0x2140008c ,areaId: 0x0  SPLITE_BIT_DATA_INTEGER : 0
05-27 18:18:25.421   351   516 D automotive.vehicle@2.0-adayo-func-bcm: BCMFunc sendMessageFromVehicle_l id:557842572, area:0 not report! 
05-27 18:18:25.422   351   516 D automotive.vehicle@2.0-adayo-func-bcm: BCMFunc sendMessageFromVehicle_l dataType: 12,mByte=23,propid=0x2140008e
05-27 18:18:25.422   351   516 D automotive.vehicle@2.0-adayo-func-bcm: BCMFunc sendMessageFromVehicle_l msgBuff[23]=0x0,start:0,len:1,temp:1,
05-27 18:18:25.422   351   516 D automotive.vehicle@2.0-adayo-func-bcm: BCMFunc sendMessageFromVehicle_l prop: 0x2140008e ,areaId: 0x0  SPLITE_BIT_DATA_INTEGER : 0
05-27 18:18:25.422   351   516 D automotive.vehicle@2.0-adayo-func-bcm: BCMFunc sendMessageFromVehicle_l id:557842574, area:0 not report! 
05-27 18:18:25.422   351   516 D automotive.vehicle@2.0-adayo-func-bcm: BCMFunc sendMessageFromVehicle_l dataType: 12,mByte=23,propid=0x2140008f
05-27 18:18:25.422   351   516 D automotive.vehicle@2.0-adayo-func-bcm: BCMFunc sendMessageFromVehicle_l msgBuff[23]=0x0,start:1,len:1,temp:1,
05-27 18:18:25.422   351   516 D automotive.vehicle@2.0-adayo-func-bcm: BCMFunc sendMessageFromVehicle_l prop: 0x2140008f ,areaId: 0x0  SPLITE_BIT_DATA_INTEGER : 0
05-27 18:18:25.422   351   516 D automotive.vehicle@2.0-adayo-func-bcm: BCMFunc sendMessageFromVehicle_l id:557842575, area:0 not report! 
05-27 18:18:25.422   351   516 D automotive.vehicle@2.0-adayo-func-bcm: BCMFunc sendMessageFromVehicle_l dataType: 12,mByte=24,propid=0x2140000b
05-27 18:18:25.422   351   516 D automotive.vehicle@2.0-adayo-func-bcm: BCMFunc sendMessageFromVehicle_l msgBuff[24]=0x0,start:2,len:3,temp:3,
05-27 18:18:25.422   351   516 D automotive.vehicle@2.0-adayo-func-bcm: BCMFunc sendMessageFromVehicle_l prop: 0x2140000b ,areaId: 0x0  SPLITE_BIT_DATA_INTEGER : 0
05-27 18:18:25.422   351   516 D automotive.vehicle@2.0-adayo-func-bcm: BCMFunc sendMessageFromVehicle_l id:557842443, area:0 not report! 
05-27 18:18:25.422   351   516 D automotive.vehicle@2.0-adayo-func-bcm: BCMFunc sendMessageFromVehicle_l dataType: 12,mByte=26,propid=0x21400086
05-27 18:18:25.422   351   516 D automotive.vehicle@2.0-adayo-func-bcm: BCMFunc sendMessageFromVehicle_l msgBuff[26]=0x0,start:0,len:11,temp:8,
05-27 18:18:25.422   351   516 D automotive.vehicle@2.0-adayo-func-bcm: BCMFunc sendMessageFromVehicle_l msgBuff[25]=0x0,start:0,len:3,temp:3,
05-27 18:18:25.422   351   516 D automotive.vehicle@2.0-adayo-func-bcm: BCMFunc sendMessageFromVehicle_l prop: 0x21400086 ,areaId: 0x0  SPLITE_BIT_DATA_INTEGER : 0
05-27 18:18:25.422   351   516 D automotive.vehicle@2.0-adayo-func-bcm: BCMFunc sendMessageFromVehicle_l id:557842566, area:0 not report! 
05-27 18:18:25.422   351   516 D automotive.vehicle@2.0-adayo-func-bcm: BCMFunc sendMessageFromVehicle_l dataType: 12,mByte=28,propid=0x21600004
05-27 18:18:25.422   351   516 D automotive.vehicle@2.0-adayo-func-bcm: BCMFunc sendMessageFromVehicle_l msgBuff[28]=0x0,start:0,len:16,temp:8,
05-27 18:18:25.422   351   516 D automotive.vehicle@2.0-adayo-func-bcm: BCMFunc sendMessageFromVehicle_l msgBuff[27]=0x0,start:0,len:8,temp:8,
05-27 18:18:25.422   351   516 D automotive.vehicle@2.0-adayo-func-bcm: BCMFunc sendMessageFromVehicle_l prop: 0x21600004 , SPLITE_BIT_DATA_INTEGER1 data:0
05-27 18:18:25.422   351   516 D automotive.vehicle@2.0-adayo-func-bcm: BCMFunc sendMessageFromVehicle_l prop: 0x21600004 , SPLITE_BIT_DATA_INTEGER4 procotol.calc[0]:0.100000,procotol.calc[1]:0.000000
05-27 18:18:25.422   351   516 D automotive.vehicle@2.0-adayo-func-bcm: BCMFunc sendMessageFromVehicle_l prop: 0x21600004 ,areaId: 0x0  SPLITE_BIT_DATA_INTEGER : 0.000000,calc[0]:0.100000,calc[1]:0.000000
05-27 18:18:25.422   351   516 D automotive.vehicle@2.0-adayo-func-bcm: BCMFunc sendMessageFromVehicle_l id:559939588, area:0 not report! 
05-27 18:18:25.422   351   516 D automotive.vehicle@2.0-adayo-func-bcm: BCMFunc sendMessageFromVehicle_l dataType: 12,mByte=30,propid=0x21400003
05-27 18:18:25.422   351   516 D automotive.vehicle@2.0-adayo-func-bcm: BCMFunc sendMessageFromVehicle_l msgBuff[30]=0x0,start:0,len:16,temp:8,
05-27 18:18:25.422   351   516 D automotive.vehicle@2.0-adayo-func-bcm: BCMFunc sendMessageFromVehicle_l msgBuff[29]=0x0,start:0,len:8,temp:8,
05-27 18:18:25.422   351   516 D automotive.vehicle@2.0-adayo-func-bcm: BCMFunc sendMessageFromVehicle_l prop: 0x21400003 ,areaId: 0x0  SPLITE_BIT_DATA_INTEGER : 0
05-27 18:18:25.422   351   516 D automotive.vehicle@2.0-adayo-func-bcm: BCMFunc sendMessageFromVehicle_l id:557842435, area:0 not report! 
05-27 18:18:25.422   351   516 D automotive.vehicle@2.0-adayo-func-bcm: BCMFunc sendMessageFromVehicle_l dataType: 12,mByte=32,propid=0x21600002
05-27 18:18:25.422   351   516 D automotive.vehicle@2.0-adayo-func-bcm: BCMFunc sendMessageFromVehicle_l msgBuff[32]=0x0,start:5,len:11,temp:3,
05-27 18:18:25.422   351   516 D automotive.vehicle@2.0-adayo-func-bcm: BCMFunc sendMessageFromVehicle_l msgBuff[31]=0x0,start:0,len:8,temp:8,
05-27 18:18:25.422   351   516 D automotive.vehicle@2.0-adayo-func-bcm: BCMFunc sendMessageFromVehicle_l prop: 0x21600002 , SPLITE_BIT_DATA_INTEGER1 data:0
05-27 18:18:25.422   351   516 D automotive.vehicle@2.0-adayo-func-bcm: BCMFunc sendMessageFromVehicle_l prop: 0x21600002 , SPLITE_BIT_DATA_INTEGER4 procotol.calc[0]:0.100000,procotol.calc[1]:0.000000
05-27 18:18:25.422   351   516 D automotive.vehicle@2.0-adayo-func-bcm: BCMFunc sendMessageFromVehicle_l prop: 0x21600002 ,areaId: 0x0  SPLITE_BIT_DATA_INTEGER : 0.000000,calc[0]:0.100000,calc[1]:0.000000
05-27 18:18:25.422   351   516 D automotive.vehicle@2.0-adayo-func-bcm: BCMFunc sendMessageFromVehicle_l id:559939586, area:0 not report! 
05-27 18:18:25.422   351   516 D automotive.vehicle@2.0-adayo-func-bcm: BCMFunc sendMessageFromVehicle_l dataType: 12,mByte=34,propid=0x216000dd
05-27 18:18:25.422   351   516 D automotive.vehicle@2.0-adayo-func-bcm: BCMFunc sendMessageFromVehicle_l msgBuff[34]=0x0,start:5,len:11,temp:3,
05-27 18:18:25.422   351   516 D automotive.vehicle@2.0-adayo-func-bcm: BCMFunc sendMessageFromVehicle_l msgBuff[33]=0x0,start:0,len:8,temp:8,
05-27 18:18:25.422   351   516 D automotive.vehicle@2.0-adayo-func-bcm: BCMFunc sendMessageFromVehicle_l prop: 0x216000dd , SPLITE_BIT_DATA_INTEGER1 data:0
05-27 18:18:25.422   351   516 D automotive.vehicle@2.0-adayo-func-bcm: BCMFunc sendMessageFromVehicle_l prop: 0x216000dd , SPLITE_BIT_DATA_INTEGER4 procotol.calc[0]:0.200000,procotol.calc[1]:0.000000
05-27 18:18:25.422   351   516 D automotive.vehicle@2.0-adayo-func-bcm: BCMFunc sendMessageFromVehicle_l prop: 0x216000dd ,areaId: 0x0  SPLITE_BIT_DATA_INTEGER : 0.000000,calc[0]:0.200000,calc[1]:0.000000
05-27 18:18:25.422   351   516 D automotive.vehicle@2.0-adayo-func-bcm: BCMFunc sendMessageFromVehicle_l id:559939805, area:0 not report! 
05-27 18:18:25.423   351   516 D automotive.vehicle@2.0-adayo-func-bcm: BCMFunc sendMessageFromVehicle_l dataType: 12,mByte=35,propid=0x216000de
05-27 18:18:25.423   351   516 D automotive.vehicle@2.0-adayo-func-bcm: BCMFunc sendMessageFromVehicle_l msgBuff[35]=0x0,start:0,len:8,temp:8,
05-27 18:18:25.423   351   516 D automotive.vehicle@2.0-adayo-func-bcm: BCMFunc sendMessageFromVehicle_l prop: 0x216000de , SPLITE_BIT_DATA_INTEGER1 data:0
05-27 18:18:25.423   351   516 D automotive.vehicle@2.0-adayo-func-bcm: BCMFunc sendMessageFromVehicle_l prop: 0x216000de , SPLITE_BIT_DATA_INTEGER4 procotol.calc[0]:0.392157,procotol.calc[1]:0.000000
05-27 18:18:25.423   351   516 D automotive.vehicle@2.0-adayo-func-bcm: BCMFunc sendMessageFromVehicle_l prop: 0x216000de ,areaId: 0x0  SPLITE_BIT_DATA_INTEGER : 0.000000,calc[0]:0.392157,calc[1]:0.000000
05-27 18:18:25.423   351   516 D automotive.vehicle@2.0-adayo-func-bcm: BCMFunc sendMessageFromVehicle_l id:559939806, area:0 not report! 
05-27 18:18:25.423   351   516 D automotive.vehicle@2.0-adayo-func-bcm: BCMFunc sendMessageFromVehicle_l dataType: 12,mByte=36,propid=0x214000df
05-27 18:18:25.423   351   516 D automotive.vehicle@2.0-adayo-func-bcm: BCMFunc sendMessageFromVehicle_l msgBuff[36]=0x0,start:3,len:1,temp:1,
05-27 18:18:25.423   351   516 D automotive.vehicle@2.0-adayo-func-bcm: BCMFunc sendMessageFromVehicle_l prop: 0x214000df ,areaId: 0x0  SPLITE_BIT_DATA_INTEGER : 0
05-27 18:18:25.423   351   516 D automotive.vehicle@2.0-adayo-func-bcm: BCMFunc sendMessageFromVehicle_l id:557842655, area:0 not report! 
05-27 18:18:25.423   351   516 D automotive.vehicle@2.0-adayo-func-bcm: BCMFunc sendMessageFromVehicle_l dataType: 12,mByte=37,propid=0x214000e0
05-27 18:18:25.423   351   516 D automotive.vehicle@2.0-adayo-func-bcm: BCMFunc sendMessageFromVehicle_l msgBuff[37]=0x0,start:0,len:3,temp:3,
05-27 18:18:25.423   351   516 D automotive.vehicle@2.0-adayo-func-bcm: BCMFunc sendMessageFromVehicle_l prop: 0x214000e0 ,areaId: 0x0  SPLITE_BIT_DATA_INTEGER : 0
05-27 18:18:25.423   351   516 D automotive.vehicle@2.0-adayo-func-bcm: BCMFunc sendMessageFromVehicle_l id:557842656, area:0 not report! 
05-27 18:18:25.423   351   516 D automotive.vehicle@2.0-adayo-func-bcm: BCMFunc sendMessageFromVehicle_l dataType: 12,mByte=38,propid=0x216000e1
05-27 18:18:25.423   351   516 D automotive.vehicle@2.0-adayo-func-bcm: BCMFunc sendMessageFromVehicle_l msgBuff[38]=0x0,start:0,len:8,temp:8,
05-27 18:18:25.423   351   516 D automotive.vehicle@2.0-adayo-func-bcm: BCMFunc sendMessageFromVehicle_l prop: 0x216000e1 , SPLITE_BIT_DATA_INTEGER1 data:0
05-27 18:18:25.423   351   516 D automotive.vehicle@2.0-adayo-func-bcm: BCMFunc sendMessageFromVehicle_l prop: 0x216000e1 , SPLITE_BIT_DATA_INTEGER4 procotol.calc[0]:0.005000,procotol.calc[1]:-163.839996
05-27 18:18:25.423   351   516 D automotive.vehicle@2.0-adayo-func-bcm: BCMFunc sendMessageFromVehicle_l prop: 0x216000e1 ,areaId: 0x0  SPLITE_BIT_DATA_INTEGER : -163.839996,calc[0]:0.005000,calc[1]:-163.839996
05-27 18:18:25.423   351   516 D automotive.vehicle@2.0-adayo-func-bcm: BCMFunc sendMessageFromVehicle_l id:559939809, area:0 not report! 
05-27 18:18:25.423   351   516 D automotive.vehicle@2.0-adayo-func-bcm: BCMFunc sendMessageFromVehicle_l dataType: 12,mByte=39,propid=0x214000e2
05-27 18:18:25.423   351   516 D automotive.vehicle@2.0-adayo-func-bcm: BCMFunc sendMessageFromVehicle_l msgBuff[39]=0x0,start:0,len:8,temp:8,
05-27 18:18:25.423   351   516 D automotive.vehicle@2.0-adayo-func-bcm: BCMFunc sendMessageFromVehicle_l prop: 0x214000e2 ,areaId: 0x0  SPLITE_BIT_DATA_INTEGER : 0
05-27 18:18:25.423   351   516 D automotive.vehicle@2.0-adayo-func-bcm: BCMFunc sendMessageFromVehicle_l id:557842658, area:0 not report! 
05-27 18:18:25.423   351   516 D automotive.vehicle@2.0-adayo-func-bcm: BCMFunc sendMessageFromVehicle_l dataType: 12,mByte=40,propid=0x214000e3
05-27 18:18:25.423   351   516 D automotive.vehicle@2.0-adayo-func-bcm: BCMFunc sendMessageFromVehicle_l msgBuff[40]=0x0,start:0,len:4,temp:4,
05-27 18:18:25.423   351   516 D automotive.vehicle@2.0-adayo-func-bcm: BCMFunc sendMessageFromVehicle_l prop: 0x214000e3 ,areaId: 0x0  SPLITE_BIT_DATA_INTEGER : 0
05-27 18:18:25.423   351   516 D automotive.vehicle@2.0-adayo-func-bcm: BCMFunc sendMessageFromVehicle_l id:557842659, area:0 not report! 
05-27 18:18:25.423   351   516 D automotive.vehicle@2.0-adayo-func-bcm: BCMFunc sendMessageFromVehicle_l dataType: 12,mByte=40,propid=0x214000e4
05-27 18:18:25.423   351   516 D automotive.vehicle@2.0-adayo-func-bcm: BCMFunc sendMessageFromVehicle_l msgBuff[40]=0x0,start:4,len:4,temp:4,
05-27 18:18:25.423   351   516 D automotive.vehicle@2.0-adayo-func-bcm: BCMFunc sendMessageFromVehicle_l prop: 0x214000e4 ,areaId: 0x0  SPLITE_BIT_DATA_INTEGER : 0
05-27 18:18:25.423   351   516 D automotive.vehicle@2.0-adayo-func-bcm: BCMFunc sendMessageFromVehicle_l id:557842660, area:0 not report! 
05-27 18:18:25.423   351   516 D automotive.vehicle@2.0-adayo-func-bcm: BCMFunc sendMessageFromVehicle_l dataType: 12,mByte=41,propid=0x214000e5
05-27 18:18:25.423   351   516 D automotive.vehicle@2.0-adayo-func-bcm: BCMFunc sendMessageFromVehicle_l msgBuff[41]=0x0,start:0,len:8,temp:8,
05-27 18:18:25.423   351   516 D automotive.vehicle@2.0-adayo-func-bcm: BCMFunc sendMessageFromVehicle_l prop: 0x214000e5 ,areaId: 0x0  SPLITE_BIT_DATA_INTEGER : 0
05-27 18:18:25.423   351   516 D automotive.vehicle@2.0-adayo-func-bcm: BCMFunc sendMessageFromVehicle_l id:557842661, area:0 not report! 
05-27 18:18:25.423   351   516 D automotive.vehicle@2.0-adayo-func-bcm: BCMFunc sendMessageFromVehicle_l dataType: 12,mByte=42,propid=0x216000e6
05-27 18:18:25.423   351   516 D automotive.vehicle@2.0-adayo-func-bcm: BCMFunc sendMessageFromVehicle_l msgBuff[42]=0x0,start:0,len:8,temp:8,
05-27 18:18:25.423   351   516 D automotive.vehicle@2.0-adayo-func-bcm: BCMFunc sendMessageFromVehicle_l prop: 0x216000e6 , SPLITE_BIT_DATA_INTEGER1 data:0
05-27 18:18:25.423   351   516 D automotive.vehicle@2.0-adayo-func-bcm: BCMFunc sendMessageFromVehicle_l prop: 0x216000e6 , SPLITE_BIT_DATA_INTEGER4 procotol.calc[0]:0.000127,procotol.calc[1]:-4.176800
05-27 18:18:25.423   351   516 D automotive.vehicle@2.0-adayo-func-bcm: BCMFunc sendMessageFromVehicle_l prop: 0x216000e6 ,areaId: 0x0  SPLITE_BIT_DATA_INTEGER : -4.176800,calc[0]:0.000127,calc[1]:-4.176800
05-27 18:18:25.423   351   516 D automotive.vehicle@2.0-adayo-func-bcm: BCMFunc sendMessageFromVehicle_l id:559939814, area:0 not report! 
05-27 18:18:25.424   351   516 D automotive.vehicle@2.0-adayo-func-bcm: BCMFunc sendMessageFromVehicle_l dataType: 12,mByte=43,propid=0x214000e7
05-27 18:18:25.424   351   516 D automotive.vehicle@2.0-adayo-func-bcm: BCMFunc sendMessageFromVehicle_l msgBuff[43]=0x0,start:0,len:8,temp:8,
05-27 18:18:25.424   351   516 D automotive.vehicle@2.0-adayo-func-bcm: BCMFunc sendMessageFromVehicle_l prop: 0x214000e7 ,areaId: 0x0  SPLITE_BIT_DATA_INTEGER : 0
05-27 18:18:25.424   351   516 D automotive.vehicle@2.0-adayo-func-bcm: BCMFunc sendMessageFromVehicle_l id:557842663, area:0 not report! 
05-27 18:18:25.424   351   516 D automotive.vehicle@2.0-adayo-func-bcm: BCMFunc sendMessageFromVehicle_l dataType: 12,mByte=44,propid=0x214000e8
05-27 18:18:25.424   351   516 D automotive.vehicle@2.0-adayo-func-bcm: BCMFunc sendMessageFromVehicle_l msgBuff[44]=0x0,start:0,len:4,temp:4,
05-27 18:18:25.424   351   516 D automotive.vehicle@2.0-adayo-func-bcm: BCMFunc sendMessageFromVehicle_l prop: 0x214000e8 ,areaId: 0x0  SPLITE_BIT_DATA_INTEGER : 0
05-27 18:18:25.424   351   516 D automotive.vehicle@2.0-adayo-func-bcm: BCMFunc sendMessageFromVehicle_l id:557842664, area:0 not report! 
05-27 18:18:25.424   351   516 D automotive.vehicle@2.0-adayo-func-bcm: BCMFunc sendMessageFromVehicle_l dataType: 12,mByte=44,propid=0x214000e9
05-27 18:18:25.424   351   516 D automotive.vehicle@2.0-adayo-func-bcm: BCMFunc sendMessageFromVehicle_l msgBuff[44]=0x0,start:4,len:4,temp:4,
05-27 18:18:25.424   351   516 D automotive.vehicle@2.0-adayo-func-bcm: BCMFunc sendMessageFromVehicle_l prop: 0x214000e9 ,areaId: 0x0  SPLITE_BIT_DATA_INTEGER : 0
05-27 18:18:25.424   351   516 D automotive.vehicle@2.0-adayo-func-bcm: BCMFunc sendMessageFromVehicle_l id:557842665, area:0 not report! 
05-27 18:18:25.424   351   516 D automotive.vehicle@2.0-adayo-func-bcm: BCMFunc sendMessageFromVehicle_l dataType: 12,mByte=45,propid=0x214000ea
05-27 18:18:25.424   351   516 D automotive.vehicle@2.0-adayo-func-bcm: BCMFunc sendMessageFromVehicle_l msgBuff[45]=0x0,start:0,len:8,temp:8,
05-27 18:18:25.424   351   516 D automotive.vehicle@2.0-adayo-func-bcm: BCMFunc sendMessageFromVehicle_l prop: 0x214000ea ,areaId: 0x0  SPLITE_BIT_DATA_INTEGER : 0
05-27 18:18:25.424   351   516 D automotive.vehicle@2.0-adayo-func-bcm: BCMFunc sendMessageFromVehicle_l id:557842666, area:0 not report! 
05-27 18:18:25.424   351   516 D automotive.vehicle@2.0-adayo-func-bcm: BCMFunc sendMessageFromVehicle_l dataType: 12,mByte=46,propid=0x214000eb
05-27 18:18:25.424   351   516 D automotive.vehicle@2.0-adayo-func-bcm: BCMFunc sendMessageFromVehicle_l msgBuff[46]=0x0,start:0,len:8,temp:8,
05-27 18:18:25.424   351   516 D automotive.vehicle@2.0-adayo-func-bcm: BCMFunc sendMessageFromVehicle_l prop: 0x214000eb ,areaId: 0x0  SPLITE_BIT_DATA_INTEGER : 0
05-27 18:18:25.424   351   516 D automotive.vehicle@2.0-adayo-func-bcm: BCMFunc sendMessageFromVehicle_l id:557842667, area:0 not report! 
05-27 18:18:25.424   351   516 D automotive.vehicle@2.0-adayo-func-bcm: BCMFunc sendMessageFromVehicle_l dataType: 12,mByte=47,propid=0x214000ec
05-27 18:18:25.424   351   516 D automotive.vehicle@2.0-adayo-func-bcm: BCMFunc sendMessageFromVehicle_l msgBuff[47]=0x0,start:0,len:8,temp:8,
05-27 18:18:25.424   351   516 D automotive.vehicle@2.0-adayo-func-bcm: BCMFunc sendMessageFromVehicle_l prop: 0x214000ec ,areaId: 0x0  SPLITE_BIT_DATA_INTEGER : 0
05-27 18:18:25.424   351   516 D automotive.vehicle@2.0-adayo-func-bcm: BCMFunc sendMessageFromVehicle_l id:557842668, area:0 not report! 
05-27 18:18:25.424   351   516 D automotive.vehicle@2.0-adayo-func-bcm: BCMFunc sendMessageFromVehicle_l dataType: 12,mByte=48,propid=0x214000ed
05-27 18:18:25.424   351   516 D automotive.vehicle@2.0-adayo-func-bcm: BCMFunc sendMessageFromVehicle_l msgBuff[48]=0x0,start:0,len:4,temp:4,
05-27 18:18:25.424   351   516 D automotive.vehicle@2.0-adayo-func-bcm: BCMFunc sendMessageFromVehicle_l prop: 0x214000ed ,areaId: 0x0  SPLITE_BIT_DATA_INTEGER : 0
05-27 18:18:25.424   351   516 D automotive.vehicle@2.0-adayo-func-bcm: BCMFunc sendMessageFromVehicle_l id:557842669, area:0 not report! 
05-27 18:18:25.424   351   516 D automotive.vehicle@2.0-adayo-func-bcm: BCMFunc sendMessageFromVehicle_l dataType: 12,mByte=48,propid=0x214000ee
05-27 18:18:25.424   351   516 D automotive.vehicle@2.0-adayo-func-bcm: BCMFunc sendMessageFromVehicle_l msgBuff[48]=0x0,start:4,len:4,temp:4,
05-27 18:18:25.424   351   516 D automotive.vehicle@2.0-adayo-func-bcm: BCMFunc sendMessageFromVehicle_l prop: 0x214000ee ,areaId: 0x0  SPLITE_BIT_DATA_INTEGER : 0
05-27 18:18:25.424   351   516 D automotive.vehicle@2.0-adayo-func-bcm: BCMFunc sendMessageFromVehicle_l id:557842670, area:0 not report! 
05-27 18:18:25.424   351   516 D automotive.vehicle@2.0-adayo-func-bcm: BCMFunc sendMessageFromVehicle_l dataType: 12,mByte=49,propid=0x214000ef
05-27 18:18:25.424   351   516 D automotive.vehicle@2.0-adayo-func-bcm: BCMFunc sendMessageFromVehicle_l msgBuff[49]=0x0,start:0,len:8,temp:8,
05-27 18:18:25.424   351   516 D automotive.vehicle@2.0-adayo-func-bcm: BCMFunc sendMessageFromVehicle_l prop: 0x214000ef ,areaId: 0x0  SPLITE_BIT_DATA_INTEGER : 0
05-27 18:18:25.424   351   516 D automotive.vehicle@2.0-adayo-func-bcm: BCMFunc sendMessageFromVehicle_l id:557842671, area:0 not report! 
05-27 18:18:25.424   351   516 D automotive.vehicle@2.0-adayo-func-bcm: BCMFunc sendMessageFromVehicle_l dataType: 12,mByte=50,propid=0x21400108
05-27 18:18:25.424   351   516 D automotive.vehicle@2.0-adayo-func-bcm: BCMFunc sendMessageFromVehicle_l msgBuff[50]=0x0,start:5,len:1,temp:1,
05-27 18:18:25.424   351   516 D automotive.vehicle@2.0-adayo-func-bcm: BCMFunc sendMessageFromVehicle_l prop: 0x21400108 ,areaId: 0x0  SPLITE_BIT_DATA_INTEGER : 0
05-27 18:18:25.424   351   516 D automotive.vehicle@2.0-adayo-func-bcm: BCMFunc sendMessageFromVehicle_l id:557842696, area:0 not report! 
05-27 18:18:25.424   351   516 D automotive.vehicle@2.0-adayo-func-bcm: BCMFunc sendMessageFromVehicle_l dataType: 12,mByte=51,propid=0x21400109
05-27 18:18:25.424   351   516 D automotive.vehicle@2.0-adayo-func-bcm: BCMFunc sendMessageFromVehicle_l msgBuff[51]=0x0,start:5,len:1,temp:1,
05-27 18:18:25.424   351   516 D automotive.vehicle@2.0-adayo-func-bcm: BCMFunc sendMessageFromVehicle_l prop: 0x21400109 ,areaId: 0x0  SPLITE_BIT_DATA_INTEGER : 0
05-27 18:18:25.424   351   516 D automotive.vehicle@2.0-adayo-func-bcm: BCMFunc sendMessageFromVehicle_l id:557842697, area:0 not report! 
05-27 18:18:25.425   351   516 D automotive.vehicle@2.0-adayo-func-bcm: BCMFunc sendMessageFromVehicle_l dataType: 12,mByte=52,propid=0x21400105
05-27 18:18:25.425   351   516 D automotive.vehicle@2.0-adayo-func-bcm: BCMFunc sendMessageFromVehicle_l msgBuff[52]=0x0,start:3,len:3,temp:3,
05-27 18:18:25.425   351   516 D automotive.vehicle@2.0-adayo-func-bcm: BCMFunc sendMessageFromVehicle_l prop: 0x21400105 ,areaId: 0x0  SPLITE_BIT_DATA_INTEGER : 0
05-27 18:18:25.425   351   516 D automotive.vehicle@2.0-adayo-func-bcm: BCMFunc sendMessageFromVehicle_l id:557842693, area:0 not report! 
05-27 18:18:25.425   566 11459 I gps_hdbd: Received: '$GNRMC,003416.000,V,,,,,,,270526,120.0,E,N,V*45
'
05-27 18:18:25.425   566 11459 I gps_hdbd: RMC : CALL gnss_sv_status_cb, view_in_sat <1>
05-27 18:18:25.425   566 11459 I gps_hdbd: [reportSvStatus]--->PLATFORM_BSP::Enter
05-27 18:18:25.425   566 11459 I gps_hdbd: hy abnormal deal:hy_cnr30_satellite_cnt=0
05-27 18:18:25.425   566 11459 D gps_hdbd: hy abnormal deal:hy_fixStatus_fail_count=0
05-27 18:18:25.426   566 11459 I gps_hdbd: Received: '$GNZDA,003416.000,27,05,2026,00,00*4E
'
05-27 18:18:25.426  1083  1083 W MyAppLog: [2026-05-27 18:18:25.425 W tboxap gpsSyncGpsInfoToDm:361] [Gps] [gpsSyncGpsInfoToDm] fix=0 mode=49 corner:0x01 alt=0.00 sat=0 hdop=0.00 pdop=0.00 vdop=0.00
05-27 18:18:25.426   581   581 I SpiService: fgesysctrl_getGPIO_status success val=1
05-27 18:18:25.428 10188  7589 I DexManager: com.anwsdk.service loads from null-0 : 0 : /system/framework/javax.obex.jar
05-27 18:18:25.428 10188  7589 I DexManager: Could not find owning package for dex file: /system/framework/javax.obex.jar
05-27 08:09:34.390   581   581 D spi_rst_gpio_get_output: GPIO 145 value: 1
05-27 08:09:34.391   581   581 D spidev_ioctl: gpio status=1)
05-27 18:18:25.431   581   581 I SpiService: fgesysctrl_getGPIO_status success val=1
05-27 08:09:34.396   581   581 D spi_rst_gpio_get_output: GPIO 145 value: 1
05-27 08:09:34.396   581   581 D spidev_ioctl: gpio status=1)
05-27 18:18:25.433  1008 30857 D [OMXB]  : usingANWBuffer: handle:0xee7407a0, format:1, w:1920, h:1080
05-27 18:18:25.434 13911 14183 I SentryImuMcuAngleSender: 179.98248rollDeg
05-27 18:18:25.434 13911 14183 I SentryImuMcuAngleSender: 1,0,0
05-27 08:09:34.401   581   581 D spi_rst_gpio_get_output: GPIO 145 value: 1
05-27 08:09:34.401   581   581 D spidev_ioctl: gpio status=1)
05-27 18:18:25.437   299 30841 D EvsDriver: forwardFrame
05-27 18:18:25.437   581   581 I SpiService: fgesysctrl_getGPIO_status success val=1
05-27 18:18:25.437   299 30844 D EvsDriver: forwardFrame
05-27 18:18:25.438 32036 32036 W .service:remote: ClassLoaderContext shared library size mismatch. Expected=0, found=1 (PCL[] | PCL[]{PCL[/system/framework/javax.obex.jar*2267184930]})
05-27 18:18:25.438   299 30841 D EvsDriver: Delivered 0xb400007b7ca56a60 as id 0
05-27 18:18:25.438   299 30844 D EvsDriver: Delivered 0xb400007b7ca56900 as id 0
05-27 18:18:25.438  1167  1167 D evsmanagerd: /dev/video6 forwarded the buffer #0 to 0xb4000074bf5f5510 from 0xb4000074bf5f6d90
05-27 18:18:25.438  1167  1184 D evsmanagerd: /dev/video4 forwarded the buffer #0 to 0xb4000074bf5f6850 from 0xb4000074bf5f41d0
05-27 18:18:25.441   299  1163 D EvsDriver: doneWithFrame
05-27 18:18:25.442   299  1153 D EvsDriver: doneWithFrame
05-27 18:18:25.442   581   581 I SpiService: fgesysctrl_getGPIO_status success val=1
05-27 08:09:34.407   581   581 D spi_rst_gpio_get_output: GPIO 145 value: 1
05-27 08:09:34.407   581   581 D spidev_ioctl: gpio status=1)
05-27 18:18:25.447 10188  7589 I DexManager: com.anwsdk.service loads from com.anwsdk.service-1 : 0 : /system/app/BluetoothExt/BluetoothExt.apk
05-27 08:09:34.413   581   581 D spi_rst_gpio_get_output: GPIO 145 value: 0
05-27 08:09:34.413   581   581 D spidev_ioctl: gpio status=0)
05-27 18:18:25.448   581   581 I SpiService: fgesysctrl_getGPIO_status success val=0
05-27 18:18:25.448   481   597 I mcuc    : send SPI:6AA602B4C000028900
05-27 18:18:25.448   566 11459 I gps_hdbd: Received: '$GNINS,1,1,TYPE,I,V,003416.000,17567000,FUS,-11,0,0,0,MOT,V,1,PATT,0.00,0.00,0.00,VEL,0.000,0.000,0.000,POS,40.0001330924,116.0001570688,84.176,IIA,1,0.00,0.00,0.00,BGA,0.31,-0.66,-0.13,0.000,0.000,0.000,IGA,0,-1,0,0,-2,98,VG,16c2ff1*22
'
05-27 18:18:25.453 13911 14183 I SentryImuMcuAngleSender: 179.98248rollDeg
05-27 18:18:25.453 13911 14183 I SentryImuMcuAngleSender: 1,0,0
05-27 18:18:25.453   566 11459 I gps_hdbd: Received: '$GNINS,CARSPEED,ADR_STATUS,0,Pulse_count,0,1,0,0,17567000,89520,0.000,0.000,0.000*32
'
05-27 18:18:25.454   536   536 D commservice260303: msg.id = 1028,0
05-27 18:18:25.454   536   536 D commservice260303: i = 170, msgid = 8A000404
05-27 18:18:25.454   536   536 D commservice260303: msgid = -1979710460,did=138
05-27 18:18:25.454   536   536 D commservice260303: CommProtocolLibCmdBaseI2C::dataproc {"command":{"id":"imu_status","sub":""},"content":{"TimeStamp":8,"FrameCounter":207727,"GD_X":-0.011070843786001205,"GD_Y":0.004656890872865915,"GD_Z":0.002747945487499237,"AD_X":-0.0012500882148742676,"AD_Y":2.4675182066857815E-4,"AD_Z":-0.1707010269165039,"TempDsp":0,"Status":0,"CalibState":1,"SigAmpInvalid":0}},-1979710460
05-27 18:18:25.454   536   536 D commservice260303: send2Cluster len:315, 7B22636F6D6D616E64223A7B226964223A22696D755F737461747573222C22737562223A22227D2C22636F6E74656E74223A7B2254696D655374616D70223A382C224672616D65436F756E746572223A3230373732372C2247445F58223A2D302E3031313037303834333738363030313230352C2247445F59223A302E3030343635363839303837323836353931352C2247445F5A223A302E3030323734373934353438373439393233372C2241445F58223A2D302E303031323530303838323134383734323637362C2241445F59223A322E34363735313832303636383537383135452D342C2241445F5A223A2D302E313730373031303236393136353033392C2254656D70447370223A302C22537461747573223A302C2243616C69625374617465223A312C22536967416D70496E76616C6964223A307D7D, 138 
05-27 18:18:25.454   536   536 D commservice260303: Push Message into SendPool fn=-1452801280
05-27 18:18:25.455   536   536 D commservice260303: ComProtocolLibSend2Cluster::send2ClusterRaw fn=-1452801280 , len=331
05-27 18:18:25.455   536   536 D commservice260303: sendCmdToPort :331!!!
05-27 18:18:25.455   536   536 D commservice260303: send Cmd To Port ++++5AA501478A01000368A96A16C4F17B22636F6D6D616E64223A7B226964223A22696D755F737461747573222C22737562223A22227D2C22636F6E74656E74223A7B2254696D655374616D70223A382C224672616D65436F756E746572223A3230373732372C2247445F58223A2D302E3031313037303834333738363030313230352C2247445F59223A302E3030343635363839303837323836353931352C2247445F5A223A302E3030323734373934353438373439393233372C2241445F58223A2D302E303031323530303838323134383734323637362C2241445F59223A322E34363735313832303636383537383135452D342C2241445F5A223A2D302E313730373031303236393136353033392C2254656D70447370223A302C22537461747573223A302C2243616C69625374617465223A312C22536967416D70496E76616C6964223A307D7D6D6C
05-27 18:18:25.455   536   536 D commservice260303: bufferevent_write retrun value = 0
05-27 18:18:25.455 13911 14192 D Sentinelmode_1.2.5.17_sentry: <SentryImuClusterFgeSender>imu_status sent to Linux, frame=207727, tsNs=8972669, tsMs=8, intervalMs=41, ad=(-0.0012500882,2.4675182E-4,-0.17070103), gd=(-0.011070844,0.004656891,0.0027479455)
05-27 18:18:25.455   536   560 D commservice260303: client datas send succeed,send finish
05-27 18:18:25.459   566 11459 I gps_hdbd: Received: '$GNTXT,04,01,04,INS,V,1,,,,FLG,1,000000,1,0,1,0,0,Con,0*71
'
05-27 18:18:25.460 32036 32036 D CompatibilityInfo: applyToConfigurationCompat inoutConfig.densityDpi= 160
05-27 18:18:25.461  1008 30856 D [OMXB]  : usingANWBuffer: handle:0xee744b00, format:1, w:1920, h:1080
05-27 18:18:25.462   581   581 I SpiService: fgesysctrl_getGPIO_status success val=1
05-27 18:18:25.465   566 11459 I gps_hdbd: Received: '$GNTXT,INSTALL,0.00,0.00,0.00,0.00,0.00,0.00,0*20
'
05-27 08:09:34.427   581   581 D spi_rst_gpio_get_output: GPIO 145 value: 1
05-27 08:09:34.427   581   581 D spidev_ioctl: gpio status=1)
05-27 18:18:25.468   581   581 I SpiService: fgesysctrl_getGPIO_status success val=1
05-27 08:09:34.432   581   581 D spi_rst_gpio_get_output: GPIO 145 value: 1
05-27 08:09:34.432   581   581 D spidev_ioctl: gpio status=1)
05-27 18:18:25.469   299 30841 D EvsDriver: forwardFrame
05-27 18:18:25.469   299 30844 D EvsDriver: forwardFrame
05-27 18:18:25.471   299 30841 D EvsDriver: Delivered 0xb400007b7ca56a60 as id 0
05-27 18:18:25.472  1167  1184 D evsmanagerd: /dev/video4 forwarded the buffer #0 to 0xb4000074bf5f6850 from 0xb4000074bf5f41d0
05-27 18:18:25.472 30773 30782 E dvr_service_: [myNum:0] Received S**** loss
05-27 18:18:25.472   299 30844 D EvsDriver: Delivered 0xb400007b7ca56900 as id 0
05-27 18:18:25.472  1167  1184 D evsmanagerd: /dev/video6 forwarded the buffer #0 to 0xb4000074bf5f5510 from 0xb4000074bf5f6d90
05-27 18:18:25.472   299  1153 D EvsDriver: doneWithFrame
05-27 18:18:25.472 30773 30773 E dvr_service_: [myNum:1] Received S**** loss
05-27 18:18:25.473   299  1153 D EvsDriver: doneWithFrame
05-27 18:18:25.473 13911 14183 I SentryImuMcuAngleSender: 179.986rollDeg
05-27 18:18:25.473 13911 14183 I SentryImuMcuAngleSender: 1,0,0
05-27 18:18:25.473   581   581 I SpiService: fgesysctrl_getGPIO_status success val=1
05-27 18:18:25.474 32036 32036 D libEGL  : <.service:remote>[setCacheFilename]: file=/data/user_de/0/com.anwsdk.service/code_cache/com.android.opengl.shaders_cache
05-27 08:09:34.438   581   581 D spi_rst_gpio_get_output: GPIO 145 value: 1
05-27 08:09:34.438   581   581 D spidev_ioctl: gpio status=1)
05-27 18:18:25.479   581   581 I SpiService: fgesysctrl_getGPIO_status success val=1
05-27 08:09:34.443   581   581 D spi_rst_gpio_get_output: GPIO 145 value: 1
05-27 08:09:34.443   581   581 D spidev_ioctl: gpio status=1)
05-27 18:18:25.482  1008 30857 D [OMXB]  : usingANWBuffer: handle:0xee7444d0, format:1, w:1920, h:1080
05-27 18:18:25.483 32036 32036 D NetworkSecurityConfig: No Network Security Config specified, using platform default
05-27 18:18:25.484   581   581 I SpiService: fgesysctrl_getGPIO_status success val=1
05-27 18:18:25.487   572   622 I Sensors : 230 GyroSensor: x:-0.011071,y:0.006032,z:0.002367
05-27 08:09:34.449   581   581 D spi_rst_gpio_get_output: GPIO 145 value: 1
05-27 08:09:34.449   581   581 D spidev_ioctl: gpio status=1)
05-27 18:18:25.488 32036 32036 D NetworkSecurityConfig: No Network Security Config specified, using platform default
05-27 18:18:25.490   581   581 I SpiService: fgesysctrl_getGPIO_status success val=0
05-27 08:09:34.455   581   581 D spi_rst_gpio_get_output: GPIO 145 value: 0
05-27 08:09:34.455   581   581 D spidev_ioctl: gpio status=0)
05-27 18:18:25.493 13911 14183 I SentryImuMcuAngleSender: 179.98598rollDeg
05-27 18:18:25.493 13911 14183 I SentryImuMcuAngleSender: 1,0,0
05-27 18:18:25.494   536   536 D commservice260303: msg.id = 1028,1
05-27 18:18:25.494   536   536 D commservice260303: i = 170, msgid = 8A000404
05-27 18:18:25.494   536   536 D commservice260303: msgid = -1979710460,did=138
05-27 18:18:25.494   536   536 D commservice260303: CommProtocolLibCmdBaseI2C::dataproc {"command":{"id":"imu_status","sub":""},"content":{"TimeStamp":8,"FrameCounter":207728,"GD_X":-0.011070843786001205,"GD_Y":0.006032164208590984,"GD_Z":0.0023671966046094894,"AD_X":-0.003697305917739868,"AD_Y":-3.621524665504694E-4,"AD_Z":-0.16826248168945312,"TempDsp":0,"Status":0,"CalibState":1,"SigAmpInvalid":0}},-1979710460
05-27 18:18:25.494   536   536 D commservice260303: send2Cluster len:316, 7B22636F6D6D616E64223A7B226964223A22696D755F737461747573222C22737562223A22227D2C22636F6E74656E74223A7B2254696D655374616D70223A382C224672616D65436F756E746572223A3230373732382C2247445F58223A2D302E3031313037303834333738363030313230352C2247445F59223A302E3030363033323136343230383539303938342C2247445F5A223A302E303032333637313936363034363039343839342C2241445F58223A2D302E3030333639373330353931373733393836382C2241445F59223A2D332E363231353234363635353034363934452D342C2241445F5A223A2D302E31363832363234383136383934353331322C2254656D70447370223A302C22537461747573223A302C2243616C69625374617465223A312C22536967416D70496E76616C6964223A307D7D, 138 
05-27 18:18:25.494   536   536 D commservice260303: Push Message into SendPool fn=-1436024064
05-27 18:18:25.494   536   536 D commservice260303: ComProtocolLibSend2Cluster::send2ClusterRaw fn=-1436024064 , len=332
05-27 18:18:25.494   536   536 D commservice260303: sendCmdToPort :332!!!
05-27 18:18:25.494   536   536 D commservice260303: send Cmd To Port ++++5AA501488A01000368AA6A16C4F17B22636F6D6D616E64223A7B226964223A22696D755F737461747573222C22737562223A22227D2C22636F6E74656E74223A7B2254696D655374616D70223A382C224672616D65436F756E746572223A3230373732382C2247445F58223A2D302E3031313037303834333738363030313230352C2247445F59223A302E3030363033323136343230383539303938342C2247445F5A223A302E303032333637313936363034363039343839342C2241445F58223A2D302E3030333639373330353931373733393836382C2241445F59223A2D332E363231353234363635353034363934452D342C2241445F5A223A2D302E31363832363234383136383934353331322C2254656D70447370223A302C22537461747573223A302C2243616C69625374617465223A312C22536967416D70496E76616C6964223A307D7DEEF6
05-27 18:18:25.494   536   536 D commservice260303: bufferevent_write retrun value = 0
05-27 18:18:25.495   536   560 D commservice260303: client datas send succeed,send finish
05-27 18:18:25.495 13911 14192 D Sentinelmode_1.2.5.17_sentry: <SentryImuClusterFgeSender>imu_status sent to Linux, frame=207728, tsNs=8972737, tsMs=8, intervalMs=39, ad=(-0.003697306,-3.6215247E-4,-0.16826248), gd=(-0.011070844,0.006032164,0.0023671966)
05-27 18:18:25.497   299 30844 D EvsDriver: forwardFrame
05-27 18:18:25.497   299 30841 D EvsDriver: forwardFrame
05-27 18:18:25.499   299 30841 D EvsDriver: Delivered 0xb400007b7ca56a60 as id 0
05-27 18:18:25.499   299 30844 D EvsDriver: Delivered 0xb400007b7ca56900 as id 0
05-27 18:18:25.499  1167  1184 D evsmanagerd: /dev/video4 forwarded the buffer #0 to 0xb4000074bf5f6850 from 0xb4000074bf5f41d0
05-27 18:18:25.499  1167  1167 D evsmanagerd: /dev/video6 forwarded the buffer #0 to 0xb4000074bf5f5510 from 0xb4000074bf5f6d90
05-27 18:18:25.502   299  1163 D EvsDriver: doneWithFrame
05-27 18:18:25.502   299  1153 D EvsDriver: doneWithFrame
05-27 18:18:25.504   581   581 I SpiService: fgesysctrl_getGPIO_status success val=1
05-27 08:09:34.469   581   581 D spi_rst_gpio_get_output: GPIO 145 value: 1
05-27 08:09:34.469   581   581 D spidev_ioctl: gpio status=1)
05-27 18:18:25.506  1008 30856 D [OMXB]  : usingANWBuffer: handle:0xee746ec0, format:1, w:1920, h:1080
05-27 18:18:25.510   581   581 I SpiService: fgesysctrl_getGPIO_status success val=1
05-27 08:09:34.475   581   581 D spi_rst_gpio_get_output: GPIO 145 value: 1
05-27 08:09:34.475   581   581 D spidev_ioctl: gpio status=1)
05-27 18:18:25.513 13911 14183 I SentryImuMcuAngleSender: 179.98598rollDeg
05-27 18:18:25.513 13911 14183 I SentryImuMcuAngleSender: 1,0,0
05-27 18:18:25.514   283   307 I rvcservice: t.code = 3, t.value = 0
05-27 18:18:25.515   581   581 I SpiService: fgesysctrl_getGPIO_status success val=1
05-27 08:09:34.480   581   581 D spi_rst_gpio_get_output: GPIO 145 value: 1
05-27 08:09:34.480   581   581 D spidev_ioctl: gpio status=1)
05-27 18:18:25.519 32036 32036 I ANWJNI_SECOND: +++ JNI_OnLoad
05-27 18:18:25.519 32036 32036 I ANWJNI_SECOND: +++ registerNativeMethods
05-27 18:18:25.519 32036 32036 I ANWJNI_SECOND: numMethods = 245
05-27 18:18:25.520 32036 32036 I ANWJNI_SECOND: --- registerNativeMethods
05-27 18:18:25.521   581   581 I SpiService: fgesysctrl_getGPIO_status success val=1
05-27 18:18:25.521 32036 32036 D ANWJNI_SECOND: (32036|0x5467E4F8)[BTAPP] read XML config file
05-27 18:18:25.521 32036 32036 D ANWJNI_SECOND: 
05-27 18:18:25.521 32036 32036 D ANWJNI_SECOND: (32036|0x5467E4F8)[BTAPP] run Read (/system/etc/bluetooth/btmonitor-config_second.xml) Start
05-27 18:18:25.521 32036 32036 D ANWJNI_SECOND: 
05-27 18:18:25.521 32036 32036 D ANWJNI_SECOND: (32036|0x5467E4F8)[BTAPP] run Read (btmonitor-config.xml) source_data != NULL
05-27 18:18:25.521 32036 32036 D ANWJNI_SECOND: 
05-27 18:18:25.522 32036 32036 D ANWJNI_SECOND: (32036|0x5467E4F8)[BTAPP] XML : find HID setting
05-27 18:18:25.522 32036 32036 D ANWJNI_SECOND: 
05-27 18:18:25.522 32036 32036 D ANWJNI_SECOND: (32036|0x5467E4F8)[BTAPP] HID set(close)
05-27 18:18:25.522 32036 32036 D ANWJNI_SECOND: 
05-27 18:18:25.522  1008 30857 D [OMXB]  : usingANWBuffer: handle:0xee743ea0, format:1, w:1920, h:1080
05-27 18:18:25.522 32036 32036 D ANWJNI_SECOND: (32036|0x5467E4F8)[BTAPP] XML : find SPP setting
05-27 18:18:25.522 32036 32036 D ANWJNI_SECOND: 
05-27 18:18:25.522 32036 32036 D ANWJNI_SECOND: (32036|0x5467E4F8)[BTAPP] SPP set(close)
05-27 18:18:25.522 32036 32036 D ANWJNI_SECOND: 
05-27 18:18:25.522 32036 32036 D ANWJNI_SECOND: (32036|0x5467E4F8)[BTAPP] XML : find PINCode setting
05-27 18:18:25.522 32036 32036 D ANWJNI_SECOND: 
05-27 18:18:25.522 32036 32036 D ANWJNI_SECOND: (32036|0x5467E4F8)[BTAPP] PinCode set(close)
05-27 18:18:25.522 32036 32036 D ANWJNI_SECOND: 
05-27 18:18:25.522 32036 32036 D ANWJNI_SECOND: (32036|0x5467E4F8)[BTAPP] get setpincode data fail
05-27 18:18:25.522 32036 32036 D ANWJNI_SECOND: 
05-27 18:18:25.522 32036 32036 D ANWJNI_SECOND: (32036|0x5467E4F8)[BTAPP] get set_legacy_pin data fail
05-27 18:18:25.522 32036 32036 D ANWJNI_SECOND: 
05-27 18:18:25.522 32036 32036 D ANWJNI_SECOND: (32036|0x5467E4F8)[BTAPP] XML : find spp_uuid setting
05-27 18:18:25.522 32036 32036 D ANWJNI_SECOND: 
05-27 18:18:25.522 32036 32036 D ANWJNI_SECOND: (32036|0x5467E4F8)[BTAPP] XML : ca_spp_uuid len(32)
05-27 18:18:25.522 32036 32036 D ANWJNI_SECOND: 
05-27 18:18:25.522 32036 32036 D ANWJNI_SECOND: (32036|0x5467E4F8)[BTAPP] XML : SPP_UUID_fromXML len(16):(
05-27 18:18:25.522 32036 32036 D ANWJNI_SECOND: (32036|0x5467E4F8)[BTAPP] 0xfa 
05-27 18:18:25.522 32036 32036 D ANWJNI_SECOND: (32036|0x5467E4F8)[BTAPP] 0xeb 
05-27 18:18:25.522 32036 32036 D ANWJNI_SECOND: (32036|0x5467E4F8)[BTAPP] 0xdc 
05-27 18:18:25.522 32036 32036 D ANWJNI_SECOND: (32036|0x5467E4F8)[BTAPP] 0x12 
05-27 18:18:25.522 32036 32036 D ANWJNI_SECOND: (32036|0x5467E4F8)[BTAPP] 0x7 
05-27 18:18:25.522 32036 32036 D ANWJNI_SECOND: (32036|0x5467E4F8)[BTAPP] 0x2c 
05-27 18:18:25.522 32036 32036 D ANWJNI_SECOND: (32036|0x5467E4F8)[BTAPP] 0xb0 
05-27 18:18:25.523 32036 32036 D ANWJNI_SECOND: (32036|0x5467E4F8)[BTAPP] 0xa4 
05-27 18:18:25.523 32036 32036 D ANWJNI_SECOND: (32036|0x5467E4F8)[BTAPP] 0x10 
05-27 18:18:25.523 32036 32036 D ANWJNI_SECOND: (32036|0x5467E4F8)[BTAPP] 0xa 
05-27 18:18:25.523 32036 32036 D ANWJNI_SECOND: (32036|0x5467E4F8)[BTAPP] 0x5a 
05-27 18:18:25.523 32036 32036 D ANWJNI_SECOND: (32036|0x5467E4F8)[BTAPP] 0x61 
05-27 18:18:25.523 32036 32036 D ANWJNI_SECOND: (32036|0x5467E4F8)[BTAPP] 0x8d 
05-27 18:18:25.523 32036 32036 D ANWJNI_SECOND: (32036|0x5467E4F8)[BTAPP] 0xc9 
05-27 18:18:25.523 32036 32036 D ANWJNI_SECOND: (32036|0x5467E4F8)[BTAPP] 0x40 
05-27 18:18:25.523 32036 32036 D ANWJNI_SECOND: (32036|0x5467E4F8)[BTAPP] 0x1c 
05-27 18:18:25.523 32036 32036 D ANWJNI_SECOND: (32036|0x5467E4F8)[BTAPP] )
05-27 18:18:25.523 32036 32036 D ANWJNI_SECOND: 
05-27 18:18:25.523 32036 32036 D ANWJNI_SECOND: (32036|0x5467E4F8)[BTAPP] XML : find Apple spp_uuid setting
05-27 18:18:25.523 32036 32036 D ANWJNI_SECOND: 
05-27 18:18:25.523 32036 32036 D ANWJNI_SECOND: (32036|0x5467E4F8)[BTAPP] XML : Apple ca_spp_uuid len(32)
05-27 18:18:25.523 32036 32036 D ANWJNI_SECOND: 
05-27 18:18:25.523 32036 32036 D ANWJNI_SECOND: (32036|0x5467E4F8)[BTAPP] XML : Apple SPP_UUID_fromXML len(16):(
05-27 18:18:25.523 32036 32036 D ANWJNI_SECOND: (32036|0x5467E4F8)[BTAPP] 0x0 
05-27 18:18:25.524 32036 32036 D ANWJNI_SECOND: (32036|0x5467E4F8)[BTAPP] 0x0 
05-27 18:18:25.524 32036 32036 D ANWJNI_SECOND: (32036|0x5467E4F8)[BTAPP] 0x0 
05-27 18:18:25.524 32036 32036 D ANWJNI_SECOND: (32036|0x5467E4F8)[BTAPP] 0x0 
05-27 18:18:25.524 32036 32036 D ANWJNI_SECOND: (32036|0x5467E4F8)[BTAPP] 0xde 
05-27 18:18:25.524 32036 32036 D ANWJNI_SECOND: (32036|0x5467E4F8)[BTAPP] 0xca 
05-27 18:18:25.524 32036 32036 D ANWJNI_SECOND: (32036|0x5467E4F8)[BTAPP] 0xfa 
05-27 18:18:25.524 32036 32036 D ANWJNI_SECOND: (32036|0x5467E4F8)[BTAPP] 0xde 
05-27 18:18:25.524 32036 32036 D ANWJNI_SECOND: (32036|0x5467E4F8)[BTAPP] 0xde 
05-27 18:18:25.524 32036 32036 D ANWJNI_SECOND: (32036|0x5467E4F8)[BTAPP] 0xca 
05-27 18:18:25.524 32036 32036 D ANWJNI_SECOND: (32036|0x5467E4F8)[BTAPP] 0xde 
05-27 18:18:25.524 32036 32036 D ANWJNI_SECOND: (32036|0x5467E4F8)[BTAPP] 0xaf 
05-27 18:18:25.524 32036 32036 D ANWJNI_SECOND: (32036|0x5467E4F8)[BTAPP] 0xde 
05-27 18:18:25.524 32036 32036 D ANWJNI_SECOND: (32036|0x5467E4F8)[BTAPP] 0xca 
05-27 18:18:25.524 32036 32036 D ANWJNI_SECOND: (32036|0x5467E4F8)[BTAPP] 0xca 
05-27 18:18:25.524 32036 32036 D ANWJNI_SECOND: (32036|0x5467E4F8)[BTAPP] 0xfe 
05-27 18:18:25.524 32036 32036 D ANWJNI_SECOND: (32036|0x5467E4F8)[BTAPP] )
05-27 18:18:25.524 32036 32036 D ANWJNI_SECOND: 
05-27 18:18:25.524 32036 32036 D ANWJNI_SECOND: (32036|0x5467E4F8)[BTAPP] XML : find calllogsize setting
05-27 18:18:25.524 32036 32036 D ANWJNI_SECOND: 
05-27 18:18:25.524 32036 32036 D ANWJNI_SECOND: (32036|0x5467E4F8)[BTAPP] XML : find ca_calllogsize(100)(100)
05-27 18:18:25.524 32036 32036 D ANWJNI_SECOND: 
05-27 18:18:25.525 32036 32036 D ANWJNI_SECOND: (32036|0x5467E4F8)[BTAPP] get contactssize data fail
05-27 18:18:25.525 32036 32036 D ANWJNI_SECOND: 
05-27 18:18:25.525 32036 32036 D ANWJNI_SECOND: (32036|0x5467E4F8)[BTAPP] get mincallsize data fail
05-27 18:18:25.525 32036 32036 D ANWJNI_SECOND: 
05-27 18:18:25.525 32036 32036 D ANWJNI_SECOND: (32036|0x5467E4F8)[BTAPP] XML : find voice setting
05-27 18:18:25.525 32036 32036 D ANWJNI_SECOND: 
05-27 18:18:25.525 32036 32036 D ANWJNI_SECOND: (32036|0x5467E4F8)[BTAPP] voice set(close)
05-27 18:18:25.525 32036 32036 D ANWJNI_SECOND: 
05-27 18:18:25.525 32036 32036 D ANWJNI_SECOND: (32036|0x5467E4F8)[BTAPP] XML : find voicedelay setting
05-27 18:18:25.525 32036 32036 D ANWJNI_SECOND: 
05-27 18:18:25.525 32036 32036 D ANWJNI_SECOND: (32036|0x5467E4F8)[BTAPP] voicedelay set(close)
05-27 18:18:25.525 32036 32036 D ANWJNI_SECOND: 
05-27 18:18:25.525 32036 32036 D ANWJNI_SECOND: (32036|0x5467E4F8)[BTAPP] get wechatvoice data fail
05-27 18:18:25.525 32036 32036 D ANWJNI_SECOND: 
05-27 18:18:25.525 32036 32036 D ANWJNI_SECOND: (32036|0x5467E4F8)[BTAPP] XML : pair any way
05-27 18:18:25.525 32036 32036 D ANWJNI_SECOND: 
05-27 18:18:25.525 32036 32036 D ANWJNI_SECOND: (32036|0x5467E4F8)[BTAPP] pairing need confirmation  accept
05-27 18:18:25.525 32036 32036 D ANWJNI_SECOND: 
05-27 18:18:25.525 32036 32036 D ANWJNI_SECOND: (32036|0x5467E4F8)[BTAPP] get use_combine data fail
05-27 18:18:25.525 32036 32036 D ANWJNI_SECOND: 
05-27 18:18:25.525 32036 32036 D ANWJNI_SECOND: (32036|0x5467E4F8)[BTAPP] XML : select pbap_photo or not
05-27 18:18:25.525 32036 32036 D ANWJNI_SECOND: 
05-27 18:18:25.525 32036 32036 D ANWJNI_SECOND: (32036|0x5467E4F8)[BTAPP] select pbap_photo
05-27 18:18:25.525 32036 32036 D ANWJNI_SECOND: 
05-27 18:18:25.525 32036 32036 D ANWJNI_SECOND: (32036|0x5467E4F8)[BTAPP] XML : select pbap_email or not
05-27 18:18:25.525 32036 32036 D ANWJNI_SECOND: 
05-27 18:18:25.525 32036 32036 D ANWJNI_SECOND: (32036|0x5467E4F8)[BTAPP] select pbap_email
05-27 18:18:25.525 32036 32036 D ANWJNI_SECOND: 
05-27 18:18:25.525 32036 32036 D ANWJNI_SECOND: (32036|0x5467E4F8)[BTAPP] XML : select pbap_adr or not
05-27 18:18:25.525 32036 32036 D ANWJNI_SECOND: 
05-27 18:18:25.525 32036 32036 D ANWJNI_SECOND: (32036|0x5467E4F8)[BTAPP] select pbap_adr
05-27 18:18:25.525 32036 32036 D ANWJNI_SECOND: 
05-27 18:18:25.526 32036 32036 D ANWJNI_SECOND: (32036|0x5467E4F8)[BTAPP] XML : select pbap_url or not
05-27 18:18:25.526 32036 32036 D ANWJNI_SECOND: 
05-27 18:18:25.526 32036 32036 D ANWJNI_SECOND: (32036|0x5467E4F8)[BTAPP] select pbap_url
05-27 18:18:25.526 32036 32036 D ANWJNI_SECOND: 
05-27 18:18:25.526 32036 32036 D ANWJNI_SECOND: (32036|0x5467E4F8)[BTAPP] get volume_control data fail
05-27 18:18:25.526 32036 32036 D ANWJNI_SECOND: 
05-27 18:18:25.526 32036 32036 D ANWJNI_SECOND: (32036|0x5467E4F8)[BTAPP] get carplay data fail
05-27 18:18:25.526 32036 32036 D ANWJNI_SECOND: 
05-27 18:18:25.526 32036 32036 D ANWJNI_SECOND: (32036|0x5467E4F8)[BTAPP] XML : select socket or not
05-27 18:18:25.526 32036 32036 D ANWJNI_SECOND: 
05-27 18:18:25.526 32036 32036 D ANWJNI_SECOND: (32036|0x5467E4F8)[BTAPP]  support socket
05-27 18:18:25.526 32036 32036 D ANWJNI_SECOND: 
05-27 18:18:25.526 32036 32036 D ANWJNI_SECOND: (32036|0x5467E4F8)[BTAPP] get androidauto data fail
05-27 18:18:25.526 32036 32036 D ANWJNI_SECOND: 
05-27 18:18:25.526 32036 32036 D ANWJNI_SECOND: (32036|0x5467E4F8)[BTAPP] get auto_transfer data fail
05-27 18:18:25.526 32036 32036 D ANWJNI_SECOND: 
05-27 18:18:25.526 32036 32036 D ANWJNI_SECOND: (32036|0x5467E4F8)[BTAPP] get audio_dsp_mute data fail
05-27 18:18:25.526 32036 32036 D ANWJNI_SECOND: 
05-27 18:18:25.526 32036 32036 D ANWJNI_SECOND: (32036|0x5467E4F8)[BTAPP] get audio_dsp_delay data fail
05-27 18:18:25.526 32036 32036 D ANWJNI_SECOND: 
05-27 18:18:25.526 32036 32036 D ANWJNI_SECOND: (32036|0x5467E4F8)[BTAPP] XML : hfp_audio_driver_open 
05-27 18:18:25.526 32036 32036 D ANWJNI_SECOND: 
05-27 18:18:25.526 32036 32036 D ANWJNI_SECOND: (32036|0x5467E4F8)[BTAPP] hfp audio driver close
05-27 18:18:25.526 32036 32036 D ANWJNI_SECOND: 
05-27 18:18:25.526 32036 32036 D ANWJNI_SECOND: (32036|0x5467E4F8)[BTAPP] XML : hfp_wbs_open_data 
05-27 18:18:25.526 32036 32036 D ANWJNI_SECOND: 
05-27 18:18:25.526 32036 32036 D ANWJNI_SECOND: (32036|0x5467E4F8)[BTAPP] hfp wbs enable
05-27 18:18:25.526 32036 32036 D ANWJNI_SECOND: 
05-27 18:18:25.526 32036 32036 D ANWJNI_SECOND: (32036|0x5467E4F8)[BTAPP] get avrcp_browsing_open data fail
05-27 18:18:25.526 32036 32036 D ANWJNI_SECOND: 
05-27 18:18:25.526 32036 32036 D ANWJNI_SECOND: (32036|0x5467E4F8)[BTAPP] get connect_special_profile_id data fail
05-27 18:18:25.526 32036 32036 D ANWJNI_SECOND: 
05-27 18:18:25.527 32036 32036 D ANWJNI_SECOND: (32036|0x5467E4F8)[BTAPP] XML : connect_single_profile 
05-27 18:18:25.527 32036 32036 D ANWJNI_SECOND: 
05-27 18:18:25.527 32036 32036 D ANWJNI_SECOND: (32036|0x5467E4F8)[BTAPP] connect_single_profile open
05-27 18:18:25.527 32036 32036 D ANWJNI_SECOND: 
05-27 18:18:25.527 32036 32036 D ANWJNI_SECOND: (32036|0x5467E4F8)[BTAPP] XML : find waveout_pre_buffer_count setting
05-27 18:18:25.527 32036 32036 D ANWJNI_SECOND: 
05-27 18:18:25.527 32036 32036 D ANWJNI_SECOND: (32036|0x5467E4F8)[BTAPP] XML : set waveout_pre_buffer_count success(101)
05-27 18:18:25.527 32036 32036 D ANWJNI_SECOND: 
05-27 18:18:25.527 32036 32036 D ANWJNI_SECOND: (32036|0x5467E4F8)[BTAPP] XML : find waveout_pre_buffer_count setting
05-27 18:18:25.527 32036 32036 D ANWJNI_SECOND: 
05-27 18:18:25.527   581   581 I SpiService: fgesysctrl_getGPIO_status success val=0
05-27 18:18:25.527 32036 32036 D ANWJNI_SECOND: (32036|0x5467E4F8)[BTAPP] XML : set local_music_pre_buffer_count success(40)
05-27 18:18:25.527 32036 32036 D ANWJNI_SECOND: 
05-27 18:18:25.527 32036 32036 D ANWJNI_SECOND: (32036|0x5467E4F8)[BTAPP] XML : inband_ring 
05-27 18:18:25.527 32036 32036 D ANWJNI_SECOND: 
05-27 18:18:25.527 32036 32036 D ANWJNI_SECOND: (32036|0x5467E4F8)[BTAPP] inband_ring open
05-27 18:18:25.527 32036 32036 D ANWJNI_SECOND: 
05-27 18:18:25.527 32036 32036 D ANWJNI_SECOND: (32036|0x5467E4F8)[BTAPP] XML : find map_download_max_size setting
05-27 18:18:25.527 32036 32036 D ANWJNI_SECOND: 
05-27 18:18:25.527 32036 32036 D ANWJNI_SECOND: (32036|0x5467E4F8)[BTAPP] XML : set map_download_max_size failed(20)
05-27 18:18:25.527 32036 32036 D ANWJNI_SECOND: 
05-27 18:18:25.527 32036 32036 D ANWJNI_SECOND: (32036|0x5467E4F8)[BTAPP] XML : stack debug
05-27 18:18:25.527 32036 32036 D ANWJNI_SECOND: 
05-27 18:18:25.527 32036 32036 D ANWJNI_SECOND: (32036|0x5467E4F8)[BTAPP] XML : stack debug open
05-27 18:18:25.527 32036 32036 D ANWJNI_SECOND: 
05-27 18:18:25.528 32036 32036 D ANWAPI_SECOND: (32036|0x5467E4F8)[BTAPI] >>>AnWBT_Usr_DebugLog
05-27 18:18:25.528 32036 32036 D ANWAPI_SECOND: (32036|0x5467E4F8)[BTAPI] <<<<AnWBT_Usr_DebugLog: ret=0
05-27 18:18:25.528 32036 32036 D ANWJNI_SECOND: (32036|0x5467E4F8)[BTAPP] XML : app debug
05-27 18:18:25.528 32036 32036 D ANWJNI_SECOND: 
05-27 18:18:25.528 32036 32036 D ANWJNI_SECOND: (32036|0x5467E4F8)[BTAPP] XML : app debug open
05-27 18:18:25.528 32036 32036 D ANWJNI_SECOND: 
05-27 18:18:25.528 32036 32036 D ANWJNI_SECOND: (32036|0x5467E4F8)[BTAPP] XML : api debug
05-27 18:18:25.528 32036 32036 D ANWJNI_SECOND: 
05-27 18:18:25.528 32036 32036 D ANWJNI_SECOND: (32036|0x5467E4F8)[BTAPP] XML : api debug open
05-27 18:18:25.528 32036 32036 D ANWJNI_SECOND: 
05-27 18:18:25.528 32036 32036 D ANWJNI_SECOND: (32036|0x5467E4F8)[BTAPP] XML : hfp debug
05-27 18:18:25.528 32036 32036 D ANWJNI_SECOND: 
05-27 18:18:25.528 32036 32036 D ANWJNI_SECOND: (32036|0x5467E4F8)[BTAPP] XML : hfp debug open
05-27 18:18:25.528 32036 32036 D ANWJNI_SECOND: 
05-27 18:18:25.528 32036 32036 D ANWJNI_SECOND: (32036|0x5467E4F8)[BTAPP] XML : a2dp debug
05-27 18:18:25.528 32036 32036 D ANWJNI_SECOND: 
05-27 18:18:25.528 32036 32036 D ANWJNI_SECOND: (32036|0x5467E4F8)[BTAPP] XML : a2dp debug open
05-27 18:18:25.528 32036 32036 D ANWJNI_SECOND: 
05-27 18:18:25.528 32036 32036 D ANWJNI_SECOND: (32036|0x5467E4F8)[BTAPP] XML : waveout debug
05-27 18:18:25.528 32036 32036 D ANWJNI_SECOND: 
