05-27 18:18:20.027   536   536 D commservice260303: send2Cluster len:315, 7B22636F6D6D616E64223A7B226964223A22696D755F737461747573222C22737562223A22227D2C22636F6E74656E74223A7B2254696D655374616D70223A382C224672616D65436F756E746572223A3230373539342C2247445F58223A2D302E3031303631333131333634313733383839322C2247445F59223A302E303035313135313432303932313038373236352C2247445F5A223A302E3030323734373934353438373439393233372C2241445F58223A302E303031363238333534313931373830303930332C2241445F59223A302E3030323233313137303139303439383233332C2241445F5A223A2D302E31363832363234383136383934353331322C2254656D70447370223A302C22537461747573223A302C2243616C69625374617465223A312C22536967416D70496E76616C6964223A307D7D, 138 
05-27 18:18:20.027   536   536 D commservice260303: Push Message into SendPool fn=577241856
05-27 18:18:20.027   536   536 D commservice260303: ComProtocolLibSend2Cluster::send2ClusterRaw fn=577241856 , len=331
05-27 18:18:20.027   536   536 D commservice260303: sendCmdToPort :331!!!
05-27 18:18:20.027   536   536 D commservice260303: send Cmd To Port ++++5AA501478A01000368226A16C4EC7B22636F6D6D616E64223A7B226964223A22696D755F737461747573222C22737562223A22227D2C22636F6E74656E74223A7B2254696D655374616D70223A382C224672616D65436F756E746572223A3230373539342C2247445F58223A2D302E3031303631333131333634313733383839322C2247445F59223A302E303035313135313432303932313038373236352C2247445F5A223A302E3030323734373934353438373439393233372C2241445F58223A302E303031363238333534313931373830303930332C2241445F59223A302E3030323233313137303139303439383233332C2241445F5A223A2D302E31363832363234383136383934353331322C2254656D70447370223A302C22537461747573223A302C2243616C69625374617465223A312C22536967416D70496E76616C6964223A307D7D380C
05-27 18:18:20.027   536   536 D commservice260303: bufferevent_write retrun value = 0
05-27 18:18:20.027   536   560 D commservice260303: client datas send succeed,send finish
05-27 18:18:20.027 13911 14192 D Sentinelmode_1.2.5.17_sentry: <SentryImuClusterFgeSender>imu_status sent to Linux, frame=207594, tsNs=8967264, tsMs=8, intervalMs=41, ad=(0.0016283542,0.0022311702,-0.16826248), gd=(-0.010613114,0.005115142,0.0027479455)
05-27 18:18:20.032   581   581 I SpiService: fgesysctrl_getGPIO_status success val=0
05-27 18:18:20.034   299 30844 D EvsDriver: forwardFrame
05-27 18:18:20.034   299 30841 D EvsDriver: forwardFrame
05-27 18:18:20.037   299 30841 D EvsDriver: Delivered 0xb400007b7ca56a60 as id 0
05-27 18:18:20.037  1167  1167 D evsmanagerd: /dev/video4 forwarded the buffer #0 to 0xb4000074bf5f6850 from 0xb4000074bf5f41d0
05-27 18:18:20.037   299 30844 D EvsDriver: Delivered 0xb400007b7ca56900 as id 0
05-27 18:18:20.038  1167  1167 D evsmanagerd: /dev/video6 forwarded the buffer #0 to 0xb4000074bf5f5510 from 0xb4000074bf5f6d90
05-27 18:18:20.040   299  1153 D EvsDriver: doneWithFrame
05-27 18:18:20.040  1008 30857 D [OMXB]  : usingANWBuffer: handle:0xee741400, format:1, w:1920, h:1080
05-27 18:18:20.043   299  1153 D EvsDriver: doneWithFrame
05-27 18:18:20.046 13911 14183 I SentryImuMcuAngleSender: 179.98598rollDeg
05-27 18:18:20.046 13911 14183 I SentryImuMcuAngleSender: 1,0,0
05-27 18:18:20.047   581   581 I SpiService: fgesysctrl_getGPIO_status success val=1
05-27 18:18:20.052   581   581 I SpiService: fgesysctrl_getGPIO_status success val=1
05-27 18:18:20.056  1982  1982 E health_guardian: UID for PID 11579 is 1000
05-27 18:18:20.056  1982  1982 E health_guardian: The 1000 process is system app,I refused to kill it,try next one!
05-27 18:18:20.056  1982  1982 E health_guardian: UID for PID 13435 is 1000
05-27 18:18:20.056  1982  1982 E health_guardian: The 1000 process is system app,I refused to kill it,try next one!
05-27 18:18:20.056  1982  1982 E health_guardian: UID for PID 6212 is 1000
05-27 18:18:20.057  1982  1982 E health_guardian: The 1000 process is system app,I refused to kill it,try next one!
05-27 18:18:20.057   581   581 I SpiService: fgesysctrl_getGPIO_status success val=1
05-27 18:18:20.063   581   581 I SpiService: fgesysctrl_getGPIO_status success val=1
05-27 18:18:20.066   536   536 D commservice260303: msg.id = 1028,0
05-27 18:18:20.066   536   536 D commservice260303: i = 170, msgid = 8A000404
05-27 18:18:20.066   536   536 D commservice260303: msgid = -1979710460,did=138
05-27 18:18:20.066   536   536 D commservice260303: CommProtocolLibCmdBaseI2C::dataproc {"command":{"id":"imu_status","sub":""},"content":{"TimeStamp":8,"FrameCounter":207595,"GD_X":-0.011300750076770782,"GD_Y":0.00519212381914258,"GD_Z":0.0023671966046094894,"AD_X":-0.0020430535078048706,"AD_Y":-8.15287814475596E-4,"AD_Z":-0.1688709259033203,"TempDsp":0,"Status":0,"CalibState":1,"SigAmpInvalid":0}},-1979710460
05-27 18:18:20.066  1008 30856 D [OMXB]  : usingANWBuffer: handle:0xee742060, format:1, w:1920, h:1080
05-27 18:18:20.066   536   536 D commservice260303: send2Cluster len:314, 7B22636F6D6D616E64223A7B226964223A22696D755F737461747573222C22737562223A22227D2C22636F6E74656E74223A7B2254696D655374616D70223A382C224672616D65436F756E746572223A3230373539352C2247445F58223A2D302E3031313330303735303037363737303738322C2247445F59223A302E30303531393231323338313931343235382C2247445F5A223A302E303032333637313936363034363039343839342C2241445F58223A2D302E303032303433303533353037383034383730362C2241445F59223A2D382E3135323837383134343735353936452D342C2241445F5A223A2D302E313638383730393235393033333230332C2254656D70447370223A302C22537461747573223A302C2243616C69625374617465223A312C22536967416D70496E76616C6964223A307D7D, 138 
05-27 18:18:20.066   536   536 D commservice260303: Push Message into SendPool fn=594019072
05-27 18:18:20.066   536   536 D commservice260303: ComProtocolLibSend2Cluster::send2ClusterRaw fn=594019072 , len=330
05-27 18:18:20.066   536   536 D commservice260303: sendCmdToPort :330!!!
05-27 18:18:20.066   536   536 D commservice260303: send Cmd To Port ++++5AA501468A01000368236A16C4EC7B22636F6D6D616E64223A7B226964223A22696D755F737461747573222C22737562223A22227D2C22636F6E74656E74223A7B2254696D655374616D70223A382C224672616D65436F756E746572223A3230373539352C2247445F58223A2D302E3031313330303735303037363737303738322C2247445F59223A302E30303531393231323338313931343235382C2247445F5A223A302E303032333637313936363034363039343839342C2241445F58223A2D302E303032303433303533353037383034383730362C2241445F59223A2D382E3135323837383134343735353936452D342C2241445F5A223A2D302E313638383730393235393033333230332C2254656D70447370223A302C22537461747573223A302C2243616C69625374617465223A312C22536967416D70496E76616C6964223A307D7D0C8A
05-27 18:18:20.066   536   536 D commservice260303: bufferevent_write retrun value = 0
05-27 18:18:20.066   536   560 D commservice260303: client datas send succeed,send finish
05-27 18:18:20.066 13911 14192 D Sentinelmode_1.2.5.17_sentry: <SentryImuClusterFgeSender>imu_status sent to Linux, frame=207595, tsNs=8967299, tsMs=8, intervalMs=39, ad=(-0.0020430535,-8.152878E-4,-0.16887093), gd=(-0.01130075,0.005192124,0.0023671966)
05-27 18:18:20.066 13911 14183 I SentryImuMcuAngleSender: 179.98949rollDeg
05-27 18:18:20.067   299 30844 D EvsDriver: forwardFrame
05-27 18:18:20.067 13911 14183 I SentryImuMcuAngleSender: 1,0,0
05-27 18:18:20.069   581   581 I SpiService: fgesysctrl_getGPIO_status success val=1
05-27 18:18:20.069   299 30844 D EvsDriver: Delivered 0xb400007b7ca56900 as id 0
05-27 18:18:20.070  1167  1167 D evsmanagerd: /dev/video6 forwarded the buffer #0 to 0xb4000074bf5f5510 from 0xb4000074bf5f6d90
05-27 18:18:20.075   581   581 I SpiService: fgesysctrl_getGPIO_status success val=0
05-27 18:18:20.076   299  1153 D EvsDriver: doneWithFrame
05-27 18:18:20.078   299 30841 D EvsDriver: forwardFrame
05-27 18:18:20.079   299 30841 D EvsDriver: Delivered 0xb400007b7ca56a60 as id 0
05-27 18:18:20.080  1167  1167 D evsmanagerd: /dev/video4 forwarded the buffer #0 to 0xb4000074bf5f6850 from 0xb4000074bf5f41d0
05-27 18:18:20.082   299  1153 D EvsDriver: doneWithFrame
05-27 18:18:20.084  1008 30857 D [OMXB]  : usingANWBuffer: handle:0xee741da0, format:1, w:1920, h:1080
05-27 18:18:20.086 13911 14183 I SentryImuMcuAngleSender: 179.98248rollDeg
05-27 18:18:20.086 13911 14183 I SentryImuMcuAngleSender: 1,0,0
05-27 18:18:20.087 30773 30789 I dvr_service_: Camera 1: MediaOK:130965283, frames:2990, isKeyFrame:0,pts:8967001511
05-27 18:18:20.090   581   581 I SpiService: fgesysctrl_getGPIO_status success val=1
05-27 18:18:20.096   581   581 I SpiService: fgesysctrl_getGPIO_status success val=1
05-27 18:18:20.096   283   307 I rvcservice: t.code = 0, t.value = 0
05-27 18:18:20.101   581   581 I SpiService: fgesysctrl_getGPIO_status success val=1
05-27 18:18:20.102   536   560 D commservice260303: recv len:77, 5AA5004906000000347E6A16C4EC7B22636F6D6D616E64223A7B226964223A226473695F6C7578222C22737562223A22227D2C22636F6E74656E74223A7B2276616C7565223A3230307D7D15CB from server
05-27 18:18:20.102   536  2578 D commservice260303: mcuDataAnalyzeHandle templen:77,len:77,pos:0, 5AA5004906000000347E6A16C4EC7B22636F6D6D616E64223A7B226964223A226473695F6C7578222C22737562223A22227D2C22636F6E74656E74223A7B2276616C7565223A3230307D7D15CB 
05-27 18:18:20.102   536  2578 I commservice260303: checksumCal = 5579
05-27 18:18:20.102   536  2578 D commservice260303: CommProtocolLibCmdBaseC2I::dataproc {"command":{"id":"dsi_lux","sub":""},"content":{"value":200}},6
05-27 18:18:20.102   536  2578 D commservice260303: mcuCommMessageManager::notifyMsgToClient hwbinder OK
05-27 18:18:20.102   536  2578 D commservice260303: McuProtocolLibSend2Service::send2Service ret=1
05-27 18:18:20.103 12246 12440 D ivicomm_CommManager: fgeComServiceCallback: {"command":{"id":"dsi_lux","sub":""},"content":{"value":200}}
05-27 18:18:20.103   572   572 I Sensors : 230 AccelSensor: x:-0.168969,y:0.003050,z:-9.973500
05-27 18:18:20.103 12246 12440 D ivicomm_CallbackManager: registerCallback DSI_LUX: {"value":200} mCommStateCallbackMap size:4
05-27 18:18:20.104  1008 30856 D [OMXB]  : usingANWBuffer: handle:0xee742270, format:1, w:1920, h:1080
05-27 18:18:20.104 11579 11619 D NSLogUtils_VehicleService: L2A comm state: id=dsi_lux, value=200
05-27 18:18:20.105   299 30844 D EvsDriver: forwardFrame
05-27 18:18:20.106   299 30841 D EvsDriver: forwardFrame
05-27 18:18:20.107   299 30844 D EvsDriver: Delivered 0xb400007b7ca56900 as id 0
05-27 18:18:20.107 13911 14183 I SentryImuMcuAngleSender: 179.98248rollDeg
05-27 08:09:29.077   581   581 D spi_rst_gpio_get_output: GPIO 145 value: 0
05-27 08:09:29.077   581   581 D spidev_ioctl: gpio status=0)
05-27 18:18:20.107 13911 14183 I SentryImuMcuAngleSender: 1,0,0
05-27 18:18:20.107   581   581 I SpiService: fgesysctrl_getGPIO_status success val=1
05-27 18:18:20.107  1167  1167 D evsmanagerd: /dev/video6 forwarded the buffer #0 to 0xb4000074bf5f5510 from 0xb4000074bf5f6d90
05-27 18:18:20.107 30773 30789 I dvr_service_: Camera 0: MediaOK:131019367, frames:3000, isKeyFrame:0,pts:8967022803
05-27 18:18:20.108   536   536 D commservice260303: msg.id = 1028,1
05-27 18:18:20.108   536   536 D commservice260303: i = 170, msgid = 8A000404
05-27 18:18:20.108   536   536 D commservice260303: msgid = -1979710460,did=138
05-27 18:18:20.108   536   536 D commservice260303: CommProtocolLibCmdBaseI2C::dataproc {"command":{"id":"imu_status","sub":""},"content":{"TimeStamp":8,"FrameCounter":207596,"GD_X":-0.011987865902483463,"GD_Y":0.0051151420921087265,"GD_Z":0.0023671966046094894,"AD_X":-0.0026444345712661743,"AD_Y":4.036854952573776E-4,"AD_Z":-0.16826248168945312,"TempDsp":0,"Status":0,"CalibState":1,"SigAmpInvalid":0}},-1979710460
05-27 18:18:20.108   536   536 D commservice260303: send2Cluster len:317, 7B22636F6D6D616E64223A7B226964223A22696D755F737461747573222C22737562223A22227D2C22636F6E74656E74223A7B2254696D655374616D70223A382C224672616D65436F756E746572223A3230373539362C2247445F58223A2D302E3031313938373836353930323438333436332C2247445F59223A302E303035313135313432303932313038373236352C2247445F5A223A302E303032333637313936363034363039343839342C2241445F58223A2D302E303032363434343334353731323636313734332C2241445F59223A342E303336383534393532353733373736452D342C2241445F5A223A2D302E31363832363234383136383934353331322C2254656D70447370223A302C22537461747573223A302C2243616C69625374617465223A312C22536967416D70496E76616C6964223A307D7D, 138 
05-27 18:18:20.108   536   536 D commservice260303: Push Message into SendPool fn=610796288
05-27 18:18:20.108   536   536 D commservice260303: ComProtocolLibSend2Cluster::send2ClusterRaw fn=610796288 , len=333
05-27 18:18:20.108   536   536 D commservice260303: sendCmdToPort :333!!!
05-27 18:18:20.108   536   536 D commservice260303: send Cmd To Port ++++5AA501498A01000368246A16C4EC7B22636F6D6D616E64223A7B226964223A22696D755F737461747573222C22737562223A22227D2C22636F6E74656E74223A7B2254696D655374616D70223A382C224672616D65436F756E746572223A3230373539362C2247445F58223A2D302E3031313938373836353930323438333436332C2247445F59223A302E303035313135313432303932313038373236352C2247445F5A223A302E303032333637313936363034363039343839342C2241445F58223A2D302E303032363434343334353731323636313734332C2241445F59223A342E303336383534393532353733373736452D342C2241445F5A223A2D302E31363832363234383136383934353331322C2254656D70447370223A302C22537461747573223A302C2243616C69625374617465223A312C22536967416D70496E76616C6964223A307D7DA857
05-27 18:18:20.108   536   536 D commservice260303: bufferevent_write retrun value = 0
05-27 18:18:20.109   299 30841 D EvsDriver: Delivered 0xb400007b7ca56a60 as id 0
05-27 18:18:20.110  1167  1167 D evsmanagerd: /dev/video4 forwarded the buffer #0 to 0xb4000074bf5f6850 from 0xb4000074bf5f41d0
05-27 18:18:20.110 11344  6590 D SystemUI_SystemSettingsControllerService: onCommState: commandID = dsi_lux; value = 200
05-27 18:18:20.111 13911 14192 D Sentinelmode_1.2.5.17_sentry: <SentryImuClusterFgeSender>imu_status sent to Linux, frame=207596, tsNs=8967353, tsMs=8, intervalMs=44, ad=(-0.0026444346,4.036855E-4,-0.16826248), gd=(-0.011987866,0.005115142,0.0023671966)
05-27 18:18:20.112   536   560 D commservice260303: client datas send succeed,send finish
05-27 18:18:20.112   299  1153 D EvsDriver: doneWithFrame
05-27 18:18:20.113   581   581 I SpiService: fgesysctrl_getGPIO_status success val=0
05-27 18:18:20.118   299  1153 D EvsDriver: doneWithFrame
05-27 18:18:20.124  1008 30857 D [OMXB]  : usingANWBuffer: handle:0xee743b30, format:1, w:1920, h:1080
05-27 18:18:20.127 13911 14183 I SentryImuMcuAngleSender: 179.98598rollDeg
05-27 18:18:20.127 13911 14183 I SentryImuMcuAngleSender: 1,0,0
05-27 18:18:20.128   581   581 I SpiService: fgesysctrl_getGPIO_status success val=1
05-27 18:18:20.134   581   581 I SpiService: fgesysctrl_getGPIO_status success val=1
05-27 08:09:29.099   581   581 D spi_rst_gpio_get_output: GPIO 145 value: 1
05-27 18:18:20.139   581   581 I SpiService: fgesysctrl_getGPIO_status success val=1
05-27 18:18:20.143  1008 30856 D [OMXB]  : usingANWBuffer: handle:0xee744210, format:1, w:1920, h:1080
05-27 18:18:20.143   299 30841 D EvsDriver: forwardFrame
05-27 18:18:20.145   299 30844 D EvsDriver: forwardFrame
05-27 18:18:20.145   581   581 I SpiService: fgesysctrl_getGPIO_status success val=1
05-27 18:18:20.146   299 30841 D EvsDriver: Delivered 0xb400007b7ca56a60 as id 0
05-27 18:18:20.146  1167  1167 D evsmanagerd: /dev/video4 forwarded the buffer #0 to 0xb4000074bf5f6850 from 0xb4000074bf5f41d0
05-27 18:18:20.147   299 30844 D EvsDriver: Delivered 0xb400007b7ca56900 as id 0
05-27 18:18:20.147  1167  1184 D evsmanagerd: /dev/video6 forwarded the buffer #0 to 0xb4000074bf5f5510 from 0xb4000074bf5f6d90
05-27 18:18:20.147 30773 30773 E dvr_service_: [myNum:0] Received S**** loss
05-27 18:18:20.147 30773 30782 E dvr_service_: [myNum:1] Received S**** loss
05-27 18:18:20.147   299  1153 D EvsDriver: doneWithFrame
05-27 18:18:20.147   299  1163 D EvsDriver: doneWithFrame
05-27 18:18:20.148 13911 14183 I SentryImuMcuAngleSender: 179.99298rollDeg
05-27 18:18:20.148 13911 14183 I SentryImuMcuAngleSender: 1,0,0
05-27 18:18:20.148   536   536 D commservice260303: msg.id = 1028,1
05-27 18:18:20.149   536   536 D commservice260303: i = 170, msgid = 8A000404
05-27 18:18:20.149   536   536 D commservice260303: msgid = -1979710460,did=138
05-27 18:18:20.149   536   536 D commservice260303: CommProtocolLibCmdBaseI2C::dataproc {"command":{"id":"imu_status","sub":""},"content":{"TimeStamp":8,"FrameCounter":207597,"GD_X":-0.011759000830352306,"GD_Y":0.00519212381914258,"GD_Z":0.002213752595707774,"AD_X":-2.1882355213165283E-4,"AD_Y":-0.00142034818418324,"AD_Z":-0.16826248168945312,"TempDsp":0,"Status":0,"CalibState":1,"SigAmpInvalid":0}},-1979710460
05-27 18:18:20.149   536   536 D commservice260303: send2Cluster len:314, 7B22636F6D6D616E64223A7B226964223A22696D755F737461747573222C22737562223A22227D2C22636F6E74656E74223A7B2254696D655374616D70223A382C224672616D65436F756E746572223A3230373539372C2247445F58223A2D302E3031313735393030303833303335323330362C2247445F59223A302E30303531393231323338313931343235382C2247445F5A223A302E3030323231333735323539353730373737342C2241445F58223A2D322E31383832333535323133313635323833452D342C2241445F59223A2D302E30303134323033343831383431383332342C2241445F5A223A2D302E31363832363234383136383934353331322C2254656D70447370223A302C22537461747573223A302C2243616C69625374617465223A312C22536967416D70496E76616C6964223A307D7D, 138 
05-27 18:18:20.149   536   536 D commservice260303: Push Message into SendPool fn=627573504
05-27 18:18:20.149   536   536 D commservice260303: ComProtocolLibSend2Cluster::send2ClusterRaw fn=627573504 , len=330
05-27 18:18:20.149   536   536 D commservice260303: sendCmdToPort :330!!!
05-27 18:18:20.149   536   536 D commservice260303: send Cmd To Port ++++5AA501468A01000368256A16C4EC7B22636F6D6D616E64223A7B226964223A22696D755F737461747573222C22737562223A22227D2C22636F6E74656E74223A7B2254696D655374616D70223A382C224672616D65436F756E746572223A3230373539372C2247445F58223A2D302E3031313735393030303833303335323330362C2247445F59223A302E30303531393231323338313931343235382C2247445F5A223A302E3030323231333735323539353730373737342C2241445F58223A2D322E31383832333535323133313635323833452D342C2241445F59223A2D302E30303134323033343831383431383332342C2241445F5A223A2D302E31363832363234383136383934353331322C2254656D70447370223A302C22537461747573223A302C2243616C69625374617465223A312C22536967416D70496E76616C6964223A307D7DB044
05-27 18:18:20.149   536   536 D commservice260303: bufferevent_write retrun value = 0
05-27 18:18:20.149   536   560 D commservice260303: client datas send succeed,send finish
05-27 18:18:20.149 13911 14192 D Sentinelmode_1.2.5.17_sentry: <SentryImuClusterFgeSender>imu_status sent to Linux, frame=207597, tsNs=8967389, tsMs=8, intervalMs=39, ad=(-2.1882355E-4,-0.0014203482,-0.16826248), gd=(-0.011759001,0.005192124,0.0022137526)
05-27 18:18:20.151   581   581 I SpiService: fgesysctrl_getGPIO_status success val=0
05-27 18:18:20.162  1008 30857 D [OMXB]  : usingANWBuffer: handle:0xee7421c0, format:1, w:1920, h:1080
05-27 18:18:20.165   581   581 I SpiService: fgesysctrl_getGPIO_status success val=1
05-27 08:09:29.130   581   581 D spidev_ioctl: gpio status=1)
05-27 18:18:20.169 13911 14183 I SentryImuMcuAngleSender: 179.98949rollDeg
05-27 18:18:20.169 13911 14183 I SentryImuMcuAngleSender: 1,0,0
05-27 18:18:20.169   299 30844 D EvsDriver: forwardFrame
05-27 18:18:20.171   581   581 I SpiService: fgesysctrl_getGPIO_status success val=1
05-27 18:18:20.171   299 30844 D EvsDriver: Delivered 0xb400007b7ca56900 as id 0
05-27 18:18:20.171  1167  1167 D evsmanagerd: /dev/video6 forwarded the buffer #0 to 0xb4000074bf5f5510 from 0xb4000074bf5f6d90
05-27 18:18:20.172   299 30841 D EvsDriver: forwardFrame
05-27 18:18:20.175   299 30841 D EvsDriver: Delivered 0xb400007b7ca56a60 as id 0
05-27 18:18:20.175  1167  1167 D evsmanagerd: /dev/video4 forwarded the buffer #0 to 0xb4000074bf5f6850 from 0xb4000074bf5f41d0
05-27 18:18:20.176   299  1163 D EvsDriver: doneWithFrame
05-27 18:18:20.177   581   581 I SpiService: fgesysctrl_getGPIO_status success val=1
05-27 18:18:20.179   299  1163 D EvsDriver: doneWithFrame
05-27 18:18:20.183   581   581 I SpiService: fgesysctrl_getGPIO_status success val=1
05-27 18:18:20.188   581   581 I SpiService: fgesysctrl_getGPIO_status success val=1
05-27 18:18:20.189   536   536 D commservice260303: msg.id = 1028,0
05-27 18:18:20.189   536   536 D commservice260303: i = 170, msgid = 8A000404
05-27 18:18:20.189   536   536 D commservice260303: msgid = -1979710460,did=138
05-27 18:18:20.189   536   536 D commservice260303: CommProtocolLibCmdBaseI2C::dataproc {"command":{"id":"imu_status","sub":""},"content":{"TimeStamp":8,"FrameCounter":207598,"GD_X":-0.011377211660146713,"GD_Y":0.005345047451555729,"GD_Z":0.0022902146447449923,"AD_X":3.7075579166412354E-4,"AD_Y":-1.9750441424548626E-4,"AD_Z":-0.1670370101928711,"TempDsp":0,"Status":0,"CalibState":1,"SigAmpInvalid":0}},-1979710460
05-27 18:18:20.189   536   536 D commservice260303: send2Cluster len:316, 7B22636F6D6D616E64223A7B226964223A22696D755F737461747573222C22737562223A22227D2C22636F6E74656E74223A7B2254696D655374616D70223A382C224672616D65436F756E746572223A3230373539382C2247445F58223A2D302E3031313337373231313636303134363731332C2247445F59223A302E3030353334353034373435313535353732392C2247445F5A223A302E303032323930323134363434373434393932332C2241445F58223A332E37303735353739313636343132333534452D342C2241445F59223A2D312E39373530343431343234353438363236452D342C2241445F5A223A2D302E313637303337303130313932383731312C2254656D70447370223A302C22537461747573223A302C2243616C69625374617465223A312C22536967416D70496E76616C6964223A307D7D, 138 
05-27 18:18:20.189   536   536 D commservice260303: Push Message into SendPool fn=644350720
05-27 18:18:20.189   536   536 D commservice260303: ComProtocolLibSend2Cluster::send2ClusterRaw fn=644350720 , len=332
05-27 18:18:20.189   536   536 D commservice260303: sendCmdToPort :332!!!
05-27 18:18:20.189   536   536 D commservice260303: send Cmd To Port ++++5AA501488A01000368266A16C4EC7B22636F6D6D616E64223A7B226964223A22696D755F737461747573222C22737562223A22227D2C22636F6E74656E74223A7B2254696D655374616D70223A382C224672616D65436F756E746572223A3230373539382C2247445F58223A2D302E3031313337373231313636303134363731332C2247445F59223A302E3030353334353034373435313535353732392C2247445F5A223A302E303032323930323134363434373434393932332C2241445F58223A332E37303735353739313636343132333534452D342C2241445F59223A2D312E39373530343431343234353438363236452D342C2241445F5A223A2D302E313637303337303130313932383731312C2254656D70447370223A302C22537461747573223A302C2243616C69625374617465223A312C22536967416D70496E76616C6964223A307D7D9E90
05-27 18:18:20.189  1008 30856 D [OMXB]  : usingANWBuffer: handle:0xee744000, format:1, w:1920, h:1080
05-27 18:18:20.189   536   536 D commservice260303: bufferevent_write retrun value = 0
05-27 18:18:20.189   536   560 D commservice260303: client datas send succeed,send finish
05-27 18:18:20.190 13911 14192 D Sentinelmode_1.2.5.17_sentry: <SentryImuClusterFgeSender>imu_status sent to Linux, frame=207598, tsNs=8967426, tsMs=8, intervalMs=40, ad=(3.707558E-4,-1.9750441E-4,-0.16703701), gd=(-0.011377212,0.0053450475,0.0022902146)
05-27 18:18:20.190 13911 14183 I SentryImuMcuAngleSender: 179.98598rollDeg
05-27 18:18:20.190 13911 14183 I SentryImuMcuAngleSender: 1,0,0
05-27 18:18:20.191   572   622 I Sensors : 230 GyroSensor: x:-0.011530,y:0.005039,z:0.001679
05-27 18:18:20.194   581   581 I SpiService: fgesysctrl_getGPIO_status success val=0
05-27 18:18:20.194   481   597 I mcuc    : send SPI:6AA6006258000206013D
05-27 18:18:20.196   283   307 I rvcservice: t.code = 3, t.value = 0
05-27 08:09:29.158   581   581 D spidev_ioctl: gpio status=0)
05-27 18:18:20.198   299 30844 D EvsDriver: forwardFrame
05-27 18:18:20.199   299 30841 D EvsDriver: forwardFrame
05-27 18:18:20.201   299 30844 D EvsDriver: Delivered 0xb400007b7ca56900 as id 0
05-27 18:18:20.201  1167  1167 D evsmanagerd: /dev/video6 forwarded the buffer #0 to 0xb4000074bf5f5510 from 0xb4000074bf5f6d90
05-27 18:18:20.201  1167  1184 D evsmanagerd: /dev/video4 forwarded the buffer #0 to 0xb4000074bf5f6850 from 0xb4000074bf5f41d0
05-27 18:18:20.202   299 30841 D EvsDriver: Delivered 0xb400007b7ca56a60 as id 0
05-27 18:18:20.205   299  1163 D EvsDriver: doneWithFrame
05-27 18:18:20.206  1008 30857 D [OMXB]  : usingANWBuffer: handle:0xee7412a0, format:1, w:1920, h:1080
05-27 18:18:20.206   299  1163 D EvsDriver: doneWithFrame
05-27 18:18:20.209   581   581 I SpiService: fgesysctrl_getGPIO_status success val=1
05-27 18:18:20.211 13911 14183 I SentryImuMcuAngleSender: 179.97899rollDeg
05-27 18:18:20.211 13911 14183 I SentryImuMcuAngleSender: 1,0,0
05-27 18:18:20.214 13911 14131 D SVR_MNG_SvrMngProxy: getServer: mSvrManger is null
05-27 18:18:20.214 13911 14131 D SVR_MNG_SvrMngProxy: getNewStub: 
05-27 18:18:20.214 13911 14131 D SVR_MNG_SvrMngProxy: getNewStub: getSvrManagerService start
05-27 18:18:20.214 13911 14131 D SVR_MNG_SvrMngProxy: getNewStub: getSvrManagerService end
05-27 18:18:20.214 13911 14131 D SVR_MNG_SvrMngProxy: getServer: svrMngService doesn't start
05-27 18:18:20.214   581   581 I SpiService: fgesysctrl_getGPIO_status success val=1
05-27 08:09:29.179   581   581 D spidev_ioctl: gpio status=1)
05-27 18:18:20.220   581   581 I SpiService: fgesysctrl_getGPIO_status success val=1
05-27 18:18:20.225   581   581 I SpiService: fgesysctrl_getGPIO_status success val=1
05-27 18:18:20.229   536   536 D commservice260303: msg.id = 1028,1
05-27 18:18:20.229   536   536 D commservice260303: i = 170, msgid = 8A000404
05-27 18:18:20.229   536   536 D commservice260303: msgid = -1979710460,did=138
05-27 18:18:20.229   536   536 D commservice260303: CommProtocolLibCmdBaseI2C::dataproc {"command":{"id":"imu_status","sub":""},"content":{"TimeStamp":8,"FrameCounter":207599,"GD_X":-0.01160607673227787,"GD_Y":0.004963258747011423,"GD_Z":0.0019079053308814764,"AD_X":-0.0020806491374969482,"AD_Y":0.001623872434720397,"AD_Z":-0.17069625854492188,"TempDsp":0,"Status":0,"CalibState":1,"SigAmpInvalid":0}},-1979710460
05-27 18:18:20.229   536   536 D commservice260303: send2Cluster len:315, 7B22636F6D6D616E64223A7B226964223A22696D755F737461747573222C22737562223A22227D2C22636F6E74656E74223A7B2254696D655374616D70223A382C224672616D65436F756E746572223A3230373539392C2247445F58223A2D302E30313136303630373637333232373738372C2247445F59223A302E3030343936333235383734373031313432332C2247445F5A223A302E303031393037393035333330383831343736342C2241445F58223A2D302E303032303830363439313337343936393438322C2241445F59223A302E3030313632333837323433343732303339372C2241445F5A223A2D302E31373036393632353835343439323138382C2254656D70447370223A302C22537461747573223A302C2243616C69625374617465223A312C22536967416D70496E76616C6964223A307D7D, 138 
05-27 18:18:20.229   536   536 D commservice260303: Push Message into SendPool fn=661127936
05-27 18:18:20.229   536   536 D commservice260303: ComProtocolLibSend2Cluster::send2ClusterRaw fn=661127936 , len=331
05-27 18:18:20.229   536   536 D commservice260303: sendCmdToPort :331!!!
05-27 18:18:20.230   536   536 D commservice260303: send Cmd To Port ++++5AA501478A01000368276A16C4EC7B22636F6D6D616E64223A7B226964223A22696D755F737461747573222C22737562223A22227D2C22636F6E74656E74223A7B2254696D655374616D70223A382C224672616D65436F756E746572223A3230373539392C2247445F58223A2D302E30313136303630373637333232373738372C2247445F59223A302E3030343936333235383734373031313432332C2247445F5A223A302E303031393037393035333330383831343736342C2241445F58223A2D302E303032303830363439313337343936393438322C2241445F59223A302E3030313632333837323433343732303339372C2241445F5A223A2D302E31373036393632353835343439323138382C2254656D70447370223A302C22537461747573223A302C2243616C69625374617465223A312C22536967416D70496E76616C6964223A307D7DA4A2
05-27 18:18:20.230   536   536 D commservice260303: bufferevent_write retrun value = 0
05-27 18:18:20.230   536   560 D commservice260303: client datas send succeed,send finish
05-27 18:18:20.230 13911 14192 D Sentinelmode_1.2.5.17_sentry: <SentryImuClusterFgeSender>imu_status sent to Linux, frame=207599, tsNs=8967478, tsMs=8, intervalMs=41, ad=(-0.0020806491,0.0016238724,-0.17069626), gd=(-0.011606077,0.0049632587,0.0019079053)
05-27 18:18:20.231   581   581 I SpiService: fgesysctrl_getGPIO_status success val=1
05-27 18:18:20.231 13911 14183 I SentryImuMcuAngleSender: 179.97548rollDeg
05-27 18:18:20.231 13911 14183 I SentryImuMcuAngleSender: 1,0,0
05-27 18:18:20.234  1008 30856 D [OMXB]  : usingANWBuffer: handle:0xee741b90, format:1, w:1920, h:1080
05-27 18:18:20.234   299 30844 D EvsDriver: forwardFrame
05-27 18:18:20.236   299 30841 D EvsDriver: forwardFrame
05-27 18:18:20.236   299 30844 D EvsDriver: Delivered 0xb400007b7ca56900 as id 0
05-27 18:18:20.237  1167  1184 D evsmanagerd: /dev/video6 forwarded the buffer #0 to 0xb4000074bf5f5510 from 0xb4000074bf5f6d90
05-27 18:18:20.239   581   581 I SpiService: fgesysctrl_getGPIO_status success val=0
05-27 08:09:29.203   581   581 D spi_rst_gpio_get_output: GPIO 145 value: 0
05-27 08:09:29.203   581   581 D spidev_ioctl: gpio status=0)
05-27 18:18:20.244   566  1171 I gps_hdbd: [gps_upgrade_thread 3506]Enter
05-27 18:18:20.245   566  1171 I gps_hdbd: [gps_upgrade_thread 3535] sys.gps.update:0 ,file:not ,upgrate_ing:0
05-27 18:18:20.245   299  1163 D EvsDriver: doneWithFrame
05-27 18:18:20.246   299 30841 D EvsDriver: Delivered 0xb400007b7ca56a60 as id 0
05-27 18:18:20.246  1167  1184 D evsmanagerd: /dev/video4 forwarded the buffer #0 to 0xb4000074bf5f6850 from 0xb4000074bf5f41d0
05-27 18:18:20.249   299  1163 D EvsDriver: doneWithFrame
05-27 18:18:20.251 13911 14183 I SentryImuMcuAngleSender: 179.96497rollDeg
05-27 18:18:20.252 13911 14183 I SentryImuMcuAngleSender: 1,0,0
05-27 18:18:20.253 31906 31938 D ANWAPI_SECOND: (31906|0x231FBCB0)[BTAPI] run AnWBT_WaitInitFinish
05-27 18:18:20.253 31906 31938 D ANWAPI_SECOND: (31906|0x231FBCB0)[BTAPI] bb_vendor(3)hcit_type(3)
05-27 18:18:20.253 31906 31938 D ANWAPI_SECOND: (31906|0x231FBCB0)[BTAPI] RTL8761, config_uart_path[/dev/ttyS3], baudrate_init(115200), baudrate_normal(3000000)
05-27 18:18:20.253 31906 31938 D ANWAPI_SECOND: (31906|0x231FBCB0)[BTAPI] RTL8761, config_BT_ADDR_path[]
05-27 18:18:20.253 31906 31938 D ANWAPI_SECOND: (31906|0x231FBCB0)[BTAPI] BTUart_Configure start
05-27 18:18:20.253 31906 31938 I ANWStack: [   8967504][ANWBT] Device name = /dev/ttyS3,baudrate_init =115200(115200),baudrate =3000000(3000000)
05-27 18:18:20.253 31906 31938 I ANWStack: 
05-27 18:18:20.254 31906 31938 I ANWStack: [   8967505][ANWBT] BTUart_StartUp  speed = 115200
05-27 18:18:20.254 31906 31938 I ANWStack: 
05-27 18:18:20.255 31906 31938 D ANWStack: Mac Address /data/vendor/bluetooth/btmac.txt open fail - No such file or directory
05-27 18:18:20.255 31906 31938 D ANWStack: Mac Address from file  /data/vendor/bluetooth/btmac.txt -  (1)
05-27 18:18:20.256 31906 31938 D ANWStack: rtk_8761C_init@1, fd 0x55
05-27 18:18:20.256 31906 31938 D ANWStack: type RTL_8761C, init speed 115200
05-27 18:18:20.256 31906 31938 D ANWStack: rtk_8761C_init@2, fd 0x55
05-27 18:18:20.256 31906 31938 D ANWStack: Realtek Bluetooth init uart with init speed:115200, type:HCI UART H4
05-27 18:18:20.256 31906 31938 D ANWStack: Realtek Bluetooth :Realtek hciattach version 3.1.d5a90fd.20250813-162457 
05-27 18:18:20.256 31906 31938 D ANWStack: 
05-27 18:18:20.256 31906 31938 D ANWStack: Realtek Bluetooth :Use epoll
05-27 18:18:20.256 31906 31938 D ANWStack: Realtek Bluetooth :Realtek H4 IC
05-27 18:18:20.257   581   581 I SpiService: fgesysctrl_getGPIO_status success val=1
05-27 18:18:20.258  1008 30857 D [OMXB]  : usingANWBuffer: handle:0xee740220, format:1, w:1920, h:1080
05-27 18:18:20.263   581   581 I SpiService: fgesysctrl_getGPIO_status success val=1
05-27 18:18:20.265   299 30844 D EvsDriver: forwardFrame
05-27 18:18:20.267   299 30844 D EvsDriver: Delivered 0xb400007b7ca56900 as id 0
05-27 18:18:20.267  1167  1184 D evsmanagerd: /dev/video6 forwarded the buffer #0 to 0xb4000074bf5f5510 from 0xb4000074bf5f6d90
05-27 18:18:20.269   536   536 D commservice260303: msg.id = 1028,2
05-27 18:18:20.269   536   536 D commservice260303: i = 170, msgid = 8A000404
05-27 18:18:20.269   536   536 D commservice260303: msgid = -1979710460,did=138
05-27 18:18:20.269   536   536 D commservice260303: CommProtocolLibCmdBaseI2C::dataproc {"command":{"id":"imu_status","sub":""},"content":{"TimeStamp":8,"FrameCounter":207600,"GD_X":-0.011759000830352306,"GD_Y":0.005802778527140617,"GD_Z":0.0021378109231591225,"AD_X":-0.004507899284362793,"AD_Y":0.0034316391684114933,"AD_Z":-0.1682577133178711,"TempDsp":0,"Status":0,"CalibState":1,"SigAmpInvalid":0}},-1979710460
05-27 18:18:20.270   536   536 D commservice260303: send2Cluster len:315, 7B22636F6D6D616E64223A7B226964223A22696D755F737461747573222C22737562223A22227D2C22636F6E74656E74223A7B2254696D655374616D70223A382C224672616D65436F756E746572223A3230373630302C2247445F58223A2D302E3031313735393030303833303335323330362C2247445F59223A302E3030353830323737383532373134303631372C2247445F5A223A302E303032313337383130393233313539313232352C2241445F58223A2D302E3030343530373839393238343336323739332C2241445F59223A302E303033343331363339313638343131343933332C2241445F5A223A2D302E313638323537373133333137383731312C2254656D70447370223A302C22537461747573223A302C2243616C69625374617465223A312C22536967416D70496E76616C6964223A307D7D, 138 
05-27 18:18:20.270   536   536 D commservice260303: Push Message into SendPool fn=677905152
05-27 18:18:20.270   536   536 D commservice260303: ComProtocolLibSend2Cluster::send2ClusterRaw fn=677905152 , len=331
05-27 18:18:20.270   536   536 D commservice260303: sendCmdToPort :331!!!
05-27 18:18:20.270   536   536 D commservice260303: send Cmd To Port ++++5AA501478A01000368286A16C4EC7B22636F6D6D616E64223A7B226964223A22696D755F737461747573222C22737562223A22227D2C22636F6E74656E74223A7B2254696D655374616D70223A382C224672616D65436F756E746572223A3230373630302C2247445F58223A2D302E3031313735393030303833303335323330362C2247445F59223A302E3030353830323737383532373134303631372C2247445F5A223A302E303032313337383130393233313539313232352C2241445F58223A2D302E3030343530373839393238343336323739332C2241445F59223A302E303033343331363339313638343131343933332C2241445F5A223A2D302E313638323537373133333137383731312C2254656D70447370223A302C22537461747573223A302C2243616C69625374617465223A312C22536967416D70496E76616C6964223A307D7D0C4F
05-27 18:18:20.270   581   581 I SpiService: fgesysctrl_getGPIO_status success val=1
05-27 18:18:20.270   536   536 D commservice260303: bufferevent_write retrun value = 0
05-27 18:18:20.270   299  1163 D EvsDriver: doneWithFrame
05-27 18:18:20.270   536   560 D commservice260303: client datas send succeed,send finish
05-27 18:18:20.270 13911 14192 D Sentinelmode_1.2.5.17_sentry: <SentryImuClusterFgeSender>imu_status sent to Linux, frame=207600, tsNs=8967513, tsMs=8, intervalMs=40, ad=(-0.0045078993,0.0034316392,-0.16825771), gd=(-0.011759001,0.0058027785,0.002137811)
05-27 18:18:20.271   299 30841 D EvsDriver: forwardFrame
05-27 18:18:20.272 13911 14183 I SentryImuMcuAngleSender: 179.96495rollDeg
05-27 18:18:20.272 13911 14183 I SentryImuMcuAngleSender: 1,0,0
05-27 18:18:20.274   299 30841 D EvsDriver: Delivered 0xb400007b7ca56a60 as id 0
05-27 18:18:20.274  1167  1184 D evsmanagerd: /dev/video4 forwarded the buffer #0 to 0xb4000074bf5f6850 from 0xb4000074bf5f41d0
05-27 18:18:20.276   581   581 I SpiService: fgesysctrl_getGPIO_status success val=1
05-27 18:18:20.276   299  1163 D EvsDriver: doneWithFrame
05-27 18:18:20.278  1008 30856 D [OMXB]  : usingANWBuffer: handle:0xee743ea0, format:1, w:1920, h:1080
05-27 18:18:20.282   581   581 I SpiService: fgesysctrl_getGPIO_status success val=1
05-27 18:18:20.287   581   581 I SpiService: fgesysctrl_getGPIO_status success val=0
05-27 18:18:20.292 13911 14183 I SentryImuMcuAngleSender: 179.97897rollDeg
05-27 18:18:20.292 13911 14183 I SentryImuMcuAngleSender: 1,0,0
05-27 18:18:20.295   299 30841 D EvsDriver: forwardFrame
05-27 18:18:20.296   299 30841 D EvsDriver: Delivered 0xb400007b7ca56a60 as id 0
05-27 18:18:20.296  1167  1184 D evsmanagerd: /dev/video4 forwarded the buffer #0 to 0xb4000074bf5f6850 from 0xb4000074bf5f41d0
05-27 18:18:20.296 30773 30782 I dvr_service_: [myNum:0][onFrameReceived] Received Surface:1 0
05-27 18:18:20.296 30773 30782 E dvr_service_: [myNum:0] Received S**** loss
05-27 18:18:20.297   283   307 I rvcservice: t.code = 4, t.value = 0
05-27 18:18:20.297   299  1163 D EvsDriver: doneWithFrame
05-27 18:18:20.297  1008 30857 D [OMXB]  : usingANWBuffer: handle:0xee747180, format:1, w:1920, h:1080
05-27 18:18:20.298   572   572 I Sensors : 230 AccelSensor: x:-0.169580,y:0.000000,z:-9.974110
05-27 18:18:20.301   299 30844 D EvsDriver: forwardFrame
05-27 18:18:20.302   581   581 I SpiService: fgesysctrl_getGPIO_status success val=1
05-27 18:18:20.302   481   598 I mcuc    : rev,n=1,6AA681B4A5003589006D0600030000000000000000640064006410100000000000000000000000000000000000000000000000000000000000000000A6
05-27 18:18:20.302   351   373 D automotive.vehicle@2.0-adayo-datacomm-mcu: MCUDatacomm sendMessageFromVehicle prop: 0x89, areaId: 0x0, status: 0x6d, timestamp: 0x6
05-27 18:18:20.302   351   373 D automotive.vehicle@2.0-adayo-datacomm-mcu: MCUDatacomm 1sendMessageFromVehicle ---> type = 3 
05-27 18:18:20.302   351   373 D automotive.vehicle@2.0-adayo-func-bcm: sendMessageFromVehicle sendMessageFromVehicle
05-27 18:18:20.303   351   516 D automotive.vehicle@2.0-adayo-func-bcm: jjfan1 ______procotolSize :45
05-27 18:18:20.303   351   516 D automotive.vehicle@2.0-adayo-func-bcm: BCMFunc sendMessageFromVehicle_l dataType: 12,mByte=8,propid=0x21600001
05-27 18:18:20.303   351   516 D automotive.vehicle@2.0-adayo-func-bcm: BCMFunc sendMessageFromVehicle_l msgBuff[8]=0x0,start:2,len:11,temp:6,
05-27 18:18:20.303   351   516 D automotive.vehicle@2.0-adayo-func-bcm: BCMFunc sendMessageFromVehicle_l msgBuff[7]=0x0,start:0,len:5,temp:5,
05-27 18:18:20.303   351   516 D automotive.vehicle@2.0-adayo-func-bcm: BCMFunc sendMessageFromVehicle_l prop: 0x21600001 , SPLITE_BIT_DATA_INTEGER1 data:0
05-27 18:18:20.303   351   516 D automotive.vehicle@2.0-adayo-func-bcm: BCMFunc sendMessageFromVehicle_l prop: 0x21600001 , SPLITE_BIT_DATA_INTEGER4 procotol.calc[0]:0.100000,procotol.calc[1]:0.000000
05-27 18:18:20.303   351   516 D automotive.vehicle@2.0-adayo-func-bcm: BCMFunc sendMessageFromVehicle_l prop: 0x21600001 ,areaId: 0x0  SPLITE_BIT_DATA_INTEGER : 0.000000,calc[0]:0.100000,calc[1]:0.000000
05-27 18:18:20.303   351   516 D automotive.vehicle@2.0-adayo-func-bcm: BCMFunc sendMessageFromVehicle_l id:559939585, area:0 not report! 
05-27 18:18:20.303   351   516 D automotive.vehicle@2.0-adayo-func-bcm: BCMFunc sendMessageFromVehicle_l dataType: 12,mByte=9,propid=0x2140004d
05-27 18:18:20.303   351   516 D automotive.vehicle@2.0-adayo-func-bcm: BCMFunc sendMessageFromVehicle_l msgBuff[9]=0x0,start:0,len:3,temp:3,
05-27 18:18:20.303   351   516 D automotive.vehicle@2.0-adayo-func-bcm: BCMFunc sendMessageFromVehicle_l prop: 0x2140004d ,areaId: 0x0  SPLITE_BIT_DATA_INTEGER : 0
05-27 18:18:20.303   351   516 D automotive.vehicle@2.0-adayo-func-bcm: BCMFunc sendMessageFromVehicle_l id:557842509, area:0 not report! 
05-27 18:18:20.303   351   516 D automotive.vehicle@2.0-adayo-func-bcm: BCMFunc sendMessageFromVehicle_l dataType: 12,mByte=10,propid=0x21400009
05-27 18:18:20.303   351   516 D automotive.vehicle@2.0-adayo-func-bcm: BCMFunc sendMessageFromVehicle_l msgBuff[10]=0x0,start:0,len:3,temp:3,
05-27 18:18:20.303   351   516 D automotive.vehicle@2.0-adayo-func-bcm: BCMFunc sendMessageFromVehicle_l prop: 0x21400009 ,areaId: 0x0  SPLITE_BIT_DATA_INTEGER : 0
05-27 18:18:20.303   351   516 D automotive.vehicle@2.0-adayo-func-bcm: BCMFunc sendMessageFromVehicle_l id:557842441, area:0 not report! 
05-27 18:18:20.303   351   516 D automotive.vehicle@2.0-adayo-func-bcm: BCMFunc sendMessageFromVehicle_l dataType: 12,mByte=10,propid=0x2140000a
05-27 18:18:20.303   351   516 D automotive.vehicle@2.0-adayo-func-bcm: BCMFunc sendMessageFromVehicle_l msgBuff[10]=0x0,start:4,len:3,temp:3,
05-27 18:18:20.303   351   516 D automotive.vehicle@2.0-adayo-func-bcm: BCMFunc sendMessageFromVehicle_l prop: 0x2140000a ,areaId: 0x0  SPLITE_BIT_DATA_INTEGER : 0
05-27 18:18:20.303   351   516 D automotive.vehicle@2.0-adayo-func-bcm: BCMFunc sendMessageFromVehicle_l id:557842442, area:0 not report! 
05-27 18:18:20.303   351   516 D automotive.vehicle@2.0-adayo-func-bcm: BCMFunc sendMessageFromVehicle_l dataType: 12,mByte=11,propid=0x21400096
05-27 18:18:20.303   351   516 D automotive.vehicle@2.0-adayo-func-bcm: BCMFunc sendMessageFromVehicle_l msgBuff[11]=0x0,start:0,len:8,temp:8,
05-27 18:18:20.303   351   516 D automotive.vehicle@2.0-adayo-func-bcm: BCMFunc sendMessageFromVehicle_l prop: 0x21400096 ,areaId: 0x0  SPLITE_BIT_DATA_INTEGER : 0
05-27 18:18:20.303   351   516 D automotive.vehicle@2.0-adayo-func-bcm: BCMFunc sendMessageFromVehicle_l id:557842582, area:0 not report! 
05-27 18:18:20.303   351   516 D automotive.vehicle@2.0-adayo-func-bcm: BCMFunc sendMessageFromVehicle_l dataType: 12,mByte=12,propid=0x2140008a
05-27 18:18:20.303   351   516 D automotive.vehicle@2.0-adayo-func-bcm: BCMFunc sendMessageFromVehicle_l msgBuff[12]=0x0,start:0,len:4,temp:4,
05-27 18:18:20.303   351   516 D automotive.vehicle@2.0-adayo-func-bcm: BCMFunc sendMessageFromVehicle_l prop: 0x2140008a ,areaId: 0x0  SPLITE_BIT_DATA_INTEGER : 0
05-27 18:18:20.303   351   516 D automotive.vehicle@2.0-adayo-func-bcm: BCMFunc sendMessageFromVehicle_l id:557842570, area:0 not report! 
05-27 18:18:20.303   351   516 D automotive.vehicle@2.0-adayo-func-bcm: BCMFunc sendMessageFromVehicle_l dataType: 12,mByte=14,propid=0x21400005
05-27 18:18:20.303   351   516 D automotive.vehicle@2.0-adayo-func-bcm: BCMFunc sendMessageFromVehicle_l msgBuff[14]=0x64,start:0,len:10,temp:8,
05-27 18:18:20.303   351   516 D automotive.vehicle@2.0-adayo-func-bcm: BCMFunc sendMessageFromVehicle_l msgBuff[13]=0x0,start:0,len:2,temp:2,
05-27 18:18:20.303   351   516 D automotive.vehicle@2.0-adayo-func-bcm: BCMFunc sendMessageFromVehicle_l prop: 0x21400005 ,areaId: 0x0  SPLITE_BIT_DATA_INTEGER : 100
05-27 18:18:20.303   351   516 D automotive.vehicle@2.0-adayo-func-bcm: BCMFunc sendMessageFromVehicle_l id:557842437, area:0 not report! 
05-27 18:18:20.303   351   516 D automotive.vehicle@2.0-adayo-func-bcm: BCMFunc sendMessageFromVehicle_l dataType: 12,mByte=16,propid=0x21600006
05-27 18:18:20.303   351   516 D automotive.vehicle@2.0-adayo-func-bcm: BCMFunc sendMessageFromVehicle_l msgBuff[16]=0x64,start:0,len:10,temp:8,
05-27 18:18:20.303   351   516 D automotive.vehicle@2.0-adayo-func-bcm: BCMFunc sendMessageFromVehicle_l msgBuff[15]=0x0,start:0,len:2,temp:2,
05-27 18:18:20.303   351   516 D automotive.vehicle@2.0-adayo-func-bcm: BCMFunc sendMessageFromVehicle_l prop: 0x21600006 , SPLITE_BIT_DATA_INTEGER1 data:100
05-27 18:18:20.303   351   516 D automotive.vehicle@2.0-adayo-func-bcm: BCMFunc sendMessageFromVehicle_l prop: 0x21600006 , SPLITE_BIT_DATA_INTEGER4 procotol.calc[0]:0.100000,procotol.calc[1]:0.000000
05-27 18:18:20.303   351   516 D automotive.vehicle@2.0-adayo-func-bcm: BCMFunc sendMessageFromVehicle_l prop: 0x21600006 ,areaId: 0x0  SPLITE_BIT_DATA_INTEGER : 80.000000,calc[0]:0.100000,calc[1]:0.000000
05-27 18:18:20.303   351   516 D automotive.vehicle@2.0-adayo-func-bcm: BCMFunc sendMessageFromVehicle_l id:559939590, area:0 not report! 
05-27 18:18:20.303   351   516 D automotive.vehicle@2.0-adayo-func-bcm: BCMFunc sendMessageFromVehicle_l dataType: 12,mByte=18,propid=0x21600007
05-27 18:18:20.304   351   516 D automotive.vehicle@2.0-adayo-func-bcm: BCMFunc sendMessageFromVehicle_l msgBuff[18]=0x64,start:0,len:10,temp:8,
05-27 18:18:20.304   351   516 D automotive.vehicle@2.0-adayo-func-bcm: BCMFunc sendMessageFromVehicle_l msgBuff[17]=0x0,start:0,len:2,temp:2,
05-27 18:18:20.304   351   516 D automotive.vehicle@2.0-adayo-func-bcm: BCMFunc sendMessageFromVehicle_l prop: 0x21600007 , SPLITE_BIT_DATA_INTEGER1 data:100
05-27 18:18:20.304   351   516 D automotive.vehicle@2.0-adayo-func-bcm: BCMFunc sendMessageFromVehicle_l prop: 0x21600007 , SPLITE_BIT_DATA_INTEGER4 procotol.calc[0]:0.100000,procotol.calc[1]:0.000000
05-27 18:18:20.304   351   516 D automotive.vehicle@2.0-adayo-func-bcm: BCMFunc sendMessageFromVehicle_l prop: 0x21600007 ,areaId: 0x0  SPLITE_BIT_DATA_INTEGER : 70.000000,calc[0]:0.100000,calc[1]:0.000000
05-27 18:18:20.304   351   516 D automotive.vehicle@2.0-adayo-func-bcm: BCMFunc sendMessageFromVehicle_l id:559939591, area:0 not report! 
05-27 18:18:20.304   351   516 D automotive.vehicle@2.0-adayo-func-bcm: BCMFunc sendMessageFromVehicle_l dataType: 12,mByte=19,propid=0x21400087
05-27 18:18:20.304   351   516 D automotive.vehicle@2.0-adayo-func-bcm: BCMFunc sendMessageFromVehicle_l msgBuff[19]=0x10,start:3,len:1,temp:1,
05-27 18:18:20.304   351   516 D automotive.vehicle@2.0-adayo-func-bcm: BCMFunc sendMessageFromVehicle_l prop: 0x21400087 ,areaId: 0x0  SPLITE_BIT_DATA_INTEGER : 0
05-27 18:18:20.304   351   516 D automotive.vehicle@2.0-adayo-func-bcm: BCMFunc sendMessageFromVehicle_l id:557842567, area:0 not report! 
05-27 18:18:20.304   351   516 D automotive.vehicle@2.0-adayo-func-bcm: BCMFunc sendMessageFromVehicle_l dataType: 12,mByte=19,propid=0x2140004e
05-27 18:18:20.304   351   516 D automotive.vehicle@2.0-adayo-func-bcm: BCMFunc sendMessageFromVehicle_l msgBuff[19]=0x10,start:5,len:1,temp:1,
05-27 18:18:20.304   351   516 D automotive.vehicle@2.0-adayo-func-bcm: BCMFunc sendMessageFromVehicle_l prop: 0x2140004e ,areaId: 0x0  SPLITE_BIT_DATA_INTEGER : 0
05-27 18:18:20.304   351   516 D automotive.vehicle@2.0-adayo-func-bcm: BCMFunc sendMessageFromVehicle_l id:557842510, area:0 not report! 
05-27 18:18:20.304   351   516 D automotive.vehicle@2.0-adayo-func-bcm: BCMFunc sendMessageFromVehicle_l dataType: 12,mByte=19,propid=0x2140004f
05-27 18:18:20.304   351   516 D automotive.vehicle@2.0-adayo-func-bcm: BCMFunc sendMessageFromVehicle_l msgBuff[19]=0x10,start:7,len:1,temp:1,
05-27 18:18:20.304   351   516 D automotive.vehicle@2.0-adayo-func-bcm: BCMFunc sendMessageFromVehicle_l prop: 0x2140004f ,areaId: 0x0  SPLITE_BIT_DATA_INTEGER : 0
05-27 18:18:20.304   351   516 D automotive.vehicle@2.0-adayo-func-bcm: BCMFunc sendMessageFromVehicle_l id:557842511, area:0 not report! 
05-27 18:18:20.304   351   516 D automotive.vehicle@2.0-adayo-func-bcm: BCMFunc sendMessageFromVehicle_l dataType: 12,mByte=20,propid=0x21400031
05-27 18:18:20.304   351   516 D automotive.vehicle@2.0-adayo-func-bcm: BCMFunc sendMessageFromVehicle_l msgBuff[20]=0x10,start:0,len:3,temp:3,
05-27 18:18:20.304   351   516 D automotive.vehicle@2.0-adayo-func-bcm: BCMFunc sendMessageFromVehicle_l prop: 0x21400031 ,areaId: 0x0  SPLITE_BIT_DATA_INTEGER : 0
05-27 18:18:20.304   351   516 D automotive.vehicle@2.0-adayo-func-bcm: BCMFunc sendMessageFromVehicle_l id:557842481, area:0 not report! 
05-27 18:18:20.304   351   516 D automotive.vehicle@2.0-adayo-func-bcm: BCMFunc sendMessageFromVehicle_l dataType: 12,mByte=20,propid=0x2140003a
05-27 18:18:20.304   351   516 D automotive.vehicle@2.0-adayo-func-bcm: BCMFunc sendMessageFromVehicle_l msgBuff[20]=0x10,start:5,len:3,temp:3,
05-27 18:18:20.304   351   516 D automotive.vehicle@2.0-adayo-func-bcm: BCMFunc sendMessageFromVehicle_l prop: 0x2140003a ,areaId: 0x0  SPLITE_BIT_DATA_INTEGER : 0
05-27 18:18:20.304   351   516 D automotive.vehicle@2.0-adayo-func-bcm: BCMFunc sendMessageFromVehicle_l id:557842490, area:0 not report! 
05-27 18:18:20.304   351   516 D automotive.vehicle@2.0-adayo-func-bcm: BCMFunc sendMessageFromVehicle_l dataType: 12,mByte=21,propid=0x2140008b
05-27 18:18:20.304   351   516 D automotive.vehicle@2.0-adayo-func-bcm: BCMFunc sendMessageFromVehicle_l msgBuff[21]=0x0,start:0,len:3,temp:3,
05-27 18:18:20.304   351   516 D automotive.vehicle@2.0-adayo-func-bcm: BCMFunc sendMessageFromVehicle_l prop: 0x2140008b ,areaId: 0x0  SPLITE_BIT_DATA_INTEGER : 0
05-27 18:18:20.304   351   516 D automotive.vehicle@2.0-adayo-func-bcm: BCMFunc sendMessageFromVehicle_l id:557842571, area:0 not report! 
05-27 18:18:20.304   351   516 D automotive.vehicle@2.0-adayo-func-bcm: BCMFunc sendMessageFromVehicle_l dataType: 12,mByte=22,propid=0x2140008c
05-27 18:18:20.304   351   516 D automotive.vehicle@2.0-adayo-func-bcm: BCMFunc sendMessageFromVehicle_l msgBuff[22]=0x0,start:1,len:1,temp:1,
05-27 18:18:20.304   351   516 D automotive.vehicle@2.0-adayo-func-bcm: BCMFunc sendMessageFromVehicle_l prop: 0x2140008c ,areaId: 0x0  SPLITE_BIT_DATA_INTEGER : 0
05-27 18:18:20.304   351   516 D automotive.vehicle@2.0-adayo-func-bcm: BCMFunc sendMessageFromVehicle_l id:557842572, area:0 not report! 
05-27 18:18:20.304   351   516 D automotive.vehicle@2.0-adayo-func-bcm: BCMFunc sendMessageFromVehicle_l dataType: 12,mByte=23,propid=0x2140008e
05-27 18:18:20.304   481   598 I mcuc    : rev,n=2,6AA681B4A6000A8900C901040920123456FF
05-27 18:18:20.305   351   516 D automotive.vehicle@2.0-adayo-func-bcm: BCMFunc sendMessageFromVehicle_l msgBuff[23]=0x0,start:0,len:1,temp:1,
05-27 18:18:20.305   351   516 D automotive.vehicle@2.0-adayo-func-bcm: BCMFunc sendMessageFromVehicle_l prop: 0x2140008e ,areaId: 0x0  SPLITE_BIT_DATA_INTEGER : 0
05-27 18:18:20.305  1121  1144 I tboxmids_ap: [2026-05-27 18:18:20.305] [MCU RX] src=MCU dst=ZMQ len=10 type=BINARY data=00 08 C9 01 04 09 20 12 34 56 
05-27 18:18:20.305   351   516 D automotive.vehicle@2.0-adayo-func-bcm: BCMFunc sendMessageFromVehicle_l id:557842574, area:0 not report! 
05-27 18:18:20.305   351   516 D automotive.vehicle@2.0-adayo-func-bcm: BCMFunc sendMessageFromVehicle_l dataType: 12,mByte=23,propid=0x2140008f
05-27 18:18:20.305   351   516 D automotive.vehicle@2.0-adayo-func-bcm: BCMFunc sendMessageFromVehicle_l msgBuff[23]=0x0,start:1,len:1,temp:1,
05-27 18:18:20.305   351   516 D automotive.vehicle@2.0-adayo-func-bcm: BCMFunc sendMessageFromVehicle_l prop: 0x2140008f ,areaId: 0x0  SPLITE_BIT_DATA_INTEGER : 0
