05-27 18:18:25.872   351   373 D automotive.vehicle@2.0-adayo-datacomm-mcu: MCUDatacomm sendMessageFromVehicle prop: 0x89, areaId: 0x0, status: 0xd7, timestamp: 0x1
05-27 18:18:25.872   351   373 D automotive.vehicle@2.0-adayo-datacomm-mcu: MCUDatacomm 1sendMessageFromVehicle ---> type = 12 
05-27 18:18:25.872  1121  1144 I tboxmids_ap: [2026-05-27 18:18:25.872] [MCU RX] src=MCU dst=ZMQ len=10 type=BINARY data=00 08 D7 01 04 09 02 12 34 56 
05-27 08:09:34.835   581   581 D spi_rst_gpio_get_output: GPIO 145 value: 1
05-27 08:09:34.835   581   581 D spidev_ioctl: gpio status=1)
05-27 08:09:34.841   581   581 D spi_rst_gpio_get_output: GPIO 145 value: 1
05-27 08:09:34.841   581   581 D spidev_ioctl: gpio status=1)
05-27 18:18:25.874  1083  1083 I MyAppLog: [2026-05-27 18:18:25.874 I tboxap mcuCommTboxmidsRecvCb:97] [Mcu] [mcuCommTboxmidsRecvCb] recv from tboxmids, size:10
05-27 18:18:25.874   299  1163 D EvsDriver: doneWithFrame
05-27 18:18:25.874   299  1153 D EvsDriver: doneWithFrame
05-27 18:18:25.874  1083  1083 I MyAppLog: [2026-05-27 18:18:25.874 I tboxap mcuCommTboxmidsRecvCb:98] [Mcu] [tboxmids -> tboxap]: :00 08 D7 01 04 09 02 12 34 56
05-27 18:18:25.874  1083  1083 I MyAppLog: [2026-05-27 18:18:25.874 I tboxap mcuPtlParseData:990] [Mcu] [Mcu  Parse]: (cmd):0902 (param):0902123456
05-27 18:18:25.875  1083  1083 W MyAppLog: [2026-05-27 18:18:25.874 W tboxap mcuParamDataRevPack:918] [Mcu] mcuParamDataRevPack start pack data!!!
05-27 18:18:25.875  1083  1083 W MyAppLog: [2026-05-27 18:18:25.874 W tboxap mcuHandlePowerReqInd:1739] [Mcu] [mcuHandlePowerReqInd] recv 0x0902 power req type:0x12
05-27 18:18:25.876   581   581 I SpiService: fgesysctrl_getGPIO_status success val=1
05-27 18:18:25.879   572   572 I Sensors : 230 GyroSensor: x:-0.011301,y:0.005039,z:0.002214
05-27 18:18:25.881  1008 30856 D [OMXB]  : usingANWBuffer: handle:0xee7437c0, format:1, w:1920, h:1080
05-27 18:18:25.882   581   581 I SpiService: fgesysctrl_getGPIO_status success val=1
05-27 18:18:25.883 13911 14183 I SentryImuMcuAngleSender: 180.0rollDeg
05-27 18:18:25.883 13911 14183 I SentryImuMcuAngleSender: 1,0,0
05-27 08:09:34.846   581   581 D spi_rst_gpio_get_output: GPIO 145 value: 1
05-27 08:09:34.846   581   581 D spidev_ioctl: gpio status=1)
05-27 18:18:25.887   581   581 I SpiService: fgesysctrl_getGPIO_status success val=1
05-27 08:09:34.852   581   581 D spi_rst_gpio_get_output: GPIO 145 value: 1
05-27 08:09:34.852   581   581 D spidev_ioctl: gpio status=1)
05-27 18:18:25.893   581   581 I SpiService: fgesysctrl_getGPIO_status success val=1
05-27 08:09:34.857   581   581 D spi_rst_gpio_get_output: GPIO 145 value: 1
05-27 08:09:34.857   581   581 D spidev_ioctl: gpio status=1)
05-27 18:18:25.896   566 11459 I gps_hdbd: nmea_cs <0> != calc_cs <49>, return -1
05-27 18:18:25.898   581   581 I SpiService: fgesysctrl_getGPIO_status success val=0
05-27 18:18:25.898   481   597 I mcuc    : send SPI:6AA601626900F80901D00401098102010100000000000000000000000000000000000000000000000000000000000000000000000000000000000000000000000000000000000000000000000000000000000000000000000000000000000000000000000000000000000000000000000000000000000000000000000000000000000000000000000000000000000000000000000000000000000000000000000000000000000000000000000000000000000000000000000000000000000000000000000000000000000000000000000000000000000000000000000000000000000000000000000000000000000000000000000000000000000000000000CF6AA602B4C300028900FC
05-27 18:18:25.900  1008 30857 D [OMXB]  : usingANWBuffer: handle:0xee7427f0, format:1, w:1920, h:1080
05-27 08:09:34.863   581   581 D spi_rst_gpio_get_output: GPIO 145 value: 0
05-27 08:09:34.863   581   581 D spidev_ioctl: gpio status=0)
05-27 18:18:25.901   299 30844 D EvsDriver: forwardFrame
05-27 18:18:25.902   299 30844 D EvsDriver: Delivered 0xb400007b7ca56900 as id 0
05-27 18:18:25.902 13911 14183 I SentryImuMcuAngleSender: 179.99649rollDeg
05-27 18:18:25.902 13911 14183 I SentryImuMcuAngleSender: 1,0,0
05-27 18:18:25.903  1167  1167 D evsmanagerd: /dev/video6 forwarded the buffer #0 to 0xb4000074bf5f5510 from 0xb4000074bf5f6d90
05-27 18:18:25.905   536   536 D commservice260303: msg.id = 1028,0
05-27 18:18:25.905   536   536 D commservice260303: i = 170, msgid = 8A000404
05-27 18:18:25.905   536   536 D commservice260303: msgid = -1979710460,did=138
05-27 18:18:25.905   536   536 D commservice260303: CommProtocolLibCmdBaseI2C::dataproc {"command":{"id":"imu_status","sub":""},"content":{"TimeStamp":8,"FrameCounter":207738,"GD_X":-0.010690094903111458,"GD_Y":0.005345047451555729,"GD_Z":0.0023671966046094894,"AD_X":-0.00257660448551178,"AD_Y":-0.002282986883074045,"AD_Z":-0.16582107543945312,"TempDsp":0,"Status":0,"CalibState":1,"SigAmpInvalid":0}},-1979710460
05-27 18:18:25.906   299  1153 D EvsDriver: doneWithFrame
05-27 18:18:25.906   536   536 D commservice260303: send2Cluster len:315, 7B22636F6D6D616E64223A7B226964223A22696D755F737461747573222C22737562223A22227D2C22636F6E74656E74223A7B2254696D655374616D70223A382C224672616D65436F756E746572223A3230373733382C2247445F58223A2D302E3031303639303039343930333131313435382C2247445F59223A302E3030353334353034373435313535353732392C2247445F5A223A302E303032333637313936363034363039343839342C2241445F58223A2D302E30303235373636303434383535313137382C2241445F59223A2D302E3030323238323938363838333037343034352C2241445F5A223A2D302E31363538323130373534333934353331322C2254656D70447370223A302C22537461747573223A302C2243616C69625374617465223A312C22536967416D70496E76616C6964223A307D7D, 138 
05-27 18:18:25.906   536   536 D commservice260303: Push Message into SendPool fn=-1251474688
05-27 18:18:25.906   536   536 D commservice260303: ComProtocolLibSend2Cluster::send2ClusterRaw fn=-1251474688 , len=331
05-27 18:18:25.906   536   536 D commservice260303: sendCmdToPort :331!!!
05-27 18:18:25.906   536   536 D commservice260303: send Cmd To Port ++++5AA501478A01000368B56A16C4F17B22636F6D6D616E64223A7B226964223A22696D755F737461747573222C22737562223A22227D2C22636F6E74656E74223A7B2254696D655374616D70223A382C224672616D65436F756E746572223A3230373733382C2247445F58223A2D302E3031303639303039343930333131313435382C2247445F59223A302E3030353334353034373435313535353732392C2247445F5A223A302E303032333637313936363034363039343839342C2241445F58223A2D302E30303235373636303434383535313137382C2241445F59223A2D302E3030323238323938363838333037343034352C2241445F5A223A2D302E31363538323130373534333934353331322C2254656D70447370223A302C22537461747573223A302C2243616C69625374617465223A312C22536967416D70496E76616C6964223A307D7D8B23
05-27 18:18:25.906   536   536 D commservice260303: bufferevent_write retrun value = 0
05-27 18:18:25.906   536   560 D commservice260303: client datas send succeed,send finish
05-27 18:18:25.907 13911 14192 D Sentinelmode_1.2.5.17_sentry: <SentryImuClusterFgeSender>imu_status sent to Linux, frame=207738, tsNs=8973147, tsMs=8, intervalMs=41, ad=(-0.0025766045,-0.0022829869,-0.16582108), gd=(-0.010690095,0.0053450475,0.0023671966)
05-27 18:18:25.910   299 30841 D EvsDriver: forwardFrame
05-27 18:18:25.915   299 30841 D EvsDriver: Delivered 0xb400007b7ca56a60 as id 0
05-27 18:18:25.915  1167  1167 D evsmanagerd: /dev/video4 forwarded the buffer #0 to 0xb4000074bf5f6850 from 0xb4000074bf5f41d0
05-27 18:18:25.915   283   307 I rvcservice: t.code = 3, t.value = 0
05-27 18:18:25.918   581   581 I SpiService: fgesysctrl_getGPIO_status success val=1
05-27 18:18:25.919   299  1153 D EvsDriver: doneWithFrame
05-27 08:09:34.883   581   581 D spi_rst_gpio_get_output: GPIO 145 value: 1
05-27 08:09:34.883   581   581 D spidev_ioctl: gpio status=1)
05-27 18:18:25.921  1008 30856 D [OMXB]  : usingANWBuffer: handle:0xee741400, format:1, w:1920, h:1080
05-27 18:18:25.923 13911 14183 I SentryImuMcuAngleSender: 179.99298rollDeg
05-27 18:18:25.923 13911 14183 I SentryImuMcuAngleSender: 1,0,0
05-27 18:18:25.924   581   581 I SpiService: fgesysctrl_getGPIO_status success val=1
05-27 08:09:34.889   581   581 D spi_rst_gpio_get_output: GPIO 145 value: 1
05-27 08:09:34.889   581   581 D spidev_ioctl: gpio status=1)
05-27 18:18:25.930   581   581 I SpiService: fgesysctrl_getGPIO_status success val=1
05-27 08:09:34.894   581   581 D spi_rst_gpio_get_output: GPIO 145 value: 1
05-27 08:09:34.894   581   581 D spidev_ioctl: gpio status=1)
05-27 18:18:25.933   299 30841 D EvsDriver: forwardFrame
05-27 18:18:25.935  1167  1167 D evsmanagerd: /dev/video4 forwarded the buffer #0 to 0xb4000074bf5f6850 from 0xb4000074bf5f41d0
05-27 18:18:25.935   299 30841 D EvsDriver: Delivered 0xb400007b7ca56a60 as id 0
05-27 18:18:25.936   581   581 I SpiService: fgesysctrl_getGPIO_status success val=1
05-27 08:09:34.900   581   581 D spi_rst_gpio_get_output: GPIO 145 value: 1
05-27 08:09:34.900   581   581 D spidev_ioctl: gpio status=1)
05-27 18:18:25.939   299  1153 D EvsDriver: doneWithFrame
05-27 18:18:25.942   581   581 I SpiService: fgesysctrl_getGPIO_status success val=0
05-27 18:18:25.943   299 30844 D EvsDriver: forwardFrame
05-27 18:18:25.944 13911 14183 I SentryImuMcuAngleSender: 179.98598rollDeg
05-27 18:18:25.944 13911 14183 I SentryImuMcuAngleSender: 1,0,0
05-27 08:09:34.906   581   581 D spi_rst_gpio_get_output: GPIO 145 value: 0
05-27 08:09:34.906   581   581 D spidev_ioctl: gpio status=0)
05-27 18:18:25.946   536   536 D commservice260303: i = 170, msgid = 8A000404
05-27 18:18:25.946   536   536 D commservice260303: msgid = -1979710460,did=138
05-27 18:18:25.946   536   536 D commservice260303: CommProtocolLibCmdBaseI2C::dataproc {"command":{"id":"imu_status","sub":""},"content":{"TimeStamp":8,"FrameCounter":207739,"GD_X":-0.011070843786001205,"GD_Y":0.005268065724521875,"GD_Z":0.002519079949706793,"AD_X":-0.001972988247871399,"AD_Y":-4.4629257172346115E-4,"AD_Z":-0.16582107543945312,"TempDsp":0,"Status":0,"CalibState":1,"SigAmpInvalid":0}},-1979710460
05-27 18:18:25.946   536   536 D commservice260303: send2Cluster len:316, 7B22636F6D6D616E64223A7B226964223A22696D755F737461747573222C22737562223A22227D2C22636F6E74656E74223A7B2254696D655374616D70223A382C224672616D65436F756E746572223A3230373733392C2247445F58223A2D302E3031313037303834333738363030313230352C2247445F59223A302E3030353236383036353732343532313837352C2247445F5A223A302E3030323531393037393934393730363739332C2241445F58223A2D302E3030313937323938383234373837313339392C2241445F59223A2D342E34363239323537313732333436313135452D342C2241445F5A223A2D302E31363538323130373534333934353331322C2254656D70447370223A302C22537461747573223A302C2243616C69625374617465223A312C22536967416D70496E76616C6964223A307D7D, 138 
05-27 18:18:25.946   536   536 D commservice260303: Push Message into SendPool fn=-1234697472
05-27 18:18:25.946   536   536 D commservice260303: ComProtocolLibSend2Cluster::send2ClusterRaw fn=-1234697472 , len=332
05-27 18:18:25.946   536   536 D commservice260303: sendCmdToPort :332!!!
05-27 18:18:25.946   536   536 D commservice260303: send Cmd To Port ++++5AA501488A01000368B66A16C4F17B22636F6D6D616E64223A7B226964223A22696D755F737461747573222C22737562223A22227D2C22636F6E74656E74223A7B2254696D655374616D70223A382C224672616D65436F756E746572223A3230373733392C2247445F58223A2D302E3031313037303834333738363030313230352C2247445F59223A302E3030353236383036353732343532313837352C2247445F5A223A302E3030323531393037393934393730363739332C2241445F58223A2D302E3030313937323938383234373837313339392C2241445F59223A2D342E34363239323537313732333436313135452D342C2241445F5A223A2D302E31363538323130373534333934353331322C2254656D70447370223A302C22537461747573223A302C2243616C69625374617465223A312C22536967416D70496E76616C6964223A307D7D47E2
05-27 18:18:25.946   536   536 D commservice260303: bufferevent_write retrun value = 0
05-27 18:18:25.946  1167  1167 D evsmanagerd: /dev/video6 forwarded the buffer #0 to 0xb4000074bf5f5510 from 0xb4000074bf5f6d90
05-27 18:18:25.946   536   560 D commservice260303: client datas send succeed,send finish
05-27 18:18:25.947   299 30844 D EvsDriver: Delivered 0xb400007b7ca56900 as id 0
05-27 18:18:25.947 13911 14192 D Sentinelmode_1.2.5.17_sentry: <SentryImuClusterFgeSender>imu_status sent to Linux, frame=207739, tsNs=8973183, tsMs=8, intervalMs=40, ad=(-0.0019729882,-4.4629257E-4,-0.16582108), gd=(-0.011070844,0.0052680657,0.00251908)
05-27 18:18:25.949 11344 11344 E SystemUI_NavBarFragment: SysUIConfig.icCarServiceConnected：false
05-27 18:18:25.951   299  1153 D EvsDriver: doneWithFrame
05-27 18:18:25.951  1008 30857 D [OMXB]  : usingANWBuffer: handle:0xee740170, format:1, w:1920, h:1080
05-27 18:18:25.956   481   598 I mcuc    : rev,n=1,6AA682626900020901A7
05-27 18:18:25.956   581   581 I SpiService: fgesysctrl_getGPIO_status success val=1
05-27 08:09:34.921   581   581 D spi_rst_gpio_get_output: GPIO 145 value: 1
05-27 08:09:34.921   581   581 D spidev_ioctl: gpio status=1)
05-27 18:18:25.962   581   581 I SpiService: fgesysctrl_getGPIO_status success val=1
05-27 18:18:25.964 13911 14183 I SentryImuMcuAngleSender: 179.98598rollDeg
05-27 18:18:25.964 13911 14183 I SentryImuMcuAngleSender: 1,0,0
05-27 08:09:34.926   581   581 D spi_rst_gpio_get_output: GPIO 145 value: 1
05-27 08:09:34.926   581   581 D spidev_ioctl: gpio status=1)
05-27 18:18:25.967  1008 30856 D [OMXB]  : usingANWBuffer: handle:0xee740dd0, format:1, w:1920, h:1080
05-27 18:18:25.967   581   581 I SpiService: fgesysctrl_getGPIO_status success val=1
05-27 08:09:34.932   581   581 D spi_rst_gpio_get_output: GPIO 145 value: 1
05-27 08:09:34.932   581   581 D spidev_ioctl: gpio status=1)
05-27 18:18:25.971   299 30841 D EvsDriver: forwardFrame
05-27 18:18:25.971   299 30844 D EvsDriver: forwardFrame
05-27 18:18:25.973   581   581 I SpiService: fgesysctrl_getGPIO_status success val=1
05-27 18:18:25.973   299 30841 D EvsDriver: Delivered 0xb400007b7ca56a60 as id 0
05-27 18:18:25.973   299 30844 D EvsDriver: Delivered 0xb400007b7ca56900 as id 0
05-27 18:18:25.973  1167  1184 D evsmanagerd: /dev/video6 forwarded the buffer #0 to 0xb4000074bf5f5510 from 0xb4000074bf5f6d90
05-27 18:18:25.973  1167  1167 D evsmanagerd: /dev/video4 forwarded the buffer #0 to 0xb4000074bf5f6850 from 0xb4000074bf5f41d0
05-27 18:18:25.974 30773 30773 E dvr_service_: [myNum:0] Received S**** loss
05-27 18:18:25.974 30773 30782 E dvr_service_: [myNum:1] Received S**** loss
05-27 18:18:25.974   299  1153 D EvsDriver: doneWithFrame
05-27 18:18:25.974   299  1163 D EvsDriver: doneWithFrame
05-27 08:09:34.938   581   581 D spi_rst_gpio_get_output: GPIO 145 value: 1
05-27 08:09:34.938   581   581 D spidev_ioctl: gpio status=1)
05-27 18:18:25.979   581   581 I SpiService: fgesysctrl_getGPIO_status success val=0
05-27 08:09:34.943   581   581 D spi_rst_gpio_get_output: GPIO 145 value: 0
05-27 08:09:34.943   581   581 D spidev_ioctl: gpio status=0)
05-27 18:18:25.985 13911 14183 I SentryImuMcuAngleSender: 179.98598rollDeg
05-27 18:18:25.985 13911 14183 I SentryImuMcuAngleSender: 1,0,0
05-27 18:18:25.985   536   536 D commservice260303: msg.id = 1028,0
05-27 18:18:25.985   536   536 D commservice260303: i = 170, msgid = 8A000404
05-27 18:18:25.985   536   536 D commservice260303: msgid = -1979710460,did=138
05-27 18:18:25.985   536   536 D commservice260303: CommProtocolLibCmdBaseI2C::dataproc {"command":{"id":"imu_status","sub":""},"content":{"TimeStamp":8,"FrameCounter":207740,"GD_X":-0.011453153565526009,"GD_Y":0.00519212381914258,"GD_Z":0.0022902146447449923,"AD_X":-0.00379924476146698,"AD_Y":-4.43110940977931E-4,"AD_Z":-0.16521072387695312,"TempDsp":0,"Status":0,"CalibState":1,"SigAmpInvalid":0}},-1979710460
05-27 18:18:25.985   536   536 D commservice260303: send2Cluster len:313, 7B22636F6D6D616E64223A7B226964223A22696D755F737461747573222C22737562223A22227D2C22636F6E74656E74223A7B2254696D655374616D70223A382C224672616D65436F756E746572223A3230373734302C2247445F58223A2D302E3031313435333135333536353532363030392C2247445F59223A302E30303531393231323338313931343235382C2247445F5A223A302E303032323930323134363434373434393932332C2241445F58223A2D302E30303337393932343437363134363639382C2241445F59223A2D342E3433313130393430393737393331452D342C2241445F5A223A2D302E31363532313037323338373639353331322C2254656D70447370223A302C22537461747573223A302C2243616C69625374617465223A312C22536967416D70496E76616C6964223A307D7D, 138 
05-27 18:18:25.985   536   536 D commservice260303: Push Message into SendPool fn=-1217920256
05-27 18:18:25.985   536   536 D commservice260303: ComProtocolLibSend2Cluster::send2ClusterRaw fn=-1217920256 , len=329
05-27 18:18:25.985   536   536 D commservice260303: sendCmdToPort :329!!!
05-27 18:18:25.986   536   536 D commservice260303: send Cmd To Port ++++5AA501458A01000368B76A16C4F17B22636F6D6D616E64223A7B226964223A22696D755F737461747573222C22737562223A22227D2C22636F6E74656E74223A7B2254696D655374616D70223A382C224672616D65436F756E746572223A3230373734302C2247445F58223A2D302E3031313435333135333536353532363030392C2247445F59223A302E30303531393231323338313931343235382C2247445F5A223A302E303032323930323134363434373434393932332C2241445F58223A2D302E30303337393932343437363134363639382C2241445F59223A2D342E3433313130393430393737393331452D342C2241445F5A223A2D302E31363532313037323338373639353331322C2254656D70447370223A302C22537461747573223A302C2243616C69625374617465223A312C22536967416D70496E76616C6964223A307D7D879C
05-27 18:18:25.986   536   536 D commservice260303: bufferevent_write retrun value = 0
05-27 18:18:25.986   536   560 D commservice260303: client datas send succeed,send finish
05-27 18:18:25.986 13911 14192 D Sentinelmode_1.2.5.17_sentry: <SentryImuClusterFgeSender>imu_status sent to Linux, frame=207740, tsNs=8973219, tsMs=8, intervalMs=39, ad=(-0.0037992448,-4.4311094E-4,-0.16521072), gd=(-0.011453154,0.005192124,0.0022902146)
05-27 18:18:25.987   572   622 I Sensors : 230 AccelSensor: x:-0.170800,y:0.003659,z:-9.971060
05-27 18:18:25.991  1008 30857 D [OMXB]  : usingANWBuffer: handle:0xee7404e0, format:1, w:1920, h:1080
05-27 18:18:25.993   581   581 I SpiService: fgesysctrl_getGPIO_status success val=1
05-27 08:09:34.957   581   581 D spi_rst_gpio_get_output: GPIO 145 value: 1
05-27 08:09:34.957   581   581 D spidev_ioctl: gpio status=1)
05-27 18:18:25.998   299 30844 D EvsDriver: forwardFrame
05-27 18:18:25.998   299 30841 D EvsDriver: forwardFrame
05-27 18:18:25.999   581   581 I SpiService: fgesysctrl_getGPIO_status success val=1
05-27 18:18:26.000   299 30841 D EvsDriver: Delivered 0xb400007b7ca56a60 as id 0
05-27 18:18:26.000  1167  1167 D evsmanagerd: /dev/video4 forwarded the buffer #0 to 0xb4000074bf5f6850 from 0xb4000074bf5f41d0
05-27 08:09:34.963   581   581 D spi_rst_gpio_get_output: GPIO 145 value: 1
05-27 08:09:34.963   581   581 D spidev_ioctl: gpio status=1)
05-27 18:18:26.002  1167  1167 D evsmanagerd: /dev/video6 forwarded the buffer #0 to 0xb4000074bf5f5510 from 0xb4000074bf5f6d90
05-27 18:18:26.002   299 30844 D EvsDriver: Delivered 0xb400007b7ca56900 as id 0
05-27 18:18:26.005   299  1163 D EvsDriver: doneWithFrame
05-27 18:18:26.005   581   581 I SpiService: fgesysctrl_getGPIO_status success val=1
05-27 18:18:26.005 13911 14183 I SentryImuMcuAngleSender: 179.97197rollDeg
05-27 18:18:26.005 13911 14183 I SentryImuMcuAngleSender: 1,0,0
05-27 08:09:34.969   581   581 D spi_rst_gpio_get_output: GPIO 145 value: 1
05-27 08:09:34.970   581   581 D spidev_ioctl: gpio status=1)
05-27 08:09:34.976   581   581 D spi_rst_gpio_get_output: GPIO 145 value: 1
05-27 08:09:34.976   581   581 D spidev_ioctl: gpio status=1)
05-27 18:18:26.008   299  1163 D EvsDriver: doneWithFrame
05-27 18:18:26.011 15286 15837 D YunReporter: dump目录没有待上传的文件
05-27 18:18:26.011   581   581 I SpiService: fgesysctrl_getGPIO_status success val=1
05-27 18:18:26.016   283   307 I rvcservice: t.code = 0, t.value = 0
05-27 18:18:26.016  1008 30856 D [OMXB]  : usingANWBuffer: handle:0xee742270, format:1, w:1920, h:1080
05-27 18:18:26.017   581   581 I SpiService: fgesysctrl_getGPIO_status success val=1
05-27 08:09:34.981   581   581 D spi_rst_gpio_get_output: GPIO 145 value: 1
05-27 08:09:34.981   581   581 D spidev_ioctl: gpio status=1)
05-27 18:18:26.022   581   581 I SpiService: fgesysctrl_getGPIO_status success val=0
05-27 08:09:34.987   581   581 D spi_rst_gpio_get_output: GPIO 145 value: 0
05-27 08:09:34.987   581   581 D spidev_ioctl: gpio status=0)
05-27 18:18:26.026 13911 14183 I SentryImuMcuAngleSender: 179.98949rollDeg
05-27 18:18:26.026 13911 14183 I SentryImuMcuAngleSender: 1,0,0
05-27 18:18:26.027   536   536 D commservice260303: msg.id = 1028,1
05-27 18:18:26.027   536   536 D commservice260303: i = 170, msgid = 8A000404
05-27 18:18:26.027   536   536 D commservice260303: msgid = -1979710460,did=138
05-27 18:18:26.027   536   536 D commservice260303: CommProtocolLibCmdBaseI2C::dataproc {"command":{"id":"imu_status","sub":""},"content":{"TimeStamp":8,"FrameCounter":207741,"GD_X":-0.011223767884075642,"GD_Y":0.004580949433147907,"GD_Z":0.002213752595707774,"AD_X":-0.0037880241870880127,"AD_Y":-0.0010583590483292937,"AD_Z":-0.16704177856445312,"TempDsp":0,"Status":0,"CalibState":1,"SigAmpInvalid":0}},-1979710460
05-27 18:18:26.028   536   536 D commservice260303: send2Cluster len:317, 7B22636F6D6D616E64223A7B226964223A22696D755F737461747573222C22737562223A22227D2C22636F6E74656E74223A7B2254696D655374616D70223A382C224672616D65436F756E746572223A3230373734312C2247445F58223A2D302E3031313232333736373838343037353634322C2247445F59223A302E3030343538303934393433333134373930372C2247445F5A223A302E3030323231333735323539353730373737342C2241445F58223A2D302E303033373838303234313837303838303132372C2241445F59223A2D302E303031303538333539303438333239323933372C2241445F5A223A2D302E31363730343137373835363434353331322C2254656D70447370223A302C22537461747573223A302C2243616C69625374617465223A312C22536967416D70496E76616C6964223A307D7D, 138 
05-27 18:18:26.028   536   536 D commservice260303: Push Message into SendPool fn=-1201143040
05-27 18:18:26.028   536   536 D commservice260303: ComProtocolLibSend2Cluster::send2ClusterRaw fn=-1201143040 , len=333
05-27 18:18:26.028   536   536 D commservice260303: sendCmdToPort :333!!!
05-27 18:18:26.028   536   536 D commservice260303: send Cmd To Port ++++5AA501498A01000368B86A16C4F27B22636F6D6D616E64223A7B226964223A22696D755F737461747573222C22737562223A22227D2C22636F6E74656E74223A7B2254696D655374616D70223A382C224672616D65436F756E746572223A3230373734312C2247445F58223A2D302E3031313232333736373838343037353634322C2247445F59223A302E3030343538303934393433333134373930372C2247445F5A223A302E3030323231333735323539353730373737342C2241445F58223A2D302E303033373838303234313837303838303132372C2241445F59223A2D302E303031303538333539303438333239323933372C2241445F5A223A2D302E31363730343137373835363434353331322C2254656D70447370223A302C22537461747573223A302C2243616C69625374617465223A312C22536967416D70496E76616C6964223A307D7DA42E
05-27 18:18:26.028   536   536 D commservice260303: bufferevent_write retrun value = 0
05-27 18:18:26.028   536   560 D commservice260303: client datas send succeed,send finish
05-27 18:18:26.028 13911 14192 D Sentinelmode_1.2.5.17_sentry: <SentryImuClusterFgeSender>imu_status sent to Linux, frame=207741, tsNs=8973272, tsMs=8, intervalMs=42, ad=(-0.0037880242,-0.001058359,-0.16704178), gd=(-0.011223768,0.0045809494,0.0022137526)
05-27 18:18:26.033   299 30841 D EvsDriver: forwardFrame
05-27 18:18:26.033   299 30844 D EvsDriver: forwardFrame
05-27 18:18:26.035   299 30844 D EvsDriver: Delivered 0xb400007b7ca56900 as id 0
05-27 18:18:26.035   299 30841 D EvsDriver: Delivered 0xb400007b7ca56a60 as id 0
05-27 18:18:26.035  1167  1184 D evsmanagerd: /dev/video4 forwarded the buffer #0 to 0xb4000074bf5f6850 from 0xb4000074bf5f41d0
05-27 18:18:26.035  1167  1167 D evsmanagerd: /dev/video6 forwarded the buffer #0 to 0xb4000074bf5f5510 from 0xb4000074bf5f6d90
05-27 18:18:26.036   481   598 I mcuc    : rev,n=1,6AA681B4C4008C8305000055000000B000000000000100010000BD5B69B1D845E469DA69D8743569D9D3B169DAB211437A6D228A00000000040000B3000000000000000000000000000000B44300000000000300000000000000AA000000E40701010000000000000000BB06050507EA051B000008009403CB00CC000000000000000000000000000000B50000000000000000DB
05-27 18:18:26.036   581   581 I SpiService: fgesysctrl_getGPIO_status success val=1
05-27 18:18:26.036   351   373 D automotive.vehicle@2.0-adayo-datacomm-mcu: MCUDatacomm sendMessageFromVehicle prop: 0x83, areaId: 0x5, status: 0x0, timestamp: 0x0
05-27 18:18:26.037   351   373 D automotive.vehicle@2.0-adayo-datacomm-mcu: MCUDatacomm 1sendMessageFromVehicle ---> type = 7 
05-27 18:18:26.037   351   373 I automotive.vehicle@2.0-adayo-func-mcu: MCUFunc :sendMessageFromVehicle  msgBuff[0] = 131 
05-27 18:18:26.037   351   373 I automotive.vehicle@2.0-adayo-func-mcu: MCUFunc :sendMessageFromVehicle  msgBuff[1] = 5 
05-27 18:18:26.037   351   373 I automotive.vehicle@2.0-adayo-func-mcu: MCUFunc :sendMessageFromVehicle  msgBuff[2] = 0 
05-27 18:18:26.037   351   373 I automotive.vehicle@2.0-adayo-func-mcu: MCUFunc :sendMessageFromVehicle  msgBuff[3] = 0 
05-27 18:18:26.037   351   373 I automotive.vehicle@2.0-adayo-func-mcu: MCUFunc :sendMessageFromVehicle  msgBuff[4] = 85 
05-27 18:18:26.037   351   373 I automotive.vehicle@2.0-adayo-func-mcu: MCUFunc :sendMessageFromVehicle  msgBuff[5] = 0 
05-27 08:09:35.001   581   581 D spi_rst_gpio_get_output: GPIO 145 value: 1
05-27 08:09:35.001   581   581 D spidev_ioctl: gpio status=1)
05-27 18:18:26.038   299  1163 D EvsDriver: doneWithFrame
05-27 18:18:26.039   299  1163 D EvsDriver: doneWithFrame
05-27 18:18:26.042   581   581 I SpiService: fgesysctrl_getGPIO_status success val=1
05-27 08:09:35.007   581   581 D spi_rst_gpio_get_output: GPIO 145 value: 1
05-27 08:09:35.007   581   581 D spidev_ioctl: gpio status=1)
05-27 18:18:26.045  1008 30857 D [OMXB]  : usingANWBuffer: handle:0xee746aa0, format:1, w:1920, h:1080
05-27 18:18:26.047 13911 14183 I SentryImuMcuAngleSender: -179.99298rollDeg
05-27 18:18:26.047 13911 14183 I SentryImuMcuAngleSender: 1,0,0
05-27 18:18:26.048   581   581 I SpiService: fgesysctrl_getGPIO_status success val=1
05-27 08:09:35.012   581   581 D spi_rst_gpio_get_output: GPIO 145 value: 1
05-27 08:09:35.012   581   581 D spidev_ioctl: gpio status=1)
05-27 18:18:26.053   581   581 I SpiService: fgesysctrl_getGPIO_status success val=1
05-27 08:09:35.018   581   581 D spi_rst_gpio_get_output: GPIO 145 value: 1
05-27 08:09:35.018   581   581 D spidev_ioctl: gpio status=1)
05-27 18:18:26.059   581   581 I SpiService: fgesysctrl_getGPIO_status success val=1
05-27 18:18:26.059 11346 12417 I CAR.WatchdogStorage: Database marked dirty.
05-27 18:18:26.059 11346 12417 D CarWatchdogService: Processed latest I/O overuse stats
05-27 08:09:35.023   581   581 D spi_rst_gpio_get_output: GPIO 145 value: 1
05-27 08:09:35.023   581   581 D spidev_ioctl: gpio status=1)
05-27 18:18:26.064   581   581 I SpiService: fgesysctrl_getGPIO_status success val=0
05-27 18:18:26.064   299 30844 D EvsDriver: forwardFrame
05-27 18:18:26.064   481   597 I mcuc    : send SPI:6AA602B4C400028305FC
05-27 08:09:35.028   581   581 D spi_rst_gpio_get_output: GPIO 145 value: 0
05-27 08:09:35.028   581   581 D spidev_ioctl: gpio status=0)
05-27 18:18:26.065   299 30841 D EvsDriver: forwardFrame
05-27 18:18:26.066   299 30841 D EvsDriver: Delivered 0xb400007b7ca56a60 as id 0
05-27 18:18:26.066  1167  1167 D evsmanagerd: /dev/video4 forwarded the buffer #0 to 0xb4000074bf5f6850 from 0xb4000074bf5f41d0
05-27 18:18:26.066  1167  1184 D evsmanagerd: /dev/video6 forwarded the buffer #0 to 0xb4000074bf5f5510 from 0xb4000074bf5f6d90
05-27 18:18:26.066   299 30844 D EvsDriver: Delivered 0xb400007b7ca56900 as id 0
05-27 18:18:26.067 13911 14183 I SentryImuMcuAngleSender: -179.98598rollDeg
05-27 18:18:26.067 13911 14183 I SentryImuMcuAngleSender: 1,0,0
05-27 18:18:26.067   536   536 D commservice260303: msg.id = 1028,2
05-27 18:18:26.068   536   536 D commservice260303: i = 170, msgid = 8A000404
05-27 18:18:26.068   536   536 D commservice260303: msgid = -1979710460,did=138
05-27 18:18:26.068   536   536 D commservice260303: CommProtocolLibCmdBaseI2C::dataproc {"command":{"id":"imu_status","sub":""},"content":{"TimeStamp":8,"FrameCounter":207742,"GD_X":-0.011910883709788322,"GD_Y":0.004963258747011423,"GD_Z":0.002213752595707774,"AD_X":-0.0019531697034835815,"AD_Y":-0.005297139286994934,"AD_Z":-0.16704177856445312,"TempDsp":0,"Status":0,"CalibState":1,"SigAmpInvalid":0}},-1979710460
05-27 18:18:26.068   536   536 D commservice260303: send2Cluster len:316, 7B22636F6D6D616E64223A7B226964223A22696D755F737461747573222C22737562223A22227D2C22636F6E74656E74223A7B2254696D655374616D70223A382C224672616D65436F756E746572223A3230373734322C2247445F58223A2D302E3031313931303838333730393738383332322C2247445F59223A302E3030343936333235383734373031313432332C2247445F5A223A302E3030323231333735323539353730373737342C2241445F58223A2D302E303031393533313639373033343833353831352C2241445F59223A2D302E3030353239373133393238363939343933342C2241445F5A223A2D302E31363730343137373835363434353331322C2254656D70447370223A302C22537461747573223A302C2243616C69625374617465223A312C22536967416D70496E76616C6964223A307D7D, 138 
05-27 18:18:26.068   536   536 D commservice260303: Push Message into SendPool fn=-1184365824
05-27 18:18:26.068   536   536 D commservice260303: ComProtocolLibSend2Cluster::send2ClusterRaw fn=-1184365824 , len=332
05-27 18:18:26.068   536   536 D commservice260303: sendCmdToPort :332!!!
05-27 18:18:26.068   536   536 D commservice260303: send Cmd To Port ++++5AA501488A01000368B96A16C4F27B22636F6D6D616E64223A7B226964223A22696D755F737461747573222C22737562223A22227D2C22636F6E74656E74223A7B2254696D655374616D70223A382C224672616D65436F756E746572223A3230373734322C2247445F58223A2D302E3031313931303838333730393738383332322C2247445F59223A302E3030343936333235383734373031313432332C2247445F5A223A302E3030323231333735323539353730373737342C2241445F58223A2D302E303031393533313639373033343833353831352C2241445F59223A2D302E3030353239373133393238363939343933342C2241445F5A223A2D302E31363730343137373835363434353331322C2254656D70447370223A302C22537461747573223A302C2243616C69625374617465223A312C22536967416D70496E76616C6964223A307D7DC098
05-27 18:18:26.069   536   536 D commservice260303: bufferevent_write retrun value = 0
05-27 18:18:26.070   299  1163 D EvsDriver: doneWithFrame
05-27 18:18:26.071 13911 14192 D Sentinelmode_1.2.5.17_sentry: <SentryImuClusterFgeSender>imu_status sent to Linux, frame=207742, tsNs=8973307, tsMs=8, intervalMs=43, ad=(-0.0019531697,-0.0052971393,-0.16704178), gd=(-0.011910884,0.0049632587,0.0022137526)
05-27 18:18:26.072   536   560 D commservice260303: client datas send succeed,send finish
05-27 18:18:26.072   299  1163 D EvsDriver: doneWithFrame
05-27 18:18:26.075   572   572 I Sensors : 230 GyroSensor: x:-0.012370,y:0.004734,z:0.002214
05-27 18:18:26.079   581   581 I SpiService: fgesysctrl_getGPIO_status success val=1
05-27 18:18:26.080  1008 30856 D [OMXB]  : usingANWBuffer: handle:0xee746310, format:1, w:1920, h:1080
05-27 08:09:35.044   581   581 D spi_rst_gpio_get_output: GPIO 145 value: 1
05-27 08:09:35.044   581   581 D spidev_ioctl: gpio status=1)
05-27 18:18:26.085   581   581 I SpiService: fgesysctrl_getGPIO_status success val=1
05-27 18:18:26.087 13911 14183 I SentryImuMcuAngleSender: -179.98598rollDeg
05-27 18:18:26.087 13911 14183 I SentryImuMcuAngleSender: 1,0,0
05-27 08:09:35.050   581   581 D spi_rst_gpio_get_output: GPIO 145 value: 1
05-27 08:09:35.050   581   581 D spidev_ioctl: gpio status=1)
05-27 18:18:26.089  1008 30857 D [OMXB]  : usingANWBuffer: handle:0xee743710, format:1, w:1920, h:1080
05-27 08:09:35.055   581   581 D spi_rst_gpio_get_output: GPIO 145 value: 1
05-27 08:09:35.055   581   581 D spidev_ioctl: gpio status=1)
05-27 18:18:26.091   581   581 I SpiService: fgesysctrl_getGPIO_status success val=1
05-27 18:18:26.094  1982  1982 E health_guardian: UID for PID 11579 is 1000
05-27 18:18:26.094  1982  1982 E health_guardian: The 1000 process is system app,I refused to kill it,try next one!
05-27 18:18:26.094  1982  1982 E health_guardian: UID for PID 13435 is 1000
05-27 18:18:26.094  1982  1982 E health_guardian: The 1000 process is system app,I refused to kill it,try next one!
05-27 18:18:26.094  1982  1982 E health_guardian: UID for PID 6212 is 1000
05-27 18:18:26.095  1982  1982 E health_guardian: The 1000 process is system app,I refused to kill it,try next one!
05-27 18:18:26.096   581   581 I SpiService: fgesysctrl_getGPIO_status success val=1
05-27 08:09:35.061   581   581 D spi_rst_gpio_get_output: GPIO 145 value: 1
05-27 08:09:35.061   581   581 D spidev_ioctl: gpio status=1)
05-27 18:18:26.101   299 30841 D EvsDriver: forwardFrame
05-27 18:18:26.102   581   581 I SpiService: fgesysctrl_getGPIO_status success val=0
05-27 18:18:26.104   299 30841 D EvsDriver: Delivered 0xb400007b7ca56a60 as id 0
05-27 18:18:26.104  1167  1184 D evsmanagerd: /dev/video4 forwarded the buffer #0 to 0xb4000074bf5f6850 from 0xb4000074bf5f41d0
05-27 08:09:35.066   581   581 D spi_rst_gpio_get_output: GPIO 145 value: 0
05-27 08:09:35.066   581   581 D spidev_ioctl: gpio status=0)
05-27 18:18:26.106   299 30844 D EvsDriver: forwardFrame
05-27 18:18:26.107 13911 14183 I SentryImuMcuAngleSender: 180.0rollDeg
05-27 18:18:26.108 13911 14183 I SentryImuMcuAngleSender: 1,0,0
05-27 18:18:26.108 30773 30785 I dvr_service_: [EncoderHandler::runMediaThread] runMediaThread started:1,state:1, cam2:started:1,state:1, lastSwitch:1, mIsMuxerStart:1,format:0,is_str_ing:0
05-27 18:18:26.112   299  1163 D EvsDriver: doneWithFrame
05-27 18:18:26.113   536   536 D commservice260303: msg.id = 1028,0
05-27 18:18:26.113   536   536 D commservice260303: i = 170, msgid = 8A000404
05-27 18:18:26.113   299 30844 D EvsDriver: Delivered 0xb400007b7ca56900 as id 0
05-27 18:18:26.113   536   536 D commservice260303: msgid = -1979710460,did=138
05-27 18:18:26.113  1167  1184 D evsmanagerd: /dev/video6 forwarded the buffer #0 to 0xb4000074bf5f5510 from 0xb4000074bf5f6d90
05-27 18:18:26.113   536   536 D commservice260303: CommProtocolLibCmdBaseI2C::dataproc {"command":{"id":"imu_status","sub":""},"content":{"TimeStamp":8,"FrameCounter":207743,"GD_X":-0.01153013575822115,"GD_Y":0.004199160262942314,"GD_Z":0.002747945487499237,"AD_X":-7.512122392654419E-4,"AD_Y":-0.0028308818582445383,"AD_Z":-0.16704177856445312,"TempDsp":0,"Status":0,"CalibState":1,"SigAmpInvalid":0}},-1979710460
05-27 18:18:26.116   283   307 I rvcservice: t.code = 3, t.value = 0
05-27 18:18:26.116   536   560 D commservice260303: recv len:77, 5AA500490600000034876A16C4F27B22636F6D6D616E64223A7B226964223A226473695F6C7578222C22737562223A22227D2C22636F6E74656E74223A7B2276616C7565223A3230307D7DB3A8 from server
05-27 18:18:26.116   536   536 D commservice260303: send2Cluster len:315, 7B22636F6D6D616E64223A7B226964223A22696D755F737461747573222C22737562223A22227D2C22636F6E74656E74223A7B2254696D655374616D70223A382C224672616D65436F756E746572223A3230373734332C2247445F58223A2D302E30313135333031333537353832323131352C2247445F59223A302E3030343139393136303236323934323331342C2247445F5A223A302E3030323734373934353438373439393233372C2241445F58223A2D372E353132313232333932363534343139452D342C2241445F59223A2D302E303032383330383831383538323434353338332C2241445F5A223A2D302E31363730343137373835363434353331322C2254656D70447370223A302C22537461747573223A302C2243616C69625374617465223A312C22536967416D70496E76616C6964223A307D7D, 138 
05-27 18:18:26.116   536  2578 D commservice260303: mcuDataAnalyzeHandle templen:77,len:77,pos:0, 5AA500490600000034876A16C4F27B22636F6D6D616E64223A7B226964223A226473695F6C7578222C22737562223A22227D2C22636F6E74656E74223A7B2276616C7565223A3230307D7DB3A8 
05-27 18:18:26.116   536   536 D commservice260303: Push Message into SendPool fn=-1167588608
05-27 18:18:26.116   536  2578 I commservice260303: checksumCal = 45992
05-27 18:18:26.116   536   536 D commservice260303: ComProtocolLibSend2Cluster::send2ClusterRaw fn=-1167588608 , len=331
05-27 18:18:26.116   536  2578 D commservice260303: CommProtocolLibCmdBaseC2I::dataproc {"command":{"id":"dsi_lux","sub":""},"content":{"value":200}},6
05-27 18:18:26.116   536   536 D commservice260303: sendCmdToPort :331!!!
05-27 18:18:26.117   536   536 D commservice260303: send Cmd To Port ++++5AA501478A01000368BA6A16C4F27B22636F6D6D616E64223A7B226964223A22696D755F737461747573222C22737562223A22227D2C22636F6E74656E74223A7B2254696D655374616D70223A382C224672616D65436F756E746572223A3230373734332C2247445F58223A2D302E30313135333031333537353832323131352C2247445F59223A302E3030343139393136303236323934323331342C2247445F5A223A302E3030323734373934353438373439393233372C2241445F58223A2D372E353132313232333932363534343139452D342C2241445F59223A2D302E303032383330383831383538323434353338332C2241445F5A223A2D302E31363730343137373835363434353331322C2254656D70447370223A302C22537461747573223A302C2243616C69625374617465223A312C22536967416D70496E76616C6964223A307D7DA26F
05-27 18:18:26.117   536   536 D commservice260303: bufferevent_write retrun value = 0
05-27 18:18:26.117   536  2578 D commservice260303: mcuCommMessageManager::notifyMsgToClient hwbinder OK
05-27 18:18:26.117   536  2578 D commservice260303: McuProtocolLibSend2Service::send2Service ret=1
05-27 18:18:26.117   536   560 D commservice260303: client datas send succeed,send finish
05-27 18:18:26.117 13911 14192 D Sentinelmode_1.2.5.17_sentry: <SentryImuClusterFgeSender>imu_status sent to Linux, frame=207743, tsNs=8973343, tsMs=8, intervalMs=46, ad=(-7.5121224E-4,-0.0028308819,-0.16704178), gd=(-0.011530136,0.0041991603,0.0027479455)
05-27 18:18:26.117   581   581 I SpiService: fgesysctrl_getGPIO_status success val=1
05-27 18:18:26.118 12246 12440 D ivicomm_CommManager: fgeComServiceCallback: {"command":{"id":"dsi_lux","sub":""},"content":{"value":200}}
05-27 18:18:26.119 12246 12440 D ivicomm_CallbackManager: registerCallback DSI_LUX: {"value":200} mCommStateCallbackMap size:4
05-27 18:18:26.119   299  1163 D EvsDriver: doneWithFrame
05-27 18:18:26.121 11579 11619 D NSLogUtils_VehicleService: L2A comm state: id=dsi_lux, value=200
05-27 18:18:26.122 11344  6590 D SystemUI_SystemSettingsControllerService: onCommState: commandID = dsi_lux; value = 200
05-27 18:18:26.128 13911 14183 I SentryImuMcuAngleSender: 179.99298rollDeg
05-27 18:18:26.128 13911 14183 I SentryImuMcuAngleSender: 1,0,0
05-27 18:18:26.128   581   581 I SpiService: fgesysctrl_getGPIO_status success val=1
05-27 08:09:35.093   581   581 D spi_rst_gpio_get_output: GPIO 145 value: 1
05-27 08:09:35.093   581   581 D spidev_ioctl: gpio status=1)
05-27 18:18:26.133   299 30841 D EvsDriver: forwardFrame
05-27 18:18:26.135   581   581 I SpiService: fgesysctrl_getGPIO_status success val=1
05-27 18:18:26.135   299 30841 D EvsDriver: Delivered 0xb400007b7ca56a60 as id 0
05-27 18:18:26.135  1167  1184 D evsmanagerd: /dev/video4 forwarded the buffer #0 to 0xb4000074bf5f6850 from 0xb4000074bf5f41d0
05-27 18:18:26.135 30773 30773 E dvr_service_: [myNum:0] Received S**** loss
05-27 18:18:26.136   299  1163 D EvsDriver: doneWithFrame
05-27 08:09:35.099   581   581 D spi_rst_gpio_get_output: GPIO 145 value: 1
05-27 08:09:35.099   581   581 D spidev_ioctl: gpio status=1)
05-27 08:09:35.105   581   581 D spi_rst_gpio_get_output: GPIO 145 value: 0
05-27 08:09:35.105   581   581 D spidev_ioctl: gpio status=0)
05-27 18:18:26.140   581   581 I SpiService: fgesysctrl_getGPIO_status success val=0
05-27 18:18:26.141   299 30844 D EvsDriver: forwardFrame
05-27 18:18:26.142   299 30844 D EvsDriver: Delivered 0xb400007b7ca56900 as id 0
05-27 18:18:26.142  1167  1184 D evsmanagerd: /dev/video6 forwarded the buffer #0 to 0xb4000074bf5f5510 from 0xb4000074bf5f6d90
05-27 18:18:26.142 30773 30773 E dvr_service_: [myNum:1] Received S**** loss
05-27 18:18:26.143   299  1163 D EvsDriver: doneWithFrame
05-27 18:18:26.149 13911 14183 I SentryImuMcuAngleSender: 180.0rollDeg
05-27 18:18:26.149 13911 14183 I SentryImuMcuAngleSender: 1,0,0
05-27 18:18:26.150  1008 30856 D [OMXB]  : usingANWBuffer: handle:0xee746cb0, format:1, w:1920, h:1080
05-27 18:18:26.154   581   581 I SpiService: fgesysctrl_getGPIO_status success val=1
05-27 08:09:35.119   581   581 D spi_rst_gpio_get_output: GPIO 145 value: 1
05-27 08:09:35.119   581   581 D spidev_ioctl: gpio status=1)
05-27 18:18:26.157   536   536 D commservice260303: msg.id = 1028,1
05-27 18:18:26.157   536   536 D commservice260303: i = 170, msgid = 8A000404
05-27 18:18:26.157   536   536 D commservice260303: msgid = -1979710460,did=138
05-27 18:18:26.157   536   536 D commservice260303: CommProtocolLibCmdBaseI2C::dataproc {"command":{"id":"imu_status","sub":""},"content":{"TimeStamp":8,"FrameCounter":207744,"GD_X":-0.010994902811944485,"GD_Y":0.004428025335073471,"GD_Z":0.0019079053308814764,"AD_X":4.414767026901245E-4,"AD_Y":-0.0028110146522521973,"AD_Z":-0.16643142700195312,"TempDsp":0,"Status":0,"CalibState":1,"SigAmpInvalid":0}},-1979710460
05-27 18:18:26.157   536   536 D commservice260303: send2Cluster len:316, 7B22636F6D6D616E64223A7B226964223A22696D755F737461747573222C22737562223A22227D2C22636F6E74656E74223A7B2254696D655374616D70223A382C224672616D65436F756E746572223A3230373734342C2247445F58223A2D302E3031303939343930323831313934343438352C2247445F59223A302E3030343432383032353333353037333437312C2247445F5A223A302E303031393037393035333330383831343736342C2241445F58223A342E343134373637303236393031323435452D342C2241445F59223A2D302E303032383131303134363532323532313937332C2241445F5A223A2D302E31363634333134323730303139353331322C2254656D70447370223A302C22537461747573223A302C2243616C69625374617465223A312C22536967416D70496E76616C6964223A307D7D, 138 
05-27 18:18:26.157   536   536 D commservice260303: Push Message into SendPool fn=-1150811392
05-27 18:18:26.157   536   536 D commservice260303: ComProtocolLibSend2Cluster::send2ClusterRaw fn=-1150811392 , len=332
05-27 18:18:26.157   536   536 D commservice260303: sendCmdToPort :332!!!
05-27 18:18:26.157   536   536 D commservice260303: send Cmd To Port ++++5AA501488A01000368BB6A16C4F27B22636F6D6D616E64223A7B226964223A22696D755F737461747573222C22737562223A22227D2C22636F6E74656E74223A7B2254696D655374616D70223A382C224672616D65436F756E746572223A3230373734342C2247445F58223A2D302E3031303939343930323831313934343438352C2247445F59223A302E3030343432383032353333353037333437312C2247445F5A223A302E303031393037393035333330383831343736342C2241445F58223A342E343134373637303236393031323435452D342C2241445F59223A2D302E303032383131303134363532323532313937332C2241445F5A223A2D302E31363634333134323730303139353331322C2254656D70447370223A302C22537461747573223A302C2243616C69625374617465223A312C22536967416D70496E76616C6964223A307D7D5CAB
05-27 18:18:26.157   536   536 D commservice260303: bufferevent_write retrun value = 0
05-27 18:18:26.158   536   560 D commservice260303: client datas send succeed,send finish
05-27 18:18:26.158 13911 14192 D Sentinelmode_1.2.5.17_sentry: <SentryImuClusterFgeSender>imu_status sent to Linux, frame=207744, tsNs=8973396, tsMs=8, intervalMs=40, ad=(4.414767E-4,-0.0028110147,-0.16643143), gd=(-0.010994903,0.0044280253,0.0019079053)
05-27 18:18:26.160   581   581 I SpiService: fgesysctrl_getGPIO_status success val=1
05-27 08:09:35.124   581   581 D spi_rst_gpio_get_output: GPIO 145 value: 1
05-27 08:09:35.124   581   581 D spidev_ioctl: gpio status=1)
05-27 18:18:26.162 30773 30786 I dvr_service_: CameraX 0  audioOK: 137178118,audios:2040
05-27 18:18:26.165   581   581 I SpiService: fgesysctrl_getGPIO_status success val=1
05-27 18:18:26.165  1008 30857 D [OMXB]  : usingANWBuffer: handle:0xee742f80, format:1, w:1920, h:1080
05-27 08:09:35.130   581   581 D spi_rst_gpio_get_output: GPIO 145 value: 1
05-27 08:09:35.130   581   581 D spidev_ioctl: gpio status=1)
05-27 18:18:26.170 13911 14183 I SentryImuMcuAngleSender: -179.99298rollDeg
05-27 18:18:26.170 13911 14183 I SentryImuMcuAngleSender: 1,0,0
05-27 18:18:26.170   299 30841 D EvsDriver: forwardFrame
05-27 18:18:26.172   581   581 I SpiService: fgesysctrl_getGPIO_status success val=1
05-27 18:18:26.172   299 30841 D EvsDriver: Delivered 0xb400007b7ca56a60 as id 0
05-27 18:18:26.172  1167  1184 D evsmanagerd: /dev/video4 forwarded the buffer #0 to 0xb4000074bf5f6850 from 0xb4000074bf5f41d0
05-27 08:09:35.136   581   581 D spi_rst_gpio_get_output: GPIO 145 value: 1
05-27 08:09:35.136   581   581 D spidev_ioctl: gpio status=1)
05-27 18:18:26.175   299  1163 D EvsDriver: doneWithFrame
05-27 18:18:26.175   299 30844 D EvsDriver: forwardFrame
05-27 18:18:26.177   299 30844 D EvsDriver: Delivered 0xb400007b7ca56900 as id 0
05-27 18:18:26.177  1167  1184 D evsmanagerd: /dev/video6 forwarded the buffer #0 to 0xb4000074bf5f5510 from 0xb4000074bf5f6d90
05-27 18:18:26.178   581   581 I SpiService: fgesysctrl_getGPIO_status success val=1
05-27 18:18:26.181   299  1163 D EvsDriver: doneWithFrame
05-27 08:09:35.142   581   581 D spi_rst_gpio_get_output: GPIO 145 value: 1
05-27 08:09:35.142   581   581 D spidev_ioctl: gpio status=1)
05-27 18:18:26.181   572   622 I Sensors : 230 AccelSensor: x:-0.170800,y:-0.001220,z:-9.974720
05-27 18:18:26.183   581   581 I SpiService: fgesysctrl_getGPIO_status success val=0
05-27 18:18:26.183   481   597 I mcuc    : send SPI:6AA600626A000206012B
05-27 08:09:35.148   581   581 D spi_rst_gpio_get_output: GPIO 145 value: 0
05-27 08:09:35.148   581   581 D spidev_ioctl: gpio status=0)
05-27 18:18:26.189  1008 30856 D [OMXB]  : usingANWBuffer: handle:0xee744210, format:1, w:1920, h:1080
05-27 18:18:26.190 13911 14183 I SentryImuMcuAngleSender: -179.993rollDeg
05-27 18:18:26.190 13911 14183 I SentryImuMcuAngleSender: 1,0,0
05-27 18:18:26.196   536   536 D commservice260303: msg.id = 1028,0
05-27 18:18:26.196   536   536 D commservice260303: i = 170, msgid = 8A000404
05-27 18:18:26.196   536   536 D commservice260303: msgid = -1979710460,did=138
05-27 18:18:26.196   536   536 D commservice260303: CommProtocolLibCmdBaseI2C::dataproc {"command":{"id":"imu_status","sub":""},"content":{"TimeStamp":8,"FrameCounter":207745,"GD_X":-0.010766036808490753,"GD_Y":0.004352083895355463,"GD_Z":0.0021378109231591225,"AD_X":-0.004433885216712952,"AD_Y":-0.004005437716841698,"AD_Z":-0.1694812774658203,"TempDsp":0,"Status":0,"CalibState":1,"SigAmpInvalid":0}},-1979710460
05-27 18:18:26.197   536   536 D commservice260303: send2Cluster len:315, 7B22636F6D6D616E64223A7B226964223A22696D755F737461747573222C22737562223A22227D2C22636F6E74656E74223A7B2254696D655374616D70223A382C224672616D65436F756E746572223A3230373734352C2247445F58223A2D302E3031303736363033363830383439303735332C2247445F59223A302E3030343335323038333839353335353436332C2247445F5A223A302E303032313337383130393233313539313232352C2241445F58223A2D302E3030343433333838353231363731323935322C2241445F59223A2D302E3030343030353433373731363834313639382C2241445F5A223A2D302E313639343831323737343635383230332C2254656D70447370223A302C22537461747573223A302C2243616C69625374617465223A312C22536967416D70496E76616C6964223A307D7D, 138 
05-27 18:18:26.197   536   536 D commservice260303: Push Message into SendPool fn=-1134034176
05-27 18:18:26.197   536   536 D commservice260303: ComProtocolLibSend2Cluster::send2ClusterRaw fn=-1134034176 , len=331
05-27 18:18:26.197   536   536 D commservice260303: sendCmdToPort :331!!!
05-27 18:18:26.197   536   536 D commservice260303: send Cmd To Port ++++5AA501478A01000368BC6A16C4F27B22636F6D6D616E64223A7B226964223A22696D755F737461747573222C22737562223A22227D2C22636F6E74656E74223A7B2254696D655374616D70223A382C224672616D65436F756E746572223A3230373734352C2247445F58223A2D302E3031303736363033363830383439303735332C2247445F59223A302E3030343335323038333839353335353436332C2247445F5A223A302E303032313337383130393233313539313232352C2241445F58223A2D302E3030343433333838353231363731323935322C2241445F59223A2D302E3030343030353433373731363834313639382C2241445F5A223A2D302E313639343831323737343635383230332C2254656D70447370223A302C22537461747573223A302C2243616C69625374617465223A312C22536967416D70496E76616C6964223A307D7D9C1D
05-27 18:18:26.197   536   536 D commservice260303: bufferevent_write retrun value = 0
05-27 18:18:26.197   536   560 D commservice260303: client datas send succeed,send finish
05-27 18:18:26.197 13911 14192 D Sentinelmode_1.2.5.17_sentry: <SentryImuClusterFgeSender>imu_status sent to Linux, frame=207745, tsNs=8973432, tsMs=8, intervalMs=40, ad=(-0.004433885,-0.0040054377,-0.16948128), gd=(-0.010766037,0.004352084,0.002137811)
05-27 18:18:26.197   581   581 I SpiService: fgesysctrl_getGPIO_status success val=1
05-27 18:18:26.199   299 30844 D EvsDriver: forwardFrame
05-27 08:09:35.162   581   581 D spi_rst_gpio_get_output: GPIO 145 value: 1
05-27 08:09:35.162   581   581 D spidev_ioctl: gpio status=1)
05-27 18:18:26.201   299 30844 D EvsDriver: Delivered 0xb400007b7ca56900 as id 0
05-27 18:18:26.201  1167  1184 D evsmanagerd: /dev/video6 forwarded the buffer #0 to 0xb4000074bf5f5510 from 0xb4000074bf5f6d90
05-27 18:18:26.203   581   581 I SpiService: fgesysctrl_getGPIO_status success val=1
05-27 18:18:26.204   299  1163 D EvsDriver: doneWithFrame
05-27 18:18:26.204   299 30841 D EvsDriver: forwardFrame
05-27 08:09:35.167   581   581 D spi_rst_gpio_get_output: GPIO 145 value: 1
05-27 08:09:35.167   581   581 D spidev_ioctl: gpio status=1)
05-27 18:18:26.205   299 30841 D EvsDriver: Delivered 0xb400007b7ca56a60 as id 0
05-27 18:18:26.205  1167  1184 D evsmanagerd: /dev/video4 forwarded the buffer #0 to 0xb4000074bf5f6850 from 0xb4000074bf5f41d0
05-27 18:18:26.208   299  1163 D EvsDriver: doneWithFrame
05-27 18:18:26.208   581   581 I SpiService: fgesysctrl_getGPIO_status success val=1
05-27 18:18:26.210 13911 14183 I SentryImuMcuAngleSender: 179.993rollDeg
05-27 18:18:26.210 13911 14183 I SentryImuMcuAngleSender: 1,0,0
05-27 08:09:35.173   581   581 D spi_rst_gpio_get_output: GPIO 145 value: 1
05-27 08:09:35.173   581   581 D spidev_ioctl: gpio status=1)
05-27 18:18:26.213  1008 30857 D [OMXB]  : usingANWBuffer: handle:0xee7454a0, format:1, w:1920, h:1080
05-27 18:18:26.214   581   581 I SpiService: fgesysctrl_getGPIO_status success val=1
05-27 18:18:26.216   283   307 I rvcservice: t.code = 7, t.value = 8973272
