05-27 18:18:25.665   536   536 D commservice260303: send Cmd To Port ++++5AA501478A01000368AF6A16C4F17B22636F6D6D616E64223A7B226964223A22696D755F737461747573222C22737562223A22227D2C22636F6E74656E74223A7B2254696D655374616D70223A382C224672616D65436F756E746572223A3230373733322C2247445F58223A2D302E3031313134373832353937383639363334362C2247445F59223A302E3030353033393230303138363732393433312C2247445F5A223A302E3030323734373934353438373439393233372C2241445F58223A302E303031313437383231353435363030383931312C2241445F59223A302E303033323431353535393938313031383330352C2241445F5A223A2D302E31363333383135373635333830383539342C2254656D70447370223A302C22537461747573223A302C2243616C69625374617465223A312C22536967416D70496E76616C6964223A307D7DEA0D
05-27 18:18:25.665   536   536 D commservice260303: bufferevent_write retrun value = 0
05-27 18:18:25.665   536   560 D commservice260303: client datas send succeed,send finish
05-27 18:18:25.666 13911 14192 D Sentinelmode_1.2.5.17_sentry: <SentryImuClusterFgeSender>imu_status sent to Linux, frame=207732, tsNs=8972897, tsMs=8, intervalMs=41, ad=(0.0011478215,0.003241556,-0.16338158), gd=(-0.011147826,0.0050392,0.0027479455)
05-27 18:18:25.668   299 30844 D EvsDriver: forwardFrame
05-27 18:18:25.670   299 30841 D EvsDriver: forwardFrame
05-27 18:18:25.670   299 30844 D EvsDriver: Delivered 0xb400007b7ca56900 as id 0
05-27 18:18:25.670   581   581 I SpiService: fgesysctrl_getGPIO_status success val=1
05-27 18:18:25.670 32036 32066 D ANW_AVRCP_SECOND: write storage size=6600
05-27 18:18:25.670 32036 32066 D ANW_AVRCP_SECOND: 
05-27 18:18:25.670 32036 32066 D ANWAPI_SECOND: (32036|0x296C7CB0)[BTAPI] >>>>AnWBT_EEPROM_Read 
05-27 18:18:25.671 32036 32066 D ANWAPI_SECOND: (32036|0x296C7CB0)[BTAPI] B:Rpaired_storage[0]name[]addr[00:00:00:00:00:00]linkkey[00:00:00:00:00:00:00:00:00:00:00:00:00:00:00:00]
05-27 18:18:25.671 32036 32066 D ANWAPI_SECOND: (32036|0x296C7CB0)[BTAPI] B:Rpaired_storage[1]name[]addr[00:00:00:00:00:00]linkkey[00:00:00:00:00:00:00:00:00:00:00:00:00:00:00:00]
05-27 18:18:25.671 32036 32066 D ANWAPI_SECOND: (32036|0x296C7CB0)[BTAPI] B:Rpaired_storage[2]name[]addr[00:00:00:00:00:00]linkkey[00:00:00:00:00:00:00:00:00:00:00:00:00:00:00:00]
05-27 08:09:34.635   581   581 D spi_rst_gpio_get_output: GPIO 145 value: 1
05-27 08:09:34.635   581   581 D spidev_ioctl: gpio status=1)
05-27 18:18:25.671   299 30841 D EvsDriver: Delivered 0xb400007b7ca56a60 as id 0
05-27 08:09:34.641   581   581 D spi_rst_gpio_get_output: GPIO 145 value: 1
05-27 08:09:34.641   581   581 D spidev_ioctl: gpio status=1)
05-27 18:18:25.671  1167  1167 D evsmanagerd: /dev/video4 forwarded the buffer #0 to 0xb4000074bf5f6850 from 0xb4000074bf5f41d0
05-27 18:18:25.671 32036 32066 D ANWAPI_SECOND: (32036|0x296C7CB0)[BTAPI] B:Rpaired_storage[3]name[]addr[00:00:00:00:00:00]linkkey[00:00:00:00:00:00:00:00:00:00:00:00:00:00:00:00]
05-27 18:18:25.671 32036 32066 D ANWAPI_SECOND: (32036|0x296C7CB0)[BTAPI] B:Rpaired_storage[4]name[]addr[00:00:00:00:00:00]linkkey[00:00:00:00:00:00:00:00:00:00:00:00:00:00:00:00]
05-27 18:18:25.671 32036 32066 D ANWAPI_SECOND: (32036|0x296C7CB0)[BTAPI] B:Rpaired_storage[5]name[]addr[00:00:00:00:00:00]linkkey[00:00:00:00:00:00:00:00:00:00:00:00:00:00:00:00]
05-27 18:18:25.671 32036 32066 D ANWAPI_SECOND: (32036|0x296C7CB0)[BTAPI] B:Rpaired_storage[6]name[]addr[00:00:00:00:00:00]linkkey[00:00:00:00:00:00:00:00:00:00:00:00:00:00:00:00]
05-27 18:18:25.671 32036 32066 D ANWAPI_SECOND: (32036|0x296C7CB0)[BTAPI] B:Rpaired_storage[7]name[]addr[00:00:00:00:00:00]linkkey[00:00:00:00:00:00:00:00:00:00:00:00:00:00:00:00]
05-27 18:18:25.671 32036 32066 D ANWAPI_SECOND: (32036|0x296C7CB0)[BTAPI] B:Rpaired_storage[8]name[]addr[00:00:00:00:00:00]linkkey[00:00:00:00:00:00:00:00:00:00:00:00:00:00:00:00]
05-27 18:18:25.671 32036 32066 D ANWAPI_SECOND: (32036|0x296C7CB0)[BTAPI] B:Rpaired_storage[9]name[]addr[00:00:00:00:00:00]linkkey[00:00:00:00:00:00:00:00:00:00:00:00:00:00:00:00]
05-27 18:18:25.672 32036 32066 D ANWAPI_SECOND: (32036|0x296C7CB0)[BTAPI] B:Rpaired_storage[10]name[]addr[00:00:00:00:00:00]linkkey[00:00:00:00:00:00:00:00:00:00:00:00:00:00:00:00]
05-27 18:18:25.672 32036 32066 D ANW_AVRCP_SECOND: AnWBT_ReadStorage =/data/misc/anw//anwbt_storage.bin
05-27 18:18:25.672 32036 32066 D ANW_AVRCP_SECOND: AnWBT_ReadStorage open anwbt_bt_storage success
05-27 18:18:25.672 32036 32066 D ANW_AVRCP_SECOND: 
05-27 18:18:25.672 32036 32066 D ANW_AVRCP_SECOND: read storage size=6600
05-27 18:18:25.672 32036 32066 D ANW_AVRCP_SECOND: 
05-27 18:18:25.672 32036 32066 D ANWAPI_SECOND: (32036|0x296C7CB0)[BTAPI] A:Readpaired_storage[0]name[]cod[0]support[0]addr[00:00:00:00:00:00]linkkey[00:00:00:00:00:00:00:00:00:00:00:00:00:00:00:00]
05-27 18:18:25.672 32036 32066 D ANWAPI_SECOND: (32036|0x296C7CB0)[BTAPI] A:Readpaired_storage[1]name[]cod[0]support[0]addr[00:00:00:00:00:00]linkkey[00:00:00:00:00:00:00:00:00:00:00:00:00:00:00:00]
05-27 18:18:25.672 32036 32066 D ANWAPI_SECOND: (32036|0x296C7CB0)[BTAPI] A:Readpaired_storage[2]name[]cod[0]support[0]addr[00:00:00:00:00:00]linkkey[00:00:00:00:00:00:00:00:00:00:00:00:00:00:00:00]
05-27 18:18:25.672 32036 32066 D ANWAPI_SECOND: (32036|0x296C7CB0)[BTAPI] A:Readpaired_storage[3]name[]cod[0]support[0]addr[00:00:00:00:00:00]linkkey[00:00:00:00:00:00:00:00:00:00:00:00:00:00:00:00]
05-27 18:18:25.672 32036 32066 D ANWAPI_SECOND: (32036|0x296C7CB0)[BTAPI] A:Readpaired_storage[4]name[]cod[0]support[0]addr[00:00:00:00:00:00]linkkey[00:00:00:00:00:00:00:00:00:00:00:00:00:00:00:00]
05-27 18:18:25.672 32036 32066 D ANWAPI_SECOND: (32036|0x296C7CB0)[BTAPI] A:Readpaired_storage[5]name[]cod[0]support[0]addr[00:00:00:00:00:00]linkkey[00:00:00:00:00:00:00:00:00:00:00:00:00:00:00:00]
05-27 18:18:25.672 32036 32066 D ANWAPI_SECOND: (32036|0x296C7CB0)[BTAPI] A:Readpaired_storage[6]name[]cod[0]support[0]addr[00:00:00:00:00:00]linkkey[00:00:00:00:00:00:00:00:00:00:00:00:00:00:00:00]
05-27 18:18:25.672 32036 32066 D ANWAPI_SECOND: (32036|0x296C7CB0)[BTAPI] A:Readpaired_storage[7]name[]cod[0]support[0]addr[00:00:00:00:00:00]linkkey[00:00:00:00:00:00:00:00:00:00:00:00:00:00:00:00]
05-27 18:18:25.672 32036 32066 D ANWAPI_SECOND: (32036|0x296C7CB0)[BTAPI] A:Readpaired_storage[8]name[]cod[0]support[0]addr[00:00:00:00:00:00]linkkey[00:00:00:00:00:00:00:00:00:00:00:00:00:00:00:00]
05-27 18:18:25.672 32036 32066 D ANWAPI_SECOND: (32036|0x296C7CB0)[BTAPI] A:Readpaired_storage[9]name[]cod[0]support[0]addr[00:00:00:00:00:00]linkkey[00:00:00:00:00:00:00:00:00:00:00:00:00:00:00:00]
05-27 18:18:25.672 32036 32066 D ANWAPI_SECOND: (32036|0x296C7CB0)[BTAPI] A:Readpaired_storage[10]name[]cod[0]support[0]addr[00:00:00:00:00:00]linkkey[00:00:00:00:00:00:00:00:00:00:00:00:00:00:00:00]
05-27 18:18:25.672 32036 32066 D ANWAPI_SECOND: (32036|0x296C7CB0)[BTAPI] <<<<AnWBT_EEPROM_Read ret = 0
05-27 18:18:25.673 32036 32066 D ANWAPI_SECOND: (32036|0x296C7CB0)[BTAPI] >>>>AnWBT_EEPROM_Read 
05-27 18:18:25.673 32036 32066 D ANWAPI_SECOND: (32036|0x296C7CB0)[BTAPI] B:Rle_paired_storage[0]addr[00:00:00:00:00:00]linkkey[00:00:00:00:00:00:00:00:00:00:00:00:00:00:00:00]
05-27 18:18:25.673 32036 32066 D ANWAPI_SECOND: (32036|0x296C7CB0)[BTAPI] B:Rle_paired_storage[1]addr[00:00:00:00:00:00]linkkey[00:00:00:00:00:00:00:00:00:00:00:00:00:00:00:00]
05-27 18:18:25.673 32036 32066 D ANWAPI_SECOND: (32036|0x296C7CB0)[BTAPI] B:Rle_paired_storage[2]addr[00:00:00:00:00:00]linkkey[00:00:00:00:00:00:00:00:00:00:00:00:00:00:00:00]
05-27 18:18:25.673 32036 32066 D ANWAPI_SECOND: (32036|0x296C7CB0)[BTAPI] B:Rle_paired_storage[3]addr[00:00:00:00:00:00]linkkey[00:00:00:00:00:00:00:00:00:00:00:00:00:00:00:00]
05-27 18:18:25.673 32036 32066 D ANWAPI_SECOND: (32036|0x296C7CB0)[BTAPI] B:Rle_paired_storage[4]addr[00:00:00:00:00:00]linkkey[00:00:00:00:00:00:00:00:00:00:00:00:00:00:00:00]
05-27 18:18:25.673 32036 32066 D ANWAPI_SECOND: (32036|0x296C7CB0)[BTAPI] B:Rle_paired_storage[5]addr[00:00:00:00:00:00]linkkey[00:00:00:00:00:00:00:00:00:00:00:00:00:00:00:00]
05-27 18:18:25.673 32036 32066 D ANWAPI_SECOND: (32036|0x296C7CB0)[BTAPI] B:Rle_paired_storage[6]addr[00:00:00:00:00:00]linkkey[00:00:00:00:00:00:00:00:00:00:00:00:00:00:00:00]
05-27 18:18:25.673  1167  1184 D evsmanagerd: /dev/video6 forwarded the buffer #0 to 0xb4000074bf5f5510 from 0xb4000074bf5f6d90
05-27 18:18:25.673 32036 32066 D ANW_AVRCP_SECOND: AnWBT_ReadStorage =/data/misc/anw//anwble_storage.bin
05-27 18:18:25.673 32036 32066 D ANW_AVRCP_SECOND: AnWBT_ReadStorage open anwbt_bt_storage success
05-27 18:18:25.673 32036 32066 D ANW_AVRCP_SECOND: 
05-27 18:18:25.673 32036 32066 D ANW_AVRCP_SECOND: read storage size=1336
05-27 18:18:25.673 32036 32066 D ANW_AVRCP_SECOND: 
05-27 18:18:25.673 32036 32066 D ANWAPI_SECOND: (32036|0x296C7CB0)[BTAPI] A:Rle_paired_storage[0]addr[00:00:00:00:00:00]linkkey[00:00:00:00:00:00:00:00:00:00:00:00:00:00:00:00]
05-27 18:18:25.673 32036 32066 D ANWAPI_SECOND: (32036|0x296C7CB0)[BTAPI] A:Rle_paired_storage[1]addr[00:00:00:00:00:00]linkkey[00:00:00:00:00:00:00:00:00:00:00:00:00:00:00:00]
05-27 18:18:25.673 32036 32066 D ANWAPI_SECOND: (32036|0x296C7CB0)[BTAPI] A:Rle_paired_storage[2]addr[00:00:00:00:00:00]linkkey[00:00:00:00:00:00:00:00:00:00:00:00:00:00:00:00]
05-27 18:18:25.674 32036 32066 D ANWAPI_SECOND: (32036|0x296C7CB0)[BTAPI] A:Rle_paired_storage[3]addr[00:00:00:00:00:00]linkkey[00:00:00:00:00:00:00:00:00:00:00:00:00:00:00:00]
05-27 18:18:25.674 32036 32066 D ANWAPI_SECOND: (32036|0x296C7CB0)[BTAPI] A:Rle_paired_storage[4]addr[00:00:00:00:00:00]linkkey[00:00:00:00:00:00:00:00:00:00:00:00:00:00:00:00]
05-27 18:18:25.674 32036 32066 D ANWAPI_SECOND: (32036|0x296C7CB0)[BTAPI] A:Rle_paired_storage[5]addr[00:00:00:00:00:00]linkkey[00:00:00:00:00:00:00:00:00:00:00:00:00:00:00:00]
05-27 18:18:25.674 32036 32066 D ANWAPI_SECOND: (32036|0x296C7CB0)[BTAPI] A:Rle_paired_storage[6]addr[00:00:00:00:00:00]linkkey[00:00:00:00:00:00:00:00:00:00:00:00:00:00:00:00]
05-27 18:18:25.674 32036 32066 D ANWAPI_SECOND: (32036|0x296C7CB0)[BTAPI] <<<<AnWBT_EEPROM_Read ret = 0
05-27 18:18:25.674 32036 32066 D ANWAPI_SECOND: (32036|0x296C7CB0)[BTAPI] btsdk_initial_param.flag=0x4000
05-27 18:18:25.674 32036 32066 D ANWAPI_SECOND: (32036|0x296C7CB0)[BTAPI] [Paired DevInf] Storage Write
05-27 18:18:25.674 32036 32066 D ANW_AVRCP_SECOND: AnWBT_WriteStorage =/data/misc/anw//anwbt_storage.bin
05-27 18:18:25.674 32036 32066 D ANW_AVRCP_SECOND: AnWBT_WriteStorage open anwbt_bt_storage success
05-27 18:18:25.674 32036 32066 D ANW_AVRCP_SECOND: 
05-27 18:18:25.676 13911 14183 I SentryImuMcuAngleSender: 179.95093rollDeg
05-27 18:18:25.676 13911 14183 I SentryImuMcuAngleSender: 1,0,0
05-27 18:18:25.676   299  1163 D EvsDriver: doneWithFrame
05-27 18:18:25.676   581   581 I SpiService: fgesysctrl_getGPIO_status success val=1
05-27 18:18:25.677   299  1163 D EvsDriver: doneWithFrame
05-27 18:18:25.679 32036 32066 D ANW_AVRCP_SECOND: write storage size=6600
05-27 18:18:25.679 32036 32066 D ANW_AVRCP_SECOND: 
05-27 18:18:25.679 32036 32066 D ANWAPI_SECOND: (32036|0x296C7CB0)[BTAPI] >>>>AnWBT_EEPROM_Read 
05-27 18:18:25.679 32036 32066 D ANWAPI_SECOND: (32036|0x296C7CB0)[BTAPI] B:Rpaired_storage[0]name[]addr[00:00:00:00:00:00]linkkey[00:00:00:00:00:00:00:00:00:00:00:00:00:00:00:00]
05-27 18:18:25.679 32036 32066 D ANWAPI_SECOND: (32036|0x296C7CB0)[BTAPI] B:Rpaired_storage[1]name[]addr[00:00:00:00:00:00]linkkey[00:00:00:00:00:00:00:00:00:00:00:00:00:00:00:00]
05-27 18:18:25.679 32036 32066 D ANWAPI_SECOND: (32036|0x296C7CB0)[BTAPI] B:Rpaired_storage[2]name[]addr[00:00:00:00:00:00]linkkey[00:00:00:00:00:00:00:00:00:00:00:00:00:00:00:00]
05-27 18:18:25.679 32036 32066 D ANWAPI_SECOND: (32036|0x296C7CB0)[BTAPI] B:Rpaired_storage[3]name[]addr[00:00:00:00:00:00]linkkey[00:00:00:00:00:00:00:00:00:00:00:00:00:00:00:00]
05-27 18:18:25.679 32036 32066 D ANWAPI_SECOND: (32036|0x296C7CB0)[BTAPI] B:Rpaired_storage[4]name[]addr[00:00:00:00:00:00]linkkey[00:00:00:00:00:00:00:00:00:00:00:00:00:00:00:00]
05-27 18:18:25.679 32036 32066 D ANWAPI_SECOND: (32036|0x296C7CB0)[BTAPI] B:Rpaired_storage[5]name[]addr[00:00:00:00:00:00]linkkey[00:00:00:00:00:00:00:00:00:00:00:00:00:00:00:00]
05-27 18:18:25.679 32036 32066 D ANWAPI_SECOND: (32036|0x296C7CB0)[BTAPI] B:Rpaired_storage[6]name[]addr[00:00:00:00:00:00]linkkey[00:00:00:00:00:00:00:00:00:00:00:00:00:00:00:00]
05-27 18:18:25.679 32036 32066 D ANWAPI_SECOND: (32036|0x296C7CB0)[BTAPI] B:Rpaired_storage[7]name[]addr[00:00:00:00:00:00]linkkey[00:00:00:00:00:00:00:00:00:00:00:00:00:00:00:00]
05-27 18:18:25.679 32036 32066 D ANWAPI_SECOND: (32036|0x296C7CB0)[BTAPI] B:Rpaired_storage[8]name[]addr[00:00:00:00:00:00]linkkey[00:00:00:00:00:00:00:00:00:00:00:00:00:00:00:00]
05-27 18:18:25.679 32036 32066 D ANWAPI_SECOND: (32036|0x296C7CB0)[BTAPI] B:Rpaired_storage[9]name[]addr[00:00:00:00:00:00]linkkey[00:00:00:00:00:00:00:00:00:00:00:00:00:00:00:00]
05-27 18:18:25.679 32036 32066 D ANWAPI_SECOND: (32036|0x296C7CB0)[BTAPI] B:Rpaired_storage[10]name[]addr[00:00:00:00:00:00]linkkey[00:00:00:00:00:00:00:00:00:00:00:00:00:00:00:00]
05-27 18:18:25.679 32036 32066 D ANW_AVRCP_SECOND: AnWBT_ReadStorage =/data/misc/anw//anwbt_storage.bin
05-27 18:18:25.680 32036 32066 D ANW_AVRCP_SECOND: AnWBT_ReadStorage open anwbt_bt_storage success
05-27 18:18:25.680 32036 32066 D ANW_AVRCP_SECOND: 
05-27 18:18:25.680 32036 32066 D ANW_AVRCP_SECOND: read storage size=6600
05-27 18:18:25.680 32036 32066 D ANW_AVRCP_SECOND: 
05-27 18:18:25.680 32036 32066 D ANWAPI_SECOND: (32036|0x296C7CB0)[BTAPI] A:Readpaired_storage[0]name[]cod[0]support[0]addr[00:00:00:00:00:00]linkkey[00:00:00:00:00:00:00:00:00:00:00:00:00:00:00:00]
05-27 18:18:25.680 32036 32066 D ANWAPI_SECOND: (32036|0x296C7CB0)[BTAPI] A:Readpaired_storage[1]name[]cod[0]support[0]addr[00:00:00:00:00:00]linkkey[00:00:00:00:00:00:00:00:00:00:00:00:00:00:00:00]
05-27 18:18:25.680 32036 32066 D ANWAPI_SECOND: (32036|0x296C7CB0)[BTAPI] A:Readpaired_storage[2]name[]cod[0]support[0]addr[00:00:00:00:00:00]linkkey[00:00:00:00:00:00:00:00:00:00:00:00:00:00:00:00]
05-27 18:18:25.680 32036 32066 D ANWAPI_SECOND: (32036|0x296C7CB0)[BTAPI] A:Readpaired_storage[3]name[]cod[0]support[0]addr[00:00:00:00:00:00]linkkey[00:00:00:00:00:00:00:00:00:00:00:00:00:00:00:00]
05-27 18:18:25.680 32036 32066 D ANWAPI_SECOND: (32036|0x296C7CB0)[BTAPI] A:Readpaired_storage[4]name[]cod[0]support[0]addr[00:00:00:00:00:00]linkkey[00:00:00:00:00:00:00:00:00:00:00:00:00:00:00:00]
05-27 18:18:25.680 32036 32066 D ANWAPI_SECOND: (32036|0x296C7CB0)[BTAPI] A:Readpaired_storage[5]name[]cod[0]support[0]addr[00:00:00:00:00:00]linkkey[00:00:00:00:00:00:00:00:00:00:00:00:00:00:00:00]
05-27 18:18:25.680 32036 32066 D ANWAPI_SECOND: (32036|0x296C7CB0)[BTAPI] A:Readpaired_storage[6]name[]cod[0]support[0]addr[00:00:00:00:00:00]linkkey[00:00:00:00:00:00:00:00:00:00:00:00:00:00:00:00]
05-27 18:18:25.680 32036 32066 D ANWAPI_SECOND: (32036|0x296C7CB0)[BTAPI] A:Readpaired_storage[7]name[]cod[0]support[0]addr[00:00:00:00:00:00]linkkey[00:00:00:00:00:00:00:00:00:00:00:00:00:00:00:00]
05-27 18:18:25.680 32036 32066 D ANWAPI_SECOND: (32036|0x296C7CB0)[BTAPI] A:Readpaired_storage[8]name[]cod[0]support[0]addr[00:00:00:00:00:00]linkkey[00:00:00:00:00:00:00:00:00:00:00:00:00:00:00:00]
05-27 18:18:25.680 32036 32066 D ANWAPI_SECOND: (32036|0x296C7CB0)[BTAPI] A:Readpaired_storage[9]name[]cod[0]support[0]addr[00:00:00:00:00:00]linkkey[00:00:00:00:00:00:00:00:00:00:00:00:00:00:00:00]
05-27 18:18:25.680 32036 32066 D ANWAPI_SECOND: (32036|0x296C7CB0)[BTAPI] A:Readpaired_storage[10]name[]cod[0]support[0]addr[00:00:00:00:00:00]linkkey[00:00:00:00:00:00:00:00:00:00:00:00:00:00:00:00]
05-27 18:18:25.680 32036 32066 D ANWAPI_SECOND: (32036|0x296C7CB0)[BTAPI] <<<<AnWBT_EEPROM_Read ret = 0
05-27 18:18:25.680 32036 32066 D ANWAPI_SECOND: (32036|0x296C7CB0)[BTAPI] build time = 11:28:38 sdk ver=0x 300002A
05-27 18:18:25.680 32036 32066 D ANWAPI_SECOND: (32036|0x296C7CB0)[BTAPI] creating init task
05-27 18:18:25.681 32036 32068 D ANWAPI_SECOND: (32036|0x294CBCB0)[BTAPI] Enter BTInit_Task stacd=1,692894896
05-27 18:18:25.682 32036 32068 D ANWAPI_SECOND: (32036|0x294CBCB0)[BTAPI] pthread_attr_init
05-27 18:18:25.682 32036 32068 D ANWAPI_SECOND: (32036|0x294CBCB0)[BTAPI] BTHost_Init: min priority 1, max priority 99
05-27 18:18:25.682 32036 32068 D ANWAPI_SECOND: (32036|0x294CBCB0)[BTAPI] Enter BTHost_Init
05-27 18:18:25.682   572   622 I Sensors : 230 GyroSensor: x:-0.011682,y:0.005421,z:0.002061
05-27 18:18:25.682   581   581 I SpiService: fgesysctrl_getGPIO_status success val=1
05-27 18:18:25.682 32036 32068 D ANWAPI_SECOND: (32036|0x294CBCB0)[BTAPI] BTHost_InitMessage
05-27 18:18:25.682 32036 32068 D ANWAPI_SECOND: (32036|0x294CBCB0)[BTAPI] btosal_msg_ff_initial
05-27 18:18:25.683 32036 32068 D ANW_WAVEOUT_SECOND: (32036|0x294CBCB0)[WAVEOUT] [AnWBT WAVE] A2dp_WaveOut_Init
05-27 18:18:25.683 32036 32068 D ANW_WAVEOUT_SECOND: 
05-27 18:18:25.683 32036 32068 D ANWAPI_SECOND: (32036|0x294CBCB0)[BTAPI] Check BTHost_Task status
05-27 18:18:25.683 32036 32070 D ANWAPI_SECOND: (32036|0x292CFCB0)[BTAPI] Enter BTHost_Task
05-27 18:18:25.683 32036 32070 D ANWAPI_SECOND: (32036|0x292CFCB0)[BTAPI] BTHost_Task setpriority(0)(-15)
05-27 18:18:25.685  1008 30856 D [OMXB]  : usingANWBuffer: handle:0xee741c40, format:1, w:1920, h:1080
05-27 18:18:25.688   581   581 I SpiService: fgesysctrl_getGPIO_status success val=1
05-27 08:09:34.647   581   581 D spi_rst_gpio_get_output: GPIO 145 value: 1
05-27 08:09:34.647   581   581 D spidev_ioctl: gpio status=1)
05-27 08:09:34.653   581   581 D spi_rst_gpio_get_output: GPIO 145 value: 1
05-27 08:09:34.653   581   581 D spidev_ioctl: gpio status=1)
05-27 18:18:25.694   581   581 I SpiService: fgesysctrl_getGPIO_status success val=0
05-27 18:18:25.696 13911 14183 I SentryImuMcuAngleSender: 179.94392rollDeg
05-27 18:18:25.696 13911 14183 I SentryImuMcuAngleSender: 1,0,0
05-27 08:09:34.659   581   581 D spi_rst_gpio_get_output: GPIO 145 value: 0
05-27 08:09:34.659   581   581 D spidev_ioctl: gpio status=0)
05-27 18:18:25.700  1008 30857 D [OMXB]  : usingANWBuffer: handle:0xee742cc0, format:1, w:1920, h:1080
05-27 18:18:25.704   536   536 D commservice260303: msg.id = 1028,0
05-27 18:18:25.704   536   536 D commservice260303: i = 170, msgid = 8A000404
05-27 18:18:25.704   536   536 D commservice260303: msgid = -1979710460,did=138
05-27 18:18:25.704   536   536 D commservice260303: CommProtocolLibCmdBaseI2C::dataproc {"command":{"id":"imu_status","sub":""},"content":{"TimeStamp":8,"FrameCounter":207733,"GD_X":-0.011453153565526009,"GD_Y":0.005345047451555729,"GD_Z":0.002519079949706793,"AD_X":-7.074177265167236E-4,"AD_Y":0.004406730178743601,"AD_Z":-0.16643142700195312,"TempDsp":0,"Status":0,"CalibState":1,"SigAmpInvalid":0}},-1979710460
05-27 18:18:25.704   536   536 D commservice260303: send2Cluster len:314, 7B22636F6D6D616E64223A7B226964223A22696D755F737461747573222C22737562223A22227D2C22636F6E74656E74223A7B2254696D655374616D70223A382C224672616D65436F756E746572223A3230373733332C2247445F58223A2D302E3031313435333135333536353532363030392C2247445F59223A302E3030353334353034373435313535353732392C2247445F5A223A302E3030323531393037393934393730363739332C2241445F58223A2D372E303734313737323635313637323336452D342C2241445F59223A302E3030343430363733303137383734333630312C2241445F5A223A2D302E31363634333134323730303139353331322C2254656D70447370223A302C22537461747573223A302C2243616C69625374617465223A312C22536967416D70496E76616C6964223A307D7D, 138 
05-27 18:18:25.704   536   536 D commservice260303: Push Message into SendPool fn=-1335360768
05-27 18:18:25.704   536   536 D commservice260303: ComProtocolLibSend2Cluster::send2ClusterRaw fn=-1335360768 , len=330
05-27 18:18:25.704   536   536 D commservice260303: sendCmdToPort :330!!!
05-27 18:18:25.704   536   536 D commservice260303: send Cmd To Port ++++5AA501468A01000368B06A16C4F17B22636F6D6D616E64223A7B226964223A22696D755F737461747573222C22737562223A22227D2C22636F6E74656E74223A7B2254696D655374616D70223A382C224672616D65436F756E746572223A3230373733332C2247445F58223A2D302E3031313435333135333536353532363030392C2247445F59223A302E3030353334353034373435313535353732392C2247445F5A223A302E3030323531393037393934393730363739332C2241445F58223A2D372E303734313737323635313637323336452D342C2241445F59223A302E3030343430363733303137383734333630312C2241445F5A223A2D302E31363634333134323730303139353331322C2254656D70447370223A302C22537461747573223A302C2243616C69625374617465223A312C22536967416D70496E76616C6964223A307D7D337A
05-27 18:18:25.704   536   536 D commservice260303: bufferevent_write retrun value = 0
05-27 18:18:25.705   536   560 D commservice260303: client datas send succeed,send finish
05-27 18:18:25.705 13911 14192 D Sentinelmode_1.2.5.17_sentry: <SentryImuClusterFgeSender>imu_status sent to Linux, frame=207733, tsNs=8972951, tsMs=8, intervalMs=40, ad=(-7.074177E-4,0.00440673,-0.16643143), gd=(-0.011453154,0.0053450475,0.00251908)
05-27 18:18:25.705   299 30844 D EvsDriver: forwardFrame
05-27 18:18:25.706   299 30841 D EvsDriver: forwardFrame
05-27 18:18:25.707   299 30844 D EvsDriver: Delivered 0xb400007b7ca56900 as id 0
05-27 08:09:34.673     0     0 W         : c6 [    C6] Irq_monitor:Irq                                           IPI[1]occur        7830 times interval 1028 ms
05-27 18:18:25.707  1167  1184 D evsmanagerd: /dev/video6 forwarded the buffer #0 to 0xb4000074bf5f5510 from 0xb4000074bf5f6d90
05-27 18:18:25.708   299 30841 D EvsDriver: Delivered 0xb400007b7ca56a60 as id 0
05-27 18:18:25.709  1167  1184 D evsmanagerd: /dev/video4 forwarded the buffer #0 to 0xb4000074bf5f6850 from 0xb4000074bf5f41d0
05-27 18:18:25.710   581   581 I SpiService: fgesysctrl_getGPIO_status success val=1
05-27 08:09:34.674   581   581 D spi_rst_gpio_get_output: GPIO 145 value: 1
05-27 08:09:34.674   581   581 D spidev_ioctl: gpio status=1)
05-27 18:18:25.711   299  1163 D EvsDriver: doneWithFrame
05-27 18:18:25.715   283   307 I rvcservice: t.code = 3, t.value = 0
05-27 18:18:25.716   581   581 I SpiService: fgesysctrl_getGPIO_status success val=1
05-27 18:18:25.716   299  1163 D EvsDriver: doneWithFrame
05-27 08:09:34.680   581   581 D spi_rst_gpio_get_output: GPIO 145 value: 1
05-27 08:09:34.680   581   581 D spidev_ioctl: gpio status=1)
05-27 18:18:25.717 13911 14183 I SentryImuMcuAngleSender: 179.95795rollDeg
05-27 18:18:25.717 13911 14183 I SentryImuMcuAngleSender: 1,0,0
05-27 18:18:25.721   581   581 I SpiService: fgesysctrl_getGPIO_status success val=1
05-27 18:18:25.722  1008 30856 D [OMXB]  : usingANWBuffer: handle:0xee740590, format:1, w:1920, h:1080
05-27 08:09:34.686   581   581 D spi_rst_gpio_get_output: GPIO 145 value: 1
05-27 08:09:34.686   581   581 D spidev_ioctl: gpio status=1)
05-27 18:18:25.727   581   581 I SpiService: fgesysctrl_getGPIO_status success val=1
05-27 08:09:34.692   581   581 D spi_rst_gpio_get_output: GPIO 145 value: 1
05-27 08:09:34.692   581   581 D spidev_ioctl: gpio status=1)
05-27 18:18:25.732   299 30841 D EvsDriver: forwardFrame
05-27 18:18:25.733   581   581 I SpiService: fgesysctrl_getGPIO_status success val=0
05-27 18:18:25.733   299 30841 D EvsDriver: Delivered 0xb400007b7ca56a60 as id 0
05-27 18:18:25.733  1167  1184 D evsmanagerd: /dev/video4 forwarded the buffer #0 to 0xb4000074bf5f6850 from 0xb4000074bf5f41d0
05-27 18:18:25.734 10188 11505 E SSense.fps: We could not find the file :/sys/class/display/dispc0/frame_count
05-27 18:18:25.736   299  1163 D EvsDriver: doneWithFrame
05-27 08:09:34.698   581   581 D spi_rst_gpio_get_output: GPIO 145 value: 0
05-27 08:09:34.698   581   581 D spidev_ioctl: gpio status=0)
05-27 18:18:25.737 13911 14183 I SentryImuMcuAngleSender: 179.96497rollDeg
05-27 18:18:25.737 13911 14183 I SentryImuMcuAngleSender: 1,0,0
05-27 18:18:25.739   299 30844 D EvsDriver: forwardFrame
05-27 18:18:25.740   299 30844 D EvsDriver: Delivered 0xb400007b7ca56900 as id 0
05-27 18:18:25.740  1167  1184 D evsmanagerd: /dev/video6 forwarded the buffer #0 to 0xb4000074bf5f5510 from 0xb4000074bf5f6d90
05-27 18:18:25.742  1008 30857 D [OMXB]  : usingANWBuffer: handle:0xee743500, format:1, w:1920, h:1080
05-27 18:18:25.743   299  1163 D EvsDriver: doneWithFrame
05-27 18:18:25.745   536   536 D commservice260303: msg.id = 1028,1
05-27 18:18:25.745   536   536 D commservice260303: i = 170, msgid = 8A000404
05-27 18:18:25.745   536   536 D commservice260303: msgid = -1979710460,did=138
05-27 18:18:25.745   536   536 D commservice260303: CommProtocolLibCmdBaseI2C::dataproc {"command":{"id":"imu_status","sub":""},"content":{"TimeStamp":8,"FrameCounter":207734,"GD_X":-0.011300750076770782,"GD_Y":0.004809814505279064,"GD_Z":0.0017560218693688512,"AD_X":-7.250308990478516E-4,"AD_Y":0.0031712220516055822,"AD_Z":-0.1688709259033203,"TempDsp":0,"Status":0,"CalibState":1,"SigAmpInvalid":0}},-1979710460
05-27 18:18:25.745   536   536 D commservice260303: send2Cluster len:315, 7B22636F6D6D616E64223A7B226964223A22696D755F737461747573222C22737562223A22227D2C22636F6E74656E74223A7B2254696D655374616D70223A382C224672616D65436F756E746572223A3230373733342C2247445F58223A2D302E3031313330303735303037363737303738322C2247445F59223A302E3030343830393831343530353237393036342C2247445F5A223A302E303031373536303231383639333638383531322C2241445F58223A2D372E323530333038393930343738353136452D342C2241445F59223A302E303033313731323232303531363035353832322C2241445F5A223A2D302E313638383730393235393033333230332C2254656D70447370223A302C22537461747573223A302C2243616C69625374617465223A312C22536967416D70496E76616C6964223A307D7D, 138 
05-27 18:18:25.745   536   536 D commservice260303: Push Message into SendPool fn=-1318583552
05-27 18:18:25.746   536   536 D commservice260303: ComProtocolLibSend2Cluster::send2ClusterRaw fn=-1318583552 , len=331
05-27 18:18:25.746   536   536 D commservice260303: sendCmdToPort :331!!!
05-27 18:18:25.746   536   536 D commservice260303: send Cmd To Port ++++5AA501478A01000368B16A16C4F17B22636F6D6D616E64223A7B226964223A22696D755F737461747573222C22737562223A22227D2C22636F6E74656E74223A7B2254696D655374616D70223A382C224672616D65436F756E746572223A3230373733342C2247445F58223A2D302E3031313330303735303037363737303738322C2247445F59223A302E3030343830393831343530353237393036342C2247445F5A223A302E303031373536303231383639333638383531322C2241445F58223A2D372E323530333038393930343738353136452D342C2241445F59223A302E303033313731323232303531363035353832322C2241445F5A223A2D302E313638383730393235393033333230332C2254656D70447370223A302C22537461747573223A302C2243616C69625374617465223A312C22536967416D70496E76616C6964223A307D7D81B7
05-27 18:18:25.746   536   536 D commservice260303: bufferevent_write retrun value = 0
05-27 18:18:25.746   536   560 D commservice260303: client datas send succeed,send finish
05-27 18:18:25.747 13911 14192 D Sentinelmode_1.2.5.17_sentry: <SentryImuClusterFgeSender>imu_status sent to Linux, frame=207734, tsNs=8972986, tsMs=8, intervalMs=41, ad=(-7.250309E-4,0.003171222,-0.16887093), gd=(-0.01130075,0.0048098145,0.0017560219)
05-27 18:18:25.748   581   581 I SpiService: fgesysctrl_getGPIO_status success val=1
05-27 08:09:34.713   581   581 D spi_rst_gpio_get_output: GPIO 145 value: 1
05-27 08:09:34.713   581   581 D spidev_ioctl: gpio status=1)
05-27 18:18:25.754   581   581 I SpiService: fgesysctrl_getGPIO_status success val=1
05-27 08:09:34.718   303   303 I [Audio:SBLCK] p_tt: 1159147,1159147
05-27 18:18:25.757 13911 14183 I SentryImuMcuAngleSender: 1,0,0
05-27 08:09:34.719   581   581 D spidev_ioctl: gpio status=1)
05-27 18:18:25.759   581   581 I SpiService: fgesysctrl_getGPIO_status success val=1
05-27 08:09:34.724   581   581 D spi_rst_gpio_get_output: GPIO 145 value: 1
05-27 08:09:34.724   581   581 D spidev_ioctl: gpio status=1)
05-27 18:18:25.765   581   581 I SpiService: fgesysctrl_getGPIO_status success val=1
05-27 18:18:25.767   299 30841 D EvsDriver: forwardFrame
05-27 18:18:25.768   299 30841 D EvsDriver: Delivered 0xb400007b7ca56a60 as id 0
05-27 18:18:25.768  1167  1184 D evsmanagerd: /dev/video4 forwarded the buffer #0 to 0xb4000074bf5f6850 from 0xb4000074bf5f41d0
05-27 08:09:34.729   581   581 D spi_rst_gpio_get_output: GPIO 145 value: 1
05-27 08:09:34.729   581   581 D spidev_ioctl: gpio status=1)
05-27 18:18:25.770   581   581 I SpiService: fgesysctrl_getGPIO_status success val=0
05-27 18:18:25.771   299  1163 D EvsDriver: doneWithFrame
05-27 18:18:25.773  1008 30856 D [OMXB]  : usingANWBuffer: handle:0xee744fd0, format:1, w:1920, h:1080
05-27 08:09:34.735   581   581 D spi_rst_gpio_get_output: GPIO 145 value: 0
05-27 08:09:34.735   581   581 D spidev_ioctl: gpio status=0)
05-27 18:18:25.774 30773 30789 I dvr_service_: Camera 0: MediaOK:136862155, frames:3140, isKeyFrame:0,pts:8972865591
05-27 18:18:25.776   299 30844 D EvsDriver: forwardFrame
05-27 18:18:25.778 13911 14183 I SentryImuMcuAngleSender: 179.96495rollDeg
05-27 18:18:25.778   299 30844 D EvsDriver: Delivered 0xb400007b7ca56900 as id 0
05-27 18:18:25.778 13911 14183 I SentryImuMcuAngleSender: 1,0,0
05-27 18:18:25.779  1167  1184 D evsmanagerd: /dev/video6 forwarded the buffer #0 to 0xb4000074bf5f5510 from 0xb4000074bf5f6d90
05-27 18:18:25.782   299  1163 D EvsDriver: doneWithFrame
05-27 18:18:25.783 32036 32068 D ANWAPI_SECOND: (32036|0x294CBCB0)[BTAPI] set_bluetooth_power : open /sys/class/gpio/gpio142/value
05-27 18:18:25.783 32036 32068 D ANWAPI_SECOND: (32036|0x294CBCB0)[BTAPI] set_bluetooth_power : open(/sys/class/gpio/gpio142/value) for write failed,fd=-1
05-27 18:18:25.783 32036 32068 D ANWAPI_SECOND: (32036|0x294CBCB0)[BTAPI] open set_bluetooth_power : write(No such file or directory) failed,errno = 2
05-27 18:18:25.784  1008 30857 D [OMXB]  : usingANWBuffer: handle:0xee7467e0, format:1, w:1920, h:1080
05-27 18:18:25.784   536   536 D commservice260303: msg.id = 1028,1
05-27 18:18:25.784   536   536 D commservice260303: i = 170, msgid = 8A000404
05-27 18:18:25.784   536   536 D commservice260303: msgid = -1979710460,did=138
05-27 18:18:25.785   536   536 D commservice260303: CommProtocolLibCmdBaseI2C::dataproc {"command":{"id":"imu_status","sub":""},"content":{"TimeStamp":8,"FrameCounter":207735,"GD_X":-0.012063807807862759,"GD_Y":0.0051151420921087265,"GD_Z":0.002213752595707774,"AD_X":-0.00255739688873291,"AD_Y":0.003145514987409115,"AD_Z":-0.16826248168945312,"TempDsp":0,"Status":0,"CalibState":1,"SigAmpInvalid":0}},-1979710460
05-27 18:18:25.785   536   536 D commservice260303: send2Cluster len:314, 7B22636F6D6D616E64223A7B226964223A22696D755F737461747573222C22737562223A22227D2C22636F6E74656E74223A7B2254696D655374616D70223A382C224672616D65436F756E746572223A3230373733352C2247445F58223A2D302E3031323036333830373830373836323735392C2247445F59223A302E303035313135313432303932313038373236352C2247445F5A223A302E3030323231333735323539353730373737342C2241445F58223A2D302E30303235353733393638383837333239312C2241445F59223A302E3030333134353531343938373430393131352C2241445F5A223A2D302E31363832363234383136383934353331322C2254656D70447370223A302C22537461747573223A302C2243616C69625374617465223A312C22536967416D70496E76616C6964223A307D7D, 138 
05-27 18:18:25.785   536   536 D commservice260303: Push Message into SendPool fn=-1301806336
05-27 18:18:25.785   536   536 D commservice260303: ComProtocolLibSend2Cluster::send2ClusterRaw fn=-1301806336 , len=330
05-27 18:18:25.785   536   536 D commservice260303: sendCmdToPort :330!!!
05-27 18:18:25.785   536   536 D commservice260303: send Cmd To Port ++++5AA501468A01000368B26A16C4F17B22636F6D6D616E64223A7B226964223A22696D755F737461747573222C22737562223A22227D2C22636F6E74656E74223A7B2254696D655374616D70223A382C224672616D65436F756E746572223A3230373733352C2247445F58223A2D302E3031323036333830373830373836323735392C2247445F59223A302E303035313135313432303932313038373236352C2247445F5A223A302E3030323231333735323539353730373737342C2241445F58223A2D302E30303235353733393638383837333239312C2241445F59223A302E3030333134353531343938373430393131352C2241445F5A223A2D302E31363832363234383136383934353331322C2254656D70447370223A302C22537461747573223A302C2243616C69625374617465223A312C22536967416D70496E76616C6964223A307D7D7BB5
05-27 18:18:25.785   536   536 D commservice260303: bufferevent_write retrun value = 0
05-27 18:18:25.785   481   598 I mcuc    : rev,n=1,6AA681B4C1000A8900D501040920123456D8
05-27 18:18:25.785 13911 14192 D Sentinelmode_1.2.5.17_sentry: <SentryImuClusterFgeSender>imu_status sent to Linux, frame=207735, tsNs=8973023, tsMs=8, intervalMs=39, ad=(-0.002557397,0.003145515,-0.16826248), gd=(-0.012063808,0.005115142,0.0022137526)
05-27 18:18:25.785  1121  1144 I tboxmids_ap: [2026-05-27 18:18:25.785] [MCU RX] src=MCU dst=ZMQ len=10 type=BINARY data=00 08 D5 01 04 09 20 12 34 56 
05-27 18:18:25.785   536   560 D commservice260303: client datas send succeed,send finish
05-27 18:18:25.785   351   373 D automotive.vehicle@2.0-adayo-datacomm-mcu: MCUDatacomm sendMessageFromVehicle prop: 0x89, areaId: 0x0, status: 0xd5, timestamp: 0x1
05-27 18:18:25.785   351   373 D automotive.vehicle@2.0-adayo-datacomm-mcu: MCUDatacomm 1sendMessageFromVehicle ---> type = 12 
05-27 18:18:25.786   581   581 I SpiService: fgesysctrl_getGPIO_status success val=1
05-27 18:18:25.786  1083  1083 I MyAppLog: [2026-05-27 18:18:25.786 I tboxap mcuCommTboxmidsRecvCb:97] [Mcu] [mcuCommTboxmidsRecvCb] recv from tboxmids, size:10
05-27 18:18:25.786  1083  1083 I MyAppLog: [2026-05-27 18:18:25.786 I tboxap mcuCommTboxmidsRecvCb:98] [Mcu] [tboxmids -> tboxap]: :00 08 D5 01 04 09 20 12 34 56
05-27 18:18:25.786  1083  1083 I MyAppLog: [2026-05-27 18:18:25.786 I tboxap mcuPtlParseData:990] [Mcu] [Mcu  Parse]: (cmd):0920 (param):0920123456
05-27 18:18:25.786  1083  1083 W MyAppLog: [2026-05-27 18:18:25.786 W tboxap mcuParamDataRevPack:918] [Mcu] mcuParamDataRevPack start pack data!!!
05-27 18:18:25.786  1083  1083 W MyAppLog: [2026-05-27 18:18:25.786 W tboxap mcuHandleTrigAlarmInd:1906] [Mcu] [mcuHandleTrigAlarmInd] trig alarm rpt, msgId:0x0200 alarmType:0x12 12VBatt:0x34
05-27 18:18:25.786  1083  1083 I MyAppLog: [2026-05-27 18:18:25.786 I tboxap mcuSendYadiTransfer:196] [Mcu] [mcuYadiSend]: :00 06 CF 04 01 09 A0 01
05-27 18:18:25.787  1083  1083 W MyAppLog: [2026-05-27 18:18:25.786 W tboxap tsp_ExternalEvent:109] [Tsp] [tsp_ExternalEvent] recv ExternalEvent = 61, size:4
05-27 18:18:25.787  1083  1083 W MyAppLog: [2026-05-27 18:18:25.786 W tboxap tsp_TrigAlarmFilter:621] [Tsp] [tsp_TrigAlarmFilter] bit[1] check start: isActive:1 wasActive:1 lastReport:1779875391 delta:1714 severeCnt:0 severeDelta:-1
05-27 18:18:25.787  1083  1083 W MyAppLog: [2026-05-27 18:18:25.786 W tboxap tsp_TrigAlarmFilter:668] [Tsp] [tsp_TrigAlarmFilter] bit[1] check done: allow:0 outAlarmType:0x00 outBatt:0x00
05-27 18:18:25.787  1083  1083 W MyAppLog: [2026-05-27 18:18:25.786 W tboxap tsp_TrigAlarmFilter:621] [Tsp] [tsp_TrigAlarmFilter] bit[10] check start: isActive:1 wasActive:1 lastReport:1779875391 delta:1714 severeCnt:0 severeDelta:-1
05-27 18:18:25.787  1083  1083 W MyAppLog: [2026-05-27 18:18:25.786 W tboxap tsp_TrigAlarmFilter:668] [Tsp] [tsp_TrigAlarmFilter] bit[10] check done: allow:0 outAlarmType:0x00 outBatt:0x00
05-27 18:18:25.787  1083  1083 W MyAppLog: [2026-05-27 18:18:25.786 W tboxap tsp_TrigAlarmFilter:677] [Tsp] [tsp_TrigAlarmFilter] input alarmType:0x02 batt:0x04 output alarmType:0x00 batt:0x00 severeCnt:0
05-27 18:18:25.789   481   599 I mcuc    : start timer OK = 25192 
05-27 08:09:34.751   581   581 D spi_rst_gpio_get_output: GPIO 145 value: 1
05-27 18:18:25.789   572   622 I Sensors : 230 AccelSensor: x:-0.170800,y:0.002440,z:-9.971060
05-27 08:09:34.751   581   581 D spidev_ioctl: gpio status=1)
05-27 18:18:25.792   581   581 I SpiService: fgesysctrl_getGPIO_status success val=1
05-27 18:18:25.792 15863 16069 D AIN-HttpHealthPolicy: response: 444, cost=198
05-27 08:09:34.756   581   581 D spi_rst_gpio_get_output: GPIO 145 value: 1
05-27 08:09:34.756   581   581 D spidev_ioctl: gpio status=1)
05-27 18:18:25.793 15863 16068 D AIN-PingWorker: updateHost: result=true,host=www.douyin.com,delay=198
05-27 18:18:25.793 15863 16068 D AIN-NetCheckerOutputer: onHealthy
05-27 18:18:25.793 15863 16068 D AIN-ServiceHub: getService with: name = service_tracker
05-27 18:18:25.797   581   581 I SpiService: fgesysctrl_getGPIO_status success val=1
05-27 18:18:25.798 13911 14183 I SentryImuMcuAngleSender: 179.98598rollDeg
05-27 18:18:25.798 13911 14183 I SentryImuMcuAngleSender: 1,0,0
05-27 08:09:34.762   581   581 D spi_rst_gpio_get_output: GPIO 145 value: 1
05-27 08:09:34.762   581   581 D spidev_ioctl: gpio status=1)
05-27 18:18:25.802   581   581 I SpiService: fgesysctrl_getGPIO_status success val=1
05-27 18:18:25.804   299 30841 D EvsDriver: forwardFrame
05-27 08:09:34.767   581   581 D spi_rst_gpio_get_output: GPIO 145 value: 1
05-27 08:09:34.767   581   581 D spidev_ioctl: gpio status=1)
05-27 18:18:25.805   299 30844 D EvsDriver: forwardFrame
05-27 18:18:25.806   299 30841 D EvsDriver: Delivered 0xb400007b7ca56a60 as id 0
05-27 18:18:25.806  1167  1184 D evsmanagerd: /dev/video4 forwarded the buffer #0 to 0xb4000074bf5f6850 from 0xb4000074bf5f41d0
05-27 18:18:25.806  1167  1167 D evsmanagerd: /dev/video6 forwarded the buffer #0 to 0xb4000074bf5f5510 from 0xb4000074bf5f6d90
05-27 18:18:25.806 30773 30782 E dvr_service_: [myNum:1] Received S**** loss
05-27 18:18:25.806 30773 30773 E dvr_service_: [myNum:0] Received S**** loss
05-27 18:18:25.806   299 30844 D EvsDriver: Delivered 0xb400007b7ca56900 as id 0
05-27 18:18:25.807   299  1153 D EvsDriver: doneWithFrame
05-27 18:18:25.807   299  1163 D EvsDriver: doneWithFrame
05-27 18:18:25.808   581   581 I SpiService: fgesysctrl_getGPIO_status success val=1
05-27 08:09:34.772   581   581 D spi_rst_gpio_get_output: GPIO 145 value: 1
05-27 08:09:34.772   581   581 D spidev_ioctl: gpio status=1)
05-27 18:18:25.809  1008 30857 D [OMXB]  : usingANWBuffer: handle:0xee741e50, format:1, w:1920, h:1080
05-27 18:18:25.810 30773 30789 I dvr_service_: Camera 1: MediaOK:136802731, frames:3130, isKeyFrame:0,pts:8972838959
05-27 18:18:25.813   581   581 I SpiService: fgesysctrl_getGPIO_status success val=0
05-27 18:18:25.813   481   597 I mcuc    : send SPI:6AA602B4C100028900FE6AA601626800F80901CF040109A001000000000000000000000000000000000000000000000000000000000000000000000000000000000000000000000000000000000000000000000000000000000000000000000000000000000000000000000000000000000000000000000000000000000000000000000000000000000000000000000000000000000000000000000000000000000000000000000000000000000000000000000000000000000000000000000000000000000000000000000000000000000000000000000000000000000000000000000000000000000000000000000000000000000000000000000000000000000000000000000000B5
05-27 18:18:25.815   283   307 I rvcservice: t.code = 2, t.value = 9968620
05-27 08:09:34.778   581   581 D spi_rst_gpio_get_output: GPIO 145 value: 0
05-27 08:09:34.778   581   581 D spidev_ioctl: gpio status=0)
05-27 18:18:25.818 13911 14183 I SentryImuMcuAngleSender: -179.99649rollDeg
05-27 18:18:25.819 13911 14183 I SentryImuMcuAngleSender: 1,0,0
05-27 18:18:25.824  1008 30856 D [OMXB]  : usingANWBuffer: handle:0xee7433a0, format:1, w:1920, h:1080
05-27 18:18:25.825   536   536 D commservice260303: msg.id = 1028,0
05-27 18:18:25.825   536   536 D commservice260303: i = 170, msgid = 8A000404
05-27 18:18:25.825   536   536 D commservice260303: msgid = -1979710460,did=138
05-27 18:18:25.825   536   536 D commservice260303: CommProtocolLibCmdBaseI2C::dataproc {"command":{"id":"imu_status","sub":""},"content":{"TimeStamp":8,"FrameCounter":207736,"GD_X":-0.011834942735731602,"GD_Y":0.0051151420921087265,"GD_Z":0.0020608289632946253,"AD_X":-0.0019460618495941162,"AD_Y":-0.0035513434559106827,"AD_Z":-0.16582107543945312,"TempDsp":0,"Status":0,"CalibState":1,"SigAmpInvalid":0}},-1979710460
05-27 18:18:25.825   536   536 D commservice260303: send2Cluster len:319, 7B22636F6D6D616E64223A7B226964223A22696D755F737461747573222C22737562223A22227D2C22636F6E74656E74223A7B2254696D655374616D70223A382C224672616D65436F756E746572223A3230373733362C2247445F58223A2D302E3031313833343934323733353733313630322C2247445F59223A302E303035313135313432303932313038373236352C2247445F5A223A302E303032303630383238393633323934363235332C2241445F58223A2D302E303031393436303631383439353934313136322C2241445F59223A2D302E303033353531333433343535393130363832372C2241445F5A223A2D302E31363538323130373534333934353331322C2254656D70447370223A302C22537461747573223A302C2243616C69625374617465223A312C22536967416D70496E76616C6964223A307D7D, 138 
05-27 18:18:25.825   536   536 D commservice260303: Push Message into SendPool fn=-1285029120
05-27 18:18:25.825   536   536 D commservice260303: ComProtocolLibSend2Cluster::send2ClusterRaw fn=-1285029120 , len=335
05-27 18:18:25.825   536   536 D commservice260303: sendCmdToPort :335!!!
05-27 18:18:25.825   536   536 D commservice260303: send Cmd To Port ++++5AA5014B8A01000368B36A16C4F17B22636F6D6D616E64223A7B226964223A22696D755F737461747573222C22737562223A22227D2C22636F6E74656E74223A7B2254696D655374616D70223A382C224672616D65436F756E746572223A3230373733362C2247445F58223A2D302E3031313833343934323733353733313630322C2247445F59223A302E303035313135313432303932313038373236352C2247445F5A223A302E303032303630383238393633323934363235332C2241445F58223A2D302E303031393436303631383439353934313136322C2241445F59223A2D302E303033353531333433343535393130363832372C2241445F5A223A2D302E31363538323130373534333934353331322C2254656D70447370223A302C22537461747573223A302C2243616C69625374617465223A312C22536967416D70496E76616C6964223A307D7D8FCC
05-27 18:18:25.825   536   536 D commservice260303: bufferevent_write retrun value = 0
05-27 18:18:25.825   536   560 D commservice260303: client datas send succeed,send finish
05-27 18:18:25.825 13911 14192 D Sentinelmode_1.2.5.17_sentry: <SentryImuClusterFgeSender>imu_status sent to Linux, frame=207736, tsNs=8973058, tsMs=8, intervalMs=40, ad=(-0.0019460618,-0.0035513435,-0.16582108), gd=(-0.011834943,0.005115142,0.002060829)
05-27 18:18:25.828   581   581 I SpiService: fgesysctrl_getGPIO_status success val=1
05-27 18:18:25.828   481   598 I mcuc    : rev,n=1,6AA681B4C2000A8900D601040900123456F6
05-27 18:18:25.828  1121  1144 I tboxmids_ap: [2026-05-27 18:18:25.828] [MCU RX] src=MCU dst=ZMQ len=10 type=BINARY data=00 08 D6 01 04 09 00 12 34 56 
05-27 18:18:25.828   351   373 D automotive.vehicle@2.0-adayo-datacomm-mcu: MCUDatacomm sendMessageFromVehicle prop: 0x89, areaId: 0x0, status: 0xd6, timestamp: 0x1
05-27 18:18:25.828   351   373 D automotive.vehicle@2.0-adayo-datacomm-mcu: MCUDatacomm 1sendMessageFromVehicle ---> type = 12 
05-27 08:09:34.792   581   581 D spi_rst_gpio_get_output: GPIO 145 value: 1
05-27 08:09:34.792   581   581 D spidev_ioctl: gpio status=1)
05-27 18:18:25.829  1083  1083 I MyAppLog: [2026-05-27 18:18:25.829 I tboxap mcuCommTboxmidsRecvCb:97] [Mcu] [mcuCommTboxmidsRecvCb] recv from tboxmids, size:10
05-27 18:18:25.829  1083  1083 I MyAppLog: [2026-05-27 18:18:25.829 I tboxap mcuCommTboxmidsRecvCb:98] [Mcu] [tboxmids -> tboxap]: :00 08 D6 01 04 09 00 12 34 56
05-27 18:18:25.829  1083  1083 I MyAppLog: [2026-05-27 18:18:25.829 I tboxap mcuPtlParseData:990] [Mcu] [Mcu  Parse]: (cmd):0900 (param):0900123456
05-27 18:18:25.829  1083  1083 W MyAppLog: [2026-05-27 18:18:25.829 W tboxap mcuParamDataRevPack:918] [Mcu] mcuParamDataRevPack start pack data!!!
05-27 18:18:25.829  1083  1083 I MyAppLog: [2026-05-27 18:18:25.829 I tboxap MCU_HANDSHAKE_IND_McuInd:317] [Mcu] [MCU_HANDSHAKE_IND_McuInd] wakeReason:0x12 -> loginReason:0x08 protoVer:0x34
05-27 18:18:25.829  1083  1083 W MyAppLog: [2026-05-27 18:18:25.829 W tboxap mcuHandleHandshakeInd:1654] [Mcu] [mcuHandleHandshakeInd] recv 0x0900 handshake response wakeReason:0x12 protoVer:0x34
05-27 18:18:25.830   299 30844 D EvsDriver: forwardFrame
05-27 18:18:25.831   299 30841 D EvsDriver: forwardFrame
05-27 08:09:34.798   581   581 D spi_rst_gpio_get_output: GPIO 145 value: 1
05-27 08:09:34.798   581   581 D spidev_ioctl: gpio status=1)
05-27 08:09:34.804   581   581 D spi_rst_gpio_get_output: GPIO 145 value: 1
05-27 08:09:34.804   581   581 D spidev_ioctl: gpio status=1)
05-27 18:18:25.833   581   581 I SpiService: fgesysctrl_getGPIO_status success val=1
05-27 18:18:25.833   299 30844 D EvsDriver: Delivered 0xb400007b7ca56900 as id 0
05-27 18:18:25.833   299 30841 D EvsDriver: Delivered 0xb400007b7ca56a60 as id 0
05-27 18:18:25.833  1167  1184 D evsmanagerd: /dev/video6 forwarded the buffer #0 to 0xb4000074bf5f5510 from 0xb4000074bf5f6d90
05-27 18:18:25.834  1167  1167 D evsmanagerd: /dev/video4 forwarded the buffer #0 to 0xb4000074bf5f6850 from 0xb4000074bf5f41d0
05-27 18:18:25.838   299  1163 D EvsDriver: doneWithFrame
05-27 18:18:25.839   581   581 I SpiService: fgesysctrl_getGPIO_status success val=1
05-27 18:18:25.840   299  1163 D EvsDriver: doneWithFrame
05-27 18:18:25.841 13911 14183 I SentryImuMcuAngleSender: -179.99298rollDeg
05-27 18:18:25.842 13911 14183 I SentryImuMcuAngleSender: 1,0,0
05-27 18:18:25.845   581   581 I SpiService: fgesysctrl_getGPIO_status success val=1
05-27 08:09:34.810   581   581 D spi_rst_gpio_get_output: GPIO 145 value: 1
05-27 08:09:34.810   581   581 D spidev_ioctl: gpio status=1)
05-27 18:18:25.849  1008 30857 D [OMXB]  : usingANWBuffer: handle:0xee743240, format:1, w:1920, h:1080
05-27 18:18:25.851   581   581 I SpiService: fgesysctrl_getGPIO_status success val=1
05-27 08:09:34.815   581   581 D spi_rst_gpio_get_output: GPIO 145 value: 1
05-27 08:09:34.815   581   581 D spidev_ioctl: gpio status=1)
05-27 18:18:25.856   581   581 I SpiService: fgesysctrl_getGPIO_status success val=0
05-27 18:18:25.856   481   597 I mcuc    : send SPI:6AA602B4C200028900FD
05-27 08:09:34.821   581   581 D spi_rst_gpio_get_output: GPIO 145 value: 0
05-27 08:09:34.821   581   581 D spidev_ioctl: gpio status=0)
05-27 18:18:25.862 13911 14183 I SentryImuMcuAngleSender: 179.99649rollDeg
05-27 18:18:25.862 13911 14183 I SentryImuMcuAngleSender: 1,0,0
05-27 18:18:25.865  1083  1083 I MyAppLog: [2026-05-27 18:18:25.864 I tboxap mcuMainPeriodic100msTask:914] [Mcu] [mcuMainPeriodic100msTask] MCU version not ready, send 0x0981 item 0x01 retry:1
05-27 18:18:25.865   536   536 D commservice260303: msg.id = 1028,0
05-27 18:18:25.865   536   536 D commservice260303: i = 170, msgid = 8A000404
05-27 18:18:25.865  1083  1083 I MyAppLog: [2026-05-27 18:18:25.864 I tboxap mcuSendYadiTransfer:196] [Mcu] [mcuYadiSend]: :00 08 D0 04 01 09 81 02 01 01
05-27 18:18:25.865   536   536 D commservice260303: msgid = -1979710460,did=138
05-27 18:18:25.865   536   536 D commservice260303: CommProtocolLibCmdBaseI2C::dataproc {"command":{"id":"imu_status","sub":""},"content":{"TimeStamp":8,"FrameCounter":207737,"GD_X":-0.010690094903111458,"GD_Y":0.00519212381914258,"GD_Z":0.002213752595707774,"AD_X":-0.0019641220569610596,"AD_Y":-0.002300090156495571,"AD_Z":-0.16460132598876953,"TempDsp":0,"Status":0,"CalibState":1,"SigAmpInvalid":0}},-1979710460
05-27 18:18:25.865   536   536 D commservice260303: send2Cluster len:315, 7B22636F6D6D616E64223A7B226964223A22696D755F737461747573222C22737562223A22227D2C22636F6E74656E74223A7B2254696D655374616D70223A382C224672616D65436F756E746572223A3230373733372C2247445F58223A2D302E3031303639303039343930333131313435382C2247445F59223A302E30303531393231323338313931343235382C2247445F5A223A302E3030323231333735323539353730373737342C2241445F58223A2D302E303031393634313232303536393631303539362C2241445F59223A2D302E3030323330303039303135363439353537312C2241445F5A223A2D302E31363436303133323539383837363935332C2254656D70447370223A302C22537461747573223A302C2243616C69625374617465223A312C22536967416D70496E76616C6964223A307D7D, 138 
05-27 18:18:25.865   536   536 D commservice260303: Push Message into SendPool fn=-1268251904
05-27 18:18:25.865   536   536 D commservice260303: ComProtocolLibSend2Cluster::send2ClusterRaw fn=-1268251904 , len=331
05-27 18:18:25.865   536   536 D commservice260303: sendCmdToPort :331!!!
05-27 18:18:25.866   536   536 D commservice260303: send Cmd To Port ++++5AA501478A01000368B46A16C4F17B22636F6D6D616E64223A7B226964223A22696D755F737461747573222C22737562223A22227D2C22636F6E74656E74223A7B2254696D655374616D70223A382C224672616D65436F756E746572223A3230373733372C2247445F58223A2D302E3031303639303039343930333131313435382C2247445F59223A302E30303531393231323338313931343235382C2247445F5A223A302E3030323231333735323539353730373737342C2241445F58223A2D302E303031393634313232303536393631303539362C2241445F59223A2D302E3030323330303039303135363439353537312C2241445F5A223A2D302E31363436303133323539383837363935332C2254656D70447370223A302C22537461747573223A302C2243616C69625374617465223A312C22536967416D70496E76616C6964223A307D7DFC00
05-27 18:18:25.866   536   536 D commservice260303: bufferevent_write retrun value = 0
05-27 18:18:25.866   536   560 D commservice260303: client datas send succeed,send finish
05-27 18:18:25.866 13911 14192 D Sentinelmode_1.2.5.17_sentry: <SentryImuClusterFgeSender>imu_status sent to Linux, frame=207737, tsNs=8973111, tsMs=8, intervalMs=41, ad=(-0.001964122,-0.0023000902,-0.16460133), gd=(-0.010690095,0.005192124,0.0022137526)
05-27 18:18:25.867   481   599 I mcuc    : start timer OK = 25193 
05-27 18:18:25.868   299 30844 D EvsDriver: forwardFrame
05-27 18:18:25.868   299 30841 D EvsDriver: forwardFrame
05-27 18:18:25.870   299 30844 D EvsDriver: Delivered 0xb400007b7ca56900 as id 0
05-27 18:18:25.870   299 30841 D EvsDriver: Delivered 0xb400007b7ca56a60 as id 0
05-27 18:18:25.871  1167  1184 D evsmanagerd: /dev/video4 forwarded the buffer #0 to 0xb4000074bf5f6850 from 0xb4000074bf5f41d0
05-27 18:18:25.871  1167  1167 D evsmanagerd: /dev/video6 forwarded the buffer #0 to 0xb4000074bf5f5510 from 0xb4000074bf5f6d90
05-27 18:18:25.871   581   581 I SpiService: fgesysctrl_getGPIO_status success val=1
05-27 18:18:25.872   481   598 I mcuc    : rev,n=1,6AA681B4C3000A8900D701040902123456F2
05-27 18:18:25.872   481   598 I mcuc    : rev,n=2,6AA682626800020901A8
