05-27 18:18:17.586  1008 30856 D [OMXB]  : usingANWBuffer: handle:0xee741c40, format:1, w:1920, h:1080
05-27 18:18:17.589   581   581 I SpiService: fgesysctrl_getGPIO_status success val=1
05-27 08:09:26.554   581   581 D spi_rst_gpio_get_output: GPIO 145 value: 1
05-27 08:09:26.554   581   581 D spidev_ioctl: gpio status=1)
05-27 18:18:17.592   283   307 I rvcservice: t.code = 2, t.value = 9976550
05-27 08:09:26.560   581   581 D spi_rst_gpio_get_output: GPIO 145 value: 1
05-27 18:18:17.594 10188 10188 D JobScheduler.Quota: Processing event 31 for <0>com.anwsdk.service
05-27 18:18:17.595   581   581 I SpiService: fgesysctrl_getGPIO_status success val=1
05-27 08:09:26.560   581   581 D spidev_ioctl: gpio status=1)
05-27 18:18:17.595 10188 10660 I ActivityManager: com.anwsdk.service is exempt from freezer
05-27 18:18:17.596 10188 10660 D CompatibilityChangeReporter: Compat change id reported: 135634846; UID 1000; state: DISABLED
05-27 18:18:17.596 10188 10660 D CompatibilityChangeReporter: Compat change id reported: 177438394; UID 1000; state: DISABLED
05-27 18:18:17.596 10188 10660 D CompatibilityChangeReporter: Compat change id reported: 135772972; UID 1000; state: DISABLED
05-27 18:18:17.597 10188 10660 D CompatibilityChangeReporter: Compat change id reported: 135754954; UID 1000; state: ENABLED
05-27 18:18:17.597  1083  1083 I MyAppLog: [2026-05-27 18:18:17.596 I tboxap mcuSendYadiTransfer:196] [Mcu] [mcuYadiSend]: :00 08 C5 04 01 09 81 02 01 01
05-27 18:18:17.597 10188 10660 D ActivityManager: ProcessRecord{1558c8b 0:com.anwsdk.service:remote/1000} setPendingStart=true callers=com.android.server.am.ProcessList.startProcessLocked:1922 com.android.server.am.UnisocProcessList.startProcessLocked:320 com.android.server.am.ProcessList.startProcessLocked:2391 com.android.server.am.ProcessList.startProcessLocked:2534 com.android.server.am.ActivityManagerService.startProcessLocked:2890 com.android.server.am.ActiveServices.bringUpServiceLocked:4326 com.android.server.am.ActiveServices.performServiceRestartLocked:4104 com.android.server.am.ActiveServices$ServiceRestarter.run:3320 android.os.Handler.handleCallback:942 android.os.Handler.dispatchMessage:99 
05-27 18:18:17.598 10188 10660 I ActivityManager: Posting procStart msg for 0:com.anwsdk.service:remote/1000
05-27 18:18:17.598 10188 10661 D ActivityManager: asking zygote to start proc:ProcessRecord{1558c8b 0:com.anwsdk.service:remote/1000}
05-27 18:18:17.598 10188 10661 D Prefork : startResult is empty and running normal execution.
05-27 18:18:17.599   299 30841 D EvsDriver: forwardFrame
05-27 18:18:17.599   481   599 I mcuc    : start timer OK = 25170 
05-27 18:18:17.601   581   581 I SpiService: fgesysctrl_getGPIO_status success val=0
05-27 18:18:17.601 13911 14183 I SentryImuMcuAngleSender: 180.0rollDeg
05-27 18:18:17.601 13911 14183 I SentryImuMcuAngleSender: 1,0,0
05-27 18:18:17.601   536   536 D commservice260303: msg.id = 1028,1
05-27 18:18:17.601   481   597 I mcuc    : send SPI:6AA601625200F80901C50401098102010100000000000000000000000000000000000000000000000000000000000000000000000000000000000000000000000000000000000000000000000000000000000000000000000000000000000000000000000000000000000000000000000000000000000000000000000000000000000000000000000000000000000000000000000000000000000000000000000000000000000000000000000000000000000000000000000000000000000000000000000000000000000000000000000000000000000000000000000000000000000000000000000000000000000000000000000000000000000000000000F1
05-27 18:18:17.602   536   536 D commservice260303: i = 170, msgid = 8A000404
05-27 18:18:17.602   536   536 D commservice260303: msgid = -1979710460,did=138
05-27 18:18:17.602   536   536 D commservice260303: CommProtocolLibCmdBaseI2C::dataproc {"command":{"id":"imu_status","sub":""},"content":{"TimeStamp":8,"FrameCounter":207535,"GD_X":-0.012674982659518719,"GD_Y":0.00519212381914258,"GD_Z":0.002443138277158141,"AD_X":-0.002013072371482849,"AD_Y":-0.002752235159277916,"AD_Z":-0.1707010269165039,"TempDsp":0,"Status":0,"CalibState":1,"SigAmpInvalid":0}},-1979710460
05-27 18:18:17.602   536   536 D commservice260303: send2Cluster len:313, 7B22636F6D6D616E64223A7B226964223A22696D755F737461747573222C22737562223A22227D2C22636F6E74656E74223A7B2254696D655374616D70223A382C224672616D65436F756E746572223A3230373533352C2247445F58223A2D302E3031323637343938323635393531383731392C2247445F59223A302E30303531393231323338313931343235382C2247445F5A223A302E3030323434333133383237373135383134312C2241445F58223A2D302E3030323031333037323337313438323834392C2241445F59223A2D302E3030323735323233353135393237373931362C2241445F5A223A2D302E313730373031303236393136353033392C2254656D70447370223A302C22537461747573223A302C2243616C69625374617465223A312C22536967416D70496E76616C6964223A307D7D, 138 
05-27 18:18:17.602   536   536 D commservice260303: Push Message into SendPool fn=-429456640
05-27 18:18:17.602   536   536 D commservice260303: ComProtocolLibSend2Cluster::send2ClusterRaw fn=-429456640 , len=329
05-27 18:18:17.602   536   536 D commservice260303: sendCmdToPort :329!!!
05-27 18:18:17.602   536   536 D commservice260303: send Cmd To Port ++++5AA501458A01000367E66A16C4E97B22636F6D6D616E64223A7B226964223A22696D755F737461747573222C22737562223A22227D2C22636F6E74656E74223A7B2254696D655374616D70223A382C224672616D65436F756E746572223A3230373533352C2247445F58223A2D302E3031323637343938323635393531383731392C2247445F59223A302E30303531393231323338313931343235382C2247445F5A223A302E3030323434333133383237373135383134312C2241445F58223A2D302E3030323031333037323337313438323834392C2241445F59223A2D302E3030323735323233353135393237373931362C2241445F5A223A2D302E313730373031303236393136353033392C2254656D70447370223A302C22537461747573223A302C2243616C69625374617465223A312C22536967416D70496E76616C6964223A307D7D7807
05-27 18:18:17.602   536   536 D commservice260303: bufferevent_write retrun value = 0
05-27 18:18:17.602 13911 14192 D Sentinelmode_1.2.5.17_sentry: <SentryImuClusterFgeSender>imu_status sent to Linux, frame=207535, tsNs=8964839, tsMs=8, intervalMs=43, ad=(-0.0020130724,-0.0027522352,-0.17070103), gd=(-0.012674983,0.005192124,0.0024431383)
05-27 18:18:17.603   299 30841 D EvsDriver: Delivered 0xb400007b7ca56a60 as id 0
05-27 18:18:17.603  1167  1167 D evsmanagerd: /dev/video4 forwarded the buffer #0 to 0xb4000074bf5f6850 from 0xb4000074bf5f41d0
05-27 18:18:17.604   299 30844 D EvsDriver: forwardFrame
05-27 08:09:26.566   581   581 D spi_rst_gpio_get_output: GPIO 145 value: 0
05-27 08:09:26.566   581   581 D spidev_ioctl: gpio status=0)
05-27 18:18:17.607   536   560 D commservice260303: client datas send succeed,send finish
05-27 18:18:17.608   299  1163 D EvsDriver: doneWithFrame
05-27 18:18:17.612   299 30844 D EvsDriver: Delivered 0xb400007b7ca56900 as id 0
05-27 18:18:17.612  1167  1167 D evsmanagerd: /dev/video6 forwarded the buffer #0 to 0xb4000074bf5f5510 from 0xb4000074bf5f6d90
05-27 18:18:17.615   299  1163 D EvsDriver: doneWithFrame
05-27 18:18:17.618   581   581 I SpiService: fgesysctrl_getGPIO_status success val=1
05-27 18:18:17.621  1008 30857 D [OMXB]  : usingANWBuffer: handle:0xee743190, format:1, w:1920, h:1080
05-27 18:18:17.622 13911 14183 I SentryImuMcuAngleSender: 180.0rollDeg
05-27 18:18:17.622 13911 14183 I SentryImuMcuAngleSender: 1,0,0
05-27 18:18:17.624   581   581 I SpiService: fgesysctrl_getGPIO_status success val=1
05-27 18:18:17.627 10041 10041 D Zygote  : Forked child process 31906
05-27 18:18:17.628 10188 10661 I am_proc_start: [0,31906,1000,com.anwsdk.service:remote,service,{com.anwsdk.service/com.anwsdk.service.anwbtservice}]
05-27 18:18:17.629 10188 10661 I ActivityManager: Start proc 31906:com.anwsdk.service:remote/1000 for service {com.anwsdk.service/com.anwsdk.service.anwbtservice}
05-27 18:18:17.629 10188 10661 D ActivityManager: ProcessRecord{1558c8b 31906:com.anwsdk.service:remote/1000} setPendingStart=false callers=com.android.server.am.ProcessList.handleProcessStartedLocked:2646 com.android.server.am.UnisocProcessList.handleProcessStartedLocked:377 com.android.server.am.ProcessList.handleProcessStartedLocked:2585 com.android.server.am.ProcessList.lambda$handleProcessStart$1$com-android-server-am-ProcessList:1993 com.android.server.am.ProcessList$$ExternalSyntheticLambda1.run:22 com.android.server.am.ProcessList.handleProcessStart:2016 com.android.server.am.ProcessList.lambda$startProcessLocked$0$com-android-server-am-ProcessList:1950 com.android.server.am.ProcessList$$ExternalSyntheticLambda5.run:22 android.os.Handler.handleCallback:942 android.os.Handler.dispatchMessage:99 
05-27 18:18:17.629   581   581 I SpiService: fgesysctrl_getGPIO_status success val=1
05-27 08:09:26.594   581   581 D spi_rst_gpio_get_output: GPIO 145 value: 1
05-27 18:18:17.633 31906 31906 I Zygote  : seccomp disabled by setenforce 0
05-27 18:18:17.635   581   581 I SpiService: fgesysctrl_getGPIO_status success val=1
05-27 08:09:26.599   581   581 D spi_rst_gpio_get_output: GPIO 145 value: 1
05-27 08:09:26.599   581   581 D spidev_ioctl: gpio status=1)
05-27 18:18:17.637   299 30841 D EvsDriver: forwardFrame
05-27 18:18:17.637   299 30844 D EvsDriver: forwardFrame
05-27 18:18:17.640   581   581 I SpiService: fgesysctrl_getGPIO_status success val=1
05-27 18:18:17.642   299 30841 D EvsDriver: Delivered 0xb400007b7ca56a60 as id 0
05-27 18:18:17.642  1167  1167 D evsmanagerd: /dev/video4 forwarded the buffer #0 to 0xb4000074bf5f6850 from 0xb4000074bf5f41d0
05-27 18:18:17.642   536   536 D commservice260303: msg.id = 1028,1
05-27 18:18:17.642   536   536 D commservice260303: i = 170, msgid = 8A000404
05-27 18:18:17.642   536   536 D commservice260303: msgid = -1979710460,did=138
05-27 18:18:17.642   536   536 D commservice260303: CommProtocolLibCmdBaseI2C::dataproc {"command":{"id":"imu_status","sub":""},"content":{"TimeStamp":8,"FrameCounter":207536,"GD_X":-0.011300750076770782,"GD_Y":0.005268065724521875,"GD_Z":0.0020608289632946253,"AD_X":4.095733165740967E-4,"AD_Y":-0.0015177694149315357,"AD_Z":-0.16826248168945312,"TempDsp":0,"Status":0,"CalibState":1,"SigAmpInvalid":0}},-1979710460
05-27 18:18:17.642   536   536 D commservice260303: send2Cluster len:316, 7B22636F6D6D616E64223A7B226964223A22696D755F737461747573222C22737562223A22227D2C22636F6E74656E74223A7B2254696D655374616D70223A382C224672616D65436F756E746572223A3230373533362C2247445F58223A2D302E3031313330303735303037363737303738322C2247445F59223A302E3030353236383036353732343532313837352C2247445F5A223A302E303032303630383238393633323934363235332C2241445F58223A342E303935373333313635373430393637452D342C2241445F59223A2D302E303031353137373639343134393331353335372C2241445F5A223A2D302E31363832363234383136383934353331322C2254656D70447370223A302C22537461747573223A302C2243616C69625374617465223A312C22536967416D70496E76616C6964223A307D7D, 138 
05-27 18:18:17.642   536   536 D commservice260303: Push Message into SendPool fn=-412679424
05-27 18:18:17.642   536   536 D commservice260303: ComProtocolLibSend2Cluster::send2ClusterRaw fn=-412679424 , len=332
05-27 18:18:17.642   536   536 D commservice260303: sendCmdToPort :332!!!
05-27 18:18:17.642   536   536 D commservice260303: send Cmd To Port ++++5AA501488A01000367E76A16C4E97B22636F6D6D616E64223A7B226964223A22696D755F737461747573222C22737562223A22227D2C22636F6E74656E74223A7B2254696D655374616D70223A382C224672616D65436F756E746572223A3230373533362C2247445F58223A2D302E3031313330303735303037363737303738322C2247445F59223A302E3030353236383036353732343532313837352C2247445F5A223A302E303032303630383238393633323934363235332C2241445F58223A342E303935373333313635373430393637452D342C2241445F59223A2D302E303031353137373639343134393331353335372C2241445F5A223A2D302E31363832363234383136383934353331322C2254656D70447370223A302C22537461747573223A302C2243616C69625374617465223A312C22536967416D70496E76616C6964223A307D7D2EE8
05-27 18:18:17.642   536   536 D commservice260303: bufferevent_write retrun value = 0
05-27 18:18:17.643   536   560 D commservice260303: client datas send succeed,send finish
05-27 18:18:17.643   572   572 I Sensors : 230 GyroSensor: x:-0.012140,y:0.005345,z:0.002061
05-27 18:18:17.643 30773 30773 E dvr_service_: [myNum:0] Received S**** loss
05-27 18:18:17.643   299 30844 D EvsDriver: Delivered 0xb400007b7ca56900 as id 0
05-27 18:18:17.643  1167  1167 D evsmanagerd: /dev/video6 forwarded the buffer #0 to 0xb4000074bf5f5510 from 0xb4000074bf5f6d90
05-27 18:18:17.642 31906 31906 I .service:remote: Late-enabling -Xcheck:jni
05-27 18:18:17.644 30773 30782 E dvr_service_: [myNum:1] Received S**** loss
05-27 18:18:17.644   299  1163 D EvsDriver: doneWithFrame
05-27 18:18:17.644   299  1153 D EvsDriver: doneWithFrame
05-27 18:18:17.646 13911 14183 I SentryImuMcuAngleSender: 179.99298rollDeg
05-27 18:18:17.646 13911 14183 I SentryImuMcuAngleSender: 1,0,0
05-27 18:18:17.646   581   581 I SpiService: fgesysctrl_getGPIO_status success val=0
05-27 08:09:26.611   581   581 D spi_rst_gpio_get_output: GPIO 145 value: 0
05-27 08:09:26.611   581   581 D spidev_ioctl: gpio status=0)
05-27 18:18:17.649  1008 30856 D [OMXB]  : usingANWBuffer: handle:0xee7404e0, format:1, w:1920, h:1080
05-27 18:18:17.658   481   598 I mcuc    : rev,n=1,6AA682625200020901BE
05-27 18:18:17.658 13911 14192 D Sentinelmode_1.2.5.17_sentry: <SentryImuClusterFgeSender>imu_status sent to Linux, frame=207536, tsNs=8964875, tsMs=8, intervalMs=56, ad=(4.0957332E-4,-0.0015177694,-0.16826248), gd=(-0.01130075,0.0052680657,0.002060829)
05-27 18:18:17.661   581   581 I SpiService: fgesysctrl_getGPIO_status success val=1
05-27 18:18:17.665  1008 30857 D [OMXB]  : usingANWBuffer: handle:0xee7437c0, format:1, w:1920, h:1080
05-27 08:09:26.626   581   581 D spi_rst_gpio_get_output: GPIO 145 value: 1
05-27 08:09:26.626   581   581 D spidev_ioctl: gpio status=1)
05-27 18:18:17.666 10188  7589 D NetworkPolicy: Blocked state of 10080: {blocked=NONE,allowed=FOREGROUND|METERED_FOREGROUND,effective=NONE}
05-27 18:18:17.666   581   581 I SpiService: fgesysctrl_getGPIO_status success val=1
05-27 08:09:26.631   581   581 D spi_rst_gpio_get_output: GPIO 145 value: 1
05-27 08:09:26.631   581   581 D spidev_ioctl: gpio status=1)
05-27 18:18:17.667   299 30844 D EvsDriver: forwardFrame
05-27 18:18:17.667   299 30841 D EvsDriver: forwardFrame
05-27 18:18:17.669  1167  1167 D evsmanagerd: /dev/video4 forwarded the buffer #0 to 0xb4000074bf5f6850 from 0xb4000074bf5f41d0
05-27 18:18:17.670  1167  1167 D evsmanagerd: /dev/video6 forwarded the buffer #0 to 0xb4000074bf5f5510 from 0xb4000074bf5f6d90
05-27 18:18:17.670   299 30844 D EvsDriver: Delivered 0xb400007b7ca56900 as id 0
05-27 18:18:17.672   581   581 I SpiService: fgesysctrl_getGPIO_status success val=1
05-27 18:18:17.672 13911 14183 I SentryImuMcuAngleSender: 179.98949rollDeg
05-27 18:18:17.672 13911 14183 I SentryImuMcuAngleSender: 1,0,0
05-27 18:18:17.673   299  1163 D EvsDriver: doneWithFrame
05-27 08:09:26.637   581   581 D spi_rst_gpio_get_output: GPIO 145 value: 1
05-27 08:09:26.637   581   581 D spidev_ioctl: gpio status=1)
05-27 18:18:17.675   299 30841 D EvsDriver: Delivered 0xb400007b7ca56a60 as id 0
05-27 18:18:17.676   299  1163 D EvsDriver: doneWithFrame
05-27 18:18:17.678   581   581 I SpiService: fgesysctrl_getGPIO_status success val=1
05-27 08:09:26.642   581   581 D spi_rst_gpio_get_output: GPIO 145 value: 1
05-27 08:09:26.642   581   581 D spidev_ioctl: gpio status=1)
05-27 18:18:17.682   536   536 D commservice260303: msg.id = 1028,0
05-27 18:18:17.682   536   536 D commservice260303: i = 170, msgid = 8A000404
05-27 18:18:17.683   536   536 D commservice260303: msgid = -1979710460,did=138
05-27 18:18:17.683   536   536 D commservice260303: CommProtocolLibCmdBaseI2C::dataproc {"command":{"id":"imu_status","sub":""},"content":{"TimeStamp":8,"FrameCounter":207537,"GD_X":-0.011834942735731602,"GD_Y":0.0048857564106583595,"GD_Z":0.002519079949706793,"AD_X":-0.0020413249731063843,"AD_Y":-9.045306360349059E-4,"AD_Z":-0.16826248168945312,"TempDsp":0,"Status":0,"CalibState":1,"SigAmpInvalid":0}},-1979710460
05-27 18:18:17.683   536   536 D commservice260303: send2Cluster len:317, 7B22636F6D6D616E64223A7B226964223A22696D755F737461747573222C22737562223A22227D2C22636F6E74656E74223A7B2254696D655374616D70223A382C224672616D65436F756E746572223A3230373533372C2247445F58223A2D302E3031313833343934323733353733313630322C2247445F59223A302E303034383835373536343130363538333539352C2247445F5A223A302E3030323531393037393934393730363739332C2241445F58223A2D302E303032303431333234393733313036333834332C2241445F59223A2D392E303435333036333630333439303539452D342C2241445F5A223A2D302E31363832363234383136383934353331322C2254656D70447370223A302C22537461747573223A302C2243616C69625374617465223A312C22536967416D70496E76616C6964223A307D7D, 138 
05-27 18:18:17.683   536   536 D commservice260303: Push Message into SendPool fn=-395902208
05-27 18:18:17.683   581   581 I SpiService: fgesysctrl_getGPIO_status success val=0
05-27 18:18:17.684   536   536 D commservice260303: ComProtocolLibSend2Cluster::send2ClusterRaw fn=-395902208 , len=333
05-27 18:18:17.684   536   536 D commservice260303: sendCmdToPort :333!!!
05-27 18:18:17.684   536   536 D commservice260303: send Cmd To Port ++++5AA501498A01000367E86A16C4E97B22636F6D6D616E64223A7B226964223A22696D755F737461747573222C22737562223A22227D2C22636F6E74656E74223A7B2254696D655374616D70223A382C224672616D65436F756E746572223A3230373533372C2247445F58223A2D302E3031313833343934323733353733313630322C2247445F59223A302E303034383835373536343130363538333539352C2247445F5A223A302E3030323531393037393934393730363739332C2241445F58223A2D302E303032303431333234393733313036333834332C2241445F59223A2D392E303435333036333630333439303539452D342C2241445F5A223A2D302E31363832363234383136383934353331322C2254656D70447370223A302C22537461747573223A302C2243616C69625374617465223A312C22536967416D70496E76616C6964223A307D7DB1E5
05-27 18:18:17.684   536   536 D commservice260303: bufferevent_write retrun value = 0
05-27 18:18:17.684   536   560 D commservice260303: client datas send succeed,send finish
05-27 18:18:17.686 13911 14192 D Sentinelmode_1.2.5.17_sentry: <SentryImuClusterFgeSender>imu_status sent to Linux, frame=207537, tsNs=8964910, tsMs=8, intervalMs=27, ad=(-0.002041325,-9.0453064E-4,-0.16826248), gd=(-0.011834943,0.0048857564,0.00251908)
05-27 18:18:17.691 31906 31906 D .service:remote: Received session metadata: 5204601861969014468
05-27 18:18:17.692   283   307 I rvcservice: t.code = 3, t.value = 0
05-27 18:18:17.692 13911 14183 I SentryImuMcuAngleSender: 179.99649rollDeg
05-27 18:18:17.692 13911 14183 I SentryImuMcuAngleSender: 1,0,0
05-27 18:18:17.698   581   581 I SpiService: fgesysctrl_getGPIO_status success val=1
05-27 18:18:17.701   299 30841 D EvsDriver: forwardFrame
05-27 18:18:17.704  1167  1167 D evsmanagerd: /dev/video4 forwarded the buffer #0 to 0xb4000074bf5f6850 from 0xb4000074bf5f41d0
05-27 18:18:17.704   299 30841 D EvsDriver: Delivered 0xb400007b7ca56a60 as id 0
05-27 18:18:17.704   581   581 I SpiService: fgesysctrl_getGPIO_status success val=1
05-27 18:18:17.705   299 30844 D EvsDriver: forwardFrame
05-27 18:18:17.706   299 30844 D EvsDriver: Delivered 0xb400007b7ca56900 as id 0
05-27 18:18:17.706  1167  1167 D evsmanagerd: /dev/video6 forwarded the buffer #0 to 0xb4000074bf5f5510 from 0xb4000074bf5f6d90
05-27 18:18:17.708   299  1163 D EvsDriver: doneWithFrame
05-27 18:18:17.710   581   581 I SpiService: fgesysctrl_getGPIO_status success val=1
05-27 18:18:17.710   299  1163 D EvsDriver: doneWithFrame
05-27 18:18:17.711  1008 30857 D [OMXB]  : usingANWBuffer: handle:0xee740dd0, format:1, w:1920, h:1080
05-27 18:18:17.712 13911 14183 I SentryImuMcuAngleSender: 179.993rollDeg
05-27 18:18:17.713 13911 14183 I SentryImuMcuAngleSender: 1,0,0
05-27 18:18:17.716   581   581 I SpiService: fgesysctrl_getGPIO_status success val=1
05-27 18:18:17.716  1116  1135 I adbd    : jdwp connection from 31906
05-27 18:18:17.721   581   581 I SpiService: fgesysctrl_getGPIO_status success val=0
05-27 18:18:17.722 15858 15972 D MessageCenterService: 服务运行中
05-27 18:18:17.724   536   536 D commservice260303: msg.id = 1028,1
05-27 18:18:17.724   536   536 D commservice260303: i = 170, msgid = 8A000404
05-27 18:18:17.724   536   536 D commservice260303: msgid = -1979710460,did=138
05-27 18:18:17.724   536   536 D commservice260303: CommProtocolLibCmdBaseI2C::dataproc {"command":{"id":"imu_status","sub":""},"content":{"TimeStamp":8,"FrameCounter":207538,"GD_X":-0.01091896090656519,"GD_Y":0.0051151420921087265,"GD_Z":0.002747945487499237,"AD_X":-0.003258630633354187,"AD_Y":-0.0014968484174460173,"AD_Z":-0.1737508773803711,"TempDsp":0,"Status":0,"CalibState":1,"SigAmpInvalid":0}},-1979710460
05-27 18:18:17.724   536   536 D commservice260303: send2Cluster len:315, 7B22636F6D6D616E64223A7B226964223A22696D755F737461747573222C22737562223A22227D2C22636F6E74656E74223A7B2254696D655374616D70223A382C224672616D65436F756E746572223A3230373533382C2247445F58223A2D302E30313039313839363039303635363531392C2247445F59223A302E303035313135313432303932313038373236352C2247445F5A223A302E3030323734373934353438373439393233372C2241445F58223A2D302E3030333235383633303633333335343138372C2241445F59223A2D302E303031343936383438343137343436303137332C2241445F5A223A2D302E313733373530383737333830333731312C2254656D70447370223A302C22537461747573223A302C2243616C69625374617465223A312C22536967416D70496E76616C6964223A307D7D, 138 
05-27 18:18:17.724   536   536 D commservice260303: Push Message into SendPool fn=-379124992
05-27 18:18:17.724   536   536 D commservice260303: ComProtocolLibSend2Cluster::send2ClusterRaw fn=-379124992 , len=331
05-27 18:18:17.724   536   536 D commservice260303: sendCmdToPort :331!!!
05-27 18:18:17.724   536   536 D commservice260303: send Cmd To Port ++++5AA501478A01000367E96A16C4E97B22636F6D6D616E64223A7B226964223A22696D755F737461747573222C22737562223A22227D2C22636F6E74656E74223A7B2254696D655374616D70223A382C224672616D65436F756E746572223A3230373533382C2247445F58223A2D302E30313039313839363039303635363531392C2247445F59223A302E303035313135313432303932313038373236352C2247445F5A223A302E3030323734373934353438373439393233372C2241445F58223A2D302E3030333235383633303633333335343138372C2241445F59223A2D302E303031343936383438343137343436303137332C2241445F5A223A2D302E313733373530383737333830333731312C2254656D70447370223A302C22537461747573223A302C2243616C69625374617465223A312C22536967416D70496E76616C6964223A307D7D8BB1
05-27 18:18:17.724   536   536 D commservice260303: bufferevent_write retrun value = 0
05-27 18:18:17.725   536   560 D commservice260303: client datas send succeed,send finish
05-27 18:18:17.726 13911 14192 D Sentinelmode_1.2.5.17_sentry: <SentryImuClusterFgeSender>imu_status sent to Linux, frame=207538, tsNs=8964964, tsMs=8, intervalMs=40, ad=(-0.0032586306,-0.0014968484,-0.17375088), gd=(-0.010918961,0.005115142,0.0027479455)
05-27 18:18:17.729   299 30841 D EvsDriver: forwardFrame
05-27 18:18:17.729   299 30844 D EvsDriver: forwardFrame
05-27 18:18:17.731   299 30844 D EvsDriver: Delivered 0xb400007b7ca56900 as id 0
05-27 18:18:17.731  1167  1184 D evsmanagerd: /dev/video6 forwarded the buffer #0 to 0xb4000074bf5f5510 from 0xb4000074bf5f6d90
05-27 18:18:17.732  1008 30856 D [OMXB]  : usingANWBuffer: handle:0xee741e50, format:1, w:1920, h:1080
05-27 18:18:17.732   299 30841 D EvsDriver: Delivered 0xb400007b7ca56a60 as id 0
05-27 18:18:17.732  1167  1184 D evsmanagerd: /dev/video4 forwarded the buffer #0 to 0xb4000074bf5f6850 from 0xb4000074bf5f41d0
05-27 18:18:17.734   299  1163 D EvsDriver: doneWithFrame
05-27 18:18:17.735 31906 31906 W ziparchive: Unable to open '/system_ext/framework/unisoc-framework.dm': No such file or directory
05-27 18:18:17.735 31906 31906 W ziparchive: Unable to open '/system_ext/framework/unisoc-framework.dm': No such file or directory
05-27 18:18:17.736   581   581 I SpiService: fgesysctrl_getGPIO_status success val=1
05-27 18:18:17.737   299  1163 D EvsDriver: doneWithFrame
05-27 18:18:17.740 13911 14183 I SentryImuMcuAngleSender: 179.993rollDeg
05-27 18:18:17.740 13911 14183 I SentryImuMcuAngleSender: 1,0,0
05-27 18:18:17.741   581   581 I SpiService: fgesysctrl_getGPIO_status success val=1
05-27 18:18:17.744 31906 31906 I service_manager_slow: [11,activity]
05-27 18:18:17.745 10188  7589 I am_proc_bound: [0,31906,com.anwsdk.service:remote]
05-27 18:18:17.747   581   581 I SpiService: fgesysctrl_getGPIO_status success val=1
05-27 18:18:17.747 10188  7589 I am_create_service: [0,208025669,.anwbtservice,1000,31906]
05-27 18:18:17.749   572   622 I Sensors : 230 AccelSensor: x:-0.169580,y:0.004270,z:-9.979600
05-27 18:18:17.752   581   581 I SpiService: fgesysctrl_getGPIO_status success val=1
05-27 18:18:17.758   581   581 I SpiService: fgesysctrl_getGPIO_status success val=1
05-27 08:09:26.723   581   581 D spi_rst_gpio_get_output: GPIO 145 value: 1
05-27 18:18:17.762 13911 14183 I SentryImuMcuAngleSender: 179.97548rollDeg
05-27 18:18:17.762 13911 14183 I SentryImuMcuAngleSender: 1,0,0
05-27 18:18:17.763   536   536 D commservice260303: msg.id = 1028,1
05-27 18:18:17.763   536   536 D commservice260303: i = 170, msgid = 8A000404
05-27 18:18:17.763   536   536 D commservice260303: msgid = -1979710460,did=138
05-27 18:18:17.763   536   536 D commservice260303: CommProtocolLibCmdBaseI2C::dataproc {"command":{"id":"imu_status","sub":""},"content":{"TimeStamp":8,"FrameCounter":207539,"GD_X":-0.011987865902483463,"GD_Y":0.004656890872865915,"GD_Z":0.0019848872907459736,"AD_X":-0.003258734941482544,"AD_Y":0.0015532816760241985,"AD_Z":-0.1743612289428711,"TempDsp":0,"Status":0,"CalibState":1,"SigAmpInvalid":0}},-1979710460
05-27 18:18:17.763   536   536 D commservice260303: send2Cluster len:315, 7B22636F6D6D616E64223A7B226964223A22696D755F737461747573222C22737562223A22227D2C22636F6E74656E74223A7B2254696D655374616D70223A382C224672616D65436F756E746572223A3230373533392C2247445F58223A2D302E3031313938373836353930323438333436332C2247445F59223A302E3030343635363839303837323836353931352C2247445F5A223A302E303031393834383837323930373435393733362C2241445F58223A2D302E3030333235383733343934313438323534342C2241445F59223A302E303031353533323831363736303234313938352C2241445F5A223A2D302E313734333631323238393432383731312C2254656D70447370223A302C22537461747573223A302C2243616C69625374617465223A312C22536967416D70496E76616C6964223A307D7D, 138 
05-27 18:18:17.763   536   536 D commservice260303: Push Message into SendPool fn=-362347776
05-27 18:18:17.763   536   536 D commservice260303: ComProtocolLibSend2Cluster::send2ClusterRaw fn=-362347776 , len=331
05-27 18:18:17.763   536   536 D commservice260303: sendCmdToPort :331!!!
05-27 18:18:17.763   536   536 D commservice260303: send Cmd To Port ++++5AA501478A01000367EA6A16C4E97B22636F6D6D616E64223A7B226964223A22696D755F737461747573222C22737562223A22227D2C22636F6E74656E74223A7B2254696D655374616D70223A382C224672616D65436F756E746572223A3230373533392C2247445F58223A2D302E3031313938373836353930323438333436332C2247445F59223A302E3030343635363839303837323836353931352C2247445F5A223A302E303031393834383837323930373435393733362C2241445F58223A2D302E3030333235383733343934313438323534342C2241445F59223A302E303031353533323831363736303234313938352C2241445F5A223A2D302E313734333631323238393432383731312C2254656D70447370223A302C22537461747573223A302C2243616C69625374617465223A312C22536967416D70496E76616C6964223A307D7DB5E2
05-27 18:18:17.763   581   581 I SpiService: fgesysctrl_getGPIO_status success val=0
05-27 18:18:17.764   536   536 D commservice260303: bufferevent_write retrun value = 0
05-27 18:18:17.764   536   560 D commservice260303: client datas send succeed,send finish
05-27 18:18:17.764 13911 14192 D Sentinelmode_1.2.5.17_sentry: <SentryImuClusterFgeSender>imu_status sent to Linux, frame=207539, tsNs=8965000, tsMs=8, intervalMs=39, ad=(-0.003258735,0.0015532817,-0.17436123), gd=(-0.011987866,0.004656891,0.0019848873)
05-27 08:09:26.728   581   581 D spi_rst_gpio_get_output: GPIO 145 value: 0
05-27 08:09:26.728   581   581 D spidev_ioctl: gpio status=0)
05-27 18:18:17.766   299 30841 D EvsDriver: forwardFrame
05-27 18:18:17.766   299 30844 D EvsDriver: forwardFrame
05-27 18:18:17.769   299 30841 D EvsDriver: Delivered 0xb400007b7ca56a60 as id 0
05-27 18:18:17.769  1167  1184 D evsmanagerd: /dev/video4 forwarded the buffer #0 to 0xb4000074bf5f6850 from 0xb4000074bf5f41d0
05-27 18:18:17.769   299 30844 D EvsDriver: Delivered 0xb400007b7ca56900 as id 0
05-27 18:18:17.770  1167  1167 D evsmanagerd: /dev/video6 forwarded the buffer #0 to 0xb4000074bf5f5510 from 0xb4000074bf5f6d90
05-27 18:18:17.773   299  1163 D EvsDriver: doneWithFrame
05-27 18:18:17.773  1008 30857 D [OMXB]  : usingANWBuffer: handle:0xee7421c0, format:1, w:1920, h:1080
05-27 18:18:17.774   299  1153 D EvsDriver: doneWithFrame
05-27 18:18:17.778   581   581 I SpiService: fgesysctrl_getGPIO_status success val=1
05-27 18:18:17.783 13911 14183 I SentryImuMcuAngleSender: 179.97899rollDeg
05-27 18:18:17.783 13911 14183 I SentryImuMcuAngleSender: 1,0,0
05-27 18:18:17.784   581   581 I SpiService: fgesysctrl_getGPIO_status success val=1
05-27 08:09:26.748   581   581 D spi_rst_gpio_get_output: GPIO 145 value: 1
05-27 08:09:26.748   581   581 D spidev_ioctl: gpio status=1)
05-27 18:18:17.789   581   581 I SpiService: fgesysctrl_getGPIO_status success val=1
05-27 18:18:17.791 31906 31906 D CompatibilityChangeReporter: Compat change id reported: 171979766; UID 1000; state: ENABLED
05-27 18:18:17.792   283   307 I rvcservice: t.code = 0, t.value = 610
05-27 18:18:17.795   581   581 I SpiService: fgesysctrl_getGPIO_status success val=1
05-27 18:18:17.800   581   581 I SpiService: fgesysctrl_getGPIO_status success val=1
05-27 18:18:17.803   536   536 D commservice260303: msg.id = 1028,0
05-27 18:18:17.803   536   536 D commservice260303: i = 170, msgid = 8A000404
05-27 18:18:17.803   536   536 D commservice260303: msgid = -1979710460,did=138
05-27 18:18:17.803   536   536 D commservice260303: CommProtocolLibCmdBaseI2C::dataproc {"command":{"id":"imu_status","sub":""},"content":{"TimeStamp":8,"FrameCounter":207540,"GD_X":-0.011147825978696346,"GD_Y":0.00519212381914258,"GD_Z":0.002213752595707774,"AD_X":-0.005680203437805176,"AD_Y":9.333270136266947E-4,"AD_Z":-0.1694812774658203,"TempDsp":0,"Status":0,"CalibState":1,"SigAmpInvalid":0}},-1979710460
05-27 18:18:17.803   536   536 D commservice260303: send2Cluster len:312, 7B22636F6D6D616E64223A7B226964223A22696D755F737461747573222C22737562223A22227D2C22636F6E74656E74223A7B2254696D655374616D70223A382C224672616D65436F756E746572223A3230373534302C2247445F58223A2D302E3031313134373832353937383639363334362C2247445F59223A302E30303531393231323338313931343235382C2247445F5A223A302E3030323231333735323539353730373737342C2241445F58223A2D302E3030353638303230333433373830353137362C2241445F59223A392E333333323730313336323636393437452D342C2241445F5A223A2D302E313639343831323737343635383230332C2254656D70447370223A302C22537461747573223A302C2243616C69625374617465223A312C22536967416D70496E76616C6964223A307D7D, 138 
05-27 18:18:17.803   536   536 D commservice260303: Push Message into SendPool fn=-345570560
05-27 18:18:17.803   536   536 D commservice260303: ComProtocolLibSend2Cluster::send2ClusterRaw fn=-345570560 , len=328
05-27 18:18:17.803   536   536 D commservice260303: sendCmdToPort :328!!!
05-27 18:18:17.803   536   536 D commservice260303: send Cmd To Port ++++5AA501448A01000367EB6A16C4E97B22636F6D6D616E64223A7B226964223A22696D755F737461747573222C22737562223A22227D2C22636F6E74656E74223A7B2254696D655374616D70223A382C224672616D65436F756E746572223A3230373534302C2247445F58223A2D302E3031313134373832353937383639363334362C2247445F59223A302E30303531393231323338313931343235382C2247445F5A223A302E3030323231333735323539353730373737342C2241445F58223A2D302E3030353638303230333433373830353137362C2241445F59223A392E333333323730313336323636393437452D342C2241445F5A223A2D302E313639343831323737343635383230332C2254656D70447370223A302C22537461747573223A302C2243616C69625374617465223A312C22536967416D70496E76616C6964223A307D7DC71D
05-27 18:18:17.803   536   536 D commservice260303: bufferevent_write retrun value = 0
05-27 18:18:17.803   536   560 D commservice260303: client datas send succeed,send finish
05-27 18:18:17.804 13911 14192 D Sentinelmode_1.2.5.17_sentry: <SentryImuClusterFgeSender>imu_status sent to Linux, frame=207540, tsNs=8965053, tsMs=8, intervalMs=39, ad=(-0.0056802034,9.33327E-4,-0.16948128), gd=(-0.011147826,0.005192124,0.0022137526)
05-27 18:18:17.804 13911 14183 I SentryImuMcuAngleSender: 179.97899rollDeg
05-27 18:18:17.804 13911 14183 I SentryImuMcuAngleSender: 1,0,0
05-27 18:18:17.806   581   581 I SpiService: fgesysctrl_getGPIO_status success val=0
05-27 18:18:17.808  1008 30856 D [OMXB]  : usingANWBuffer: handle:0xee744000, format:1, w:1920, h:1080
05-27 08:09:26.770   581   581 D spi_rst_gpio_get_output: GPIO 145 value: 0
05-27 08:09:26.770   581   581 D spidev_ioctl: gpio status=0)
05-27 18:18:17.811   299 30844 D EvsDriver: forwardFrame
05-27 18:18:17.811   299 30841 D EvsDriver: forwardFrame
05-27 18:18:17.813 30773 30789 I dvr_service_: Camera 0: MediaOK:128694176, frames:2950, isKeyFrame:0,pts:8964697612
05-27 18:18:17.817   299 30844 D EvsDriver: Delivered 0xb400007b7ca56900 as id 0
05-27 18:18:17.817  1167  1184 D evsmanagerd: /dev/video6 forwarded the buffer #0 to 0xb4000074bf5f5510 from 0xb4000074bf5f6d90
05-27 18:18:17.817 30773 30782 E dvr_service_: [myNum:1] Received S**** loss
05-27 18:18:17.818   299  1163 D EvsDriver: doneWithFrame
05-27 18:18:17.819   299 30841 D EvsDriver: Delivered 0xb400007b7ca56a60 as id 0
05-27 18:18:17.819  1167  1184 D evsmanagerd: /dev/video4 forwarded the buffer #0 to 0xb4000074bf5f6850 from 0xb4000074bf5f41d0
05-27 18:18:17.820 30773 30782 E dvr_service_: [myNum:0] Received S**** loss
05-27 18:18:17.820   299  1163 D EvsDriver: doneWithFrame
05-27 18:18:17.821   581   581 I SpiService: fgesysctrl_getGPIO_status success val=1
05-27 18:18:17.823 31906 31906 D CompatibilityInfo: applyToConfigurationCompat inoutConfig.densityDpi= 160
05-27 18:18:17.823  1008 30857 D [OMXB]  : usingANWBuffer: handle:0xee7442c0, format:1, w:1920, h:1080
05-27 18:18:17.824 13911 14183 I SentryImuMcuAngleSender: 179.97897rollDeg
05-27 18:18:17.824 13911 14183 I SentryImuMcuAngleSender: 1,0,0
05-27 08:09:26.786   581   581 D spi_rst_gpio_get_output: GPIO 145 value: 1
05-27 08:09:26.786   581   581 D spidev_ioctl: gpio status=1)
05-27 08:09:26.792   581   581 D spi_rst_gpio_get_output: GPIO 145 value: 1
05-27 08:09:26.792   581   581 D spidev_ioctl: gpio status=1)
05-27 18:18:17.827   581   581 I SpiService: fgesysctrl_getGPIO_status success val=1
05-27 18:18:17.833   581   581 I SpiService: fgesysctrl_getGPIO_status success val=1
05-27 08:09:26.798   581   581 D spi_rst_gpio_get_output: GPIO 145 value: 1
05-27 08:09:26.798   581   581 D spidev_ioctl: gpio status=1)
05-27 18:18:17.835   299 30841 D EvsDriver: forwardFrame
05-27 18:18:17.838   572   622 I Sensors : 230 GyroSensor: x:-0.011148,y:0.004734,z:0.002519
05-27 18:18:17.838   299 30841 D EvsDriver: Delivered 0xb400007b7ca56a60 as id 0
05-27 18:18:17.839  1167  1184 D evsmanagerd: /dev/video4 forwarded the buffer #0 to 0xb4000074bf5f6850 from 0xb4000074bf5f41d0
05-27 18:18:17.839   581   581 I SpiService: fgesysctrl_getGPIO_status success val=1
05-27 18:18:17.841   299  1163 D EvsDriver: doneWithFrame
05-27 18:18:17.842  1008 30856 D [OMXB]  : usingANWBuffer: handle:0xee742cc0, format:1, w:1920, h:1080
05-27 18:18:17.844   299 30844 D EvsDriver: forwardFrame
05-27 18:18:17.844 13911 14183 I SentryImuMcuAngleSender: 179.96846rollDeg
05-27 18:18:17.844   581   581 I SpiService: fgesysctrl_getGPIO_status success val=0
05-27 18:18:17.844 13911 14183 I SentryImuMcuAngleSender: 1,0,0
05-27 18:18:17.847  1167  1184 D evsmanagerd: /dev/video6 forwarded the buffer #0 to 0xb4000074bf5f5510 from 0xb4000074bf5f6d90
05-27 18:18:17.848   299 30844 D EvsDriver: Delivered 0xb400007b7ca56900 as id 0
05-27 18:18:17.853   536   536 D commservice260303: msg.id = 1028,0
05-27 18:18:17.854   536   536 D commservice260303: i = 170, msgid = 8A000404
05-27 18:18:17.854   536   536 D commservice260303: msgid = -1979710460,did=138
05-27 18:18:17.854   536   536 D commservice260303: CommProtocolLibCmdBaseI2C::dataproc {"command":{"id":"imu_status","sub":""},"content":{"TimeStamp":8,"FrameCounter":207541,"GD_X":-0.011147825978696346,"GD_Y":0.004733873065561056,"GD_Z":0.002519079949706793,"AD_X":-0.0032351315021514893,"AD_Y":0.002752488013356924,"AD_Z":-0.16826248168945312,"TempDsp":0,"Status":0,"CalibState":1,"SigAmpInvalid":0}},-1979710460
05-27 18:18:17.854   536   536 D commservice260303: send2Cluster len:315, 7B22636F6D6D616E64223A7B226964223A22696D755F737461747573222C22737562223A22227D2C22636F6E74656E74223A7B2254696D655374616D70223A382C224672616D65436F756E746572223A3230373534312C2247445F58223A2D302E3031313134373832353937383639363334362C2247445F59223A302E3030343733333837333036353536313035362C2247445F5A223A302E3030323531393037393934393730363739332C2241445F58223A2D302E303033323335313331353032313531343839332C2241445F59223A302E3030323735323438383031333335363932342C2241445F5A223A2D302E31363832363234383136383934353331322C2254656D70447370223A302C22537461747573223A302C2243616C69625374617465223A312C22536967416D70496E76616C6964223A307D7D, 138 
05-27 18:18:17.854   536   536 D commservice260303: Push Message into SendPool fn=-328793344
05-27 18:18:17.854   536   536 D commservice260303: ComProtocolLibSend2Cluster::send2ClusterRaw fn=-328793344 , len=331
05-27 18:18:17.854   536   536 D commservice260303: sendCmdToPort :331!!!
05-27 18:18:17.854   536   536 D commservice260303: send Cmd To Port ++++5AA501478A01000367EC6A16C4E97B22636F6D6D616E64223A7B226964223A22696D755F737461747573222C22737562223A22227D2C22636F6E74656E74223A7B2254696D655374616D70223A382C224672616D65436F756E746572223A3230373534312C2247445F58223A2D302E3031313134373832353937383639363334362C2247445F59223A302E3030343733333837333036353536313035362C2247445F5A223A302E3030323531393037393934393730363739332C2241445F58223A2D302E303033323335313331353032313531343839332C2241445F59223A302E3030323735323438383031333335363932342C2241445F5A223A2D302E31363832363234383136383934353331322C2254656D70447370223A302C22537461747573223A302C2243616C69625374617465223A312C22536967416D70496E76616C6964223A307D7D4EAB
05-27 18:18:17.854   536   536 D commservice260303: bufferevent_write retrun value = 0
05-27 18:18:17.854   536   560 D commservice260303: client datas send succeed,send finish
05-27 18:18:17.855   299  1163 D EvsDriver: doneWithFrame
05-27 18:18:17.858 13911 14192 D Sentinelmode_1.2.5.17_sentry: <SentryImuClusterFgeSender>imu_status sent to Linux, frame=207541, tsNs=8965089, tsMs=8, intervalMs=55, ad=(-0.0032351315,0.002752488,-0.16826248), gd=(-0.011147826,0.004733873,0.00251908)
05-27 18:18:17.859   581   581 I SpiService: fgesysctrl_getGPIO_status success val=1
05-27 18:18:17.862 30773 30786 I dvr_service_: CameraX 0  audioOK: 128858118,audios:1910
05-27 18:18:17.865   581   581 I SpiService: fgesysctrl_getGPIO_status success val=1
05-27 18:18:17.865 13911 14183 I SentryImuMcuAngleSender: 179.96497rollDeg
05-27 18:18:17.865  1008 30857 D [OMXB]  : usingANWBuffer: handle:0xee743710, format:1, w:1920, h:1080
05-27 18:18:17.865 13911 14183 I SentryImuMcuAngleSender: 1,0,0
05-27 18:18:17.866 31906 31906 D adservices: Registering AdServices's TopicsManager.
05-27 18:18:17.870   299 30844 D EvsDriver: forwardFrame
05-27 18:18:17.870 31906 31906 D CompatibilityInfo: applyToConfigurationCompat inoutConfig.densityDpi= 160
05-27 18:18:17.871   581   581 I SpiService: fgesysctrl_getGPIO_status success val=1
05-27 18:18:17.870   299 30841 D EvsDriver: forwardFrame
05-27 18:18:17.872  1167  1184 D evsmanagerd: /dev/video4 forwarded the buffer #0 to 0xb4000074bf5f6850 from 0xb4000074bf5f41d0
05-27 18:18:17.873   299 30841 D EvsDriver: Delivered 0xb400007b7ca56a60 as id 0
05-27 18:18:17.873   299 30844 D EvsDriver: Delivered 0xb400007b7ca56900 as id 0
05-27 18:18:17.873  1167  1184 D evsmanagerd: /dev/video6 forwarded the buffer #0 to 0xb4000074bf5f5510 from 0xb4000074bf5f6d90
05-27 18:18:17.875   299  1163 D EvsDriver: doneWithFrame
05-27 18:18:17.876   299  1153 D EvsDriver: doneWithFrame
05-27 18:18:17.876   581   581 I SpiService: fgesysctrl_getGPIO_status success val=1
05-27 18:18:17.881   581   581 I SpiService: fgesysctrl_getGPIO_status success val=1
05-27 18:18:17.881 10188  7589 I DexManager: com.anwsdk.service loads from null-0 : 0 : /system/framework/javax.obex.jar
05-27 18:18:17.881 10188  7589 I DexManager: Could not find owning package for dex file: /system/framework/javax.obex.jar
05-27 18:18:17.886 13911 14183 I SentryImuMcuAngleSender: 179.98248rollDeg
05-27 18:18:17.886 13911 14183 I SentryImuMcuAngleSender: 1,0,0
05-27 18:18:17.887   581   581 I SpiService: fgesysctrl_getGPIO_status success val=0
05-27 18:18:17.890 31906 31906 W .service:remote: ClassLoaderContext shared library size mismatch. Expected=0, found=1 (PCL[] | PCL[]{PCL[/system/framework/javax.obex.jar*2267184930]})
05-27 18:18:17.891   536   536 D commservice260303: msg.id = 1028,1
05-27 18:18:17.891   536   536 D commservice260303: i = 170, msgid = 8A000404
05-27 18:18:17.891   536   536 D commservice260303: msgid = -1979710460,did=138
05-27 18:18:17.891   536   536 D commservice260303: CommProtocolLibCmdBaseI2C::dataproc {"command":{"id":"imu_status","sub":""},"content":{"TimeStamp":8,"FrameCounter":207542,"GD_X":-0.011300750076770782,"GD_Y":0.004505007527768612,"GD_Z":0.0020608289632946253,"AD_X":-0.00565589964389801,"AD_Y":3.012903034687042E-4,"AD_Z":-0.1694812774658203,"TempDsp":0,"Status":0,"CalibState":1,"SigAmpInvalid":0}},-1979710460
05-27 18:18:17.892   536   536 D commservice260303: send2Cluster len:313, 7B22636F6D6D616E64223A7B226964223A22696D755F737461747573222C22737562223A22227D2C22636F6E74656E74223A7B2254696D655374616D70223A382C224672616D65436F756E746572223A3230373534322C2247445F58223A2D302E3031313330303735303037363737303738322C2247445F59223A302E3030343530353030373532373736383631322C2247445F5A223A302E303032303630383238393633323934363235332C2241445F58223A2D302E30303536353538393936343338393830312C2241445F59223A332E303132393033303334363837303432452D342C2241445F5A223A2D302E313639343831323737343635383230332C2254656D70447370223A302C22537461747573223A302C2243616C69625374617465223A312C22536967416D70496E76616C6964223A307D7D, 138 
05-27 18:18:17.892   536   536 D commservice260303: Push Message into SendPool fn=-312016128
05-27 18:18:17.892   536   536 D commservice260303: ComProtocolLibSend2Cluster::send2ClusterRaw fn=-312016128 , len=329
05-27 18:18:17.892   536   536 D commservice260303: sendCmdToPort :329!!!
05-27 18:18:17.892   536   536 D commservice260303: send Cmd To Port ++++5AA501458A01000367ED6A16C4E97B22636F6D6D616E64223A7B226964223A22696D755F737461747573222C22737562223A22227D2C22636F6E74656E74223A7B2254696D655374616D70223A382C224672616D65436F756E746572223A3230373534322C2247445F58223A2D302E3031313330303735303037363737303738322C2247445F59223A302E3030343530353030373532373736383631322C2247445F5A223A302E303032303630383238393633323934363235332C2241445F58223A2D302E30303536353538393936343338393830312C2241445F59223A332E303132393033303334363837303432452D342C2241445F5A223A2D302E313639343831323737343635383230332C2254656D70447370223A302C22537461747573223A302C2243616C69625374617465223A312C22536967416D70496E76616C6964223A307D7D510A
05-27 18:18:17.892   536   536 D commservice260303: bufferevent_write retrun value = 0
05-27 18:18:17.892   536   560 D commservice260303: client datas send succeed,send finish
05-27 18:18:17.892   283   307 I rvcservice: t.code = 3, t.value = 0
05-27 18:18:17.892 13911 14192 D Sentinelmode_1.2.5.17_sentry: <SentryImuClusterFgeSender>imu_status sent to Linux, frame=207542, tsNs=8965125, tsMs=8, intervalMs=34, ad=(-0.0056558996,3.012903E-4,-0.16948128), gd=(-0.01130075,0.0045050075,0.002060829)
05-27 18:18:17.896 10188  7589 I DexManager: com.anwsdk.service loads from com.anwsdk.service-1 : 0 : /system/app/BluetoothExt/BluetoothExt.apk
05-27 18:18:17.897   299 30844 D EvsDriver: forwardFrame
05-27 18:18:17.897   299 30841 D EvsDriver: forwardFrame
05-27 18:18:17.900   299 30841 D EvsDriver: Delivered 0xb400007b7ca56a60 as id 0
05-27 18:18:17.900  1167  1167 D evsmanagerd: /dev/video4 forwarded the buffer #0 to 0xb4000074bf5f6850 from 0xb4000074bf5f41d0
05-27 18:18:17.901  1167  1167 D evsmanagerd: /dev/video6 forwarded the buffer #0 to 0xb4000074bf5f5510 from 0xb4000074bf5f6d90
05-27 18:18:17.901   299 30844 D EvsDriver: Delivered 0xb400007b7ca56900 as id 0
05-27 18:18:17.902   299  1153 D EvsDriver: doneWithFrame
05-27 18:18:17.903   581   581 I SpiService: fgesysctrl_getGPIO_status success val=1
05-27 18:18:17.906  1008 30856 D [OMXB]  : usingANWBuffer: handle:0xee745fa0, format:1, w:1920, h:1080
05-27 18:18:17.906   299  1153 D EvsDriver: doneWithFrame
05-27 18:18:17.906 13911 14183 I SentryImuMcuAngleSender: -179.99649rollDeg
05-27 18:18:17.906 13911 14183 I SentryImuMcuAngleSender: 1,0,0
05-27 18:18:17.908   581   581 I SpiService: fgesysctrl_getGPIO_status success val=1
05-27 18:18:17.911 31906 31906 D CompatibilityInfo: applyToConfigurationCompat inoutConfig.densityDpi= 160
05-27 18:18:17.914   581   581 I SpiService: fgesysctrl_getGPIO_status success val=1
05-27 18:18:17.920   581   581 I SpiService: fgesysctrl_getGPIO_status success val=1
05-27 18:18:17.925  1008 30857 D [OMXB]  : usingANWBuffer: handle:0xee742f80, format:1, w:1920, h:1080
05-27 18:18:17.926   581   581 I SpiService: fgesysctrl_getGPIO_status success val=0
05-27 18:18:17.927 13911 14183 I SentryImuMcuAngleSender: -179.993rollDeg
05-27 18:18:17.927 13911 14183 I SentryImuMcuAngleSender: 1,0,0
05-27 18:18:17.931   536   536 D commservice260303: msg.id = 1028,1
05-27 18:18:17.932   536   536 D commservice260303: i = 170, msgid = 8A000404
05-27 18:18:17.932   536   536 D commservice260303: msgid = -1979710460,did=138
05-27 18:18:17.932   536   536 D commservice260303: CommProtocolLibCmdBaseI2C::dataproc {"command":{"id":"imu_status","sub":""},"content":{"TimeStamp":8,"FrameCounter":207543,"GD_X":-0.011377211660146713,"GD_Y":0.004963258747011423,"GD_Z":0.002519079949706793,"AD_X":-0.0032112151384353638,"AD_Y":-0.003945524804294109,"AD_Z":-0.1688709259033203,"TempDsp":0,"Status":0,"CalibState":1,"SigAmpInvalid":0}},-1979710460
05-27 18:18:17.932   536   536 D commservice260303: send2Cluster len:315, 7B22636F6D6D616E64223A7B226964223A22696D755F737461747573222C22737562223A22227D2C22636F6E74656E74223A7B2254696D655374616D70223A382C224672616D65436F756E746572223A3230373534332C2247445F58223A2D302E3031313337373231313636303134363731332C2247445F59223A302E3030343936333235383734373031313432332C2247445F5A223A302E3030323531393037393934393730363739332C2241445F58223A2D302E303033323131323135313338343335333633382C2241445F59223A2D302E3030333934353532343830343239343130392C2241445F5A223A2D302E313638383730393235393033333230332C2254656D70447370223A302C22537461747573223A302C2243616C69625374617465223A312C22536967416D70496E76616C6964223A307D7D, 138 
05-27 18:18:17.932   536   536 D commservice260303: Push Message into SendPool fn=-295238912
05-27 18:18:17.932   536   536 D commservice260303: ComProtocolLibSend2Cluster::send2ClusterRaw fn=-295238912 , len=331
05-27 18:18:17.932   536   536 D commservice260303: sendCmdToPort :331!!!
05-27 18:18:17.932   536   536 D commservice260303: send Cmd To Port ++++5AA501478A01000367EE6A16C4E97B22636F6D6D616E64223A7B226964223A22696D755F737461747573222C22737562223A22227D2C22636F6E74656E74223A7B2254696D655374616D70223A382C224672616D65436F756E746572223A3230373534332C2247445F58223A2D302E3031313337373231313636303134363731332C2247445F59223A302E3030343936333235383734373031313432332C2247445F5A223A302E3030323531393037393934393730363739332C2241445F58223A2D302E303033323131323135313338343335333633382C2241445F59223A2D302E3030333934353532343830343239343130392C2241445F5A223A2D302E313638383730393235393033333230332C2254656D70447370223A302C22537461747573223A302C2243616C69625374617465223A312C22536967416D70496E76616C6964223A307D7D8B47
05-27 18:18:17.932   536   536 D commservice260303: bufferevent_write retrun value = 0
05-27 18:18:17.934 13911 14192 D Sentinelmode_1.2.5.17_sentry: <SentryImuClusterFgeSender>imu_status sent to Linux, frame=207543, tsNs=8965160, tsMs=8, intervalMs=42, ad=(-0.0032112151,-0.003945525,-0.16887093), gd=(-0.011377212,0.0049632587,0.00251908)
05-27 18:18:17.935   536   560 D commservice260303: client datas send succeed,send finish
05-27 18:18:17.935 11344 11344 E SystemUI_NavBarFragment: SysUIConfig.icCarServiceConnected：false
05-27 18:18:17.940 31906 31906 D libEGL  : <.service:remote>[setCacheFilename]: file=/data/user_de/0/com.anwsdk.service/code_cache/com.android.opengl.shaders_cache
05-27 18:18:17.941   581   581 I SpiService: fgesysctrl_getGPIO_status success val=1
05-27 18:18:17.941   299 30841 D EvsDriver: forwardFrame
05-27 18:18:17.942   299 30844 D EvsDriver: forwardFrame
05-27 18:18:17.942   299 30841 D EvsDriver: Delivered 0xb400007b7ca56a60 as id 0
05-27 18:18:17.943  1167  1167 D evsmanagerd: /dev/video4 forwarded the buffer #0 to 0xb4000074bf5f6850 from 0xb4000074bf5f41d0
05-27 18:18:17.943   299 30844 D EvsDriver: Delivered 0xb400007b7ca56900 as id 0
05-27 18:18:17.943  1167  1184 D evsmanagerd: /dev/video6 forwarded the buffer #0 to 0xb4000074bf5f5510 from 0xb4000074bf5f6d90
05-27 18:18:17.945  1008 30856 D [OMXB]  : usingANWBuffer: handle:0xee744fd0, format:1, w:1920, h:1080
05-27 18:18:17.945   572   622 I Sensors : 230 AccelSensor: x:-0.172019,y:0.002440,z:-9.973500
05-27 18:18:17.946   581   581 I SpiService: fgesysctrl_getGPIO_status success val=1
05-27 18:18:17.947   299  1153 D EvsDriver: doneWithFrame
05-27 18:18:17.947 13911 14183 I SentryImuMcuAngleSender: 179.98598rollDeg
05-27 18:18:17.947 13911 14183 I SentryImuMcuAngleSender: 1,0,0
05-27 18:18:17.948   299  1153 D EvsDriver: doneWithFrame
