05-27 18:18:17.362 12348 12448 E ExtUsbManager: 	at ts.car.usb.utils.AutoServiceConnector4Hidl.autoConnect(AutoServiceConnector4Hidl.java:47)
05-27 18:18:17.362 12348 12448 E ExtUsbManager: 	at ts.car.usb.utils.AutoServiceConnector4Hidl$$ExternalSyntheticLambda0.run(Unknown Source:2)
05-27 18:18:17.362 12348 12448 E ExtUsbManager: 	at android.os.Handler.handleCallback(Handler.java:942)
05-27 18:18:17.362 12348 12448 E ExtUsbManager: 	at android.os.Handler.dispatchMessage(Handler.java:99)
05-27 18:18:17.362 12348 12448 E ExtUsbManager: 	at android.os.Looper.loopOnce(Looper.java:201)
05-27 18:18:17.362 12348 12448 E ExtUsbManager: 	at android.os.Looper.loop(Looper.java:288)
05-27 18:18:17.362 12348 12448 E ExtUsbManager: 	at android.os.HandlerThread.run(HandlerThread.java:67)
05-27 18:18:17.367   299 30841 D EvsDriver: forwardFrame
05-27 18:18:17.369   299 30844 D EvsDriver: forwardFrame
05-27 18:18:17.369   299 30841 D EvsDriver: Delivered 0xb400007b7ca56a60 as id 0
05-27 18:18:17.369  1167  1167 D evsmanagerd: /dev/video4 forwarded the buffer #0 to 0xb4000074bf5f6850 from 0xb4000074bf5f41d0
05-27 18:18:17.371   581   581 I SpiService: fgesysctrl_getGPIO_status success val=1
05-27 18:18:17.372  1167  1167 D evsmanagerd: /dev/video6 forwarded the buffer #0 to 0xb4000074bf5f5510 from 0xb4000074bf5f6d90
05-27 18:18:17.373 31815 31843 D ANWStack: Realtek Bluetooth :01 01 10 00
05-27 18:18:17.374   299 30844 D EvsDriver: Delivered 0xb400007b7ca56900 as id 0
05-27 18:18:17.375   299  1153 D EvsDriver: doneWithFrame
05-27 18:18:17.375  1008 30856 D [OMXB]  : usingANWBuffer: handle:0xee747180, format:1, w:1920, h:1080
05-27 18:18:17.375   299  1153 D EvsDriver: doneWithFrame
05-27 18:18:17.377   581   581 I SpiService: fgesysctrl_getGPIO_status success val=1
05-27 18:18:17.377 13911 14183 I SentryImuMcuAngleSender: 179.97897rollDeg
05-27 18:18:17.377 13911 14183 I SentryImuMcuAngleSender: 1,0,0
05-27 18:18:17.380   351   515 W automotive.vehicle@2.0-adayo-func-bcm: BCMFunc sendMessageFromClient_l sendMessage prop: 0x11500f31 not in table
05-27 18:18:17.382   581   581 I SpiService: fgesysctrl_getGPIO_status success val=1
05-27 18:18:17.388   581   581 I SpiService: fgesysctrl_getGPIO_status success val=1
05-27 08:09:26.352   581   581 D spi_rst_gpio_get_output: GPIO 145 value: 1
05-27 08:09:26.352   581   581 D spidev_ioctl: gpio status=1)
05-27 18:18:17.389 31891 31891 I ADAYO_LOG_TRACE_LOGCAT: collect_dest_path:/mnt/log_data/AndroidLog/logcat
05-27 18:18:17.390   566 11459 I gps_hdbd: Received: '$GNGGA,003408.000,,,,,0,00,,,M,,M,,*69
'
05-27 18:18:17.391   283   307 I rvcservice: t.code = 7, t.value = 8964538
05-27 18:18:17.394   581   581 I SpiService: fgesysctrl_getGPIO_status success val=1
05-27 18:18:17.395   536   536 D commservice260303: msg.id = 1028,0
05-27 18:18:17.395   536   536 D commservice260303: i = 170, msgid = 8A000404
05-27 08:09:26.358   581   581 D spi_rst_gpio_get_output: GPIO 145 value: 1
05-27 08:09:26.358   581   581 D spidev_ioctl: gpio status=1)
05-27 18:18:17.395   536   536 D commservice260303: msgid = -1979710460,did=138
05-27 18:18:17.395   536   536 D commservice260303: CommProtocolLibCmdBaseI2C::dataproc {"command":{"id":"imu_status","sub":""},"content":{"TimeStamp":8,"FrameCounter":207530,"GD_X":-0.011453153565526009,"GD_Y":0.0051151420921087265,"GD_Z":0.0019848872907459736,"AD_X":-7.144659757614136E-4,"AD_Y":9.004697203636169E-4,"AD_Z":-0.1676502227783203,"TempDsp":0,"Status":0,"CalibState":1,"SigAmpInvalid":0}},-1979710460
05-27 18:18:17.395   536   536 D commservice260303: send2Cluster len:315, 7B22636F6D6D616E64223A7B226964223A22696D755F737461747573222C22737562223A22227D2C22636F6E74656E74223A7B2254696D655374616D70223A382C224672616D65436F756E746572223A3230373533302C2247445F58223A2D302E3031313435333135333536353532363030392C2247445F59223A302E303035313135313432303932313038373236352C2247445F5A223A302E303031393834383837323930373435393733362C2241445F58223A2D372E313434363539373537363134313336452D342C2241445F59223A392E303034363937323033363336313639452D342C2241445F5A223A2D302E313637363530323232373738333230332C2254656D70447370223A302C22537461747573223A302C2243616C69625374617465223A312C22536967416D70496E76616C6964223A307D7D, 138 
05-27 18:18:17.395   536   536 D commservice260303: Push Message into SendPool fn=-530119936
05-27 18:18:17.395   536   536 D commservice260303: ComProtocolLibSend2Cluster::send2ClusterRaw fn=-530119936 , len=331
05-27 18:18:17.395   536   536 D commservice260303: sendCmdToPort :331!!!
05-27 18:18:17.395   536   536 D commservice260303: send Cmd To Port ++++5AA501478A01000367E06A16C4E97B22636F6D6D616E64223A7B226964223A22696D755F737461747573222C22737562223A22227D2C22636F6E74656E74223A7B2254696D655374616D70223A382C224672616D65436F756E746572223A3230373533302C2247445F58223A2D302E3031313435333135333536353532363030392C2247445F59223A302E303035313135313432303932313038373236352C2247445F5A223A302E303031393834383837323930373435393733362C2241445F58223A2D372E313434363539373537363134313336452D342C2241445F59223A392E303034363937323033363336313639452D342C2241445F5A223A2D302E313637363530323232373738333230332C2254656D70447370223A302C22537461747573223A302C2243616C69625374617465223A312C22536967416D70496E76616C6964223A307D7DE802
05-27 18:18:17.395   536   536 D commservice260303: bufferevent_write retrun value = 0
05-27 18:18:17.395   536   560 D commservice260303: client datas send succeed,send finish
05-27 18:18:17.396 13911 14192 D Sentinelmode_1.2.5.17_sentry: <SentryImuClusterFgeSender>imu_status sent to Linux, frame=207530, tsNs=8964631, tsMs=8, intervalMs=35, ad=(-7.14466E-4,9.004697E-4,-0.16765022), gd=(-0.011453154,0.005115142,0.0019848873)
05-27 18:18:17.396   566 11459 I gps_hdbd: Received: '$GNGSA,A,1,,,,,,,,,,,,,,,,1*1D
'
05-27 18:18:17.397 13911 14183 I SentryImuMcuAngleSender: 179.97897rollDeg
05-27 18:18:17.397 13911 14183 I SentryImuMcuAngleSender: 1,0,0
05-27 18:18:17.397   299 30841 D EvsDriver: forwardFrame
05-27 18:18:17.399   299 30841 D EvsDriver: Delivered 0xb400007b7ca56a60 as id 0
05-27 18:18:17.399  1167  1167 D evsmanagerd: /dev/video4 forwarded the buffer #0 to 0xb4000074bf5f6850 from 0xb4000074bf5f41d0
05-27 18:18:17.400   581   581 I SpiService: fgesysctrl_getGPIO_status success val=0
05-27 18:18:17.403   566 11459 I gps_hdbd: Received: '$GNGSA,A,1,,,,,,,,,,,,,,,,3*1F
'
05-27 18:18:17.404  1008 30856 D [OMXB]  : usingANWBuffer: handle:0xee746c00, format:1, w:1920, h:1080
05-27 18:18:17.405   299 30844 D EvsDriver: forwardFrame
05-27 18:18:17.410   299  1153 D EvsDriver: doneWithFrame
05-27 18:18:17.412   566 11459 I gps_hdbd: Received: '$GNGSA,A,1,,,,,,,,,,,,,,,,4*18
'
05-27 18:18:17.414   566 11459 I gps_hdbd: Received: '$BDGSV,1,1,00,1*75
'
05-27 18:18:17.415   581   581 I SpiService: fgesysctrl_getGPIO_status success val=1
05-27 18:18:17.416   566 11459 I gps_hdbd: Received: '$BDGSV,1,1,00,5*71
'
05-27 08:09:26.380   581   581 D spi_rst_gpio_get_output: GPIO 145 value: 1
05-27 08:09:26.380   581   581 D spidev_ioctl: gpio status=1)
05-27 18:18:17.416  1167  1167 D evsmanagerd: /dev/video6 forwarded the buffer #0 to 0xb4000074bf5f5510 from 0xb4000074bf5f6d90
05-27 18:18:17.416   481   598 I mcuc    : rev,n=1,6AA681B493000B8300E00000000000000000CA
05-27 18:18:17.417   566 11459 I gps_hdbd: Received: '$GPGSV,1,1,01,199,42,165,,1*60
'
05-27 18:18:17.417   351   373 D automotive.vehicle@2.0-adayo-datacomm-mcu: MCUDatacomm sendMessageFromVehicle prop: 0x83, areaId: 0x0, status: 0x0, timestamp: 0x0
05-27 18:18:17.417   351   373 D automotive.vehicle@2.0-adayo-datacomm-mcu: MCUDatacomm 1sendMessageFromVehicle ---> type = 7 
05-27 18:18:17.417   351   373 I automotive.vehicle@2.0-adayo-func-mcu: MCUFunc :sendMessageFromVehicle  msgBuff[0] = 131 
05-27 18:18:17.417   351   373 I automotive.vehicle@2.0-adayo-func-mcu: MCUFunc :sendMessageFromVehicle  msgBuff[1] = 0 
05-27 18:18:17.417   351   373 I automotive.vehicle@2.0-adayo-func-mcu: MCUFunc :sendMessageFromVehicle  msgBuff[2] = 0 
05-27 18:18:17.417   351   373 I automotive.vehicle@2.0-adayo-func-mcu: MCUFunc :sendMessageFromVehicle  msgBuff[3] = 0 
05-27 18:18:17.417   351   373 I automotive.vehicle@2.0-adayo-func-mcu: MCUFunc :sendMessageFromVehicle  msgBuff[4] = 3 
05-27 18:18:17.417   351   373 I automotive.vehicle@2.0-adayo-func-mcu: MCUFunc :sendMessageFromVehicle  msgBuff[5] = 1 
05-27 18:18:17.417   351   373 I automotive.vehicle@2.0-adayo-func-mcu: MCUFunc :sendMessageFromVehicle  msgBuff[6] = 0 
05-27 18:18:17.417   351   373 I automotive.vehicle@2.0-adayo-func-mcu: MCUFunc :sendMessageFromVehicle  msgBuff[7] = 0 
05-27 18:18:17.417   351   373 I automotive.vehicle@2.0-adayo-func-mcu: MCUFunc :sendMessageFromVehicle  msgBuff[8] = 0 
05-27 18:18:17.417   351   373 I automotive.vehicle@2.0-adayo-func-mcu: MCUFunc :sendMessageFromVehicle  msgBuff[9] = 0 
05-27 18:18:17.417   351   373 I automotive.vehicle@2.0-adayo-func-mcu: MCUFunc :sendMessageFromVehicle  msgBuff[10] = 0 
05-27 18:18:17.417   351   373 I automotive.vehicle@2.0-adayo-func-mcu: MCUFunc :sendMessageFromVehicle  msgBuff[11] = 0 
05-27 18:18:17.417   351   373 I automotive.vehicle@2.0-adayo-func-mcu: MCUFunc :sendMessageFromVehicle  msgBuff[12] = 0 
05-27 18:18:17.417   351   373 I automotive.vehicle@2.0-adayo-func-mcu: MCUFunc :sendMessageFromVehicle  msgBuff[13] = 0 
05-27 18:18:17.417   351   373 I automotive.vehicle@2.0-adayo-func-mcu: MCUFunc :sendMessageFromVehicle  msgBuff[14] = 0 
05-27 18:18:17.417   351   373 I automotive.vehicle@2.0-adayo-func-mcu: MCUFunc :sendMessageFromVehicle  msgBuff[15] = 0 
05-27 18:18:17.417   351   373 I automotive.vehicle@2.0-adayo-func-mcu: MCUFunc :sendMessageFromVehicle  msgBuff[16] = 0 
05-27 18:18:17.418 13911 14183 I SentryImuMcuAngleSender: 179.98248rollDeg
05-27 18:18:17.418 13911 14183 I SentryImuMcuAngleSender: 1,0,0
05-27 18:18:17.419   481   598 I mcuc    : rev,n=2,6AA681B49400038415009B
05-27 18:18:17.419   566 11459 I gps_hdbd: Received: '$GPGSV,1,1,00,8*6D
'
05-27 18:18:17.421   581   581 I SpiService: fgesysctrl_getGPIO_status success val=1
05-27 18:18:17.421   566 11459 I gps_hdbd: Received: '$GAGSV,1,1,00,7*73
'
05-27 18:18:17.421   481   598 I mcuc    : rev,n=3,6AA681B495008C8305000055000000B000000000000100010000BC5666B187434D668B6687718B668ACD0F668BB200B87A32017400000000040000B3000000000000000000000000000000B44300000000000300000000000000AA000000E40701010000000000000000BB06050507EA051B000008009403CB00CC000000000000000000000000000000B50000000000000000AA
05-27 18:18:17.421   299  1153 D EvsDriver: doneWithFrame
05-27 18:18:17.422   299 30844 D EvsDriver: Delivered 0xb400007b7ca56900 as id 0
05-27 18:18:17.423   351   373 D automotive.vehicle@2.0-adayo-datacomm-mcu: MCUDatacomm sendMessageFromVehicle prop: 0x83, areaId: 0x5, status: 0x0, timestamp: 0x0
05-27 18:18:17.423   481   598 I mcuc    : rev,n=4,6AA681B4960014890069060003080101010101010101010103FF0111
05-27 18:18:17.424   351   373 D automotive.vehicle@2.0-adayo-datacomm-mcu: MCUDatacomm 1sendMessageFromVehicle ---> type = 7 
05-27 18:18:17.424   351   373 I automotive.vehicle@2.0-adayo-func-mcu: MCUFunc :sendMessageFromVehicle  msgBuff[0] = 131 
05-27 18:18:17.424   351   373 I automotive.vehicle@2.0-adayo-func-mcu: MCUFunc :sendMessageFromVehicle  msgBuff[1] = 5 
05-27 18:18:17.424   351   373 I automotive.vehicle@2.0-adayo-func-mcu: MCUFunc :sendMessageFromVehicle  msgBuff[2] = 0 
05-27 18:18:17.424   351   373 I automotive.vehicle@2.0-adayo-func-mcu: MCUFunc :sendMessageFromVehicle  msgBuff[3] = 0 
05-27 18:18:17.424   351   373 I automotive.vehicle@2.0-adayo-func-mcu: MCUFunc :sendMessageFromVehicle  msgBuff[4] = 85 
05-27 18:18:17.424   351   373 I automotive.vehicle@2.0-adayo-func-mcu: MCUFunc :sendMessageFromVehicle  msgBuff[5] = 0 
05-27 18:18:17.424   351   373 D automotive.vehicle@2.0-adayo-datacomm-mcu: MCUDatacomm sendMessageFromVehicle prop: 0x89, areaId: 0x0, status: 0x69, timestamp: 0x6
05-27 18:18:17.424   351   373 D automotive.vehicle@2.0-adayo-datacomm-mcu: MCUDatacomm 1sendMessageFromVehicle ---> type = 3 
05-27 18:18:17.424   351   373 D automotive.vehicle@2.0-adayo-func-bcm: sendMessageFromVehicle sendMessageFromVehicle
05-27 18:18:17.424   351   516 D automotive.vehicle@2.0-adayo-func-bcm: jjfan1 ______procotolSize :13
05-27 18:18:17.424   351   516 D automotive.vehicle@2.0-adayo-func-bcm: BCMFunc sendMessageFromVehicle_l dataType: 12,mByte=7,propid=0x21400056
05-27 18:18:17.424   351   516 D automotive.vehicle@2.0-adayo-func-bcm: BCMFunc sendMessageFromVehicle_l msgBuff[7]=0x1,start:0,len:8,temp:8,
05-27 18:18:17.424   351   516 D automotive.vehicle@2.0-adayo-func-bcm: BCMFunc sendMessageFromVehicle_l prop: 0x21400056 ,areaId: 0x0  SPLITE_BIT_DATA_INTEGER : 1
05-27 18:18:17.424   351   516 D automotive.vehicle@2.0-adayo-func-bcm: BCMFunc sendMessageFromVehicle_l id:557842518, area:0 not report! 
05-27 18:18:17.424   351   516 D automotive.vehicle@2.0-adayo-func-bcm: BCMFunc sendMessageFromVehicle_l dataType: 12,mByte=8,propid=0x21400057
05-27 18:18:17.424   351   516 D automotive.vehicle@2.0-adayo-func-bcm: BCMFunc sendMessageFromVehicle_l msgBuff[8]=0x1,start:0,len:8,temp:8,
05-27 18:18:17.424   351   516 D automotive.vehicle@2.0-adayo-func-bcm: BCMFunc sendMessageFromVehicle_l prop: 0x21400057 ,areaId: 0x0  SPLITE_BIT_DATA_INTEGER : 1
05-27 18:18:17.424   351   516 D automotive.vehicle@2.0-adayo-func-bcm: BCMFunc sendMessageFromVehicle_l id:557842519, area:0 not report! 
05-27 18:18:17.424   351   516 D automotive.vehicle@2.0-adayo-func-bcm: BCMFunc sendMessageFromVehicle_l dataType: 12,mByte=9,propid=0x21400058
05-27 18:18:17.424   351   516 D automotive.vehicle@2.0-adayo-func-bcm: BCMFunc sendMessageFromVehicle_l msgBuff[9]=0x1,start:0,len:8,temp:8,
05-27 18:18:17.425   351   516 D automotive.vehicle@2.0-adayo-func-bcm: BCMFunc sendMessageFromVehicle_l prop: 0x21400058 ,areaId: 0x0  SPLITE_BIT_DATA_INTEGER : 1
05-27 18:18:17.425   351   516 D automotive.vehicle@2.0-adayo-func-bcm: BCMFunc sendMessageFromVehicle_l id:557842520, area:0 not report! 
05-27 18:18:17.425   351   516 D automotive.vehicle@2.0-adayo-func-bcm: BCMFunc sendMessageFromVehicle_l dataType: 12,mByte=10,propid=0x21400059
05-27 18:18:17.425   351   516 D automotive.vehicle@2.0-adayo-func-bcm: BCMFunc sendMessageFromVehicle_l msgBuff[10]=0x1,start:0,len:8,temp:8,
05-27 18:18:17.425   351   516 D automotive.vehicle@2.0-adayo-func-bcm: BCMFunc sendMessageFromVehicle_l prop: 0x21400059 ,areaId: 0x0  SPLITE_BIT_DATA_INTEGER : 1
05-27 18:18:17.425   351   516 D automotive.vehicle@2.0-adayo-func-bcm: BCMFunc sendMessageFromVehicle_l id:557842521, area:0 not report! 
05-27 18:18:17.425   351   516 D automotive.vehicle@2.0-adayo-func-bcm: BCMFunc sendMessageFromVehicle_l dataType: 12,mByte=11,propid=0x2140005a
05-27 18:18:17.425   351   516 D automotive.vehicle@2.0-adayo-func-bcm: BCMFunc sendMessageFromVehicle_l msgBuff[11]=0x1,start:0,len:8,temp:8,
05-27 18:18:17.425   351   516 D automotive.vehicle@2.0-adayo-func-bcm: BCMFunc sendMessageFromVehicle_l prop: 0x2140005a ,areaId: 0x0  SPLITE_BIT_DATA_INTEGER : 1
05-27 18:18:17.425   351   516 D automotive.vehicle@2.0-adayo-func-bcm: BCMFunc sendMessageFromVehicle_l id:557842522, area:0 not report! 
05-27 18:18:17.425   351   516 D automotive.vehicle@2.0-adayo-func-bcm: BCMFunc sendMessageFromVehicle_l dataType: 12,mByte=12,propid=0x2140005b
05-27 18:18:17.425   351   516 D automotive.vehicle@2.0-adayo-func-bcm: BCMFunc sendMessageFromVehicle_l msgBuff[12]=0x1,start:0,len:8,temp:8,
05-27 18:18:17.425   351   516 D automotive.vehicle@2.0-adayo-func-bcm: BCMFunc sendMessageFromVehicle_l prop: 0x2140005b ,areaId: 0x0  SPLITE_BIT_DATA_INTEGER : 1
05-27 18:18:17.425   351   516 D automotive.vehicle@2.0-adayo-func-bcm: BCMFunc sendMessageFromVehicle_l id:557842523, area:0 not report! 
05-27 18:18:17.425   351   516 D automotive.vehicle@2.0-adayo-func-bcm: BCMFunc sendMessageFromVehicle_l dataType: 12,mByte=13,propid=0x2140005c
05-27 18:18:17.425   351   516 D automotive.vehicle@2.0-adayo-func-bcm: BCMFunc sendMessageFromVehicle_l msgBuff[13]=0x1,start:0,len:8,temp:8,
05-27 18:18:17.425   351   516 D automotive.vehicle@2.0-adayo-func-bcm: BCMFunc sendMessageFromVehicle_l prop: 0x2140005c ,areaId: 0x0  SPLITE_BIT_DATA_INTEGER : 1
05-27 18:18:17.425   351   516 D automotive.vehicle@2.0-adayo-func-bcm: BCMFunc sendMessageFromVehicle_l id:557842524, area:0 not report! 
05-27 18:18:17.425   351   516 D automotive.vehicle@2.0-adayo-func-bcm: BCMFunc sendMessageFromVehicle_l dataType: 12,mByte=14,propid=0x2140005d
05-27 18:18:17.425   351   516 D automotive.vehicle@2.0-adayo-func-bcm: BCMFunc sendMessageFromVehicle_l msgBuff[14]=0x1,start:0,len:8,temp:8,
05-27 18:18:17.425   351   516 D automotive.vehicle@2.0-adayo-func-bcm: BCMFunc sendMessageFromVehicle_l prop: 0x2140005d ,areaId: 0x0  SPLITE_BIT_DATA_INTEGER : 1
05-27 18:18:17.425   351   516 D automotive.vehicle@2.0-adayo-func-bcm: BCMFunc sendMessageFromVehicle_l id:557842525, area:0 not report! 
05-27 18:18:17.425   351   516 D automotive.vehicle@2.0-adayo-func-bcm: BCMFunc sendMessageFromVehicle_l dataType: 12,mByte=15,propid=0x2140005e
05-27 18:18:17.425   351   516 D automotive.vehicle@2.0-adayo-func-bcm: BCMFunc sendMessageFromVehicle_l msgBuff[15]=0x1,start:0,len:8,temp:8,
05-27 18:18:17.425   351   516 D automotive.vehicle@2.0-adayo-func-bcm: BCMFunc sendMessageFromVehicle_l prop: 0x2140005e ,areaId: 0x0  SPLITE_BIT_DATA_INTEGER : 1
05-27 18:18:17.425   351   516 D automotive.vehicle@2.0-adayo-func-bcm: BCMFunc sendMessageFromVehicle_l id:557842526, area:0 not report! 
05-27 18:18:17.425   351   516 D automotive.vehicle@2.0-adayo-func-bcm: BCMFunc sendMessageFromVehicle_l dataType: 12,mByte=16,propid=0x2140005f
05-27 18:18:17.425   351   516 D automotive.vehicle@2.0-adayo-func-bcm: BCMFunc sendMessageFromVehicle_l msgBuff[16]=0x1,start:0,len:8,temp:8,
05-27 18:18:17.425   351   516 D automotive.vehicle@2.0-adayo-func-bcm: BCMFunc sendMessageFromVehicle_l prop: 0x2140005f ,areaId: 0x0  SPLITE_BIT_DATA_INTEGER : 1
05-27 18:18:17.425  1008 30857 D [OMXB]  : usingANWBuffer: handle:0xee7427f0, format:1, w:1920, h:1080
05-27 18:18:17.425   351   516 D automotive.vehicle@2.0-adayo-func-bcm: BCMFunc sendMessageFromVehicle_l id:557842527, area:0 not report! 
05-27 18:18:17.425   351   516 D automotive.vehicle@2.0-adayo-func-bcm: BCMFunc sendMessageFromVehicle_l dataType: 12,mByte=17,propid=0x21400060
05-27 18:18:17.425   351   516 D automotive.vehicle@2.0-adayo-func-bcm: BCMFunc sendMessageFromVehicle_l msgBuff[17]=0x3,start:0,len:8,temp:8,
05-27 18:18:17.425   351   516 D automotive.vehicle@2.0-adayo-func-bcm: BCMFunc sendMessageFromVehicle_l prop: 0x21400060 ,areaId: 0x0  SPLITE_BIT_DATA_INTEGER : 3
05-27 18:18:17.425   351   516 D automotive.vehicle@2.0-adayo-func-bcm: BCMFunc sendMessageFromVehicle_l id:557842528, area:0 not report! 
05-27 18:18:17.425   351   516 D automotive.vehicle@2.0-adayo-func-bcm: BCMFunc sendMessageFromVehicle_l dataType: 12,mByte=18,propid=0x21400061
05-27 18:18:17.426   351   516 D automotive.vehicle@2.0-adayo-func-bcm: BCMFunc sendMessageFromVehicle_l msgBuff[18]=0xff,start:0,len:8,temp:8,
05-27 18:18:17.426   351   516 D automotive.vehicle@2.0-adayo-func-bcm: BCMFunc sendMessageFromVehicle_l prop: 0x21400061 ,areaId: 0x0  SPLITE_BIT_DATA_INTEGER : 255
05-27 18:18:17.426   351   516 D automotive.vehicle@2.0-adayo-func-bcm: BCMFunc sendMessageFromVehicle_l id:557842529, area:0 not report! 
05-27 18:18:17.426   351   516 D automotive.vehicle@2.0-adayo-func-bcm: BCMFunc sendMessageFromVehicle_l dataType: 12,mByte=19,propid=0x2140010a
05-27 18:18:17.426   351   516 D automotive.vehicle@2.0-adayo-func-bcm: BCMFunc sendMessageFromVehicle_l msgBuff[19]=0x1,start:0,len:8,temp:8,
05-27 18:18:17.426   351   516 D automotive.vehicle@2.0-adayo-func-bcm: BCMFunc sendMessageFromVehicle_l prop: 0x2140010a ,areaId: 0x0  SPLITE_BIT_DATA_INTEGER : 1
05-27 18:18:17.426   351   516 D automotive.vehicle@2.0-adayo-func-bcm: BCMFunc sendMessageFromVehicle_l id:557842698, area:0 not report! 
05-27 18:18:17.427   581   581 I SpiService: fgesysctrl_getGPIO_status success val=1
05-27 18:18:17.428   566 11459 I gps_hdbd: Received: '$GAGSV,1,1,00,1*75
'
05-27 18:18:17.430   566 11459 I gps_hdbd: Received: '$GNRMC,003408.000,V,,,,,,,270526,120.0,E,N,V*4A
'
05-27 18:18:17.432  1083  1083 W MyAppLog: [2026-05-27 18:18:17.431 W tboxap gpsSyncGpsInfoToDm:361] [Gps] [gpsSyncGpsInfoToDm] fix=0 mode=49 corner:0x01 alt=0.00 sat=0 hdop=0.00 pdop=0.00 vdop=0.00
05-27 18:18:17.433   566 11459 I gps_hdbd: RMC : CALL gnss_sv_status_cb, view_in_sat <1>
05-27 18:18:17.433   581   581 I SpiService: fgesysctrl_getGPIO_status success val=1
05-27 18:18:17.433   566 11459 I gps_hdbd: [reportSvStatus]--->PLATFORM_BSP::Enter
05-27 18:18:17.435   566 11459 I gps_hdbd: hy abnormal deal:hy_cnr30_satellite_cnt=0
05-27 18:18:17.435   566 11459 D gps_hdbd: hy abnormal deal:hy_fixStatus_fail_count=0
05-27 18:18:17.435   536   536 D commservice260303: msg.id = 1028,1
05-27 18:18:17.435   536   536 D commservice260303: i = 170, msgid = 8A000404
05-27 18:18:17.435   536   536 D commservice260303: msgid = -1979710460,did=138
05-27 18:18:17.435   536   536 D commservice260303: CommProtocolLibCmdBaseI2C::dataproc {"command":{"id":"imu_status","sub":""},"content":{"TimeStamp":8,"FrameCounter":207531,"GD_X":-0.011453153565526009,"GD_Y":0.004352083895355463,"GD_Z":0.0019848872907459736,"AD_X":0.0017010420560836792,"AD_Y":8.969479240477085E-4,"AD_Z":-0.16826248168945312,"TempDsp":0,"Status":0,"CalibState":1,"SigAmpInvalid":0}},-1979710460
05-27 18:18:17.436   536   536 D commservice260303: send2Cluster len:315, 7B22636F6D6D616E64223A7B226964223A22696D755F737461747573222C22737562223A22227D2C22636F6E74656E74223A7B2254696D655374616D70223A382C224672616D65436F756E746572223A3230373533312C2247445F58223A2D302E3031313435333135333536353532363030392C2247445F59223A302E3030343335323038333839353335353436332C2247445F5A223A302E303031393834383837323930373435393733362C2241445F58223A302E303031373031303432303536303833363739322C2241445F59223A382E393639343739323430343737303835452D342C2241445F5A223A2D302E31363832363234383136383934353331322C2254656D70447370223A302C22537461747573223A302C2243616C69625374617465223A312C22536967416D70496E76616C6964223A307D7D, 138 
05-27 18:18:17.436   536   536 D commservice260303: Push Message into SendPool fn=-513342720
05-27 18:18:17.436   536   536 D commservice260303: ComProtocolLibSend2Cluster::send2ClusterRaw fn=-513342720 , len=331
05-27 18:18:17.436   536   536 D commservice260303: sendCmdToPort :331!!!
05-27 18:18:17.436   566 11459 I gps_hdbd: Received: '$GNZDA,003408.000,27,05,2026,00,00*41
'
05-27 18:18:17.436   536   536 D commservice260303: send Cmd To Port ++++5AA501478A01000367E16A16C4E97B22636F6D6D616E64223A7B226964223A22696D755F737461747573222C22737562223A22227D2C22636F6E74656E74223A7B2254696D655374616D70223A382C224672616D65436F756E746572223A3230373533312C2247445F58223A2D302E3031313435333135333536353532363030392C2247445F59223A302E3030343335323038333839353335353436332C2247445F5A223A302E303031393834383837323930373435393733362C2241445F58223A302E303031373031303432303536303833363739322C2241445F59223A382E393639343739323430343737303835452D342C2241445F5A223A2D302E31363832363234383136383934353331322C2254656D70447370223A302C22537461747573223A302C2243616C69625374617465223A312C22536967416D70496E76616C6964223A307D7DB75A
05-27 18:18:17.436   536   536 D commservice260303: bufferevent_write retrun value = 0
05-27 18:18:17.436   536   560 D commservice260303: client datas send succeed,send finish
05-27 18:18:17.436   299 30841 D EvsDriver: forwardFrame
05-27 18:18:17.438  1167  1167 D evsmanagerd: /dev/video4 forwarded the buffer #0 to 0xb4000074bf5f6850 from 0xb4000074bf5f41d0
05-27 18:18:17.438   299 30841 D EvsDriver: Delivered 0xb400007b7ca56a60 as id 0
05-27 18:18:17.439   299 30844 D EvsDriver: forwardFrame
05-27 18:18:17.439 13911 14183 I SentryImuMcuAngleSender: 179.97897rollDeg
05-27 18:18:17.439 13911 14183 I SentryImuMcuAngleSender: 1,0,0
05-27 18:18:17.441  1167  1184 D evsmanagerd: /dev/video6 forwarded the buffer #0 to 0xb4000074bf5f5510 from 0xb4000074bf5f6d90
05-27 18:18:17.441   299 30844 D EvsDriver: Delivered 0xb400007b7ca56900 as id 0
05-27 18:18:17.441   581   581 I SpiService: fgesysctrl_getGPIO_status success val=0
05-27 18:18:17.441   481   597 I mcuc    : send SPI:6AA602B49300028300326AA602B494000284151B6AA602B495000283052B6AA602B4960002890029
05-27 18:18:17.442  1008 30856 D [OMXB]  : usingANWBuffer: handle:0xee740220, format:1, w:1920, h:1080
05-27 18:18:17.444   299  1153 D EvsDriver: doneWithFrame
05-27 18:18:17.450   566 11459 I gps_hdbd: Received: '$GNINS,1,1,TYPE,I,V,003408.000,17559000,FUS,-16,0,0,0,MOT,V,1,PATT,0.00,0.00,0.00,VEL,0.000,0.000,0.000,POS,40.0001330924,116.0001570688,84.176,IIA,1,0.00,0.00,0.00,BGA,0.31,-0.66,-0.13,0.000,0.000,0.000,IGA,0,-1,0,0,-2,98,VG,16c2ff1*27
'
05-27 08:09:26.406   581   581 D spi_rst_gpio_get_output: GPIO 145 value: 0
05-27 08:09:26.406   581   581 D spidev_ioctl: gpio status=0)
05-27 08:09:26.411 31893 31893 W audit   : audit_lost=23795 audit_rate_limit=5 audit_backlog_limit=64
05-27 08:09:26.411 31893 31893 E audit   : rate limit exceeded
05-27 18:18:17.455   566 11459 I gps_hdbd: Received: '$GNINS,CARSPEED,ADR_STATUS,0,Pulse_count,0,1,0,0,17559000,89440,0.000,0.000,0.000*38
'
05-27 18:18:17.455   299  1153 D EvsDriver: doneWithFrame
05-27 18:18:17.457   481   598 I mcuc    : rev,n=1,6AA681B497000A8900C40104090312345630
05-27 18:18:17.458   351   373 D automotive.vehicle@2.0-adayo-datacomm-mcu: MCUDatacomm sendMessageFromVehicle prop: 0x89, areaId: 0x0, status: 0xc4, timestamp: 0x1
05-27 18:18:17.458   351   373 D automotive.vehicle@2.0-adayo-datacomm-mcu: MCUDatacomm 1sendMessageFromVehicle ---> type = 12 
05-27 18:18:17.458   581   581 I SpiService: fgesysctrl_getGPIO_status success val=1
05-27 18:18:17.458  1121  1144 I tboxmids_ap: [2026-05-27 18:18:17.458] [MCU RX] src=MCU dst=ZMQ len=10 type=BINARY data=00 08 C4 01 04 09 03 12 34 56 
05-27 08:09:26.428   581   581 D spi_rst_gpio_get_output: GPIO 145 value: 1
05-27 08:09:26.428   581   581 D spidev_ioctl: gpio status=1)
05-27 18:18:17.459 13911 14183 I SentryImuMcuAngleSender: 179.97897rollDeg
05-27 18:18:17.460 13911 14183 I SentryImuMcuAngleSender: 1,0,0
05-27 18:18:17.460   481   598 I mcuc    : rev,n=2,6AA681B498001B89006A0600030E3031323334353637383941424344454647004D6672
05-27 18:18:17.460  1083  1083 I MyAppLog: [2026-05-27 18:18:17.459 I tboxap mcuCommTboxmidsRecvCb:97] [Mcu] [mcuCommTboxmidsRecvCb] recv from tboxmids, size:10
05-27 18:18:17.460  1083  1083 I MyAppLog: [2026-05-27 18:18:17.459 I tboxap mcuCommTboxmidsRecvCb:98] [Mcu] [tboxmids -> tboxap]: :00 08 C4 01 04 09 03 12 34 56
05-27 18:18:17.460  1083  1083 I MyAppLog: [2026-05-27 18:18:17.459 I tboxap mcuPtlParseData:990] [Mcu] [Mcu  Parse]: (cmd):0903 (param):0903123456
05-27 18:18:17.460  1083  1083 W MyAppLog: [2026-05-27 18:18:17.459 W tboxap mcuParamDataRevPack:918] [Mcu] mcuParamDataRevPack start pack data!!!
05-27 18:18:17.460   351   373 D automotive.vehicle@2.0-adayo-datacomm-mcu: MCUDatacomm sendMessageFromVehicle prop: 0x89, areaId: 0x0, status: 0x6a, timestamp: 0x6
05-27 18:18:17.460  1083  1083 W MyAppLog: [2026-05-27 18:18:17.459 W tboxap mcuHandlePowerResultInd:1777] [Mcu] [mcuHandlePowerResultInd] recv 0x0903 power result type:0x12 result:0x34
05-27 18:18:17.460   351   373 D automotive.vehicle@2.0-adayo-datacomm-mcu: MCUDatacomm 1sendMessageFromVehicle ---> type = 3 
05-27 18:18:17.460   351   373 D automotive.vehicle@2.0-adayo-func-bcm: sendMessageFromVehicle sendMessageFromVehicle
05-27 18:18:17.460   351   516 D automotive.vehicle@2.0-adayo-func-bcm: jjfan1 ______procotolSize :1
05-27 18:18:17.460   351   516 D automotive.vehicle@2.0-adayo-func-bcm: BCMFunc sendMessageFromVehicle_l dataType: 13,mByte=7,propid=0x2110001a
05-27 18:18:17.460   351   516 D automotive.vehicle@2.0-adayo-func-bcm: BCMFunc VEHICLE_VIN_CODE111 0x2110001a 
05-27 18:18:17.460   351   516 E automotive.vehicle@2.0-adayo-func-bcm: byteArrayToASCIIString, index 7 hex: 30, ascii: 0
05-27 18:18:17.460   351   516 E automotive.vehicle@2.0-adayo-func-bcm: byteArrayToASCIIString, index 8 hex: 31, ascii: 01
05-27 18:18:17.460   351   516 E automotive.vehicle@2.0-adayo-func-bcm: byteArrayToASCIIString, index 9 hex: 32, ascii: 012
05-27 18:18:17.460   351   516 E automotive.vehicle@2.0-adayo-func-bcm: byteArrayToASCIIString, index 10 hex: 33, ascii: 0123
05-27 18:18:17.460   351   516 E automotive.vehicle@2.0-adayo-func-bcm: byteArrayToASCIIString, index 11 hex: 34, ascii: 01234
05-27 18:18:17.460   351   516 E automotive.vehicle@2.0-adayo-func-bcm: byteArrayToASCIIString, index 12 hex: 35, ascii: 012345
05-27 18:18:17.461   351   516 E automotive.vehicle@2.0-adayo-func-bcm: byteArrayToASCIIString, index 13 hex: 36, ascii: 0123456
05-27 18:18:17.461   351   516 E automotive.vehicle@2.0-adayo-func-bcm: byteArrayToASCIIString, index 14 hex: 37, ascii: 01234567
05-27 18:18:17.461   351   516 E automotive.vehicle@2.0-adayo-func-bcm: byteArrayToASCIIString, index 15 hex: 38, ascii: 012345678
05-27 18:18:17.461   351   516 E automotive.vehicle@2.0-adayo-func-bcm: byteArrayToASCIIString, index 16 hex: 39, ascii: 0123456789
05-27 18:18:17.461   351   516 E automotive.vehicle@2.0-adayo-func-bcm: byteArrayToASCIIString, index 17 hex: 41, ascii: 0123456789A
05-27 18:18:17.461   351   516 E automotive.vehicle@2.0-adayo-func-bcm: byteArrayToASCIIString, index 18 hex: 42, ascii: 0123456789AB
05-27 18:18:17.461   351   516 E automotive.vehicle@2.0-adayo-func-bcm: byteArrayToASCIIString, index 19 hex: 43, ascii: 0123456789ABC
05-27 18:18:17.461   351   516 E automotive.vehicle@2.0-adayo-func-bcm: byteArrayToASCIIString, index 20 hex: 44, ascii: 0123456789ABCD
05-27 18:18:17.461   351   516 E automotive.vehicle@2.0-adayo-func-bcm: byteArrayToASCIIString, index 21 hex: 45, ascii: 0123456789ABCDE
05-27 18:18:17.461   351   516 E automotive.vehicle@2.0-adayo-func-bcm: byteArrayToASCIIString, index 22 hex: 46, ascii: 0123456789ABCDEF
05-27 18:18:17.461   351   516 E automotive.vehicle@2.0-adayo-func-bcm: byteArrayToASCIIString, index 23 hex: 47, ascii: 0123456789ABCDEFG
05-27 18:18:17.461   351   516 D automotive.vehicle@2.0-adayo-func-bcm: BCMFunc VEHICLE_VIN_CODE222 0x2110001a ,value:0123456789ABCDEFG
05-27 18:18:17.461   351   516 D automotive.vehicle@2.0-adayo-func-bcm: BCMFunc sendMessageFromVehicle_l id:554696730, area:0 not report! 
05-27 18:18:17.462 13911 14192 D Sentinelmode_1.2.5.17_sentry: <SentryImuClusterFgeSender>imu_status sent to Linux, frame=207531, tsNs=8964677, tsMs=8, intervalMs=66, ad=(0.001701042,8.969479E-4,-0.16826248), gd=(-0.011453154,0.004352084,0.0019848873)
05-27 18:18:17.462   566 11459 I gps_hdbd: Received: '$GNTXT,04,01,04,INS,V,1,,,,FLG,1,000000,1,0,1,0,0,Con,0*71
'
05-27 18:18:17.464   581   581 I SpiService: fgesysctrl_getGPIO_status success val=1
05-27 18:18:17.464   299 30844 D EvsDriver: forwardFrame
05-27 18:18:17.466  1167  1167 D evsmanagerd: /dev/video6 forwarded the buffer #0 to 0xb4000074bf5f5510 from 0xb4000074bf5f6d90
05-27 18:18:17.466   299 30844 D EvsDriver: Delivered 0xb400007b7ca56900 as id 0
05-27 18:18:17.466   566 11459 I gps_hdbd: Received: '$GNTXT,INSTALL,0.00,0.00,0.00,0.00,0.00,0.00,0*20
'
05-27 18:18:17.466   299 30841 D EvsDriver: forwardFrame
05-27 18:18:17.468  1167  1167 D evsmanagerd: /dev/video4 forwarded the buffer #0 to 0xb4000074bf5f6850 from 0xb4000074bf5f41d0
05-27 18:18:17.469   299 30841 D EvsDriver: Delivered 0xb400007b7ca56a60 as id 0
05-27 18:18:17.469 30773 30773 E dvr_service_: [myNum:1] Received S**** loss
05-27 18:18:17.469   581   581 I SpiService: fgesysctrl_getGPIO_status success val=1
05-27 18:18:17.469   299  1153 D EvsDriver: doneWithFrame
05-27 18:18:17.470 30773 30773 E dvr_service_: [myNum:0] Received S**** loss
05-27 08:09:26.445   581   581 D spi_rst_gpio_get_output: GPIO 145 value: 0
05-27 18:18:17.470   299  1153 D EvsDriver: doneWithFrame
05-27 18:18:17.470  1008 30856 D [OMXB]  : usingANWBuffer: handle:0xee746310, format:1, w:1920, h:1080
05-27 18:18:17.472   572   572 I Sensors : 230 GyroSensor: x:-0.011377,y:0.005039,z:0.002214
05-27 18:18:17.475   581   581 I SpiService: fgesysctrl_getGPIO_status success val=1
05-27 18:18:17.475   536   536 D commservice260303: msg.id = 1028,0
05-27 18:18:17.475   536   536 D commservice260303: i = 170, msgid = 8A000404
05-27 18:18:17.475   536   536 D commservice260303: msgid = -1979710460,did=138
05-27 18:18:17.475   536   536 D commservice260303: CommProtocolLibCmdBaseI2C::dataproc {"command":{"id":"imu_status","sub":""},"content":{"TimeStamp":8,"FrameCounter":207532,"GD_X":-0.010841978713870049,"GD_Y":0.005420989356935024,"GD_Z":0.0023671966046094894,"AD_X":-7.682442665100098E-4,"AD_Y":8.868826553225517E-4,"AD_Z":-0.1719207763671875,"TempDsp":0,"Status":0,"CalibState":1,"SigAmpInvalid":0}},-1979710460
05-27 18:18:17.475   536   536 D commservice260303: send2Cluster len:314, 7B22636F6D6D616E64223A7B226964223A22696D755F737461747573222C22737562223A22227D2C22636F6E74656E74223A7B2254696D655374616D70223A382C224672616D65436F756E746572223A3230373533322C2247445F58223A2D302E3031303834313937383731333837303034392C2247445F59223A302E3030353432303938393335363933353032342C2247445F5A223A302E303032333637313936363034363039343839342C2241445F58223A2D372E363832343432363635313030303938452D342C2241445F59223A382E383638383236353533323235353137452D342C2241445F5A223A2D302E313731393230373736333637313837352C2254656D70447370223A302C22537461747573223A302C2243616C69625374617465223A312C22536967416D70496E76616C6964223A307D7D, 138 
05-27 18:18:17.476   536   536 D commservice260303: Push Message into SendPool fn=-496565504
05-27 18:18:17.476   536   536 D commservice260303: ComProtocolLibSend2Cluster::send2ClusterRaw fn=-496565504 , len=330
05-27 18:18:17.476   536   536 D commservice260303: sendCmdToPort :330!!!
05-27 18:18:17.476   536   536 D commservice260303: send Cmd To Port ++++5AA501468A01000367E26A16C4E97B22636F6D6D616E64223A7B226964223A22696D755F737461747573222C22737562223A22227D2C22636F6E74656E74223A7B2254696D655374616D70223A382C224672616D65436F756E746572223A3230373533322C2247445F58223A2D302E3031303834313937383731333837303034392C2247445F59223A302E3030353432303938393335363933353032342C2247445F5A223A302E303032333637313936363034363039343839342C2241445F58223A2D372E363832343432363635313030303938452D342C2241445F59223A382E383638383236353533323235353137452D342C2241445F5A223A2D302E313731393230373736333637313837352C2254656D70447370223A302C22537461747573223A302C2243616C69625374617465223A312C22536967416D70496E76616C6964223A307D7D29D6
05-27 18:18:17.476   536   536 D commservice260303: bufferevent_write retrun value = 0
05-27 18:18:17.476   536   560 D commservice260303: client datas send succeed,send finish
05-27 18:18:17.476 13911 14192 D Sentinelmode_1.2.5.17_sentry: <SentryImuClusterFgeSender>imu_status sent to Linux, frame=207532, tsNs=8964723, tsMs=8, intervalMs=15, ad=(-7.6824427E-4,8.8688266E-4,-0.17192078), gd=(-0.010841979,0.0054209894,0.0023671966)
05-27 18:18:17.480 13911 14183 I SentryImuMcuAngleSender: 179.97899rollDeg
05-27 18:18:17.480 13911 14183 I SentryImuMcuAngleSender: 1,0,0
05-27 18:18:17.480   581   581 I SpiService: fgesysctrl_getGPIO_status success val=0
05-27 18:18:17.480   481   597 I mcuc    : send SPI:6AA602B49700028900286AA602B4980002890027
05-27 18:18:17.486 31895 31895 I ADAYO_LOG_TRACE_LOGCAT: file_path:/mnt/log_data/AndroidLog/logcat/logcat_2026_05_27_18_18_16_595-42.txt
05-27 18:18:17.491   283   307 I rvcservice: t.code = 3, t.value = 0
05-27 18:18:17.495   581   581 I SpiService: fgesysctrl_getGPIO_status success val=1
05-27 18:18:17.500   581   581 I SpiService: fgesysctrl_getGPIO_status success val=1
05-27 18:18:17.501 13911 16534 D VersionPrinter: com.adayo.app.dvrlocalservice- VersionName:[1.2.5.17_sentry] - append:[] - active:[]
05-27 18:18:17.501 30773 30789 I dvr_service_: Camera 1: MediaOK:128423157, frames:2940, isKeyFrame:0,pts:8964459385
05-27 18:18:17.502 13911 14183 I SentryImuMcuAngleSender: 179.98949rollDeg
05-27 18:18:17.502 13911 14183 I SentryImuMcuAngleSender: 1,0,0
05-27 18:18:17.502  1008 30857 D [OMXB]  : usingANWBuffer: handle:0xee740e80, format:1, w:1920, h:1080
05-27 18:18:17.502   299 30844 D EvsDriver: forwardFrame
05-27 18:18:17.505  1167  1167 D evsmanagerd: /dev/video6 forwarded the buffer #0 to 0xb4000074bf5f5510 from 0xb4000074bf5f6d90
05-27 18:18:17.508   581   581 I SpiService: fgesysctrl_getGPIO_status success val=1
05-27 08:09:26.504   581   581 D spi_rst_gpio_get_output: GPIO 145 value: 1
05-27 08:09:26.504   581   581 D spidev_ioctl: gpio status=1)
05-27 18:18:17.509   299  1153 D EvsDriver: doneWithFrame
05-27 18:18:17.512   299 30844 D EvsDriver: Delivered 0xb400007b7ca56900 as id 0
05-27 18:18:17.505   299 30841 D EvsDriver: forwardFrame
05-27 18:18:17.514   581   581 I SpiService: fgesysctrl_getGPIO_status success val=1
05-27 18:18:17.514   299 30841 D EvsDriver: Delivered 0xb400007b7ca56a60 as id 0
05-27 18:18:17.514  1167  1167 D evsmanagerd: /dev/video4 forwarded the buffer #0 to 0xb4000074bf5f6850 from 0xb4000074bf5f41d0
05-27 18:18:17.517   299  1153 D EvsDriver: doneWithFrame
05-27 18:18:17.518   536   536 D commservice260303: msg.id = 1028,1
05-27 18:18:17.518   536   536 D commservice260303: i = 170, msgid = 8A000404
05-27 18:18:17.518   536   536 D commservice260303: msgid = -1979710460,did=138
05-27 18:18:17.518   536   536 D commservice260303: CommProtocolLibCmdBaseI2C::dataproc {"command":{"id":"imu_status","sub":""},"content":{"TimeStamp":8,"FrameCounter":207533,"GD_X":-0.010537171736359596,"GD_Y":0.00519212381914258,"GD_Z":0.0017560218693688512,"AD_X":-0.00138777494430542,"AD_Y":-0.001543498132377863,"AD_Z":-0.1707010269165039,"TempDsp":0,"Status":0,"CalibState":1,"SigAmpInvalid":0}},-1979710460
05-27 18:18:17.518   536   536 D commservice260303: send2Cluster len:313, 7B22636F6D6D616E64223A7B226964223A22696D755F737461747573222C22737562223A22227D2C22636F6E74656E74223A7B2254696D655374616D70223A382C224672616D65436F756E746572223A3230373533332C2247445F58223A2D302E3031303533373137313733363335393539362C2247445F59223A302E30303531393231323338313931343235382C2247445F5A223A302E303031373536303231383639333638383531322C2241445F58223A2D302E30303133383737373439343433303534322C2241445F59223A2D302E3030313534333439383133323337373836332C2241445F5A223A2D302E313730373031303236393136353033392C2254656D70447370223A302C22537461747573223A302C2243616C69625374617465223A312C22536967416D70496E76616C6964223A307D7D, 138 
05-27 18:18:17.518   536   536 D commservice260303: Push Message into SendPool fn=-479788288
05-27 18:18:17.518   536   536 D commservice260303: ComProtocolLibSend2Cluster::send2ClusterRaw fn=-479788288 , len=329
05-27 18:18:17.518   536   536 D commservice260303: sendCmdToPort :329!!!
05-27 18:18:17.518   536   536 D commservice260303: send Cmd To Port ++++5AA501458A01000367E36A16C4E97B22636F6D6D616E64223A7B226964223A22696D755F737461747573222C22737562223A22227D2C22636F6E74656E74223A7B2254696D655374616D70223A382C224672616D65436F756E746572223A3230373533332C2247445F58223A2D302E3031303533373137313733363335393539362C2247445F59223A302E30303531393231323338313931343235382C2247445F5A223A302E303031373536303231383639333638383531322C2241445F58223A2D302E30303133383737373439343433303534322C2241445F59223A2D302E3030313534333439383133323337373836332C2241445F5A223A2D302E313730373031303236393136353033392C2254656D70447370223A302C22537461747573223A302C2243616C69625374617465223A312C22536967416D70496E76616C6964223A307D7DCB34
05-27 18:18:17.519   536   536 D commservice260303: bufferevent_write retrun value = 0
05-27 18:18:17.519  1008 30856 D [OMXB]  : usingANWBuffer: handle:0xee7433a0, format:1, w:1920, h:1080
05-27 18:18:17.519   536   560 D commservice260303: client datas send succeed,send finish
05-27 18:18:17.519   581   581 I SpiService: fgesysctrl_getGPIO_status success val=0
05-27 18:18:17.519 13911 14192 D Sentinelmode_1.2.5.17_sentry: <SentryImuClusterFgeSender>imu_status sent to Linux, frame=207533, tsNs=8964750, tsMs=8, intervalMs=43, ad=(-0.001387775,-0.0015434981,-0.17070103), gd=(-0.010537172,0.005192124,0.0017560219)
05-27 18:18:17.523 13911 14183 I SentryImuMcuAngleSender: 179.98248rollDeg
05-27 18:18:17.523 13911 14183 I SentryImuMcuAngleSender: 1,0,0
05-27 18:18:17.529 31900 31900 I ADAYO_LOG_TRACE_LOGCAT: folder_size:
05-27 18:18:17.533   581   581 I SpiService: fgesysctrl_getGPIO_status success val=1
05-27 18:18:17.537   299 30841 D EvsDriver: forwardFrame
05-27 18:18:17.539   581   581 I SpiService: fgesysctrl_getGPIO_status success val=1
05-27 18:18:17.539   299 30844 D EvsDriver: forwardFrame
05-27 18:18:17.540  1167  1167 D evsmanagerd: /dev/video4 forwarded the buffer #0 to 0xb4000074bf5f6850 from 0xb4000074bf5f41d0
05-27 18:18:17.541  1167  1167 D evsmanagerd: /dev/video6 forwarded the buffer #0 to 0xb4000074bf5f5510 from 0xb4000074bf5f6d90
05-27 18:18:17.545   581   581 I SpiService: fgesysctrl_getGPIO_status success val=1
05-27 18:18:17.545   299 30841 D EvsDriver: Delivered 0xb400007b7ca56a60 as id 0
05-27 18:18:17.549   299  1153 D EvsDriver: doneWithFrame
05-27 18:18:17.551   581   581 I SpiService: fgesysctrl_getGPIO_status success val=1
05-27 18:18:17.551   299 30844 D EvsDriver: Delivered 0xb400007b7ca56900 as id 0
05-27 18:18:17.551   299  1163 D EvsDriver: doneWithFrame
--------- beginning of system
05-27 18:18:17.553 10188  7589 I ActivityManager: Death received in com.android.server.am.ActivityManagerService$AppDeathRecipient@10d297c for thread android.os.BinderProxy@726a205, proc:ProcessRecord{9dca11 31815:com.anwsdk.service:remote/1000}
05-27 18:18:17.554   572   622 I Sensors : 230 AccelSensor: x:-0.168969,y:0.002440,z:-9.974110
05-27 18:18:17.554 13435 13435 D BtManager: onServiceDisconnected
05-27 18:18:17.555 10041 10041 I Zygote  : Process 31815 exited cleanly (1)
05-27 18:18:17.556 10188 10678 I ActivityManager: Got SIGCHLD from zygote: pid=31815, uid=1000, status=100
05-27 18:18:17.556   581   581 I SpiService: fgesysctrl_getGPIO_status success val=1
05-27 18:18:17.557 10188 10680 I ActivityManager: zygote: proc died: pid=31815 uid=1000, status=256
05-27 18:18:17.557 10188 10678 I libprocessgroup: Successfully killed process cgroup uid 1000 pid 31815 in 0ms
05-27 18:18:17.544 13911 14183 I SentryImuMcuAngleSender: 179.97897rollDeg
05-27 18:18:17.558 13911 14183 I SentryImuMcuAngleSender: 1,0,0
05-27 18:18:17.558 13911 14183 I SentryImuMcuAngleSender: [4, 18, 1, 0, 0],5
05-27 18:18:17.558 13911 14183 I McuCommManager: mcuCommSendcmd [4, 18, 1, 0, 0]
05-27 18:18:17.559   536  2579 D commservice260303: send heart beat package to Cluster
05-27 18:18:17.559   536  2579 D commservice260303: send2Cluster len:40, 7B22636F6D6D616E64223A7B226964223A22686561727462656174222C22737562223A22227D7D0A, 129 
05-27 18:18:17.559   536  2579 D commservice260303: Push Message into SendPool fn=-463011072
05-27 18:18:17.559   536  2579 D commservice260303: ComProtocolLibSend2Cluster::send2ClusterRaw fn=-463011072 , len=56
05-27 18:18:17.559   536  2579 D commservice260303: sendCmdToPort :56!!!
05-27 18:18:17.559   536  2579 D commservice260303: send Cmd To Port ++++5AA500348101000367E46A16C4E97B22636F6D6D616E64223A7B226964223A22686561727462656174222C22737562223A22227D7D0A1624
05-27 18:18:17.559   536  2579 D commservice260303: bufferevent_write retrun value = 0
05-27 18:18:17.559   536   536 D commservice260303: msg.id = 1028,1
05-27 18:18:17.559   536   536 D commservice260303: i = 170, msgid = 8A000404
05-27 18:18:17.559   536   536 D commservice260303: msgid = -1979710460,did=138
05-27 18:18:17.559   536   536 D commservice260303: CommProtocolLibCmdBaseI2C::dataproc {"command":{"id":"imu_status","sub":""},"content":{"TimeStamp":8,"FrameCounter":207534,"GD_X":-0.01153013575822115,"GD_Y":0.005802778527140617,"GD_Z":0.0021378109231591225,"AD_X":-0.0020085424184799194,"AD_Y":8.916368242353201E-4,"AD_Z":-0.16704177856445312,"TempDsp":0,"Status":0,"CalibState":1,"SigAmpInvalid":0}},-1979710460
05-27 18:18:17.559   536   536 D commservice260303: send2Cluster len:315, 7B22636F6D6D616E64223A7B226964223A22696D755F737461747573222C22737562223A22227D2C22636F6E74656E74223A7B2254696D655374616D70223A382C224672616D65436F756E746572223A3230373533342C2247445F58223A2D302E30313135333031333537353832323131352C2247445F59223A302E3030353830323737383532373134303631372C2247445F5A223A302E303032313337383130393233313539313232352C2241445F58223A2D302E303032303038353432343138343739393139342C2241445F59223A382E393136333638323432333533323031452D342C2241445F5A223A2D302E31363730343137373835363434353331322C2254656D70447370223A302C22537461747573223A302C2243616C69625374617465223A312C22536967416D70496E76616C6964223A307D7D, 138 
05-27 18:18:17.559   536   536 D commservice260303: Push Message into SendPool fn=-446233856
05-27 18:18:17.559   536   536 D commservice260303: ComProtocolLibSend2Cluster::send2ClusterRaw fn=-446233856 , len=331
05-27 18:18:17.559   536   536 D commservice260303: sendCmdToPort :331!!!
05-27 18:18:17.559   536   536 D commservice260303: send Cmd To Port ++++5AA501478A01000367E56A16C4E97B22636F6D6D616E64223A7B226964223A22696D755F737461747573222C22737562223A22227D2C22636F6E74656E74223A7B2254696D655374616D70223A382C224672616D65436F756E746572223A3230373533342C2247445F58223A2D302E30313135333031333537353832323131352C2247445F59223A302E3030353830323737383532373134303631372C2247445F5A223A302E303032313337383130393233313539313232352C2241445F58223A2D302E303032303038353432343138343739393139342C2241445F59223A382E393136333638323432333533323031452D342C2241445F5A223A2D302E31363730343137373835363434353331322C2254656D70447370223A302C22537461747573223A302C2243616C69625374617465223A312C22536967416D70496E76616C6964223A307D7D669D
05-27 18:18:17.559   536   536 D commservice260303: bufferevent_write retrun value = 0
05-27 18:18:17.559 13911 14192 D Sentinelmode_1.2.5.17_sentry: <SentryImuClusterFgeSender>imu_status sent to Linux, frame=207534, tsNs=8964786, tsMs=8, intervalMs=40, ad=(-0.0020085424,8.916368E-4,-0.16704178), gd=(-0.011530136,0.0058027785,0.002137811)
05-27 18:18:17.560   536   560 D commservice260303: client datas send succeed,send finish
05-27 18:18:17.560 13911 14183 I SentryImuMcuAngleSender: true
05-27 18:18:17.560 13911 14183 W Sentinelmode_1.2.5.17_sentry: <SentryImuMcuAngleSender>MCU IMU send interval abnormal: 1015ms
05-27 18:18:17.560 10188  7589 I ActivityManager: Process com.anwsdk.service:remote (pid 31815) has died: cch CACC
05-27 18:18:17.560 10188  7589 I am_proc_died: [0,31815,com.anwsdk.service:remote,900,17]
05-27 18:18:17.561 10188  7589 I ActivityManager: app ProcessRecord{9dca11 31815:com.anwsdk.service:remote/1000} mThread:android.app.IApplicationThread$Stub$Proxy@5aeb25a mDeathRecipient:com.android.server.am.ActivityManagerService$AppDeathRecipient@10d297c has been unlinked.
05-27 18:18:17.561 10188 10680 E UnisocStabilityCollection: getKill:true,cur=0,killType=3 ,name=proc_died:1000, reason=proc_died
05-27 18:18:17.562 10188 10680 E UnisocStabilityCollection: getKill sum:10
05-27 18:18:17.562  1008 30857 D [OMXB]  : usingANWBuffer: handle:0xee7406f0, format:1, w:1920, h:1080
05-27 18:18:17.562   581   581 I SpiService: fgesysctrl_getGPIO_status success val=0
05-27 18:18:17.562   481   597 I mcuc    : send SPI:6AA60062510005041201000031
05-27 18:18:17.563   536   560 D commservice260303: recv len:91, 5AA5005701000000347A6A16C4E97B22636F6D6D616E64223A7B226964223A22686561727462656174222C22737562223A22227D2C22726573706F6E65223A7B22636F6465223A302C226D657373616765223A226F6B227D7D6F03 from server
05-27 18:18:17.563   536  2578 D commservice260303: mcuDataAnalyzeHandle templen:91,len:91,pos:0, 5AA5005701000000347A6A16C4E97B22636F6D6D616E64223A7B226964223A22686561727462656174222C22737562223A22227D2C22726573706F6E65223A7B22636F6465223A302C226D657373616765223A226F6B227D7D6F03 
05-27 18:18:17.563   536  2578 I commservice260303: checksumCal = 28419
05-27 18:18:17.563   536  2578 D commservice260303: Protocol_C2I_Commservice::dataproc {"command":{"id":"heartbeat","sub":""},"respone":{"code":0,"message":"ok"}},1
05-27 18:18:17.563   536  2578 D commservice260303: Protocol_C2I_Commservice::dataproc Receive a heartbeat command from Cluster, setTcpHeartbeat = EID_UID_HEARTBEAT
05-27 18:18:17.566 10188  7589 W ActivityManager: Scheduling restart of crashed service com.anwsdk.service/.anwbtservice in 0ms for persistent
05-27 18:18:17.566 10188  7589 I am_schedule_service_restart: [0,com.anwsdk.service/.anwbtservice,0]
05-27 18:18:17.566 10188  7589 I ActivityManager: note: ProcessRecord{9dca11 31815:com.anwsdk.service:remote/1000} died, saving the exit info
05-27 18:18:17.568   299 30841 D EvsDriver: forwardFrame
05-27 18:18:17.569   299 30844 D EvsDriver: forwardFrame
05-27 18:18:17.572  1167  1167 D evsmanagerd: /dev/video6 forwarded the buffer #0 to 0xb4000074bf5f5510 from 0xb4000074bf5f6d90
05-27 18:18:17.573   299 30844 D EvsDriver: Delivered 0xb400007b7ca56900 as id 0
05-27 18:18:17.574 10188 10680 I ActivityManager: Update process exit info for com.anwsdk.service(31815/u1000)
05-27 18:18:17.577  1167  1167 D evsmanagerd: /dev/video4 forwarded the buffer #0 to 0xb4000074bf5f6850 from 0xb4000074bf5f41d0
05-27 18:18:17.576   299 30841 D EvsDriver: Delivered 0xb400007b7ca56a60 as id 0
05-27 18:18:17.577   581   581 I SpiService: fgesysctrl_getGPIO_status success val=1
05-27 18:18:17.578   299  1163 D EvsDriver: doneWithFrame
05-27 18:18:17.580 13911 14183 I SentryImuMcuAngleSender: 179.993rollDeg
05-27 18:18:17.580 13911 14183 I SentryImuMcuAngleSender: 1,0,0
05-27 18:18:17.582 10188  7589 D ActivityTaskManager: put all activities to cleanup list, wpc=ProcessRecord{9dca11 0:com.anwsdk.service:remote/1000} mHasActivities=false activeActivitySize=0
05-27 18:18:17.584   581   581 I SpiService: fgesysctrl_getGPIO_status success val=1
05-27 18:18:17.585   299  1163 D EvsDriver: doneWithFrame
