05-27 18:18:27.135 13911 14192 D Sentinelmode_1.2.5.17_sentry: <SentryImuClusterFgeSender>imu_status sent to Linux, frame=207768, tsNs=8974377, tsMs=8, intervalMs=40, ad=(-8.2461536E-4,4.466069E-4,-0.16887093), gd=(-0.011147826,0.0049632587,0.002137811)
05-27 18:18:27.136   581   581 I SpiService: fgesysctrl_getGPIO_status success val=1
05-27 08:09:36.100   581   581 D spi_rst_gpio_get_output: GPIO 145 value: 1
05-27 08:09:36.100   581   581 D spidev_ioctl: gpio status=1)
05-27 18:18:27.138   299 30841 D EvsDriver: forwardFrame
05-27 18:18:27.140   299 30841 D EvsDriver: Delivered 0xb400007b7ca56a60 as id 0
05-27 18:18:27.140  1167  1167 D evsmanagerd: /dev/video4 forwarded the buffer #0 to 0xb4000074bf5f6850 from 0xb4000074bf5f41d0
05-27 18:18:27.140 30773 30782 E dvr_service_: [myNum:0] Received S**** loss
05-27 18:18:27.140   299  1153 D EvsDriver: doneWithFrame
05-27 18:18:27.141   581   581 I SpiService: fgesysctrl_getGPIO_status success val=1
05-27 18:18:27.143  1008 30857 D [OMXB]  : usingANWBuffer: handle:0xee741b90, format:1, w:1920, h:1080
05-27 08:09:36.106   581   581 D spi_rst_gpio_get_output: GPIO 145 value: 1
05-27 08:09:36.106   581   581 D spidev_ioctl: gpio status=1)
05-27 18:18:27.146   299 30844 D EvsDriver: forwardFrame
05-27 18:18:27.147   581   581 I SpiService: fgesysctrl_getGPIO_status success val=1
05-27 18:18:27.147   299 30844 D EvsDriver: Delivered 0xb400007b7ca56900 as id 0
05-27 18:18:27.147  1167  1167 D evsmanagerd: /dev/video6 forwarded the buffer #0 to 0xb4000074bf5f5510 from 0xb4000074bf5f6d90
05-27 18:18:27.147 30773 30782 E dvr_service_: [myNum:1] Received S**** loss
05-27 18:18:27.147   299  1153 D EvsDriver: doneWithFrame
05-27 08:09:36.111   581   581 D spi_rst_gpio_get_output: GPIO 145 value: 1
05-27 08:09:36.111   581   581 D spidev_ioctl: gpio status=1)
05-27 18:18:27.152   581   581 I SpiService: fgesysctrl_getGPIO_status success val=1
05-27 08:09:36.117   581   581 D spi_rst_gpio_get_output: GPIO 145 value: 1
05-27 08:09:36.117   581   581 D spidev_ioctl: gpio status=1)
05-27 18:18:27.154 13911 14183 I SentryImuMcuAngleSender: 179.97546rollDeg
05-27 18:18:27.154 13911 14183 I SentryImuMcuAngleSender: 1,0,0
05-27 18:18:27.157   581   581 I SpiService: fgesysctrl_getGPIO_status success val=1
05-27 08:09:36.122   581   581 D spi_rst_gpio_get_output: GPIO 145 value: 1
05-27 08:09:36.122   581   581 D spidev_ioctl: gpio status=1)
05-27 18:18:27.162   572   572 I Sensors : 230 AccelSensor: x:-0.168969,y:0.003050,z:-9.975940
05-27 18:18:27.163   581   581 I SpiService: fgesysctrl_getGPIO_status success val=0
05-27 18:18:27.165   299 30844 D EvsDriver: forwardFrame
05-27 18:18:27.165   299 30841 D EvsDriver: forwardFrame
05-27 08:09:36.127   581   581 D spi_rst_gpio_get_output: GPIO 145 value: 0
05-27 08:09:36.127   581   581 D spidev_ioctl: gpio status=0)
05-27 18:18:27.166   299 30841 D EvsDriver: Delivered 0xb400007b7ca56a60 as id 0
05-27 18:18:27.166   299 30844 D EvsDriver: Delivered 0xb400007b7ca56900 as id 0
05-27 18:18:27.166  1167  1184 D evsmanagerd: /dev/video6 forwarded the buffer #0 to 0xb4000074bf5f5510 from 0xb4000074bf5f6d90
05-27 18:18:27.166  1167  1167 D evsmanagerd: /dev/video4 forwarded the buffer #0 to 0xb4000074bf5f6850 from 0xb4000074bf5f41d0
05-27 18:18:27.168  1008 30856 D [OMXB]  : usingANWBuffer: handle:0xee7407a0, format:1, w:1920, h:1080
05-27 18:18:27.169   299  1153 D EvsDriver: doneWithFrame
05-27 18:18:27.169   299  1163 D EvsDriver: doneWithFrame
05-27 18:18:27.169 30773 30789 I dvr_service_: Camera 0: MediaOK:138120522, frames:3170, isKeyFrame:0,pts:8974123958
05-27 18:18:27.175 13911 14183 I SentryImuMcuAngleSender: 179.98248rollDeg
05-27 18:18:27.176   536   536 D commservice260303: msg.id = 1028,1
05-27 18:18:27.176   536   536 D commservice260303: i = 170, msgid = 8A000404
05-27 18:18:27.177   536   536 D commservice260303: msgid = -1979710460,did=138
05-27 18:18:27.177 13911 14183 I SentryImuMcuAngleSender: 1,0,0
05-27 18:18:27.177   536   536 D commservice260303: CommProtocolLibCmdBaseI2C::dataproc {"command":{"id":"imu_status","sub":""},"content":{"TimeStamp":8,"FrameCounter":207769,"GD_X":-0.010994902811944485,"GD_Y":0.005039200186729431,"GD_Z":0.0020608289632946253,"AD_X":-0.0026602745056152344,"AD_Y":-1.6496842727065086E-4,"AD_Z":-0.1707010269165039,"TempDsp":0,"Status":0,"CalibState":1,"SigAmpInvalid":0}},-1979710460
05-27 18:18:27.177   536   536 D commservice260303: send2Cluster len:317, 7B22636F6D6D616E64223A7B226964223A22696D755F737461747573222C22737562223A22227D2C22636F6E74656E74223A7B2254696D655374616D70223A382C224672616D65436F756E746572223A3230373736392C2247445F58223A2D302E3031303939343930323831313934343438352C2247445F59223A302E3030353033393230303138363732393433312C2247445F5A223A302E303032303630383238393633323934363235332C2241445F58223A2D302E303032363630323734353035363135323334342C2241445F59223A2D312E36343936383432373237303635303836452D342C2241445F5A223A2D302E313730373031303236393136353033392C2254656D70447370223A302C22537461747573223A302C2243616C69625374617465223A312C22536967416D70496E76616C6964223A307D7D, 138 
05-27 18:18:27.177   536   536 D commservice260303: Push Message into SendPool fn=-731380992
05-27 18:18:27.177   536   536 D commservice260303: ComProtocolLibSend2Cluster::send2ClusterRaw fn=-731380992 , len=333
05-27 18:18:27.177   536   536 D commservice260303: sendCmdToPort :333!!!
05-27 18:18:27.177   536   536 D commservice260303: send Cmd To Port ++++5AA501498A01000368D46A16C4F37B22636F6D6D616E64223A7B226964223A22696D755F737461747573222C22737562223A22227D2C22636F6E74656E74223A7B2254696D655374616D70223A382C224672616D65436F756E746572223A3230373736392C2247445F58223A2D302E3031303939343930323831313934343438352C2247445F59223A302E3030353033393230303138363732393433312C2247445F5A223A302E303032303630383238393633323934363235332C2241445F58223A2D302E303032363630323734353035363135323334342C2241445F59223A2D312E36343936383432373237303635303836452D342C2241445F5A223A2D302E313730373031303236393136353033392C2254656D70447370223A302C22537461747573223A302C2243616C69625374617465223A312C22536967416D70496E76616C6964223A307D7DB675
05-27 18:18:27.177   536   536 D commservice260303: bufferevent_write retrun value = 0
05-27 18:18:27.177   536   560 D commservice260303: client datas send succeed,send finish
05-27 18:18:27.178 13911 14192 D Sentinelmode_1.2.5.17_sentry: <SentryImuClusterFgeSender>imu_status sent to Linux, frame=207769, tsNs=8974413, tsMs=8, intervalMs=43, ad=(-0.0026602745,-1.6496843E-4,-0.17070103), gd=(-0.010994903,0.0050392,0.002060829)
05-27 18:18:27.178   581   581 I SpiService: fgesysctrl_getGPIO_status success val=1
05-27 08:09:36.142   581   581 D spi_rst_gpio_get_output: GPIO 145 value: 1
05-27 08:09:36.142   581   581 D spidev_ioctl: gpio status=1)
05-27 18:18:27.181 15863 15863 D AIN-NaviLocationPresenter: ACC is OFF, skip upload location
05-27 18:18:27.183   581   581 I SpiService: fgesysctrl_getGPIO_status success val=1
05-27 08:09:36.148   581   581 D spi_rst_gpio_get_output: GPIO 145 value: 1
05-27 08:09:36.148   581   581 D spidev_ioctl: gpio status=1)
05-27 18:18:27.189   581   581 I SpiService: fgesysctrl_getGPIO_status success val=1
05-27 08:09:36.153   581   581 D spi_rst_gpio_get_output: GPIO 145 value: 1
05-27 08:09:36.153   581   581 D spidev_ioctl: gpio status=1)
05-27 18:18:27.189  1008 30857 D [OMXB]  : usingANWBuffer: handle:0xee744210, format:1, w:1920, h:1080
05-27 18:18:27.193   299 30841 D EvsDriver: forwardFrame
05-27 18:18:27.193   299 30844 D EvsDriver: forwardFrame
05-27 18:18:27.195   581   581 I SpiService: fgesysctrl_getGPIO_status success val=1
05-27 18:18:27.195   299 30841 D EvsDriver: Delivered 0xb400007b7ca56a60 as id 0
05-27 18:18:27.195   299 30844 D EvsDriver: Delivered 0xb400007b7ca56900 as id 0
05-27 18:18:27.195  1167  1167 D evsmanagerd: /dev/video6 forwarded the buffer #0 to 0xb4000074bf5f5510 from 0xb4000074bf5f6d90
05-27 18:18:27.195  1167  1184 D evsmanagerd: /dev/video4 forwarded the buffer #0 to 0xb4000074bf5f6850 from 0xb4000074bf5f41d0
05-27 08:09:36.159   581   581 D spi_rst_gpio_get_output: GPIO 145 value: 1
05-27 08:09:36.159   581   581 D spidev_ioctl: gpio status=1)
05-27 18:18:27.196 13911 14183 I SentryImuMcuAngleSender: 179.993rollDeg
05-27 18:18:27.198 13911 14183 I SentryImuMcuAngleSender: 1,0,0
05-27 18:18:27.201   581   581 I SpiService: fgesysctrl_getGPIO_status success val=0
05-27 18:18:27.201   299  1153 D EvsDriver: doneWithFrame
05-27 18:18:27.201   299  1163 D EvsDriver: doneWithFrame
05-27 08:09:36.166   581   581 D spi_rst_gpio_get_output: GPIO 145 value: 0
05-27 08:09:36.166   581   581 D spidev_ioctl: gpio status=0)
05-27 18:18:27.216   581   581 I SpiService: fgesysctrl_getGPIO_status success val=1
05-27 18:18:27.216   536   536 D commservice260303: msg.id = 1028,1
05-27 18:18:27.216   536   536 D commservice260303: i = 170, msgid = 8A000404
05-27 18:18:27.216   536   536 D commservice260303: msgid = -1979710460,did=138
05-27 18:18:27.216   536   536 D commservice260303: CommProtocolLibCmdBaseI2C::dataproc {"command":{"id":"imu_status","sub":""},"content":{"TimeStamp":8,"FrameCounter":207770,"GD_X":-0.011223767884075642,"GD_Y":0.005039200186729431,"GD_Z":0.0023671966046094894,"AD_X":-0.004482939839363098,"AD_Y":-0.0031981365755200386,"AD_Z":-0.1719207763671875,"TempDsp":0,"Status":0,"CalibState":1,"SigAmpInvalid":0}},-1979710460
05-27 18:18:27.216   536   536 D commservice260303: send2Cluster len:316, 7B22636F6D6D616E64223A7B226964223A22696D755F737461747573222C22737562223A22227D2C22636F6E74656E74223A7B2254696D655374616D70223A382C224672616D65436F756E746572223A3230373737302C2247445F58223A2D302E3031313232333736373838343037353634322C2247445F59223A302E3030353033393230303138363732393433312C2247445F5A223A302E303032333637313936363034363039343839342C2241445F58223A2D302E3030343438323933393833393336333039382C2241445F59223A2D302E303033313938313336353735353230303338362C2241445F5A223A2D302E313731393230373736333637313837352C2254656D70447370223A302C22537461747573223A302C2243616C69625374617465223A312C22536967416D70496E76616C6964223A307D7D, 138 
05-27 18:18:27.217   536   536 D commservice260303: Push Message into SendPool fn=-714603776
05-27 18:18:27.217   536   536 D commservice260303: ComProtocolLibSend2Cluster::send2ClusterRaw fn=-714603776 , len=332
05-27 18:18:27.217   536   536 D commservice260303: sendCmdToPort :332!!!
05-27 18:18:27.217   536   536 D commservice260303: send Cmd To Port ++++5AA501488A01000368D56A16C4F37B22636F6D6D616E64223A7B226964223A22696D755F737461747573222C22737562223A22227D2C22636F6E74656E74223A7B2254696D655374616D70223A382C224672616D65436F756E746572223A3230373737302C2247445F58223A2D302E3031313232333736373838343037353634322C2247445F59223A302E3030353033393230303138363732393433312C2247445F5A223A302E303032333637313936363034363039343839342C2241445F58223A2D302E3030343438323933393833393336333039382C2241445F59223A2D302E303033313938313336353735353230303338362C2241445F5A223A2D302E313731393230373736333637313837352C2254656D70447370223A302C22537461747573223A302C2243616C69625374617465223A312C22536967416D70496E76616C6964223A307D7D1EB0
05-27 18:18:27.217   536   536 D commservice260303: bufferevent_write retrun value = 0
05-27 18:18:27.217   536   560 D commservice260303: client datas send succeed,send finish
05-27 18:18:27.217 13911 14192 D Sentinelmode_1.2.5.17_sentry: <SentryImuClusterFgeSender>imu_status sent to Linux, frame=207770, tsNs=8974466, tsMs=8, intervalMs=40, ad=(-0.00448294,-0.0031981366,-0.17192078), gd=(-0.011223768,0.0050392,0.0023671966)
05-27 08:09:36.181   581   581 D spi_rst_gpio_get_output: GPIO 145 value: 1
05-27 08:09:36.181   581   581 D spidev_ioctl: gpio status=1)
05-27 18:18:27.218   283   307 I rvcservice: t.code = 3, t.value = 0
05-27 18:18:27.219  1008 30856 D [OMXB]  : usingANWBuffer: handle:0xee745760, format:1, w:1920, h:1080
05-27 18:18:27.219 13911 14183 I SentryImuMcuAngleSender: 179.993rollDeg
05-27 18:18:27.219 13911 14183 I SentryImuMcuAngleSender: 1,0,0
05-27 18:18:27.222   581   581 I SpiService: fgesysctrl_getGPIO_status success val=1
05-27 08:09:36.186   581   581 D spi_rst_gpio_get_output: GPIO 145 value: 1
05-27 08:09:36.186   581   581 D spidev_ioctl: gpio status=1)
05-27 18:18:27.228   581   581 I SpiService: fgesysctrl_getGPIO_status success val=1
05-27 08:09:36.192   581   581 D spi_rst_gpio_get_output: GPIO 145 value: 1
05-27 08:09:36.192   581   581 D spidev_ioctl: gpio status=1)
05-27 18:18:27.230   299 30841 D EvsDriver: forwardFrame
05-27 18:18:27.230   299 30844 D EvsDriver: forwardFrame
05-27 18:18:27.232   299 30841 D EvsDriver: Delivered 0xb400007b7ca56a60 as id 0
05-27 18:18:27.232   299 30844 D EvsDriver: Delivered 0xb400007b7ca56900 as id 0
05-27 18:18:27.232  1167  1167 D evsmanagerd: /dev/video6 forwarded the buffer #0 to 0xb4000074bf5f5510 from 0xb4000074bf5f6d90
05-27 18:18:27.232  1167  1184 D evsmanagerd: /dev/video4 forwarded the buffer #0 to 0xb4000074bf5f6850 from 0xb4000074bf5f41d0
05-27 18:18:27.232  1008 30857 D [OMXB]  : usingANWBuffer: handle:0xee7433a0, format:1, w:1920, h:1080
05-27 18:18:27.235   581   581 I SpiService: fgesysctrl_getGPIO_status success val=1
05-27 18:18:27.236   299  1163 D EvsDriver: doneWithFrame
05-27 18:18:27.236   299  1153 D EvsDriver: doneWithFrame
05-27 18:18:27.237 13911 14131 D SVR_MNG_SvrMngProxy: getServer: mSvrManger is null
05-27 18:18:27.237 13911 14131 D SVR_MNG_SvrMngProxy: getNewStub: 
05-27 18:18:27.237 13911 14131 D SVR_MNG_SvrMngProxy: getNewStub: getSvrManagerService start
05-27 18:18:27.239 13911 14131 D SVR_MNG_SvrMngProxy: getNewStub: getSvrManagerService end
05-27 18:18:27.239 13911 14131 D SVR_MNG_SvrMngProxy: getServer: svrMngService doesn't start
05-27 18:18:27.240 13911 14183 I SentryImuMcuAngleSender: 179.986rollDeg
05-27 18:18:27.240 13911 14183 I SentryImuMcuAngleSender: 1,0,0
05-27 08:09:36.199   581   581 D spi_rst_gpio_get_output: GPIO 145 value: 1
05-27 08:09:36.199   581   581 D spidev_ioctl: gpio status=1)
05-27 18:18:27.242   581   581 I SpiService: fgesysctrl_getGPIO_status success val=1
05-27 08:09:36.206   581   581 D spi_rst_gpio_get_output: GPIO 145 value: 1
05-27 08:09:36.206   581   581 D spidev_ioctl: gpio status=1)
05-27 18:18:27.249   581   581 I SpiService: fgesysctrl_getGPIO_status success val=0
05-27 08:09:36.213   581   581 D spi_rst_gpio_get_output: GPIO 145 value: 0
05-27 08:09:36.213   581   581 D spidev_ioctl: gpio status=0)
05-27 18:18:27.251   572   622 I Sensors : 230 GyroSensor: x:-0.011071,y:0.005192,z:0.001985
05-27 18:18:27.254  1008 30856 D [OMXB]  : usingANWBuffer: handle:0xee7442c0, format:1, w:1920, h:1080
05-27 18:18:27.258   536   536 D commservice260303: msg.id = 1028,1
05-27 18:18:27.258   536   536 D commservice260303: i = 170, msgid = 8A000404
05-27 18:18:27.258   536   536 D commservice260303: msgid = -1979710460,did=138
05-27 18:18:27.258   536   536 D commservice260303: CommProtocolLibCmdBaseI2C::dataproc {"command":{"id":"imu_status","sub":""},"content":{"TimeStamp":8,"FrameCounter":207771,"GD_X":-0.011070843786001205,"GD_Y":0.00519212381914258,"GD_Z":0.0019848872907459736,"AD_X":-0.006886318325996399,"AD_Y":-0.0019621760584414005,"AD_Z":-0.1694812774658203,"TempDsp":0,"Status":0,"CalibState":1,"SigAmpInvalid":0}},-1979710460
05-27 18:18:27.258   536   536 D commservice260303: send2Cluster len:315, 7B22636F6D6D616E64223A7B226964223A22696D755F737461747573222C22737562223A22227D2C22636F6E74656E74223A7B2254696D655374616D70223A382C224672616D65436F756E746572223A3230373737312C2247445F58223A2D302E3031313037303834333738363030313230352C2247445F59223A302E30303531393231323338313931343235382C2247445F5A223A302E303031393834383837323930373435393733362C2241445F58223A2D302E3030363838363331383332353939363339392C2241445F59223A2D302E303031393632313736303538343431343030352C2241445F5A223A2D302E313639343831323737343635383230332C2254656D70447370223A302C22537461747573223A302C2243616C69625374617465223A312C22536967416D70496E76616C6964223A307D7D, 138 
05-27 18:18:27.258   536   536 D commservice260303: Push Message into SendPool fn=-697826560
05-27 18:18:27.258   536   536 D commservice260303: ComProtocolLibSend2Cluster::send2ClusterRaw fn=-697826560 , len=331
05-27 18:18:27.258   536   536 D commservice260303: sendCmdToPort :331!!!
05-27 18:18:27.258   536   536 D commservice260303: send Cmd To Port ++++5AA501478A01000368D66A16C4F37B22636F6D6D616E64223A7B226964223A22696D755F737461747573222C22737562223A22227D2C22636F6E74656E74223A7B2254696D655374616D70223A382C224672616D65436F756E746572223A3230373737312C2247445F58223A2D302E3031313037303834333738363030313230352C2247445F59223A302E30303531393231323338313931343235382C2247445F5A223A302E303031393834383837323930373435393733362C2241445F58223A2D302E3030363838363331383332353939363339392C2241445F59223A2D302E303031393632313736303538343431343030352C2241445F5A223A2D302E313639343831323737343635383230332C2254656D70447370223A302C22537461747573223A302C2243616C69625374617465223A312C22536967416D70496E76616C6964223A307D7DEC39
05-27 18:18:27.259   536   536 D commservice260303: bufferevent_write retrun value = 0
05-27 18:18:27.259   536   560 D commservice260303: client datas send succeed,send finish
05-27 18:18:27.259 13911 14192 D Sentinelmode_1.2.5.17_sentry: <SentryImuClusterFgeSender>imu_status sent to Linux, frame=207771, tsNs=8974502, tsMs=8, intervalMs=41, ad=(-0.0068863183,-0.001962176,-0.16948128), gd=(-0.011070844,0.005192124,0.0019848873)
05-27 18:18:27.261 13911 14183 I SentryImuMcuAngleSender: 179.993rollDeg
05-27 18:18:27.261 13911 14183 I SentryImuMcuAngleSender: 1,0,0
05-27 18:18:27.263   299 30841 D EvsDriver: forwardFrame
05-27 18:18:27.264   581   581 I SpiService: fgesysctrl_getGPIO_status success val=1
05-27 18:18:27.264   299 30841 D EvsDriver: Delivered 0xb400007b7ca56a60 as id 0
05-27 18:18:27.265  1167  1167 D evsmanagerd: /dev/video4 forwarded the buffer #0 to 0xb4000074bf5f6850 from 0xb4000074bf5f41d0
05-27 08:09:36.228   581   581 D spi_rst_gpio_get_output: GPIO 145 value: 1
05-27 08:09:36.228   581   581 D spidev_ioctl: gpio status=1)
05-27 18:18:27.267   299  1153 D EvsDriver: doneWithFrame
05-27 18:18:27.268   299 30844 D EvsDriver: forwardFrame
05-27 18:18:27.270   299 30844 D EvsDriver: Delivered 0xb400007b7ca56900 as id 0
05-27 18:18:27.270  1167  1167 D evsmanagerd: /dev/video6 forwarded the buffer #0 to 0xb4000074bf5f5510 from 0xb4000074bf5f6d90
05-27 18:18:27.270   581   581 I SpiService: fgesysctrl_getGPIO_status success val=1
05-27 18:18:27.271  1008 30857 D [OMXB]  : usingANWBuffer: handle:0xee7416c0, format:1, w:1920, h:1080
05-27 18:18:27.273   299  1153 D EvsDriver: doneWithFrame
05-27 08:09:36.235   581   581 D spi_rst_gpio_get_output: GPIO 145 value: 1
05-27 08:09:36.235   581   581 D spidev_ioctl: gpio status=1)
05-27 18:18:27.276   581   581 I SpiService: fgesysctrl_getGPIO_status success val=1
05-27 08:09:36.240   581   581 D spi_rst_gpio_get_output: GPIO 145 value: 1
05-27 08:09:36.240   581   581 D spidev_ioctl: gpio status=1)
05-27 18:18:27.281   581   581 I SpiService: fgesysctrl_getGPIO_status success val=1
05-27 18:18:27.282 13911 14183 I SentryImuMcuAngleSender: 179.993rollDeg
05-27 18:18:27.282 13911 14183 I SentryImuMcuAngleSender: 1,0,0
05-27 08:09:36.246   581   581 D spi_rst_gpio_get_output: GPIO 145 value: 1
05-27 08:09:36.246   581   581 D spidev_ioctl: gpio status=1)
05-27 18:18:27.287   581   581 I SpiService: fgesysctrl_getGPIO_status success val=0
05-27 08:09:36.251   581   581 D spi_rst_gpio_get_output: GPIO 145 value: 0
05-27 08:09:36.251   581   581 D spidev_ioctl: gpio status=0)
05-27 18:18:27.290  1008 30856 D [OMXB]  : usingANWBuffer: handle:0xee740dd0, format:1, w:1920, h:1080
05-27 18:18:27.293  1122  1122 I auditd  : type=1400 audit(0.0:44436): avc: denied { dac_override } for comm="tbox_ap" capability=1 scontext=u:r:tboxd:s0 tcontext=u:r:tboxd:s0 tclass=capability permissive=1
05-27 18:18:27.293  1122  1122 I tbox_ap : type=1400 audit(0.0:44436): avc: denied { dac_override } for capability=1 scontext=u:r:tboxd:s0 tcontext=u:r:tboxd:s0 tclass=capability permissive=1
05-27 18:18:27.298  1077  1077 D TboxPowerHelperZmq: lease keepalive owner=tbox_ap_1122_14296_54645e6d req=2806016758563997440
05-27 18:18:27.298   536   536 D commservice260303: msg.id = 1028,0
05-27 18:18:27.298   536   536 D commservice260303: i = 170, msgid = 8A000404
05-27 18:18:27.298   536   536 D commservice260303: msgid = -1979710460,did=138
05-27 18:18:27.298   536   536 D commservice260303: CommProtocolLibCmdBaseI2C::dataproc {"command":{"id":"imu_status","sub":""},"content":{"TimeStamp":8,"FrameCounter":207772,"GD_X":-0.010766036808490753,"GD_Y":0.00519212381914258,"GD_Z":0.0023671966046094894,"AD_X":-0.006249964237213135,"AD_Y":-0.0019493571016937494,"AD_Z":-0.1707010269165039,"TempDsp":0,"Status":0,"CalibState":1,"SigAmpInvalid":0}},-1979710460
05-27 18:18:27.298   536   536 D commservice260303: send2Cluster len:315, 7B22636F6D6D616E64223A7B226964223A22696D755F737461747573222C22737562223A22227D2C22636F6E74656E74223A7B2254696D655374616D70223A382C224672616D65436F756E746572223A3230373737322C2247445F58223A2D302E3031303736363033363830383439303735332C2247445F59223A302E30303531393231323338313931343235382C2247445F5A223A302E303032333637313936363034363039343839342C2241445F58223A2D302E3030363234393936343233373231333133352C2241445F59223A2D302E303031393439333537313031363933373439342C2241445F5A223A2D302E313730373031303236393136353033392C2254656D70447370223A302C22537461747573223A302C2243616C69625374617465223A312C22536967416D70496E76616C6964223A307D7D, 138 
05-27 18:18:27.298   536   536 D commservice260303: Push Message into SendPool fn=-681049344
05-27 18:18:27.298   536   536 D commservice260303: ComProtocolLibSend2Cluster::send2ClusterRaw fn=-681049344 , len=331
05-27 18:18:27.298   536   536 D commservice260303: sendCmdToPort :331!!!
05-27 18:18:27.299   536   536 D commservice260303: send Cmd To Port ++++5AA501478A01000368D76A16C4F37B22636F6D6D616E64223A7B226964223A22696D755F737461747573222C22737562223A22227D2C22636F6E74656E74223A7B2254696D655374616D70223A382C224672616D65436F756E746572223A3230373737322C2247445F58223A2D302E3031303736363033363830383439303735332C2247445F59223A302E30303531393231323338313931343235382C2247445F5A223A302E303032333637313936363034363039343839342C2241445F58223A2D302E3030363234393936343233373231333133352C2241445F59223A2D302E303031393439333537313031363933373439342C2241445F5A223A2D302E313730373031303236393136353033392C2254656D70447370223A302C22537461747573223A302C2243616C69625374617465223A312C22536967416D70496E76616C6964223A307D7DDAE3
05-27 18:18:27.299   536   536 D commservice260303: bufferevent_write retrun value = 0
05-27 18:18:27.299   299 30841 D EvsDriver: forwardFrame
05-27 18:18:27.299   536   560 D commservice260303: client datas send succeed,send finish
05-27 18:18:27.300   299 30841 D EvsDriver: Delivered 0xb400007b7ca56a60 as id 0
05-27 18:18:27.300  1167  1167 D evsmanagerd: /dev/video4 forwarded the buffer #0 to 0xb4000074bf5f6850 from 0xb4000074bf5f41d0
05-27 18:18:27.300 13911 14192 D Sentinelmode_1.2.5.17_sentry: <SentryImuClusterFgeSender>imu_status sent to Linux, frame=207772, tsNs=8974537, tsMs=8, intervalMs=42, ad=(-0.0062499642,-0.0019493571,-0.17070103), gd=(-0.010766037,0.005192124,0.0023671966)
05-27 18:18:27.301 30773 30773 I dvr_service_: [myNum:0][onFrameReceived] Received Surface:1 0
05-27 18:18:27.301 30773 30773 E dvr_service_: [myNum:0] Received S**** loss
05-27 18:18:27.301   581   581 I SpiService: fgesysctrl_getGPIO_status success val=1
05-27 18:18:27.301   299  1153 D EvsDriver: doneWithFrame
05-27 18:18:27.302   481   598 I mcuc    : rev,n=1,6AA681B4C9000B8300E0000000000000000094
05-27 18:18:27.302   351   373 D automotive.vehicle@2.0-adayo-datacomm-mcu: MCUDatacomm sendMessageFromVehicle prop: 0x83, areaId: 0x0, status: 0x0, timestamp: 0x0
05-27 18:18:27.302   351   373 D automotive.vehicle@2.0-adayo-datacomm-mcu: MCUDatacomm 1sendMessageFromVehicle ---> type = 7 
05-27 18:18:27.302   351   373 I automotive.vehicle@2.0-adayo-func-mcu: MCUFunc :sendMessageFromVehicle  msgBuff[0] = 131 
05-27 18:18:27.302   351   373 I automotive.vehicle@2.0-adayo-func-mcu: MCUFunc :sendMessageFromVehicle  msgBuff[1] = 0 
05-27 18:18:27.302   351   373 I automotive.vehicle@2.0-adayo-func-mcu: MCUFunc :sendMessageFromVehicle  msgBuff[2] = 0 
05-27 18:18:27.302   351   373 I automotive.vehicle@2.0-adayo-func-mcu: MCUFunc :sendMessageFromVehicle  msgBuff[3] = 0 
05-27 18:18:27.302   351   373 I automotive.vehicle@2.0-adayo-func-mcu: MCUFunc :sendMessageFromVehicle  msgBuff[4] = 3 
05-27 18:18:27.302   351   373 I automotive.vehicle@2.0-adayo-func-mcu: MCUFunc :sendMessageFromVehicle  msgBuff[5] = 1 
05-27 18:18:27.302   351   373 I automotive.vehicle@2.0-adayo-func-mcu: MCUFunc :sendMessageFromVehicle  msgBuff[6] = 0 
05-27 18:18:27.302   351   373 I automotive.vehicle@2.0-adayo-func-mcu: MCUFunc :sendMessageFromVehicle  msgBuff[7] = 0 
05-27 18:18:27.302   351   373 I automotive.vehicle@2.0-adayo-func-mcu: MCUFunc :sendMessageFromVehicle  msgBuff[8] = 0 
05-27 18:18:27.302   351   373 I automotive.vehicle@2.0-adayo-func-mcu: MCUFunc :sendMessageFromVehicle  msgBuff[9] = 0 
05-27 18:18:27.302   351   373 I automotive.vehicle@2.0-adayo-func-mcu: MCUFunc :sendMessageFromVehicle  msgBuff[10] = 0 
05-27 18:18:27.302   351   373 I automotive.vehicle@2.0-adayo-func-mcu: MCUFunc :sendMessageFromVehicle  msgBuff[11] = 0 
05-27 18:18:27.302   351   373 I automotive.vehicle@2.0-adayo-func-mcu: MCUFunc :sendMessageFromVehicle  msgBuff[12] = 0 
05-27 18:18:27.302   351   373 I automotive.vehicle@2.0-adayo-func-mcu: MCUFunc :sendMessageFromVehicle  msgBuff[13] = 0 
05-27 18:18:27.303   351   373 I automotive.vehicle@2.0-adayo-func-mcu: MCUFunc :sendMessageFromVehicle  msgBuff[14] = 0 
05-27 18:18:27.303   351   373 I automotive.vehicle@2.0-adayo-func-mcu: MCUFunc :sendMessageFromVehicle  msgBuff[15] = 0 
05-27 18:18:27.303   351   373 I automotive.vehicle@2.0-adayo-func-mcu: MCUFunc :sendMessageFromVehicle  msgBuff[16] = 0 
05-27 18:18:27.303 13911 14183 I SentryImuMcuAngleSender: 179.993rollDeg
05-27 18:18:27.303 13911 14183 I SentryImuMcuAngleSender: 1,0,0
05-27 08:09:36.266   581   581 D spi_rst_gpio_get_output: GPIO 145 value: 1
05-27 08:09:36.266   581   581 D spidev_ioctl: gpio status=1)
05-27 18:18:27.304   481   598 I mcuc    : rev,n=2,6AA681B4CA000384150065
05-27 18:18:27.306  1008 30857 D [OMXB]  : usingANWBuffer: handle:0xee7421c0, format:1, w:1920, h:1080
05-27 18:18:27.306   581   581 I SpiService: fgesysctrl_getGPIO_status success val=1
05-27 18:18:27.306   481   598 I mcuc    : rev,n=3,6AA681B4CB008C8305000055000000B000000000000100010000BD836AB15246406A536A5274946A52D4A56A53B213A37A76274A00000000040000B3000000000000000000000000000000B44300000000000300000000000000AA000000E40701010000000000000000BB06050507EA051B000008009403CB00CC000000000000000000000000000000B5000000000000000067
05-27 18:18:27.306   351   373 D automotive.vehicle@2.0-adayo-datacomm-mcu: MCUDatacomm sendMessageFromVehicle prop: 0x83, areaId: 0x5, status: 0x0, timestamp: 0x0
05-27 18:18:27.307   351   373 D automotive.vehicle@2.0-adayo-datacomm-mcu: MCUDatacomm 1sendMessageFromVehicle ---> type = 7 
05-27 18:18:27.307   351   373 I automotive.vehicle@2.0-adayo-func-mcu: MCUFunc :sendMessageFromVehicle  msgBuff[0] = 131 
05-27 18:18:27.307   351   373 I automotive.vehicle@2.0-adayo-func-mcu: MCUFunc :sendMessageFromVehicle  msgBuff[1] = 5 
05-27 18:18:27.307   351   373 I automotive.vehicle@2.0-adayo-func-mcu: MCUFunc :sendMessageFromVehicle  msgBuff[2] = 0 
05-27 18:18:27.307   351   373 I automotive.vehicle@2.0-adayo-func-mcu: MCUFunc :sendMessageFromVehicle  msgBuff[3] = 0 
05-27 18:18:27.307   351   373 I automotive.vehicle@2.0-adayo-func-mcu: MCUFunc :sendMessageFromVehicle  msgBuff[4] = 85 
05-27 18:18:27.307   351   373 I automotive.vehicle@2.0-adayo-func-mcu: MCUFunc :sendMessageFromVehicle  msgBuff[5] = 0 
05-27 18:18:27.308   299 30844 D EvsDriver: forwardFrame
05-27 08:09:36.271   581   581 D spi_rst_gpio_get_output: GPIO 145 value: 1
05-27 08:09:36.271   581   581 D spidev_ioctl: gpio status=1)
05-27 18:18:27.309   299 30844 D EvsDriver: Delivered 0xb400007b7ca56900 as id 0
05-27 18:18:27.309  1167  1167 D evsmanagerd: /dev/video6 forwarded the buffer #0 to 0xb4000074bf5f5510 from 0xb4000074bf5f6d90
05-27 18:18:27.310 30773 30773 I dvr_service_: [myNum:1][onFrameReceived] Received Surface:1 0
05-27 18:18:27.310 30773 30773 E dvr_service_: [myNum:1] Received S**** loss
05-27 18:18:27.310   299  1153 D EvsDriver: doneWithFrame
05-27 18:18:27.312   581   581 I SpiService: fgesysctrl_getGPIO_status success val=1
05-27 08:09:36.276   581   581 D spi_rst_gpio_get_output: GPIO 145 value: 1
05-27 08:09:36.276   581   581 D spidev_ioctl: gpio status=1)
05-27 18:18:27.317   581   581 I SpiService: fgesysctrl_getGPIO_status success val=1
05-27 18:18:27.318   283   307 I rvcservice: t.code = 4, t.value = 0
05-27 08:09:36.282   581   581 D spi_rst_gpio_get_output: GPIO 145 value: 1
05-27 08:09:36.282   581   581 D spidev_ioctl: gpio status=1)
05-27 18:18:27.322   581   581 I SpiService: fgesysctrl_getGPIO_status success val=1
05-27 18:18:27.324 13911 14183 I SentryImuMcuAngleSender: 179.97897rollDeg
05-27 18:18:27.324 13911 14183 I SentryImuMcuAngleSender: 1,0,0
05-27 08:09:36.287   581   581 D spi_rst_gpio_get_output: GPIO 145 value: 1
05-27 08:09:36.287   581   581 D spidev_ioctl: gpio status=1)
05-27 18:18:27.328   581   581 I SpiService: fgesysctrl_getGPIO_status success val=0
05-27 18:18:27.328   481   597 I mcuc    : send SPI:6AA602B4C900028300FC6AA602B4CA00028415E56AA602B4CB00028305F5
05-27 08:09:36.292   581   581 D spi_rst_gpio_get_output: GPIO 145 value: 0
05-27 08:09:36.292   581   581 D spidev_ioctl: gpio status=0)
05-27 18:18:27.334  1008 30857 D [OMXB]  : usingANWBuffer: handle:0xee7406f0, format:1, w:1920, h:1080
05-27 18:18:27.334   299 30844 D EvsDriver: forwardFrame
05-27 18:18:27.336   299 30844 D EvsDriver: Delivered 0xb400007b7ca56900 as id 0
05-27 18:18:27.336  1167  1167 D evsmanagerd: /dev/video6 forwarded the buffer #0 to 0xb4000074bf5f5510 from 0xb4000074bf5f6d90
05-27 18:18:27.336   299 30841 D EvsDriver: forwardFrame
05-27 18:18:27.340   536   536 D commservice260303: msg.id = 1028,0
05-27 18:18:27.340   536   536 D commservice260303: i = 170, msgid = 8A000404
05-27 18:18:27.340   536   536 D commservice260303: msgid = -1979710460,did=138
05-27 18:18:27.340   299  1153 D EvsDriver: doneWithFrame
05-27 18:18:27.340   536   536 D commservice260303: CommProtocolLibCmdBaseI2C::dataproc {"command":{"id":"imu_status","sub":""},"content":{"TimeStamp":8,"FrameCounter":207773,"GD_X":-0.011682018637657166,"GD_Y":0.004199160262942314,"GD_Z":0.0019848872907459736,"AD_X":-0.005017608404159546,"AD_Y":4.94249165058136E-4,"AD_Z":-0.16826248168945312,"TempDsp":0,"Status":0,"CalibState":1,"SigAmpInvalid":0}},-1979710460
05-27 18:18:27.340   536   536 D commservice260303: send2Cluster len:314, 7B22636F6D6D616E64223A7B226964223A22696D755F737461747573222C22737562223A22227D2C22636F6E74656E74223A7B2254696D655374616D70223A382C224672616D65436F756E746572223A3230373737332C2247445F58223A2D302E3031313638323031383633373635373136362C2247445F59223A302E3030343139393136303236323934323331342C2247445F5A223A302E303031393834383837323930373435393733362C2241445F58223A2D302E3030353031373630383430343135393534362C2241445F59223A342E3934323439313635303538313336452D342C2241445F5A223A2D302E31363832363234383136383934353331322C2254656D70447370223A302C22537461747573223A302C2243616C69625374617465223A312C22536967416D70496E76616C6964223A307D7D, 138 
05-27 18:18:27.340   299 30841 D EvsDriver: Delivered 0xb400007b7ca56a60 as id 0
05-27 18:18:27.340   536   536 D commservice260303: Push Message into SendPool fn=-664272128
05-27 18:18:27.340  1167  1167 D evsmanagerd: /dev/video4 forwarded the buffer #0 to 0xb4000074bf5f6850 from 0xb4000074bf5f41d0
05-27 18:18:27.340   536   536 D commservice260303: ComProtocolLibSend2Cluster::send2ClusterRaw fn=-664272128 , len=330
05-27 18:18:27.340   536   536 D commservice260303: sendCmdToPort :330!!!
05-27 18:18:27.340   536   536 D commservice260303: send Cmd To Port ++++5AA501468A01000368D86A16C4F37B22636F6D6D616E64223A7B226964223A22696D755F737461747573222C22737562223A22227D2C22636F6E74656E74223A7B2254696D655374616D70223A382C224672616D65436F756E746572223A3230373737332C2247445F58223A2D302E3031313638323031383633373635373136362C2247445F59223A302E3030343139393136303236323934323331342C2247445F5A223A302E303031393834383837323930373435393733362C2241445F58223A2D302E3030353031373630383430343135393534362C2241445F59223A342E3934323439313635303538313336452D342C2241445F5A223A2D302E31363832363234383136383934353331322C2254656D70447370223A302C22537461747573223A302C2243616C69625374617465223A312C22536967416D70496E76616C6964223A307D7D82C8
05-27 18:18:27.340   536   536 D commservice260303: bufferevent_write retrun value = 0
05-27 18:18:27.340   536   560 D commservice260303: client datas send succeed,send finish
05-27 18:18:27.340 13911 14192 D Sentinelmode_1.2.5.17_sentry: <SentryImuClusterFgeSender>imu_status sent to Linux, frame=207773, tsNs=8974573, tsMs=8, intervalMs=40, ad=(-0.0050176084,4.9424917E-4,-0.16826248), gd=(-0.011682019,0.0041991603,0.0019848873)
05-27 18:18:27.343   581   581 I SpiService: fgesysctrl_getGPIO_status success val=1
05-27 18:18:27.344 13911 14183 I SentryImuMcuAngleSender: 179.97197rollDeg
05-27 18:18:27.344 13911 14183 I SentryImuMcuAngleSender: 1,0,0
05-27 08:09:36.307   581   581 D spi_rst_gpio_get_output: GPIO 145 value: 1
05-27 08:09:36.307   581   581 D spidev_ioctl: gpio status=1)
05-27 18:18:27.346   299  1153 D EvsDriver: doneWithFrame
05-27 18:18:27.348   581   581 I SpiService: fgesysctrl_getGPIO_status success val=1
05-27 08:09:36.313   581   581 D spi_rst_gpio_get_output: GPIO 145 value: 1
05-27 08:09:36.313   581   581 D spidev_ioctl: gpio status=1)
05-27 18:18:27.352  1008 30856 D [OMXB]  : usingANWBuffer: handle:0xee7467e0, format:1, w:1920, h:1080
05-27 18:18:27.354   581   581 I SpiService: fgesysctrl_getGPIO_status success val=1
05-27 08:09:36.318   581   581 D spi_rst_gpio_get_output: GPIO 145 value: 1
05-27 08:09:36.318   581   581 D spidev_ioctl: gpio status=1)
05-27 18:18:27.358   572   622 I Sensors : 230 AccelSensor: x:-0.168360,y:0.004880,z:-9.972281
05-27 18:18:27.359   581   581 I SpiService: fgesysctrl_getGPIO_status success val=1
05-27 08:09:36.324   581   581 D spi_rst_gpio_get_output: GPIO 145 value: 1
05-27 08:09:36.324   581   581 D spidev_ioctl: gpio status=1)
05-27 18:18:27.365 13911 14183 I SentryImuMcuAngleSender: 179.97197rollDeg
05-27 18:18:27.365 13911 14183 I SentryImuMcuAngleSender: 1,0,0
05-27 18:18:27.365   581   581 I SpiService: fgesysctrl_getGPIO_status success val=0
05-27 18:18:27.366   299 30841 D EvsDriver: forwardFrame
05-27 18:18:27.367   299 30844 D EvsDriver: forwardFrame
05-27 18:18:27.369  1167  1167 D evsmanagerd: /dev/video4 forwarded the buffer #0 to 0xb4000074bf5f6850 from 0xb4000074bf5f41d0
05-27 18:18:27.369   299 30841 D EvsDriver: Delivered 0xb400007b7ca56a60 as id 0
05-27 08:09:36.330   581   581 D spi_rst_gpio_get_output: GPIO 145 value: 0
05-27 08:09:36.330   581   581 D spidev_ioctl: gpio status=0)
05-27 18:18:27.371  1167  1167 D evsmanagerd: /dev/video6 forwarded the buffer #0 to 0xb4000074bf5f5510 from 0xb4000074bf5f6d90
05-27 18:18:27.371   299 30844 D EvsDriver: Delivered 0xb400007b7ca56900 as id 0
05-27 18:18:27.372   299  1153 D EvsDriver: doneWithFrame
05-27 18:18:27.375   299  1153 D EvsDriver: doneWithFrame
05-27 18:18:27.381   536   536 D commservice260303: msg.id = 1028,1
05-27 18:18:27.381   536   536 D commservice260303: i = 170, msgid = 8A000404
05-27 18:18:27.381   536   536 D commservice260303: msgid = -1979710460,did=138
05-27 18:18:27.381   536   536 D commservice260303: CommProtocolLibCmdBaseI2C::dataproc {"command":{"id":"imu_status","sub":""},"content":{"TimeStamp":8,"FrameCounter":207774,"GD_X":-0.011300750076770782,"GD_Y":0.004733873065561056,"GD_Z":0.0022902146447449923,"AD_X":-7.56680965423584E-4,"AD_Y":0.0010916783940047026,"AD_Z":-0.16704177856445312,"TempDsp":0,"Status":0,"CalibState":1,"SigAmpInvalid":0}},-1979710460
05-27 18:18:27.381   536   536 D commservice260303: send2Cluster len:315, 7B22636F6D6D616E64223A7B226964223A22696D755F737461747573222C22737562223A22227D2C22636F6E74656E74223A7B2254696D655374616D70223A382C224672616D65436F756E746572223A3230373737342C2247445F58223A2D302E3031313330303735303037363737303738322C2247445F59223A302E3030343733333837333036353536313035362C2247445F5A223A302E303032323930323134363434373434393932332C2241445F58223A2D372E3536363830393635343233353834452D342C2241445F59223A302E303031303931363738333934303034373032362C2241445F5A223A2D302E31363730343137373835363434353331322C2254656D70447370223A302C22537461747573223A302C2243616C69625374617465223A312C22536967416D70496E76616C6964223A307D7D, 138 
05-27 18:18:27.381   536   536 D commservice260303: Push Message into SendPool fn=-647494912
05-27 18:18:27.381   536   536 D commservice260303: ComProtocolLibSend2Cluster::send2ClusterRaw fn=-647494912 , len=331
05-27 18:18:27.381   536   536 D commservice260303: sendCmdToPort :331!!!
05-27 18:18:27.381   536   536 D commservice260303: send Cmd To Port ++++5AA501478A01000368D96A16C4F37B22636F6D6D616E64223A7B226964223A22696D755F737461747573222C22737562223A22227D2C22636F6E74656E74223A7B2254696D655374616D70223A382C224672616D65436F756E746572223A3230373737342C2247445F58223A2D302E3031313330303735303037363737303738322C2247445F59223A302E3030343733333837333036353536313035362C2247445F5A223A302E303032323930323134363434373434393932332C2241445F58223A2D372E3536363830393635343233353834452D342C2241445F59223A302E303031303931363738333934303034373032362C2241445F5A223A2D302E31363730343137373835363434353331322C2254656D70447370223A302C22537461747573223A302C2243616C69625374617465223A312C22536967416D70496E76616C6964223A307D7DBAB9
05-27 18:18:27.381   536   536 D commservice260303: bufferevent_write retrun value = 0
05-27 18:18:27.381   536   560 D commservice260303: client datas send succeed,send finish
05-27 18:18:27.381 13911 14192 D Sentinelmode_1.2.5.17_sentry: <SentryImuClusterFgeSender>imu_status sent to Linux, frame=207774, tsNs=8974628, tsMs=8, intervalMs=41, ad=(-7.5668097E-4,0.0010916784,-0.16704178), gd=(-0.01130075,0.004733873,0.0022902146)
05-27 18:18:27.383   581   581 I SpiService: fgesysctrl_getGPIO_status success val=1
05-27 08:09:36.348   581   581 D spi_rst_gpio_get_output: GPIO 145 value: 1
05-27 08:09:36.348   581   581 D spidev_ioctl: gpio status=1)
05-27 18:18:27.386 13911 14183 I SentryImuMcuAngleSender: 179.97546rollDeg
05-27 18:18:27.386 13911 14183 I SentryImuMcuAngleSender: 1,0,0
05-27 18:18:27.387  1008 30856 D [OMXB]  : usingANWBuffer: handle:0xee743500, format:1, w:1920, h:1080
05-27 18:18:27.389   581   581 I SpiService: fgesysctrl_getGPIO_status success val=1
05-27 18:18:27.389   269   269 D libvintf: HalManifest::getHidlTransport(framework): Cannot find android.hardware.usb@1.0::IUsb/default
05-27 18:18:27.389   269   269 D libvintf: HalManifest::getHidlTransport(device): Cannot find android.hardware.usb@1.0::IUsb/default
05-27 18:18:27.389   269   269 I hwservicemanager: getTransport: Cannot find entry android.hardware.usb@1.0::IUsb/default in either framework or device VINTF manifest.
05-27 18:18:27.389   566 11459 I gps_hdbd: Received: '$GNGGA,003418.000,,,,,0,00,,,M,,M,,*68
'
05-27 18:18:27.390 12348 12448 E ExtUsbManager: UsbHalController: android.hardware.usb.V1_0.IUsb getService failed!
05-27 18:18:27.390 12348 12448 E ExtUsbManager: java.util.NoSuchElementException
05-27 18:18:27.390 12348 12448 E ExtUsbManager: 	at android.os.HwBinder.getService(Native Method)
05-27 18:18:27.390 12348 12448 E ExtUsbManager: 	at android.os.HwBinder.getService(HwBinder.java:81)
05-27 18:18:27.390 12348 12448 E ExtUsbManager: 	at android.hardware.usb.V1_0.IUsb.getService(IUsb.java:74)
05-27 18:18:27.390 12348 12448 E ExtUsbManager: 	at android.hardware.usb.V1_0.IUsb.getService(IUsb.java:84)
05-27 18:18:27.390 12348 12448 E ExtUsbManager: 	at ts.car.usb.UsbHalController.createService(UsbHalController.java:37)
05-27 18:18:27.390 12348 12448 E ExtUsbManager: 	at ts.car.usb.UsbHalController.createService(UsbHalController.java:18)
05-27 18:18:27.390 12348 12448 E ExtUsbManager: 	at ts.car.usb.utils.AutoServiceConnector4Hidl.autoConnect(AutoServiceConnector4Hidl.java:47)
05-27 18:18:27.390 12348 12448 E ExtUsbManager: 	at ts.car.usb.utils.AutoServiceConnector4Hidl$$ExternalSyntheticLambda0.run(Unknown Source:2)
05-27 18:18:27.390 12348 12448 E ExtUsbManager: 	at android.os.Handler.handleCallback(Handler.java:942)
05-27 18:18:27.390 12348 12448 E ExtUsbManager: 	at android.os.Handler.dispatchMessage(Handler.java:99)
05-27 18:18:27.390 12348 12448 E ExtUsbManager: 	at android.os.Looper.loopOnce(Looper.java:201)
05-27 18:18:27.390 12348 12448 E ExtUsbManager: 	at android.os.Looper.loop(Looper.java:288)
05-27 18:18:27.390 12348 12448 E ExtUsbManager: 	at android.os.HandlerThread.run(HandlerThread.java:67)
05-27 08:09:36.353   581   581 D spi_rst_gpio_get_output: GPIO 145 value: 1
05-27 08:09:36.353   581   581 D spidev_ioctl: gpio status=1)
05-27 18:18:27.391   269   269 D libvintf: HalManifest::getHidlTransport(framework): Cannot find vendor.ts.usbext@1.0::IUsbext/default
05-27 18:18:27.391   269   269 D libvintf: HalManifest::getHidlTransport(device): Cannot find vendor.ts.usbext@1.0::IUsbext/default
05-27 18:18:27.391   269   269 I hwservicemanager: getTransport: Cannot find entry vendor.ts.usbext@1.0::IUsbext/default in either framework or device VINTF manifest.
05-27 18:18:27.391 12348 12448 E ExtUsbManager: UsbHalExtController: vendor.ts.usbext.V1_0.IUsbext getService failed!
05-27 18:18:27.391 12348 12448 E ExtUsbManager: java.util.NoSuchElementException
05-27 18:18:27.391 12348 12448 E ExtUsbManager: 	at android.os.HwBinder.getService(Native Method)
05-27 18:18:27.391 12348 12448 E ExtUsbManager: 	at android.os.HwBinder.getService(HwBinder.java:81)
05-27 18:18:27.391 12348 12448 E ExtUsbManager: 	at vendor.ts.usbext.V1_0.IUsbext.getService(IUsbext.java:74)
05-27 18:18:27.391 12348 12448 E ExtUsbManager: 	at vendor.ts.usbext.V1_0.IUsbext.getService(IUsbext.java:84)
05-27 18:18:27.391 12348 12448 E ExtUsbManager: 	at ts.car.usb.UsbHalExtController.createService(UsbHalExtController.java:37)
05-27 18:18:27.391 12348 12448 E ExtUsbManager: 	at ts.car.usb.UsbHalExtController.createService(UsbHalExtController.java:18)
05-27 18:18:27.391 12348 12448 E ExtUsbManager: 	at ts.car.usb.utils.AutoServiceConnector4Hidl.autoConnect(AutoServiceConnector4Hidl.java:47)
05-27 18:18:27.391 12348 12448 E ExtUsbManager: 	at ts.car.usb.utils.AutoServiceConnector4Hidl$$ExternalSyntheticLambda0.run(Unknown Source:2)
05-27 18:18:27.391 12348 12448 E ExtUsbManager: 	at android.os.Handler.handleCallback(Handler.java:942)
05-27 18:18:27.391 12348 12448 E ExtUsbManager: 	at android.os.Handler.dispatchMessage(Handler.java:99)
05-27 18:18:27.391 12348 12448 E ExtUsbManager: 	at android.os.Looper.loopOnce(Looper.java:201)
05-27 18:18:27.391 12348 12448 E ExtUsbManager: 	at android.os.Looper.loop(Looper.java:288)
05-27 18:18:27.391 12348 12448 E ExtUsbManager: 	at android.os.HandlerThread.run(HandlerThread.java:67)
05-27 18:18:27.394   581   581 I SpiService: fgesysctrl_getGPIO_status success val=1
05-27 18:18:27.395   299 30841 D EvsDriver: forwardFrame
05-27 18:18:27.395   566 11459 I gps_hdbd: Received: '$GNGSA,A,1,,,,,,,,,,,,,,,,1*1D
'
05-27 18:18:27.396   566 11459 I gps_hdbd: Received: '$GNGSA,A,1,,,,,,,,,,,,,,,,3*1F
'
05-27 18:18:27.397  1167  1167 D evsmanagerd: /dev/video4 forwarded the buffer #0 to 0xb4000074bf5f6850 from 0xb4000074bf5f41d0
05-27 18:18:27.397   299 30841 D EvsDriver: Delivered 0xb400007b7ca56a60 as id 0
05-27 18:18:27.397   269   269 D libvintf: HalManifest::getHidlTransport(framework): Cannot find android.hardware.usb.gadget@1.0::IUsbGadget/default
05-27 18:18:27.398   269   269 D libvintf: HalManifest::getHidlTransport(device): Cannot find android.hardware.usb.gadget@1.0::IUsbGadget/default
05-27 18:18:27.398   299 30844 D EvsDriver: forwardFrame
05-27 18:18:27.398   269   269 I hwservicemanager: getTransport: Cannot find entry android.hardware.usb.gadget@1.0::IUsbGadget/default in either framework or device VINTF manifest.
05-27 08:09:36.359   581   581 D spi_rst_gpio_get_output: GPIO 145 value: 1
05-27 08:09:36.359   581   581 D spidev_ioctl: gpio status=1)
05-27 18:18:27.400 12348 12448 E ExtUsbManager: UsbGadgetController: android.hardware.usb.gadget.V1_0.IUsbGadget getService failed!
05-27 18:18:27.400 12348 12448 E ExtUsbManager: java.util.NoSuchElementException
05-27 18:18:27.400 12348 12448 E ExtUsbManager: 	at android.os.HwBinder.getService(Native Method)
05-27 18:18:27.400 12348 12448 E ExtUsbManager: 	at android.os.HwBinder.getService(HwBinder.java:81)
05-27 18:18:27.400 12348 12448 E ExtUsbManager: 	at android.hardware.usb.gadget.V1_0.IUsbGadget.getService(IUsbGadget.java:74)
05-27 18:18:27.400 12348 12448 E ExtUsbManager: 	at android.hardware.usb.gadget.V1_0.IUsbGadget.getService(IUsbGadget.java:84)
05-27 18:18:27.400 12348 12448 E ExtUsbManager: 	at ts.car.usb.UsbGadgetController.createService(UsbGadgetController.java:36)
05-27 18:18:27.400 12348 12448 E ExtUsbManager: 	at ts.car.usb.UsbGadgetController.createService(UsbGadgetController.java:17)
05-27 18:18:27.400 12348 12448 E ExtUsbManager: 	at ts.car.usb.utils.AutoServiceConnector4Hidl.autoConnect(AutoServiceConnector4Hidl.java:47)
05-27 18:18:27.400 12348 12448 E ExtUsbManager: 	at ts.car.usb.utils.AutoServiceConnector4Hidl$$ExternalSyntheticLambda0.run(Unknown Source:2)
05-27 18:18:27.400 12348 12448 E ExtUsbManager: 	at android.os.Handler.handleCallback(Handler.java:942)
05-27 18:18:27.400 12348 12448 E ExtUsbManager: 	at android.os.Handler.dispatchMessage(Handler.java:99)
05-27 18:18:27.400 12348 12448 E ExtUsbManager: 	at android.os.Looper.loopOnce(Looper.java:201)
05-27 18:18:27.400 12348 12448 E ExtUsbManager: 	at android.os.Looper.loop(Looper.java:288)
05-27 18:18:27.400 12348 12448 E ExtUsbManager: 	at android.os.HandlerThread.run(HandlerThread.java:67)
05-27 18:18:27.400   581   581 I SpiService: fgesysctrl_getGPIO_status success val=1
05-27 18:18:27.400   299 30844 D EvsDriver: Delivered 0xb400007b7ca56900 as id 0
05-27 18:18:27.400  1167  1167 D evsmanagerd: /dev/video6 forwarded the buffer #0 to 0xb4000074bf5f5510 from 0xb4000074bf5f6d90
05-27 18:18:27.401   566 11459 I gps_hdbd: Received: '$GNGSA,A,1,,,,,,,,,,,,,,,,4*18
'
05-27 18:18:27.402  1008 30857 D [OMXB]  : usingANWBuffer: handle:0xee743870, format:1, w:1920, h:1080
05-27 18:18:27.402   299  1153 D EvsDriver: doneWithFrame
05-27 18:18:27.402   566 11459 I gps_hdbd: Received: '$BDGSV,1,1,00,1*75
'
05-27 18:18:27.403   299  1163 D EvsDriver: doneWithFrame
05-27 18:18:27.405   581   581 I SpiService: fgesysctrl_getGPIO_status success val=0
05-27 18:18:27.407 13911 14183 I SentryImuMcuAngleSender: 179.993rollDeg
05-27 18:18:27.407 13911 14183 I SentryImuMcuAngleSender: 1,0,0
05-27 18:18:27.407   566 11459 I gps_hdbd: Received: '$BDGSV,1,1,00,5*71
'
05-27 18:18:27.408   566 11459 I gps_hdbd: Received: '$GPGSV,1,1,01,199,42,165,,1*60
'
05-27 08:09:36.364   581   581 D spi_rst_gpio_get_output: GPIO 145 value: 1
05-27 08:09:36.364   581   581 D spidev_ioctl: gpio status=1)
05-27 08:09:36.370   581   581 D spi_rst_gpio_get_output: GPIO 145 value: 0
05-27 08:09:36.370   581   581 D spidev_ioctl: gpio status=0)
05-27 18:18:27.413   566 11459 I gps_hdbd: Received: '$GPGSV,1,1,00,8*6D
'
05-27 18:18:27.413   566 11459 I gps_hdbd: Received: '$GAGSV,1,1,00,7*73
'
05-27 18:18:27.418   283   307 I rvcservice: t.code = 3, t.value = 0
05-27 18:18:27.418   566 11459 I gps_hdbd: Received: '$GAGSV,1,1,00,1*75
'
05-27 18:18:27.419   581   581 I SpiService: fgesysctrl_getGPIO_status success val=1
05-27 18:18:27.420   536   536 D commservice260303: msg.id = 1028,0
05-27 18:18:27.420   536   536 D commservice260303: i = 170, msgid = 8A000404
05-27 18:18:27.420   536   536 D commservice260303: msgid = -1979710460,did=138
05-27 18:18:27.420   536   536 D commservice260303: CommProtocolLibCmdBaseI2C::dataproc {"command":{"id":"imu_status","sub":""},"content":{"TimeStamp":8,"FrameCounter":207775,"GD_X":-0.01153013575822115,"GD_Y":0.004656890872865915,"GD_Z":0.0022902146447449923,"AD_X":-7.741451263427734E-4,"AD_Y":-0.0019455503206700087,"AD_Z":-0.1713113784790039,"TempDsp":0,"Status":0,"CalibState":1,"SigAmpInvalid":0}},-1979710460
05-27 18:18:27.421   536   536 D commservice260303: send2Cluster len:315, 7B22636F6D6D616E64223A7B226964223A22696D755F737461747573222C22737562223A22227D2C22636F6E74656E74223A7B2254696D655374616D70223A382C224672616D65436F756E746572223A3230373737352C2247445F58223A2D302E30313135333031333537353832323131352C2247445F59223A302E3030343635363839303837323836353931352C2247445F5A223A302E303032323930323134363434373434393932332C2241445F58223A2D372E373431343531323633343237373334452D342C2241445F59223A2D302E303031393435353530333230363730303038372C2241445F5A223A2D302E313731333131333738343739303033392C2254656D70447370223A302C22537461747573223A302C2243616C69625374617465223A312C22536967416D70496E76616C6964223A307D7D, 138 
05-27 18:18:27.421   536   536 D commservice260303: Push Message into SendPool fn=-630717696
05-27 18:18:27.421   536   536 D commservice260303: ComProtocolLibSend2Cluster::send2ClusterRaw fn=-630717696 , len=331
05-27 18:18:27.421   536   536 D commservice260303: sendCmdToPort :331!!!
