05-27 18:18:20.832   536   536 D commservice260303: ComProtocolLibSend2Cluster::send2ClusterRaw fn=912786176 , len=331
05-27 18:18:20.832  1167  1184 D evsmanagerd: /dev/video4 forwarded the buffer #0 to 0xb4000074bf5f6850 from 0xb4000074bf5f41d0
05-27 18:18:20.832   536   536 D commservice260303: sendCmdToPort :331!!!
05-27 18:18:20.832   536   536 D commservice260303: send Cmd To Port ++++5AA501478A01000368366A16C4EC7B22636F6D6D616E64223A7B226964223A22696D755F737461747573222C22737562223A22227D2C22636F6E74656E74223A7B2254696D655374616D70223A382C224672616D65436F756E746572223A3230373631342C2247445F58223A2D302E3031313337373231313636303134363731332C2247445F59223A302E303034383835373536343130363538333539352C2247445F5A223A302E3030323231333735323539353730373737342C2241445F58223A302E3030313033313134353435333435333036342C2241445F59223A302E303032383633373834353533343833313238352C2241445F5A223A2D302E31363832363234383136383934353331322C2254656D70447370223A302C22537461747573223A302C2243616C69625374617465223A312C22536967416D70496E76616C6964223A307D7D2539
05-27 18:18:20.833   536   536 D commservice260303: bufferevent_write retrun value = 0
05-27 18:18:20.833   536   560 D commservice260303: client datas send succeed,send finish
05-27 18:18:20.833   581   581 I SpiService: fgesysctrl_getGPIO_status success val=1
05-27 18:18:20.833   481   598 I mcuc    : rev,n=1,6AA681B4AA000A8900CC01040921123456F7
05-27 18:18:20.833  1121  1144 I tboxmids_ap: [2026-05-27 18:18:20.833] [MCU RX] src=MCU dst=ZMQ len=10 type=BINARY data=00 08 CC 01 04 09 21 12 34 56 
05-27 18:18:20.833   351   373 D automotive.vehicle@2.0-adayo-datacomm-mcu: MCUDatacomm sendMessageFromVehicle prop: 0x89, areaId: 0x0, status: 0xcc, timestamp: 0x1
05-27 18:18:20.833   351   373 D automotive.vehicle@2.0-adayo-datacomm-mcu: MCUDatacomm 1sendMessageFromVehicle ---> type = 12 
05-27 18:18:20.834 13911 14192 D Sentinelmode_1.2.5.17_sentry: <SentryImuClusterFgeSender>imu_status sent to Linux, frame=207614, tsNs=8968066, tsMs=8, intervalMs=41, ad=(0.0010311455,0.0028637846,-0.16826248), gd=(-0.011377212,0.0048857564,0.0022137526)
05-27 18:18:20.835  1083  1083 I MyAppLog: [2026-05-27 18:18:20.834 I tboxap mcuCommTboxmidsRecvCb:97] [Mcu] [mcuCommTboxmidsRecvCb] recv from tboxmids, size:10
05-27 18:18:20.835  1083  1083 I MyAppLog: [2026-05-27 18:18:20.834 I tboxap mcuCommTboxmidsRecvCb:98] [Mcu] [tboxmids -> tboxap]: :00 08 CC 01 04 09 21 12 34 56
05-27 18:18:20.835  1083  1083 I MyAppLog: [2026-05-27 18:18:20.834 I tboxap mcuPtlParseData:990] [Mcu] [Mcu  Parse]: (cmd):0921 (param):0921123456
05-27 18:18:20.835  1083  1083 W MyAppLog: [2026-05-27 18:18:20.834 W tboxap mcuParamDataRevPack:918] [Mcu] mcuParamDataRevPack start pack data!!!
05-27 18:18:20.835  1083  1083 W MyAppLog: [2026-05-27 18:18:20.834 W tboxap mcuHandleFaultCodeInd:1947] [Mcu] [mcuHandleFaultCodeInd] recv 0x0921 fault count:18 stored:2 firstCode:0x34
05-27 18:18:20.835  1083  1083 I MyAppLog: [2026-05-27 18:18:20.834 I tboxap mcuSendYadiTransfer:196] [Mcu] [mcuYadiSend]: :00 06 CA 04 01 09 A1 01
05-27 18:18:20.836  1083  1083 W MyAppLog: [2026-05-27 18:18:20.834 W tboxap tsp_ExternalEvent:109] [Tsp] [tsp_ExternalEvent] recv ExternalEvent = 55, size:2
05-27 18:18:20.837   299 30844 D EvsDriver: forwardFrame
05-27 18:18:20.838   481   599 I mcuc    : start timer OK = 25180 
05-27 18:18:20.839   581   581 I SpiService: fgesysctrl_getGPIO_status success val=1
05-27 18:18:20.841   299 30844 D EvsDriver: Delivered 0xb400007b7ca56900 as id 0
05-27 18:18:20.841  1167  1184 D evsmanagerd: /dev/video6 forwarded the buffer #0 to 0xb4000074bf5f5510 from 0xb4000074bf5f6d90
05-27 18:18:20.842   299  1163 D EvsDriver: doneWithFrame
05-27 08:09:29.809   581   581 D spidev_ioctl: gpio status=1)
05-27 18:18:20.845   581   581 I SpiService: fgesysctrl_getGPIO_status success val=1
05-27 18:18:20.846   299  1163 D EvsDriver: doneWithFrame
05-27 18:18:20.846  1008 30857 D [OMXB]  : usingANWBuffer: handle:0xee744bb0, format:1, w:1920, h:1080
05-27 18:18:20.850 13911 14183 I SentryImuMcuAngleSender: 179.97197rollDeg
05-27 18:18:20.851 13911 14183 I SentryImuMcuAngleSender: 1,0,0
05-27 18:18:20.851   581   581 I SpiService: fgesysctrl_getGPIO_status success val=1
05-27 08:09:29.816   581   581 D spidev_ioctl: gpio status=1)
05-27 18:18:20.857   581   581 I SpiService: fgesysctrl_getGPIO_status success val=1
05-27 08:09:29.821   581   581 D spi_rst_gpio_get_output: GPIO 145 value: 1
05-27 18:18:20.862   581   581 I SpiService: fgesysctrl_getGPIO_status success val=0
05-27 18:18:20.862   481   597 I mcuc    : send SPI:6AA602B4AA00028900156AA601625C00F80901CA040109A101000000000000000000000000000000000000000000000000000000000000000000000000000000000000000000000000000000000000000000000000000000000000000000000000000000000000000000000000000000000000000000000000000000000000000000000000000000000000000000000000000000000000000000000000000000000000000000000000000000000000000000000000000000000000000000000000000000000000000000000000000000000000000000000000000000000000000000000000000000000000000000000000000000000000000000000000000000000000000000000000C5
05-27 08:09:29.827   581   581 D spidev_ioctl: gpio status=0)
05-27 18:18:20.865  1008 30856 D [OMXB]  : usingANWBuffer: handle:0xee742060, format:1, w:1920, h:1080
05-27 18:18:20.868   299 30841 D EvsDriver: forwardFrame
05-27 18:18:20.871   299 30841 D EvsDriver: Delivered 0xb400007b7ca56a60 as id 0
05-27 18:18:20.871  1167  1184 D evsmanagerd: /dev/video4 forwarded the buffer #0 to 0xb4000074bf5f6850 from 0xb4000074bf5f41d0
05-27 18:18:20.872 13911 14183 I SentryImuMcuAngleSender: 179.98598rollDeg
05-27 18:18:20.872 13911 14183 I SentryImuMcuAngleSender: 1,0,0
05-27 18:18:20.872   536   536 D commservice260303: msg.id = 1028,1
05-27 18:18:20.873   536   536 D commservice260303: i = 170, msgid = 8A000404
05-27 18:18:20.873   536   536 D commservice260303: msgid = -1979710460,did=138
05-27 18:18:20.873   536   536 D commservice260303: CommProtocolLibCmdBaseI2C::dataproc {"command":{"id":"imu_status","sub":""},"content":{"TimeStamp":8,"FrameCounter":207615,"GD_X":-0.010613113641738892,"GD_Y":0.004733873065561056,"GD_Z":0.0023671966046094894,"AD_X":-0.004462882876396179,"AD_Y":-1.917912159115076E-4,"AD_Z":-0.16826248168945312,"TempDsp":0,"Status":0,"CalibState":1,"SigAmpInvalid":0}},-1979710460
05-27 18:18:20.873   536   536 D commservice260303: send2Cluster len:316, 7B22636F6D6D616E64223A7B226964223A22696D755F737461747573222C22737562223A22227D2C22636F6E74656E74223A7B2254696D655374616D70223A382C224672616D65436F756E746572223A3230373631352C2247445F58223A2D302E3031303631333131333634313733383839322C2247445F59223A302E3030343733333837333036353536313035362C2247445F5A223A302E303032333637313936363034363039343839342C2241445F58223A2D302E3030343436323838323837363339363137392C2241445F59223A2D312E393137393132313539313135303736452D342C2241445F5A223A2D302E31363832363234383136383934353331322C2254656D70447370223A302C22537461747573223A302C2243616C69625374617465223A312C22536967416D70496E76616C6964223A307D7D, 138 
05-27 18:18:20.873   536   536 D commservice260303: Push Message into SendPool fn=929563392
05-27 18:18:20.873   536   536 D commservice260303: ComProtocolLibSend2Cluster::send2ClusterRaw fn=929563392 , len=332
05-27 18:18:20.873   536   536 D commservice260303: sendCmdToPort :332!!!
05-27 18:18:20.873   536   536 D commservice260303: send Cmd To Port ++++5AA501488A01000368376A16C4EC7B22636F6D6D616E64223A7B226964223A22696D755F737461747573222C22737562223A22227D2C22636F6E74656E74223A7B2254696D655374616D70223A382C224672616D65436F756E746572223A3230373631352C2247445F58223A2D302E3031303631333131333634313733383839322C2247445F59223A302E3030343733333837333036353536313035362C2247445F5A223A302E303032333637313936363034363039343839342C2241445F58223A2D302E3030343436323838323837363339363137392C2241445F59223A2D312E393137393132313539313135303736452D342C2241445F5A223A2D302E31363832363234383136383934353331322C2254656D70447370223A302C22537461747573223A302C2243616C69625374617465223A312C22536967416D70496E76616C6964223A307D7D5872
05-27 18:18:20.873   536   536 D commservice260303: bufferevent_write retrun value = 0
05-27 18:18:20.873   536   560 D commservice260303: client datas send succeed,send finish
05-27 18:18:20.873 13911 14192 D Sentinelmode_1.2.5.17_sentry: <SentryImuClusterFgeSender>imu_status sent to Linux, frame=207615, tsNs=8968120, tsMs=8, intervalMs=40, ad=(-0.004462883,-1.9179122E-4,-0.16826248), gd=(-0.010613114,0.004733873,0.0023671966)
05-27 18:18:20.875   299 30844 D EvsDriver: forwardFrame
05-27 18:18:20.877   299 30844 D EvsDriver: Delivered 0xb400007b7ca56900 as id 0
05-27 18:18:20.877   299  1163 D EvsDriver: doneWithFrame
05-27 18:18:20.877  1167  1167 D evsmanagerd: /dev/video6 forwarded the buffer #0 to 0xb4000074bf5f5510 from 0xb4000074bf5f6d90
05-27 18:18:20.877   581   581 I SpiService: fgesysctrl_getGPIO_status success val=1
05-27 18:18:20.880   299  1163 D EvsDriver: doneWithFrame
05-27 18:18:20.883   581   581 I SpiService: fgesysctrl_getGPIO_status success val=1
05-27 08:09:29.847   581   581 D spi_rst_gpio_get_output: GPIO 145 value: 1
05-27 18:18:20.885  1008 30857 D [OMXB]  : usingANWBuffer: handle:0xee746c00, format:1, w:1920, h:1080
05-27 18:18:20.886 30773 30789 I dvr_service_: Camera 1: MediaOK:131791466, frames:3010, isKeyFrame:0,pts:8967827694
05-27 18:18:20.887   572   572 I Sensors : 230 AccelSensor: x:-0.168360,y:0.005490,z:-9.972281
05-27 18:18:20.888   581   581 I SpiService: fgesysctrl_getGPIO_status success val=1
05-27 08:09:29.853   581   581 D spi_rst_gpio_get_output: GPIO 145 value: 1
05-27 18:18:20.892 13911 14183 I SentryImuMcuAngleSender: 179.96846rollDeg
05-27 18:18:20.892 13911 14183 I SentryImuMcuAngleSender: 1,0,0
05-27 18:18:20.894   581   581 I SpiService: fgesysctrl_getGPIO_status success val=1
05-27 08:09:29.859   581   581 D spidev_ioctl: gpio status=1)
05-27 18:18:20.897   283   307 I rvcservice: t.code = 4, t.value = 0
05-27 18:18:20.899   581   581 I SpiService: fgesysctrl_getGPIO_status success val=0
05-27 08:09:29.864   581   581 D spi_rst_gpio_get_output: GPIO 145 value: 0
05-27 18:18:20.902   299 30844 D EvsDriver: forwardFrame
05-27 18:18:20.903   299 30841 D EvsDriver: forwardFrame
05-27 18:18:20.903   299 30841 D EvsDriver: Delivered 0xb400007b7ca56a60 as id 0
05-27 18:18:20.904   299 30844 D EvsDriver: Delivered 0xb400007b7ca56900 as id 0
05-27 18:18:20.904  1167  1184 D evsmanagerd: /dev/video6 forwarded the buffer #0 to 0xb4000074bf5f5510 from 0xb4000074bf5f6d90
05-27 18:18:20.904  1167  1167 D evsmanagerd: /dev/video4 forwarded the buffer #0 to 0xb4000074bf5f6850 from 0xb4000074bf5f41d0
05-27 18:18:20.908   299  1163 D EvsDriver: doneWithFrame
05-27 18:18:20.908   299  1153 D EvsDriver: doneWithFrame
05-27 18:18:20.909  1008 30856 D [OMXB]  : usingANWBuffer: handle:0xee742cc0, format:1, w:1920, h:1080
05-27 18:18:20.910 30773 30789 I dvr_service_: Camera 0: MediaOK:131866495, frames:3020, isKeyFrame:0,pts:8967869931
05-27 18:18:20.911   481   598 I mcuc    : rev,n=1,6AA682625C00020901B4
05-27 18:18:20.912 13911 14183 I SentryImuMcuAngleSender: 179.96146rollDeg
05-27 18:18:20.913 13911 14183 I SentryImuMcuAngleSender: 1,0,0
05-27 18:18:20.914   536   536 D commservice260303: msg.id = 1028,1
05-27 18:18:20.914   536   536 D commservice260303: i = 170, msgid = 8A000404
05-27 18:18:20.914   536   536 D commservice260303: msgid = -1979710460,did=138
05-27 18:18:20.914   536   536 D commservice260303: CommProtocolLibCmdBaseI2C::dataproc {"command":{"id":"imu_status","sub":""},"content":{"TimeStamp":8,"FrameCounter":207616,"GD_X":-0.011377211660146713,"GD_Y":0.005345047451555729,"GD_Z":0.0023671966046094894,"AD_X":-8.129626512527466E-4,"AD_Y":0.004056775011122227,"AD_Z":-0.16826248168945312,"TempDsp":0,"Status":0,"CalibState":1,"SigAmpInvalid":0}},-1979710460
05-27 18:18:20.915   536   536 D commservice260303: send2Cluster len:315, 7B22636F6D6D616E64223A7B226964223A22696D755F737461747573222C22737562223A22227D2C22636F6E74656E74223A7B2254696D655374616D70223A382C224672616D65436F756E746572223A3230373631362C2247445F58223A2D302E3031313337373231313636303134363731332C2247445F59223A302E3030353334353034373435313535353732392C2247445F5A223A302E303032333637313936363034363039343839342C2241445F58223A2D382E313239363236353132353237343636452D342C2241445F59223A302E3030343035363737353031313132323232372C2241445F5A223A2D302E31363832363234383136383934353331322C2254656D70447370223A302C22537461747573223A302C2243616C69625374617465223A312C22536967416D70496E76616C6964223A307D7D, 138 
05-27 18:18:20.915   536   536 D commservice260303: Push Message into SendPool fn=946340608
05-27 18:18:20.915   536   536 D commservice260303: ComProtocolLibSend2Cluster::send2ClusterRaw fn=946340608 , len=331
05-27 18:18:20.915   536   536 D commservice260303: sendCmdToPort :331!!!
05-27 18:18:20.915   581   581 I SpiService: fgesysctrl_getGPIO_status success val=1
05-27 18:18:20.915   536   536 D commservice260303: send Cmd To Port ++++5AA501478A01000368386A16C4EC7B22636F6D6D616E64223A7B226964223A22696D755F737461747573222C22737562223A22227D2C22636F6E74656E74223A7B2254696D655374616D70223A382C224672616D65436F756E746572223A3230373631362C2247445F58223A2D302E3031313337373231313636303134363731332C2247445F59223A302E3030353334353034373435313535353732392C2247445F5A223A302E303032333637313936363034363039343839342C2241445F58223A2D382E313239363236353132353237343636452D342C2241445F59223A302E3030343035363737353031313132323232372C2241445F5A223A2D302E31363832363234383136383934353331322C2254656D70447370223A302C22537461747573223A302C2243616C69625374617465223A312C22536967416D70496E76616C6964223A307D7DDB8A
05-27 18:18:20.915   536   536 D commservice260303: bufferevent_write retrun value = 0
05-27 18:18:20.915   536   560 D commservice260303: client datas send succeed,send finish
05-27 18:18:20.916 13911 14192 D Sentinelmode_1.2.5.17_sentry: <SentryImuClusterFgeSender>imu_status sent to Linux, frame=207616, tsNs=8968156, tsMs=8, intervalMs=42, ad=(-8.1296265E-4,0.004056775,-0.16826248), gd=(-0.011377212,0.0053450475,0.0023671966)
05-27 18:18:20.920   581   581 I SpiService: fgesysctrl_getGPIO_status success val=1
05-27 18:18:20.923  1008 30857 D [OMXB]  : usingANWBuffer: handle:0xee744b00, format:1, w:1920, h:1080
05-27 18:18:20.926   581   581 I SpiService: fgesysctrl_getGPIO_status success val=1
05-27 18:18:20.931   581   581 I SpiService: fgesysctrl_getGPIO_status success val=1
05-27 18:18:20.932   299 30841 D EvsDriver: forwardFrame
05-27 18:18:20.932   299 30844 D EvsDriver: forwardFrame
05-27 18:18:20.934   299 30841 D EvsDriver: Delivered 0xb400007b7ca56a60 as id 0
05-27 18:18:20.934 13911 14183 I SentryImuMcuAngleSender: 179.96846rollDeg
05-27 18:18:20.934 13911 14183 I SentryImuMcuAngleSender: 1,0,0
05-27 18:18:20.934  1167  1184 D evsmanagerd: /dev/video4 forwarded the buffer #0 to 0xb4000074bf5f6850 from 0xb4000074bf5f41d0
05-27 18:18:20.935  1167  1184 D evsmanagerd: /dev/video6 forwarded the buffer #0 to 0xb4000074bf5f5510 from 0xb4000074bf5f6d90
05-27 18:18:20.935   299 30844 D EvsDriver: Delivered 0xb400007b7ca56900 as id 0
05-27 18:18:20.938   581   581 I SpiService: fgesysctrl_getGPIO_status success val=0
05-27 18:18:20.939   299  1163 D EvsDriver: doneWithFrame
05-27 18:18:20.939   299  1153 D EvsDriver: doneWithFrame
05-27 18:18:20.941 11344 11344 E SystemUI_NavBarFragment: SysUIConfig.icCarServiceConnected：false
05-27 18:18:20.949  1008 30856 D [OMXB]  : usingANWBuffer: handle:0xee7412a0, format:1, w:1920, h:1080
05-27 18:18:20.953   581   581 I SpiService: fgesysctrl_getGPIO_status success val=1
05-27 18:18:20.955 13911 14183 I SentryImuMcuAngleSender: 179.97197rollDeg
05-27 18:18:20.955 13911 14183 I SentryImuMcuAngleSender: 1,0,0
05-27 18:18:20.955   536   536 D commservice260303: msg.id = 1028,0
05-27 18:18:20.955   536   536 D commservice260303: i = 170, msgid = 8A000404
05-27 18:18:20.955   536   536 D commservice260303: msgid = -1979710460,did=138
05-27 18:18:20.955   536   536 D commservice260303: CommProtocolLibCmdBaseI2C::dataproc {"command":{"id":"imu_status","sub":""},"content":{"TimeStamp":8,"FrameCounter":207617,"GD_X":-0.011070843786001205,"GD_Y":0.005039200186729431,"GD_Z":0.002519079949706793,"AD_X":-0.002646610140800476,"AD_Y":0.0022101409267634153,"AD_Z":-0.16826248168945312,"TempDsp":0,"Status":0,"CalibState":1,"SigAmpInvalid":0}},-1979710460
05-27 18:18:20.955   536   536 D commservice260303: send2Cluster len:315, 7B22636F6D6D616E64223A7B226964223A22696D755F737461747573222C22737562223A22227D2C22636F6E74656E74223A7B2254696D655374616D70223A382C224672616D65436F756E746572223A3230373631372C2247445F58223A2D302E3031313037303834333738363030313230352C2247445F59223A302E3030353033393230303138363732393433312C2247445F5A223A302E3030323531393037393934393730363739332C2241445F58223A2D302E3030323634363631303134303830303437362C2241445F59223A302E303032323130313430393236373633343135332C2241445F5A223A2D302E31363832363234383136383934353331322C2254656D70447370223A302C22537461747573223A302C2243616C69625374617465223A312C22536967416D70496E76616C6964223A307D7D, 138 
05-27 18:18:20.955   536   536 D commservice260303: Push Message into SendPool fn=963117824
05-27 18:18:20.955   536   536 D commservice260303: ComProtocolLibSend2Cluster::send2ClusterRaw fn=963117824 , len=331
05-27 18:18:20.956   536   536 D commservice260303: sendCmdToPort :331!!!
05-27 18:18:20.956   536   536 D commservice260303: send Cmd To Port ++++5AA501478A01000368396A16C4EC7B22636F6D6D616E64223A7B226964223A22696D755F737461747573222C22737562223A22227D2C22636F6E74656E74223A7B2254696D655374616D70223A382C224672616D65436F756E746572223A3230373631372C2247445F58223A2D302E3031313037303834333738363030313230352C2247445F59223A302E3030353033393230303138363732393433312C2247445F5A223A302E3030323531393037393934393730363739332C2241445F58223A2D302E3030323634363631303134303830303437362C2241445F59223A302E303032323130313430393236373633343135332C2241445F5A223A2D302E31363832363234383136383934353331322C2254656D70447370223A302C22537461747573223A302C2243616C69625374617465223A312C22536967416D70496E76616C6964223A307D7D3142
05-27 18:18:20.956   536   536 D commservice260303: bufferevent_write retrun value = 0
05-27 18:18:20.956   536   560 D commservice260303: client datas send succeed,send finish
05-27 18:18:20.956 13911 14192 D Sentinelmode_1.2.5.17_sentry: <SentryImuClusterFgeSender>imu_status sent to Linux, frame=207617, tsNs=8968191, tsMs=8, intervalMs=41, ad=(-0.0026466101,0.002210141,-0.16826248), gd=(-0.011070844,0.0050392,0.00251908)
05-27 18:18:20.959   581   581 I SpiService: fgesysctrl_getGPIO_status success val=1
05-27 18:18:20.963 13549 13549 I ADAYO_LOG_: handleMessage(UsbFunc.java:352)copyQnx = 0
05-27 18:18:20.963 13549 13549 I ADAYO_LOG_: handleMessage(UsbFunc.java:404)copyState = 2
05-27 18:18:20.964   581   581 I SpiService: fgesysctrl_getGPIO_status success val=1
05-27 18:18:20.966  1008 30857 D [OMXB]  : usingANWBuffer: handle:0xee741c40, format:1, w:1920, h:1080
05-27 18:18:20.968   299 30841 D EvsDriver: forwardFrame
05-27 18:18:20.968   299 30844 D EvsDriver: forwardFrame
05-27 18:18:20.970   581   581 I SpiService: fgesysctrl_getGPIO_status success val=1
05-27 18:18:20.970   299 30841 D EvsDriver: Delivered 0xb400007b7ca56a60 as id 0
05-27 18:18:20.970  1167  1184 D evsmanagerd: /dev/video4 forwarded the buffer #0 to 0xb4000074bf5f6850 from 0xb4000074bf5f41d0
05-27 18:18:20.971 30773 30782 E dvr_service_: [myNum:0] Received S**** loss
05-27 18:18:20.971   299  1153 D EvsDriver: doneWithFrame
05-27 18:18:20.972   299 30844 D EvsDriver: Delivered 0xb400007b7ca56900 as id 0
05-27 18:18:20.972  1167  1184 D evsmanagerd: /dev/video6 forwarded the buffer #0 to 0xb4000074bf5f5510 from 0xb4000074bf5f6d90
05-27 18:18:20.972 30773 30782 E dvr_service_: [myNum:1] Received S**** loss
05-27 18:18:20.972   299  1153 D EvsDriver: doneWithFrame
05-27 18:18:20.975   572   572 I Sensors : 230 GyroSensor: x:-0.011988,y:0.005574,z:0.002061
05-27 18:18:20.975 13911 14183 I SentryImuMcuAngleSender: 179.98248rollDeg
05-27 18:18:20.975 13911 14183 I SentryImuMcuAngleSender: 1,0,0
05-27 18:18:20.976   581   581 I SpiService: fgesysctrl_getGPIO_status success val=1
05-27 18:18:20.981   581   581 I SpiService: fgesysctrl_getGPIO_status success val=0
05-27 18:18:20.989  1008 30856 D [OMXB]  : usingANWBuffer: handle:0xee741b90, format:1, w:1920, h:1080
05-27 18:18:20.995   536   536 D commservice260303: msg.id = 1028,1
05-27 18:18:20.995   536   536 D commservice260303: i = 170, msgid = 8A000404
05-27 18:18:20.995   536   536 D commservice260303: msgid = -1979710460,did=138
05-27 18:18:20.995   536   536 D commservice260303: CommProtocolLibCmdBaseI2C::dataproc {"command":{"id":"imu_status","sub":""},"content":{"TimeStamp":8,"FrameCounter":207618,"GD_X":-0.011987865902483463,"GD_Y":0.005573912989348173,"GD_Z":0.0020608289632946253,"AD_X":-0.0056824833154678345,"AD_Y":-0.002661812352016568,"AD_Z":-0.16826248168945312,"TempDsp":0,"Status":0,"CalibState":1,"SigAmpInvalid":0}},-1979710460
05-27 18:18:20.995   581   581 I SpiService: fgesysctrl_getGPIO_status success val=1
05-27 18:18:20.995   536   536 D commservice260303: send2Cluster len:317, 7B22636F6D6D616E64223A7B226964223A22696D755F737461747573222C22737562223A22227D2C22636F6E74656E74223A7B2254696D655374616D70223A382C224672616D65436F756E746572223A3230373631382C2247445F58223A2D302E3031313938373836353930323438333436332C2247445F59223A302E3030353537333931323938393334383137332C2247445F5A223A302E303032303630383238393633323934363235332C2241445F58223A2D302E303035363832343833333135343637383334352C2241445F59223A2D302E3030323636313831323335323031363536382C2241445F5A223A2D302E31363832363234383136383934353331322C2254656D70447370223A302C22537461747573223A302C2243616C69625374617465223A312C22536967416D70496E76616C6964223A307D7D, 138 
05-27 18:18:20.996 13911 14183 I SentryImuMcuAngleSender: -179.99649rollDeg
05-27 18:18:20.996   536   536 D commservice260303: Push Message into SendPool fn=979895040
05-27 18:18:20.996   536   536 D commservice260303: ComProtocolLibSend2Cluster::send2ClusterRaw fn=979895040 , len=333
05-27 18:18:20.996 13911 14183 I SentryImuMcuAngleSender: 1,0,0
05-27 18:18:20.996   536   536 D commservice260303: sendCmdToPort :333!!!
05-27 18:18:20.996   536   536 D commservice260303: send Cmd To Port ++++5AA501498A010003683A6A16C4EC7B22636F6D6D616E64223A7B226964223A22696D755F737461747573222C22737562223A22227D2C22636F6E74656E74223A7B2254696D655374616D70223A382C224672616D65436F756E746572223A3230373631382C2247445F58223A2D302E3031313938373836353930323438333436332C2247445F59223A302E3030353537333931323938393334383137332C2247445F5A223A302E303032303630383238393633323934363235332C2241445F58223A2D302E303035363832343833333135343637383334352C2241445F59223A2D302E3030323636313831323335323031363536382C2241445F5A223A2D302E31363832363234383136383934353331322C2254656D70447370223A302C22537461747573223A302C2243616C69625374617465223A312C22536967416D70496E76616C6964223A307D7D3691
05-27 18:18:20.996   536   536 D commservice260303: bufferevent_write retrun value = 0
05-27 18:18:20.996   536   560 D commservice260303: client datas send succeed,send finish
05-27 18:18:20.996 13911 14192 D Sentinelmode_1.2.5.17_sentry: <SentryImuClusterFgeSender>imu_status sent to Linux, frame=207618, tsNs=8968226, tsMs=8, intervalMs=40, ad=(-0.0056824833,-0.0026618124,-0.16826248), gd=(-0.011987866,0.005573913,0.002060829)
05-27 18:18:20.997   283   307 I rvcservice: t.code = 3, t.value = 0
05-27 18:18:20.999   299 30841 D EvsDriver: forwardFrame
05-27 18:18:20.999   299 30844 D EvsDriver: forwardFrame
05-27 18:18:21.002   581   581 I SpiService: fgesysctrl_getGPIO_status success val=1
05-27 18:18:21.002   299 30841 D EvsDriver: Delivered 0xb400007b7ca56a60 as id 0
05-27 18:18:21.002  1167  1184 D evsmanagerd: /dev/video4 forwarded the buffer #0 to 0xb4000074bf5f6850 from 0xb4000074bf5f41d0
05-27 18:18:21.004  1167  1184 D evsmanagerd: /dev/video6 forwarded the buffer #0 to 0xb4000074bf5f5510 from 0xb4000074bf5f6d90
05-27 18:18:21.004   299 30844 D EvsDriver: Delivered 0xb400007b7ca56900 as id 0
05-27 18:18:21.006   299  1153 D EvsDriver: doneWithFrame
05-27 18:18:21.007  1008 30857 D [OMXB]  : usingANWBuffer: handle:0xee747180, format:1, w:1920, h:1080
05-27 18:18:21.008   581   581 I SpiService: fgesysctrl_getGPIO_status success val=1
05-27 18:18:21.008   299  1163 D EvsDriver: doneWithFrame
05-27 18:18:21.013   581   581 I SpiService: fgesysctrl_getGPIO_status success val=1
05-27 18:18:21.016 13911 14183 I SentryImuMcuAngleSender: -179.99649rollDeg
05-27 18:18:21.016 13911 14183 I SentryImuMcuAngleSender: 1,0,0
05-27 18:18:21.019   581   581 I SpiService: fgesysctrl_getGPIO_status success val=0
05-27 18:18:21.029   299 30844 D EvsDriver: forwardFrame
05-27 18:18:21.031  1008 30856 D [OMXB]  : usingANWBuffer: handle:0xee740220, format:1, w:1920, h:1080
05-27 18:18:21.033   581   581 I SpiService: fgesysctrl_getGPIO_status success val=1
05-27 18:18:21.033   299 30844 D EvsDriver: Delivered 0xb400007b7ca56900 as id 0
05-27 18:18:21.033  1167  1184 D evsmanagerd: /dev/video6 forwarded the buffer #0 to 0xb4000074bf5f5510 from 0xb4000074bf5f6d90
05-27 18:18:21.036   536   536 D commservice260303: msg.id = 1028,2
05-27 18:18:21.037   536   536 D commservice260303: i = 170, msgid = 8A000404
05-27 18:18:21.037   536   536 D commservice260303: msgid = -1979710460,did=138
05-27 18:18:21.037   536   536 D commservice260303: CommProtocolLibCmdBaseI2C::dataproc {"command":{"id":"imu_status","sub":""},"content":{"TimeStamp":8,"FrameCounter":207619,"GD_X":-0.01160607673227787,"GD_Y":0.005420989356935024,"GD_Z":0.00259606190957129,"AD_X":-0.008083492517471313,"AD_Y":-0.0026319860480725765,"AD_Z":-0.1694812774658203,"TempDsp":0,"Status":0,"CalibState":1,"SigAmpInvalid":0}},-1979710460
05-27 18:18:21.037 13911 14183 I SentryImuMcuAngleSender: 180.0rollDeg
05-27 18:18:21.037   536   536 D commservice260303: send2Cluster len:313, 7B22636F6D6D616E64223A7B226964223A22696D755F737461747573222C22737562223A22227D2C22636F6E74656E74223A7B2254696D655374616D70223A382C224672616D65436F756E746572223A3230373631392C2247445F58223A2D302E30313136303630373637333232373738372C2247445F59223A302E3030353432303938393335363933353032342C2247445F5A223A302E30303235393630363139303935373132392C2241445F58223A2D302E3030383038333439323531373437313331332C2241445F59223A2D302E303032363331393836303438303732353736352C2241445F5A223A2D302E313639343831323737343635383230332C2254656D70447370223A302C22537461747573223A302C2243616C69625374617465223A312C22536967416D70496E76616C6964223A307D7D, 138 
05-27 18:18:21.037 13911 14183 I SentryImuMcuAngleSender: 1,0,0
05-27 18:18:21.037   536   536 D commservice260303: Push Message into SendPool fn=996672256
05-27 18:18:21.037   536   536 D commservice260303: ComProtocolLibSend2Cluster::send2ClusterRaw fn=996672256 , len=329
05-27 18:18:21.038   536   536 D commservice260303: sendCmdToPort :329!!!
05-27 18:18:21.038   536   536 D commservice260303: send Cmd To Port ++++5AA501458A010003683B6A16C4ED7B22636F6D6D616E64223A7B226964223A22696D755F737461747573222C22737562223A22227D2C22636F6E74656E74223A7B2254696D655374616D70223A382C224672616D65436F756E746572223A3230373631392C2247445F58223A2D302E30313136303630373637333232373738372C2247445F59223A302E3030353432303938393335363933353032342C2247445F5A223A302E30303235393630363139303935373132392C2241445F58223A2D302E3030383038333439323531373437313331332C2241445F59223A2D302E303032363331393836303438303732353736352C2241445F5A223A2D302E313639343831323737343635383230332C2254656D70447370223A302C22537461747573223A302C2243616C69625374617465223A312C22536967416D70496E76616C6964223A307D7DE5F1
05-27 18:18:21.038   536   536 D commservice260303: bufferevent_write retrun value = 0
05-27 18:18:21.038   536   560 D commservice260303: client datas send succeed,send finish
05-27 18:18:21.039   299  1163 D EvsDriver: doneWithFrame
05-27 18:18:21.039   581   581 I SpiService: fgesysctrl_getGPIO_status success val=1
05-27 18:18:21.040 13911 14192 D Sentinelmode_1.2.5.17_sentry: <SentryImuClusterFgeSender>imu_status sent to Linux, frame=207619, tsNs=8968280, tsMs=8, intervalMs=44, ad=(-0.0080834925,-0.002631986,-0.16948128), gd=(-0.011606077,0.0054209894,0.002596062)
05-27 18:18:21.042   299 30841 D EvsDriver: forwardFrame
05-27 18:18:21.043 30773 30786 I dvr_service_: CameraX 0  audioOK: 132058118,audios:1960
05-27 18:18:21.045   581   581 I SpiService: fgesysctrl_getGPIO_status success val=1
05-27 18:18:21.045   299 30841 D EvsDriver: Delivered 0xb400007b7ca56a60 as id 0
05-27 18:18:21.045  1167  1184 D evsmanagerd: /dev/video4 forwarded the buffer #0 to 0xb4000074bf5f6850 from 0xb4000074bf5f41d0
05-27 18:18:21.047   299  1163 D EvsDriver: doneWithFrame
05-27 18:18:21.047  1008 30857 D [OMXB]  : usingANWBuffer: handle:0xee743b30, format:1, w:1920, h:1080
05-27 18:18:21.050   581   581 I SpiService: fgesysctrl_getGPIO_status success val=1
05-27 18:18:21.056   581   581 I SpiService: fgesysctrl_getGPIO_status success val=0
05-27 18:18:21.057 13911 14183 I SentryImuMcuAngleSender: 179.993rollDeg
05-27 18:18:21.057 13911 14183 I SentryImuMcuAngleSender: 1,0,0
05-27 18:18:21.067   299 30844 D EvsDriver: forwardFrame
05-27 18:18:21.069   299 30841 D EvsDriver: forwardFrame
05-27 18:18:21.070   299 30844 D EvsDriver: Delivered 0xb400007b7ca56900 as id 0
05-27 18:18:21.070  1167  1184 D evsmanagerd: /dev/video6 forwarded the buffer #0 to 0xb4000074bf5f5510 from 0xb4000074bf5f6d90
05-27 18:18:21.070   581   581 I SpiService: fgesysctrl_getGPIO_status success val=1
05-27 18:18:21.071  1167  1184 D evsmanagerd: /dev/video4 forwarded the buffer #0 to 0xb4000074bf5f6850 from 0xb4000074bf5f41d0
05-27 18:18:21.071   299 30841 D EvsDriver: Delivered 0xb400007b7ca56a60 as id 0
05-27 18:18:21.072   299  1163 D EvsDriver: doneWithFrame
05-27 18:18:21.074   299  1163 D EvsDriver: doneWithFrame
05-27 18:18:21.076   581   581 I SpiService: fgesysctrl_getGPIO_status success val=1
05-27 18:18:21.077   536   536 D commservice260303: msg.id = 1028,0
05-27 18:18:21.077   536   536 D commservice260303: i = 170, msgid = 8A000404
05-27 18:18:21.078   536   536 D commservice260303: msgid = -1979710460,did=138
05-27 18:18:21.078   536   536 D commservice260303: CommProtocolLibCmdBaseI2C::dataproc {"command":{"id":"imu_status","sub":""},"content":{"TimeStamp":8,"FrameCounter":207620,"GD_X":-0.011910883709788322,"GD_Y":0.005420989356935024,"GD_Z":0.002213752595707774,"AD_X":-0.005618497729301453,"AD_Y":-7.951102452352643E-4,"AD_Z":-0.1694812774658203,"TempDsp":0,"Status":0,"CalibState":1,"SigAmpInvalid":0}},-1979710460
05-27 18:18:21.078   536   536 D commservice260303: send2Cluster len:314, 7B22636F6D6D616E64223A7B226964223A22696D755F737461747573222C22737562223A22227D2C22636F6E74656E74223A7B2254696D655374616D70223A382C224672616D65436F756E746572223A3230373632302C2247445F58223A2D302E3031313931303838333730393738383332322C2247445F59223A302E3030353432303938393335363933353032342C2247445F5A223A302E3030323231333735323539353730373737342C2241445F58223A2D302E3030353631383439373732393330313435332C2241445F59223A2D372E393531313032343532333532363433452D342C2241445F5A223A2D302E313639343831323737343635383230332C2254656D70447370223A302C22537461747573223A302C2243616C69625374617465223A312C22536967416D70496E76616C6964223A307D7D, 138 
05-27 18:18:21.078   536   536 D commservice260303: Push Message into SendPool fn=1013449472
05-27 18:18:21.078   536   536 D commservice260303: ComProtocolLibSend2Cluster::send2ClusterRaw fn=1013449472 , len=330
05-27 18:18:21.078   536   536 D commservice260303: sendCmdToPort :330!!!
05-27 18:18:21.078  1008 30857 D [OMXB]  : usingANWBuffer: handle:0xee743ea0, format:1, w:1920, h:1080
05-27 18:18:21.078 13911 14183 I SentryImuMcuAngleSender: 179.98949rollDeg
05-27 18:18:21.078   536   536 D commservice260303: send Cmd To Port ++++5AA501468A010003683C6A16C4ED7B22636F6D6D616E64223A7B226964223A22696D755F737461747573222C22737562223A22227D2C22636F6E74656E74223A7B2254696D655374616D70223A382C224672616D65436F756E746572223A3230373632302C2247445F58223A2D302E3031313931303838333730393738383332322C2247445F59223A302E3030353432303938393335363933353032342C2247445F5A223A302E3030323231333735323539353730373737342C2241445F58223A2D302E3030353631383439373732393330313435332C2241445F59223A2D372E393531313032343532333532363433452D342C2241445F5A223A2D302E313639343831323737343635383230332C2254656D70447370223A302C22537461747573223A302C2243616C69625374617465223A312C22536967416D70496E76616C6964223A307D7D0686
05-27 18:18:21.078 13911 14183 I SentryImuMcuAngleSender: 1,0,0
05-27 18:18:21.079   536   536 D commservice260303: bufferevent_write retrun value = 0
05-27 18:18:21.079   536   560 D commservice260303: client datas send succeed,send finish
05-27 18:18:21.079 13911 14192 D Sentinelmode_1.2.5.17_sentry: <SentryImuClusterFgeSender>imu_status sent to Linux, frame=207620, tsNs=8968316, tsMs=8, intervalMs=39, ad=(-0.0056184977,-7.9511025E-4,-0.16948128), gd=(-0.011910884,0.0054209894,0.0022137526)
05-27 18:18:21.082   581   581 I SpiService: fgesysctrl_getGPIO_status success val=1
05-27 18:18:21.082   572   572 I Sensors : 230 AccelSensor: x:-0.170800,y:0.000000,z:-9.973500
05-27 18:18:21.087   581   581 I SpiService: fgesysctrl_getGPIO_status success val=1
05-27 18:18:21.091  1008 30856 D [OMXB]  : usingANWBuffer: handle:0xee7421c0, format:1, w:1920, h:1080
05-27 18:18:21.092 30773 30789 I dvr_service_: Camera 0: Buffer reuse stats - Total: 172600, Reused: 85364, New: 87236, Rate: 49.5%
05-27 18:18:21.093   581   581 I SpiService: fgesysctrl_getGPIO_status success val=0
05-27 18:18:21.098   283   307 I rvcservice: t.code = 3, t.value = 0
05-27 18:18:21.098 13911 14183 I SentryImuMcuAngleSender: 180.0rollDeg
05-27 18:18:21.098 13911 14183 I SentryImuMcuAngleSender: 1,0,0
05-27 18:18:21.099   299 30841 D EvsDriver: forwardFrame
05-27 18:18:21.101   299 30844 D EvsDriver: forwardFrame
05-27 18:18:21.101   299 30841 D EvsDriver: Delivered 0xb400007b7ca56a60 as id 0
05-27 18:18:21.101  1167  1184 D evsmanagerd: /dev/video4 forwarded the buffer #0 to 0xb4000074bf5f6850 from 0xb4000074bf5f41d0
05-27 18:18:21.104  1167  1184 D evsmanagerd: /dev/video6 forwarded the buffer #0 to 0xb4000074bf5f5510 from 0xb4000074bf5f6d90
05-27 18:18:21.104   299 30844 D EvsDriver: Delivered 0xb400007b7ca56900 as id 0
05-27 18:18:21.105   481   598 I mcuc    : rev,n=1,6AA681B4AB000A8900CD01040930123456E6
05-27 18:18:21.106  1121  1144 I tboxmids_ap: [2026-05-27 18:18:21.106] [MCU RX] src=MCU dst=ZMQ len=10 type=BINARY data=00 08 CD 01 04 09 30 12 34 56 
05-27 18:18:21.106   351   373 D automotive.vehicle@2.0-adayo-datacomm-mcu: MCUDatacomm sendMessageFromVehicle prop: 0x89, areaId: 0x0, status: 0xcd, timestamp: 0x1
05-27 18:18:21.106   351   373 D automotive.vehicle@2.0-adayo-datacomm-mcu: MCUDatacomm 1sendMessageFromVehicle ---> type = 12 
05-27 18:18:21.107   299  1163 D EvsDriver: doneWithFrame
05-27 18:18:21.108  1083  1083 I MyAppLog: [2026-05-27 18:18:21.107 I tboxap mcuCommTboxmidsRecvCb:97] [Mcu] [mcuCommTboxmidsRecvCb] recv from tboxmids, size:10
05-27 18:18:21.108  1083  1083 I MyAppLog: [2026-05-27 18:18:21.107 I tboxap mcuCommTboxmidsRecvCb:98] [Mcu] [tboxmids -> tboxap]: :00 08 CD 01 04 09 30 12 34 56
05-27 18:18:21.108  1083  1083 W MyAppLog: [2026-05-27 18:18:21.107 W tboxap mcuYadiFrameParse:852] [Mcu] [mcuYadiFrameParse] cmd:0930(MCU_REMOTE_CTRL_RSP_IND) payload too short:5 < 8
05-27 18:18:21.108   481   598 I mcuc    : rev,n=2,6AA681B4AC008C8305000055000000B000000000000100010000BCBC67B1F5444267F667F5728867F5CFEC67F6B207CF7A490FA300000000040000B3000000000000000000000000000000B44300000000000300000000000000AA000000E40701010000000000000000BB06050507EA051B000008009403CB00CC000000000000000000000000000000B50000000000000000C6
05-27 18:18:21.108   351   373 D automotive.vehicle@2.0-adayo-datacomm-mcu: MCUDatacomm sendMessageFromVehicle prop: 0x83, areaId: 0x5, status: 0x0, timestamp: 0x0
05-27 18:18:21.108   351   373 D automotive.vehicle@2.0-adayo-datacomm-mcu: MCUDatacomm 1sendMessageFromVehicle ---> type = 7 
05-27 18:18:21.108   351   373 I automotive.vehicle@2.0-adayo-func-mcu: MCUFunc :sendMessageFromVehicle  msgBuff[0] = 131 
05-27 18:18:21.108   581   581 I SpiService: fgesysctrl_getGPIO_status success val=1
05-27 18:18:21.108  1083  1083 W MyAppLog: [2026-05-27 18:18:21.107 W tboxap mcuPtlParseData:982] [Mcu] [mcuPtlParseData] invalid yadi frame, len:10
05-27 18:18:21.108   351   373 I automotive.vehicle@2.0-adayo-func-mcu: MCUFunc :sendMessageFromVehicle  msgBuff[1] = 5 
05-27 18:18:21.108   351   373 I automotive.vehicle@2.0-adayo-func-mcu: MCUFunc :sendMessageFromVehicle  msgBuff[2] = 0 
05-27 18:18:21.108   351   373 I automotive.vehicle@2.0-adayo-func-mcu: MCUFunc :sendMessageFromVehicle  msgBuff[3] = 0 
05-27 18:18:21.108   351   373 I automotive.vehicle@2.0-adayo-func-mcu: MCUFunc :sendMessageFromVehicle  msgBuff[4] = 85 
05-27 18:18:21.108   351   373 I automotive.vehicle@2.0-adayo-func-mcu: MCUFunc :sendMessageFromVehicle  msgBuff[5] = 0 
05-27 18:18:21.108   299  1163 D EvsDriver: doneWithFrame
05-27 18:18:21.112   536   560 D commservice260303: recv len:77, 5AA5004906000000347F6A16C4ED7B22636F6D6D616E64223A7B226964223A226473695F6C7578222C22737562223A22227D2C22636F6E74656E74223A7B2276616C7565223A3230307D7D2288 from server
05-27 18:18:21.112   536  2578 D commservice260303: mcuDataAnalyzeHandle templen:77,len:77,pos:0, 5AA5004906000000347F6A16C4ED7B22636F6D6D616E64223A7B226964223A226473695F6C7578222C22737562223A22227D2C22636F6E74656E74223A7B2276616C7565223A3230307D7D2288 
05-27 18:18:21.112   536  2578 I commservice260303: checksumCal = 8840
05-27 18:18:21.112   536  2578 D commservice260303: CommProtocolLibCmdBaseC2I::dataproc {"command":{"id":"dsi_lux","sub":""},"content":{"value":200}},6
05-27 18:18:21.112   536  2578 D commservice260303: mcuCommMessageManager::notifyMsgToClient hwbinder OK
05-27 18:18:21.112   536  2578 D commservice260303: McuProtocolLibSend2Service::send2Service ret=1
05-27 18:18:21.113 12246 12440 D ivicomm_CommManager: fgeComServiceCallback: {"command":{"id":"dsi_lux","sub":""},"content":{"value":200}}
05-27 18:18:21.114   581   581 I SpiService: fgesysctrl_getGPIO_status success val=1
05-27 18:18:21.114 12246 12440 D ivicomm_CallbackManager: registerCallback DSI_LUX: {"value":200} mCommStateCallbackMap size:4
05-27 18:18:21.115 11579 11619 D NSLogUtils_VehicleService: L2A comm state: id=dsi_lux, value=200
05-27 18:18:21.116 11344  6590 D SystemUI_SystemSettingsControllerService: onCommState: commandID = dsi_lux; value = 200
05-27 18:18:21.117   536   536 D commservice260303: msg.id = 1028,0
05-27 18:18:21.118   536   536 D commservice260303: i = 170, msgid = 8A000404
05-27 18:18:21.118   536   536 D commservice260303: msgid = -1979710460,did=138
05-27 18:18:21.118   536   536 D commservice260303: CommProtocolLibCmdBaseI2C::dataproc {"command":{"id":"imu_status","sub":""},"content":{"TimeStamp":8,"FrameCounter":207621,"GD_X":-0.011377211660146713,"GD_Y":0.005345047451555729,"GD_Z":0.002519079949706793,"AD_X":-0.004389345645904541,"AD_Y":-0.002607592148706317,"AD_Z":-0.1688709259033203,"TempDsp":0,"Status":0,"CalibState":1,"SigAmpInvalid":0}},-1979710460
05-27 18:18:21.118   536   536 D commservice260303: send2Cluster len:314, 7B22636F6D6D616E64223A7B226964223A22696D755F737461747573222C22737562223A22227D2C22636F6E74656E74223A7B2254696D655374616D70223A382C224672616D65436F756E746572223A3230373632312C2247445F58223A2D302E3031313337373231313636303134363731332C2247445F59223A302E3030353334353034373435313535353732392C2247445F5A223A302E3030323531393037393934393730363739332C2241445F58223A2D302E3030343338393334353634353930343534312C2241445F59223A2D302E3030323630373539323134383730363331372C2241445F5A223A2D302E313638383730393235393033333230332C2254656D70447370223A302C22537461747573223A302C2243616C69625374617465223A312C22536967416D70496E76616C6964223A307D7D, 138 
05-27 18:18:21.118   536   536 D commservice260303: Push Message into SendPool fn=1030226688
05-27 18:18:21.118   536   536 D commservice260303: ComProtocolLibSend2Cluster::send2ClusterRaw fn=1030226688 , len=330
05-27 18:18:21.118   536   536 D commservice260303: sendCmdToPort :330!!!
05-27 18:18:21.118   536   536 D commservice260303: send Cmd To Port ++++5AA501468A010003683D6A16C4ED7B22636F6D6D616E64223A7B226964223A22696D755F737461747573222C22737562223A22227D2C22636F6E74656E74223A7B2254696D655374616D70223A382C224672616D65436F756E746572223A3230373632312C2247445F58223A2D302E3031313337373231313636303134363731332C2247445F59223A302E3030353334353034373435313535353732392C2247445F5A223A302E3030323531393037393934393730363739332C2241445F58223A2D302E3030343338393334353634353930343534312C2241445F59223A2D302E3030323630373539323134383730363331372C2241445F5A223A2D302E313638383730393235393033333230332C2254656D70447370223A302C22537461747573223A302C2243616C69625374617465223A312C22536967416D70496E76616C6964223A307D7DDE54
05-27 18:18:21.118   536   536 D commservice260303: bufferevent_write retrun value = 0
05-27 18:18:21.118   536   560 D commservice260303: client datas send succeed,send finish
05-27 18:18:21.118 13911 14183 I SentryImuMcuAngleSender: 180.0rollDeg
05-27 18:18:21.119 13911 14192 D Sentinelmode_1.2.5.17_sentry: <SentryImuClusterFgeSender>imu_status sent to Linux, frame=207621, tsNs=8968351, tsMs=8, intervalMs=39, ad=(-0.0043893456,-0.0026075921,-0.16887093), gd=(-0.011377212,0.0053450475,0.00251908)
05-27 18:18:21.119  1008 30856 D [OMXB]  : usingANWBuffer: handle:0xee741e50, format:1, w:1920, h:1080
05-27 18:18:21.119 13911 14183 I SentryImuMcuAngleSender: 1,0,0
05-27 18:18:21.120   581   581 I SpiService: fgesysctrl_getGPIO_status success val=1
05-27 08:09:30.084   581   581 D spi_rst_gpio_get_output: GPIO 145 value: 1
05-27 18:18:21.126   581   581 I SpiService: fgesysctrl_getGPIO_status success val=1
05-27 08:09:30.090   581   581 D spi_rst_gpio_get_output: GPIO 145 value: 1
05-27 18:18:21.131   581   581 I SpiService: fgesysctrl_getGPIO_status success val=0
05-27 18:18:21.131   481   597 I mcuc    : send SPI:6AA602B4AB00028900146AA602B4AC0002830514
05-27 18:18:21.134   299 30844 D EvsDriver: forwardFrame
05-27 18:18:21.135   299 30844 D EvsDriver: Delivered 0xb400007b7ca56900 as id 0
05-27 18:18:21.135  1167  1184 D evsmanagerd: /dev/video6 forwarded the buffer #0 to 0xb4000074bf5f5510 from 0xb4000074bf5f6d90
05-27 18:18:21.136 30773 30773 E dvr_service_: [myNum:1] Received S**** loss
05-27 18:18:21.136   299  1163 D EvsDriver: doneWithFrame
05-27 18:18:21.136   299 30841 D EvsDriver: forwardFrame
05-27 18:18:21.137   299 30841 D EvsDriver: Delivered 0xb400007b7ca56a60 as id 0
05-27 18:18:21.137  1167  1184 D evsmanagerd: /dev/video4 forwarded the buffer #0 to 0xb4000074bf5f6850 from 0xb4000074bf5f41d0
05-27 18:18:21.137 30773 30773 E dvr_service_: [myNum:0] Received S**** loss
05-27 18:18:21.137   299  1163 D EvsDriver: doneWithFrame
05-27 18:18:21.139  1008 30857 D [OMXB]  : usingANWBuffer: handle:0xee744210, format:1, w:1920, h:1080
05-27 18:18:21.139 13911 14183 I SentryImuMcuAngleSender: 179.99649rollDeg
05-27 18:18:21.139 13911 14183 I SentryImuMcuAngleSender: 1,0,0
05-27 18:18:21.146   581   581 I SpiService: fgesysctrl_getGPIO_status success val=1
05-27 08:09:30.111   581   581 D spidev_ioctl: gpio status=1)
05-27 18:18:21.151   581   581 I SpiService: fgesysctrl_getGPIO_status success val=1
05-27 18:18:21.153  1008 30856 D [OMXB]  : usingANWBuffer: handle:0xee744000, format:1, w:1920, h:1080
05-27 18:18:21.157   581   581 I SpiService: fgesysctrl_getGPIO_status success val=1
05-27 18:18:21.158   536   536 D commservice260303: msg.id = 1028,0
05-27 18:18:21.158   536   536 D commservice260303: i = 170, msgid = 8A000404
05-27 18:18:21.158   536   536 D commservice260303: msgid = -1979710460,did=138
05-27 18:18:21.158   536   536 D commservice260303: CommProtocolLibCmdBaseI2C::dataproc {"command":{"id":"imu_status","sub":""},"content":{"TimeStamp":8,"FrameCounter":207622,"GD_X":-0.011910883709788322,"GD_Y":0.005802778527140617,"GD_Z":0.003283178433775902,"AD_X":-0.005581006407737732,"AD_Y":-1.5227473340928555E-4,"AD_Z":-0.1700916290283203,"TempDsp":0,"Status":0,"CalibState":1,"SigAmpInvalid":0}},-1979710460
05-27 18:18:21.158   536   536 D commservice260303: send2Cluster len:315, 7B22636F6D6D616E64223A7B226964223A22696D755F737461747573222C22737562223A22227D2C22636F6E74656E74223A7B2254696D655374616D70223A382C224672616D65436F756E746572223A3230373632322C2247445F58223A2D302E3031313931303838333730393738383332322C2247445F59223A302E3030353830323737383532373134303631372C2247445F5A223A302E3030333238333137383433333737353930322C2241445F58223A2D302E3030353538313030363430373733373733322C2241445F59223A2D312E35323237343733333430393238353535452D342C2241445F5A223A2D302E313730303931363239303238333230332C2254656D70447370223A302C22537461747573223A302C2243616C69625374617465223A312C22536967416D70496E76616C6964223A307D7D, 138 
05-27 18:18:21.158   536   536 D commservice260303: Push Message into SendPool fn=1047003904
05-27 18:18:21.158   536   536 D commservice260303: ComProtocolLibSend2Cluster::send2ClusterRaw fn=1047003904 , len=331
05-27 18:18:21.158   536   536 D commservice260303: sendCmdToPort :331!!!
05-27 18:18:21.158   536   536 D commservice260303: send Cmd To Port ++++5AA501478A010003683E6A16C4ED7B22636F6D6D616E64223A7B226964223A22696D755F737461747573222C22737562223A22227D2C22636F6E74656E74223A7B2254696D655374616D70223A382C224672616D65436F756E746572223A3230373632322C2247445F58223A2D302E3031313931303838333730393738383332322C2247445F59223A302E3030353830323737383532373134303631372C2247445F5A223A302E3030333238333137383433333737353930322C2241445F58223A2D302E3030353538313030363430373733373733322C2241445F59223A2D312E35323237343733333430393238353535452D342C2241445F5A223A2D302E313730303931363239303238333230332C2254656D70447370223A302C22537461747573223A302C2243616C69625374617465223A312C22536967416D70496E76616C6964223A307D7DBE99
05-27 18:18:21.158   536   536 D commservice260303: bufferevent_write retrun value = 0
05-27 18:18:21.158   536   560 D commservice260303: client datas send succeed,send finish
05-27 18:18:21.158 13911 14192 D Sentinelmode_1.2.5.17_sentry: <SentryImuClusterFgeSender>imu_status sent to Linux, frame=207622, tsNs=8968405, tsMs=8, intervalMs=40, ad=(-0.0055810064,-1.5227473E-4,-0.17009163), gd=(-0.011910884,0.0058027785,0.0032831784)
05-27 18:18:21.160 13911 14183 I SentryImuMcuAngleSender: 179.986rollDeg
05-27 18:18:21.160 13911 14183 I SentryImuMcuAngleSender: 1,0,0
05-27 18:18:21.162   581   581 I SpiService: fgesysctrl_getGPIO_status success val=1
05-27 18:18:21.168   581   581 I SpiService: fgesysctrl_getGPIO_status success val=1
05-27 18:18:21.169   299 30841 D EvsDriver: forwardFrame
05-27 18:18:21.169   299 30844 D EvsDriver: forwardFrame
05-27 18:18:21.170   299 30841 D EvsDriver: Delivered 0xb400007b7ca56a60 as id 0
05-27 18:18:21.170   299 30844 D EvsDriver: Delivered 0xb400007b7ca56900 as id 0
05-27 18:18:21.170  1167  1184 D evsmanagerd: /dev/video6 forwarded the buffer #0 to 0xb4000074bf5f5510 from 0xb4000074bf5f6d90
05-27 18:18:21.170  1167  1167 D evsmanagerd: /dev/video4 forwarded the buffer #0 to 0xb4000074bf5f6850 from 0xb4000074bf5f41d0
05-27 18:18:21.173   572   622 I Sensors : 230 GyroSensor: x:-0.011988,y:0.005345,z:0.002367
05-27 18:18:21.173   299  1163 D EvsDriver: doneWithFrame
05-27 18:18:21.173   581   581 I SpiService: fgesysctrl_getGPIO_status success val=0
05-27 18:18:21.175 15863 15863 D AIN-NaviLocationPresenter: ACC is OFF, skip upload location
05-27 18:18:21.176   299  1163 D EvsDriver: doneWithFrame
05-27 18:18:21.178  1008 30857 D [OMXB]  : usingANWBuffer: handle:0xee746ec0, format:1, w:1920, h:1080
05-27 18:18:21.181 13911 14183 I SentryImuMcuAngleSender: 179.97899rollDeg
05-27 18:18:21.181 13911 14183 I SentryImuMcuAngleSender: 1,0,0
05-27 18:18:21.181 30773 30786 I dvr_service_: CameraX 1  audioOK: 132058118,audios:1960
05-27 18:18:21.187   581   581 I SpiService: fgesysctrl_getGPIO_status success val=1
05-27 18:18:21.193   581   581 I SpiService: fgesysctrl_getGPIO_status success val=1
05-27 18:18:21.194  1008 30856 D [OMXB]  : usingANWBuffer: handle:0xee741400, format:1, w:1920, h:1080
05-27 18:18:21.198   283   307 I rvcservice: t.code = 7, t.value = 8968333
05-27 18:18:21.199   581   581 I SpiService: fgesysctrl_getGPIO_status success val=1
05-27 18:18:21.199   536   536 D commservice260303: msg.id = 1028,0
05-27 18:18:21.199   536   536 D commservice260303: i = 170, msgid = 8A000404
05-27 18:18:21.199   536   536 D commservice260303: msgid = -1979710460,did=138
05-27 18:18:21.199   536   536 D commservice260303: CommProtocolLibCmdBaseI2C::dataproc {"command":{"id":"imu_status","sub":""},"content":{"TimeStamp":8,"FrameCounter":207623,"GD_X":-0.011834942735731602,"GD_Y":0.005420989356935024,"GD_Z":0.00259606190957129,"AD_X":-0.0031348317861557007,"AD_Y":0.0010605042334645987,"AD_Z":-0.1688709259033203,"TempDsp":0,"Status":0,"CalibState":1,"SigAmpInvalid":0}},-1979710460
05-27 18:18:21.200   536   536 D commservice260303: send2Cluster len:314, 7B22636F6D6D616E64223A7B226964223A22696D755F737461747573222C22737562223A22227D2C22636F6E74656E74223A7B2254696D655374616D70223A382C224672616D65436F756E746572223A3230373632332C2247445F58223A2D302E3031313833343934323733353733313630322C2247445F59223A302E3030353432303938393335363933353032342C2247445F5A223A302E30303235393630363139303935373132392C2241445F58223A2D302E303033313334383331373836313535373030372C2241445F59223A302E303031303630353034323333343634353938372C2241445F5A223A2D302E313638383730393235393033333230332C2254656D70447370223A302C22537461747573223A302C2243616C69625374617465223A312C22536967416D70496E76616C6964223A307D7D, 138 
05-27 18:18:21.200   536   536 D commservice260303: Push Message into SendPool fn=1063781120
05-27 18:18:21.200   536   536 D commservice260303: ComProtocolLibSend2Cluster::send2ClusterRaw fn=1063781120 , len=330
