05-27 18:18:25.203   299 30844 D EvsDriver: Delivered 0xb400007b7ca56900 as id 0
05-27 18:18:25.203  1167  1184 D evsmanagerd: /dev/video6 forwarded the buffer #0 to 0xb4000074bf5f5510 from 0xb4000074bf5f6d90
05-27 18:18:25.204   299 30841 D EvsDriver: Delivered 0xb400007b7ca56a60 as id 0
05-27 18:18:25.205  1167  1184 D evsmanagerd: /dev/video4 forwarded the buffer #0 to 0xb4000074bf5f6850 from 0xb4000074bf5f41d0
05-27 18:18:25.205   572   572 I Sensors : 230 AccelSensor: x:-0.167140,y:0.001220,z:-9.970449
05-27 18:18:25.206   581   581 I SpiService: fgesysctrl_getGPIO_status success val=1
05-27 18:18:25.201 30773 30773 I auditd  : type=1400 audit(0.0:44416): avc: denied { call } for comm="binder:30773_2" scontext=u:r:adayo_dvr_service:s0 tcontext=u:r:evsmanagerd:s0 tclass=binder permissive=1
05-27 18:18:25.201 30773 30773 I binder:30773_2: type=1400 audit(0.0:44416): avc: denied { call } for scontext=u:r:adayo_dvr_service:s0 tcontext=u:r:evsmanagerd:s0 tclass=binder permissive=1
05-27 18:18:25.208   299  1153 D EvsDriver: doneWithFrame
05-27 18:18:25.210  1008 30857 D [OMXB]  : usingANWBuffer: handle:0xee740dd0, format:1, w:1920, h:1080
05-27 18:18:25.210 10041 10041 D Zygote  : Forked child process 32036
05-27 18:18:25.211   283   307 I rvcservice: t.code = 2, t.value = 9972280
05-27 18:18:25.211   581   581 I SpiService: fgesysctrl_getGPIO_status success val=1
05-27 18:18:25.213   299  1153 D EvsDriver: doneWithFrame
05-27 18:18:25.217   581   581 I SpiService: fgesysctrl_getGPIO_status success val=1
05-27 18:18:25.217 10188 10661 I am_proc_start: [0,32036,1000,com.anwsdk.service:remote,service,{com.anwsdk.service/com.anwsdk.service.anwbtservice}]
05-27 18:18:25.217 10188 10661 I ActivityManager: Start proc 32036:com.anwsdk.service:remote/1000 for service {com.anwsdk.service/com.anwsdk.service.anwbtservice}
05-27 18:18:25.217 10188 10661 D ActivityManager: ProcessRecord{d4c3a4f 32036:com.anwsdk.service:remote/1000} setPendingStart=false callers=com.android.server.am.ProcessList.handleProcessStartedLocked:2646 com.android.server.am.UnisocProcessList.handleProcessStartedLocked:377 com.android.server.am.ProcessList.handleProcessStartedLocked:2585 com.android.server.am.ProcessList.lambda$handleProcessStart$1$com-android-server-am-ProcessList:1993 com.android.server.am.ProcessList$$ExternalSyntheticLambda1.run:22 com.android.server.am.ProcessList.handleProcessStart:2016 com.android.server.am.ProcessList.lambda$startProcessLocked$0$com-android-server-am-ProcessList:1950 com.android.server.am.ProcessList$$ExternalSyntheticLambda5.run:22 android.os.Handler.handleCallback:942 android.os.Handler.dispatchMessage:99 
05-27 18:18:25.217 32036 32036 I Zygote  : seccomp disabled by setenforce 0
05-27 18:18:25.218 13911 14183 I SentryImuMcuAngleSender: 179.99298rollDeg
05-27 18:18:25.218 13911 14183 I SentryImuMcuAngleSender: 1,0,0
05-27 18:18:25.222   581   581 I SpiService: fgesysctrl_getGPIO_status success val=1
05-27 18:18:25.217 31928 31928 I auditd  : type=1400 audit(0.0:44417): avc: denied { append } for comm="logcat" path="/mnt/log_data/AndroidLog/logcat/logcat_2026_05_27_18_18_16_595-42.txt" dev="vda93" ino=180275 scontext=u:r:logpersist:s0 tcontext=u:object_r:log_data_file:s0 tclass=file permissive=1
05-27 18:18:25.217 31928 31928 I logcat  : type=1400 audit(0.0:44417): avc: denied { append } for path="/mnt/log_data/AndroidLog/logcat/logcat_2026_05_27_18_18_16_595-42.txt" dev="vda93" ino=180275 scontext=u:r:logpersist:s0 tcontext=u:object_r:log_data_file:s0 tclass=file permissive=1
05-27 18:18:25.223 32036 32036 I .service:remote: Late-enabling -Xcheck:jni
05-27 18:18:25.228   581   581 I SpiService: fgesysctrl_getGPIO_status success val=1
05-27 08:09:34.193   581   581 D spi_rst_gpio_get_output: GPIO 145 value: 1
05-27 08:09:34.193   581   581 D spidev_ioctl: gpio status=1)
05-27 18:18:25.230 13911 14131 D SVR_MNG_SvrMngProxy: getServer: mSvrManger is null
05-27 18:18:25.230 13911 14131 D SVR_MNG_SvrMngProxy: getNewStub: 
05-27 18:18:25.231 13911 14131 D SVR_MNG_SvrMngProxy: getNewStub: getSvrManagerService start
05-27 18:18:25.232 13911 14131 D SVR_MNG_SvrMngProxy: getNewStub: getSvrManagerService end
05-27 18:18:25.232 13911 14131 D SVR_MNG_SvrMngProxy: getServer: svrMngService doesn't start
05-27 18:18:25.233   299 30844 D EvsDriver: forwardFrame
05-27 18:18:25.234   581   581 I SpiService: fgesysctrl_getGPIO_status success val=0
05-27 18:18:25.236   299 30844 D EvsDriver: Delivered 0xb400007b7ca56900 as id 0
05-27 18:18:25.237  1167  1184 D evsmanagerd: /dev/video6 forwarded the buffer #0 to 0xb4000074bf5f5510 from 0xb4000074bf5f6d90
05-27 18:18:25.238   299 30841 D EvsDriver: forwardFrame
05-27 18:18:25.242  1167  1184 D evsmanagerd: /dev/video4 forwarded the buffer #0 to 0xb4000074bf5f6850 from 0xb4000074bf5f41d0
05-27 18:18:25.243   299 30841 D EvsDriver: Delivered 0xb400007b7ca56a60 as id 0
05-27 18:18:25.244   299  1153 D EvsDriver: doneWithFrame
05-27 18:18:25.244   536   536 D commservice260303: msg.id = 1028,2
05-27 18:18:25.244   536   536 D commservice260303: i = 170, msgid = 8A000404
05-27 18:18:25.244   536   536 D commservice260303: msgid = -1979710460,did=138
05-27 18:18:25.244   536   536 D commservice260303: CommProtocolLibCmdBaseI2C::dataproc {"command":{"id":"imu_status","sub":""},"content":{"TimeStamp":8,"FrameCounter":207722,"GD_X":-0.01160607673227787,"GD_Y":0.0057257963344454765,"GD_Z":0.0026720035821199417,"AD_X":5.785077810287476E-4,"AD_Y":-3.5853777080774307E-4,"AD_Z":-0.1694812774658203,"TempDsp":0,"Status":0,"CalibState":1,"SigAmpInvalid":0}},-1979710460
05-27 18:18:25.245   536   536 D commservice260303: send2Cluster len:315, 7B22636F6D6D616E64223A7B226964223A22696D755F737461747573222C22737562223A22227D2C22636F6E74656E74223A7B2254696D655374616D70223A382C224672616D65436F756E746572223A3230373732322C2247445F58223A2D302E30313136303630373637333232373738372C2247445F59223A302E303035373235373936333334343435343736352C2247445F5A223A302E303032363732303033353832313139393431372C2241445F58223A352E373835303737383130323837343736452D342C2241445F59223A2D332E35383533373737303830373734333037452D342C2241445F5A223A2D302E313639343831323737343635383230332C2254656D70447370223A302C22537461747573223A302C2243616C69625374617465223A312C22536967416D70496E76616C6964223A307D7D, 138 
05-27 18:18:25.245   536   536 D commservice260303: Push Message into SendPool fn=-1536687360
05-27 18:18:25.245   536   536 D commservice260303: ComProtocolLibSend2Cluster::send2ClusterRaw fn=-1536687360 , len=331
05-27 18:18:25.245   536   536 D commservice260303: sendCmdToPort :331!!!
05-27 18:18:25.245   536   536 D commservice260303: send Cmd To Port ++++5AA501478A01000368A46A16C4F17B22636F6D6D616E64223A7B226964223A22696D755F737461747573222C22737562223A22227D2C22636F6E74656E74223A7B2254696D655374616D70223A382C224672616D65436F756E746572223A3230373732322C2247445F58223A2D302E30313136303630373637333232373738372C2247445F59223A302E303035373235373936333334343435343736352C2247445F5A223A302E303032363732303033353832313139393431372C2241445F58223A352E373835303737383130323837343736452D342C2241445F59223A2D332E35383533373737303830373734333037452D342C2241445F5A223A2D302E313639343831323737343635383230332C2254656D70447370223A302C22537461747573223A302C2243616C69625374617465223A312C22536967416D70496E76616C6964223A307D7D5389
05-27 18:18:25.245   536   536 D commservice260303: bufferevent_write retrun value = 0
05-27 18:18:25.246   536   560 D commservice260303: client datas send succeed,send finish
05-27 18:18:25.247   299  1153 D EvsDriver: doneWithFrame
05-27 18:18:25.246 13911 14183 I SentryImuMcuAngleSender: 179.97546rollDeg
05-27 18:18:25.247 13911 14183 I SentryImuMcuAngleSender: 1,0,0
05-27 18:18:25.248 13911 14192 D Sentinelmode_1.2.5.17_sentry: <SentryImuClusterFgeSender>imu_status sent to Linux, frame=207722, tsNs=8972487, tsMs=8, intervalMs=48, ad=(5.785078E-4,-3.5853777E-4,-0.16948128), gd=(-0.011606077,0.0057257963,0.0026720036)
05-27 18:18:25.250   581   581 I SpiService: fgesysctrl_getGPIO_status success val=1
05-27 18:18:25.251  1008 30857 D [OMXB]  : usingANWBuffer: handle:0xee7421c0, format:1, w:1920, h:1080
05-27 18:18:25.256   581   581 I SpiService: fgesysctrl_getGPIO_status success val=1
05-27 18:18:25.262   581   581 I SpiService: fgesysctrl_getGPIO_status success val=1
05-27 18:18:25.263  1008 30856 D [OMXB]  : usingANWBuffer: handle:0xee7467e0, format:1, w:1920, h:1080
05-27 18:18:25.266   299 30841 D EvsDriver: forwardFrame
05-27 18:18:25.267   299 30841 D EvsDriver: Delivered 0xb400007b7ca56a60 as id 0
05-27 18:18:25.267  1167  1167 D evsmanagerd: /dev/video4 forwarded the buffer #0 to 0xb4000074bf5f6850 from 0xb4000074bf5f41d0
05-27 18:18:25.269   581   581 I SpiService: fgesysctrl_getGPIO_status success val=1
05-27 18:18:25.269   299  1153 D EvsDriver: doneWithFrame
05-27 18:18:25.271 13911 14183 I SentryImuMcuAngleSender: 179.98949rollDeg
05-27 18:18:25.271 13911 14183 I SentryImuMcuAngleSender: 1,0,0
05-27 18:18:25.272   299 30844 D EvsDriver: forwardFrame
05-27 18:18:25.273   299 30844 D EvsDriver: Delivered 0xb400007b7ca56900 as id 0
05-27 18:18:25.273  1167  1167 D evsmanagerd: /dev/video6 forwarded the buffer #0 to 0xb4000074bf5f5510 from 0xb4000074bf5f6d90
05-27 18:18:25.275   581   581 I SpiService: fgesysctrl_getGPIO_status success val=0
05-27 18:18:25.276   299  1153 D EvsDriver: doneWithFrame
05-27 18:18:25.282 32036 32036 D .service:remote: Received session metadata: 580724758528414000
05-27 18:18:25.287   536   536 D commservice260303: msg.id = 1028,1
05-27 18:18:25.287   536   536 D commservice260303: i = 170, msgid = 8A000404
05-27 18:18:25.287   536   536 D commservice260303: msgid = -1979710460,did=138
05-27 18:18:25.287   536   536 D commservice260303: CommProtocolLibCmdBaseI2C::dataproc {"command":{"id":"imu_status","sub":""},"content":{"TimeStamp":8,"FrameCounter":207723,"GD_X":-0.01221725158393383,"GD_Y":0.00641395291313529,"GD_Z":0.0020608289632946253,"AD_X":-6.491094827651978E-4,"AD_Y":-9.655315661802888E-4,"AD_Z":-0.1694812774658203,"TempDsp":0,"Status":0,"CalibState":1,"SigAmpInvalid":0}},-1979710460
05-27 18:18:25.287   536   536 D commservice260303: send2Cluster len:313, 7B22636F6D6D616E64223A7B226964223A22696D755F737461747573222C22737562223A22227D2C22636F6E74656E74223A7B2254696D655374616D70223A382C224672616D65436F756E746572223A3230373732332C2247445F58223A2D302E30313232313732353135383339333338332C2247445F59223A302E30303634313339353239313331333532392C2247445F5A223A302E303032303630383238393633323934363235332C2241445F58223A2D362E343931303934383237363531393738452D342C2241445F59223A2D392E363535333135363631383032383838452D342C2241445F5A223A2D302E313639343831323737343635383230332C2254656D70447370223A302C22537461747573223A302C2243616C69625374617465223A312C22536967416D70496E76616C6964223A307D7D, 138 
05-27 18:18:25.287   536   536 D commservice260303: Push Message into SendPool fn=-1519910144
05-27 18:18:25.287   536   536 D commservice260303: ComProtocolLibSend2Cluster::send2ClusterRaw fn=-1519910144 , len=329
05-27 18:18:25.287   536   536 D commservice260303: sendCmdToPort :329!!!
05-27 18:18:25.287   536   536 D commservice260303: send Cmd To Port ++++5AA501458A01000368A56A16C4F17B22636F6D6D616E64223A7B226964223A22696D755F737461747573222C22737562223A22227D2C22636F6E74656E74223A7B2254696D655374616D70223A382C224672616D65436F756E746572223A3230373732332C2247445F58223A2D302E30313232313732353135383339333338332C2247445F59223A302E30303634313339353239313331333532392C2247445F5A223A302E303032303630383238393633323934363235332C2241445F58223A2D362E343931303934383237363531393738452D342C2241445F59223A2D392E363535333135363631383032383838452D342C2241445F5A223A2D302E313639343831323737343635383230332C2254656D70447370223A302C22537461747573223A302C2243616C69625374617465223A312C22536967416D70496E76616C6964223A307D7D2785
05-27 18:18:25.287   536   536 D commservice260303: bufferevent_write retrun value = 0
05-27 18:18:25.288   536   560 D commservice260303: client datas send succeed,send finish
05-27 18:18:25.288 13911 14192 D Sentinelmode_1.2.5.17_sentry: <SentryImuClusterFgeSender>imu_status sent to Linux, frame=207723, tsNs=8972505, tsMs=8, intervalMs=40, ad=(-6.491095E-4,-9.6553157E-4,-0.16948128), gd=(-0.012217252,0.006413953,0.002060829)
05-27 18:18:25.291   572   572 I Sensors : 230 GyroSensor: x:-0.011530,y:0.005879,z:0.002290
05-27 18:18:25.291   581   581 I SpiService: fgesysctrl_getGPIO_status success val=1
05-27 18:18:25.291 13911 14183 I SentryImuMcuAngleSender: 179.99298rollDeg
05-27 18:18:25.291 13911 14183 I SentryImuMcuAngleSender: 1,0,0
05-27 18:18:25.297   581   581 I SpiService: fgesysctrl_getGPIO_status success val=1
05-27 08:09:34.261   581   581 D spi_rst_gpio_get_output: GPIO 145 value: 1
05-27 08:09:34.261   581   581 D spidev_ioctl: gpio status=1)
05-27 18:18:25.298   299 30844 D EvsDriver: forwardFrame
05-27 18:18:25.298   299 30841 D EvsDriver: forwardFrame
05-27 18:18:25.300   299 30844 D EvsDriver: Delivered 0xb400007b7ca56900 as id 0
05-27 18:18:25.300   299 30841 D EvsDriver: Delivered 0xb400007b7ca56a60 as id 0
05-27 18:18:25.300  1167  1167 D evsmanagerd: /dev/video6 forwarded the buffer #0 to 0xb4000074bf5f5510 from 0xb4000074bf5f6d90
05-27 18:18:25.300  1167  1184 D evsmanagerd: /dev/video4 forwarded the buffer #0 to 0xb4000074bf5f6850 from 0xb4000074bf5f41d0
05-27 18:18:25.300 30773 30782 I dvr_service_: [myNum:1][onFrameReceived] Received Surface:1 0
05-27 18:18:25.300 30773 30782 E dvr_service_: [myNum:1] Received S**** loss
05-27 18:18:25.300 30773 30773 I dvr_service_: [myNum:0][onFrameReceived] Received Surface:1 0
05-27 18:18:25.300 30773 30773 E dvr_service_: [myNum:0] Received S**** loss
05-27 18:18:25.301   299  1153 D EvsDriver: doneWithFrame
05-27 18:18:25.301   299  1163 D EvsDriver: doneWithFrame
05-27 18:18:25.302  1008 30857 D [OMXB]  : usingANWBuffer: handle:0xee742a00, format:1, w:1920, h:1080
05-27 18:18:25.303   581   581 I SpiService: fgesysctrl_getGPIO_status success val=1
05-27 08:09:34.267   581   581 D spi_rst_gpio_get_output: GPIO 145 value: 1
05-27 18:18:25.308   581   581 I SpiService: fgesysctrl_getGPIO_status success val=1
05-27 18:18:25.311   283   307 I rvcservice: t.code = 3, t.value = 0
05-27 18:18:25.312 13911 14183 I SentryImuMcuAngleSender: 179.99649rollDeg
05-27 18:18:25.312 13911 14183 I SentryImuMcuAngleSender: 1,0,0
05-27 18:18:25.314   581   581 I SpiService: fgesysctrl_getGPIO_status success val=1
05-27 18:18:25.315  1116  1135 I adbd    : jdwp connection from 32036
05-27 08:09:34.279   581   581 D spidev_ioctl: gpio status=1)
05-27 18:18:25.318  1008 30856 D [OMXB]  : usingANWBuffer: handle:0xee742f80, format:1, w:1920, h:1080
05-27 18:18:25.320   581   581 I SpiService: fgesysctrl_getGPIO_status success val=1
05-27 18:18:25.326   536   536 D commservice260303: msg.id = 1028,1
05-27 18:18:25.326   581   581 I SpiService: fgesysctrl_getGPIO_status success val=0
05-27 18:18:25.326   536   536 D commservice260303: i = 170, msgid = 8A000404
05-27 18:18:25.326   536   536 D commservice260303: msgid = -1979710460,did=138
05-27 18:18:25.326   536   536 D commservice260303: CommProtocolLibCmdBaseI2C::dataproc {"command":{"id":"imu_status","sub":""},"content":{"TimeStamp":8,"FrameCounter":207724,"GD_X":-0.011453153565526009,"GD_Y":0.005420989356935024,"GD_Z":0.00259606190957129,"AD_X":-0.004903510212898254,"AD_Y":0.0021012723445892334,"AD_Z":-0.16704177856445312,"TempDsp":0,"Status":0,"CalibState":1,"SigAmpInvalid":0}},-1979710460
05-27 18:18:25.327   536   536 D commservice260303: send2Cluster len:314, 7B22636F6D6D616E64223A7B226964223A22696D755F737461747573222C22737562223A22227D2C22636F6E74656E74223A7B2254696D655374616D70223A382C224672616D65436F756E746572223A3230373732342C2247445F58223A2D302E3031313435333135333536353532363030392C2247445F59223A302E3030353432303938393335363933353032342C2247445F5A223A302E30303235393630363139303935373132392C2241445F58223A2D302E3030343930333531303231323839383235342C2241445F59223A302E303032313031323732333434353839323333342C2241445F5A223A2D302E31363730343137373835363434353331322C2254656D70447370223A302C22537461747573223A302C2243616C69625374617465223A312C22536967416D70496E76616C6964223A307D7D, 138 
05-27 18:18:25.327   536   536 D commservice260303: Push Message into SendPool fn=-1503132928
05-27 18:18:25.327   536   536 D commservice260303: ComProtocolLibSend2Cluster::send2ClusterRaw fn=-1503132928 , len=330
05-27 18:18:25.327   536   536 D commservice260303: sendCmdToPort :330!!!
05-27 18:18:25.327   536   536 D commservice260303: send Cmd To Port ++++5AA501468A01000368A66A16C4F17B22636F6D6D616E64223A7B226964223A22696D755F737461747573222C22737562223A22227D2C22636F6E74656E74223A7B2254696D655374616D70223A382C224672616D65436F756E746572223A3230373732342C2247445F58223A2D302E3031313435333135333536353532363030392C2247445F59223A302E3030353432303938393335363933353032342C2247445F5A223A302E30303235393630363139303935373132392C2241445F58223A2D302E3030343930333531303231323839383235342C2241445F59223A302E303032313031323732333434353839323333342C2241445F5A223A2D302E31363730343137373835363434353331322C2254656D70447370223A302C22537461747573223A302C2243616C69625374617465223A312C22536967416D70496E76616C6964223A307D7D9F24
05-27 18:18:25.327   536   536 D commservice260303: bufferevent_write retrun value = 0
05-27 18:18:25.327   536   560 D commservice260303: client datas send succeed,send finish
05-27 18:18:25.327 13911 14192 D Sentinelmode_1.2.5.17_sentry: <SentryImuClusterFgeSender>imu_status sent to Linux, frame=207724, tsNs=8972576, tsMs=8, intervalMs=40, ad=(-0.00490351,0.0021012723,-0.16704178), gd=(-0.011453154,0.0054209894,0.002596062)
05-27 08:09:34.291   581   581 D spi_rst_gpio_get_output: GPIO 145 value: 0
05-27 08:09:34.291   581   581 D spidev_ioctl: gpio status=0)
05-27 18:18:25.331 32036 32036 W ziparchive: Unable to open '/system_ext/framework/unisoc-framework.dm': No such file or directory
05-27 18:18:25.331 32036 32036 W ziparchive: Unable to open '/system_ext/framework/unisoc-framework.dm': No such file or directory
05-27 18:18:25.332 13911 14183 I SentryImuMcuAngleSender: 179.97197rollDeg
05-27 18:18:25.332 13911 14183 I SentryImuMcuAngleSender: 1,0,0
05-27 18:18:25.333   299 30844 D EvsDriver: forwardFrame
05-27 18:18:25.333   299 30841 D EvsDriver: forwardFrame
05-27 18:18:25.334   299 30844 D EvsDriver: Delivered 0xb400007b7ca56900 as id 0
05-27 18:18:25.334   299 30841 D EvsDriver: Delivered 0xb400007b7ca56a60 as id 0
05-27 18:18:25.334  1167  1167 D evsmanagerd: /dev/video4 forwarded the buffer #0 to 0xb4000074bf5f6850 from 0xb4000074bf5f41d0
05-27 18:18:25.334  1167  1184 D evsmanagerd: /dev/video6 forwarded the buffer #0 to 0xb4000074bf5f5510 from 0xb4000074bf5f6d90
05-27 18:18:25.337   299  1163 D EvsDriver: doneWithFrame
05-27 18:18:25.337 10188  7589 I am_proc_bound: [0,32036,com.anwsdk.service:remote]
05-27 18:18:25.338  1008 30857 D [OMXB]  : usingANWBuffer: handle:0xee741b90, format:1, w:1920, h:1080
05-27 18:18:25.339   299  1153 D EvsDriver: doneWithFrame
05-27 08:09:34.305   581   581 D spi_rst_gpio_get_output: GPIO 145 value: 1
05-27 08:09:34.305   581   581 D spidev_ioctl: gpio status=1)
05-27 18:18:25.341   581   581 I SpiService: fgesysctrl_getGPIO_status success val=1
05-27 18:18:25.341 10188  7589 I am_create_service: [0,208025669,.anwbtservice,1000,32036]
05-27 08:09:34.311   581   581 D spi_rst_gpio_get_output: GPIO 145 value: 1
05-27 08:09:34.311   581   581 D spidev_ioctl: gpio status=1)
05-27 08:09:34.317   581   581 D spi_rst_gpio_get_output: GPIO 145 value: 1
05-27 08:09:34.317   581   581 D spidev_ioctl: gpio status=1)
05-27 18:18:25.347   581   581 I SpiService: fgesysctrl_getGPIO_status success val=1
05-27 18:18:25.347 30773 30788 I dvr_service_: [runShortMediaThread:298] cameraId:1 medias:300,audios:220,stateAudio:0,mShortState:0,warnEvent:0,state:1
05-27 18:18:25.352 13911 13911 I Sentinelmode_1.2.5.17_sentry: <SentinelCarServiceManager>sensorType:291504647
05-27 18:18:25.353   581   581 I SpiService: fgesysctrl_getGPIO_status success val=1
05-27 18:18:25.353 13911 14183 I SentryImuMcuAngleSender: 179.96495rollDeg
05-27 18:18:25.353 13911 14183 I SentryImuMcuAngleSender: 1,0,0
05-27 08:09:34.323   581   581 D spi_rst_gpio_get_output: GPIO 145 value: 1
05-27 08:09:34.323   581   581 D spidev_ioctl: gpio status=1)
05-27 18:18:25.358   581   581 I SpiService: fgesysctrl_getGPIO_status success val=1
05-27 18:18:25.359 32036 32036 D CompatibilityChangeReporter: Compat change id reported: 171979766; UID 1000; state: ENABLED
05-27 18:18:25.364   581   581 I SpiService: fgesysctrl_getGPIO_status success val=0
05-27 08:09:34.328   581   581 D spi_rst_gpio_get_output: GPIO 145 value: 0
05-27 08:09:34.328   581   581 D spidev_ioctl: gpio status=0)
05-27 18:18:25.366  1008 30856 D [OMXB]  : usingANWBuffer: handle:0xee7454a0, format:1, w:1920, h:1080
05-27 18:18:25.366 32054 32054 I ADAYO_LOG_TRACE_KERNEL: execute interrupt
05-27 18:18:25.368   536   536 D commservice260303: msg.id = 1028,1
05-27 18:18:25.368   536   536 D commservice260303: i = 170, msgid = 8A000404
05-27 18:18:25.368   536   536 D commservice260303: msgid = -1979710460,did=138
05-27 18:18:25.368   536   536 D commservice260303: CommProtocolLibCmdBaseI2C::dataproc {"command":{"id":"imu_status","sub":""},"content":{"TimeStamp":8,"FrameCounter":207725,"GD_X":-0.011070843786001205,"GD_Y":0.004428025335073471,"GD_Z":0.002747945487499237,"AD_X":-0.003068491816520691,"AD_Y":0.0014770564157515764,"AD_Z":-0.16582107543945312,"TempDsp":0,"Status":0,"CalibState":1,"SigAmpInvalid":0}},-1979710460
05-27 18:18:25.368   536   536 D commservice260303: send2Cluster len:315, 7B22636F6D6D616E64223A7B226964223A22696D755F737461747573222C22737562223A22227D2C22636F6E74656E74223A7B2254696D655374616D70223A382C224672616D65436F756E746572223A3230373732352C2247445F58223A2D302E3031313037303834333738363030313230352C2247445F59223A302E3030343432383032353333353037333437312C2247445F5A223A302E3030323734373934353438373439393233372C2241445F58223A2D302E3030333036383439313831363532303639312C2241445F59223A302E303031343737303536343135373531353736342C2241445F5A223A2D302E31363538323130373534333934353331322C2254656D70447370223A302C22537461747573223A302C2243616C69625374617465223A312C22536967416D70496E76616C6964223A307D7D, 138 
05-27 18:18:25.368   536   536 D commservice260303: Push Message into SendPool fn=-1486355712
05-27 18:18:25.368   536   536 D commservice260303: ComProtocolLibSend2Cluster::send2ClusterRaw fn=-1486355712 , len=331
05-27 18:18:25.368   536   536 D commservice260303: sendCmdToPort :331!!!
05-27 18:18:25.369   536   536 D commservice260303: send Cmd To Port ++++5AA501478A01000368A76A16C4F17B22636F6D6D616E64223A7B226964223A22696D755F737461747573222C22737562223A22227D2C22636F6E74656E74223A7B2254696D655374616D70223A382C224672616D65436F756E746572223A3230373732352C2247445F58223A2D302E3031313037303834333738363030313230352C2247445F59223A302E3030343432383032353333353037333437312C2247445F5A223A302E3030323734373934353438373439393233372C2241445F58223A2D302E3030333036383439313831363532303639312C2241445F59223A302E303031343737303536343135373531353736342C2241445F5A223A2D302E31363538323130373534333934353331322C2254656D70447370223A302C22537461747573223A302C2243616C69625374617465223A312C22536967416D70496E76616C6964223A307D7DB8A7
05-27 18:18:25.369   536   536 D commservice260303: bufferevent_write retrun value = 0
05-27 18:18:25.369 13911 14192 D Sentinelmode_1.2.5.17_sentry: <SentryImuClusterFgeSender>imu_status sent to Linux, frame=207725, tsNs=8972612, tsMs=8, intervalMs=42, ad=(-0.0030684918,0.0014770564,-0.16582108), gd=(-0.011070844,0.0044280253,0.0027479455)
05-27 18:18:25.370 30773 30789 I dvr_service_: Camera 0: MediaOK:136458857, frames:3130, isKeyFrame:0,pts:8972462293
05-27 18:18:25.370   299 30841 D EvsDriver: forwardFrame
05-27 18:18:25.371   536   560 D commservice260303: client datas send succeed,send finish
05-27 18:18:25.373   299 30841 D EvsDriver: Delivered 0xb400007b7ca56a60 as id 0
05-27 18:18:25.373  1167  1184 D evsmanagerd: /dev/video4 forwarded the buffer #0 to 0xb4000074bf5f6850 from 0xb4000074bf5f41d0
05-27 18:18:25.373 13911 14183 I SentryImuMcuAngleSender: 179.97546rollDeg
05-27 18:18:25.373 13911 14183 I SentryImuMcuAngleSender: 1,0,0
05-27 08:09:34.335   560   560 W audit   : audit_lost=23881 audit_rate_limit=5 audit_backlog_limit=64
05-27 08:09:34.335   560   560 E audit   : rate limit exceeded
05-27 18:18:25.375   299  1153 D EvsDriver: doneWithFrame
05-27 18:18:25.378   581   581 I SpiService: fgesysctrl_getGPIO_status success val=1
05-27 18:18:25.379   299 30844 D EvsDriver: forwardFrame
05-27 18:18:25.379 32036 32036 D CompatibilityInfo: applyToConfigurationCompat inoutConfig.densityDpi= 160
05-27 08:09:34.343   581   581 D spi_rst_gpio_get_output: GPIO 145 value: 1
05-27 08:09:34.343   581   581 D spidev_ioctl: gpio status=1)
05-27 18:18:25.381  1008 30857 D [OMXB]  : usingANWBuffer: handle:0xee744210, format:1, w:1920, h:1080
05-27 18:18:25.381  1167  1184 D evsmanagerd: /dev/video6 forwarded the buffer #0 to 0xb4000074bf5f5510 from 0xb4000074bf5f6d90
05-27 18:18:25.381   299 30844 D EvsDriver: Delivered 0xb400007b7ca56900 as id 0
05-27 18:18:25.382 30773 30789 I dvr_service_: Camera 1: Buffer reuse stats - Total: 172700, Reused: 85722, New: 86978, Rate: 49.6%
05-27 18:18:25.382 30773 30789 I dvr_service_: Camera 1: MediaOK:136388658, frames:3120, isKeyFrame:0,pts:8972424886
05-27 18:18:25.384   581   581 I SpiService: fgesysctrl_getGPIO_status success val=1
05-27 18:18:25.384   299  1153 D EvsDriver: doneWithFrame
05-27 08:09:34.348   581   581 D spi_rst_gpio_get_output: GPIO 145 value: 1
05-27 08:09:34.348   581   581 D spidev_ioctl: gpio status=1)
05-27 18:18:25.385   269   269 D libvintf: HalManifest::getHidlTransport(framework): Cannot find android.hardware.usb@1.0::IUsb/default
05-27 18:18:25.386   269   269 D libvintf: HalManifest::getHidlTransport(device): Cannot find android.hardware.usb@1.0::IUsb/default
05-27 18:18:25.386   269   269 I hwservicemanager: getTransport: Cannot find entry android.hardware.usb@1.0::IUsb/default in either framework or device VINTF manifest.
05-27 18:18:25.386 12348 12448 E ExtUsbManager: UsbHalController: android.hardware.usb.V1_0.IUsb getService failed!
05-27 18:18:25.386 12348 12448 E ExtUsbManager: java.util.NoSuchElementException
05-27 18:18:25.386 12348 12448 E ExtUsbManager: 	at android.os.HwBinder.getService(Native Method)
05-27 18:18:25.386 12348 12448 E ExtUsbManager: 	at android.os.HwBinder.getService(HwBinder.java:81)
05-27 18:18:25.386 12348 12448 E ExtUsbManager: 	at android.hardware.usb.V1_0.IUsb.getService(IUsb.java:74)
05-27 18:18:25.386 12348 12448 E ExtUsbManager: 	at android.hardware.usb.V1_0.IUsb.getService(IUsb.java:84)
05-27 18:18:25.386 12348 12448 E ExtUsbManager: 	at ts.car.usb.UsbHalController.createService(UsbHalController.java:37)
05-27 18:18:25.386 12348 12448 E ExtUsbManager: 	at ts.car.usb.UsbHalController.createService(UsbHalController.java:18)
05-27 18:18:25.386 12348 12448 E ExtUsbManager: 	at ts.car.usb.utils.AutoServiceConnector4Hidl.autoConnect(AutoServiceConnector4Hidl.java:47)
05-27 18:18:25.386 12348 12448 E ExtUsbManager: 	at ts.car.usb.utils.AutoServiceConnector4Hidl$$ExternalSyntheticLambda0.run(Unknown Source:2)
05-27 18:18:25.386 12348 12448 E ExtUsbManager: 	at android.os.Handler.handleCallback(Handler.java:942)
05-27 18:18:25.386 12348 12448 E ExtUsbManager: 	at android.os.Handler.dispatchMessage(Handler.java:99)
05-27 18:18:25.386 12348 12448 E ExtUsbManager: 	at android.os.Looper.loopOnce(Looper.java:201)
05-27 18:18:25.386 12348 12448 E ExtUsbManager: 	at android.os.Looper.loop(Looper.java:288)
05-27 18:18:25.386 12348 12448 E ExtUsbManager: 	at android.os.HandlerThread.run(HandlerThread.java:67)
05-27 18:18:25.389   581   581 I SpiService: fgesysctrl_getGPIO_status success val=1
05-27 18:18:25.389   566 11459 I gps_hdbd: Received: '$GNGGA,003416.000,,,,,0,00,,,M,,M,,*66
'
05-27 08:09:34.354   581   581 D spi_rst_gpio_get_output: GPIO 145 value: 1
05-27 18:18:25.390   269   269 D libvintf: HalManifest::getHidlTransport(framework): Cannot find vendor.ts.usbext@1.0::IUsbext/default
05-27 18:18:25.390   269   269 D libvintf: HalManifest::getHidlTransport(device): Cannot find vendor.ts.usbext@1.0::IUsbext/default
05-27 18:18:25.390   269   269 I hwservicemanager: getTransport: Cannot find entry vendor.ts.usbext@1.0::IUsbext/default in either framework or device VINTF manifest.
05-27 18:18:25.390 12348 12448 E ExtUsbManager: UsbHalExtController: vendor.ts.usbext.V1_0.IUsbext getService failed!
05-27 18:18:25.390 12348 12448 E ExtUsbManager: java.util.NoSuchElementException
05-27 18:18:25.390 12348 12448 E ExtUsbManager: 	at android.os.HwBinder.getService(Native Method)
05-27 18:18:25.390 12348 12448 E ExtUsbManager: 	at android.os.HwBinder.getService(HwBinder.java:81)
05-27 18:18:25.390 12348 12448 E ExtUsbManager: 	at vendor.ts.usbext.V1_0.IUsbext.getService(IUsbext.java:74)
05-27 18:18:25.390 12348 12448 E ExtUsbManager: 	at vendor.ts.usbext.V1_0.IUsbext.getService(IUsbext.java:84)
05-27 18:18:25.390 12348 12448 E ExtUsbManager: 	at ts.car.usb.UsbHalExtController.createService(UsbHalExtController.java:37)
05-27 18:18:25.390 12348 12448 E ExtUsbManager: 	at ts.car.usb.UsbHalExtController.createService(UsbHalExtController.java:18)
05-27 18:18:25.390 12348 12448 E ExtUsbManager: 	at ts.car.usb.utils.AutoServiceConnector4Hidl.autoConnect(AutoServiceConnector4Hidl.java:47)
05-27 18:18:25.390 12348 12448 E ExtUsbManager: 	at ts.car.usb.utils.AutoServiceConnector4Hidl$$ExternalSyntheticLambda0.run(Unknown Source:2)
05-27 18:18:25.390 12348 12448 E ExtUsbManager: 	at android.os.Handler.handleCallback(Handler.java:942)
05-27 18:18:25.390 12348 12448 E ExtUsbManager: 	at android.os.Handler.dispatchMessage(Handler.java:99)
05-27 18:18:25.390 12348 12448 E ExtUsbManager: 	at android.os.Looper.loopOnce(Looper.java:201)
05-27 18:18:25.390 12348 12448 E ExtUsbManager: 	at android.os.Looper.loop(Looper.java:288)
05-27 18:18:25.390 12348 12448 E ExtUsbManager: 	at android.os.HandlerThread.run(HandlerThread.java:67)
05-27 18:18:25.392 32056 32056 I ADAYO_LOG_TRACE_KERNEL: execute end
05-27 18:18:25.393 13911 14183 I SentryImuMcuAngleSender: 179.97546rollDeg
05-27 18:18:25.393 13911 14183 I SentryImuMcuAngleSender: 1,0,0
05-27 18:18:25.395   581   581 I SpiService: fgesysctrl_getGPIO_status success val=1
05-27 18:18:25.395   566 11459 I gps_hdbd: Received: '$GNGSA,A,1,,,,,,,,,,,,,,,,1*1D
'
05-27 18:18:25.395   269   269 D libvintf: HalManifest::getHidlTransport(framework): Cannot find android.hardware.usb.gadget@1.0::IUsbGadget/default
05-27 18:18:25.395   269   269 D libvintf: HalManifest::getHidlTransport(device): Cannot find android.hardware.usb.gadget@1.0::IUsbGadget/default
05-27 18:18:25.395   269   269 I hwservicemanager: getTransport: Cannot find entry android.hardware.usb.gadget@1.0::IUsbGadget/default in either framework or device VINTF manifest.
05-27 18:18:25.396   566 11459 I gps_hdbd: Received: '$GNGSA,A,1,,,,,,,,,,,,,,,,3*1F
'
05-27 18:18:25.396 12348 12448 E ExtUsbManager: UsbGadgetController: android.hardware.usb.gadget.V1_0.IUsbGadget getService failed!
05-27 18:18:25.396 12348 12448 E ExtUsbManager: java.util.NoSuchElementException
05-27 18:18:25.396 12348 12448 E ExtUsbManager: 	at android.os.HwBinder.getService(Native Method)
05-27 18:18:25.396 12348 12448 E ExtUsbManager: 	at android.os.HwBinder.getService(HwBinder.java:81)
05-27 18:18:25.396 12348 12448 E ExtUsbManager: 	at android.hardware.usb.gadget.V1_0.IUsbGadget.getService(IUsbGadget.java:74)
05-27 18:18:25.396 12348 12448 E ExtUsbManager: 	at android.hardware.usb.gadget.V1_0.IUsbGadget.getService(IUsbGadget.java:84)
05-27 18:18:25.396 12348 12448 E ExtUsbManager: 	at ts.car.usb.UsbGadgetController.createService(UsbGadgetController.java:36)
05-27 18:18:25.396 12348 12448 E ExtUsbManager: 	at ts.car.usb.UsbGadgetController.createService(UsbGadgetController.java:17)
05-27 18:18:25.396 12348 12448 E ExtUsbManager: 	at ts.car.usb.utils.AutoServiceConnector4Hidl.autoConnect(AutoServiceConnector4Hidl.java:47)
05-27 18:18:25.396 12348 12448 E ExtUsbManager: 	at ts.car.usb.utils.AutoServiceConnector4Hidl$$ExternalSyntheticLambda0.run(Unknown Source:2)
05-27 18:18:25.396 12348 12448 E ExtUsbManager: 	at android.os.Handler.handleCallback(Handler.java:942)
05-27 18:18:25.396 12348 12448 E ExtUsbManager: 	at android.os.Handler.dispatchMessage(Handler.java:99)
05-27 18:18:25.396 12348 12448 E ExtUsbManager: 	at android.os.Looper.loopOnce(Looper.java:201)
05-27 18:18:25.396 12348 12448 E ExtUsbManager: 	at android.os.Looper.loop(Looper.java:288)
05-27 18:18:25.396 12348 12448 E ExtUsbManager: 	at android.os.HandlerThread.run(HandlerThread.java:67)
05-27 08:09:34.354   581   581 D spidev_ioctl: gpio status=1)
05-27 08:09:34.360   581   581 D spi_rst_gpio_get_output: GPIO 145 value: 1
05-27 08:09:34.360   581   581 D spidev_ioctl: gpio status=1)
05-27 08:09:34.361     1     1 I init    : Service 'trace_kernel' (pid 32011) exited with status 0
05-27 08:09:34.361     1     1 I init    : Sending signal 9 to service 'trace_kernel' (pid 32011) process group...
05-27 08:09:34.361     1     1 I libprocessgroup: Successfully killed process cgroup uid 0 pid 32011 in 0ms
05-27 18:18:25.400   299 30841 D EvsDriver: forwardFrame
05-27 18:18:25.401   581   581 I SpiService: fgesysctrl_getGPIO_status success val=1
05-27 18:18:25.401   566 11459 I gps_hdbd: Received: '$GNGSA,A,1,,,,,,,,,,,,,,,,4*18
'
05-27 08:09:34.365   581   581 D spi_rst_gpio_get_output: GPIO 145 value: 1
05-27 08:09:34.365   581   581 D spidev_ioctl: gpio status=1)
05-27 18:18:25.402   299 30841 D EvsDriver: Delivered 0xb400007b7ca56a60 as id 0
05-27 18:18:25.402  1167  1184 D evsmanagerd: /dev/video4 forwarded the buffer #0 to 0xb4000074bf5f6850 from 0xb4000074bf5f41d0
05-27 18:18:25.402   566 11459 I gps_hdbd: Received: '$BDGSV,1,1,00,1*75
'
05-27 18:18:25.403   572   622 I Sensors : 230 AccelSensor: x:-0.167749,y:0.004270,z:-9.972890
05-27 18:18:25.404   299 30844 D EvsDriver: forwardFrame
05-27 18:18:25.405   299  1153 D EvsDriver: doneWithFrame
05-27 08:09:34.371   581   581 D spi_rst_gpio_get_output: GPIO 145 value: 0
05-27 08:09:34.371   581   581 D spidev_ioctl: gpio status=0)
05-27 18:18:25.406   299 30844 D EvsDriver: Delivered 0xb400007b7ca56900 as id 0
05-27 18:18:25.406  1167  1184 D evsmanagerd: /dev/video6 forwarded the buffer #0 to 0xb4000074bf5f5510 from 0xb4000074bf5f6d90
05-27 18:18:25.406   581   581 I SpiService: fgesysctrl_getGPIO_status success val=0
05-27 18:18:25.407   566 11459 I gps_hdbd: Received: '$BDGSV,1,1,00,5*71
'
05-27 18:18:25.408   299  1153 D EvsDriver: doneWithFrame
05-27 18:18:25.413 32036 32036 D adservices: Registering AdServices's TopicsManager.
05-27 18:18:25.413 13911 14183 I SentryImuMcuAngleSender: 179.97546rollDeg
05-27 18:18:25.413 13911 14183 I SentryImuMcuAngleSender: 1,0,0
05-27 18:18:25.414  1008 30856 D [OMXB]  : usingANWBuffer: handle:0xee747180, format:1, w:1920, h:1080
05-27 18:18:25.414   536   536 D commservice260303: msg.id = 1028,1
05-27 18:18:25.414   536   536 D commservice260303: i = 170, msgid = 8A000404
05-27 18:18:25.414   536   536 D commservice260303: msgid = -1979710460,did=138
05-27 18:18:25.414   536   536 D commservice260303: CommProtocolLibCmdBaseI2C::dataproc {"command":{"id":"imu_status","sub":""},"content":{"TimeStamp":8,"FrameCounter":207726,"GD_X":-0.01153013575822115,"GD_Y":0.004656890872865915,"GD_Z":0.00259606190957129,"AD_X":-0.0012448281049728394,"AD_Y":0.0014678675215691328,"AD_Z":-0.1676502227783203,"TempDsp":0,"Status":0,"CalibState":1,"SigAmpInvalid":0}},-1979710460
05-27 18:18:25.414   536   536 D commservice260303: send2Cluster len:313, 7B22636F6D6D616E64223A7B226964223A22696D755F737461747573222C22737562223A22227D2C22636F6E74656E74223A7B2254696D655374616D70223A382C224672616D65436F756E746572223A3230373732362C2247445F58223A2D302E30313135333031333537353832323131352C2247445F59223A302E3030343635363839303837323836353931352C2247445F5A223A302E30303235393630363139303935373132392C2241445F58223A2D302E303031323434383238313034393732383339342C2241445F59223A302E303031343637383637353231353639313332382C2241445F5A223A2D302E313637363530323232373738333230332C2254656D70447370223A302C22537461747573223A302C2243616C69625374617465223A312C22536967416D70496E76616C6964223A307D7D, 138 
05-27 18:18:25.414   536   536 D commservice260303: Push Message into SendPool fn=-1469578496
05-27 18:18:25.414   536   536 D commservice260303: ComProtocolLibSend2Cluster::send2ClusterRaw fn=-1469578496 , len=329
05-27 18:18:25.414   536   536 D commservice260303: sendCmdToPort :329!!!
05-27 18:18:25.414   283   307 I rvcservice: t.code = 0, t.value = 1220
05-27 18:18:25.414   536   536 D commservice260303: send Cmd To Port ++++5AA501458A01000368A86A16C4F17B22636F6D6D616E64223A7B226964223A22696D755F737461747573222C22737562223A22227D2C22636F6E74656E74223A7B2254696D655374616D70223A382C224672616D65436F756E746572223A3230373732362C2247445F58223A2D302E30313135333031333537353832323131352C2247445F59223A302E3030343635363839303837323836353931352C2247445F5A223A302E30303235393630363139303935373132392C2241445F58223A2D302E303031323434383238313034393732383339342C2241445F59223A302E303031343637383637353231353639313332382C2241445F5A223A2D302E313637363530323232373738333230332C2254656D70447370223A302C22537461747573223A302C2243616C69625374617465223A312C22536967416D70496E76616C6964223A307D7D6EE2
05-27 18:18:25.414   536   536 D commservice260303: bufferevent_write retrun value = 0
05-27 18:18:25.415 13911 14192 D Sentinelmode_1.2.5.17_sentry: <SentryImuClusterFgeSender>imu_status sent to Linux, frame=207726, tsNs=8972653, tsMs=8, intervalMs=45, ad=(-0.0012448281,0.0014678675,-0.16765022), gd=(-0.011530136,0.004656891,0.002596062)
05-27 18:18:25.415   536   560 D commservice260303: client datas send succeed,send finish
05-27 18:18:25.415   566 11459 I gps_hdbd: Received: '$GPGSV,1,1,01,199,42,165,,1*60
'
05-27 18:18:25.416   566 11459 I gps_hdbd: Received: '$GPGSV,1,1,00,8*6D
'
05-27 18:18:25.416   566 11459 I gps_hdbd: Received: '$GAGSV,1,1,00,7*73
'
05-27 18:18:25.416   566 11459 I gps_hdbd: Received: '$GAGSV,1,1,00,1*75
'
05-27 18:18:25.418 32036 32036 D CompatibilityInfo: applyToConfigurationCompat inoutConfig.densityDpi= 160
05-27 18:18:25.419   481   598 I mcuc    : rev,n=1,6AA681B4C00035890073060003000000000000000064006400641010000000000000000000000000000000000000000000000000000000000000000085
05-27 18:18:25.419   351   373 D automotive.vehicle@2.0-adayo-datacomm-mcu: MCUDatacomm sendMessageFromVehicle prop: 0x89, areaId: 0x0, status: 0x73, timestamp: 0x6
05-27 18:18:25.419   351   373 D automotive.vehicle@2.0-adayo-datacomm-mcu: MCUDatacomm 1sendMessageFromVehicle ---> type = 3 
05-27 18:18:25.419   351   373 D automotive.vehicle@2.0-adayo-func-bcm: sendMessageFromVehicle sendMessageFromVehicle
05-27 18:18:25.419   351   516 D automotive.vehicle@2.0-adayo-func-bcm: jjfan1 ______procotolSize :45
05-27 18:18:25.419   351   516 D automotive.vehicle@2.0-adayo-func-bcm: BCMFunc sendMessageFromVehicle_l dataType: 12,mByte=8,propid=0x21600001
05-27 18:18:25.420   351   516 D automotive.vehicle@2.0-adayo-func-bcm: BCMFunc sendMessageFromVehicle_l msgBuff[8]=0x0,start:2,len:11,temp:6,
05-27 18:18:25.420   351   516 D automotive.vehicle@2.0-adayo-func-bcm: BCMFunc sendMessageFromVehicle_l msgBuff[7]=0x0,start:0,len:5,temp:5,
05-27 18:18:25.420   351   516 D automotive.vehicle@2.0-adayo-func-bcm: BCMFunc sendMessageFromVehicle_l prop: 0x21600001 , SPLITE_BIT_DATA_INTEGER1 data:0
05-27 18:18:25.420   351   516 D automotive.vehicle@2.0-adayo-func-bcm: BCMFunc sendMessageFromVehicle_l prop: 0x21600001 , SPLITE_BIT_DATA_INTEGER4 procotol.calc[0]:0.100000,procotol.calc[1]:0.000000
05-27 18:18:25.420   351   516 D automotive.vehicle@2.0-adayo-func-bcm: BCMFunc sendMessageFromVehicle_l prop: 0x21600001 ,areaId: 0x0  SPLITE_BIT_DATA_INTEGER : 0.000000,calc[0]:0.100000,calc[1]:0.000000
05-27 18:18:25.420   351   516 D automotive.vehicle@2.0-adayo-func-bcm: BCMFunc sendMessageFromVehicle_l id:559939585, area:0 not report! 
05-27 18:18:25.420   351   516 D automotive.vehicle@2.0-adayo-func-bcm: BCMFunc sendMessageFromVehicle_l dataType: 12,mByte=9,propid=0x2140004d
05-27 18:18:25.420   351   516 D automotive.vehicle@2.0-adayo-func-bcm: BCMFunc sendMessageFromVehicle_l msgBuff[9]=0x0,start:0,len:3,temp:3,
05-27 18:18:25.420   351   516 D automotive.vehicle@2.0-adayo-func-bcm: BCMFunc sendMessageFromVehicle_l prop: 0x2140004d ,areaId: 0x0  SPLITE_BIT_DATA_INTEGER : 0
05-27 18:18:25.420   351   516 D automotive.vehicle@2.0-adayo-func-bcm: BCMFunc sendMessageFromVehicle_l id:557842509, area:0 not report! 
05-27 18:18:25.420   351   516 D automotive.vehicle@2.0-adayo-func-bcm: BCMFunc sendMessageFromVehicle_l dataType: 12,mByte=10,propid=0x21400009
05-27 18:18:25.420   351   516 D automotive.vehicle@2.0-adayo-func-bcm: BCMFunc sendMessageFromVehicle_l msgBuff[10]=0x0,start:0,len:3,temp:3,
05-27 08:09:34.385   581   581 D spi_rst_gpio_get_output: GPIO 145 value: 1
05-27 08:09:34.385   581   581 D spidev_ioctl: gpio status=1)
05-27 18:18:25.420   351   516 D automotive.vehicle@2.0-adayo-func-bcm: BCMFunc sendMessageFromVehicle_l prop: 0x21400009 ,areaId: 0x0  SPLITE_BIT_DATA_INTEGER : 0
05-27 18:18:25.420   351   516 D automotive.vehicle@2.0-adayo-func-bcm: BCMFunc sendMessageFromVehicle_l id:557842441, area:0 not report! 
05-27 18:18:25.420 30773 30787 I dvr_service_: [runShortMediaThread:298] cameraId:0 medias:300,audios:220,stateAudio:0,mShortState:0,warnEvent:0,state:1
05-27 18:18:25.420   351   516 D automotive.vehicle@2.0-adayo-func-bcm: BCMFunc sendMessageFromVehicle_l dataType: 12,mByte=10,propid=0x2140000a
05-27 18:18:25.420   351   516 D automotive.vehicle@2.0-adayo-func-bcm: BCMFunc sendMessageFromVehicle_l msgBuff[10]=0x0,start:4,len:3,temp:3,
05-27 18:18:25.420   351   516 D automotive.vehicle@2.0-adayo-func-bcm: BCMFunc sendMessageFromVehicle_l prop: 0x2140000a ,areaId: 0x0  SPLITE_BIT_DATA_INTEGER : 0
05-27 18:18:25.420   351   516 D automotive.vehicle@2.0-adayo-func-bcm: BCMFunc sendMessageFromVehicle_l id:557842442, area:0 not report! 
05-27 18:18:25.420   351   516 D automotive.vehicle@2.0-adayo-func-bcm: BCMFunc sendMessageFromVehicle_l dataType: 12,mByte=11,propid=0x21400096
05-27 18:18:25.420   351   516 D automotive.vehicle@2.0-adayo-func-bcm: BCMFunc sendMessageFromVehicle_l msgBuff[11]=0x0,start:0,len:8,temp:8,
05-27 18:18:25.420   351   516 D automotive.vehicle@2.0-adayo-func-bcm: BCMFunc sendMessageFromVehicle_l prop: 0x21400096 ,areaId: 0x0  SPLITE_BIT_DATA_INTEGER : 0
05-27 18:18:25.420   351   516 D automotive.vehicle@2.0-adayo-func-bcm: BCMFunc sendMessageFromVehicle_l id:557842582, area:0 not report! 
05-27 18:18:25.420   351   516 D automotive.vehicle@2.0-adayo-func-bcm: BCMFunc sendMessageFromVehicle_l dataType: 12,mByte=12,propid=0x2140008a
05-27 18:18:25.420   351   516 D automotive.vehicle@2.0-adayo-func-bcm: BCMFunc sendMessageFromVehicle_l msgBuff[12]=0x0,start:0,len:4,temp:4,
05-27 18:18:25.420   351   516 D automotive.vehicle@2.0-adayo-func-bcm: BCMFunc sendMessageFromVehicle_l prop: 0x2140008a ,areaId: 0x0  SPLITE_BIT_DATA_INTEGER : 0
05-27 18:18:25.420   351   516 D automotive.vehicle@2.0-adayo-func-bcm: BCMFunc sendMessageFromVehicle_l id:557842570, area:0 not report! 
05-27 18:18:25.420   351   516 D automotive.vehicle@2.0-adayo-func-bcm: BCMFunc sendMessageFromVehicle_l dataType: 12,mByte=14,propid=0x21400005
05-27 18:18:25.420   351   516 D automotive.vehicle@2.0-adayo-func-bcm: BCMFunc sendMessageFromVehicle_l msgBuff[14]=0x64,start:0,len:10,temp:8,
05-27 18:18:25.420   351   516 D automotive.vehicle@2.0-adayo-func-bcm: BCMFunc sendMessageFromVehicle_l msgBuff[13]=0x0,start:0,len:2,temp:2,
05-27 18:18:25.420   351   516 D automotive.vehicle@2.0-adayo-func-bcm: BCMFunc sendMessageFromVehicle_l prop: 0x21400005 ,areaId: 0x0  SPLITE_BIT_DATA_INTEGER : 100
05-27 18:18:25.420   351   516 D automotive.vehicle@2.0-adayo-func-bcm: BCMFunc sendMessageFromVehicle_l id:557842437, area:0 not report! 
05-27 18:18:25.420   351   516 D automotive.vehicle@2.0-adayo-func-bcm: BCMFunc sendMessageFromVehicle_l dataType: 12,mByte=16,propid=0x21600006
05-27 18:18:25.420   351   516 D automotive.vehicle@2.0-adayo-func-bcm: BCMFunc sendMessageFromVehicle_l msgBuff[16]=0x64,start:0,len:10,temp:8,
05-27 18:18:25.420   351   516 D automotive.vehicle@2.0-adayo-func-bcm: BCMFunc sendMessageFromVehicle_l msgBuff[15]=0x0,start:0,len:2,temp:2,
05-27 18:18:25.420   351   516 D automotive.vehicle@2.0-adayo-func-bcm: BCMFunc sendMessageFromVehicle_l prop: 0x21600006 , SPLITE_BIT_DATA_INTEGER1 data:100
05-27 18:18:25.420   351   516 D automotive.vehicle@2.0-adayo-func-bcm: BCMFunc sendMessageFromVehicle_l prop: 0x21600006 , SPLITE_BIT_DATA_INTEGER4 procotol.calc[0]:0.100000,procotol.calc[1]:0.000000
05-27 18:18:25.420   351   516 D automotive.vehicle@2.0-adayo-func-bcm: BCMFunc sendMessageFromVehicle_l prop: 0x21600006 ,areaId: 0x0  SPLITE_BIT_DATA_INTEGER : 80.000000,calc[0]:0.100000,calc[1]:0.000000
05-27 18:18:25.420   351   516 D automotive.vehicle@2.0-adayo-func-bcm: BCMFunc sendMessageFromVehicle_l id:559939590, area:0 not report! 
05-27 18:18:25.420   581   581 I SpiService: fgesysctrl_getGPIO_status success val=1
05-27 18:18:25.420   351   516 D automotive.vehicle@2.0-adayo-func-bcm: BCMFunc sendMessageFromVehicle_l dataType: 12,mByte=18,propid=0x21600007
05-27 18:18:25.420   351   516 D automotive.vehicle@2.0-adayo-func-bcm: BCMFunc sendMessageFromVehicle_l msgBuff[18]=0x64,start:0,len:10,temp:8,
05-27 18:18:25.420   351   516 D automotive.vehicle@2.0-adayo-func-bcm: BCMFunc sendMessageFromVehicle_l msgBuff[17]=0x0,start:0,len:2,temp:2,
05-27 18:18:25.421   351   516 D automotive.vehicle@2.0-adayo-func-bcm: BCMFunc sendMessageFromVehicle_l prop: 0x21600007 , SPLITE_BIT_DATA_INTEGER1 data:100
05-27 18:18:25.421   351   516 D automotive.vehicle@2.0-adayo-func-bcm: BCMFunc sendMessageFromVehicle_l prop: 0x21600007 , SPLITE_BIT_DATA_INTEGER4 procotol.calc[0]:0.100000,procotol.calc[1]:0.000000
05-27 18:18:25.421   351   516 D automotive.vehicle@2.0-adayo-func-bcm: BCMFunc sendMessageFromVehicle_l prop: 0x21600007 ,areaId: 0x0  SPLITE_BIT_DATA_INTEGER : 70.000000,calc[0]:0.100000,calc[1]:0.000000
05-27 18:18:25.421   351   516 D automotive.vehicle@2.0-adayo-func-bcm: BCMFunc sendMessageFromVehicle_l id:559939591, area:0 not report! 
05-27 18:18:25.421   351   516 D automotive.vehicle@2.0-adayo-func-bcm: BCMFunc sendMessageFromVehicle_l dataType: 12,mByte=19,propid=0x21400087
05-27 18:18:25.421   351   516 D automotive.vehicle@2.0-adayo-func-bcm: BCMFunc sendMessageFromVehicle_l msgBuff[19]=0x10,start:3,len:1,temp:1,
05-27 18:18:25.421   351   516 D automotive.vehicle@2.0-adayo-func-bcm: BCMFunc sendMessageFromVehicle_l prop: 0x21400087 ,areaId: 0x0  SPLITE_BIT_DATA_INTEGER : 0
05-27 18:18:25.421   351   516 D automotive.vehicle@2.0-adayo-func-bcm: BCMFunc sendMessageFromVehicle_l id:557842567, area:0 not report! 
05-27 18:18:25.421   351   516 D automotive.vehicle@2.0-adayo-func-bcm: BCMFunc sendMessageFromVehicle_l dataType: 12,mByte=19,propid=0x2140004e
05-27 18:18:25.421   351   516 D automotive.vehicle@2.0-adayo-func-bcm: BCMFunc sendMessageFromVehicle_l msgBuff[19]=0x10,start:5,len:1,temp:1,
05-27 18:18:25.421   351   516 D automotive.vehicle@2.0-adayo-func-bcm: BCMFunc sendMessageFromVehicle_l prop: 0x2140004e ,areaId: 0x0  SPLITE_BIT_DATA_INTEGER : 0
05-27 18:18:25.421   351   516 D automotive.vehicle@2.0-adayo-func-bcm: BCMFunc sendMessageFromVehicle_l id:557842510, area:0 not report! 
05-27 18:18:25.421   351   516 D automotive.vehicle@2.0-adayo-func-bcm: BCMFunc sendMessageFromVehicle_l dataType: 12,mByte=19,propid=0x2140004f
05-27 18:18:25.421   351   516 D automotive.vehicle@2.0-adayo-func-bcm: BCMFunc sendMessageFromVehicle_l msgBuff[19]=0x10,start:7,len:1,temp:1,
05-27 18:18:25.421   351   516 D automotive.vehicle@2.0-adayo-func-bcm: BCMFunc sendMessageFromVehicle_l prop: 0x2140004f ,areaId: 0x0  SPLITE_BIT_DATA_INTEGER : 0
05-27 18:18:25.421   351   516 D automotive.vehicle@2.0-adayo-func-bcm: BCMFunc sendMessageFromVehicle_l id:557842511, area:0 not report! 
05-27 18:18:25.421   351   516 D automotive.vehicle@2.0-adayo-func-bcm: BCMFunc sendMessageFromVehicle_l dataType: 12,mByte=20,propid=0x21400031
05-27 18:18:25.421   351   516 D automotive.vehicle@2.0-adayo-func-bcm: BCMFunc sendMessageFromVehicle_l msgBuff[20]=0x10,start:0,len:3,temp:3,
05-27 18:18:25.421   351   516 D automotive.vehicle@2.0-adayo-func-bcm: BCMFunc sendMessageFromVehicle_l prop: 0x21400031 ,areaId: 0x0  SPLITE_BIT_DATA_INTEGER : 0
05-27 18:18:25.421   351   516 D automotive.vehicle@2.0-adayo-func-bcm: BCMFunc sendMessageFromVehicle_l id:557842481, area:0 not report! 
05-27 18:18:25.421   351   516 D automotive.vehicle@2.0-adayo-func-bcm: BCMFunc sendMessageFromVehicle_l dataType: 12,mByte=20,propid=0x2140003a
05-27 18:18:25.421   351   516 D automotive.vehicle@2.0-adayo-func-bcm: BCMFunc sendMessageFromVehicle_l msgBuff[20]=0x10,start:5,len:3,temp:3,
05-27 18:18:25.421   351   516 D automotive.vehicle@2.0-adayo-func-bcm: BCMFunc sendMessageFromVehicle_l prop: 0x2140003a ,areaId: 0x0  SPLITE_BIT_DATA_INTEGER : 0
05-27 18:18:25.421   351   516 D automotive.vehicle@2.0-adayo-func-bcm: BCMFunc sendMessageFromVehicle_l id:557842490, area:0 not report! 
05-27 18:18:25.421   351   516 D automotive.vehicle@2.0-adayo-func-bcm: BCMFunc sendMessageFromVehicle_l dataType: 12,mByte=21,propid=0x2140008b
05-27 18:18:25.421   351   516 D automotive.vehicle@2.0-adayo-func-bcm: BCMFunc sendMessageFromVehicle_l msgBuff[21]=0x0,start:0,len:3,temp:3,
05-27 18:18:25.421   351   516 D automotive.vehicle@2.0-adayo-func-bcm: BCMFunc sendMessageFromVehicle_l prop: 0x2140008b ,areaId: 0x0  SPLITE_BIT_DATA_INTEGER : 0
