05-27 18:18:19.038   581   581 I SpiService: fgesysctrl_getGPIO_status success val=0
05-27 18:18:19.039  1167  1184 D evsmanagerd: /dev/video6 forwarded the buffer #0 to 0xb4000074bf5f5510 from 0xb4000074bf5f6d90
05-27 18:18:19.040   299 30844 D EvsDriver: Delivered 0xb400007b7ca56900 as id 0
05-27 18:18:19.042   299  1163 D EvsDriver: doneWithFrame
05-27 18:18:19.046   299  1163 D EvsDriver: doneWithFrame
05-27 18:18:19.051   536   536 D commservice260303: msg.id = 1028,1
05-27 18:18:19.051   536   536 D commservice260303: i = 170, msgid = 8A000404
05-27 18:18:19.052   536   536 D commservice260303: msgid = -1979710460,did=138
05-27 18:18:19.052   536   536 D commservice260303: CommProtocolLibCmdBaseI2C::dataproc {"command":{"id":"imu_status","sub":""},"content":{"TimeStamp":8,"FrameCounter":207570,"GD_X":-0.010994902811944485,"GD_Y":0.00519212381914258,"GD_Z":0.0023671966046094894,"AD_X":-0.003234684467315674,"AD_Y":4.718292038887739E-4,"AD_Z":-0.16704177856445312,"TempDsp":0,"Status":0,"CalibState":1,"SigAmpInvalid":0}},-1979710460
05-27 18:18:19.052   536   536 D commservice260303: send2Cluster len:314, 7B22636F6D6D616E64223A7B226964223A22696D755F737461747573222C22737562223A22227D2C22636F6E74656E74223A7B2254696D655374616D70223A382C224672616D65436F756E746572223A3230373537302C2247445F58223A2D302E3031303939343930323831313934343438352C2247445F59223A302E30303531393231323338313931343235382C2247445F5A223A302E303032333637313936363034363039343839342C2241445F58223A2D302E3030333233343638343436373331353637342C2241445F59223A342E373138323932303338383837373339452D342C2241445F5A223A2D302E31363730343137373835363434353331322C2254656D70447370223A302C22537461747573223A302C2243616C69625374617465223A312C22536967416D70496E76616C6964223A307D7D, 138 
05-27 18:18:19.052 13911 14183 I SentryImuMcuAngleSender: 179.98248rollDeg
05-27 18:18:19.052   536   536 D commservice260303: Push Message into SendPool fn=157811456
05-27 18:18:19.052 13911 14183 I SentryImuMcuAngleSender: 1,0,0
05-27 18:18:19.052   536   536 D commservice260303: ComProtocolLibSend2Cluster::send2ClusterRaw fn=157811456 , len=330
05-27 18:18:19.052   536   536 D commservice260303: sendCmdToPort :330!!!
05-27 18:18:19.052   536   536 D commservice260303: send Cmd To Port ++++5AA501468A01000368096A16C4EB7B22636F6D6D616E64223A7B226964223A22696D755F737461747573222C22737562223A22227D2C22636F6E74656E74223A7B2254696D655374616D70223A382C224672616D65436F756E746572223A3230373537302C2247445F58223A2D302E3031303939343930323831313934343438352C2247445F59223A302E30303531393231323338313931343235382C2247445F5A223A302E303032333637313936363034363039343839342C2241445F58223A2D302E3030333233343638343436373331353637342C2241445F59223A342E373138323932303338383837373339452D342C2241445F5A223A2D302E31363730343137373835363434353331322C2254656D70447370223A302C22537461747573223A302C2243616C69625374617465223A312C22536967416D70496E76616C6964223A307D7D4935
05-27 18:18:19.052   536   536 D commservice260303: bufferevent_write retrun value = 0
05-27 18:18:19.052   536   560 D commservice260303: client datas send succeed,send finish
05-27 18:18:19.053 13911 14192 D Sentinelmode_1.2.5.17_sentry: <SentryImuClusterFgeSender>imu_status sent to Linux, frame=207570, tsNs=8966301, tsMs=8, intervalMs=40, ad=(-0.0032346845,4.718292E-4,-0.16704178), gd=(-0.010994903,0.005192124,0.0023671966)
05-27 18:18:19.055   581   581 I SpiService: fgesysctrl_getGPIO_status success val=1
05-27 18:18:19.060   581   581 I SpiService: fgesysctrl_getGPIO_status success val=1
05-27 18:18:19.065   299 30844 D EvsDriver: forwardFrame
05-27 18:18:19.066   581   581 I SpiService: fgesysctrl_getGPIO_status success val=1
05-27 18:18:19.066   299 30841 D EvsDriver: forwardFrame
05-27 18:18:19.068   299 30841 D EvsDriver: Delivered 0xb400007b7ca56a60 as id 0
05-27 18:18:19.068  1167  1167 D evsmanagerd: /dev/video4 forwarded the buffer #0 to 0xb4000074bf5f6850 from 0xb4000074bf5f41d0
05-27 18:18:19.069   299 30844 D EvsDriver: Delivered 0xb400007b7ca56900 as id 0
05-27 18:18:19.070  1167  1167 D evsmanagerd: /dev/video6 forwarded the buffer #0 to 0xb4000074bf5f5510 from 0xb4000074bf5f6d90
05-27 18:18:19.071   581   581 I SpiService: fgesysctrl_getGPIO_status success val=1
05-27 18:18:19.073 13911 14183 I SentryImuMcuAngleSender: 179.98247rollDeg
05-27 18:18:19.073 13911 14183 I SentryImuMcuAngleSender: 1,0,0
05-27 18:18:19.073   586   613 D vendor.sprd.hardware.aprd-service: WCN Get CP2Ver failed
05-27 18:18:19.073   586   613 D vendor.sprd.hardware.aprd-service: WCNInfoThread::GetVer
05-27 18:18:19.073   586   613 D vendor.sprd.hardware.aprd-service: WCNcmdReqRsp: waiting for server wcnd
05-27 18:18:19.073  2166  2197 D WCND    : wcnd got 12 from accept
05-27 18:18:19.073  2166  2197 D WCND    : Socket client fd = 5, max fd = 12
05-27 18:18:19.073  2166  2197 D WCND    : process_active_socket_client_fd: active client fd is 12
05-27 18:18:19.073  2166  2197 D WCND    : wcnd_runcommand : argv :  at+spatgetcp2info
05-27 18:18:19.074  2166  2197 E wcn_vendor: open(/sys/class/misc/wcn/devices/sw_ver) for read failed: No such file or directory (2)
05-27 18:18:19.074  2166  2197 D WCND    : Reply Socket : FAIL Unknown
05-27 18:18:19.074  2166  2197 D WCND    : Socket client fd = 5, max fd = 12
05-27 18:18:19.074   586   613 D vendor.sprd.hardware.aprd-service: WCNcmdReqRsp: get 13 bytes FAIL Unknown
05-27 18:18:19.074   586   613 D vendor.sprd.hardware.aprd-service: wcn AT+spatgetcp2info, ret=0, rsp:FAIL Unknown
05-27 18:18:19.074   299  1153 D EvsDriver: doneWithFrame
05-27 18:18:19.074  2166  2197 D WCND    : process_active_socket_client_fd: active client fd is 12
05-27 18:18:19.074  2166  2197 D WCND    : Client socket fd : 12 closed
05-27 18:18:19.074   299  1163 D EvsDriver: doneWithFrame
05-27 18:18:19.074  2166  2197 D WCND    : Socket client fd = 5, max fd = 11
05-27 18:18:19.076  1008 30856 D [OMXB]  : usingANWBuffer: handle:0xee742060, format:1, w:1920, h:1080
05-27 18:18:19.077   581   581 I SpiService: fgesysctrl_getGPIO_status success val=0
05-27 18:18:19.091   581   581 I SpiService: fgesysctrl_getGPIO_status success val=1
05-27 18:18:19.092   536   536 D commservice260303: msg.id = 1028,1
05-27 18:18:19.092   536   536 D commservice260303: i = 170, msgid = 8A000404
05-27 18:18:19.093   536   536 D commservice260303: msgid = -1979710460,did=138
05-27 18:18:19.093   536   536 D commservice260303: CommProtocolLibCmdBaseI2C::dataproc {"command":{"id":"imu_status","sub":""},"content":{"TimeStamp":8,"FrameCounter":207571,"GD_X":-0.010841978713870049,"GD_Y":0.0051151420921087265,"GD_Z":0.0021378109231591225,"AD_X":-0.004443362355232239,"AD_Y":0.001076170476153493,"AD_Z":-0.16582107543945312,"TempDsp":0,"Status":0,"CalibState":1,"SigAmpInvalid":0}},-1979710460
05-27 18:18:19.093   536   536 D commservice260303: send2Cluster len:316, 7B22636F6D6D616E64223A7B226964223A22696D755F737461747573222C22737562223A22227D2C22636F6E74656E74223A7B2254696D655374616D70223A382C224672616D65436F756E746572223A3230373537312C2247445F58223A2D302E3031303834313937383731333837303034392C2247445F59223A302E303035313135313432303932313038373236352C2247445F5A223A302E303032313337383130393233313539313232352C2241445F58223A2D302E3030343434333336323335353233323233392C2241445F59223A302E3030313037363137303437363135333439332C2241445F5A223A2D302E31363538323130373534333934353331322C2254656D70447370223A302C22537461747573223A302C2243616C69625374617465223A312C22536967416D70496E76616C6964223A307D7D, 138 
05-27 18:18:19.093   536   536 D commservice260303: Push Message into SendPool fn=174588672
05-27 18:18:19.093 13911 14183 I SentryImuMcuAngleSender: 179.97897rollDeg
05-27 18:18:19.093   536   536 D commservice260303: ComProtocolLibSend2Cluster::send2ClusterRaw fn=174588672 , len=332
05-27 18:18:19.093 13911 14183 I SentryImuMcuAngleSender: 1,0,0
05-27 18:18:19.093   536   536 D commservice260303: sendCmdToPort :332!!!
05-27 18:18:19.093   536   536 D commservice260303: send Cmd To Port ++++5AA501488A010003680A6A16C4EB7B22636F6D6D616E64223A7B226964223A22696D755F737461747573222C22737562223A22227D2C22636F6E74656E74223A7B2254696D655374616D70223A382C224672616D65436F756E746572223A3230373537312C2247445F58223A2D302E3031303834313937383731333837303034392C2247445F59223A302E303035313135313432303932313038373236352C2247445F5A223A302E303032313337383130393233313539313232352C2241445F58223A2D302E3030343434333336323335353233323233392C2241445F59223A302E3030313037363137303437363135333439332C2241445F5A223A2D302E31363538323130373534333934353331322C2254656D70447370223A302C22537461747573223A302C2243616C69625374617465223A312C22536967416D70496E76616C6964223A307D7D5F29
05-27 18:18:19.093   536   536 D commservice260303: bufferevent_write retrun value = 0
05-27 18:18:19.093   536   560 D commservice260303: client datas send succeed,send finish
05-27 18:18:19.094 13911 14192 D Sentinelmode_1.2.5.17_sentry: <SentryImuClusterFgeSender>imu_status sent to Linux, frame=207571, tsNs=8966337, tsMs=8, intervalMs=41, ad=(-0.0044433624,0.0010761705,-0.16582108), gd=(-0.010841979,0.005115142,0.002137811)
05-27 18:18:19.095   283   307 I rvcservice: t.code = 3, t.value = 0
05-27 18:18:19.095  1008 30857 D [OMXB]  : usingANWBuffer: handle:0xee741da0, format:1, w:1920, h:1080
05-27 18:18:19.096   581   581 I SpiService: fgesysctrl_getGPIO_status success val=1
05-27 18:18:19.102   581   581 I SpiService: fgesysctrl_getGPIO_status success val=1
05-27 18:18:19.102   299 30844 D EvsDriver: forwardFrame
05-27 18:18:19.103   299 30841 D EvsDriver: forwardFrame
05-27 18:18:19.104   299 30841 D EvsDriver: Delivered 0xb400007b7ca56a60 as id 0
05-27 18:18:19.104  1167  1167 D evsmanagerd: /dev/video4 forwarded the buffer #0 to 0xb4000074bf5f6850 from 0xb4000074bf5f41d0
05-27 18:18:19.104   299 30844 D EvsDriver: Delivered 0xb400007b7ca56900 as id 0
05-27 18:18:19.104  1167  1184 D evsmanagerd: /dev/video6 forwarded the buffer #0 to 0xb4000074bf5f5510 from 0xb4000074bf5f6d90
05-27 18:18:19.130   299 30844 D EvsDriver: Delivered 0xb400007b7ca56900 as id 0
05-27 18:18:19.131  1167  1184 D evsmanagerd: /dev/video4 forwarded the buffer #0 to 0xb4000074bf5f6850 from 0xb4000074bf5f41d0
05-27 18:18:19.131  1167  1167 D evsmanagerd: /dev/video6 forwarded the buffer #0 to 0xb4000074bf5f5510 from 0xb4000074bf5f6d90
05-27 18:18:19.131 30773 30773 E dvr_service_: [myNum:0] Received S**** loss
05-27 18:18:19.131 30773 30782 E dvr_service_: [myNum:1] Received S**** loss
05-27 18:18:19.131   299  1163 D EvsDriver: doneWithFrame
05-27 18:18:19.131   299  1153 D EvsDriver: doneWithFrame
05-27 18:18:19.133   536   536 D commservice260303: msg.id = 1028,1
05-27 18:18:19.133   536   536 D commservice260303: i = 170, msgid = 8A000404
05-27 18:18:19.133   536   536 D commservice260303: msgid = -1979710460,did=138
05-27 18:18:19.133   536   536 D commservice260303: CommProtocolLibCmdBaseI2C::dataproc {"command":{"id":"imu_status","sub":""},"content":{"TimeStamp":8,"FrameCounter":207572,"GD_X":-0.010994902811944485,"GD_Y":0.004656890872865915,"GD_Z":0.002519079949706793,"AD_X":-0.0020033419132232666,"AD_Y":0.0022822816390544176,"AD_Z":-0.1694812774658203,"TempDsp":0,"Status":0,"CalibState":1,"SigAmpInvalid":0}},-1979710460
05-27 18:18:19.133   581   581 I SpiService: fgesysctrl_getGPIO_status success val=1
05-27 18:18:19.133   536   536 D commservice260303: send2Cluster len:315, 7B22636F6D6D616E64223A7B226964223A22696D755F737461747573222C22737562223A22227D2C22636F6E74656E74223A7B2254696D655374616D70223A382C224672616D65436F756E746572223A3230373537322C2247445F58223A2D302E3031303939343930323831313934343438352C2247445F59223A302E3030343635363839303837323836353931352C2247445F5A223A302E3030323531393037393934393730363739332C2241445F58223A2D302E303032303033333431393133323233323636362C2241445F59223A302E303032323832323831363339303534343137362C2241445F5A223A2D302E313639343831323737343635383230332C2254656D70447370223A302C22537461747573223A302C2243616C69625374617465223A312C22536967416D70496E76616C6964223A307D7D, 138 
05-27 18:18:19.133   536   536 D commservice260303: Push Message into SendPool fn=191365888
05-27 18:18:19.133   536   536 D commservice260303: ComProtocolLibSend2Cluster::send2ClusterRaw fn=191365888 , len=331
05-27 18:18:19.133   536   536 D commservice260303: sendCmdToPort :331!!!
05-27 18:18:19.133   536   536 D commservice260303: send Cmd To Port ++++5AA501478A010003680B6A16C4EB7B22636F6D6D616E64223A7B226964223A22696D755F737461747573222C22737562223A22227D2C22636F6E74656E74223A7B2254696D655374616D70223A382C224672616D65436F756E746572223A3230373537322C2247445F58223A2D302E3031303939343930323831313934343438352C2247445F59223A302E3030343635363839303837323836353931352C2247445F5A223A302E3030323531393037393934393730363739332C2241445F58223A2D302E303032303033333431393133323233323636362C2241445F59223A302E303032323832323831363339303534343137362C2241445F5A223A2D302E313639343831323737343635383230332C2254656D70447370223A302C22537461747573223A302C2243616C69625374617465223A312C22536967416D70496E76616C6964223A307D7DBF3E
05-27 18:18:19.134   536   536 D commservice260303: bufferevent_write retrun value = 0
05-27 18:18:19.134   536   560 D commservice260303: client datas send succeed,send finish
05-27 18:18:19.134 13911 14183 I SentryImuMcuAngleSender: 179.97197rollDeg
05-27 18:18:19.134 13911 14183 I SentryImuMcuAngleSender: 1,0,0
05-27 18:18:19.134 13911 14192 D Sentinelmode_1.2.5.17_sentry: <SentryImuClusterFgeSender>imu_status sent to Linux, frame=207572, tsNs=8966372, tsMs=8, intervalMs=41, ad=(-0.002003342,0.0022822816,-0.16948128), gd=(-0.010994903,0.004656891,0.00251908)
05-27 08:09:28.098   581   581 D spidev_ioctl: gpio status=1)
05-27 18:18:19.138   581   581 I SpiService: fgesysctrl_getGPIO_status success val=1
05-27 18:18:19.144   581   581 I SpiService: fgesysctrl_getGPIO_status success val=1
05-27 18:18:19.145  1008 30857 D [OMXB]  : usingANWBuffer: handle:0xee742270, format:1, w:1920, h:1080
05-27 18:18:19.147 30773 30789 I dvr_service_: Camera 1: MediaOK:129920308, frames:2970, isKeyFrame:0,pts:8965956536
05-27 18:18:19.149   581   581 I SpiService: fgesysctrl_getGPIO_status success val=1
05-27 18:18:19.154 13911 14183 I SentryImuMcuAngleSender: 179.97197rollDeg
05-27 18:18:19.154 13911 14183 I SentryImuMcuAngleSender: 1,0,0
05-27 18:18:19.155   581   581 I SpiService: fgesysctrl_getGPIO_status success val=1
05-27 18:18:19.160   581   581 I SpiService: fgesysctrl_getGPIO_status success val=0
05-27 18:18:19.164   299 30841 D EvsDriver: forwardFrame
05-27 18:18:19.164   299 30844 D EvsDriver: forwardFrame
05-27 18:18:19.166   299 30841 D EvsDriver: Delivered 0xb400007b7ca56a60 as id 0
05-27 18:18:19.166  1167  1167 D evsmanagerd: /dev/video4 forwarded the buffer #0 to 0xb4000074bf5f6850 from 0xb4000074bf5f41d0
05-27 18:18:19.167   299 30844 D EvsDriver: Delivered 0xb400007b7ca56900 as id 0
05-27 18:18:19.167  1167  1167 D evsmanagerd: /dev/video6 forwarded the buffer #0 to 0xb4000074bf5f5510 from 0xb4000074bf5f6d90
05-27 18:18:19.169   299  1153 D EvsDriver: doneWithFrame
05-27 18:18:19.169   299  1153 D EvsDriver: doneWithFrame
05-27 18:18:19.172  1008 30856 D [OMXB]  : usingANWBuffer: handle:0xee741b90, format:1, w:1920, h:1080
05-27 18:18:19.172   536   536 D commservice260303: msg.id = 1028,0
05-27 18:18:19.172   536   536 D commservice260303: i = 170, msgid = 8A000404
05-27 18:18:19.172   536   536 D commservice260303: msgid = -1979710460,did=138
05-27 18:18:19.172   536   536 D commservice260303: CommProtocolLibCmdBaseI2C::dataproc {"command":{"id":"imu_status","sub":""},"content":{"TimeStamp":8,"FrameCounter":207573,"GD_X":-0.011300750076770782,"GD_Y":0.004505007527768612,"GD_Z":0.0022902146447449923,"AD_X":-0.005045026540756226,"AD_Y":0.0028761974535882473,"AD_Z":-0.16704177856445312,"TempDsp":0,"Status":0,"CalibState":1,"SigAmpInvalid":0}},-1979710460
05-27 18:18:19.172 30773 30789 I dvr_service_: Camera 0: MediaOK:130081153, frames:2980, isKeyFrame:0,pts:8966084589
05-27 18:18:19.172   536   536 D commservice260303: send2Cluster len:316, 7B22636F6D6D616E64223A7B226964223A22696D755F737461747573222C22737562223A22227D2C22636F6E74656E74223A7B2254696D655374616D70223A382C224672616D65436F756E746572223A3230373537332C2247445F58223A2D302E3031313330303735303037363737303738322C2247445F59223A302E3030343530353030373532373736383631322C2247445F5A223A302E303032323930323134363434373434393932332C2241445F58223A2D302E3030353034353032363534303735363232362C2241445F59223A302E303032383736313937343533353838323437332C2241445F5A223A2D302E31363730343137373835363434353331322C2254656D70447370223A302C22537461747573223A302C2243616C69625374617465223A312C22536967416D70496E76616C6964223A307D7D, 138 
05-27 18:18:19.173   536   536 D commservice260303: Push Message into SendPool fn=208143104
05-27 18:18:19.173   536   536 D commservice260303: ComProtocolLibSend2Cluster::send2ClusterRaw fn=208143104 , len=332
05-27 18:18:19.173   536   536 D commservice260303: sendCmdToPort :332!!!
05-27 18:18:19.173   536   536 D commservice260303: send Cmd To Port ++++5AA501488A010003680C6A16C4EB7B22636F6D6D616E64223A7B226964223A22696D755F737461747573222C22737562223A22227D2C22636F6E74656E74223A7B2254696D655374616D70223A382C224672616D65436F756E746572223A3230373537332C2247445F58223A2D302E3031313330303735303037363737303738322C2247445F59223A302E3030343530353030373532373736383631322C2247445F5A223A302E303032323930323134363434373434393932332C2241445F58223A2D302E3030353034353032363534303735363232362C2241445F59223A302E303032383736313937343533353838323437332C2241445F5A223A2D302E31363730343137373835363434353331322C2254656D70447370223A302C22537461747573223A302C2243616C69625374617465223A312C22536967416D70496E76616C6964223A307D7D8DBF
05-27 18:18:19.173   536   536 D commservice260303: bufferevent_write retrun value = 0
05-27 18:18:19.173   536   560 D commservice260303: client datas send succeed,send finish
05-27 18:18:19.173 13911 14192 D Sentinelmode_1.2.5.17_sentry: <SentryImuClusterFgeSender>imu_status sent to Linux, frame=207573, tsNs=8966408, tsMs=8, intervalMs=39, ad=(-0.0050450265,0.0028761975,-0.16704178), gd=(-0.01130075,0.0045050075,0.0022902146)
05-27 18:18:19.173 15863 15863 D AIN-NaviLocationPresenter: ACC is OFF, skip upload location
05-27 18:18:19.174 13911 14183 I SentryImuMcuAngleSender: 179.96846rollDeg
05-27 18:18:19.174 13911 14183 I SentryImuMcuAngleSender: 1,0,0
05-27 18:18:19.176   581   581 I SpiService: fgesysctrl_getGPIO_status success val=1
05-27 18:18:19.182   581   581 I SpiService: fgesysctrl_getGPIO_status success val=1
05-27 18:18:19.187   581   581 I SpiService: fgesysctrl_getGPIO_status success val=1
05-27 18:18:19.192  1008 30857 D [OMXB]  : usingANWBuffer: handle:0xee743b30, format:1, w:1920, h:1080
05-27 18:18:19.193   581   581 I SpiService: fgesysctrl_getGPIO_status success val=1
05-27 18:18:19.195 13911 14183 I SentryImuMcuAngleSender: 179.98598rollDeg
05-27 18:18:19.195 13911 14183 I SentryImuMcuAngleSender: 1,0,0
05-27 18:18:19.195   283   307 I rvcservice: t.code = 3, t.value = 0
05-27 18:18:19.199   581   581 I SpiService: fgesysctrl_getGPIO_status success val=0
05-27 18:18:19.201   299 30841 D EvsDriver: forwardFrame
05-27 18:18:19.201   299 30844 D EvsDriver: forwardFrame
05-27 18:18:19.203  1167  1167 D evsmanagerd: /dev/video4 forwarded the buffer #0 to 0xb4000074bf5f6850 from 0xb4000074bf5f41d0
05-27 18:18:19.204   299 30844 D EvsDriver: Delivered 0xb400007b7ca56900 as id 0
05-27 18:18:19.204  1167  1167 D evsmanagerd: /dev/video6 forwarded the buffer #0 to 0xb4000074bf5f5510 from 0xb4000074bf5f6d90
05-27 18:18:19.203   299 30841 D EvsDriver: Delivered 0xb400007b7ca56a60 as id 0
05-27 18:18:19.207   299  1153 D EvsDriver: doneWithFrame
05-27 18:18:19.210   299  1153 D EvsDriver: doneWithFrame
05-27 18:18:19.211   572   572 I Sensors : 230 GyroSensor: x:-0.010995,y:0.005421,z:0.001908
05-27 18:18:19.211 13911 14131 D SVR_MNG_SvrMngProxy: getServer: mSvrManger is null
05-27 18:18:19.212 13911 14131 D SVR_MNG_SvrMngProxy: getNewStub: 
05-27 18:18:19.212 13911 14131 D SVR_MNG_SvrMngProxy: getNewStub: getSvrManagerService start
05-27 18:18:19.213 13911 14131 D SVR_MNG_SvrMngProxy: getNewStub: getSvrManagerService end
05-27 18:18:19.213 13911 14131 D SVR_MNG_SvrMngProxy: getServer: svrMngService doesn't start
05-27 18:18:19.213   581   581 I SpiService: fgesysctrl_getGPIO_status success val=1
05-27 18:18:19.214   536   536 D commservice260303: msg.id = 1028,0
05-27 18:18:19.214   536   536 D commservice260303: i = 170, msgid = 8A000404
05-27 18:18:19.214   536   536 D commservice260303: msgid = -1979710460,did=138
05-27 18:18:19.214   536   536 D commservice260303: CommProtocolLibCmdBaseI2C::dataproc {"command":{"id":"imu_status","sub":""},"content":{"TimeStamp":8,"FrameCounter":207574,"GD_X":-0.010994902811944485,"GD_Y":0.005420989356935024,"GD_Z":0.0019079053308814764,"AD_X":-7.801353931427002E-4,"AD_Y":-0.001394927967339754,"AD_Z":-0.1688709259033203,"TempDsp":0,"Status":0,"CalibState":1,"SigAmpInvalid":0}},-1979710460
05-27 18:18:19.214   536   536 D commservice260303: send2Cluster len:315, 7B22636F6D6D616E64223A7B226964223A22696D755F737461747573222C22737562223A22227D2C22636F6E74656E74223A7B2254696D655374616D70223A382C224672616D65436F756E746572223A3230373537342C2247445F58223A2D302E3031303939343930323831313934343438352C2247445F59223A302E3030353432303938393335363933353032342C2247445F5A223A302E303031393037393035333330383831343736342C2241445F58223A2D372E383031333533393331343237303032452D342C2241445F59223A2D302E3030313339343932373936373333393735342C2241445F5A223A2D302E313638383730393235393033333230332C2254656D70447370223A302C22537461747573223A302C2243616C69625374617465223A312C22536967416D70496E76616C6964223A307D7D, 138 
05-27 18:18:19.214   536   536 D commservice260303: Push Message into SendPool fn=224920320
05-27 18:18:19.214   536   536 D commservice260303: ComProtocolLibSend2Cluster::send2ClusterRaw fn=224920320 , len=331
05-27 18:18:19.214   536   536 D commservice260303: sendCmdToPort :331!!!
05-27 18:18:19.214   536   536 D commservice260303: send Cmd To Port ++++5AA501478A010003680D6A16C4EB7B22636F6D6D616E64223A7B226964223A22696D755F737461747573222C22737562223A22227D2C22636F6E74656E74223A7B2254696D655374616D70223A382C224672616D65436F756E746572223A3230373537342C2247445F58223A2D302E3031303939343930323831313934343438352C2247445F59223A302E3030353432303938393335363933353032342C2247445F5A223A302E303031393037393035333330383831343736342C2241445F58223A2D372E383031333533393331343237303032452D342C2241445F59223A2D302E3030313339343932373936373333393735342C2241445F5A223A2D302E313638383730393235393033333230332C2254656D70447370223A302C22537461747573223A302C2243616C69625374617465223A312C22536967416D70496E76616C6964223A307D7D2785
05-27 18:18:19.214   536   536 D commservice260303: bufferevent_write retrun value = 0
05-27 18:18:19.215   536   560 D commservice260303: client datas send succeed,send finish
05-27 18:18:19.215 13911 14192 D Sentinelmode_1.2.5.17_sentry: <SentryImuClusterFgeSender>imu_status sent to Linux, frame=207574, tsNs=8966461, tsMs=8, intervalMs=42, ad=(-7.801354E-4,-0.001394928,-0.16887093), gd=(-0.010994903,0.0054209894,0.0019079053)
05-27 18:18:19.216 13911 14183 I SentryImuMcuAngleSender: 179.993rollDeg
05-27 18:18:19.216 13911 14183 I SentryImuMcuAngleSender: 1,0,0
05-27 18:18:19.216 15863 16069 D AIN-HttpHealthPolicy: call() called start, host=www.jd.com
05-27 18:18:19.218 10046 31946 D resolv  : GetAddrInfoHandler::run: {103 786535 103 983143 1000 0}
05-27 18:18:19.218 10046 31946 D resolv  : resolv_getaddrinfo: explore_fqdn(): ai_family=0 ai_socktype=1 ai_protocol=6
05-27 18:18:19.219 10046 31947 D resolv  : doQuery: (1, 1)
05-27 18:18:19.219 10046 31947 D resolv  : res_nmkquery: (QUERY, IN, A)
05-27 18:18:19.219 10046 31947 D resolv  : res_nsend
05-27 18:18:19.219 10046 31947 I resolv  : resolv_cache_lookup: lookup
05-27 18:18:19.219   581   581 I SpiService: fgesysctrl_getGPIO_status success val=1
05-27 18:18:19.219 10046 31947 I resolv  : resolv_cache_lookup: NOT IN CACHE (STALE ENTRY 0xb4000072a5468850DISCARDED)
05-27 18:18:19.219 10046 31947 I resolv  : _cache_remove_p: entry 606 removed (count=33)
05-27 18:18:19.220 10046 31947 I resolv  : resolv_populate_res_for_net: netid=103
05-27 18:18:19.220 10046 31947 I resolv  : res_stats_usable_server: NS stats: S 64 + E 0 + T 0 + I 0 = 64, rtt = 29, min_samples = 8
05-27 18:18:19.220 10046 31947 I resolv  : res_stats_usable_server: success rate 100
05-27 18:18:19.220 10046 31947 D resolv  : res_nsend: Querying server (# 1) address = 10.254.254.254:53
05-27 18:18:19.220 10046 31947 D resolv  : send_dg: new DG socket
05-27 18:18:19.220 10046 31947 I resolv  : get_timeout: using timeout of 5000 msec
05-27 18:18:19.220 10046 31947 I resolv  : retrying_poll: 48 retrying_poll
05-27 18:18:19.221  1008 30856 D [OMXB]  : usingANWBuffer: handle:0xee743ea0, format:1, w:1920, h:1080
05-27 18:18:19.225   581   581 I SpiService: fgesysctrl_getGPIO_status success val=1
05-27 18:18:19.231   581   581 I SpiService: fgesysctrl_getGPIO_status success val=1
05-27 18:18:19.234   299 30841 D EvsDriver: forwardFrame
05-27 18:18:19.235   299 30844 D EvsDriver: forwardFrame
05-27 18:18:19.235   299 30841 D EvsDriver: Delivered 0xb400007b7ca56a60 as id 0
05-27 18:18:19.236 13911 14183 I SentryImuMcuAngleSender: 179.98248rollDeg
05-27 18:18:19.236 13911 14183 I SentryImuMcuAngleSender: 1,0,0
05-27 18:18:19.236  1167  1167 D evsmanagerd: /dev/video4 forwarded the buffer #0 to 0xb4000074bf5f6850 from 0xb4000074bf5f41d0
05-27 18:18:19.237   581   581 I SpiService: fgesysctrl_getGPIO_status success val=1
05-27 18:18:19.238  1167  1184 D evsmanagerd: /dev/video6 forwarded the buffer #0 to 0xb4000074bf5f5510 from 0xb4000074bf5f6d90
05-27 18:18:19.238   299  1153 D EvsDriver: doneWithFrame
05-27 18:18:19.238   299 30844 D EvsDriver: Delivered 0xb400007b7ca56900 as id 0
05-27 18:18:19.240   299  1153 D EvsDriver: doneWithFrame
05-27 18:18:19.242  1008 30857 D [OMXB]  : usingANWBuffer: handle:0xee7412a0, format:1, w:1920, h:1080
05-27 08:09:28.207   581   581 D spi_rst_gpio_get_output: GPIO 145 value: 0
05-27 08:09:28.207   581   581 D spidev_ioctl: gpio status=0)
05-27 18:18:19.242   581   581 I SpiService: fgesysctrl_getGPIO_status success val=0
05-27 18:18:19.250 10046 31947 I resolv  : retrying_poll: 48 retrying_poll returning 1
05-27 18:18:19.250 10046 31947 I resolv  : res_nsend: used send_dg 510 terrno: 0
05-27 18:18:19.251 10046 31947 I resolv  : res_stats_set_sample: rcode = 0, sec = 30
05-27 18:18:19.251 10046 31947 I resolv  : res_cache_add_stats_sample_locked: adding sample to stats, next = 55, count = 64
05-27 18:18:19.251 10046 31947 D resolv  : res_nsend: got answer:
05-27 18:18:19.251 10046 31947 I resolv  : answer_getTTL: TTL = 17
05-27 18:18:19.251 10046 31947 I resolv  : _cache_add_p: entry 616 added (count=34)
05-27 18:18:19.251 10046 31947 I resolv  : cache_dump_mru_locked: MRU LIST (34):  616 605 615 604 591 590 614 589 566 613 612 602 586 585 611 610 609 608 593 560 576 607 582 561 471 509 504 510 508 507 372 3 2 1
05-27 18:18:19.251 10046 31947 D resolv  : doQuery: rcode=0, ancount=4
05-27 18:18:19.252 31906 31938 D ANWAPI_SECOND: (31906|0x231FBCB0)[BTAPI] set_bluetooth_power : open /sys/class/gpio/gpio142/value
05-27 18:18:19.253 31906 31938 D ANWAPI_SECOND: (31906|0x231FBCB0)[BTAPI] set_bluetooth_power : open(/sys/class/gpio/gpio142/value) for write failed,fd=-1
05-27 18:18:19.253 31906 31938 D ANWAPI_SECOND: (31906|0x231FBCB0)[BTAPI] open set_bluetooth_power : write(No such file or directory) failed,errno = 2
05-27 18:18:19.254   536   536 D commservice260303: msg.id = 1028,1
05-27 18:18:19.254   536   536 D commservice260303: i = 170, msgid = 8A000404
05-27 18:18:19.254   536   536 D commservice260303: msgid = -1979710460,did=138
05-27 18:18:19.254   536   536 D commservice260303: CommProtocolLibCmdBaseI2C::dataproc {"command":{"id":"imu_status","sub":""},"content":{"TimeStamp":8,"FrameCounter":207575,"GD_X":-0.01160607673227787,"GD_Y":0.004428025335073471,"GD_Z":0.0020608289632946253,"AD_X":-1.8519163131713867E-4,"AD_Y":-1.7615873366594315E-4,"AD_Z":-0.1694812774658203,"TempDsp":0,"Status":0,"CalibState":1,"SigAmpInvalid":0}},-1979710460
05-27 18:18:19.254   536   536 D commservice260303: send2Cluster len:316, 7B22636F6D6D616E64223A7B226964223A22696D755F737461747573222C22737562223A22227D2C22636F6E74656E74223A7B2254696D655374616D70223A382C224672616D65436F756E746572223A3230373537352C2247445F58223A2D302E30313136303630373637333232373738372C2247445F59223A302E3030343432383032353333353037333437312C2247445F5A223A302E303032303630383238393633323934363235332C2241445F58223A2D312E38353139313633313331373133383637452D342C2241445F59223A2D312E37363135383733333636353934333135452D342C2241445F5A223A2D302E313639343831323737343635383230332C2254656D70447370223A302C22537461747573223A302C2243616C69625374617465223A312C22536967416D70496E76616C6964223A307D7D, 138 
05-27 18:18:19.254   536   536 D commservice260303: Push Message into SendPool fn=241697536
05-27 18:18:19.254   536   536 D commservice260303: ComProtocolLibSend2Cluster::send2ClusterRaw fn=241697536 , len=332
05-27 18:18:19.254   536   536 D commservice260303: sendCmdToPort :332!!!
05-27 18:18:19.254 15863 16069 D TrafficStats: tagSocket(244) with statsTag=0xffffffff, statsUid=-1
05-27 18:18:19.254   536   536 D commservice260303: send Cmd To Port ++++5AA501488A010003680E6A16C4EB7B22636F6D6D616E64223A7B226964223A22696D755F737461747573222C22737562223A22227D2C22636F6E74656E74223A7B2254696D655374616D70223A382C224672616D65436F756E746572223A3230373537352C2247445F58223A2D302E30313136303630373637333232373738372C2247445F59223A302E3030343432383032353333353037333437312C2247445F5A223A302E303032303630383238393633323934363235332C2241445F58223A2D312E38353139313633313331373133383637452D342C2241445F59223A2D312E37363135383733333636353934333135452D342C2241445F5A223A2D302E313639343831323737343635383230332C2254656D70447370223A302C22537461747573223A302C2243616C69625374617465223A312C22536967416D70496E76616C6964223A307D7D4011
05-27 18:18:19.255   536   536 D commservice260303: bufferevent_write retrun value = 0
05-27 18:18:19.255 11472 26284 D NetworkMonitor/103: isDataStall: result=-1, tcp packets received=66, latest tcp fail rate=-1
05-27 18:18:19.256   536   560 D commservice260303: client datas send succeed,send finish
05-27 18:18:19.256 13911 14192 D Sentinelmode_1.2.5.17_sentry: <SentryImuClusterFgeSender>imu_status sent to Linux, frame=207575, tsNs=8966497, tsMs=8, intervalMs=41, ad=(-1.8519163E-4,-1.7615873E-4,-0.16948128), gd=(-0.011606077,0.0044280253,0.002060829)
05-27 18:18:19.257 13911 14183 I SentryImuMcuAngleSender: 179.986rollDeg
05-27 18:18:19.257 13911 14183 I SentryImuMcuAngleSender: 1,0,0
05-27 18:18:19.258   581   581 I SpiService: fgesysctrl_getGPIO_status success val=1
05-27 18:18:19.261 30773 30786 I dvr_service_: CameraX 1  audioOK: 130138118,audios:1930
05-27 18:18:19.263   581   581 I SpiService: fgesysctrl_getGPIO_status success val=1
05-27 18:18:19.264   299 30844 D EvsDriver: forwardFrame
05-27 18:18:19.266  1167  1184 D evsmanagerd: /dev/video6 forwarded the buffer #0 to 0xb4000074bf5f5510 from 0xb4000074bf5f6d90
05-27 18:18:19.266   299 30844 D EvsDriver: Delivered 0xb400007b7ca56900 as id 0
05-27 18:18:19.269   581   581 I SpiService: fgesysctrl_getGPIO_status success val=1
05-27 18:18:19.268   299  1153 D EvsDriver: doneWithFrame
05-27 18:18:19.271   299 30841 D EvsDriver: forwardFrame
05-27 18:18:19.272   299 30841 D EvsDriver: Delivered 0xb400007b7ca56a60 as id 0
05-27 18:18:19.272  1167  1184 D evsmanagerd: /dev/video4 forwarded the buffer #0 to 0xb4000074bf5f6850 from 0xb4000074bf5f41d0
05-27 18:18:19.274   581   581 I SpiService: fgesysctrl_getGPIO_status success val=1
05-27 08:09:28.239   581   581 D spi_rst_gpio_get_output: GPIO 145 value: 1
05-27 08:09:28.239   581   581 D spidev_ioctl: gpio status=1)
05-27 18:18:19.277 13911 14183 I SentryImuMcuAngleSender: 179.993rollDeg
05-27 18:18:19.277   299  1153 D EvsDriver: doneWithFrame
05-27 18:18:19.278 13911 14183 I SentryImuMcuAngleSender: 1,0,0
05-27 18:18:19.280   581   581 I SpiService: fgesysctrl_getGPIO_status success val=1
05-27 18:18:19.285   581   581 I SpiService: fgesysctrl_getGPIO_status success val=0
05-27 18:18:19.291  1008 30856 D [OMXB]  : usingANWBuffer: handle:0xee743190, format:1, w:1920, h:1080
05-27 18:18:19.294   536   536 D commservice260303: msg.id = 1028,0
05-27 18:18:19.295   536   536 D commservice260303: i = 170, msgid = 8A000404
05-27 18:18:19.295   536   536 D commservice260303: msgid = -1979710460,did=138
05-27 18:18:19.295   536   536 D commservice260303: CommProtocolLibCmdBaseI2C::dataproc {"command":{"id":"imu_status","sub":""},"content":{"TimeStamp":8,"FrameCounter":207576,"GD_X":-0.011453153565526009,"GD_Y":0.005039200186729431,"GD_Z":0.0026720035821199417,"AD_X":0.001012161374092102,"AD_Y":-0.0032112118788063526,"AD_Z":-0.1713113784790039,"TempDsp":0,"Status":0,"CalibState":1,"SigAmpInvalid":0}},-1979710460
05-27 18:18:19.295   536   536 D commservice260303: send2Cluster len:315, 7B22636F6D6D616E64223A7B226964223A22696D755F737461747573222C22737562223A22227D2C22636F6E74656E74223A7B2254696D655374616D70223A382C224672616D65436F756E746572223A3230373537362C2247445F58223A2D302E3031313435333135333536353532363030392C2247445F59223A302E3030353033393230303138363732393433312C2247445F5A223A302E303032363732303033353832313139393431372C2241445F58223A302E3030313031323136313337343039323130322C2241445F59223A2D302E303033323131323131383738383036333532362C2241445F5A223A2D302E313731333131333738343739303033392C2254656D70447370223A302C22537461747573223A302C2243616C69625374617465223A312C22536967416D70496E76616C6964223A307D7D, 138 
05-27 18:18:19.295   536   536 D commservice260303: Push Message into SendPool fn=258474752
05-27 18:18:19.295   536   536 D commservice260303: ComProtocolLibSend2Cluster::send2ClusterRaw fn=258474752 , len=331
05-27 18:18:19.295   283   307 I rvcservice: t.code = 1, t.value = -168360
05-27 18:18:19.295   536   536 D commservice260303: sendCmdToPort :331!!!
05-27 18:18:19.295   536   536 D commservice260303: send Cmd To Port ++++5AA501478A010003680F6A16C4EB7B22636F6D6D616E64223A7B226964223A22696D755F737461747573222C22737562223A22227D2C22636F6E74656E74223A7B2254696D655374616D70223A382C224672616D65436F756E746572223A3230373537362C2247445F58223A2D302E3031313435333135333536353532363030392C2247445F59223A302E3030353033393230303138363732393433312C2247445F5A223A302E303032363732303033353832313139393431372C2241445F58223A302E3030313031323136313337343039323130322C2241445F59223A2D302E303033323131323131383738383036333532362C2241445F5A223A2D302E313731333131333738343739303033392C2254656D70447370223A302C22537461747573223A302C2243616C69625374617465223A312C22536967416D70496E76616C6964223A307D7D5A8F
05-27 18:18:19.295   536   536 D commservice260303: bufferevent_write retrun value = 0
05-27 18:18:19.295   536   560 D commservice260303: client datas send succeed,send finish
05-27 18:18:19.295 13911 14192 D Sentinelmode_1.2.5.17_sentry: <SentryImuClusterFgeSender>imu_status sent to Linux, frame=207576, tsNs=8966533, tsMs=8, intervalMs=39, ad=(0.0010121614,-0.0032112119,-0.17131138), gd=(-0.011453154,0.0050392,0.0026720036)
05-27 18:18:19.299 13911 14183 I SentryImuMcuAngleSender: -179.99649rollDeg
05-27 18:18:19.299 13911 14183 I SentryImuMcuAngleSender: 1,0,0
05-27 18:18:19.299   581   581 I SpiService: fgesysctrl_getGPIO_status success val=1
05-27 18:18:19.300   299 30841 D EvsDriver: forwardFrame
05-27 08:09:28.264   581   581 D spi_rst_gpio_get_output: GPIO 145 value: 1
05-27 08:09:28.264   581   581 D spidev_ioctl: gpio status=1)
05-27 18:18:19.302   299 30841 D EvsDriver: Delivered 0xb400007b7ca56a60 as id 0
05-27 18:18:19.302  1167  1184 D evsmanagerd: /dev/video4 forwarded the buffer #0 to 0xb4000074bf5f6850 from 0xb4000074bf5f41d0
05-27 18:18:19.303 30773 30782 I dvr_service_: [myNum:0][onFrameReceived] Received Surface:1 0
05-27 18:18:19.303 30773 30782 E dvr_service_: [myNum:0] Received S**** loss
05-27 18:18:19.303   299 30844 D EvsDriver: forwardFrame
05-27 18:18:19.304   299  1153 D EvsDriver: doneWithFrame
05-27 18:18:19.305   581   581 I SpiService: fgesysctrl_getGPIO_status success val=1
05-27 18:18:19.305   299 30844 D EvsDriver: Delivered 0xb400007b7ca56900 as id 0
05-27 18:18:19.305  1167  1184 D evsmanagerd: /dev/video6 forwarded the buffer #0 to 0xb4000074bf5f5510 from 0xb4000074bf5f6d90
05-27 18:18:19.305 30773 30782 I dvr_service_: [myNum:1][onFrameReceived] Received Surface:1 0
05-27 18:18:19.305 30773 30782 E dvr_service_: [myNum:1] Received S**** loss
05-27 18:18:19.306   299  1153 D EvsDriver: doneWithFrame
05-27 08:09:28.270   581   581 D spi_rst_gpio_get_output: GPIO 145 value: 1
05-27 08:09:28.270   581   581 D spidev_ioctl: gpio status=1)
05-27 18:18:19.310   581   581 I SpiService: fgesysctrl_getGPIO_status success val=1
05-27 18:18:19.312  1008 30857 D [OMXB]  : usingANWBuffer: handle:0xee743870, format:1, w:1920, h:1080
05-27 18:18:19.316   581   581 I SpiService: fgesysctrl_getGPIO_status success val=1
05-27 18:18:19.317   572   622 I Sensors : 230 AccelSensor: x:-0.165920,y:0.002440,z:-9.975940
05-27 18:18:19.320 13911 14183 I SentryImuMcuAngleSender: 179.986rollDeg
05-27 18:18:19.320 13911 14183 I SentryImuMcuAngleSender: 1,0,0
05-27 18:18:19.321   581   581 I SpiService: fgesysctrl_getGPIO_status success val=1
05-27 08:09:28.286   581   581 D spidev_ioctl: gpio status=1)
05-27 18:18:19.327   581   581 I SpiService: fgesysctrl_getGPIO_status success val=0
05-27 18:18:19.333 30773 30788 I dvr_service_: [runShortMediaThread:298] cameraId:1 medias:300,audios:220,stateAudio:0,mShortState:0,warnEvent:0,state:1
05-27 18:18:19.334  1008 30856 D [OMXB]  : usingANWBuffer: handle:0xee740220, format:1, w:1920, h:1080
05-27 18:18:19.335   536   536 D commservice260303: msg.id = 1028,0
05-27 18:18:19.335   536   536 D commservice260303: i = 170, msgid = 8A000404
05-27 18:18:19.335   536   536 D commservice260303: msgid = -1979710460,did=138
05-27 18:18:19.335   536   536 D commservice260303: CommProtocolLibCmdBaseI2C::dataproc {"command":{"id":"imu_status","sub":""},"content":{"TimeStamp":8,"FrameCounter":207577,"GD_X":-0.011834942735731602,"GD_Y":0.004276141989976168,"GD_Z":0.002443138277158141,"AD_X":3.770887851715088E-4,"AD_Y":-1.521008089184761E-4,"AD_Z":-0.17069625854492188,"TempDsp":0,"Status":0,"CalibState":1,"SigAmpInvalid":0}},-1979710460
05-27 18:18:19.336   536   536 D commservice260303: send2Cluster len:314, 7B22636F6D6D616E64223A7B226964223A22696D755F737461747573222C22737562223A22227D2C22636F6E74656E74223A7B2254696D655374616D70223A382C224672616D65436F756E746572223A3230373537372C2247445F58223A2D302E3031313833343934323733353733313630322C2247445F59223A302E3030343237363134313938393937363136382C2247445F5A223A302E3030323434333133383237373135383134312C2241445F58223A332E373730383837383531373135303838452D342C2241445F59223A2D312E353231303038303839313834373631452D342C2241445F5A223A2D302E31373036393632353835343439323138382C2254656D70447370223A302C22537461747573223A302C2243616C69625374617465223A312C22536967416D70496E76616C6964223A307D7D, 138 
05-27 18:18:19.336   536   536 D commservice260303: Push Message into SendPool fn=275251968
05-27 18:18:19.336   536   536 D commservice260303: ComProtocolLibSend2Cluster::send2ClusterRaw fn=275251968 , len=330
05-27 18:18:19.336   536   536 D commservice260303: sendCmdToPort :330!!!
05-27 18:18:19.336   536   536 D commservice260303: send Cmd To Port ++++5AA501468A01000368106A16C4EB7B22636F6D6D616E64223A7B226964223A22696D755F737461747573222C22737562223A22227D2C22636F6E74656E74223A7B2254696D655374616D70223A382C224672616D65436F756E746572223A3230373537372C2247445F58223A2D302E3031313833343934323733353733313630322C2247445F59223A302E3030343237363134313938393937363136382C2247445F5A223A302E3030323434333133383237373135383134312C2241445F58223A332E373730383837383531373135303838452D342C2241445F59223A2D312E353231303038303839313834373631452D342C2241445F5A223A2D302E31373036393632353835343439323138382C2254656D70447370223A302C22537461747573223A302C2243616C69625374617465223A312C22536967416D70496E76616C6964223A307D7D9C4F
05-27 18:18:19.336   536   536 D commservice260303: bufferevent_write retrun value = 0
05-27 18:18:19.337   536   560 D commservice260303: client datas send succeed,send finish
05-27 18:18:19.338   299 30841 D EvsDriver: forwardFrame
05-27 18:18:19.339 13911 14183 I SentryImuMcuAngleSender: 179.97548rollDeg
05-27 18:18:19.340 13911 14183 I SentryImuMcuAngleSender: 1,0,0
05-27 18:18:19.341   299 30841 D EvsDriver: Delivered 0xb400007b7ca56a60 as id 0
05-27 18:18:19.341  1167  1184 D evsmanagerd: /dev/video4 forwarded the buffer #0 to 0xb4000074bf5f6850 from 0xb4000074bf5f41d0
05-27 18:18:19.342 13911 14192 D Sentinelmode_1.2.5.17_sentry: <SentryImuClusterFgeSender>imu_status sent to Linux, frame=207577, tsNs=8966568, tsMs=8, intervalMs=46, ad=(3.7708879E-4,-1.5210081E-4,-0.17069626), gd=(-0.011834943,0.004276142,0.0024431383)
05-27 18:18:19.342   581   581 I SpiService: fgesysctrl_getGPIO_status success val=1
05-27 18:18:19.345   299  1153 D EvsDriver: doneWithFrame
05-27 18:18:19.346   299 30844 D EvsDriver: forwardFrame
05-27 18:18:19.348   581   581 I SpiService: fgesysctrl_getGPIO_status success val=1
05-27 18:18:19.350   299 30844 D EvsDriver: Delivered 0xb400007b7ca56900 as id 0
05-27 18:18:19.350  1167  1184 D evsmanagerd: /dev/video6 forwarded the buffer #0 to 0xb4000074bf5f5510 from 0xb4000074bf5f6d90
05-27 18:18:19.353   299  1153 D EvsDriver: doneWithFrame
05-27 18:18:19.354   581   581 I SpiService: fgesysctrl_getGPIO_status success val=1
05-27 18:18:19.355  1008 30857 D [OMXB]  : usingANWBuffer: handle:0xee746ec0, format:1, w:1920, h:1080
05-27 08:09:28.318   581   581 D spi_rst_gpio_get_output: GPIO 145 value: 1
05-27 18:18:19.357   269   269 D libvintf: HalManifest::getHidlTransport(framework): Cannot find android.hardware.usb@1.0::IUsb/default
05-27 18:18:19.358   269   269 D libvintf: HalManifest::getHidlTransport(device): Cannot find android.hardware.usb@1.0::IUsb/default
05-27 18:18:19.358   269   269 I hwservicemanager: getTransport: Cannot find entry android.hardware.usb@1.0::IUsb/default in either framework or device VINTF manifest.
05-27 18:18:19.360   581   581 I SpiService: fgesysctrl_getGPIO_status success val=1
05-27 18:18:19.362 13911 14183 I SentryImuMcuAngleSender: 179.97548rollDeg
05-27 18:18:19.363 13911 14183 I SentryImuMcuAngleSender: 1,0,0
05-27 18:18:19.364 12348 12448 E ExtUsbManager: UsbHalController: android.hardware.usb.V1_0.IUsb getService failed!
05-27 18:18:19.364 12348 12448 E ExtUsbManager: java.util.NoSuchElementException
05-27 18:18:19.364 12348 12448 E ExtUsbManager: 	at android.os.HwBinder.getService(Native Method)
05-27 18:18:19.364 12348 12448 E ExtUsbManager: 	at android.os.HwBinder.getService(HwBinder.java:81)
05-27 18:18:19.364 12348 12448 E ExtUsbManager: 	at android.hardware.usb.V1_0.IUsb.getService(IUsb.java:74)
05-27 18:18:19.364 12348 12448 E ExtUsbManager: 	at android.hardware.usb.V1_0.IUsb.getService(IUsb.java:84)
05-27 18:18:19.364 12348 12448 E ExtUsbManager: 	at ts.car.usb.UsbHalController.createService(UsbHalController.java:37)
05-27 18:18:19.364 12348 12448 E ExtUsbManager: 	at ts.car.usb.UsbHalController.createService(UsbHalController.java:18)
05-27 18:18:19.364 12348 12448 E ExtUsbManager: 	at ts.car.usb.utils.AutoServiceConnector4Hidl.autoConnect(AutoServiceConnector4Hidl.java:47)
05-27 18:18:19.364 12348 12448 E ExtUsbManager: 	at ts.car.usb.utils.AutoServiceConnector4Hidl$$ExternalSyntheticLambda0.run(Unknown Source:2)
05-27 18:18:19.364 12348 12448 E ExtUsbManager: 	at android.os.Handler.handleCallback(Handler.java:942)
05-27 18:18:19.364 12348 12448 E ExtUsbManager: 	at android.os.Handler.dispatchMessage(Handler.java:99)
05-27 18:18:19.364 12348 12448 E ExtUsbManager: 	at android.os.Looper.loopOnce(Looper.java:201)
05-27 18:18:19.364 12348 12448 E ExtUsbManager: 	at android.os.Looper.loop(Looper.java:288)
05-27 18:18:19.364 12348 12448 E ExtUsbManager: 	at android.os.HandlerThread.run(HandlerThread.java:67)
05-27 18:18:19.366   581   581 I SpiService: fgesysctrl_getGPIO_status success val=0
05-27 18:18:19.366   269   269 D libvintf: HalManifest::getHidlTransport(framework): Cannot find vendor.ts.usbext@1.0::IUsbext/default
05-27 18:18:19.366   269   269 D libvintf: HalManifest::getHidlTransport(device): Cannot find vendor.ts.usbext@1.0::IUsbext/default
05-27 18:18:19.366   269   269 I hwservicemanager: getTransport: Cannot find entry vendor.ts.usbext@1.0::IUsbext/default in either framework or device VINTF manifest.
05-27 18:18:19.367 12348 12448 E ExtUsbManager: UsbHalExtController: vendor.ts.usbext.V1_0.IUsbext getService failed!
05-27 18:18:19.367 12348 12448 E ExtUsbManager: java.util.NoSuchElementException
05-27 18:18:19.367 12348 12448 E ExtUsbManager: 	at android.os.HwBinder.getService(Native Method)
05-27 18:18:19.367 12348 12448 E ExtUsbManager: 	at android.os.HwBinder.getService(HwBinder.java:81)
05-27 18:18:19.367 12348 12448 E ExtUsbManager: 	at vendor.ts.usbext.V1_0.IUsbext.getService(IUsbext.java:74)
05-27 18:18:19.367 12348 12448 E ExtUsbManager: 	at vendor.ts.usbext.V1_0.IUsbext.getService(IUsbext.java:84)
05-27 18:18:19.367 12348 12448 E ExtUsbManager: 	at ts.car.usb.UsbHalExtController.createService(UsbHalExtController.java:37)
05-27 18:18:19.367 12348 12448 E ExtUsbManager: 	at ts.car.usb.UsbHalExtController.createService(UsbHalExtController.java:18)
05-27 18:18:19.367 12348 12448 E ExtUsbManager: 	at ts.car.usb.utils.AutoServiceConnector4Hidl.autoConnect(AutoServiceConnector4Hidl.java:47)
05-27 18:18:19.367 12348 12448 E ExtUsbManager: 	at ts.car.usb.utils.AutoServiceConnector4Hidl$$ExternalSyntheticLambda0.run(Unknown Source:2)
05-27 18:18:19.367 12348 12448 E ExtUsbManager: 	at android.os.Handler.handleCallback(Handler.java:942)
05-27 18:18:19.367 12348 12448 E ExtUsbManager: 	at android.os.Handler.dispatchMessage(Handler.java:99)
05-27 18:18:19.367 12348 12448 E ExtUsbManager: 	at android.os.Looper.loopOnce(Looper.java:201)
05-27 18:18:19.367 12348 12448 E ExtUsbManager: 	at android.os.Looper.loop(Looper.java:288)
05-27 18:18:19.367 12348 12448 E ExtUsbManager: 	at android.os.HandlerThread.run(HandlerThread.java:67)
05-27 18:18:19.368   269   269 D libvintf: HalManifest::getHidlTransport(framework): Cannot find android.hardware.usb.gadget@1.0::IUsbGadget/default
05-27 18:18:19.368   269   269 D libvintf: HalManifest::getHidlTransport(device): Cannot find android.hardware.usb.gadget@1.0::IUsbGadget/default
05-27 18:18:19.368   269   269 I hwservicemanager: getTransport: Cannot find entry android.hardware.usb.gadget@1.0::IUsbGadget/default in either framework or device VINTF manifest.
05-27 18:18:19.369 12348 12448 E ExtUsbManager: UsbGadgetController: android.hardware.usb.gadget.V1_0.IUsbGadget getService failed!
05-27 18:18:19.369 12348 12448 E ExtUsbManager: java.util.NoSuchElementException
05-27 18:18:19.369 12348 12448 E ExtUsbManager: 	at android.os.HwBinder.getService(Native Method)
05-27 18:18:19.369 12348 12448 E ExtUsbManager: 	at android.os.HwBinder.getService(HwBinder.java:81)
05-27 18:18:19.369 12348 12448 E ExtUsbManager: 	at android.hardware.usb.gadget.V1_0.IUsbGadget.getService(IUsbGadget.java:74)
05-27 18:18:19.369 12348 12448 E ExtUsbManager: 	at android.hardware.usb.gadget.V1_0.IUsbGadget.getService(IUsbGadget.java:84)
05-27 18:18:19.369 12348 12448 E ExtUsbManager: 	at ts.car.usb.UsbGadgetController.createService(UsbGadgetController.java:36)
05-27 18:18:19.369 12348 12448 E ExtUsbManager: 	at ts.car.usb.UsbGadgetController.createService(UsbGadgetController.java:17)
05-27 18:18:19.369 12348 12448 E ExtUsbManager: 	at ts.car.usb.utils.AutoServiceConnector4Hidl.autoConnect(AutoServiceConnector4Hidl.java:47)
05-27 18:18:19.369 12348 12448 E ExtUsbManager: 	at ts.car.usb.utils.AutoServiceConnector4Hidl$$ExternalSyntheticLambda0.run(Unknown Source:2)
05-27 18:18:19.369 12348 12448 E ExtUsbManager: 	at android.os.Handler.handleCallback(Handler.java:942)
05-27 18:18:19.369 12348 12448 E ExtUsbManager: 	at android.os.Handler.dispatchMessage(Handler.java:99)
05-27 18:18:19.369 12348 12448 E ExtUsbManager: 	at android.os.Looper.loopOnce(Looper.java:201)
05-27 18:18:19.369 12348 12448 E ExtUsbManager: 	at android.os.Looper.loop(Looper.java:288)
05-27 18:18:19.369 12348 12448 E ExtUsbManager: 	at android.os.HandlerThread.run(HandlerThread.java:67)
05-27 18:18:19.374  1008 30856 D [OMXB]  : usingANWBuffer: handle:0xee747180, format:1, w:1920, h:1080
05-27 18:18:19.375   299 30844 D EvsDriver: forwardFrame
05-27 18:18:19.376   536   536 D commservice260303: msg.id = 1028,1
05-27 18:18:19.377   536   536 D commservice260303: i = 170, msgid = 8A000404
05-27 18:18:19.377   536   536 D commservice260303: msgid = -1979710460,did=138
05-27 18:18:19.377   536   536 D commservice260303: CommProtocolLibCmdBaseI2C::dataproc {"command":{"id":"imu_status","sub":""},"content":{"TimeStamp":8,"FrameCounter":207578,"GD_X":-0.011759000830352306,"GD_Y":0.0051151420921087265,"GD_Z":0.002900869119912386,"AD_X":-0.0026759058237075806,"AD_Y":-7.701487047597766E-4,"AD_Z":-0.17252826690673828,"TempDsp":0,"Status":0,"CalibState":1,"SigAmpInvalid":0}},-1979710460
05-27 18:18:19.377   536   536 D commservice260303: send2Cluster len:317, 7B22636F6D6D616E64223A7B226964223A22696D755F737461747573222C22737562223A22227D2C22636F6E74656E74223A7B2254696D655374616D70223A382C224672616D65436F756E746572223A3230373537382C2247445F58223A2D302E3031313735393030303833303335323330362C2247445F59223A302E303035313135313432303932313038373236352C2247445F5A223A302E3030323930303836393131393931323338362C2241445F58223A2D302E303032363735393035383233373037353830362C2241445F59223A2D372E373031343837303437353937373636452D342C2241445F5A223A2D302E31373235323832363639303637333832382C2254656D70447370223A302C22537461747573223A302C2243616C69625374617465223A312C22536967416D70496E76616C6964223A307D7D, 138 
