05-27 18:18:26.482   536   536 D commservice260303: bufferevent_write retrun value = 0
05-27 18:18:26.483   536   560 D commservice260303: client datas send succeed,send finish
05-27 18:18:26.483 13911 14192 D Sentinelmode_1.2.5.17_sentry: <SentryImuClusterFgeSender>imu_status sent to Linux, frame=207752, tsNs=8973723, tsMs=8, intervalMs=39, ad=(-0.003190264,0.001972139,-0.16399193), gd=(-0.010690095,0.005192124,0.002060829)
05-27 18:18:26.486   581   581 I SpiService: fgesysctrl_getGPIO_status success val=1
05-27 18:18:26.487  1008 30857 D [OMXB]  : usingANWBuffer: handle:0xee7406f0, format:1, w:1920, h:1080
05-27 08:09:35.451   581   581 D spi_rst_gpio_get_output: GPIO 145 value: 1
05-27 08:09:35.451   581   581 D spidev_ioctl: gpio status=1)
05-27 18:18:26.492   581   581 I SpiService: fgesysctrl_getGPIO_status success val=1
05-27 08:09:35.456   581   581 D spi_rst_gpio_get_output: GPIO 145 value: 1
05-27 08:09:35.456   581   581 D spidev_ioctl: gpio status=1)
05-27 18:18:26.497 13911 14183 I SentryImuMcuAngleSender: 179.96495rollDeg
05-27 18:18:26.497 13911 14183 I SentryImuMcuAngleSender: 1,0,0
05-27 18:18:26.497   581   581 I SpiService: fgesysctrl_getGPIO_status success val=1
05-27 08:09:35.462   581   581 D spi_rst_gpio_get_output: GPIO 145 value: 1
05-27 08:09:35.462   581   581 D spidev_ioctl: gpio status=1)
05-27 18:18:26.503   581   581 I SpiService: fgesysctrl_getGPIO_status success val=1
05-27 08:09:35.467   581   581 D spi_rst_gpio_get_output: GPIO 145 value: 1
05-27 08:09:35.467   581   581 D spidev_ioctl: gpio status=1)
05-27 18:18:26.505   299 30841 D EvsDriver: forwardFrame
05-27 18:18:26.505   299 30844 D EvsDriver: forwardFrame
05-27 18:18:26.507   299 30844 D EvsDriver: Delivered 0xb400007b7ca56900 as id 0
05-27 18:18:26.507  1167  1184 D evsmanagerd: /dev/video6 forwarded the buffer #0 to 0xb4000074bf5f5510 from 0xb4000074bf5f6d90
05-27 18:18:26.508  1167  1184 D evsmanagerd: /dev/video4 forwarded the buffer #0 to 0xb4000074bf5f6850 from 0xb4000074bf5f41d0
05-27 18:18:26.508   299 30841 D EvsDriver: Delivered 0xb400007b7ca56a60 as id 0
05-27 18:18:26.508   581   581 I SpiService: fgesysctrl_getGPIO_status success val=1
05-27 08:09:35.473   581   581 D spi_rst_gpio_get_output: GPIO 145 value: 1
05-27 08:09:35.473   581   581 D spidev_ioctl: gpio status=1)
05-27 18:18:26.510  1008 30856 D [OMXB]  : usingANWBuffer: handle:0xee743870, format:1, w:1920, h:1080
05-27 18:18:26.512   299  1153 D EvsDriver: doneWithFrame
05-27 18:18:26.514   299  1153 D EvsDriver: doneWithFrame
05-27 18:18:26.514   581   581 I SpiService: fgesysctrl_getGPIO_status success val=0
05-27 18:18:26.517   283   307 I rvcservice: t.code = 0, t.value = 0
05-27 08:09:35.478   581   581 D spi_rst_gpio_get_output: GPIO 145 value: 0
05-27 08:09:35.478   581   581 D spidev_ioctl: gpio status=0)
05-27 18:18:26.518 13911 14183 I SentryImuMcuAngleSender: 179.95795rollDeg
05-27 18:18:26.518 13911 14183 I SentryImuMcuAngleSender: 1,0,0
05-27 18:18:26.522   536   536 D commservice260303: msg.id = 1028,0
05-27 18:18:26.522   536   536 D commservice260303: i = 170, msgid = 8A000404
05-27 18:18:26.522   536   536 D commservice260303: msgid = -1979710460,did=138
05-27 18:18:26.522   536   536 D commservice260303: CommProtocolLibCmdBaseI2C::dataproc {"command":{"id":"imu_status","sub":""},"content":{"TimeStamp":8,"FrameCounter":207753,"GD_X":-0.011223767884075642,"GD_Y":0.004963258747011423,"GD_Z":0.0022902146447449923,"AD_X":4.501044750213623E-4,"AD_Y":0.0031584431417286396,"AD_Z":-0.16460132598876953,"TempDsp":0,"Status":0,"CalibState":1,"SigAmpInvalid":0}},-1979710460
05-27 18:18:26.522   536   536 D commservice260303: send2Cluster len:315, 7B22636F6D6D616E64223A7B226964223A22696D755F737461747573222C22737562223A22227D2C22636F6E74656E74223A7B2254696D655374616D70223A382C224672616D65436F756E746572223A3230373735332C2247445F58223A2D302E3031313232333736373838343037353634322C2247445F59223A302E3030343936333235383734373031313432332C2247445F5A223A302E303032323930323134363434373434393932332C2241445F58223A342E353031303434373530323133363233452D342C2241445F59223A302E303033313538343433313431373238363339362C2241445F5A223A2D302E31363436303133323539383837363935332C2254656D70447370223A302C22537461747573223A302C2243616C69625374617465223A312C22536967416D70496E76616C6964223A307D7D, 138 
05-27 18:18:26.522   536   536 D commservice260303: Push Message into SendPool fn=-999816448
05-27 18:18:26.522   536   536 D commservice260303: ComProtocolLibSend2Cluster::send2ClusterRaw fn=-999816448 , len=331
05-27 18:18:26.522   536   536 D commservice260303: sendCmdToPort :331!!!
05-27 18:18:26.522   536   536 D commservice260303: send Cmd To Port ++++5AA501478A01000368C46A16C4F27B22636F6D6D616E64223A7B226964223A22696D755F737461747573222C22737562223A22227D2C22636F6E74656E74223A7B2254696D655374616D70223A382C224672616D65436F756E746572223A3230373735332C2247445F58223A2D302E3031313232333736373838343037353634322C2247445F59223A302E3030343936333235383734373031313432332C2247445F5A223A302E303032323930323134363434373434393932332C2241445F58223A342E353031303434373530323133363233452D342C2241445F59223A302E303033313538343433313431373238363339362C2241445F5A223A2D302E31363436303133323539383837363935332C2254656D70447370223A302C22537461747573223A302C2243616C69625374617465223A312C22536967416D70496E76616C6964223A307D7DD152
05-27 18:18:26.522   536   536 D commservice260303: bufferevent_write retrun value = 0
05-27 18:18:26.522   536   560 D commservice260303: client datas send succeed,send finish
05-27 18:18:26.522 13911 14192 D Sentinelmode_1.2.5.17_sentry: <SentryImuClusterFgeSender>imu_status sent to Linux, frame=207753, tsNs=8973771, tsMs=8, intervalMs=40, ad=(4.5010448E-4,0.0031584431,-0.16460133), gd=(-0.011223768,0.0049632587,0.0022902146)
05-27 18:18:26.526  1008 30857 D [OMXB]  : usingANWBuffer: handle:0xee743500, format:1, w:1920, h:1080
05-27 18:18:26.529   581   581 I SpiService: fgesysctrl_getGPIO_status success val=1
05-27 08:09:35.493   581   581 D spi_rst_gpio_get_output: GPIO 145 value: 1
05-27 08:09:35.493   581   581 D spidev_ioctl: gpio status=1)
05-27 18:18:26.534   299 30841 D EvsDriver: forwardFrame
05-27 18:18:26.534   581   581 I SpiService: fgesysctrl_getGPIO_status success val=1
05-27 18:18:26.534   299 30844 D EvsDriver: forwardFrame
05-27 18:18:26.536   299 30841 D EvsDriver: Delivered 0xb400007b7ca56a60 as id 0
05-27 18:18:26.536   299 30844 D EvsDriver: Delivered 0xb400007b7ca56900 as id 0
05-27 18:18:26.536  1167  1184 D evsmanagerd: /dev/video6 forwarded the buffer #0 to 0xb4000074bf5f5510 from 0xb4000074bf5f6d90
05-27 18:18:26.536  1167  1167 D evsmanagerd: /dev/video4 forwarded the buffer #0 to 0xb4000074bf5f6850 from 0xb4000074bf5f41d0
05-27 08:09:35.499   581   581 D spi_rst_gpio_get_output: GPIO 145 value: 1
05-27 08:09:35.499   581   581 D spidev_ioctl: gpio status=1)
05-27 18:18:26.538 13911 14183 I SentryImuMcuAngleSender: 179.96495rollDeg
05-27 18:18:26.538 13911 14183 I SentryImuMcuAngleSender: 1,0,0
05-27 18:18:26.539   299  1163 D EvsDriver: doneWithFrame
05-27 18:18:26.539   299  1153 D EvsDriver: doneWithFrame
05-27 18:18:26.540   581   581 I SpiService: fgesysctrl_getGPIO_status success val=1
05-27 08:09:35.505   581   581 D spi_rst_gpio_get_output: GPIO 145 value: 1
05-27 08:09:35.505   581   581 D spidev_ioctl: gpio status=1)
05-27 18:18:26.544   536   760 I commservice260303: [mcuCommFunctionTcp::ProtocolCheckConnectTimeOutProc:613] keyID:256,tcpEvent:5,tcpcount:0,heartbeat:1,noHeartBeatNumber:0,endispatch:0,strState:0
05-27 18:18:26.544   536   760 D commservice260303: ProtocolCheckConnectTimeOutProc,629,clear heartbeat
05-27 18:18:26.546   581   581 I SpiService: fgesysctrl_getGPIO_status success val=1
05-27 08:09:35.510   581   581 D spi_rst_gpio_get_output: GPIO 145 value: 1
05-27 08:09:35.511   581   581 D spidev_ioctl: gpio status=1)
05-27 18:18:26.551 13911 13911 I Sentinelmode_1.2.5.17_sentry: <SentinelCarServiceManager>sensorType:291504647
05-27 18:18:26.551   581   581 I SpiService: fgesysctrl_getGPIO_status success val=0
05-27 08:09:35.516   581   581 D spi_rst_gpio_get_output: GPIO 145 value: 0
05-27 08:09:35.516   581   581 D spidev_ioctl: gpio status=0)
05-27 18:18:26.557  1008 30857 D [OMXB]  : usingANWBuffer: handle:0xee741c40, format:1, w:1920, h:1080
05-27 18:18:26.559 13911 14183 I SentryImuMcuAngleSender: 179.97195rollDeg
05-27 18:18:26.559 13911 14183 I SentryImuMcuAngleSender: 1,0,0
05-27 18:18:26.562   536   536 D commservice260303: msg.id = 1028,1
05-27 18:18:26.562   536   536 D commservice260303: i = 170, msgid = 8A000404
05-27 18:18:26.562   536   536 D commservice260303: msgid = -1979710460,did=138
05-27 18:18:26.562   536   536 D commservice260303: CommProtocolLibCmdBaseI2C::dataproc {"command":{"id":"imu_status","sub":""},"content":{"TimeStamp":8,"FrameCounter":207754,"GD_X":-0.011834942735731602,"GD_Y":0.0038938329089432955,"GD_Z":0.0018319635419175029,"AD_X":-0.0020007193088531494,"AD_Y":0.0019257504027336836,"AD_Z":-0.16399192810058594,"TempDsp":0,"Status":0,"CalibState":1,"SigAmpInvalid":0}},-1979710460
05-27 18:18:26.563   536   536 D commservice260303: send2Cluster len:318, 7B22636F6D6D616E64223A7B226964223A22696D755F737461747573222C22737562223A22227D2C22636F6E74656E74223A7B2254696D655374616D70223A382C224672616D65436F756E746572223A3230373735342C2247445F58223A2D302E3031313833343934323733353733313630322C2247445F59223A302E303033383933383332393038393433323935352C2247445F5A223A302E303031383331393633353431393137353032392C2241445F58223A2D302E303032303030373139333038383533313439342C2241445F59223A302E303031393235373530343032373333363833362C2241445F5A223A2D302E31363339393139323831303035383539342C2254656D70447370223A302C22537461747573223A302C2243616C69625374617465223A312C22536967416D70496E76616C6964223A307D7D, 138 
05-27 18:18:26.563   536   536 D commservice260303: Push Message into SendPool fn=-983039232
05-27 18:18:26.563   536   536 D commservice260303: ComProtocolLibSend2Cluster::send2ClusterRaw fn=-983039232 , len=334
05-27 18:18:26.563   536   536 D commservice260303: sendCmdToPort :334!!!
05-27 18:18:26.563   536   536 D commservice260303: send Cmd To Port ++++5AA5014A8A01000368C56A16C4F27B22636F6D6D616E64223A7B226964223A22696D755F737461747573222C22737562223A22227D2C22636F6E74656E74223A7B2254696D655374616D70223A382C224672616D65436F756E746572223A3230373735342C2247445F58223A2D302E3031313833343934323733353733313630322C2247445F59223A302E303033383933383332393038393433323935352C2247445F5A223A302E303031383331393633353431393137353032392C2241445F58223A2D302E303032303030373139333038383533313439342C2241445F59223A302E303031393235373530343032373333363833362C2241445F5A223A2D302E31363339393139323831303035383539342C2254656D70447370223A302C22537461747573223A302C2243616C69625374617465223A312C22536967416D70496E76616C6964223A307D7D80E2
05-27 18:18:26.563   536   536 D commservice260303: bufferevent_write retrun value = 0
05-27 18:18:26.563   536   560 D commservice260303: client datas send succeed,send finish
05-27 18:18:26.564 13911 14192 D Sentinelmode_1.2.5.17_sentry: <SentryImuClusterFgeSender>imu_status sent to Linux, frame=207754, tsNs=8973806, tsMs=8, intervalMs=41, ad=(-0.0020007193,0.0019257504,-0.16399193), gd=(-0.011834943,0.003893833,0.0018319635)
05-27 18:18:26.566   581   581 I SpiService: fgesysctrl_getGPIO_status success val=1
05-27 08:09:35.530   581   581 D spi_rst_gpio_get_output: GPIO 145 value: 1
05-27 08:09:35.530   581   581 D spidev_ioctl: gpio status=1)
05-27 18:18:26.569   299 30841 D EvsDriver: forwardFrame
05-27 18:18:26.570   299 30844 D EvsDriver: forwardFrame
05-27 18:18:26.571   299 30841 D EvsDriver: Delivered 0xb400007b7ca56a60 as id 0
05-27 18:18:26.571  1167  1184 D evsmanagerd: /dev/video4 forwarded the buffer #0 to 0xb4000074bf5f6850 from 0xb4000074bf5f41d0
05-27 18:18:26.571   581   581 I SpiService: fgesysctrl_getGPIO_status success val=1
05-27 18:18:26.571  1167  1167 D evsmanagerd: /dev/video6 forwarded the buffer #0 to 0xb4000074bf5f5510 from 0xb4000074bf5f6d90
05-27 18:18:26.571   299 30844 D EvsDriver: Delivered 0xb400007b7ca56900 as id 0
05-27 18:18:26.571 13911 14183 I SentryImuMcuAngleSender: [4, 18, 1, 0, 0],5
05-27 18:18:26.571 13911 14183 I McuCommManager: mcuCommSendcmd [4, 18, 1, 0, 0]
05-27 08:09:35.536   581   581 D spi_rst_gpio_get_output: GPIO 145 value: 1
05-27 08:09:35.536   581   581 D spidev_ioctl: gpio status=1)
05-27 18:18:26.574 13911 14183 I SentryImuMcuAngleSender: true
05-27 18:18:26.574   299  1163 D EvsDriver: doneWithFrame
05-27 18:18:26.574 13911 14183 W Sentinelmode_1.2.5.17_sentry: <SentryImuMcuAngleSender>MCU IMU send interval abnormal: 1002ms
05-27 18:18:26.574  1008 30856 D [OMXB]  : usingANWBuffer: handle:0xee7467e0, format:1, w:1920, h:1080
05-27 18:18:26.574   299  1153 D EvsDriver: doneWithFrame
05-27 18:18:26.575   572   572 I Sensors : 230 AccelSensor: x:-0.169580,y:0.005490,z:-9.968620
05-27 08:09:35.541   581   581 D spi_rst_gpio_get_output: GPIO 145 value: 1
05-27 08:09:35.541   581   581 D spidev_ioctl: gpio status=1)
05-27 18:18:26.577   581   581 I SpiService: fgesysctrl_getGPIO_status success val=1
05-27 18:18:26.579 13911 14183 I SentryImuMcuAngleSender: 179.96844rollDeg
05-27 18:18:26.579 13911 14183 I SentryImuMcuAngleSender: 1,0,0
05-27 18:18:26.582   581   581 I SpiService: fgesysctrl_getGPIO_status success val=1
05-27 08:09:35.547   581   581 D spi_rst_gpio_get_output: GPIO 145 value: 1
05-27 08:09:35.547   581   581 D spidev_ioctl: gpio status=1)
05-27 18:18:26.588   581   581 I SpiService: fgesysctrl_getGPIO_status success val=1
05-27 08:09:35.552   581   581 D spi_rst_gpio_get_output: GPIO 145 value: 1
05-27 08:09:35.552   581   581 D spidev_ioctl: gpio status=1)
05-27 18:18:26.593   581   581 I SpiService: fgesysctrl_getGPIO_status success val=0
05-27 18:18:26.593   481   597 I mcuc    : send SPI:6AA600626C0005041201000016
05-27 08:09:35.558   581   581 D spi_rst_gpio_get_output: GPIO 145 value: 0
05-27 08:09:35.558   581   581 D spidev_ioctl: gpio status=0)
05-27 18:18:26.599 13911 14183 I SentryImuMcuAngleSender: 179.96494rollDeg
05-27 18:18:26.599 13911 14183 I SentryImuMcuAngleSender: 1,0,0
05-27 18:18:26.601   299 30844 D EvsDriver: forwardFrame
05-27 18:18:26.601   299 30841 D EvsDriver: forwardFrame
05-27 18:18:26.602   299 30844 D EvsDriver: Delivered 0xb400007b7ca56900 as id 0
05-27 18:18:26.602  1167  1184 D evsmanagerd: /dev/video6 forwarded the buffer #0 to 0xb4000074bf5f5510 from 0xb4000074bf5f6d90
05-27 18:18:26.602   536   536 D commservice260303: msg.id = 1028,0
05-27 18:18:26.602   536   536 D commservice260303: i = 170, msgid = 8A000404
05-27 18:18:26.602   536   536 D commservice260303: msgid = -1979710460,did=138
05-27 18:18:26.602   536   536 D commservice260303: CommProtocolLibCmdBaseI2C::dataproc {"command":{"id":"imu_status","sub":""},"content":{"TimeStamp":8,"FrameCounter":207755,"GD_X":-0.011147825978696346,"GD_Y":0.005268065724521875,"GD_Z":0.0022902146447449923,"AD_X":-0.004433661699295044,"AD_Y":0.0031281723640859127,"AD_Z":-0.16338157653808594,"TempDsp":0,"Status":0,"CalibState":1,"SigAmpInvalid":0}},-1979710460
05-27 18:18:26.602   536   536 D commservice260303: send2Cluster len:316, 7B22636F6D6D616E64223A7B226964223A22696D755F737461747573222C22737562223A22227D2C22636F6E74656E74223A7B2254696D655374616D70223A382C224672616D65436F756E746572223A3230373735352C2247445F58223A2D302E3031313134373832353937383639363334362C2247445F59223A302E3030353236383036353732343532313837352C2247445F5A223A302E303032323930323134363434373434393932332C2241445F58223A2D302E3030343433333636313639393239353034342C2241445F59223A302E303033313238313732333634303835393132372C2241445F5A223A2D302E31363333383135373635333830383539342C2254656D70447370223A302C22537461747573223A302C2243616C69625374617465223A312C22536967416D70496E76616C6964223A307D7D, 138 
05-27 18:18:26.602   536   536 D commservice260303: Push Message into SendPool fn=-966262016
05-27 18:18:26.602   536   536 D commservice260303: ComProtocolLibSend2Cluster::send2ClusterRaw fn=-966262016 , len=332
05-27 18:18:26.602   536   536 D commservice260303: sendCmdToPort :332!!!
05-27 18:18:26.603   536   536 D commservice260303: send Cmd To Port ++++5AA501488A01000368C66A16C4F27B22636F6D6D616E64223A7B226964223A22696D755F737461747573222C22737562223A22227D2C22636F6E74656E74223A7B2254696D655374616D70223A382C224672616D65436F756E746572223A3230373735352C2247445F58223A2D302E3031313134373832353937383639363334362C2247445F59223A302E3030353236383036353732343532313837352C2247445F5A223A302E303032323930323134363434373434393932332C2241445F58223A2D302E3030343433333636313639393239353034342C2241445F59223A302E303033313238313732333634303835393132372C2241445F5A223A2D302E31363333383135373635333830383539342C2254656D70447370223A302C22537461747573223A302C2243616C69625374617465223A312C22536967416D70496E76616C6964223A307D7D69B7
05-27 18:18:26.603   536   536 D commservice260303: bufferevent_write retrun value = 0
05-27 18:18:26.603   536   560 D commservice260303: client datas send succeed,send finish
05-27 18:18:26.603 13911 14192 D Sentinelmode_1.2.5.17_sentry: <SentryImuClusterFgeSender>imu_status sent to Linux, frame=207755, tsNs=8973842, tsMs=8, intervalMs=40, ad=(-0.0044336617,0.0031281724,-0.16338158), gd=(-0.011147826,0.0052680657,0.0022902146)
05-27 18:18:26.604   299 30841 D EvsDriver: Delivered 0xb400007b7ca56a60 as id 0
05-27 18:18:26.604   299  1153 D EvsDriver: doneWithFrame
05-27 18:18:26.604  1167  1167 D evsmanagerd: /dev/video4 forwarded the buffer #0 to 0xb4000074bf5f6850 from 0xb4000074bf5f41d0
05-27 18:18:26.606   481   598 I mcuc    : rev,n=1,6AA681B4C6000A8900D901040911123456DE
05-27 18:18:26.606  1121  1144 I tboxmids_ap: [2026-05-27 18:18:26.606] [MCU RX] src=MCU dst=ZMQ len=10 type=BINARY data=00 08 D9 01 04 09 11 12 34 56 
05-27 18:18:26.606   351   373 D automotive.vehicle@2.0-adayo-datacomm-mcu: MCUDatacomm sendMessageFromVehicle prop: 0x89, areaId: 0x0, status: 0xd9, timestamp: 0x1
05-27 18:18:26.607   351   373 D automotive.vehicle@2.0-adayo-datacomm-mcu: MCUDatacomm 1sendMessageFromVehicle ---> type = 12 
05-27 18:18:26.607   299  1153 D EvsDriver: doneWithFrame
05-27 18:18:26.607   581   581 I SpiService: fgesysctrl_getGPIO_status success val=1
05-27 18:18:26.607  1083  1083 I MyAppLog: [2026-05-27 18:18:26.607 I tboxap mcuCommTboxmidsRecvCb:97] [Mcu] [mcuCommTboxmidsRecvCb] recv from tboxmids, size:10
05-27 18:18:26.608  1083  1083 I MyAppLog: [2026-05-27 18:18:26.607 I tboxap mcuCommTboxmidsRecvCb:98] [Mcu] [tboxmids -> tboxap]: :00 08 D9 01 04 09 11 12 34 56
05-27 18:18:26.608  1083  1083 W MyAppLog: [2026-05-27 18:18:26.607 W tboxap mcuYadiFrameParse:852] [Mcu] [mcuYadiFrameParse] cmd:0911(MCU_VHL_DYNAMIC_DATA_IND) payload too short:5 < 54
05-27 18:18:26.608  1083  1083 W MyAppLog: [2026-05-27 18:18:26.607 W tboxap mcuPtlParseData:982] [Mcu] [mcuPtlParseData] invalid yadi frame, len:10
05-27 18:18:26.608  1008 30857 D [OMXB]  : usingANWBuffer: handle:0xee743240, format:1, w:1920, h:1080
05-27 18:18:26.608   481   598 I mcuc    : rev,n=2,6AA681B4C7000A8900DA01040930123456BD
05-27 18:18:26.608  1121  1144 I tboxmids_ap: [2026-05-27 18:18:26.608] [MCU RX] src=MCU dst=ZMQ len=10 type=BINARY data=00 08 DA 01 04 09 30 12 34 56 
05-27 08:09:35.572   581   581 D spi_rst_gpio_get_output: GPIO 145 value: 1
05-27 08:09:35.572   581   581 D spidev_ioctl: gpio status=1)
05-27 18:18:26.609   351   373 D automotive.vehicle@2.0-adayo-datacomm-mcu: MCUDatacomm sendMessageFromVehicle prop: 0x89, areaId: 0x0, status: 0xda, timestamp: 0x1
05-27 18:18:26.609   351   373 D automotive.vehicle@2.0-adayo-datacomm-mcu: MCUDatacomm 1sendMessageFromVehicle ---> type = 12 
05-27 18:18:26.611  1083  1083 I MyAppLog: [2026-05-27 18:18:26.610 I tboxap mcuCommTboxmidsRecvCb:97] [Mcu] [mcuCommTboxmidsRecvCb] recv from tboxmids, size:10
05-27 18:18:26.611  1083  1083 I MyAppLog: [2026-05-27 18:18:26.610 I tboxap mcuCommTboxmidsRecvCb:98] [Mcu] [tboxmids -> tboxap]: :00 08 DA 01 04 09 30 12 34 56
05-27 18:18:26.611  1083  1083 W MyAppLog: [2026-05-27 18:18:26.610 W tboxap mcuYadiFrameParse:852] [Mcu] [mcuYadiFrameParse] cmd:0930(MCU_REMOTE_CTRL_RSP_IND) payload too short:5 < 8
05-27 18:18:26.611  1083  1083 W MyAppLog: [2026-05-27 18:18:26.610 W tboxap mcuPtlParseData:982] [Mcu] [mcuPtlParseData] invalid yadi frame, len:10
05-27 18:18:26.613   581   581 I SpiService: fgesysctrl_getGPIO_status success val=1
05-27 08:09:35.578   581   581 D spi_rst_gpio_get_output: GPIO 145 value: 1
05-27 08:09:35.578   581   581 D spidev_ioctl: gpio status=1)
05-27 18:18:26.617   283   307 I rvcservice: t.code = 3, t.value = 0
05-27 18:18:26.619   581   581 I SpiService: fgesysctrl_getGPIO_status success val=1
05-27 18:18:26.619 13911 14183 I SentryImuMcuAngleSender: 179.96495rollDeg
05-27 18:18:26.620 13911 14183 I SentryImuMcuAngleSender: 1,0,0
05-27 08:09:35.584   581   581 D spi_rst_gpio_get_output: GPIO 145 value: 1
05-27 08:09:35.584   581   581 D spidev_ioctl: gpio status=1)
05-27 18:18:26.623  1008 30856 D [OMXB]  : usingANWBuffer: handle:0xee744b00, format:1, w:1920, h:1080
05-27 18:18:26.625   581   581 I SpiService: fgesysctrl_getGPIO_status success val=1
05-27 08:09:35.589   581   581 D spi_rst_gpio_get_output: GPIO 145 value: 1
05-27 08:09:35.589   581   581 D spidev_ioctl: gpio status=1)
05-27 18:18:26.630   581   581 I SpiService: fgesysctrl_getGPIO_status success val=1
05-27 18:18:26.632   299 30844 D EvsDriver: forwardFrame
05-27 08:09:35.595   581   581 D spi_rst_gpio_get_output: GPIO 145 value: 1
05-27 08:09:35.595   581   581 D spidev_ioctl: gpio status=1)
05-27 18:18:26.634   299 30844 D EvsDriver: Delivered 0xb400007b7ca56900 as id 0
05-27 18:18:26.634  1167  1167 D evsmanagerd: /dev/video6 forwarded the buffer #0 to 0xb4000074bf5f5510 from 0xb4000074bf5f6d90
05-27 18:18:26.634 30773 30773 E dvr_service_: [myNum:1] Received S**** loss
05-27 18:18:26.634   299  1153 D EvsDriver: doneWithFrame
05-27 18:18:26.636   581   581 I SpiService: fgesysctrl_getGPIO_status success val=0
05-27 18:18:26.636   481   597 I mcuc    : send SPI:6AA602B4C600028900F96AA602B4C700028900F8
05-27 08:09:35.600   581   581 D spi_rst_gpio_get_output: GPIO 145 value: 0
05-27 08:09:35.600   581   581 D spidev_ioctl: gpio status=0)
05-27 18:18:26.640  1008 30857 D [OMXB]  : usingANWBuffer: handle:0xee742060, format:1, w:1920, h:1080
05-27 18:18:26.640 13911 14183 I SentryImuMcuAngleSender: 179.96495rollDeg
05-27 18:18:26.640 13911 14183 I SentryImuMcuAngleSender: 1,0,0
05-27 18:18:26.640 30773 30789 I dvr_service_: Camera 1: MediaOK:137631876, frames:3150, isKeyFrame:0,pts:8973668104
05-27 18:18:26.642   299 30841 D EvsDriver: forwardFrame
05-27 18:18:26.644   536   536 D commservice260303: msg.id = 1028,2
05-27 18:18:26.644   536   536 D commservice260303: i = 170, msgid = 8A000404
05-27 18:18:26.645   536   536 D commservice260303: msgid = -1979710460,did=138
05-27 18:18:26.645   536   536 D commservice260303: CommProtocolLibCmdBaseI2C::dataproc {"command":{"id":"imu_status","sub":""},"content":{"TimeStamp":8,"FrameCounter":207756,"GD_X":-0.011987865902483463,"GD_Y":0.005268065724521875,"GD_Z":0.002213752595707774,"AD_X":-0.003207981586456299,"AD_Y":0.0031084418296813965,"AD_Z":-0.16826248168945312,"TempDsp":0,"Status":0,"CalibState":1,"SigAmpInvalid":0}},-1979710460
05-27 18:18:26.645   536   536 D commservice260303: send2Cluster len:315, 7B22636F6D6D616E64223A7B226964223A22696D755F737461747573222C22737562223A22227D2C22636F6E74656E74223A7B2254696D655374616D70223A382C224672616D65436F756E746572223A3230373735362C2247445F58223A2D302E3031313938373836353930323438333436332C2247445F59223A302E3030353236383036353732343532313837352C2247445F5A223A302E3030323231333735323539353730373737342C2241445F58223A2D302E3030333230373938313538363435363239392C2241445F59223A302E303033313038343431383239363831333936352C2241445F5A223A2D302E31363832363234383136383934353331322C2254656D70447370223A302C22537461747573223A302C2243616C69625374617465223A312C22536967416D70496E76616C6964223A307D7D, 138 
05-27 18:18:26.645   536   536 D commservice260303: Push Message into SendPool fn=-949484800
05-27 18:18:26.645   536   536 D commservice260303: ComProtocolLibSend2Cluster::send2ClusterRaw fn=-949484800 , len=331
05-27 18:18:26.645   536   536 D commservice260303: sendCmdToPort :331!!!
05-27 18:18:26.645   536   536 D commservice260303: send Cmd To Port ++++5AA501478A01000368C76A16C4F27B22636F6D6D616E64223A7B226964223A22696D755F737461747573222C22737562223A22227D2C22636F6E74656E74223A7B2254696D655374616D70223A382C224672616D65436F756E746572223A3230373735362C2247445F58223A2D302E3031313938373836353930323438333436332C2247445F59223A302E3030353236383036353732343532313837352C2247445F5A223A302E3030323231333735323539353730373737342C2241445F58223A2D302E3030333230373938313538363435363239392C2241445F59223A302E303033313038343431383239363831333936352C2241445F5A223A2D302E31363832363234383136383934353331322C2254656D70447370223A302C22537461747573223A302C2243616C69625374617465223A312C22536967416D70496E76616C6964223A307D7D3734
05-27 18:18:26.645   536   536 D commservice260303: bufferevent_write retrun value = 0
05-27 18:18:26.646   536   560 D commservice260303: client datas send succeed,send finish
05-27 18:18:26.646 13911 14192 D Sentinelmode_1.2.5.17_sentry: <SentryImuClusterFgeSender>imu_status sent to Linux, frame=207756, tsNs=8973878, tsMs=8, intervalMs=42, ad=(-0.0032079816,0.0031084418,-0.16826248), gd=(-0.011987866,0.0052680657,0.0022137526)
05-27 18:18:26.647   299 30841 D EvsDriver: Delivered 0xb400007b7ca56a60 as id 0
05-27 18:18:26.647  1167  1167 D evsmanagerd: /dev/video4 forwarded the buffer #0 to 0xb4000074bf5f6850 from 0xb4000074bf5f41d0
05-27 18:18:26.647 30773 30773 E dvr_service_: [myNum:0] Received S**** loss
05-27 18:18:26.647   299  1153 D EvsDriver: doneWithFrame
05-27 18:18:26.649 10188 11018 D AlarmManager: waitForAlarm result:4currentTime=1779877106649, elapsedRealtime=8973900
05-27 18:18:26.649 10188 10630 I GnssLocationProvider: stopNavigating
05-27 18:18:26.649   566   566 I gps_hdbd: [stop]--->PLATFORM_BSP::Enter
05-27 18:18:26.649   566   566 I gps_hdbd: [gps_state_stop]--->PLATFORM_BSP::Enter
05-27 18:18:26.649   566   566 I gps_hdbd: [chip_to_deepsleep]--->PLATFORM_BSP::Enter
05-27 18:18:26.649   566   566 I gps_hdbd: [chip_to_deepsleep]Exit--->
05-27 18:18:26.649   566   566 I gps_hdbd: [gps_state_stop]Exit--->
05-27 18:18:26.650   566 11459 I gps_hdbd: [gps_state_thread 3411]CMD_STOP : gps thread stopping, location_cb = NULL
05-27 18:18:26.650 10188 11018 D AlarmManager: sending alarm.type = 2, action = null, alarm = Alarm{a67f212 type 2 origWhen 8973900 whenElapsed 8973900 android}, cn = null, operation = null, listener=android.app.AlarmManager$ListenerWrapper@fcdbd9f, listenerTag=GnssLocationProvider, workSource=null
05-27 18:18:26.650 10188 11018 D AlarmManagerService: set alarm to kernel: 10269.926000000, type=2 
05-27 18:18:26.650 10188 11018 D AlarmManagerService: set alarm to kernel: 9007.251000000, type=3 
05-27 18:18:26.650   581   581 I SpiService: fgesysctrl_getGPIO_status success val=1
05-27 18:18:26.651 10188 10630 D AlarmManagerService: set alarm to kernel: 9033.901000000, type=2 
05-27 18:18:26.651 10188 10630 D AlarmManagerService: set alarm to kernel: 9007.251000000, type=3 
05-27 18:18:26.652   481   598 I mcuc    : rev,n=1,6AA681B4C8001B8900740600030E303132333435363738394142434445464700E4699E
05-27 18:18:26.652   351   373 D automotive.vehicle@2.0-adayo-datacomm-mcu: MCUDatacomm sendMessageFromVehicle prop: 0x89, areaId: 0x0, status: 0x74, timestamp: 0x6
05-27 18:18:26.652   351   373 D automotive.vehicle@2.0-adayo-datacomm-mcu: MCUDatacomm 1sendMessageFromVehicle ---> type = 3 
05-27 18:18:26.652   351   373 D automotive.vehicle@2.0-adayo-func-bcm: sendMessageFromVehicle sendMessageFromVehicle
05-27 18:18:26.652   351   516 D automotive.vehicle@2.0-adayo-func-bcm: jjfan1 ______procotolSize :1
05-27 18:18:26.652   351   516 D automotive.vehicle@2.0-adayo-func-bcm: BCMFunc sendMessageFromVehicle_l dataType: 13,mByte=7,propid=0x2110001a
05-27 18:18:26.652   351   516 D automotive.vehicle@2.0-adayo-func-bcm: BCMFunc VEHICLE_VIN_CODE111 0x2110001a 
05-27 18:18:26.652   351   516 E automotive.vehicle@2.0-adayo-func-bcm: byteArrayToASCIIString, index 7 hex: 30, ascii: 0
05-27 18:18:26.652   351   516 E automotive.vehicle@2.0-adayo-func-bcm: byteArrayToASCIIString, index 8 hex: 31, ascii: 01
05-27 18:18:26.652   351   516 E automotive.vehicle@2.0-adayo-func-bcm: byteArrayToASCIIString, index 9 hex: 32, ascii: 012
05-27 18:18:26.652   351   516 E automotive.vehicle@2.0-adayo-func-bcm: byteArrayToASCIIString, index 10 hex: 33, ascii: 0123
05-27 18:18:26.652   351   516 E automotive.vehicle@2.0-adayo-func-bcm: byteArrayToASCIIString, index 11 hex: 34, ascii: 01234
05-27 18:18:26.652   351   516 E automotive.vehicle@2.0-adayo-func-bcm: byteArrayToASCIIString, index 12 hex: 35, ascii: 012345
05-27 18:18:26.652   351   516 E automotive.vehicle@2.0-adayo-func-bcm: byteArrayToASCIIString, index 13 hex: 36, ascii: 0123456
05-27 18:18:26.652   351   516 E automotive.vehicle@2.0-adayo-func-bcm: byteArrayToASCIIString, index 14 hex: 37, ascii: 01234567
05-27 18:18:26.652   351   516 E automotive.vehicle@2.0-adayo-func-bcm: byteArrayToASCIIString, index 15 hex: 38, ascii: 012345678
05-27 18:18:26.652   351   516 E automotive.vehicle@2.0-adayo-func-bcm: byteArrayToASCIIString, index 16 hex: 39, ascii: 0123456789
05-27 18:18:26.652   351   516 E automotive.vehicle@2.0-adayo-func-bcm: byteArrayToASCIIString, index 17 hex: 41, ascii: 0123456789A
05-27 18:18:26.652   351   516 E automotive.vehicle@2.0-adayo-func-bcm: byteArrayToASCIIString, index 18 hex: 42, ascii: 0123456789AB
05-27 18:18:26.652   351   516 E automotive.vehicle@2.0-adayo-func-bcm: byteArrayToASCIIString, index 19 hex: 43, ascii: 0123456789ABC
05-27 18:18:26.653   351   516 E automotive.vehicle@2.0-adayo-func-bcm: byteArrayToASCIIString, index 20 hex: 44, ascii: 0123456789ABCD
05-27 18:18:26.653   351   516 E automotive.vehicle@2.0-adayo-func-bcm: byteArrayToASCIIString, index 21 hex: 45, ascii: 0123456789ABCDE
05-27 18:18:26.653   351   516 E automotive.vehicle@2.0-adayo-func-bcm: byteArrayToASCIIString, index 22 hex: 46, ascii: 0123456789ABCDEF
05-27 08:09:35.615   581   581 D spi_rst_gpio_get_output: GPIO 145 value: 1
05-27 08:09:35.615   581   581 D spidev_ioctl: gpio status=1)
05-27 18:18:26.653   351   516 D automotive.vehicle@2.0-adayo-func-bcm: BCMFunc sendMessageFromVehicle_l id:554696730, area:0 not report! 
05-27 18:18:26.653  1008 30856 D [OMXB]  : usingANWBuffer: handle:0xee740590, format:1, w:1920, h:1080
05-27 18:18:26.656   581   581 I SpiService: fgesysctrl_getGPIO_status success val=1
05-27 08:09:35.621   581   581 D spi_rst_gpio_get_output: GPIO 145 value: 1
05-27 08:09:35.621   581   581 D spidev_ioctl: gpio status=1)
05-27 18:18:26.661 13911 14183 I SentryImuMcuAngleSender: 179.96146rollDeg
05-27 18:18:26.661 13911 14183 I SentryImuMcuAngleSender: 1,0,0
05-27 18:18:26.662   581   581 I SpiService: fgesysctrl_getGPIO_status success val=1
05-27 18:18:26.662   572   622 I Sensors : 230 GyroSensor: x:-0.011301,y:0.005497,z:0.002367
05-27 08:09:35.627   581   581 D spi_rst_gpio_get_output: GPIO 145 value: 1
05-27 08:09:35.627   581   581 D spidev_ioctl: gpio status=1)
05-27 18:18:26.667   581   581 I SpiService: fgesysctrl_getGPIO_status success val=1
05-27 18:18:26.668  1008 30857 D [OMXB]  : usingANWBuffer: handle:0xee7435b0, format:1, w:1920, h:1080
05-27 08:09:35.632   581   581 D spi_rst_gpio_get_output: GPIO 145 value: 1
05-27 08:09:35.632   581   581 D spidev_ioctl: gpio status=1)
05-27 18:18:26.669   299 30841 D EvsDriver: forwardFrame
05-27 18:18:26.669   299 30844 D EvsDriver: forwardFrame
05-27 18:18:26.671   299 30844 D EvsDriver: Delivered 0xb400007b7ca56900 as id 0
05-27 18:18:26.671  1167  1167 D evsmanagerd: /dev/video6 forwarded the buffer #0 to 0xb4000074bf5f5510 from 0xb4000074bf5f6d90
05-27 18:18:26.671  1167  1184 D evsmanagerd: /dev/video4 forwarded the buffer #0 to 0xb4000074bf5f6850 from 0xb4000074bf5f41d0
05-27 18:18:26.671   299 30841 D EvsDriver: Delivered 0xb400007b7ca56a60 as id 0
05-27 18:18:26.673   581   581 I SpiService: fgesysctrl_getGPIO_status success val=0
05-27 18:18:26.674   481   597 I mcuc    : send SPI:6AA602B4C800028900F7
05-27 18:18:26.674   299  1153 D EvsDriver: doneWithFrame
05-27 18:18:26.674   299  1163 D EvsDriver: doneWithFrame
05-27 08:09:35.638   581   581 D spi_rst_gpio_get_output: GPIO 145 value: 0
05-27 08:09:35.638   581   581 D spidev_ioctl: gpio status=0)
05-27 18:18:26.673 30773 30773 I auditd  : type=1400 audit(0.0:44435): avc: denied { use } for comm="CameraHelper" path="anon_inode:sync_file" dev="anon_inodefs" ino=14081 scontext=u:r:mediacodec:s0 tcontext=u:r:adayo_dvr_service:s0 tclass=fd permissive=1
05-27 18:18:26.673 30773 30773 I CameraHelper: type=1400 audit(0.0:44435): avc: denied { use } for path="anon_inode:sync_file" dev="anon_inodefs" ino=14081 scontext=u:r:mediacodec:s0 tcontext=u:r:adayo_dvr_service:s0 tclass=fd permissive=1
05-27 18:18:26.682 13911 14183 I SentryImuMcuAngleSender: 179.95795rollDeg
05-27 18:18:26.682 13911 14183 I SentryImuMcuAngleSender: 1,0,0
05-27 18:18:26.684   536   536 D commservice260303: msg.id = 1028,1
05-27 18:18:26.684   536   536 D commservice260303: i = 170, msgid = 8A000404
05-27 18:18:26.684   536   536 D commservice260303: msgid = -1979710460,did=138
05-27 18:18:26.684   536   536 D commservice260303: CommProtocolLibCmdBaseI2C::dataproc {"command":{"id":"imu_status","sub":""},"content":{"TimeStamp":8,"FrameCounter":207757,"GD_X":-0.011147825978696346,"GD_Y":0.005268065724521875,"GD_Z":0.002213752595707774,"AD_X":-0.001985982060432434,"AD_Y":0.0036815754137933254,"AD_Z":-0.16704177856445312,"TempDsp":0,"Status":0,"CalibState":1,"SigAmpInvalid":0}},-1979710460
05-27 18:18:26.684   536   536 D commservice260303: send2Cluster len:315, 7B22636F6D6D616E64223A7B226964223A22696D755F737461747573222C22737562223A22227D2C22636F6E74656E74223A7B2254696D655374616D70223A382C224672616D65436F756E746572223A3230373735372C2247445F58223A2D302E3031313134373832353937383639363334362C2247445F59223A302E3030353236383036353732343532313837352C2247445F5A223A302E3030323231333735323539353730373737342C2241445F58223A2D302E3030313938353938323036303433323433342C2241445F59223A302E303033363831353735343133373933333235342C2241445F5A223A2D302E31363730343137373835363434353331322C2254656D70447370223A302C22537461747573223A302C2243616C69625374617465223A312C22536967416D70496E76616C6964223A307D7D, 138 
05-27 18:18:26.685   536   536 D commservice260303: Push Message into SendPool fn=-932707584
05-27 18:18:26.685   536   536 D commservice260303: ComProtocolLibSend2Cluster::send2ClusterRaw fn=-932707584 , len=331
05-27 18:18:26.685   536   536 D commservice260303: sendCmdToPort :331!!!
05-27 18:18:26.685   536   536 D commservice260303: send Cmd To Port ++++5AA501478A01000368C86A16C4F27B22636F6D6D616E64223A7B226964223A22696D755F737461747573222C22737562223A22227D2C22636F6E74656E74223A7B2254696D655374616D70223A382C224672616D65436F756E746572223A3230373735372C2247445F58223A2D302E3031313134373832353937383639363334362C2247445F59223A302E3030353236383036353732343532313837352C2247445F5A223A302E3030323231333735323539353730373737342C2241445F58223A2D302E3030313938353938323036303433323433342C2241445F59223A302E303033363831353735343133373933333235342C2241445F5A223A2D302E31363730343137373835363434353331322C2254656D70447370223A302C22537461747573223A302C2243616C69625374617465223A312C22536967416D70496E76616C6964223A307D7D5B62
05-27 18:18:26.685   536   536 D commservice260303: bufferevent_write retrun value = 0
05-27 18:18:26.685   536   560 D commservice260303: client datas send succeed,send finish
05-27 18:18:26.685 13911 14192 D Sentinelmode_1.2.5.17_sentry: <SentryImuClusterFgeSender>imu_status sent to Linux, frame=207757, tsNs=8973931, tsMs=8, intervalMs=40, ad=(-0.001985982,0.0036815754,-0.16704178), gd=(-0.011147826,0.0052680657,0.0022137526)
05-27 18:18:26.689   581   581 I SpiService: fgesysctrl_getGPIO_status success val=1
05-27 18:18:26.690  1008 30856 D [OMXB]  : usingANWBuffer: handle:0xee741e50, format:1, w:1920, h:1080
05-27 08:09:35.654   581   581 D spi_rst_gpio_get_output: GPIO 145 value: 1
05-27 08:09:35.654   581   581 D spidev_ioctl: gpio status=1)
05-27 18:18:26.694   581   581 I SpiService: fgesysctrl_getGPIO_status success val=1
05-27 08:09:35.659   581   581 D spi_rst_gpio_get_output: GPIO 145 value: 1
05-27 08:09:35.659   581   581 D spidev_ioctl: gpio status=1)
05-27 18:18:26.700   299 30844 D EvsDriver: forwardFrame
05-27 18:18:26.700   299 30841 D EvsDriver: forwardFrame
05-27 18:18:26.700   581   581 I SpiService: fgesysctrl_getGPIO_status success val=1
05-27 08:09:35.664   581   581 D spi_rst_gpio_get_output: GPIO 145 value: 1
05-27 08:09:35.664   581   581 D spidev_ioctl: gpio status=1)
05-27 18:18:26.702   299 30844 D EvsDriver: Delivered 0xb400007b7ca56900 as id 0
05-27 18:18:26.702   299 30841 D EvsDriver: Delivered 0xb400007b7ca56a60 as id 0
05-27 18:18:26.702  1167  1167 D evsmanagerd: /dev/video6 forwarded the buffer #0 to 0xb4000074bf5f5510 from 0xb4000074bf5f6d90
05-27 18:18:26.702  1167  1184 D evsmanagerd: /dev/video4 forwarded the buffer #0 to 0xb4000074bf5f6850 from 0xb4000074bf5f41d0
05-27 18:18:26.702 13911 14183 I SentryImuMcuAngleSender: 179.96495rollDeg
05-27 18:18:26.702 13911 14183 I SentryImuMcuAngleSender: 1,0,0
05-27 18:18:26.706   299  1153 D EvsDriver: doneWithFrame
05-27 18:18:26.706   299  1163 D EvsDriver: doneWithFrame
05-27 18:18:26.706   581   581 I SpiService: fgesysctrl_getGPIO_status success val=1
05-27 08:09:35.670   581   581 D spi_rst_gpio_get_output: GPIO 145 value: 1
05-27 08:09:35.670   581   581 D spidev_ioctl: gpio status=1)
05-27 18:18:26.712   581   581 I SpiService: fgesysctrl_getGPIO_status success val=0
05-27 08:09:35.676   581   581 D spi_rst_gpio_get_output: GPIO 145 value: 0
05-27 08:09:35.676   581   581 D spidev_ioctl: gpio status=0)
05-27 18:18:26.717   283   307 I rvcservice: t.code = 4, t.value = 0
05-27 18:18:26.718  1008 30857 D [OMXB]  : usingANWBuffer: handle:0xee740170, format:1, w:1920, h:1080
05-27 18:18:26.722 13911 14183 I SentryImuMcuAngleSender: 179.96846rollDeg
05-27 18:18:26.722 13911 14183 I SentryImuMcuAngleSender: 1,0,0
05-27 18:18:26.724   536   536 D commservice260303: msg.id = 1028,0
05-27 18:18:26.724   536   536 D commservice260303: i = 170, msgid = 8A000404
05-27 18:18:26.724   536   536 D commservice260303: msgid = -1979710460,did=138
05-27 18:18:26.724   536   536 D commservice260303: CommProtocolLibCmdBaseI2C::dataproc {"command":{"id":"imu_status","sub":""},"content":{"TimeStamp":8,"FrameCounter":207758,"GD_X":-0.01160607673227787,"GD_Y":0.004656890872865915,"GD_Z":0.0019848872907459736,"AD_X":4.36633825302124E-4,"AD_Y":0.0024436903186142445,"AD_Z":-0.16704177856445312,"TempDsp":0,"Status":0,"CalibState":1,"SigAmpInvalid":0}},-1979710460
05-27 18:18:26.724   536   536 D commservice260303: send2Cluster len:313, 7B22636F6D6D616E64223A7B226964223A22696D755F737461747573222C22737562223A22227D2C22636F6E74656E74223A7B2254696D655374616D70223A382C224672616D65436F756E746572223A3230373735382C2247445F58223A2D302E30313136303630373637333232373738372C2247445F59223A302E3030343635363839303837323836353931352C2247445F5A223A302E303031393834383837323930373435393733362C2241445F58223A342E3336363333383235333032313234452D342C2241445F59223A302E303032343433363930333138363134323434352C2241445F5A223A2D302E31363730343137373835363434353331322C2254656D70447370223A302C22537461747573223A302C2243616C69625374617465223A312C22536967416D70496E76616C6964223A307D7D, 138 
05-27 18:18:26.724   536   536 D commservice260303: Push Message into SendPool fn=-915930368
05-27 18:18:26.724   536   536 D commservice260303: ComProtocolLibSend2Cluster::send2ClusterRaw fn=-915930368 , len=329
05-27 18:18:26.724   536   536 D commservice260303: sendCmdToPort :329!!!
05-27 18:18:26.724   536   536 D commservice260303: send Cmd To Port ++++5AA501458A01000368C96A16C4F27B22636F6D6D616E64223A7B226964223A22696D755F737461747573222C22737562223A22227D2C22636F6E74656E74223A7B2254696D655374616D70223A382C224672616D65436F756E746572223A3230373735382C2247445F58223A2D302E30313136303630373637333232373738372C2247445F59223A302E3030343635363839303837323836353931352C2247445F5A223A302E303031393834383837323930373435393733362C2241445F58223A342E3336363333383235333032313234452D342C2241445F59223A302E303032343433363930333138363134323434352C2241445F5A223A2D302E31363730343137373835363434353331322C2254656D70447370223A302C22537461747573223A302C2243616C69625374617465223A312C22536967416D70496E76616C6964223A307D7DF702
05-27 18:18:26.725   536   536 D commservice260303: bufferevent_write retrun value = 0
05-27 18:18:26.725   536   560 D commservice260303: client datas send succeed,send finish
05-27 18:18:26.725 13911 14192 D Sentinelmode_1.2.5.17_sentry: <SentryImuClusterFgeSender>imu_status sent to Linux, frame=207758, tsNs=8973967, tsMs=8, intervalMs=39, ad=(4.3663383E-4,0.0024436903,-0.16704178), gd=(-0.011606077,0.004656891,0.0019848873)
05-27 18:18:26.727   581   581 I SpiService: fgesysctrl_getGPIO_status success val=1
05-27 08:09:35.691   581   581 D spi_rst_gpio_get_output: GPIO 145 value: 1
05-27 08:09:35.691   581   581 D spidev_ioctl: gpio status=1)
05-27 18:18:26.732   581   581 I SpiService: fgesysctrl_getGPIO_status success val=1
05-27 08:09:35.697   581   581 D spi_rst_gpio_get_output: GPIO 145 value: 1
05-27 08:09:35.697   581   581 D spidev_ioctl: gpio status=1)
05-27 18:18:26.733   299 30841 D EvsDriver: forwardFrame
05-27 18:18:26.734   299 30844 D EvsDriver: forwardFrame
05-27 18:18:26.736  1008 30856 D [OMXB]  : usingANWBuffer: handle:0xee743ea0, format:1, w:1920, h:1080
05-27 18:18:26.737   299 30841 D EvsDriver: Delivered 0xb400007b7ca56a60 as id 0
05-27 18:18:26.737   299 30844 D EvsDriver: Delivered 0xb400007b7ca56900 as id 0
05-27 18:18:26.737  1167  1184 D evsmanagerd: /dev/video4 forwarded the buffer #0 to 0xb4000074bf5f6850 from 0xb4000074bf5f41d0
05-27 18:18:26.737  1167  1167 D evsmanagerd: /dev/video6 forwarded the buffer #0 to 0xb4000074bf5f5510 from 0xb4000074bf5f6d90
05-27 18:18:26.737 30773 30789 I dvr_service_: Camera 0: MediaOK:137690689, frames:3160, isKeyFrame:0,pts:8973694125
05-27 18:18:26.737   581   581 I SpiService: fgesysctrl_getGPIO_status success val=1
05-27 08:09:35.701     0     0 W         : c6 [    C6] Irq_monitor:Irq                                           IPI[1]occur        7483 times interval 1028 ms
05-27 08:09:35.702   581   581 D spi_rst_gpio_get_output: GPIO 145 value: 1
05-27 08:09:35.702   581   581 D spidev_ioctl: gpio status=1)
05-27 18:18:26.741   299  1153 D EvsDriver: doneWithFrame
05-27 18:18:26.741   299  1163 D EvsDriver: doneWithFrame
05-27 18:18:26.743 13911 14183 I SentryImuMcuAngleSender: 179.97197rollDeg
05-27 18:18:26.743 13911 14183 I SentryImuMcuAngleSender: 1,0,0
05-27 18:18:26.743   581   581 I SpiService: fgesysctrl_getGPIO_status success val=1
05-27 08:09:35.708   581   581 D spi_rst_gpio_get_output: GPIO 145 value: 1
05-27 08:09:35.708   581   581 D spidev_ioctl: gpio status=1)
05-27 18:18:26.749   581   581 I SpiService: fgesysctrl_getGPIO_status success val=1
05-27 18:18:26.751  1008 30857 D [OMXB]  : usingANWBuffer: handle:0xee7437c0, format:1, w:1920, h:1080
05-27 08:09:35.714   581   581 D spi_rst_gpio_get_output: GPIO 145 value: 1
05-27 08:09:35.714   581   581 D spidev_ioctl: gpio status=1)
05-27 08:09:35.719   581   581 D spi_rst_gpio_get_output: GPIO 145 value: 0
05-27 08:09:35.719   581   581 D spidev_ioctl: gpio status=0)
05-27 18:18:26.755   581   581 I SpiService: fgesysctrl_getGPIO_status success val=0
05-27 18:18:26.763 13911 14183 I SentryImuMcuAngleSender: 179.97546rollDeg
05-27 18:18:26.764 13911 14183 I SentryImuMcuAngleSender: 1,0,0
05-27 18:18:26.764   536   536 D commservice260303: msg.id = 1028,0
05-27 18:18:26.764   536   536 D commservice260303: i = 170, msgid = 8A000404
05-27 18:18:26.764   536   536 D commservice260303: msgid = -1979710460,did=138
05-27 18:18:26.764   536   536 D commservice260303: CommProtocolLibCmdBaseI2C::dataproc {"command":{"id":"imu_status","sub":""},"content":{"TimeStamp":8,"FrameCounter":207759,"GD_X":-0.011682018637657166,"GD_Y":0.004733873065561056,"GD_Z":0.0023671966046094894,"AD_X":-0.002016425132751465,"AD_Y":0.0012149321846663952,"AD_Z":-0.1694812774658203,"TempDsp":0,"Status":0,"CalibState":1,"SigAmpInvalid":0}},-1979710460
05-27 18:18:26.764   536   536 D commservice260303: send2Cluster len:315, 7B22636F6D6D616E64223A7B226964223A22696D755F737461747573222C22737562223A22227D2C22636F6E74656E74223A7B2254696D655374616D70223A382C224672616D65436F756E746572223A3230373735392C2247445F58223A2D302E3031313638323031383633373635373136362C2247445F59223A302E3030343733333837333036353536313035362C2247445F5A223A302E303032333637313936363034363039343839342C2241445F58223A2D302E3030323031363432353133323735313436352C2241445F59223A302E303031323134393332313834363636333935322C2241445F5A223A2D302E313639343831323737343635383230332C2254656D70447370223A302C22537461747573223A302C2243616C69625374617465223A312C22536967416D70496E76616C6964223A307D7D, 138 
05-27 18:18:26.764   536   536 D commservice260303: Push Message into SendPool fn=-899153152
05-27 18:18:26.764   536   536 D commservice260303: ComProtocolLibSend2Cluster::send2ClusterRaw fn=-899153152 , len=331
05-27 18:18:26.765   536   536 D commservice260303: sendCmdToPort :331!!!
05-27 18:18:26.765   536   536 D commservice260303: send Cmd To Port ++++5AA501478A01000368CA6A16C4F27B22636F6D6D616E64223A7B226964223A22696D755F737461747573222C22737562223A22227D2C22636F6E74656E74223A7B2254696D655374616D70223A382C224672616D65436F756E746572223A3230373735392C2247445F58223A2D302E3031313638323031383633373635373136362C2247445F59223A302E3030343733333837333036353536313035362C2247445F5A223A302E303032333637313936363034363039343839342C2241445F58223A2D302E3030323031363432353133323735313436352C2241445F59223A302E303031323134393332313834363636333935322C2241445F5A223A2D302E313639343831323737343635383230332C2254656D70447370223A302C22537461747573223A302C2243616C69625374617465223A312C22536967416D70496E76616C6964223A307D7D30D0
05-27 18:18:26.765   536   536 D commservice260303: bufferevent_write retrun value = 0
05-27 18:18:26.765   536   560 D commservice260303: client datas send succeed,send finish
05-27 18:18:26.765 13911 14192 D Sentinelmode_1.2.5.17_sentry: <SentryImuClusterFgeSender>imu_status sent to Linux, frame=207759, tsNs=8974002, tsMs=8, intervalMs=41, ad=(-0.0020164251,0.0012149322,-0.16948128), gd=(-0.011682019,0.004733873,0.0023671966)
05-27 18:18:26.769   581   581 I SpiService: fgesysctrl_getGPIO_status success val=1
05-27 08:09:35.733   581   581 D spi_rst_gpio_get_output: GPIO 145 value: 1
05-27 08:09:35.733   581   581 D spidev_ioctl: gpio status=1)
05-27 18:18:26.769   572   622 I Sensors : 230 AccelSensor: x:-0.168969,y:0.003659,z:-9.974720
05-27 18:18:26.771   299 30841 D EvsDriver: forwardFrame
05-27 18:18:26.771   299 30844 D EvsDriver: forwardFrame
05-27 18:18:26.773   299 30841 D EvsDriver: Delivered 0xb400007b7ca56a60 as id 0
05-27 18:18:26.773   299 30844 D EvsDriver: Delivered 0xb400007b7ca56900 as id 0
05-27 18:18:26.773  1167  1184 D evsmanagerd: /dev/video4 forwarded the buffer #0 to 0xb4000074bf5f6850 from 0xb4000074bf5f41d0
05-27 18:18:26.774  1167  1167 D evsmanagerd: /dev/video6 forwarded the buffer #0 to 0xb4000074bf5f5510 from 0xb4000074bf5f6d90
05-27 18:18:26.774   581   581 I SpiService: fgesysctrl_getGPIO_status success val=1
05-27 08:09:35.739   581   581 D spi_rst_gpio_get_output: GPIO 145 value: 1
05-27 18:18:26.777   299  1163 D EvsDriver: doneWithFrame
05-27 08:09:35.739   581   581 D spidev_ioctl: gpio status=1)
05-27 18:18:26.778   299  1163 D EvsDriver: doneWithFrame
05-27 18:18:26.779  1008 30856 D [OMXB]  : usingANWBuffer: handle:0xee741da0, format:1, w:1920, h:1080
05-27 18:18:26.780   581   581 I SpiService: fgesysctrl_getGPIO_status success val=1
05-27 08:09:35.744   581   581 D spi_rst_gpio_get_output: GPIO 145 value: 1
05-27 08:09:35.744   581   581 D spidev_ioctl: gpio status=1)
05-27 18:18:26.783 13911 14183 I SentryImuMcuAngleSender: 179.97899rollDeg
05-27 18:18:26.783 13911 14183 I SentryImuMcuAngleSender: 1,0,0
05-27 18:18:26.783 32036 32068 D ANWAPI_SECOND: (32036|0x294CBCB0)[BTAPI] set_bluetooth_power : open /sys/class/gpio/gpio142/value
05-27 18:18:26.784 32036 32068 D ANWAPI_SECOND: (32036|0x294CBCB0)[BTAPI] set_bluetooth_power : open(/sys/class/gpio/gpio142/value) for write failed,fd=-1
05-27 18:18:26.784 32036 32068 D ANWAPI_SECOND: (32036|0x294CBCB0)[BTAPI] open set_bluetooth_power : write(No such file or directory) failed,errno = 2
05-27 18:18:26.785   581   581 I SpiService: fgesysctrl_getGPIO_status success val=1
05-27 08:09:35.750   581   581 D spi_rst_gpio_get_output: GPIO 145 value: 1
05-27 08:09:35.750   581   581 D spidev_ioctl: gpio status=1)
05-27 18:18:26.791   581   581 I SpiService: fgesysctrl_getGPIO_status success val=1
05-27 18:18:26.792  1008 30857 D [OMXB]  : usingANWBuffer: handle:0xee743710, format:1, w:1920, h:1080
05-27 08:09:35.755   581   581 D spi_rst_gpio_get_output: GPIO 145 value: 1
05-27 08:09:35.755   581   581 D spidev_ioctl: gpio status=1)
05-27 18:18:26.796   581   581 I SpiService: fgesysctrl_getGPIO_status success val=0
05-27 08:09:35.761   581   581 D spi_rst_gpio_get_output: GPIO 145 value: 0
05-27 08:09:35.761   581   581 D spidev_ioctl: gpio status=0)
05-27 18:18:26.798   299 30844 D EvsDriver: forwardFrame
05-27 18:18:26.798   299 30841 D EvsDriver: forwardFrame
05-27 18:18:26.799  1167  1184 D evsmanagerd: /dev/video4 forwarded the buffer #0 to 0xb4000074bf5f6850 from 0xb4000074bf5f41d0
05-27 18:18:26.799  1167  1167 D evsmanagerd: /dev/video6 forwarded the buffer #0 to 0xb4000074bf5f5510 from 0xb4000074bf5f6d90
