05-27 18:18:23.608   536   536 D commservice260303: CommProtocolLibCmdBaseI2C::dataproc {"command":{"id":"imu_status","sub":""},"content":{"TimeStamp":8,"FrameCounter":207682,"GD_X":-0.010690094903111458,"GD_Y":0.004733873065561056,"GD_Z":0.002443138277158141,"AD_X":-0.0018065720796585083,"AD_Y":9.002343285828829E-4,"AD_Z":-0.17192459106445312,"TempDsp":0,"Status":0,"CalibState":1,"SigAmpInvalid":0}},-1979710460
05-27 18:18:23.609   536   536 D commservice260303: send2Cluster len:315, 7B22636F6D6D616E64223A7B226964223A22696D755F737461747573222C22737562223A22227D2C22636F6E74656E74223A7B2254696D655374616D70223A382C224672616D65436F756E746572223A3230373638322C2247445F58223A2D302E3031303639303039343930333131313435382C2247445F59223A302E3030343733333837333036353536313035362C2247445F5A223A302E3030323434333133383237373135383134312C2241445F58223A2D302E303031383036353732303739363538353038332C2241445F59223A392E303032333433323835383238383239452D342C2241445F5A223A2D302E31373139323435393130363434353331322C2254656D70447370223A302C22537461747573223A302C2243616C69625374617465223A312C22536967416D70496E76616C6964223A307D7D, 138 
05-27 18:18:23.609   536   536 D commservice260303: Push Message into SendPool fn=2087191296
05-27 18:18:23.609   536   536 D commservice260303: ComProtocolLibSend2Cluster::send2ClusterRaw fn=2087191296 , len=331
05-27 18:18:23.609   536   536 D commservice260303: sendCmdToPort :331!!!
05-27 18:18:23.609   299  1153 D EvsDriver: doneWithFrame
05-27 18:18:23.610   536   536 D commservice260303: send Cmd To Port ++++5AA501478A010003687C6A16C4EF7B22636F6D6D616E64223A7B226964223A22696D755F737461747573222C22737562223A22227D2C22636F6E74656E74223A7B2254696D655374616D70223A382C224672616D65436F756E746572223A3230373638322C2247445F58223A2D302E3031303639303039343930333131313435382C2247445F59223A302E3030343733333837333036353536313035362C2247445F5A223A302E3030323434333133383237373135383134312C2241445F58223A2D302E303031383036353732303739363538353038332C2241445F59223A392E303032333433323835383238383239452D342C2241445F5A223A2D302E31373139323435393130363434353331322C2254656D70447370223A302C22537461747573223A302C2243616C69625374617465223A312C22536967416D70496E76616C6964223A307D7DCBA9
05-27 18:18:23.610   536   536 D commservice260303: bufferevent_write retrun value = 0
05-27 18:18:23.610   536   560 D commservice260303: client datas send succeed,send finish
05-27 18:18:23.610   581   581 I SpiService: fgesysctrl_getGPIO_status success val=1
05-27 18:18:23.613 13911 14192 D Sentinelmode_1.2.5.17_sentry: <SentryImuClusterFgeSender>imu_status sent to Linux, frame=207682, tsNs=8970847, tsMs=8, intervalMs=46, ad=(-0.0018065721,9.002343E-4,-0.17192459), gd=(-0.010690095,0.004733873,0.0024431383)
05-27 18:18:23.614  1008 30857 D [OMXB]  : usingANWBuffer: handle:0xee741400, format:1, w:1920, h:1080
05-27 18:18:23.616   581   581 I SpiService: fgesysctrl_getGPIO_status success val=1
05-27 18:18:23.618 13911 14183 I SentryImuMcuAngleSender: 179.98248rollDeg
05-27 18:18:23.618 13911 14183 I SentryImuMcuAngleSender: 1,0,0
05-27 18:18:23.621   581   581 I SpiService: fgesysctrl_getGPIO_status success val=1
05-27 08:09:32.586   581   581 D spidev_ioctl: gpio status=1)
05-27 18:18:23.627   581   581 I SpiService: fgesysctrl_getGPIO_status success val=0
05-27 18:18:23.627   481   597 I mcuc    : send SPI:6AA602B4B6000283050A6AA602B4B70002890008
05-27 18:18:23.632   572   572 I Sensors : 230 AccelSensor: x:-0.172630,y:0.001829,z:-9.974720
05-27 18:18:23.637  1008 30857 D [OMXB]  : usingANWBuffer: handle:0xee7407a0, format:1, w:1920, h:1080
05-27 18:18:23.637 30773 30789 I dvr_service_: Camera 1: MediaOK:134730861, frames:3080, isKeyFrame:0,pts:8970767089
05-27 18:18:23.638 13911 14183 I SentryImuMcuAngleSender: 179.98949rollDeg
05-27 18:18:23.638   299 30841 D EvsDriver: forwardFrame
05-27 18:18:23.638 13911 14183 I SentryImuMcuAngleSender: 1,0,0
05-27 18:18:23.639   299 30844 D EvsDriver: forwardFrame
05-27 18:18:23.642   299 30841 D EvsDriver: Delivered 0xb400007b7ca56a60 as id 0
05-27 18:18:23.642   581   581 I SpiService: fgesysctrl_getGPIO_status success val=1
05-27 18:18:23.642   299 30844 D EvsDriver: Delivered 0xb400007b7ca56900 as id 0
05-27 18:18:23.642  1167  1167 D evsmanagerd: /dev/video6 forwarded the buffer #0 to 0xb4000074bf5f5510 from 0xb4000074bf5f6d90
05-27 18:18:23.642  1167  1184 D evsmanagerd: /dev/video4 forwarded the buffer #0 to 0xb4000074bf5f6850 from 0xb4000074bf5f41d0
05-27 18:18:23.643 30773 30782 E dvr_service_: [myNum:1] Received S**** loss
05-27 18:18:23.643 30773 30773 E dvr_service_: [myNum:0] Received S**** loss
05-27 18:18:23.643   299  1153 D EvsDriver: doneWithFrame
05-27 18:18:23.644   299  1163 D EvsDriver: doneWithFrame
05-27 18:18:23.648   581   581 I SpiService: fgesysctrl_getGPIO_status success val=1
05-27 18:18:23.652  1008 30856 D [OMXB]  : usingANWBuffer: handle:0xee7421c0, format:1, w:1920, h:1080
05-27 18:18:23.654   581   581 I SpiService: fgesysctrl_getGPIO_status success val=1
05-27 18:18:23.655   536   536 D commservice260303: msg.id = 1028,1
05-27 18:18:23.655   536   536 D commservice260303: i = 170, msgid = 8A000404
05-27 18:18:23.655   536   536 D commservice260303: msgid = -1979710460,did=138
05-27 18:18:23.655   536   536 D commservice260303: CommProtocolLibCmdBaseI2C::dataproc {"command":{"id":"imu_status","sub":""},"content":{"TimeStamp":8,"FrameCounter":207683,"GD_X":-0.011300750076770782,"GD_Y":0.004733873065561056,"GD_Z":0.0022902146447449923,"AD_X":-0.006659418344497681,"AD_Y":-0.002747535239905119,"AD_Z":-0.16826629638671875,"TempDsp":0,"Status":0,"CalibState":1,"SigAmpInvalid":0}},-1979710460
05-27 18:18:23.655   536   536 D commservice260303: send2Cluster len:316, 7B22636F6D6D616E64223A7B226964223A22696D755F737461747573222C22737562223A22227D2C22636F6E74656E74223A7B2254696D655374616D70223A382C224672616D65436F756E746572223A3230373638332C2247445F58223A2D302E3031313330303735303037363737303738322C2247445F59223A302E3030343733333837333036353536313035362C2247445F5A223A302E303032323930323134363434373434393932332C2241445F58223A2D302E3030363635393431383334343439373638312C2241445F59223A2D302E3030323734373533353233393930353131392C2241445F5A223A2D302E31363832363632393633383637313837352C2254656D70447370223A302C22537461747573223A302C2243616C69625374617465223A312C22536967416D70496E76616C6964223A307D7D, 138 
05-27 18:18:23.655   536   536 D commservice260303: Push Message into SendPool fn=2103968512
05-27 18:18:23.655   536   536 D commservice260303: ComProtocolLibSend2Cluster::send2ClusterRaw fn=2103968512 , len=332
05-27 18:18:23.655   536   536 D commservice260303: sendCmdToPort :332!!!
05-27 18:18:23.655   536   536 D commservice260303: send Cmd To Port ++++5AA501488A010003687D6A16C4EF7B22636F6D6D616E64223A7B226964223A22696D755F737461747573222C22737562223A22227D2C22636F6E74656E74223A7B2254696D655374616D70223A382C224672616D65436F756E746572223A3230373638332C2247445F58223A2D302E3031313330303735303037363737303738322C2247445F59223A302E3030343733333837333036353536313035362C2247445F5A223A302E303032323930323134363434373434393932332C2241445F58223A2D302E3030363635393431383334343439373638312C2241445F59223A2D302E3030323734373533353233393930353131392C2241445F5A223A2D302E31363832363632393633383637313837352C2254656D70447370223A302C22537461747573223A302C2243616C69625374617465223A312C22536967416D70496E76616C6964223A307D7D83A4
05-27 18:18:23.655   536   536 D commservice260303: bufferevent_write retrun value = 0
05-27 18:18:23.655   536   560 D commservice260303: client datas send succeed,send finish
05-27 18:18:23.656 13911 14192 D Sentinelmode_1.2.5.17_sentry: <SentryImuClusterFgeSender>imu_status sent to Linux, frame=207683, tsNs=8970901, tsMs=8, intervalMs=42, ad=(-0.0066594183,-0.0027475352,-0.1682663), gd=(-0.01130075,0.004733873,0.0022902146)
05-27 18:18:23.658 13911 14183 I SentryImuMcuAngleSender: 180.0rollDeg
05-27 18:18:23.659 13911 14183 I SentryImuMcuAngleSender: 1,0,0
05-27 18:18:23.660   581   581 I SpiService: fgesysctrl_getGPIO_status success val=1
05-27 18:18:23.666   581   581 I SpiService: fgesysctrl_getGPIO_status success val=0
05-27 18:18:23.668  1008 30857 D [OMXB]  : usingANWBuffer: handle:0xee744210, format:1, w:1920, h:1080
05-27 18:18:23.669   299 30841 D EvsDriver: forwardFrame
05-27 18:18:23.671   299 30844 D EvsDriver: forwardFrame
05-27 18:18:23.672   299 30841 D EvsDriver: Delivered 0xb400007b7ca56a60 as id 0
05-27 18:18:23.673  1167  1184 D evsmanagerd: /dev/video4 forwarded the buffer #0 to 0xb4000074bf5f6850 from 0xb4000074bf5f41d0
05-27 18:18:23.674   299 30844 D EvsDriver: Delivered 0xb400007b7ca56900 as id 0
05-27 18:18:23.674  1167  1184 D evsmanagerd: /dev/video6 forwarded the buffer #0 to 0xb4000074bf5f5510 from 0xb4000074bf5f6d90
05-27 18:18:23.679   299  1163 D EvsDriver: doneWithFrame
05-27 18:18:23.680 13911 14183 I SentryImuMcuAngleSender: -179.98949rollDeg
05-27 18:18:23.680 13911 14183 I SentryImuMcuAngleSender: 1,0,0
05-27 18:18:23.682   299  1153 D EvsDriver: doneWithFrame
05-27 18:18:23.683   581   581 I SpiService: fgesysctrl_getGPIO_status success val=1
05-27 18:18:23.688  1008 30856 D [OMXB]  : usingANWBuffer: handle:0xee744fd0, format:1, w:1920, h:1080
05-27 18:18:23.688   581   581 I SpiService: fgesysctrl_getGPIO_status success val=1
05-27 18:18:23.694   581   581 I SpiService: fgesysctrl_getGPIO_status success val=1
05-27 18:18:23.695   536   536 D commservice260303: msg.id = 1028,1
05-27 18:18:23.695   536   536 D commservice260303: i = 170, msgid = 8A000404
05-27 18:18:23.695   536   536 D commservice260303: msgid = -1979710460,did=138
05-27 18:18:23.695   536   536 D commservice260303: CommProtocolLibCmdBaseI2C::dataproc {"command":{"id":"imu_status","sub":""},"content":{"TimeStamp":8,"FrameCounter":207684,"GD_X":-0.011070843786001205,"GD_Y":0.004580949433147907,"GD_Z":0.0018319635419175029,"AD_X":-0.006028175354003906,"AD_Y":-0.00576415378600359,"AD_Z":-0.17070484161376953,"TempDsp":0,"Status":0,"CalibState":1,"SigAmpInvalid":0}},-1979710460
05-27 18:18:23.696   536   536 D commservice260303: send2Cluster len:315, 7B22636F6D6D616E64223A7B226964223A22696D755F737461747573222C22737562223A22227D2C22636F6E74656E74223A7B2254696D655374616D70223A382C224672616D65436F756E746572223A3230373638342C2247445F58223A2D302E3031313037303834333738363030313230352C2247445F59223A302E3030343538303934393433333134373930372C2247445F5A223A302E303031383331393633353431393137353032392C2241445F58223A2D302E3030363032383137353335343030333930362C2241445F59223A2D302E30303537363431353337383630303335392C2241445F5A223A2D302E31373037303438343136313337363935332C2254656D70447370223A302C22537461747573223A302C2243616C69625374617465223A312C22536967416D70496E76616C6964223A307D7D, 138 
05-27 18:18:23.696   536   536 D commservice260303: Push Message into SendPool fn=2120745728
05-27 18:18:23.696   536   536 D commservice260303: ComProtocolLibSend2Cluster::send2ClusterRaw fn=2120745728 , len=331
05-27 18:18:23.696   536   536 D commservice260303: sendCmdToPort :331!!!
05-27 18:18:23.696   536   536 D commservice260303: send Cmd To Port ++++5AA501478A010003687E6A16C4EF7B22636F6D6D616E64223A7B226964223A22696D755F737461747573222C22737562223A22227D2C22636F6E74656E74223A7B2254696D655374616D70223A382C224672616D65436F756E746572223A3230373638342C2247445F58223A2D302E3031313037303834333738363030313230352C2247445F59223A302E3030343538303934393433333134373930372C2247445F5A223A302E303031383331393633353431393137353032392C2241445F58223A2D302E3030363032383137353335343030333930362C2241445F59223A2D302E30303537363431353337383630303335392C2241445F5A223A2D302E31373037303438343136313337363935332C2254656D70447370223A302C22537461747573223A302C2243616C69625374617465223A312C22536967416D70496E76616C6964223A307D7D3E09
05-27 18:18:23.696   536   536 D commservice260303: bufferevent_write retrun value = 0
05-27 18:18:23.696   536   560 D commservice260303: client datas send succeed,send finish
05-27 18:18:23.696 13911 14192 D Sentinelmode_1.2.5.17_sentry: <SentryImuClusterFgeSender>imu_status sent to Linux, frame=207684, tsNs=8970936, tsMs=8, intervalMs=41, ad=(-0.0060281754,-0.005764154,-0.17070484), gd=(-0.011070844,0.0045809494,0.0018319635)
05-27 18:18:23.700   581   581 I SpiService: fgesysctrl_getGPIO_status success val=1
05-27 18:18:23.701 13911 14183 I SentryImuMcuAngleSender: -179.98248rollDeg
05-27 18:18:23.701 13911 14183 I SentryImuMcuAngleSender: 1,0,0
05-27 18:18:23.705   581   581 I SpiService: fgesysctrl_getGPIO_status success val=0
05-27 18:18:23.707  1008 30857 D [OMXB]  : usingANWBuffer: handle:0xee7406f0, format:1, w:1920, h:1080
05-27 18:18:23.708   283   307 I rvcservice: t.code = 1, t.value = -170800
05-27 18:18:23.708   299 30844 D EvsDriver: forwardFrame
05-27 18:18:23.708   299 30841 D EvsDriver: forwardFrame
05-27 18:18:23.710   299 30841 D EvsDriver: Delivered 0xb400007b7ca56a60 as id 0
05-27 18:18:23.711  1167  1167 D evsmanagerd: /dev/video4 forwarded the buffer #0 to 0xb4000074bf5f6850 from 0xb4000074bf5f41d0
05-27 18:18:23.711  1167  1167 D evsmanagerd: /dev/video6 forwarded the buffer #0 to 0xb4000074bf5f5510 from 0xb4000074bf5f6d90
05-27 18:18:23.711   299 30844 D EvsDriver: Delivered 0xb400007b7ca56900 as id 0
05-27 18:18:23.715   299  1153 D EvsDriver: doneWithFrame
05-27 18:18:23.716   299  1153 D EvsDriver: doneWithFrame
05-27 18:18:23.720   581   581 I SpiService: fgesysctrl_getGPIO_status success val=1
05-27 18:18:23.722 13911 14183 I SentryImuMcuAngleSender: -179.9895rollDeg
05-27 18:18:23.722 13911 14183 I SentryImuMcuAngleSender: 1,0,0
05-27 18:18:23.723   572   572 I Sensors : 230 GyroSensor: x:-0.010995,y:0.005574,z:0.002443
05-27 18:18:23.725  1008 30856 D [OMXB]  : usingANWBuffer: handle:0xee740bc0, format:1, w:1920, h:1080
05-27 18:18:23.726   581   581 I SpiService: fgesysctrl_getGPIO_status success val=1
05-27 18:18:23.726 30773 30789 I dvr_service_: Camera 0: MediaOK:134793249, frames:3090, isKeyFrame:0,pts:8970796685
05-27 18:18:23.731   581   581 I SpiService: fgesysctrl_getGPIO_status success val=1
05-27 18:18:23.735   536   536 D commservice260303: msg.id = 1028,0
05-27 18:18:23.736   536   536 D commservice260303: i = 170, msgid = 8A000404
05-27 18:18:23.736   536   536 D commservice260303: msgid = -1979710460,did=138
05-27 18:18:23.736   536   536 D commservice260303: CommProtocolLibCmdBaseI2C::dataproc {"command":{"id":"imu_status","sub":""},"content":{"TimeStamp":8,"FrameCounter":207685,"GD_X":-0.010994902811944485,"GD_Y":0.005573912989348173,"GD_Z":0.002443138277158141,"AD_X":-0.002975955605506897,"AD_Y":-0.002690839348360896,"AD_Z":-0.17253684997558594,"TempDsp":0,"Status":0,"CalibState":1,"SigAmpInvalid":0}},-1979710460
05-27 18:18:23.736   536   536 D commservice260303: send2Cluster len:315, 7B22636F6D6D616E64223A7B226964223A22696D755F737461747573222C22737562223A22227D2C22636F6E74656E74223A7B2254696D655374616D70223A382C224672616D65436F756E746572223A3230373638352C2247445F58223A2D302E3031303939343930323831313934343438352C2247445F59223A302E3030353537333931323938393334383137332C2247445F5A223A302E3030323434333133383237373135383134312C2241445F58223A2D302E3030323937353935353630353530363839372C2241445F59223A2D302E3030323639303833393334383336303839362C2241445F5A223A2D302E31373235333638343939373535383539342C2254656D70447370223A302C22537461747573223A302C2243616C69625374617465223A312C22536967416D70496E76616C6964223A307D7D, 138 
05-27 18:18:23.736   536   536 D commservice260303: Push Message into SendPool fn=2137522944
05-27 18:18:23.736   536   536 D commservice260303: ComProtocolLibSend2Cluster::send2ClusterRaw fn=2137522944 , len=331
05-27 18:18:23.736   536   536 D commservice260303: sendCmdToPort :331!!!
05-27 18:18:23.736   536   536 D commservice260303: send Cmd To Port ++++5AA501478A010003687F6A16C4EF7B22636F6D6D616E64223A7B226964223A22696D755F737461747573222C22737562223A22227D2C22636F6E74656E74223A7B2254696D655374616D70223A382C224672616D65436F756E746572223A3230373638352C2247445F58223A2D302E3031303939343930323831313934343438352C2247445F59223A302E3030353537333931323938393334383137332C2247445F5A223A302E3030323434333133383237373135383134312C2241445F58223A2D302E3030323937353935353630353530363839372C2241445F59223A2D302E3030323639303833393334383336303839362C2241445F5A223A2D302E31373235333638343939373535383539342C2254656D70447370223A302C22537461747573223A302C2243616C69625374617465223A312C22536967416D70496E76616C6964223A307D7D5FDA
05-27 18:18:23.736   536   536 D commservice260303: bufferevent_write retrun value = 0
05-27 18:18:23.736   536   560 D commservice260303: client datas send succeed,send finish
05-27 18:18:23.736 13911 14192 D Sentinelmode_1.2.5.17_sentry: <SentryImuClusterFgeSender>imu_status sent to Linux, frame=207685, tsNs=8970974, tsMs=8, intervalMs=40, ad=(-0.0029759556,-0.0026908393,-0.17253685), gd=(-0.010994903,0.005573913,0.0024431383)
05-27 18:18:23.737   581   581 I SpiService: fgesysctrl_getGPIO_status success val=1
05-27 18:18:23.738   299 30841 D EvsDriver: forwardFrame
05-27 18:18:23.739   299 30844 D EvsDriver: forwardFrame
05-27 18:18:23.740   299 30841 D EvsDriver: Delivered 0xb400007b7ca56a60 as id 0
05-27 18:18:23.741  1167  1167 D evsmanagerd: /dev/video4 forwarded the buffer #0 to 0xb4000074bf5f6850 from 0xb4000074bf5f41d0
05-27 18:18:23.742   299 30844 D EvsDriver: Delivered 0xb400007b7ca56900 as id 0
05-27 18:18:23.742  1167  1167 D evsmanagerd: /dev/video6 forwarded the buffer #0 to 0xb4000074bf5f5510 from 0xb4000074bf5f6d90
05-27 18:18:23.742   581   581 I SpiService: fgesysctrl_getGPIO_status success val=1
05-27 18:18:23.743 13911 14183 I SentryImuMcuAngleSender: 179.986rollDeg
05-27 18:18:23.743 13911 14183 I SentryImuMcuAngleSender: 1,0,0
05-27 08:09:32.707   581   581 D spi_rst_gpio_get_output: GPIO 145 value: 1
05-27 08:09:32.707   581   581 D spidev_ioctl: gpio status=1)
05-27 18:18:23.746   299  1153 D EvsDriver: doneWithFrame
05-27 18:18:23.747   299  1163 D EvsDriver: doneWithFrame
05-27 18:18:23.747 30773 30786 I dvr_service_: CameraX 1  audioOK: 134618118,audios:2000
05-27 08:09:32.712   581   581 D spi_rst_gpio_get_output: GPIO 145 value: 0
05-27 08:09:32.713   581   581 D spidev_ioctl: gpio status=0)
05-27 18:18:23.748   581   581 I SpiService: fgesysctrl_getGPIO_status success val=0
05-27 18:18:23.752  1008 30856 D [OMXB]  : usingANWBuffer: handle:0xee742cc0, format:1, w:1920, h:1080
05-27 18:18:23.764 13911 14183 I SentryImuMcuAngleSender: 179.97197rollDeg
05-27 18:18:23.764   581   581 I SpiService: fgesysctrl_getGPIO_status success val=1
05-27 18:18:23.764 13911 14183 I SentryImuMcuAngleSender: 1,0,0
05-27 18:18:23.765   299 30841 D EvsDriver: forwardFrame
05-27 18:18:23.765   299 30844 D EvsDriver: forwardFrame
05-27 18:18:23.766   299 30841 D EvsDriver: Delivered 0xb400007b7ca56a60 as id 0
05-27 18:18:23.766  1167  1167 D evsmanagerd: /dev/video4 forwarded the buffer #0 to 0xb4000074bf5f6850 from 0xb4000074bf5f41d0
05-27 18:18:23.767  1167  1167 D evsmanagerd: /dev/video6 forwarded the buffer #0 to 0xb4000074bf5f5510 from 0xb4000074bf5f6d90
05-27 18:18:23.767   299 30844 D EvsDriver: Delivered 0xb400007b7ca56900 as id 0
05-27 18:18:23.770   581   581 I SpiService: fgesysctrl_getGPIO_status success val=1
05-27 18:18:23.770  1008 30857 D [OMXB]  : usingANWBuffer: handle:0xee746310, format:1, w:1920, h:1080
05-27 18:18:23.770   299  1153 D EvsDriver: doneWithFrame
05-27 18:18:23.770   299  1163 D EvsDriver: doneWithFrame
05-27 18:18:23.775   581   581 I SpiService: fgesysctrl_getGPIO_status success val=1
05-27 18:18:23.776   536   536 D commservice260303: msg.id = 1028,0
05-27 18:18:23.776   536   536 D commservice260303: i = 170, msgid = 8A000404
05-27 18:18:23.776   536   536 D commservice260303: msgid = -1979710460,did=138
05-27 18:18:23.776   536   536 D commservice260303: CommProtocolLibCmdBaseI2C::dataproc {"command":{"id":"imu_status","sub":""},"content":{"TimeStamp":8,"FrameCounter":207686,"GD_X":-0.011834942735731602,"GD_Y":0.005345047451555729,"GD_Z":0.00259606190957129,"AD_X":-0.0029753297567367554,"AD_Y":0.002182820113375783,"AD_Z":-0.16826629638671875,"TempDsp":0,"Status":0,"CalibState":1,"SigAmpInvalid":0}},-1979710460
05-27 18:18:23.776   536   536 D commservice260303: send2Cluster len:314, 7B22636F6D6D616E64223A7B226964223A22696D755F737461747573222C22737562223A22227D2C22636F6E74656E74223A7B2254696D655374616D70223A382C224672616D65436F756E746572223A3230373638362C2247445F58223A2D302E3031313833343934323733353733313630322C2247445F59223A302E3030353334353034373435313535353732392C2247445F5A223A302E30303235393630363139303935373132392C2241445F58223A2D302E303032393735333239373536373336373535342C2241445F59223A302E3030323138323832303131333337353738332C2241445F5A223A2D302E31363832363632393633383637313837352C2254656D70447370223A302C22537461747573223A302C2243616C69625374617465223A312C22536967416D70496E76616C6964223A307D7D, 138 
05-27 18:18:23.776   536   536 D commservice260303: Push Message into SendPool fn=-2140667136
05-27 18:18:23.776   536   536 D commservice260303: ComProtocolLibSend2Cluster::send2ClusterRaw fn=-2140667136 , len=330
05-27 18:18:23.776   536   536 D commservice260303: sendCmdToPort :330!!!
05-27 18:18:23.776   536   536 D commservice260303: send Cmd To Port ++++5AA501468A01000368806A16C4EF7B22636F6D6D616E64223A7B226964223A22696D755F737461747573222C22737562223A22227D2C22636F6E74656E74223A7B2254696D655374616D70223A382C224672616D65436F756E746572223A3230373638362C2247445F58223A2D302E3031313833343934323733353733313630322C2247445F59223A302E3030353334353034373435313535353732392C2247445F5A223A302E30303235393630363139303935373132392C2241445F58223A2D302E303032393735333239373536373336373535342C2241445F59223A302E3030323138323832303131333337353738332C2241445F5A223A2D302E31363832363632393633383637313837352C2254656D70447370223A302C22537461747573223A302C2243616C69625374617465223A312C22536967416D70496E76616C6964223A307D7DA432
05-27 18:18:23.776   536   536 D commservice260303: bufferevent_write retrun value = 0
05-27 18:18:23.776   536   560 D commservice260303: client datas send succeed,send finish
05-27 18:18:23.776 13911 14192 D Sentinelmode_1.2.5.17_sentry: <SentryImuClusterFgeSender>imu_status sent to Linux, frame=207686, tsNs=8971025, tsMs=8, intervalMs=40, ad=(-0.0029753298,0.00218282,-0.1682663), gd=(-0.011834943,0.0053450475,0.002596062)
05-27 18:18:23.781   581   581 I SpiService: fgesysctrl_getGPIO_status success val=1
05-27 18:18:23.784 13911 14183 I SentryImuMcuAngleSender: 179.97197rollDeg
05-27 18:18:23.784 13911 14183 I SentryImuMcuAngleSender: 1,0,0
05-27 18:18:23.786   581   581 I SpiService: fgesysctrl_getGPIO_status success val=0
05-27 18:18:23.793  1008 30856 D [OMXB]  : usingANWBuffer: handle:0xee740590, format:1, w:1920, h:1080
05-27 18:18:23.794   299 30844 D EvsDriver: forwardFrame
05-27 18:18:23.796  1167  1184 D evsmanagerd: /dev/video6 forwarded the buffer #0 to 0xb4000074bf5f5510 from 0xb4000074bf5f6d90
05-27 18:18:23.796 30773 30773 E dvr_service_: [myNum:1] Received S**** loss
05-27 18:18:23.796   299  1163 D EvsDriver: doneWithFrame
05-27 18:18:23.797   299 30841 D EvsDriver: forwardFrame
05-27 18:18:23.797   299 30844 D EvsDriver: Delivered 0xb400007b7ca56900 as id 0
05-27 18:18:23.798   299 30841 D EvsDriver: Delivered 0xb400007b7ca56a60 as id 0
05-27 18:18:23.799  1167  1184 D evsmanagerd: /dev/video4 forwarded the buffer #0 to 0xb4000074bf5f6850 from 0xb4000074bf5f41d0
05-27 18:18:23.799 30773 30773 E dvr_service_: [myNum:0] Received S**** loss
05-27 18:18:23.799   299  1163 D EvsDriver: doneWithFrame
05-27 18:18:23.800   581   581 I SpiService: fgesysctrl_getGPIO_status success val=1
05-27 18:18:23.805 13911 14183 I SentryImuMcuAngleSender: 179.97197rollDeg
05-27 18:18:23.805 13911 14183 I SentryImuMcuAngleSender: 1,0,0
05-27 18:18:23.806   581   581 I SpiService: fgesysctrl_getGPIO_status success val=1
05-27 18:18:23.808   283   307 I rvcservice: t.code = 3, t.value = 0
05-27 08:09:32.770   581   581 D spidev_ioctl: gpio status=1)
05-27 18:18:23.811  1008 30857 D [OMXB]  : usingANWBuffer: handle:0xee741da0, format:1, w:1920, h:1080
05-27 18:18:23.811   581   581 I SpiService: fgesysctrl_getGPIO_status success val=1
05-27 08:09:32.776   581   581 D spidev_ioctl: gpio status=1)
05-27 18:18:23.816   536   536 D commservice260303: msg.id = 1028,0
05-27 18:18:23.816   536   536 D commservice260303: i = 170, msgid = 8A000404
05-27 18:18:23.816   536   536 D commservice260303: msgid = -1979710460,did=138
05-27 18:18:23.816   536   536 D commservice260303: CommProtocolLibCmdBaseI2C::dataproc {"command":{"id":"imu_status","sub":""},"content":{"TimeStamp":8,"FrameCounter":207687,"GD_X":-0.011759000830352306,"GD_Y":0.0051151420921087265,"GD_Z":0.002747945487499237,"AD_X":-0.004193603992462158,"AD_Y":0.0033789260778576136,"AD_Z":-0.16887474060058594,"TempDsp":0,"Status":0,"CalibState":1,"SigAmpInvalid":0}},-1979710460
05-27 18:18:23.817   536   536 D commservice260303: send2Cluster len:316, 7B22636F6D6D616E64223A7B226964223A22696D755F737461747573222C22737562223A22227D2C22636F6E74656E74223A7B2254696D655374616D70223A382C224672616D65436F756E746572223A3230373638372C2247445F58223A2D302E3031313735393030303833303335323330362C2247445F59223A302E303035313135313432303932313038373236352C2247445F5A223A302E3030323734373934353438373439393233372C2241445F58223A2D302E3030343139333630333939323436323135382C2241445F59223A302E303033333738393236303737383537363133362C2241445F5A223A2D302E31363838373437343036303035383539342C2254656D70447370223A302C22537461747573223A302C2243616C69625374617465223A312C22536967416D70496E76616C6964223A307D7D, 138 
05-27 18:18:23.817   536   536 D commservice260303: Push Message into SendPool fn=-2123889920
05-27 18:18:23.817   536   536 D commservice260303: ComProtocolLibSend2Cluster::send2ClusterRaw fn=-2123889920 , len=332
05-27 18:18:23.817   536   536 D commservice260303: sendCmdToPort :332!!!
05-27 18:18:23.817   536   536 D commservice260303: send Cmd To Port ++++5AA501488A01000368816A16C4EF7B22636F6D6D616E64223A7B226964223A22696D755F737461747573222C22737562223A22227D2C22636F6E74656E74223A7B2254696D655374616D70223A382C224672616D65436F756E746572223A3230373638372C2247445F58223A2D302E3031313735393030303833303335323330362C2247445F59223A302E303035313135313432303932313038373236352C2247445F5A223A302E3030323734373934353438373439393233372C2241445F58223A2D302E3030343139333630333939323436323135382C2241445F59223A302E303033333738393236303737383537363133362C2241445F5A223A2D302E31363838373437343036303035383539342C2254656D70447370223A302C22537461747573223A302C2243616C69625374617465223A312C22536967416D70496E76616C6964223A307D7D92CA
05-27 18:18:23.817   536   536 D commservice260303: bufferevent_write retrun value = 0
05-27 18:18:23.817   536   560 D commservice260303: client datas send succeed,send finish
05-27 18:18:23.817   581   581 I SpiService: fgesysctrl_getGPIO_status success val=1
05-27 18:18:23.817 13911 14192 D Sentinelmode_1.2.5.17_sentry: <SentryImuClusterFgeSender>imu_status sent to Linux, frame=207687, tsNs=8971061, tsMs=8, intervalMs=41, ad=(-0.004193604,0.003378926,-0.16887474), gd=(-0.011759001,0.005115142,0.0027479455)
05-27 08:09:32.782   581   581 D spidev_ioctl: gpio status=1)
05-27 18:18:23.822   581   581 I SpiService: fgesysctrl_getGPIO_status success val=1
05-27 18:18:23.826 13911 14183 I SentryImuMcuAngleSender: 179.96497rollDeg
05-27 18:18:23.826 13911 14183 I SentryImuMcuAngleSender: 1,0,0
05-27 18:18:23.828   581   581 I SpiService: fgesysctrl_getGPIO_status success val=1
05-27 18:18:23.828  1008 30856 D [OMXB]  : usingANWBuffer: handle:0xee746aa0, format:1, w:1920, h:1080
05-27 18:18:23.828   299 30844 D EvsDriver: forwardFrame
05-27 18:18:23.828   572   622 I Sensors : 230 AccelSensor: x:-0.170800,y:0.006100,z:-9.975330
05-27 18:18:23.831  1167  1184 D evsmanagerd: /dev/video6 forwarded the buffer #0 to 0xb4000074bf5f5510 from 0xb4000074bf5f6d90
05-27 18:18:23.831   299 30844 D EvsDriver: Delivered 0xb400007b7ca56900 as id 0
05-27 18:18:23.831   299 30841 D EvsDriver: forwardFrame
05-27 18:18:23.833   299 30841 D EvsDriver: Delivered 0xb400007b7ca56a60 as id 0
05-27 18:18:23.834  1167  1184 D evsmanagerd: /dev/video4 forwarded the buffer #0 to 0xb4000074bf5f6850 from 0xb4000074bf5f41d0
05-27 18:18:23.834   581   581 I SpiService: fgesysctrl_getGPIO_status success val=0
05-27 18:18:23.835   299  1163 D EvsDriver: doneWithFrame
05-27 18:18:23.840   299  1163 D EvsDriver: doneWithFrame
05-27 18:18:23.847 13911 14183 I SentryImuMcuAngleSender: 179.97197rollDeg
05-27 18:18:23.847 13911 14183 I SentryImuMcuAngleSender: 1,0,0
05-27 18:18:23.847  1008 30857 D [OMXB]  : usingANWBuffer: handle:0xee747180, format:1, w:1920, h:1080
05-27 18:18:23.849   581   581 I SpiService: fgesysctrl_getGPIO_status success val=1
05-27 08:09:32.814   581   581 D spidev_ioctl: gpio status=1)
05-27 18:18:23.855   581   581 I SpiService: fgesysctrl_getGPIO_status success val=1
05-27 18:18:23.858   536   536 D commservice260303: msg.id = 1028,1
05-27 18:18:23.858   536   536 D commservice260303: i = 170, msgid = 8A000404
05-27 18:18:23.858   536   536 D commservice260303: msgid = -1979710460,did=138
05-27 18:18:23.858   536   536 D commservice260303: CommProtocolLibCmdBaseI2C::dataproc {"command":{"id":"imu_status","sub":""},"content":{"TimeStamp":8,"FrameCounter":207688,"GD_X":-0.011682018637657166,"GD_Y":0.005039200186729431,"GD_Z":0.0026720035821199417,"AD_X":-0.0041852593421936035,"AD_Y":0.0021410819608718157,"AD_Z":-0.16948509216308594,"TempDsp":0,"Status":0,"CalibState":1,"SigAmpInvalid":0}},-1979710460
05-27 18:18:23.858   536   536 D commservice260303: send2Cluster len:317, 7B22636F6D6D616E64223A7B226964223A22696D755F737461747573222C22737562223A22227D2C22636F6E74656E74223A7B2254696D655374616D70223A382C224672616D65436F756E746572223A3230373638382C2247445F58223A2D302E3031313638323031383633373635373136362C2247445F59223A302E3030353033393230303138363732393433312C2247445F5A223A302E303032363732303033353832313139393431372C2241445F58223A2D302E303034313835323539333432313933363033352C2241445F59223A302E303032313431303831393630383731383135372C2241445F5A223A2D302E31363934383530393231363330383539342C2254656D70447370223A302C22537461747573223A302C2243616C69625374617465223A312C22536967416D70496E76616C6964223A307D7D, 138 
05-27 18:18:23.858   536   536 D commservice260303: Push Message into SendPool fn=-2107112704
05-27 18:18:23.858   536   536 D commservice260303: ComProtocolLibSend2Cluster::send2ClusterRaw fn=-2107112704 , len=333
05-27 18:18:23.858   536   536 D commservice260303: sendCmdToPort :333!!!
05-27 18:18:23.858   536   536 D commservice260303: send Cmd To Port ++++5AA501498A01000368826A16C4EF7B22636F6D6D616E64223A7B226964223A22696D755F737461747573222C22737562223A22227D2C22636F6E74656E74223A7B2254696D655374616D70223A382C224672616D65436F756E746572223A3230373638382C2247445F58223A2D302E3031313638323031383633373635373136362C2247445F59223A302E3030353033393230303138363732393433312C2247445F5A223A302E303032363732303033353832313139393431372C2241445F58223A2D302E303034313835323539333432313933363033352C2241445F59223A302E303032313431303831393630383731383135372C2241445F5A223A2D302E31363934383530393231363330383539342C2254656D70447370223A302C22537461747573223A302C2243616C69625374617465223A312C22536967416D70496E76616C6964223A307D7D9C49
05-27 18:18:23.858   536   536 D commservice260303: bufferevent_write retrun value = 0
05-27 18:18:23.858   536   560 D commservice260303: client datas send succeed,send finish
05-27 18:18:23.858 13911 14192 D Sentinelmode_1.2.5.17_sentry: <SentryImuClusterFgeSender>imu_status sent to Linux, frame=207688, tsNs=8971097, tsMs=8, intervalMs=41, ad=(-0.0041852593,0.002141082,-0.16948509), gd=(-0.011682019,0.0050392,0.0026720036)
05-27 18:18:23.861   581   581 I SpiService: fgesysctrl_getGPIO_status success val=1
05-27 18:18:23.865   299 30841 D EvsDriver: forwardFrame
05-27 18:18:23.866   299 30844 D EvsDriver: forwardFrame
05-27 18:18:23.866   581   581 I SpiService: fgesysctrl_getGPIO_status success val=1
05-27 18:18:23.866   299 30841 D EvsDriver: Delivered 0xb400007b7ca56a60 as id 0
05-27 18:18:23.866 13911 14183 I SentryImuMcuAngleSender: 179.98247rollDeg
05-27 18:18:23.866 13911 14183 I SentryImuMcuAngleSender: 1,0,0
05-27 18:18:23.867  1167  1184 D evsmanagerd: /dev/video4 forwarded the buffer #0 to 0xb4000074bf5f6850 from 0xb4000074bf5f41d0
05-27 18:18:23.868   299 30844 D EvsDriver: Delivered 0xb400007b7ca56900 as id 0
05-27 18:18:23.868  1167  1184 D evsmanagerd: /dev/video6 forwarded the buffer #0 to 0xb4000074bf5f5510 from 0xb4000074bf5f6d90
05-27 08:09:32.831   581   581 D spi_rst_gpio_get_output: GPIO 145 value: 1
05-27 08:09:32.831   581   581 D spidev_ioctl: gpio status=1)
05-27 18:18:23.870  1008 30857 D [OMXB]  : usingANWBuffer: handle:0xee7416c0, format:1, w:1920, h:1080
05-27 18:18:23.871   299  1163 D EvsDriver: doneWithFrame
05-27 18:18:23.872   581   581 I SpiService: fgesysctrl_getGPIO_status success val=0
05-27 18:18:23.873   299  1163 D EvsDriver: doneWithFrame
05-27 18:18:23.886  1008 30856 D [OMXB]  : usingANWBuffer: handle:0xee7444d0, format:1, w:1920, h:1080
05-27 18:18:23.886 13911 14183 I SentryImuMcuAngleSender: 179.98598rollDeg
05-27 18:18:23.886 13911 14183 I SentryImuMcuAngleSender: 1,0,0
05-27 18:18:23.888   581   581 I SpiService: fgesysctrl_getGPIO_status success val=1
05-27 18:18:23.893   581   581 I SpiService: fgesysctrl_getGPIO_status success val=1
05-27 18:18:23.896   299 30844 D EvsDriver: forwardFrame
05-27 18:18:23.897   536   536 D commservice260303: msg.id = 1028,1
05-27 18:18:23.897   536   536 D commservice260303: i = 170, msgid = 8A000404
05-27 18:18:23.897   536   536 D commservice260303: msgid = -1979710460,did=138
05-27 18:18:23.897   536   536 D commservice260303: CommProtocolLibCmdBaseI2C::dataproc {"command":{"id":"imu_status","sub":""},"content":{"TimeStamp":8,"FrameCounter":207689,"GD_X":-0.011987865902483463,"GD_Y":0.004963258747011423,"GD_Z":0.0023671966046094894,"AD_X":-0.005391940474510193,"AD_Y":-2.984569873660803E-4,"AD_Z":-0.16704559326171875,"TempDsp":0,"Status":0,"CalibState":1,"SigAmpInvalid":0}},-1979710460
05-27 18:18:23.897   536   536 D commservice260303: send2Cluster len:316, 7B22636F6D6D616E64223A7B226964223A22696D755F737461747573222C22737562223A22227D2C22636F6E74656E74223A7B2254696D655374616D70223A382C224672616D65436F756E746572223A3230373638392C2247445F58223A2D302E3031313938373836353930323438333436332C2247445F59223A302E3030343936333235383734373031313432332C2247445F5A223A302E303032333637313936363034363039343839342C2241445F58223A2D302E3030353339313934303437343531303139332C2241445F59223A2D322E393834353639383733363630383033452D342C2241445F5A223A2D302E31363730343535393332363137313837352C2254656D70447370223A302C22537461747573223A302C2243616C69625374617465223A312C22536967416D70496E76616C6964223A307D7D, 138 
05-27 18:18:23.897   536   536 D commservice260303: Push Message into SendPool fn=-2090335488
05-27 18:18:23.897   536   536 D commservice260303: ComProtocolLibSend2Cluster::send2ClusterRaw fn=-2090335488 , len=332
05-27 18:18:23.897   536   536 D commservice260303: sendCmdToPort :332!!!
05-27 18:18:23.897   536   536 D commservice260303: send Cmd To Port ++++5AA501488A01000368836A16C4EF7B22636F6D6D616E64223A7B226964223A22696D755F737461747573222C22737562223A22227D2C22636F6E74656E74223A7B2254696D655374616D70223A382C224672616D65436F756E746572223A3230373638392C2247445F58223A2D302E3031313938373836353930323438333436332C2247445F59223A302E3030343936333235383734373031313432332C2247445F5A223A302E303032333637313936363034363039343839342C2241445F58223A2D302E3030353339313934303437343531303139332C2241445F59223A2D322E393834353639383733363630383033452D342C2241445F5A223A2D302E31363730343535393332363137313837352C2254656D70447370223A302C22537461747573223A302C2243616C69625374617465223A312C22536967416D70496E76616C6964223A307D7D1E29
05-27 18:18:23.897   536   536 D commservice260303: bufferevent_write retrun value = 0
05-27 18:18:23.897   536   560 D commservice260303: client datas send succeed,send finish
05-27 18:18:23.898 13911 14192 D Sentinelmode_1.2.5.17_sentry: <SentryImuClusterFgeSender>imu_status sent to Linux, frame=207689, tsNs=8971133, tsMs=8, intervalMs=39, ad=(-0.0053919405,-2.98457E-4,-0.1670456), gd=(-0.011987866,0.0049632587,0.0023671966)
05-27 18:18:23.898   299 30844 D EvsDriver: Delivered 0xb400007b7ca56900 as id 0
05-27 18:18:23.898  1167  1184 D evsmanagerd: /dev/video6 forwarded the buffer #0 to 0xb4000074bf5f5510 from 0xb4000074bf5f6d90
05-27 18:18:23.899   581   581 I SpiService: fgesysctrl_getGPIO_status success val=1
05-27 18:18:23.901   299  1163 D EvsDriver: doneWithFrame
05-27 18:18:23.903   299 30841 D EvsDriver: forwardFrame
05-27 18:18:23.905   581   581 I SpiService: fgesysctrl_getGPIO_status success val=1
05-27 18:18:23.906 13911 14183 I SentryImuMcuAngleSender: 179.98248rollDeg
05-27 18:18:23.906   299 30841 D EvsDriver: Delivered 0xb400007b7ca56a60 as id 0
05-27 18:18:23.906  1167  1184 D evsmanagerd: /dev/video4 forwarded the buffer #0 to 0xb4000074bf5f6850 from 0xb4000074bf5f41d0
05-27 18:18:23.906 13911 14183 I SentryImuMcuAngleSender: 1,0,0
05-27 18:18:23.908   283   307 I rvcservice: t.code = 0, t.value = 0
05-27 18:18:23.909   299  1163 D EvsDriver: doneWithFrame
05-27 18:18:23.911   581   581 I SpiService: fgesysctrl_getGPIO_status success val=0
05-27 18:18:23.911  1008 30856 D [OMXB]  : usingANWBuffer: handle:0xee740170, format:1, w:1920, h:1080
05-27 18:18:23.918   572   622 I Sensors : 230 GyroSensor: x:-0.011453,y:0.005039,z:0.002138
05-27 18:18:23.925  1008 30857 D [OMXB]  : usingANWBuffer: handle:0xee7442c0, format:1, w:1920, h:1080
05-27 18:18:23.926   581   581 I SpiService: fgesysctrl_getGPIO_status success val=1
05-27 18:18:23.927 13911 14183 I SentryImuMcuAngleSender: 179.97197rollDeg
05-27 18:18:23.927 13911 14183 I SentryImuMcuAngleSender: 1,0,0
05-27 18:18:23.927   481   598 I mcuc    : rev,n=1,6AA681B4B80024890072060003070101010101010101010101010100010101010101010101010101010101C8
05-27 18:18:23.928   351   373 D automotive.vehicle@2.0-adayo-datacomm-mcu: MCUDatacomm sendMessageFromVehicle prop: 0x89, areaId: 0x0, status: 0x72, timestamp: 0x6
05-27 18:18:23.928   351   373 D automotive.vehicle@2.0-adayo-datacomm-mcu: MCUDatacomm 1sendMessageFromVehicle ---> type = 3 
05-27 18:18:23.928   351   373 D automotive.vehicle@2.0-adayo-func-bcm: sendMessageFromVehicle sendMessageFromVehicle
05-27 18:18:23.928   351   516 D automotive.vehicle@2.0-adayo-func-bcm: jjfan1 ______procotolSize :29
05-27 18:18:23.928   351   516 D automotive.vehicle@2.0-adayo-func-bcm: BCMFunc sendMessageFromVehicle_l dataType: 12,mByte=7,propid=0x21400084
05-27 18:18:23.928   351   516 D automotive.vehicle@2.0-adayo-func-bcm: BCMFunc sendMessageFromVehicle_l msgBuff[7]=0x1,start:0,len:8,temp:8,
05-27 18:18:23.928   351   516 D automotive.vehicle@2.0-adayo-func-bcm: BCMFunc sendMessageFromVehicle_l prop: 0x21400084 ,areaId: 0x0  SPLITE_BIT_DATA_INTEGER : 1
05-27 18:18:23.928   351   516 D automotive.vehicle@2.0-adayo-func-bcm: BCMFunc sendMessageFromVehicle_l id:557842564, area:0 not report! 
05-27 18:18:23.928   351   516 D automotive.vehicle@2.0-adayo-func-bcm: BCMFunc sendMessageFromVehicle_l dataType: 12,mByte=8,propid=0x21400085
05-27 18:18:23.928   351   516 D automotive.vehicle@2.0-adayo-func-bcm: BCMFunc sendMessageFromVehicle_l msgBuff[8]=0x1,start:0,len:8,temp:8,
05-27 18:18:23.928   351   516 D automotive.vehicle@2.0-adayo-func-bcm: BCMFunc sendMessageFromVehicle_l prop: 0x21400085 ,areaId: 0x0  SPLITE_BIT_DATA_INTEGER : 1
05-27 18:18:23.928   351   516 D automotive.vehicle@2.0-adayo-func-bcm: BCMFunc sendMessageFromVehicle_l id:557842565, area:0 not report! 
05-27 18:18:23.928   351   516 D automotive.vehicle@2.0-adayo-func-bcm: BCMFunc sendMessageFromVehicle_l dataType: 12,mByte=9,propid=0x214000a1
05-27 18:18:23.928   351   516 D automotive.vehicle@2.0-adayo-func-bcm: BCMFunc sendMessageFromVehicle_l msgBuff[9]=0x1,start:0,len:8,temp:8,
05-27 18:18:23.928   351   516 D automotive.vehicle@2.0-adayo-func-bcm: BCMFunc sendMessageFromVehicle_l prop: 0x214000a1 ,areaId: 0x0  SPLITE_BIT_DATA_INTEGER : 1
05-27 18:18:23.928   351   516 D automotive.vehicle@2.0-adayo-func-bcm: BCMFunc sendMessageFromVehicle_l id:557842593, area:0 not report! 
05-27 18:18:23.928   351   516 D automotive.vehicle@2.0-adayo-func-bcm: BCMFunc sendMessageFromVehicle_l dataType: 12,mByte=10,propid=0x214000a2
05-27 18:18:23.928   351   516 D automotive.vehicle@2.0-adayo-func-bcm: BCMFunc sendMessageFromVehicle_l msgBuff[10]=0x1,start:0,len:8,temp:8,
05-27 18:18:23.928   351   516 D automotive.vehicle@2.0-adayo-func-bcm: BCMFunc sendMessageFromVehicle_l prop: 0x214000a2 ,areaId: 0x0  SPLITE_BIT_DATA_INTEGER : 1
05-27 18:18:23.928   351   516 D automotive.vehicle@2.0-adayo-func-bcm: BCMFunc sendMessageFromVehicle_l id:557842594, area:0 not report! 
05-27 18:18:23.928   351   516 D automotive.vehicle@2.0-adayo-func-bcm: BCMFunc sendMessageFromVehicle_l dataType: 12,mByte=11,propid=0x21400080
05-27 18:18:23.928   351   516 D automotive.vehicle@2.0-adayo-func-bcm: BCMFunc sendMessageFromVehicle_l msgBuff[11]=0x1,start:0,len:8,temp:8,
05-27 18:18:23.928   351   516 D automotive.vehicle@2.0-adayo-func-bcm: BCMFunc sendMessageFromVehicle_l prop: 0x21400080 ,areaId: 0x0  SPLITE_BIT_DATA_INTEGER : 1
05-27 18:18:23.928   351   516 D automotive.vehicle@2.0-adayo-func-bcm: BCMFunc sendMessageFromVehicle_l id:557842560, area:0 not report! 
05-27 18:18:23.928   351   516 D automotive.vehicle@2.0-adayo-func-bcm: BCMFunc sendMessageFromVehicle_l dataType: 12,mByte=12,propid=0x214000b0
05-27 18:18:23.928   351   516 D automotive.vehicle@2.0-adayo-func-bcm: BCMFunc sendMessageFromVehicle_l msgBuff[12]=0x1,start:0,len:8,temp:8,
05-27 18:18:23.928   351   516 D automotive.vehicle@2.0-adayo-func-bcm: BCMFunc sendMessageFromVehicle_l prop: 0x214000b0 ,areaId: 0x0  SPLITE_BIT_DATA_INTEGER : 1
05-27 18:18:23.928   351   516 D automotive.vehicle@2.0-adayo-func-bcm: BCMFunc sendMessageFromVehicle_l id:557842608, area:0 not report! 
05-27 18:18:23.929   351   516 D automotive.vehicle@2.0-adayo-func-bcm: BCMFunc sendMessageFromVehicle_l dataType: 12,mByte=13,propid=0x2140007b
05-27 18:18:23.929   351   516 D automotive.vehicle@2.0-adayo-func-bcm: BCMFunc sendMessageFromVehicle_l msgBuff[13]=0x1,start:0,len:8,temp:8,
05-27 18:18:23.929   351   516 D automotive.vehicle@2.0-adayo-func-bcm: BCMFunc sendMessageFromVehicle_l prop: 0x2140007b ,areaId: 0x0  SPLITE_BIT_DATA_INTEGER : 1
05-27 18:18:23.929   351   516 D automotive.vehicle@2.0-adayo-func-bcm: BCMFunc sendMessageFromVehicle_l id:557842555, area:0 not report! 
05-27 18:18:23.929   351   516 D automotive.vehicle@2.0-adayo-func-bcm: BCMFunc sendMessageFromVehicle_l dataType: 12,mByte=14,propid=0x2140007c
05-27 18:18:23.929   351   516 D automotive.vehicle@2.0-adayo-func-bcm: BCMFunc sendMessageFromVehicle_l msgBuff[14]=0x1,start:0,len:8,temp:8,
05-27 18:18:23.929   351   516 D automotive.vehicle@2.0-adayo-func-bcm: BCMFunc sendMessageFromVehicle_l prop: 0x2140007c ,areaId: 0x0  SPLITE_BIT_DATA_INTEGER : 1
05-27 18:18:23.929   351   516 D automotive.vehicle@2.0-adayo-func-bcm: BCMFunc sendMessageFromVehicle_l id:557842556, area:0 not report! 
05-27 18:18:23.929   351   516 D automotive.vehicle@2.0-adayo-func-bcm: BCMFunc sendMessageFromVehicle_l dataType: 12,mByte=15,propid=0x21400081
05-27 18:18:23.929   351   516 D automotive.vehicle@2.0-adayo-func-bcm: BCMFunc sendMessageFromVehicle_l msgBuff[15]=0x1,start:0,len:8,temp:8,
05-27 18:18:23.929   351   516 D automotive.vehicle@2.0-adayo-func-bcm: BCMFunc sendMessageFromVehicle_l prop: 0x21400081 ,areaId: 0x0  SPLITE_BIT_DATA_INTEGER : 1
05-27 18:18:23.929   351   516 D automotive.vehicle@2.0-adayo-func-bcm: BCMFunc sendMessageFromVehicle_l id:557842561, area:0 not report! 
05-27 18:18:23.929   351   516 D automotive.vehicle@2.0-adayo-func-bcm: BCMFunc sendMessageFromVehicle_l dataType: 12,mByte=16,propid=0x214000a3
05-27 18:18:23.929   351   516 D automotive.vehicle@2.0-adayo-func-bcm: BCMFunc sendMessageFromVehicle_l msgBuff[16]=0x1,start:0,len:8,temp:8,
05-27 18:18:23.929   351   516 D automotive.vehicle@2.0-adayo-func-bcm: BCMFunc sendMessageFromVehicle_l prop: 0x214000a3 ,areaId: 0x0  SPLITE_BIT_DATA_INTEGER : 1
05-27 18:18:23.929   351   516 D automotive.vehicle@2.0-adayo-func-bcm: BCMFunc sendMessageFromVehicle_l id:557842595, area:0 not report! 
05-27 18:18:23.929   351   516 D automotive.vehicle@2.0-adayo-func-bcm: BCMFunc sendMessageFromVehicle_l dataType: 12,mByte=17,propid=0x2140007d
05-27 18:18:23.929   351   516 D automotive.vehicle@2.0-adayo-func-bcm: BCMFunc sendMessageFromVehicle_l msgBuff[17]=0x1,start:0,len:8,temp:8,
05-27 18:18:23.929   351   516 D automotive.vehicle@2.0-adayo-func-bcm: BCMFunc sendMessageFromVehicle_l prop: 0x2140007d ,areaId: 0x0  SPLITE_BIT_DATA_INTEGER : 1
05-27 18:18:23.929   351   516 D automotive.vehicle@2.0-adayo-func-bcm: BCMFunc sendMessageFromVehicle_l id:557842557, area:0 not report! 
05-27 18:18:23.929   351   516 D automotive.vehicle@2.0-adayo-func-bcm: BCMFunc sendMessageFromVehicle_l dataType: 12,mByte=18,propid=0x21400082
05-27 18:18:23.929   351   516 D automotive.vehicle@2.0-adayo-func-bcm: BCMFunc sendMessageFromVehicle_l msgBuff[18]=0x1,start:0,len:8,temp:8,
05-27 18:18:23.929   351   516 D automotive.vehicle@2.0-adayo-func-bcm: BCMFunc sendMessageFromVehicle_l prop: 0x21400082 ,areaId: 0x0  SPLITE_BIT_DATA_INTEGER : 1
05-27 18:18:23.929   351   516 D automotive.vehicle@2.0-adayo-func-bcm: BCMFunc sendMessageFromVehicle_l id:557842562, area:0 not report! 
05-27 18:18:23.929   351   516 D automotive.vehicle@2.0-adayo-func-bcm: BCMFunc sendMessageFromVehicle_l dataType: 12,mByte=19,propid=0x214000a4
05-27 18:18:23.929   351   516 D automotive.vehicle@2.0-adayo-func-bcm: BCMFunc sendMessageFromVehicle_l msgBuff[19]=0x1,start:0,len:8,temp:8,
05-27 18:18:23.929   351   516 D automotive.vehicle@2.0-adayo-func-bcm: BCMFunc sendMessageFromVehicle_l prop: 0x214000a4 ,areaId: 0x0  SPLITE_BIT_DATA_INTEGER : 1
05-27 18:18:23.929   351   516 D automotive.vehicle@2.0-adayo-func-bcm: BCMFunc sendMessageFromVehicle_l id:557842596, area:0 not report! 
05-27 18:18:23.929   351   516 D automotive.vehicle@2.0-adayo-func-bcm: BCMFunc sendMessageFromVehicle_l dataType: 12,mByte=20,propid=0x214000a5
05-27 18:18:23.929   351   516 D automotive.vehicle@2.0-adayo-func-bcm: BCMFunc sendMessageFromVehicle_l msgBuff[20]=0x0,start:0,len:8,temp:8,
05-27 18:18:23.929   351   516 D automotive.vehicle@2.0-adayo-func-bcm: BCMFunc sendMessageFromVehicle_l prop: 0x214000a5 ,areaId: 0x0  SPLITE_BIT_DATA_INTEGER : 0
05-27 18:18:23.929   351   516 D automotive.vehicle@2.0-adayo-func-bcm: BCMFunc sendMessageFromVehicle_l id:557842597, area:0 not report! 
05-27 18:18:23.929   351   516 D automotive.vehicle@2.0-adayo-func-bcm: BCMFunc sendMessageFromVehicle_l dataType: 12,mByte=21,propid=0x21400083
05-27 18:18:23.929   351   516 D automotive.vehicle@2.0-adayo-func-bcm: BCMFunc sendMessageFromVehicle_l msgBuff[21]=0x1,start:0,len:8,temp:8,
05-27 18:18:23.929   351   516 D automotive.vehicle@2.0-adayo-func-bcm: BCMFunc sendMessageFromVehicle_l prop: 0x21400083 ,areaId: 0x0  SPLITE_BIT_DATA_INTEGER : 1
05-27 18:18:23.929   351   516 D automotive.vehicle@2.0-adayo-func-bcm: BCMFunc sendMessageFromVehicle_l id:557842563, area:0 not report! 
05-27 18:18:23.929   351   516 D automotive.vehicle@2.0-adayo-func-bcm: BCMFunc sendMessageFromVehicle_l dataType: 12,mByte=22,propid=0x214000a6
05-27 18:18:23.929   351   516 D automotive.vehicle@2.0-adayo-func-bcm: BCMFunc sendMessageFromVehicle_l msgBuff[22]=0x1,start:0,len:8,temp:8,
05-27 18:18:23.929   351   516 D automotive.vehicle@2.0-adayo-func-bcm: BCMFunc sendMessageFromVehicle_l prop: 0x214000a6 ,areaId: 0x0  SPLITE_BIT_DATA_INTEGER : 1
05-27 18:18:23.929   351   516 D automotive.vehicle@2.0-adayo-func-bcm: BCMFunc sendMessageFromVehicle_l id:557842598, area:0 not report! 
05-27 18:18:23.929   351   516 D automotive.vehicle@2.0-adayo-func-bcm: BCMFunc sendMessageFromVehicle_l dataType: 12,mByte=23,propid=0x2140007e
05-27 18:18:23.929   351   516 D automotive.vehicle@2.0-adayo-func-bcm: BCMFunc sendMessageFromVehicle_l msgBuff[23]=0x1,start:0,len:8,temp:8,
05-27 18:18:23.929   351   516 D automotive.vehicle@2.0-adayo-func-bcm: BCMFunc sendMessageFromVehicle_l prop: 0x2140007e ,areaId: 0x0  SPLITE_BIT_DATA_INTEGER : 1
05-27 18:18:23.930   351   516 D automotive.vehicle@2.0-adayo-func-bcm: BCMFunc sendMessageFromVehicle_l id:557842558, area:0 not report! 
05-27 18:18:23.930   351   516 D automotive.vehicle@2.0-adayo-func-bcm: BCMFunc sendMessageFromVehicle_l dataType: 12,mByte=24,propid=0x214000a7
05-27 18:18:23.930   351   516 D automotive.vehicle@2.0-adayo-func-bcm: BCMFunc sendMessageFromVehicle_l msgBuff[24]=0x1,start:0,len:8,temp:8,
05-27 18:18:23.930   351   516 D automotive.vehicle@2.0-adayo-func-bcm: BCMFunc sendMessageFromVehicle_l prop: 0x214000a7 ,areaId: 0x0  SPLITE_BIT_DATA_INTEGER : 1
05-27 18:18:23.930   351   516 D automotive.vehicle@2.0-adayo-func-bcm: BCMFunc sendMessageFromVehicle_l id:557842599, area:0 not report! 
05-27 18:18:23.930   351   516 D automotive.vehicle@2.0-adayo-func-bcm: BCMFunc sendMessageFromVehicle_l dataType: 12,mByte=25,propid=0x2140007f
05-27 18:18:23.930   351   516 D automotive.vehicle@2.0-adayo-func-bcm: BCMFunc sendMessageFromVehicle_l msgBuff[25]=0x1,start:0,len:8,temp:8,
05-27 18:18:23.930   351   516 D automotive.vehicle@2.0-adayo-func-bcm: BCMFunc sendMessageFromVehicle_l prop: 0x2140007f ,areaId: 0x0  SPLITE_BIT_DATA_INTEGER : 1
05-27 18:18:23.930   351   516 D automotive.vehicle@2.0-adayo-func-bcm: BCMFunc sendMessageFromVehicle_l id:557842559, area:0 not report! 
05-27 18:18:23.930   351   516 D automotive.vehicle@2.0-adayo-func-bcm: BCMFunc sendMessageFromVehicle_l dataType: 12,mByte=26,propid=0x214000a8
05-27 18:18:23.930   351   516 D automotive.vehicle@2.0-adayo-func-bcm: BCMFunc sendMessageFromVehicle_l msgBuff[26]=0x1,start:0,len:8,temp:8,
