05-27 18:18:21.794 31961 31961 D ANWJNI_SECOND: (31961|0x5467E4F8)[BTAPP] XML : find ca_calllogsize(100)(100)
05-27 18:18:21.794 31961 31961 D ANWJNI_SECOND: 
05-27 18:18:21.794 31961 31961 D ANWJNI_SECOND: (31961|0x5467E4F8)[BTAPP] get contactssize data fail
05-27 18:18:21.794 31961 31961 D ANWJNI_SECOND: 
05-27 18:18:21.794 31961 31961 D ANWJNI_SECOND: (31961|0x5467E4F8)[BTAPP] get mincallsize data fail
05-27 18:18:21.794 31961 31961 D ANWJNI_SECOND: 
05-27 18:18:21.794 31961 31961 D ANWJNI_SECOND: (31961|0x5467E4F8)[BTAPP] XML : find voice setting
05-27 18:18:21.794 31961 31961 D ANWJNI_SECOND: 
05-27 18:18:21.794 31961 31961 D ANWJNI_SECOND: (31961|0x5467E4F8)[BTAPP] voice set(close)
05-27 18:18:21.794 31961 31961 D ANWJNI_SECOND: 
05-27 18:18:21.794 31961 31961 D ANWJNI_SECOND: (31961|0x5467E4F8)[BTAPP] XML : find voicedelay setting
05-27 18:18:21.794 31961 31961 D ANWJNI_SECOND: 
05-27 18:18:21.794 31961 31961 D ANWJNI_SECOND: (31961|0x5467E4F8)[BTAPP] voicedelay set(close)
05-27 18:18:21.794 31961 31961 D ANWJNI_SECOND: 
05-27 18:18:21.795 31961 31961 D ANWJNI_SECOND: (31961|0x5467E4F8)[BTAPP] get wechatvoice data fail
05-27 18:18:21.795 31961 31961 D ANWJNI_SECOND: 
05-27 18:18:21.795   299 30844 D EvsDriver: forwardFrame
05-27 18:18:21.795 31961 31961 D ANWJNI_SECOND: (31961|0x5467E4F8)[BTAPP] XML : pair any way
05-27 18:18:21.795 31961 31961 D ANWJNI_SECOND: 
05-27 18:18:21.795 31961 31961 D ANWJNI_SECOND: (31961|0x5467E4F8)[BTAPP] pairing need confirmation  accept
05-27 18:18:21.795 31961 31961 D ANWJNI_SECOND: 
05-27 18:18:21.795 31961 31961 D ANWJNI_SECOND: (31961|0x5467E4F8)[BTAPP] get use_combine data fail
05-27 18:18:21.795 31961 31961 D ANWJNI_SECOND: 
05-27 18:18:21.795 31961 31961 D ANWJNI_SECOND: (31961|0x5467E4F8)[BTAPP] XML : select pbap_photo or not
05-27 18:18:21.795 31961 31961 D ANWJNI_SECOND: 
05-27 18:18:21.795 31961 31961 D ANWJNI_SECOND: (31961|0x5467E4F8)[BTAPP] select pbap_photo
05-27 18:18:21.795 31961 31961 D ANWJNI_SECOND: 
05-27 18:18:21.795 31961 31961 D ANWJNI_SECOND: (31961|0x5467E4F8)[BTAPP] XML : select pbap_email or not
05-27 18:18:21.795 31961 31961 D ANWJNI_SECOND: 
05-27 18:18:21.795 31961 31961 D ANWJNI_SECOND: (31961|0x5467E4F8)[BTAPP] select pbap_email
05-27 18:18:21.795 31961 31961 D ANWJNI_SECOND: 
05-27 18:18:21.795 31961 31961 D ANWJNI_SECOND: (31961|0x5467E4F8)[BTAPP] XML : select pbap_adr or not
05-27 18:18:21.795 31961 31961 D ANWJNI_SECOND: 
05-27 18:18:21.795 31961 31961 D ANWJNI_SECOND: (31961|0x5467E4F8)[BTAPP] select pbap_adr
05-27 18:18:21.795 31961 31961 D ANWJNI_SECOND: 
05-27 18:18:21.795 31961 31961 D ANWJNI_SECOND: (31961|0x5467E4F8)[BTAPP] XML : select pbap_url or not
05-27 18:18:21.795 31961 31961 D ANWJNI_SECOND: 
05-27 18:18:21.795 31961 31961 D ANWJNI_SECOND: (31961|0x5467E4F8)[BTAPP] select pbap_url
05-27 18:18:21.795 31961 31961 D ANWJNI_SECOND: 
05-27 18:18:21.795 31961 31961 D ANWJNI_SECOND: (31961|0x5467E4F8)[BTAPP] get volume_control data fail
05-27 18:18:21.795 31961 31961 D ANWJNI_SECOND: 
05-27 18:18:21.795 31961 31961 D ANWJNI_SECOND: (31961|0x5467E4F8)[BTAPP] get carplay data fail
05-27 18:18:21.795 31961 31961 D ANWJNI_SECOND: 
05-27 18:18:21.795 31961 31961 D ANWJNI_SECOND: (31961|0x5467E4F8)[BTAPP] XML : select socket or not
05-27 18:18:21.795 31961 31961 D ANWJNI_SECOND: 
05-27 18:18:21.795 31961 31961 D ANWJNI_SECOND: (31961|0x5467E4F8)[BTAPP]  support socket
05-27 18:18:21.795 31961 31961 D ANWJNI_SECOND: 
05-27 18:18:21.796 31961 31961 D ANWJNI_SECOND: (31961|0x5467E4F8)[BTAPP] get androidauto data fail
05-27 18:18:21.796 31961 31961 D ANWJNI_SECOND: 
05-27 18:18:21.796 31961 31961 D ANWJNI_SECOND: (31961|0x5467E4F8)[BTAPP] get auto_transfer data fail
05-27 18:18:21.796 31961 31961 D ANWJNI_SECOND: 
05-27 18:18:21.796 31961 31961 D ANWJNI_SECOND: (31961|0x5467E4F8)[BTAPP] get audio_dsp_mute data fail
05-27 18:18:21.796 31961 31961 D ANWJNI_SECOND: 
05-27 18:18:21.796 31961 31961 D ANWJNI_SECOND: (31961|0x5467E4F8)[BTAPP] get audio_dsp_delay data fail
05-27 18:18:21.796 31961 31961 D ANWJNI_SECOND: 
05-27 18:18:21.796 31961 31961 D ANWJNI_SECOND: (31961|0x5467E4F8)[BTAPP] XML : hfp_audio_driver_open 
05-27 18:18:21.796 31961 31961 D ANWJNI_SECOND: 
05-27 18:18:21.796 31961 31961 D ANWJNI_SECOND: (31961|0x5467E4F8)[BTAPP] hfp audio driver close
05-27 18:18:21.796 31961 31961 D ANWJNI_SECOND: 
05-27 18:18:21.796 31961 31961 D ANWJNI_SECOND: (31961|0x5467E4F8)[BTAPP] XML : hfp_wbs_open_data 
05-27 18:18:21.796 31961 31961 D ANWJNI_SECOND: 
05-27 18:18:21.796 31961 31961 D ANWJNI_SECOND: (31961|0x5467E4F8)[BTAPP] hfp wbs enable
05-27 18:18:21.796 31961 31961 D ANWJNI_SECOND: 
05-27 18:18:21.796 31961 31961 D ANWJNI_SECOND: (31961|0x5467E4F8)[BTAPP] get avrcp_browsing_open data fail
05-27 18:18:21.796 31961 31961 D ANWJNI_SECOND: 
05-27 18:18:21.796 13911 14183 I SentryImuMcuAngleSender: 179.98248rollDeg
05-27 18:18:21.796 31961 31961 D ANWJNI_SECOND: (31961|0x5467E4F8)[BTAPP] get connect_special_profile_id data fail
05-27 18:18:21.796 31961 31961 D ANWJNI_SECOND: 
05-27 18:18:21.796 13911 14183 I SentryImuMcuAngleSender: 1,0,0
05-27 18:18:21.796 31961 31961 D ANWJNI_SECOND: (31961|0x5467E4F8)[BTAPP] XML : connect_single_profile 
05-27 18:18:21.796 31961 31961 D ANWJNI_SECOND: 
05-27 18:18:21.796 31961 31961 D ANWJNI_SECOND: (31961|0x5467E4F8)[BTAPP] connect_single_profile open
05-27 18:18:21.796 31961 31961 D ANWJNI_SECOND: 
05-27 18:18:21.796 31961 31961 D ANWJNI_SECOND: (31961|0x5467E4F8)[BTAPP] XML : find waveout_pre_buffer_count setting
05-27 18:18:21.796 31961 31961 D ANWJNI_SECOND: 
05-27 18:18:21.796   299 30844 D EvsDriver: Delivered 0xb400007b7ca56900 as id 0
05-27 18:18:21.796 31961 31961 D ANWJNI_SECOND: (31961|0x5467E4F8)[BTAPP] XML : set waveout_pre_buffer_count success(101)
05-27 18:18:21.796 31961 31961 D ANWJNI_SECOND: 
05-27 18:18:21.796 31961 31961 D ANWJNI_SECOND: (31961|0x5467E4F8)[BTAPP] XML : find waveout_pre_buffer_count setting
05-27 18:18:21.796 31961 31961 D ANWJNI_SECOND: 
05-27 18:18:21.796 31961 31961 D ANWJNI_SECOND: (31961|0x5467E4F8)[BTAPP] XML : set local_music_pre_buffer_count success(40)
05-27 18:18:21.796 31961 31961 D ANWJNI_SECOND: 
05-27 18:18:21.797 31961 31961 D ANWJNI_SECOND: (31961|0x5467E4F8)[BTAPP] XML : inband_ring 
05-27 18:18:21.797 31961 31961 D ANWJNI_SECOND: 
05-27 18:18:21.797 31961 31961 D ANWJNI_SECOND: (31961|0x5467E4F8)[BTAPP] inband_ring open
05-27 18:18:21.797 31961 31961 D ANWJNI_SECOND: 
05-27 18:18:21.797 31961 31961 D ANWJNI_SECOND: (31961|0x5467E4F8)[BTAPP] XML : find map_download_max_size setting
05-27 18:18:21.797 31961 31961 D ANWJNI_SECOND: 
05-27 18:18:21.797 31961 31961 D ANWJNI_SECOND: (31961|0x5467E4F8)[BTAPP] XML : set map_download_max_size failed(20)
05-27 18:18:21.797 31961 31961 D ANWJNI_SECOND: 
05-27 18:18:21.797 31961 31961 D ANWJNI_SECOND: (31961|0x5467E4F8)[BTAPP] XML : stack debug
05-27 18:18:21.797 31961 31961 D ANWJNI_SECOND: 
05-27 18:18:21.797  1167  1184 D evsmanagerd: /dev/video6 forwarded the buffer #0 to 0xb4000074bf5f5510 from 0xb4000074bf5f6d90
05-27 18:18:21.797 31961 31961 D ANWJNI_SECOND: (31961|0x5467E4F8)[BTAPP] XML : stack debug open
05-27 18:18:21.797 31961 31961 D ANWJNI_SECOND: 
05-27 18:18:21.797 31961 31961 D ANWAPI_SECOND: (31961|0x5467E4F8)[BTAPI] >>>AnWBT_Usr_DebugLog
05-27 18:18:21.797 31961 31961 D ANWAPI_SECOND: (31961|0x5467E4F8)[BTAPI] <<<<AnWBT_Usr_DebugLog: ret=0
05-27 18:18:21.797 31961 31961 D ANWJNI_SECOND: (31961|0x5467E4F8)[BTAPP] XML : app debug
05-27 18:18:21.797 31961 31961 D ANWJNI_SECOND: 
05-27 18:18:21.797 30773 30773 E dvr_service_: [myNum:1] Received S**** loss
05-27 18:18:21.797 31961 31961 D ANWJNI_SECOND: (31961|0x5467E4F8)[BTAPP] XML : app debug open
05-27 18:18:21.797 31961 31961 D ANWJNI_SECOND: 
05-27 18:18:21.797 31961 31961 D ANWJNI_SECOND: (31961|0x5467E4F8)[BTAPP] XML : api debug
05-27 18:18:21.797 31961 31961 D ANWJNI_SECOND: 
05-27 18:18:21.797 31961 31961 D ANWJNI_SECOND: (31961|0x5467E4F8)[BTAPP] XML : api debug open
05-27 18:18:21.797 31961 31961 D ANWJNI_SECOND: 
05-27 18:18:21.797 31961 31961 D ANWJNI_SECOND: (31961|0x5467E4F8)[BTAPP] XML : hfp debug
05-27 18:18:21.797 31961 31961 D ANWJNI_SECOND: 
05-27 18:18:21.797 31961 31961 D ANWJNI_SECOND: (31961|0x5467E4F8)[BTAPP] XML : hfp debug open
05-27 18:18:21.797 31961 31961 D ANWJNI_SECOND: 
05-27 18:18:21.798 31961 31961 D ANWJNI_SECOND: (31961|0x5467E4F8)[BTAPP] XML : a2dp debug
05-27 18:18:21.798 31961 31961 D ANWJNI_SECOND: 
05-27 18:18:21.798 31961 31961 D ANWJNI_SECOND: (31961|0x5467E4F8)[BTAPP] XML : a2dp debug open
05-27 18:18:21.798 31961 31961 D ANWJNI_SECOND: 
05-27 18:18:21.798 31961 31961 D ANWJNI_SECOND: (31961|0x5467E4F8)[BTAPP] XML : waveout debug
05-27 18:18:21.798 31961 31961 D ANWJNI_SECOND: 
05-27 18:18:21.798 31961 31961 D ANWJNI_SECOND: (31961|0x5467E4F8)[BTAPP] XML : waveout debug open
05-27 18:18:21.798 31961 31961 D ANWJNI_SECOND: 
05-27 18:18:21.798 31961 31961 D ANWJNI_SECOND: (31961|0x5467E4F8)[BTAPP] XML : avrcp debug
05-27 18:18:21.798 31961 31961 D ANWJNI_SECOND: 
05-27 18:18:21.798  1008 30856 D [OMXB]  : usingANWBuffer: handle:0xee742270, format:1, w:1920, h:1080
05-27 18:18:21.798 31961 31961 D ANWJNI_SECOND: (31961|0x5467E4F8)[BTAPP] XML : avrcp debug open
05-27 18:18:21.798 31961 31961 D ANWJNI_SECOND: 
05-27 18:18:21.798 31961 31961 D ANWJNI_SECOND: (31961|0x5467E4F8)[BTAPP] XML : pbap debug
05-27 18:18:21.798 31961 31961 D ANWJNI_SECOND: 
05-27 18:18:21.798 31961 31961 D ANWJNI_SECOND: (31961|0x5467E4F8)[BTAPP] XML : pbap debug open
05-27 18:18:21.798 31961 31961 D ANWJNI_SECOND: 
05-27 18:18:21.798 31961 31961 D ANWJNI_SECOND: (31961|0x5467E4F8)[BTAPP] XML : map debug
05-27 18:18:21.798 31961 31961 D ANWJNI_SECOND: 
05-27 18:18:21.798 31961 31961 D ANWJNI_SECOND: (31961|0x5467E4F8)[BTAPP] XML : map debug open
05-27 18:18:21.798 31961 31961 D ANWJNI_SECOND: 
05-27 18:18:21.798 31961 31961 D ANWJNI_SECOND: (31961|0x5467E4F8)[BTAPP] get debug_iap data fail
05-27 18:18:21.798 31961 31961 D ANWJNI_SECOND: 
05-27 18:18:21.798 31961 31961 D ANWJNI_SECOND: (31961|0x5467E4F8)[BTAPP] XML : btsnoop
05-27 18:18:21.798 31961 31961 D ANWJNI_SECOND: 
05-27 18:18:21.798 31961 31961 D ANWJNI_SECOND: (31961|0x5467E4F8)[BTAPP] XML : btsnoop open
05-27 18:18:21.798 31961 31961 D ANWJNI_SECOND: 
05-27 18:18:21.798 31961 31961 D ANWJNI_SECOND: (31961|0x5467E4F8)[BTAPP] XML : file_path 
05-27 18:18:21.798 31961 31961 D ANWJNI_SECOND: 
05-27 18:18:21.798 31961 31961 D ANWJNI_SECOND: (31961|0x5467E4F8)[BTAPP] XML : file_path /data/misc/anw/ is exist,so break
05-27 18:18:21.798 31961 31961 D ANWJNI_SECOND: 
05-27 18:18:21.799 31961 31961 D ANW_AVRCP_SECOND: AnWBT_Set_Storage_Path path /data/misc/anw/
05-27 18:18:21.799 31961 31961 D ANWJNI_SECOND: (31961|0x5467E4F8)[BTAPP] XML : btsnoop_file_path 
05-27 18:18:21.799 31961 31961 D ANWJNI_SECOND: 
05-27 18:18:21.799 31961 31961 D ANWJNI_SECOND: (31961|0x5467E4F8)[BTAPP] XML : btsnoop_path /data/misc/anw/logs/ is exist,so break
05-27 18:18:21.799 31961 31961 D ANWJNI_SECOND: 
05-27 18:18:21.799 31961 31961 D ANWJNI_SECOND: (31961|0x5467E4F8)[BTAPP] XML : find btsnoop_file_size_MB setting
05-27 18:18:21.799 31961 31961 D ANWJNI_SECOND: 
05-27 18:18:21.799 31961 31961 D ANWJNI_SECOND: (31961|0x5467E4F8)[BTAPP] XML : find maxBtSnoopFileSize_MB(100)(100)
05-27 18:18:21.799 31961 31961 D ANWJNI_SECOND: 
05-27 18:18:21.799 31961 31961 D ANWJNI_SECOND: (31961|0x5467E4F8)[BTAPP] XML : find rfkillstate_path:/sys/class/gpio/gpio142/value
05-27 18:18:21.799 31961 31961 D ANWJNI_SECOND: 
05-27 18:18:21.799 31961 31961 D ANWAPI_SECOND: (31961|0x5467E4F8)[BTAPI] AnW_BT_SetRfkillStatePath
05-27 18:18:21.799 31961 31961 D ANWJNI_SECOND: (31961|0x5467E4F8)[BTAPP] get dump_pcm data fail
05-27 18:18:21.799 31961 31961 D ANWJNI_SECOND: 
05-27 18:18:21.799   283   307 I rvcservice: t.code = 7, t.value = 8968904
05-27 18:18:21.799 31961 31961 D ANWJNI_SECOND: (31961|0x5467E4F8)[BTAPP] XML : accept_avrcp_ct_control
05-27 18:18:21.799 31961 31961 D ANWJNI_SECOND: 
05-27 18:18:21.799 31961 31961 D ANWJNI_SECOND: (31961|0x5467E4F8)[BTAPP] XML : accept_avrcp_ct_control close
05-27 18:18:21.799 31961 31961 D ANWJNI_SECOND: 
05-27 18:18:21.799 31961 31961 D ANWJNI_SECOND: (31961|0x5467E4F8)[BTAPP] XML : find maxHFPAGConnNum setting
05-27 18:18:21.799 31961 31961 D ANWJNI_SECOND: 
05-27 18:18:21.800 31961 31961 D ANWJNI_SECOND: (31961|0x5467E4F8)[BTAPP] XML : find maxHFPAGConnNum(2)(2)
05-27 18:18:21.800 31961 31961 D ANWJNI_SECOND: 
05-27 18:18:21.800 31961 31961 D ANWJNI_SECOND: (31961|0x5467E4F8)[BTAPP] XML : find maxHFPHFConnNum setting
05-27 18:18:21.800 31961 31961 D ANWJNI_SECOND: 
05-27 18:18:21.800 31961 31961 D ANWJNI_SECOND: (31961|0x5467E4F8)[BTAPP] XML : find maxHFPHFConnNum(0)(0)
05-27 18:18:21.800 31961 31961 D ANWJNI_SECOND: 
05-27 18:18:21.800 31961 31961 D ANWJNI_SECOND: (31961|0x5467E4F8)[BTAPP] XML : find maxPBAPConnNum setting
05-27 18:18:21.800 31961 31961 D ANWJNI_SECOND: 
05-27 18:18:21.800 31961 31961 D ANWJNI_SECOND: (31961|0x5467E4F8)[BTAPP] XML : find maxPBAPConnNum(0)(0)
05-27 18:18:21.800 31961 31961 D ANWJNI_SECOND: 
05-27 18:18:21.800 31961 31961 D ANWJNI_SECOND: (31961|0x5467E4F8)[BTAPP] XML : find maxMAPConnNum setting
05-27 18:18:21.800 31961 31961 D ANWJNI_SECOND: 
05-27 18:18:21.800 31961 31961 D ANWJNI_SECOND: (31961|0x5467E4F8)[BTAPP] XML : find maxMAPConnNum(0)(0)
05-27 18:18:21.800 31961 31961 D ANWJNI_SECOND: 
05-27 18:18:21.800 31961 31961 D ANWJNI_SECOND: (31961|0x5467E4F8)[BTAPP] XML : find maxA2DPSinkConnNum setting
05-27 18:18:21.800 31961 31961 D ANWJNI_SECOND: 
05-27 18:18:21.800 31961 31961 D ANWJNI_SECOND: (31961|0x5467E4F8)[BTAPP] XML : find maxA2DPSinkConnNum(0)(0)
05-27 18:18:21.800 31961 31961 D ANWJNI_SECOND: 
05-27 18:18:21.800 31961 31961 D ANWJNI_SECOND: (31961|0x5467E4F8)[BTAPP] XML : find maxA2DPSourceConnNum setting
05-27 18:18:21.800 31961 31961 D ANWJNI_SECOND: 
05-27 18:18:21.800 31961 31961 D ANWJNI_SECOND: (31961|0x5467E4F8)[BTAPP] XML : find maxA2DPSourceConnNum(2)(2)
05-27 18:18:21.800 31961 31961 D ANWJNI_SECOND: 
05-27 18:18:21.800 31961 31961 D ANWJNI_SECOND: (31961|0x5467E4F8)[BTAPP] XML : find maxAVRCPCTConnNum setting
05-27 18:18:21.800 31961 31961 D ANWJNI_SECOND: 
05-27 18:18:21.800 31961 31961 D ANWJNI_SECOND: (31961|0x5467E4F8)[BTAPP] XML : find (0)(0)
05-27 18:18:21.800 31961 31961 D ANWJNI_SECOND: 
05-27 18:18:21.800 31961 31961 D ANWJNI_SECOND: (31961|0x5467E4F8)[BTAPP] XML : find maxAVRCPTGConnNum setting
05-27 18:18:21.800 31961 31961 D ANWJNI_SECOND: 
05-27 18:18:21.800 31961 31961 D ANWJNI_SECOND: (31961|0x5467E4F8)[BTAPP] XML : find maxAVRCPTGConnNum(2)(2)
05-27 18:18:21.800 31961 31961 D ANWJNI_SECOND: 
05-27 18:18:21.800 31961 31961 D ANWJNI_SECOND: (31961|0x5467E4F8)[BTAPP] XML : find maxDeviceConnNum setting
05-27 18:18:21.800 31961 31961 D ANWJNI_SECOND: 
05-27 18:18:21.801 31961 31961 D ANWJNI_SECOND: (31961|0x5467E4F8)[BTAPP] XML : find maxDeviceConnNum(2)(2)
05-27 18:18:21.801 31961 31961 D ANWJNI_SECOND: 
05-27 18:18:21.801 31961 31961 D ANWJNI_SECOND: (31961|0x5467E4F8)[BTAPP] XML : find maxSCOConnNum setting
05-27 18:18:21.801 31961 31961 D ANWJNI_SECOND: 
05-27 18:18:21.801 31961 31961 D ANWJNI_SECOND: (31961|0x5467E4F8)[BTAPP] XML : find maxSCOConnNum(2)(2)
05-27 18:18:21.801 31961 31961 D ANWJNI_SECOND: 
05-27 18:18:21.801 31961 31961 D ANWJNI_SECOND: (31961|0x5467E4F8)[BTAPP] XML : find maxHFSCOConnNum setting
05-27 18:18:21.801 31961 31961 D ANWJNI_SECOND: 
05-27 18:18:21.801 31961 31961 D ANWJNI_SECOND: (31961|0x5467E4F8)[BTAPP] XML : find maxHFSCOConnNum(0)(0)
05-27 18:18:21.801 31961 31961 D ANWJNI_SECOND: 
05-27 18:18:21.801 31961 31961 D ANWJNI_SECOND: (31961|0x5467E4F8)[BTAPP] XML : find maxAGSCOConnNum setting
05-27 18:18:21.801 31961 31961 D ANWJNI_SECOND: 
05-27 18:18:21.801 31961 31961 D ANWJNI_SECOND: (31961|0x5467E4F8)[BTAPP] XML : find maxAGSCOConnNum(2)(2)
05-27 18:18:21.801 31961 31961 D ANWJNI_SECOND: 
05-27 18:18:21.801 31961 31961 D ANWJNI_SECOND: (31961|0x5467E4F8)[BTAPP] XML : find maxOppConnNum_data setting
05-27 18:18:21.801 31961 31961 D ANWJNI_SECOND: 
05-27 18:18:21.801 31961 31961 D ANWJNI_SECOND: (31961|0x5467E4F8)[BTAPP] XML : find maxOPPConnNum(0)(0)
05-27 18:18:21.801 31961 31961 D ANWJNI_SECOND: 
05-27 18:18:21.801 31961 31961 D ANWJNI_SECOND: (31961|0x5467E4F8)[BTAPP] XML : find maxHidHostConnNum_data setting
05-27 18:18:21.801 31961 31961 D ANWJNI_SECOND: 
05-27 18:18:21.801 31961 31961 D ANWJNI_SECOND: (31961|0x5467E4F8)[BTAPP] XML : find maxHidHostConnNum(0)(0)
05-27 18:18:21.801 31961 31961 D ANWJNI_SECOND: 
05-27 18:18:21.801 31961 31961 D ANWJNI_SECOND: (31961|0x5467E4F8)[BTAPP] XML : music_mode_auto_select
05-27 18:18:21.801 31961 31961 D ANWJNI_SECOND: 
05-27 18:18:21.801 31961 31961 D ANWJNI_SECOND: (31961|0x5467E4F8)[BTAPP] XML : music_mode_auto_select open
05-27 18:18:21.801 31961 31961 D ANWJNI_SECOND: 
05-27 18:18:21.801 31961 31961 D ANWJNI_SECOND: (31961|0x5467E4F8)[BTAPP] XML : BQB_test_setting
05-27 18:18:21.801 31961 31961 D ANWJNI_SECOND: 
05-27 18:18:21.801 31961 31961 D ANWJNI_SECOND: (31961|0x5467E4F8)[BTAPP] XML : BQB_test_setting close
05-27 18:18:21.801 31961 31961 D ANWJNI_SECOND: 
05-27 18:18:21.801 31961 31961 D ANWJNI_SECOND: (31961|0x5467E4F8)[BTAPP] XML : find aaudio_device_id setting
05-27 18:18:21.801 31961 31961 D ANWJNI_SECOND: 
05-27 18:18:21.802 31961 31961 D ANWJNI_SECOND: (31961|0x5467E4F8)[BTAPP] XML : find aaudio_device_id(16)(16)
05-27 18:18:21.802 31961 31961 D ANWJNI_SECOND: 
05-27 18:18:21.802 31961 31961 D ANWJNI_SECOND: (31961|0x5467E4F8)[BTAPP] XML : local_device_name_data 
05-27 18:18:21.802 31961 31961 D ANWJNI_SECOND: 
05-27 18:18:21.802 31961 31961 D ANWAPI_SECOND: (31961|0x5467E4F8)[BTAPI] AnWBT_Set_Local_Device_Before_Init LJ_FUJIA
05-27 18:18:21.802 31961 31961 D ANWJNI_SECOND: (31961|0x5467E4F8)[BTAPP] get a2dp_sink_pcm data fail
05-27 18:18:21.802 31961 31961 D ANWJNI_SECOND: 
05-27 18:18:21.802 31961 31961 D ANWJNI_SECOND: (31961|0x5467E4F8)[BTAPP] XML : master_device_file_path 
05-27 18:18:21.802 31961 31961 D ANWJNI_SECOND: 
05-27 18:18:21.802 31961 31961 D ANWJNI_SECOND: (31961|0x5467E4F8)[BTAPP] XML : master_device_file_path /anw/target_device_info is not exist
05-27 18:18:21.802 31961 31961 D ANWJNI_SECOND: 
05-27 18:18:21.802 31961 31961 D ANWJNI_SECOND: (31961|0x5467E4F8)[BTAPP] XML : read_rssi_switch
05-27 18:18:21.802 31961 31961 D ANWJNI_SECOND: 
05-27 18:18:21.802 31961 31961 D ANWJNI_SECOND: (31961|0x5467E4F8)[BTAPP] XML : read_rssi_switch close
05-27 18:18:21.802 31961 31961 D ANWJNI_SECOND: 
05-27 18:18:21.802 31961 31961 D ANWJNI_SECOND: (31961|0x5467E4F8)[BTAPP] XML : pbapClient_autoConnectAndDownload
05-27 18:18:21.802 31961 31961 D ANWJNI_SECOND: 
05-27 18:18:21.802 31961 31961 D ANWJNI_SECOND: (31961|0x5467E4F8)[BTAPP] XML : PBAP Client auto connect an download close
05-27 18:18:21.802 31961 31961 D ANWJNI_SECOND: 
05-27 18:18:21.802 31961 31961 D ANWJNI_SECOND: (31961|0x5467E4F8)[BTAPP] get callDisconnect_AutoDownloadCalllog data fail
05-27 18:18:21.802 31961 31961 D ANWJNI_SECOND: 
05-27 18:18:21.802 31961 31961 D ANWJNI_SECOND: (31961|0x5467E4F8)[BTAPP] XML : UART_path 
05-27 18:18:21.802 31961 31961 D ANWJNI_SECOND: 
05-27 18:18:21.802 31961 31961 D ANWJNI_SECOND: (31961|0x5467E4F8)[BTAPP] XML : UART_path:[/dev/ttyS3]
05-27 18:18:21.802 31961 31961 D ANWJNI_SECOND: 
05-27 18:18:21.802 31961 31961 D ANWJNI_SECOND: (31961|0x5467E4F8)[BTAPP] get BTADDR_path data fail
05-27 18:18:21.802 31961 31961 D ANWJNI_SECOND: 
05-27 18:18:21.802 31961 31961 D ANWJNI_SECOND: (31961|0x5467E4F8)[BTAPP] XML : BTADDR path not find
05-27 18:18:21.802 31961 31961 D ANWJNI_SECOND: 
05-27 18:18:21.802 31961 31961 D ANWJNI_SECOND: (31961|0x5467E4F8)[BTAPP] XML : find UART_baudRate_init(115200)
05-27 18:18:21.802 31961 31961 D ANWJNI_SECOND: 
05-27 18:18:21.803 31961 31961 D ANWJNI_SECOND: (31961|0x5467E4F8)[BTAPP] XML : find UART_baudRate_normal(3000000)
05-27 18:18:21.803 31961 31961 D ANWJNI_SECOND: 
05-27 18:18:21.803 31961 31961 D ANWJNI_SECOND: (31961|0x5467E4F8)[BTAPP] XML : AVRCP_ABSOLUTE_VOLUME
05-27 18:18:21.803 31961 31961 D ANWJNI_SECOND: 
05-27 18:18:21.803 31961 31961 D ANWJNI_SECOND: (31961|0x5467E4F8)[BTAPP] XML : avrcp absolute volume change open
05-27 18:18:21.803 31961 31961 D ANWJNI_SECOND: 
05-27 18:18:21.803 31961 31961 D ANWAPI_SECOND: (31961|0x5467E4F8)[BTAPI] AnWBT_Set_Avrcp_Absoulte_Volume_Change[1]
05-27 18:18:21.803 31961 31961 D ANWJNI_SECOND: (31961|0x5467E4F8)[BTAPP] get generate_random_address data fail
05-27 18:18:21.803 31961 31961 D ANWJNI_SECOND: 
05-27 18:18:21.803 31961 31961 D ANWJNI_SECOND: (31961|0x5467E4F8)[BTAPP] get reject_a2dp_avrcp data fail
05-27 18:18:21.803 31961 31961 D ANWJNI_SECOND: 
05-27 18:18:21.803 31961 31961 D ANWJNI_SECOND: (31961|0x5467E4F8)[BTAPP] XML : find connect_by_sdp_limit setting
05-27 18:18:21.803 31961 31961 D ANWJNI_SECOND: 
05-27 18:18:21.803   299 30841 D EvsDriver: forwardFrame
05-27 18:18:21.803   299  1153 D EvsDriver: doneWithFrame
05-27 18:18:21.803 31961 31961 D ANWJNI_SECOND: (31961|0x5467E4F8)[BTAPP] connect_by_sdp_limit set(close)
05-27 18:18:21.803 31961 31961 D ANWJNI_SECOND: 
05-27 18:18:21.803 31961 31961 D ANWJNI_SECOND: (31961|0x5467E4F8)[BTAPP] XML : find hfpag_auto_select_main_device setting
05-27 18:18:21.803 31961 31961 D ANWJNI_SECOND: 
05-27 18:18:21.803 31961 31961 D ANWJNI_SECOND: (31961|0x5467E4F8)[BTAPP] hfpag_auto_select_main_device set(open)
05-27 18:18:21.803 31961 31961 D ANWJNI_SECOND: 
05-27 18:18:21.803 31961 31961 D ANWJNI_SECOND: (31961|0x5467E4F8)[BTAPP] XML : find waveout_file_size_MB setting
05-27 18:18:21.803 31961 31961 D ANWJNI_SECOND: 
05-27 18:18:21.804 31961 31961 D ANWJNI_SECOND: (31961|0x5467E4F8)[BTAPP] XML : find waveout_file_size_MB_data(50)
05-27 18:18:21.804 31961 31961 D ANWJNI_SECOND: 
05-27 18:18:21.804 31961 31961 D ANWJNI_SECOND: (31961|0x5467E4F8)[BTAPP] free source_data
05-27 18:18:21.804 31961 31961 D ANWJNI_SECOND: 
05-27 18:18:21.804 31961 31961 D ANWJNI_SECOND: (31961|0x5467E4F8)[BTAPP] Read XMLfile End
05-27 18:18:21.804 31961 31961 D ANWJNI_SECOND: 
05-27 18:18:21.804 31961 31961 D ANWJNI_SECOND: (31961|0x5467E4F8)[BTAPP] run Read (/system/etc/bluetooth/anw_AA_CP_setting.cfg) Start
05-27 18:18:21.804 31961 31961 D ANWJNI_SECOND: 
05-27 18:18:21.804 31961 31961 D ANWJNI_SECOND: (31961|0x5467E4F8)[BTAPP] open BT config file (/system/etc/bluetooth/anw_AA_CP_setting.cfg) failed.
05-27 18:18:21.804 31961 31961 D ANWJNI_SECOND: 
05-27 18:18:21.804 31961 31961 D ANWJNI_SECOND: (31961|0x5467E4F8)[BTAPP] run Read (/data/misc/anw//btmonitor_lastrecord) Start
05-27 18:18:21.804 31961 31961 D ANWJNI_SECOND: 
05-27 18:18:21.804 31961 31961 D ANWJNI_SECOND: (31961|0x5467E4F8)[BTAPP] open BT last record file (/data/misc/anw//btmonitor_lastrecord) success.
05-27 18:18:21.804 31961 31961 D ANWJNI_SECOND: 
05-27 18:18:21.805 31961 31961 D ANWJNI_SECOND: (31961|0x5467E4F8)[BTAPP] read last_connected_device last_scan_mode::3
05-27 18:18:21.805 31961 31961 D ANWJNI_SECOND: 
05-27 18:18:21.805 31961 31961 D ANWJNI_SECOND: 
05-27 18:18:21.805 31961 31961 D ANWJNI_SECOND: (31961|0x5467E4F8)[BTAPP] read last_scan_mode
05-27 18:18:21.805 31961 31961 D ANWJNI_SECOND: 
05-27 18:18:21.805 31961 31961 D ANWJNI_SECOND: (31961|0x5467E4F8)[BTAPP] last_scan_mode find,value is 3
05-27 18:18:21.805 31961 31961 D ANWJNI_SECOND: 
05-27 18:18:21.805 31961 31961 D ANWJNI_SECOND: (31961|0x5467E4F8)[BTAPP] read last_poweron_state
05-27 18:18:21.805 31961 31961 D ANWJNI_SECOND: 
05-27 18:18:21.805 31961 31961 I ANWJNI_SECOND: --- JNI_OnLoad
05-27 18:18:21.806   481   598 I mcuc    : rev,n=1,6AA682625E00020901B2
05-27 18:18:21.806   536   536 D commservice260303: msg.id = 1028,2
05-27 08:09:30.779   581   581 D spi_rst_gpio_get_output: GPIO 145 value: 1
05-27 08:09:30.779   581   581 D spidev_ioctl: gpio status=1)
05-27 18:18:21.807   536   536 D commservice260303: i = 170, msgid = 8A000404
05-27 18:18:21.807   536   536 D commservice260303: msgid = -1979710460,did=138
05-27 18:18:21.807   536   536 D commservice260303: CommProtocolLibCmdBaseI2C::dataproc {"command":{"id":"imu_status","sub":""},"content":{"TimeStamp":8,"FrameCounter":207638,"GD_X":-0.010841978713870049,"GD_Y":0.004963258747011423,"GD_Z":0.0023671966046094894,"AD_X":-6.23360276222229E-4,"AD_Y":0.0017064528074115515,"AD_Z":-0.1694812774658203,"TempDsp":0,"Status":0,"CalibState":1,"SigAmpInvalid":0}},-1979710460
05-27 18:18:21.807   536   536 D commservice260303: send2Cluster len:314, 7B22636F6D6D616E64223A7B226964223A22696D755F737461747573222C22737562223A22227D2C22636F6E74656E74223A7B2254696D655374616D70223A382C224672616D65436F756E746572223A3230373633382C2247445F58223A2D302E3031303834313937383731333837303034392C2247445F59223A302E3030343936333235383734373031313432332C2247445F5A223A302E303032333637313936363034363039343839342C2241445F58223A2D362E3233333630323736323232323239452D342C2241445F59223A302E303031373036343532383037343131353531352C2241445F5A223A2D302E313639343831323737343635383230332C2254656D70447370223A302C22537461747573223A302C2243616C69625374617465223A312C22536967416D70496E76616C6964223A307D7D, 138 
05-27 18:18:21.807   536   536 D commservice260303: Push Message into SendPool fn=1332216576
05-27 18:18:21.807   536   536 D commservice260303: ComProtocolLibSend2Cluster::send2ClusterRaw fn=1332216576 , len=330
05-27 18:18:21.807   536   536 D commservice260303: sendCmdToPort :330!!!
05-27 18:18:21.807   536   536 D commservice260303: send Cmd To Port ++++5AA501468A010003684F6A16C4ED7B22636F6D6D616E64223A7B226964223A22696D755F737461747573222C22737562223A22227D2C22636F6E74656E74223A7B2254696D655374616D70223A382C224672616D65436F756E746572223A3230373633382C2247445F58223A2D302E3031303834313937383731333837303034392C2247445F59223A302E3030343936333235383734373031313432332C2247445F5A223A302E303032333637313936363034363039343839342C2241445F58223A2D362E3233333630323736323232323239452D342C2241445F59223A302E303031373036343532383037343131353531352C2241445F5A223A2D302E313639343831323737343635383230332C2254656D70447370223A302C22537461747573223A302C2243616C69625374617465223A312C22536967416D70496E76616C6964223A307D7D3DC1
05-27 18:18:21.807   536   536 D commservice260303: bufferevent_write retrun value = 0
05-27 18:18:21.808 13911 14192 D Sentinelmode_1.2.5.17_sentry: <SentryImuClusterFgeSender>imu_status sent to Linux, frame=207638, tsNs=8969047, tsMs=8, intervalMs=38, ad=(-6.233603E-4,0.0017064528,-0.16948128), gd=(-0.010841979,0.0049632587,0.0023671966)
05-27 18:18:21.808   536   560 D commservice260303: client datas send succeed,send finish
05-27 18:18:21.809   581   581 I SpiService: fgesysctrl_getGPIO_status success val=1
05-27 18:18:21.811  1167  1184 D evsmanagerd: /dev/video4 forwarded the buffer #0 to 0xb4000074bf5f6850 from 0xb4000074bf5f41d0
05-27 18:18:21.811   299 30841 D EvsDriver: Delivered 0xb400007b7ca56a60 as id 0
05-27 18:18:21.811 30773 30773 E dvr_service_: [myNum:0] Received S**** loss
05-27 18:18:21.812   299  1153 D EvsDriver: doneWithFrame
05-27 18:18:21.814 31961 31961 D AnwSdkService: onCreate
05-27 18:18:21.814  1008 30857 D [OMXB]  : usingANWBuffer: handle:0xee744b00, format:1, w:1920, h:1080
05-27 18:18:21.814 31961 31961 D AnwSdkService: run createMessageHandleThread
05-27 18:18:21.814   581   581 I SpiService: fgesysctrl_getGPIO_status success val=1
05-27 18:18:21.818 31961 31961 D AnwSdkService: run createAudioFocusListenerMessageHandleThread
05-27 18:18:21.817 13911 14183 I SentryImuMcuAngleSender: 179.97897rollDeg
05-27 18:18:21.819 13911 14183 I SentryImuMcuAngleSender: 1,0,0
05-27 18:18:21.820   581   581 I SpiService: fgesysctrl_getGPIO_status success val=1
05-27 18:18:21.822 31961 31961 I AnwSdkService: mhcilog1:
05-27 18:18:21.822 31961 31961 I AnwSdkService: mhcilog4:
05-27 18:18:21.823 30773 30786 I dvr_service_: CameraX 1  audioOK: 132698118,audios:1970
05-27 18:18:21.826   581   581 I SpiService: fgesysctrl_getGPIO_status success val=0
05-27 18:18:21.830   299 30844 D EvsDriver: forwardFrame
05-27 18:18:21.832  1167  1184 D evsmanagerd: /dev/video6 forwarded the buffer #0 to 0xb4000074bf5f5510 from 0xb4000074bf5f6d90
05-27 18:18:21.832   299 30844 D EvsDriver: Delivered 0xb400007b7ca56900 as id 0
05-27 18:18:21.834  1008 30856 D [OMXB]  : usingANWBuffer: handle:0xee744630, format:1, w:1920, h:1080
05-27 18:18:21.836   299 30841 D EvsDriver: forwardFrame
05-27 18:18:21.837   299  1153 D EvsDriver: doneWithFrame
05-27 18:18:21.840 13911 14183 I SentryImuMcuAngleSender: 179.97897rollDeg
05-27 18:18:21.840 13911 14183 I SentryImuMcuAngleSender: 1,0,0
05-27 18:18:21.840  1167  1184 D evsmanagerd: /dev/video4 forwarded the buffer #0 to 0xb4000074bf5f6850 from 0xb4000074bf5f41d0
05-27 18:18:21.840   299 30841 D EvsDriver: Delivered 0xb400007b7ca56a60 as id 0
05-27 18:18:21.841   581   581 I SpiService: fgesysctrl_getGPIO_status success val=1
05-27 08:09:30.805   581   581 D spi_rst_gpio_get_output: GPIO 145 value: 1
05-27 08:09:30.806   581   581 D spidev_ioctl: gpio status=1)
05-27 18:18:21.845   299  1153 D EvsDriver: doneWithFrame
05-27 18:18:21.846 31961 31961 I ANWJNI_SECOND: +++ InitialCallback=====
05-27 18:18:21.847   581   581 I SpiService: fgesysctrl_getGPIO_status success val=1
05-27 18:18:21.849   536   536 D commservice260303: msg.id = 1028,1
05-27 18:18:21.849   536   536 D commservice260303: i = 170, msgid = 8A000404
05-27 18:18:21.849   536   536 D commservice260303: msgid = -1979710460,did=138
05-27 18:18:21.849   536   536 D commservice260303: CommProtocolLibCmdBaseI2C::dataproc {"command":{"id":"imu_status","sub":""},"content":{"TimeStamp":8,"FrameCounter":207639,"GD_X":-0.011377211660146713,"GD_Y":0.0057257963344454765,"GD_Z":0.0023671966046094894,"AD_X":-6.374716758728027E-4,"AD_Y":0.0010882653295993805,"AD_Z":-0.16460132598876953,"TempDsp":0,"Status":0,"CalibState":1,"SigAmpInvalid":0}},-1979710460
05-27 18:18:21.849   536   536 D commservice260303: send2Cluster len:317, 7B22636F6D6D616E64223A7B226964223A22696D755F737461747573222C22737562223A22227D2C22636F6E74656E74223A7B2254696D655374616D70223A382C224672616D65436F756E746572223A3230373633392C2247445F58223A2D302E3031313337373231313636303134363731332C2247445F59223A302E303035373235373936333334343435343736352C2247445F5A223A302E303032333637313936363034363039343839342C2241445F58223A2D362E333734373136373538373238303237452D342C2241445F59223A302E303031303838323635333239353939333830352C2241445F5A223A2D302E31363436303133323539383837363935332C2254656D70447370223A302C22537461747573223A302C2243616C69625374617465223A312C22536967416D70496E76616C6964223A307D7D, 138 
05-27 18:18:21.849   536   536 D commservice260303: Push Message into SendPool fn=1348993792
05-27 18:18:21.849   536   536 D commservice260303: ComProtocolLibSend2Cluster::send2ClusterRaw fn=1348993792 , len=333
05-27 18:18:21.849   536   536 D commservice260303: sendCmdToPort :333!!!
05-27 18:18:21.849   536   536 D commservice260303: send Cmd To Port ++++5AA501498A01000368506A16C4ED7B22636F6D6D616E64223A7B226964223A22696D755F737461747573222C22737562223A22227D2C22636F6E74656E74223A7B2254696D655374616D70223A382C224672616D65436F756E746572223A3230373633392C2247445F58223A2D302E3031313337373231313636303134363731332C2247445F59223A302E303035373235373936333334343435343736352C2247445F5A223A302E303032333637313936363034363039343839342C2241445F58223A2D362E333734373136373538373238303237452D342C2241445F59223A302E303031303838323635333239353939333830352C2241445F5A223A2D302E31363436303133323539383837363935332C2254656D70447370223A302C22537461747573223A302C2243616C69625374617465223A312C22536967416D70496E76616C6964223A307D7D0D8F
05-27 18:18:21.849   536   536 D commservice260303: bufferevent_write retrun value = 0
05-27 18:18:21.849   536   560 D commservice260303: client datas send succeed,send finish
05-27 18:18:21.849 31961 31961 I ANWJNI_SECOND: --- InitialCallback(77)(78)
05-27 18:18:21.849 13911 14192 D Sentinelmode_1.2.5.17_sentry: <SentryImuClusterFgeSender>imu_status sent to Linux, frame=207639, tsNs=8969082, tsMs=8, intervalMs=42, ad=(-6.374717E-4,0.0010882653,-0.16460133), gd=(-0.011377212,0.0057257963,0.0023671966)
05-27 18:18:21.850 31961 31961 I ANWJNI_SECOND: --- InitialCallback(79)(80)
05-27 18:18:21.850 31961 31961 I ANWJNI_SECOND: --- InitialCallback:0
05-27 18:18:21.850 31961 31961 D AnwSdkService: onCreate:0,78,80
05-27 18:18:21.850 31961 31961 D AnwSdkService: pbap_socket_fd1 = 78
05-27 18:18:21.852  1008 30857 D [OMXB]  : usingANWBuffer: handle:0xee743ea0, format:1, w:1920, h:1080
05-27 18:18:21.852   581   581 I SpiService: fgesysctrl_getGPIO_status success val=1
05-27 18:18:21.850 31961 31961 D AnwSdkService: run createPbapContactMessageHandleThread
05-27 18:18:21.855 31961 31961 D AnwSdkService: run createPbapParsedDataUpdateMessageHandleThread
05-27 18:18:21.858   581   581 I SpiService: fgesysctrl_getGPIO_status success val=1
05-27 08:09:30.822   581   581 D spi_rst_gpio_get_output: GPIO 145 value: 1
05-27 18:18:21.861 13911 14183 I SentryImuMcuAngleSender: 179.97195rollDeg
05-27 18:18:21.861 13911 14183 I SentryImuMcuAngleSender: 1,0,0
05-27 18:18:21.862 31961 31961 W ContextImpl: Calling a method in the system process without a qualified user: android.app.ContextImpl.startService:1863 android.content.ContextWrapper.startService:817 com.anwsdk.service.anwbtservice.onCreate:7516 android.app.ActivityThread.handleCreateService:4616 android.app.ActivityThread.-$$Nest$mhandleCreateService:0 
05-27 18:18:21.863   581   581 I SpiService: fgesysctrl_getGPIO_status success val=1
05-27 18:18:21.863 10188  7589 W ActivityManager: Unable to start service Intent { cmp=com.anwsdk.service/.HfpClientConnectionService } U=0: not found with resolvedType = null, flags = 268436480, userId = 0, callingUid = 1000
05-27 18:18:21.864 31961 31961 D AnwSdkService: 20210721 checking self APK rom size
05-27 18:18:21.868   299 30844 D EvsDriver: forwardFrame
05-27 18:18:21.868   299 30841 D EvsDriver: forwardFrame
05-27 18:18:21.869   572   622 I Sensors : 230 AccelSensor: x:-0.167140,y:0.004880,z:-9.971670
05-27 18:18:21.869   581   581 I SpiService: fgesysctrl_getGPIO_status success val=0
05-27 18:18:21.871   299 30841 D EvsDriver: Delivered 0xb400007b7ca56a60 as id 0
05-27 18:18:21.871   299 30844 D EvsDriver: Delivered 0xb400007b7ca56900 as id 0
05-27 18:18:21.871  1167  1167 D evsmanagerd: /dev/video6 forwarded the buffer #0 to 0xb4000074bf5f5510 from 0xb4000074bf5f6d90
05-27 18:18:21.871  1167  1184 D evsmanagerd: /dev/video4 forwarded the buffer #0 to 0xb4000074bf5f6850 from 0xb4000074bf5f41d0
05-27 18:18:21.874   299  1153 D EvsDriver: doneWithFrame
05-27 18:18:21.875  1008 30857 D [OMXB]  : usingANWBuffer: handle:0xee741e50, format:1, w:1920, h:1080
05-27 18:18:21.877   299  1153 D EvsDriver: doneWithFrame
05-27 18:18:21.882 13911 14183 I SentryImuMcuAngleSender: 179.97197rollDeg
05-27 18:18:21.882 13911 14183 I SentryImuMcuAngleSender: 1,0,0
05-27 18:18:21.885   581   581 I SpiService: fgesysctrl_getGPIO_status success val=1
05-27 18:18:21.888   536   536 D commservice260303: msg.id = 1028,0
05-27 18:18:21.888   536   536 D commservice260303: i = 170, msgid = 8A000404
05-27 18:18:21.888   536   536 D commservice260303: msgid = -1979710460,did=138
05-27 18:18:21.888   536   536 D commservice260303: CommProtocolLibCmdBaseI2C::dataproc {"command":{"id":"imu_status","sub":""},"content":{"TimeStamp":8,"FrameCounter":207640,"GD_X":-0.012139749713242054,"GD_Y":0.004733873065561056,"GD_Z":0.0021378109231591225,"AD_X":-0.001877903938293457,"AD_Y":0.0016798286233097315,"AD_Z":-0.16826248168945312,"TempDsp":0,"Status":0,"CalibState":1,"SigAmpInvalid":0}},-1979710460
05-27 18:18:21.888   536   536 D commservice260303: send2Cluster len:316, 7B22636F6D6D616E64223A7B226964223A22696D755F737461747573222C22737562223A22227D2C22636F6E74656E74223A7B2254696D655374616D70223A382C224672616D65436F756E746572223A3230373634302C2247445F58223A2D302E3031323133393734393731333234323035342C2247445F59223A302E3030343733333837333036353536313035362C2247445F5A223A302E303032313337383130393233313539313232352C2241445F58223A2D302E3030313837373930333933383239333435372C2241445F59223A302E303031363739383238363233333039373331352C2241445F5A223A2D302E31363832363234383136383934353331322C2254656D70447370223A302C22537461747573223A302C2243616C69625374617465223A312C22536967416D70496E76616C6964223A307D7D, 138 
05-27 18:18:21.889   536   536 D commservice260303: Push Message into SendPool fn=1365771008
05-27 18:18:21.889   536   536 D commservice260303: ComProtocolLibSend2Cluster::send2ClusterRaw fn=1365771008 , len=332
05-27 18:18:21.889   536   536 D commservice260303: sendCmdToPort :332!!!
05-27 18:18:21.889   536   536 D commservice260303: send Cmd To Port ++++5AA501488A01000368516A16C4ED7B22636F6D6D616E64223A7B226964223A22696D755F737461747573222C22737562223A22227D2C22636F6E74656E74223A7B2254696D655374616D70223A382C224672616D65436F756E746572223A3230373634302C2247445F58223A2D302E3031323133393734393731333234323035342C2247445F59223A302E3030343733333837333036353536313035362C2247445F5A223A302E303032313337383130393233313539313232352C2241445F58223A2D302E3030313837373930333933383239333435372C2241445F59223A302E303031363739383238363233333039373331352C2241445F5A223A2D302E31363832363234383136383934353331322C2254656D70447370223A302C22537461747573223A302C2243616C69625374617465223A312C22536967416D70496E76616C6964223A307D7DD413
05-27 18:18:21.889   536   536 D commservice260303: bufferevent_write retrun value = 0
05-27 18:18:21.889   536   560 D commservice260303: client datas send succeed,send finish
05-27 18:18:21.889 13911 14192 D Sentinelmode_1.2.5.17_sentry: <SentryImuClusterFgeSender>imu_status sent to Linux, frame=207640, tsNs=8969136, tsMs=8, intervalMs=40, ad=(-0.0018779039,0.0016798286,-0.16826248), gd=(-0.01213975,0.004733873,0.002137811)
05-27 18:18:21.891   581   581 I SpiService: fgesysctrl_getGPIO_status success val=1
05-27 18:18:21.896 31961 31961 D AnwSdkService: apk rom size:40.90M
05-27 08:09:30.861   581   581 D spi_rst_gpio_get_output: GPIO 145 value: 1
05-27 08:09:30.861   581   581 D spidev_ioctl: gpio status=1)
05-27 18:18:21.897   581   581 I SpiService: fgesysctrl_getGPIO_status success val=1
05-27 18:18:21.897  1008 30856 D [OMXB]  : usingANWBuffer: handle:0xee747180, format:1, w:1920, h:1080
05-27 18:18:21.899 31961 31961 D AnwSdkService: [android.permission.READ_EXTERNAL_STORAGE] permision is GRANTED
05-27 18:18:21.900   283   307 I rvcservice: t.code = 3, t.value = 0
05-27 18:18:21.901   299 30841 D EvsDriver: forwardFrame
05-27 18:18:21.901   299 30844 D EvsDriver: forwardFrame
05-27 18:18:21.901 31961 31961 D AnwSdkService: [android.permission.WRITE_EXTERNAL_STORAGE] permision is GRANTED
05-27 18:18:21.903 13911 14183 I SentryImuMcuAngleSender: 179.97546rollDeg
05-27 18:18:21.903 13911 14183 I SentryImuMcuAngleSender: 1,0,0
05-27 18:18:21.903   581   581 I SpiService: fgesysctrl_getGPIO_status success val=1
05-27 18:18:21.904   299 30841 D EvsDriver: Delivered 0xb400007b7ca56a60 as id 0
05-27 18:18:21.904   299 30844 D EvsDriver: Delivered 0xb400007b7ca56900 as id 0
05-27 18:18:21.904  1167  1184 D evsmanagerd: /dev/video4 forwarded the buffer #0 to 0xb4000074bf5f6850 from 0xb4000074bf5f41d0
05-27 18:18:21.904  1167  1167 D evsmanagerd: /dev/video6 forwarded the buffer #0 to 0xb4000074bf5f5510 from 0xb4000074bf5f6d90
05-27 18:18:21.909   299  1153 D EvsDriver: doneWithFrame
05-27 18:18:21.909   299  1163 D EvsDriver: doneWithFrame
05-27 18:18:21.909   581   581 I SpiService: fgesysctrl_getGPIO_status success val=0
05-27 18:18:21.917  1008 30857 D [OMXB]  : usingANWBuffer: handle:0xee744fd0, format:1, w:1920, h:1080
05-27 18:18:21.918 31961 31961 D AnwSdkService: onCreate end
05-27 18:18:21.919 31961 31961 D AnwSdkService: onBind
05-27 18:18:21.923 13911 14183 I SentryImuMcuAngleSender: 179.97897rollDeg
05-27 18:18:21.923 13911 14183 I SentryImuMcuAngleSender: 1,0,0
05-27 18:18:21.924 13435 13435 D BtManager: onServiceConnected
05-27 18:18:21.924   581   581 I SpiService: fgesysctrl_getGPIO_status success val=1
05-27 18:18:21.925 31961 31974 D AnwSdkService: GetPowerStatus = POWER_OFF
05-27 18:18:21.925 31961 31974 D AnwSdkService: ANWBT_GetBTPowerStatus() POWER_OFF
05-27 18:18:21.925 31961 31974 D AnwSdkService: GetPowerStatus = POWER_OFF
05-27 18:18:21.925 13435 13435 D BtManager: ANWBT_BTPowerOn
05-27 18:18:21.925 13435 13435 D BtManager: ANWBT_GetBTPowerStatus
05-27 18:18:21.926 31961 31974 D AnwSdkService: GetPowerStatus = POWER_OFF
05-27 18:18:21.926 31961 31974 D AnwSdkService: ANWBT_GetBTPowerStatus() POWER_OFF
05-27 18:18:21.926 31961 31974 D AnwSdkService: GetPowerStatus = POWER_OFF
05-27 18:18:21.927 31961 31974 D AnwSdkService: anw-update,bt_java_data:20260516
05-27 18:18:21.927 31961 31974 D AnwSdkService: ANWBT_BTPowerOn()
05-27 18:18:21.927 31961 31974 D AnwSdkService: GetPowerStatus = POWER_OFF
05-27 18:18:21.928 31961 31974 D AnwSdkService: SetPowerStatus = POWER_ONING
05-27 18:18:21.929   536   536 D commservice260303: msg.id = 1028,1
05-27 18:18:21.929   536   536 D commservice260303: i = 170, msgid = 8A000404
05-27 18:18:21.929   536   536 D commservice260303: msgid = -1979710460,did=138
05-27 18:18:21.929   536   536 D commservice260303: CommProtocolLibCmdBaseI2C::dataproc {"command":{"id":"imu_status","sub":""},"content":{"TimeStamp":8,"FrameCounter":207641,"GD_X":-0.011377211660146713,"GD_Y":0.005573912989348173,"GD_Z":0.0023671966046094894,"AD_X":-0.004316285252571106,"AD_Y":0.0010580008383840322,"AD_Z":-0.16826248168945312,"TempDsp":0,"Status":0,"CalibState":1,"SigAmpInvalid":0}},-1979710460
05-27 18:18:21.929   581   581 I SpiService: fgesysctrl_getGPIO_status success val=1
05-27 18:18:21.929   536   536 D commservice260303: send2Cluster len:316, 7B22636F6D6D616E64223A7B226964223A22696D755F737461747573222C22737562223A22227D2C22636F6E74656E74223A7B2254696D655374616D70223A382C224672616D65436F756E746572223A3230373634312C2247445F58223A2D302E3031313337373231313636303134363731332C2247445F59223A302E3030353537333931323938393334383137332C2247445F5A223A302E303032333637313936363034363039343839342C2241445F58223A2D302E3030343331363238353235323537313130362C2241445F59223A302E303031303538303030383338333834303332322C2241445F5A223A2D302E31363832363234383136383934353331322C2254656D70447370223A302C22537461747573223A302C2243616C69625374617465223A312C22536967416D70496E76616C6964223A307D7D, 138 
05-27 18:18:21.929   536   536 D commservice260303: Push Message into SendPool fn=1382548224
05-27 18:18:21.929   536   536 D commservice260303: ComProtocolLibSend2Cluster::send2ClusterRaw fn=1382548224 , len=332
05-27 18:18:21.929   536   536 D commservice260303: sendCmdToPort :332!!!
05-27 18:18:21.930   536   536 D commservice260303: send Cmd To Port ++++5AA501488A01000368526A16C4ED7B22636F6D6D616E64223A7B226964223A22696D755F737461747573222C22737562223A22227D2C22636F6E74656E74223A7B2254696D655374616D70223A382C224672616D65436F756E746572223A3230373634312C2247445F58223A2D302E3031313337373231313636303134363731332C2247445F59223A302E3030353537333931323938393334383137332C2247445F5A223A302E303032333637313936363034363039343839342C2241445F58223A2D302E3030343331363238353235323537313130362C2241445F59223A302E303031303538303030383338333834303332322C2241445F5A223A2D302E31363832363234383136383934353331322C2254656D70447370223A302C22537461747573223A302C2243616C69625374617465223A312C22536967416D70496E76616C6964223A307D7DEFB8
05-27 18:18:21.930   536   536 D commservice260303: bufferevent_write retrun value = 0
05-27 18:18:21.930   536   560 D commservice260303: client datas send succeed,send finish
05-27 18:18:21.930 13911 14192 D Sentinelmode_1.2.5.17_sentry: <SentryImuClusterFgeSender>imu_status sent to Linux, frame=207641, tsNs=8969171, tsMs=8, intervalMs=41, ad=(-0.0043162853,0.0010580008,-0.16826248), gd=(-0.011377212,0.005573913,0.0023671966)
05-27 18:18:21.932 31961 31987 I ANWJNI_SECOND: anw-update,bt_jni_data: 20260516
05-27 18:18:21.932 31961 31987 D ANWAPI_SECOND: (31961|0x296D5CB0)[BTAPI] SDK >>>>AnWBT_Snoop_Open
05-27 18:18:21.932 31961 31987 D ANWJNI_SECOND: (31961|0x296D5CB0)[BTAPP] PowOn_Thread
05-27 18:18:21.932 31961 31987 D ANWJNI_SECOND: 
05-27 18:18:21.932 31961 31988 D ANWJNI_SECOND: (31961|0x295CBCB0)[BTAPP] BTPowerOn!!
05-27 18:18:21.932 31961 31988 D ANWJNI_SECOND: (31961|0x295CBCB0)[BTAPP] in thread_power_on_func,getpid()=31961, priority = 10
05-27 18:18:21.932 31961 31988 D ANWJNI_SECOND: 
05-27 18:18:21.933 31961 31988 D ANWJNI_SECOND: (31961|0x295CBCB0)[BTAPP] doPowerOn_Timeout_Thread_Create
05-27 18:18:21.933 31961 31988 D ANWJNI_SECOND: 
05-27 18:18:21.933 31961 31988 D ANWJNI_SECOND: (31961|0x295CBCB0)[BTAPP] AnWBT_SetInitialValue(hfphf:0)(hfpag:2)(pbap:0)(map:0)(a2dpsink:0)(a2dpsource:2)(avrcpct:0)(avrcttg:2)
05-27 18:18:21.933 31961 31988 D ANWJNI_SECOND: 
05-27 18:18:21.933 31961 31988 D ANWAPI_SECOND: (31961|0x295CBCB0)[BTAPI] SDK >>>>AnWBT_SetInitialValue devclass: 0x3c020c
05-27 18:18:21.933 31961 31988 D ANWAPI_SECOND: (31961|0x295CBCB0)[BTAPI] AnWBT_SetInitialValue avrcp_tg_attribute=6
05-27 18:18:21.933 31961 31988 D ANWAPI_SECOND: (31961|0x295CBCB0)[BTAPI] SDK <<<<AnWBT_SetInitialValue 0x0
05-27 18:18:21.933 31961 31988 D ANWAPI_SECOND: (31961|0x295CBCB0)[BTAPI] SDK >>>>AnWBT_HFP_Enable_WBS 1
05-27 18:18:21.933 31961 31988 D ANWAPI_SECOND: (31961|0x295CBCB0)[BTAPI] SDK <<<<AnWBT_HFP_Enable_WBS 0
05-27 18:18:21.933 13435 13435 I BtManager: ANWBT_BTPowerOn result = 0
05-27 18:18:21.934 31961 31988 D ANW_WAVEOUT_SECOND: (31961|0x295CBCB0)[WAVEOUT] init Audio PCM Thread Mute(800)(101)
05-27 18:18:21.934 31961 31988 D ANW_WAVEOUT_SECOND: 
05-27 18:18:21.934 13435 13435 D BtManager: ret = 2
05-27 18:18:21.934 31961 31988 D ANWAPI_SECOND: (31961|0x295CBCB0)[BTAPI] anw-update,bt_sdk_data:20260516-not_supportLea
05-27 18:18:21.934 31961 31988 D ANWAPI_SECOND: (31961|0x295CBCB0)[BTAPI] SDK >>>>AnWBT_Init
05-27 18:18:21.934 31961 31988 D ANWAPI_SECOND: (31961|0x295CBCB0)[BTAPI] AnWBTSDK_Version=0x0300002a
05-27 18:18:21.934 31961 31989 D ANWJNI_SECOND: (31961|0x294CDCB0)[BTAPP] doPowerOn_Timeout_Thread
05-27 18:18:21.934 31961 31989 D ANWJNI_SECOND: 
05-27 18:18:21.934 31961 31988 D ANWAPI_SECOND: (31961|0x295CBCB0)[BTAPI] >>>>AnWBT_EEPROM_Read 
05-27 18:18:21.934 31961 31988 D ANWAPI_SECOND: (31961|0x295CBCB0)[BTAPI] B:Rpaired_storage[0]name[]addr[00:00:00:00:00:00]linkkey[00:00:00:00:00:00:00:00:00:00:00:00:00:00:00:00]
05-27 18:18:21.934 31961 31988 D ANWAPI_SECOND: (31961|0x295CBCB0)[BTAPI] B:Rpaired_storage[1]name[]addr[00:00:00:00:00:00]linkkey[00:00:00:00:00:00:00:00:00:00:00:00:00:00:00:00]
05-27 18:18:21.935 31961 31988 D ANWAPI_SECOND: (31961|0x295CBCB0)[BTAPI] B:Rpaired_storage[2]name[]addr[00:00:00:00:00:00]linkkey[00:00:00:00:00:00:00:00:00:00:00:00:00:00:00:00]
05-27 18:18:21.935 31961 31988 D ANWAPI_SECOND: (31961|0x295CBCB0)[BTAPI] B:Rpaired_storage[3]name[]addr[00:00:00:00:00:00]linkkey[00:00:00:00:00:00:00:00:00:00:00:00:00:00:00:00]
05-27 18:18:21.935 31961 31988 D ANWAPI_SECOND: (31961|0x295CBCB0)[BTAPI] B:Rpaired_storage[4]name[]addr[00:00:00:00:00:00]linkkey[00:00:00:00:00:00:00:00:00:00:00:00:00:00:00:00]
05-27 18:18:21.935 31961 31988 D ANWAPI_SECOND: (31961|0x295CBCB0)[BTAPI] B:Rpaired_storage[5]name[]addr[00:00:00:00:00:00]linkkey[00:00:00:00:00:00:00:00:00:00:00:00:00:00:00:00]
05-27 18:18:21.935   581   581 I SpiService: fgesysctrl_getGPIO_status success val=1
05-27 18:18:21.935 31961 31988 D ANWAPI_SECOND: (31961|0x295CBCB0)[BTAPI] B:Rpaired_storage[6]name[]addr[00:00:00:00:00:00]linkkey[00:00:00:00:00:00:00:00:00:00:00:00:00:00:00:00]
05-27 18:18:21.935 31961 31988 D ANWAPI_SECOND: (31961|0x295CBCB0)[BTAPI] B:Rpaired_storage[7]name[]addr[00:00:00:00:00:00]linkkey[00:00:00:00:00:00:00:00:00:00:00:00:00:00:00:00]
05-27 18:18:21.935 31961 31988 D ANWAPI_SECOND: (31961|0x295CBCB0)[BTAPI] B:Rpaired_storage[8]name[]addr[00:00:00:00:00:00]linkkey[00:00:00:00:00:00:00:00:00:00:00:00:00:00:00:00]
05-27 18:18:21.935 31961 31988 D ANWAPI_SECOND: (31961|0x295CBCB0)[BTAPI] B:Rpaired_storage[9]name[]addr[00:00:00:00:00:00]linkkey[00:00:00:00:00:00:00:00:00:00:00:00:00:00:00:00]
05-27 18:18:21.935 31961 31988 D ANWAPI_SECOND: (31961|0x295CBCB0)[BTAPI] B:Rpaired_storage[10]name[]addr[00:00:00:00:00:00]linkkey[00:00:00:00:00:00:00:00:00:00:00:00:00:00:00:00]
05-27 18:18:21.935 31961 31988 D ANW_AVRCP_SECOND: AnWBT_ReadStorage =/data/misc/anw//anwbt_storage.bin
05-27 18:18:21.935 31961 31988 D ANW_AVRCP_SECOND: AnWBT_ReadStorage open anwbt_bt_storage success
05-27 18:18:21.935 31961 31988 D ANW_AVRCP_SECOND: 
05-27 18:18:21.935 31961 31988 D ANW_AVRCP_SECOND: read storage size=6600
05-27 18:18:21.935 31961 31988 D ANW_AVRCP_SECOND: 
05-27 18:18:21.935 31961 31988 D ANWAPI_SECOND: (31961|0x295CBCB0)[BTAPI] A:Readpaired_storage[0]name[]cod[0]support[0]addr[00:00:00:00:00:00]linkkey[00:00:00:00:00:00:00:00:00:00:00:00:00:00:00:00]
05-27 18:18:21.935 31961 31988 D ANWAPI_SECOND: (31961|0x295CBCB0)[BTAPI] A:Readpaired_storage[1]name[]cod[0]support[0]addr[00:00:00:00:00:00]linkkey[00:00:00:00:00:00:00:00:00:00:00:00:00:00:00:00]
05-27 18:18:21.935 31961 31988 D ANWAPI_SECOND: (31961|0x295CBCB0)[BTAPI] A:Readpaired_storage[2]name[]cod[0]support[0]addr[00:00:00:00:00:00]linkkey[00:00:00:00:00:00:00:00:00:00:00:00:00:00:00:00]
05-27 18:18:21.935 31961 31988 D ANWAPI_SECOND: (31961|0x295CBCB0)[BTAPI] A:Readpaired_storage[3]name[]cod[0]support[0]addr[00:00:00:00:00:00]linkkey[00:00:00:00:00:00:00:00:00:00:00:00:00:00:00:00]
05-27 18:18:21.935 31961 31988 D ANWAPI_SECOND: (31961|0x295CBCB0)[BTAPI] A:Readpaired_storage[4]name[]cod[0]support[0]addr[00:00:00:00:00:00]linkkey[00:00:00:00:00:00:00:00:00:00:00:00:00:00:00:00]
05-27 18:18:21.935 31961 31988 D ANWAPI_SECOND: (31961|0x295CBCB0)[BTAPI] A:Readpaired_storage[5]name[]cod[0]support[0]addr[00:00:00:00:00:00]linkkey[00:00:00:00:00:00:00:00:00:00:00:00:00:00:00:00]
