--------- beginning of main
05-27 18:18:16.633   536   560 D commservice260303: client datas send succeed,send finish
05-27 18:18:16.636   299 30841 D EvsDriver: forwardFrame
05-27 18:18:16.636 13911 14183 I SentryImuMcuAngleSender: 179.98248rollDeg
05-27 18:18:16.636 13911 14183 I SentryImuMcuAngleSender: 1,0,0
05-27 18:18:16.636   299 30841 D EvsDriver: Delivered 0xb400007b7ca56a60 as id 0
05-27 18:18:16.636  1167  1167 D evsmanagerd: /dev/video4 forwarded the buffer #0 to 0xb4000074bf5f6850 from 0xb4000074bf5f41d0
05-27 18:18:16.637   299 30844 D EvsDriver: forwardFrame
05-27 18:18:16.637 30773 30773 E dvr_service_: [myNum:0] Received S**** loss
05-27 18:18:16.637   299  1163 D EvsDriver: doneWithFrame
05-27 18:18:16.638   299 30844 D EvsDriver: Delivered 0xb400007b7ca56900 as id 0
05-27 18:18:16.638  1167  1167 D evsmanagerd: /dev/video6 forwarded the buffer #0 to 0xb4000074bf5f5510 from 0xb4000074bf5f6d90
05-27 18:18:16.638 30773 30773 E dvr_service_: [myNum:1] Received S**** loss
05-27 18:18:16.638   299  1163 D EvsDriver: doneWithFrame
05-27 18:18:16.639  1008 30856 D [OMXB]  : usingANWBuffer: handle:0xee746c00, format:1, w:1920, h:1080
05-27 18:18:16.639   581   581 I SpiService: fgesysctrl_getGPIO_status success val=1
05-27 18:18:16.639 30773 30789 I dvr_service_: Camera 0: Buffer reuse stats - Total: 172500, Reused: 85312, New: 87188, Rate: 49.5%
05-27 18:18:16.645   581   581 I SpiService: fgesysctrl_getGPIO_status success val=1
05-27 18:18:16.650   581   581 I SpiService: fgesysctrl_getGPIO_status success val=1
05-27 18:18:16.656   581   581 I SpiService: fgesysctrl_getGPIO_status success val=1
05-27 18:18:16.656 13911 14183 I SentryImuMcuAngleSender: 179.97548rollDeg
05-27 18:18:16.656 13911 14183 I SentryImuMcuAngleSender: 1,0,0
05-27 18:18:16.662   581   581 I SpiService: fgesysctrl_getGPIO_status success val=1
05-27 18:18:16.662   572   572 I Sensors : 230 GyroSensor: x:-0.011530,y:0.005421,z:0.002519
05-27 18:18:16.663  1008 30857 D [OMXB]  : usingANWBuffer: handle:0xee7437c0, format:1, w:1920, h:1080
05-27 18:18:16.667   581   581 I SpiService: fgesysctrl_getGPIO_status success val=0
05-27 18:18:16.668   536   536 D commservice260303: msg.id = 1028,1
05-27 18:18:16.668   536   536 D commservice260303: i = 170, msgid = 8A000404
05-27 18:18:16.668   536   536 D commservice260303: msgid = -1979710460,did=138
05-27 18:18:16.668   536   536 D commservice260303: CommProtocolLibCmdBaseI2C::dataproc {"command":{"id":"imu_status","sub":""},"content":{"TimeStamp":8,"FrameCounter":207512,"GD_X":-0.01153013575822115,"GD_Y":0.005420989356935024,"GD_Z":0.002519079949706793,"AD_X":-0.0018593519926071167,"AD_Y":0.00209358474239707,"AD_Z":-0.1719207763671875,"TempDsp":0,"Status":0,"CalibState":1,"SigAmpInvalid":0}},-1979710460
05-27 18:18:16.668   536   536 D commservice260303: send2Cluster len:312, 7B22636F6D6D616E64223A7B226964223A22696D755F737461747573222C22737562223A22227D2C22636F6E74656E74223A7B2254696D655374616D70223A382C224672616D65436F756E746572223A3230373531322C2247445F58223A2D302E30313135333031333537353832323131352C2247445F59223A302E3030353432303938393335363933353032342C2247445F5A223A302E3030323531393037393934393730363739332C2241445F58223A2D302E303031383539333531393932363037313136372C2241445F59223A302E30303230393335383437343233393730372C2241445F5A223A2D302E313731393230373736333637313837352C2254656D70447370223A302C22537461747573223A302C2243616C69625374617465223A312C22536967416D70496E76616C6964223A307D7D, 138 
05-27 18:18:16.668   536   536 D commservice260303: Push Message into SendPool fn=-832109824
05-27 18:18:16.668   536   536 D commservice260303: ComProtocolLibSend2Cluster::send2ClusterRaw fn=-832109824 , len=328
05-27 18:18:16.668   536   536 D commservice260303: sendCmdToPort :328!!!
05-27 18:18:16.668   536   536 D commservice260303: send Cmd To Port ++++5AA501448A01000367CE6A16C4E87B22636F6D6D616E64223A7B226964223A22696D755F737461747573222C22737562223A22227D2C22636F6E74656E74223A7B2254696D655374616D70223A382C224672616D65436F756E746572223A3230373531322C2247445F58223A2D302E30313135333031333537353832323131352C2247445F59223A302E3030353432303938393335363933353032342C2247445F5A223A302E3030323531393037393934393730363739332C2241445F58223A2D302E303031383539333531393932363037313136372C2241445F59223A302E30303230393335383437343233393730372C2241445F5A223A2D302E313731393230373736333637313837352C2254656D70447370223A302C22537461747573223A302C2243616C69625374617465223A312C22536967416D70496E76616C6964223A307D7DB4EF
05-27 18:18:16.668   536   536 D commservice260303: bufferevent_write retrun value = 0
05-27 18:18:16.668 13911 14192 D Sentinelmode_1.2.5.17_sentry: <SentryImuClusterFgeSender>imu_status sent to Linux, frame=207512, tsNs=8963912, tsMs=8, intervalMs=40, ad=(-0.001859352,0.0020935847,-0.17192078), gd=(-0.011530136,0.0054209894,0.00251908)
05-27 18:18:16.674   536   560 D commservice260303: client datas send succeed,send finish
05-27 18:18:16.676 13911 14183 I SentryImuMcuAngleSender: 179.97198rollDeg
05-27 18:18:16.676 13911 14183 I SentryImuMcuAngleSender: 1,0,0
05-27 18:18:16.676  1008 30856 D [OMXB]  : usingANWBuffer: handle:0xee746310, format:1, w:1920, h:1080
05-27 18:18:16.681   299 30844 D EvsDriver: forwardFrame
05-27 18:18:16.682   581   581 I SpiService: fgesysctrl_getGPIO_status success val=1
05-27 18:18:16.683   299 30841 D EvsDriver: forwardFrame
05-27 18:18:16.684   299 30844 D EvsDriver: Delivered 0xb400007b7ca56900 as id 0
05-27 18:18:16.685  1167  1167 D evsmanagerd: /dev/video6 forwarded the buffer #0 to 0xb4000074bf5f5510 from 0xb4000074bf5f6d90
05-27 18:18:16.685  1167  1167 D evsmanagerd: /dev/video4 forwarded the buffer #0 to 0xb4000074bf5f6850 from 0xb4000074bf5f41d0
05-27 18:18:16.685   299 30841 D EvsDriver: Delivered 0xb400007b7ca56a60 as id 0
05-27 18:18:16.688   581   581 I SpiService: fgesysctrl_getGPIO_status success val=1
05-27 18:18:16.690   283   307 I rvcservice: t.code = 1, t.value = -169580
05-27 18:18:16.690   299  1163 D EvsDriver: doneWithFrame
05-27 18:18:16.695   581   581 I SpiService: fgesysctrl_getGPIO_status success val=1
05-27 18:18:16.697   299  1163 D EvsDriver: doneWithFrame
05-27 18:18:16.697 13911 14183 I SentryImuMcuAngleSender: 179.97198rollDeg
05-27 18:18:16.697 13911 14183 I SentryImuMcuAngleSender: 1,0,0
05-27 18:18:16.701   581   581 I SpiService: fgesysctrl_getGPIO_status success val=1
05-27 18:18:16.701  1008 30857 D [OMXB]  : usingANWBuffer: handle:0xee7428a0, format:1, w:1920, h:1080
05-27 18:18:16.703 30773 30786 I dvr_service_: CameraX 1  audioOK: 127578118,audios:1890
05-27 18:18:16.707   581   581 I SpiService: fgesysctrl_getGPIO_status success val=0
05-27 18:18:16.707   299 30844 D EvsDriver: forwardFrame
05-27 18:18:16.708   299 30844 D EvsDriver: Delivered 0xb400007b7ca56900 as id 0
05-27 18:18:16.708  1167  1167 D evsmanagerd: /dev/video6 forwarded the buffer #0 to 0xb4000074bf5f5510 from 0xb4000074bf5f6d90
05-27 18:18:16.709   536   536 D commservice260303: msg.id = 1028,0
05-27 18:18:16.709   536   536 D commservice260303: i = 170, msgid = 8A000404
05-27 18:18:16.709   536   536 D commservice260303: msgid = -1979710460,did=138
05-27 18:18:16.709   536   536 D commservice260303: CommProtocolLibCmdBaseI2C::dataproc {"command":{"id":"imu_status","sub":""},"content":{"TimeStamp":8,"FrameCounter":207513,"GD_X":-0.01153013575822115,"GD_Y":0.005420989356935024,"GD_Z":0.002443138277158141,"AD_X":-0.0030806511640548706,"AD_Y":0.003297154325991869,"AD_Z":-0.1700916290283203,"TempDsp":0,"Status":0,"CalibState":1,"SigAmpInvalid":0}},-1979710460
05-27 18:18:16.709   536   536 D commservice260303: send2Cluster len:313, 7B22636F6D6D616E64223A7B226964223A22696D755F737461747573222C22737562223A22227D2C22636F6E74656E74223A7B2254696D655374616D70223A382C224672616D65436F756E746572223A3230373531332C2247445F58223A2D302E30313135333031333537353832323131352C2247445F59223A302E3030353432303938393335363933353032342C2247445F5A223A302E3030323434333133383237373135383134312C2241445F58223A2D302E303033303830363531313634303534383730362C2241445F59223A302E3030333239373135343332353939313836392C2241445F5A223A2D302E313730303931363239303238333230332C2254656D70447370223A302C22537461747573223A302C2243616C69625374617465223A312C22536967416D70496E76616C6964223A307D7D, 138 
05-27 18:18:16.709   536   536 D commservice260303: Push Message into SendPool fn=-815332608
05-27 18:18:16.709   536   536 D commservice260303: ComProtocolLibSend2Cluster::send2ClusterRaw fn=-815332608 , len=329
05-27 18:18:16.709   536   536 D commservice260303: sendCmdToPort :329!!!
05-27 18:18:16.709   536   536 D commservice260303: send Cmd To Port ++++5AA501458A01000367CF6A16C4E87B22636F6D6D616E64223A7B226964223A22696D755F737461747573222C22737562223A22227D2C22636F6E74656E74223A7B2254696D655374616D70223A382C224672616D65436F756E746572223A3230373531332C2247445F58223A2D302E30313135333031333537353832323131352C2247445F59223A302E3030353432303938393335363933353032342C2247445F5A223A302E3030323434333133383237373135383134312C2241445F58223A2D302E303033303830363531313634303534383730362C2241445F59223A302E3030333239373135343332353939313836392C2241445F5A223A2D302E313730303931363239303238333230332C2254656D70447370223A302C22537461747573223A302C2243616C69625374617465223A312C22536967416D70496E76616C6964223A307D7D1151
05-27 18:18:16.709   536   536 D commservice260303: bufferevent_write retrun value = 0
05-27 18:18:16.710 13911 14192 D Sentinelmode_1.2.5.17_sentry: <SentryImuClusterFgeSender>imu_status sent to Linux, frame=207513, tsNs=8963948, tsMs=8, intervalMs=41, ad=(-0.0030806512,0.0032971543,-0.17009163), gd=(-0.011530136,0.0054209894,0.0024431383)
05-27 18:18:16.710   536   560 D commservice260303: client datas send succeed,send finish
05-27 18:18:16.710   299  1163 D EvsDriver: doneWithFrame
05-27 18:18:16.711   299 30841 D EvsDriver: forwardFrame
05-27 18:18:16.713  1167  1167 D evsmanagerd: /dev/video4 forwarded the buffer #0 to 0xb4000074bf5f6850 from 0xb4000074bf5f41d0
05-27 18:18:16.713   299 30841 D EvsDriver: Delivered 0xb400007b7ca56a60 as id 0
05-27 18:18:16.716   299  1163 D EvsDriver: doneWithFrame
05-27 18:18:16.716 13911 14183 I SentryImuMcuAngleSender: 179.96497rollDeg
05-27 18:18:16.716 13911 14183 I SentryImuMcuAngleSender: 1,0,0
05-27 18:18:16.722   581   581 I SpiService: fgesysctrl_getGPIO_status success val=1
05-27 18:18:16.728   581   581 I SpiService: fgesysctrl_getGPIO_status success val=1
05-27 18:18:16.731   299 30841 D EvsDriver: forwardFrame
05-27 18:18:16.732   299 30841 D EvsDriver: Delivered 0xb400007b7ca56a60 as id 0
05-27 18:18:16.732  1167  1167 D evsmanagerd: /dev/video4 forwarded the buffer #0 to 0xb4000074bf5f6850 from 0xb4000074bf5f41d0
05-27 18:18:16.732   299 30844 D EvsDriver: forwardFrame
05-27 18:18:16.733   581   581 I SpiService: fgesysctrl_getGPIO_status success val=1
05-27 18:18:16.734   299 30844 D EvsDriver: Delivered 0xb400007b7ca56900 as id 0
05-27 18:18:16.734  1167  1167 D evsmanagerd: /dev/video6 forwarded the buffer #0 to 0xb4000074bf5f5510 from 0xb4000074bf5f6d90
05-27 18:18:16.736   299  1163 D EvsDriver: doneWithFrame
05-27 18:18:16.737 13911 14183 I SentryImuMcuAngleSender: 179.97897rollDeg
05-27 18:18:16.737 13911 14183 I SentryImuMcuAngleSender: 1,0,0
05-27 18:18:16.738  1008 30856 D [OMXB]  : usingANWBuffer: handle:0xee7404e0, format:1, w:1920, h:1080
05-27 18:18:16.739   581   581 I SpiService: fgesysctrl_getGPIO_status success val=1
05-27 18:18:16.740   299  1163 D EvsDriver: doneWithFrame
05-27 18:18:16.745   581   581 I SpiService: fgesysctrl_getGPIO_status success val=0
05-27 18:18:16.749   536   536 D commservice260303: msg.id = 1028,1
05-27 18:18:16.750   536   536 D commservice260303: i = 170, msgid = 8A000404
05-27 18:18:16.750   536   536 D commservice260303: msgid = -1979710460,did=138
05-27 18:18:16.750   536   536 D commservice260303: CommProtocolLibCmdBaseI2C::dataproc {"command":{"id":"imu_status","sub":""},"content":{"TimeStamp":8,"FrameCounter":207514,"GD_X":-0.011377211660146713,"GD_Y":0.00519212381914258,"GD_Z":0.002747945487499237,"AD_X":5.615055561065674E-4,"AD_Y":8.432238828390837E-4,"AD_Z":-0.16826248168945312,"TempDsp":0,"Status":0,"CalibState":1,"SigAmpInvalid":0}},-1979710460
05-27 18:18:16.750   536   536 D commservice260303: send2Cluster len:312, 7B22636F6D6D616E64223A7B226964223A22696D755F737461747573222C22737562223A22227D2C22636F6E74656E74223A7B2254696D655374616D70223A382C224672616D65436F756E746572223A3230373531342C2247445F58223A2D302E3031313337373231313636303134363731332C2247445F59223A302E30303531393231323338313931343235382C2247445F5A223A302E3030323734373934353438373439393233372C2241445F58223A352E363135303535353631303635363734452D342C2241445F59223A382E343332323338383238333930383337452D342C2241445F5A223A2D302E31363832363234383136383934353331322C2254656D70447370223A302C22537461747573223A302C2243616C69625374617465223A312C22536967416D70496E76616C6964223A307D7D, 138 
05-27 18:18:16.750   536   536 D commservice260303: Push Message into SendPool fn=-798555392
05-27 18:18:16.750   536   536 D commservice260303: ComProtocolLibSend2Cluster::send2ClusterRaw fn=-798555392 , len=328
05-27 18:18:16.750   536   536 D commservice260303: sendCmdToPort :328!!!
05-27 18:18:16.750   536   536 D commservice260303: send Cmd To Port ++++5AA501448A01000367D06A16C4E87B22636F6D6D616E64223A7B226964223A22696D755F737461747573222C22737562223A22227D2C22636F6E74656E74223A7B2254696D655374616D70223A382C224672616D65436F756E746572223A3230373531342C2247445F58223A2D302E3031313337373231313636303134363731332C2247445F59223A302E30303531393231323338313931343235382C2247445F5A223A302E3030323734373934353438373439393233372C2241445F58223A352E363135303535353631303635363734452D342C2241445F59223A382E343332323338383238333930383337452D342C2241445F5A223A2D302E31363832363234383136383934353331322C2254656D70447370223A302C22537461747573223A302C2243616C69625374617465223A312C22536967416D70496E76616C6964223A307D7D57E0
05-27 18:18:16.750   536   536 D commservice260303: bufferevent_write retrun value = 0
05-27 18:18:16.751 13911 14192 D Sentinelmode_1.2.5.17_sentry: <SentryImuClusterFgeSender>imu_status sent to Linux, frame=207514, tsNs=8963983, tsMs=8, intervalMs=41, ad=(5.6150556E-4,8.432239E-4,-0.16826248), gd=(-0.011377212,0.005192124,0.0027479455)
05-27 18:18:16.751   536   560 D commservice260303: client datas send succeed,send finish
05-27 18:18:16.757 13911 14183 I SentryImuMcuAngleSender: 179.993rollDeg
05-27 18:18:16.757 13911 14183 I SentryImuMcuAngleSender: 1,0,0
05-27 18:18:16.760  1008 30857 D [OMXB]  : usingANWBuffer: handle:0xee740dd0, format:1, w:1920, h:1080
05-27 18:18:16.763   581   581 I SpiService: fgesysctrl_getGPIO_status success val=1
05-27 18:18:16.766   299 30844 D EvsDriver: forwardFrame
05-27 18:18:16.766   299 30841 D EvsDriver: forwardFrame
05-27 18:18:16.769  1167  1184 D evsmanagerd: /dev/video6 forwarded the buffer #0 to 0xb4000074bf5f5510 from 0xb4000074bf5f6d90
05-27 18:18:16.769  1167  1167 D evsmanagerd: /dev/video4 forwarded the buffer #0 to 0xb4000074bf5f6850 from 0xb4000074bf5f41d0
05-27 18:18:16.769   299 30844 D EvsDriver: Delivered 0xb400007b7ca56900 as id 0
05-27 18:18:16.769   572   572 I Sensors : 230 AccelSensor: x:-0.165920,y:0.001220,z:-9.975940
05-27 18:18:16.769   581   581 I SpiService: fgesysctrl_getGPIO_status success val=1
05-27 18:18:16.769   299 30841 D EvsDriver: Delivered 0xb400007b7ca56a60 as id 0
05-27 18:18:16.774   299  1163 D EvsDriver: doneWithFrame
05-27 18:18:16.774   299  1153 D EvsDriver: doneWithFrame
05-27 18:18:16.775   581   581 I SpiService: fgesysctrl_getGPIO_status success val=1
05-27 18:18:16.778 13911 14183 I SentryImuMcuAngleSender: 179.993rollDeg
05-27 18:18:16.778 13911 14183 I SentryImuMcuAngleSender: 1,0,0
05-27 18:18:16.781   581   581 I SpiService: fgesysctrl_getGPIO_status success val=1
05-27 18:18:16.783  1008 30856 D [OMXB]  : usingANWBuffer: handle:0xee741b90, format:1, w:1920, h:1080
05-27 18:18:16.787   581   581 I SpiService: fgesysctrl_getGPIO_status success val=0
05-27 18:18:16.789   536   536 D commservice260303: msg.id = 1028,1
05-27 18:18:16.789   536   536 D commservice260303: i = 170, msgid = 8A000404
05-27 18:18:16.789   536   536 D commservice260303: msgid = -1979710460,did=138
05-27 18:18:16.789   536   536 D commservice260303: CommProtocolLibCmdBaseI2C::dataproc {"command":{"id":"imu_status","sub":""},"content":{"TimeStamp":8,"FrameCounter":207515,"GD_X":-0.011223767884075642,"GD_Y":0.005345047451555729,"GD_Z":0.0019079053308814764,"AD_X":-0.001293972134590149,"AD_Y":8.511277846992016E-4,"AD_Z":-0.1694812774658203,"TempDsp":0,"Status":0,"CalibState":1,"SigAmpInvalid":0}},-1979710460
05-27 18:18:16.789   536   536 D commservice260303: send2Cluster len:314, 7B22636F6D6D616E64223A7B226964223A22696D755F737461747573222C22737562223A22227D2C22636F6E74656E74223A7B2254696D655374616D70223A382C224672616D65436F756E746572223A3230373531352C2247445F58223A2D302E3031313232333736373838343037353634322C2247445F59223A302E3030353334353034373435313535353732392C2247445F5A223A302E303031393037393035333330383831343736342C2241445F58223A2D302E3030313239333937323133343539303134392C2241445F59223A382E353131323737383436393932303136452D342C2241445F5A223A2D302E313639343831323737343635383230332C2254656D70447370223A302C22537461747573223A302C2243616C69625374617465223A312C22536967416D70496E76616C6964223A307D7D, 138 
05-27 18:18:16.789   536   536 D commservice260303: Push Message into SendPool fn=-781778176
05-27 18:18:16.789   536   536 D commservice260303: ComProtocolLibSend2Cluster::send2ClusterRaw fn=-781778176 , len=330
05-27 18:18:16.789   536   536 D commservice260303: sendCmdToPort :330!!!
05-27 18:18:16.789   536   536 D commservice260303: send Cmd To Port ++++5AA501468A01000367D16A16C4E87B22636F6D6D616E64223A7B226964223A22696D755F737461747573222C22737562223A22227D2C22636F6E74656E74223A7B2254696D655374616D70223A382C224672616D65436F756E746572223A3230373531352C2247445F58223A2D302E3031313232333736373838343037353634322C2247445F59223A302E3030353334353034373435313535353732392C2247445F5A223A302E303031393037393035333330383831343736342C2241445F58223A2D302E3030313239333937323133343539303134392C2241445F59223A382E353131323737383436393932303136452D342C2241445F5A223A2D302E313639343831323737343635383230332C2254656D70447370223A302C22537461747573223A302C2243616C69625374617465223A312C22536967416D70496E76616C6964223A307D7DD5A8
05-27 18:18:16.790   536   536 D commservice260303: bufferevent_write retrun value = 0
05-27 18:18:16.790   536   560 D commservice260303: client datas send succeed,send finish
05-27 18:18:16.790   283   307 I rvcservice: t.code = 3, t.value = 0
05-27 18:18:16.790 13911 14192 D Sentinelmode_1.2.5.17_sentry: <SentryImuClusterFgeSender>imu_status sent to Linux, frame=207515, tsNs=8964037, tsMs=8, intervalMs=39, ad=(-0.0012939721,8.511278E-4,-0.16948128), gd=(-0.011223768,0.0053450475,0.0019079053)
05-27 18:18:16.791   536   536 W commservice260303: [FgeComService::getAQConnectStatus:378]
05-27 18:18:16.791   536   536 W commservice260303: [mcuCommFunctionTcp::getAQConnectStatus:406] 1
05-27 18:18:16.791   536   536 W commservice260303: [FgeComService::getAQConnectStatus:380] status:1
05-27 18:18:16.791 12246 12246 E ivicomm_CommManager: getA2lConnectStatus aqConnectStatus:1
05-27 18:18:16.791 12246 12246 D ivicomm_ConnectStateManager: notifyState newState=1curState=1
05-27 18:18:16.799 13911 14183 I SentryImuMcuAngleSender: 179.97899rollDeg
05-27 18:18:16.799 13911 14183 I SentryImuMcuAngleSender: 1,0,0
05-27 18:18:16.800  1008 30857 D [OMXB]  : usingANWBuffer: handle:0xee746ec0, format:1, w:1920, h:1080
05-27 18:18:16.801   299 30841 D EvsDriver: forwardFrame
05-27 18:18:16.802   299 30844 D EvsDriver: forwardFrame
05-27 18:18:16.802   581   581 I SpiService: fgesysctrl_getGPIO_status success val=1
05-27 18:18:16.803   299 30841 D EvsDriver: Delivered 0xb400007b7ca56a60 as id 0
05-27 18:18:16.803   299 30844 D EvsDriver: Delivered 0xb400007b7ca56900 as id 0
05-27 18:18:16.804  1167  1167 D evsmanagerd: /dev/video6 forwarded the buffer #0 to 0xb4000074bf5f5510 from 0xb4000074bf5f6d90
05-27 18:18:16.804  1167  1184 D evsmanagerd: /dev/video4 forwarded the buffer #0 to 0xb4000074bf5f6850 from 0xb4000074bf5f41d0
05-27 18:18:16.804 30773 30773 E dvr_service_: [myNum:1] Received S**** loss
05-27 18:18:16.804 30773 30782 E dvr_service_: [myNum:0] Received S**** loss
05-27 18:18:16.804   299  1153 D EvsDriver: doneWithFrame
05-27 18:18:16.805   299  1163 D EvsDriver: doneWithFrame
05-27 18:18:16.808   581   581 I SpiService: fgesysctrl_getGPIO_status success val=1
05-27 18:18:16.814   581   581 I SpiService: fgesysctrl_getGPIO_status success val=1
05-27 18:18:16.819   581   581 I SpiService: fgesysctrl_getGPIO_status success val=1
05-27 18:18:16.820 13911 14183 I SentryImuMcuAngleSender: 179.97197rollDeg
05-27 18:18:16.820 13911 14183 I SentryImuMcuAngleSender: 1,0,0
05-27 18:18:16.823  1008 30856 D [OMXB]  : usingANWBuffer: handle:0xee744000, format:1, w:1920, h:1080
05-27 18:18:16.825   581   581 I SpiService: fgesysctrl_getGPIO_status success val=1
05-27 18:18:16.829   536   536 D commservice260303: msg.id = 1028,0
05-27 18:18:16.829   536   536 D commservice260303: i = 170, msgid = 8A000404
05-27 18:18:16.829   536   536 D commservice260303: msgid = -1979710460,did=138
05-27 18:18:16.829   536   536 D commservice260303: CommProtocolLibCmdBaseI2C::dataproc {"command":{"id":"imu_status","sub":""},"content":{"TimeStamp":8,"FrameCounter":207516,"GD_X":-0.01153013575822115,"GD_Y":0.005573912989348173,"GD_Z":0.002443138277158141,"AD_X":-0.003128156065940857,"AD_Y":-3.7330458872020245E-4,"AD_Z":-0.1694812774658203,"TempDsp":0,"Status":0,"CalibState":1,"SigAmpInvalid":0}},-1979710460
05-27 18:18:16.829   536   536 D commservice260303: send2Cluster len:314, 7B22636F6D6D616E64223A7B226964223A22696D755F737461747573222C22737562223A22227D2C22636F6E74656E74223A7B2254696D655374616D70223A382C224672616D65436F756E746572223A3230373531362C2247445F58223A2D302E30313135333031333537353832323131352C2247445F59223A302E3030353537333931323938393334383137332C2247445F5A223A302E3030323434333133383237373135383134312C2241445F58223A2D302E3030333132383135363036353934303835372C2241445F59223A2D332E37333330343538383732303230323435452D342C2241445F5A223A2D302E313639343831323737343635383230332C2254656D70447370223A302C22537461747573223A302C2243616C69625374617465223A312C22536967416D70496E76616C6964223A307D7D, 138 
05-27 18:18:16.829   536   536 D commservice260303: Push Message into SendPool fn=-765000960
05-27 18:18:16.829   536   536 D commservice260303: ComProtocolLibSend2Cluster::send2ClusterRaw fn=-765000960 , len=330
05-27 18:18:16.829   536   536 D commservice260303: sendCmdToPort :330!!!
05-27 18:18:16.829   536   536 D commservice260303: send Cmd To Port ++++5AA501468A01000367D26A16C4E87B22636F6D6D616E64223A7B226964223A22696D755F737461747573222C22737562223A22227D2C22636F6E74656E74223A7B2254696D655374616D70223A382C224672616D65436F756E746572223A3230373531362C2247445F58223A2D302E30313135333031333537353832323131352C2247445F59223A302E3030353537333931323938393334383137332C2247445F5A223A302E3030323434333133383237373135383134312C2241445F58223A2D302E3030333132383135363036353934303835372C2241445F59223A2D332E37333330343538383732303230323435452D342C2241445F5A223A2D302E313639343831323737343635383230332C2254656D70447370223A302C22537461747573223A302C2243616C69625374617465223A312C22536967416D70496E76616C6964223A307D7D0405
05-27 18:18:16.829   536   536 D commservice260303: bufferevent_write retrun value = 0
05-27 18:18:16.829   536   560 D commservice260303: client datas send succeed,send finish
05-27 18:18:16.829 13911 14192 D Sentinelmode_1.2.5.17_sentry: <SentryImuClusterFgeSender>imu_status sent to Linux, frame=207516, tsNs=8964072, tsMs=8, intervalMs=40, ad=(-0.003128156,-3.733046E-4,-0.16948128), gd=(-0.011530136,0.005573913,0.0024431383)
05-27 18:18:16.831   581   581 I SpiService: fgesysctrl_getGPIO_status success val=0
05-27 18:18:16.831   299 30841 D EvsDriver: forwardFrame
05-27 18:18:16.831   299 30844 D EvsDriver: forwardFrame
05-27 18:18:16.834   299 30844 D EvsDriver: Delivered 0xb400007b7ca56900 as id 0
05-27 18:18:16.834   299 30841 D EvsDriver: Delivered 0xb400007b7ca56a60 as id 0
05-27 18:18:16.834  1167  1184 D evsmanagerd: /dev/video6 forwarded the buffer #0 to 0xb4000074bf5f5510 from 0xb4000074bf5f6d90
05-27 18:18:16.834  1167  1167 D evsmanagerd: /dev/video4 forwarded the buffer #0 to 0xb4000074bf5f6850 from 0xb4000074bf5f41d0
05-27 18:18:16.838   299  1163 D EvsDriver: doneWithFrame
05-27 18:18:16.840 13911 14183 I SentryImuMcuAngleSender: 179.99649rollDeg
05-27 18:18:16.840 13911 14183 I SentryImuMcuAngleSender: 1,0,0
05-27 18:18:16.840  1008 30857 D [OMXB]  : usingANWBuffer: handle:0xee741da0, format:1, w:1920, h:1080
05-27 18:18:16.841   299  1163 D EvsDriver: doneWithFrame
05-27 18:18:16.847   581   581 I SpiService: fgesysctrl_getGPIO_status success val=1
05-27 18:18:16.853   581   581 I SpiService: fgesysctrl_getGPIO_status success val=1
05-27 18:18:16.857   572   622 I Sensors : 230 GyroSensor: x:-0.011224,y:0.004734,z:0.002138
05-27 18:18:16.858   581   581 I SpiService: fgesysctrl_getGPIO_status success val=1
05-27 18:18:16.861 13911 14183 I SentryImuMcuAngleSender: 179.993rollDeg
05-27 18:18:16.861 13911 14183 I SentryImuMcuAngleSender: 1,0,0
05-27 18:18:16.861   299 30844 D EvsDriver: forwardFrame
05-27 18:18:16.863  1167  1167 D evsmanagerd: /dev/video6 forwarded the buffer #0 to 0xb4000074bf5f5510 from 0xb4000074bf5f6d90
05-27 18:18:16.863   299 30844 D EvsDriver: Delivered 0xb400007b7ca56900 as id 0
05-27 18:18:16.864   581   581 I SpiService: fgesysctrl_getGPIO_status success val=1
05-27 18:18:16.865   299 30841 D EvsDriver: forwardFrame
05-27 18:18:16.865   299  1163 D EvsDriver: doneWithFrame
05-27 18:18:16.866   299 30841 D EvsDriver: Delivered 0xb400007b7ca56a60 as id 0
05-27 18:18:16.867  1167  1167 D evsmanagerd: /dev/video4 forwarded the buffer #0 to 0xb4000074bf5f6850 from 0xb4000074bf5f41d0
05-27 18:18:16.868  1008 30856 D [OMXB]  : usingANWBuffer: handle:0xee742270, format:1, w:1920, h:1080
05-27 18:18:16.870   581   581 I SpiService: fgesysctrl_getGPIO_status success val=0
05-27 18:18:16.871   536   536 D commservice260303: msg.id = 1028,1
05-27 18:18:16.871   536   536 D commservice260303: i = 170, msgid = 8A000404
05-27 18:18:16.871   536   536 D commservice260303: msgid = -1979710460,did=138
05-27 18:18:16.871   536   536 D commservice260303: CommProtocolLibCmdBaseI2C::dataproc {"command":{"id":"imu_status","sub":""},"content":{"TimeStamp":8,"FrameCounter":207517,"GD_X":-0.011223767884075642,"GD_Y":0.004733873065561056,"GD_Z":0.0021378109231591225,"AD_X":-0.0031265467405319214,"AD_Y":-0.0015801966655999422,"AD_Z":-0.1694812774658203,"TempDsp":0,"Status":0,"CalibState":1,"SigAmpInvalid":0}},-1979710460
05-27 18:18:16.871   299  1163 D EvsDriver: doneWithFrame
05-27 18:18:16.871   536   536 D commservice260303: send2Cluster len:317, 7B22636F6D6D616E64223A7B226964223A22696D755F737461747573222C22737562223A22227D2C22636F6E74656E74223A7B2254696D655374616D70223A382C224672616D65436F756E746572223A3230373531372C2247445F58223A2D302E3031313232333736373838343037353634322C2247445F59223A302E3030343733333837333036353536313035362C2247445F5A223A302E303032313337383130393233313539313232352C2241445F58223A2D302E303033313236353436373430353331393231342C2241445F59223A2D302E303031353830313936363635353939393432322C2241445F5A223A2D302E313639343831323737343635383230332C2254656D70447370223A302C22537461747573223A302C2243616C69625374617465223A312C22536967416D70496E76616C6964223A307D7D, 138 
05-27 18:18:16.871   536   536 D commservice260303: Push Message into SendPool fn=-748223744
05-27 18:18:16.871   536   536 D commservice260303: ComProtocolLibSend2Cluster::send2ClusterRaw fn=-748223744 , len=333
05-27 18:18:16.871   536   536 D commservice260303: sendCmdToPort :333!!!
05-27 18:18:16.871   536   536 D commservice260303: send Cmd To Port ++++5AA501498A01000367D36A16C4E87B22636F6D6D616E64223A7B226964223A22696D755F737461747573222C22737562223A22227D2C22636F6E74656E74223A7B2254696D655374616D70223A382C224672616D65436F756E746572223A3230373531372C2247445F58223A2D302E3031313232333736373838343037353634322C2247445F59223A302E3030343733333837333036353536313035362C2247445F5A223A302E303032313337383130393233313539313232352C2241445F58223A2D302E303033313236353436373430353331393231342C2241445F59223A2D302E303031353830313936363635353939393432322C2241445F5A223A2D302E313639343831323737343635383230332C2254656D70447370223A302C22537461747573223A302C2243616C69625374617465223A312C22536967416D70496E76616C6964223A307D7D2A65
05-27 18:18:16.871   536   536 D commservice260303: bufferevent_write retrun value = 0
05-27 18:18:16.872   536   560 D commservice260303: client datas send succeed,send finish
05-27 18:18:16.872 13911 14192 D Sentinelmode_1.2.5.17_sentry: <SentryImuClusterFgeSender>imu_status sent to Linux, frame=207517, tsNs=8964108, tsMs=8, intervalMs=43, ad=(-0.0031265467,-0.0015801967,-0.16948128), gd=(-0.011223768,0.004733873,0.002137811)
05-27 18:18:16.882 13911 14183 I SentryImuMcuAngleSender: 179.97897rollDeg
05-27 18:18:16.882 13911 14183 I SentryImuMcuAngleSender: 1,0,0
05-27 18:18:16.884  1008 30857 D [OMXB]  : usingANWBuffer: handle:0xee742060, format:1, w:1920, h:1080
05-27 18:18:16.886   581   581 I SpiService: fgesysctrl_getGPIO_status success val=1
05-27 18:18:16.890   283   307 I rvcservice: t.code = 0, t.value = 0
05-27 18:18:16.891   581   581 I SpiService: fgesysctrl_getGPIO_status success val=1
05-27 18:18:16.897   581   581 I SpiService: fgesysctrl_getGPIO_status success val=1
05-27 18:18:16.897   299 30841 D EvsDriver: forwardFrame
05-27 18:18:16.897   299 30844 D EvsDriver: forwardFrame
05-27 18:18:16.898   299 30841 D EvsDriver: Delivered 0xb400007b7ca56a60 as id 0
05-27 18:18:16.899  1167  1167 D evsmanagerd: /dev/video4 forwarded the buffer #0 to 0xb4000074bf5f6850 from 0xb4000074bf5f41d0
05-27 18:18:16.900  1167  1167 D evsmanagerd: /dev/video6 forwarded the buffer #0 to 0xb4000074bf5f5510 from 0xb4000074bf5f6d90
05-27 18:18:16.900   299 30844 D EvsDriver: Delivered 0xb400007b7ca56900 as id 0
05-27 18:18:16.903   581   581 I SpiService: fgesysctrl_getGPIO_status success val=1
05-27 18:18:16.903   299  1163 D EvsDriver: doneWithFrame
05-27 18:18:16.903 13911 14183 I SentryImuMcuAngleSender: 179.98598rollDeg
05-27 18:18:16.904 13911 14183 I SentryImuMcuAngleSender: 1,0,0
05-27 18:18:16.904   299  1163 D EvsDriver: doneWithFrame
05-27 18:18:16.908   581   581 I SpiService: fgesysctrl_getGPIO_status success val=0
05-27 18:18:16.910   536   536 D commservice260303: msg.id = 1028,1
05-27 18:18:16.910   536   536 D commservice260303: i = 170, msgid = 8A000404
05-27 18:18:16.910   536   536 D commservice260303: msgid = -1979710460,did=138
05-27 18:18:16.910   536   536 D commservice260303: CommProtocolLibCmdBaseI2C::dataproc {"command":{"id":"imu_status","sub":""},"content":{"TimeStamp":8,"FrameCounter":207518,"GD_X":-0.01160607673227787,"GD_Y":0.004733873065561056,"GD_Z":0.0022902146447449923,"AD_X":-0.004336297512054443,"AD_Y":-3.62165505066514E-4,"AD_Z":-0.1676502227783203,"TempDsp":0,"Status":0,"CalibState":1,"SigAmpInvalid":0}},-1979710460
05-27 18:18:16.910   536   536 D commservice260303: send2Cluster len:313, 7B22636F6D6D616E64223A7B226964223A22696D755F737461747573222C22737562223A22227D2C22636F6E74656E74223A7B2254696D655374616D70223A382C224672616D65436F756E746572223A3230373531382C2247445F58223A2D302E30313136303630373637333232373738372C2247445F59223A302E3030343733333837333036353536313035362C2247445F5A223A302E303032323930323134363434373434393932332C2241445F58223A2D302E3030343333363239373531323035343434332C2241445F59223A2D332E3632313635353035303636353134452D342C2241445F5A223A2D302E313637363530323232373738333230332C2254656D70447370223A302C22537461747573223A302C2243616C69625374617465223A312C22536967416D70496E76616C6964223A307D7D, 138 
05-27 18:18:16.910   536   536 D commservice260303: Push Message into SendPool fn=-731446528
05-27 18:18:16.910   536   536 D commservice260303: ComProtocolLibSend2Cluster::send2ClusterRaw fn=-731446528 , len=329
05-27 18:18:16.911   536   536 D commservice260303: sendCmdToPort :329!!!
05-27 18:18:16.911   536   536 D commservice260303: send Cmd To Port ++++5AA501458A01000367D46A16C4E87B22636F6D6D616E64223A7B226964223A22696D755F737461747573222C22737562223A22227D2C22636F6E74656E74223A7B2254696D655374616D70223A382C224672616D65436F756E746572223A3230373531382C2247445F58223A2D302E30313136303630373637333232373738372C2247445F59223A302E3030343733333837333036353536313035362C2247445F5A223A302E303032323930323134363434373434393932332C2241445F58223A2D302E3030343333363239373531323035343434332C2241445F59223A2D332E3632313635353035303636353134452D342C2241445F5A223A2D302E313637363530323232373738333230332C2254656D70447370223A302C22537461747573223A302C2243616C69625374617465223A312C22536967416D70496E76616C6964223A307D7D5A52
05-27 18:18:16.911   536   536 D commservice260303: bufferevent_write retrun value = 0
05-27 18:18:16.911   536   560 D commservice260303: client datas send succeed,send finish
05-27 18:18:16.912 13911 14192 D Sentinelmode_1.2.5.17_sentry: <SentryImuClusterFgeSender>imu_status sent to Linux, frame=207518, tsNs=8964144, tsMs=8, intervalMs=39, ad=(-0.0043362975,-3.621655E-4,-0.16765022), gd=(-0.011606077,0.004733873,0.0022902146)
05-27 18:18:16.914  1008 30857 D [OMXB]  : usingANWBuffer: handle:0xee743870, format:1, w:1920, h:1080
05-27 18:18:16.923 13911 14183 I SentryImuMcuAngleSender: 179.986rollDeg
05-27 18:18:16.923   581   581 I SpiService: fgesysctrl_getGPIO_status success val=1
05-27 18:18:16.923 13911 14183 I SentryImuMcuAngleSender: 1,0,0
05-27 18:18:16.927  1008 30856 D [OMXB]  : usingANWBuffer: handle:0xee742cc0, format:1, w:1920, h:1080
05-27 18:18:16.928 30773 30789 I dvr_service_: Camera 0: MediaOK:127858759, frames:2930, isKeyFrame:0,pts:8963862195
05-27 18:18:16.929   581   581 I SpiService: fgesysctrl_getGPIO_status success val=1
05-27 18:18:16.931 11344 11344 E SystemUI_NavBarFragment: SysUIConfig.icCarServiceConnected：false
05-27 18:18:16.935   581   581 I SpiService: fgesysctrl_getGPIO_status success val=1
05-27 18:18:16.935   299 30844 D EvsDriver: forwardFrame
05-27 18:18:16.935   299 30841 D EvsDriver: forwardFrame
05-27 18:18:16.938  1167  1167 D evsmanagerd: /dev/video6 forwarded the buffer #0 to 0xb4000074bf5f5510 from 0xb4000074bf5f6d90
05-27 18:18:16.938   299 30844 D EvsDriver: Delivered 0xb400007b7ca56900 as id 0
05-27 18:18:16.938   299 30841 D EvsDriver: Delivered 0xb400007b7ca56a60 as id 0
05-27 18:18:16.938  1167  1184 D evsmanagerd: /dev/video4 forwarded the buffer #0 to 0xb4000074bf5f6850 from 0xb4000074bf5f41d0
05-27 18:18:16.941   581   581 I SpiService: fgesysctrl_getGPIO_status success val=1
05-27 18:18:16.942   299  1163 D EvsDriver: doneWithFrame
05-27 18:18:16.942   299  1153 D EvsDriver: doneWithFrame
05-27 18:18:16.944 13911 14183 I SentryImuMcuAngleSender: 179.993rollDeg
05-27 18:18:16.944 13911 14183 I SentryImuMcuAngleSender: 1,0,0
05-27 18:18:16.947   581   581 I SpiService: fgesysctrl_getGPIO_status success val=1
05-27 18:18:16.948  1008 30857 D [OMXB]  : usingANWBuffer: handle:0xee745fa0, format:1, w:1920, h:1080
05-27 18:18:16.950   536   536 D commservice260303: msg.id = 1028,2
05-27 18:18:16.951   536   536 D commservice260303: i = 170, msgid = 8A000404
05-27 18:18:16.951   536   536 D commservice260303: msgid = -1979710460,did=138
05-27 18:18:16.951   536   536 D commservice260303: CommProtocolLibCmdBaseI2C::dataproc {"command":{"id":"imu_status","sub":""},"content":{"TimeStamp":8,"FrameCounter":207519,"GD_X":-0.011300750076770782,"GD_Y":0.00549693126231432,"GD_Z":0.0022902146447449923,"AD_X":-0.003115028142929077,"AD_Y":-0.001569840358570218,"AD_Z":-0.1731414794921875,"TempDsp":0,"Status":0,"CalibState":1,"SigAmpInvalid":0}},-1979710460
05-27 18:18:16.951   536   536 D commservice260303: send2Cluster len:314, 7B22636F6D6D616E64223A7B226964223A22696D755F737461747573222C22737562223A22227D2C22636F6E74656E74223A7B2254696D655374616D70223A382C224672616D65436F756E746572223A3230373531392C2247445F58223A2D302E3031313330303735303037363737303738322C2247445F59223A302E30303534393639333132363233313433322C2247445F5A223A302E303032323930323134363434373434393932332C2241445F58223A2D302E3030333131353032383134323932393037372C2241445F59223A2D302E3030313536393834303335383537303231382C2241445F5A223A2D302E313733313431343739343932313837352C2254656D70447370223A302C22537461747573223A302C2243616C69625374617465223A312C22536967416D70496E76616C6964223A307D7D, 138 
05-27 18:18:16.951   536   536 D commservice260303: Push Message into SendPool fn=-714669312
05-27 18:18:16.951   536   536 D commservice260303: ComProtocolLibSend2Cluster::send2ClusterRaw fn=-714669312 , len=330
05-27 18:18:16.951   536   536 D commservice260303: sendCmdToPort :330!!!
05-27 18:18:16.951   536   536 D commservice260303: send Cmd To Port ++++5AA501468A01000367D56A16C4E87B22636F6D6D616E64223A7B226964223A22696D755F737461747573222C22737562223A22227D2C22636F6E74656E74223A7B2254696D655374616D70223A382C224672616D65436F756E746572223A3230373531392C2247445F58223A2D302E3031313330303735303037363737303738322C2247445F59223A302E30303534393639333132363233313433322C2247445F5A223A302E303032323930323134363434373434393932332C2241445F58223A2D302E3030333131353032383134323932393037372C2241445F59223A2D302E3030313536393834303335383537303231382C2241445F5A223A2D302E313733313431343739343932313837352C2254656D70447370223A302C22537461747573223A302C2243616C69625374617465223A312C22536967416D70496E76616C6964223A307D7D46DE
05-27 18:18:16.951   536   536 D commservice260303: bufferevent_write retrun value = 0
05-27 18:18:16.952   536   560 D commservice260303: client datas send succeed,send finish
05-27 18:18:16.952 13911 14192 D Sentinelmode_1.2.5.17_sentry: <SentryImuClusterFgeSender>imu_status sent to Linux, frame=207519, tsNs=8964197, tsMs=8, intervalMs=40, ad=(-0.0031150281,-0.0015698404,-0.17314148), gd=(-0.01130075,0.0054969313,0.0022902146)
05-27 18:18:16.953   581   581 I SpiService: fgesysctrl_getGPIO_status success val=0
05-27 18:18:16.957 13549 13549 I ADAYO_LOG_: handleMessage(UsbFunc.java:352)copyQnx = 0
05-27 18:18:16.957 13549 13549 I ADAYO_LOG_: handleMessage(UsbFunc.java:404)copyState = 2
05-27 18:18:16.964 13911 14183 I SentryImuMcuAngleSender: 179.993rollDeg
05-27 18:18:16.964 13911 14183 I SentryImuMcuAngleSender: 1,0,0
05-27 18:18:16.964   299 30844 D EvsDriver: forwardFrame
05-27 18:18:16.964   299 30841 D EvsDriver: forwardFrame
05-27 18:18:16.965   572   572 I Sensors : 230 AccelSensor: x:-0.170190,y:0.002440,z:-9.977160
05-27 18:18:16.965   299 30844 D EvsDriver: Delivered 0xb400007b7ca56900 as id 0
05-27 18:18:16.965  1167  1167 D evsmanagerd: /dev/video6 forwarded the buffer #0 to 0xb4000074bf5f5510 from 0xb4000074bf5f6d90
05-27 18:18:16.965 30773 30782 E dvr_service_: [myNum:1] Received S**** loss
05-27 18:18:16.966   299  1153 D EvsDriver: doneWithFrame
05-27 18:18:16.966  1008 30856 D [OMXB]  : usingANWBuffer: handle:0xee743710, format:1, w:1920, h:1080
05-27 18:18:16.967   299 30841 D EvsDriver: Delivered 0xb400007b7ca56a60 as id 0
05-27 18:18:16.967  1167  1167 D evsmanagerd: /dev/video4 forwarded the buffer #0 to 0xb4000074bf5f6850 from 0xb4000074bf5f41d0
05-27 18:18:16.967 30773 30782 E dvr_service_: [myNum:0] Received S**** loss
05-27 18:18:16.968   581   581 I SpiService: fgesysctrl_getGPIO_status success val=1
05-27 18:18:16.968   299  1153 D EvsDriver: doneWithFrame
05-27 18:18:16.973   581   581 I SpiService: fgesysctrl_getGPIO_status success val=1
05-27 18:18:16.978   581   581 I SpiService: fgesysctrl_getGPIO_status success val=1
05-27 18:18:16.984   581   581 I SpiService: fgesysctrl_getGPIO_status success val=1
05-27 18:18:16.984  1008 30857 D [OMXB]  : usingANWBuffer: handle:0xee744fd0, format:1, w:1920, h:1080
05-27 18:18:16.985 13911 14183 I SentryImuMcuAngleSender: 179.986rollDeg
05-27 18:18:16.985 13911 14183 I SentryImuMcuAngleSender: 1,0,0
05-27 18:18:16.985 30773 30789 I dvr_service_: Camera 1: MediaOK:127992888, frames:2930, isKeyFrame:0,pts:8964029116
05-27 18:18:16.989   581   581 I SpiService: fgesysctrl_getGPIO_status success val=0
05-27 18:18:16.990   283   307 I rvcservice: t.code = 3, t.value = 0
05-27 18:18:16.991   536   536 D commservice260303: msg.id = 1028,0
05-27 18:18:16.991   536   536 D commservice260303: i = 170, msgid = 8A000404
05-27 18:18:16.991   536   536 D commservice260303: msgid = -1979710460,did=138
05-27 18:18:16.991   536   536 D commservice260303: CommProtocolLibCmdBaseI2C::dataproc {"command":{"id":"imu_status","sub":""},"content":{"TimeStamp":8,"FrameCounter":207520,"GD_X":-0.011834942735731602,"GD_Y":0.005573912989348173,"GD_Z":0.002213752595707774,"AD_X":-0.004327133297920227,"AD_Y":-3.479910083115101E-4,"AD_Z":-0.1694812774658203,"TempDsp":0,"Status":0,"CalibState":1,"SigAmpInvalid":0}},-1979710460
05-27 18:18:16.991   536   536 D commservice260303: send2Cluster len:314, 7B22636F6D6D616E64223A7B226964223A22696D755F737461747573222C22737562223A22227D2C22636F6E74656E74223A7B2254696D655374616D70223A382C224672616D65436F756E746572223A3230373532302C2247445F58223A2D302E3031313833343934323733353733313630322C2247445F59223A302E3030353537333931323938393334383137332C2247445F5A223A302E3030323231333735323539353730373737342C2241445F58223A2D302E3030343332373133333239373932303232372C2241445F59223A2D332E343739393130303833313135313031452D342C2241445F5A223A2D302E313639343831323737343635383230332C2254656D70447370223A302C22537461747573223A302C2243616C69625374617465223A312C22536967416D70496E76616C6964223A307D7D, 138 
05-27 18:18:16.991   536   536 D commservice260303: Push Message into SendPool fn=-697892096
05-27 18:18:16.991   536   536 D commservice260303: ComProtocolLibSend2Cluster::send2ClusterRaw fn=-697892096 , len=330
05-27 18:18:16.991   536   536 D commservice260303: sendCmdToPort :330!!!
05-27 18:18:16.991   536   536 D commservice260303: send Cmd To Port ++++5AA501468A01000367D66A16C4E87B22636F6D6D616E64223A7B226964223A22696D755F737461747573222C22737562223A22227D2C22636F6E74656E74223A7B2254696D655374616D70223A382C224672616D65436F756E746572223A3230373532302C2247445F58223A2D302E3031313833343934323733353733313630322C2247445F59223A302E3030353537333931323938393334383137332C2247445F5A223A302E3030323231333735323539353730373737342C2241445F58223A2D302E3030343332373133333239373932303232372C2241445F59223A2D332E343739393130303833313135313031452D342C2241445F5A223A2D302E313639343831323737343635383230332C2254656D70447370223A302C22537461747573223A302C2243616C69625374617465223A312C22536967416D70496E76616C6964223A307D7DA815
05-27 18:18:16.991   536   536 D commservice260303: bufferevent_write retrun value = 0
05-27 18:18:16.991 13911 14192 D Sentinelmode_1.2.5.17_sentry: <SentryImuClusterFgeSender>imu_status sent to Linux, frame=207520, tsNs=8964233, tsMs=8, intervalMs=40, ad=(-0.0043271333,-3.47991E-4,-0.16948128), gd=(-0.011834943,0.005573913,0.0022137526)
05-27 18:18:16.992   536   560 D commservice260303: client datas send succeed,send finish
05-27 18:18:16.996   586   614 D vendor.sprd.hardware.aprd-service: GPS Get GPSver failed No such file or directory
05-27 18:18:16.996   586   614 D vendor.sprd.hardware.aprd-service: GE xmlDoc is NULL, may not set GPS on.
05-27 18:18:16.997   299 30844 D EvsDriver: forwardFrame
05-27 18:18:16.999   299 30844 D EvsDriver: Delivered 0xb400007b7ca56900 as id 0
05-27 18:18:16.999  1167  1167 D evsmanagerd: /dev/video6 forwarded the buffer #0 to 0xb4000074bf5f5510 from 0xb4000074bf5f6d90
05-27 18:18:17.000   299  1153 D EvsDriver: doneWithFrame
05-27 18:18:17.001   299 30841 D EvsDriver: forwardFrame
05-27 18:18:17.002  1008 30856 D [OMXB]  : usingANWBuffer: handle:0xee7435b0, format:1, w:1920, h:1080
05-27 18:18:17.003   581   581 I SpiService: fgesysctrl_getGPIO_status success val=1
05-27 18:18:17.003  1167  1167 D evsmanagerd: /dev/video4 forwarded the buffer #0 to 0xb4000074bf5f6850 from 0xb4000074bf5f41d0
05-27 18:18:17.003   299 30841 D EvsDriver: Delivered 0xb400007b7ca56a60 as id 0
05-27 18:18:17.005 13911 14183 I SentryImuMcuAngleSender: 179.98248rollDeg
05-27 18:18:17.005 13911 14183 I SentryImuMcuAngleSender: 1,0,0
05-27 18:18:17.010   581   581 I SpiService: fgesysctrl_getGPIO_status success val=1
05-27 18:18:17.010   299  1153 D EvsDriver: doneWithFrame
05-27 18:18:17.016   581   581 I SpiService: fgesysctrl_getGPIO_status success val=1
05-27 18:18:17.021   581   581 I SpiService: fgesysctrl_getGPIO_status success val=1
05-27 18:18:17.022  1008 30857 D [OMXB]  : usingANWBuffer: handle:0xee746cb0, format:1, w:1920, h:1080
05-27 18:18:17.025 13911 14183 I SentryImuMcuAngleSender: 179.97897rollDeg
05-27 18:18:17.025 13911 14183 I SentryImuMcuAngleSender: 1,0,0
05-27 18:18:17.026   581   581 I SpiService: fgesysctrl_getGPIO_status success val=1
05-27 18:18:17.031   536   536 D commservice260303: msg.id = 1028,1
05-27 18:18:17.031   536   536 D commservice260303: i = 170, msgid = 8A000404
05-27 18:18:17.031   536   536 D commservice260303: msgid = -1979710460,did=138
05-27 18:18:17.031   536   536 D commservice260303: CommProtocolLibCmdBaseI2C::dataproc {"command":{"id":"imu_status","sub":""},"content":{"TimeStamp":8,"FrameCounter":207521,"GD_X":-0.01160607673227787,"GD_Y":0.005420989356935024,"GD_Z":0.002443138277158141,"AD_X":-0.0018895268440246582,"AD_Y":8.679796010255814E-4,"AD_Z":-0.16704177856445312,"TempDsp":0,"Status":0,"CalibState":1,"SigAmpInvalid":0}},-1979710460
05-27 18:18:17.031   536   536 D commservice260303: send2Cluster len:314, 7B22636F6D6D616E64223A7B226964223A22696D755F737461747573222C22737562223A22227D2C22636F6E74656E74223A7B2254696D655374616D70223A382C224672616D65436F756E746572223A3230373532312C2247445F58223A2D302E30313136303630373637333232373738372C2247445F59223A302E3030353432303938393335363933353032342C2247445F5A223A302E3030323434333133383237373135383134312C2241445F58223A2D302E303031383839353236383434303234363538322C2241445F59223A382E363739373936303130323535383134452D342C2241445F5A223A2D302E31363730343137373835363434353331322C2254656D70447370223A302C22537461747573223A302C2243616C69625374617465223A312C22536967416D70496E76616C6964223A307D7D, 138 
05-27 18:18:17.031   536   536 D commservice260303: Push Message into SendPool fn=-681114880
05-27 18:18:17.031   536   536 D commservice260303: ComProtocolLibSend2Cluster::send2ClusterRaw fn=-681114880 , len=330
05-27 18:18:17.031   536   536 D commservice260303: sendCmdToPort :330!!!
05-27 18:18:17.031   536   536 D commservice260303: send Cmd To Port ++++5AA501468A01000367D76A16C4E97B22636F6D6D616E64223A7B226964223A22696D755F737461747573222C22737562223A22227D2C22636F6E74656E74223A7B2254696D655374616D70223A382C224672616D65436F756E746572223A3230373532312C2247445F58223A2D302E30313136303630373637333232373738372C2247445F59223A302E3030353432303938393335363933353032342C2247445F5A223A302E3030323434333133383237373135383134312C2241445F58223A2D302E303031383839353236383434303234363538322C2241445F59223A382E363739373936303130323535383134452D342C2241445F5A223A2D302E31363730343137373835363434353331322C2254656D70447370223A302C22537461747573223A302C2243616C69625374617465223A312C22536967416D70496E76616C6964223A307D7D20A5
05-27 18:18:17.031   536   536 D commservice260303: bufferevent_write retrun value = 0
05-27 18:18:17.031 13911 14192 D Sentinelmode_1.2.5.17_sentry: <SentryImuClusterFgeSender>imu_status sent to Linux, frame=207521, tsNs=8964269, tsMs=8, intervalMs=40, ad=(-0.0018895268,8.679796E-4,-0.16704178), gd=(-0.011606077,0.0054209894,0.0024431383)
05-27 18:18:17.031   536   560 D commservice260303: client datas send succeed,send finish
05-27 18:18:17.032   581   581 I SpiService: fgesysctrl_getGPIO_status success val=0
05-27 18:18:17.037   299 30844 D EvsDriver: forwardFrame
05-27 18:18:17.037   299 30841 D EvsDriver: forwardFrame
05-27 18:18:17.039   299 30841 D EvsDriver: Delivered 0xb400007b7ca56a60 as id 0
05-27 18:18:17.039  1167  1167 D evsmanagerd: /dev/video4 forwarded the buffer #0 to 0xb4000074bf5f6850 from 0xb4000074bf5f41d0
05-27 18:18:17.040   299 30844 D EvsDriver: Delivered 0xb400007b7ca56900 as id 0
05-27 18:18:17.040  1167  1167 D evsmanagerd: /dev/video6 forwarded the buffer #0 to 0xb4000074bf5f5510 from 0xb4000074bf5f6d90
05-27 18:18:17.043   299  1163 D EvsDriver: doneWithFrame
05-27 18:18:17.044   299  1153 D EvsDriver: doneWithFrame
05-27 18:18:17.046 13911 14183 I SentryImuMcuAngleSender: 179.98248rollDeg
05-27 18:18:17.046 13911 14183 I SentryImuMcuAngleSender: 1,0,0
05-27 18:18:17.046   581   581 I SpiService: fgesysctrl_getGPIO_status success val=1
05-27 18:18:17.047 30773 30785 I dvr_service_: [EncoderHandler::runMediaThread] runMediaThread started:1,state:1, cam2:started:1,state:1, lastSwitch:1, mIsMuxerStart:1,format:0,is_str_ing:0
05-27 18:18:17.048  1008 30856 D [OMXB]  : usingANWBuffer: handle:0xee744b00, format:1, w:1920, h:1080
05-27 18:18:17.052   581   581 I SpiService: fgesysctrl_getGPIO_status success val=1
05-27 18:18:17.053   572   572 I Sensors : 230 GyroSensor: x:-0.011835,y:0.004734,z:0.002061
05-27 18:18:17.057   581   581 I SpiService: fgesysctrl_getGPIO_status success val=1
05-27 18:18:17.063   581   581 I SpiService: fgesysctrl_getGPIO_status success val=1
05-27 18:18:17.067 13911 14183 I SentryImuMcuAngleSender: 179.986rollDeg
05-27 18:18:17.067 13911 14183 I SentryImuMcuAngleSender: 1,0,0
05-27 18:18:17.068   581   581 I SpiService: fgesysctrl_getGPIO_status success val=1
05-27 18:18:17.068   299 30844 D EvsDriver: forwardFrame
05-27 18:18:17.070   299 30844 D EvsDriver: Delivered 0xb400007b7ca56900 as id 0
05-27 18:18:17.070  1167  1167 D evsmanagerd: /dev/video6 forwarded the buffer #0 to 0xb4000074bf5f5510 from 0xb4000074bf5f6d90
05-27 18:18:17.071   536   536 D commservice260303: msg.id = 1028,1
05-27 18:18:17.072   536   536 D commservice260303: i = 170, msgid = 8A000404
05-27 18:18:17.072   536   536 D commservice260303: msgid = -1979710460,did=138
