05-27 18:23:29.561   536  2578 D commservice260303: mcuDataAnalyzeHandle templen:91,len:91,pos:0, 5AA5005701000000364D6A16C6217B22636F6D6D616E64223A7B226964223A22686561727462656174222C22737562223A22227D2C22726573706F6E65223A7B22636F6465223A302C226D657373616765223A226F6B227D7D5F18 
05-27 18:23:29.561   536  2578 I commservice260303: checksumCal = 24344
05-27 18:23:29.561   536  2578 D commservice260303: Protocol_C2I_Commservice::dataproc {"command":{"id":"heartbeat","sub":""},"respone":{"code":0,"message":"ok"}},1
05-27 18:23:29.561   536  2578 D commservice260303: Protocol_C2I_Commservice::dataproc Receive a heartbeat command from Cluster, setTcpHeartbeat = EID_UID_HEARTBEAT
05-27 18:23:29.562   299 30841 D EvsDriver: forwardFrame
05-27 18:23:29.563   299 30841 D EvsDriver: Delivered 0xb400007b7ca56a60 as id 0
05-27 18:23:29.563  1167  1184 D evsmanagerd: /dev/video4 forwarded the buffer #0 to 0xb4000074bf5f6850 from 0xb4000074bf5f41d0
05-27 18:23:29.565 13911 14183 I SentryImuMcuAngleSender: 180.0rollDeg
05-27 18:23:29.565 13911 14183 I SentryImuMcuAngleSender: 1,0,0
05-27 18:23:29.566   581   581 I SpiService: fgesysctrl_getGPIO_status success val=1
05-27 18:23:29.567   299  1163 D EvsDriver: doneWithFrame
05-27 08:14:38.531   581   581 D spi_rst_gpio_get_output: GPIO 145 value: 1
05-27 08:14:38.531   581   581 D spidev_ioctl: gpio status=1)
05-27 18:23:29.571   572   622 I Sensors : 230 AccelSensor: x:-0.173239,y:0.000000,z:-9.972890
05-27 18:23:29.572   581   581 I SpiService: fgesysctrl_getGPIO_status success val=1
05-27 08:14:38.536   581   581 D spi_rst_gpio_get_output: GPIO 145 value: 1
05-27 08:14:38.536   581   581 D spidev_ioctl: gpio status=1)
05-27 18:23:29.576   283   307 I rvcservice: t.code = 4, t.value = 0
05-27 18:23:29.577   581   581 I SpiService: fgesysctrl_getGPIO_status success val=1
05-27 18:23:29.579 30773 30785 I dvr_service_: [EncoderHandler::runMediaThread] runMediaThread started:1,state:1, cam2:started:1,state:1, lastSwitch:1, mIsMuxerStart:1,format:0,is_str_ing:0
05-27 08:14:38.542   581   581 D spi_rst_gpio_get_output: GPIO 145 value: 1
05-27 08:14:38.542   581   581 D spidev_ioctl: gpio status=1)
05-27 18:23:29.582   581   581 I SpiService: fgesysctrl_getGPIO_status success val=0
05-27 08:14:38.547   581   581 D spi_rst_gpio_get_output: GPIO 145 value: 0
05-27 08:14:38.547   581   581 D spidev_ioctl: gpio status=0)
05-27 18:23:29.585 13911 14183 I SentryImuMcuAngleSender: 180.0rollDeg
05-27 18:23:29.585 13911 14183 I SentryImuMcuAngleSender: 1,0,0
05-27 18:23:29.586  1008 30857 D [OMXB]  : usingANWBuffer: handle:0xee746cb0, format:1, w:1920, h:1080
05-27 18:23:29.592   299 30841 D EvsDriver: forwardFrame
05-27 18:23:29.594   536   536 D commservice260303: msg.id = 1028,0
05-27 18:23:29.594   536   536 D commservice260303: i = 170, msgid = 8A000404
05-27 18:23:29.594   536   536 D commservice260303: msgid = -1979710460,did=138
05-27 18:23:29.594   299 30841 D EvsDriver: Delivered 0xb400007b7ca56a60 as id 0
05-27 18:23:29.594   536   536 D commservice260303: CommProtocolLibCmdBaseI2C::dataproc {"command":{"id":"imu_status","sub":""},"content":{"TimeStamp":9,"FrameCounter":215208,"GD_X":-0.011300750076770782,"GD_Y":0.0057257963344454765,"GD_Z":0.002443138277158141,"AD_X":-0.004023924469947815,"AD_Y":-0.0016591177554801106,"AD_Z":-0.1676778793334961,"TempDsp":0,"Status":0,"CalibState":1,"SigAmpInvalid":0}},-1979710460
05-27 18:23:29.594  1167  1184 D evsmanagerd: /dev/video4 forwarded the buffer #0 to 0xb4000074bf5f6850 from 0xb4000074bf5f41d0
05-27 18:23:29.594   536   536 D commservice260303: send2Cluster len:316, 7B22636F6D6D616E64223A7B226964223A22696D755F737461747573222C22737562223A22227D2C22636F6E74656E74223A7B2254696D655374616D70223A392C224672616D65436F756E746572223A3231353230382C2247445F58223A2D302E3031313330303735303037363737303738322C2247445F59223A302E303035373235373936333334343435343736352C2247445F5A223A302E3030323434333133383237373135383134312C2241445F58223A2D302E3030343032333932343436393934373831352C2241445F59223A2D302E303031363539313137373535343830313130362C2241445F5A223A2D302E313637363737383739333333343936312C2254656D70447370223A302C22537461747573223A302C2243616C69625374617465223A312C22536967416D70496E76616C6964223A307D7D, 138 
05-27 18:23:29.594   536   536 D commservice260303: Push Message into SendPool fn=2072380160
05-27 18:23:29.594   536   536 D commservice260303: ComProtocolLibSend2Cluster::send2ClusterRaw fn=2072380160 , len=332
05-27 18:23:29.594   536   536 D commservice260303: sendCmdToPort :332!!!
05-27 18:23:29.594   536   536 D commservice260303: send Cmd To Port ++++5AA501488A010003867B6A16C6217B22636F6D6D616E64223A7B226964223A22696D755F737461747573222C22737562223A22227D2C22636F6E74656E74223A7B2254696D655374616D70223A392C224672616D65436F756E746572223A3231353230382C2247445F58223A2D302E3031313330303735303037363737303738322C2247445F59223A302E303035373235373936333334343435343736352C2247445F5A223A302E3030323434333133383237373135383134312C2241445F58223A2D302E3030343032333932343436393934373831352C2241445F59223A2D302E303031363539313137373535343830313130362C2241445F5A223A2D302E313637363737383739333333343936312C2254656D70447370223A302C22537461747573223A302C2243616C69625374617465223A312C22536967416D70496E76616C6964223A307D7D71B1
05-27 18:23:29.594   536   536 D commservice260303: bufferevent_write retrun value = 0
05-27 18:23:29.595   536   560 D commservice260303: client datas send succeed,send finish
05-27 18:23:29.596 13911 14192 D Sentinelmode_1.2.5.17_sentry: <SentryImuClusterFgeSender>imu_status sent to Linux, frame=215208, tsNs=9276840, tsMs=9, intervalMs=40, ad=(-0.0040239245,-0.0016591178,-0.16767788), gd=(-0.01130075,0.0057257963,0.0024431383)
05-27 18:23:29.597   299  1163 D EvsDriver: doneWithFrame
05-27 18:23:29.598   581   581 I SpiService: fgesysctrl_getGPIO_status success val=1
05-27 08:14:38.562   581   581 D spi_rst_gpio_get_output: GPIO 145 value: 1
05-27 08:14:38.562   581   581 D spidev_ioctl: gpio status=1)
05-27 18:23:29.603   581   581 I SpiService: fgesysctrl_getGPIO_status success val=1
05-27 18:23:29.605  1008 30856 D [OMXB]  : usingANWBuffer: handle:0xee7435b0, format:1, w:1920, h:1080
05-27 08:14:38.568   581   581 D spi_rst_gpio_get_output: GPIO 145 value: 1
05-27 08:14:38.568   581   581 D spidev_ioctl: gpio status=1)
05-27 18:23:29.605 13911 14183 I SentryImuMcuAngleSender: 180.0rollDeg
05-27 18:23:29.605   299 30844 D EvsDriver: forwardFrame
05-27 18:23:29.606   299 30844 D EvsDriver: Delivered 0xb400007b7ca56900 as id 0
05-27 18:23:29.606 13911 14183 I SentryImuMcuAngleSender: 1,0,0
05-27 18:23:29.606  1167  1184 D evsmanagerd: /dev/video6 forwarded the buffer #0 to 0xb4000074bf5f5510 from 0xb4000074bf5f6d90
05-27 18:23:29.609   581   581 I SpiService: fgesysctrl_getGPIO_status success val=1
05-27 18:23:29.609   299  1163 D EvsDriver: doneWithFrame
05-27 08:14:38.573   581   581 D spi_rst_gpio_get_output: GPIO 145 value: 1
05-27 08:14:38.573   581   581 D spidev_ioctl: gpio status=1)
05-27 18:23:29.615   581   581 I SpiService: fgesysctrl_getGPIO_status success val=1
05-27 08:14:38.579   581   581 D spi_rst_gpio_get_output: GPIO 145 value: 1
05-27 08:14:38.579   581   581 D spidev_ioctl: gpio status=1)
05-27 18:23:29.620   581   581 I SpiService: fgesysctrl_getGPIO_status success val=1
05-27 08:14:38.585   581   581 D spi_rst_gpio_get_output: GPIO 145 value: 1
05-27 08:14:38.585   581   581 D spidev_ioctl: gpio status=1)
05-27 18:23:29.626  1008 30857 D [OMXB]  : usingANWBuffer: handle:0xee742060, format:1, w:1920, h:1080
05-27 18:23:29.626   581   581 I SpiService: fgesysctrl_getGPIO_status success val=0
05-27 18:23:29.626 13911 14183 I SentryImuMcuAngleSender: 179.98598rollDeg
05-27 18:23:29.626 13911 14183 I SentryImuMcuAngleSender: 1,0,0
05-27 18:23:29.628   299 30844 D EvsDriver: forwardFrame
05-27 18:23:29.628   299 30841 D EvsDriver: forwardFrame
05-27 08:14:38.590   581   581 D spi_rst_gpio_get_output: GPIO 145 value: 0
05-27 08:14:38.590   581   581 D spidev_ioctl: gpio status=0)
05-27 18:23:29.630   299 30844 D EvsDriver: Delivered 0xb400007b7ca56900 as id 0
05-27 18:23:29.630  1167  1184 D evsmanagerd: /dev/video6 forwarded the buffer #0 to 0xb4000074bf5f5510 from 0xb4000074bf5f6d90
05-27 18:23:29.630 30773 30773 E dvr_service_: [myNum:1] Received S**** loss
05-27 18:23:29.630   299  1163 D EvsDriver: doneWithFrame
05-27 18:23:29.631   299 30841 D EvsDriver: Delivered 0xb400007b7ca56a60 as id 0
05-27 18:23:29.631  1167  1184 D evsmanagerd: /dev/video4 forwarded the buffer #0 to 0xb4000074bf5f6850 from 0xb4000074bf5f41d0
05-27 18:23:29.631 30773 30773 E dvr_service_: [myNum:0] Received S**** loss
05-27 18:23:29.632   299  1163 D EvsDriver: doneWithFrame
05-27 18:23:29.633   536   536 D commservice260303: msg.id = 1028,1
05-27 18:23:29.633   536   536 D commservice260303: i = 170, msgid = 8A000404
05-27 18:23:29.633   536   536 D commservice260303: msgid = -1979710460,did=138
05-27 18:23:29.633   536   536 D commservice260303: CommProtocolLibCmdBaseI2C::dataproc {"command":{"id":"imu_status","sub":""},"content":{"TimeStamp":9,"FrameCounter":215209,"GD_X":-0.011300750076770782,"GD_Y":0.0051151420921087265,"GD_Z":0.002747945487499237,"AD_X":-0.004016652703285217,"AD_Y":7.797584403306246E-4,"AD_Z":-0.1688985824584961,"TempDsp":0,"Status":0,"CalibState":1,"SigAmpInvalid":0}},-1979710460
05-27 18:23:29.633   536   536 D commservice260303: send2Cluster len:314, 7B22636F6D6D616E64223A7B226964223A22696D755F737461747573222C22737562223A22227D2C22636F6E74656E74223A7B2254696D655374616D70223A392C224672616D65436F756E746572223A3231353230392C2247445F58223A2D302E3031313330303735303037363737303738322C2247445F59223A302E303035313135313432303932313038373236352C2247445F5A223A302E3030323734373934353438373439393233372C2241445F58223A2D302E3030343031363635323730333238353231372C2241445F59223A372E373937353834343033333036323436452D342C2241445F5A223A2D302E313638383938353832343538343936312C2254656D70447370223A302C22537461747573223A302C2243616C69625374617465223A312C22536967416D70496E76616C6964223A307D7D, 138 
05-27 18:23:29.633   536   536 D commservice260303: Push Message into SendPool fn=2089157376
05-27 18:23:29.633   536   536 D commservice260303: ComProtocolLibSend2Cluster::send2ClusterRaw fn=2089157376 , len=330
05-27 18:23:29.633   536   536 D commservice260303: sendCmdToPort :330!!!
05-27 18:23:29.633   536   536 D commservice260303: send Cmd To Port ++++5AA501468A010003867C6A16C6217B22636F6D6D616E64223A7B226964223A22696D755F737461747573222C22737562223A22227D2C22636F6E74656E74223A7B2254696D655374616D70223A392C224672616D65436F756E746572223A3231353230392C2247445F58223A2D302E3031313330303735303037363737303738322C2247445F59223A302E303035313135313432303932313038373236352C2247445F5A223A302E3030323734373934353438373439393233372C2241445F58223A2D302E3030343031363635323730333238353231372C2241445F59223A372E373937353834343033333036323436452D342C2241445F5A223A2D302E313638383938353832343538343936312C2254656D70447370223A302C22537461747573223A302C2243616C69625374617465223A312C22536967416D70496E76616C6964223A307D7DA255
05-27 18:23:29.633   536   536 D commservice260303: bufferevent_write retrun value = 0
05-27 18:23:29.633   536   560 D commservice260303: client datas send succeed,send finish
05-27 18:23:29.633 13911 14192 D Sentinelmode_1.2.5.17_sentry: <SentryImuClusterFgeSender>imu_status sent to Linux, frame=215209, tsNs=9276875, tsMs=9, intervalMs=38, ad=(-0.0040166527,7.7975844E-4,-0.16889858), gd=(-0.01130075,0.005115142,0.0027479455)
05-27 18:23:29.641   581   581 I SpiService: fgesysctrl_getGPIO_status success val=1
05-27 08:14:38.605   581   581 D spi_rst_gpio_get_output: GPIO 145 value: 1
05-27 08:14:38.606   581   581 D spidev_ioctl: gpio status=1)
05-27 18:23:29.645  1008 30856 D [OMXB]  : usingANWBuffer: handle:0xee740dd0, format:1, w:1920, h:1080
05-27 18:23:29.646 13911 14183 I SentryImuMcuAngleSender: 179.98949rollDeg
05-27 18:23:29.647 13911 14183 I SentryImuMcuAngleSender: 1,0,0
05-27 18:23:29.647   581   581 I SpiService: fgesysctrl_getGPIO_status success val=1
05-27 08:14:38.611   581   581 D spi_rst_gpio_get_output: GPIO 145 value: 1
05-27 08:14:38.611   581   581 D spidev_ioctl: gpio status=1)
05-27 18:23:29.652   581   581 I SpiService: fgesysctrl_getGPIO_status success val=1
05-27 08:14:38.617   581   581 D spi_rst_gpio_get_output: GPIO 145 value: 1
05-27 08:14:38.617   581   581 D spidev_ioctl: gpio status=1)
05-27 18:23:29.658   581   581 I SpiService: fgesysctrl_getGPIO_status success val=1
05-27 18:23:29.658   299 30841 D EvsDriver: forwardFrame
05-27 18:23:29.659   299 30841 D EvsDriver: Delivered 0xb400007b7ca56a60 as id 0
05-27 18:23:29.659  1167  1184 D evsmanagerd: /dev/video4 forwarded the buffer #0 to 0xb4000074bf5f6850 from 0xb4000074bf5f41d0
05-27 18:23:29.659  1008 30857 D [OMXB]  : usingANWBuffer: handle:0xee7439d0, format:1, w:1920, h:1080
05-27 18:23:29.660   299 30844 D EvsDriver: forwardFrame
05-27 18:23:29.660   572   572 I Sensors : 230 GyroSensor: x:-0.010919,y:0.005192,z:0.002138
05-27 08:14:38.622   581   581 D spi_rst_gpio_get_output: GPIO 145 value: 1
05-27 08:14:38.622   581   581 D spidev_ioctl: gpio status=1)
05-27 18:23:29.662   299  1163 D EvsDriver: doneWithFrame
05-27 18:23:29.662   299 30844 D EvsDriver: Delivered 0xb400007b7ca56900 as id 0
05-27 18:23:29.662  1167  1184 D evsmanagerd: /dev/video6 forwarded the buffer #0 to 0xb4000074bf5f5510 from 0xb4000074bf5f6d90
05-27 18:23:29.664   581   581 I SpiService: fgesysctrl_getGPIO_status success val=1
05-27 08:14:38.628   581   581 D spi_rst_gpio_get_output: GPIO 145 value: 1
05-27 08:14:38.628   581   581 D spidev_ioctl: gpio status=1)
05-27 18:23:29.665   299  1163 D EvsDriver: doneWithFrame
05-27 18:23:29.667 13911 14183 I SentryImuMcuAngleSender: 179.98598rollDeg
05-27 18:23:29.667 13911 14183 I SentryImuMcuAngleSender: 1,0,0
05-27 18:23:29.670   581   581 I SpiService: fgesysctrl_getGPIO_status success val=0
05-27 08:14:38.634   581   581 D spi_rst_gpio_get_output: GPIO 145 value: 0
05-27 08:14:38.634   581   581 D spidev_ioctl: gpio status=0)
05-27 18:23:29.673   536   536 D commservice260303: msg.id = 1028,0
05-27 18:23:29.673   536   536 D commservice260303: i = 170, msgid = 8A000404
05-27 18:23:29.673   536   536 D commservice260303: msgid = -1979710460,did=138
05-27 18:23:29.673   536   536 D commservice260303: CommProtocolLibCmdBaseI2C::dataproc {"command":{"id":"imu_status","sub":""},"content":{"TimeStamp":9,"FrameCounter":215210,"GD_X":-0.01091896090656519,"GD_Y":0.00519212381914258,"GD_Z":0.0021378109231591225,"AD_X":-0.0015824288129806519,"AD_Y":7.768897339701653E-4,"AD_Z":-0.1670694351196289,"TempDsp":0,"Status":0,"CalibState":1,"SigAmpInvalid":0}},-1979710460
05-27 18:23:29.673   536   536 D commservice260303: send2Cluster len:313, 7B22636F6D6D616E64223A7B226964223A22696D755F737461747573222C22737562223A22227D2C22636F6E74656E74223A7B2254696D655374616D70223A392C224672616D65436F756E746572223A3231353231302C2247445F58223A2D302E30313039313839363039303635363531392C2247445F59223A302E30303531393231323338313931343235382C2247445F5A223A302E303032313337383130393233313539313232352C2241445F58223A2D302E303031353832343238383132393830363531392C2241445F59223A372E373638383937333339373031363533452D342C2241445F5A223A2D302E313637303639343335313139363238392C2254656D70447370223A302C22537461747573223A302C2243616C69625374617465223A312C22536967416D70496E76616C6964223A307D7D, 138 
05-27 18:23:29.673   536   536 D commservice260303: Push Message into SendPool fn=2105934592
05-27 18:23:29.673   536   536 D commservice260303: ComProtocolLibSend2Cluster::send2ClusterRaw fn=2105934592 , len=329
05-27 18:23:29.673   536   536 D commservice260303: sendCmdToPort :329!!!
05-27 18:23:29.673   536   536 D commservice260303: send Cmd To Port ++++5AA501458A010003867D6A16C6217B22636F6D6D616E64223A7B226964223A22696D755F737461747573222C22737562223A22227D2C22636F6E74656E74223A7B2254696D655374616D70223A392C224672616D65436F756E746572223A3231353231302C2247445F58223A2D302E30313039313839363039303635363531392C2247445F59223A302E30303531393231323338313931343235382C2247445F5A223A302E303032313337383130393233313539313232352C2241445F58223A2D302E303031353832343238383132393830363531392C2241445F59223A372E373638383937333339373031363533452D342C2241445F5A223A2D302E313637303639343335313139363238392C2254656D70447370223A302C22537461747573223A302C2243616C69625374617465223A312C22536967416D70496E76616C6964223A307D7DFBFC
05-27 18:23:29.673   536   536 D commservice260303: bufferevent_write retrun value = 0
05-27 18:23:29.674   536   560 D commservice260303: client datas send succeed,send finish
05-27 18:23:29.674 13911 14192 D Sentinelmode_1.2.5.17_sentry: <SentryImuClusterFgeSender>imu_status sent to Linux, frame=215210, tsNs=9276911, tsMs=9, intervalMs=40, ad=(-0.0015824288,7.7688973E-4,-0.16706944), gd=(-0.010918961,0.005192124,0.002137811)
05-27 18:23:29.676   283   307 I rvcservice: t.code = 3, t.value = 0
05-27 18:23:29.684   581   581 I SpiService: fgesysctrl_getGPIO_status success val=1
05-27 08:14:38.649   581   581 D spi_rst_gpio_get_output: GPIO 145 value: 1
05-27 08:14:38.649   581   581 D spidev_ioctl: gpio status=1)
05-27 18:23:29.687 13911 14183 I SentryImuMcuAngleSender: 179.98949rollDeg
05-27 18:23:29.687 13911 14183 I SentryImuMcuAngleSender: 1,0,0
05-27 18:23:29.690   581   581 I SpiService: fgesysctrl_getGPIO_status success val=1
05-27 18:23:29.692   299 30841 D EvsDriver: forwardFrame
05-27 08:14:38.654   581   581 D spi_rst_gpio_get_output: GPIO 145 value: 1
05-27 08:14:38.654   581   581 D spidev_ioctl: gpio status=1)
05-27 18:23:29.693   299 30841 D EvsDriver: Delivered 0xb400007b7ca56a60 as id 0
05-27 18:23:29.693  1008 30857 D [OMXB]  : usingANWBuffer: handle:0xee745760, format:1, w:1920, h:1080
05-27 18:23:29.694  1167  1184 D evsmanagerd: /dev/video4 forwarded the buffer #0 to 0xb4000074bf5f6850 from 0xb4000074bf5f41d0
05-27 18:23:29.695   299 30844 D EvsDriver: forwardFrame
05-27 08:14:38.660   581   581 D spi_rst_gpio_get_output: GPIO 145 value: 1
05-27 08:14:38.660   581   581 D spidev_ioctl: gpio status=1)
05-27 18:23:29.696   581   581 I SpiService: fgesysctrl_getGPIO_status success val=1
05-27 18:23:29.699   299  1163 D EvsDriver: doneWithFrame
05-27 18:23:29.702   581   581 I SpiService: fgesysctrl_getGPIO_status success val=1
05-27 18:23:29.703   299 30844 D EvsDriver: Delivered 0xb400007b7ca56900 as id 0
05-27 18:23:29.703  1167  1184 D evsmanagerd: /dev/video6 forwarded the buffer #0 to 0xb4000074bf5f5510 from 0xb4000074bf5f6d90
05-27 08:14:38.667   581   581 D spi_rst_gpio_get_output: GPIO 145 value: 1
05-27 08:14:38.667   581   581 D spidev_ioctl: gpio status=1)
05-27 18:23:29.708   299  1163 D EvsDriver: doneWithFrame
05-27 18:23:29.708 13911 14183 I SentryImuMcuAngleSender: 179.98598rollDeg
05-27 18:23:29.708   581   581 I SpiService: fgesysctrl_getGPIO_status success val=0
05-27 18:23:29.709 13911 14183 I SentryImuMcuAngleSender: 1,0,0
05-27 18:23:29.711  1008 30856 D [OMXB]  : usingANWBuffer: handle:0xee745600, format:1, w:1920, h:1080
05-27 08:14:38.673   581   581 D spi_rst_gpio_get_output: GPIO 145 value: 0
05-27 08:14:38.673   581   581 D spidev_ioctl: gpio status=0)
05-27 18:23:29.714   536   536 D commservice260303: msg.id = 1028,0
05-27 18:23:29.714   536   536 D commservice260303: i = 170, msgid = 8A000404
05-27 18:23:29.714   536   536 D commservice260303: msgid = -1979710460,did=138
05-27 18:23:29.714   536   536 D commservice260303: CommProtocolLibCmdBaseI2C::dataproc {"command":{"id":"imu_status","sub":""},"content":{"TimeStamp":9,"FrameCounter":215211,"GD_X":-0.011300750076770782,"GD_Y":0.005420989356935024,"GD_Z":0.002443138277158141,"AD_X":-0.004627063870429993,"AD_Y":7.740457076579332E-4,"AD_Z":-0.1682901382446289,"TempDsp":0,"Status":0,"CalibState":1,"SigAmpInvalid":0}},-1979710460
05-27 18:23:29.715   536   536 D commservice260303: send2Cluster len:313, 7B22636F6D6D616E64223A7B226964223A22696D755F737461747573222C22737562223A22227D2C22636F6E74656E74223A7B2254696D655374616D70223A392C224672616D65436F756E746572223A3231353231312C2247445F58223A2D302E3031313330303735303037363737303738322C2247445F59223A302E3030353432303938393335363933353032342C2247445F5A223A302E3030323434333133383237373135383134312C2241445F58223A2D302E3030343632373036333837303432393939332C2241445F59223A372E373430343537303736353739333332452D342C2241445F5A223A2D302E313638323930313338323434363238392C2254656D70447370223A302C22537461747573223A302C2243616C69625374617465223A312C22536967416D70496E76616C6964223A307D7D, 138 
05-27 18:23:29.715   536   536 D commservice260303: Push Message into SendPool fn=2122711808
05-27 18:23:29.715   536   536 D commservice260303: ComProtocolLibSend2Cluster::send2ClusterRaw fn=2122711808 , len=329
05-27 18:23:29.715   536   536 D commservice260303: sendCmdToPort :329!!!
05-27 18:23:29.715   536   536 D commservice260303: send Cmd To Port ++++5AA501458A010003867E6A16C6217B22636F6D6D616E64223A7B226964223A22696D755F737461747573222C22737562223A22227D2C22636F6E74656E74223A7B2254696D655374616D70223A392C224672616D65436F756E746572223A3231353231312C2247445F58223A2D302E3031313330303735303037363737303738322C2247445F59223A302E3030353432303938393335363933353032342C2247445F5A223A302E3030323434333133383237373135383134312C2241445F58223A2D302E3030343632373036333837303432393939332C2241445F59223A372E373430343537303736353739333332452D342C2241445F5A223A2D302E313638323930313338323434363238392C2254656D70447370223A302C22537461747573223A302C2243616C69625374617465223A312C22536967416D70496E76616C6964223A307D7DFF04
05-27 18:23:29.715   536   536 D commservice260303: bufferevent_write retrun value = 0
05-27 18:23:29.715   536   560 D commservice260303: client datas send succeed,send finish
05-27 18:23:29.715 13911 14192 D Sentinelmode_1.2.5.17_sentry: <SentryImuClusterFgeSender>imu_status sent to Linux, frame=215211, tsNs=9276948, tsMs=9, intervalMs=42, ad=(-0.004627064,7.740457E-4,-0.16829014), gd=(-0.01130075,0.0054209894,0.0024431383)
05-27 18:23:29.723   581   581 I SpiService: fgesysctrl_getGPIO_status success val=1
05-27 08:14:38.687   581   581 D spi_rst_gpio_get_output: GPIO 145 value: 1
05-27 08:14:38.687   581   581 D spidev_ioctl: gpio status=1)
05-27 18:23:29.726   299 30844 D EvsDriver: forwardFrame
05-27 18:23:29.727  1167  1184 D evsmanagerd: /dev/video6 forwarded the buffer #0 to 0xb4000074bf5f5510 from 0xb4000074bf5f6d90
05-27 18:23:29.727   299 30844 D EvsDriver: Delivered 0xb400007b7ca56900 as id 0
05-27 18:23:29.728   581   581 I SpiService: fgesysctrl_getGPIO_status success val=1
05-27 08:14:38.693   581   581 D spi_rst_gpio_get_output: GPIO 145 value: 1
05-27 08:14:38.693   581   581 D spidev_ioctl: gpio status=1)
05-27 18:23:29.730 13911 14183 I SentryImuMcuAngleSender: 179.99649rollDeg
05-27 18:23:29.730 13911 14183 I SentryImuMcuAngleSender: 1,0,0
05-27 18:23:29.730   299 30841 D EvsDriver: forwardFrame
05-27 18:23:29.730   299  1163 D EvsDriver: doneWithFrame
05-27 18:23:29.732   299 30841 D EvsDriver: Delivered 0xb400007b7ca56a60 as id 0
05-27 18:23:29.732  1167  1184 D evsmanagerd: /dev/video4 forwarded the buffer #0 to 0xb4000074bf5f6850 from 0xb4000074bf5f41d0
05-27 18:23:29.734  1008 30857 D [OMXB]  : usingANWBuffer: handle:0xee744fd0, format:1, w:1920, h:1080
05-27 18:23:29.735   581   581 I SpiService: fgesysctrl_getGPIO_status success val=1
05-27 08:14:38.699   581   581 D spi_rst_gpio_get_output: GPIO 145 value: 1
05-27 08:14:38.699   581   581 D spidev_ioctl: gpio status=1)
05-27 18:23:29.737   299  1163 D EvsDriver: doneWithFrame
05-27 18:23:29.741   581   581 I SpiService: fgesysctrl_getGPIO_status success val=1
05-27 08:14:38.706   581   581 D spi_rst_gpio_get_output: GPIO 145 value: 1
05-27 08:14:38.706   581   581 D spidev_ioctl: gpio status=1)
05-27 18:23:29.746   581   581 I SpiService: fgesysctrl_getGPIO_status success val=1
05-27 18:23:29.748  1008 30856 D [OMXB]  : usingANWBuffer: handle:0xee7469f0, format:1, w:1920, h:1080
05-27 08:14:38.711   581   581 D spi_rst_gpio_get_output: GPIO 145 value: 1
05-27 08:14:38.711   581   581 D spidev_ioctl: gpio status=1)
05-27 18:23:29.751 13911 14183 I SentryImuMcuAngleSender: -179.97899rollDeg
05-27 18:23:29.751 13911 14183 I SentryImuMcuAngleSender: 1,0,0
05-27 18:23:29.752   581   581 I SpiService: fgesysctrl_getGPIO_status success val=0
05-27 18:23:29.752  1083  1083 I MyAppLog: [2026-05-27 18:23:29.751 I tboxap mcuSendYadiTransfer:196] [Mcu] [mcuYadiSend]: :00 08 5E 04 01 09 81 02 01 01
05-27 18:23:29.752   481   597 I mcuc    : send SPI:6AA60165D400F809015E0401098102010100000000000000000000000000000000000000000000000000000000000000000000000000000000000000000000000000000000000000000000000000000000000000000000000000000000000000000000000000000000000000000000000000000000000000000000000000000000000000000000000000000000000000000000000000000000000000000000000000000000000000000000000000000000000000000000000000000000000000000000000000000000000000000000000000000000000000000000000000000000000000000000000000000000000000000000000000000000000000000000D3
05-27 08:14:38.717   581   581 D spi_rst_gpio_get_output: GPIO 145 value: 0
05-27 08:14:38.717   581   581 D spidev_ioctl: gpio status=0)
05-27 18:23:29.754   536   536 D commservice260303: msg.id = 1028,1
05-27 18:23:29.754   536   536 D commservice260303: i = 170, msgid = 8A000404
05-27 18:23:29.754   536   536 D commservice260303: msgid = -1979710460,did=138
05-27 18:23:29.754   536   536 D commservice260303: CommProtocolLibCmdBaseI2C::dataproc {"command":{"id":"imu_status","sub":""},"content":{"TimeStamp":9,"FrameCounter":215212,"GD_X":-0.011759000830352306,"GD_Y":0.00519212381914258,"GD_Z":0.002213752595707774,"AD_X":-0.006433427333831787,"AD_Y":-0.005291292443871498,"AD_Z":-0.17194843292236328,"TempDsp":0,"Status":0,"CalibState":1,"SigAmpInvalid":0}},-1979710460
05-27 18:23:29.754   536   536 D commservice260303: send2Cluster len:314, 7B22636F6D6D616E64223A7B226964223A22696D755F737461747573222C22737562223A22227D2C22636F6E74656E74223A7B2254696D655374616D70223A392C224672616D65436F756E746572223A3231353231322C2247445F58223A2D302E3031313735393030303833303335323330362C2247445F59223A302E30303531393231323338313931343235382C2247445F5A223A302E3030323231333735323539353730373737342C2241445F58223A2D302E3030363433333432373333333833313738372C2241445F59223A2D302E3030353239313239323434333837313439382C2241445F5A223A2D302E31373139343834333239323233363332382C2254656D70447370223A302C22537461747573223A302C2243616C69625374617465223A312C22536967416D70496E76616C6964223A307D7D, 138 
05-27 18:23:29.754   536   536 D commservice260303: Push Message into SendPool fn=2139489024
05-27 18:23:29.754   536   536 D commservice260303: ComProtocolLibSend2Cluster::send2ClusterRaw fn=2139489024 , len=330
05-27 18:23:29.754   536   536 D commservice260303: sendCmdToPort :330!!!
05-27 18:23:29.754   536   536 D commservice260303: send Cmd To Port ++++5AA501468A010003867F6A16C6217B22636F6D6D616E64223A7B226964223A22696D755F737461747573222C22737562223A22227D2C22636F6E74656E74223A7B2254696D655374616D70223A392C224672616D65436F756E746572223A3231353231322C2247445F58223A2D302E3031313735393030303833303335323330362C2247445F59223A302E30303531393231323338313931343235382C2247445F5A223A302E3030323231333735323539353730373737342C2241445F58223A2D302E3030363433333432373333333833313738372C2241445F59223A2D302E3030353239313239323434333837313439382C2241445F5A223A2D302E31373139343834333239323233363332382C2254656D70447370223A302C22537461747573223A302C2243616C69625374617465223A312C22536967416D70496E76616C6964223A307D7D4592
05-27 18:23:29.754   481   599 I mcuc    : start timer OK = 26068 
05-27 18:23:29.755   536   536 D commservice260303: bufferevent_write retrun value = 0
05-27 18:23:29.755   536   560 D commservice260303: client datas send succeed,send finish
05-27 18:23:29.756 13911 14192 D Sentinelmode_1.2.5.17_sentry: <SentryImuClusterFgeSender>imu_status sent to Linux, frame=215212, tsNs=9276999, tsMs=9, intervalMs=40, ad=(-0.0064334273,-0.0052912924,-0.17194843), gd=(-0.011759001,0.005192124,0.0022137526)
05-27 18:23:29.764   299 30841 D EvsDriver: forwardFrame
05-27 18:23:29.765   299 30841 D EvsDriver: Delivered 0xb400007b7ca56a60 as id 0
05-27 18:23:29.765  1167  1184 D evsmanagerd: /dev/video4 forwarded the buffer #0 to 0xb4000074bf5f6850 from 0xb4000074bf5f41d0
05-27 18:23:29.767   581   581 I SpiService: fgesysctrl_getGPIO_status success val=1
05-27 18:23:29.767   299 30844 D EvsDriver: forwardFrame
05-27 18:23:29.768   351   351 D DefaultVehicleHal: setProperty setValues start
05-27 18:23:29.769   351   351 D 2026-5-19:FakeVehicleHardware: setProperty FakeVehicleHardware  ID: 0x11500f31
05-27 18:23:29.769   351   351 D 2026-5-19:FakeVehicleHardware: setProperty id:0x11500f31,value:9277018
05-27 18:23:29.769   572   572 I Sensors : 230 AccelSensor: x:-0.172019,y:-0.001220,z:-9.978380
05-27 18:23:29.769   299 30844 D EvsDriver: Delivered 0xb400007b7ca56900 as id 0
05-27 18:23:29.769   351   351 D DefaultVehicleHal: setProperty setValues end
05-27 18:23:29.769   351   368 D 2026-5-19:FakeVehicleHardware: setProperty FakeVehicleHardware  setValue START
05-27 18:23:29.769  1167  1184 D evsmanagerd: /dev/video6 forwarded the buffer #0 to 0xb4000074bf5f5510 from 0xb4000074bf5f6d90
05-27 18:23:29.769   351   368 D 2026-5-19:FakeVehicleHardware: setProperty FakeVehicleHardware  setValue end
05-27 08:14:38.731   581   581 D spi_rst_gpio_get_output: GPIO 145 value: 1
05-27 08:14:38.731   581   581 D spidev_ioctl: gpio status=1)
05-27 18:23:29.771   299  1163 D EvsDriver: doneWithFrame
05-27 08:14:38.737   581   581 D spi_rst_gpio_get_output: GPIO 145 value: 1
05-27 08:14:38.737   581   581 D spidev_ioctl: gpio status=1)
05-27 18:23:29.772   581   581 I SpiService: fgesysctrl_getGPIO_status success val=1
05-27 18:23:29.772 13911 14183 I SentryImuMcuAngleSender: -179.97899rollDeg
05-27 18:23:29.773 13911 14183 I SentryImuMcuAngleSender: 1,0,0
05-27 18:23:29.775   299  1163 D EvsDriver: doneWithFrame
05-27 18:23:29.776   283   307 I rvcservice: t.code = 1, t.value = -172019
05-27 18:23:29.778   581   581 I SpiService: fgesysctrl_getGPIO_status success val=1
05-27 18:23:29.778  1008 30856 D [OMXB]  : usingANWBuffer: handle:0xee742530, format:1, w:1920, h:1080
05-27 08:14:38.743   581   581 D spi_rst_gpio_get_output: GPIO 145 value: 1
05-27 08:14:38.743   581   581 D spidev_ioctl: gpio status=1)
05-27 18:23:29.784   581   581 I SpiService: fgesysctrl_getGPIO_status success val=1
05-27 08:14:38.748   581   581 D spi_rst_gpio_get_output: GPIO 145 value: 1
05-27 08:14:38.748   581   581 D spidev_ioctl: gpio status=1)
05-27 18:23:29.789   581   581 I SpiService: fgesysctrl_getGPIO_status success val=0
05-27 08:14:38.754   581   581 D spi_rst_gpio_get_output: GPIO 145 value: 0
05-27 08:14:38.754   581   581 D spidev_ioctl: gpio status=0)
05-27 18:23:29.793 13911 14183 I SentryImuMcuAngleSender: 179.993rollDeg
05-27 18:23:29.793 13911 14183 I SentryImuMcuAngleSender: 1,0,0
05-27 18:23:29.794  1008 30857 D [OMXB]  : usingANWBuffer: handle:0xee742b60, format:1, w:1920, h:1080
05-27 18:23:29.795   536   536 D commservice260303: msg.id = 1028,0
05-27 18:23:29.795   536   536 D commservice260303: i = 170, msgid = 8A000404
05-27 18:23:29.795   536   536 D commservice260303: msgid = -1979710460,did=138
05-27 18:23:29.795   536   536 D commservice260303: CommProtocolLibCmdBaseI2C::dataproc {"command":{"id":"imu_status","sub":""},"content":{"TimeStamp":9,"FrameCounter":215213,"GD_X":-0.010537171736359596,"GD_Y":0.00519212381914258,"GD_Z":0.0019079053308814764,"AD_X":-0.0015562325716018677,"AD_Y":-4.0121551137417555E-4,"AD_Z":-0.17316913604736328,"TempDsp":0,"Status":0,"CalibState":1,"SigAmpInvalid":0}},-1979710460
05-27 18:23:29.795   536   536 D commservice260303: send2Cluster len:317, 7B22636F6D6D616E64223A7B226964223A22696D755F737461747573222C22737562223A22227D2C22636F6E74656E74223A7B2254696D655374616D70223A392C224672616D65436F756E746572223A3231353231332C2247445F58223A2D302E3031303533373137313733363335393539362C2247445F59223A302E30303531393231323338313931343235382C2247445F5A223A302E303031393037393035333330383831343736342C2241445F58223A2D302E303031353536323332353731363031383637372C2241445F59223A2D342E30313231353531313337343137353535452D342C2241445F5A223A2D302E31373331363931333630343733363332382C2254656D70447370223A302C22537461747573223A302C2243616C69625374617465223A312C22536967416D70496E76616C6964223A307D7D, 138 
05-27 18:23:29.795   536   536 D commservice260303: Push Message into SendPool fn=-2138701056
05-27 18:23:29.795   536   536 D commservice260303: ComProtocolLibSend2Cluster::send2ClusterRaw fn=-2138701056 , len=333
05-27 18:23:29.795   536   536 D commservice260303: sendCmdToPort :333!!!
05-27 18:23:29.796   536   536 D commservice260303: send Cmd To Port ++++5AA501498A01000386806A16C6217B22636F6D6D616E64223A7B226964223A22696D755F737461747573222C22737562223A22227D2C22636F6E74656E74223A7B2254696D655374616D70223A392C224672616D65436F756E746572223A3231353231332C2247445F58223A2D302E3031303533373137313733363335393539362C2247445F59223A302E30303531393231323338313931343235382C2247445F5A223A302E303031393037393035333330383831343736342C2241445F58223A2D302E303031353536323332353731363031383637372C2241445F59223A2D342E30313231353531313337343137353535452D342C2241445F5A223A2D302E31373331363931333630343733363332382C2254656D70447370223A302C22537461747573223A302C2243616C69625374617465223A312C22536967416D70496E76616C6964223A307D7DD367
05-27 18:23:29.796   536   536 D commservice260303: bufferevent_write retrun value = 0
05-27 18:23:29.796   536   560 D commservice260303: client datas send succeed,send finish
05-27 18:23:29.796 13911 14192 D Sentinelmode_1.2.5.17_sentry: <SentryImuClusterFgeSender>imu_status sent to Linux, frame=215213, tsNs=9277036, tsMs=9, intervalMs=41, ad=(-0.0015562326,-4.012155E-4,-0.17316914), gd=(-0.010537172,0.005192124,0.0019079053)
05-27 08:14:38.768   581   581 D spi_rst_gpio_get_output: GPIO 145 value: 1
05-27 08:14:38.768   581   581 D spidev_ioctl: gpio status=1)
05-27 18:23:29.800   299 30841 D EvsDriver: forwardFrame
05-27 18:23:29.800   299 30844 D EvsDriver: forwardFrame
05-27 18:23:29.800   481   598 I mcuc    : rev,n=1,6AA68265D40002090139
05-27 18:23:29.802   299 30844 D EvsDriver: Delivered 0xb400007b7ca56900 as id 0
05-27 18:23:29.802   481   598 I mcuc    : rev,n=2,6AA681BADF000A890079010409021234562E
05-27 18:23:29.803  1167  1167 D evsmanagerd: /dev/video4 forwarded the buffer #0 to 0xb4000074bf5f6850 from 0xb4000074bf5f41d0
05-27 18:23:29.803  1167  1184 D evsmanagerd: /dev/video6 forwarded the buffer #0 to 0xb4000074bf5f5510 from 0xb4000074bf5f6d90
05-27 18:23:29.803   299 30841 D EvsDriver: Delivered 0xb400007b7ca56a60 as id 0
05-27 18:23:29.803 30773 30773 E dvr_service_: [myNum:0] Received S**** loss
05-27 18:23:29.803  1121  1144 I tboxmids_ap: [2026-05-27 18:23:29.803] [MCU RX] src=MCU dst=ZMQ len=10 type=BINARY data=00 08 79 01 04 09 02 12 34 56 
05-27 18:23:29.803 30773 30782 E dvr_service_: [myNum:1] Received S**** loss
05-27 18:23:29.803   351   373 D automotive.vehicle@2.0-adayo-datacomm-mcu: MCUDatacomm sendMessageFromVehicle prop: 0x89, areaId: 0x0, status: 0x79, timestamp: 0x1
05-27 18:23:29.803   351   373 D automotive.vehicle@2.0-adayo-datacomm-mcu: MCUDatacomm 1sendMessageFromVehicle ---> type = 12 
05-27 18:23:29.804   581   581 I SpiService: fgesysctrl_getGPIO_status success val=1
05-27 18:23:29.804   299  1163 D EvsDriver: doneWithFrame
05-27 18:23:29.805   299  1153 D EvsDriver: doneWithFrame
05-27 18:23:29.805  1083  1083 I MyAppLog: [2026-05-27 18:23:29.804 I tboxap mcuCommTboxmidsRecvCb:97] [Mcu] [mcuCommTboxmidsRecvCb] recv from tboxmids, size:10
05-27 18:23:29.805  1083  1083 I MyAppLog: [2026-05-27 18:23:29.804 I tboxap mcuCommTboxmidsRecvCb:98] [Mcu] [tboxmids -> tboxap]: :00 08 79 01 04 09 02 12 34 56
05-27 18:23:29.805  1083  1083 I MyAppLog: [2026-05-27 18:23:29.804 I tboxap mcuPtlParseData:990] [Mcu] [Mcu  Parse]: (cmd):0902 (param):0902123456
05-27 18:23:29.805  1083  1083 W MyAppLog: [2026-05-27 18:23:29.804 W tboxap mcuParamDataRevPack:918] [Mcu] mcuParamDataRevPack start pack data!!!
05-27 18:23:29.805  1083  1083 W MyAppLog: [2026-05-27 18:23:29.804 W tboxap mcuHandlePowerReqInd:1739] [Mcu] [mcuHandlePowerReqInd] recv 0x0902 power req type:0x12
05-27 18:23:29.809   581   581 I SpiService: fgesysctrl_getGPIO_status success val=1
05-27 18:23:29.811  1008 30856 D [OMXB]  : usingANWBuffer: handle:0xee743240, format:1, w:1920, h:1080
05-27 08:14:38.774   581   581 D spi_rst_gpio_get_output: GPIO 145 value: 1
05-27 08:14:38.774   581   581 D spidev_ioctl: gpio status=1)
05-27 18:23:29.813 13911 14183 I SentryImuMcuAngleSender: 180.0rollDeg
05-27 18:23:29.813 13911 14183 I SentryImuMcuAngleSender: 1,0,0
05-27 18:23:29.814   581   581 I SpiService: fgesysctrl_getGPIO_status success val=1
05-27 08:14:38.779   581   581 D spi_rst_gpio_get_output: GPIO 145 value: 1
05-27 08:14:38.779   581   581 D spidev_ioctl: gpio status=1)
05-27 18:23:29.819   351   515 W automotive.vehicle@2.0-adayo-func-bcm: BCMFunc sendMessageFromClient_l sendMessage prop: 0x11500f31 not in table
05-27 18:23:29.820   581   581 I SpiService: fgesysctrl_getGPIO_status success val=1
05-27 08:14:38.784   581   581 D spi_rst_gpio_get_output: GPIO 145 value: 1
05-27 08:14:38.784   581   581 D spidev_ioctl: gpio status=1)
05-27 18:23:29.825   581   581 I SpiService: fgesysctrl_getGPIO_status success val=1
05-27 18:23:29.827   299 30841 D EvsDriver: forwardFrame
05-27 08:14:38.790   581   581 D spi_rst_gpio_get_output: GPIO 145 value: 1
05-27 08:14:38.790   581   581 D spidev_ioctl: gpio status=1)
05-27 18:23:29.829   299 30841 D EvsDriver: Delivered 0xb400007b7ca56a60 as id 0
05-27 18:23:29.830  1167  1184 D evsmanagerd: /dev/video4 forwarded the buffer #0 to 0xb4000074bf5f6850 from 0xb4000074bf5f41d0
05-27 18:23:29.830   299 30844 D EvsDriver: forwardFrame
05-27 18:23:29.831   581   581 I SpiService: fgesysctrl_getGPIO_status success val=0
05-27 18:23:29.832   299 30844 D EvsDriver: Delivered 0xb400007b7ca56900 as id 0
05-27 18:23:29.832   481   597 I mcuc    : send SPI:6AA602BADF00028900DA
05-27 18:23:29.832  1167  1184 D evsmanagerd: /dev/video6 forwarded the buffer #0 to 0xb4000074bf5f5510 from 0xb4000074bf5f6d90
05-27 18:23:29.834 13911 14183 I SentryImuMcuAngleSender: 180.0rollDeg
05-27 18:23:29.834 13911 14183 I SentryImuMcuAngleSender: 1,0,0
05-27 18:23:29.834   299  1163 D EvsDriver: doneWithFrame
05-27 18:23:29.834   536   536 D commservice260303: msg.id = 1028,0
05-27 18:23:29.834   536   536 D commservice260303: i = 170, msgid = 8A000404
05-27 18:23:29.834   536   536 D commservice260303: msgid = -1979710460,did=138
05-27 18:23:29.835   536   536 D commservice260303: CommProtocolLibCmdBaseI2C::dataproc {"command":{"id":"imu_status","sub":""},"content":{"TimeStamp":9,"FrameCounter":215214,"GD_X":-0.011300750076770782,"GD_Y":0.004963258747011423,"GD_Z":0.0026720035821199417,"AD_X":-0.0015648603439331055,"AD_Y":-0.0016111840959638357,"AD_Z":-0.1682901382446289,"TempDsp":0,"Status":0,"CalibState":1,"SigAmpInvalid":0}},-1979710460
05-27 18:23:29.835   536   536 D commservice260303: send2Cluster len:317, 7B22636F6D6D616E64223A7B226964223A22696D755F737461747573222C22737562223A22227D2C22636F6E74656E74223A7B2254696D655374616D70223A392C224672616D65436F756E746572223A3231353231342C2247445F58223A2D302E3031313330303735303037363737303738322C2247445F59223A302E3030343936333235383734373031313432332C2247445F5A223A302E303032363732303033353832313139393431372C2241445F58223A2D302E303031353634383630333433393333313035352C2241445F59223A2D302E303031363131313834303935393633383335372C2241445F5A223A2D302E313638323930313338323434363238392C2254656D70447370223A302C22537461747573223A302C2243616C69625374617465223A312C22536967416D70496E76616C6964223A307D7D, 138 
05-27 18:23:29.835   536   536 D commservice260303: Push Message into SendPool fn=-2121923840
05-27 18:23:29.835   536   536 D commservice260303: ComProtocolLibSend2Cluster::send2ClusterRaw fn=-2121923840 , len=333
05-27 18:23:29.835   536   536 D commservice260303: sendCmdToPort :333!!!
05-27 18:23:29.835   536   536 D commservice260303: send Cmd To Port ++++5AA501498A01000386816A16C6217B22636F6D6D616E64223A7B226964223A22696D755F737461747573222C22737562223A22227D2C22636F6E74656E74223A7B2254696D655374616D70223A392C224672616D65436F756E746572223A3231353231342C2247445F58223A2D302E3031313330303735303037363737303738322C2247445F59223A302E3030343936333235383734373031313432332C2247445F5A223A302E303032363732303033353832313139393431372C2241445F58223A2D302E303031353634383630333433393333313035352C2241445F59223A2D302E303031363131313834303935393633383335372C2241445F5A223A2D302E313638323930313338323434363238392C2254656D70447370223A302C22537461747573223A302C2243616C69625374617465223A312C22536967416D70496E76616C6964223A307D7DE912
05-27 18:23:29.835   536   536 D commservice260303: bufferevent_write retrun value = 0
05-27 18:23:29.835   536   560 D commservice260303: client datas send succeed,send finish
05-27 18:23:29.835 13911 14192 D Sentinelmode_1.2.5.17_sentry: <SentryImuClusterFgeSender>imu_status sent to Linux, frame=215214, tsNs=9277071, tsMs=9, intervalMs=39, ad=(-0.0015648603,-0.0016111841,-0.16829014), gd=(-0.01130075,0.0049632587,0.0026720036)
05-27 18:23:29.835  1008 30857 D [OMXB]  : usingANWBuffer: handle:0xee741c40, format:1, w:1920, h:1080
05-27 08:14:38.796   581   581 D spi_rst_gpio_get_output: GPIO 145 value: 0
05-27 08:14:38.796   581   581 D spidev_ioctl: gpio status=0)
05-27 18:23:29.837   299  1153 D EvsDriver: doneWithFrame
05-27 18:23:29.846   581   581 I SpiService: fgesysctrl_getGPIO_status success val=1
05-27 08:14:38.811   581   581 D spi_rst_gpio_get_output: GPIO 145 value: 1
05-27 08:14:38.811   581   581 D spidev_ioctl: gpio status=1)
05-27 18:23:29.852   581   581 I SpiService: fgesysctrl_getGPIO_status success val=1
05-27 08:14:38.816   581   581 D spi_rst_gpio_get_output: GPIO 145 value: 1
05-27 08:14:38.816   581   581 D spidev_ioctl: gpio status=1)
05-27 18:23:29.854 13911 14183 I SentryImuMcuAngleSender: 179.99649rollDeg
05-27 18:23:29.854 13911 14183 I SentryImuMcuAngleSender: 1,0,0
05-27 18:23:29.856   572   622 I Sensors : 230 GyroSensor: x:-0.011453,y:0.005115,z:0.001908
05-27 18:23:29.857   581   581 I SpiService: fgesysctrl_getGPIO_status success val=1
05-27 18:23:29.858  1008 30856 D [OMXB]  : usingANWBuffer: handle:0xee744790, format:1, w:1920, h:1080
05-27 08:14:38.822   581   581 D spi_rst_gpio_get_output: GPIO 145 value: 1
05-27 08:14:38.822   581   581 D spidev_ioctl: gpio status=1)
05-27 08:14:38.828   581   581 D spi_rst_gpio_get_output: GPIO 145 value: 1
05-27 08:14:38.828   581   581 D spidev_ioctl: gpio status=1)
05-27 18:23:29.863   581   581 I SpiService: fgesysctrl_getGPIO_status success val=1
05-27 18:23:29.866   299 30844 D EvsDriver: forwardFrame
05-27 18:23:29.866   299 30841 D EvsDriver: forwardFrame
05-27 18:23:29.868   299 30844 D EvsDriver: Delivered 0xb400007b7ca56900 as id 0
05-27 08:14:38.833   581   581 D spi_rst_gpio_get_output: GPIO 145 value: 0
05-27 08:14:38.833   581   581 D spidev_ioctl: gpio status=0)
05-27 18:23:29.868   299 30841 D EvsDriver: Delivered 0xb400007b7ca56a60 as id 0
05-27 18:23:29.868  1167  1184 D evsmanagerd: /dev/video6 forwarded the buffer #0 to 0xb4000074bf5f5510 from 0xb4000074bf5f6d90
05-27 18:23:29.869  1167  1167 D evsmanagerd: /dev/video4 forwarded the buffer #0 to 0xb4000074bf5f6850 from 0xb4000074bf5f41d0
05-27 18:23:29.869   581   581 I SpiService: fgesysctrl_getGPIO_status success val=0
05-27 18:23:29.871   299  1153 D EvsDriver: doneWithFrame
05-27 18:23:29.871   299  1163 D EvsDriver: doneWithFrame
05-27 18:23:29.874  1008 30857 D [OMXB]  : usingANWBuffer: handle:0xee745fa0, format:1, w:1920, h:1080
05-27 18:23:29.875 13911 14183 I SentryImuMcuAngleSender: 179.99649rollDeg
05-27 18:23:29.875 13911 14183 I SentryImuMcuAngleSender: 1,0,0
05-27 18:23:29.876   283   307 I rvcservice: t.code = 3, t.value = 0
05-27 18:23:29.876   536   536 D commservice260303: msg.id = 1028,0
05-27 18:23:29.876   536   536 D commservice260303: i = 170, msgid = 8A000404
05-27 18:23:29.876   536   536 D commservice260303: msgid = -1979710460,did=138
05-27 18:23:29.876   536   536 D commservice260303: CommProtocolLibCmdBaseI2C::dataproc {"command":{"id":"imu_status","sub":""},"content":{"TimeStamp":9,"FrameCounter":215215,"GD_X":-0.011453153565526009,"GD_Y":0.0051151420921087265,"GD_Z":0.0019079053308814764,"AD_X":-0.0027846843004226685,"AD_Y":-9.9434913136065E-4,"AD_Z":-0.1670694351196289,"TempDsp":0,"Status":0,"CalibState":1,"SigAmpInvalid":0}},-1979710460
05-27 18:23:29.877   536   536 D commservice260303: send2Cluster len:315, 7B22636F6D6D616E64223A7B226964223A22696D755F737461747573222C22737562223A22227D2C22636F6E74656E74223A7B2254696D655374616D70223A392C224672616D65436F756E746572223A3231353231352C2247445F58223A2D302E3031313435333135333536353532363030392C2247445F59223A302E303035313135313432303932313038373236352C2247445F5A223A302E303031393037393035333330383831343736342C2241445F58223A2D302E303032373834363834333030343232363638352C2241445F59223A2D392E39343334393133313336303635452D342C2241445F5A223A2D302E313637303639343335313139363238392C2254656D70447370223A302C22537461747573223A302C2243616C69625374617465223A312C22536967416D70496E76616C6964223A307D7D, 138 
05-27 18:23:29.877   536   536 D commservice260303: Push Message into SendPool fn=-2105146624
05-27 18:23:29.877   536   536 D commservice260303: ComProtocolLibSend2Cluster::send2ClusterRaw fn=-2105146624 , len=331
05-27 18:23:29.877   536   536 D commservice260303: sendCmdToPort :331!!!
05-27 18:23:29.877   536   536 D commservice260303: send Cmd To Port ++++5AA501478A01000386826A16C6217B22636F6D6D616E64223A7B226964223A22696D755F737461747573222C22737562223A22227D2C22636F6E74656E74223A7B2254696D655374616D70223A392C224672616D65436F756E746572223A3231353231352C2247445F58223A2D302E3031313435333135333536353532363030392C2247445F59223A302E303035313135313432303932313038373236352C2247445F5A223A302E303031393037393035333330383831343736342C2241445F58223A2D302E303032373834363834333030343232363638352C2241445F59223A2D392E39343334393133313336303635452D342C2241445F5A223A2D302E313637303639343335313139363238392C2254656D70447370223A302C22537461747573223A302C2243616C69625374617465223A312C22536967416D70496E76616C6964223A307D7D15AE
05-27 18:23:29.877   536   536 D commservice260303: bufferevent_write retrun value = 0
05-27 18:23:29.877   536   560 D commservice260303: client datas send succeed,send finish
05-27 18:23:29.878 13911 14192 D Sentinelmode_1.2.5.17_sentry: <SentryImuClusterFgeSender>imu_status sent to Linux, frame=215215, tsNs=9277106, tsMs=9, intervalMs=42, ad=(-0.0027846843,-9.943491E-4,-0.16706944), gd=(-0.011453154,0.005115142,0.0019079053)
05-27 18:23:29.884   581   581 I SpiService: fgesysctrl_getGPIO_status success val=1
05-27 08:14:38.848   581   581 D spi_rst_gpio_get_output: GPIO 145 value: 1
05-27 08:14:38.848   581   581 D spidev_ioctl: gpio status=1)
05-27 18:23:29.889   581   581 I SpiService: fgesysctrl_getGPIO_status success val=1
05-27 08:14:38.854   581   581 D spi_rst_gpio_get_output: GPIO 145 value: 1
05-27 08:14:38.854   581   581 D spidev_ioctl: gpio status=1)
05-27 18:23:29.893  1008 30856 D [OMXB]  : usingANWBuffer: handle:0xee746310, format:1, w:1920, h:1080
05-27 18:23:29.893   299 30844 D EvsDriver: forwardFrame
05-27 18:23:29.895   581   581 I SpiService: fgesysctrl_getGPIO_status success val=1
05-27 18:23:29.895  1167  1167 D evsmanagerd: /dev/video6 forwarded the buffer #0 to 0xb4000074bf5f5510 from 0xb4000074bf5f6d90
05-27 18:23:29.895   299 30844 D EvsDriver: Delivered 0xb400007b7ca56900 as id 0
05-27 18:23:29.895   299 30841 D EvsDriver: forwardFrame
05-27 18:23:29.896 13911 14183 I SentryImuMcuAngleSender: 179.98248rollDeg
05-27 18:23:29.896 13911 14183 I SentryImuMcuAngleSender: 1,0,0
05-27 18:23:29.897  1167  1167 D evsmanagerd: /dev/video4 forwarded the buffer #0 to 0xb4000074bf5f6850 from 0xb4000074bf5f41d0
05-27 18:23:29.897   299 30841 D EvsDriver: Delivered 0xb400007b7ca56a60 as id 0
05-27 08:14:38.859   581   581 D spi_rst_gpio_get_output: GPIO 145 value: 1
05-27 08:14:38.859   581   581 D spidev_ioctl: gpio status=1)
05-27 08:14:38.865   581   581 D spi_rst_gpio_get_output: GPIO 145 value: 1
05-27 18:23:29.899   299  1163 D EvsDriver: doneWithFrame
05-27 18:23:29.899   299  1153 D EvsDriver: doneWithFrame
05-27 18:23:29.900   581   581 I SpiService: fgesysctrl_getGPIO_status success val=1
05-27 18:23:29.906   581   581 I SpiService: fgesysctrl_getGPIO_status success val=1
05-27 08:14:38.871   581   581 D spi_rst_gpio_get_output: GPIO 145 value: 1
05-27 08:14:38.871   581   581 D spidev_ioctl: gpio status=1)
05-27 18:23:29.912   581   581 I SpiService: fgesysctrl_getGPIO_status success val=0
05-27 08:14:38.877   581   581 D spi_rst_gpio_get_output: GPIO 145 value: 0
05-27 08:14:38.877   581   581 D spidev_ioctl: gpio status=0)
05-27 18:23:29.916   536   536 D commservice260303: msg.id = 1028,0
05-27 18:23:29.916   536   536 D commservice260303: i = 170, msgid = 8A000404
05-27 18:23:29.916   536   536 D commservice260303: msgid = -1979710460,did=138
05-27 18:23:29.916   536   536 D commservice260303: CommProtocolLibCmdBaseI2C::dataproc {"command":{"id":"imu_status","sub":""},"content":{"TimeStamp":9,"FrameCounter":215216,"GD_X":-0.011987865902483463,"GD_Y":0.004505007527768612,"GD_Z":0.0020608289632946253,"AD_X":-0.003995105624198914,"AD_Y":2.2111053112894297E-4,"AD_Z":-0.1682901382446289,"TempDsp":0,"Status":0,"CalibState":1,"SigAmpInvalid":0}},-1979710460
05-27 18:23:29.917 13911 14183 I SentryImuMcuAngleSender: 179.98949rollDeg
