05-27 18:23:29.096   299 30844 D EvsDriver: forwardFrame
05-27 18:23:29.097  5883  5898 D AnwSdkService: GetPowerStatus = POWER_OFF
05-27 18:23:29.097  5883  5898 D AnwSdkService: ANWBT_GetBTPowerStatus() POWER_OFF
05-27 18:23:29.098   299 30841 D EvsDriver: forwardFrame
05-27 18:23:29.098  5883  5898 D AnwSdkService: GetPowerStatus = POWER_OFF
05-27 18:23:29.098   299 30844 D EvsDriver: Delivered 0xb400007b7ca56900 as id 0
05-27 18:23:29.098  1167  1184 D evsmanagerd: /dev/video6 forwarded the buffer #0 to 0xb4000074bf5f5510 from 0xb4000074bf5f6d90
05-27 18:23:29.098 13435 13435 D BtManager: ANWBT_BTPowerOn
05-27 18:23:29.099 13435 13435 D BtManager: ANWBT_GetBTPowerStatus
05-27 18:23:29.099   581   581 I SpiService: fgesysctrl_getGPIO_status success val=1
05-27 18:23:29.099  5883  5898 D AnwSdkService: GetPowerStatus = POWER_OFF
05-27 18:23:29.099  5883  5898 D AnwSdkService: ANWBT_GetBTPowerStatus() POWER_OFF
05-27 18:23:29.099   299 30841 D EvsDriver: Delivered 0xb400007b7ca56a60 as id 0
05-27 18:23:29.099  5883  5898 D AnwSdkService: GetPowerStatus = POWER_OFF
05-27 18:23:29.099  1167  1184 D evsmanagerd: /dev/video4 forwarded the buffer #0 to 0xb4000074bf5f6850 from 0xb4000074bf5f41d0
05-27 18:23:29.100 13911 14131 D SVR_MNG_SvrMngProxy: getServer: mSvrManger is null
05-27 18:23:29.100 13911 14131 D SVR_MNG_SvrMngProxy: getNewStub: 
05-27 18:23:29.100 13911 14131 D SVR_MNG_SvrMngProxy: getNewStub: getSvrManagerService start
05-27 18:23:29.100  5883  5898 D AnwSdkService: anw-update,bt_java_data:20260516
05-27 18:23:29.100  5883  5898 D AnwSdkService: ANWBT_BTPowerOn()
05-27 08:14:38.064   581   581 D spi_rst_gpio_get_output: GPIO 145 value: 1
05-27 08:14:38.064   581   581 D spidev_ioctl: gpio status=1)
05-27 08:14:38.069   581   581 D spi_rst_gpio_get_output: GPIO 145 value: 1
05-27 08:14:38.069   581   581 D spidev_ioctl: gpio status=1)
05-27 18:23:29.101 13911 14131 D SVR_MNG_SvrMngProxy: getNewStub: getSvrManagerService end
05-27 18:23:29.101 13911 14131 D SVR_MNG_SvrMngProxy: getServer: svrMngService doesn't start
05-27 18:23:29.102   299  1163 D EvsDriver: doneWithFrame
05-27 18:23:29.103  5883  5898 D AnwSdkService: GetPowerStatus = POWER_OFF
05-27 18:23:29.103  5883  5898 D AnwSdkService: SetPowerStatus = POWER_ONING
05-27 18:23:29.105   581   581 I SpiService: fgesysctrl_getGPIO_status success val=1
05-27 18:23:29.106  1008 30857 D [OMXB]  : usingANWBuffer: handle:0xee746310, format:1, w:1920, h:1080
05-27 18:23:29.106   299  1163 D EvsDriver: doneWithFrame
05-27 18:23:29.107  5883  5906 I ANWJNI_SECOND: anw-update,bt_jni_data: 20260516
05-27 18:23:29.107  5883  5906 D ANWAPI_SECOND: (5883|0x298C9CB0)[BTAPI] SDK >>>>AnWBT_Snoop_Open
05-27 18:23:29.107  5883  5906 D ANWJNI_SECOND: (5883|0x298C9CB0)[BTAPP] PowOn_Thread
05-27 18:23:29.107  5883  5906 D ANWJNI_SECOND: 
05-27 18:23:29.109   536   536 D commservice260303: msg.id = 1028,0
05-27 18:23:29.109 13435 13435 I BtManager: ANWBT_BTPowerOn result = 0
05-27 18:23:29.109   536   536 D commservice260303: i = 170, msgid = 8A000404
05-27 18:23:29.109   536   536 D commservice260303: msgid = -1979710460,did=138
05-27 18:23:29.109 13435 13435 D BtManager: ret = 2
05-27 18:23:29.109   536   536 D commservice260303: CommProtocolLibCmdBaseI2C::dataproc {"command":{"id":"imu_status","sub":""},"content":{"TimeStamp":9,"FrameCounter":215196,"GD_X":-0.012063807807862759,"GD_Y":0.005039200186729431,"GD_Z":0.0026720035821199417,"AD_X":-0.0028982460498809814,"AD_Y":-4.877452738583088E-4,"AD_Z":-0.16706466674804688,"TempDsp":0,"Status":0,"CalibState":1,"SigAmpInvalid":0}},-1979710460
05-27 18:23:29.109   536   536 D commservice260303: send2Cluster len:317, 7B22636F6D6D616E64223A7B226964223A22696D755F737461747573222C22737562223A22227D2C22636F6E74656E74223A7B2254696D655374616D70223A392C224672616D65436F756E746572223A3231353139362C2247445F58223A2D302E3031323036333830373830373836323735392C2247445F59223A302E3030353033393230303138363732393433312C2247445F5A223A302E303032363732303033353832313139393431372C2241445F58223A2D302E303032383938323436303439383830393831342C2241445F59223A2D342E383737343532373338353833303838452D342C2241445F5A223A2D302E31363730363436363637343830343638382C2254656D70447370223A302C22537461747573223A302C2243616C69625374617465223A312C22536967416D70496E76616C6964223A307D7D, 138 
05-27 18:23:29.109   536   536 D commservice260303: Push Message into SendPool fn=1854276352
05-27 18:23:29.109   536   536 D commservice260303: ComProtocolLibSend2Cluster::send2ClusterRaw fn=1854276352 , len=333
05-27 08:14:38.075   581   581 D spi_rst_gpio_get_output: GPIO 145 value: 1
05-27 08:14:38.075   581   581 D spidev_ioctl: gpio status=1)
05-27 08:14:38.081   581   581 D spi_rst_gpio_get_output: GPIO 145 value: 1
05-27 08:14:38.081   581   581 D spidev_ioctl: gpio status=1)
05-27 18:23:29.109   536   536 D commservice260303: sendCmdToPort :333!!!
05-27 18:23:29.109   536   536 D commservice260303: send Cmd To Port ++++5AA501498A010003866E6A16C6217B22636F6D6D616E64223A7B226964223A22696D755F737461747573222C22737562223A22227D2C22636F6E74656E74223A7B2254696D655374616D70223A392C224672616D65436F756E746572223A3231353139362C2247445F58223A2D302E3031323036333830373830373836323735392C2247445F59223A302E3030353033393230303138363732393433312C2247445F5A223A302E303032363732303033353832313139393431372C2241445F58223A2D302E303032383938323436303439383830393831342C2241445F59223A2D342E383737343532373338353833303838452D342C2241445F5A223A2D302E31363730363436363637343830343638382C2254656D70447370223A302C22537461747573223A302C2243616C69625374617465223A312C22536967416D70496E76616C6964223A307D7DCC6B
05-27 18:23:29.109   536   536 D commservice260303: bufferevent_write retrun value = 0
05-27 18:23:29.109   536   560 D commservice260303: client datas send succeed,send finish
05-27 18:23:29.109 13911 14192 D Sentinelmode_1.2.5.17_sentry: <SentryImuClusterFgeSender>imu_status sent to Linux, frame=215196, tsNs=9276358, tsMs=9, intervalMs=37, ad=(-0.002898246,-4.8774527E-4,-0.16706467), gd=(-0.012063808,0.0050392,0.0026720036)
05-27 18:23:29.110   581   581 I SpiService: fgesysctrl_getGPIO_status success val=1
05-27 18:23:29.110  5883  5907 D ANWJNI_SECOND: (5883|0x297BFCB0)[BTAPP] BTPowerOn!!
05-27 18:23:29.111  5883  5907 D ANWJNI_SECOND: (5883|0x297BFCB0)[BTAPP] in thread_power_on_func,getpid()=5883, priority = 10
05-27 18:23:29.111  5883  5907 D ANWJNI_SECOND: 
05-27 18:23:29.111  5883  5907 D ANWJNI_SECOND: (5883|0x297BFCB0)[BTAPP] doPowerOn_Timeout_Thread_Create
05-27 18:23:29.111  5883  5907 D ANWJNI_SECOND: 
05-27 18:23:29.112  5883  5907 D ANWJNI_SECOND: (5883|0x297BFCB0)[BTAPP] AnWBT_SetInitialValue(hfphf:0)(hfpag:2)(pbap:0)(map:0)(a2dpsink:0)(a2dpsource:2)(avrcpct:0)(avrcttg:2)
05-27 18:23:29.112  5883  5907 D ANWJNI_SECOND: 
05-27 18:23:29.112 13911 14183 I SentryImuMcuAngleSender: [4, 18, 1, 0, 0],5
05-27 18:23:29.112 13911 14183 I McuCommManager: mcuCommSendcmd [4, 18, 1, 0, 0]
05-27 18:23:29.113 13911 14183 I SentryImuMcuAngleSender: true
05-27 18:23:29.113 13911 14183 W Sentinelmode_1.2.5.17_sentry: <SentryImuMcuAngleSender>MCU IMU send interval abnormal: 1002ms
05-27 18:23:29.116   581   581 I SpiService: fgesysctrl_getGPIO_status success val=1
05-27 18:23:29.116 13911 14183 I SentryImuMcuAngleSender: 179.99298rollDeg
05-27 18:23:29.116 13911 14183 I SentryImuMcuAngleSender: 1,0,0
05-27 18:23:29.117  5883  5908 D ANWJNI_SECOND: (5883|0x296C1CB0)[BTAPP] doPowerOn_Timeout_Thread
05-27 18:23:29.117  5883  5908 D ANWJNI_SECOND: 
05-27 18:23:29.117  5883  5907 D ANWAPI_SECOND: (5883|0x297BFCB0)[BTAPI] SDK >>>>AnWBT_SetInitialValue devclass: 0x3c020c
05-27 18:23:29.117  5883  5907 D ANWAPI_SECOND: (5883|0x297BFCB0)[BTAPI] AnWBT_SetInitialValue avrcp_tg_attribute=6
05-27 18:23:29.117  5883  5907 D ANWAPI_SECOND: (5883|0x297BFCB0)[BTAPI] SDK <<<<AnWBT_SetInitialValue 0x0
05-27 18:23:29.117  5883  5907 D ANWAPI_SECOND: (5883|0x297BFCB0)[BTAPI] SDK >>>>AnWBT_HFP_Enable_WBS 1
05-27 18:23:29.118  5883  5907 D ANWAPI_SECOND: (5883|0x297BFCB0)[BTAPI] SDK <<<<AnWBT_HFP_Enable_WBS 0
05-27 18:23:29.118  5883  5907 D ANW_WAVEOUT_SECOND: (5883|0x297BFCB0)[WAVEOUT] init Audio PCM Thread Mute(800)(101)
05-27 18:23:29.118  5883  5907 D ANW_WAVEOUT_SECOND: 
05-27 18:23:29.118  5883  5907 D ANWAPI_SECOND: (5883|0x297BFCB0)[BTAPI] anw-update,bt_sdk_data:20260516-not_supportLea
05-27 18:23:29.118  5883  5907 D ANWAPI_SECOND: (5883|0x297BFCB0)[BTAPI] SDK >>>>AnWBT_Init
05-27 18:23:29.118  5883  5907 D ANWAPI_SECOND: (5883|0x297BFCB0)[BTAPI] AnWBTSDK_Version=0x0300002a
05-27 18:23:29.118  5883  5907 D ANWAPI_SECOND: (5883|0x297BFCB0)[BTAPI] >>>>AnWBT_EEPROM_Read 
05-27 18:23:29.118  5883  5907 D ANWAPI_SECOND: (5883|0x297BFCB0)[BTAPI] B:Rpaired_storage[0]name[]addr[00:00:00:00:00:00]linkkey[00:00:00:00:00:00:00:00:00:00:00:00:00:00:00:00]
05-27 18:23:29.118  5883  5907 D ANWAPI_SECOND: (5883|0x297BFCB0)[BTAPI] B:Rpaired_storage[1]name[]addr[00:00:00:00:00:00]linkkey[00:00:00:00:00:00:00:00:00:00:00:00:00:00:00:00]
05-27 18:23:29.118  5883  5907 D ANWAPI_SECOND: (5883|0x297BFCB0)[BTAPI] B:Rpaired_storage[2]name[]addr[00:00:00:00:00:00]linkkey[00:00:00:00:00:00:00:00:00:00:00:00:00:00:00:00]
05-27 18:23:29.118  5883  5907 D ANWAPI_SECOND: (5883|0x297BFCB0)[BTAPI] B:Rpaired_storage[3]name[]addr[00:00:00:00:00:00]linkkey[00:00:00:00:00:00:00:00:00:00:00:00:00:00:00:00]
05-27 18:23:29.118  5883  5907 D ANWAPI_SECOND: (5883|0x297BFCB0)[BTAPI] B:Rpaired_storage[4]name[]addr[00:00:00:00:00:00]linkkey[00:00:00:00:00:00:00:00:00:00:00:00:00:00:00:00]
05-27 18:23:29.118  5883  5907 D ANWAPI_SECOND: (5883|0x297BFCB0)[BTAPI] B:Rpaired_storage[5]name[]addr[00:00:00:00:00:00]linkkey[00:00:00:00:00:00:00:00:00:00:00:00:00:00:00:00]
05-27 18:23:29.118  5883  5907 D ANWAPI_SECOND: (5883|0x297BFCB0)[BTAPI] B:Rpaired_storage[6]name[]addr[00:00:00:00:00:00]linkkey[00:00:00:00:00:00:00:00:00:00:00:00:00:00:00:00]
05-27 18:23:29.118  5883  5907 D ANWAPI_SECOND: (5883|0x297BFCB0)[BTAPI] B:Rpaired_storage[7]name[]addr[00:00:00:00:00:00]linkkey[00:00:00:00:00:00:00:00:00:00:00:00:00:00:00:00]
05-27 18:23:29.118  5883  5907 D ANWAPI_SECOND: (5883|0x297BFCB0)[BTAPI] B:Rpaired_storage[8]name[]addr[00:00:00:00:00:00]linkkey[00:00:00:00:00:00:00:00:00:00:00:00:00:00:00:00]
05-27 18:23:29.118  5883  5907 D ANWAPI_SECOND: (5883|0x297BFCB0)[BTAPI] B:Rpaired_storage[9]name[]addr[00:00:00:00:00:00]linkkey[00:00:00:00:00:00:00:00:00:00:00:00:00:00:00:00]
05-27 18:23:29.118  5883  5907 D ANWAPI_SECOND: (5883|0x297BFCB0)[BTAPI] B:Rpaired_storage[10]name[]addr[00:00:00:00:00:00]linkkey[00:00:00:00:00:00:00:00:00:00:00:00:00:00:00:00]
05-27 18:23:29.119  5883  5907 D ANW_AVRCP_SECOND: AnWBT_ReadStorage =/data/misc/anw//anwbt_storage.bin
05-27 18:23:29.119  5883  5907 D ANW_AVRCP_SECOND: AnWBT_ReadStorage open anwbt_bt_storage success
05-27 18:23:29.119  5883  5907 D ANW_AVRCP_SECOND: 
05-27 18:23:29.119  5883  5907 D ANW_AVRCP_SECOND: read storage size=6600
05-27 18:23:29.119  5883  5907 D ANW_AVRCP_SECOND: 
05-27 18:23:29.119  5883  5907 D ANWAPI_SECOND: (5883|0x297BFCB0)[BTAPI] A:Readpaired_storage[0]name[]cod[0]support[0]addr[00:00:00:00:00:00]linkkey[00:00:00:00:00:00:00:00:00:00:00:00:00:00:00:00]
05-27 18:23:29.119  5883  5907 D ANWAPI_SECOND: (5883|0x297BFCB0)[BTAPI] A:Readpaired_storage[1]name[]cod[0]support[0]addr[00:00:00:00:00:00]linkkey[00:00:00:00:00:00:00:00:00:00:00:00:00:00:00:00]
05-27 18:23:29.119  5883  5907 D ANWAPI_SECOND: (5883|0x297BFCB0)[BTAPI] A:Readpaired_storage[2]name[]cod[0]support[0]addr[00:00:00:00:00:00]linkkey[00:00:00:00:00:00:00:00:00:00:00:00:00:00:00:00]
05-27 18:23:29.119  5883  5907 D ANWAPI_SECOND: (5883|0x297BFCB0)[BTAPI] A:Readpaired_storage[3]name[]cod[0]support[0]addr[00:00:00:00:00:00]linkkey[00:00:00:00:00:00:00:00:00:00:00:00:00:00:00:00]
05-27 18:23:29.119  5883  5907 D ANWAPI_SECOND: (5883|0x297BFCB0)[BTAPI] A:Readpaired_storage[4]name[]cod[0]support[0]addr[00:00:00:00:00:00]linkkey[00:00:00:00:00:00:00:00:00:00:00:00:00:00:00:00]
05-27 18:23:29.119  5883  5907 D ANWAPI_SECOND: (5883|0x297BFCB0)[BTAPI] A:Readpaired_storage[5]name[]cod[0]support[0]addr[00:00:00:00:00:00]linkkey[00:00:00:00:00:00:00:00:00:00:00:00:00:00:00:00]
05-27 18:23:29.119  5883  5907 D ANWAPI_SECOND: (5883|0x297BFCB0)[BTAPI] A:Readpaired_storage[6]name[]cod[0]support[0]addr[00:00:00:00:00:00]linkkey[00:00:00:00:00:00:00:00:00:00:00:00:00:00:00:00]
05-27 18:23:29.119  5883  5907 D ANWAPI_SECOND: (5883|0x297BFCB0)[BTAPI] A:Readpaired_storage[7]name[]cod[0]support[0]addr[00:00:00:00:00:00]linkkey[00:00:00:00:00:00:00:00:00:00:00:00:00:00:00:00]
05-27 18:23:29.119  5883  5907 D ANWAPI_SECOND: (5883|0x297BFCB0)[BTAPI] A:Readpaired_storage[8]name[]cod[0]support[0]addr[00:00:00:00:00:00]linkkey[00:00:00:00:00:00:00:00:00:00:00:00:00:00:00:00]
05-27 18:23:29.119  5883  5907 D ANWAPI_SECOND: (5883|0x297BFCB0)[BTAPI] A:Readpaired_storage[9]name[]cod[0]support[0]addr[00:00:00:00:00:00]linkkey[00:00:00:00:00:00:00:00:00:00:00:00:00:00:00:00]
05-27 18:23:29.119  5883  5907 D ANWAPI_SECOND: (5883|0x297BFCB0)[BTAPI] A:Readpaired_storage[10]name[]cod[0]support[0]addr[00:00:00:00:00:00]linkkey[00:00:00:00:00:00:00:00:00:00:00:00:00:00:00:00]
05-27 18:23:29.119  5883  5907 D ANWAPI_SECOND: (5883|0x297BFCB0)[BTAPI] <<<<AnWBT_EEPROM_Read ret = 0
05-27 18:23:29.119  5883  5907 D ANWAPI_SECOND: (5883|0x297BFCB0)[BTAPI] local_name_set=0
05-27 18:23:29.120  5883  5907 D ANWAPI_SECOND: (5883|0x297BFCB0)[BTAPI] [Paired DevInf] Storage Write
05-27 18:23:29.120  5883  5907 D ANW_AVRCP_SECOND: AnWBT_WriteStorage =/data/misc/anw//anwbt_storage.bin
05-27 18:23:29.120  5883  5907 D ANW_AVRCP_SECOND: AnWBT_WriteStorage open anwbt_bt_storage success
05-27 18:23:29.120  5883  5907 D ANW_AVRCP_SECOND: 
05-27 18:23:29.122   581   581 I SpiService: fgesysctrl_getGPIO_status success val=1
05-27 08:14:38.086   581   581 D spi_rst_gpio_get_output: GPIO 145 value: 1
05-27 08:14:38.086   581   581 D spidev_ioctl: gpio status=1)
05-27 18:23:29.125   299 30844 D EvsDriver: forwardFrame
05-27 18:23:29.125   299 30841 D EvsDriver: forwardFrame
05-27 18:23:29.127   299 30841 D EvsDriver: Delivered 0xb400007b7ca56a60 as id 0
05-27 18:23:29.127  1167  1184 D evsmanagerd: /dev/video4 forwarded the buffer #0 to 0xb4000074bf5f6850 from 0xb4000074bf5f41d0
05-27 18:23:29.127 30773 30773 E dvr_service_: [myNum:0] Received S**** loss
05-27 18:23:29.127   581   581 I SpiService: fgesysctrl_getGPIO_status success val=0
05-27 08:14:38.092   581   581 D spi_rst_gpio_get_output: GPIO 145 value: 0
05-27 08:14:38.092   581   581 D spidev_ioctl: gpio status=0)
05-27 18:23:29.127  1167  1184 D evsmanagerd: /dev/video6 forwarded the buffer #0 to 0xb4000074bf5f5510 from 0xb4000074bf5f6d90
05-27 18:23:29.127   299 30844 D EvsDriver: Delivered 0xb400007b7ca56900 as id 0
05-27 18:23:29.127   481   597 I mcuc    : send SPI:6AA60065D300050412010000AC
05-27 18:23:29.127 30773 30782 E dvr_service_: [myNum:1] Received S**** loss
05-27 18:23:29.127   299  1163 D EvsDriver: doneWithFrame
05-27 18:23:29.128   299  1163 D EvsDriver: doneWithFrame
05-27 18:23:29.128  1008 30856 D [OMXB]  : usingANWBuffer: handle:0xee744160, format:1, w:1920, h:1080
05-27 18:23:29.133  5883  5907 D ANW_AVRCP_SECOND: write storage size=6600
05-27 18:23:29.133  5883  5907 D ANW_AVRCP_SECOND: 
05-27 18:23:29.133  5883  5907 D ANWAPI_SECOND: (5883|0x297BFCB0)[BTAPI] >>>>AnWBT_EEPROM_Read 
05-27 18:23:29.133  5883  5907 D ANWAPI_SECOND: (5883|0x297BFCB0)[BTAPI] B:Rpaired_storage[0]name[]addr[00:00:00:00:00:00]linkkey[00:00:00:00:00:00:00:00:00:00:00:00:00:00:00:00]
05-27 18:23:29.133  5883  5907 D ANWAPI_SECOND: (5883|0x297BFCB0)[BTAPI] B:Rpaired_storage[1]name[]addr[00:00:00:00:00:00]linkkey[00:00:00:00:00:00:00:00:00:00:00:00:00:00:00:00]
05-27 18:23:29.133  5883  5907 D ANWAPI_SECOND: (5883|0x297BFCB0)[BTAPI] B:Rpaired_storage[2]name[]addr[00:00:00:00:00:00]linkkey[00:00:00:00:00:00:00:00:00:00:00:00:00:00:00:00]
05-27 18:23:29.133  5883  5907 D ANWAPI_SECOND: (5883|0x297BFCB0)[BTAPI] B:Rpaired_storage[3]name[]addr[00:00:00:00:00:00]linkkey[00:00:00:00:00:00:00:00:00:00:00:00:00:00:00:00]
05-27 18:23:29.133  5883  5907 D ANWAPI_SECOND: (5883|0x297BFCB0)[BTAPI] B:Rpaired_storage[4]name[]addr[00:00:00:00:00:00]linkkey[00:00:00:00:00:00:00:00:00:00:00:00:00:00:00:00]
05-27 18:23:29.133  5883  5907 D ANWAPI_SECOND: (5883|0x297BFCB0)[BTAPI] B:Rpaired_storage[5]name[]addr[00:00:00:00:00:00]linkkey[00:00:00:00:00:00:00:00:00:00:00:00:00:00:00:00]
05-27 18:23:29.133  5883  5907 D ANWAPI_SECOND: (5883|0x297BFCB0)[BTAPI] B:Rpaired_storage[6]name[]addr[00:00:00:00:00:00]linkkey[00:00:00:00:00:00:00:00:00:00:00:00:00:00:00:00]
05-27 18:23:29.133  5883  5907 D ANWAPI_SECOND: (5883|0x297BFCB0)[BTAPI] B:Rpaired_storage[7]name[]addr[00:00:00:00:00:00]linkkey[00:00:00:00:00:00:00:00:00:00:00:00:00:00:00:00]
05-27 18:23:29.133  5883  5907 D ANWAPI_SECOND: (5883|0x297BFCB0)[BTAPI] B:Rpaired_storage[8]name[]addr[00:00:00:00:00:00]linkkey[00:00:00:00:00:00:00:00:00:00:00:00:00:00:00:00]
05-27 18:23:29.133  5883  5907 D ANWAPI_SECOND: (5883|0x297BFCB0)[BTAPI] B:Rpaired_storage[9]name[]addr[00:00:00:00:00:00]linkkey[00:00:00:00:00:00:00:00:00:00:00:00:00:00:00:00]
05-27 18:23:29.134  5883  5907 D ANWAPI_SECOND: (5883|0x297BFCB0)[BTAPI] B:Rpaired_storage[10]name[]addr[00:00:00:00:00:00]linkkey[00:00:00:00:00:00:00:00:00:00:00:00:00:00:00:00]
05-27 18:23:29.134  5883  5907 D ANW_AVRCP_SECOND: AnWBT_ReadStorage =/data/misc/anw//anwbt_storage.bin
05-27 18:23:29.134  5883  5907 D ANW_AVRCP_SECOND: AnWBT_ReadStorage open anwbt_bt_storage success
05-27 18:23:29.134  5883  5907 D ANW_AVRCP_SECOND: 
05-27 18:23:29.134  5883  5907 D ANW_AVRCP_SECOND: read storage size=6600
05-27 18:23:29.134  5883  5907 D ANW_AVRCP_SECOND: 
05-27 18:23:29.134  5883  5907 D ANWAPI_SECOND: (5883|0x297BFCB0)[BTAPI] A:Readpaired_storage[0]name[]cod[0]support[0]addr[00:00:00:00:00:00]linkkey[00:00:00:00:00:00:00:00:00:00:00:00:00:00:00:00]
05-27 18:23:29.134  5883  5907 D ANWAPI_SECOND: (5883|0x297BFCB0)[BTAPI] A:Readpaired_storage[1]name[]cod[0]support[0]addr[00:00:00:00:00:00]linkkey[00:00:00:00:00:00:00:00:00:00:00:00:00:00:00:00]
05-27 18:23:29.134  5883  5907 D ANWAPI_SECOND: (5883|0x297BFCB0)[BTAPI] A:Readpaired_storage[2]name[]cod[0]support[0]addr[00:00:00:00:00:00]linkkey[00:00:00:00:00:00:00:00:00:00:00:00:00:00:00:00]
05-27 18:23:29.134  5883  5907 D ANWAPI_SECOND: (5883|0x297BFCB0)[BTAPI] A:Readpaired_storage[3]name[]cod[0]support[0]addr[00:00:00:00:00:00]linkkey[00:00:00:00:00:00:00:00:00:00:00:00:00:00:00:00]
05-27 18:23:29.134  5883  5907 D ANWAPI_SECOND: (5883|0x297BFCB0)[BTAPI] A:Readpaired_storage[4]name[]cod[0]support[0]addr[00:00:00:00:00:00]linkkey[00:00:00:00:00:00:00:00:00:00:00:00:00:00:00:00]
05-27 18:23:29.134  5883  5907 D ANWAPI_SECOND: (5883|0x297BFCB0)[BTAPI] A:Readpaired_storage[5]name[]cod[0]support[0]addr[00:00:00:00:00:00]linkkey[00:00:00:00:00:00:00:00:00:00:00:00:00:00:00:00]
05-27 18:23:29.134  5883  5907 D ANWAPI_SECOND: (5883|0x297BFCB0)[BTAPI] A:Readpaired_storage[6]name[]cod[0]support[0]addr[00:00:00:00:00:00]linkkey[00:00:00:00:00:00:00:00:00:00:00:00:00:00:00:00]
05-27 18:23:29.134  5883  5907 D ANWAPI_SECOND: (5883|0x297BFCB0)[BTAPI] A:Readpaired_storage[7]name[]cod[0]support[0]addr[00:00:00:00:00:00]linkkey[00:00:00:00:00:00:00:00:00:00:00:00:00:00:00:00]
05-27 18:23:29.134  5883  5907 D ANWAPI_SECOND: (5883|0x297BFCB0)[BTAPI] A:Readpaired_storage[8]name[]cod[0]support[0]addr[00:00:00:00:00:00]linkkey[00:00:00:00:00:00:00:00:00:00:00:00:00:00:00:00]
05-27 18:23:29.134  5883  5907 D ANWAPI_SECOND: (5883|0x297BFCB0)[BTAPI] A:Readpaired_storage[9]name[]cod[0]support[0]addr[00:00:00:00:00:00]linkkey[00:00:00:00:00:00:00:00:00:00:00:00:00:00:00:00]
05-27 18:23:29.134  5883  5907 D ANWAPI_SECOND: (5883|0x297BFCB0)[BTAPI] A:Readpaired_storage[10]name[]cod[0]support[0]addr[00:00:00:00:00:00]linkkey[00:00:00:00:00:00:00:00:00:00:00:00:00:00:00:00]
05-27 18:23:29.134  5883  5907 D ANWAPI_SECOND: (5883|0x297BFCB0)[BTAPI] <<<<AnWBT_EEPROM_Read ret = 0
05-27 18:23:29.134  5883  5907 D ANWAPI_SECOND: (5883|0x297BFCB0)[BTAPI] >>>>AnWBT_EEPROM_Read 
05-27 18:23:29.135  5883  5907 D ANWAPI_SECOND: (5883|0x297BFCB0)[BTAPI] B:Rle_paired_storage[0]addr[00:00:00:00:00:00]linkkey[00:00:00:00:00:00:00:00:00:00:00:00:00:00:00:00]
05-27 18:23:29.135  5883  5907 D ANWAPI_SECOND: (5883|0x297BFCB0)[BTAPI] B:Rle_paired_storage[1]addr[00:00:00:00:00:00]linkkey[00:00:00:00:00:00:00:00:00:00:00:00:00:00:00:00]
05-27 18:23:29.135  5883  5907 D ANWAPI_SECOND: (5883|0x297BFCB0)[BTAPI] B:Rle_paired_storage[2]addr[00:00:00:00:00:00]linkkey[00:00:00:00:00:00:00:00:00:00:00:00:00:00:00:00]
05-27 18:23:29.135  5883  5907 D ANWAPI_SECOND: (5883|0x297BFCB0)[BTAPI] B:Rle_paired_storage[3]addr[00:00:00:00:00:00]linkkey[00:00:00:00:00:00:00:00:00:00:00:00:00:00:00:00]
05-27 18:23:29.135  5883  5907 D ANWAPI_SECOND: (5883|0x297BFCB0)[BTAPI] B:Rle_paired_storage[4]addr[00:00:00:00:00:00]linkkey[00:00:00:00:00:00:00:00:00:00:00:00:00:00:00:00]
05-27 18:23:29.135  5883  5907 D ANWAPI_SECOND: (5883|0x297BFCB0)[BTAPI] B:Rle_paired_storage[5]addr[00:00:00:00:00:00]linkkey[00:00:00:00:00:00:00:00:00:00:00:00:00:00:00:00]
05-27 18:23:29.135  5883  5907 D ANWAPI_SECOND: (5883|0x297BFCB0)[BTAPI] B:Rle_paired_storage[6]addr[00:00:00:00:00:00]linkkey[00:00:00:00:00:00:00:00:00:00:00:00:00:00:00:00]
05-27 18:23:29.135  5883  5907 D ANW_AVRCP_SECOND: AnWBT_ReadStorage =/data/misc/anw//anwble_storage.bin
05-27 18:23:29.135  5883  5907 D ANW_AVRCP_SECOND: AnWBT_ReadStorage open anwbt_bt_storage success
05-27 18:23:29.135  5883  5907 D ANW_AVRCP_SECOND: 
05-27 18:23:29.135  5883  5907 D ANW_AVRCP_SECOND: read storage size=1336
05-27 18:23:29.135  5883  5907 D ANW_AVRCP_SECOND: 
05-27 18:23:29.135  5883  5907 D ANWAPI_SECOND: (5883|0x297BFCB0)[BTAPI] A:Rle_paired_storage[0]addr[00:00:00:00:00:00]linkkey[00:00:00:00:00:00:00:00:00:00:00:00:00:00:00:00]
05-27 18:23:29.135  5883  5907 D ANWAPI_SECOND: (5883|0x297BFCB0)[BTAPI] A:Rle_paired_storage[1]addr[00:00:00:00:00:00]linkkey[00:00:00:00:00:00:00:00:00:00:00:00:00:00:00:00]
05-27 18:23:29.135  5883  5907 D ANWAPI_SECOND: (5883|0x297BFCB0)[BTAPI] A:Rle_paired_storage[2]addr[00:00:00:00:00:00]linkkey[00:00:00:00:00:00:00:00:00:00:00:00:00:00:00:00]
05-27 18:23:29.135  5883  5907 D ANWAPI_SECOND: (5883|0x297BFCB0)[BTAPI] A:Rle_paired_storage[3]addr[00:00:00:00:00:00]linkkey[00:00:00:00:00:00:00:00:00:00:00:00:00:00:00:00]
05-27 18:23:29.135  5883  5907 D ANWAPI_SECOND: (5883|0x297BFCB0)[BTAPI] A:Rle_paired_storage[4]addr[00:00:00:00:00:00]linkkey[00:00:00:00:00:00:00:00:00:00:00:00:00:00:00:00]
05-27 18:23:29.135  5883  5907 D ANWAPI_SECOND: (5883|0x297BFCB0)[BTAPI] A:Rle_paired_storage[5]addr[00:00:00:00:00:00]linkkey[00:00:00:00:00:00:00:00:00:00:00:00:00:00:00:00]
05-27 18:23:29.135  5883  5907 D ANWAPI_SECOND: (5883|0x297BFCB0)[BTAPI] A:Rle_paired_storage[6]addr[00:00:00:00:00:00]linkkey[00:00:00:00:00:00:00:00:00:00:00:00:00:00:00:00]
05-27 18:23:29.135  5883  5907 D ANWAPI_SECOND: (5883|0x297BFCB0)[BTAPI] <<<<AnWBT_EEPROM_Read ret = 0
05-27 18:23:29.136  5883  5907 D ANWAPI_SECOND: (5883|0x297BFCB0)[BTAPI] btsdk_initial_param.flag=0x4000
05-27 18:23:29.136  5883  5907 D ANWAPI_SECOND: (5883|0x297BFCB0)[BTAPI] [Paired DevInf] Storage Write
05-27 18:23:29.136  5883  5907 D ANW_AVRCP_SECOND: AnWBT_WriteStorage =/data/misc/anw//anwbt_storage.bin
05-27 18:23:29.136  5883  5907 D ANW_AVRCP_SECOND: AnWBT_WriteStorage open anwbt_bt_storage success
05-27 18:23:29.136  5883  5907 D ANW_AVRCP_SECOND: 
05-27 18:23:29.136 13911 14183 I SentryImuMcuAngleSender: 179.99298rollDeg
05-27 18:23:29.136 13911 14183 I SentryImuMcuAngleSender: 1,0,0
05-27 18:23:29.138  5883  5907 D ANW_AVRCP_SECOND: write storage size=6600
05-27 18:23:29.138  5883  5907 D ANW_AVRCP_SECOND: 
05-27 18:23:29.138  5883  5907 D ANWAPI_SECOND: (5883|0x297BFCB0)[BTAPI] >>>>AnWBT_EEPROM_Read 
05-27 18:23:29.138  5883  5907 D ANWAPI_SECOND: (5883|0x297BFCB0)[BTAPI] B:Rpaired_storage[0]name[]addr[00:00:00:00:00:00]linkkey[00:00:00:00:00:00:00:00:00:00:00:00:00:00:00:00]
05-27 18:23:29.138  5883  5907 D ANWAPI_SECOND: (5883|0x297BFCB0)[BTAPI] B:Rpaired_storage[1]name[]addr[00:00:00:00:00:00]linkkey[00:00:00:00:00:00:00:00:00:00:00:00:00:00:00:00]
05-27 18:23:29.138  5883  5907 D ANWAPI_SECOND: (5883|0x297BFCB0)[BTAPI] B:Rpaired_storage[2]name[]addr[00:00:00:00:00:00]linkkey[00:00:00:00:00:00:00:00:00:00:00:00:00:00:00:00]
05-27 18:23:29.138  5883  5907 D ANWAPI_SECOND: (5883|0x297BFCB0)[BTAPI] B:Rpaired_storage[3]name[]addr[00:00:00:00:00:00]linkkey[00:00:00:00:00:00:00:00:00:00:00:00:00:00:00:00]
05-27 18:23:29.138  5883  5907 D ANWAPI_SECOND: (5883|0x297BFCB0)[BTAPI] B:Rpaired_storage[4]name[]addr[00:00:00:00:00:00]linkkey[00:00:00:00:00:00:00:00:00:00:00:00:00:00:00:00]
05-27 18:23:29.138  5883  5907 D ANWAPI_SECOND: (5883|0x297BFCB0)[BTAPI] B:Rpaired_storage[5]name[]addr[00:00:00:00:00:00]linkkey[00:00:00:00:00:00:00:00:00:00:00:00:00:00:00:00]
05-27 18:23:29.139  5883  5907 D ANWAPI_SECOND: (5883|0x297BFCB0)[BTAPI] B:Rpaired_storage[6]name[]addr[00:00:00:00:00:00]linkkey[00:00:00:00:00:00:00:00:00:00:00:00:00:00:00:00]
05-27 18:23:29.139  5883  5907 D ANWAPI_SECOND: (5883|0x297BFCB0)[BTAPI] B:Rpaired_storage[7]name[]addr[00:00:00:00:00:00]linkkey[00:00:00:00:00:00:00:00:00:00:00:00:00:00:00:00]
05-27 18:23:29.139  5883  5907 D ANWAPI_SECOND: (5883|0x297BFCB0)[BTAPI] B:Rpaired_storage[8]name[]addr[00:00:00:00:00:00]linkkey[00:00:00:00:00:00:00:00:00:00:00:00:00:00:00:00]
05-27 18:23:29.139  5883  5907 D ANWAPI_SECOND: (5883|0x297BFCB0)[BTAPI] B:Rpaired_storage[9]name[]addr[00:00:00:00:00:00]linkkey[00:00:00:00:00:00:00:00:00:00:00:00:00:00:00:00]
05-27 18:23:29.139  5883  5907 D ANWAPI_SECOND: (5883|0x297BFCB0)[BTAPI] B:Rpaired_storage[10]name[]addr[00:00:00:00:00:00]linkkey[00:00:00:00:00:00:00:00:00:00:00:00:00:00:00:00]
05-27 18:23:29.139  5883  5907 D ANW_AVRCP_SECOND: AnWBT_ReadStorage =/data/misc/anw//anwbt_storage.bin
05-27 18:23:29.139  5883  5907 D ANW_AVRCP_SECOND: AnWBT_ReadStorage open anwbt_bt_storage success
05-27 18:23:29.139  5883  5907 D ANW_AVRCP_SECOND: 
05-27 18:23:29.139  5883  5907 D ANW_AVRCP_SECOND: read storage size=6600
05-27 18:23:29.139  5883  5907 D ANW_AVRCP_SECOND: 
05-27 18:23:29.139  5883  5907 D ANWAPI_SECOND: (5883|0x297BFCB0)[BTAPI] A:Readpaired_storage[0]name[]cod[0]support[0]addr[00:00:00:00:00:00]linkkey[00:00:00:00:00:00:00:00:00:00:00:00:00:00:00:00]
05-27 18:23:29.139  5883  5907 D ANWAPI_SECOND: (5883|0x297BFCB0)[BTAPI] A:Readpaired_storage[1]name[]cod[0]support[0]addr[00:00:00:00:00:00]linkkey[00:00:00:00:00:00:00:00:00:00:00:00:00:00:00:00]
05-27 18:23:29.139  5883  5907 D ANWAPI_SECOND: (5883|0x297BFCB0)[BTAPI] A:Readpaired_storage[2]name[]cod[0]support[0]addr[00:00:00:00:00:00]linkkey[00:00:00:00:00:00:00:00:00:00:00:00:00:00:00:00]
05-27 18:23:29.139  5883  5907 D ANWAPI_SECOND: (5883|0x297BFCB0)[BTAPI] A:Readpaired_storage[3]name[]cod[0]support[0]addr[00:00:00:00:00:00]linkkey[00:00:00:00:00:00:00:00:00:00:00:00:00:00:00:00]
05-27 18:23:29.139  5883  5907 D ANWAPI_SECOND: (5883|0x297BFCB0)[BTAPI] A:Readpaired_storage[4]name[]cod[0]support[0]addr[00:00:00:00:00:00]linkkey[00:00:00:00:00:00:00:00:00:00:00:00:00:00:00:00]
05-27 18:23:29.139  5883  5907 D ANWAPI_SECOND: (5883|0x297BFCB0)[BTAPI] A:Readpaired_storage[5]name[]cod[0]support[0]addr[00:00:00:00:00:00]linkkey[00:00:00:00:00:00:00:00:00:00:00:00:00:00:00:00]
05-27 18:23:29.139  5883  5907 D ANWAPI_SECOND: (5883|0x297BFCB0)[BTAPI] A:Readpaired_storage[6]name[]cod[0]support[0]addr[00:00:00:00:00:00]linkkey[00:00:00:00:00:00:00:00:00:00:00:00:00:00:00:00]
05-27 18:23:29.139  5883  5907 D ANWAPI_SECOND: (5883|0x297BFCB0)[BTAPI] A:Readpaired_storage[7]name[]cod[0]support[0]addr[00:00:00:00:00:00]linkkey[00:00:00:00:00:00:00:00:00:00:00:00:00:00:00:00]
05-27 18:23:29.139  5883  5907 D ANWAPI_SECOND: (5883|0x297BFCB0)[BTAPI] A:Readpaired_storage[8]name[]cod[0]support[0]addr[00:00:00:00:00:00]linkkey[00:00:00:00:00:00:00:00:00:00:00:00:00:00:00:00]
05-27 18:23:29.140  5883  5907 D ANWAPI_SECOND: (5883|0x297BFCB0)[BTAPI] A:Readpaired_storage[9]name[]cod[0]support[0]addr[00:00:00:00:00:00]linkkey[00:00:00:00:00:00:00:00:00:00:00:00:00:00:00:00]
05-27 18:23:29.140  5883  5907 D ANWAPI_SECOND: (5883|0x297BFCB0)[BTAPI] A:Readpaired_storage[10]name[]cod[0]support[0]addr[00:00:00:00:00:00]linkkey[00:00:00:00:00:00:00:00:00:00:00:00:00:00:00:00]
05-27 18:23:29.140  5883  5907 D ANWAPI_SECOND: (5883|0x297BFCB0)[BTAPI] <<<<AnWBT_EEPROM_Read ret = 0
05-27 18:23:29.140  5883  5907 D ANWAPI_SECOND: (5883|0x297BFCB0)[BTAPI] build time = 11:28:38 sdk ver=0x 300002A
05-27 18:23:29.140  5883  5907 D ANWAPI_SECOND: (5883|0x297BFCB0)[BTAPI] creating init task
05-27 18:23:29.140  5883  5909 D ANWAPI_SECOND: (5883|0x295C3CB0)[BTAPI] Enter BTInit_Task stacd=1,693910704
05-27 18:23:29.140  5883  5909 D ANWAPI_SECOND: (5883|0x295C3CB0)[BTAPI] pthread_attr_init
05-27 18:23:29.140  5883  5909 D ANWAPI_SECOND: (5883|0x295C3CB0)[BTAPI] BTHost_Init: min priority 1, max priority 99
05-27 18:23:29.140  5883  5909 D ANWAPI_SECOND: (5883|0x295C3CB0)[BTAPI] Enter BTHost_Init
05-27 18:23:29.141  5883  5909 D ANWAPI_SECOND: (5883|0x295C3CB0)[BTAPI] BTHost_InitMessage
05-27 18:23:29.141  5883  5909 D ANWAPI_SECOND: (5883|0x295C3CB0)[BTAPI] btosal_msg_ff_initial
05-27 18:23:29.141  5883  5909 D ANW_WAVEOUT_SECOND: (5883|0x295C3CB0)[WAVEOUT] [AnWBT WAVE] A2dp_WaveOut_Init
05-27 18:23:29.141  5883  5909 D ANW_WAVEOUT_SECOND: 
05-27 18:23:29.141  5883  5909 D ANWAPI_SECOND: (5883|0x295C3CB0)[BTAPI] Check BTHost_Task status
05-27 18:23:29.141   581   581 I SpiService: fgesysctrl_getGPIO_status success val=1
05-27 18:23:29.142  5883  5911 D ANWAPI_SECOND: (5883|0x293C7CB0)[BTAPI] Enter BTHost_Task
05-27 18:23:29.142  5883  5911 D ANWAPI_SECOND: (5883|0x293C7CB0)[BTAPI] BTHost_Task setpriority(0)(-15)
05-27 18:23:29.144  1008 30857 D [OMXB]  : usingANWBuffer: handle:0xee744630, format:1, w:1920, h:1080
05-27 18:23:29.144 30773 30789 I dvr_service_: Camera 1: MediaOK:79654397, frames:1830, isKeyFrame:0,pts:9276120923
05-27 08:14:38.106   581   581 D spi_rst_gpio_get_output: GPIO 145 value: 1
05-27 08:14:38.106   581   581 D spidev_ioctl: gpio status=1)
05-27 18:23:29.147   581   581 I SpiService: fgesysctrl_getGPIO_status success val=1
05-27 08:14:38.112   581   581 D spi_rst_gpio_get_output: GPIO 145 value: 1
05-27 08:14:38.112   581   581 D spidev_ioctl: gpio status=1)
05-27 18:23:29.149   536   536 D commservice260303: msg.id = 1028,0
05-27 18:23:29.149   536   536 D commservice260303: i = 170, msgid = 8A000404
05-27 18:23:29.149   536   536 D commservice260303: msgid = -1979710460,did=138
05-27 18:23:29.149   536   536 D commservice260303: CommProtocolLibCmdBaseI2C::dataproc {"command":{"id":"imu_status","sub":""},"content":{"TimeStamp":9,"FrameCounter":215197,"GD_X":-0.01160607673227787,"GD_Y":0.004963258747011423,"GD_Z":0.0028249274473637342,"AD_X":-0.0028977543115615845,"AD_Y":-4.844194045290351E-4,"AD_Z":-0.16462421417236328,"TempDsp":0,"Status":0,"CalibState":1,"SigAmpInvalid":0}},-1979710460
05-27 18:23:29.149   536   536 D commservice260303: send2Cluster len:316, 7B22636F6D6D616E64223A7B226964223A22696D755F737461747573222C22737562223A22227D2C22636F6E74656E74223A7B2254696D655374616D70223A392C224672616D65436F756E746572223A3231353139372C2247445F58223A2D302E30313136303630373637333232373738372C2247445F59223A302E3030343936333235383734373031313432332C2247445F5A223A302E303032383234393237343437333633373334322C2241445F58223A2D302E303032383937373534333131353631353834352C2241445F59223A2D342E383434313934303435323930333531452D342C2241445F5A223A2D302E31363436323432313431373233363332382C2254656D70447370223A302C22537461747573223A302C2243616C69625374617465223A312C22536967416D70496E76616C6964223A307D7D, 138 
05-27 18:23:29.149   536   536 D commservice260303: Push Message into SendPool fn=1871053568
05-27 18:23:29.149   536   536 D commservice260303: ComProtocolLibSend2Cluster::send2ClusterRaw fn=1871053568 , len=332
05-27 18:23:29.149   536   536 D commservice260303: sendCmdToPort :332!!!
05-27 18:23:29.149   536   536 D commservice260303: send Cmd To Port ++++5AA501488A010003866F6A16C6217B22636F6D6D616E64223A7B226964223A22696D755F737461747573222C22737562223A22227D2C22636F6E74656E74223A7B2254696D655374616D70223A392C224672616D65436F756E746572223A3231353139372C2247445F58223A2D302E30313136303630373637333232373738372C2247445F59223A302E3030343936333235383734373031313432332C2247445F5A223A302E303032383234393237343437333633373334322C2241445F58223A2D302E303032383937373534333131353631353834352C2241445F59223A2D342E383434313934303435323930333531452D342C2241445F5A223A2D302E31363436323432313431373233363332382C2254656D70447370223A302C22537461747573223A302C2243616C69625374617465223A312C22536967416D70496E76616C6964223A307D7DCF08
05-27 18:23:29.150   536   536 D commservice260303: bufferevent_write retrun value = 0
05-27 18:23:29.150   536   560 D commservice260303: client datas send succeed,send finish
05-27 18:23:29.150 13911 14192 D Sentinelmode_1.2.5.17_sentry: <SentryImuClusterFgeSender>imu_status sent to Linux, frame=215197, tsNs=9276394, tsMs=9, intervalMs=41, ad=(-0.0028977543,-4.844194E-4,-0.16462421), gd=(-0.011606077,0.0049632587,0.0028249274)
05-27 18:23:29.152   581   581 I SpiService: fgesysctrl_getGPIO_status success val=1
05-27 08:14:38.117   581   581 D spi_rst_gpio_get_output: GPIO 145 value: 1
05-27 08:14:38.117   581   581 D spidev_ioctl: gpio status=1)
05-27 18:23:29.153  1008 30856 D [OMXB]  : usingANWBuffer: handle:0xee742cc0, format:1, w:1920, h:1080
05-27 18:23:29.154 30773 30789 I dvr_service_: Camera 0: MediaOK:79702852, frames:1820, isKeyFrame:0,pts:9276137997
05-27 18:23:29.156 13911 14183 I SentryImuMcuAngleSender: 179.99298rollDeg
05-27 18:23:29.156 13911 14183 I SentryImuMcuAngleSender: 1,0,0
05-27 18:23:29.158   581   581 I SpiService: fgesysctrl_getGPIO_status success val=1
05-27 18:23:29.159   299 30841 D EvsDriver: forwardFrame
05-27 18:23:29.159 30773 30787 I dvr_service_: [runShortMediaThread:298] cameraId:0 medias:300,audios:220,stateAudio:0,mShortState:0,warnEvent:0,state:1
05-27 18:23:29.160   299 30844 D EvsDriver: forwardFrame
05-27 08:14:38.122     1     1 I init    : starting service 'trace_resource'...
05-27 08:14:38.122   581   581 D spi_rst_gpio_get_output: GPIO 145 value: 1
05-27 08:14:38.122   581   581 D spidev_ioctl: gpio status=1)
05-27 18:23:29.163  1167  1167 D evsmanagerd: /dev/video4 forwarded the buffer #0 to 0xb4000074bf5f6850 from 0xb4000074bf5f41d0
05-27 18:23:29.163   581   581 I SpiService: fgesysctrl_getGPIO_status success val=1
05-27 18:23:29.163   299 30841 D EvsDriver: Delivered 0xb400007b7ca56a60 as id 0
05-27 08:14:38.128   581   581 D spi_rst_gpio_get_output: GPIO 145 value: 1
05-27 08:14:38.128   581   581 D spidev_ioctl: gpio status=1)
05-27 18:23:29.161  5912  5912 I auditd  : type=1400 audit(0.0:48166): avc: denied { execute_no_trans } for comm="init" path="/system/bin/sh" dev="dm-12" ino=8780651 scontext=u:r:init:s0 tcontext=u:object_r:shell_exec:s0 tclass=file permissive=1
05-27 08:14:38.134   581   581 D spi_rst_gpio_get_output: GPIO 145 value: 0
05-27 18:23:29.161  5912  5912 I init    : type=1400 audit(0.0:48166): avc: denied { execute_no_trans } for path="/system/bin/sh" dev="dm-12" ino=8780651 scontext=u:r:init:s0 tcontext=u:object_r:shell_exec:s0 tclass=file permissive=1
05-27 18:23:29.167  1167  1167 D evsmanagerd: /dev/video6 forwarded the buffer #0 to 0xb4000074bf5f5510 from 0xb4000074bf5f6d90
05-27 18:23:29.167   299 30844 D EvsDriver: Delivered 0xb400007b7ca56900 as id 0
05-27 18:23:29.167   299  1163 D EvsDriver: doneWithFrame
05-27 18:23:29.169   581   581 I SpiService: fgesysctrl_getGPIO_status success val=0
05-27 18:23:29.172   299  1163 D EvsDriver: doneWithFrame
05-27 18:23:29.175   283   307 I rvcservice: t.code = 1, t.value = -172019
05-27 18:23:29.177 30773 30773 I /system/bin/adayo_dvr_service: type=1400 audit(0.0:48167): avc: denied { call } for comm=4E444B204D65646961436F6465635F scontext=u:r:adayo_dvr_service:s0 tcontext=u:r:mediaswcodec:s0 tclass=binder permissive=1
05-27 08:14:38.149   581   581 D spi_rst_gpio_get_output: GPIO 145 value: 1
05-27 08:14:38.149   581   581 D spidev_ioctl: gpio status=1)
05-27 08:14:38.149     1     1 I init    : Service 'trace_resource' (pid 5912) exited with status 127
05-27 08:14:38.149     1     1 I init    : Sending signal 9 to service 'trace_resource' (pid 5912) process group...
05-27 08:14:38.150     1     1 I libprocessgroup: Successfully killed process cgroup uid 0 pid 5912 in 0ms
05-27 18:23:29.184   581   581 I SpiService: fgesysctrl_getGPIO_status success val=1
05-27 18:23:29.184  1008 30857 D [OMXB]  : usingANWBuffer: handle:0xee743710, format:1, w:1920, h:1080
05-27 18:23:29.190   536   536 D commservice260303: msg.id = 1028,1
05-27 18:23:29.190   581   581 I SpiService: fgesysctrl_getGPIO_status success val=1
05-27 18:23:29.190   536   536 D commservice260303: i = 170, msgid = 8A000404
05-27 18:23:29.190   536   536 D commservice260303: msgid = -1979710460,did=138
05-27 18:23:29.190   536   536 D commservice260303: CommProtocolLibCmdBaseI2C::dataproc {"command":{"id":"imu_status","sub":""},"content":{"TimeStamp":9,"FrameCounter":215198,"GD_X":-0.010994902811944485,"GD_Y":0.0056498548947274685,"GD_Z":0.0022902146447449923,"AD_X":-0.001685798168182373,"AD_Y":0.0019457049202173948,"AD_Z":-0.16462421417236328,"TempDsp":0,"Status":0,"CalibState":1,"SigAmpInvalid":0}},-1979710460
05-27 18:23:29.191   536   536 D commservice260303: send2Cluster len:317, 7B22636F6D6D616E64223A7B226964223A22696D755F737461747573222C22737562223A22227D2C22636F6E74656E74223A7B2254696D655374616D70223A392C224672616D65436F756E746572223A3231353139382C2247445F58223A2D302E3031303939343930323831313934343438352C2247445F59223A302E303035363439383534383934373237343638352C2247445F5A223A302E303032323930323134363434373434393932332C2241445F58223A2D302E3030313638353739383136383138323337332C2241445F59223A302E303031393435373034393230323137333934382C2241445F5A223A2D302E31363436323432313431373233363332382C2254656D70447370223A302C22537461747573223A302C2243616C69625374617465223A312C22536967416D70496E76616C6964223A307D7D, 138 
05-27 18:23:29.191   536   536 D commservice260303: Push Message into SendPool fn=1887830784
05-27 18:23:29.191   536   536 D commservice260303: ComProtocolLibSend2Cluster::send2ClusterRaw fn=1887830784 , len=333
05-27 18:23:29.191   536   536 D commservice260303: sendCmdToPort :333!!!
05-27 18:23:29.191   536   536 D commservice260303: send Cmd To Port ++++5AA501498A01000386706A16C6217B22636F6D6D616E64223A7B226964223A22696D755F737461747573222C22737562223A22227D2C22636F6E74656E74223A7B2254696D655374616D70223A392C224672616D65436F756E746572223A3231353139382C2247445F58223A2D302E3031303939343930323831313934343438352C2247445F59223A302E303035363439383534383934373237343638352C2247445F5A223A302E303032323930323134363434373434393932332C2241445F58223A2D302E3030313638353739383136383138323337332C2241445F59223A302E303031393435373034393230323137333934382C2241445F5A223A2D302E31363436323432313431373233363332382C2254656D70447370223A302C22537461747573223A302C2243616C69625374617465223A312C22536967416D70496E76616C6964223A307D7D9044
05-27 18:23:29.191   536   536 D commservice260303: bufferevent_write retrun value = 0
05-27 18:23:29.191   536   560 D commservice260303: client datas send succeed,send finish
05-27 18:23:29.191 13911 14192 D Sentinelmode_1.2.5.17_sentry: <SentryImuClusterFgeSender>imu_status sent to Linux, frame=215198, tsNs=9276430, tsMs=9, intervalMs=41, ad=(-0.0016857982,0.0019457049,-0.16462421), gd=(-0.010994903,0.005649855,0.0022902146)
05-27 18:23:29.192   299 30844 D EvsDriver: forwardFrame
05-27 18:23:29.192  1008 30856 D [OMXB]  : usingANWBuffer: handle:0xee742ed0, format:1, w:1920, h:1080
05-27 08:14:38.155   581   581 D spi_rst_gpio_get_output: GPIO 145 value: 1
05-27 08:14:38.155   581   581 D spidev_ioctl: gpio status=1)
05-27 18:23:29.193   299 30844 D EvsDriver: Delivered 0xb400007b7ca56900 as id 0
05-27 18:23:29.193  1167  1184 D evsmanagerd: /dev/video6 forwarded the buffer #0 to 0xb4000074bf5f5510 from 0xb4000074bf5f6d90
05-27 18:23:29.196   581   581 I SpiService: fgesysctrl_getGPIO_status success val=1
05-27 08:14:38.160   581   581 D spi_rst_gpio_get_output: GPIO 145 value: 1
05-27 08:14:38.160   581   581 D spidev_ioctl: gpio status=1)
05-27 18:23:29.196   299 30841 D EvsDriver: forwardFrame
05-27 18:23:29.198 13911 14183 I SentryImuMcuAngleSender: 179.97897rollDeg
05-27 18:23:29.198 13911 14183 I SentryImuMcuAngleSender: 1,0,0
05-27 18:23:29.198  1167  1184 D evsmanagerd: /dev/video4 forwarded the buffer #0 to 0xb4000074bf5f6850 from 0xb4000074bf5f41d0
05-27 18:23:29.198   299 30841 D EvsDriver: Delivered 0xb400007b7ca56a60 as id 0
05-27 18:23:29.198   299  1163 D EvsDriver: doneWithFrame
05-27 18:23:29.201   299  1163 D EvsDriver: doneWithFrame
05-27 18:23:29.201   581   581 I SpiService: fgesysctrl_getGPIO_status success val=1
05-27 08:14:38.166   581   581 D spi_rst_gpio_get_output: GPIO 145 value: 1
05-27 08:14:38.166   581   581 D spidev_ioctl: gpio status=1)
05-27 18:23:29.207   581   581 I SpiService: fgesysctrl_getGPIO_status success val=0
05-27 08:14:38.171   581   581 D spi_rst_gpio_get_output: GPIO 145 value: 0
05-27 08:14:38.171   581   581 D spidev_ioctl: gpio status=0)
05-27 18:23:29.210   586   613 D vendor.sprd.hardware.aprd-service: WCN Get CP2Ver failed
05-27 18:23:29.210   586   613 D vendor.sprd.hardware.aprd-service: WCNInfoThread::GetVer
05-27 18:23:29.210   536   536 W commservice260303: [FgeComService::getAQConnectStatus:378]
05-27 18:23:29.210   536   536 W commservice260303: [mcuCommFunctionTcp::getAQConnectStatus:406] 1
05-27 18:23:29.210   586   613 D vendor.sprd.hardware.aprd-service: WCNcmdReqRsp: waiting for server wcnd
05-27 18:23:29.210   536   536 W commservice260303: [FgeComService::getAQConnectStatus:380] status:1
05-27 18:23:29.211  2166  2197 D WCND    : wcnd got 12 from accept
05-27 18:23:29.211  2166  2197 D WCND    : Socket client fd = 5, max fd = 12
05-27 18:23:29.211  2166  2197 D WCND    : process_active_socket_client_fd: active client fd is 12
05-27 18:23:29.211  2166  2197 D WCND    : wcnd_runcommand : argv :  at+spatgetcp2info
05-27 18:23:29.211  2166  2197 E wcn_vendor: open(/sys/class/misc/wcn/devices/sw_ver) for read failed: No such file or directory (2)
05-27 18:23:29.211  2166  2197 D WCND    : Reply Socket : FAIL Unknown
05-27 18:23:29.211  2166  2197 D WCND    : Socket client fd = 5, max fd = 12
05-27 18:23:29.211   586   613 D vendor.sprd.hardware.aprd-service: WCNcmdReqRsp: get 13 bytes FAIL Unknown
05-27 18:23:29.211   586   613 D vendor.sprd.hardware.aprd-service: wcn AT+spatgetcp2info, ret=0, rsp:FAIL Unknown
05-27 18:23:29.211  2166  2197 D WCND    : process_active_socket_client_fd: active client fd is 12
05-27 18:23:29.211  2166  2197 D WCND    : Client socket fd : 12 closed
05-27 18:23:29.211  2166  2197 D WCND    : Socket client fd = 5, max fd = 11
05-27 18:23:29.211 12246 12246 E ivicomm_CommManager: getA2lConnectStatus aqConnectStatus:1
05-27 18:23:29.211 12246 12246 D ivicomm_ConnectStateManager: notifyState newState=1curState=1
05-27 18:23:29.217 13911 14183 I SentryImuMcuAngleSender: 180.0rollDeg
05-27 18:23:29.217 13911 14183 I SentryImuMcuAngleSender: 1,0,0
05-27 18:23:29.221   581   581 I SpiService: fgesysctrl_getGPIO_status success val=1
05-27 08:14:38.185   581   581 D spi_rst_gpio_get_output: GPIO 145 value: 1
05-27 08:14:38.185   581   581 D spidev_ioctl: gpio status=1)
05-27 18:23:29.222  1008 30857 D [OMXB]  : usingANWBuffer: handle:0xee743ea0, format:1, w:1920, h:1080
05-27 18:23:29.227   581   581 I SpiService: fgesysctrl_getGPIO_status success val=1
05-27 08:14:38.192   581   581 D spi_rst_gpio_get_output: GPIO 145 value: 1
05-27 08:14:38.192   581   581 D spidev_ioctl: gpio status=1)
05-27 18:23:29.229   536   536 D commservice260303: msg.id = 1028,0
05-27 18:23:29.229   536   536 D commservice260303: i = 170, msgid = 8A000404
05-27 18:23:29.230   536   536 D commservice260303: msgid = -1979710460,did=138
05-27 18:23:29.230   536   536 D commservice260303: CommProtocolLibCmdBaseI2C::dataproc {"command":{"id":"imu_status","sub":""},"content":{"TimeStamp":9,"FrameCounter":215199,"GD_X":-0.011682018637657166,"GD_Y":0.005420989356935024,"GD_Z":0.0020608289632946253,"AD_X":-0.0010819882154464722,"AD_Y":-0.0017061511753126979,"AD_Z":-0.16828536987304688,"TempDsp":0,"Status":0,"CalibState":1,"SigAmpInvalid":0}},-1979710460
05-27 18:23:29.230   536   536 D commservice260303: send2Cluster len:318, 7B22636F6D6D616E64223A7B226964223A22696D755F737461747573222C22737562223A22227D2C22636F6E74656E74223A7B2254696D655374616D70223A392C224672616D65436F756E746572223A3231353139392C2247445F58223A2D302E3031313638323031383633373635373136362C2247445F59223A302E3030353432303938393335363933353032342C2247445F5A223A302E303032303630383238393633323934363235332C2241445F58223A2D302E303031303831393838323135343436343732322C2241445F59223A2D302E303031373036313531313735333132363937392C2241445F5A223A2D302E31363832383533363938373330343638382C2254656D70447370223A302C22537461747573223A302C2243616C69625374617465223A312C22536967416D70496E76616C6964223A307D7D, 138 
05-27 18:23:29.230   536   536 D commservice260303: Push Message into SendPool fn=1904608000
05-27 18:23:29.230   536   536 D commservice260303: ComProtocolLibSend2Cluster::send2ClusterRaw fn=1904608000 , len=334
05-27 18:23:29.230   536   536 D commservice260303: sendCmdToPort :334!!!
05-27 18:23:29.230   536   536 D commservice260303: send Cmd To Port ++++5AA5014A8A01000386716A16C6217B22636F6D6D616E64223A7B226964223A22696D755F737461747573222C22737562223A22227D2C22636F6E74656E74223A7B2254696D655374616D70223A392C224672616D65436F756E746572223A3231353139392C2247445F58223A2D302E3031313638323031383633373635373136362C2247445F59223A302E3030353432303938393335363933353032342C2247445F5A223A302E303032303630383238393633323934363235332C2241445F58223A2D302E303031303831393838323135343436343732322C2241445F59223A2D302E303031373036313531313735333132363937392C2241445F5A223A2D302E31363832383533363938373330343638382C2254656D70447370223A302C22537461747573223A302C2243616C69625374617465223A312C22536967416D70496E76616C6964223A307D7D0961
05-27 18:23:29.230   536   536 D commservice260303: bufferevent_write retrun value = 0
05-27 18:23:29.230   536   560 D commservice260303: client datas send succeed,send finish
05-27 18:23:29.230 13911 14192 D Sentinelmode_1.2.5.17_sentry: <SentryImuClusterFgeSender>imu_status sent to Linux, frame=215199, tsNs=9276465, tsMs=9, intervalMs=39, ad=(-0.0010819882,-0.0017061512,-0.16828537), gd=(-0.011682019,0.0054209894,0.002060829)
05-27 18:23:29.232   299 30841 D EvsDriver: forwardFrame
05-27 08:14:38.197   581   581 D spi_rst_gpio_get_output: GPIO 145 value: 1
05-27 08:14:38.197   581   581 D spidev_ioctl: gpio status=1)
05-27 18:23:29.233   581   581 I SpiService: fgesysctrl_getGPIO_status success val=1
05-27 18:23:29.233   299 30844 D EvsDriver: forwardFrame
05-27 18:23:29.233   299 30841 D EvsDriver: Delivered 0xb400007b7ca56a60 as id 0
05-27 18:23:29.233  1167  1184 D evsmanagerd: /dev/video4 forwarded the buffer #0 to 0xb4000074bf5f6850 from 0xb4000074bf5f41d0
05-27 18:23:29.234  1008 30856 D [OMXB]  : usingANWBuffer: handle:0xee7421c0, format:1, w:1920, h:1080
05-27 18:23:29.235  1167  1184 D evsmanagerd: /dev/video6 forwarded the buffer #0 to 0xb4000074bf5f5510 from 0xb4000074bf5f6d90
05-27 18:23:29.235   299 30844 D EvsDriver: Delivered 0xb400007b7ca56900 as id 0
05-27 18:23:29.237   299  1163 D EvsDriver: doneWithFrame
05-27 18:23:29.237   299  1153 D EvsDriver: doneWithFrame
05-27 18:23:29.237 13911 14183 I SentryImuMcuAngleSender: 179.98949rollDeg
05-27 18:23:29.237 13911 14183 I SentryImuMcuAngleSender: 1,0,0
05-27 18:23:29.238   581   581 I SpiService: fgesysctrl_getGPIO_status success val=1
05-27 18:23:29.233 30773 30773 I auditd  : type=1400 audit(0.0:48168): avc: denied { use } for comm="CameraHelper" path="anon_inode:sync_file" dev="anon_inodefs" ino=14081 scontext=u:r:mediacodec:s0 tcontext=u:r:adayo_dvr_service:s0 tclass=fd permissive=1
05-27 18:23:29.233 30773 30773 I CameraHelper: type=1400 audit(0.0:48168): avc: denied { use } for path="anon_inode:sync_file" dev="anon_inodefs" ino=14081 scontext=u:r:mediacodec:s0 tcontext=u:r:adayo_dvr_service:s0 tclass=fd permissive=1
05-27 08:14:38.203   581   581 D spi_rst_gpio_get_output: GPIO 145 value: 1
05-27 08:14:38.203   581   581 D spidev_ioctl: gpio status=1)
05-27 18:23:29.241  5883  5909 D ANWAPI_SECOND: (5883|0x295C3CB0)[BTAPI] set_bluetooth_power : open /sys/class/gpio/gpio142/value
05-27 18:23:29.242  5883  5909 D ANWAPI_SECOND: (5883|0x295C3CB0)[BTAPI] set_bluetooth_power : open(/sys/class/gpio/gpio142/value) for write failed,fd=-1
05-27 18:23:29.242  5883  5909 D ANWAPI_SECOND: (5883|0x295C3CB0)[BTAPI] open set_bluetooth_power : write(No such file or directory) failed,errno = 2
05-27 18:23:29.237  1044  1044 I auditd  : type=1400 audit(0.0:48169): avc: denied { use } for comm="oid.aac.encoder" path="/dmabuf:" dev="dmabuf" ino=776944 scontext=u:r:mediaswcodec:s0 tcontext=u:r:adayo_dvr_service:s0 tclass=fd permissive=1
05-27 18:23:29.237  1044  1044 I oid.aac.encoder: type=1400 audit(0.0:48169): avc: denied { use } for path="/dmabuf:" dev="dmabuf" ino=776944 scontext=u:r:mediaswcodec:s0 tcontext=u:r:adayo_dvr_service:s0 tclass=fd permissive=1
05-27 18:23:29.244   581   581 I SpiService: fgesysctrl_getGPIO_status success val=1
05-27 08:14:38.209   581   581 D spi_rst_gpio_get_output: GPIO 145 value: 1
05-27 08:14:38.209   581   581 D spidev_ioctl: gpio status=1)
05-27 18:23:29.250   581   581 I SpiService: fgesysctrl_getGPIO_status success val=0
05-27 08:14:38.214   581   581 D spi_rst_gpio_get_output: GPIO 145 value: 0
05-27 08:14:38.214   581   581 D spidev_ioctl: gpio status=0)
05-27 18:23:29.257 13911 14183 I SentryImuMcuAngleSender: 179.97899rollDeg
