05-27 18:23:24.904   351   516 D automotive.vehicle@2.0-adayo-func-bcm: BCMFunc sendMessageFromVehicle_l id:557842603, area:0 not report! 
05-27 18:23:24.904   351   516 D automotive.vehicle@2.0-adayo-func-bcm: BCMFunc sendMessageFromVehicle_l dataType: 12,mByte=30,propid=0x214000ac
05-27 18:23:24.904   351   516 D automotive.vehicle@2.0-adayo-func-bcm: BCMFunc sendMessageFromVehicle_l msgBuff[30]=0x1,start:0,len:8,temp:8,
05-27 18:23:24.904   351   516 D automotive.vehicle@2.0-adayo-func-bcm: BCMFunc sendMessageFromVehicle_l prop: 0x214000ac ,areaId: 0x0  SPLITE_BIT_DATA_INTEGER : 1
05-27 18:23:24.904   351   516 D automotive.vehicle@2.0-adayo-func-bcm: BCMFunc sendMessageFromVehicle_l id:557842604, area:0 not report! 
05-27 18:23:24.904   351   516 D automotive.vehicle@2.0-adayo-func-bcm: BCMFunc sendMessageFromVehicle_l dataType: 12,mByte=31,propid=0x214000ad
05-27 18:23:24.904   351   516 D automotive.vehicle@2.0-adayo-func-bcm: BCMFunc sendMessageFromVehicle_l msgBuff[31]=0x1,start:0,len:8,temp:8,
05-27 18:23:24.904   351   516 D automotive.vehicle@2.0-adayo-func-bcm: BCMFunc sendMessageFromVehicle_l prop: 0x214000ad ,areaId: 0x0  SPLITE_BIT_DATA_INTEGER : 1
05-27 18:23:24.904   351   516 D automotive.vehicle@2.0-adayo-func-bcm: BCMFunc sendMessageFromVehicle_l id:557842605, area:0 not report! 
05-27 18:23:24.904   351   516 D automotive.vehicle@2.0-adayo-func-bcm: BCMFunc sendMessageFromVehicle_l dataType: 12,mByte=32,propid=0x214000ae
05-27 18:23:24.904   351   516 D automotive.vehicle@2.0-adayo-func-bcm: BCMFunc sendMessageFromVehicle_l msgBuff[32]=0x1,start:0,len:8,temp:8,
05-27 18:23:24.904   351   516 D automotive.vehicle@2.0-adayo-func-bcm: BCMFunc sendMessageFromVehicle_l prop: 0x214000ae ,areaId: 0x0  SPLITE_BIT_DATA_INTEGER : 1
05-27 18:23:24.904   351   516 D automotive.vehicle@2.0-adayo-func-bcm: BCMFunc sendMessageFromVehicle_l id:557842606, area:0 not report! 
05-27 18:23:24.904   351   516 D automotive.vehicle@2.0-adayo-func-bcm: BCMFunc sendMessageFromVehicle_l dataType: 12,mByte=33,propid=0x2140007a
05-27 18:23:24.904   351   516 D automotive.vehicle@2.0-adayo-func-bcm: BCMFunc sendMessageFromVehicle_l msgBuff[33]=0x1,start:0,len:8,temp:8,
05-27 18:23:24.904   351   516 D automotive.vehicle@2.0-adayo-func-bcm: BCMFunc sendMessageFromVehicle_l prop: 0x2140007a ,areaId: 0x0  SPLITE_BIT_DATA_INTEGER : 1
05-27 18:23:24.904   351   516 D automotive.vehicle@2.0-adayo-func-bcm: BCMFunc sendMessageFromVehicle_l id:557842554, area:0 not report! 
05-27 18:23:24.904   351   516 D automotive.vehicle@2.0-adayo-func-bcm: BCMFunc sendMessageFromVehicle_l dataType: 12,mByte=34,propid=0x214000af
05-27 18:23:24.904   351   516 D automotive.vehicle@2.0-adayo-func-bcm: BCMFunc sendMessageFromVehicle_l msgBuff[34]=0x1,start:0,len:8,temp:8,
05-27 18:23:24.904   351   516 D automotive.vehicle@2.0-adayo-func-bcm: BCMFunc sendMessageFromVehicle_l prop: 0x214000af ,areaId: 0x0  SPLITE_BIT_DATA_INTEGER : 1
05-27 18:23:24.904   351   516 D automotive.vehicle@2.0-adayo-func-bcm: BCMFunc sendMessageFromVehicle_l id:557842607, area:0 not report! 
05-27 18:23:24.904   351   516 D automotive.vehicle@2.0-adayo-func-bcm: BCMFunc sendMessageFromVehicle_l dataType: 12,mByte=35,propid=0x21400079
05-27 18:23:24.904   351   516 D automotive.vehicle@2.0-adayo-func-bcm: BCMFunc sendMessageFromVehicle_l msgBuff[35]=0x1,start:0,len:8,temp:8,
05-27 18:23:24.904   351   516 D automotive.vehicle@2.0-adayo-func-bcm: BCMFunc sendMessageFromVehicle_l prop: 0x21400079 ,areaId: 0x0  SPLITE_BIT_DATA_INTEGER : 1
05-27 18:23:24.904   351   516 D automotive.vehicle@2.0-adayo-func-bcm: BCMFunc sendMessageFromVehicle_l id:557842553, area:0 not report! 
05-27 18:23:24.904   581   581 I SpiService: fgesysctrl_getGPIO_status success val=1
05-27 18:23:24.904 30773 30786 I dvr_service_: CameraX 1  audioOK: 75606601,audios:1130
05-27 18:23:24.910   581   581 I SpiService: fgesysctrl_getGPIO_status success val=1
05-27 18:23:24.916   581   581 I SpiService: fgesysctrl_getGPIO_status success val=1
05-27 18:23:24.919  1008 30856 D [OMXB]  : usingANWBuffer: handle:0xee744000, format:1, w:1920, h:1080
05-27 18:23:24.921   581   581 I SpiService: fgesysctrl_getGPIO_status success val=1
05-27 18:23:24.923 13911 14183 I SentryImuMcuAngleSender: 179.98598rollDeg
05-27 18:23:24.923 13911 14183 I SentryImuMcuAngleSender: 1,0,0
05-27 18:23:24.923   536   536 D commservice260303: msg.id = 1028,1
05-27 18:23:24.923   536   536 D commservice260303: i = 170, msgid = 8A000404
05-27 18:23:24.923   536   536 D commservice260303: msgid = -1979710460,did=138
05-27 18:23:24.923   536   536 D commservice260303: CommProtocolLibCmdBaseI2C::dataproc {"command":{"id":"imu_status","sub":""},"content":{"TimeStamp":9,"FrameCounter":215093,"GD_X":-0.01160607673227787,"GD_Y":0.005573912989348173,"GD_Z":0.0022902146447449923,"AD_X":-0.004923954606056213,"AD_Y":3.745474386960268E-4,"AD_Z":-0.16706466674804688,"TempDsp":0,"Status":0,"CalibState":1,"SigAmpInvalid":0}},-1979710460
05-27 18:23:24.923   536   536 D commservice260303: send2Cluster len:314, 7B22636F6D6D616E64223A7B226964223A22696D755F737461747573222C22737562223A22227D2C22636F6E74656E74223A7B2254696D655374616D70223A392C224672616D65436F756E746572223A3231353039332C2247445F58223A2D302E30313136303630373637333232373738372C2247445F59223A302E3030353537333931323938393334383137332C2247445F5A223A302E303032323930323134363434373434393932332C2241445F58223A2D302E3030343932333935343630363035363231332C2241445F59223A332E373435343734333836393630323638452D342C2241445F5A223A2D302E31363730363436363637343830343638382C2254656D70447370223A302C22537461747573223A302C2243616C69625374617465223A312C22536967416D70496E76616C6964223A307D7D, 138 
05-27 18:23:24.923   536   536 D commservice260303: Push Message into SendPool fn=92668672
05-27 18:23:24.923   536   536 D commservice260303: ComProtocolLibSend2Cluster::send2ClusterRaw fn=92668672 , len=330
05-27 18:23:24.923   536   536 D commservice260303: sendCmdToPort :330!!!
05-27 18:23:24.923   536   536 D commservice260303: send Cmd To Port ++++5AA501468A01000386056A16C61C7B22636F6D6D616E64223A7B226964223A22696D755F737461747573222C22737562223A22227D2C22636F6E74656E74223A7B2254696D655374616D70223A392C224672616D65436F756E746572223A3231353039332C2247445F58223A2D302E30313136303630373637333232373738372C2247445F59223A302E3030353537333931323938393334383137332C2247445F5A223A302E303032323930323134363434373434393932332C2241445F58223A2D302E3030343932333935343630363035363231332C2241445F59223A332E373435343734333836393630323638452D342C2241445F5A223A2D302E31363730363436363637343830343638382C2254656D70447370223A302C22537461747573223A302C2243616C69625374617465223A312C22536967416D70496E76616C6964223A307D7DAF1E
05-27 18:23:24.923   536   536 D commservice260303: bufferevent_write retrun value = 0
05-27 18:23:24.923   536   560 D commservice260303: client datas send succeed,send finish
05-27 18:23:24.924 13911 14192 D Sentinelmode_1.2.5.17_sentry: <SentryImuClusterFgeSender>imu_status sent to Linux, frame=215093, tsNs=9272169, tsMs=9, intervalMs=39, ad=(-0.0049239546,3.7454744E-4,-0.16706467), gd=(-0.011606077,0.005573913,0.0022902146)
05-27 18:23:24.925  5806  5806 D CompatibilityChangeReporter: Compat change id reported: 171979766; UID 1000; state: ENABLED
05-27 18:23:24.926   299 30844 D EvsDriver: forwardFrame
05-27 18:23:24.927   581   581 I SpiService: fgesysctrl_getGPIO_status success val=0
05-27 18:23:24.927   481   597 I mcuc    : send SPI:6AA602BAC800028900F1
05-27 18:23:24.927   299 30841 D EvsDriver: forwardFrame
05-27 18:23:24.928   299 30844 D EvsDriver: Delivered 0xb400007b7ca56900 as id 0
05-27 18:23:24.928  1167  1184 D evsmanagerd: /dev/video6 forwarded the buffer #0 to 0xb4000074bf5f5510 from 0xb4000074bf5f6d90
05-27 18:23:24.929   299 30841 D EvsDriver: Delivered 0xb400007b7ca56a60 as id 0
05-27 18:23:24.929  1167  1184 D evsmanagerd: /dev/video4 forwarded the buffer #0 to 0xb4000074bf5f6850 from 0xb4000074bf5f41d0
05-27 18:23:24.933   299  1163 D EvsDriver: doneWithFrame
05-27 18:23:24.934   299  1163 D EvsDriver: doneWithFrame
05-27 18:23:24.942 13911 14183 I SentryImuMcuAngleSender: 179.98949rollDeg
05-27 18:23:24.942 13911 14183 I SentryImuMcuAngleSender: 1,0,0
05-27 18:23:24.943   581   581 I SpiService: fgesysctrl_getGPIO_status success val=1
05-27 18:23:24.945  5806  5806 D CompatibilityInfo: applyToConfigurationCompat inoutConfig.densityDpi= 160
05-27 18:23:24.946  1008 30857 D [OMXB]  : usingANWBuffer: handle:0xee7454a0, format:1, w:1920, h:1080
05-27 18:23:24.946 30773 30789 I dvr_service_: Camera 1: MediaOK:75458249, frames:1730, isKeyFrame:0,pts:9271924775
05-27 18:23:24.948   581   581 I SpiService: fgesysctrl_getGPIO_status success val=1
05-27 18:23:24.951 13911 13911 I Sentinelmode_1.2.5.17_sentry: <SentinelCarServiceManager>sensorType:291504647
05-27 18:23:24.954   581   581 I SpiService: fgesysctrl_getGPIO_status success val=1
05-27 18:23:24.954   572   622 I Sensors : 230 GyroSensor: x:-0.010995,y:0.005192,z:0.002138
05-27 18:23:24.959   581   581 I SpiService: fgesysctrl_getGPIO_status success val=1
05-27 18:23:24.961  1008 30856 D [OMXB]  : usingANWBuffer: handle:0xee740590, format:1, w:1920, h:1080
05-27 18:23:24.961   283   307 I rvcservice: t.code = 0, t.value = 0
05-27 18:23:24.962   299 30841 D EvsDriver: forwardFrame
05-27 18:23:24.964   299 30841 D EvsDriver: Delivered 0xb400007b7ca56a60 as id 0
05-27 18:23:24.965 13911 14183 I SentryImuMcuAngleSender: 179.986rollDeg
05-27 18:23:24.965 13911 14183 I SentryImuMcuAngleSender: 1,0,0
05-27 18:23:24.965  1167  1167 D evsmanagerd: /dev/video4 forwarded the buffer #0 to 0xb4000074bf5f6850 from 0xb4000074bf5f41d0
05-27 18:23:24.965 30773 30773 E dvr_service_: [myNum:0] Received S**** loss
05-27 18:23:24.966   581   581 I SpiService: fgesysctrl_getGPIO_status success val=0
05-27 18:23:24.966   299  1163 D EvsDriver: doneWithFrame
05-27 18:23:24.967   536   536 D commservice260303: msg.id = 1028,1
05-27 18:23:24.967   536   536 D commservice260303: i = 170, msgid = 8A000404
05-27 18:23:24.967   536   536 D commservice260303: msgid = -1979710460,did=138
05-27 18:23:24.967   536   536 D commservice260303: CommProtocolLibCmdBaseI2C::dataproc {"command":{"id":"imu_status","sub":""},"content":{"TimeStamp":9,"FrameCounter":215094,"GD_X":-0.010994902811944485,"GD_Y":0.00519212381914258,"GD_Z":0.0021378109231591225,"AD_X":-0.007937595248222351,"AD_Y":3.743264824151993E-4,"AD_Z":-0.16950416564941406,"TempDsp":0,"Status":0,"CalibState":1,"SigAmpInvalid":0}},-1979710460
05-27 18:23:24.967   536   536 D commservice260303: send2Cluster len:314, 7B22636F6D6D616E64223A7B226964223A22696D755F737461747573222C22737562223A22227D2C22636F6E74656E74223A7B2254696D655374616D70223A392C224672616D65436F756E746572223A3231353039342C2247445F58223A2D302E3031303939343930323831313934343438352C2247445F59223A302E30303531393231323338313931343235382C2247445F5A223A302E303032313337383130393233313539313232352C2241445F58223A2D302E3030373933373539353234383232323335312C2241445F59223A332E373433323634383234313531393933452D342C2241445F5A223A2D302E31363935303431363536343934313430362C2254656D70447370223A302C22537461747573223A302C2243616C69625374617465223A312C22536967416D70496E76616C6964223A307D7D, 138 
05-27 18:23:24.967   536   536 D commservice260303: Push Message into SendPool fn=109445888
05-27 18:23:24.967   536   536 D commservice260303: ComProtocolLibSend2Cluster::send2ClusterRaw fn=109445888 , len=330
05-27 18:23:24.967   536   536 D commservice260303: sendCmdToPort :330!!!
05-27 18:23:24.967   536   536 D commservice260303: send Cmd To Port ++++5AA501468A01000386066A16C61C7B22636F6D6D616E64223A7B226964223A22696D755F737461747573222C22737562223A22227D2C22636F6E74656E74223A7B2254696D655374616D70223A392C224672616D65436F756E746572223A3231353039342C2247445F58223A2D302E3031303939343930323831313934343438352C2247445F59223A302E30303531393231323338313931343235382C2247445F5A223A302E303032313337383130393233313539313232352C2241445F58223A2D302E3030373933373539353234383232323335312C2241445F59223A332E373433323634383234313531393933452D342C2241445F5A223A2D302E31363935303431363536343934313430362C2254656D70447370223A302C22537461747573223A302C2243616C69625374617465223A312C22536967416D70496E76616C6964223A307D7DA5A8
05-27 18:23:24.967   536   536 D commservice260303: bufferevent_write retrun value = 0
05-27 18:23:24.967 13911 14192 D Sentinelmode_1.2.5.17_sentry: <SentryImuClusterFgeSender>imu_status sent to Linux, frame=215094, tsNs=9272205, tsMs=9, intervalMs=44, ad=(-0.007937595,3.7432648E-4,-0.16950417), gd=(-0.010994903,0.005192124,0.002137811)
05-27 18:23:24.969   536   560 D commservice260303: client datas send succeed,send finish
05-27 18:23:24.971   299 30844 D EvsDriver: forwardFrame
05-27 18:23:24.974   299 30844 D EvsDriver: Delivered 0xb400007b7ca56900 as id 0
05-27 18:23:24.974  1167  1167 D evsmanagerd: /dev/video6 forwarded the buffer #0 to 0xb4000074bf5f5510 from 0xb4000074bf5f6d90
05-27 18:23:24.974 30773 30773 E dvr_service_: [myNum:1] Received S**** loss
05-27 18:23:24.975   299  1163 D EvsDriver: doneWithFrame
05-27 18:23:24.977  5806  5806 D adservices: Registering AdServices's TopicsManager.
05-27 18:23:24.980  5806  5806 D CompatibilityInfo: applyToConfigurationCompat inoutConfig.densityDpi= 160
05-27 18:23:24.980   581   581 I SpiService: fgesysctrl_getGPIO_status success val=1
05-27 18:23:24.983  1008 30857 D [OMXB]  : usingANWBuffer: handle:0xee743ea0, format:1, w:1920, h:1080
05-27 18:23:24.986   581   581 I SpiService: fgesysctrl_getGPIO_status success val=1
05-27 18:23:24.986 13911 14183 I SentryImuMcuAngleSender: 179.99649rollDeg
05-27 18:23:24.986 13911 14183 I SentryImuMcuAngleSender: 1,0,0
05-27 18:23:24.991 10188 16726 I DexManager: com.anwsdk.service loads from null-0 : 0 : /system/framework/javax.obex.jar
05-27 18:23:24.991 10188 16726 I DexManager: Could not find owning package for dex file: /system/framework/javax.obex.jar
05-27 18:23:24.992   581   581 I SpiService: fgesysctrl_getGPIO_status success val=1
05-27 18:23:24.994   299 30841 D EvsDriver: forwardFrame
05-27 18:23:24.995   299 30841 D EvsDriver: Delivered 0xb400007b7ca56a60 as id 0
05-27 18:23:24.995  1167  1167 D evsmanagerd: /dev/video4 forwarded the buffer #0 to 0xb4000074bf5f6850 from 0xb4000074bf5f41d0
05-27 18:23:24.997  1008 30856 D [OMXB]  : usingANWBuffer: handle:0xee7469f0, format:1, w:1920, h:1080
05-27 18:23:24.997   299  1163 D EvsDriver: doneWithFrame
05-27 18:23:24.997   581   581 I SpiService: fgesysctrl_getGPIO_status success val=1
05-27 18:23:24.998 30773 30789 I dvr_service_: Camera 0: MediaOK:75483678, frames:1720, isKeyFrame:0,pts:9271918823
05-27 18:23:25.000   299 30844 D EvsDriver: forwardFrame
05-27 18:23:25.002  1167  1167 D evsmanagerd: /dev/video6 forwarded the buffer #0 to 0xb4000074bf5f5510 from 0xb4000074bf5f6d90
05-27 18:23:25.002   299 30844 D EvsDriver: Delivered 0xb400007b7ca56900 as id 0
05-27 18:23:25.002  5806  5806 W .service:remote: ClassLoaderContext shared library size mismatch. Expected=0, found=1 (PCL[] | PCL[]{PCL[/system/framework/javax.obex.jar*2267184930]})
05-27 18:23:25.003   581   581 I SpiService: fgesysctrl_getGPIO_status success val=0
05-27 18:23:25.005   299  1163 D EvsDriver: doneWithFrame
05-27 18:23:25.007 13911 14183 I SentryImuMcuAngleSender: 180.0rollDeg
05-27 18:23:25.007 13911 14183 I SentryImuMcuAngleSender: 1,0,0
05-27 18:23:25.009   536   536 D commservice260303: msg.id = 1028,1
05-27 18:23:25.009   536   536 D commservice260303: i = 170, msgid = 8A000404
05-27 18:23:25.009   536   536 D commservice260303: msgid = -1979710460,did=138
05-27 18:23:25.009   536   536 D commservice260303: CommProtocolLibCmdBaseI2C::dataproc {"command":{"id":"imu_status","sub":""},"content":{"TimeStamp":9,"FrameCounter":215095,"GD_X":-0.011300750076770782,"GD_Y":0.0051151420921087265,"GD_Z":0.003283178433775902,"AD_X":-0.004261136054992676,"AD_Y":-0.002053927630186081,"AD_Z":-0.16584396362304688,"TempDsp":0,"Status":0,"CalibState":1,"SigAmpInvalid":0}},-1979710460
05-27 18:23:25.009   536   536 D commservice260303: send2Cluster len:316, 7B22636F6D6D616E64223A7B226964223A22696D755F737461747573222C22737562223A22227D2C22636F6E74656E74223A7B2254696D655374616D70223A392C224672616D65436F756E746572223A3231353039352C2247445F58223A2D302E3031313330303735303037363737303738322C2247445F59223A302E303035313135313432303932313038373236352C2247445F5A223A302E3030333238333137383433333737353930322C2241445F58223A2D302E3030343236313133363035343939323637362C2241445F59223A2D302E3030323035333932373633303138363038312C2241445F5A223A2D302E31363538343339363336323330343638382C2254656D70447370223A302C22537461747573223A302C2243616C69625374617465223A312C22536967416D70496E76616C6964223A307D7D, 138 
05-27 18:23:25.009   536   536 D commservice260303: Push Message into SendPool fn=126223104
05-27 18:23:25.009   536   536 D commservice260303: ComProtocolLibSend2Cluster::send2ClusterRaw fn=126223104 , len=332
05-27 18:23:25.010   536   536 D commservice260303: sendCmdToPort :332!!!
05-27 18:23:25.010   536   536 D commservice260303: send Cmd To Port ++++5AA501488A01000386076A16C61D7B22636F6D6D616E64223A7B226964223A22696D755F737461747573222C22737562223A22227D2C22636F6E74656E74223A7B2254696D655374616D70223A392C224672616D65436F756E746572223A3231353039352C2247445F58223A2D302E3031313330303735303037363737303738322C2247445F59223A302E303035313135313432303932313038373236352C2247445F5A223A302E3030333238333137383433333737353930322C2241445F58223A2D302E3030343236313133363035343939323637362C2241445F59223A2D302E3030323035333932373633303138363038312C2241445F5A223A2D302E31363538343339363336323330343638382C2254656D70447370223A302C22537461747573223A302C2243616C69625374617465223A312C22536967416D70496E76616C6964223A307D7DDD9F
05-27 18:23:25.010   536   536 D commservice260303: bufferevent_write retrun value = 0
05-27 18:23:25.010   536   560 D commservice260303: client datas send succeed,send finish
05-27 18:23:25.011 13911 14192 D Sentinelmode_1.2.5.17_sentry: <SentryImuClusterFgeSender>imu_status sent to Linux, frame=215095, tsNs=9272240, tsMs=9, intervalMs=44, ad=(-0.004261136,-0.0020539276,-0.16584396), gd=(-0.01130075,0.005115142,0.0032831784)
05-27 18:23:25.015 10188 16726 I DexManager: com.anwsdk.service loads from com.anwsdk.service-1 : 0 : /system/app/BluetoothExt/BluetoothExt.apk
05-27 18:23:25.019   581   581 I SpiService: fgesysctrl_getGPIO_status success val=1
05-27 18:23:25.021   481   598 I mcuc    : rev,n=1,6AA681BAC9000A89006F010409141234563C
05-27 18:23:25.021   351   373 D automotive.vehicle@2.0-adayo-datacomm-mcu: MCUDatacomm sendMessageFromVehicle prop: 0x89, areaId: 0x0, status: 0x6f, timestamp: 0x1
05-27 18:23:25.021  1121  1144 I tboxmids_ap: [2026-05-27 18:23:25.021] [MCU RX] src=MCU dst=ZMQ len=10 type=BINARY data=00 08 6F 01 04 09 14 12 34 56 
05-27 18:23:25.021   351   373 D automotive.vehicle@2.0-adayo-datacomm-mcu: MCUDatacomm 1sendMessageFromVehicle ---> type = 12 
05-27 18:23:25.021  1008 30857 D [OMXB]  : usingANWBuffer: handle:0xee745760, format:1, w:1920, h:1080
05-27 18:23:25.022   299 30841 D EvsDriver: forwardFrame
05-27 08:14:33.996   581   581 D spi_rst_gpio_get_output: GPIO 145 value: 1
05-27 08:14:33.996   581   581 D spidev_ioctl: gpio status=1)
05-27 18:23:25.024  1083  1083 I MyAppLog: [2026-05-27 18:23:25.022 I tboxap mcuCommTboxmidsRecvCb:97] [Mcu] [mcuCommTboxmidsRecvCb] recv from tboxmids, size:10
05-27 18:23:25.024  1083  1083 I MyAppLog: [2026-05-27 18:23:25.023 I tboxap mcuCommTboxmidsRecvCb:98] [Mcu] [tboxmids -> tboxap]: :00 08 6F 01 04 09 14 12 34 56
05-27 18:23:25.024  1083  1083 W MyAppLog: [2026-05-27 18:23:25.023 W tboxap mcuYadiFrameParse:852] [Mcu] [mcuYadiFrameParse] cmd:0914(MCU_SEC_BATT2_DYNAMIC_IND) payload too short:5 < 36
05-27 18:23:25.024  1083  1083 W MyAppLog: [2026-05-27 18:23:25.023 W tboxap mcuPtlParseData:982] [Mcu] [mcuPtlParseData] invalid yadi frame, len:10
05-27 18:23:25.025   581   581 I SpiService: fgesysctrl_getGPIO_status success val=1
05-27 18:23:25.026   299 30841 D EvsDriver: Delivered 0xb400007b7ca56a60 as id 0
05-27 18:23:25.026  1167  1167 D evsmanagerd: /dev/video4 forwarded the buffer #0 to 0xb4000074bf5f6850 from 0xb4000074bf5f41d0
05-27 18:23:25.028 13911 14183 I SentryImuMcuAngleSender: 179.99298rollDeg
05-27 18:23:25.028 13911 14183 I SentryImuMcuAngleSender: 1,0,0
05-27 18:23:25.029   299 30844 D EvsDriver: forwardFrame
05-27 18:23:25.029  5806  5806 D CompatibilityInfo: applyToConfigurationCompat inoutConfig.densityDpi= 160
05-27 18:23:25.032   581   581 I SpiService: fgesysctrl_getGPIO_status success val=1
05-27 18:23:25.033   299  1163 D EvsDriver: doneWithFrame
05-27 18:23:25.035   299 30844 D EvsDriver: Delivered 0xb400007b7ca56900 as id 0
05-27 18:23:25.035  1167  1167 D evsmanagerd: /dev/video6 forwarded the buffer #0 to 0xb4000074bf5f5510 from 0xb4000074bf5f6d90
05-27 18:23:25.038   581   581 I SpiService: fgesysctrl_getGPIO_status success val=1
05-27 18:23:25.038   299  1163 D EvsDriver: doneWithFrame
05-27 18:23:25.043  1008 30856 D [OMXB]  : usingANWBuffer: handle:0xee7433a0, format:1, w:1920, h:1080
05-27 18:23:25.043   581   581 I SpiService: fgesysctrl_getGPIO_status success val=0
05-27 18:23:25.044   481   597 I mcuc    : send SPI:6AA602BAC900028900F0
05-27 18:23:25.048   536   536 D commservice260303: msg.id = 1028,0
05-27 18:23:25.048  5806  5806 D libEGL  : <.service:remote>[setCacheFilename]: file=/data/user_de/0/com.anwsdk.service/code_cache/com.android.opengl.shaders_cache
05-27 18:23:25.048   536   536 D commservice260303: i = 170, msgid = 8A000404
05-27 18:23:25.048   536   536 D commservice260303: msgid = -1979710460,did=138
05-27 18:23:25.048   536   536 D commservice260303: CommProtocolLibCmdBaseI2C::dataproc {"command":{"id":"imu_status","sub":""},"content":{"TimeStamp":9,"FrameCounter":215096,"GD_X":-0.011453153565526009,"GD_Y":0.005420989356935024,"GD_Z":0.0022902146447449923,"AD_X":0.0018080472946166992,"AD_Y":3.883517347276211E-4,"AD_Z":-0.17194366455078125,"TempDsp":0,"Status":0,"CalibState":1,"SigAmpInvalid":0}},-1979710460
05-27 18:23:25.048   536   536 D commservice260303: send2Cluster len:315, 7B22636F6D6D616E64223A7B226964223A22696D755F737461747573222C22737562223A22227D2C22636F6E74656E74223A7B2254696D655374616D70223A392C224672616D65436F756E746572223A3231353039362C2247445F58223A2D302E3031313435333135333536353532363030392C2247445F59223A302E3030353432303938393335363933353032342C2247445F5A223A302E303032323930323134363434373434393932332C2241445F58223A302E303031383038303437323934363136363939322C2241445F59223A332E383833353137333437323736323131452D342C2241445F5A223A2D302E31373139343336363435353037383132352C2254656D70447370223A302C22537461747573223A302C2243616C69625374617465223A312C22536967416D70496E76616C6964223A307D7D, 138 
05-27 18:23:25.048   536   536 D commservice260303: Push Message into SendPool fn=143000320
05-27 18:23:25.048   536   536 D commservice260303: ComProtocolLibSend2Cluster::send2ClusterRaw fn=143000320 , len=331
05-27 18:23:25.048   536   536 D commservice260303: sendCmdToPort :331!!!
05-27 18:23:25.048   536   536 D commservice260303: send Cmd To Port ++++5AA501478A01000386086A16C61D7B22636F6D6D616E64223A7B226964223A22696D755F737461747573222C22737562223A22227D2C22636F6E74656E74223A7B2254696D655374616D70223A392C224672616D65436F756E746572223A3231353039362C2247445F58223A2D302E3031313435333135333536353532363030392C2247445F59223A302E3030353432303938393335363933353032342C2247445F5A223A302E303032323930323134363434373434393932332C2241445F58223A302E303031383038303437323934363136363939322C2241445F59223A332E383833353137333437323736323131452D342C2241445F5A223A2D302E31373139343336363435353037383132352C2254656D70447370223A302C22537461747573223A302C2243616C69625374617465223A312C22536967416D70496E76616C6964223A307D7DA667
05-27 18:23:25.048   536   536 D commservice260303: bufferevent_write retrun value = 0
05-27 18:23:25.049   536   560 D commservice260303: client datas send succeed,send finish
05-27 18:23:25.049 13911 14192 D Sentinelmode_1.2.5.17_sentry: <SentryImuClusterFgeSender>imu_status sent to Linux, frame=215096, tsNs=9272294, tsMs=9, intervalMs=37, ad=(0.0018080473,3.8835173E-4,-0.17194366), gd=(-0.011453154,0.0054209894,0.0022902146)
05-27 18:23:25.051 13911 14183 I SentryImuMcuAngleSender: 179.986rollDeg
05-27 18:23:25.052 30773 30785 I dvr_service_: [EncoderHandler::runMediaThread] runMediaThread started:1,state:1, cam2:started:1,state:1, lastSwitch:1, mIsMuxerStart:1,format:0,is_str_ing:0
05-27 18:23:25.052 13911 14183 I SentryImuMcuAngleSender: 1,0,0
05-27 18:23:25.058   581   581 I SpiService: fgesysctrl_getGPIO_status success val=1
05-27 18:23:25.058   299 30841 D EvsDriver: forwardFrame
05-27 18:23:25.060  1167  1167 D evsmanagerd: /dev/video4 forwarded the buffer #0 to 0xb4000074bf5f6850 from 0xb4000074bf5f41d0
05-27 18:23:25.060   299 30841 D EvsDriver: Delivered 0xb400007b7ca56a60 as id 0
05-27 18:23:25.061   299 30844 D EvsDriver: forwardFrame
05-27 18:23:25.061   572   622 I Sensors : 230 AccelSensor: x:-0.166530,y:0.001829,z:-9.977160
05-27 18:23:25.061   283   307 I rvcservice: t.code = 3, t.value = 0
05-27 18:23:25.064   581   581 I SpiService: fgesysctrl_getGPIO_status success val=1
05-27 18:23:25.065   299  1163 D EvsDriver: doneWithFrame
05-27 18:23:25.065  1167  1167 D evsmanagerd: /dev/video6 forwarded the buffer #0 to 0xb4000074bf5f5510 from 0xb4000074bf5f6d90
05-27 18:23:25.067   299 30844 D EvsDriver: Delivered 0xb400007b7ca56900 as id 0
05-27 18:23:25.067   299  1163 D EvsDriver: doneWithFrame
05-27 08:14:34.028   581   581 D spi_rst_gpio_get_output: GPIO 145 value: 1
05-27 08:14:34.028   581   581 D spidev_ioctl: gpio status=1)
05-27 18:23:25.070   581   581 I SpiService: fgesysctrl_getGPIO_status success val=1
05-27 18:23:25.070  1008 30857 D [OMXB]  : usingANWBuffer: handle:0xee743c90, format:1, w:1920, h:1080
05-27 18:23:25.072 13911 14183 I SentryImuMcuAngleSender: 179.98949rollDeg
05-27 18:23:25.072 13911 14183 I SentryImuMcuAngleSender: 1,0,0
05-27 18:23:25.076   581   581 I SpiService: fgesysctrl_getGPIO_status success val=1
05-27 18:23:25.082   581   581 I SpiService: fgesysctrl_getGPIO_status success val=1
05-27 18:23:25.085  5806  5806 D NetworkSecurityConfig: No Network Security Config specified, using platform default
05-27 18:23:25.086  1008 30856 D [OMXB]  : usingANWBuffer: handle:0xee742060, format:1, w:1920, h:1080
05-27 18:23:25.086  5806  5806 D NetworkSecurityConfig: No Network Security Config specified, using platform default
05-27 18:23:25.088   581   581 I SpiService: fgesysctrl_getGPIO_status success val=0
05-27 18:23:25.089 13911 14131 D SVR_MNG_SvrMngProxy: getServer: mSvrManger is null
05-27 18:23:25.089 13911 14131 D SVR_MNG_SvrMngProxy: getNewStub: 
05-27 18:23:25.089 13911 14131 D SVR_MNG_SvrMngProxy: getNewStub: getSvrManagerService start
05-27 18:23:25.090 13911 14131 D SVR_MNG_SvrMngProxy: getNewStub: getSvrManagerService end
05-27 18:23:25.090 13911 14131 D SVR_MNG_SvrMngProxy: getServer: svrMngService doesn't start
05-27 18:23:25.090   536   536 D commservice260303: msg.id = 1028,0
05-27 18:23:25.091   536   536 D commservice260303: i = 170, msgid = 8A000404
05-27 18:23:25.091   536   536 D commservice260303: msgid = -1979710460,did=138
05-27 18:23:25.091   536   536 D commservice260303: CommProtocolLibCmdBaseI2C::dataproc {"command":{"id":"imu_status","sub":""},"content":{"TimeStamp":9,"FrameCounter":215097,"GD_X":-0.012522058561444283,"GD_Y":0.005802778527140617,"GD_Z":0.0023671966046094894,"AD_X":5.632787942886353E-4,"AD_Y":-8.273778948932886E-4,"AD_Z":-0.16950416564941406,"TempDsp":0,"Status":0,"CalibState":1,"SigAmpInvalid":0}},-1979710460
05-27 18:23:25.091   536   536 D commservice260303: send2Cluster len:315, 7B22636F6D6D616E64223A7B226964223A22696D755F737461747573222C22737562223A22227D2C22636F6E74656E74223A7B2254696D655374616D70223A392C224672616D65436F756E746572223A3231353039372C2247445F58223A2D302E3031323532323035383536313434343238332C2247445F59223A302E3030353830323737383532373134303631372C2247445F5A223A302E303032333637313936363034363039343839342C2241445F58223A352E363332373837393432383836333533452D342C2241445F59223A2D382E323733373738393438393332383836452D342C2241445F5A223A2D302E31363935303431363536343934313430362C2254656D70447370223A302C22537461747573223A302C2243616C69625374617465223A312C22536967416D70496E76616C6964223A307D7D, 138 
05-27 18:23:25.091   536   536 D commservice260303: Push Message into SendPool fn=159777536
05-27 18:23:25.091   536   536 D commservice260303: ComProtocolLibSend2Cluster::send2ClusterRaw fn=159777536 , len=331
05-27 18:23:25.091   536   536 D commservice260303: sendCmdToPort :331!!!
05-27 18:23:25.091   536   536 D commservice260303: send Cmd To Port ++++5AA501478A01000386096A16C61D7B22636F6D6D616E64223A7B226964223A22696D755F737461747573222C22737562223A22227D2C22636F6E74656E74223A7B2254696D655374616D70223A392C224672616D65436F756E746572223A3231353039372C2247445F58223A2D302E3031323532323035383536313434343238332C2247445F59223A302E3030353830323737383532373134303631372C2247445F5A223A302E303032333637313936363034363039343839342C2241445F58223A352E363332373837393432383836333533452D342C2241445F59223A2D382E323733373738393438393332383836452D342C2241445F5A223A2D302E31363935303431363536343934313430362C2254656D70447370223A302C22537461747573223A302C2243616C69625374617465223A312C22536967416D70496E76616C6964223A307D7D010D
05-27 18:23:25.091   536   536 D commservice260303: bufferevent_write retrun value = 0
05-27 18:23:25.091   536   560 D commservice260303: client datas send succeed,send finish
05-27 18:23:25.092 13911 14192 D Sentinelmode_1.2.5.17_sentry: <SentryImuClusterFgeSender>imu_status sent to Linux, frame=215097, tsNs=9272332, tsMs=9, intervalMs=43, ad=(5.632788E-4,-8.273779E-4,-0.16950417), gd=(-0.012522059,0.0058027785,0.0023671966)
05-27 18:23:25.093 13911 14183 I SentryImuMcuAngleSender: 179.993rollDeg
05-27 18:23:25.093 13911 14183 I SentryImuMcuAngleSender: 1,0,0
05-27 18:23:25.096   299 30841 D EvsDriver: forwardFrame
05-27 18:23:25.097   299 30844 D EvsDriver: forwardFrame
05-27 18:23:25.099   299 30841 D EvsDriver: Delivered 0xb400007b7ca56a60 as id 0
05-27 18:23:25.099  1167  1167 D evsmanagerd: /dev/video4 forwarded the buffer #0 to 0xb4000074bf5f6850 from 0xb4000074bf5f41d0
05-27 18:23:25.099   299 30844 D EvsDriver: Delivered 0xb400007b7ca56900 as id 0
05-27 18:23:25.099  1167  1167 D evsmanagerd: /dev/video6 forwarded the buffer #0 to 0xb4000074bf5f5510 from 0xb4000074bf5f6d90
05-27 18:23:25.102   299  1163 D EvsDriver: doneWithFrame
05-27 18:23:25.104 13911 14183 I SentryImuMcuAngleSender: [4, 18, 1, 0, 0],5
05-27 18:23:25.104 13911 14183 I McuCommManager: mcuCommSendcmd [4, 18, 1, 0, 0]
05-27 18:23:25.105   581   581 I SpiService: fgesysctrl_getGPIO_status success val=1
05-27 18:23:25.105 13911 14183 I SentryImuMcuAngleSender: true
05-27 18:23:25.105 13911 14183 W Sentinelmode_1.2.5.17_sentry: <SentryImuMcuAngleSender>MCU IMU send interval abnormal: 1004ms
05-27 18:23:25.106   299  1163 D EvsDriver: doneWithFrame
05-27 18:23:25.110   581   581 I SpiService: fgesysctrl_getGPIO_status success val=1
05-27 18:23:25.112 13911 14183 I SentryImuMcuAngleSender: -179.99298rollDeg
05-27 18:23:25.112 13911 14183 I SentryImuMcuAngleSender: 1,0,0
05-27 18:23:25.115  1008 30857 D [OMXB]  : usingANWBuffer: handle:0xee743240, format:1, w:1920, h:1080
05-27 18:23:25.116   581   581 I SpiService: fgesysctrl_getGPIO_status success val=1
05-27 08:14:34.080   581   581 D spi_rst_gpio_get_output: GPIO 145 value: 1
05-27 08:14:34.080   581   581 D spidev_ioctl: gpio status=1)
05-27 18:23:25.121   581   581 I SpiService: fgesysctrl_getGPIO_status success val=1
05-27 18:23:25.127   581   581 I SpiService: fgesysctrl_getGPIO_status success val=0
05-27 18:23:25.127   481   597 I mcuc    : send SPI:6AA60065C700050412010000B8
05-27 18:23:25.128  1008 30856 D [OMXB]  : usingANWBuffer: handle:0xee744fd0, format:1, w:1920, h:1080
05-27 08:14:34.091   581   581 D spi_rst_gpio_get_output: GPIO 145 value: 0
05-27 08:14:34.091   581   581 D spidev_ioctl: gpio status=0)
05-27 18:23:25.129   299 30844 D EvsDriver: forwardFrame
05-27 18:23:25.130   299 30841 D EvsDriver: forwardFrame
05-27 18:23:25.130   299 30844 D EvsDriver: Delivered 0xb400007b7ca56900 as id 0
05-27 18:23:25.131  1167  1167 D evsmanagerd: /dev/video6 forwarded the buffer #0 to 0xb4000074bf5f5510 from 0xb4000074bf5f6d90
05-27 18:23:25.131 30773 30782 E dvr_service_: [myNum:1] Received S**** loss
05-27 18:23:25.131   536   536 D commservice260303: msg.id = 1028,0
05-27 18:23:25.131   536   536 D commservice260303: i = 170, msgid = 8A000404
05-27 18:23:25.131   536   536 D commservice260303: msgid = -1979710460,did=138
05-27 18:23:25.131   536   536 D commservice260303: CommProtocolLibCmdBaseI2C::dataproc {"command":{"id":"imu_status","sub":""},"content":{"TimeStamp":9,"FrameCounter":215098,"GD_X":-0.010690094903111458,"GD_Y":0.006108105648308992,"GD_Z":0.00259606190957129,"AD_X":-0.0012773573398590088,"AD_Y":-0.0032471916638314724,"AD_Z":-0.16828536987304688,"TempDsp":0,"Status":0,"CalibState":1,"SigAmpInvalid":0}},-1979710460
05-27 18:23:25.132   536   536 D commservice260303: send2Cluster len:316, 7B22636F6D6D616E64223A7B226964223A22696D755F737461747573222C22737562223A22227D2C22636F6E74656E74223A7B2254696D655374616D70223A392C224672616D65436F756E746572223A3231353039382C2247445F58223A2D302E3031303639303039343930333131313435382C2247445F59223A302E3030363130383130353634383330383939322C2247445F5A223A302E30303235393630363139303935373132392C2241445F58223A2D302E303031323737333537333339383539303038382C2241445F59223A2D302E303033323437313931363633383331343732342C2241445F5A223A2D302E31363832383533363938373330343638382C2254656D70447370223A302C22537461747573223A302C2243616C69625374617465223A312C22536967416D70496E76616C6964223A307D7D, 138 
05-27 18:23:25.132   299  1163 D EvsDriver: doneWithFrame
05-27 18:23:25.132   536   536 D commservice260303: Push Message into SendPool fn=176554752
05-27 18:23:25.132   536   536 D commservice260303: ComProtocolLibSend2Cluster::send2ClusterRaw fn=176554752 , len=332
05-27 18:23:25.132   536   536 D commservice260303: sendCmdToPort :332!!!
05-27 18:23:25.132   536   536 D commservice260303: send Cmd To Port ++++5AA501488A010003860A6A16C61D7B22636F6D6D616E64223A7B226964223A22696D755F737461747573222C22737562223A22227D2C22636F6E74656E74223A7B2254696D655374616D70223A392C224672616D65436F756E746572223A3231353039382C2247445F58223A2D302E3031303639303039343930333131313435382C2247445F59223A302E3030363130383130353634383330383939322C2247445F5A223A302E30303235393630363139303935373132392C2241445F58223A2D302E303031323737333537333339383539303038382C2241445F59223A2D302E303033323437313931363633383331343732342C2241445F5A223A2D302E31363832383533363938373330343638382C2254656D70447370223A302C22537461747573223A302C2243616C69625374617465223A312C22536967416D70496E76616C6964223A307D7DECE9
05-27 18:23:25.132   536   536 D commservice260303: bufferevent_write retrun value = 0
05-27 18:23:25.132   536   560 D commservice260303: client datas send succeed,send finish
05-27 18:23:25.133 13911 14183 I SentryImuMcuAngleSender: -179.99298rollDeg
05-27 18:23:25.133 13911 14183 I SentryImuMcuAngleSender: 1,0,0
05-27 18:23:25.133  5806  5806 I ANWJNI_SECOND: +++ JNI_OnLoad
05-27 18:23:25.133  5806  5806 I ANWJNI_SECOND: +++ registerNativeMethods
05-27 18:23:25.133  5806  5806 I ANWJNI_SECOND: numMethods = 245
05-27 18:23:25.134   299 30841 D EvsDriver: Delivered 0xb400007b7ca56a60 as id 0
05-27 18:23:25.134  1167  1167 D evsmanagerd: /dev/video4 forwarded the buffer #0 to 0xb4000074bf5f6850 from 0xb4000074bf5f41d0
05-27 18:23:25.135 30773 30782 E dvr_service_: [myNum:0] Received S**** loss
05-27 18:23:25.135  5806  5806 I ANWJNI_SECOND: --- registerNativeMethods
05-27 18:23:25.135   299  1163 D EvsDriver: doneWithFrame
05-27 18:23:25.136 13911 14192 D Sentinelmode_1.2.5.17_sentry: <SentryImuClusterFgeSender>imu_status sent to Linux, frame=215098, tsNs=9272365, tsMs=9, intervalMs=44, ad=(-0.0012773573,-0.0032471917,-0.16828537), gd=(-0.010690095,0.0061081056,0.002596062)
05-27 18:23:25.136  5806  5806 D ANWJNI_SECOND: (5806|0x5467E4F8)[BTAPP] read XML config file
05-27 18:23:25.136  5806  5806 D ANWJNI_SECOND: 
05-27 18:23:25.136  5806  5806 D ANWJNI_SECOND: (5806|0x5467E4F8)[BTAPP] run Read (/system/etc/bluetooth/btmonitor-config_second.xml) Start
05-27 18:23:25.136  5806  5806 D ANWJNI_SECOND: 
05-27 18:23:25.137  5806  5806 D ANWJNI_SECOND: (5806|0x5467E4F8)[BTAPP] run Read (btmonitor-config.xml) source_data != NULL
05-27 18:23:25.137  5806  5806 D ANWJNI_SECOND: 
05-27 18:23:25.137  5806  5806 D ANWJNI_SECOND: (5806|0x5467E4F8)[BTAPP] XML : find HID setting
05-27 18:23:25.137  5806  5806 D ANWJNI_SECOND: 
05-27 18:23:25.137  5806  5806 D ANWJNI_SECOND: (5806|0x5467E4F8)[BTAPP] HID set(close)
05-27 18:23:25.137  5806  5806 D ANWJNI_SECOND: 
05-27 18:23:25.137  5806  5806 D ANWJNI_SECOND: (5806|0x5467E4F8)[BTAPP] XML : find SPP setting
05-27 18:23:25.137  5806  5806 D ANWJNI_SECOND: 
05-27 18:23:25.137  5806  5806 D ANWJNI_SECOND: (5806|0x5467E4F8)[BTAPP] SPP set(close)
05-27 18:23:25.137  5806  5806 D ANWJNI_SECOND: 
05-27 18:23:25.137  5806  5806 D ANWJNI_SECOND: (5806|0x5467E4F8)[BTAPP] XML : find PINCode setting
05-27 18:23:25.137  5806  5806 D ANWJNI_SECOND: 
05-27 18:23:25.137  5806  5806 D ANWJNI_SECOND: (5806|0x5467E4F8)[BTAPP] PinCode set(close)
05-27 18:23:25.137  5806  5806 D ANWJNI_SECOND: 
05-27 18:23:25.137  5806  5806 D ANWJNI_SECOND: (5806|0x5467E4F8)[BTAPP] get setpincode data fail
05-27 18:23:25.137  5806  5806 D ANWJNI_SECOND: 
05-27 18:23:25.137  5806  5806 D ANWJNI_SECOND: (5806|0x5467E4F8)[BTAPP] get set_legacy_pin data fail
05-27 18:23:25.137  5806  5806 D ANWJNI_SECOND: 
05-27 18:23:25.137  5806  5806 D ANWJNI_SECOND: (5806|0x5467E4F8)[BTAPP] XML : find spp_uuid setting
05-27 18:23:25.137  5806  5806 D ANWJNI_SECOND: 
05-27 18:23:25.137  5806  5806 D ANWJNI_SECOND: (5806|0x5467E4F8)[BTAPP] XML : ca_spp_uuid len(32)
05-27 18:23:25.137  5806  5806 D ANWJNI_SECOND: 
05-27 18:23:25.137  5806  5806 D ANWJNI_SECOND: (5806|0x5467E4F8)[BTAPP] XML : SPP_UUID_fromXML len(16):(
05-27 18:23:25.137  5806  5806 D ANWJNI_SECOND: (5806|0x5467E4F8)[BTAPP] 0xfa 
05-27 18:23:25.137  5806  5806 D ANWJNI_SECOND: (5806|0x5467E4F8)[BTAPP] 0xeb 
05-27 18:23:25.138  5806  5806 D ANWJNI_SECOND: (5806|0x5467E4F8)[BTAPP] 0xdc 
05-27 18:23:25.138  5806  5806 D ANWJNI_SECOND: (5806|0x5467E4F8)[BTAPP] 0x12 
05-27 18:23:25.138  5806  5806 D ANWJNI_SECOND: (5806|0x5467E4F8)[BTAPP] 0x7 
05-27 18:23:25.138  5806  5806 D ANWJNI_SECOND: (5806|0x5467E4F8)[BTAPP] 0x2c 
05-27 18:23:25.138  5806  5806 D ANWJNI_SECOND: (5806|0x5467E4F8)[BTAPP] 0xb0 
05-27 18:23:25.138  5806  5806 D ANWJNI_SECOND: (5806|0x5467E4F8)[BTAPP] 0xa4 
05-27 18:23:25.138  5806  5806 D ANWJNI_SECOND: (5806|0x5467E4F8)[BTAPP] 0x10 
05-27 18:23:25.138  5806  5806 D ANWJNI_SECOND: (5806|0x5467E4F8)[BTAPP] 0xa 
05-27 18:23:25.138  5806  5806 D ANWJNI_SECOND: (5806|0x5467E4F8)[BTAPP] 0x5a 
05-27 18:23:25.138  5806  5806 D ANWJNI_SECOND: (5806|0x5467E4F8)[BTAPP] 0x61 
05-27 18:23:25.138  5806  5806 D ANWJNI_SECOND: (5806|0x5467E4F8)[BTAPP] 0x8d 
05-27 18:23:25.138  5806  5806 D ANWJNI_SECOND: (5806|0x5467E4F8)[BTAPP] 0xc9 
05-27 18:23:25.138  5806  5806 D ANWJNI_SECOND: (5806|0x5467E4F8)[BTAPP] 0x40 
05-27 18:23:25.138  5806  5806 D ANWJNI_SECOND: (5806|0x5467E4F8)[BTAPP] 0x1c 
05-27 18:23:25.138  5806  5806 D ANWJNI_SECOND: (5806|0x5467E4F8)[BTAPP] )
05-27 18:23:25.138  5806  5806 D ANWJNI_SECOND: 
05-27 18:23:25.138  5806  5806 D ANWJNI_SECOND: (5806|0x5467E4F8)[BTAPP] XML : find Apple spp_uuid setting
05-27 18:23:25.138  5806  5806 D ANWJNI_SECOND: 
05-27 18:23:25.138  5806  5806 D ANWJNI_SECOND: (5806|0x5467E4F8)[BTAPP] XML : Apple ca_spp_uuid len(32)
05-27 18:23:25.138  5806  5806 D ANWJNI_SECOND: 
05-27 18:23:25.138  5806  5806 D ANWJNI_SECOND: (5806|0x5467E4F8)[BTAPP] XML : Apple SPP_UUID_fromXML len(16):(
05-27 18:23:25.138  5806  5806 D ANWJNI_SECOND: (5806|0x5467E4F8)[BTAPP] 0x0 
05-27 18:23:25.138  5806  5806 D ANWJNI_SECOND: (5806|0x5467E4F8)[BTAPP] 0x0 
05-27 18:23:25.138  5806  5806 D ANWJNI_SECOND: (5806|0x5467E4F8)[BTAPP] 0x0 
05-27 18:23:25.138  5806  5806 D ANWJNI_SECOND: (5806|0x5467E4F8)[BTAPP] 0x0 
05-27 18:23:25.139  5806  5806 D ANWJNI_SECOND: (5806|0x5467E4F8)[BTAPP] 0xde 
05-27 18:23:25.139  5806  5806 D ANWJNI_SECOND: (5806|0x5467E4F8)[BTAPP] 0xca 
05-27 18:23:25.139  5806  5806 D ANWJNI_SECOND: (5806|0x5467E4F8)[BTAPP] 0xfa 
05-27 18:23:25.139  5806  5806 D ANWJNI_SECOND: (5806|0x5467E4F8)[BTAPP] 0xde 
05-27 18:23:25.139  5806  5806 D ANWJNI_SECOND: (5806|0x5467E4F8)[BTAPP] 0xde 
05-27 18:23:25.139  5806  5806 D ANWJNI_SECOND: (5806|0x5467E4F8)[BTAPP] 0xca 
05-27 18:23:25.139  5806  5806 D ANWJNI_SECOND: (5806|0x5467E4F8)[BTAPP] 0xde 
05-27 18:23:25.139  5806  5806 D ANWJNI_SECOND: (5806|0x5467E4F8)[BTAPP] 0xaf 
05-27 18:23:25.139  5806  5806 D ANWJNI_SECOND: (5806|0x5467E4F8)[BTAPP] 0xde 
05-27 18:23:25.139  5806  5806 D ANWJNI_SECOND: (5806|0x5467E4F8)[BTAPP] 0xca 
05-27 18:23:25.139  5806  5806 D ANWJNI_SECOND: (5806|0x5467E4F8)[BTAPP] 0xca 
05-27 18:23:25.139  5806  5806 D ANWJNI_SECOND: (5806|0x5467E4F8)[BTAPP] 0xfe 
05-27 18:23:25.139  5806  5806 D ANWJNI_SECOND: (5806|0x5467E4F8)[BTAPP] )
05-27 18:23:25.139  5806  5806 D ANWJNI_SECOND: 
05-27 18:23:25.139  5806  5806 D ANWJNI_SECOND: (5806|0x5467E4F8)[BTAPP] XML : find calllogsize setting
05-27 18:23:25.139  5806  5806 D ANWJNI_SECOND: 
05-27 18:23:25.139  5806  5806 D ANWJNI_SECOND: (5806|0x5467E4F8)[BTAPP] XML : find ca_calllogsize(100)(100)
05-27 18:23:25.139  5806  5806 D ANWJNI_SECOND: 
05-27 18:23:25.139  5806  5806 D ANWJNI_SECOND: (5806|0x5467E4F8)[BTAPP] get contactssize data fail
05-27 18:23:25.139  5806  5806 D ANWJNI_SECOND: 
05-27 18:23:25.139  5806  5806 D ANWJNI_SECOND: (5806|0x5467E4F8)[BTAPP] get mincallsize data fail
05-27 18:23:25.139  5806  5806 D ANWJNI_SECOND: 
05-27 18:23:25.139  5806  5806 D ANWJNI_SECOND: (5806|0x5467E4F8)[BTAPP] XML : find voice setting
05-27 18:23:25.139  5806  5806 D ANWJNI_SECOND: 
05-27 18:23:25.139  5806  5806 D ANWJNI_SECOND: (5806|0x5467E4F8)[BTAPP] voice set(close)
05-27 18:23:25.139  5806  5806 D ANWJNI_SECOND: 
05-27 18:23:25.139  5806  5806 D ANWJNI_SECOND: (5806|0x5467E4F8)[BTAPP] XML : find voicedelay setting
05-27 18:23:25.139  5806  5806 D ANWJNI_SECOND: 
05-27 18:23:25.139  5806  5806 D ANWJNI_SECOND: (5806|0x5467E4F8)[BTAPP] voicedelay set(close)
05-27 18:23:25.139  5806  5806 D ANWJNI_SECOND: 
05-27 18:23:25.140  5806  5806 D ANWJNI_SECOND: (5806|0x5467E4F8)[BTAPP] get wechatvoice data fail
05-27 18:23:25.140  5806  5806 D ANWJNI_SECOND: 
05-27 18:23:25.140  5806  5806 D ANWJNI_SECOND: (5806|0x5467E4F8)[BTAPP] XML : pair any way
05-27 18:23:25.140  5806  5806 D ANWJNI_SECOND: 
05-27 18:23:25.140  5806  5806 D ANWJNI_SECOND: (5806|0x5467E4F8)[BTAPP] pairing need confirmation  accept
05-27 18:23:25.140  5806  5806 D ANWJNI_SECOND: 
05-27 18:23:25.140  5806  5806 D ANWJNI_SECOND: (5806|0x5467E4F8)[BTAPP] get use_combine data fail
05-27 18:23:25.140  5806  5806 D ANWJNI_SECOND: 
05-27 18:23:25.140  5806  5806 D ANWJNI_SECOND: (5806|0x5467E4F8)[BTAPP] XML : select pbap_photo or not
05-27 18:23:25.140  5806  5806 D ANWJNI_SECOND: 
05-27 18:23:25.140  5806  5806 D ANWJNI_SECOND: (5806|0x5467E4F8)[BTAPP] select pbap_photo
05-27 18:23:25.140  5806  5806 D ANWJNI_SECOND: 
05-27 18:23:25.140  5806  5806 D ANWJNI_SECOND: (5806|0x5467E4F8)[BTAPP] XML : select pbap_email or not
05-27 18:23:25.140  5806  5806 D ANWJNI_SECOND: 
05-27 18:23:25.140  5806  5806 D ANWJNI_SECOND: (5806|0x5467E4F8)[BTAPP] select pbap_email
05-27 18:23:25.140  5806  5806 D ANWJNI_SECOND: 
05-27 18:23:25.140  5806  5806 D ANWJNI_SECOND: (5806|0x5467E4F8)[BTAPP] XML : select pbap_adr or not
05-27 18:23:25.140  5806  5806 D ANWJNI_SECOND: 
05-27 18:23:25.140  5806  5806 D ANWJNI_SECOND: (5806|0x5467E4F8)[BTAPP] select pbap_adr
05-27 18:23:25.140  5806  5806 D ANWJNI_SECOND: 
05-27 18:23:25.140  5806  5806 D ANWJNI_SECOND: (5806|0x5467E4F8)[BTAPP] XML : select pbap_url or not
05-27 18:23:25.140  5806  5806 D ANWJNI_SECOND: 
05-27 18:23:25.140  5806  5806 D ANWJNI_SECOND: (5806|0x5467E4F8)[BTAPP] select pbap_url
05-27 18:23:25.140  5806  5806 D ANWJNI_SECOND: 
05-27 18:23:25.140  5806  5806 D ANWJNI_SECOND: (5806|0x5467E4F8)[BTAPP] get volume_control data fail
05-27 18:23:25.140  5806  5806 D ANWJNI_SECOND: 
05-27 18:23:25.140  5806  5806 D ANWJNI_SECOND: (5806|0x5467E4F8)[BTAPP] get carplay data fail
05-27 18:23:25.140  5806  5806 D ANWJNI_SECOND: 
05-27 18:23:25.140  5806  5806 D ANWJNI_SECOND: (5806|0x5467E4F8)[BTAPP] XML : select socket or not
05-27 18:23:25.140  5806  5806 D ANWJNI_SECOND: 
05-27 18:23:25.140  5806  5806 D ANWJNI_SECOND: (5806|0x5467E4F8)[BTAPP]  support socket
05-27 18:23:25.140  5806  5806 D ANWJNI_SECOND: 
05-27 18:23:25.141  5806  5806 D ANWJNI_SECOND: (5806|0x5467E4F8)[BTAPP] get androidauto data fail
05-27 18:23:25.141  5806  5806 D ANWJNI_SECOND: 
05-27 18:23:25.141  5806  5806 D ANWJNI_SECOND: (5806|0x5467E4F8)[BTAPP] get auto_transfer data fail
05-27 18:23:25.141  5806  5806 D ANWJNI_SECOND: 
05-27 18:23:25.141  5806  5806 D ANWJNI_SECOND: (5806|0x5467E4F8)[BTAPP] get audio_dsp_mute data fail
05-27 18:23:25.141  5806  5806 D ANWJNI_SECOND: 
05-27 18:23:25.141   581   581 I SpiService: fgesysctrl_getGPIO_status success val=1
05-27 18:23:25.142  5806  5806 D ANWJNI_SECOND: (5806|0x5467E4F8)[BTAPP] get audio_dsp_delay data fail
05-27 18:23:25.142  5806  5806 D ANWJNI_SECOND: 
05-27 18:23:25.142  5806  5806 D ANWJNI_SECOND: (5806|0x5467E4F8)[BTAPP] XML : hfp_audio_driver_open 
05-27 18:23:25.142  5806  5806 D ANWJNI_SECOND: 
05-27 18:23:25.142  5806  5806 D ANWJNI_SECOND: (5806|0x5467E4F8)[BTAPP] hfp audio driver close
05-27 18:23:25.142  5806  5806 D ANWJNI_SECOND: 
05-27 18:23:25.142  5806  5806 D ANWJNI_SECOND: (5806|0x5467E4F8)[BTAPP] XML : hfp_wbs_open_data 
05-27 18:23:25.142  5806  5806 D ANWJNI_SECOND: 
05-27 18:23:25.142  5806  5806 D ANWJNI_SECOND: (5806|0x5467E4F8)[BTAPP] hfp wbs enable
05-27 18:23:25.142  5806  5806 D ANWJNI_SECOND: 
05-27 18:23:25.142  5806  5806 D ANWJNI_SECOND: (5806|0x5467E4F8)[BTAPP] get avrcp_browsing_open data fail
05-27 18:23:25.142  5806  5806 D ANWJNI_SECOND: 
05-27 18:23:25.142  5806  5806 D ANWJNI_SECOND: (5806|0x5467E4F8)[BTAPP] get connect_special_profile_id data fail
05-27 18:23:25.142  5806  5806 D ANWJNI_SECOND: 
05-27 18:23:25.142  5806  5806 D ANWJNI_SECOND: (5806|0x5467E4F8)[BTAPP] XML : connect_single_profile 
05-27 18:23:25.142  5806  5806 D ANWJNI_SECOND: 
05-27 18:23:25.142  5806  5806 D ANWJNI_SECOND: (5806|0x5467E4F8)[BTAPP] connect_single_profile open
05-27 18:23:25.142  5806  5806 D ANWJNI_SECOND: 
05-27 18:23:25.142  5806  5806 D ANWJNI_SECOND: (5806|0x5467E4F8)[BTAPP] XML : find waveout_pre_buffer_count setting
05-27 18:23:25.142  5806  5806 D ANWJNI_SECOND: 
05-27 18:23:25.142  5806  5806 D ANWJNI_SECOND: (5806|0x5467E4F8)[BTAPP] XML : set waveout_pre_buffer_count success(101)
05-27 18:23:25.142  5806  5806 D ANWJNI_SECOND: 
05-27 18:23:25.142  5806  5806 D ANWJNI_SECOND: (5806|0x5467E4F8)[BTAPP] XML : find waveout_pre_buffer_count setting
05-27 18:23:25.142  5806  5806 D ANWJNI_SECOND: 
05-27 18:23:25.142  5806  5806 D ANWJNI_SECOND: (5806|0x5467E4F8)[BTAPP] XML : set local_music_pre_buffer_count success(40)
05-27 18:23:25.142  5806  5806 D ANWJNI_SECOND: 
05-27 18:23:25.142  5806  5806 D ANWJNI_SECOND: (5806|0x5467E4F8)[BTAPP] XML : inband_ring 
05-27 18:23:25.142  5806  5806 D ANWJNI_SECOND: 
05-27 18:23:25.142  5806  5806 D ANWJNI_SECOND: (5806|0x5467E4F8)[BTAPP] inband_ring open
05-27 18:23:25.142  5806  5806 D ANWJNI_SECOND: 
05-27 18:23:25.142  5806  5806 D ANWJNI_SECOND: (5806|0x5467E4F8)[BTAPP] XML : find map_download_max_size setting
05-27 18:23:25.142  5806  5806 D ANWJNI_SECOND: 
05-27 18:23:25.143  5806  5806 D ANWJNI_SECOND: (5806|0x5467E4F8)[BTAPP] XML : set map_download_max_size failed(20)
05-27 18:23:25.143  5806  5806 D ANWJNI_SECOND: 
05-27 18:23:25.143  5806  5806 D ANWJNI_SECOND: (5806|0x5467E4F8)[BTAPP] XML : stack debug
05-27 18:23:25.143  5806  5806 D ANWJNI_SECOND: 
05-27 18:23:25.143  5806  5806 D ANWJNI_SECOND: (5806|0x5467E4F8)[BTAPP] XML : stack debug open
05-27 18:23:25.143  5806  5806 D ANWJNI_SECOND: 
05-27 18:23:25.143  5806  5806 D ANWAPI_SECOND: (5806|0x5467E4F8)[BTAPI] >>>AnWBT_Usr_DebugLog
05-27 18:23:25.143  5806  5806 D ANWAPI_SECOND: (5806|0x5467E4F8)[BTAPI] <<<<AnWBT_Usr_DebugLog: ret=0
05-27 18:23:25.143  5806  5806 D ANWJNI_SECOND: (5806|0x5467E4F8)[BTAPP] XML : app debug
05-27 18:23:25.143  5806  5806 D ANWJNI_SECOND: 
05-27 18:23:25.143  5806  5806 D ANWJNI_SECOND: (5806|0x5467E4F8)[BTAPP] XML : app debug open
05-27 18:23:25.143  5806  5806 D ANWJNI_SECOND: 
05-27 18:23:25.143  5806  5806 D ANWJNI_SECOND: (5806|0x5467E4F8)[BTAPP] XML : api debug
05-27 18:23:25.143  5806  5806 D ANWJNI_SECOND: 
05-27 18:23:25.143  5806  5806 D ANWJNI_SECOND: (5806|0x5467E4F8)[BTAPP] XML : api debug open
05-27 18:23:25.143  5806  5806 D ANWJNI_SECOND: 
05-27 18:23:25.143  5806  5806 D ANWJNI_SECOND: (5806|0x5467E4F8)[BTAPP] XML : hfp debug
05-27 18:23:25.143  5806  5806 D ANWJNI_SECOND: 
05-27 18:23:25.143  5806  5806 D ANWJNI_SECOND: (5806|0x5467E4F8)[BTAPP] XML : hfp debug open
05-27 18:23:25.143  5806  5806 D ANWJNI_SECOND: 
05-27 18:23:25.143  5806  5806 D ANWJNI_SECOND: (5806|0x5467E4F8)[BTAPP] XML : a2dp debug
05-27 18:23:25.143  5806  5806 D ANWJNI_SECOND: 
05-27 18:23:25.143  5806  5806 D ANWJNI_SECOND: (5806|0x5467E4F8)[BTAPP] XML : a2dp debug open
05-27 18:23:25.143  5806  5806 D ANWJNI_SECOND: 
05-27 18:23:25.143  5806  5806 D ANWJNI_SECOND: (5806|0x5467E4F8)[BTAPP] XML : waveout debug
05-27 18:23:25.143  5806  5806 D ANWJNI_SECOND: 
05-27 18:23:25.144  5806  5806 D ANWJNI_SECOND: (5806|0x5467E4F8)[BTAPP] XML : waveout debug open
05-27 18:23:25.144  5806  5806 D ANWJNI_SECOND: 
