05-27 18:23:21.335  5733  5733 D ANW_AVRCP_SECOND: AnWBT_Set_Storage_Path path /data/misc/anw/
05-27 18:23:21.335  5733  5733 D ANWJNI_SECOND: (5733|0x5467E4F8)[BTAPP] XML : btsnoop_file_path 
05-27 18:23:21.335  5733  5733 D ANWJNI_SECOND: 
05-27 18:23:21.335  5733  5733 D ANWJNI_SECOND: (5733|0x5467E4F8)[BTAPP] XML : btsnoop_path /data/misc/anw/logs/ is exist,so break
05-27 18:23:21.335  5733  5733 D ANWJNI_SECOND: 
05-27 18:23:21.335  5733  5733 D ANWJNI_SECOND: (5733|0x5467E4F8)[BTAPP] XML : find btsnoop_file_size_MB setting
05-27 18:23:21.335  5733  5733 D ANWJNI_SECOND: 
05-27 18:23:21.335  1167  1184 D evsmanagerd: /dev/video6 forwarded the buffer #0 to 0xb4000074bf5f5510 from 0xb4000074bf5f6d90
05-27 18:23:21.335  5733  5733 D ANWJNI_SECOND: (5733|0x5467E4F8)[BTAPP] XML : find maxBtSnoopFileSize_MB(100)(100)
05-27 18:23:21.335  5733  5733 D ANWJNI_SECOND: 
05-27 18:23:21.336  5733  5733 D ANWJNI_SECOND: (5733|0x5467E4F8)[BTAPP] XML : find rfkillstate_path:/sys/class/gpio/gpio142/value
05-27 18:23:21.336  5733  5733 D ANWJNI_SECOND: 
05-27 18:23:21.336  5733  5733 D ANWAPI_SECOND: (5733|0x5467E4F8)[BTAPI] AnW_BT_SetRfkillStatePath
05-27 18:23:21.336  5733  5733 D ANWJNI_SECOND: (5733|0x5467E4F8)[BTAPP] get dump_pcm data fail
05-27 18:23:21.336  5733  5733 D ANWJNI_SECOND: 
05-27 18:23:21.336  5733  5733 D ANWJNI_SECOND: (5733|0x5467E4F8)[BTAPP] XML : accept_avrcp_ct_control
05-27 18:23:21.336  5733  5733 D ANWJNI_SECOND: 
05-27 18:23:21.336  5733  5733 D ANWJNI_SECOND: (5733|0x5467E4F8)[BTAPP] XML : accept_avrcp_ct_control close
05-27 18:23:21.336  5733  5733 D ANWJNI_SECOND: 
05-27 18:23:21.336  5733  5733 D ANWJNI_SECOND: (5733|0x5467E4F8)[BTAPP] XML : find maxHFPAGConnNum setting
05-27 18:23:21.336  5733  5733 D ANWJNI_SECOND: 
05-27 18:23:21.336  5733  5733 D ANWJNI_SECOND: (5733|0x5467E4F8)[BTAPP] XML : find maxHFPAGConnNum(2)(2)
05-27 18:23:21.336  5733  5733 D ANWJNI_SECOND: 
05-27 18:23:21.336  5733  5733 D ANWJNI_SECOND: (5733|0x5467E4F8)[BTAPP] XML : find maxHFPHFConnNum setting
05-27 18:23:21.336  5733  5733 D ANWJNI_SECOND: 
05-27 18:23:21.336  5733  5733 D ANWJNI_SECOND: (5733|0x5467E4F8)[BTAPP] XML : find maxHFPHFConnNum(0)(0)
05-27 18:23:21.336  5733  5733 D ANWJNI_SECOND: 
05-27 18:23:21.336  5733  5733 D ANWJNI_SECOND: (5733|0x5467E4F8)[BTAPP] XML : find maxPBAPConnNum setting
05-27 18:23:21.336  5733  5733 D ANWJNI_SECOND: 
05-27 18:23:21.336  5733  5733 D ANWJNI_SECOND: (5733|0x5467E4F8)[BTAPP] XML : find maxPBAPConnNum(0)(0)
05-27 18:23:21.336  5733  5733 D ANWJNI_SECOND: 
05-27 18:23:21.336  5733  5733 D ANWJNI_SECOND: (5733|0x5467E4F8)[BTAPP] XML : find maxMAPConnNum setting
05-27 18:23:21.336  5733  5733 D ANWJNI_SECOND: 
05-27 18:23:21.336  5733  5733 D ANWJNI_SECOND: (5733|0x5467E4F8)[BTAPP] XML : find maxMAPConnNum(0)(0)
05-27 18:23:21.336  5733  5733 D ANWJNI_SECOND: 
05-27 18:23:21.336  5733  5733 D ANWJNI_SECOND: (5733|0x5467E4F8)[BTAPP] XML : find maxA2DPSinkConnNum setting
05-27 18:23:21.336  5733  5733 D ANWJNI_SECOND: 
05-27 18:23:21.336  5733  5733 D ANWJNI_SECOND: (5733|0x5467E4F8)[BTAPP] XML : find maxA2DPSinkConnNum(0)(0)
05-27 18:23:21.336  5733  5733 D ANWJNI_SECOND: 
05-27 18:23:21.337  5733  5733 D ANWJNI_SECOND: (5733|0x5467E4F8)[BTAPP] XML : find maxA2DPSourceConnNum setting
05-27 18:23:21.337  5733  5733 D ANWJNI_SECOND: 
05-27 18:23:21.337  5733  5733 D ANWJNI_SECOND: (5733|0x5467E4F8)[BTAPP] XML : find maxA2DPSourceConnNum(2)(2)
05-27 18:23:21.337  5733  5733 D ANWJNI_SECOND: 
05-27 18:23:21.337  5733  5733 D ANWJNI_SECOND: (5733|0x5467E4F8)[BTAPP] XML : find maxAVRCPCTConnNum setting
05-27 18:23:21.337  5733  5733 D ANWJNI_SECOND: 
05-27 18:23:21.337   299 30844 D EvsDriver: Delivered 0xb400007b7ca56900 as id 0
05-27 18:23:21.338  5733  5733 D ANWJNI_SECOND: (5733|0x5467E4F8)[BTAPP] XML : find (0)(0)
05-27 18:23:21.338  5733  5733 D ANWJNI_SECOND: 
05-27 18:23:21.338  5733  5733 D ANWJNI_SECOND: (5733|0x5467E4F8)[BTAPP] XML : find maxAVRCPTGConnNum setting
05-27 18:23:21.338  5733  5733 D ANWJNI_SECOND: 
05-27 18:23:21.338  5733  5733 D ANWJNI_SECOND: (5733|0x5467E4F8)[BTAPP] XML : find maxAVRCPTGConnNum(2)(2)
05-27 18:23:21.338  5733  5733 D ANWJNI_SECOND: 
05-27 18:23:21.338  5733  5733 D ANWJNI_SECOND: (5733|0x5467E4F8)[BTAPP] XML : find maxDeviceConnNum setting
05-27 18:23:21.338  5733  5733 D ANWJNI_SECOND: 
05-27 18:23:21.338  5733  5733 D ANWJNI_SECOND: (5733|0x5467E4F8)[BTAPP] XML : find maxDeviceConnNum(2)(2)
05-27 18:23:21.338  5733  5733 D ANWJNI_SECOND: 
05-27 18:23:21.338  5733  5733 D ANWJNI_SECOND: (5733|0x5467E4F8)[BTAPP] XML : find maxSCOConnNum setting
05-27 18:23:21.338  5733  5733 D ANWJNI_SECOND: 
05-27 18:23:21.338  5733  5733 D ANWJNI_SECOND: (5733|0x5467E4F8)[BTAPP] XML : find maxSCOConnNum(2)(2)
05-27 18:23:21.338  5733  5733 D ANWJNI_SECOND: 
05-27 18:23:21.338  5733  5733 D ANWJNI_SECOND: (5733|0x5467E4F8)[BTAPP] XML : find maxHFSCOConnNum setting
05-27 18:23:21.338  5733  5733 D ANWJNI_SECOND: 
05-27 18:23:21.338  5733  5733 D ANWJNI_SECOND: (5733|0x5467E4F8)[BTAPP] XML : find maxHFSCOConnNum(0)(0)
05-27 18:23:21.338  5733  5733 D ANWJNI_SECOND: 
05-27 18:23:21.339  5733  5733 D ANWJNI_SECOND: (5733|0x5467E4F8)[BTAPP] XML : find maxAGSCOConnNum setting
05-27 18:23:21.339  5733  5733 D ANWJNI_SECOND: 
05-27 18:23:21.339  5733  5733 D ANWJNI_SECOND: (5733|0x5467E4F8)[BTAPP] XML : find maxAGSCOConnNum(2)(2)
05-27 18:23:21.339  5733  5733 D ANWJNI_SECOND: 
05-27 18:23:21.339  5733  5733 D ANWJNI_SECOND: (5733|0x5467E4F8)[BTAPP] XML : find maxOppConnNum_data setting
05-27 18:23:21.339  5733  5733 D ANWJNI_SECOND: 
05-27 18:23:21.339  5733  5733 D ANWJNI_SECOND: (5733|0x5467E4F8)[BTAPP] XML : find maxOPPConnNum(0)(0)
05-27 18:23:21.339  5733  5733 D ANWJNI_SECOND: 
05-27 18:23:21.339  5733  5733 D ANWJNI_SECOND: (5733|0x5467E4F8)[BTAPP] XML : find maxHidHostConnNum_data setting
05-27 18:23:21.339  5733  5733 D ANWJNI_SECOND: 
05-27 18:23:21.339  5733  5733 D ANWJNI_SECOND: (5733|0x5467E4F8)[BTAPP] XML : find maxHidHostConnNum(0)(0)
05-27 18:23:21.339  5733  5733 D ANWJNI_SECOND: 
05-27 18:23:21.339  5733  5733 D ANWJNI_SECOND: (5733|0x5467E4F8)[BTAPP] XML : music_mode_auto_select
05-27 18:23:21.339  5733  5733 D ANWJNI_SECOND: 
05-27 18:23:21.339  5733  5733 D ANWJNI_SECOND: (5733|0x5467E4F8)[BTAPP] XML : music_mode_auto_select open
05-27 18:23:21.339  5733  5733 D ANWJNI_SECOND: 
05-27 18:23:21.339  5733  5733 D ANWJNI_SECOND: (5733|0x5467E4F8)[BTAPP] XML : BQB_test_setting
05-27 18:23:21.339  5733  5733 D ANWJNI_SECOND: 
05-27 18:23:21.339  5733  5733 D ANWJNI_SECOND: (5733|0x5467E4F8)[BTAPP] XML : BQB_test_setting close
05-27 18:23:21.339  5733  5733 D ANWJNI_SECOND: 
05-27 18:23:21.339  5733  5733 D ANWJNI_SECOND: (5733|0x5467E4F8)[BTAPP] XML : find aaudio_device_id setting
05-27 18:23:21.339  5733  5733 D ANWJNI_SECOND: 
05-27 18:23:21.339  5733  5733 D ANWJNI_SECOND: (5733|0x5467E4F8)[BTAPP] XML : find aaudio_device_id(16)(16)
05-27 18:23:21.339  5733  5733 D ANWJNI_SECOND: 
05-27 18:23:21.340  5733  5733 D ANWJNI_SECOND: (5733|0x5467E4F8)[BTAPP] XML : local_device_name_data 
05-27 18:23:21.340  5733  5733 D ANWJNI_SECOND: 
05-27 18:23:21.340  5733  5733 D ANWAPI_SECOND: (5733|0x5467E4F8)[BTAPI] AnWBT_Set_Local_Device_Before_Init LJ_FUJIA
05-27 18:23:21.340  5733  5733 D ANWJNI_SECOND: (5733|0x5467E4F8)[BTAPP] get a2dp_sink_pcm data fail
05-27 18:23:21.340  5733  5733 D ANWJNI_SECOND: 
05-27 18:23:21.340  5733  5733 D ANWJNI_SECOND: (5733|0x5467E4F8)[BTAPP] XML : master_device_file_path 
05-27 18:23:21.340  5733  5733 D ANWJNI_SECOND: 
05-27 18:23:21.340  5733  5733 D ANWJNI_SECOND: (5733|0x5467E4F8)[BTAPP] XML : master_device_file_path /anw/target_device_info is not exist
05-27 18:23:21.340  5733  5733 D ANWJNI_SECOND: 
05-27 18:23:21.340  5733  5733 D ANWJNI_SECOND: (5733|0x5467E4F8)[BTAPP] XML : read_rssi_switch
05-27 18:23:21.340  5733  5733 D ANWJNI_SECOND: 
05-27 18:23:21.340  5733  5733 D ANWJNI_SECOND: (5733|0x5467E4F8)[BTAPP] XML : read_rssi_switch close
05-27 18:23:21.340  5733  5733 D ANWJNI_SECOND: 
05-27 18:23:21.340  5733  5733 D ANWJNI_SECOND: (5733|0x5467E4F8)[BTAPP] XML : pbapClient_autoConnectAndDownload
05-27 18:23:21.340  5733  5733 D ANWJNI_SECOND: 
05-27 18:23:21.340  5733  5733 D ANWJNI_SECOND: (5733|0x5467E4F8)[BTAPP] XML : PBAP Client auto connect an download close
05-27 18:23:21.340  5733  5733 D ANWJNI_SECOND: 
05-27 18:23:21.340  5733  5733 D ANWJNI_SECOND: (5733|0x5467E4F8)[BTAPP] get callDisconnect_AutoDownloadCalllog data fail
05-27 18:23:21.340  5733  5733 D ANWJNI_SECOND: 
05-27 18:23:21.341  5733  5733 D ANWJNI_SECOND: (5733|0x5467E4F8)[BTAPP] XML : UART_path 
05-27 18:23:21.341  5733  5733 D ANWJNI_SECOND: 
05-27 18:23:21.341  5733  5733 D ANWJNI_SECOND: (5733|0x5467E4F8)[BTAPP] XML : UART_path:[/dev/ttyS3]
05-27 18:23:21.341  5733  5733 D ANWJNI_SECOND: 
05-27 18:23:21.341  5733  5733 D ANWJNI_SECOND: (5733|0x5467E4F8)[BTAPP] get BTADDR_path data fail
05-27 18:23:21.341  5733  5733 D ANWJNI_SECOND: 
05-27 18:23:21.341  5733  5733 D ANWJNI_SECOND: (5733|0x5467E4F8)[BTAPP] XML : BTADDR path not find
05-27 18:23:21.341  5733  5733 D ANWJNI_SECOND: 
05-27 18:23:21.341  5733  5733 D ANWJNI_SECOND: (5733|0x5467E4F8)[BTAPP] XML : find UART_baudRate_init(115200)
05-27 18:23:21.341  5733  5733 D ANWJNI_SECOND: 
05-27 18:23:21.341  5733  5733 D ANWJNI_SECOND: (5733|0x5467E4F8)[BTAPP] XML : find UART_baudRate_normal(3000000)
05-27 18:23:21.341  5733  5733 D ANWJNI_SECOND: 
05-27 18:23:21.341  5733  5733 D ANWJNI_SECOND: (5733|0x5467E4F8)[BTAPP] XML : AVRCP_ABSOLUTE_VOLUME
05-27 18:23:21.341  5733  5733 D ANWJNI_SECOND: 
05-27 18:23:21.341  5733  5733 D ANWJNI_SECOND: (5733|0x5467E4F8)[BTAPP] XML : avrcp absolute volume change open
05-27 18:23:21.341  5733  5733 D ANWJNI_SECOND: 
05-27 18:23:21.341  5733  5733 D ANWAPI_SECOND: (5733|0x5467E4F8)[BTAPI] AnWBT_Set_Avrcp_Absoulte_Volume_Change[1]
05-27 18:23:21.341  5733  5733 D ANWJNI_SECOND: (5733|0x5467E4F8)[BTAPP] get generate_random_address data fail
05-27 18:23:21.341  5733  5733 D ANWJNI_SECOND: 
05-27 18:23:21.342  5733  5733 D ANWJNI_SECOND: (5733|0x5467E4F8)[BTAPP] get reject_a2dp_avrcp data fail
05-27 18:23:21.342  5733  5733 D ANWJNI_SECOND: 
05-27 18:23:21.342  5733  5733 D ANWJNI_SECOND: (5733|0x5467E4F8)[BTAPP] XML : find connect_by_sdp_limit setting
05-27 18:23:21.342  5733  5733 D ANWJNI_SECOND: 
05-27 18:23:21.342  5733  5733 D ANWJNI_SECOND: (5733|0x5467E4F8)[BTAPP] connect_by_sdp_limit set(close)
05-27 18:23:21.342  5733  5733 D ANWJNI_SECOND: 
05-27 18:23:21.342  5733  5733 D ANWJNI_SECOND: (5733|0x5467E4F8)[BTAPP] XML : find hfpag_auto_select_main_device setting
05-27 18:23:21.342  5733  5733 D ANWJNI_SECOND: 
05-27 18:23:21.342  5733  5733 D ANWJNI_SECOND: (5733|0x5467E4F8)[BTAPP] hfpag_auto_select_main_device set(open)
05-27 18:23:21.342  5733  5733 D ANWJNI_SECOND: 
05-27 18:23:21.342  5733  5733 D ANWJNI_SECOND: (5733|0x5467E4F8)[BTAPP] XML : find waveout_file_size_MB setting
05-27 18:23:21.342  5733  5733 D ANWJNI_SECOND: 
05-27 18:23:21.342  5733  5733 D ANWJNI_SECOND: (5733|0x5467E4F8)[BTAPP] XML : find waveout_file_size_MB_data(50)
05-27 18:23:21.342  5733  5733 D ANWJNI_SECOND: 
05-27 18:23:21.342  5733  5733 D ANWJNI_SECOND: (5733|0x5467E4F8)[BTAPP] free source_data
05-27 18:23:21.342  5733  5733 D ANWJNI_SECOND: 
05-27 18:23:21.342  5733  5733 D ANWJNI_SECOND: (5733|0x5467E4F8)[BTAPP] Read XMLfile End
05-27 18:23:21.342  5733  5733 D ANWJNI_SECOND: 
05-27 18:23:21.342  5733  5733 D ANWJNI_SECOND: (5733|0x5467E4F8)[BTAPP] run Read (/system/etc/bluetooth/anw_AA_CP_setting.cfg) Start
05-27 18:23:21.342  5733  5733 D ANWJNI_SECOND: 
05-27 18:23:21.342  5733  5733 D ANWJNI_SECOND: (5733|0x5467E4F8)[BTAPP] open BT config file (/system/etc/bluetooth/anw_AA_CP_setting.cfg) failed.
05-27 18:23:21.342  5733  5733 D ANWJNI_SECOND: 
05-27 18:23:21.342  5733  5733 D ANWJNI_SECOND: (5733|0x5467E4F8)[BTAPP] run Read (/data/misc/anw//btmonitor_lastrecord) Start
05-27 18:23:21.342  5733  5733 D ANWJNI_SECOND: 
05-27 18:23:21.342   299  1153 D EvsDriver: doneWithFrame
05-27 18:23:21.342  5733  5733 D ANWJNI_SECOND: (5733|0x5467E4F8)[BTAPP] open BT last record file (/data/misc/anw//btmonitor_lastrecord) success.
05-27 18:23:21.342  5733  5733 D ANWJNI_SECOND: 
05-27 18:23:21.343  5733  5733 D ANWJNI_SECOND: (5733|0x5467E4F8)[BTAPP] read last_connected_device last_scan_mode::3
05-27 18:23:21.343  5733  5733 D ANWJNI_SECOND: 
05-27 18:23:21.343  5733  5733 D ANWJNI_SECOND: 
05-27 18:23:21.343  5733  5733 D ANWJNI_SECOND: (5733|0x5467E4F8)[BTAPP] read last_scan_mode
05-27 18:23:21.343  5733  5733 D ANWJNI_SECOND: 
05-27 18:23:21.343  5733  5733 D ANWJNI_SECOND: (5733|0x5467E4F8)[BTAPP] last_scan_mode find,value is 3
05-27 18:23:21.343  5733  5733 D ANWJNI_SECOND: 
05-27 18:23:21.343  5733  5733 D ANWJNI_SECOND: (5733|0x5467E4F8)[BTAPP] read last_poweron_state
05-27 18:23:21.343  5733  5733 D ANWJNI_SECOND: 
05-27 18:23:21.343  5733  5733 I ANWJNI_SECOND: --- JNI_OnLoad
05-27 18:23:21.344   581   581 I SpiService: fgesysctrl_getGPIO_status success val=1
05-27 18:23:21.348 13911 14183 I SentryImuMcuAngleSender: 179.97899rollDeg
05-27 18:23:21.348 13911 14183 I SentryImuMcuAngleSender: 1,0,0
05-27 18:23:21.350   581   581 I SpiService: fgesysctrl_getGPIO_status success val=1
05-27 18:23:21.351  5733  5733 D AnwSdkService: onCreate
05-27 08:14:30.314   581   581 D spi_rst_gpio_get_output: GPIO 145 value: 1
05-27 18:23:21.351  1008 30857 D [OMXB]  : usingANWBuffer: handle:0xee7439d0, format:1, w:1920, h:1080
05-27 08:14:30.314   581   581 D spidev_ioctl: gpio status=1)
05-27 18:23:21.351  5733  5733 D AnwSdkService: run createMessageHandleThread
05-27 18:23:21.351   283   307 I rvcservice: t.code = 4, t.value = 0
05-27 18:23:21.353  5733  5733 D AnwSdkService: run createAudioFocusListenerMessageHandleThread
05-27 18:23:21.355   581   581 I SpiService: fgesysctrl_getGPIO_status success val=1
05-27 08:14:30.320   581   581 D spi_rst_gpio_get_output: GPIO 145 value: 1
05-27 08:14:30.320   581   581 D spidev_ioctl: gpio status=1)
05-27 18:23:21.359  5733  5733 I AnwSdkService: mhcilog1:
05-27 18:23:21.361  5733  5733 I AnwSdkService: mhcilog4:
05-27 18:23:21.361   581   581 I SpiService: fgesysctrl_getGPIO_status success val=1
05-27 18:23:21.362   299 30844 D EvsDriver: forwardFrame
05-27 18:23:21.364   299 30844 D EvsDriver: Delivered 0xb400007b7ca56900 as id 0
05-27 18:23:21.364  1167  1184 D evsmanagerd: /dev/video6 forwarded the buffer #0 to 0xb4000074bf5f5510 from 0xb4000074bf5f6d90
05-27 08:14:30.326   581   581 D spi_rst_gpio_get_output: GPIO 145 value: 1
05-27 08:14:30.326   581   581 D spidev_ioctl: gpio status=1)
05-27 08:14:30.331   581   581 D spi_rst_gpio_get_output: GPIO 145 value: 0
05-27 08:14:30.331   581   581 D spidev_ioctl: gpio status=0)
05-27 18:23:21.366   299 30841 D EvsDriver: forwardFrame
05-27 18:23:21.367   581   581 I SpiService: fgesysctrl_getGPIO_status success val=0
05-27 18:23:21.368   299  1153 D EvsDriver: doneWithFrame
05-27 18:23:21.369 13911 14183 I SentryImuMcuAngleSender: 179.993rollDeg
05-27 18:23:21.369 13911 14183 I SentryImuMcuAngleSender: 1,0,0
05-27 18:23:21.371   299 30841 D EvsDriver: Delivered 0xb400007b7ca56a60 as id 0
05-27 18:23:21.371  1167  1184 D evsmanagerd: /dev/video4 forwarded the buffer #0 to 0xb4000074bf5f6850 from 0xb4000074bf5f41d0
05-27 18:23:21.373 13549 13549 I ADAYO_LOG_: handleMessage(UsbFunc.java:352)copyQnx = 0
05-27 18:23:21.373   536   536 D commservice260303: msg.id = 1028,0
05-27 18:23:21.374   536   536 D commservice260303: i = 170, msgid = 8A000404
05-27 18:23:21.374   536   536 D commservice260303: msgid = -1979710460,did=138
05-27 18:23:21.374   536   536 D commservice260303: CommProtocolLibCmdBaseI2C::dataproc {"command":{"id":"imu_status","sub":""},"content":{"TimeStamp":9,"FrameCounter":215006,"GD_X":-0.011070843786001205,"GD_Y":0.0056498548947274685,"GD_Z":0.002213752595707774,"AD_X":-5.384236574172974E-4,"AD_Y":-8.710706606507301E-4,"AD_Z":-0.16950416564941406,"TempDsp":0,"Status":0,"CalibState":1,"SigAmpInvalid":0}},-1979710460
05-27 18:23:21.374   536   536 D commservice260303: send2Cluster len:316, 7B22636F6D6D616E64223A7B226964223A22696D755F737461747573222C22737562223A22227D2C22636F6E74656E74223A7B2254696D655374616D70223A392C224672616D65436F756E746572223A3231353030362C2247445F58223A2D302E3031313037303834333738363030313230352C2247445F59223A302E303035363439383534383934373237343638352C2247445F5A223A302E3030323231333735323539353730373737342C2241445F58223A2D352E333834323336353734313732393734452D342C2241445F59223A2D382E373130373036363036353037333031452D342C2241445F5A223A2D302E31363935303431363536343934313430362C2254656D70447370223A302C22537461747573223A302C2243616C69625374617465223A312C22536967416D70496E76616C6964223A307D7D, 138 
05-27 18:23:21.374   536   536 D commservice260303: Push Message into SendPool fn=-1400569088
05-27 18:23:21.374   536   536 D commservice260303: ComProtocolLibSend2Cluster::send2ClusterRaw fn=-1400569088 , len=332
05-27 18:23:21.374 13549 13549 I ADAYO_LOG_: handleMessage(UsbFunc.java:404)copyState = 2
05-27 18:23:21.374   536   536 D commservice260303: sendCmdToPort :332!!!
05-27 18:23:21.374   536   536 D commservice260303: send Cmd To Port ++++5AA501488A01000385AC6A16C6197B22636F6D6D616E64223A7B226964223A22696D755F737461747573222C22737562223A22227D2C22636F6E74656E74223A7B2254696D655374616D70223A392C224672616D65436F756E746572223A3231353030362C2247445F58223A2D302E3031313037303834333738363030313230352C2247445F59223A302E303035363439383534383934373237343638352C2247445F5A223A302E3030323231333735323539353730373737342C2241445F58223A2D352E333834323336353734313732393734452D342C2241445F59223A2D382E373130373036363036353037333031452D342C2241445F5A223A2D302E31363935303431363536343934313430362C2254656D70447370223A302C22537461747573223A302C2243616C69625374617465223A312C22536967416D70496E76616C6964223A307D7D3CF8
05-27 18:23:21.374  5733  5733 I ANWJNI_SECOND: +++ InitialCallback=====
05-27 18:23:21.374   536   536 D commservice260303: bufferevent_write retrun value = 0
05-27 18:23:21.374   536   560 D commservice260303: client datas send succeed,send finish
05-27 18:23:21.374 13911 14192 D Sentinelmode_1.2.5.17_sentry: <SentryImuClusterFgeSender>imu_status sent to Linux, frame=215006, tsNs=9268621, tsMs=9, intervalMs=40, ad=(-5.3842366E-4,-8.7107066E-4,-0.16950417), gd=(-0.011070844,0.005649855,0.0022137526)
05-27 18:23:21.375   299  1153 D EvsDriver: doneWithFrame
05-27 18:23:21.376  5733  5733 I ANWJNI_SECOND: --- InitialCallback(77)(78)
05-27 18:23:21.377  5733  5733 I ANWJNI_SECOND: --- InitialCallback(79)(80)
05-27 18:23:21.377  5733  5733 I ANWJNI_SECOND: --- InitialCallback:0
05-27 18:23:21.377  5733  5733 D AnwSdkService: onCreate:0,78,80
05-27 18:23:21.377  5733  5733 D AnwSdkService: pbap_socket_fd1 = 78
05-27 18:23:21.378  5733  5733 D AnwSdkService: run createPbapContactMessageHandleThread
05-27 18:23:21.379  5733  5733 D AnwSdkService: run createPbapParsedDataUpdateMessageHandleThread
05-27 18:23:21.382   581   581 I SpiService: fgesysctrl_getGPIO_status success val=1
05-27 18:23:21.382  1083  1083 I MyAppLog: [2026-05-27 18:23:21.381 I tboxap mcuSendYadiTransfer:196] [Mcu] [mcuYadiSend]: :00 08 52 04 01 09 81 02 01 01
05-27 18:23:21.385  5733  5733 W ContextImpl: Calling a method in the system process without a qualified user: android.app.ContextImpl.startService:1863 android.content.ContextWrapper.startService:817 com.anwsdk.service.anwbtservice.onCreate:7516 android.app.ActivityThread.handleCreateService:4616 android.app.ActivityThread.-$$Nest$mhandleCreateService:0 
05-27 08:14:30.346   581   581 D spi_rst_gpio_get_output: GPIO 145 value: 1
05-27 18:23:21.385   481   599 I mcuc    : start timer OK = 26044 
05-27 08:14:30.346   581   581 D spidev_ioctl: gpio status=1)
05-27 18:23:21.386 10188 16726 W ActivityManager: Unable to start service Intent { cmp=com.anwsdk.service/.HfpClientConnectionService } U=0: not found with resolvedType = null, flags = 268436480, userId = 0, callingUid = 1000
05-27 18:23:21.386  5733  5733 D AnwSdkService: 20210721 checking self APK rom size
05-27 08:14:30.352   581   581 D spi_rst_gpio_get_output: GPIO 145 value: 1
05-27 08:14:30.352   581   581 D spidev_ioctl: gpio status=1)
05-27 18:23:21.387   581   581 I SpiService: fgesysctrl_getGPIO_status success val=1
05-27 18:23:21.388   566 11459 I gps_hdbd: Received: '$GNGGA,003912.000,,,,,0,00,,,M,,M,,*6F
'
05-27 18:23:21.390   299 30844 D EvsDriver: forwardFrame
05-27 18:23:21.391 13911 14183 I SentryImuMcuAngleSender: 179.993rollDeg
05-27 18:23:21.391   299 30844 D EvsDriver: Delivered 0xb400007b7ca56900 as id 0
05-27 18:23:21.391 13911 14183 I SentryImuMcuAngleSender: 1,0,0
05-27 18:23:21.391  1167  1184 D evsmanagerd: /dev/video6 forwarded the buffer #0 to 0xb4000074bf5f5510 from 0xb4000074bf5f6d90
05-27 18:23:21.393   581   581 I SpiService: fgesysctrl_getGPIO_status success val=1
05-27 08:14:30.357   581   581 D spi_rst_gpio_get_output: GPIO 145 value: 1
05-27 08:14:30.357   581   581 D spidev_ioctl: gpio status=1)
05-27 18:23:21.393   299 30841 D EvsDriver: forwardFrame
05-27 18:23:21.393   299  1153 D EvsDriver: doneWithFrame
05-27 18:23:21.393   566 11459 I gps_hdbd: Received: '$GNGSA,A,1,,,,,,,,,,,,,,,,1*1D
'
05-27 08:14:30.358 30782 30782 W audit   : audit_lost=26365 audit_rate_limit=5 audit_backlog_limit=64
05-27 08:14:30.358 30782 30782 E audit   : rate limit exceeded
05-27 18:23:21.397  1008 30856 D [OMXB]  : usingANWBuffer: handle:0xee743500, format:1, w:1920, h:1080
05-27 18:23:21.398   299 30841 D EvsDriver: Delivered 0xb400007b7ca56a60 as id 0
05-27 18:23:21.399   581   581 I SpiService: fgesysctrl_getGPIO_status success val=1
05-27 18:23:21.399  1167  1184 D evsmanagerd: /dev/video4 forwarded the buffer #0 to 0xb4000074bf5f6850 from 0xb4000074bf5f41d0
05-27 18:23:21.400   566 11459 I gps_hdbd: Received: '$GNGSA,A,1,,,,,,,,,,,,,,,,3*1F
'
05-27 08:14:30.363   581   581 D spi_rst_gpio_get_output: GPIO 145 value: 1
05-27 08:14:30.363   581   581 D spidev_ioctl: gpio status=1)
05-27 18:23:21.403   566 11459 I gps_hdbd: Received: '$GNGSA,A,1,,,,,,,,,,,,,,,,4*18
'
05-27 18:23:21.403   299  1153 D EvsDriver: doneWithFrame
05-27 18:23:21.404   566 11459 I gps_hdbd: Received: '$BDGSV,1,1,00,1*75
'
05-27 18:23:21.405   581   581 I SpiService: fgesysctrl_getGPIO_status success val=1
05-27 18:23:21.409   566 11459 I gps_hdbd: Received: '$BDGSV,1,1,00,5*71
'
05-27 08:14:30.370   581   581 D spi_rst_gpio_get_output: GPIO 145 value: 1
05-27 08:14:30.370   581   581 D spidev_ioctl: gpio status=1)
05-27 18:23:21.410 11344 11344 E SystemUI_NavBarFragment: SysUIConfig.icCarServiceConnected：false
05-27 18:23:21.410   566 11459 I gps_hdbd: Received: '$GPGSV,1,1,01,199,42,165,,1*60
'
05-27 18:23:21.411   566 11459 I gps_hdbd: Received: '$GPGSV,1,1,00,8*6D
'
05-27 18:23:21.411   581   581 I SpiService: fgesysctrl_getGPIO_status success val=0
05-27 18:23:21.411   566 11459 I gps_hdbd: Received: '$GAGSV,1,1,00,7*73
'
05-27 18:23:21.412 13911 14183 I SentryImuMcuAngleSender: 179.98248rollDeg
05-27 18:23:21.412   481   597 I mcuc    : send SPI:6AA60165BC00F80901520401098102010100000000000000000000000000000000000000000000000000000000000000000000000000000000000000000000000000000000000000000000000000000000000000000000000000000000000000000000000000000000000000000000000000000000000000000000000000000000000000000000000000000000000000000000000000000000000000000000000000000000000000000000000000000000000000000000000000000000000000000000000000000000000000000000000000000000000000000000000000000000000000000000000000000000000000000000000000000000000000000000F7
05-27 18:23:21.412 13911 14183 I SentryImuMcuAngleSender: 1,0,0
05-27 08:14:30.376   581   581 D spi_rst_gpio_get_output: GPIO 145 value: 0
05-27 08:14:30.376   581   581 D spidev_ioctl: gpio status=0)
05-27 18:23:21.414   536   536 D commservice260303: msg.id = 1028,0
05-27 18:23:21.414   536   536 D commservice260303: i = 170, msgid = 8A000404
05-27 18:23:21.414   536   536 D commservice260303: msgid = -1979710460,did=138
05-27 18:23:21.414   536   536 D commservice260303: CommProtocolLibCmdBaseI2C::dataproc {"command":{"id":"imu_status","sub":""},"content":{"TimeStamp":9,"FrameCounter":215007,"GD_X":-0.011300750076770782,"GD_Y":0.004580949433147907,"GD_Z":0.0021378109231591225,"AD_X":-0.0017681270837783813,"AD_Y":0.002776303794234991,"AD_Z":-0.16950416564941406,"TempDsp":0,"Status":0,"CalibState":1,"SigAmpInvalid":0}},-1979710460
05-27 18:23:21.414   536   536 D commservice260303: send2Cluster len:316, 7B22636F6D6D616E64223A7B226964223A22696D755F737461747573222C22737562223A22227D2C22636F6E74656E74223A7B2254696D655374616D70223A392C224672616D65436F756E746572223A3231353030372C2247445F58223A2D302E3031313330303735303037363737303738322C2247445F59223A302E3030343538303934393433333134373930372C2247445F5A223A302E303032313337383130393233313539313232352C2241445F58223A2D302E303031373638313237303833373738333831332C2241445F59223A302E3030323737363330333739343233343939312C2241445F5A223A2D302E31363935303431363536343934313430362C2254656D70447370223A302C22537461747573223A302C2243616C69625374617465223A312C22536967416D70496E76616C6964223A307D7D, 138 
05-27 18:23:21.414   536   536 D commservice260303: Push Message into SendPool fn=-1383791872
05-27 18:23:21.414   536   536 D commservice260303: ComProtocolLibSend2Cluster::send2ClusterRaw fn=-1383791872 , len=332
05-27 18:23:21.414   536   536 D commservice260303: sendCmdToPort :332!!!
05-27 18:23:21.414   536   536 D commservice260303: send Cmd To Port ++++5AA501488A01000385AD6A16C6197B22636F6D6D616E64223A7B226964223A22696D755F737461747573222C22737562223A22227D2C22636F6E74656E74223A7B2254696D655374616D70223A392C224672616D65436F756E746572223A3231353030372C2247445F58223A2D302E3031313330303735303037363737303738322C2247445F59223A302E3030343538303934393433333134373930372C2247445F5A223A302E303032313337383130393233313539313232352C2241445F58223A2D302E303031373638313237303833373738333831332C2241445F59223A302E3030323737363330333739343233343939312C2241445F5A223A2D302E31363935303431363536343934313430362C2254656D70447370223A302C22537461747573223A302C2243616C69625374617465223A312C22536967416D70496E76616C6964223A307D7D6127
05-27 18:23:21.414   536   536 D commservice260303: bufferevent_write retrun value = 0
05-27 18:23:21.414   536   560 D commservice260303: client datas send succeed,send finish
05-27 18:23:21.414 13911 14192 D Sentinelmode_1.2.5.17_sentry: <SentryImuClusterFgeSender>imu_status sent to Linux, frame=215007, tsNs=9268662, tsMs=9, intervalMs=40, ad=(-0.0017681271,0.0027763038,-0.16950417), gd=(-0.01130075,0.0045809494,0.002137811)
05-27 18:23:21.417   566 11459 I gps_hdbd: Received: '$GAGSV,1,1,00,1*75
'
05-27 18:23:21.417  1008 30857 D [OMXB]  : usingANWBuffer: handle:0xee7467e0, format:1, w:1920, h:1080
05-27 18:23:21.423   566 11459 I gps_hdbd: Received: '$GNRMC,003912.000,V,,,,,,,270526,120.0,E,N,V*4C
'
05-27 18:23:21.425   566 11459 I gps_hdbd: RMC : CALL gnss_sv_status_cb, view_in_sat <1>
05-27 18:23:21.425   566 11459 I gps_hdbd: [reportSvStatus]--->PLATFORM_BSP::Enter
05-27 18:23:21.425   566 11459 I gps_hdbd: hy abnormal deal:hy_cnr30_satellite_cnt=0
05-27 18:23:21.425   566 11459 D gps_hdbd: hy abnormal deal:hy_fixStatus_fail_count=0
05-27 18:23:21.426   566 11459 I gps_hdbd: Received: '$GNZDA,003912.000,27,05,2026,00,00*47
'
05-27 18:23:21.426   581   581 I SpiService: fgesysctrl_getGPIO_status success val=1
05-27 18:23:21.426  1083  1083 W MyAppLog: [2026-05-27 18:23:21.426 W tboxap gpsSyncGpsInfoToDm:361] [Gps] [gpsSyncGpsInfoToDm] fix=0 mode=49 corner:0x01 alt=0.00 sat=0 hdop=0.00 pdop=0.00 vdop=0.00
05-27 18:23:21.426   299 30844 D EvsDriver: forwardFrame
05-27 18:23:21.428   299 30844 D EvsDriver: Delivered 0xb400007b7ca56900 as id 0
05-27 18:23:21.428  1167  1184 D evsmanagerd: /dev/video6 forwarded the buffer #0 to 0xb4000074bf5f5510 from 0xb4000074bf5f6d90
05-27 18:23:21.428 30773 30785 I dvr_service_: [EncoderHandler::runMediaThread] runMediaThread started:1,state:1, cam2:started:1,state:1, lastSwitch:1, mIsMuxerStart:1,format:0,is_str_ing:0
05-27 18:23:21.431   572   572 I Sensors : 230 GyroSensor: x:-0.011911,y:0.004963,z:0.002214
05-27 18:23:21.432   581   581 I SpiService: fgesysctrl_getGPIO_status success val=1
05-27 18:23:21.432   299  1153 D EvsDriver: doneWithFrame
05-27 08:14:30.391   581   581 D spi_rst_gpio_get_output: GPIO 145 value: 1
05-27 08:14:30.391   581   581 D spidev_ioctl: gpio status=1)
05-27 08:14:30.396   581   581 D spi_rst_gpio_get_output: GPIO 145 value: 1
05-27 08:14:30.396   581   581 D spidev_ioctl: gpio status=1)
05-27 18:23:21.433   299 30841 D EvsDriver: forwardFrame
05-27 18:23:21.434  1167  1184 D evsmanagerd: /dev/video4 forwarded the buffer #0 to 0xb4000074bf5f6850 from 0xb4000074bf5f41d0
05-27 18:23:21.436 13911 14183 I SentryImuMcuAngleSender: 179.97197rollDeg
05-27 18:23:21.436 13911 14183 I SentryImuMcuAngleSender: 1,0,0
05-27 18:23:21.436   299 30841 D EvsDriver: Delivered 0xb400007b7ca56a60 as id 0
05-27 18:23:21.437   299  1153 D EvsDriver: doneWithFrame
05-27 18:23:21.437   581   581 I SpiService: fgesysctrl_getGPIO_status success val=1
05-27 18:23:21.438  1008 30856 D [OMXB]  : usingANWBuffer: handle:0xee746cb0, format:1, w:1920, h:1080
05-27 18:23:21.440   536   560 D commservice260303: recv len:77, 5AA500490600000036416A16C6197B22636F6D6D616E64223A7B226964223A226473695F6C7578222C22737562223A22227D2C22636F6E74656E74223A7B2276616C7565223A3230307D7DE89C from server
05-27 18:23:21.440   536  2578 D commservice260303: mcuDataAnalyzeHandle templen:77,len:77,pos:0, 5AA500490600000036416A16C6197B22636F6D6D616E64223A7B226964223A226473695F6C7578222C22737562223A22227D2C22636F6E74656E74223A7B2276616C7565223A3230307D7DE89C 
05-27 18:23:21.440   536  2578 I commservice260303: checksumCal = 59548
05-27 18:23:21.441   536  2578 D commservice260303: CommProtocolLibCmdBaseC2I::dataproc {"command":{"id":"dsi_lux","sub":""},"content":{"value":200}},6
05-27 18:23:21.441   536  2578 D commservice260303: mcuCommMessageManager::notifyMsgToClient hwbinder OK
05-27 18:23:21.441   536  2578 D commservice260303: McuProtocolLibSend2Service::send2Service ret=1
05-27 18:23:21.441 12246 12440 D ivicomm_CommManager: fgeComServiceCallback: {"command":{"id":"dsi_lux","sub":""},"content":{"value":200}}
05-27 18:23:21.442 12246 12440 D ivicomm_CallbackManager: registerCallback DSI_LUX: {"value":200} mCommStateCallbackMap size:4
05-27 08:14:30.402   581   581 D spi_rst_gpio_get_output: GPIO 145 value: 1
05-27 08:14:30.402   581   581 D spidev_ioctl: gpio status=1)
05-27 08:14:30.408   581   581 D spi_rst_gpio_get_output: GPIO 145 value: 1
05-27 08:14:30.408   581   581 D spidev_ioctl: gpio status=1)
05-27 18:23:21.442 11579 11619 D NSLogUtils_VehicleService: L2A comm state: id=dsi_lux, value=200
05-27 18:23:21.443   581   581 I SpiService: fgesysctrl_getGPIO_status success val=1
05-27 18:23:21.444 11344  6590 D SystemUI_SystemSettingsControllerService: onCommState: commandID = dsi_lux; value = 200
05-27 08:14:30.414   581   581 D spi_rst_gpio_get_output: GPIO 145 value: 0
05-27 08:14:30.414   581   581 D spidev_ioctl: gpio status=0)
05-27 18:23:21.449   581   581 I SpiService: fgesysctrl_getGPIO_status success val=0
05-27 18:23:21.451  5733  5733 D AnwSdkService: apk rom size:40.90M
05-27 18:23:21.451   566 11459 I gps_hdbd: Received: '$GNINS,1,1,TYPE,I,V,003912.000,17863000,FUS,-2,0,0,0,MOT,V,1,PATT,0.00,0.00,0.00,VEL,0.000,0.000,0.000,POS,40.0001330924,116.0001570688,84.176,IIA,1,0.00,0.00,0.00,BGA,0.31,-0.66,-0.13,0.000,0.000,0.000,IGA,0,-1,0,0,-2,98,VG,16c2ff1*10
'
05-27 18:23:21.451   283   307 I rvcservice: t.code = 7, t.value = 9268497
05-27 18:23:21.452  5733  5733 D AnwSdkService: [android.permission.READ_EXTERNAL_STORAGE] permision is GRANTED
05-27 18:23:21.454  5733  5733 D AnwSdkService: [android.permission.WRITE_EXTERNAL_STORAGE] permision is GRANTED
05-27 18:23:21.454   536   536 D commservice260303: msg.id = 1028,1
05-27 18:23:21.454   536   536 D commservice260303: i = 170, msgid = 8A000404
05-27 18:23:21.454   536   536 D commservice260303: msgid = -1979710460,did=138
05-27 18:23:21.454   536   536 D commservice260303: CommProtocolLibCmdBaseI2C::dataproc {"command":{"id":"imu_status","sub":""},"content":{"TimeStamp":9,"FrameCounter":215008,"GD_X":-0.011910883709788322,"GD_Y":0.004963258747011423,"GD_Z":0.002213752595707774,"AD_X":-0.004202485084533691,"AD_Y":0.0027675230521708727,"AD_Z":-0.16828536987304688,"TempDsp":0,"Status":0,"CalibState":1,"SigAmpInvalid":0}},-1979710460
05-27 18:23:21.455   536   536 D commservice260303: send2Cluster len:315, 7B22636F6D6D616E64223A7B226964223A22696D755F737461747573222C22737562223A22227D2C22636F6E74656E74223A7B2254696D655374616D70223A392C224672616D65436F756E746572223A3231353030382C2247445F58223A2D302E3031313931303838333730393738383332322C2247445F59223A302E3030343936333235383734373031313432332C2247445F5A223A302E3030323231333735323539353730373737342C2241445F58223A2D302E3030343230323438353038343533333639312C2241445F59223A302E303032373637353233303532313730383732372C2241445F5A223A2D302E31363832383533363938373330343638382C2254656D70447370223A302C22537461747573223A302C2243616C69625374617465223A312C22536967416D70496E76616C6964223A307D7D, 138 
05-27 18:23:21.455   536   536 D commservice260303: Push Message into SendPool fn=-1367014656
05-27 18:23:21.455   536   536 D commservice260303: ComProtocolLibSend2Cluster::send2ClusterRaw fn=-1367014656 , len=331
05-27 18:23:21.455   536   536 D commservice260303: sendCmdToPort :331!!!
05-27 18:23:21.455   536   536 D commservice260303: send Cmd To Port ++++5AA501478A01000385AE6A16C6197B22636F6D6D616E64223A7B226964223A22696D755F737461747573222C22737562223A22227D2C22636F6E74656E74223A7B2254696D655374616D70223A392C224672616D65436F756E746572223A3231353030382C2247445F58223A2D302E3031313931303838333730393738383332322C2247445F59223A302E3030343936333235383734373031313432332C2247445F5A223A302E3030323231333735323539353730373737342C2241445F58223A2D302E3030343230323438353038343533333639312C2241445F59223A302E303032373637353233303532313730383732372C2241445F5A223A2D302E31363832383533363938373330343638382C2254656D70447370223A302C22537461747573223A302C2243616C69625374617465223A312C22536967416D70496E76616C6964223A307D7DD8BD
05-27 18:23:21.455   536   536 D commservice260303: bufferevent_write retrun value = 0
05-27 18:23:21.455   536   560 D commservice260303: client datas send succeed,send finish
05-27 18:23:21.457 13911 14183 I SentryImuMcuAngleSender: 179.97197rollDeg
05-27 18:23:21.457 13911 14183 I SentryImuMcuAngleSender: 1,0,0
05-27 18:23:21.457   566 11459 I gps_hdbd: Received: '$GNINS,CARSPEED,ADR_STATUS,0,Pulse_count,0,1,0,0,17863000,92480,0.000,0.000,0.000*3A
'
05-27 18:23:21.457 13911 14192 D Sentinelmode_1.2.5.17_sentry: <SentryImuClusterFgeSender>imu_status sent to Linux, frame=215008, tsNs=9268682, tsMs=9, intervalMs=43, ad=(-0.004202485,0.002767523,-0.16828537), gd=(-0.011910884,0.0049632587,0.0022137526)
05-27 18:23:21.458   299 30841 D EvsDriver: forwardFrame
05-27 18:23:21.459   299 30841 D EvsDriver: Delivered 0xb400007b7ca56a60 as id 0
05-27 18:23:21.459  1167  1184 D evsmanagerd: /dev/video4 forwarded the buffer #0 to 0xb4000074bf5f6850 from 0xb4000074bf5f41d0
05-27 18:23:21.459 30773 30782 E dvr_service_: [myNum:0] Received S**** loss
05-27 18:23:21.460   299  1153 D EvsDriver: doneWithFrame
05-27 18:23:21.463  5733  5733 D AnwSdkService: onCreate end
05-27 18:23:21.463   566 11459 I gps_hdbd: Received: '$GNTXT,04,01,04,INS,V,1,,,,FLG,1,000000,1,0,1,0,0,Con,0*71
'
05-27 18:23:21.463   566 11459 I gps_hdbd: Received: '$GNTXT,INSTALL,0.00,0.00,0.00,0.00,0.00,0.00,0*20
'
05-27 18:23:21.463  5733  5733 D AnwSdkService: onBind
05-27 18:23:21.464   581   581 I SpiService: fgesysctrl_getGPIO_status success val=1
05-27 18:23:21.464   481   598 I mcuc    : rev,n=1,6AA681BAB4000A890067010409201234564D
05-27 18:23:21.464  1121  1144 I tboxmids_ap: [2026-05-27 18:23:21.464] [MCU RX] src=MCU dst=ZMQ len=10 type=BINARY data=00 08 67 01 04 09 20 12 34 56 
05-27 18:23:21.464   351   373 D automotive.vehicle@2.0-adayo-datacomm-mcu: MCUDatacomm sendMessageFromVehicle prop: 0x89, areaId: 0x0, status: 0x67, timestamp: 0x1
05-27 18:23:21.464   351   373 D automotive.vehicle@2.0-adayo-datacomm-mcu: MCUDatacomm 1sendMessageFromVehicle ---> type = 12 
05-27 08:14:30.429   581   581 D spi_rst_gpio_get_output: GPIO 145 value: 1
05-27 08:14:30.429   581   581 D spidev_ioctl: gpio status=1)
05-27 18:23:21.465  1083  1083 I MyAppLog: [2026-05-27 18:23:21.465 I tboxap mcuCommTboxmidsRecvCb:97] [Mcu] [mcuCommTboxmidsRecvCb] recv from tboxmids, size:10
05-27 18:23:21.465  1083  1083 I MyAppLog: [2026-05-27 18:23:21.465 I tboxap mcuCommTboxmidsRecvCb:98] [Mcu] [tboxmids -> tboxap]: :00 08 67 01 04 09 20 12 34 56
05-27 18:23:21.465 13435 13435 D BtManager: onServiceConnected
05-27 08:14:30.434   581   581 D spi_rst_gpio_get_output: GPIO 145 value: 1
05-27 08:14:30.434   581   581 D spidev_ioctl: gpio status=1)
05-27 08:14:30.440   581   581 D spi_rst_gpio_get_output: GPIO 145 value: 1
05-27 08:14:30.440   581   581 D spidev_ioctl: gpio status=1)
05-27 18:23:21.465  1083  1083 I MyAppLog: [2026-05-27 18:23:21.465 I tboxap mcuPtlParseData:990] [Mcu] [Mcu  Parse]: (cmd):0920 (param):0920123456
05-27 18:23:21.466  1083  1083 W MyAppLog: [2026-05-27 18:23:21.465 W tboxap mcuParamDataRevPack:918] [Mcu] mcuParamDataRevPack start pack data!!!
05-27 18:23:21.466   299 30844 D EvsDriver: forwardFrame
05-27 18:23:21.466  1083  1083 W MyAppLog: [2026-05-27 18:23:21.465 W tboxap mcuHandleTrigAlarmInd:1906] [Mcu] [mcuHandleTrigAlarmInd] trig alarm rpt, msgId:0x0200 alarmType:0x12 12VBatt:0x34
05-27 18:23:21.466  1083  1083 I MyAppLog: [2026-05-27 18:23:21.465 I tboxap mcuSendYadiTransfer:196] [Mcu] [mcuYadiSend]: :00 06 53 04 01 09 A0 01
05-27 18:23:21.466  1083  1083 W MyAppLog: [2026-05-27 18:23:21.465 W tboxap tsp_ExternalEvent:109] [Tsp] [tsp_ExternalEvent] recv ExternalEvent = 61, size:4
05-27 18:23:21.466  1083  1083 W MyAppLog: [2026-05-27 18:23:21.465 W tboxap tsp_TrigAlarmFilter:621] [Tsp] [tsp_TrigAlarmFilter] bit[1] check start: isActive:1 wasActive:1 lastReport:1779875391 delta:2010 severeCnt:0 severeDelta:-1
05-27 18:23:21.466   481   598 I mcuc    : rev,n=2,6AA681BAB5000B8300E00000000000000000A2
05-27 18:23:21.467   351   373 D automotive.vehicle@2.0-adayo-datacomm-mcu: MCUDatacomm sendMessageFromVehicle prop: 0x83, areaId: 0x0, status: 0x0, timestamp: 0x0
05-27 18:23:21.467   351   373 D automotive.vehicle@2.0-adayo-datacomm-mcu: MCUDatacomm 1sendMessageFromVehicle ---> type = 7 
05-27 18:23:21.467   351   373 I automotive.vehicle@2.0-adayo-func-mcu: MCUFunc :sendMessageFromVehicle  msgBuff[0] = 131 
05-27 18:23:21.467   351   373 I automotive.vehicle@2.0-adayo-func-mcu: MCUFunc :sendMessageFromVehicle  msgBuff[1] = 0 
05-27 18:23:21.467   351   373 I automotive.vehicle@2.0-adayo-func-mcu: MCUFunc :sendMessageFromVehicle  msgBuff[2] = 0 
05-27 18:23:21.467   351   373 I automotive.vehicle@2.0-adayo-func-mcu: MCUFunc :sendMessageFromVehicle  msgBuff[3] = 0 
05-27 18:23:21.467   351   373 I automotive.vehicle@2.0-adayo-func-mcu: MCUFunc :sendMessageFromVehicle  msgBuff[4] = 3 
05-27 18:23:21.467  1083  1083 W MyAppLog: [2026-05-27 18:23:21.465 W tboxap tsp_TrigAlarmFilter:668] [Tsp] [tsp_TrigAlarmFilter] bit[1] check done: allow:0 outAlarmType:0x00 outBatt:0x00
05-27 18:23:21.467   351   373 I automotive.vehicle@2.0-adayo-func-mcu: MCUFunc :sendMessageFromVehicle  msgBuff[5] = 1 
05-27 18:23:21.467   299 30844 D EvsDriver: Delivered 0xb400007b7ca56900 as id 0
05-27 18:23:21.467   351   373 I automotive.vehicle@2.0-adayo-func-mcu: MCUFunc :sendMessageFromVehicle  msgBuff[6] = 0 
05-27 18:23:21.467   351   373 I automotive.vehicle@2.0-adayo-func-mcu: MCUFunc :sendMessageFromVehicle  msgBuff[7] = 0 
05-27 18:23:21.467   351   373 I automotive.vehicle@2.0-adayo-func-mcu: MCUFunc :sendMessageFromVehicle  msgBuff[8] = 0 
05-27 18:23:21.467   351   373 I automotive.vehicle@2.0-adayo-func-mcu: MCUFunc :sendMessageFromVehicle  msgBuff[9] = 0 
05-27 18:23:21.467   351   373 I automotive.vehicle@2.0-adayo-func-mcu: MCUFunc :sendMessageFromVehicle  msgBuff[10] = 0 
05-27 18:23:21.467  1083  1083 W MyAppLog: [2026-05-27 18:23:21.465 W tboxap tsp_TrigAlarmFilter:621] [Tsp] [tsp_TrigAlarmFilter] bit[10] check start: isActive:1 wasActive:1 lastReport:1779875391 delta:2010 severeCnt:0 severeDelta:-1
05-27 18:23:21.467   351   373 I automotive.vehicle@2.0-adayo-func-mcu: MCUFunc :sendMessageFromVehicle  msgBuff[11] = 0 
05-27 18:23:21.467   351   373 I automotive.vehicle@2.0-adayo-func-mcu: MCUFunc :sendMessageFromVehicle  msgBuff[12] = 0 
05-27 18:23:21.467   351   373 I automotive.vehicle@2.0-adayo-func-mcu: MCUFunc :sendMessageFromVehicle  msgBuff[13] = 0 
05-27 18:23:21.467   351   373 I automotive.vehicle@2.0-adayo-func-mcu: MCUFunc :sendMessageFromVehicle  msgBuff[14] = 0 
05-27 18:23:21.467  1083  1083 W MyAppLog: [2026-05-27 18:23:21.465 W tboxap tsp_TrigAlarmFilter:668] [Tsp] [tsp_TrigAlarmFilter] bit[10] check done: allow:0 outAlarmType:0x00 outBatt:0x00
05-27 18:23:21.467   351   373 I automotive.vehicle@2.0-adayo-func-mcu: MCUFunc :sendMessageFromVehicle  msgBuff[15] = 0 
05-27 18:23:21.467  1167  1184 D evsmanagerd: /dev/video6 forwarded the buffer #0 to 0xb4000074bf5f5510 from 0xb4000074bf5f6d90
05-27 18:23:21.467   351   373 I automotive.vehicle@2.0-adayo-func-mcu: MCUFunc :sendMessageFromVehicle  msgBuff[16] = 0 
05-27 18:23:21.467  1083  1083 W MyAppLog: [2026-05-27 18:23:21.465 W tboxap tsp_TrigAlarmFilter:677] [Tsp] [tsp_TrigAlarmFilter] input alarmType:0x02 batt:0x04 output alarmType:0x00 batt:0x00 severeCnt:0
05-27 18:23:21.467 30773 30782 E dvr_service_: [myNum:1] Received S**** loss
05-27 18:23:21.468   481   599 I mcuc    : start timer OK = 26045 
05-27 18:23:21.468  5733  5749 D AnwSdkService: GetPowerStatus = POWER_OFF
05-27 18:23:21.468   299  1153 D EvsDriver: doneWithFrame
05-27 18:23:21.468  5733  5749 D AnwSdkService: ANWBT_GetBTPowerStatus() POWER_OFF
05-27 18:23:21.468  1008 30857 D [OMXB]  : usingANWBuffer: handle:0xee7407a0, format:1, w:1920, h:1080
05-27 18:23:21.468  5733  5749 D AnwSdkService: GetPowerStatus = POWER_OFF
05-27 18:23:21.469 13435 13435 D BtManager: ANWBT_BTPowerOn
05-27 18:23:21.469 13435 13435 D BtManager: ANWBT_GetBTPowerStatus
05-27 18:23:21.469   481   598 I mcuc    : rev,n=3,6AA681BAB6000384150073
05-27 18:23:21.470  5733  5749 D AnwSdkService: GetPowerStatus = POWER_OFF
05-27 18:23:21.470  5733  5749 D AnwSdkService: ANWBT_GetBTPowerStatus() POWER_OFF
05-27 18:23:21.470  5733  5749 D AnwSdkService: GetPowerStatus = POWER_OFF
05-27 18:23:21.470   581   581 I SpiService: fgesysctrl_getGPIO_status success val=1
05-27 18:23:21.471   481   598 I mcuc    : rev,n=4,6AA681BAB7008C8305000055000000B000000000000100010000D11FDAB1CD6758DAD1DACD96D4DAD0B59BDAD1B246167D778C3000000000040000B3000000000000000000000000000000B44300000000000300000000000000AA000000E40701010000000000000000BB06050507EA051B000008009403CB00CC000000000000000000000000000000B50000000000000000BE
05-27 18:23:21.471   351   373 D automotive.vehicle@2.0-adayo-datacomm-mcu: MCUDatacomm sendMessageFromVehicle prop: 0x83, areaId: 0x5, status: 0x0, timestamp: 0x0
05-27 18:23:21.471   481   598 I mcuc    : rev,n=5,6AA68265BC0002090151
05-27 18:23:21.472   351   373 D automotive.vehicle@2.0-adayo-datacomm-mcu: MCUDatacomm 1sendMessageFromVehicle ---> type = 7 
05-27 18:23:21.472   351   373 I automotive.vehicle@2.0-adayo-func-mcu: MCUFunc :sendMessageFromVehicle  msgBuff[0] = 131 
05-27 18:23:21.472   351   373 I automotive.vehicle@2.0-adayo-func-mcu: MCUFunc :sendMessageFromVehicle  msgBuff[1] = 5 
05-27 18:23:21.472   351   373 I automotive.vehicle@2.0-adayo-func-mcu: MCUFunc :sendMessageFromVehicle  msgBuff[2] = 0 
05-27 18:23:21.472   351   373 I automotive.vehicle@2.0-adayo-func-mcu: MCUFunc :sendMessageFromVehicle  msgBuff[3] = 0 
05-27 18:23:21.472   351   373 I automotive.vehicle@2.0-adayo-func-mcu: MCUFunc :sendMessageFromVehicle  msgBuff[4] = 85 
05-27 18:23:21.472   351   373 I automotive.vehicle@2.0-adayo-func-mcu: MCUFunc :sendMessageFromVehicle  msgBuff[5] = 0 
05-27 18:23:21.473  5733  5749 D AnwSdkService: anw-update,bt_java_data:20260516
05-27 18:23:21.473  5733  5749 D AnwSdkService: ANWBT_BTPowerOn()
05-27 18:23:21.475  5733  5749 D AnwSdkService: GetPowerStatus = POWER_OFF
05-27 18:23:21.475  5733  5749 D AnwSdkService: SetPowerStatus = POWER_ONING
05-27 18:23:21.475   581   581 I SpiService: fgesysctrl_getGPIO_status success val=1
05-27 18:23:21.477 13911 14183 I SentryImuMcuAngleSender: 180.0rollDeg
05-27 18:23:21.477 13911 14183 I SentryImuMcuAngleSender: 1,0,0
05-27 18:23:21.480  5733  5758 I ANWJNI_SECOND: anw-update,bt_jni_data: 20260516
05-27 18:23:21.480  5733  5758 D ANWAPI_SECOND: (5733|0x286FCCB0)[BTAPI] SDK >>>>AnWBT_Snoop_Open
05-27 18:23:21.480  5733  5758 D ANWJNI_SECOND: (5733|0x286FCCB0)[BTAPP] PowOn_Thread
05-27 18:23:21.480  5733  5758 D ANWJNI_SECOND: 
05-27 18:23:21.481   581   581 I SpiService: fgesysctrl_getGPIO_status success val=1
05-27 08:14:30.445   581   581 D spi_rst_gpio_get_output: GPIO 145 value: 1
05-27 08:14:30.446   581   581 D spidev_ioctl: gpio status=1)
05-27 18:23:21.482  5733  5759 D ANWJNI_SECOND: (5733|0x285F2CB0)[BTAPP] BTPowerOn!!
05-27 18:23:21.482  5733  5759 D ANWJNI_SECOND: (5733|0x285F2CB0)[BTAPP] in thread_power_on_func,getpid()=5733, priority = 10
05-27 18:23:21.482  5733  5759 D ANWJNI_SECOND: 
05-27 18:23:21.482  5733  5759 D ANWJNI_SECOND: (5733|0x285F2CB0)[BTAPP] doPowerOn_Timeout_Thread_Create
05-27 18:23:21.482  5733  5759 D ANWJNI_SECOND: 
05-27 18:23:21.482 13435 13435 I BtManager: ANWBT_BTPowerOn result = 0
05-27 18:23:21.482 13435 13435 D BtManager: ret = 2
05-27 18:23:21.482  5733  5759 D ANWJNI_SECOND: (5733|0x285F2CB0)[BTAPP] AnWBT_SetInitialValue(hfphf:0)(hfpag:2)(pbap:0)(map:0)(a2dpsink:0)(a2dpsource:2)(avrcpct:0)(avrcttg:2)
05-27 18:23:21.482  5733  5759 D ANWJNI_SECOND: 
05-27 18:23:21.482  5733  5759 D ANWAPI_SECOND: (5733|0x285F2CB0)[BTAPI] SDK >>>>AnWBT_SetInitialValue devclass: 0x3c020c
05-27 18:23:21.482  5733  5759 D ANWAPI_SECOND: (5733|0x285F2CB0)[BTAPI] AnWBT_SetInitialValue avrcp_tg_attribute=6
05-27 18:23:21.482  5733  5759 D ANWAPI_SECOND: (5733|0x285F2CB0)[BTAPI] SDK <<<<AnWBT_SetInitialValue 0x0
05-27 18:23:21.482  5733  5759 D ANWAPI_SECOND: (5733|0x285F2CB0)[BTAPI] SDK >>>>AnWBT_HFP_Enable_WBS 1
05-27 18:23:21.482  5733  5760 D ANWJNI_SECOND: (5733|0x284F4CB0)[BTAPP] doPowerOn_Timeout_Thread
05-27 18:23:21.482  5733  5760 D ANWJNI_SECOND: 
05-27 18:23:21.483  5733  5759 D ANWAPI_SECOND: (5733|0x285F2CB0)[BTAPI] SDK <<<<AnWBT_HFP_Enable_WBS 0
05-27 18:23:21.483  5733  5759 D ANW_WAVEOUT_SECOND: (5733|0x285F2CB0)[WAVEOUT] init Audio PCM Thread Mute(800)(101)
05-27 18:23:21.483  5733  5759 D ANW_WAVEOUT_SECOND: 
05-27 18:23:21.483  5733  5759 D ANWAPI_SECOND: (5733|0x285F2CB0)[BTAPI] anw-update,bt_sdk_data:20260516-not_supportLea
05-27 18:23:21.483  5733  5759 D ANWAPI_SECOND: (5733|0x285F2CB0)[BTAPI] SDK >>>>AnWBT_Init
05-27 18:23:21.483  5733  5759 D ANWAPI_SECOND: (5733|0x285F2CB0)[BTAPI] AnWBTSDK_Version=0x0300002a
05-27 18:23:21.483  1008 30856 D [OMXB]  : usingANWBuffer: handle:0xee745760, format:1, w:1920, h:1080
05-27 18:23:21.483  5733  5759 D ANWAPI_SECOND: (5733|0x285F2CB0)[BTAPI] >>>>AnWBT_EEPROM_Read 
05-27 18:23:21.483  5733  5759 D ANWAPI_SECOND: (5733|0x285F2CB0)[BTAPI] B:Rpaired_storage[0]name[]addr[00:00:00:00:00:00]linkkey[00:00:00:00:00:00:00:00:00:00:00:00:00:00:00:00]
05-27 18:23:21.483  5733  5759 D ANWAPI_SECOND: (5733|0x285F2CB0)[BTAPI] B:Rpaired_storage[1]name[]addr[00:00:00:00:00:00]linkkey[00:00:00:00:00:00:00:00:00:00:00:00:00:00:00:00]
05-27 18:23:21.483  5733  5759 D ANWAPI_SECOND: (5733|0x285F2CB0)[BTAPI] B:Rpaired_storage[2]name[]addr[00:00:00:00:00:00]linkkey[00:00:00:00:00:00:00:00:00:00:00:00:00:00:00:00]
05-27 18:23:21.483  5733  5759 D ANWAPI_SECOND: (5733|0x285F2CB0)[BTAPI] B:Rpaired_storage[3]name[]addr[00:00:00:00:00:00]linkkey[00:00:00:00:00:00:00:00:00:00:00:00:00:00:00:00]
05-27 18:23:21.483  5733  5759 D ANWAPI_SECOND: (5733|0x285F2CB0)[BTAPI] B:Rpaired_storage[4]name[]addr[00:00:00:00:00:00]linkkey[00:00:00:00:00:00:00:00:00:00:00:00:00:00:00:00]
05-27 18:23:21.483  5733  5759 D ANWAPI_SECOND: (5733|0x285F2CB0)[BTAPI] B:Rpaired_storage[5]name[]addr[00:00:00:00:00:00]linkkey[00:00:00:00:00:00:00:00:00:00:00:00:00:00:00:00]
05-27 18:23:21.483  5733  5759 D ANWAPI_SECOND: (5733|0x285F2CB0)[BTAPI] B:Rpaired_storage[6]name[]addr[00:00:00:00:00:00]linkkey[00:00:00:00:00:00:00:00:00:00:00:00:00:00:00:00]
05-27 18:23:21.483  5733  5759 D ANWAPI_SECOND: (5733|0x285F2CB0)[BTAPI] B:Rpaired_storage[7]name[]addr[00:00:00:00:00:00]linkkey[00:00:00:00:00:00:00:00:00:00:00:00:00:00:00:00]
05-27 18:23:21.483  5733  5759 D ANWAPI_SECOND: (5733|0x285F2CB0)[BTAPI] B:Rpaired_storage[8]name[]addr[00:00:00:00:00:00]linkkey[00:00:00:00:00:00:00:00:00:00:00:00:00:00:00:00]
05-27 18:23:21.483  5733  5759 D ANWAPI_SECOND: (5733|0x285F2CB0)[BTAPI] B:Rpaired_storage[9]name[]addr[00:00:00:00:00:00]linkkey[00:00:00:00:00:00:00:00:00:00:00:00:00:00:00:00]
05-27 18:23:21.483  5733  5759 D ANWAPI_SECOND: (5733|0x285F2CB0)[BTAPI] B:Rpaired_storage[10]name[]addr[00:00:00:00:00:00]linkkey[00:00:00:00:00:00:00:00:00:00:00:00:00:00:00:00]
05-27 18:23:21.484  5733  5759 D ANW_AVRCP_SECOND: AnWBT_ReadStorage =/data/misc/anw//anwbt_storage.bin
05-27 18:23:21.484  5733  5759 D ANW_AVRCP_SECOND: AnWBT_ReadStorage open anwbt_bt_storage success
05-27 18:23:21.484  5733  5759 D ANW_AVRCP_SECOND: 
05-27 18:23:21.484  5733  5759 D ANW_AVRCP_SECOND: read storage size=6600
05-27 18:23:21.484  5733  5759 D ANW_AVRCP_SECOND: 
05-27 18:23:21.484  5733  5759 D ANWAPI_SECOND: (5733|0x285F2CB0)[BTAPI] A:Readpaired_storage[0]name[]cod[0]support[0]addr[00:00:00:00:00:00]linkkey[00:00:00:00:00:00:00:00:00:00:00:00:00:00:00:00]
