05-27 18:23:21.088   536   536 D commservice260303: Push Message into SendPool fn=-1518009600
05-27 18:23:21.088   536   536 D commservice260303: ComProtocolLibSend2Cluster::send2ClusterRaw fn=-1518009600 , len=332
05-27 18:23:21.089   536   536 D commservice260303: sendCmdToPort :332!!!
05-27 18:23:21.089   536   536 D commservice260303: send Cmd To Port ++++5AA501488A01000385A56A16C6197B22636F6D6D616E64223A7B226964223A22696D755F737461747573222C22737562223A22227D2C22636F6E74656E74223A7B2254696D655374616D70223A392C224672616D65436F756E746572223A3231343939392C2247445F58223A2D302E3031313833343934323733353733313630322C2247445F59223A302E3030343936333235383734373031313432332C2247445F5A223A302E303032333637313936363034363039343839342C2241445F58223A2D302E303031373637353031323335303038323339372C2241445F59223A332E373036333333323237343535363136452D342C2241445F5A223A2D302E31373037323339313531303030393736362C2254656D70447370223A302C22537461747573223A302C2243616C69625374617465223A312C22536967416D70496E76616C6964223A307D7D2B44
05-27 18:23:21.089   536   536 D commservice260303: bufferevent_write retrun value = 0
05-27 18:23:21.089   536   560 D commservice260303: client datas send succeed,send finish
05-27 18:23:21.089 13911 14192 D Sentinelmode_1.2.5.17_sentry: <SentryImuClusterFgeSender>imu_status sent to Linux, frame=214999, tsNs=9268336, tsMs=9, intervalMs=40, ad=(-0.0017675012,3.7063332E-4,-0.17072392), gd=(-0.011834943,0.0049632587,0.0023671966)
05-27 18:23:21.093 13911 14183 I SentryImuMcuAngleSender: [4, 18, 1, 0, 0],5
05-27 18:23:21.093 13911 14183 I McuCommManager: mcuCommSendcmd [4, 18, 1, 0, 0]
05-27 18:23:21.093 13911 14183 I SentryImuMcuAngleSender: true
05-27 18:23:21.093 13911 14183 W Sentinelmode_1.2.5.17_sentry: <SentryImuMcuAngleSender>MCU IMU send interval abnormal: 1001ms
05-27 18:23:21.094   581   581 I SpiService: fgesysctrl_getGPIO_status success val=1
05-27 08:14:30.059   581   581 D spi_rst_gpio_get_output: GPIO 145 value: 1
05-27 08:14:30.059   581   581 D spidev_ioctl: gpio status=1)
05-27 18:23:21.097 13911 14183 I SentryImuMcuAngleSender: 179.986rollDeg
05-27 18:23:21.098 13911 14183 I SentryImuMcuAngleSender: 1,0,0
05-27 18:23:21.098   299 30844 D EvsDriver: forwardFrame
05-27 08:14:30.065   581   581 D spi_rst_gpio_get_output: GPIO 145 value: 1
05-27 08:14:30.065   581   581 D spidev_ioctl: gpio status=1)
05-27 18:23:21.099   299 30841 D EvsDriver: forwardFrame
05-27 18:23:21.099  1116  1135 I adbd    : jdwp connection from 5733
05-27 18:23:21.100   581   581 I SpiService: fgesysctrl_getGPIO_status success val=1
05-27 18:23:21.100   299 30844 D EvsDriver: Delivered 0xb400007b7ca56900 as id 0
05-27 18:23:21.101  1167  1184 D evsmanagerd: /dev/video6 forwarded the buffer #0 to 0xb4000074bf5f5510 from 0xb4000074bf5f6d90
05-27 18:23:21.102  1167  1184 D evsmanagerd: /dev/video4 forwarded the buffer #0 to 0xb4000074bf5f6850 from 0xb4000074bf5f41d0
05-27 18:23:21.102   299 30841 D EvsDriver: Delivered 0xb400007b7ca56a60 as id 0
05-27 18:23:21.105   299  1153 D EvsDriver: doneWithFrame
05-27 18:23:21.106   581   581 I SpiService: fgesysctrl_getGPIO_status success val=1
05-27 08:14:30.071   581   581 D spi_rst_gpio_get_output: GPIO 145 value: 1
05-27 08:14:30.071   581   581 D spidev_ioctl: gpio status=1)
05-27 18:23:21.110   299  1153 D EvsDriver: doneWithFrame
05-27 18:23:21.112   581   581 I SpiService: fgesysctrl_getGPIO_status success val=1
05-27 08:14:30.077   581   581 D spi_rst_gpio_get_output: GPIO 145 value: 1
05-27 08:14:30.077   581   581 D spidev_ioctl: gpio status=1)
05-27 18:23:21.116  1008 30856 D [OMXB]  : usingANWBuffer: handle:0xee741c40, format:1, w:1920, h:1080
05-27 18:23:21.117 13911 14183 I SentryImuMcuAngleSender: 179.97899rollDeg
05-27 18:23:21.118   581   581 I SpiService: fgesysctrl_getGPIO_status success val=0
05-27 18:23:21.118 13911 14183 I SentryImuMcuAngleSender: 1,0,0
05-27 18:23:21.118   481   597 I mcuc    : send SPI:6AA60065BB00050412010000C4
05-27 08:14:30.082   581   581 D spi_rst_gpio_get_output: GPIO 145 value: 0
05-27 08:14:30.082   581   581 D spidev_ioctl: gpio status=0)
05-27 18:23:21.125  5733  5733 W ziparchive: Unable to open '/system_ext/framework/unisoc-framework.dm': No such file or directory
05-27 18:23:21.125  5733  5733 W ziparchive: Unable to open '/system_ext/framework/unisoc-framework.dm': No such file or directory
05-27 18:23:21.128   536   536 D commservice260303: msg.id = 1028,0
05-27 18:23:21.128   536   536 D commservice260303: i = 170, msgid = 8A000404
05-27 18:23:21.128   536   536 D commservice260303: msgid = -1979710460,did=138
05-27 18:23:21.128   536   536 D commservice260303: CommProtocolLibCmdBaseI2C::dataproc {"command":{"id":"imu_status","sub":""},"content":{"TimeStamp":9,"FrameCounter":215000,"GD_X":-0.011759000830352306,"GD_Y":0.0048857564106583595,"GD_Z":0.002443138277158141,"AD_X":-0.0011634379625320435,"AD_Y":9.729273151606321E-4,"AD_Z":-0.16889381408691406,"TempDsp":0,"Status":0,"CalibState":1,"SigAmpInvalid":0}},-1979710460
05-27 18:23:21.128   536   536 D commservice260303: send2Cluster len:316, 7B22636F6D6D616E64223A7B226964223A22696D755F737461747573222C22737562223A22227D2C22636F6E74656E74223A7B2254696D655374616D70223A392C224672616D65436F756E746572223A3231353030302C2247445F58223A2D302E3031313735393030303833303335323330362C2247445F59223A302E303034383835373536343130363538333539352C2247445F5A223A302E3030323434333133383237373135383134312C2241445F58223A2D302E303031313633343337393632353332303433352C2241445F59223A392E373239323733313531363036333231452D342C2241445F5A223A2D302E31363838393338313430383639313430362C2254656D70447370223A302C22537461747573223A302C2243616C69625374617465223A312C22536967416D70496E76616C6964223A307D7D, 138 
05-27 18:23:21.128   536   536 D commservice260303: Push Message into SendPool fn=-1501232384
05-27 18:23:21.128   536   536 D commservice260303: ComProtocolLibSend2Cluster::send2ClusterRaw fn=-1501232384 , len=332
05-27 18:23:21.128   536   536 D commservice260303: sendCmdToPort :332!!!
05-27 18:23:21.128   536   536 D commservice260303: send Cmd To Port ++++5AA501488A01000385A66A16C6197B22636F6D6D616E64223A7B226964223A22696D755F737461747573222C22737562223A22227D2C22636F6E74656E74223A7B2254696D655374616D70223A392C224672616D65436F756E746572223A3231353030302C2247445F58223A2D302E3031313735393030303833303335323330362C2247445F59223A302E303034383835373536343130363538333539352C2247445F5A223A302E3030323434333133383237373135383134312C2241445F58223A2D302E303031313633343337393632353332303433352C2241445F59223A392E373239323733313531363036333231452D342C2241445F5A223A2D302E31363838393338313430383639313430362C2254656D70447370223A302C22537461747573223A302C2243616C69625374617465223A312C22536967416D70496E76616C6964223A307D7DFEFE
05-27 18:23:21.128   536   536 D commservice260303: bufferevent_write retrun value = 0
05-27 18:23:21.129   536   560 D commservice260303: client datas send succeed,send finish
05-27 18:23:21.129 13911 14192 D Sentinelmode_1.2.5.17_sentry: <SentryImuClusterFgeSender>imu_status sent to Linux, frame=215000, tsNs=9268372, tsMs=9, intervalMs=40, ad=(-0.001163438,9.729273E-4,-0.16889381), gd=(-0.011759001,0.0048857564,0.0024431383)
05-27 18:23:21.130   299 30844 D EvsDriver: forwardFrame
05-27 18:23:21.131   299 30841 D EvsDriver: forwardFrame
05-27 18:23:21.132   299 30844 D EvsDriver: Delivered 0xb400007b7ca56900 as id 0
05-27 18:23:21.132   581   581 I SpiService: fgesysctrl_getGPIO_status success val=1
05-27 08:14:30.097   581   581 D spi_rst_gpio_get_output: GPIO 145 value: 1
05-27 18:23:21.133  1167  1184 D evsmanagerd: /dev/video6 forwarded the buffer #0 to 0xb4000074bf5f5510 from 0xb4000074bf5f6d90
05-27 18:23:21.133 30773 30773 E dvr_service_: [myNum:1] Received S**** loss
05-27 18:23:21.134  1167  1184 D evsmanagerd: /dev/video4 forwarded the buffer #0 to 0xb4000074bf5f6850 from 0xb4000074bf5f41d0
05-27 18:23:21.134   299 30841 D EvsDriver: Delivered 0xb400007b7ca56a60 as id 0
05-27 18:23:21.134   299  1153 D EvsDriver: doneWithFrame
05-27 18:23:21.134 30773 30773 E dvr_service_: [myNum:0] Received S**** loss
05-27 18:23:21.134 10188 16726 I am_proc_bound: [0,5733,com.anwsdk.service:remote]
05-27 18:23:21.134   299  1153 D EvsDriver: doneWithFrame
05-27 08:14:30.097   581   581 D spidev_ioctl: gpio status=1)
05-27 18:23:21.136 10188 16726 I am_create_service: [0,208025669,.anwbtservice,1000,5733]
05-27 18:23:21.138  1008 30857 D [OMXB]  : usingANWBuffer: handle:0xee740430, format:1, w:1920, h:1080
05-27 08:14:30.103   581   581 D spi_rst_gpio_get_output: GPIO 145 value: 1
05-27 18:23:21.138   581   581 I SpiService: fgesysctrl_getGPIO_status success val=1
05-27 18:23:21.138 13911 14183 I SentryImuMcuAngleSender: 179.98248rollDeg
05-27 18:23:21.138 13911 14183 I SentryImuMcuAngleSender: 1,0,0
05-27 08:14:30.103   581   581 D spidev_ioctl: gpio status=1)
05-27 18:23:21.142   572   572 I Sensors : 230 AccelSensor: x:-0.168969,y:0.001829,z:-9.970449
05-27 08:14:30.108   581   581 D spi_rst_gpio_get_output: GPIO 145 value: 1
05-27 08:14:30.108   581   581 D spidev_ioctl: gpio status=1)
05-27 08:14:30.108   303   303 I [Audio:SBLCK] p_tt: 1197435,1197435
05-27 18:23:21.143   581   581 I SpiService: fgesysctrl_getGPIO_status success val=1
05-27 18:23:21.144  5733  5733 D CompatibilityChangeReporter: Compat change id reported: 171979766; UID 1000; state: ENABLED
05-27 18:23:21.149   581   581 I SpiService: fgesysctrl_getGPIO_status success val=1
05-27 18:23:21.151   283   307 I rvcservice: t.code = 0, t.value = 0
05-27 08:14:30.114   581   581 D spi_rst_gpio_get_output: GPIO 145 value: 1
05-27 08:14:30.114   581   581 D spidev_ioctl: gpio status=1)
05-27 18:23:21.155   581   581 I SpiService: fgesysctrl_getGPIO_status success val=1
05-27 08:14:30.119   581   581 D spi_rst_gpio_get_output: GPIO 145 value: 1
05-27 08:14:30.119   581   581 D spidev_ioctl: gpio status=1)
05-27 18:23:21.159 13911 14183 I SentryImuMcuAngleSender: 180.0rollDeg
05-27 18:23:21.159 13911 14183 I SentryImuMcuAngleSender: 1,0,0
05-27 18:23:21.159  5733  5733 D CompatibilityInfo: applyToConfigurationCompat inoutConfig.densityDpi= 160
05-27 18:23:21.160   299 30841 D EvsDriver: forwardFrame
05-27 18:23:21.160   581   581 I SpiService: fgesysctrl_getGPIO_status success val=0
05-27 18:23:21.160   299 30844 D EvsDriver: forwardFrame
05-27 18:23:21.162   299 30844 D EvsDriver: Delivered 0xb400007b7ca56900 as id 0
05-27 18:23:21.162  1167  1184 D evsmanagerd: /dev/video6 forwarded the buffer #0 to 0xb4000074bf5f5510 from 0xb4000074bf5f6d90
05-27 18:23:21.162  1167  1167 D evsmanagerd: /dev/video4 forwarded the buffer #0 to 0xb4000074bf5f6850 from 0xb4000074bf5f41d0
05-27 18:23:21.163   299 30841 D EvsDriver: Delivered 0xb400007b7ca56a60 as id 0
05-27 08:14:30.140   581   581 D spidev_ioctl: gpio status=1)
05-27 18:23:21.175   581   581 I SpiService: fgesysctrl_getGPIO_status success val=1
05-27 18:23:21.179 13911 14183 I SentryImuMcuAngleSender: 179.993rollDeg
05-27 18:23:21.180 13911 14183 I SentryImuMcuAngleSender: 1,0,0
05-27 18:23:21.181   581   581 I SpiService: fgesysctrl_getGPIO_status success val=1
05-27 08:14:30.146   581   581 D spi_rst_gpio_get_output: GPIO 145 value: 1
05-27 08:14:30.146   581   581 D spidev_ioctl: gpio status=1)
05-27 18:23:21.187   581   581 I SpiService: fgesysctrl_getGPIO_status success val=1
05-27 08:14:30.152   581   581 D spi_rst_gpio_get_output: GPIO 145 value: 1
05-27 08:14:30.152   581   581 D spidev_ioctl: gpio status=1)
05-27 18:23:21.189   299 30841 D EvsDriver: forwardFrame
05-27 18:23:21.189   299 30844 D EvsDriver: forwardFrame
05-27 08:14:30.158   581   581 D spi_rst_gpio_get_output: GPIO 145 value: 1
05-27 18:23:21.190   299 30841 D EvsDriver: Delivered 0xb400007b7ca56a60 as id 0
05-27 08:14:30.158   581   581 D spidev_ioctl: gpio status=1)
05-27 08:14:30.164   581   581 D spi_rst_gpio_get_output: GPIO 145 value: 0
05-27 08:14:30.164   581   581 D spidev_ioctl: gpio status=0)
05-27 18:23:21.191   299 30844 D EvsDriver: Delivered 0xb400007b7ca56900 as id 0
05-27 18:23:21.191  1167  1167 D evsmanagerd: /dev/video4 forwarded the buffer #0 to 0xb4000074bf5f6850 from 0xb4000074bf5f41d0
05-27 18:23:21.191  1167  1184 D evsmanagerd: /dev/video6 forwarded the buffer #0 to 0xb4000074bf5f5510 from 0xb4000074bf5f6d90
05-27 18:23:21.191  1008 30857 D [OMXB]  : usingANWBuffer: handle:0xee744bb0, format:1, w:1920, h:1080
05-27 18:23:21.192   536   536 W commservice260303: [FgeComService::getAQConnectStatus:378]
05-27 18:23:21.192   536   536 W commservice260303: [mcuCommFunctionTcp::getAQConnectStatus:406] 1
05-27 18:23:21.192   536   536 W commservice260303: [FgeComService::getAQConnectStatus:380] status:1
05-27 18:23:21.193   581   581 I SpiService: fgesysctrl_getGPIO_status success val=1
05-27 18:23:21.199   299  1153 D EvsDriver: doneWithFrame
05-27 18:23:21.199 12246 12246 E ivicomm_CommManager: getA2lConnectStatus aqConnectStatus:1
05-27 18:23:21.199 12246 12246 D ivicomm_ConnectStateManager: notifyState newState=1curState=1
05-27 18:23:21.199   299  1163 D EvsDriver: doneWithFrame
05-27 18:23:21.199   581   581 I SpiService: fgesysctrl_getGPIO_status success val=0
05-27 18:23:21.200  5733  5733 D adservices: Registering AdServices's TopicsManager.
05-27 18:23:21.205 13911 14183 I SentryImuMcuAngleSender: 179.97546rollDeg
05-27 18:23:21.206 13911 14183 I SentryImuMcuAngleSender: 1,0,0
05-27 18:23:21.207  5733  5733 D CompatibilityInfo: applyToConfigurationCompat inoutConfig.densityDpi= 160
05-27 18:23:21.210  1008 30856 D [OMXB]  : usingANWBuffer: handle:0xee744b00, format:1, w:1920, h:1080
05-27 18:23:21.211   536   536 D commservice260303: msg.id = 1028,1
05-27 18:23:21.211   536   536 D commservice260303: i = 170, msgid = 8A000404
05-27 18:23:21.211   536   536 D commservice260303: msgid = -1979710460,did=138
05-27 18:23:21.212   536   536 D commservice260303: CommProtocolLibCmdBaseI2C::dataproc {"command":{"id":"imu_status","sub":""},"content":{"TimeStamp":9,"FrameCounter":215002,"GD_X":-0.011834942735731602,"GD_Y":0.00519212381914258,"GD_Z":0.002443138277158141,"AD_X":-0.004829108715057373,"AD_Y":0.002197007182985544,"AD_Z":-0.16950416564941406,"TempDsp":0,"Status":0,"CalibState":1,"SigAmpInvalid":0}},-1979710460
05-27 18:23:21.212   536   536 D commservice260303: send2Cluster len:313, 7B22636F6D6D616E64223A7B226964223A22696D755F737461747573222C22737562223A22227D2C22636F6E74656E74223A7B2254696D655374616D70223A392C224672616D65436F756E746572223A3231353030322C2247445F58223A2D302E3031313833343934323733353733313630322C2247445F59223A302E30303531393231323338313931343235382C2247445F5A223A302E3030323434333133383237373135383134312C2241445F58223A2D302E3030343832393130383731353035373337332C2241445F59223A302E3030323139373030373138323938353534342C2241445F5A223A2D302E31363935303431363536343934313430362C2254656D70447370223A302C22537461747573223A302C2243616C69625374617465223A312C22536967416D70496E76616C6964223A307D7D, 138 
05-27 18:23:21.212   536   536 D commservice260303: Push Message into SendPool fn=-1467677952
05-27 18:23:21.212   536   536 D commservice260303: ComProtocolLibSend2Cluster::send2ClusterRaw fn=-1467677952 , len=329
05-27 18:23:21.212   536   536 D commservice260303: sendCmdToPort :329!!!
05-27 18:23:21.212   536   536 D commservice260303: send Cmd To Port ++++5AA501458A01000385A86A16C6197B22636F6D6D616E64223A7B226964223A22696D755F737461747573222C22737562223A22227D2C22636F6E74656E74223A7B2254696D655374616D70223A392C224672616D65436F756E746572223A3231353030322C2247445F58223A2D302E3031313833343934323733353733313630322C2247445F59223A302E30303531393231323338313931343235382C2247445F5A223A302E3030323434333133383237373135383134312C2241445F58223A2D302E3030343832393130383731353035373337332C2241445F59223A302E3030323139373030373138323938353534342C2241445F5A223A2D302E31363935303431363536343934313430362C2254656D70447370223A302C22537461747573223A302C2243616C69625374617465223A312C22536967416D70496E76616C6964223A307D7DC6E8
05-27 18:23:21.212   536   536 D commservice260303: bufferevent_write retrun value = 0
05-27 18:23:21.212   536   560 D commservice260303: client datas send succeed,send finish
05-27 18:23:21.212 13911 14192 D Sentinelmode_1.2.5.17_sentry: <SentryImuClusterFgeSender>imu_status sent to Linux, frame=215002, tsNs=9268443, tsMs=9, intervalMs=41, ad=(-0.0048291087,0.0021970072,-0.16950417), gd=(-0.011834943,0.005192124,0.0024431383)
05-27 18:23:21.214 30773 30789 I dvr_service_: Camera 0: MediaOK:71555330, frames:1640, isKeyFrame:0,pts:9267990475
05-27 18:23:21.214   581   581 I SpiService: fgesysctrl_getGPIO_status success val=1
05-27 08:14:30.179   581   581 D spi_rst_gpio_get_output: GPIO 145 value: 1
05-27 08:14:30.179   581   581 D spidev_ioctl: gpio status=1)
05-27 18:23:21.218 10188 16726 I DexManager: com.anwsdk.service loads from null-0 : 0 : /system/framework/javax.obex.jar
05-27 18:23:21.218 10188 16726 I DexManager: Could not find owning package for dex file: /system/framework/javax.obex.jar
05-27 18:23:21.220   581   581 I SpiService: fgesysctrl_getGPIO_status success val=1
05-27 08:14:30.184   581   581 D spi_rst_gpio_get_output: GPIO 145 value: 1
05-27 08:14:30.184   581   581 D spidev_ioctl: gpio status=1)
05-27 18:23:21.225  5733  5733 W .service:remote: ClassLoaderContext shared library size mismatch. Expected=0, found=1 (PCL[] | PCL[]{PCL[/system/framework/javax.obex.jar*2267184930]})
05-27 18:23:21.225   581   581 I SpiService: fgesysctrl_getGPIO_status success val=1
05-27 18:23:21.225 13911 14183 I SentryImuMcuAngleSender: 179.97897rollDeg
05-27 18:23:21.225 13911 14183 I SentryImuMcuAngleSender: 1,0,0
05-27 18:23:21.226   299 30841 D EvsDriver: forwardFrame
05-27 18:23:21.227   299 30844 D EvsDriver: forwardFrame
05-27 18:23:21.229   299 30841 D EvsDriver: Delivered 0xb400007b7ca56a60 as id 0
05-27 18:23:21.229  1167  1167 D evsmanagerd: /dev/video4 forwarded the buffer #0 to 0xb4000074bf5f6850 from 0xb4000074bf5f41d0
05-27 18:23:21.229   572   622 I Sensors : 230 GyroSensor: x:-0.012140,y:0.005345,z:0.002443
05-27 18:23:21.229   299 30844 D EvsDriver: Delivered 0xb400007b7ca56900 as id 0
05-27 18:23:21.229  1167  1184 D evsmanagerd: /dev/video6 forwarded the buffer #0 to 0xb4000074bf5f5510 from 0xb4000074bf5f6d90
05-27 18:23:21.234   581   581 I SpiService: fgesysctrl_getGPIO_status success val=1
05-27 18:23:21.234   299  1153 D EvsDriver: doneWithFrame
05-27 18:23:21.236   299  1153 D EvsDriver: doneWithFrame
05-27 18:23:21.240   581   581 I SpiService: fgesysctrl_getGPIO_status success val=1
05-27 08:14:30.190   581   581 D spi_rst_gpio_get_output: GPIO 145 value: 1
05-27 08:14:30.190   581   581 D spidev_ioctl: gpio status=1)
05-27 08:14:30.199   581   581 D spi_rst_gpio_get_output: GPIO 145 value: 1
05-27 08:14:30.199   581   581 D spidev_ioctl: gpio status=1)
05-27 08:14:30.205   581   581 D spi_rst_gpio_get_output: GPIO 145 value: 1
05-27 08:14:30.205   581   581 D spidev_ioctl: gpio status=1)
05-27 18:23:21.241 10188 16726 I DexManager: com.anwsdk.service loads from com.anwsdk.service-1 : 0 : /system/app/BluetoothExt/BluetoothExt.apk
05-27 18:23:21.245 13911 14183 I SentryImuMcuAngleSender: 179.98598rollDeg
05-27 18:23:21.245 13911 14183 I SentryImuMcuAngleSender: 1,0,0
05-27 18:23:21.245  1008 30857 D [OMXB]  : usingANWBuffer: handle:0xee743240, format:1, w:1920, h:1080
05-27 18:23:21.246   581   581 I SpiService: fgesysctrl_getGPIO_status success val=0
05-27 08:14:30.210   581   581 D spi_rst_gpio_get_output: GPIO 145 value: 0
05-27 08:14:30.210   581   581 D spidev_ioctl: gpio status=0)
05-27 08:14:30.225   581   581 D spi_rst_gpio_get_output: GPIO 145 value: 1
05-27 08:14:30.225   581   581 D spidev_ioctl: gpio status=1)
05-27 18:23:21.251   283   307 I rvcservice: t.code = 3, t.value = 0
05-27 18:23:21.251  5733  5733 D CompatibilityInfo: applyToConfigurationCompat inoutConfig.densityDpi= 160
05-27 18:23:21.252   536   536 D commservice260303: msg.id = 1028,1
05-27 18:23:21.252   536   536 D commservice260303: i = 170, msgid = 8A000404
05-27 18:23:21.252   536   536 D commservice260303: msgid = -1979710460,did=138
05-27 18:23:21.252   536   536 D commservice260303: CommProtocolLibCmdBaseI2C::dataproc {"command":{"id":"imu_status","sub":""},"content":{"TimeStamp":9,"FrameCounter":215003,"GD_X":-0.012370175682008266,"GD_Y":0.0051151420921087265,"GD_Z":0.0023671966046094894,"AD_X":-0.0029814690351486206,"AD_Y":-8.562100119888783E-4,"AD_Z":-0.16889381408691406,"TempDsp":0,"Status":0,"CalibState":1,"SigAmpInvalid":0}},-1979710460
05-27 18:23:21.252   536   536 D commservice260303: send2Cluster len:318, 7B22636F6D6D616E64223A7B226964223A22696D755F737461747573222C22737562223A22227D2C22636F6E74656E74223A7B2254696D655374616D70223A392C224672616D65436F756E746572223A3231353030332C2247445F58223A2D302E3031323337303137353638323030383236362C2247445F59223A302E303035313135313432303932313038373236352C2247445F5A223A302E303032333637313936363034363039343839342C2241445F58223A2D302E303032393831343639303335313438363230362C2241445F59223A2D382E353632313030313139383838373833452D342C2241445F5A223A2D302E31363838393338313430383639313430362C2254656D70447370223A302C22537461747573223A302C2243616C69625374617465223A312C22536967416D70496E76616C6964223A307D7D, 138 
05-27 18:23:21.252   536   536 D commservice260303: Push Message into SendPool fn=-1450900736
05-27 18:23:21.252   536   536 D commservice260303: ComProtocolLibSend2Cluster::send2ClusterRaw fn=-1450900736 , len=334
05-27 18:23:21.253   536   536 D commservice260303: sendCmdToPort :334!!!
05-27 18:23:21.253   536   536 D commservice260303: send Cmd To Port ++++5AA5014A8A01000385A96A16C6197B22636F6D6D616E64223A7B226964223A22696D755F737461747573222C22737562223A22227D2C22636F6E74656E74223A7B2254696D655374616D70223A392C224672616D65436F756E746572223A3231353030332C2247445F58223A2D302E3031323337303137353638323030383236362C2247445F59223A302E303035313135313432303932313038373236352C2247445F5A223A302E303032333637313936363034363039343839342C2241445F58223A2D302E303032393831343639303335313438363230362C2241445F59223A2D382E353632313030313139383838373833452D342C2241445F5A223A2D302E31363838393338313430383639313430362C2254656D70447370223A302C22537461747573223A302C2243616C69625374617465223A312C22536967416D70496E76616C6964223A307D7D4E24
05-27 18:23:21.253   536   536 D commservice260303: bufferevent_write retrun value = 0
05-27 18:23:21.253   536   560 D commservice260303: client datas send succeed,send finish
05-27 18:23:21.254 13911 14192 D Sentinelmode_1.2.5.17_sentry: <SentryImuClusterFgeSender>imu_status sent to Linux, frame=215003, tsNs=9268497, tsMs=9, intervalMs=41, ad=(-0.002981469,-8.5621E-4,-0.16889381), gd=(-0.012370176,0.005115142,0.0023671966)
05-27 18:23:21.260   581   581 I SpiService: fgesysctrl_getGPIO_status success val=1
05-27 18:23:21.264   299 30841 D EvsDriver: forwardFrame
05-27 18:23:21.264   299 30844 D EvsDriver: forwardFrame
05-27 18:23:21.266   299 30844 D EvsDriver: Delivered 0xb400007b7ca56900 as id 0
05-27 18:23:21.266  1167  1184 D evsmanagerd: /dev/video4 forwarded the buffer #0 to 0xb4000074bf5f6850 from 0xb4000074bf5f41d0
05-27 18:23:21.266  5733  5733 D libEGL  : <.service:remote>[setCacheFilename]: file=/data/user_de/0/com.anwsdk.service/code_cache/com.android.opengl.shaders_cache
05-27 18:23:21.266   581   581 I SpiService: fgesysctrl_getGPIO_status success val=1
05-27 18:23:21.266   299 30841 D EvsDriver: Delivered 0xb400007b7ca56a60 as id 0
05-27 18:23:21.266  1167  1167 D evsmanagerd: /dev/video6 forwarded the buffer #0 to 0xb4000074bf5f5510 from 0xb4000074bf5f6d90
05-27 18:23:21.266 13911 14183 I SentryImuMcuAngleSender: 179.993rollDeg
05-27 18:23:21.266 13911 14183 I SentryImuMcuAngleSender: 1,0,0
05-27 18:23:21.269   299  1153 D EvsDriver: doneWithFrame
05-27 08:14:30.230   581   581 D spi_rst_gpio_get_output: GPIO 145 value: 1
05-27 08:14:30.230   581   581 D spidev_ioctl: gpio status=1)
05-27 18:23:21.270   299  1153 D EvsDriver: doneWithFrame
05-27 18:23:21.272   581   581 I SpiService: fgesysctrl_getGPIO_status success val=1
05-27 08:14:30.236   581   581 D spi_rst_gpio_get_output: GPIO 145 value: 1
05-27 08:14:30.236   581   581 D spidev_ioctl: gpio status=1)
05-27 18:23:21.277   581   581 I SpiService: fgesysctrl_getGPIO_status success val=1
05-27 18:23:21.279  1008 30856 D [OMXB]  : usingANWBuffer: handle:0xee742ed0, format:1, w:1920, h:1080
05-27 08:14:30.242   581   581 D spi_rst_gpio_get_output: GPIO 145 value: 1
05-27 08:14:30.242   581   581 D spidev_ioctl: gpio status=1)
05-27 18:23:21.283   581   581 I SpiService: fgesysctrl_getGPIO_status success val=0
05-27 18:23:21.287 13911 14183 I SentryImuMcuAngleSender: 179.986rollDeg
05-27 18:23:21.287 13911 14183 I SentryImuMcuAngleSender: 1,0,0
05-27 08:14:30.248   581   581 D spi_rst_gpio_get_output: GPIO 145 value: 0
05-27 08:14:30.248   581   581 D spidev_ioctl: gpio status=0)
05-27 18:23:21.289  5733  5733 D NetworkSecurityConfig: No Network Security Config specified, using platform default
05-27 18:23:21.290  1008 30857 D [OMXB]  : usingANWBuffer: handle:0xee740bc0, format:1, w:1920, h:1080
05-27 18:23:21.291  5733  5733 D NetworkSecurityConfig: No Network Security Config specified, using platform default
05-27 18:23:21.291 30773 30789 I dvr_service_: Camera 1: MediaOK:71791136, frames:1650, isKeyFrame:0,pts:9268257662
05-27 18:23:21.293   536   536 D commservice260303: msg.id = 1028,1
05-27 18:23:21.293   536   536 D commservice260303: i = 170, msgid = 8A000404
05-27 18:23:21.293   536   536 D commservice260303: msgid = -1979710460,did=138
05-27 18:23:21.293   536   536 D commservice260303: CommProtocolLibCmdBaseI2C::dataproc {"command":{"id":"imu_status","sub":""},"content":{"TimeStamp":9,"FrameCounter":215004,"GD_X":-0.011910883709788322,"GD_Y":0.005039200186729431,"GD_Z":0.003053792752325535,"AD_X":-0.004196375608444214,"AD_Y":3.610118292272091E-4,"AD_Z":-0.16950416564941406,"TempDsp":0,"Status":0,"CalibState":1,"SigAmpInvalid":0}},-1979710460
05-27 18:23:21.293   536   536 D commservice260303: send2Cluster len:314, 7B22636F6D6D616E64223A7B226964223A22696D755F737461747573222C22737562223A22227D2C22636F6E74656E74223A7B2254696D655374616D70223A392C224672616D65436F756E746572223A3231353030342C2247445F58223A2D302E3031313931303838333730393738383332322C2247445F59223A302E3030353033393230303138363732393433312C2247445F5A223A302E3030333035333739323735323332353533352C2241445F58223A2D302E3030343139363337353630383434343231342C2241445F59223A332E363130313138323932323732303931452D342C2241445F5A223A2D302E31363935303431363536343934313430362C2254656D70447370223A302C22537461747573223A302C2243616C69625374617465223A312C22536967416D70496E76616C6964223A307D7D, 138 
05-27 18:23:21.293   536   536 D commservice260303: Push Message into SendPool fn=-1434123520
05-27 18:23:21.293   536   536 D commservice260303: ComProtocolLibSend2Cluster::send2ClusterRaw fn=-1434123520 , len=330
05-27 18:23:21.293   536   536 D commservice260303: sendCmdToPort :330!!!
05-27 18:23:21.293   536   536 D commservice260303: send Cmd To Port ++++5AA501468A01000385AA6A16C6197B22636F6D6D616E64223A7B226964223A22696D755F737461747573222C22737562223A22227D2C22636F6E74656E74223A7B2254696D655374616D70223A392C224672616D65436F756E746572223A3231353030342C2247445F58223A2D302E3031313931303838333730393738383332322C2247445F59223A302E3030353033393230303138363732393433312C2247445F5A223A302E3030333035333739323735323332353533352C2241445F58223A2D302E3030343139363337353630383434343231342C2241445F59223A332E363130313138323932323732303931452D342C2241445F5A223A2D302E31363935303431363536343934313430362C2254656D70447370223A302C22537461747573223A302C2243616C69625374617465223A312C22536967416D70496E76616C6964223A307D7D0764
05-27 18:23:21.293   536   536 D commservice260303: bufferevent_write retrun value = 0
05-27 18:23:21.294   536   560 D commservice260303: client datas send succeed,send finish
05-27 18:23:21.294 13911 14192 D Sentinelmode_1.2.5.17_sentry: <SentryImuClusterFgeSender>imu_status sent to Linux, frame=215004, tsNs=9268532, tsMs=9, intervalMs=41, ad=(-0.0041963756,3.6101183E-4,-0.16950417), gd=(-0.011910884,0.0050392,0.0030537928)
05-27 18:23:21.298   581   581 I SpiService: fgesysctrl_getGPIO_status success val=1
05-27 18:23:21.300   299 30844 D EvsDriver: forwardFrame
05-27 18:23:21.300   299 30841 D EvsDriver: forwardFrame
05-27 08:14:30.262   581   581 D spi_rst_gpio_get_output: GPIO 145 value: 1
05-27 08:14:30.262   581   581 D spidev_ioctl: gpio status=1)
05-27 18:23:21.302   299 30844 D EvsDriver: Delivered 0xb400007b7ca56900 as id 0
05-27 18:23:21.303  1167  1167 D evsmanagerd: /dev/video6 forwarded the buffer #0 to 0xb4000074bf5f5510 from 0xb4000074bf5f6d90
05-27 18:23:21.303   299 30841 D EvsDriver: Delivered 0xb400007b7ca56a60 as id 0
05-27 18:23:21.303   581   581 I SpiService: fgesysctrl_getGPIO_status success val=1
05-27 18:23:21.303  1167  1167 D evsmanagerd: /dev/video4 forwarded the buffer #0 to 0xb4000074bf5f6850 from 0xb4000074bf5f41d0
05-27 18:23:21.303 30773 30773 I dvr_service_: [myNum:1][onFrameReceived] Received Surface:1 0
05-27 18:23:21.304 30773 30782 I dvr_service_: [myNum:0][onFrameReceived] Received Surface:1 0
05-27 18:23:21.304 30773 30773 E dvr_service_: [myNum:1] Received S**** loss
05-27 18:23:21.304 30773 30782 E dvr_service_: [myNum:0] Received S**** loss
05-27 18:23:21.304   299  1153 D EvsDriver: doneWithFrame
05-27 18:23:21.304   299  1163 D EvsDriver: doneWithFrame
05-27 08:14:30.268   581   581 D spi_rst_gpio_get_output: GPIO 145 value: 1
05-27 08:14:30.268   581   581 D spidev_ioctl: gpio status=1)
05-27 18:23:21.307 13911 14183 I SentryImuMcuAngleSender: 179.97899rollDeg
05-27 18:23:21.307 13911 14183 I SentryImuMcuAngleSender: 1,0,0
05-27 18:23:21.309   581   581 I SpiService: fgesysctrl_getGPIO_status success val=1
05-27 08:14:30.273   581   581 D spi_rst_gpio_get_output: GPIO 145 value: 1
05-27 08:14:30.273   581   581 D spidev_ioctl: gpio status=1)
05-27 18:23:21.312  1008 30857 D [OMXB]  : usingANWBuffer: handle:0xee740590, format:1, w:1920, h:1080
05-27 18:23:21.314   581   581 I SpiService: fgesysctrl_getGPIO_status success val=1
05-27 08:14:30.279   581   581 D spi_rst_gpio_get_output: GPIO 145 value: 1
05-27 08:14:30.279   581   581 D spidev_ioctl: gpio status=1)
05-27 08:14:30.285   581   581 D spi_rst_gpio_get_output: GPIO 145 value: 1
05-27 08:14:30.285   581   581 D spidev_ioctl: gpio status=1)
05-27 18:23:21.320   581   581 I SpiService: fgesysctrl_getGPIO_status success val=1
05-27 18:23:21.324  5733  5733 I ANWJNI_SECOND: +++ JNI_OnLoad
05-27 18:23:21.324  5733  5733 I ANWJNI_SECOND: +++ registerNativeMethods
05-27 18:23:21.325  5733  5733 I ANWJNI_SECOND: numMethods = 245
05-27 18:23:21.326   581   581 I SpiService: fgesysctrl_getGPIO_status success val=0
05-27 08:14:30.291   581   581 D spi_rst_gpio_get_output: GPIO 145 value: 0
05-27 08:14:30.291   581   581 D spidev_ioctl: gpio status=0)
05-27 18:23:21.326  5733  5733 I ANWJNI_SECOND: --- registerNativeMethods
05-27 18:23:21.327  5733  5733 D ANWJNI_SECOND: (5733|0x5467E4F8)[BTAPP] read XML config file
05-27 18:23:21.327  5733  5733 D ANWJNI_SECOND: 
05-27 18:23:21.327  5733  5733 D ANWJNI_SECOND: (5733|0x5467E4F8)[BTAPP] run Read (/system/etc/bluetooth/btmonitor-config_second.xml) Start
05-27 18:23:21.327  5733  5733 D ANWJNI_SECOND: 
05-27 18:23:21.327  5733  5733 D ANWJNI_SECOND: (5733|0x5467E4F8)[BTAPP] run Read (btmonitor-config.xml) source_data != NULL
05-27 18:23:21.327  5733  5733 D ANWJNI_SECOND: 
05-27 18:23:21.327  5733  5733 D ANWJNI_SECOND: (5733|0x5467E4F8)[BTAPP] XML : find HID setting
05-27 18:23:21.327  5733  5733 D ANWJNI_SECOND: 
05-27 18:23:21.327  5733  5733 D ANWJNI_SECOND: (5733|0x5467E4F8)[BTAPP] HID set(close)
05-27 18:23:21.327  5733  5733 D ANWJNI_SECOND: 
05-27 18:23:21.327  5733  5733 D ANWJNI_SECOND: (5733|0x5467E4F8)[BTAPP] XML : find SPP setting
05-27 18:23:21.327  5733  5733 D ANWJNI_SECOND: 
05-27 18:23:21.328  5733  5733 D ANWJNI_SECOND: (5733|0x5467E4F8)[BTAPP] SPP set(close)
05-27 18:23:21.328  5733  5733 D ANWJNI_SECOND: 
05-27 18:23:21.328  5733  5733 D ANWJNI_SECOND: (5733|0x5467E4F8)[BTAPP] XML : find PINCode setting
05-27 18:23:21.328  5733  5733 D ANWJNI_SECOND: 
05-27 18:23:21.328  5733  5733 D ANWJNI_SECOND: (5733|0x5467E4F8)[BTAPP] PinCode set(close)
05-27 18:23:21.328  5733  5733 D ANWJNI_SECOND: 
05-27 18:23:21.328 13911 14183 I SentryImuMcuAngleSender: 179.97197rollDeg
05-27 18:23:21.328 13911 14183 I SentryImuMcuAngleSender: 1,0,0
05-27 18:23:21.328  5733  5733 D ANWJNI_SECOND: (5733|0x5467E4F8)[BTAPP] get setpincode data fail
05-27 18:23:21.328  5733  5733 D ANWJNI_SECOND: 
05-27 18:23:21.328  5733  5733 D ANWJNI_SECOND: (5733|0x5467E4F8)[BTAPP] get set_legacy_pin data fail
05-27 18:23:21.328  5733  5733 D ANWJNI_SECOND: 
05-27 18:23:21.328  5733  5733 D ANWJNI_SECOND: (5733|0x5467E4F8)[BTAPP] XML : find spp_uuid setting
05-27 18:23:21.328  5733  5733 D ANWJNI_SECOND: 
05-27 18:23:21.328  5733  5733 D ANWJNI_SECOND: (5733|0x5467E4F8)[BTAPP] XML : ca_spp_uuid len(32)
05-27 18:23:21.328  5733  5733 D ANWJNI_SECOND: 
05-27 18:23:21.328  5733  5733 D ANWJNI_SECOND: (5733|0x5467E4F8)[BTAPP] XML : SPP_UUID_fromXML len(16):(
05-27 18:23:21.328  5733  5733 D ANWJNI_SECOND: (5733|0x5467E4F8)[BTAPP] 0xfa 
05-27 18:23:21.328  5733  5733 D ANWJNI_SECOND: (5733|0x5467E4F8)[BTAPP] 0xeb 
05-27 18:23:21.328  5733  5733 D ANWJNI_SECOND: (5733|0x5467E4F8)[BTAPP] 0xdc 
05-27 18:23:21.328  5733  5733 D ANWJNI_SECOND: (5733|0x5467E4F8)[BTAPP] 0x12 
05-27 18:23:21.328  5733  5733 D ANWJNI_SECOND: (5733|0x5467E4F8)[BTAPP] 0x7 
05-27 18:23:21.328  5733  5733 D ANWJNI_SECOND: (5733|0x5467E4F8)[BTAPP] 0x2c 
05-27 18:23:21.328  5733  5733 D ANWJNI_SECOND: (5733|0x5467E4F8)[BTAPP] 0xb0 
05-27 18:23:21.328  5733  5733 D ANWJNI_SECOND: (5733|0x5467E4F8)[BTAPP] 0xa4 
05-27 18:23:21.328  5733  5733 D ANWJNI_SECOND: (5733|0x5467E4F8)[BTAPP] 0x10 
05-27 18:23:21.328  5733  5733 D ANWJNI_SECOND: (5733|0x5467E4F8)[BTAPP] 0xa 
05-27 18:23:21.328  5733  5733 D ANWJNI_SECOND: (5733|0x5467E4F8)[BTAPP] 0x5a 
05-27 18:23:21.328  5733  5733 D ANWJNI_SECOND: (5733|0x5467E4F8)[BTAPP] 0x61 
05-27 18:23:21.328  5733  5733 D ANWJNI_SECOND: (5733|0x5467E4F8)[BTAPP] 0x8d 
05-27 18:23:21.329  5733  5733 D ANWJNI_SECOND: (5733|0x5467E4F8)[BTAPP] 0xc9 
05-27 18:23:21.329   299 30841 D EvsDriver: forwardFrame
05-27 18:23:21.329  5733  5733 D ANWJNI_SECOND: (5733|0x5467E4F8)[BTAPP] 0x40 
05-27 18:23:21.329  5733  5733 D ANWJNI_SECOND: (5733|0x5467E4F8)[BTAPP] 0x1c 
05-27 18:23:21.329  5733  5733 D ANWJNI_SECOND: (5733|0x5467E4F8)[BTAPP] )
05-27 18:23:21.329  5733  5733 D ANWJNI_SECOND: 
05-27 18:23:21.329  5733  5733 D ANWJNI_SECOND: (5733|0x5467E4F8)[BTAPP] XML : find Apple spp_uuid setting
05-27 18:23:21.329  5733  5733 D ANWJNI_SECOND: 
05-27 18:23:21.329  5733  5733 D ANWJNI_SECOND: (5733|0x5467E4F8)[BTAPP] XML : Apple ca_spp_uuid len(32)
05-27 18:23:21.329  5733  5733 D ANWJNI_SECOND: 
05-27 18:23:21.329  5733  5733 D ANWJNI_SECOND: (5733|0x5467E4F8)[BTAPP] XML : Apple SPP_UUID_fromXML len(16):(
05-27 18:23:21.329  5733  5733 D ANWJNI_SECOND: (5733|0x5467E4F8)[BTAPP] 0x0 
05-27 18:23:21.329  5733  5733 D ANWJNI_SECOND: (5733|0x5467E4F8)[BTAPP] 0x0 
05-27 18:23:21.329  5733  5733 D ANWJNI_SECOND: (5733|0x5467E4F8)[BTAPP] 0x0 
05-27 18:23:21.329  5733  5733 D ANWJNI_SECOND: (5733|0x5467E4F8)[BTAPP] 0x0 
05-27 18:23:21.329  5733  5733 D ANWJNI_SECOND: (5733|0x5467E4F8)[BTAPP] 0xde 
05-27 18:23:21.329  5733  5733 D ANWJNI_SECOND: (5733|0x5467E4F8)[BTAPP] 0xca 
05-27 18:23:21.329  5733  5733 D ANWJNI_SECOND: (5733|0x5467E4F8)[BTAPP] 0xfa 
05-27 18:23:21.329  1008 30856 D [OMXB]  : usingANWBuffer: handle:0xee7421c0, format:1, w:1920, h:1080
05-27 18:23:21.329  5733  5733 D ANWJNI_SECOND: (5733|0x5467E4F8)[BTAPP] 0xde 
05-27 18:23:21.329  5733  5733 D ANWJNI_SECOND: (5733|0x5467E4F8)[BTAPP] 0xde 
05-27 18:23:21.329  5733  5733 D ANWJNI_SECOND: (5733|0x5467E4F8)[BTAPP] 0xca 
05-27 18:23:21.329   299 30841 D EvsDriver: Delivered 0xb400007b7ca56a60 as id 0
05-27 18:23:21.329  5733  5733 D ANWJNI_SECOND: (5733|0x5467E4F8)[BTAPP] 0xde 
05-27 18:23:21.329  1167  1184 D evsmanagerd: /dev/video4 forwarded the buffer #0 to 0xb4000074bf5f6850 from 0xb4000074bf5f41d0
05-27 18:23:21.330  5733  5733 D ANWJNI_SECOND: (5733|0x5467E4F8)[BTAPP] 0xaf 
05-27 18:23:21.330  5733  5733 D ANWJNI_SECOND: (5733|0x5467E4F8)[BTAPP] 0xde 
05-27 18:23:21.330  5733  5733 D ANWJNI_SECOND: (5733|0x5467E4F8)[BTAPP] 0xca 
05-27 18:23:21.330  5733  5733 D ANWJNI_SECOND: (5733|0x5467E4F8)[BTAPP] 0xca 
05-27 18:23:21.330  5733  5733 D ANWJNI_SECOND: (5733|0x5467E4F8)[BTAPP] 0xfe 
05-27 18:23:21.330  5733  5733 D ANWJNI_SECOND: (5733|0x5467E4F8)[BTAPP] )
05-27 18:23:21.330  5733  5733 D ANWJNI_SECOND: 
05-27 18:23:21.330  5733  5733 D ANWJNI_SECOND: (5733|0x5467E4F8)[BTAPP] XML : find calllogsize setting
05-27 18:23:21.330  5733  5733 D ANWJNI_SECOND: 
05-27 18:23:21.330  5733  5733 D ANWJNI_SECOND: (5733|0x5467E4F8)[BTAPP] XML : find ca_calllogsize(100)(100)
05-27 18:23:21.330  5733  5733 D ANWJNI_SECOND: 
05-27 18:23:21.330  5733  5733 D ANWJNI_SECOND: (5733|0x5467E4F8)[BTAPP] get contactssize data fail
05-27 18:23:21.330  5733  5733 D ANWJNI_SECOND: 
05-27 08:14:30.308   581   581 D spi_rst_gpio_get_output: GPIO 145 value: 1
05-27 08:14:30.308   581   581 D spidev_ioctl: gpio status=1)
05-27 18:23:21.330  5733  5733 D ANWJNI_SECOND: (5733|0x5467E4F8)[BTAPP] get mincallsize data fail
05-27 18:23:21.330  5733  5733 D ANWJNI_SECOND: 
05-27 18:23:21.330  5733  5733 D ANWJNI_SECOND: (5733|0x5467E4F8)[BTAPP] XML : find voice setting
05-27 18:23:21.330  5733  5733 D ANWJNI_SECOND: 
05-27 18:23:21.331  5733  5733 D ANWJNI_SECOND: (5733|0x5467E4F8)[BTAPP] voice set(close)
05-27 18:23:21.331  5733  5733 D ANWJNI_SECOND: 
05-27 18:23:21.331  5733  5733 D ANWJNI_SECOND: (5733|0x5467E4F8)[BTAPP] XML : find voicedelay setting
05-27 18:23:21.331  5733  5733 D ANWJNI_SECOND: 
05-27 18:23:21.331  5733  5733 D ANWJNI_SECOND: (5733|0x5467E4F8)[BTAPP] voicedelay set(close)
05-27 18:23:21.331  5733  5733 D ANWJNI_SECOND: 
05-27 18:23:21.331   299 30844 D EvsDriver: forwardFrame
05-27 18:23:21.331  5733  5733 D ANWJNI_SECOND: (5733|0x5467E4F8)[BTAPP] get wechatvoice data fail
05-27 18:23:21.331  5733  5733 D ANWJNI_SECOND: 
05-27 18:23:21.331  5733  5733 D ANWJNI_SECOND: (5733|0x5467E4F8)[BTAPP] XML : pair any way
05-27 18:23:21.331  5733  5733 D ANWJNI_SECOND: 
05-27 18:23:21.331  5733  5733 D ANWJNI_SECOND: (5733|0x5467E4F8)[BTAPP] pairing need confirmation  accept
05-27 18:23:21.331  5733  5733 D ANWJNI_SECOND: 
05-27 18:23:21.331  5733  5733 D ANWJNI_SECOND: (5733|0x5467E4F8)[BTAPP] get use_combine data fail
05-27 18:23:21.331  5733  5733 D ANWJNI_SECOND: 
05-27 18:23:21.331  5733  5733 D ANWJNI_SECOND: (5733|0x5467E4F8)[BTAPP] XML : select pbap_photo or not
05-27 18:23:21.331  5733  5733 D ANWJNI_SECOND: 
05-27 18:23:21.331  5733  5733 D ANWJNI_SECOND: (5733|0x5467E4F8)[BTAPP] select pbap_photo
05-27 18:23:21.331  5733  5733 D ANWJNI_SECOND: 
05-27 18:23:21.331  5733  5733 D ANWJNI_SECOND: (5733|0x5467E4F8)[BTAPP] XML : select pbap_email or not
05-27 18:23:21.331  5733  5733 D ANWJNI_SECOND: 
05-27 18:23:21.331  5733  5733 D ANWJNI_SECOND: (5733|0x5467E4F8)[BTAPP] select pbap_email
05-27 18:23:21.331  5733  5733 D ANWJNI_SECOND: 
05-27 18:23:21.331  5733  5733 D ANWJNI_SECOND: (5733|0x5467E4F8)[BTAPP] XML : select pbap_adr or not
05-27 18:23:21.331  5733  5733 D ANWJNI_SECOND: 
05-27 18:23:21.331  5733  5733 D ANWJNI_SECOND: (5733|0x5467E4F8)[BTAPP] select pbap_adr
05-27 18:23:21.331  5733  5733 D ANWJNI_SECOND: 
05-27 18:23:21.331  5733  5733 D ANWJNI_SECOND: (5733|0x5467E4F8)[BTAPP] XML : select pbap_url or not
05-27 18:23:21.331  5733  5733 D ANWJNI_SECOND: 
05-27 18:23:21.332  5733  5733 D ANWJNI_SECOND: (5733|0x5467E4F8)[BTAPP] select pbap_url
05-27 18:23:21.332  5733  5733 D ANWJNI_SECOND: 
05-27 18:23:21.332  5733  5733 D ANWJNI_SECOND: (5733|0x5467E4F8)[BTAPP] get volume_control data fail
05-27 18:23:21.332  5733  5733 D ANWJNI_SECOND: 
05-27 18:23:21.332  5733  5733 D ANWJNI_SECOND: (5733|0x5467E4F8)[BTAPP] get carplay data fail
05-27 18:23:21.332  5733  5733 D ANWJNI_SECOND: 
05-27 18:23:21.332  5733  5733 D ANWJNI_SECOND: (5733|0x5467E4F8)[BTAPP] XML : select socket or not
05-27 18:23:21.332  5733  5733 D ANWJNI_SECOND: 
05-27 18:23:21.332  5733  5733 D ANWJNI_SECOND: (5733|0x5467E4F8)[BTAPP]  support socket
05-27 18:23:21.332  5733  5733 D ANWJNI_SECOND: 
05-27 18:23:21.332  5733  5733 D ANWJNI_SECOND: (5733|0x5467E4F8)[BTAPP] get androidauto data fail
05-27 18:23:21.332  5733  5733 D ANWJNI_SECOND: 
05-27 18:23:21.332  5733  5733 D ANWJNI_SECOND: (5733|0x5467E4F8)[BTAPP] get auto_transfer data fail
05-27 18:23:21.332  5733  5733 D ANWJNI_SECOND: 
05-27 18:23:21.332  5733  5733 D ANWJNI_SECOND: (5733|0x5467E4F8)[BTAPP] get audio_dsp_mute data fail
05-27 18:23:21.332  5733  5733 D ANWJNI_SECOND: 
05-27 18:23:21.332  5733  5733 D ANWJNI_SECOND: (5733|0x5467E4F8)[BTAPP] get audio_dsp_delay data fail
05-27 18:23:21.332  5733  5733 D ANWJNI_SECOND: 
05-27 18:23:21.332  5733  5733 D ANWJNI_SECOND: (5733|0x5467E4F8)[BTAPP] XML : hfp_audio_driver_open 
05-27 18:23:21.332  5733  5733 D ANWJNI_SECOND: 
05-27 18:23:21.332  5733  5733 D ANWJNI_SECOND: (5733|0x5467E4F8)[BTAPP] hfp audio driver close
05-27 18:23:21.332  5733  5733 D ANWJNI_SECOND: 
05-27 18:23:21.332  5733  5733 D ANWJNI_SECOND: (5733|0x5467E4F8)[BTAPP] XML : hfp_wbs_open_data 
05-27 18:23:21.332  5733  5733 D ANWJNI_SECOND: 
05-27 18:23:21.332  5733  5733 D ANWJNI_SECOND: (5733|0x5467E4F8)[BTAPP] hfp wbs enable
05-27 18:23:21.332  5733  5733 D ANWJNI_SECOND: 
05-27 18:23:21.332  5733  5733 D ANWJNI_SECOND: (5733|0x5467E4F8)[BTAPP] get avrcp_browsing_open data fail
05-27 18:23:21.332  5733  5733 D ANWJNI_SECOND: 
05-27 18:23:21.332   299  1153 D EvsDriver: doneWithFrame
05-27 18:23:21.333  5733  5733 D ANWJNI_SECOND: (5733|0x5467E4F8)[BTAPP] get connect_special_profile_id data fail
05-27 18:23:21.333  5733  5733 D ANWJNI_SECOND: 
05-27 18:23:21.333  5733  5733 D ANWJNI_SECOND: (5733|0x5467E4F8)[BTAPP] XML : connect_single_profile 
05-27 18:23:21.333  5733  5733 D ANWJNI_SECOND: 
05-27 18:23:21.333  5733  5733 D ANWJNI_SECOND: (5733|0x5467E4F8)[BTAPP] connect_single_profile open
05-27 18:23:21.333  5733  5733 D ANWJNI_SECOND: 
05-27 18:23:21.333  5733  5733 D ANWJNI_SECOND: (5733|0x5467E4F8)[BTAPP] XML : find waveout_pre_buffer_count setting
05-27 18:23:21.333  5733  5733 D ANWJNI_SECOND: 
05-27 18:23:21.333  5733  5733 D ANWJNI_SECOND: (5733|0x5467E4F8)[BTAPP] XML : set waveout_pre_buffer_count success(101)
05-27 18:23:21.333  5733  5733 D ANWJNI_SECOND: 
05-27 18:23:21.333  5733  5733 D ANWJNI_SECOND: (5733|0x5467E4F8)[BTAPP] XML : find waveout_pre_buffer_count setting
05-27 18:23:21.333  5733  5733 D ANWJNI_SECOND: 
05-27 18:23:21.333  5733  5733 D ANWJNI_SECOND: (5733|0x5467E4F8)[BTAPP] XML : set local_music_pre_buffer_count success(40)
05-27 18:23:21.333  5733  5733 D ANWJNI_SECOND: 
05-27 18:23:21.333  5733  5733 D ANWJNI_SECOND: (5733|0x5467E4F8)[BTAPP] XML : inband_ring 
05-27 18:23:21.333  5733  5733 D ANWJNI_SECOND: 
05-27 18:23:21.333  5733  5733 D ANWJNI_SECOND: (5733|0x5467E4F8)[BTAPP] inband_ring open
05-27 18:23:21.333  5733  5733 D ANWJNI_SECOND: 
05-27 18:23:21.333  5733  5733 D ANWJNI_SECOND: (5733|0x5467E4F8)[BTAPP] XML : find map_download_max_size setting
05-27 18:23:21.333  5733  5733 D ANWJNI_SECOND: 
05-27 18:23:21.333  5733  5733 D ANWJNI_SECOND: (5733|0x5467E4F8)[BTAPP] XML : set map_download_max_size failed(20)
05-27 18:23:21.333  5733  5733 D ANWJNI_SECOND: 
05-27 18:23:21.333  5733  5733 D ANWJNI_SECOND: (5733|0x5467E4F8)[BTAPP] XML : stack debug
05-27 18:23:21.333  5733  5733 D ANWJNI_SECOND: 
05-27 18:23:21.333   536   536 D commservice260303: msg.id = 1028,1
05-27 18:23:21.333  5733  5733 D ANWJNI_SECOND: (5733|0x5467E4F8)[BTAPP] XML : stack debug open
05-27 18:23:21.333  5733  5733 D ANWJNI_SECOND: 
05-27 18:23:21.333   536   536 D commservice260303: i = 170, msgid = 8A000404
05-27 18:23:21.333   536   536 D commservice260303: msgid = -1979710460,did=138
05-27 18:23:21.333   536   536 D commservice260303: CommProtocolLibCmdBaseI2C::dataproc {"command":{"id":"imu_status","sub":""},"content":{"TimeStamp":9,"FrameCounter":215005,"GD_X":-0.011910883709788322,"GD_Y":0.0048857564106583595,"GD_Z":0.0019848872907459736,"AD_X":-0.004793867468833923,"AD_Y":0.002787094796076417,"AD_Z":-0.17072391510009766,"TempDsp":0,"Status":0,"CalibState":1,"SigAmpInvalid":0}},-1979710460
05-27 18:23:21.333  5733  5733 D ANWAPI_SECOND: (5733|0x5467E4F8)[BTAPI] >>>AnWBT_Usr_DebugLog
05-27 18:23:21.334   536   536 D commservice260303: send2Cluster len:316, 7B22636F6D6D616E64223A7B226964223A22696D755F737461747573222C22737562223A22227D2C22636F6E74656E74223A7B2254696D655374616D70223A392C224672616D65436F756E746572223A3231353030352C2247445F58223A2D302E3031313931303838333730393738383332322C2247445F59223A302E303034383835373536343130363538333539352C2247445F5A223A302E303031393834383837323930373435393733362C2241445F58223A2D302E3030343739333836373436383833333932332C2241445F59223A302E3030323738373039343739363037363431372C2241445F5A223A2D302E31373037323339313531303030393736362C2254656D70447370223A302C22537461747573223A302C2243616C69625374617465223A312C22536967416D70496E76616C6964223A307D7D, 138 
05-27 18:23:21.334   536   536 D commservice260303: Push Message into SendPool fn=-1417346304
05-27 18:23:21.334  5733  5733 D ANWAPI_SECOND: (5733|0x5467E4F8)[BTAPI] <<<<AnWBT_Usr_DebugLog: ret=0
05-27 18:23:21.334   536   536 D commservice260303: ComProtocolLibSend2Cluster::send2ClusterRaw fn=-1417346304 , len=332
05-27 18:23:21.334   536   536 D commservice260303: sendCmdToPort :332!!!
05-27 18:23:21.334  5733  5733 D ANWJNI_SECOND: (5733|0x5467E4F8)[BTAPP] XML : app debug
05-27 18:23:21.334  5733  5733 D ANWJNI_SECOND: 
05-27 18:23:21.334   536   536 D commservice260303: send Cmd To Port ++++5AA501488A01000385AB6A16C6197B22636F6D6D616E64223A7B226964223A22696D755F737461747573222C22737562223A22227D2C22636F6E74656E74223A7B2254696D655374616D70223A392C224672616D65436F756E746572223A3231353030352C2247445F58223A2D302E3031313931303838333730393738383332322C2247445F59223A302E303034383835373536343130363538333539352C2247445F5A223A302E303031393834383837323930373435393733362C2241445F58223A2D302E3030343739333836373436383833333932332C2241445F59223A302E3030323738373039343739363037363431372C2241445F5A223A2D302E31373037323339313531303030393736362C2254656D70447370223A302C22537461747573223A302C2243616C69625374617465223A312C22536967416D70496E76616C6964223A307D7D1D07
05-27 18:23:21.334  5733  5733 D ANWJNI_SECOND: (5733|0x5467E4F8)[BTAPP] XML : app debug open
05-27 18:23:21.334  5733  5733 D ANWJNI_SECOND: 
05-27 18:23:21.334  5733  5733 D ANWJNI_SECOND: (5733|0x5467E4F8)[BTAPP] XML : api debug
05-27 18:23:21.334  5733  5733 D ANWJNI_SECOND: 
05-27 18:23:21.334  5733  5733 D ANWJNI_SECOND: (5733|0x5467E4F8)[BTAPP] XML : api debug open
05-27 18:23:21.334  5733  5733 D ANWJNI_SECOND: 
05-27 18:23:21.334   536   536 D commservice260303: bufferevent_write retrun value = 0
05-27 18:23:21.334  5733  5733 D ANWJNI_SECOND: (5733|0x5467E4F8)[BTAPP] XML : hfp debug
05-27 18:23:21.334  5733  5733 D ANWJNI_SECOND: 
05-27 18:23:21.334   536   560 D commservice260303: client datas send succeed,send finish
05-27 18:23:21.334  5733  5733 D ANWJNI_SECOND: (5733|0x5467E4F8)[BTAPP] XML : hfp debug open
05-27 18:23:21.334  5733  5733 D ANWJNI_SECOND: 
05-27 18:23:21.334  5733  5733 D ANWJNI_SECOND: (5733|0x5467E4F8)[BTAPP] XML : a2dp debug
05-27 18:23:21.334  5733  5733 D ANWJNI_SECOND: 
05-27 18:23:21.334  5733  5733 D ANWJNI_SECOND: (5733|0x5467E4F8)[BTAPP] XML : a2dp debug open
05-27 18:23:21.334  5733  5733 D ANWJNI_SECOND: 
05-27 18:23:21.334 13911 14192 D Sentinelmode_1.2.5.17_sentry: <SentryImuClusterFgeSender>imu_status sent to Linux, frame=215005, tsNs=9268568, tsMs=9, intervalMs=40, ad=(-0.0047938675,0.0027870948,-0.17072392), gd=(-0.011910884,0.0048857564,0.0019848873)
05-27 18:23:21.334  5733  5733 D ANWJNI_SECOND: (5733|0x5467E4F8)[BTAPP] XML : waveout debug
05-27 18:23:21.334  5733  5733 D ANWJNI_SECOND: 
05-27 18:23:21.334  5733  5733 D ANWJNI_SECOND: (5733|0x5467E4F8)[BTAPP] XML : waveout debug open
05-27 18:23:21.334  5733  5733 D ANWJNI_SECOND: 
05-27 18:23:21.334  5733  5733 D ANWJNI_SECOND: (5733|0x5467E4F8)[BTAPP] XML : avrcp debug
05-27 18:23:21.334  5733  5733 D ANWJNI_SECOND: 
05-27 18:23:21.334  5733  5733 D ANWJNI_SECOND: (5733|0x5467E4F8)[BTAPP] XML : avrcp debug open
05-27 18:23:21.334  5733  5733 D ANWJNI_SECOND: 
05-27 18:23:21.335  5733  5733 D ANWJNI_SECOND: (5733|0x5467E4F8)[BTAPP] XML : pbap debug
05-27 18:23:21.335  5733  5733 D ANWJNI_SECOND: 
05-27 18:23:21.335  5733  5733 D ANWJNI_SECOND: (5733|0x5467E4F8)[BTAPP] XML : pbap debug open
05-27 18:23:21.335  5733  5733 D ANWJNI_SECOND: 
05-27 18:23:21.335  5733  5733 D ANWJNI_SECOND: (5733|0x5467E4F8)[BTAPP] XML : map debug
05-27 18:23:21.335  5733  5733 D ANWJNI_SECOND: 
05-27 18:23:21.335  5733  5733 D ANWJNI_SECOND: (5733|0x5467E4F8)[BTAPP] XML : map debug open
05-27 18:23:21.335  5733  5733 D ANWJNI_SECOND: 
05-27 18:23:21.335  5733  5733 D ANWJNI_SECOND: (5733|0x5467E4F8)[BTAPP] get debug_iap data fail
05-27 18:23:21.335  5733  5733 D ANWJNI_SECOND: 
05-27 18:23:21.335  5733  5733 D ANWJNI_SECOND: (5733|0x5467E4F8)[BTAPP] XML : btsnoop
05-27 18:23:21.335  5733  5733 D ANWJNI_SECOND: 
05-27 18:23:21.335  5733  5733 D ANWJNI_SECOND: (5733|0x5467E4F8)[BTAPP] XML : btsnoop open
05-27 18:23:21.335  5733  5733 D ANWJNI_SECOND: 
05-27 18:23:21.335  5733  5733 D ANWJNI_SECOND: (5733|0x5467E4F8)[BTAPP] XML : file_path 
05-27 18:23:21.335  5733  5733 D ANWJNI_SECOND: 
05-27 18:23:21.335  5733  5733 D ANWJNI_SECOND: (5733|0x5467E4F8)[BTAPP] XML : file_path /data/misc/anw/ is exist,so break
05-27 18:23:21.335  5733  5733 D ANWJNI_SECOND: 
05-27 18:23:21.335   572   572 I Sensors : 230 AccelSensor: x:-0.170800,y:0.003659,z:-9.975940
