05-27 18:23:23.676   536   536 D commservice260303: send Cmd To Port ++++5AA501488A01000385E66A16C61B7B22636F6D6D616E64223A7B226964223A22696D755F737461747573222C22737562223A22227D2C22636F6E74656E74223A7B2254696D655374616D70223A392C224672616D65436F756E746572223A3231353036322C2247445F58223A2D302E3031313330303735303037363737303738322C2247445F59223A302E30303531393231323338313931343235382C2247445F5A223A302E303032333637313936363034363039343839342C2241445F58223A2D302E303033363733333839353534303233373432372C2241445F59223A2D302E3030343535323139383537333934363935332C2241445F5A223A2D302E31373235353539323334363139313430362C2254656D70447370223A302C22537461747573223A302C2243616C69625374617465223A312C22536967416D70496E76616C6964223A307D7D381C
05-27 18:23:23.676   536   536 D commservice260303: bufferevent_write retrun value = 0
05-27 18:23:23.676   536   560 D commservice260303: client datas send succeed,send finish
05-27 18:23:23.676 13911 14192 D Sentinelmode_1.2.5.17_sentry: <SentryImuClusterFgeSender>imu_status sent to Linux, frame=215062, tsNs=9270903, tsMs=9, intervalMs=44, ad=(-0.0036733896,-0.0045521986,-0.17255592), gd=(-0.01130075,0.005192124,0.0023671966)
05-27 18:23:23.678   581   581 I SpiService: fgesysctrl_getGPIO_status success val=1
05-27 18:23:23.679  1008 30857 D [OMXB]  : usingANWBuffer: handle:0xee7435b0, format:1, w:1920, h:1080
05-27 08:14:32.642   581   581 D spidev_ioctl: gpio status=1)
05-27 18:23:23.684   581   581 I SpiService: fgesysctrl_getGPIO_status success val=1
05-27 08:14:32.648   581   581 D spidev_ioctl: gpio status=1)
05-27 18:23:23.688   572   622 I Sensors : 230 AccelSensor: x:-0.172019,y:0.000000,z:-9.974720
05-27 18:23:23.689   581   581 I SpiService: fgesysctrl_getGPIO_status success val=1
05-27 18:23:23.692 13911 14183 I SentryImuMcuAngleSender: 180.0rollDeg
05-27 18:23:23.692 13911 14183 I SentryImuMcuAngleSender: 1,0,0
05-27 08:14:32.654   581   581 D spi_rst_gpio_get_output: GPIO 145 value: 1
05-27 18:23:23.693   299 30841 D EvsDriver: forwardFrame
05-27 18:23:23.694   299 30841 D EvsDriver: Delivered 0xb400007b7ca56a60 as id 0
05-27 18:23:23.694  1167  1184 D evsmanagerd: /dev/video4 forwarded the buffer #0 to 0xb4000074bf5f6850 from 0xb4000074bf5f41d0
05-27 18:23:23.694   581   581 I SpiService: fgesysctrl_getGPIO_status success val=0
05-27 18:23:23.696  1008 30856 D [OMXB]  : usingANWBuffer: handle:0xee744b00, format:1, w:1920, h:1080
05-27 18:23:23.696   299 30844 D EvsDriver: forwardFrame
05-27 18:23:23.696   299  1163 D EvsDriver: doneWithFrame
05-27 08:14:32.659   581   581 D spi_rst_gpio_get_output: GPIO 145 value: 0
05-27 08:14:32.659   581   581 D spidev_ioctl: gpio status=0)
05-27 18:23:23.697 30773 30789 I dvr_service_: Camera 0: MediaOK:74146977, frames:1690, isKeyFrame:0,pts:9270582122
05-27 18:23:23.699  1167  1184 D evsmanagerd: /dev/video6 forwarded the buffer #0 to 0xb4000074bf5f5510 from 0xb4000074bf5f6d90
05-27 18:23:23.699   299 30844 D EvsDriver: Delivered 0xb400007b7ca56900 as id 0
05-27 18:23:23.704   299  1163 D EvsDriver: doneWithFrame
05-27 18:23:23.710   581   581 I SpiService: fgesysctrl_getGPIO_status success val=1
05-27 18:23:23.711   536   536 D commservice260303: msg.id = 1028,0
05-27 18:23:23.711   536   536 D commservice260303: i = 170, msgid = 8A000404
05-27 18:23:23.711   536   536 D commservice260303: msgid = -1979710460,did=138
05-27 18:23:23.711   536   536 D commservice260303: CommProtocolLibCmdBaseI2C::dataproc {"command":{"id":"imu_status","sub":""},"content":{"TimeStamp":9,"FrameCounter":215063,"GD_X":-0.010841978713870049,"GD_Y":0.005420989356935024,"GD_Z":0.0019848872907459736,"AD_X":-0.0030539631843566895,"AD_Y":-8.714660070836544E-4,"AD_Z":-0.16950416564941406,"TempDsp":0,"Status":0,"CalibState":1,"SigAmpInvalid":0}},-1979710460
05-27 18:23:23.711   536   536 D commservice260303: send2Cluster len:317, 7B22636F6D6D616E64223A7B226964223A22696D755F737461747573222C22737562223A22227D2C22636F6E74656E74223A7B2254696D655374616D70223A392C224672616D65436F756E746572223A3231353036332C2247445F58223A2D302E3031303834313937383731333837303034392C2247445F59223A302E3030353432303938393335363933353032342C2247445F5A223A302E303031393834383837323930373435393733362C2241445F58223A2D302E303033303533393633313834333536363839352C2241445F59223A2D382E373134363630303730383336353434452D342C2241445F5A223A2D302E31363935303431363536343934313430362C2254656D70447370223A302C22537461747573223A302C2243616C69625374617465223A312C22536967416D70496E76616C6964223A307D7D, 138 
05-27 18:23:23.711   536   536 D commservice260303: Push Message into SendPool fn=-410713344
05-27 18:23:23.711   536   536 D commservice260303: ComProtocolLibSend2Cluster::send2ClusterRaw fn=-410713344 , len=333
05-27 18:23:23.711   536   536 D commservice260303: sendCmdToPort :333!!!
05-27 18:23:23.712   536   536 D commservice260303: send Cmd To Port ++++5AA501498A01000385E76A16C61B7B22636F6D6D616E64223A7B226964223A22696D755F737461747573222C22737562223A22227D2C22636F6E74656E74223A7B2254696D655374616D70223A392C224672616D65436F756E746572223A3231353036332C2247445F58223A2D302E3031303834313937383731333837303034392C2247445F59223A302E3030353432303938393335363933353032342C2247445F5A223A302E303031393834383837323930373435393733362C2241445F58223A2D302E303033303533393633313834333536363839352C2241445F59223A2D382E373134363630303730383336353434452D342C2241445F5A223A2D302E31363935303431363536343934313430362C2254656D70447370223A302C22537461747573223A302C2243616C69625374617465223A312C22536967416D70496E76616C6964223A307D7D921B
05-27 18:23:23.712   536   536 D commservice260303: bufferevent_write retrun value = 0
05-27 18:23:23.712   536   560 D commservice260303: client datas send succeed,send finish
05-27 18:23:23.712 13911 14192 D Sentinelmode_1.2.5.17_sentry: <SentryImuClusterFgeSender>imu_status sent to Linux, frame=215063, tsNs=9270957, tsMs=9, intervalMs=36, ad=(-0.0030539632,-8.71466E-4,-0.16950417), gd=(-0.010841979,0.0054209894,0.0019848873)
05-27 08:14:32.674   581   581 D spi_rst_gpio_get_output: GPIO 145 value: 1
05-27 08:14:32.674   581   581 D spidev_ioctl: gpio status=1)
05-27 18:23:23.713 13911 14183 I SentryImuMcuAngleSender: 179.993rollDeg
05-27 18:23:23.713 13911 14183 I SentryImuMcuAngleSender: 1,0,0
05-27 18:23:23.715   581   581 I SpiService: fgesysctrl_getGPIO_status success val=1
05-27 18:23:23.716  1008 30857 D [OMXB]  : usingANWBuffer: handle:0xee741ae0, format:1, w:1920, h:1080
05-27 18:23:23.717 30773 30789 I dvr_service_: Camera 1: MediaOK:74117097, frames:1700, isKeyFrame:0,pts:9270583623
05-27 18:23:23.720   581   581 I SpiService: fgesysctrl_getGPIO_status success val=1
05-27 18:23:23.723   299 30844 D EvsDriver: forwardFrame
05-27 18:23:23.725   299 30844 D EvsDriver: Delivered 0xb400007b7ca56900 as id 0
05-27 18:23:23.725  1167  1184 D evsmanagerd: /dev/video6 forwarded the buffer #0 to 0xb4000074bf5f5510 from 0xb4000074bf5f6d90
05-27 18:23:23.726   581   581 I SpiService: fgesysctrl_getGPIO_status success val=1
05-27 18:23:23.728   299  1163 D EvsDriver: doneWithFrame
05-27 18:23:23.729   299 30841 D EvsDriver: forwardFrame
05-27 18:23:23.732   581   581 I SpiService: fgesysctrl_getGPIO_status success val=0
05-27 18:23:23.732   299 30841 D EvsDriver: Delivered 0xb400007b7ca56a60 as id 0
05-27 18:23:23.732  1167  1184 D evsmanagerd: /dev/video4 forwarded the buffer #0 to 0xb4000074bf5f6850 from 0xb4000074bf5f41d0
05-27 18:23:23.734 13911 14183 I SentryImuMcuAngleSender: 179.99298rollDeg
05-27 18:23:23.734 13911 14183 I SentryImuMcuAngleSender: 1,0,0
05-27 18:23:23.738   299  1163 D EvsDriver: doneWithFrame
05-27 18:23:23.743  1008 30856 D [OMXB]  : usingANWBuffer: handle:0xee744bb0, format:1, w:1920, h:1080
05-27 18:23:23.747   581   581 I SpiService: fgesysctrl_getGPIO_status success val=1
05-27 18:23:23.750 13911 13911 I Sentinelmode_1.2.5.17_sentry: <SentinelCarServiceManager>sensorType:291504647
05-27 18:23:23.752   536   536 D commservice260303: msg.id = 1028,1
05-27 18:23:23.752   536   536 D commservice260303: i = 170, msgid = 8A000404
05-27 18:23:23.752   536   536 D commservice260303: msgid = -1979710460,did=138
05-27 18:23:23.752   536   536 D commservice260303: CommProtocolLibCmdBaseI2C::dataproc {"command":{"id":"imu_status","sub":""},"content":{"TimeStamp":9,"FrameCounter":215064,"GD_X":-0.011682018637657166,"GD_Y":0.005268065724521875,"GD_Z":0.0019848872907459736,"AD_X":-0.004270106554031372,"AD_Y":-0.0014739363687112927,"AD_Z":-0.16706466674804688,"TempDsp":0,"Status":0,"CalibState":1,"SigAmpInvalid":0}},-1979710460
05-27 18:23:23.752   536   536 D commservice260303: send2Cluster len:317, 7B22636F6D6D616E64223A7B226964223A22696D755F737461747573222C22737562223A22227D2C22636F6E74656E74223A7B2254696D655374616D70223A392C224672616D65436F756E746572223A3231353036342C2247445F58223A2D302E3031313638323031383633373635373136362C2247445F59223A302E3030353236383036353732343532313837352C2247445F5A223A302E303031393834383837323930373435393733362C2241445F58223A2D302E3030343237303130363535343033313337322C2241445F59223A2D302E303031343733393336333638373131323932372C2241445F5A223A2D302E31363730363436363637343830343638382C2254656D70447370223A302C22537461747573223A302C2243616C69625374617465223A312C22536967416D70496E76616C6964223A307D7D, 138 
05-27 18:23:23.752   536   536 D commservice260303: Push Message into SendPool fn=-393936128
05-27 18:23:23.752   536   536 D commservice260303: ComProtocolLibSend2Cluster::send2ClusterRaw fn=-393936128 , len=333
05-27 18:23:23.752   581   581 I SpiService: fgesysctrl_getGPIO_status success val=1
05-27 18:23:23.752   536   536 D commservice260303: sendCmdToPort :333!!!
05-27 18:23:23.752   536   536 D commservice260303: send Cmd To Port ++++5AA501498A01000385E86A16C61B7B22636F6D6D616E64223A7B226964223A22696D755F737461747573222C22737562223A22227D2C22636F6E74656E74223A7B2254696D655374616D70223A392C224672616D65436F756E746572223A3231353036342C2247445F58223A2D302E3031313638323031383633373635373136362C2247445F59223A302E3030353236383036353732343532313837352C2247445F5A223A302E303031393834383837323930373435393733362C2241445F58223A2D302E3030343237303130363535343033313337322C2241445F59223A2D302E303031343733393336333638373131323932372C2241445F5A223A2D302E31363730363436363637343830343638382C2254656D70447370223A302C22537461747573223A302C2243616C69625374617465223A312C22536967416D70496E76616C6964223A307D7D2EFA
05-27 18:23:23.752   536   536 D commservice260303: bufferevent_write retrun value = 0
05-27 18:23:23.752   536   560 D commservice260303: client datas send succeed,send finish
05-27 18:23:23.753 13911 14192 D Sentinelmode_1.2.5.17_sentry: <SentryImuClusterFgeSender>imu_status sent to Linux, frame=215064, tsNs=9270992, tsMs=9, intervalMs=40, ad=(-0.0042701066,-0.0014739364,-0.16706467), gd=(-0.011682019,0.0052680657,0.0019848873)
05-27 18:23:23.755 13911 14183 I SentryImuMcuAngleSender: 179.99649rollDeg
05-27 18:23:23.755 13911 14183 I SentryImuMcuAngleSender: 1,0,0
05-27 18:23:23.756   299 30841 D EvsDriver: forwardFrame
05-27 18:23:23.757   351   351 D DefaultVehicleHal: setProperty setValues start
05-27 18:23:23.757 15863 15914 W AIN-DaemonApplication: dds kernel success.
05-27 18:23:23.757   351   351 D 2026-5-19:FakeVehicleHardware: setProperty FakeVehicleHardware  ID: 0x11500f31
05-27 18:23:23.757   351   351 D 2026-5-19:FakeVehicleHardware: setProperty id:0x11500f31,value:9271008
05-27 18:23:23.757   351   351 D DefaultVehicleHal: setProperty setValues end
05-27 18:23:23.757   351   368 D 2026-5-19:FakeVehicleHardware: setProperty FakeVehicleHardware  setValue START
05-27 18:23:23.757   351   368 D 2026-5-19:FakeVehicleHardware: setProperty FakeVehicleHardware  setValue end
05-27 18:23:23.758   581   581 I SpiService: fgesysctrl_getGPIO_status success val=1
05-27 18:23:23.758  1167  1184 D evsmanagerd: /dev/video4 forwarded the buffer #0 to 0xb4000074bf5f6850 from 0xb4000074bf5f41d0
05-27 18:23:23.758   299 30841 D EvsDriver: Delivered 0xb400007b7ca56a60 as id 0
05-27 18:23:23.759   283   307 I rvcservice: t.code = 3, t.value = 0
05-27 18:23:23.760  1008 30857 D [OMXB]  : usingANWBuffer: handle:0xee7428a0, format:1, w:1920, h:1080
05-27 18:23:23.761   299  1163 D EvsDriver: doneWithFrame
05-27 18:23:23.761   299 30844 D EvsDriver: forwardFrame
05-27 18:23:23.764   581   581 I SpiService: fgesysctrl_getGPIO_status success val=1
05-27 18:23:23.764   299 30844 D EvsDriver: Delivered 0xb400007b7ca56900 as id 0
05-27 18:23:23.764  1167  1184 D evsmanagerd: /dev/video6 forwarded the buffer #0 to 0xb4000074bf5f5510 from 0xb4000074bf5f6d90
05-27 18:23:23.768   299  1163 D EvsDriver: doneWithFrame
05-27 18:23:23.770   581   581 I SpiService: fgesysctrl_getGPIO_status success val=1
05-27 18:23:23.776   581   581 I SpiService: fgesysctrl_getGPIO_status success val=0
05-27 18:23:23.776 13911 14183 I SentryImuMcuAngleSender: 179.99298rollDeg
05-27 18:23:23.776 13911 14183 I SentryImuMcuAngleSender: 1,0,0
05-27 18:23:23.777   572   572 I Sensors : 230 GyroSensor: x:-0.011835,y:0.005421,z:0.002367
05-27 18:23:23.781  1008 30856 D [OMXB]  : usingANWBuffer: handle:0xee7454a0, format:1, w:1920, h:1080
05-27 18:23:23.790   581   581 I SpiService: fgesysctrl_getGPIO_status success val=1
05-27 18:23:23.792   536   536 D commservice260303: msg.id = 1028,0
05-27 18:23:23.792   536   536 D commservice260303: i = 170, msgid = 8A000404
05-27 18:23:23.792   536   536 D commservice260303: msgid = -1979710460,did=138
05-27 18:23:23.792   536   536 D commservice260303: CommProtocolLibCmdBaseI2C::dataproc {"command":{"id":"imu_status","sub":""},"content":{"TimeStamp":9,"FrameCounter":215065,"GD_X":-0.011834942735731602,"GD_Y":0.005420989356935024,"GD_Z":0.0023671966046094894,"AD_X":-0.003045797348022461,"AD_Y":-2.5081902276724577E-4,"AD_Z":-0.16950416564941406,"TempDsp":0,"Status":0,"CalibState":1,"SigAmpInvalid":0}},-1979710460
05-27 18:23:23.792   536   536 D commservice260303: send2Cluster len:317, 7B22636F6D6D616E64223A7B226964223A22696D755F737461747573222C22737562223A22227D2C22636F6E74656E74223A7B2254696D655374616D70223A392C224672616D65436F756E746572223A3231353036352C2247445F58223A2D302E3031313833343934323733353733313630322C2247445F59223A302E3030353432303938393335363933353032342C2247445F5A223A302E303032333637313936363034363039343839342C2241445F58223A2D302E3030333034353739373334383032323436312C2241445F59223A2D322E35303831393032323736373234353737452D342C2241445F5A223A2D302E31363935303431363536343934313430362C2254656D70447370223A302C22537461747573223A302C2243616C69625374617465223A312C22536967416D70496E76616C6964223A307D7D, 138 
05-27 18:23:23.792   536   536 D commservice260303: Push Message into SendPool fn=-377158912
05-27 18:23:23.792   536   536 D commservice260303: ComProtocolLibSend2Cluster::send2ClusterRaw fn=-377158912 , len=333
05-27 18:23:23.792   536   536 D commservice260303: sendCmdToPort :333!!!
05-27 18:23:23.793   536   536 D commservice260303: send Cmd To Port ++++5AA501498A01000385E96A16C61B7B22636F6D6D616E64223A7B226964223A22696D755F737461747573222C22737562223A22227D2C22636F6E74656E74223A7B2254696D655374616D70223A392C224672616D65436F756E746572223A3231353036352C2247445F58223A2D302E3031313833343934323733353733313630322C2247445F59223A302E3030353432303938393335363933353032342C2247445F5A223A302E303032333637313936363034363039343839342C2241445F58223A2D302E3030333034353739373334383032323436312C2241445F59223A2D322E35303831393032323736373234353737452D342C2241445F5A223A2D302E31363935303431363536343934313430362C2254656D70447370223A302C22537461747573223A302C2243616C69625374617465223A312C22536967416D70496E76616C6964223A307D7D0810
05-27 18:23:23.793   536   536 D commservice260303: bufferevent_write retrun value = 0
05-27 18:23:23.793   536   560 D commservice260303: client datas send succeed,send finish
05-27 18:23:23.793 13911 14192 D Sentinelmode_1.2.5.17_sentry: <SentryImuClusterFgeSender>imu_status sent to Linux, frame=215065, tsNs=9271028, tsMs=9, intervalMs=41, ad=(-0.0030457973,-2.5081902E-4,-0.16950417), gd=(-0.011834943,0.0054209894,0.0023671966)
05-27 18:23:23.795   299 30841 D EvsDriver: forwardFrame
05-27 18:23:23.796   581   581 I SpiService: fgesysctrl_getGPIO_status success val=1
05-27 18:23:23.796   299 30844 D EvsDriver: forwardFrame
05-27 18:23:23.797 13911 14183 I SentryImuMcuAngleSender: 179.986rollDeg
05-27 18:23:23.797 13911 14183 I SentryImuMcuAngleSender: 1,0,0
05-27 18:23:23.797   299 30841 D EvsDriver: Delivered 0xb400007b7ca56a60 as id 0
05-27 18:23:23.797  1167  1184 D evsmanagerd: /dev/video4 forwarded the buffer #0 to 0xb4000074bf5f6850 from 0xb4000074bf5f41d0
05-27 18:23:23.797 30773 30782 E dvr_service_: [myNum:0] Received S**** loss
05-27 18:23:23.797   299 30844 D EvsDriver: Delivered 0xb400007b7ca56900 as id 0
05-27 18:23:23.797  1167  1184 D evsmanagerd: /dev/video6 forwarded the buffer #0 to 0xb4000074bf5f5510 from 0xb4000074bf5f6d90
05-27 18:23:23.798 30773 30773 E dvr_service_: [myNum:1] Received S**** loss
05-27 18:23:23.798   299  1163 D EvsDriver: doneWithFrame
05-27 18:23:23.798   299  1163 D EvsDriver: doneWithFrame
05-27 18:23:23.800  1008 30857 D [OMXB]  : usingANWBuffer: handle:0xee744000, format:1, w:1920, h:1080
05-27 18:23:23.801   581   581 I SpiService: fgesysctrl_getGPIO_status success val=1
05-27 18:23:23.807   581   581 I SpiService: fgesysctrl_getGPIO_status success val=1
05-27 18:23:23.807   351   515 W automotive.vehicle@2.0-adayo-func-bcm: BCMFunc sendMessageFromClient_l sendMessage prop: 0x11500f31 not in table
05-27 18:23:23.812   581   581 I SpiService: fgesysctrl_getGPIO_status success val=1
05-27 18:23:23.817 13911 14183 I SentryImuMcuAngleSender: 179.986rollDeg
05-27 18:23:23.817 13911 14183 I SentryImuMcuAngleSender: 1,0,0
05-27 18:23:23.817  1008 30856 D [OMXB]  : usingANWBuffer: handle:0xee743500, format:1, w:1920, h:1080
05-27 18:23:23.818   581   581 I SpiService: fgesysctrl_getGPIO_status success val=0
05-27 18:23:23.829   299 30841 D EvsDriver: forwardFrame
05-27 18:23:23.831  1167  1167 D evsmanagerd: /dev/video4 forwarded the buffer #0 to 0xb4000074bf5f6850 from 0xb4000074bf5f41d0
05-27 18:23:23.831   299 30841 D EvsDriver: Delivered 0xb400007b7ca56a60 as id 0
05-27 18:23:23.832   581   581 I SpiService: fgesysctrl_getGPIO_status success val=1
05-27 18:23:23.833  1008 30857 D [OMXB]  : usingANWBuffer: handle:0xee7407a0, format:1, w:1920, h:1080
05-27 18:23:23.833   536   536 D commservice260303: msg.id = 1028,0
05-27 18:23:23.833   536   536 D commservice260303: i = 170, msgid = 8A000404
05-27 18:23:23.833   536   536 D commservice260303: msgid = -1979710460,did=138
05-27 18:23:23.833   536   536 D commservice260303: CommProtocolLibCmdBaseI2C::dataproc {"command":{"id":"imu_status","sub":""},"content":{"TimeStamp":9,"FrameCounter":215066,"GD_X":-0.011300750076770782,"GD_Y":0.004505007527768612,"GD_Z":0.00259606190957129,"AD_X":-0.001834973692893982,"AD_Y":3.563365899026394E-4,"AD_Z":-0.17194366455078125,"TempDsp":0,"Status":0,"CalibState":1,"SigAmpInvalid":0}},-1979710460
05-27 18:23:23.833   536   536 D commservice260303: send2Cluster len:313, 7B22636F6D6D616E64223A7B226964223A22696D755F737461747573222C22737562223A22227D2C22636F6E74656E74223A7B2254696D655374616D70223A392C224672616D65436F756E746572223A3231353036362C2247445F58223A2D302E3031313330303735303037363737303738322C2247445F59223A302E3030343530353030373532373736383631322C2247445F5A223A302E30303235393630363139303935373132392C2241445F58223A2D302E3030313833343937333639323839333938322C2241445F59223A332E353633333635383939303236333934452D342C2241445F5A223A2D302E31373139343336363435353037383132352C2254656D70447370223A302C22537461747573223A302C2243616C69625374617465223A312C22536967416D70496E76616C6964223A307D7D, 138 
05-27 18:23:23.833   536   536 D commservice260303: Push Message into SendPool fn=-360381696
05-27 18:23:23.833   536   536 D commservice260303: ComProtocolLibSend2Cluster::send2ClusterRaw fn=-360381696 , len=329
05-27 18:23:23.833   299  1163 D EvsDriver: doneWithFrame
05-27 18:23:23.833   536   536 D commservice260303: sendCmdToPort :329!!!
05-27 18:23:23.833   299 30844 D EvsDriver: forwardFrame
05-27 18:23:23.834   536   536 D commservice260303: send Cmd To Port ++++5AA501458A01000385EA6A16C61B7B22636F6D6D616E64223A7B226964223A22696D755F737461747573222C22737562223A22227D2C22636F6E74656E74223A7B2254696D655374616D70223A392C224672616D65436F756E746572223A3231353036362C2247445F58223A2D302E3031313330303735303037363737303738322C2247445F59223A302E3030343530353030373532373736383631322C2247445F5A223A302E30303235393630363139303935373132392C2241445F58223A2D302E3030313833343937333639323839333938322C2241445F59223A332E353633333635383939303236333934452D342C2241445F5A223A2D302E31373139343336363435353037383132352C2254656D70447370223A302C22537461747573223A302C2243616C69625374617465223A312C22536967416D70496E76616C6964223A307D7D58B8
05-27 18:23:23.834   536   536 D commservice260303: bufferevent_write retrun value = 0
05-27 18:23:23.834   536   560 D commservice260303: client datas send succeed,send finish
05-27 18:23:23.834 13911 14192 D Sentinelmode_1.2.5.17_sentry: <SentryImuClusterFgeSender>imu_status sent to Linux, frame=215066, tsNs=9271081, tsMs=9, intervalMs=41, ad=(-0.0018349737,3.563366E-4,-0.17194366), gd=(-0.01130075,0.0045050075,0.002596062)
05-27 18:23:23.835  1167  1167 D evsmanagerd: /dev/video6 forwarded the buffer #0 to 0xb4000074bf5f5510 from 0xb4000074bf5f6d90
05-27 18:23:23.835   299 30844 D EvsDriver: Delivered 0xb400007b7ca56900 as id 0
05-27 18:23:23.837 13911 14183 I SentryImuMcuAngleSender: 179.986rollDeg
05-27 18:23:23.838   581   581 I SpiService: fgesysctrl_getGPIO_status success val=1
05-27 18:23:23.838 13911 14183 I SentryImuMcuAngleSender: 1,0,0
05-27 18:23:23.838   299  1163 D EvsDriver: doneWithFrame
05-27 18:23:23.843   581   581 I SpiService: fgesysctrl_getGPIO_status success val=1
05-27 18:23:23.849   581   581 I SpiService: fgesysctrl_getGPIO_status success val=1
05-27 18:23:23.854   581   581 I SpiService: fgesysctrl_getGPIO_status success val=0
05-27 18:23:23.858   299 30841 D EvsDriver: forwardFrame
05-27 18:23:23.858   299 30844 D EvsDriver: forwardFrame
05-27 18:23:23.858 13911 14183 I SentryImuMcuAngleSender: 179.98248rollDeg
05-27 18:23:23.858 13911 14183 I SentryImuMcuAngleSender: 1,0,0
05-27 18:23:23.859   283   307 I rvcservice: t.code = 0, t.value = 1220
05-27 18:23:23.859   299 30844 D EvsDriver: Delivered 0xb400007b7ca56900 as id 0
05-27 18:23:23.859  1167  1167 D evsmanagerd: /dev/video6 forwarded the buffer #0 to 0xb4000074bf5f5510 from 0xb4000074bf5f6d90
05-27 18:23:23.860  1167  1184 D evsmanagerd: /dev/video4 forwarded the buffer #0 to 0xb4000074bf5f6850 from 0xb4000074bf5f41d0
05-27 18:23:23.860   299 30841 D EvsDriver: Delivered 0xb400007b7ca56a60 as id 0
05-27 18:23:23.863   299  1163 D EvsDriver: doneWithFrame
05-27 18:23:23.863  1008 30856 D [OMXB]  : usingANWBuffer: handle:0xee746310, format:1, w:1920, h:1080
05-27 18:23:23.863   299  1153 D EvsDriver: doneWithFrame
05-27 18:23:23.870   581   581 I SpiService: fgesysctrl_getGPIO_status success val=1
05-27 18:23:23.874   536   536 D commservice260303: msg.id = 1028,1
05-27 18:23:23.874   536   536 D commservice260303: i = 170, msgid = 8A000404
05-27 18:23:23.874   536   536 D commservice260303: msgid = -1979710460,did=138
05-27 18:23:23.874   536   536 D commservice260303: CommProtocolLibCmdBaseI2C::dataproc {"command":{"id":"imu_status","sub":""},"content":{"TimeStamp":9,"FrameCounter":215067,"GD_X":-0.01091896090656519,"GD_Y":0.00519212381914258,"GD_Z":0.002519079949706793,"AD_X":-0.0012364685535430908,"AD_Y":-2.5592197198420763E-4,"AD_Z":-0.17194366455078125,"TempDsp":0,"Status":0,"CalibState":1,"SigAmpInvalid":0}},-1979710460
05-27 18:23:23.874   536   536 D commservice260303: send2Cluster len:315, 7B22636F6D6D616E64223A7B226964223A22696D755F737461747573222C22737562223A22227D2C22636F6E74656E74223A7B2254696D655374616D70223A392C224672616D65436F756E746572223A3231353036372C2247445F58223A2D302E30313039313839363039303635363531392C2247445F59223A302E30303531393231323338313931343235382C2247445F5A223A302E3030323531393037393934393730363739332C2241445F58223A2D302E303031323336343638353533353433303930382C2241445F59223A2D322E35353932313937313938343230373633452D342C2241445F5A223A2D302E31373139343336363435353037383132352C2254656D70447370223A302C22537461747573223A302C2243616C69625374617465223A312C22536967416D70496E76616C6964223A307D7D, 138 
05-27 18:23:23.874   536   536 D commservice260303: Push Message into SendPool fn=-343604480
05-27 18:23:23.874   536   536 D commservice260303: ComProtocolLibSend2Cluster::send2ClusterRaw fn=-343604480 , len=331
05-27 18:23:23.874   536   536 D commservice260303: sendCmdToPort :331!!!
05-27 18:23:23.875   536   536 D commservice260303: send Cmd To Port ++++5AA501478A01000385EB6A16C61B7B22636F6D6D616E64223A7B226964223A22696D755F737461747573222C22737562223A22227D2C22636F6E74656E74223A7B2254696D655374616D70223A392C224672616D65436F756E746572223A3231353036372C2247445F58223A2D302E30313039313839363039303635363531392C2247445F59223A302E30303531393231323338313931343235382C2247445F5A223A302E3030323531393037393934393730363739332C2241445F58223A2D302E303031323336343638353533353433303930382C2241445F59223A2D322E35353932313937313938343230373633452D342C2241445F5A223A2D302E31373139343336363435353037383132352C2254656D70447370223A302C22537461747573223A302C2243616C69625374617465223A312C22536967416D70496E76616C6964223A307D7D4FCF
05-27 18:23:23.875   536   536 D commservice260303: bufferevent_write retrun value = 0
05-27 18:23:23.875   536   560 D commservice260303: client datas send succeed,send finish
05-27 18:23:23.875 13911 14192 D Sentinelmode_1.2.5.17_sentry: <SentryImuClusterFgeSender>imu_status sent to Linux, frame=215067, tsNs=9271119, tsMs=9, intervalMs=41, ad=(-0.0012364686,-2.5592197E-4,-0.17194366), gd=(-0.010918961,0.005192124,0.00251908)
05-27 18:23:23.876   581   581 I SpiService: fgesysctrl_getGPIO_status success val=1
05-27 18:23:23.878 13911 14183 I SentryImuMcuAngleSender: 179.98949rollDeg
05-27 18:23:23.878 13911 14183 I SentryImuMcuAngleSender: 1,0,0
05-27 18:23:23.881   581   581 I SpiService: fgesysctrl_getGPIO_status success val=1
05-27 18:23:23.884   572   572 I Sensors : 230 AccelSensor: x:-0.170190,y:0.000000,z:-9.975330
05-27 18:23:23.886  1008 30857 D [OMXB]  : usingANWBuffer: handle:0xee740430, format:1, w:1920, h:1080
05-27 18:23:23.887   581   581 I SpiService: fgesysctrl_getGPIO_status success val=1
05-27 18:23:23.892   581   581 I SpiService: fgesysctrl_getGPIO_status success val=1
05-27 18:23:23.897   299 30844 D EvsDriver: forwardFrame
05-27 18:23:23.898   581   581 I SpiService: fgesysctrl_getGPIO_status success val=0
05-27 18:23:23.898   299 30844 D EvsDriver: Delivered 0xb400007b7ca56900 as id 0
05-27 18:23:23.899  1167  1167 D evsmanagerd: /dev/video6 forwarded the buffer #0 to 0xb4000074bf5f5510 from 0xb4000074bf5f6d90
05-27 18:23:23.899 13911 14183 I SentryImuMcuAngleSender: 180.0rollDeg
05-27 18:23:23.899 13911 14183 I SentryImuMcuAngleSender: 1,0,0
05-27 18:23:23.901   299  1163 D EvsDriver: doneWithFrame
05-27 08:14:32.863   581   581 D spi_rst_gpio_get_output: GPIO 145 value: 0
05-27 08:14:32.863   581   581 D spidev_ioctl: gpio status=0)
05-27 18:23:23.901   299 30841 D EvsDriver: forwardFrame
05-27 18:23:23.902   299 30841 D EvsDriver: Delivered 0xb400007b7ca56a60 as id 0
05-27 18:23:23.902  1167  1167 D evsmanagerd: /dev/video4 forwarded the buffer #0 to 0xb4000074bf5f6850 from 0xb4000074bf5f41d0
05-27 18:23:23.903  1008 30856 D [OMXB]  : usingANWBuffer: handle:0xee741c40, format:1, w:1920, h:1080
05-27 18:23:23.908   299  1163 D EvsDriver: doneWithFrame
05-27 18:23:23.913   481   598 I mcuc    : rev,n=1,6AA681BAC1001B8900BA0600030E3031323334353637383941424344454647000000A6
05-27 18:23:23.913   351   373 D automotive.vehicle@2.0-adayo-datacomm-mcu: MCUDatacomm sendMessageFromVehicle prop: 0x89, areaId: 0x0, status: 0xba, timestamp: 0x6
05-27 18:23:23.913   351   373 D automotive.vehicle@2.0-adayo-datacomm-mcu: MCUDatacomm 1sendMessageFromVehicle ---> type = 3 
05-27 18:23:23.913   581   581 I SpiService: fgesysctrl_getGPIO_status success val=1
05-27 18:23:23.913   351   373 D automotive.vehicle@2.0-adayo-func-bcm: sendMessageFromVehicle sendMessageFromVehicle
05-27 18:23:23.914   351   516 D automotive.vehicle@2.0-adayo-func-bcm: jjfan1 ______procotolSize :1
05-27 18:23:23.914   351   516 D automotive.vehicle@2.0-adayo-func-bcm: BCMFunc sendMessageFromVehicle_l dataType: 13,mByte=7,propid=0x2110001a
05-27 18:23:23.914   351   516 D automotive.vehicle@2.0-adayo-func-bcm: BCMFunc VEHICLE_VIN_CODE111 0x2110001a 
05-27 18:23:23.914   351   516 E automotive.vehicle@2.0-adayo-func-bcm: byteArrayToASCIIString, index 7 hex: 30, ascii: 0
05-27 18:23:23.914   351   516 E automotive.vehicle@2.0-adayo-func-bcm: byteArrayToASCIIString, index 8 hex: 31, ascii: 01
05-27 18:23:23.914   351   516 E automotive.vehicle@2.0-adayo-func-bcm: byteArrayToASCIIString, index 9 hex: 32, ascii: 012
05-27 18:23:23.914   536   536 D commservice260303: msg.id = 1028,0
05-27 18:23:23.914   351   516 E automotive.vehicle@2.0-adayo-func-bcm: byteArrayToASCIIString, index 10 hex: 33, ascii: 0123
05-27 18:23:23.914   536   536 D commservice260303: i = 170, msgid = 8A000404
05-27 18:23:23.914   351   516 E automotive.vehicle@2.0-adayo-func-bcm: byteArrayToASCIIString, index 11 hex: 34, ascii: 01234
05-27 18:23:23.914   536   536 D commservice260303: msgid = -1979710460,did=138
05-27 18:23:23.914   351   516 E automotive.vehicle@2.0-adayo-func-bcm: byteArrayToASCIIString, index 12 hex: 35, ascii: 012345
05-27 18:23:23.914   536   536 D commservice260303: CommProtocolLibCmdBaseI2C::dataproc {"command":{"id":"imu_status","sub":""},"content":{"TimeStamp":9,"FrameCounter":215068,"GD_X":-0.010537171736359596,"GD_Y":0.0056498548947274685,"GD_Z":0.002213752595707774,"AD_X":-0.0036763548851013184,"AD_Y":-8.553697261959314E-4,"AD_Z":-0.16950416564941406,"TempDsp":0,"Status":0,"CalibState":1,"SigAmpInvalid":0}},-1979710460
05-27 18:23:23.914   351   516 E automotive.vehicle@2.0-adayo-func-bcm: byteArrayToASCIIString, index 13 hex: 36, ascii: 0123456
05-27 18:23:23.914   536   536 D commservice260303: send2Cluster len:317, 7B22636F6D6D616E64223A7B226964223A22696D755F737461747573222C22737562223A22227D2C22636F6E74656E74223A7B2254696D655374616D70223A392C224672616D65436F756E746572223A3231353036382C2247445F58223A2D302E3031303533373137313733363335393539362C2247445F59223A302E303035363439383534383934373237343638352C2247445F5A223A302E3030323231333735323539353730373737342C2241445F58223A2D302E303033363736333534383835313031333138342C2241445F59223A2D382E353533363937323631393539333134452D342C2241445F5A223A2D302E31363935303431363536343934313430362C2254656D70447370223A302C22537461747573223A302C2243616C69625374617465223A312C22536967416D70496E76616C6964223A307D7D, 138 
05-27 18:23:23.914   351   516 E automotive.vehicle@2.0-adayo-func-bcm: byteArrayToASCIIString, index 14 hex: 37, ascii: 01234567
05-27 18:23:23.914   536   536 D commservice260303: Push Message into SendPool fn=-326827264
05-27 18:23:23.914   351   516 E automotive.vehicle@2.0-adayo-func-bcm: byteArrayToASCIIString, index 15 hex: 38, ascii: 012345678
05-27 18:23:23.914   536   536 D commservice260303: ComProtocolLibSend2Cluster::send2ClusterRaw fn=-326827264 , len=333
05-27 18:23:23.914   536   536 D commservice260303: sendCmdToPort :333!!!
05-27 18:23:23.914   351   516 E automotive.vehicle@2.0-adayo-func-bcm: byteArrayToASCIIString, index 16 hex: 39, ascii: 0123456789
05-27 18:23:23.914   351   516 E automotive.vehicle@2.0-adayo-func-bcm: byteArrayToASCIIString, index 17 hex: 41, ascii: 0123456789A
05-27 18:23:23.914   536   536 D commservice260303: send Cmd To Port ++++5AA501498A01000385EC6A16C61B7B22636F6D6D616E64223A7B226964223A22696D755F737461747573222C22737562223A22227D2C22636F6E74656E74223A7B2254696D655374616D70223A392C224672616D65436F756E746572223A3231353036382C2247445F58223A2D302E3031303533373137313733363335393539362C2247445F59223A302E303035363439383534383934373237343638352C2247445F5A223A302E3030323231333735323539353730373737342C2241445F58223A2D302E303033363736333534383835313031333138342C2241445F59223A2D382E353533363937323631393539333134452D342C2241445F5A223A2D302E31363935303431363536343934313430362C2254656D70447370223A302C22537461747573223A302C2243616C69625374617465223A312C22536967416D70496E76616C6964223A307D7D9C8B
05-27 18:23:23.914   351   516 E automotive.vehicle@2.0-adayo-func-bcm: byteArrayToASCIIString, index 18 hex: 42, ascii: 0123456789AB
05-27 18:23:23.915   351   516 E automotive.vehicle@2.0-adayo-func-bcm: byteArrayToASCIIString, index 19 hex: 43, ascii: 0123456789ABC
05-27 18:23:23.915   351   516 E automotive.vehicle@2.0-adayo-func-bcm: byteArrayToASCIIString, index 20 hex: 44, ascii: 0123456789ABCD
05-27 18:23:23.915   536   536 D commservice260303: bufferevent_write retrun value = 0
05-27 18:23:23.915   351   516 E automotive.vehicle@2.0-adayo-func-bcm: byteArrayToASCIIString, index 21 hex: 45, ascii: 0123456789ABCDE
05-27 18:23:23.915   351   516 E automotive.vehicle@2.0-adayo-func-bcm: byteArrayToASCIIString, index 22 hex: 46, ascii: 0123456789ABCDEF
05-27 18:23:23.915   536   560 D commservice260303: client datas send succeed,send finish
05-27 18:23:23.915   351   516 E automotive.vehicle@2.0-adayo-func-bcm: byteArrayToASCIIString, index 23 hex: 47, ascii: 0123456789ABCDEFG
05-27 18:23:23.915   351   516 D automotive.vehicle@2.0-adayo-func-bcm: BCMFunc VEHICLE_VIN_CODE222 0x2110001a ,value:0123456789ABCDEFG
05-27 18:23:23.915   351   516 D automotive.vehicle@2.0-adayo-func-bcm: BCMFunc sendMessageFromVehicle_l id:554696730, area:0 not report! 
05-27 18:23:23.915 13911 14192 D Sentinelmode_1.2.5.17_sentry: <SentryImuClusterFgeSender>imu_status sent to Linux, frame=215068, tsNs=9271153, tsMs=9, intervalMs=40, ad=(-0.003676355,-8.553697E-4,-0.16950417), gd=(-0.010537172,0.005649855,0.0022137526)
05-27 18:23:23.915   481   598 I mcuc    : rev,n=2,6AA681BAC2000B8300E0000000000000000095
05-27 18:23:23.915   351   373 D automotive.vehicle@2.0-adayo-datacomm-mcu: MCUDatacomm sendMessageFromVehicle prop: 0x83, areaId: 0x0, status: 0x0, timestamp: 0x0
05-27 18:23:23.915   351   373 D automotive.vehicle@2.0-adayo-datacomm-mcu: MCUDatacomm 1sendMessageFromVehicle ---> type = 7 
05-27 18:23:23.915   351   373 I automotive.vehicle@2.0-adayo-func-mcu: MCUFunc :sendMessageFromVehicle  msgBuff[0] = 131 
05-27 18:23:23.915   351   373 I automotive.vehicle@2.0-adayo-func-mcu: MCUFunc :sendMessageFromVehicle  msgBuff[1] = 0 
05-27 18:23:23.915   351   373 I automotive.vehicle@2.0-adayo-func-mcu: MCUFunc :sendMessageFromVehicle  msgBuff[2] = 0 
05-27 18:23:23.915   351   373 I automotive.vehicle@2.0-adayo-func-mcu: MCUFunc :sendMessageFromVehicle  msgBuff[3] = 0 
05-27 18:23:23.915   351   373 I automotive.vehicle@2.0-adayo-func-mcu: MCUFunc :sendMessageFromVehicle  msgBuff[4] = 3 
05-27 18:23:23.915   351   373 I automotive.vehicle@2.0-adayo-func-mcu: MCUFunc :sendMessageFromVehicle  msgBuff[5] = 1 
05-27 18:23:23.915   351   373 I automotive.vehicle@2.0-adayo-func-mcu: MCUFunc :sendMessageFromVehicle  msgBuff[6] = 0 
05-27 18:23:23.915   351   373 I automotive.vehicle@2.0-adayo-func-mcu: MCUFunc :sendMessageFromVehicle  msgBuff[7] = 0 
05-27 18:23:23.916   351   373 I automotive.vehicle@2.0-adayo-func-mcu: MCUFunc :sendMessageFromVehicle  msgBuff[8] = 0 
05-27 18:23:23.916   351   373 I automotive.vehicle@2.0-adayo-func-mcu: MCUFunc :sendMessageFromVehicle  msgBuff[9] = 0 
05-27 18:23:23.916   351   373 I automotive.vehicle@2.0-adayo-func-mcu: MCUFunc :sendMessageFromVehicle  msgBuff[10] = 0 
05-27 18:23:23.916   351   373 I automotive.vehicle@2.0-adayo-func-mcu: MCUFunc :sendMessageFromVehicle  msgBuff[11] = 0 
05-27 18:23:23.916   351   373 I automotive.vehicle@2.0-adayo-func-mcu: MCUFunc :sendMessageFromVehicle  msgBuff[12] = 0 
05-27 18:23:23.916   351   373 I automotive.vehicle@2.0-adayo-func-mcu: MCUFunc :sendMessageFromVehicle  msgBuff[13] = 0 
05-27 18:23:23.916   351   373 I automotive.vehicle@2.0-adayo-func-mcu: MCUFunc :sendMessageFromVehicle  msgBuff[14] = 0 
05-27 18:23:23.916   351   373 I automotive.vehicle@2.0-adayo-func-mcu: MCUFunc :sendMessageFromVehicle  msgBuff[15] = 0 
05-27 18:23:23.916   351   373 I automotive.vehicle@2.0-adayo-func-mcu: MCUFunc :sendMessageFromVehicle  msgBuff[16] = 0 
05-27 18:23:23.917   481   598 I mcuc    : rev,n=3,6AA681BAC3000384150066
05-27 18:23:23.919 13911 14183 I SentryImuMcuAngleSender: 179.993rollDeg
05-27 18:23:23.919   581   581 I SpiService: fgesysctrl_getGPIO_status success val=1
05-27 18:23:23.919 13911 14183 I SentryImuMcuAngleSender: 1,0,0
05-27 18:23:23.920   481   598 I mcuc    : rev,n=4,6AA681BAC4008C8305000055000000B000000000000100010000D13CDBB1C1677CDBC3DBC196F7DBC2B783DBC3B24AD17D7795A600000000040000B3000000000000000000000000000000B44300000000000300000000000000AA000000E40701010000000000000000BB06050507EA051B000008009403CB00CC000000000000000000000000000000B5000000000000000062
05-27 18:23:23.920   351   373 D automotive.vehicle@2.0-adayo-datacomm-mcu: MCUDatacomm sendMessageFromVehicle prop: 0x83, areaId: 0x5, status: 0x0, timestamp: 0x0
05-27 18:23:23.920   351   373 D automotive.vehicle@2.0-adayo-datacomm-mcu: MCUDatacomm 1sendMessageFromVehicle ---> type = 7 
05-27 18:23:23.920   351   373 I automotive.vehicle@2.0-adayo-func-mcu: MCUFunc :sendMessageFromVehicle  msgBuff[0] = 131 
05-27 18:23:23.920   351   373 I automotive.vehicle@2.0-adayo-func-mcu: MCUFunc :sendMessageFromVehicle  msgBuff[1] = 5 
05-27 18:23:23.920   351   373 I automotive.vehicle@2.0-adayo-func-mcu: MCUFunc :sendMessageFromVehicle  msgBuff[2] = 0 
05-27 18:23:23.920   351   373 I automotive.vehicle@2.0-adayo-func-mcu: MCUFunc :sendMessageFromVehicle  msgBuff[3] = 0 
05-27 18:23:23.920   351   373 I automotive.vehicle@2.0-adayo-func-mcu: MCUFunc :sendMessageFromVehicle  msgBuff[4] = 85 
05-27 18:23:23.920   351   373 I automotive.vehicle@2.0-adayo-func-mcu: MCUFunc :sendMessageFromVehicle  msgBuff[5] = 0 
05-27 18:23:23.924   581   581 I SpiService: fgesysctrl_getGPIO_status success val=1
05-27 18:23:23.926  1008 30857 D [OMXB]  : usingANWBuffer: handle:0xee742ed0, format:1, w:1920, h:1080
05-27 18:23:23.930   581   581 I SpiService: fgesysctrl_getGPIO_status success val=1
05-27 18:23:23.935   299 30844 D EvsDriver: forwardFrame
05-27 18:23:23.935   581   581 I SpiService: fgesysctrl_getGPIO_status success val=0
05-27 18:23:23.936   481   597 I mcuc    : send SPI:6AA602BAC100028900F86AA602BAC200028300FD6AA602BAC300028415E66AA602BAC400028305F6
05-27 18:23:23.936   299 30841 D EvsDriver: forwardFrame
05-27 18:23:23.936   299 30844 D EvsDriver: Delivered 0xb400007b7ca56900 as id 0
05-27 18:23:23.937  1167  1167 D evsmanagerd: /dev/video6 forwarded the buffer #0 to 0xb4000074bf5f5510 from 0xb4000074bf5f6d90
05-27 18:23:23.937   299 30841 D EvsDriver: Delivered 0xb400007b7ca56a60 as id 0
05-27 18:23:23.937  1167  1184 D evsmanagerd: /dev/video4 forwarded the buffer #0 to 0xb4000074bf5f6850 from 0xb4000074bf5f41d0
05-27 18:23:23.937  1008 30856 D [OMXB]  : usingANWBuffer: handle:0xee743240, format:1, w:1920, h:1080
05-27 18:23:23.941   299  1163 D EvsDriver: doneWithFrame
05-27 18:23:23.941 13911 14183 I SentryImuMcuAngleSender: 179.993rollDeg
05-27 18:23:23.941 13911 14183 I SentryImuMcuAngleSender: 1,0,0
05-27 18:23:23.944   299  1163 D EvsDriver: doneWithFrame
05-27 18:23:23.951   581   581 I SpiService: fgesysctrl_getGPIO_status success val=1
05-27 18:23:23.955   536   536 D commservice260303: msg.id = 1028,1
05-27 18:23:23.955   536   536 D commservice260303: i = 170, msgid = 8A000404
05-27 18:23:23.955   536   536 D commservice260303: msgid = -1979710460,did=138
05-27 18:23:23.955   536   536 D commservice260303: CommProtocolLibCmdBaseI2C::dataproc {"command":{"id":"imu_status","sub":""},"content":{"TimeStamp":9,"FrameCounter":215069,"GD_X":-0.010841978713870049,"GD_Y":0.0048857564106583595,"GD_Z":0.0023671966046094894,"AD_X":-0.0067031532526016235,"AD_Y":-8.497165981680155E-4,"AD_Z":-0.17316436767578125,"TempDsp":0,"Status":0,"CalibState":1,"SigAmpInvalid":0}},-1979710460
05-27 18:23:23.955   536   536 D commservice260303: send2Cluster len:318, 7B22636F6D6D616E64223A7B226964223A22696D755F737461747573222C22737562223A22227D2C22636F6E74656E74223A7B2254696D655374616D70223A392C224672616D65436F756E746572223A3231353036392C2247445F58223A2D302E3031303834313937383731333837303034392C2247445F59223A302E303034383835373536343130363538333539352C2247445F5A223A302E303032333637313936363034363039343839342C2241445F58223A2D302E303036373033313533323532363031363233352C2241445F59223A2D382E343937313635393831363830313535452D342C2241445F5A223A2D302E31373331363433363736373537383132352C2254656D70447370223A302C22537461747573223A302C2243616C69625374617465223A312C22536967416D70496E76616C6964223A307D7D, 138 
05-27 18:23:23.955   536   536 D commservice260303: Push Message into SendPool fn=-310050048
05-27 18:23:23.955   536   536 D commservice260303: ComProtocolLibSend2Cluster::send2ClusterRaw fn=-310050048 , len=334
05-27 18:23:23.955   536   536 D commservice260303: sendCmdToPort :334!!!
05-27 18:23:23.955   536   536 D commservice260303: send Cmd To Port ++++5AA5014A8A01000385ED6A16C61B7B22636F6D6D616E64223A7B226964223A22696D755F737461747573222C22737562223A22227D2C22636F6E74656E74223A7B2254696D655374616D70223A392C224672616D65436F756E746572223A3231353036392C2247445F58223A2D302E3031303834313937383731333837303034392C2247445F59223A302E303034383835373536343130363538333539352C2247445F5A223A302E303032333637313936363034363039343839342C2241445F58223A2D302E303036373033313533323532363031363233352C2241445F59223A2D382E343937313635393831363830313535452D342C2241445F5A223A2D302E31373331363433363736373537383132352C2254656D70447370223A302C22537461747573223A302C2243616C69625374617465223A312C22536967416D70496E76616C6964223A307D7D51F3
05-27 18:23:23.955   536   536 D commservice260303: bufferevent_write retrun value = 0
05-27 18:23:23.955   536   560 D commservice260303: client datas send succeed,send finish
05-27 18:23:23.955 13911 14192 D Sentinelmode_1.2.5.17_sentry: <SentryImuClusterFgeSender>imu_status sent to Linux, frame=215069, tsNs=9271189, tsMs=9, intervalMs=40, ad=(-0.0067031533,-8.497166E-4,-0.17316437), gd=(-0.010841979,0.0048857564,0.0023671966)
05-27 18:23:23.956   581   581 I SpiService: fgesysctrl_getGPIO_status success val=1
05-27 18:23:23.957   299 30844 D EvsDriver: forwardFrame
05-27 18:23:23.958   299 30844 D EvsDriver: Delivered 0xb400007b7ca56900 as id 0
05-27 18:23:23.958  1167  1184 D evsmanagerd: /dev/video6 forwarded the buffer #0 to 0xb4000074bf5f5510 from 0xb4000074bf5f6d90
05-27 18:23:23.958 30773 30782 E dvr_service_: [myNum:1] Received S**** loss
05-27 18:23:23.958   299  1163 D EvsDriver: doneWithFrame
05-27 18:23:23.958  1008 30857 D [OMXB]  : usingANWBuffer: handle:0xee7444d0, format:1, w:1920, h:1080
05-27 18:23:23.959   283   307 I rvcservice: t.code = 3, t.value = 0
05-27 18:23:23.960   299 30841 D EvsDriver: forwardFrame
05-27 18:23:23.962   299 30841 D EvsDriver: Delivered 0xb400007b7ca56a60 as id 0
05-27 18:23:23.962  1167  1184 D evsmanagerd: /dev/video4 forwarded the buffer #0 to 0xb4000074bf5f6850 from 0xb4000074bf5f41d0
05-27 18:23:23.962 13911 14183 I SentryImuMcuAngleSender: 179.9895rollDeg
05-27 18:23:23.962 13911 14183 I SentryImuMcuAngleSender: 1,0,0
05-27 18:23:23.962 30773 30782 E dvr_service_: [myNum:0] Received S**** loss
05-27 18:23:23.962   581   581 I SpiService: fgesysctrl_getGPIO_status success val=1
05-27 18:23:23.962   299  1163 D EvsDriver: doneWithFrame
05-27 18:23:23.967   581   581 I SpiService: fgesysctrl_getGPIO_status success val=1
05-27 18:23:23.973   581   581 I SpiService: fgesysctrl_getGPIO_status success val=1
05-27 18:23:23.974   572   572 I Sensors : 230 GyroSensor: x:-0.011453,y:0.004810,z:0.002672
05-27 18:23:23.978   581   581 I SpiService: fgesysctrl_getGPIO_status success val=0
05-27 18:23:23.982 13911 14183 I SentryImuMcuAngleSender: 179.986rollDeg
05-27 18:23:23.982 13911 14183 I SentryImuMcuAngleSender: 1,0,0
05-27 18:23:23.983  1008 30856 D [OMXB]  : usingANWBuffer: handle:0xee744790, format:1, w:1920, h:1080
05-27 18:23:23.991   299 30844 D EvsDriver: forwardFrame
05-27 18:23:23.993   581   581 I SpiService: fgesysctrl_getGPIO_status success val=1
05-27 18:23:23.993   299 30844 D EvsDriver: Delivered 0xb400007b7ca56900 as id 0
05-27 18:23:23.993  1167  1184 D evsmanagerd: /dev/video6 forwarded the buffer #0 to 0xb4000074bf5f5510 from 0xb4000074bf5f6d90
05-27 18:23:23.995   536   536 D commservice260303: msg.id = 1028,1
05-27 18:23:23.995   536   536 D commservice260303: i = 170, msgid = 8A000404
05-27 18:23:23.995   536   536 D commservice260303: msgid = -1979710460,did=138
05-27 18:23:23.995   536   536 D commservice260303: CommProtocolLibCmdBaseI2C::dataproc {"command":{"id":"imu_status","sub":""},"content":{"TimeStamp":9,"FrameCounter":215070,"GD_X":-0.011377211660146713,"GD_Y":0.005268065724521875,"GD_Z":0.0029768107924610376,"AD_X":-6.073266267776489E-4,"AD_Y":3.683473914861679E-4,"AD_Z":-0.17194366455078125,"TempDsp":0,"Status":0,"CalibState":1,"SigAmpInvalid":0}},-1979710460
05-27 18:23:23.995   536   536 D commservice260303: send2Cluster len:315, 7B22636F6D6D616E64223A7B226964223A22696D755F737461747573222C22737562223A22227D2C22636F6E74656E74223A7B2254696D655374616D70223A392C224672616D65436F756E746572223A3231353037302C2247445F58223A2D302E3031313337373231313636303134363731332C2247445F59223A302E3030353236383036353732343532313837352C2247445F5A223A302E303032393736383130373932343631303337362C2241445F58223A2D362E303733323636323637373736343839452D342C2241445F59223A332E363833343733393134383631363739452D342C2241445F5A223A2D302E31373139343336363435353037383132352C2254656D70447370223A302C22537461747573223A302C2243616C69625374617465223A312C22536967416D70496E76616C6964223A307D7D, 138 
05-27 18:23:23.995   536   536 D commservice260303: Push Message into SendPool fn=-293272832
05-27 18:23:23.996   299  1163 D EvsDriver: doneWithFrame
05-27 18:23:23.996   299 30841 D EvsDriver: forwardFrame
05-27 18:23:23.996   536   536 D commservice260303: ComProtocolLibSend2Cluster::send2ClusterRaw fn=-293272832 , len=331
05-27 18:23:23.996   536   536 D commservice260303: sendCmdToPort :331!!!
05-27 18:23:23.996   536   536 D commservice260303: send Cmd To Port ++++5AA501478A01000385EE6A16C61B7B22636F6D6D616E64223A7B226964223A22696D755F737461747573222C22737562223A22227D2C22636F6E74656E74223A7B2254696D655374616D70223A392C224672616D65436F756E746572223A3231353037302C2247445F58223A2D302E3031313337373231313636303134363731332C2247445F59223A302E3030353236383036353732343532313837352C2247445F5A223A302E303032393736383130373932343631303337362C2241445F58223A2D362E303733323636323637373736343839452D342C2241445F59223A332E363833343733393134383631363739452D342C2241445F5A223A2D302E31373139343336363435353037383132352C2254656D70447370223A302C22537461747573223A302C2243616C69625374617465223A312C22536967416D70496E76616C6964223A307D7D5398
05-27 18:23:23.996   536   536 D commservice260303: bufferevent_write retrun value = 0
05-27 18:23:23.997   536   560 D commservice260303: client datas send succeed,send finish
05-27 18:23:23.997 13911 14192 D Sentinelmode_1.2.5.17_sentry: <SentryImuClusterFgeSender>imu_status sent to Linux, frame=215070, tsNs=9271242, tsMs=9, intervalMs=42, ad=(-6.073266E-4,3.683474E-4,-0.17194366), gd=(-0.011377212,0.0052680657,0.0029768108)
05-27 18:23:23.998   581   581 I SpiService: fgesysctrl_getGPIO_status success val=1
05-27 18:23:23.999  1167  1184 D evsmanagerd: /dev/video4 forwarded the buffer #0 to 0xb4000074bf5f6850 from 0xb4000074bf5f41d0
05-27 18:23:23.999   299 30841 D EvsDriver: Delivered 0xb400007b7ca56a60 as id 0
05-27 18:23:24.001   299  1163 D EvsDriver: doneWithFrame
05-27 18:23:24.003 13911 14183 I SentryImuMcuAngleSender: 179.986rollDeg
05-27 18:23:24.003 13911 14183 I SentryImuMcuAngleSender: 1,0,0
05-27 18:23:24.004   581   581 I SpiService: fgesysctrl_getGPIO_status success val=1
05-27 08:14:32.969   581   581 D spidev_ioctl: gpio status=1)
05-27 18:23:24.007  1008 30857 D [OMXB]  : usingANWBuffer: handle:0xee747180, format:1, w:1920, h:1080
05-27 18:23:24.009   581   581 I SpiService: fgesysctrl_getGPIO_status success val=1
05-27 08:14:32.974   581   581 D spidev_ioctl: gpio status=1)
05-27 18:23:24.015   581   581 I SpiService: fgesysctrl_getGPIO_status success val=1
05-27 18:23:24.020   581   581 I SpiService: fgesysctrl_getGPIO_status success val=0
05-27 18:23:24.024 13911 14183 I SentryImuMcuAngleSender: 179.97899rollDeg
05-27 18:23:24.024 13911 14183 I SentryImuMcuAngleSender: 1,0,0
05-27 18:23:24.025   299 30844 D EvsDriver: forwardFrame
05-27 18:23:24.026   299 30841 D EvsDriver: forwardFrame
05-27 18:23:24.028  1167  1184 D evsmanagerd: /dev/video4 forwarded the buffer #0 to 0xb4000074bf5f6850 from 0xb4000074bf5f41d0
05-27 18:23:24.028   299 30841 D EvsDriver: Delivered 0xb400007b7ca56a60 as id 0
05-27 18:23:24.029   299 30844 D EvsDriver: Delivered 0xb400007b7ca56900 as id 0
05-27 18:23:24.030  1167  1184 D evsmanagerd: /dev/video6 forwarded the buffer #0 to 0xb4000074bf5f5510 from 0xb4000074bf5f6d90
05-27 18:23:24.030   299  1163 D EvsDriver: doneWithFrame
05-27 18:23:24.032   299  1163 D EvsDriver: doneWithFrame
05-27 18:23:24.035   581   581 I SpiService: fgesysctrl_getGPIO_status success val=1
05-27 18:23:24.035   536   536 D commservice260303: msg.id = 1028,0
05-27 18:23:24.035   536   536 D commservice260303: i = 170, msgid = 8A000404
05-27 18:23:24.035   536   536 D commservice260303: msgid = -1979710460,did=138
05-27 18:23:24.036   536   536 D commservice260303: CommProtocolLibCmdBaseI2C::dataproc {"command":{"id":"imu_status","sub":""},"content":{"TimeStamp":9,"FrameCounter":215071,"GD_X":-0.012139749713242054,"GD_Y":0.0051151420921087265,"GD_Z":0.002900869119912386,"AD_X":-0.0018386095762252808,"AD_Y":3.6236620508134365E-4,"AD_Z":-0.16950416564941406,"TempDsp":0,"Status":0,"CalibState":1,"SigAmpInvalid":0}},-1979710460
