05-27 18:23:26.133  1083  1083 W MyAppLog: [2026-05-27 18:23:26.128 W tboxap mcuHandleQueryInd:1700] [Mcu] [mcuHandleQueryInd] unknown query item:0x56
05-27 18:23:26.133  1083  1083 W MyAppLog: [2026-05-27 18:23:26.128 W tboxap mcuHandleQueryInd:1700] [Mcu] [mcuHandleQueryInd] unknown query item:0x56
05-27 18:23:26.133  1083  1083 W MyAppLog: [2026-05-27 18:23:26.128 W tboxap mcuHandleQueryInd:1700] [Mcu] [mcuHandleQueryInd] unknown query item:0x56
05-27 18:23:26.133  1083  1083 W MyAppLog: [2026-05-27 18:23:26.128 W tboxap mcuHandleQueryInd:1700] [Mcu] [mcuHandleQueryInd] unknown query item:0x56
05-27 18:23:26.134  1083  1083 W MyAppLog: [2026-05-27 18:23:26.128 W tboxap mcuHandleQueryInd:1700] [Mcu] [mcuHandleQueryInd] unknown query item:0x56
05-27 18:23:26.134   299 30844 D EvsDriver: Delivered 0xb400007b7ca56900 as id 0
05-27 18:23:26.134  1083  1083 W MyAppLog: [2026-05-27 18:23:26.128 W tboxap mcuHandleQueryInd:1700] [Mcu] [mcuHandleQueryInd] unknown query item:0x56
05-27 18:23:26.134  1083  1083 W MyAppLog: [2026-05-27 18:23:26.128 W tboxap mcuHandleQueryInd:1700] [Mcu] [mcuHandleQueryInd] unknown query item:0x56
05-27 18:23:26.134  1167  1167 D evsmanagerd: /dev/video6 forwarded the buffer #0 to 0xb4000074bf5f5510 from 0xb4000074bf5f6d90
05-27 18:23:26.134  1083  1083 W MyAppLog: [2026-05-27 18:23:26.128 W tboxap mcuHandleQueryInd:1700] [Mcu] [mcuHandleQueryInd] unknown query item:0x56
05-27 18:23:26.134  1083  1083 W MyAppLog: [2026-05-27 18:23:26.128 W tboxap mcuHandleQueryInd:1700] [Mcu] [mcuHandleQueryInd] unknown query item:0x56
05-27 18:23:26.134  1083  1083 W MyAppLog: [2026-05-27 18:23:26.128 W tboxap mcuHandleQueryInd:1700] [Mcu] [mcuHandleQueryInd] unknown query item:0x56
05-27 18:23:26.134  1083  1083 W MyAppLog: [2026-05-27 18:23:26.128 W tboxap mcuHandleQueryInd:1700] [Mcu] [mcuHandleQueryInd] unknown query item:0x56
05-27 18:23:26.134 30773 30782 E dvr_service_: [myNum:1] Received S**** loss
05-27 18:23:26.134  1083  1083 W MyAppLog: [2026-05-27 18:23:26.128 W tboxap mcuHandleQueryInd:1700] [Mcu] [mcuHandleQueryInd] unknown query item:0x56
05-27 18:23:26.134   299  1153 D EvsDriver: doneWithFrame
05-27 18:23:26.135   581   581 I SpiService: fgesysctrl_getGPIO_status success val=1
05-27 08:14:35.100   581   581 D spi_rst_gpio_get_output: GPIO 145 value: 1
05-27 08:14:35.100   581   581 D spidev_ioctl: gpio status=1)
05-27 18:23:26.140   581   581 I SpiService: fgesysctrl_getGPIO_status success val=1
05-27 08:14:35.105   581   581 D spi_rst_gpio_get_output: GPIO 145 value: 1
05-27 08:14:35.105   581   581 D spidev_ioctl: gpio status=1)
05-27 18:23:26.141 13911 14183 I SentryImuMcuAngleSender: 179.98598rollDeg
05-27 18:23:26.141 13911 14183 I SentryImuMcuAngleSender: 1,0,0
05-27 18:23:26.146   581   581 I SpiService: fgesysctrl_getGPIO_status success val=1
05-27 18:23:26.147  1008 30857 D [OMXB]  : usingANWBuffer: handle:0xee746310, format:1, w:1920, h:1080
05-27 18:23:26.147   536   536 D commservice260303: msg.id = 1028,3
05-27 18:23:26.147 30773 30789 I dvr_service_: Camera 1: MediaOK:76693409, frames:1760, isKeyFrame:0,pts:9273159935
05-27 18:23:26.148   536   536 D commservice260303: i = 170, msgid = 8A000404
05-27 18:23:26.148   536   536 D commservice260303: msgid = -1979710460,did=138
05-27 18:23:26.148   536   536 D commservice260303: CommProtocolLibCmdBaseI2C::dataproc {"command":{"id":"imu_status","sub":""},"content":{"TimeStamp":9,"FrameCounter":215123,"GD_X":-0.010841978713870049,"GD_Y":0.003969774581491947,"GD_Z":0.0020608289632946253,"AD_X":-0.005550682544708252,"AD_Y":5.075004883110523E-4,"AD_Z":-0.16828536987304688,"TempDsp":0,"Status":0,"CalibState":1,"SigAmpInvalid":0}},-1979710460
05-27 18:23:26.148   536   536 D commservice260303: send2Cluster len:315, 7B22636F6D6D616E64223A7B226964223A22696D755F737461747573222C22737562223A22227D2C22636F6E74656E74223A7B2254696D655374616D70223A392C224672616D65436F756E746572223A3231353132332C2247445F58223A2D302E3031303834313937383731333837303034392C2247445F59223A302E3030333936393737343538313439313934372C2247445F5A223A302E303032303630383238393633323934363235332C2241445F58223A2D302E3030353535303638323534343730383235322C2241445F59223A352E303735303034383833313130353233452D342C2241445F5A223A2D302E31363832383533363938373330343638382C2254656D70447370223A302C22537461747573223A302C2243616C69625374617465223A312C22536967416D70496E76616C6964223A307D7D, 138 
05-27 18:23:26.148   536   536 D commservice260303: Push Message into SendPool fn=612762368
05-27 18:23:26.148   536   536 D commservice260303: ComProtocolLibSend2Cluster::send2ClusterRaw fn=612762368 , len=331
05-27 18:23:26.148   536   536 D commservice260303: sendCmdToPort :331!!!
05-27 18:23:26.148   536   536 D commservice260303: send Cmd To Port ++++5AA501478A01000386246A16C61E7B22636F6D6D616E64223A7B226964223A22696D755F737461747573222C22737562223A22227D2C22636F6E74656E74223A7B2254696D655374616D70223A392C224672616D65436F756E746572223A3231353132332C2247445F58223A2D302E3031303834313937383731333837303034392C2247445F59223A302E3030333936393737343538313439313934372C2247445F5A223A302E303032303630383238393633323934363235332C2241445F58223A2D302E3030353535303638323534343730383235322C2241445F59223A352E303735303034383833313130353233452D342C2241445F5A223A2D302E31363832383533363938373330343638382C2254656D70447370223A302C22537461747573223A302C2243616C69625374617465223A312C22536967416D70496E76616C6964223A307D7DCE96
05-27 18:23:26.149   536   536 D commservice260303: bufferevent_write retrun value = 0
05-27 18:23:26.149   536   560 D commservice260303: client datas send succeed,send finish
05-27 18:23:26.149 13911 14192 D Sentinelmode_1.2.5.17_sentry: <SentryImuClusterFgeSender>imu_status sent to Linux, frame=215123, tsNs=9273381, tsMs=9, intervalMs=42, ad=(-0.0055506825,5.075005E-4,-0.16828537), gd=(-0.010841979,0.0039697746,0.002060829)
05-27 08:14:35.110   581   581 D spi_rst_gpio_get_output: GPIO 145 value: 1
05-27 08:14:35.110   581   581 D spidev_ioctl: gpio status=1)
05-27 18:23:26.151   581   581 I SpiService: fgesysctrl_getGPIO_status success val=0
05-27 18:23:26.152   481   597 I mcuc    : send SPI:6AA602BACD00028900EC
05-27 08:14:35.116   581   581 D spi_rst_gpio_get_output: GPIO 145 value: 0
05-27 08:14:35.116   581   581 D spidev_ioctl: gpio status=0)
05-27 18:23:26.153 30773 30787 I dvr_service_: [runShortMediaThread:298] cameraId:0 medias:300,audios:220,stateAudio:0,mShortState:0,warnEvent:0,state:1
05-27 18:23:26.154  1008 30856 D [OMXB]  : usingANWBuffer: handle:0xee7407a0, format:1, w:1920, h:1080
05-27 18:23:26.156   299 30844 D EvsDriver: forwardFrame
05-27 18:23:26.158  1167  1167 D evsmanagerd: /dev/video6 forwarded the buffer #0 to 0xb4000074bf5f5510 from 0xb4000074bf5f6d90
05-27 18:23:26.158   299 30844 D EvsDriver: Delivered 0xb400007b7ca56900 as id 0
05-27 18:23:26.161   299  1153 D EvsDriver: doneWithFrame
05-27 18:23:26.161 13911 14183 I SentryImuMcuAngleSender: 179.993rollDeg
05-27 18:23:26.161 13911 14183 I SentryImuMcuAngleSender: 1,0,0
05-27 18:23:26.163   299 30841 D EvsDriver: forwardFrame
05-27 18:23:26.165   283   307 I rvcservice: t.code = 0, t.value = 0
05-27 18:23:26.165   299 30841 D EvsDriver: Delivered 0xb400007b7ca56a60 as id 0
05-27 18:23:26.165  1167  1167 D evsmanagerd: /dev/video4 forwarded the buffer #0 to 0xb4000074bf5f6850 from 0xb4000074bf5f41d0
05-27 18:23:26.166   581   581 I SpiService: fgesysctrl_getGPIO_status success val=1
05-27 08:14:35.131   581   581 D spi_rst_gpio_get_output: GPIO 145 value: 1
05-27 08:14:35.131   581   581 D spidev_ioctl: gpio status=1)
05-27 18:23:26.171   299  1153 D EvsDriver: doneWithFrame
05-27 18:23:26.172   581   581 I SpiService: fgesysctrl_getGPIO_status success val=1
05-27 08:14:35.136   581   581 D spi_rst_gpio_get_output: GPIO 145 value: 1
05-27 08:14:35.136   581   581 D spidev_ioctl: gpio status=1)
05-27 18:23:26.173  1008 30857 D [OMXB]  : usingANWBuffer: handle:0xee741c40, format:1, w:1920, h:1080
05-27 18:23:26.177   581   581 I SpiService: fgesysctrl_getGPIO_status success val=1
05-27 08:14:35.142   581   581 D spi_rst_gpio_get_output: GPIO 145 value: 1
05-27 08:14:35.142   581   581 D spidev_ioctl: gpio status=1)
05-27 18:23:26.181 13911 14183 I SentryImuMcuAngleSender: 179.99298rollDeg
05-27 18:23:26.181 13911 14183 I SentryImuMcuAngleSender: 1,0,0
05-27 18:23:26.183   581   581 I SpiService: fgesysctrl_getGPIO_status success val=1
05-27 18:23:26.183 30773 30786 I dvr_service_: CameraX 0  audioOK: 76886601,audios:1150
05-27 18:23:26.183 30773 30786 I dvr_service_: CameraX 1  audioOK: 76886601,audios:1150
05-27 18:23:26.184   566 11459 I gps_hdbd: nmea_cs <0> != calc_cs <8>, return -1
05-27 08:14:35.147   581   581 D spi_rst_gpio_get_output: GPIO 145 value: 1
05-27 08:14:35.147   581   581 D spidev_ioctl: gpio status=1)
05-27 18:23:26.187   536   536 D commservice260303: msg.id = 1028,1
05-27 18:23:26.188   536   536 D commservice260303: i = 170, msgid = 8A000404
05-27 18:23:26.188   536   536 D commservice260303: msgid = -1979710460,did=138
05-27 18:23:26.188   536   536 D commservice260303: CommProtocolLibCmdBaseI2C::dataproc {"command":{"id":"imu_status","sub":""},"content":{"TimeStamp":9,"FrameCounter":215124,"GD_X":-0.011300750076770782,"GD_Y":0.004656890872865915,"GD_Z":0.002213752595707774,"AD_X":-0.0031083524227142334,"AD_Y":-0.0019211694598197937,"AD_Z":-0.1640148162841797,"TempDsp":0,"Status":0,"CalibState":1,"SigAmpInvalid":0}},-1979710460
05-27 18:23:26.188   536   536 D commservice260303: send2Cluster len:316, 7B22636F6D6D616E64223A7B226964223A22696D755F737461747573222C22737562223A22227D2C22636F6E74656E74223A7B2254696D655374616D70223A392C224672616D65436F756E746572223A3231353132342C2247445F58223A2D302E3031313330303735303037363737303738322C2247445F59223A302E3030343635363839303837323836353931352C2247445F5A223A302E3030323231333735323539353730373737342C2241445F58223A2D302E303033313038333532343232373134323333342C2241445F59223A2D302E303031393231313639343539383139373933372C2241445F5A223A2D302E313634303134383136323834313739372C2254656D70447370223A302C22537461747573223A302C2243616C69625374617465223A312C22536967416D70496E76616C6964223A307D7D, 138 
05-27 18:23:26.188   536   536 D commservice260303: Push Message into SendPool fn=629539584
05-27 18:23:26.188   581   581 I SpiService: fgesysctrl_getGPIO_status success val=0
05-27 18:23:26.188   536   536 D commservice260303: ComProtocolLibSend2Cluster::send2ClusterRaw fn=629539584 , len=332
05-27 18:23:26.188   536   536 D commservice260303: sendCmdToPort :332!!!
05-27 18:23:26.188   481   597 I mcuc    : send SPI:6AA60065CA00020601C8
05-27 08:14:35.153   581   581 D spi_rst_gpio_get_output: GPIO 145 value: 0
05-27 08:14:35.153   581   581 D spidev_ioctl: gpio status=0)
05-27 18:23:26.189   536   536 D commservice260303: send Cmd To Port ++++5AA501488A01000386256A16C61E7B22636F6D6D616E64223A7B226964223A22696D755F737461747573222C22737562223A22227D2C22636F6E74656E74223A7B2254696D655374616D70223A392C224672616D65436F756E746572223A3231353132342C2247445F58223A2D302E3031313330303735303037363737303738322C2247445F59223A302E3030343635363839303837323836353931352C2247445F5A223A302E3030323231333735323539353730373737342C2241445F58223A2D302E303033313038333532343232373134323333342C2241445F59223A2D302E303031393231313639343539383139373933372C2241445F5A223A2D302E313634303134383136323834313739372C2254656D70447370223A302C22537461747573223A302C2243616C69625374617465223A312C22536967416D70496E76616C6964223A307D7D8945
05-27 18:23:26.189   536   536 D commservice260303: bufferevent_write retrun value = 0
05-27 18:23:26.189   536   560 D commservice260303: client datas send succeed,send finish
05-27 18:23:26.189 13911 14192 D Sentinelmode_1.2.5.17_sentry: <SentryImuClusterFgeSender>imu_status sent to Linux, frame=215124, tsNs=9273435, tsMs=9, intervalMs=40, ad=(-0.0031083524,-0.0019211695,-0.16401482), gd=(-0.01130075,0.004656891,0.0022137526)
05-27 18:23:26.191   299 30844 D EvsDriver: forwardFrame
05-27 18:23:26.193  1167  1167 D evsmanagerd: /dev/video6 forwarded the buffer #0 to 0xb4000074bf5f5510 from 0xb4000074bf5f6d90
05-27 18:23:26.193   299 30844 D EvsDriver: Delivered 0xb400007b7ca56900 as id 0
05-27 18:23:26.196   299  1153 D EvsDriver: doneWithFrame
05-27 18:23:26.199   299 30841 D EvsDriver: forwardFrame
05-27 18:23:26.199  1008 30856 D [OMXB]  : usingANWBuffer: handle:0xee740430, format:1, w:1920, h:1080
05-27 18:23:26.200 30773 30789 I dvr_service_: Camera 0: Buffer reuse stats - Total: 179700, Reused: 88859, New: 90841, Rate: 49.4%
05-27 18:23:26.200   299 30841 D EvsDriver: Delivered 0xb400007b7ca56a60 as id 0
05-27 18:23:26.200  1167  1167 D evsmanagerd: /dev/video4 forwarded the buffer #0 to 0xb4000074bf5f6850 from 0xb4000074bf5f41d0
05-27 18:23:26.201 13911 14183 I SentryImuMcuAngleSender: 180.0rollDeg
05-27 18:23:26.201 13911 14183 I SentryImuMcuAngleSender: 1,0,0
05-27 18:23:26.202   581   581 I SpiService: fgesysctrl_getGPIO_status success val=1
05-27 08:14:35.167   581   581 D spi_rst_gpio_get_output: GPIO 145 value: 1
05-27 08:14:35.167   581   581 D spidev_ioctl: gpio status=1)
05-27 08:14:35.173   581   581 D spi_rst_gpio_get_output: GPIO 145 value: 1
05-27 08:14:35.173   581   581 D spidev_ioctl: gpio status=1)
05-27 18:23:26.209   581   581 I SpiService: fgesysctrl_getGPIO_status success val=1
05-27 18:23:26.209   299  1153 D EvsDriver: doneWithFrame
05-27 18:23:26.215   581   581 I SpiService: fgesysctrl_getGPIO_status success val=1
05-27 08:14:35.179   581   581 D spi_rst_gpio_get_output: GPIO 145 value: 1
05-27 08:14:35.179   581   581 D spidev_ioctl: gpio status=1)
05-27 18:23:26.219  1008 30857 D [OMXB]  : usingANWBuffer: handle:0xee7442c0, format:1, w:1920, h:1080
05-27 18:23:26.220   581   581 I SpiService: fgesysctrl_getGPIO_status success val=1
05-27 08:14:35.185   581   581 D spi_rst_gpio_get_output: GPIO 145 value: 1
05-27 08:14:35.185   581   581 D spidev_ioctl: gpio status=1)
05-27 18:23:26.221 13911 14183 I SentryImuMcuAngleSender: 179.986rollDeg
05-27 18:23:26.221 13911 14183 I SentryImuMcuAngleSender: 1,0,0
05-27 18:23:26.223   299 30841 D EvsDriver: forwardFrame
05-27 18:23:26.224   299 30841 D EvsDriver: Delivered 0xb400007b7ca56a60 as id 0
05-27 18:23:26.224  1167  1167 D evsmanagerd: /dev/video4 forwarded the buffer #0 to 0xb4000074bf5f6850 from 0xb4000074bf5f41d0
05-27 08:14:35.191   581   581 D spi_rst_gpio_get_output: GPIO 145 value: 1
05-27 08:14:35.191   581   581 D spidev_ioctl: gpio status=1)
05-27 08:14:35.197   581   581 D spi_rst_gpio_get_output: GPIO 145 value: 0
05-27 08:14:35.197   581   581 D spidev_ioctl: gpio status=0)
05-27 18:23:26.227   581   581 I SpiService: fgesysctrl_getGPIO_status success val=1
05-27 18:23:26.227   299  1153 D EvsDriver: doneWithFrame
05-27 18:23:26.228   536   536 D commservice260303: msg.id = 1028,1
05-27 18:23:26.228   536   536 D commservice260303: i = 170, msgid = 8A000404
05-27 18:23:26.228   536   536 D commservice260303: msgid = -1979710460,did=138
05-27 18:23:26.228   536   536 D commservice260303: CommProtocolLibCmdBaseI2C::dataproc {"command":{"id":"imu_status","sub":""},"content":{"TimeStamp":9,"FrameCounter":215125,"GD_X":-0.011682018637657166,"GD_Y":0.006336971186101437,"GD_Z":0.0021378109231591225,"AD_X":-0.006139546632766724,"AD_Y":5.233208648860455E-4,"AD_Z":-0.17072391510009766,"TempDsp":0,"Status":0,"CalibState":1,"SigAmpInvalid":0}},-1979710460
05-27 18:23:26.228   536   536 D commservice260303: send2Cluster len:315, 7B22636F6D6D616E64223A7B226964223A22696D755F737461747573222C22737562223A22227D2C22636F6E74656E74223A7B2254696D655374616D70223A392C224672616D65436F756E746572223A3231353132352C2247445F58223A2D302E3031313638323031383633373635373136362C2247445F59223A302E3030363333363937313138363130313433372C2247445F5A223A302E303032313337383130393233313539313232352C2241445F58223A2D302E3030363133393534363633323736363732342C2241445F59223A352E323333323038363438383630343535452D342C2241445F5A223A2D302E31373037323339313531303030393736362C2254656D70447370223A302C22537461747573223A302C2243616C69625374617465223A312C22536967416D70496E76616C6964223A307D7D, 138 
05-27 18:23:26.228   536   536 D commservice260303: Push Message into SendPool fn=646316800
05-27 18:23:26.228   536   536 D commservice260303: ComProtocolLibSend2Cluster::send2ClusterRaw fn=646316800 , len=331
05-27 18:23:26.228   536   536 D commservice260303: sendCmdToPort :331!!!
05-27 18:23:26.228   536   536 D commservice260303: send Cmd To Port ++++5AA501478A01000386266A16C61E7B22636F6D6D616E64223A7B226964223A22696D755F737461747573222C22737562223A22227D2C22636F6E74656E74223A7B2254696D655374616D70223A392C224672616D65436F756E746572223A3231353132352C2247445F58223A2D302E3031313638323031383633373635373136362C2247445F59223A302E3030363333363937313138363130313433372C2247445F5A223A302E303032313337383130393233313539313232352C2241445F58223A2D302E3030363133393534363633323736363732342C2241445F59223A352E323333323038363438383630343535452D342C2241445F5A223A2D302E31373037323339313531303030393736362C2254656D70447370223A302C22537461747573223A302C2243616C69625374617465223A312C22536967416D70496E76616C6964223A307D7DBDF1
05-27 18:23:26.228   536   536 D commservice260303: bufferevent_write retrun value = 0
05-27 18:23:26.228   536   560 D commservice260303: client datas send succeed,send finish
05-27 18:23:26.228   299 30844 D EvsDriver: forwardFrame
05-27 18:23:26.229 13911 14192 D Sentinelmode_1.2.5.17_sentry: <SentryImuClusterFgeSender>imu_status sent to Linux, frame=215125, tsNs=9273470, tsMs=9, intervalMs=40, ad=(-0.0061395466,5.2332086E-4,-0.17072392), gd=(-0.011682019,0.006336971,0.002137811)
05-27 18:23:26.231   299 30844 D EvsDriver: Delivered 0xb400007b7ca56900 as id 0
05-27 18:23:26.231  1167  1167 D evsmanagerd: /dev/video6 forwarded the buffer #0 to 0xb4000074bf5f5510 from 0xb4000074bf5f6d90
05-27 18:23:26.233   581   581 I SpiService: fgesysctrl_getGPIO_status success val=0
05-27 18:23:26.236   299  1153 D EvsDriver: doneWithFrame
05-27 18:23:26.237   572   622 I Sensors : 230 AccelSensor: x:-0.172019,y:0.003050,z:-9.974720
05-27 18:23:26.238  1008 30856 D [OMXB]  : usingANWBuffer: handle:0xee740220, format:1, w:1920, h:1080
05-27 18:23:26.238 30773 30789 I dvr_service_: Camera 0: MediaOK:76753470, frames:1750, isKeyFrame:0,pts:9273188615
05-27 18:23:26.241 13911 14183 I SentryImuMcuAngleSender: 179.98248rollDeg
05-27 18:23:26.241 13911 14183 I SentryImuMcuAngleSender: 1,0,0
05-27 18:23:26.249   581   581 I SpiService: fgesysctrl_getGPIO_status success val=1
05-27 08:14:35.213   581   581 D spi_rst_gpio_get_output: GPIO 145 value: 1
05-27 08:14:35.213   581   581 D spidev_ioctl: gpio status=1)
05-27 18:23:26.254   581   581 I SpiService: fgesysctrl_getGPIO_status success val=1
05-27 18:23:26.256   299 30844 D EvsDriver: forwardFrame
05-27 08:14:35.219   581   581 D spi_rst_gpio_get_output: GPIO 145 value: 1
05-27 08:14:35.219   581   581 D spidev_ioctl: gpio status=1)
05-27 18:23:26.258   299 30844 D EvsDriver: Delivered 0xb400007b7ca56900 as id 0
05-27 18:23:26.258  1167  1167 D evsmanagerd: /dev/video6 forwarded the buffer #0 to 0xb4000074bf5f5510 from 0xb4000074bf5f6d90
05-27 18:23:26.260   581   581 I SpiService: fgesysctrl_getGPIO_status success val=1
05-27 18:23:26.260   299  1153 D EvsDriver: doneWithFrame
05-27 08:14:35.224   581   581 D spi_rst_gpio_get_output: GPIO 145 value: 1
05-27 08:14:35.224   581   581 D spidev_ioctl: gpio status=1)
05-27 18:23:26.262 13911 14183 I SentryImuMcuAngleSender: 179.98949rollDeg
05-27 18:23:26.262 13911 14183 I SentryImuMcuAngleSender: 1,0,0
05-27 18:23:26.264   299 30841 D EvsDriver: forwardFrame
05-27 18:23:26.265   299 30841 D EvsDriver: Delivered 0xb400007b7ca56a60 as id 0
05-27 18:23:26.265  1167  1167 D evsmanagerd: /dev/video4 forwarded the buffer #0 to 0xb4000074bf5f6850 from 0xb4000074bf5f41d0
05-27 18:23:26.265   283   307 I rvcservice: t.code = 3, t.value = 0
05-27 18:23:26.265   581   581 I SpiService: fgesysctrl_getGPIO_status success val=1
05-27 18:23:26.267   299  1153 D EvsDriver: doneWithFrame
05-27 18:23:26.269   536   536 D commservice260303: msg.id = 1028,1
05-27 08:14:35.230   581   581 D spi_rst_gpio_get_output: GPIO 145 value: 1
05-27 18:23:26.269   536   536 D commservice260303: i = 170, msgid = 8A000404
05-27 08:14:35.230   581   581 D spidev_ioctl: gpio status=1)
05-27 18:23:26.269   536   536 D commservice260303: msgid = -1979710460,did=138
05-27 18:23:26.269   536   536 D commservice260303: CommProtocolLibCmdBaseI2C::dataproc {"command":{"id":"imu_status","sub":""},"content":{"TimeStamp":9,"FrameCounter":215126,"GD_X":-0.011300750076770782,"GD_Y":0.004809814505279064,"GD_Z":0.0026720035821199417,"AD_X":-0.0018689781427383423,"AD_Y":-9.004760067909956E-5,"AD_Z":-0.16889381408691406,"TempDsp":0,"Status":0,"CalibState":1,"SigAmpInvalid":0}},-1979710460
05-27 18:23:26.269   536   536 D commservice260303: send2Cluster len:317, 7B22636F6D6D616E64223A7B226964223A22696D755F737461747573222C22737562223A22227D2C22636F6E74656E74223A7B2254696D655374616D70223A392C224672616D65436F756E746572223A3231353132362C2247445F58223A2D302E3031313330303735303037363737303738322C2247445F59223A302E3030343830393831343530353237393036342C2247445F5A223A302E303032363732303033353832313139393431372C2241445F58223A2D302E303031383638393738313432373338333432332C2241445F59223A2D392E303034373630303637393039393536452D352C2241445F5A223A2D302E31363838393338313430383639313430362C2254656D70447370223A302C22537461747573223A302C2243616C69625374617465223A312C22536967416D70496E76616C6964223A307D7D, 138 
05-27 18:23:26.269   536   536 D commservice260303: Push Message into SendPool fn=663094016
05-27 18:23:26.269   536   536 D commservice260303: ComProtocolLibSend2Cluster::send2ClusterRaw fn=663094016 , len=333
05-27 18:23:26.269   536   536 D commservice260303: sendCmdToPort :333!!!
05-27 18:23:26.269   536   536 D commservice260303: send Cmd To Port ++++5AA501498A01000386276A16C61E7B22636F6D6D616E64223A7B226964223A22696D755F737461747573222C22737562223A22227D2C22636F6E74656E74223A7B2254696D655374616D70223A392C224672616D65436F756E746572223A3231353132362C2247445F58223A2D302E3031313330303735303037363737303738322C2247445F59223A302E3030343830393831343530353237393036342C2247445F5A223A302E303032363732303033353832313139393431372C2241445F58223A2D302E303031383638393738313432373338333432332C2241445F59223A2D392E303034373630303637393039393536452D352C2241445F5A223A2D302E31363838393338313430383639313430362C2254656D70447370223A302C22537461747573223A302C2243616C69625374617465223A312C22536967416D70496E76616C6964223A307D7DDBAF
05-27 18:23:26.269   536   536 D commservice260303: bufferevent_write retrun value = 0
05-27 18:23:26.269   536   560 D commservice260303: client datas send succeed,send finish
05-27 18:23:26.269 13911 14192 D Sentinelmode_1.2.5.17_sentry: <SentryImuClusterFgeSender>imu_status sent to Linux, frame=215126, tsNs=9273506, tsMs=9, intervalMs=40, ad=(-0.0018689781,-9.00476E-5,-0.16889381), gd=(-0.01130075,0.0048098145,0.0026720036)
05-27 18:23:26.271   581   581 I SpiService: fgesysctrl_getGPIO_status success val=0
05-27 18:23:26.272  1008 30856 D [OMXB]  : usingANWBuffer: handle:0xee744160, format:1, w:1920, h:1080
05-27 08:14:35.235   581   581 D spi_rst_gpio_get_output: GPIO 145 value: 0
05-27 08:14:35.235   581   581 D spidev_ioctl: gpio status=0)
05-27 18:23:26.282 15863 16069 D AIN-HttpHealthPolicy: response: 200, cost=170
05-27 18:23:26.282 15863 16068 D AIN-PingWorker: updateHost: result=true,host=www.feishu.cn,delay=170
05-27 18:23:26.282 15863 16068 D AIN-NetCheckerOutputer: onHealthy
05-27 18:23:26.282 15863 16068 D AIN-ServiceHub: getService with: name = service_tracker
05-27 18:23:26.283 13911 14183 I SentryImuMcuAngleSender: -179.99298rollDeg
05-27 18:23:26.283 13911 14183 I SentryImuMcuAngleSender: 1,0,0
05-27 18:23:26.285   581   581 I SpiService: fgesysctrl_getGPIO_status success val=1
05-27 18:23:26.285  1008 30857 D [OMXB]  : usingANWBuffer: handle:0xee743ea0, format:1, w:1920, h:1080
05-27 08:14:35.249   581   581 D spi_rst_gpio_get_output: GPIO 145 value: 1
05-27 08:14:35.250   581   581 D spidev_ioctl: gpio status=1)
05-27 18:23:26.290   581   581 I SpiService: fgesysctrl_getGPIO_status success val=1
05-27 18:23:26.292   299 30844 D EvsDriver: forwardFrame
05-27 08:14:35.255   581   581 D spi_rst_gpio_get_output: GPIO 145 value: 1
05-27 08:14:35.255   581   581 D spidev_ioctl: gpio status=1)
05-27 18:23:26.293   299 30844 D EvsDriver: Delivered 0xb400007b7ca56900 as id 0
05-27 18:23:26.294  1167  1167 D evsmanagerd: /dev/video6 forwarded the buffer #0 to 0xb4000074bf5f5510 from 0xb4000074bf5f6d90
05-27 18:23:26.294 30773 30782 I dvr_service_: [myNum:1][onFrameReceived] Received Surface:1 0
05-27 18:23:26.294 30773 30782 E dvr_service_: [myNum:1] Received S**** loss
05-27 18:23:26.294   299  1153 D EvsDriver: doneWithFrame
05-27 18:23:26.296   581   581 I SpiService: fgesysctrl_getGPIO_status success val=1
05-27 08:14:35.260   581   581 D spi_rst_gpio_get_output: GPIO 145 value: 1
05-27 08:14:35.260   581   581 D spidev_ioctl: gpio status=1)
05-27 18:23:26.298   299 30841 D EvsDriver: forwardFrame
05-27 18:23:26.299   299 30841 D EvsDriver: Delivered 0xb400007b7ca56a60 as id 0
05-27 18:23:26.300  1167  1167 D evsmanagerd: /dev/video4 forwarded the buffer #0 to 0xb4000074bf5f6850 from 0xb4000074bf5f41d0
05-27 18:23:26.300 30773 30782 I dvr_service_: [myNum:0][onFrameReceived] Received Surface:1 0
05-27 18:23:26.300 30773 30782 E dvr_service_: [myNum:0] Received S**** loss
05-27 18:23:26.300   299  1153 D EvsDriver: doneWithFrame
05-27 18:23:26.301   581   581 I SpiService: fgesysctrl_getGPIO_status success val=1
05-27 18:23:26.304 13911 14183 I SentryImuMcuAngleSender: -179.98598rollDeg
05-27 18:23:26.304 13911 14183 I SentryImuMcuAngleSender: 1,0,0
05-27 08:14:35.266   581   581 D spi_rst_gpio_get_output: GPIO 145 value: 1
05-27 08:14:35.266   581   581 D spidev_ioctl: gpio status=1)
05-27 18:23:26.307   581   581 I SpiService: fgesysctrl_getGPIO_status success val=1
05-27 08:14:35.271   581   581 D spi_rst_gpio_get_output: GPIO 145 value: 1
05-27 08:14:35.271   581   581 D spidev_ioctl: gpio status=1)
05-27 18:23:26.309   566  1171 I gps_hdbd: [gps_upgrade_thread 3506]Enter
05-27 18:23:26.309   536   536 D commservice260303: msg.id = 1028,0
05-27 18:23:26.309   566  1171 I gps_hdbd: [gps_upgrade_thread 3535] sys.gps.update:0 ,file:not ,upgrate_ing:0
05-27 18:23:26.309   536   536 D commservice260303: i = 170, msgid = 8A000404
05-27 18:23:26.309   536   536 D commservice260303: msgid = -1979710460,did=138
05-27 18:23:26.309   536   536 D commservice260303: CommProtocolLibCmdBaseI2C::dataproc {"command":{"id":"imu_status","sub":""},"content":{"TimeStamp":9,"FrameCounter":215127,"GD_X":-0.011223767884075642,"GD_Y":0.005420989356935024,"GD_Z":0.0023671966046094894,"AD_X":5.526989698410034E-4,"AD_Y":-0.004335065372288227,"AD_Z":-0.16523361206054688,"TempDsp":0,"Status":0,"CalibState":1,"SigAmpInvalid":0}},-1979710460
05-27 18:23:26.309   536   536 D commservice260303: send2Cluster len:315, 7B22636F6D6D616E64223A7B226964223A22696D755F737461747573222C22737562223A22227D2C22636F6E74656E74223A7B2254696D655374616D70223A392C224672616D65436F756E746572223A3231353132372C2247445F58223A2D302E3031313232333736373838343037353634322C2247445F59223A302E3030353432303938393335363933353032342C2247445F5A223A302E303032333637313936363034363039343839342C2241445F58223A352E353236393839363938343130303334452D342C2241445F59223A2D302E3030343333353036353337323238383232372C2241445F5A223A2D302E31363532333336313230363035343638382C2254656D70447370223A302C22537461747573223A302C2243616C69625374617465223A312C22536967416D70496E76616C6964223A307D7D, 138 
05-27 18:23:26.309   536   536 D commservice260303: Push Message into SendPool fn=679871232
05-27 18:23:26.309   536   536 D commservice260303: ComProtocolLibSend2Cluster::send2ClusterRaw fn=679871232 , len=331
05-27 18:23:26.310   536   536 D commservice260303: sendCmdToPort :331!!!
05-27 18:23:26.310   536   536 D commservice260303: send Cmd To Port ++++5AA501478A01000386286A16C61E7B22636F6D6D616E64223A7B226964223A22696D755F737461747573222C22737562223A22227D2C22636F6E74656E74223A7B2254696D655374616D70223A392C224672616D65436F756E746572223A3231353132372C2247445F58223A2D302E3031313232333736373838343037353634322C2247445F59223A302E3030353432303938393335363933353032342C2247445F5A223A302E303032333637313936363034363039343839342C2241445F58223A352E353236393839363938343130303334452D342C2241445F59223A2D302E3030343333353036353337323238383232372C2241445F5A223A2D302E31363532333336313230363035343638382C2254656D70447370223A302C22537461747573223A302C2243616C69625374617465223A312C22536967416D70496E76616C6964223A307D7DA5E3
05-27 18:23:26.310   536   536 D commservice260303: bufferevent_write retrun value = 0
05-27 18:23:26.310   536   560 D commservice260303: client datas send succeed,send finish
05-27 18:23:26.310 13911 14192 D Sentinelmode_1.2.5.17_sentry: <SentryImuClusterFgeSender>imu_status sent to Linux, frame=215127, tsNs=9273542, tsMs=9, intervalMs=41, ad=(5.5269897E-4,-0.0043350654,-0.16523361), gd=(-0.011223768,0.0054209894,0.0023671966)
05-27 18:23:26.311  1008 30856 D [OMXB]  : usingANWBuffer: handle:0xee744bb0, format:1, w:1920, h:1080
05-27 18:23:26.312   581   581 I SpiService: fgesysctrl_getGPIO_status success val=1
05-27 08:14:35.277   581   581 D spi_rst_gpio_get_output: GPIO 145 value: 1
05-27 08:14:35.277   581   581 D spidev_ioctl: gpio status=1)
05-27 18:23:26.318   581   581 I SpiService: fgesysctrl_getGPIO_status success val=0
05-27 08:14:35.283   581   581 D spi_rst_gpio_get_output: GPIO 145 value: 0
05-27 08:14:35.283   581   581 D spidev_ioctl: gpio status=0)
05-27 18:23:26.322   299 30841 D EvsDriver: forwardFrame
05-27 18:23:26.323   299 30841 D EvsDriver: Delivered 0xb400007b7ca56a60 as id 0
05-27 18:23:26.323  1167  1167 D evsmanagerd: /dev/video4 forwarded the buffer #0 to 0xb4000074bf5f6850 from 0xb4000074bf5f41d0
05-27 18:23:26.324 13911 14183 I SentryImuMcuAngleSender: 179.99298rollDeg
05-27 18:23:26.324 13911 14183 I SentryImuMcuAngleSender: 1,0,0
05-27 18:23:26.326   299  1153 D EvsDriver: doneWithFrame
05-27 18:23:26.326  1008 30857 D [OMXB]  : usingANWBuffer: handle:0xee742270, format:1, w:1920, h:1080
05-27 18:23:26.327   572   622 I Sensors : 230 GyroSensor: x:-0.011377,y:0.005726,z:0.002443
05-27 18:23:26.327   299 30844 D EvsDriver: forwardFrame
05-27 18:23:26.329   299 30844 D EvsDriver: Delivered 0xb400007b7ca56900 as id 0
05-27 18:23:26.329  1167  1167 D evsmanagerd: /dev/video6 forwarded the buffer #0 to 0xb4000074bf5f5510 from 0xb4000074bf5f6d90
05-27 08:14:35.297   581   581 D spi_rst_gpio_get_output: GPIO 145 value: 1
05-27 18:23:26.333   581   581 I SpiService: fgesysctrl_getGPIO_status success val=1
05-27 08:14:35.297   581   581 D spidev_ioctl: gpio status=1)
05-27 18:23:26.336   299  1153 D EvsDriver: doneWithFrame
05-27 18:23:26.339   581   581 I SpiService: fgesysctrl_getGPIO_status success val=1
05-27 08:14:35.303   581   581 D spi_rst_gpio_get_output: GPIO 145 value: 1
05-27 08:14:35.303   581   581 D spidev_ioctl: gpio status=1)
05-27 18:23:26.344 13911 14183 I SentryImuMcuAngleSender: 179.97197rollDeg
05-27 18:23:26.344 13911 14183 I SentryImuMcuAngleSender: 1,0,0
05-27 18:23:26.345   581   581 I SpiService: fgesysctrl_getGPIO_status success val=1
05-27 18:23:26.348   536   536 D commservice260303: msg.id = 1028,1
05-27 18:23:26.348   536   536 D commservice260303: i = 170, msgid = 8A000404
05-27 18:23:26.348   536   536 D commservice260303: msgid = -1979710460,did=138
05-27 18:23:26.348   536   536 D commservice260303: CommProtocolLibCmdBaseI2C::dataproc {"command":{"id":"imu_status","sub":""},"content":{"TimeStamp":9,"FrameCounter":215128,"GD_X":-0.011682018637657166,"GD_Y":0.00519212381914258,"GD_Z":0.0023671966046094894,"AD_X":-0.0043191611766815186,"AD_Y":0.002360476180911064,"AD_Z":-0.16584396362304688,"TempDsp":0,"Status":0,"CalibState":1,"SigAmpInvalid":0}},-1979710460
05-27 18:23:26.348   536   536 D commservice260303: send2Cluster len:315, 7B22636F6D6D616E64223A7B226964223A22696D755F737461747573222C22737562223A22227D2C22636F6E74656E74223A7B2254696D655374616D70223A392C224672616D65436F756E746572223A3231353132382C2247445F58223A2D302E3031313638323031383633373635373136362C2247445F59223A302E30303531393231323338313931343235382C2247445F5A223A302E303032333637313936363034363039343839342C2241445F58223A2D302E303034333139313631313736363831353138362C2241445F59223A302E3030323336303437363138303931313036342C2241445F5A223A2D302E31363538343339363336323330343638382C2254656D70447370223A302C22537461747573223A302C2243616C69625374617465223A312C22536967416D70496E76616C6964223A307D7D, 138 
05-27 18:23:26.348   536   536 D commservice260303: Push Message into SendPool fn=696648448
05-27 18:23:26.348   536   536 D commservice260303: ComProtocolLibSend2Cluster::send2ClusterRaw fn=696648448 , len=331
05-27 18:23:26.348   536   536 D commservice260303: sendCmdToPort :331!!!
05-27 18:23:26.348   536   536 D commservice260303: send Cmd To Port ++++5AA501478A01000386296A16C61E7B22636F6D6D616E64223A7B226964223A22696D755F737461747573222C22737562223A22227D2C22636F6E74656E74223A7B2254696D655374616D70223A392C224672616D65436F756E746572223A3231353132382C2247445F58223A2D302E3031313638323031383633373635373136362C2247445F59223A302E30303531393231323338313931343235382C2247445F5A223A302E303032333637313936363034363039343839342C2241445F58223A2D302E303034333139313631313736363831353138362C2241445F59223A302E3030323336303437363138303931313036342C2241445F5A223A2D302E31363538343339363336323330343638382C2254656D70447370223A302C22537461747573223A302C2243616C69625374617465223A312C22536967416D70496E76616C6964223A307D7D81AD
05-27 18:23:26.348   536   536 D commservice260303: bufferevent_write retrun value = 0
05-27 18:23:26.348   536   560 D commservice260303: client datas send succeed,send finish
05-27 18:23:26.349 13911 14192 D Sentinelmode_1.2.5.17_sentry: <SentryImuClusterFgeSender>imu_status sent to Linux, frame=215128, tsNs=9273595, tsMs=9, intervalMs=38, ad=(-0.004319161,0.0023604762,-0.16584396), gd=(-0.011682019,0.005192124,0.0023671966)
05-27 08:14:35.309   581   581 D spi_rst_gpio_get_output: GPIO 145 value: 1
05-27 08:14:35.309   581   581 D spidev_ioctl: gpio status=1)
05-27 18:23:26.350  1008 30856 D [OMXB]  : usingANWBuffer: handle:0xee7444d0, format:1, w:1920, h:1080
05-27 18:23:26.350   581   581 I SpiService: fgesysctrl_getGPIO_status success val=1
05-27 08:14:35.315   581   581 D spi_rst_gpio_get_output: GPIO 145 value: 1
05-27 08:14:35.315   581   581 D spidev_ioctl: gpio status=1)
05-27 18:23:26.356   581   581 I SpiService: fgesysctrl_getGPIO_status success val=1
05-27 08:14:35.320   581   581 D spi_rst_gpio_get_output: GPIO 145 value: 1
05-27 08:14:35.320   581   581 D spidev_ioctl: gpio status=1)
05-27 18:23:26.359   299 30841 D EvsDriver: forwardFrame
05-27 18:23:26.360   299 30841 D EvsDriver: Delivered 0xb400007b7ca56a60 as id 0
05-27 18:23:26.360  1167  1167 D evsmanagerd: /dev/video4 forwarded the buffer #0 to 0xb4000074bf5f6850 from 0xb4000074bf5f41d0
05-27 08:14:35.326   581   581 D spi_rst_gpio_get_output: GPIO 145 value: 0
05-27 08:14:35.326   581   581 D spidev_ioctl: gpio status=0)
05-27 18:23:26.361   581   581 I SpiService: fgesysctrl_getGPIO_status success val=0
05-27 18:23:26.364   299 30844 D EvsDriver: forwardFrame
05-27 18:23:26.364   299  1153 D EvsDriver: doneWithFrame
05-27 18:23:26.365   283   307 I rvcservice: t.code = 4, t.value = 0
05-27 18:23:26.365 13911 14183 I SentryImuMcuAngleSender: 179.97897rollDeg
05-27 18:23:26.366 13911 14183 I SentryImuMcuAngleSender: 1,0,0
05-27 18:23:26.366   299 30844 D EvsDriver: Delivered 0xb400007b7ca56900 as id 0
05-27 18:23:26.366  1167  1167 D evsmanagerd: /dev/video6 forwarded the buffer #0 to 0xb4000074bf5f5510 from 0xb4000074bf5f6d90
05-27 18:23:26.369   299  1153 D EvsDriver: doneWithFrame
05-27 18:23:26.375  1008 30857 D [OMXB]  : usingANWBuffer: handle:0xee746cb0, format:1, w:1920, h:1080
05-27 18:23:26.376   581   581 I SpiService: fgesysctrl_getGPIO_status success val=1
05-27 08:14:35.340   581   581 D spi_rst_gpio_get_output: GPIO 145 value: 1
05-27 08:14:35.340   581   581 D spidev_ioctl: gpio status=1)
05-27 18:23:26.381   581   581 I SpiService: fgesysctrl_getGPIO_status success val=1
05-27 08:14:35.346   581   581 D spi_rst_gpio_get_output: GPIO 145 value: 1
05-27 08:14:35.346   581   581 D spidev_ioctl: gpio status=1)
05-27 18:23:26.385 13911 14183 I SentryImuMcuAngleSender: 179.98598rollDeg
05-27 18:23:26.386 13911 14183 I SentryImuMcuAngleSender: 1,0,0
05-27 18:23:26.387   581   581 I SpiService: fgesysctrl_getGPIO_status success val=1
05-27 18:23:26.389   536   536 D commservice260303: msg.id = 1028,1
05-27 18:23:26.389   536   536 D commservice260303: i = 170, msgid = 8A000404
05-27 18:23:26.389   536   536 D commservice260303: msgid = -1979710460,did=138
05-27 18:23:26.389   536   536 D commservice260303: CommProtocolLibCmdBaseI2C::dataproc {"command":{"id":"imu_status","sub":""},"content":{"TimeStamp":9,"FrameCounter":215129,"GD_X":-0.009925996884703636,"GD_Y":0.005420989356935024,"GD_Z":0.0023671966046094894,"AD_X":-0.007345512509346008,"AD_Y":5.226657958701253E-4,"AD_Z":-0.16889381408691406,"TempDsp":0,"Status":0,"CalibState":1,"SigAmpInvalid":0}},-1979710460
05-27 18:23:26.389   536   536 D commservice260303: send2Cluster len:315, 7B22636F6D6D616E64223A7B226964223A22696D755F737461747573222C22737562223A22227D2C22636F6E74656E74223A7B2254696D655374616D70223A392C224672616D65436F756E746572223A3231353132392C2247445F58223A2D302E3030393932353939363838343730333633362C2247445F59223A302E3030353432303938393335363933353032342C2247445F5A223A302E303032333637313936363034363039343839342C2241445F58223A2D302E3030373334353531323530393334363030382C2241445F59223A352E323236363537393538373031323533452D342C2241445F5A223A2D302E31363838393338313430383639313430362C2254656D70447370223A302C22537461747573223A302C2243616C69625374617465223A312C22536967416D70496E76616C6964223A307D7D, 138 
05-27 08:14:35.352   581   581 D spi_rst_gpio_get_output: GPIO 145 value: 1
05-27 08:14:35.352   581   581 D spidev_ioctl: gpio status=1)
05-27 18:23:26.389   536   536 D commservice260303: Push Message into SendPool fn=713425664
05-27 18:23:26.389   536   536 D commservice260303: ComProtocolLibSend2Cluster::send2ClusterRaw fn=713425664 , len=331
05-27 18:23:26.389   536   536 D commservice260303: sendCmdToPort :331!!!
05-27 18:23:26.389   536   536 D commservice260303: send Cmd To Port ++++5AA501478A010003862A6A16C61E7B22636F6D6D616E64223A7B226964223A22696D755F737461747573222C22737562223A22227D2C22636F6E74656E74223A7B2254696D655374616D70223A392C224672616D65436F756E746572223A3231353132392C2247445F58223A2D302E3030393932353939363838343730333633362C2247445F59223A302E3030353432303938393335363933353032342C2247445F5A223A302E303032333637313936363034363039343839342C2241445F58223A2D302E3030373334353531323530393334363030382C2241445F59223A352E323236363537393538373031323533452D342C2241445F5A223A2D302E31363838393338313430383639313430362C2254656D70447370223A302C22537461747573223A302C2243616C69625374617465223A312C22536967416D70496E76616C6964223A307D7DBAFB
05-27 18:23:26.389   536   536 D commservice260303: bufferevent_write retrun value = 0
05-27 18:23:26.389   536   560 D commservice260303: client datas send succeed,send finish
05-27 18:23:26.389 13911 14192 D Sentinelmode_1.2.5.17_sentry: <SentryImuClusterFgeSender>imu_status sent to Linux, frame=215129, tsNs=9273631, tsMs=9, intervalMs=41, ad=(-0.0073455125,5.226658E-4,-0.16889381), gd=(-0.009925997,0.0054209894,0.0023671966)
05-27 18:23:26.390   299 30844 D EvsDriver: forwardFrame
05-27 18:23:26.391   299 30844 D EvsDriver: Delivered 0xb400007b7ca56900 as id 0
05-27 18:23:26.391  1167  1167 D evsmanagerd: /dev/video6 forwarded the buffer #0 to 0xb4000074bf5f5510 from 0xb4000074bf5f6d90
05-27 18:23:26.391   566 11459 I gps_hdbd: Received: '$GNGGA,003917.000,,,,,0,00,,,M,,M,,*6A
'
05-27 18:23:26.393   581   581 I SpiService: fgesysctrl_getGPIO_status success val=1
05-27 18:23:26.394   299 30841 D EvsDriver: forwardFrame
05-27 18:23:26.394   299  1153 D EvsDriver: doneWithFrame
05-27 18:23:26.396   299 30841 D EvsDriver: Delivered 0xb400007b7ca56a60 as id 0
05-27 18:23:26.396  1167  1167 D evsmanagerd: /dev/video4 forwarded the buffer #0 to 0xb4000074bf5f6850 from 0xb4000074bf5f41d0
05-27 08:14:35.357   581   581 D spi_rst_gpio_get_output: GPIO 145 value: 1
05-27 08:14:35.358   581   581 D spidev_ioctl: gpio status=1)
05-27 18:23:26.398   566 11459 I gps_hdbd: Received: '$GNGSA,A,1,,,,,,,,,,,,,,,,1*1D
'
05-27 18:23:26.398   566 11459 I gps_hdbd: Received: '$GNGSA,A,1,,,,,,,,,,,,,,,,3*1F
'
05-27 18:23:26.399   581   581 I SpiService: fgesysctrl_getGPIO_status success val=1
05-27 18:23:26.400   299  1153 D EvsDriver: doneWithFrame
05-27 08:14:35.363   581   581 D spi_rst_gpio_get_output: GPIO 145 value: 1
05-27 08:14:35.363   581   581 D spidev_ioctl: gpio status=1)
05-27 18:23:26.403  1008 30856 D [OMXB]  : usingANWBuffer: handle:0xee742ab0, format:1, w:1920, h:1080
05-27 18:23:26.404   566 11459 I gps_hdbd: Received: '$GNGSA,A,1,,,,,,,,,,,,,,,,4*18
'
05-27 18:23:26.404   581   581 I SpiService: fgesysctrl_getGPIO_status success val=0
05-27 08:14:35.369   581   581 D spi_rst_gpio_get_output: GPIO 145 value: 0
05-27 08:14:35.369   581   581 D spidev_ioctl: gpio status=0)
05-27 18:23:26.405   566 11459 I gps_hdbd: Received: '$BDGSV,1,1,00,1*75
'
05-27 18:23:26.406 13911 14183 I SentryImuMcuAngleSender: 179.98598rollDeg
05-27 18:23:26.406 13911 14183 I SentryImuMcuAngleSender: 1,0,0
05-27 18:23:26.409   566 11459 I gps_hdbd: Received: '$BDGSV,1,1,00,5*71
'
05-27 18:23:26.411   566 11459 I gps_hdbd: Received: '$GPGSV,1,1,01,199,42,165,,1*60
'
05-27 18:23:26.415   566 11459 I gps_hdbd: Received: '$GPGSV,1,1,00,8*6D
'
05-27 18:23:26.415  1008 30857 D [OMXB]  : usingANWBuffer: handle:0xee740590, format:1, w:1920, h:1080
05-27 18:23:26.415 11344 11344 E SystemUI_NavBarFragment: SysUIConfig.icCarServiceConnected：false
05-27 18:23:26.416 30773 30789 I dvr_service_: Camera 1: Buffer reuse stats - Total: 179700, Reused: 89143, New: 90557, Rate: 49.6%
05-27 18:23:26.416   566 11459 I gps_hdbd: Received: '$GAGSV,1,1,00,7*73
'
05-27 18:23:26.416   481   598 I mcuc    : rev,n=1,6AA681BACE000B8300E0000000000000000089
05-27 18:23:26.416   351   373 D automotive.vehicle@2.0-adayo-datacomm-mcu: MCUDatacomm sendMessageFromVehicle prop: 0x83, areaId: 0x0, status: 0x0, timestamp: 0x0
05-27 18:23:26.416   351   373 D automotive.vehicle@2.0-adayo-datacomm-mcu: MCUDatacomm 1sendMessageFromVehicle ---> type = 7 
05-27 18:23:26.416   351   373 I automotive.vehicle@2.0-adayo-func-mcu: MCUFunc :sendMessageFromVehicle  msgBuff[0] = 131 
05-27 18:23:26.416   351   373 I automotive.vehicle@2.0-adayo-func-mcu: MCUFunc :sendMessageFromVehicle  msgBuff[1] = 0 
05-27 18:23:26.416   351   373 I automotive.vehicle@2.0-adayo-func-mcu: MCUFunc :sendMessageFromVehicle  msgBuff[2] = 0 
05-27 18:23:26.416   351   373 I automotive.vehicle@2.0-adayo-func-mcu: MCUFunc :sendMessageFromVehicle  msgBuff[3] = 0 
05-27 18:23:26.416   351   373 I automotive.vehicle@2.0-adayo-func-mcu: MCUFunc :sendMessageFromVehicle  msgBuff[4] = 3 
05-27 18:23:26.416   351   373 I automotive.vehicle@2.0-adayo-func-mcu: MCUFunc :sendMessageFromVehicle  msgBuff[5] = 1 
05-27 18:23:26.416   351   373 I automotive.vehicle@2.0-adayo-func-mcu: MCUFunc :sendMessageFromVehicle  msgBuff[6] = 0 
05-27 18:23:26.416   351   373 I automotive.vehicle@2.0-adayo-func-mcu: MCUFunc :sendMessageFromVehicle  msgBuff[7] = 0 
05-27 18:23:26.416   351   373 I automotive.vehicle@2.0-adayo-func-mcu: MCUFunc :sendMessageFromVehicle  msgBuff[8] = 0 
05-27 18:23:26.416   351   373 I automotive.vehicle@2.0-adayo-func-mcu: MCUFunc :sendMessageFromVehicle  msgBuff[9] = 0 
05-27 18:23:26.416   351   373 I automotive.vehicle@2.0-adayo-func-mcu: MCUFunc :sendMessageFromVehicle  msgBuff[10] = 0 
05-27 18:23:26.417   351   373 I automotive.vehicle@2.0-adayo-func-mcu: MCUFunc :sendMessageFromVehicle  msgBuff[11] = 0 
05-27 18:23:26.417   351   373 I automotive.vehicle@2.0-adayo-func-mcu: MCUFunc :sendMessageFromVehicle  msgBuff[12] = 0 
05-27 18:23:26.417   351   373 I automotive.vehicle@2.0-adayo-func-mcu: MCUFunc :sendMessageFromVehicle  msgBuff[13] = 0 
05-27 18:23:26.417   351   373 I automotive.vehicle@2.0-adayo-func-mcu: MCUFunc :sendMessageFromVehicle  msgBuff[14] = 0 
05-27 18:23:26.417   351   373 I automotive.vehicle@2.0-adayo-func-mcu: MCUFunc :sendMessageFromVehicle  msgBuff[15] = 0 
05-27 18:23:26.417   351   373 I automotive.vehicle@2.0-adayo-func-mcu: MCUFunc :sendMessageFromVehicle  msgBuff[16] = 0 
05-27 18:23:26.418   481   598 I mcuc    : rev,n=2,6AA681BACF00038415005A
05-27 18:23:26.419   581   581 I SpiService: fgesysctrl_getGPIO_status success val=1
05-27 18:23:26.419  5806  5834 D ANWAPI_SECOND: (5806|0x1B4A5CB0)[BTAPI] set_bluetooth_power : open /sys/class/gpio/gpio142/value
05-27 18:23:26.420  5806  5834 D ANWAPI_SECOND: (5806|0x1B4A5CB0)[BTAPI] set_bluetooth_power : open(/sys/class/gpio/gpio142/value) for write failed,fd=-1
05-27 18:23:26.420  5806  5834 D ANWAPI_SECOND: (5806|0x1B4A5CB0)[BTAPI] open set_bluetooth_power : write(No such file or directory) failed,errno = 2
05-27 18:23:26.421   481   598 I mcuc    : rev,n=3,6AA681BAD0008C8305000055000000B000000000000100010000D14FDCB1B46790DCB5DCB4970DDCB4B969DCB5B24F8C7D7B9F1C00000000040000B3000000000000000000000000000000B44300000000000300000000000000AA000000E40701010000000000000000BB06050507EA051B000008009403CB00CC000000000000000000000000000000B500000000000000002B
05-27 18:23:26.421   351   373 D automotive.vehicle@2.0-adayo-datacomm-mcu: MCUDatacomm sendMessageFromVehicle prop: 0x83, areaId: 0x5, status: 0x0, timestamp: 0x0
05-27 18:23:26.421   351   373 D automotive.vehicle@2.0-adayo-datacomm-mcu: MCUDatacomm 1sendMessageFromVehicle ---> type = 7 
05-27 18:23:26.421   351   373 I automotive.vehicle@2.0-adayo-func-mcu: MCUFunc :sendMessageFromVehicle  msgBuff[0] = 131 
05-27 18:23:26.421   351   373 I automotive.vehicle@2.0-adayo-func-mcu: MCUFunc :sendMessageFromVehicle  msgBuff[1] = 5 
05-27 18:23:26.421   351   373 I automotive.vehicle@2.0-adayo-func-mcu: MCUFunc :sendMessageFromVehicle  msgBuff[2] = 0 
05-27 18:23:26.421   351   373 I automotive.vehicle@2.0-adayo-func-mcu: MCUFunc :sendMessageFromVehicle  msgBuff[3] = 0 
05-27 18:23:26.421   351   373 I automotive.vehicle@2.0-adayo-func-mcu: MCUFunc :sendMessageFromVehicle  msgBuff[4] = 85 
05-27 18:23:26.421   351   373 I automotive.vehicle@2.0-adayo-func-mcu: MCUFunc :sendMessageFromVehicle  msgBuff[5] = 0 
05-27 18:23:26.421   566 11459 I gps_hdbd: Received: '$GAGSV,1,1,00,1*75
'
05-27 08:14:35.383   581   581 D spi_rst_gpio_get_output: GPIO 145 value: 1
05-27 08:14:35.383   581   581 D spidev_ioctl: gpio status=1)
05-27 18:23:26.423   536   560 D commservice260303: recv len:77, 5AA500490600000036496A16C61E7B22636F6D6D616E64223A7B226964223A226473695F6C7578222C22737562223A22227D2C22636F6E74656E74223A7B2276616C7565223A3230307D7DDF13 from server
05-27 18:23:26.423   536  2578 D commservice260303: mcuDataAnalyzeHandle templen:77,len:77,pos:0, 5AA500490600000036496A16C61E7B22636F6D6D616E64223A7B226964223A226473695F6C7578222C22737562223A22227D2C22636F6E74656E74223A7B2276616C7565223A3230307D7DDF13 
05-27 18:23:26.423   536  2578 I commservice260303: checksumCal = 57107
05-27 18:23:26.417   536   536 I auditd  : type=1400 audit(0.0:48122): avc: denied { getattr } for comm="fgecomservice@1" path="socket:[34776]" dev="sockfs" ino=34776 scontext=u:r:hal_fgecomservice_default:s0 tcontext=u:r:hal_fgecomservice_default:s0 tclass=vsock_socket permissive=1
05-27 18:23:26.417   536   536 I fgecomservice@1: type=1400 audit(0.0:48122): avc: denied { getattr } for path="socket:[34776]" dev="sockfs" ino=34776 scontext=u:r:hal_fgecomservice_default:s0 tcontext=u:r:hal_fgecomservice_default:s0 tclass=vsock_socket permissive=1
05-27 18:23:26.423   536  2578 D commservice260303: mcuCommMessageManager::notifyMsgToClient hwbinder OK
05-27 18:23:26.423   536  2578 D commservice260303: McuProtocolLibSend2Service::send2Service ret=1
05-27 18:23:26.417   536   536 I auditd  : type=1400 audit(0.0:48123): avc: denied { read } for comm="fgecomservice@1" path="socket:[34776]" dev="sockfs" ino=34776 scontext=u:r:hal_fgecomservice_default:s0 tcontext=u:r:hal_fgecomservice_default:s0 tclass=vsock_socket permissive=1
05-27 18:23:26.417   536   536 I fgecomservice@1: type=1400 audit(0.0:48123): avc: denied { read } for path="socket:[34776]" dev="sockfs" ino=34776 scontext=u:r:hal_fgecomservice_default:s0 tcontext=u:r:hal_fgecomservice_default:s0 tclass=vsock_socket permissive=1
05-27 18:23:26.423 12246 12440 D ivicomm_CommManager: fgeComServiceCallback: {"command":{"id":"dsi_lux","sub":""},"content":{"value":200}}
05-27 18:23:26.423 12246 12440 D ivicomm_CallbackManager: registerCallback DSI_LUX: {"value":200} mCommStateCallbackMap size:4
05-27 18:23:26.424 11579 11619 D NSLogUtils_VehicleService: L2A comm state: id=dsi_lux, value=200
05-27 18:23:26.424   581   581 I SpiService: fgesysctrl_getGPIO_status success val=1
05-27 18:23:26.425   299 30841 D EvsDriver: forwardFrame
05-27 18:23:26.425 11344  6590 D SystemUI_SystemSettingsControllerService: onCommState: commandID = dsi_lux; value = 200
05-27 08:14:35.389   581   581 D spi_rst_gpio_get_output: GPIO 145 value: 1
05-27 08:14:35.389   581   581 D spidev_ioctl: gpio status=1)
05-27 18:23:26.426 13911 14183 I SentryImuMcuAngleSender: 179.99298rollDeg
05-27 18:23:26.426 13911 14183 I SentryImuMcuAngleSender: 1,0,0
05-27 18:23:26.427   566 11459 I gps_hdbd: Received: '$GNRMC,003917.000,V,,,,,,,270526,120.0,E,N,V*49
'
05-27 18:23:26.427   299 30841 D EvsDriver: Delivered 0xb400007b7ca56a60 as id 0
05-27 18:23:26.427  1167  1167 D evsmanagerd: /dev/video4 forwarded the buffer #0 to 0xb4000074bf5f6850 from 0xb4000074bf5f41d0
