05-27 18:23:25.905   536   536 D commservice260303: send2Cluster len:316, 7B22636F6D6D616E64223A7B226964223A22696D755F737461747573222C22737562223A22227D2C22636F6E74656E74223A7B2254696D655374616D70223A392C224672616D65436F756E746572223A3231353131372C2247445F58223A2D302E3031313232333736373838343037353634322C2247445F59223A302E303035363439383534383934373237343638352C2247445F5A223A302E303032393736383130373932343631303337362C2241445F58223A2D302E30303433303630373739353731353333322C2241445F59223A302E303031373130353336333037363535323734392C2241445F5A223A2D302E31363935303431363536343934313430362C2254656D70447370223A302C22537461747573223A302C2243616C69625374617465223A312C22536967416D70496E76616C6964223A307D7D, 138 
05-27 18:23:25.905   536   536 D commservice260303: Push Message into SendPool fn=512099072
05-27 18:23:25.905   536   536 D commservice260303: ComProtocolLibSend2Cluster::send2ClusterRaw fn=512099072 , len=332
05-27 18:23:25.905   536   536 D commservice260303: sendCmdToPort :332!!!
05-27 18:23:25.905   536   536 D commservice260303: send Cmd To Port ++++5AA501488A010003861E6A16C61D7B22636F6D6D616E64223A7B226964223A22696D755F737461747573222C22737562223A22227D2C22636F6E74656E74223A7B2254696D655374616D70223A392C224672616D65436F756E746572223A3231353131372C2247445F58223A2D302E3031313232333736373838343037353634322C2247445F59223A302E303035363439383534383934373237343638352C2247445F5A223A302E303032393736383130373932343631303337362C2241445F58223A2D302E30303433303630373739353731353333322C2241445F59223A302E303031373130353336333037363535323734392C2241445F5A223A2D302E31363935303431363536343934313430362C2254656D70447370223A302C22537461747573223A302C2243616C69625374617465223A312C22536967416D70496E76616C6964223A307D7D877B
05-27 18:23:25.905   536   536 D commservice260303: bufferevent_write retrun value = 0
05-27 18:23:25.906 13911 14192 D Sentinelmode_1.2.5.17_sentry: <SentryImuClusterFgeSender>imu_status sent to Linux, frame=215117, tsNs=9273132, tsMs=9, intervalMs=45, ad=(-0.004306078,0.0017105363,-0.16950417), gd=(-0.011223768,0.005649855,0.0029768108)
05-27 18:23:25.907   299  1153 D EvsDriver: doneWithFrame
05-27 18:23:25.909   536   560 D commservice260303: client datas send succeed,send finish
05-27 18:23:25.914 13911 14183 I SentryImuMcuAngleSender: 179.97899rollDeg
05-27 18:23:25.914  1008 30856 D [OMXB]  : usingANWBuffer: handle:0xee742ed0, format:1, w:1920, h:1080
05-27 18:23:25.914 13911 14183 I SentryImuMcuAngleSender: 1,0,0
05-27 08:14:34.882   581   581 D spi_rst_gpio_get_output: GPIO 145 value: 1
05-27 08:14:34.882   581   581 D spidev_ioctl: gpio status=1)
05-27 08:14:34.888   581   581 D spi_rst_gpio_get_output: GPIO 145 value: 1
05-27 08:14:34.888   581   581 D spidev_ioctl: gpio status=1)
05-27 18:23:25.915   481   598 I mcuc    : rev,n=1,6AA681BACC000A8900710104091212345639
05-27 18:23:25.916   351   373 D automotive.vehicle@2.0-adayo-datacomm-mcu: MCUDatacomm sendMessageFromVehicle prop: 0x89, areaId: 0x0, status: 0x71, timestamp: 0x1
05-27 18:23:25.916   351   373 D automotive.vehicle@2.0-adayo-datacomm-mcu: MCUDatacomm 1sendMessageFromVehicle ---> type = 12 
05-27 18:23:25.916  1121  1144 I tboxmids_ap: [2026-05-27 18:23:25.916] [MCU RX] src=MCU dst=ZMQ len=10 type=BINARY data=00 08 71 01 04 09 12 12 34 56 
05-27 18:23:25.917  1083  1083 I MyAppLog: [2026-05-27 18:23:25.916 I tboxap mcuCommTboxmidsRecvCb:97] [Mcu] [mcuCommTboxmidsRecvCb] recv from tboxmids, size:10
05-27 18:23:25.917  1083  1083 I MyAppLog: [2026-05-27 18:23:25.916 I tboxap mcuCommTboxmidsRecvCb:98] [Mcu] [tboxmids -> tboxap]: :00 08 71 01 04 09 12 12 34 56
05-27 18:23:25.917  1083  1083 W MyAppLog: [2026-05-27 18:23:25.916 W tboxap mcuYadiFrameParse:852] [Mcu] [mcuYadiFrameParse] cmd:0912(MCU_MAIN_BATT_DYNAMIC_IND) payload too short:5 < 36
05-27 18:23:25.917  1083  1083 W MyAppLog: [2026-05-27 18:23:25.916 W tboxap mcuPtlParseData:982] [Mcu] [mcuPtlParseData] invalid yadi frame, len:10
05-27 18:23:25.918   581   581 I SpiService: fgesysctrl_getGPIO_status success val=1
05-27 18:23:25.923  1044 30796 D BufferPoolAccessor2.0: bufferpool2 0xb400006f82870318 : 1(6144 size) total buffers - 1(6144 size) used buffers - 117910/117912 (recycle/alloc) - 2/117911 (fetch/transfer)
05-27 18:23:25.924   581   581 I SpiService: fgesysctrl_getGPIO_status success val=1
05-27 18:23:25.928   299 30841 D EvsDriver: forwardFrame
05-27 18:23:25.929   299 30844 D EvsDriver: forwardFrame
05-27 18:23:25.930   581   581 I SpiService: fgesysctrl_getGPIO_status success val=1
05-27 18:23:25.930   299 30841 D EvsDriver: Delivered 0xb400007b7ca56a60 as id 0
05-27 18:23:25.930  1167  1167 D evsmanagerd: /dev/video4 forwarded the buffer #0 to 0xb4000074bf5f6850 from 0xb4000074bf5f41d0
05-27 18:23:25.931  1167  1167 D evsmanagerd: /dev/video6 forwarded the buffer #0 to 0xb4000074bf5f5510 from 0xb4000074bf5f6d90
05-27 18:23:25.931   299 30844 D EvsDriver: Delivered 0xb400007b7ca56900 as id 0
05-27 18:23:25.932  1008 30857 D [OMXB]  : usingANWBuffer: handle:0xee740dd0, format:1, w:1920, h:1080
05-27 18:23:25.935   572   572 I Sensors : 230 GyroSensor: x:-0.010995,y:0.005726,z:0.002443
05-27 18:23:25.936   299  1153 D EvsDriver: doneWithFrame
05-27 18:23:25.936   299  1163 D EvsDriver: doneWithFrame
05-27 18:23:25.936   581   581 I SpiService: fgesysctrl_getGPIO_status success val=1
05-27 18:23:25.935 13911 14183 I SentryImuMcuAngleSender: 179.97899rollDeg
05-27 18:23:25.936 13911 14183 I SentryImuMcuAngleSender: 1,0,0
05-27 18:23:25.941   581   581 I SpiService: fgesysctrl_getGPIO_status success val=1
05-27 08:14:34.894   581   581 D spidev_ioctl: gpio status=1)
05-27 08:14:34.900   581   581 D spi_rst_gpio_get_output: GPIO 145 value: 1
05-27 08:14:34.900   581   581 D spidev_ioctl: gpio status=1)
05-27 08:14:34.906   581   581 D spi_rst_gpio_get_output: GPIO 145 value: 1
05-27 08:14:34.906   581   581 D spidev_ioctl: gpio status=1)
05-27 18:23:25.945   536   536 D commservice260303: msg.id = 1028,1
05-27 18:23:25.946   536   536 D commservice260303: i = 170, msgid = 8A000404
05-27 18:23:25.946   536   536 D commservice260303: msgid = -1979710460,did=138
05-27 18:23:25.946   536   536 D commservice260303: CommProtocolLibCmdBaseI2C::dataproc {"command":{"id":"imu_status","sub":""},"content":{"TimeStamp":9,"FrameCounter":215118,"GD_X":-0.010994902811944485,"GD_Y":0.0057257963344454765,"GD_Z":0.002443138277158141,"AD_X":5.663186311721802E-4,"AD_Y":-7.363255135715008E-4,"AD_Z":-0.16828536987304688,"TempDsp":0,"Status":0,"CalibState":1,"SigAmpInvalid":0}},-1979710460
05-27 18:23:25.946   536   536 D commservice260303: send2Cluster len:315, 7B22636F6D6D616E64223A7B226964223A22696D755F737461747573222C22737562223A22227D2C22636F6E74656E74223A7B2254696D655374616D70223A392C224672616D65436F756E746572223A3231353131382C2247445F58223A2D302E3031303939343930323831313934343438352C2247445F59223A302E303035373235373936333334343435343736352C2247445F5A223A302E3030323434333133383237373135383134312C2241445F58223A352E363633313836333131373231383032452D342C2241445F59223A2D372E333633323535313335373135303038452D342C2241445F5A223A2D302E31363832383533363938373330343638382C2254656D70447370223A302C22537461747573223A302C2243616C69625374617465223A312C22536967416D70496E76616C6964223A307D7D, 138 
05-27 18:23:25.946   536   536 D commservice260303: Push Message into SendPool fn=528876288
05-27 18:23:25.946   536   536 D commservice260303: ComProtocolLibSend2Cluster::send2ClusterRaw fn=528876288 , len=331
05-27 18:23:25.946   536   536 D commservice260303: sendCmdToPort :331!!!
05-27 18:23:25.946   536   536 D commservice260303: send Cmd To Port ++++5AA501478A010003861F6A16C61D7B22636F6D6D616E64223A7B226964223A22696D755F737461747573222C22737562223A22227D2C22636F6E74656E74223A7B2254696D655374616D70223A392C224672616D65436F756E746572223A3231353131382C2247445F58223A2D302E3031303939343930323831313934343438352C2247445F59223A302E303035373235373936333334343435343736352C2247445F5A223A302E3030323434333133383237373135383134312C2241445F58223A352E363633313836333131373231383032452D342C2241445F59223A2D372E333633323535313335373135303038452D342C2241445F5A223A2D302E31363832383533363938373330343638382C2254656D70447370223A302C22537461747573223A302C2243616C69625374617465223A312C22536967416D70496E76616C6964223A307D7DB4AE
05-27 18:23:25.946   536   536 D commservice260303: bufferevent_write retrun value = 0
05-27 18:23:25.946   536   560 D commservice260303: client datas send succeed,send finish
05-27 18:23:25.947 13911 14192 D Sentinelmode_1.2.5.17_sentry: <SentryImuClusterFgeSender>imu_status sent to Linux, frame=215118, tsNs=9273185, tsMs=9, intervalMs=41, ad=(5.6631863E-4,-7.363255E-4,-0.16828537), gd=(-0.010994903,0.0057257963,0.0024431383)
05-27 18:23:25.947   581   581 I SpiService: fgesysctrl_getGPIO_status success val=0
05-27 18:23:25.947   481   597 I mcuc    : send SPI:6AA602BACC00028900ED
05-27 08:14:34.912   581   581 D spi_rst_gpio_get_output: GPIO 145 value: 0
05-27 08:14:34.912   581   581 D spidev_ioctl: gpio status=0)
05-27 18:23:25.952 13911 13911 I Sentinelmode_1.2.5.17_sentry: <SentinelCarServiceManager>sensorType:291504647
05-27 18:23:25.956 13911 14183 I SentryImuMcuAngleSender: 180.0rollDeg
05-27 18:23:25.956 13911 14183 I SentryImuMcuAngleSender: 1,0,0
05-27 18:23:25.957 30773 30785 I dvr_service_: [EncoderHandler::runMediaThread] runMediaThread started:1,state:1, cam2:started:1,state:1, lastSwitch:1, mIsMuxerStart:1,format:0,is_str_ing:0
05-27 18:23:25.960  1008 30857 D [OMXB]  : usingANWBuffer: handle:0xee745600, format:1, w:1920, h:1080
05-27 18:23:25.962   581   581 I SpiService: fgesysctrl_getGPIO_status success val=1
05-27 18:23:25.964   283   307 I rvcservice: t.code = 1, t.value = -173239
05-27 18:23:25.964   299 30844 D EvsDriver: forwardFrame
05-27 08:14:34.927   581   581 D spi_rst_gpio_get_output: GPIO 145 value: 1
05-27 08:14:34.927   581   581 D spidev_ioctl: gpio status=1)
05-27 18:23:25.965   299 30841 D EvsDriver: forwardFrame
05-27 18:23:25.967   299 30844 D EvsDriver: Delivered 0xb400007b7ca56900 as id 0
05-27 18:23:25.967  1167  1167 D evsmanagerd: /dev/video6 forwarded the buffer #0 to 0xb4000074bf5f5510 from 0xb4000074bf5f6d90
05-27 18:23:25.968 30773 30773 E dvr_service_: [myNum:1] Received S**** loss
05-27 18:23:25.968   581   581 I SpiService: fgesysctrl_getGPIO_status success val=1
05-27 18:23:25.968   299  1163 D EvsDriver: doneWithFrame
05-27 18:23:25.968  1167  1167 D evsmanagerd: /dev/video4 forwarded the buffer #0 to 0xb4000074bf5f6850 from 0xb4000074bf5f41d0
05-27 18:23:25.968 30773 30773 E dvr_service_: [myNum:0] Received S**** loss
05-27 18:23:25.968   299 30841 D EvsDriver: Delivered 0xb400007b7ca56a60 as id 0
05-27 08:14:34.933   581   581 D spi_rst_gpio_get_output: GPIO 145 value: 1
05-27 08:14:34.933   581   581 D spidev_ioctl: gpio status=1)
05-27 18:23:25.969   299  1163 D EvsDriver: doneWithFrame
05-27 18:23:25.973   581   581 I SpiService: fgesysctrl_getGPIO_status success val=1
05-27 18:23:25.975  1008 30856 D [OMXB]  : usingANWBuffer: handle:0xee742060, format:1, w:1920, h:1080
05-27 18:23:25.976 13911 14183 I SentryImuMcuAngleSender: 179.993rollDeg
05-27 18:23:25.976 13911 14183 I SentryImuMcuAngleSender: 1,0,0
05-27 08:14:34.938   581   581 D spi_rst_gpio_get_output: GPIO 145 value: 1
05-27 08:14:34.938   581   581 D spidev_ioctl: gpio status=1)
05-27 18:23:25.979   581   581 I SpiService: fgesysctrl_getGPIO_status success val=1
05-27 08:14:34.943   581   581 D spi_rst_gpio_get_output: GPIO 145 value: 1
05-27 08:14:34.943   581   581 D spidev_ioctl: gpio status=1)
05-27 18:23:25.984   581   581 I SpiService: fgesysctrl_getGPIO_status success val=0
05-27 08:14:34.949   581   581 D spi_rst_gpio_get_output: GPIO 145 value: 0
05-27 08:14:34.949   581   581 D spidev_ioctl: gpio status=0)
05-27 18:23:25.986   536   536 D commservice260303: msg.id = 1028,1
05-27 18:23:25.986   536   536 D commservice260303: i = 170, msgid = 8A000404
05-27 18:23:25.986   536   536 D commservice260303: msgid = -1979710460,did=138
05-27 18:23:25.986   536   536 D commservice260303: CommProtocolLibCmdBaseI2C::dataproc {"command":{"id":"imu_status","sub":""},"content":{"TimeStamp":9,"FrameCounter":215119,"GD_X":-0.012599040754139423,"GD_Y":0.005879240110516548,"GD_Z":0.0023671966046094894,"AD_X":-0.0012784004211425781,"AD_Y":-7.27534294128418E-4,"AD_Z":-0.17072391510009766,"TempDsp":0,"Status":0,"CalibState":1,"SigAmpInvalid":0}},-1979710460
05-27 18:23:25.986   536   536 D commservice260303: send2Cluster len:316, 7B22636F6D6D616E64223A7B226964223A22696D755F737461747573222C22737562223A22227D2C22636F6E74656E74223A7B2254696D655374616D70223A392C224672616D65436F756E746572223A3231353131392C2247445F58223A2D302E3031323539393034303735343133393432332C2247445F59223A302E3030353837393234303131303531363534382C2247445F5A223A302E303032333637313936363034363039343839342C2241445F58223A2D302E303031323738343030343231313432353738312C2241445F59223A2D372E3237353334323934313238343138452D342C2241445F5A223A2D302E31373037323339313531303030393736362C2254656D70447370223A302C22537461747573223A302C2243616C69625374617465223A312C22536967416D70496E76616C6964223A307D7D, 138 
05-27 18:23:25.986   536   536 D commservice260303: Push Message into SendPool fn=545653504
05-27 18:23:25.986   536   536 D commservice260303: ComProtocolLibSend2Cluster::send2ClusterRaw fn=545653504 , len=332
05-27 18:23:25.986   536   536 D commservice260303: sendCmdToPort :332!!!
05-27 18:23:25.986   536   536 D commservice260303: send Cmd To Port ++++5AA501488A01000386206A16C61D7B22636F6D6D616E64223A7B226964223A22696D755F737461747573222C22737562223A22227D2C22636F6E74656E74223A7B2254696D655374616D70223A392C224672616D65436F756E746572223A3231353131392C2247445F58223A2D302E3031323539393034303735343133393432332C2247445F59223A302E3030353837393234303131303531363534382C2247445F5A223A302E303032333637313936363034363039343839342C2241445F58223A2D302E303031323738343030343231313432353738312C2241445F59223A2D372E3237353334323934313238343138452D342C2241445F5A223A2D302E31373037323339313531303030393736362C2254656D70447370223A302C22537461747573223A302C2243616C69625374617465223A312C22536967416D70496E76616C6964223A307D7D39C0
05-27 18:23:25.986   536   536 D commservice260303: bufferevent_write retrun value = 0
05-27 18:23:25.986   536   560 D commservice260303: client datas send succeed,send finish
05-27 18:23:25.986 13911 14192 D Sentinelmode_1.2.5.17_sentry: <SentryImuClusterFgeSender>imu_status sent to Linux, frame=215119, tsNs=9273221, tsMs=9, intervalMs=40, ad=(-0.0012784004,-7.275343E-4,-0.17072392), gd=(-0.012599041,0.00587924,0.0023671966)
05-27 18:23:25.993   299 30841 D EvsDriver: forwardFrame
05-27 18:23:25.993   299 30844 D EvsDriver: forwardFrame
05-27 18:23:25.994   299 30844 D EvsDriver: Delivered 0xb400007b7ca56900 as id 0
05-27 18:23:25.994  1167  1167 D evsmanagerd: /dev/video6 forwarded the buffer #0 to 0xb4000074bf5f5510 from 0xb4000074bf5f6d90
05-27 18:23:25.995  1167  1167 D evsmanagerd: /dev/video4 forwarded the buffer #0 to 0xb4000074bf5f6850 from 0xb4000074bf5f41d0
05-27 18:23:25.995   299 30841 D EvsDriver: Delivered 0xb400007b7ca56a60 as id 0
05-27 18:23:25.996 13911 14183 I SentryImuMcuAngleSender: 179.98598rollDeg
05-27 18:23:25.996 13911 14183 I SentryImuMcuAngleSender: 1,0,0
05-27 08:14:34.963   581   581 D spi_rst_gpio_get_output: GPIO 145 value: 1
05-27 08:14:34.963   581   581 D spidev_ioctl: gpio status=1)
05-27 18:23:25.997   299  1163 D EvsDriver: doneWithFrame
05-27 18:23:25.998   581   581 I SpiService: fgesysctrl_getGPIO_status success val=1
05-27 18:23:25.998   299  1153 D EvsDriver: doneWithFrame
05-27 08:14:34.969   581   581 D spi_rst_gpio_get_output: GPIO 145 value: 1
05-27 08:14:34.969   581   581 D spidev_ioctl: gpio status=1)
05-27 18:23:25.999  1008 30857 D [OMXB]  : usingANWBuffer: handle:0xee743c90, format:1, w:1920, h:1080
05-27 18:23:26.004   581   581 I SpiService: fgesysctrl_getGPIO_status success val=1
05-27 18:23:26.010   581   581 I SpiService: fgesysctrl_getGPIO_status success val=1
05-27 08:14:34.975   581   581 D spi_rst_gpio_get_output: GPIO 145 value: 1
05-27 08:14:34.975   581   581 D spidev_ioctl: gpio status=1)
05-27 18:23:26.014 15863 16024 D AIN-ExternalMapLocation: MSG_LOCATE
05-27 18:23:26.015 15863 16024 D AIN-CustomMapProxy: sendMsgToCustomMap hascallback : true
05-27 18:23:26.015 15863 16024 D AIN-ServiceHub: getService with: name = service_multi_dhu_control
05-27 18:23:26.015 15863 16024 D AIN-NaviThirdPartyAccessor: hasCallback : true
05-27 18:23:26.015 15863 16024 D AIN-NaviThirdPartyAccessor: sendMsgToCustomMap msg : {"needResponse":true,"protocolFrom":"com.aispeech.lyra.daemon","protocolId":14012,"protocolVersion":"v1","requestCode":"fb3e6d50-7b51-4899-8be2-29ff1dae7521"}
05-27 18:23:26.015 17284 17302 D AIN-AiNaviManager: speech send msg to navi : {"needResponse":true,"protocolFrom":"com.aispeech.lyra.daemon","protocolId":14012,"protocolVersion":"v1","requestCode":"fb3e6d50-7b51-4899-8be2-29ff1dae7521"}
05-27 18:23:26.015 17284 17302 I AIN-MapAccessLayer: onMessage_with: protocolMsg = [{"needResponse":true,"protocolFrom":"com.aispeech.lyra.daemon","protocolId":14012,"protocolVersion":"v1","requestCode":"fb3e6d50-7b51-4899-8be2-29ff1dae7521"}]
05-27 18:23:26.016 17284 17344 D AIN-MapAccessLayer: 请求定位 14012
05-27 18:23:26.016 15863 16024 D AIN-NaviThirdPartyAccessor: callback[navi_com.aispeech.lyra.assistant] is invoked
05-27 18:23:26.016 15863 16024 I AIN-CustomMapProxy: requestCurLocation，requestLocationCount=1740 callTag=toLocate
05-27 18:23:26.016   581   581 I SpiService: fgesysctrl_getGPIO_status success val=1
05-27 18:23:26.016  1008 30856 D [OMXB]  : usingANWBuffer: handle:0xee744790, format:1, w:1920, h:1080
05-27 18:23:26.017 13911 14183 I SentryImuMcuAngleSender: 179.98598rollDeg
05-27 18:23:26.017 13911 14183 I SentryImuMcuAngleSender: 1,0,0
05-27 08:14:34.981   581   581 D spi_rst_gpio_get_output: GPIO 145 value: 1
05-27 08:14:34.981   581   581 D spidev_ioctl: gpio status=1)
05-27 18:23:26.021   581   581 I SpiService: fgesysctrl_getGPIO_status success val=1
05-27 08:14:34.986   581   581 D spi_rst_gpio_get_output: GPIO 145 value: 1
05-27 08:14:34.986   581   581 D spidev_ioctl: gpio status=1)
05-27 18:23:26.026   536   536 D commservice260303: msg.id = 1028,0
05-27 18:23:26.026   299 30844 D EvsDriver: forwardFrame
05-27 18:23:26.026   536   536 D commservice260303: i = 170, msgid = 8A000404
05-27 18:23:26.026   536   536 D commservice260303: msgid = -1979710460,did=138
05-27 18:23:26.026   536   536 D commservice260303: CommProtocolLibCmdBaseI2C::dataproc {"command":{"id":"imu_status","sub":""},"content":{"TimeStamp":9,"FrameCounter":215120,"GD_X":-0.011759000830352306,"GD_Y":0.004505007527768612,"GD_Z":0.0023671966046094894,"AD_X":-0.0037191957235336304,"AD_Y":0.0017027966678142548,"AD_Z":-0.16950416564941406,"TempDsp":0,"Status":0,"CalibState":1,"SigAmpInvalid":0}},-1979710460
05-27 18:23:26.026   536   536 D commservice260303: send2Cluster len:317, 7B22636F6D6D616E64223A7B226964223A22696D755F737461747573222C22737562223A22227D2C22636F6E74656E74223A7B2254696D655374616D70223A392C224672616D65436F756E746572223A3231353132302C2247445F58223A2D302E3031313735393030303833303335323330362C2247445F59223A302E3030343530353030373532373736383631322C2247445F5A223A302E303032333637313936363034363039343839342C2241445F58223A2D302E303033373139313935373233353333363330342C2241445F59223A302E303031373032373936363637383134323534382C2241445F5A223A2D302E31363935303431363536343934313430362C2254656D70447370223A302C22537461747573223A302C2243616C69625374617465223A312C22536967416D70496E76616C6964223A307D7D, 138 
05-27 18:23:26.026   536   536 D commservice260303: Push Message into SendPool fn=562430720
05-27 18:23:26.026   536   536 D commservice260303: ComProtocolLibSend2Cluster::send2ClusterRaw fn=562430720 , len=333
05-27 18:23:26.026   536   536 D commservice260303: sendCmdToPort :333!!!
05-27 18:23:26.027   536   536 D commservice260303: send Cmd To Port ++++5AA501498A01000386216A16C61E7B22636F6D6D616E64223A7B226964223A22696D755F737461747573222C22737562223A22227D2C22636F6E74656E74223A7B2254696D655374616D70223A392C224672616D65436F756E746572223A3231353132302C2247445F58223A2D302E3031313735393030303833303335323330362C2247445F59223A302E3030343530353030373532373736383631322C2247445F5A223A302E303032333637313936363034363039343839342C2241445F58223A2D302E303033373139313935373233353333363330342C2241445F59223A302E303031373032373936363637383134323534382C2241445F5A223A2D302E31363935303431363536343934313430362C2254656D70447370223A302C22537461747573223A302C2243616C69625374617465223A312C22536967416D70496E76616C6964223A307D7D2C85
05-27 18:23:26.027   536   536 D commservice260303: bufferevent_write retrun value = 0
05-27 18:23:26.027   299 30841 D EvsDriver: forwardFrame
05-27 18:23:26.027   581   581 I SpiService: fgesysctrl_getGPIO_status success val=0
05-27 18:23:26.028 13911 14192 D Sentinelmode_1.2.5.17_sentry: <SentryImuClusterFgeSender>imu_status sent to Linux, frame=215120, tsNs=9273273, tsMs=9, intervalMs=41, ad=(-0.0037191957,0.0017027967,-0.16950417), gd=(-0.011759001,0.0045050075,0.0023671966)
05-27 18:23:26.028  1167  1167 D evsmanagerd: /dev/video6 forwarded the buffer #0 to 0xb4000074bf5f5510 from 0xb4000074bf5f6d90
05-27 08:14:34.992   581   581 D spi_rst_gpio_get_output: GPIO 145 value: 0
05-27 08:14:34.992   581   581 D spidev_ioctl: gpio status=0)
05-27 18:23:26.029   299 30844 D EvsDriver: Delivered 0xb400007b7ca56900 as id 0
05-27 18:23:26.029   299 30841 D EvsDriver: Delivered 0xb400007b7ca56a60 as id 0
05-27 18:23:26.029  1167  1167 D evsmanagerd: /dev/video4 forwarded the buffer #0 to 0xb4000074bf5f6850 from 0xb4000074bf5f41d0
05-27 18:23:26.030   536   560 D commservice260303: client datas send succeed,send finish
05-27 18:23:26.035  1008 30857 D [OMXB]  : usingANWBuffer: handle:0xee743240, format:1, w:1920, h:1080
05-27 18:23:26.037   299  1163 D EvsDriver: doneWithFrame
05-27 18:23:26.037   299  1153 D EvsDriver: doneWithFrame
05-27 18:23:26.038 13911 14183 I SentryImuMcuAngleSender: 179.97899rollDeg
05-27 18:23:26.038 13911 14183 I SentryImuMcuAngleSender: 1,0,0
05-27 18:23:26.040 11346 12417 I CAR.WatchdogStorage: Database marked dirty.
05-27 18:23:26.041 11346 12417 D CarWatchdogService: Processed latest I/O overuse stats
05-27 18:23:26.041   572   622 I Sensors : 230 AccelSensor: x:-0.169580,y:0.001220,z:-9.974720
05-27 18:23:26.042   581   581 I SpiService: fgesysctrl_getGPIO_status success val=1
05-27 08:14:35.007   581   581 D spi_rst_gpio_get_output: GPIO 145 value: 1
05-27 08:14:35.007   581   581 D spidev_ioctl: gpio status=1)
05-27 18:23:26.048   581   581 I SpiService: fgesysctrl_getGPIO_status success val=1
05-27 08:14:35.012   581   581 D spi_rst_gpio_get_output: GPIO 145 value: 1
05-27 08:14:35.012   581   581 D spidev_ioctl: gpio status=1)
05-27 18:23:26.049 15286 15837 D YunReporter: dump目录没有待上传的文件
05-27 18:23:26.053   581   581 I SpiService: fgesysctrl_getGPIO_status success val=1
05-27 08:14:35.018   581   581 D spi_rst_gpio_get_output: GPIO 145 value: 1
05-27 08:14:35.018   581   581 D spidev_ioctl: gpio status=1)
05-27 18:23:26.058   581   581 I SpiService: fgesysctrl_getGPIO_status success val=1
05-27 18:23:26.059 13911 14183 I SentryImuMcuAngleSender: 179.993rollDeg
05-27 18:23:26.059 13911 14183 I SentryImuMcuAngleSender: 1,0,0
05-27 18:23:26.059   269   269 D libvintf: HalManifest::getHidlTransport(framework): Cannot find android.hardware.usb@1.0::IUsb/default
05-27 18:23:26.060   269   269 D libvintf: HalManifest::getHidlTransport(device): Cannot find android.hardware.usb@1.0::IUsb/default
05-27 18:23:26.060   269   269 I hwservicemanager: getTransport: Cannot find entry android.hardware.usb@1.0::IUsb/default in either framework or device VINTF manifest.
05-27 18:23:26.060 12348 12448 E ExtUsbManager: UsbHalController: android.hardware.usb.V1_0.IUsb getService failed!
05-27 18:23:26.060 12348 12448 E ExtUsbManager: java.util.NoSuchElementException
05-27 18:23:26.060 12348 12448 E ExtUsbManager: 	at android.os.HwBinder.getService(Native Method)
05-27 18:23:26.060 12348 12448 E ExtUsbManager: 	at android.os.HwBinder.getService(HwBinder.java:81)
05-27 18:23:26.060 12348 12448 E ExtUsbManager: 	at android.hardware.usb.V1_0.IUsb.getService(IUsb.java:74)
05-27 18:23:26.060 12348 12448 E ExtUsbManager: 	at android.hardware.usb.V1_0.IUsb.getService(IUsb.java:84)
05-27 18:23:26.060 12348 12448 E ExtUsbManager: 	at ts.car.usb.UsbHalController.createService(UsbHalController.java:37)
05-27 18:23:26.060 12348 12448 E ExtUsbManager: 	at ts.car.usb.UsbHalController.createService(UsbHalController.java:18)
05-27 18:23:26.060 12348 12448 E ExtUsbManager: 	at ts.car.usb.utils.AutoServiceConnector4Hidl.autoConnect(AutoServiceConnector4Hidl.java:47)
05-27 18:23:26.060 12348 12448 E ExtUsbManager: 	at ts.car.usb.utils.AutoServiceConnector4Hidl$$ExternalSyntheticLambda0.run(Unknown Source:2)
05-27 18:23:26.060 12348 12448 E ExtUsbManager: 	at android.os.Handler.handleCallback(Handler.java:942)
05-27 18:23:26.060 12348 12448 E ExtUsbManager: 	at android.os.Handler.dispatchMessage(Handler.java:99)
05-27 18:23:26.060 12348 12448 E ExtUsbManager: 	at android.os.Looper.loopOnce(Looper.java:201)
05-27 18:23:26.060 12348 12448 E ExtUsbManager: 	at android.os.Looper.loop(Looper.java:288)
05-27 18:23:26.060 12348 12448 E ExtUsbManager: 	at android.os.HandlerThread.run(HandlerThread.java:67)
05-27 18:23:26.060   269   269 D libvintf: HalManifest::getHidlTransport(framework): Cannot find vendor.ts.usbext@1.0::IUsbext/default
05-27 18:23:26.061   269   269 D libvintf: HalManifest::getHidlTransport(device): Cannot find vendor.ts.usbext@1.0::IUsbext/default
05-27 18:23:26.061   269   269 I hwservicemanager: getTransport: Cannot find entry vendor.ts.usbext@1.0::IUsbext/default in either framework or device VINTF manifest.
05-27 18:23:26.061  1008 30857 D [OMXB]  : usingANWBuffer: handle:0xee747180, format:1, w:1920, h:1080
05-27 08:14:35.023   581   581 D spi_rst_gpio_get_output: GPIO 145 value: 1
05-27 08:14:35.023   581   581 D spidev_ioctl: gpio status=1)
05-27 18:23:26.061 12348 12448 E ExtUsbManager: UsbHalExtController: vendor.ts.usbext.V1_0.IUsbext getService failed!
05-27 18:23:26.061 12348 12448 E ExtUsbManager: java.util.NoSuchElementException
05-27 18:23:26.061 12348 12448 E ExtUsbManager: 	at android.os.HwBinder.getService(Native Method)
05-27 18:23:26.061 12348 12448 E ExtUsbManager: 	at android.os.HwBinder.getService(HwBinder.java:81)
05-27 18:23:26.061 12348 12448 E ExtUsbManager: 	at vendor.ts.usbext.V1_0.IUsbext.getService(IUsbext.java:74)
05-27 18:23:26.061 12348 12448 E ExtUsbManager: 	at vendor.ts.usbext.V1_0.IUsbext.getService(IUsbext.java:84)
05-27 18:23:26.061 12348 12448 E ExtUsbManager: 	at ts.car.usb.UsbHalExtController.createService(UsbHalExtController.java:37)
05-27 18:23:26.061 12348 12448 E ExtUsbManager: 	at ts.car.usb.UsbHalExtController.createService(UsbHalExtController.java:18)
05-27 18:23:26.061 12348 12448 E ExtUsbManager: 	at ts.car.usb.utils.AutoServiceConnector4Hidl.autoConnect(AutoServiceConnector4Hidl.java:47)
05-27 18:23:26.061 12348 12448 E ExtUsbManager: 	at ts.car.usb.utils.AutoServiceConnector4Hidl$$ExternalSyntheticLambda0.run(Unknown Source:2)
05-27 18:23:26.061 12348 12448 E ExtUsbManager: 	at android.os.Handler.handleCallback(Handler.java:942)
05-27 18:23:26.061 12348 12448 E ExtUsbManager: 	at android.os.Handler.dispatchMessage(Handler.java:99)
05-27 18:23:26.061 12348 12448 E ExtUsbManager: 	at android.os.Looper.loopOnce(Looper.java:201)
05-27 18:23:26.061 12348 12448 E ExtUsbManager: 	at android.os.Looper.loop(Looper.java:288)
05-27 18:23:26.061 12348 12448 E ExtUsbManager: 	at android.os.HandlerThread.run(HandlerThread.java:67)
05-27 18:23:26.062   299 30841 D EvsDriver: forwardFrame
05-27 18:23:26.063   299 30844 D EvsDriver: forwardFrame
05-27 18:23:26.065   283   307 I rvcservice: t.code = 3, t.value = 0
05-27 18:23:26.065   581   581 I SpiService: fgesysctrl_getGPIO_status success val=0
05-27 18:23:26.067   536   536 D commservice260303: msg.id = 1028,1
05-27 18:23:26.067   536   536 D commservice260303: i = 170, msgid = 8A000404
05-27 18:23:26.067   536   536 D commservice260303: msgid = -1979710460,did=138
05-27 18:23:26.067   536   536 D commservice260303: CommProtocolLibCmdBaseI2C::dataproc {"command":{"id":"imu_status","sub":""},"content":{"TimeStamp":9,"FrameCounter":215121,"GD_X":-0.011377211660146713,"GD_Y":0.004963258747011423,"GD_Z":0.002519079949706793,"AD_X":-6.795227527618408E-4,"AD_Y":-0.003164102090522647,"AD_Z":-0.17071914672851562,"TempDsp":0,"Status":0,"CalibState":1,"SigAmpInvalid":0}},-1979710460
05-27 18:23:26.067   269   269 D libvintf: HalManifest::getHidlTransport(framework): Cannot find android.hardware.usb.gadget@1.0::IUsbGadget/default
05-27 18:23:26.068   536   536 D commservice260303: send2Cluster len:315, 7B22636F6D6D616E64223A7B226964223A22696D755F737461747573222C22737562223A22227D2C22636F6E74656E74223A7B2254696D655374616D70223A392C224672616D65436F756E746572223A3231353132312C2247445F58223A2D302E3031313337373231313636303134363731332C2247445F59223A302E3030343936333235383734373031313432332C2247445F5A223A302E3030323531393037393934393730363739332C2241445F58223A2D362E373935323237353237363138343038452D342C2241445F59223A2D302E3030333136343130323039303532323634372C2241445F5A223A2D302E31373037313931343637323835313536322C2254656D70447370223A302C22537461747573223A302C2243616C69625374617465223A312C22536967416D70496E76616C6964223A307D7D, 138 
05-27 18:23:26.068   269   269 D libvintf: HalManifest::getHidlTransport(device): Cannot find android.hardware.usb.gadget@1.0::IUsbGadget/default
05-27 18:23:26.068   536   536 D commservice260303: Push Message into SendPool fn=579207936
05-27 18:23:26.068   269   269 I hwservicemanager: getTransport: Cannot find entry android.hardware.usb.gadget@1.0::IUsbGadget/default in either framework or device VINTF manifest.
05-27 18:23:26.068   536   536 D commservice260303: ComProtocolLibSend2Cluster::send2ClusterRaw fn=579207936 , len=331
05-27 18:23:26.068   536   536 D commservice260303: sendCmdToPort :331!!!
05-27 18:23:26.068   536   536 D commservice260303: send Cmd To Port ++++5AA501478A01000386226A16C61E7B22636F6D6D616E64223A7B226964223A22696D755F737461747573222C22737562223A22227D2C22636F6E74656E74223A7B2254696D655374616D70223A392C224672616D65436F756E746572223A3231353132312C2247445F58223A2D302E3031313337373231313636303134363731332C2247445F59223A302E3030343936333235383734373031313432332C2247445F5A223A302E3030323531393037393934393730363739332C2241445F58223A2D362E373935323237353237363138343038452D342C2241445F59223A2D302E3030333136343130323039303532323634372C2241445F5A223A2D302E31373037313931343637323835313536322C2254656D70447370223A302C22537461747573223A302C2243616C69625374617465223A312C22536967416D70496E76616C6964223A307D7DC756
05-27 18:23:26.068   536   536 D commservice260303: bufferevent_write retrun value = 0
05-27 18:23:26.068   536   560 D commservice260303: client datas send succeed,send finish
05-27 18:23:26.068 13911 14192 D Sentinelmode_1.2.5.17_sentry: <SentryImuClusterFgeSender>imu_status sent to Linux, frame=215121, tsNs=9273310, tsMs=9, intervalMs=41, ad=(-6.7952275E-4,-0.003164102,-0.17071915), gd=(-0.011377212,0.0049632587,0.00251908)
05-27 18:23:26.068   299 30844 D EvsDriver: Delivered 0xb400007b7ca56900 as id 0
05-27 08:14:35.029   581   581 D spi_rst_gpio_get_output: GPIO 145 value: 0
05-27 08:14:35.029   581   581 D spidev_ioctl: gpio status=0)
05-27 18:23:26.068  1167  1167 D evsmanagerd: /dev/video6 forwarded the buffer #0 to 0xb4000074bf5f5510 from 0xb4000074bf5f6d90
05-27 18:23:26.068 12348 12448 E ExtUsbManager: UsbGadgetController: android.hardware.usb.gadget.V1_0.IUsbGadget getService failed!
05-27 18:23:26.068 12348 12448 E ExtUsbManager: java.util.NoSuchElementException
05-27 18:23:26.068 12348 12448 E ExtUsbManager: 	at android.os.HwBinder.getService(Native Method)
05-27 18:23:26.068 12348 12448 E ExtUsbManager: 	at android.os.HwBinder.getService(HwBinder.java:81)
05-27 18:23:26.068 12348 12448 E ExtUsbManager: 	at android.hardware.usb.gadget.V1_0.IUsbGadget.getService(IUsbGadget.java:74)
05-27 18:23:26.068 12348 12448 E ExtUsbManager: 	at android.hardware.usb.gadget.V1_0.IUsbGadget.getService(IUsbGadget.java:84)
05-27 18:23:26.068 12348 12448 E ExtUsbManager: 	at ts.car.usb.UsbGadgetController.createService(UsbGadgetController.java:36)
05-27 18:23:26.068 12348 12448 E ExtUsbManager: 	at ts.car.usb.UsbGadgetController.createService(UsbGadgetController.java:17)
05-27 18:23:26.068 12348 12448 E ExtUsbManager: 	at ts.car.usb.utils.AutoServiceConnector4Hidl.autoConnect(AutoServiceConnector4Hidl.java:47)
05-27 18:23:26.068 12348 12448 E ExtUsbManager: 	at ts.car.usb.utils.AutoServiceConnector4Hidl$$ExternalSyntheticLambda0.run(Unknown Source:2)
05-27 18:23:26.068 12348 12448 E ExtUsbManager: 	at android.os.Handler.handleCallback(Handler.java:942)
05-27 18:23:26.068 12348 12448 E ExtUsbManager: 	at android.os.Handler.dispatchMessage(Handler.java:99)
05-27 18:23:26.068 12348 12448 E ExtUsbManager: 	at android.os.Looper.loopOnce(Looper.java:201)
05-27 18:23:26.068 12348 12448 E ExtUsbManager: 	at android.os.Looper.loop(Looper.java:288)
05-27 18:23:26.068 12348 12448 E ExtUsbManager: 	at android.os.HandlerThread.run(HandlerThread.java:67)
05-27 18:23:26.069  1167  1167 D evsmanagerd: /dev/video4 forwarded the buffer #0 to 0xb4000074bf5f6850 from 0xb4000074bf5f41d0
05-27 18:23:26.069   299 30841 D EvsDriver: Delivered 0xb400007b7ca56a60 as id 0
05-27 18:23:26.073   299  1163 D EvsDriver: doneWithFrame
05-27 18:23:26.073   299  1153 D EvsDriver: doneWithFrame
05-27 18:23:26.075 30773 30788 I dvr_service_: [runShortMediaThread:298] cameraId:1 medias:300,audios:220,stateAudio:0,mShortState:0,warnEvent:0,state:1
05-27 18:23:26.080 13911 14183 I SentryImuMcuAngleSender: -179.993rollDeg
05-27 18:23:26.080 13911 14183 I SentryImuMcuAngleSender: 1,0,0
05-27 18:23:26.080  1008 30856 D [OMXB]  : usingANWBuffer: handle:0xee7454a0, format:1, w:1920, h:1080
05-27 18:23:26.081   581   581 I SpiService: fgesysctrl_getGPIO_status success val=1
05-27 08:14:35.046   581   581 D spi_rst_gpio_get_output: GPIO 145 value: 1
05-27 08:14:35.046   581   581 D spidev_ioctl: gpio status=1)
05-27 18:23:26.087   581   581 I SpiService: fgesysctrl_getGPIO_status success val=1
05-27 18:23:26.088  1982  1982 E health_guardian: UID for PID 11579 is 1000
05-27 18:23:26.088  1982  1982 E health_guardian: The 1000 process is system app,I refused to kill it,try next one!
05-27 18:23:26.088  1982  1982 E health_guardian: UID for PID 13435 is 1000
05-27 18:23:26.089  1982  1982 E health_guardian: The 1000 process is system app,I refused to kill it,try next one!
05-27 08:14:35.052   581   581 D spi_rst_gpio_get_output: GPIO 145 value: 1
05-27 08:14:35.052   581   581 D spidev_ioctl: gpio status=1)
05-27 18:23:26.089  1982  1982 E health_guardian: UID for PID 6212 is 1000
05-27 18:23:26.089  1982  1982 E health_guardian: The 1000 process is system app,I refused to kill it,try next one!
05-27 18:23:26.091 13911 14131 D SVR_MNG_SvrMngProxy: getServer: mSvrManger is null
05-27 18:23:26.091 13911 14131 D SVR_MNG_SvrMngProxy: getNewStub: 
05-27 18:23:26.091 13911 14131 D SVR_MNG_SvrMngProxy: getNewStub: getSvrManagerService start
05-27 18:23:26.092 13911 14131 D SVR_MNG_SvrMngProxy: getNewStub: getSvrManagerService end
05-27 18:23:26.092 13911 14131 D SVR_MNG_SvrMngProxy: getServer: svrMngService doesn't start
05-27 18:23:26.093   581   581 I SpiService: fgesysctrl_getGPIO_status success val=1
05-27 08:14:35.057   581   581 D spi_rst_gpio_get_output: GPIO 145 value: 1
05-27 18:23:26.095   299 30844 D EvsDriver: forwardFrame
05-27 08:14:35.057   581   581 D spidev_ioctl: gpio status=1)
05-27 08:14:35.063   581   581 D spi_rst_gpio_get_output: GPIO 145 value: 1
05-27 08:14:35.063   581   581 D spidev_ioctl: gpio status=1)
05-27 18:23:26.095   299 30841 D EvsDriver: forwardFrame
05-27 18:23:26.097   299 30841 D EvsDriver: Delivered 0xb400007b7ca56a60 as id 0
05-27 18:23:26.097  1167  1184 D evsmanagerd: /dev/video4 forwarded the buffer #0 to 0xb4000074bf5f6850 from 0xb4000074bf5f41d0
05-27 18:23:26.097   299 30844 D EvsDriver: Delivered 0xb400007b7ca56900 as id 0
05-27 18:23:26.097  1167  1167 D evsmanagerd: /dev/video6 forwarded the buffer #0 to 0xb4000074bf5f5510 from 0xb4000074bf5f6d90
05-27 18:23:26.097  1008 30857 D [OMXB]  : usingANWBuffer: handle:0xee7469f0, format:1, w:1920, h:1080
05-27 18:23:26.099   581   581 I SpiService: fgesysctrl_getGPIO_status success val=1
05-27 18:23:26.100   299  1153 D EvsDriver: doneWithFrame
05-27 18:23:26.100 13911 14183 I SentryImuMcuAngleSender: 180.0rollDeg
05-27 18:23:26.100 13911 14183 I SentryImuMcuAngleSender: 1,0,0
05-27 18:23:26.102   299  1153 D EvsDriver: doneWithFrame
05-27 18:23:26.104   581   581 I SpiService: fgesysctrl_getGPIO_status success val=1
05-27 08:14:35.069   581   581 D spi_rst_gpio_get_output: GPIO 145 value: 1
05-27 08:14:35.069   581   581 D spidev_ioctl: gpio status=1)
05-27 18:23:26.105 13911 14183 I SentryImuMcuAngleSender: [4, 18, 1, 0, 0],5
05-27 18:23:26.106 13911 14183 I McuCommManager: mcuCommSendcmd [4, 18, 1, 0, 0]
05-27 18:23:26.106 13911 14183 I SentryImuMcuAngleSender: true
05-27 18:23:26.106 13911 14183 W Sentinelmode_1.2.5.17_sentry: <SentryImuMcuAngleSender>MCU IMU send interval abnormal: 1001ms
05-27 18:23:26.107   536   536 D commservice260303: msg.id = 1028,0
05-27 18:23:26.107   536   536 D commservice260303: i = 170, msgid = 8A000404
05-27 18:23:26.107   536   536 D commservice260303: msgid = -1979710460,did=138
05-27 18:23:26.107   536   536 D commservice260303: CommProtocolLibCmdBaseI2C::dataproc {"command":{"id":"imu_status","sub":""},"content":{"TimeStamp":9,"FrameCounter":215122,"GD_X":-0.01160607673227787,"GD_Y":0.005039200186729431,"GD_Z":0.002519079949706793,"AD_X":-0.0031241625547409058,"AD_Y":-0.001927269040606916,"AD_Z":-0.17315959930419922,"TempDsp":0,"Status":0,"CalibState":1,"SigAmpInvalid":0}},-1979710460
05-27 18:23:26.107   536   536 D commservice260303: send2Cluster len:315, 7B22636F6D6D616E64223A7B226964223A22696D755F737461747573222C22737562223A22227D2C22636F6E74656E74223A7B2254696D655374616D70223A392C224672616D65436F756E746572223A3231353132322C2247445F58223A2D302E30313136303630373637333232373738372C2247445F59223A302E3030353033393230303138363732393433312C2247445F5A223A302E3030323531393037393934393730363739332C2241445F58223A2D302E303033313234313632353534373430393035382C2241445F59223A2D302E3030313932373236393034303630363931362C2241445F5A223A2D302E31373331353935393933303431393932322C2254656D70447370223A302C22537461747573223A302C2243616C69625374617465223A312C22536967416D70496E76616C6964223A307D7D, 138 
05-27 18:23:26.107   536   536 D commservice260303: Push Message into SendPool fn=595985152
05-27 18:23:26.107   536   536 D commservice260303: ComProtocolLibSend2Cluster::send2ClusterRaw fn=595985152 , len=331
05-27 18:23:26.107   536   536 D commservice260303: sendCmdToPort :331!!!
05-27 18:23:26.107   536   536 D commservice260303: send Cmd To Port ++++5AA501478A01000386236A16C61E7B22636F6D6D616E64223A7B226964223A22696D755F737461747573222C22737562223A22227D2C22636F6E74656E74223A7B2254696D655374616D70223A392C224672616D65436F756E746572223A3231353132322C2247445F58223A2D302E30313136303630373637333232373738372C2247445F59223A302E3030353033393230303138363732393433312C2247445F5A223A302E3030323531393037393934393730363739332C2241445F58223A2D302E303033313234313632353534373430393035382C2241445F59223A2D302E3030313932373236393034303630363931362C2241445F5A223A2D302E31373331353935393933303431393932322C2254656D70447370223A302C22537461747573223A302C2243616C69625374617465223A312C22536967416D70496E76616C6964223A307D7D1C6A
05-27 18:23:26.107   536   536 D commservice260303: bufferevent_write retrun value = 0
05-27 18:23:26.107   536   560 D commservice260303: client datas send succeed,send finish
05-27 18:23:26.107 13911 14192 D Sentinelmode_1.2.5.17_sentry: <SentryImuClusterFgeSender>imu_status sent to Linux, frame=215122, tsNs=9273345, tsMs=9, intervalMs=39, ad=(-0.0031241626,-0.001927269,-0.1731596), gd=(-0.011606077,0.0050392,0.00251908)
05-27 18:23:26.110   581   581 I SpiService: fgesysctrl_getGPIO_status success val=0
05-27 18:23:26.110   481   597 I mcuc    : send SPI:6AA60065C900050412010000B6
05-27 18:23:26.112 15863 16069 D AIN-HttpHealthPolicy: call() called start, host=www.feishu.cn
05-27 08:14:35.074   581   581 D spi_rst_gpio_get_output: GPIO 145 value: 0
05-27 08:14:35.074   581   581 D spidev_ioctl: gpio status=0)
05-27 18:23:26.113 10046  5843 D resolv  : GetAddrInfoHandler::run: {103 786535 103 983143 1000 0}
05-27 18:23:26.114 10046  5843 D resolv  : resolv_getaddrinfo: explore_fqdn(): ai_family=0 ai_socktype=1 ai_protocol=6
05-27 18:23:26.115 10046  5844 D resolv  : doQuery: (1, 1)
05-27 18:23:26.115 10046  5844 D resolv  : res_nmkquery: (QUERY, IN, A)
05-27 18:23:26.116 10046  5844 D resolv  : res_nsend
05-27 18:23:26.116 10046  5844 I resolv  : resolv_cache_lookup: lookup
05-27 18:23:26.116 10046  5844 I resolv  : resolv_cache_lookup: FOUND IN CACHE entry=0xb4000072a546a150
05-27 18:23:26.116 10046  5844 D resolv  : doQuery: rcode=0, ancount=6
05-27 18:23:26.117 15863 16069 D TrafficStats: tagSocket(219) with statsTag=0xffffffff, statsUid=-1
05-27 18:23:26.121 13911 14183 I SentryImuMcuAngleSender: 179.98248rollDeg
05-27 18:23:26.121 13911 14183 I SentryImuMcuAngleSender: 1,0,0
05-27 18:23:26.124  1008 30856 D [OMXB]  : usingANWBuffer: handle:0xee742530, format:1, w:1920, h:1080
05-27 18:23:26.124   581   581 I SpiService: fgesysctrl_getGPIO_status success val=1
05-27 08:14:35.089   581   581 D spi_rst_gpio_get_output: GPIO 145 value: 1
05-27 08:14:35.089   581   581 D spidev_ioctl: gpio status=1)
05-27 18:23:26.125   481   598 I mcuc    : rev,n=1,6AA681BACD000A8900720104090112345648
05-27 18:23:26.125   351   373 D automotive.vehicle@2.0-adayo-datacomm-mcu: MCUDatacomm sendMessageFromVehicle prop: 0x89, areaId: 0x0, status: 0x72, timestamp: 0x1
05-27 18:23:26.125   351   373 D automotive.vehicle@2.0-adayo-datacomm-mcu: MCUDatacomm 1sendMessageFromVehicle ---> type = 12 
05-27 18:23:26.125   299 30841 D EvsDriver: forwardFrame
05-27 18:23:26.125  1121  1144 I tboxmids_ap: [2026-05-27 18:23:26.125] [MCU RX] src=MCU dst=ZMQ len=10 type=BINARY data=00 08 72 01 04 09 01 12 34 56 
05-27 18:23:26.128   299 30841 D EvsDriver: Delivered 0xb400007b7ca56a60 as id 0
05-27 18:23:26.128  1167  1167 D evsmanagerd: /dev/video4 forwarded the buffer #0 to 0xb4000074bf5f6850 from 0xb4000074bf5f41d0
05-27 18:23:26.129 30773 30782 E dvr_service_: [myNum:0] Received S**** loss
05-27 18:23:26.129  1083  1083 I MyAppLog: [2026-05-27 18:23:26.127 I tboxap mcuCommTboxmidsRecvCb:97] [Mcu] [mcuCommTboxmidsRecvCb] recv from tboxmids, size:10
05-27 18:23:26.129  1083  1083 I MyAppLog: [2026-05-27 18:23:26.127 I tboxap mcuCommTboxmidsRecvCb:98] [Mcu] [tboxmids -> tboxap]: :00 08 72 01 04 09 01 12 34 56
05-27 18:23:26.129  1083  1083 I MyAppLog: [2026-05-27 18:23:26.127 I tboxap mcuPtlParseData:990] [Mcu] [Mcu  Parse]: (cmd):0901 (param):0901123456
05-27 18:23:26.129  1083  1083 W MyAppLog: [2026-05-27 18:23:26.127 W tboxap mcuParamDataRevPack:918] [Mcu] mcuParamDataRevPack start pack data!!!
05-27 18:23:26.129  1083  1083 W MyAppLog: [2026-05-27 18:23:26.128 W tboxap mcuSaveQueryData:219] [Mcu] [mcuSaveQueryData] unknown query item:0x56
05-27 18:23:26.130  1083  1083 W MyAppLog: [2026-05-27 18:23:26.128 W tboxap mcuHandleQueryInd:1700] [Mcu] [mcuHandleQueryInd] unknown query item:0x56
05-27 18:23:26.130   299  1153 D EvsDriver: doneWithFrame
05-27 18:23:26.130   581   581 I SpiService: fgesysctrl_getGPIO_status success val=1
05-27 18:23:26.130  1083  1083 W MyAppLog: [2026-05-27 18:23:26.128 W tboxap mcuHandleQueryInd:1700] [Mcu] [mcuHandleQueryInd] unknown query item:0x56
05-27 18:23:26.130  1083  1083 W MyAppLog: [2026-05-27 18:23:26.128 W tboxap mcuHandleQueryInd:1700] [Mcu] [mcuHandleQueryInd] unknown query item:0x56
05-27 18:23:26.130  1083  1083 W MyAppLog: [2026-05-27 18:23:26.128 W tboxap mcuHandleQueryInd:1700] [Mcu] [mcuHandleQueryInd] unknown query item:0x56
05-27 18:23:26.130  1083  1083 W MyAppLog: [2026-05-27 18:23:26.128 W tboxap mcuHandleQueryInd:1700] [Mcu] [mcuHandleQueryInd] unknown query item:0x56
05-27 18:23:26.130  1083  1083 W MyAppLog: [2026-05-27 18:23:26.128 W tboxap mcuHandleQueryInd:1700] [Mcu] [mcuHandleQueryInd] unknown query item:0x56
05-27 18:23:26.130  1083  1083 W MyAppLog: [2026-05-27 18:23:26.128 W tboxap mcuHandleQueryInd:1700] [Mcu] [mcuHandleQueryInd] unknown query item:0x56
05-27 18:23:26.130  1083  1083 W MyAppLog: [2026-05-27 18:23:26.128 W tboxap mcuHandleQueryInd:1700] [Mcu] [mcuHandleQueryInd] unknown query item:0x56
05-27 18:23:26.130   572   622 I Sensors : 230 GyroSensor: x:-0.010842,y:0.003970,z:0.002061
05-27 18:23:26.130  1083  1083 W MyAppLog: [2026-05-27 18:23:26.128 W tboxap mcuHandleQueryInd:1700] [Mcu] [mcuHandleQueryInd] unknown query item:0x56
05-27 18:23:26.130  1083  1083 W MyAppLog: [2026-05-27 18:23:26.128 W tboxap mcuHandleQueryInd:1700] [Mcu] [mcuHandleQueryInd] unknown query item:0x56
05-27 18:23:26.131  1083  1083 W MyAppLog: [2026-05-27 18:23:26.128 W tboxap mcuHandleQueryInd:1700] [Mcu] [mcuHandleQueryInd] unknown query item:0x56
05-27 18:23:26.131  1083  1083 W MyAppLog: [2026-05-27 18:23:26.128 W tboxap mcuHandleQueryInd:1700] [Mcu] [mcuHandleQueryInd] unknown query item:0x56
05-27 18:23:26.131  1083  1083 W MyAppLog: [2026-05-27 18:23:26.128 W tboxap mcuHandleQueryInd:1700] [Mcu] [mcuHandleQueryInd] unknown query item:0x56
05-27 18:23:26.131  1083  1083 W MyAppLog: [2026-05-27 18:23:26.128 W tboxap mcuHandleQueryInd:1700] [Mcu] [mcuHandleQueryInd] unknown query item:0x56
05-27 18:23:26.131  1083  1083 W MyAppLog: [2026-05-27 18:23:26.128 W tboxap mcuHandleQueryInd:1700] [Mcu] [mcuHandleQueryInd] unknown query item:0x56
05-27 18:23:26.131  1083  1083 W MyAppLog: [2026-05-27 18:23:26.128 W tboxap mcuHandleQueryInd:1700] [Mcu] [mcuHandleQueryInd] unknown query item:0x56
05-27 18:23:26.131  1083  1083 W MyAppLog: [2026-05-27 18:23:26.128 W tboxap mcuHandleQueryInd:1700] [Mcu] [mcuHandleQueryInd] unknown query item:0x56
05-27 18:23:26.131  1083  1083 W MyAppLog: [2026-05-27 18:23:26.128 W tboxap mcuHandleQueryInd:1700] [Mcu] [mcuHandleQueryInd] unknown query item:0x56
05-27 18:23:26.131  1083  1083 W MyAppLog: [2026-05-27 18:23:26.128 W tboxap mcuHandleQueryInd:1700] [Mcu] [mcuHandleQueryInd] unknown query item:0x56
05-27 18:23:26.131  1083  1083 W MyAppLog: [2026-05-27 18:23:26.128 W tboxap mcuHandleQueryInd:1700] [Mcu] [mcuHandleQueryInd] unknown query item:0x56
05-27 18:23:26.132  1083  1083 W MyAppLog: [2026-05-27 18:23:26.128 W tboxap mcuHandleQueryInd:1700] [Mcu] [mcuHandleQueryInd] unknown query item:0x56
05-27 18:23:26.132  1083  1083 W MyAppLog: [2026-05-27 18:23:26.128 W tboxap mcuHandleQueryInd:1700] [Mcu] [mcuHandleQueryInd] unknown query item:0x56
05-27 18:23:26.132  1083  1083 W MyAppLog: [2026-05-27 18:23:26.128 W tboxap mcuHandleQueryInd:1700] [Mcu] [mcuHandleQueryInd] unknown query item:0x56
05-27 18:23:26.132  1083  1083 W MyAppLog: [2026-05-27 18:23:26.128 W tboxap mcuHandleQueryInd:1700] [Mcu] [mcuHandleQueryInd] unknown query item:0x56
05-27 18:23:26.132  1083  1083 W MyAppLog: [2026-05-27 18:23:26.128 W tboxap mcuHandleQueryInd:1700] [Mcu] [mcuHandleQueryInd] unknown query item:0x56
05-27 18:23:26.132  1083  1083 W MyAppLog: [2026-05-27 18:23:26.128 W tboxap mcuHandleQueryInd:1700] [Mcu] [mcuHandleQueryInd] unknown query item:0x56
05-27 18:23:26.132   299 30844 D EvsDriver: forwardFrame
05-27 18:23:26.132  1083  1083 W MyAppLog: [2026-05-27 18:23:26.128 W tboxap mcuHandleQueryInd:1700] [Mcu] [mcuHandleQueryInd] unknown query item:0x56
05-27 18:23:26.132  1083  1083 W MyAppLog: [2026-05-27 18:23:26.128 W tboxap mcuHandleQueryInd:1700] [Mcu] [mcuHandleQueryInd] unknown query item:0x56
05-27 18:23:26.132  1083  1083 W MyAppLog: [2026-05-27 18:23:26.128 W tboxap mcuHandleQueryInd:1700] [Mcu] [mcuHandleQueryInd] unknown query item:0x56
05-27 18:23:26.132  1083  1083 W MyAppLog: [2026-05-27 18:23:26.128 W tboxap mcuHandleQueryInd:1700] [Mcu] [mcuHandleQueryInd] unknown query item:0x56
05-27 18:23:26.132  1083  1083 W MyAppLog: [2026-05-27 18:23:26.128 W tboxap mcuHandleQueryInd:1700] [Mcu] [mcuHandleQueryInd] unknown query item:0x56
05-27 18:23:26.133  1083  1083 W MyAppLog: [2026-05-27 18:23:26.128 W tboxap mcuHandleQueryInd:1700] [Mcu] [mcuHandleQueryInd] unknown query item:0x56
05-27 18:23:26.133  1083  1083 W MyAppLog: [2026-05-27 18:23:26.128 W tboxap mcuHandleQueryInd:1700] [Mcu] [mcuHandleQueryInd] unknown query item:0x56
05-27 18:23:26.133  1083  1083 W MyAppLog: [2026-05-27 18:23:26.128 W tboxap mcuHandleQueryInd:1700] [Mcu] [mcuHandleQueryInd] unknown query item:0x56
05-27 18:23:26.133  1083  1083 W MyAppLog: [2026-05-27 18:23:26.128 W tboxap mcuHandleQueryInd:1700] [Mcu] [mcuHandleQueryInd] unknown query item:0x56
05-27 08:14:35.094   581   581 D spi_rst_gpio_get_output: GPIO 145 value: 1
05-27 18:23:26.133  1083  1083 W MyAppLog: [2026-05-27 18:23:26.128 W tboxap mcuHandleQueryInd:1700] [Mcu] [mcuHandleQueryInd] unknown query item:0x56
05-27 08:14:35.094   581   581 D spidev_ioctl: gpio status=1)
05-27 18:23:26.133  1083  1083 W MyAppLog: [2026-05-27 18:23:26.128 W tboxap mcuHandleQueryInd:1700] [Mcu] [mcuHandleQueryInd] unknown query item:0x56
05-27 18:23:26.133  1083  1083 W MyAppLog: [2026-05-27 18:23:26.128 W tboxap mcuHandleQueryInd:1700] [Mcu] [mcuHandleQueryInd] unknown query item:0x56
05-27 18:23:26.133  1083  1083 W MyAppLog: [2026-05-27 18:23:26.128 W tboxap mcuHandleQueryInd:1700] [Mcu] [mcuHandleQueryInd] unknown query item:0x56
05-27 18:23:26.133  1083  1083 W MyAppLog: [2026-05-27 18:23:26.128 W tboxap mcuHandleQueryInd:1700] [Mcu] [mcuHandleQueryInd] unknown query item:0x56
