05-27 18:23:25.144  5806  5806 D ANWJNI_SECOND: (5806|0x5467E4F8)[BTAPP] XML : avrcp debug
05-27 18:23:25.144  5806  5806 D ANWJNI_SECOND: 
05-27 18:23:25.144  5806  5806 D ANWJNI_SECOND: (5806|0x5467E4F8)[BTAPP] XML : avrcp debug open
05-27 18:23:25.144  5806  5806 D ANWJNI_SECOND: 
05-27 18:23:25.144  5806  5806 D ANWJNI_SECOND: (5806|0x5467E4F8)[BTAPP] XML : pbap debug
05-27 18:23:25.144  5806  5806 D ANWJNI_SECOND: 
05-27 18:23:25.144  5806  5806 D ANWJNI_SECOND: (5806|0x5467E4F8)[BTAPP] XML : pbap debug open
05-27 18:23:25.144  5806  5806 D ANWJNI_SECOND: 
05-27 18:23:25.144  5806  5806 D ANWJNI_SECOND: (5806|0x5467E4F8)[BTAPP] XML : map debug
05-27 18:23:25.144  5806  5806 D ANWJNI_SECOND: 
05-27 18:23:25.144  5806  5806 D ANWJNI_SECOND: (5806|0x5467E4F8)[BTAPP] XML : map debug open
05-27 18:23:25.144  5806  5806 D ANWJNI_SECOND: 
05-27 18:23:25.144  5806  5806 D ANWJNI_SECOND: (5806|0x5467E4F8)[BTAPP] get debug_iap data fail
05-27 18:23:25.144  5806  5806 D ANWJNI_SECOND: 
05-27 18:23:25.144  5806  5806 D ANWJNI_SECOND: (5806|0x5467E4F8)[BTAPP] XML : btsnoop
05-27 18:23:25.144  5806  5806 D ANWJNI_SECOND: 
05-27 18:23:25.144  5806  5806 D ANWJNI_SECOND: (5806|0x5467E4F8)[BTAPP] XML : btsnoop open
05-27 18:23:25.144  5806  5806 D ANWJNI_SECOND: 
05-27 18:23:25.144  5806  5806 D ANWJNI_SECOND: (5806|0x5467E4F8)[BTAPP] XML : file_path 
05-27 18:23:25.144  5806  5806 D ANWJNI_SECOND: 
05-27 18:23:25.144  5806  5806 D ANWJNI_SECOND: (5806|0x5467E4F8)[BTAPP] XML : file_path /data/misc/anw/ is exist,so break
05-27 18:23:25.144  5806  5806 D ANWJNI_SECOND: 
05-27 18:23:25.144  5806  5806 D ANW_AVRCP_SECOND: AnWBT_Set_Storage_Path path /data/misc/anw/
05-27 18:23:25.144  5806  5806 D ANWJNI_SECOND: (5806|0x5467E4F8)[BTAPP] XML : btsnoop_file_path 
05-27 18:23:25.144  5806  5806 D ANWJNI_SECOND: 
05-27 18:23:25.144  5806  5806 D ANWJNI_SECOND: (5806|0x5467E4F8)[BTAPP] XML : btsnoop_path /data/misc/anw/logs/ is exist,so break
05-27 18:23:25.144  5806  5806 D ANWJNI_SECOND: 
05-27 18:23:25.144  5806  5806 D ANWJNI_SECOND: (5806|0x5467E4F8)[BTAPP] XML : find btsnoop_file_size_MB setting
05-27 18:23:25.144  5806  5806 D ANWJNI_SECOND: 
05-27 18:23:25.144  5806  5806 D ANWJNI_SECOND: (5806|0x5467E4F8)[BTAPP] XML : find maxBtSnoopFileSize_MB(100)(100)
05-27 18:23:25.144  5806  5806 D ANWJNI_SECOND: 
05-27 18:23:25.144  5806  5806 D ANWJNI_SECOND: (5806|0x5467E4F8)[BTAPP] XML : find rfkillstate_path:/sys/class/gpio/gpio142/value
05-27 18:23:25.144  5806  5806 D ANWJNI_SECOND: 
05-27 18:23:25.145  5806  5806 D ANWAPI_SECOND: (5806|0x5467E4F8)[BTAPI] AnW_BT_SetRfkillStatePath
05-27 18:23:25.145  5806  5806 D ANWJNI_SECOND: (5806|0x5467E4F8)[BTAPP] get dump_pcm data fail
05-27 18:23:25.145  5806  5806 D ANWJNI_SECOND: 
05-27 18:23:25.145  5806  5806 D ANWJNI_SECOND: (5806|0x5467E4F8)[BTAPP] XML : accept_avrcp_ct_control
05-27 18:23:25.145  5806  5806 D ANWJNI_SECOND: 
05-27 18:23:25.145  5806  5806 D ANWJNI_SECOND: (5806|0x5467E4F8)[BTAPP] XML : accept_avrcp_ct_control close
05-27 18:23:25.145  5806  5806 D ANWJNI_SECOND: 
05-27 18:23:25.145  5806  5806 D ANWJNI_SECOND: (5806|0x5467E4F8)[BTAPP] XML : find maxHFPAGConnNum setting
05-27 18:23:25.145  5806  5806 D ANWJNI_SECOND: 
05-27 18:23:25.145  5806  5806 D ANWJNI_SECOND: (5806|0x5467E4F8)[BTAPP] XML : find maxHFPAGConnNum(2)(2)
05-27 18:23:25.145  5806  5806 D ANWJNI_SECOND: 
05-27 18:23:25.145  5806  5806 D ANWJNI_SECOND: (5806|0x5467E4F8)[BTAPP] XML : find maxHFPHFConnNum setting
05-27 18:23:25.145  5806  5806 D ANWJNI_SECOND: 
05-27 18:23:25.145  5806  5806 D ANWJNI_SECOND: (5806|0x5467E4F8)[BTAPP] XML : find maxHFPHFConnNum(0)(0)
05-27 18:23:25.145  5806  5806 D ANWJNI_SECOND: 
05-27 18:23:25.145  5806  5806 D ANWJNI_SECOND: (5806|0x5467E4F8)[BTAPP] XML : find maxPBAPConnNum setting
05-27 18:23:25.145  5806  5806 D ANWJNI_SECOND: 
05-27 18:23:25.145  5806  5806 D ANWJNI_SECOND: (5806|0x5467E4F8)[BTAPP] XML : find maxPBAPConnNum(0)(0)
05-27 18:23:25.145  5806  5806 D ANWJNI_SECOND: 
05-27 18:23:25.145  5806  5806 D ANWJNI_SECOND: (5806|0x5467E4F8)[BTAPP] XML : find maxMAPConnNum setting
05-27 18:23:25.145  5806  5806 D ANWJNI_SECOND: 
05-27 18:23:25.145  5806  5806 D ANWJNI_SECOND: (5806|0x5467E4F8)[BTAPP] XML : find maxMAPConnNum(0)(0)
05-27 18:23:25.145  5806  5806 D ANWJNI_SECOND: 
05-27 18:23:25.145  5806  5806 D ANWJNI_SECOND: (5806|0x5467E4F8)[BTAPP] XML : find maxA2DPSinkConnNum setting
05-27 18:23:25.145  5806  5806 D ANWJNI_SECOND: 
05-27 18:23:25.145  5806  5806 D ANWJNI_SECOND: (5806|0x5467E4F8)[BTAPP] XML : find maxA2DPSinkConnNum(0)(0)
05-27 18:23:25.145  5806  5806 D ANWJNI_SECOND: 
05-27 18:23:25.145  5806  5806 D ANWJNI_SECOND: (5806|0x5467E4F8)[BTAPP] XML : find maxA2DPSourceConnNum setting
05-27 18:23:25.145  5806  5806 D ANWJNI_SECOND: 
05-27 18:23:25.145  5806  5806 D ANWJNI_SECOND: (5806|0x5467E4F8)[BTAPP] XML : find maxA2DPSourceConnNum(2)(2)
05-27 18:23:25.145  5806  5806 D ANWJNI_SECOND: 
05-27 18:23:25.145  5806  5806 D ANWJNI_SECOND: (5806|0x5467E4F8)[BTAPP] XML : find maxAVRCPCTConnNum setting
05-27 18:23:25.145  5806  5806 D ANWJNI_SECOND: 
05-27 18:23:25.145  5806  5806 D ANWJNI_SECOND: (5806|0x5467E4F8)[BTAPP] XML : find (0)(0)
05-27 18:23:25.145  5806  5806 D ANWJNI_SECOND: 
05-27 18:23:25.146  5806  5806 D ANWJNI_SECOND: (5806|0x5467E4F8)[BTAPP] XML : find maxAVRCPTGConnNum setting
05-27 18:23:25.146  5806  5806 D ANWJNI_SECOND: 
05-27 18:23:25.146  5806  5806 D ANWJNI_SECOND: (5806|0x5467E4F8)[BTAPP] XML : find maxAVRCPTGConnNum(2)(2)
05-27 18:23:25.146  5806  5806 D ANWJNI_SECOND: 
05-27 18:23:25.146  5806  5806 D ANWJNI_SECOND: (5806|0x5467E4F8)[BTAPP] XML : find maxDeviceConnNum setting
05-27 18:23:25.146  5806  5806 D ANWJNI_SECOND: 
05-27 18:23:25.146  5806  5806 D ANWJNI_SECOND: (5806|0x5467E4F8)[BTAPP] XML : find maxDeviceConnNum(2)(2)
05-27 18:23:25.146  5806  5806 D ANWJNI_SECOND: 
05-27 18:23:25.146  5806  5806 D ANWJNI_SECOND: (5806|0x5467E4F8)[BTAPP] XML : find maxSCOConnNum setting
05-27 18:23:25.146  5806  5806 D ANWJNI_SECOND: 
05-27 18:23:25.146  5806  5806 D ANWJNI_SECOND: (5806|0x5467E4F8)[BTAPP] XML : find maxSCOConnNum(2)(2)
05-27 18:23:25.146  5806  5806 D ANWJNI_SECOND: 
05-27 18:23:25.146  5806  5806 D ANWJNI_SECOND: (5806|0x5467E4F8)[BTAPP] XML : find maxHFSCOConnNum setting
05-27 18:23:25.146  5806  5806 D ANWJNI_SECOND: 
05-27 18:23:25.146  5806  5806 D ANWJNI_SECOND: (5806|0x5467E4F8)[BTAPP] XML : find maxHFSCOConnNum(0)(0)
05-27 18:23:25.146  5806  5806 D ANWJNI_SECOND: 
05-27 18:23:25.146  5806  5806 D ANWJNI_SECOND: (5806|0x5467E4F8)[BTAPP] XML : find maxAGSCOConnNum setting
05-27 18:23:25.146  5806  5806 D ANWJNI_SECOND: 
05-27 18:23:25.146  5806  5806 D ANWJNI_SECOND: (5806|0x5467E4F8)[BTAPP] XML : find maxAGSCOConnNum(2)(2)
05-27 18:23:25.146  5806  5806 D ANWJNI_SECOND: 
05-27 18:23:25.146  1008 30857 D [OMXB]  : usingANWBuffer: handle:0xee740dd0, format:1, w:1920, h:1080
05-27 18:23:25.146  5806  5806 D ANWJNI_SECOND: (5806|0x5467E4F8)[BTAPP] XML : find maxOppConnNum_data setting
05-27 18:23:25.146  5806  5806 D ANWJNI_SECOND: 
05-27 18:23:25.146  5806  5806 D ANWJNI_SECOND: (5806|0x5467E4F8)[BTAPP] XML : find maxOPPConnNum(0)(0)
05-27 18:23:25.146  5806  5806 D ANWJNI_SECOND: 
05-27 18:23:25.146  5806  5806 D ANWJNI_SECOND: (5806|0x5467E4F8)[BTAPP] XML : find maxHidHostConnNum_data setting
05-27 18:23:25.146  5806  5806 D ANWJNI_SECOND: 
05-27 18:23:25.146  5806  5806 D ANWJNI_SECOND: (5806|0x5467E4F8)[BTAPP] XML : find maxHidHostConnNum(0)(0)
05-27 18:23:25.146  5806  5806 D ANWJNI_SECOND: 
05-27 18:23:25.146  5806  5806 D ANWJNI_SECOND: (5806|0x5467E4F8)[BTAPP] XML : music_mode_auto_select
05-27 18:23:25.146  5806  5806 D ANWJNI_SECOND: 
05-27 18:23:25.146  5806  5806 D ANWJNI_SECOND: (5806|0x5467E4F8)[BTAPP] XML : music_mode_auto_select open
05-27 18:23:25.146  5806  5806 D ANWJNI_SECOND: 
05-27 18:23:25.146  5806  5806 D ANWJNI_SECOND: (5806|0x5467E4F8)[BTAPP] XML : BQB_test_setting
05-27 18:23:25.146  5806  5806 D ANWJNI_SECOND: 
05-27 18:23:25.146  5806  5806 D ANWJNI_SECOND: (5806|0x5467E4F8)[BTAPP] XML : BQB_test_setting close
05-27 18:23:25.146  5806  5806 D ANWJNI_SECOND: 
05-27 18:23:25.146  5806  5806 D ANWJNI_SECOND: (5806|0x5467E4F8)[BTAPP] XML : find aaudio_device_id setting
05-27 18:23:25.146  5806  5806 D ANWJNI_SECOND: 
05-27 18:23:25.146  5806  5806 D ANWJNI_SECOND: (5806|0x5467E4F8)[BTAPP] XML : find aaudio_device_id(16)(16)
05-27 18:23:25.146  5806  5806 D ANWJNI_SECOND: 
05-27 18:23:25.147  5806  5806 D ANWJNI_SECOND: (5806|0x5467E4F8)[BTAPP] XML : local_device_name_data 
05-27 18:23:25.147  5806  5806 D ANWJNI_SECOND: 
05-27 18:23:25.147  5806  5806 D ANWAPI_SECOND: (5806|0x5467E4F8)[BTAPI] AnWBT_Set_Local_Device_Before_Init LJ_FUJIA
05-27 18:23:25.147  5806  5806 D ANWJNI_SECOND: (5806|0x5467E4F8)[BTAPP] get a2dp_sink_pcm data fail
05-27 18:23:25.147  5806  5806 D ANWJNI_SECOND: 
05-27 18:23:25.147  5806  5806 D ANWJNI_SECOND: (5806|0x5467E4F8)[BTAPP] XML : master_device_file_path 
05-27 18:23:25.147  5806  5806 D ANWJNI_SECOND: 
05-27 18:23:25.147  5806  5806 D ANWJNI_SECOND: (5806|0x5467E4F8)[BTAPP] XML : master_device_file_path /anw/target_device_info is not exist
05-27 18:23:25.147  5806  5806 D ANWJNI_SECOND: 
05-27 18:23:25.147  5806  5806 D ANWJNI_SECOND: (5806|0x5467E4F8)[BTAPP] XML : read_rssi_switch
05-27 18:23:25.147  5806  5806 D ANWJNI_SECOND: 
05-27 18:23:25.147  5806  5806 D ANWJNI_SECOND: (5806|0x5467E4F8)[BTAPP] XML : read_rssi_switch close
05-27 18:23:25.147  5806  5806 D ANWJNI_SECOND: 
05-27 18:23:25.147   581   581 I SpiService: fgesysctrl_getGPIO_status success val=1
05-27 18:23:25.147  5806  5806 D ANWJNI_SECOND: (5806|0x5467E4F8)[BTAPP] XML : pbapClient_autoConnectAndDownload
05-27 18:23:25.147  5806  5806 D ANWJNI_SECOND: 
05-27 18:23:25.147  5806  5806 D ANWJNI_SECOND: (5806|0x5467E4F8)[BTAPP] XML : PBAP Client auto connect an download close
05-27 18:23:25.147  5806  5806 D ANWJNI_SECOND: 
05-27 18:23:25.147  5806  5806 D ANWJNI_SECOND: (5806|0x5467E4F8)[BTAPP] get callDisconnect_AutoDownloadCalllog data fail
05-27 18:23:25.147  5806  5806 D ANWJNI_SECOND: 
05-27 18:23:25.147  5806  5806 D ANWJNI_SECOND: (5806|0x5467E4F8)[BTAPP] XML : UART_path 
05-27 18:23:25.147  5806  5806 D ANWJNI_SECOND: 
05-27 18:23:25.147  5806  5806 D ANWJNI_SECOND: (5806|0x5467E4F8)[BTAPP] XML : UART_path:[/dev/ttyS3]
05-27 18:23:25.147  5806  5806 D ANWJNI_SECOND: 
05-27 18:23:25.148  5806  5806 D ANWJNI_SECOND: (5806|0x5467E4F8)[BTAPP] get BTADDR_path data fail
05-27 18:23:25.148  5806  5806 D ANWJNI_SECOND: 
05-27 18:23:25.148  5806  5806 D ANWJNI_SECOND: (5806|0x5467E4F8)[BTAPP] XML : BTADDR path not find
05-27 18:23:25.148  5806  5806 D ANWJNI_SECOND: 
05-27 18:23:25.148  5806  5806 D ANWJNI_SECOND: (5806|0x5467E4F8)[BTAPP] XML : find UART_baudRate_init(115200)
05-27 18:23:25.148  5806  5806 D ANWJNI_SECOND: 
05-27 18:23:25.148  5806  5806 D ANWJNI_SECOND: (5806|0x5467E4F8)[BTAPP] XML : find UART_baudRate_normal(3000000)
05-27 18:23:25.148  5806  5806 D ANWJNI_SECOND: 
05-27 18:23:25.148  5806  5806 D ANWJNI_SECOND: (5806|0x5467E4F8)[BTAPP] XML : AVRCP_ABSOLUTE_VOLUME
05-27 18:23:25.148  5806  5806 D ANWJNI_SECOND: 
05-27 18:23:25.148  5806  5806 D ANWJNI_SECOND: (5806|0x5467E4F8)[BTAPP] XML : avrcp absolute volume change open
05-27 18:23:25.148  5806  5806 D ANWJNI_SECOND: 
05-27 18:23:25.148  5806  5806 D ANWAPI_SECOND: (5806|0x5467E4F8)[BTAPI] AnWBT_Set_Avrcp_Absoulte_Volume_Change[1]
05-27 18:23:25.148  5806  5806 D ANWJNI_SECOND: (5806|0x5467E4F8)[BTAPP] get generate_random_address data fail
05-27 18:23:25.148  5806  5806 D ANWJNI_SECOND: 
05-27 18:23:25.148  5806  5806 D ANWJNI_SECOND: (5806|0x5467E4F8)[BTAPP] get reject_a2dp_avrcp data fail
05-27 18:23:25.148  5806  5806 D ANWJNI_SECOND: 
05-27 18:23:25.148  5806  5806 D ANWJNI_SECOND: (5806|0x5467E4F8)[BTAPP] XML : find connect_by_sdp_limit setting
05-27 18:23:25.148  5806  5806 D ANWJNI_SECOND: 
05-27 18:23:25.148  5806  5806 D ANWJNI_SECOND: (5806|0x5467E4F8)[BTAPP] connect_by_sdp_limit set(close)
05-27 18:23:25.148  5806  5806 D ANWJNI_SECOND: 
05-27 18:23:25.148  5806  5806 D ANWJNI_SECOND: (5806|0x5467E4F8)[BTAPP] XML : find hfpag_auto_select_main_device setting
05-27 18:23:25.148  5806  5806 D ANWJNI_SECOND: 
05-27 08:14:34.117   581   581 D spi_rst_gpio_get_output: GPIO 145 value: 1
05-27 08:14:34.117   581   581 D spidev_ioctl: gpio status=1)
05-27 18:23:25.148  5806  5806 D ANWJNI_SECOND: (5806|0x5467E4F8)[BTAPP] hfpag_auto_select_main_device set(open)
05-27 18:23:25.148  5806  5806 D ANWJNI_SECOND: 
05-27 18:23:25.148  5806  5806 D ANWJNI_SECOND: (5806|0x5467E4F8)[BTAPP] XML : find waveout_file_size_MB setting
05-27 18:23:25.148  5806  5806 D ANWJNI_SECOND: 
05-27 18:23:25.149  5806  5806 D ANWJNI_SECOND: (5806|0x5467E4F8)[BTAPP] XML : find waveout_file_size_MB_data(50)
05-27 18:23:25.149  5806  5806 D ANWJNI_SECOND: 
05-27 18:23:25.149  5806  5806 D ANWJNI_SECOND: (5806|0x5467E4F8)[BTAPP] free source_data
05-27 18:23:25.149  5806  5806 D ANWJNI_SECOND: 
05-27 18:23:25.149  5806  5806 D ANWJNI_SECOND: (5806|0x5467E4F8)[BTAPP] Read XMLfile End
05-27 18:23:25.149  5806  5806 D ANWJNI_SECOND: 
05-27 18:23:25.149  5806  5806 D ANWJNI_SECOND: (5806|0x5467E4F8)[BTAPP] run Read (/system/etc/bluetooth/anw_AA_CP_setting.cfg) Start
05-27 18:23:25.149  5806  5806 D ANWJNI_SECOND: 
05-27 18:23:25.149  5806  5806 D ANWJNI_SECOND: (5806|0x5467E4F8)[BTAPP] open BT config file (/system/etc/bluetooth/anw_AA_CP_setting.cfg) failed.
05-27 18:23:25.149  5806  5806 D ANWJNI_SECOND: 
05-27 18:23:25.149  5806  5806 D ANWJNI_SECOND: (5806|0x5467E4F8)[BTAPP] run Read (/data/misc/anw//btmonitor_lastrecord) Start
05-27 18:23:25.149  5806  5806 D ANWJNI_SECOND: 
05-27 18:23:25.150  5806  5806 D ANWJNI_SECOND: (5806|0x5467E4F8)[BTAPP] open BT last record file (/data/misc/anw//btmonitor_lastrecord) success.
05-27 18:23:25.150  5806  5806 D ANWJNI_SECOND: 
05-27 18:23:25.150  5806  5806 D ANWJNI_SECOND: (5806|0x5467E4F8)[BTAPP] read last_connected_device last_scan_mode::3
05-27 18:23:25.150  5806  5806 D ANWJNI_SECOND: 
05-27 18:23:25.150  5806  5806 D ANWJNI_SECOND: 
05-27 18:23:25.150  5806  5806 D ANWJNI_SECOND: (5806|0x5467E4F8)[BTAPP] read last_scan_mode
05-27 18:23:25.150  5806  5806 D ANWJNI_SECOND: 
05-27 18:23:25.150  5806  5806 D ANWJNI_SECOND: (5806|0x5467E4F8)[BTAPP] last_scan_mode find,value is 3
05-27 18:23:25.150  5806  5806 D ANWJNI_SECOND: 
05-27 18:23:25.150  5806  5806 D ANWJNI_SECOND: (5806|0x5467E4F8)[BTAPP] read last_poweron_state
05-27 18:23:25.150  5806  5806 D ANWJNI_SECOND: 
05-27 18:23:25.150  5806  5806 I ANWJNI_SECOND: --- JNI_OnLoad
05-27 18:23:25.150   572   572 I Sensors : 230 GyroSensor: x:-0.011530,y:0.005650,z:0.002443
05-27 18:23:25.153   581   581 I SpiService: fgesysctrl_getGPIO_status success val=1
05-27 18:23:25.153 13911 14183 I SentryImuMcuAngleSender: 179.97899rollDeg
05-27 18:23:25.153 13911 14183 I SentryImuMcuAngleSender: 1,0,0
05-27 18:23:25.157  5806  5806 D AnwSdkService: onCreate
05-27 18:23:25.158  5806  5806 D AnwSdkService: run createMessageHandleThread
05-27 18:23:25.158   581   581 I SpiService: fgesysctrl_getGPIO_status success val=1
05-27 18:23:25.160  5806  5806 D AnwSdkService: run createAudioFocusListenerMessageHandleThread
05-27 18:23:25.160   299 30841 D EvsDriver: forwardFrame
05-27 18:23:25.162   299 30841 D EvsDriver: Delivered 0xb400007b7ca56a60 as id 0
05-27 18:23:25.162  1167  1167 D evsmanagerd: /dev/video4 forwarded the buffer #0 to 0xb4000074bf5f6850 from 0xb4000074bf5f41d0
05-27 18:23:25.162   283   307 I rvcservice: t.code = 4, t.value = 0
05-27 18:23:25.163   299 30844 D EvsDriver: forwardFrame
05-27 18:23:25.163  5806  5806 I AnwSdkService: mhcilog1:
05-27 18:23:25.164   299  1163 D EvsDriver: doneWithFrame
05-27 18:23:25.164   581   581 I SpiService: fgesysctrl_getGPIO_status success val=1
05-27 18:23:25.164  5806  5806 I AnwSdkService: mhcilog4:
05-27 18:23:25.165   299 30844 D EvsDriver: Delivered 0xb400007b7ca56900 as id 0
05-27 18:23:25.165  1167  1167 D evsmanagerd: /dev/video6 forwarded the buffer #0 to 0xb4000074bf5f5510 from 0xb4000074bf5f6d90
05-27 18:23:25.168   299  1163 D EvsDriver: doneWithFrame
05-27 18:23:25.170  1008 30856 D [OMXB]  : usingANWBuffer: handle:0xee745600, format:1, w:1920, h:1080
05-27 18:23:25.170   581   581 I SpiService: fgesysctrl_getGPIO_status success val=0
05-27 18:23:25.172   536   536 D commservice260303: msg.id = 1028,2
05-27 18:23:25.172   536   536 D commservice260303: i = 170, msgid = 8A000404
05-27 18:23:25.172   536   536 D commservice260303: msgid = -1979710460,did=138
05-27 18:23:25.173   536   536 D commservice260303: CommProtocolLibCmdBaseI2C::dataproc {"command":{"id":"imu_status","sub":""},"content":{"TimeStamp":9,"FrameCounter":215099,"GD_X":-0.01153013575822115,"GD_Y":0.0056498548947274685,"GD_Z":0.002443138277158141,"AD_X":-0.003720805048942566,"AD_Y":0.0016280272975564003,"AD_Z":-0.16950416564941406,"TempDsp":0,"Status":0,"CalibState":1,"SigAmpInvalid":0}},-1979710460
05-27 18:23:25.173   536   536 D commservice260303: send2Cluster len:315, 7B22636F6D6D616E64223A7B226964223A22696D755F737461747573222C22737562223A22227D2C22636F6E74656E74223A7B2254696D655374616D70223A392C224672616D65436F756E746572223A3231353039392C2247445F58223A2D302E30313135333031333537353832323131352C2247445F59223A302E303035363439383534383934373237343638352C2247445F5A223A302E3030323434333133383237373135383134312C2241445F58223A2D302E3030333732303830353034383934323536362C2241445F59223A302E303031363238303237323937353536343030332C2241445F5A223A2D302E31363935303431363536343934313430362C2254656D70447370223A302C22537461747573223A302C2243616C69625374617465223A312C22536967416D70496E76616C6964223A307D7D, 138 
05-27 18:23:25.173   536   536 D commservice260303: Push Message into SendPool fn=193331968
05-27 18:23:25.173   536   536 D commservice260303: ComProtocolLibSend2Cluster::send2ClusterRaw fn=193331968 , len=331
05-27 18:23:25.173   536   536 D commservice260303: sendCmdToPort :331!!!
05-27 18:23:25.173 13911 14183 I SentryImuMcuAngleSender: 179.97899rollDeg
05-27 18:23:25.173   536   536 D commservice260303: send Cmd To Port ++++5AA501478A010003860B6A16C61D7B22636F6D6D616E64223A7B226964223A22696D755F737461747573222C22737562223A22227D2C22636F6E74656E74223A7B2254696D655374616D70223A392C224672616D65436F756E746572223A3231353039392C2247445F58223A2D302E30313135333031333537353832323131352C2247445F59223A302E303035363439383534383934373237343638352C2247445F5A223A302E3030323434333133383237373135383134312C2241445F58223A2D302E3030333732303830353034383934323536362C2241445F59223A302E303031363238303237323937353536343030332C2241445F5A223A2D302E31363935303431363536343934313430362C2254656D70447370223A302C22537461747573223A302C2243616C69625374617465223A312C22536967416D70496E76616C6964223A307D7DE92B
05-27 18:23:25.173 13911 14183 I SentryImuMcuAngleSender: 1,0,0
05-27 18:23:25.173   536   536 D commservice260303: bufferevent_write retrun value = 0
05-27 18:23:25.174   536   560 D commservice260303: client datas send succeed,send finish
05-27 18:23:25.176 13911 14192 D Sentinelmode_1.2.5.17_sentry: <SentryImuClusterFgeSender>imu_status sent to Linux, frame=215099, tsNs=9272401, tsMs=9, intervalMs=41, ad=(-0.003720805,0.0016280273,-0.16950417), gd=(-0.011530136,0.005649855,0.0024431383)
05-27 18:23:25.177  5806  5806 I ANWJNI_SECOND: +++ InitialCallback=====
05-27 18:23:25.182  5806  5806 I ANWJNI_SECOND: --- InitialCallback(77)(78)
05-27 18:23:25.182  5806  5806 I ANWJNI_SECOND: --- InitialCallback(79)(80)
05-27 18:23:25.182  5806  5806 I ANWJNI_SECOND: --- InitialCallback:0
05-27 18:23:25.183  5806  5806 D AnwSdkService: onCreate:0,78,80
05-27 18:23:25.183  5806  5806 D AnwSdkService: pbap_socket_fd1 = 78
05-27 18:23:25.183  5806  5806 D AnwSdkService: run createPbapContactMessageHandleThread
05-27 18:23:25.183  1008 30857 D [OMXB]  : usingANWBuffer: handle:0xee740220, format:1, w:1920, h:1080
05-27 18:23:25.184  5806  5806 D AnwSdkService: run createPbapParsedDataUpdateMessageHandleThread
05-27 18:23:25.185   481   598 I mcuc    : rev,n=1,6AA681BACA008C8305000055000000B000000000000100010000D142DCB1396782DC3CDC3996FFDC3BB873DC3CB24D307D7B9A6400000000040000B3000000000000000000000000000000B44300000000000300000000000000AA000000E40701010000000000000000BB06050507EA051B000008009403CB00CC000000000000000000000000000000B50000000000000000CE
05-27 18:23:25.185   351   373 D automotive.vehicle@2.0-adayo-datacomm-mcu: MCUDatacomm sendMessageFromVehicle prop: 0x83, areaId: 0x5, status: 0x0, timestamp: 0x0
05-27 18:23:25.185   351   373 D automotive.vehicle@2.0-adayo-datacomm-mcu: MCUDatacomm 1sendMessageFromVehicle ---> type = 7 
05-27 18:23:25.185   351   373 I automotive.vehicle@2.0-adayo-func-mcu: MCUFunc :sendMessageFromVehicle  msgBuff[0] = 131 
05-27 18:23:25.185   351   373 I automotive.vehicle@2.0-adayo-func-mcu: MCUFunc :sendMessageFromVehicle  msgBuff[1] = 5 
05-27 18:23:25.185   351   373 I automotive.vehicle@2.0-adayo-func-mcu: MCUFunc :sendMessageFromVehicle  msgBuff[2] = 0 
05-27 18:23:25.185   351   373 I automotive.vehicle@2.0-adayo-func-mcu: MCUFunc :sendMessageFromVehicle  msgBuff[3] = 0 
05-27 18:23:25.185   351   373 I automotive.vehicle@2.0-adayo-func-mcu: MCUFunc :sendMessageFromVehicle  msgBuff[4] = 85 
05-27 18:23:25.185   581   581 I SpiService: fgesysctrl_getGPIO_status success val=1
05-27 18:23:25.185   351   373 I automotive.vehicle@2.0-adayo-func-mcu: MCUFunc :sendMessageFromVehicle  msgBuff[5] = 0 
05-27 18:23:25.191   581   581 I SpiService: fgesysctrl_getGPIO_status success val=1
05-27 18:23:25.191   299 30844 D EvsDriver: forwardFrame
05-27 18:23:25.193   299 30844 D EvsDriver: Delivered 0xb400007b7ca56900 as id 0
05-27 18:23:25.193  1167  1167 D evsmanagerd: /dev/video6 forwarded the buffer #0 to 0xb4000074bf5f5510 from 0xb4000074bf5f6d90
05-27 18:23:25.194 13911 14183 I SentryImuMcuAngleSender: -179.993rollDeg
05-27 18:23:25.194 13911 14183 I SentryImuMcuAngleSender: 1,0,0
05-27 18:23:25.195   299 30841 D EvsDriver: forwardFrame
05-27 18:23:25.197   581   581 I SpiService: fgesysctrl_getGPIO_status success val=1
05-27 18:23:25.197   299 30841 D EvsDriver: Delivered 0xb400007b7ca56a60 as id 0
05-27 18:23:25.198  1167  1167 D evsmanagerd: /dev/video4 forwarded the buffer #0 to 0xb4000074bf5f6850 from 0xb4000074bf5f41d0
05-27 18:23:25.198   299  1163 D EvsDriver: doneWithFrame
05-27 18:23:25.203   581   581 I SpiService: fgesysctrl_getGPIO_status success val=1
05-27 18:23:25.203   299  1163 D EvsDriver: doneWithFrame
05-27 18:23:25.205   536   536 W commservice260303: [FgeComService::getAQConnectStatus:378]
05-27 18:23:25.205   536   536 W commservice260303: [mcuCommFunctionTcp::getAQConnectStatus:406] 1
05-27 18:23:25.205   536   536 W commservice260303: [FgeComService::getAQConnectStatus:380] status:1
05-27 18:23:25.205 12246 12246 E ivicomm_CommManager: getA2lConnectStatus aqConnectStatus:1
05-27 18:23:25.206 12246 12246 D ivicomm_ConnectStateManager: notifyState newState=1curState=1
05-27 18:23:25.208   581   581 I SpiService: fgesysctrl_getGPIO_status success val=0
05-27 18:23:25.208   481   597 I mcuc    : send SPI:6AA602BACA00028305F0
05-27 18:23:25.209  1008 30857 D [OMXB]  : usingANWBuffer: handle:0xee742ab0, format:1, w:1920, h:1080
05-27 18:23:25.210  5806  5806 W ContextImpl: Calling a method in the system process without a qualified user: android.app.ContextImpl.startService:1863 android.content.ContextWrapper.startService:817 com.anwsdk.service.anwbtservice.onCreate:7516 android.app.ActivityThread.handleCreateService:4616 android.app.ActivityThread.-$$Nest$mhandleCreateService:0 
05-27 18:23:25.212   536   536 D commservice260303: msg.id = 1028,1
05-27 18:23:25.213   536   536 D commservice260303: i = 170, msgid = 8A000404
05-27 18:23:25.213   536   536 D commservice260303: msgid = -1979710460,did=138
05-27 18:23:25.213   536   536 D commservice260303: CommProtocolLibCmdBaseI2C::dataproc {"command":{"id":"imu_status","sub":""},"content":{"TimeStamp":9,"FrameCounter":215100,"GD_X":-0.012293193489313126,"GD_Y":0.005345047451555729,"GD_Z":0.0023671966046094894,"AD_X":-0.003097549080848694,"AD_Y":-0.005666681099683046,"AD_Z":-0.17316436767578125,"TempDsp":0,"Status":0,"CalibState":1,"SigAmpInvalid":0}},-1979710460
05-27 18:23:25.213 10188 16726 W ActivityManager: Unable to start service Intent { cmp=com.anwsdk.service/.HfpClientConnectionService } U=0: not found with resolvedType = null, flags = 268436480, userId = 0, callingUid = 1000
05-27 18:23:25.213   536   536 D commservice260303: send2Cluster len:316, 7B22636F6D6D616E64223A7B226964223A22696D755F737461747573222C22737562223A22227D2C22636F6E74656E74223A7B2254696D655374616D70223A392C224672616D65436F756E746572223A3231353130302C2247445F58223A2D302E3031323239333139333438393331333132362C2247445F59223A302E3030353334353034373435313535353732392C2247445F5A223A302E303032333637313936363034363039343839342C2241445F58223A2D302E3030333039373534393038303834383639342C2241445F59223A2D302E3030353636363638313039393638333034362C2241445F5A223A2D302E31373331363433363736373537383132352C2254656D70447370223A302C22537461747573223A302C2243616C69625374617465223A312C22536967416D70496E76616C6964223A307D7D, 138 
05-27 18:23:25.213   536   536 D commservice260303: Push Message into SendPool fn=210109184
05-27 18:23:25.213   536   536 D commservice260303: ComProtocolLibSend2Cluster::send2ClusterRaw fn=210109184 , len=332
05-27 18:23:25.213   536   536 D commservice260303: sendCmdToPort :332!!!
05-27 18:23:25.213   536   536 D commservice260303: send Cmd To Port ++++5AA501488A010003860C6A16C61D7B22636F6D6D616E64223A7B226964223A22696D755F737461747573222C22737562223A22227D2C22636F6E74656E74223A7B2254696D655374616D70223A392C224672616D65436F756E746572223A3231353130302C2247445F58223A2D302E3031323239333139333438393331333132362C2247445F59223A302E3030353334353034373435313535353732392C2247445F5A223A302E303032333637313936363034363039343839342C2241445F58223A2D302E3030333039373534393038303834383639342C2241445F59223A2D302E3030353636363638313039393638333034362C2241445F5A223A2D302E31373331363433363736373537383132352C2254656D70447370223A302C22537461747573223A302C2243616C69625374617465223A312C22536967416D70496E76616C6964223A307D7DDCB8
05-27 18:23:25.213   536   536 D commservice260303: bufferevent_write retrun value = 0
05-27 18:23:25.214   536   560 D commservice260303: client datas send succeed,send finish
05-27 18:23:25.214 13911 14192 D Sentinelmode_1.2.5.17_sentry: <SentryImuClusterFgeSender>imu_status sent to Linux, frame=215100, tsNs=9272454, tsMs=9, intervalMs=38, ad=(-0.003097549,-0.005666681,-0.17316437), gd=(-0.0122931935,0.0053450475,0.0023671966)
05-27 18:23:25.215 13911 14183 I SentryImuMcuAngleSender: -179.97899rollDeg
05-27 18:23:25.215 13911 14183 I SentryImuMcuAngleSender: 1,0,0
05-27 18:23:25.216  5806  5806 D AnwSdkService: 20210721 checking self APK rom size
05-27 18:23:25.223   581   581 I SpiService: fgesysctrl_getGPIO_status success val=1
05-27 18:23:25.225   299 30844 D EvsDriver: forwardFrame
05-27 18:23:25.226   299 30841 D EvsDriver: forwardFrame
05-27 18:23:25.227   299 30844 D EvsDriver: Delivered 0xb400007b7ca56900 as id 0
05-27 18:23:25.227   299 30841 D EvsDriver: Delivered 0xb400007b7ca56a60 as id 0
05-27 18:23:25.227  1167  1167 D evsmanagerd: /dev/video6 forwarded the buffer #0 to 0xb4000074bf5f5510 from 0xb4000074bf5f6d90
05-27 18:23:25.227  1167  1184 D evsmanagerd: /dev/video4 forwarded the buffer #0 to 0xb4000074bf5f6850 from 0xb4000074bf5f41d0
05-27 18:23:25.229   581   581 I SpiService: fgesysctrl_getGPIO_status success val=1
05-27 18:23:25.230   299  1163 D EvsDriver: doneWithFrame
05-27 18:23:25.230  1008 30856 D [OMXB]  : usingANWBuffer: handle:0xee744790, format:1, w:1920, h:1080
05-27 18:23:25.232   299  1163 D EvsDriver: doneWithFrame
05-27 18:23:25.236   581   581 I SpiService: fgesysctrl_getGPIO_status success val=1
05-27 18:23:25.236 13911 14183 I SentryImuMcuAngleSender: -179.97198rollDeg
05-27 18:23:25.236 13911 14183 I SentryImuMcuAngleSender: 1,0,0
05-27 18:23:25.242   581   581 I SpiService: fgesysctrl_getGPIO_status success val=1
05-27 18:23:25.247   581   581 I SpiService: fgesysctrl_getGPIO_status success val=1
05-27 18:23:25.249  1008 30857 D [OMXB]  : usingANWBuffer: handle:0xee742530, format:1, w:1920, h:1080
05-27 18:23:25.253   581   581 I SpiService: fgesysctrl_getGPIO_status success val=0
05-27 18:23:25.254   536   536 D commservice260303: msg.id = 1028,0
05-27 18:23:25.254   536   536 D commservice260303: i = 170, msgid = 8A000404
05-27 18:23:25.254   536   536 D commservice260303: msgid = -1979710460,did=138
05-27 18:23:25.254   536   536 D commservice260303: CommProtocolLibCmdBaseI2C::dataproc {"command":{"id":"imu_status","sub":""},"content":{"TimeStamp":9,"FrameCounter":215101,"GD_X":-0.011377211660146713,"GD_Y":0.005420989356935024,"GD_Z":0.0021378109231591225,"AD_X":-0.0030966997146606445,"AD_Y":-0.003802977502346039,"AD_Z":-0.17316436767578125,"TempDsp":0,"Status":0,"CalibState":1,"SigAmpInvalid":0}},-1979710460
05-27 18:23:25.254   536   536 D commservice260303: send2Cluster len:317, 7B22636F6D6D616E64223A7B226964223A22696D755F737461747573222C22737562223A22227D2C22636F6E74656E74223A7B2254696D655374616D70223A392C224672616D65436F756E746572223A3231353130312C2247445F58223A2D302E3031313337373231313636303134363731332C2247445F59223A302E3030353432303938393335363933353032342C2247445F5A223A302E303032313337383130393233313539313232352C2241445F58223A2D302E303033303936363939373134363630363434352C2241445F59223A2D302E3030333830323937373530323334363033392C2241445F5A223A2D302E31373331363433363736373537383132352C2254656D70447370223A302C22537461747573223A302C2243616C69625374617465223A312C22536967416D70496E76616C6964223A307D7D, 138 
05-27 18:23:25.254   536   536 D commservice260303: Push Message into SendPool fn=226886400
05-27 18:23:25.254   536   536 D commservice260303: ComProtocolLibSend2Cluster::send2ClusterRaw fn=226886400 , len=333
05-27 18:23:25.254   536   536 D commservice260303: sendCmdToPort :333!!!
05-27 18:23:25.254   536   536 D commservice260303: send Cmd To Port ++++5AA501498A010003860D6A16C61D7B22636F6D6D616E64223A7B226964223A22696D755F737461747573222C22737562223A22227D2C22636F6E74656E74223A7B2254696D655374616D70223A392C224672616D65436F756E746572223A3231353130312C2247445F58223A2D302E3031313337373231313636303134363731332C2247445F59223A302E3030353432303938393335363933353032342C2247445F5A223A302E303032313337383130393233313539313232352C2241445F58223A2D302E303033303936363939373134363630363434352C2241445F59223A2D302E3030333830323937373530323334363033392C2241445F5A223A2D302E31373331363433363736373537383132352C2254656D70447370223A302C22537461747573223A302C2243616C69625374617465223A312C22536967416D70496E76616C6964223A307D7DFBA2
05-27 18:23:25.254   536   536 D commservice260303: bufferevent_write retrun value = 0
05-27 18:23:25.255   536   560 D commservice260303: client datas send succeed,send finish
05-27 18:23:25.255 13911 14192 D Sentinelmode_1.2.5.17_sentry: <SentryImuClusterFgeSender>imu_status sent to Linux, frame=215101, tsNs=9272490, tsMs=9, intervalMs=40, ad=(-0.0030966997,-0.0038029775,-0.17316437), gd=(-0.011377212,0.0054209894,0.002137811)
05-27 18:23:25.255  5806  5806 D AnwSdkService: apk rom size:40.90M
05-27 18:23:25.256  5806  5806 D AnwSdkService: [android.permission.READ_EXTERNAL_STORAGE] permision is GRANTED
05-27 18:23:25.257  5806  5806 D AnwSdkService: [android.permission.WRITE_EXTERNAL_STORAGE] permision is GRANTED
05-27 18:23:25.257 13911 14183 I SentryImuMcuAngleSender: -179.9895rollDeg
05-27 18:23:25.257 13911 14183 I SentryImuMcuAngleSender: 1,0,0
05-27 08:14:34.218   581   581 D spi_rst_gpio_get_output: GPIO 145 value: 0
05-27 08:14:34.218   581   581 D spidev_ioctl: gpio status=0)
05-27 18:23:25.257   299 30844 D EvsDriver: forwardFrame
05-27 18:23:25.253  1121  1121 I auditd  : type=1400 audit(0.0:48105): avc: denied { call } for comm="tboxmids_ap" scontext=u:r:tboxd:s0 tcontext=u:r:rild:s0 tclass=binder permissive=1
05-27 18:23:25.253  1121  1121 I tboxmids_ap: type=1400 audit(0.0:48105): avc: denied { call } for scontext=u:r:tboxd:s0 tcontext=u:r:rild:s0 tclass=binder permissive=1
05-27 18:23:25.257   648   648 I auditd  : type=1400 audit(0.0:48106): avc: denied { call } for comm="urild" scontext=u:r:rild:s0 tcontext=u:r:tboxd:s0 tclass=binder permissive=1
05-27 18:23:25.257   648   648 I urild   : type=1400 audit(0.0:48106): avc: denied { call } for scontext=u:r:rild:s0 tcontext=u:r:tboxd:s0 tclass=binder permissive=1
05-27 18:23:25.259   299 30844 D EvsDriver: Delivered 0xb400007b7ca56900 as id 0
05-27 18:23:25.259  1167  1167 D evsmanagerd: /dev/video6 forwarded the buffer #0 to 0xb4000074bf5f5510 from 0xb4000074bf5f6d90
05-27 18:23:25.259  1121  1159 D lib_tbox: calling Uid is 0
05-27 18:23:25.259   299 30841 D EvsDriver: forwardFrame
05-27 18:23:25.259  1121  1159 D lib_tbox: tboxService has already been creaded
05-27 18:23:25.259  1121  1159 D lib_tbox: sim[0] request Queue is ready
05-27 18:23:25.259  1121  1159 D lib_tbox: getModemState start. serial:70298129
05-27 18:23:25.260  1121  1159 D lib_tbox: waitForResponse serial:70298129 phoneId:0 mCount:0
05-27 18:23:25.260   299 30841 D EvsDriver: Delivered 0xb400007b7ca56a60 as id 0
05-27 18:23:25.261   648   648 D RILC_TBOX: getModemState: serial 70298129
05-27 18:23:25.261  1167  1167 D evsmanagerd: /dev/video4 forwarded the buffer #0 to 0xb4000074bf5f6850 from 0xb4000074bf5f41d0
05-27 18:23:25.261   572   622 I Sensors : 230 AccelSensor: x:-0.170800,y:0.002440,z:-9.977772
05-27 18:23:25.262   648   691 D RIL_REQ_THDS: dequeue msg
05-27 18:23:25.262   283   307 I rvcservice: t.code = 3, t.value = 0
05-27 18:23:25.262   648   691 D RIL_REQ_THDS: handleMessage 10005
05-27 18:23:25.262   648   691 D RIL     : onRequest: TBOX_REQUEST_GET_MODEM_STATE radioState = RADIO_ON
05-27 18:23:25.263   648   691 D RILC    : RequestComplete, RIL_SOCKET_1
05-27 18:23:25.263   648   691 D RILC    : Calling responseFunction() for token 70298129
05-27 18:23:25.263   648   691 D RILC_TBOX: getModemStateResponse: serial 70298129
05-27 18:23:25.264   648   691 D RIL_REQ_THDS: pool2Thread[0] process one message done
05-27 18:23:25.264  1121  1151 D lib_tbox: notifyRequest serial:70298129 receivedSerial:70298129 phoneId:0 mCount:0
05-27 18:23:25.264  1121  1159 D lib_tbox: getModemState done. state:0
05-27 18:23:25.264  1121  1159 D lib_tbox: retStatus: aidl response 0, return 0
05-27 18:23:25.265  1121  1159 D lib_tbox: calling Uid is 0
05-27 18:23:25.265  1121  1159 D lib_tbox: tboxService has already been creaded
05-27 18:23:25.265  1121  1159 D lib_tbox: sim[0] request Queue is ready
05-27 18:23:25.265  1121  1159 D lib_tbox: sim[0] getSimState start. serial:243110911
05-27 18:23:25.265  1121  1159 D lib_tbox: waitForResponse serial:243110911 phoneId:0 mCount:0
05-27 18:23:25.265   648   648 D RILC_TBOX: getSimState: serial 243110911
05-27 18:23:25.265   299  1163 D EvsDriver: doneWithFrame
05-27 18:23:25.265   648   690 D RIL_REQ_THDS: dequeue msg
05-27 18:23:25.265   648   690 D RIL_REQ_THDS: handleMessage 10001
05-27 18:23:25.265   648   690 D RIL     : onRequest: TBOX_REQUEST_GET_SIM_STATE radioState = RADIO_ON
05-27 18:23:25.265  1083  1083 W MyAppLog: [2026-05-27 18:23:25.264 W tboxmid getModemAlive:545] [Tbxomids] [CellularDataService] getModemState ret=0, state=0
05-27 18:23:25.265   648   690 D RIL_REQ_THDS: get Channel1
05-27 18:23:25.265   648   690 D RIL-AT  : Channel1: AT> AT+CPIN?
05-27 18:23:25.266   299  1163 D EvsDriver: doneWithFrame
05-27 18:23:25.266   648   813 D RIL-AT  : Channel1: AT< +CME ERROR: 10
05-27 18:23:25.266   648   690 D RIL_REQ_THDS: put Channel1
05-27 18:23:25.266   648   690 D RIL_STK_CONTEXT: socket_id: 0, s_setupMenuNeedUnsol : 0, s_setupMenuResponse is : (null)
05-27 18:23:25.266   648   690 D RIL     : setSimPresent[0] hasSim = 0
05-27 18:23:25.266   648   690 D RILC    : RequestComplete, RIL_SOCKET_1
05-27 18:23:25.266   648   690 D RILC    : Calling responseFunction() for token 243110911
05-27 18:23:25.266   648   690 D RILC_TBOX: getSimStateResponse: serial:243110911, slotId:0
05-27 18:23:25.267   648   690 D RIL_REQ_THDS: pool1Thread[0] process one message done
05-27 18:23:25.267  1121  1151 D lib_tbox: sim0 getSimStateResponse: 0
05-27 18:23:25.267  1121  1151 D lib_tbox: notifyRequest serial:243110911 receivedSerial:243110911 phoneId:0 mCount:0
05-27 18:23:25.267  1121  1159 D lib_tbox: sim[0] getSimState done. state:0
05-27 18:23:25.267  1121  1159 D lib_tbox: retStatus: aidl response 0, return 0
05-27 18:23:25.267  1083  1083 W MyAppLog: [2026-05-27 18:23:25.267 W tboxmid getSimStatus:599] [Tbxomids] [CellularDataService] getSimState phoneId=0, state=0
05-27 18:23:25.267  1083  1083 W MyAppLog: [2026-05-27 18:23:25.267 W tboxmid threadLoop:1077] [Tbxomids] [CellularDataService] SIM not ready
05-27 18:23:25.268   581   581 I SpiService: fgesysctrl_getGPIO_status success val=1
05-27 18:23:25.272  1008 30856 D [OMXB]  : usingANWBuffer: handle:0xee747180, format:1, w:1920, h:1080
05-27 18:23:25.274   581   581 I SpiService: fgesysctrl_getGPIO_status success val=1
05-27 18:23:25.274  5806  5806 D AnwSdkService: onCreate end
05-27 18:23:25.275  5806  5806 D AnwSdkService: onBind
05-27 18:23:25.278 13911 14183 I SentryImuMcuAngleSender: 179.97899rollDeg
05-27 18:23:25.278 13911 14183 I SentryImuMcuAngleSender: 1,0,0
05-27 18:23:25.280   581   581 I SpiService: fgesysctrl_getGPIO_status success val=1
05-27 18:23:25.280 13435 13435 D BtManager: onServiceConnected
05-27 18:23:25.283  5806  5819 D AnwSdkService: GetPowerStatus = POWER_OFF
05-27 18:23:25.283  5806  5819 D AnwSdkService: ANWBT_GetBTPowerStatus() POWER_OFF
05-27 18:23:25.283  5806  5819 D AnwSdkService: GetPowerStatus = POWER_OFF
05-27 18:23:25.284 13435 13435 D BtManager: ANWBT_BTPowerOn
05-27 18:23:25.284 13435 13435 D BtManager: ANWBT_GetBTPowerStatus
05-27 18:23:25.284  5806  5819 D AnwSdkService: GetPowerStatus = POWER_OFF
05-27 18:23:25.284  5806  5819 D AnwSdkService: ANWBT_GetBTPowerStatus() POWER_OFF
05-27 18:23:25.284  5806  5819 D AnwSdkService: GetPowerStatus = POWER_OFF
05-27 18:23:25.285  5806  5819 D AnwSdkService: anw-update,bt_java_data:20260516
05-27 18:23:25.285  5806  5819 D AnwSdkService: ANWBT_BTPowerOn()
05-27 18:23:25.285   581   581 I SpiService: fgesysctrl_getGPIO_status success val=1
05-27 18:23:25.285  5806  5819 D AnwSdkService: GetPowerStatus = POWER_OFF
05-27 18:23:25.286  5806  5819 D AnwSdkService: SetPowerStatus = POWER_ONING
05-27 18:23:25.287  5806  5831 I ANWJNI_SECOND: anw-update,bt_jni_data: 20260516
05-27 18:23:25.287  5806  5831 D ANWAPI_SECOND: (5806|0x1E7ABCB0)[BTAPI] SDK >>>>AnWBT_Snoop_Open
05-27 18:23:25.287  5806  5831 D ANWJNI_SECOND: (5806|0x1E7ABCB0)[BTAPP] PowOn_Thread
05-27 18:23:25.287  5806  5831 D ANWJNI_SECOND: 
05-27 18:23:25.287  5806  5832 D ANWJNI_SECOND: (5806|0x1D6A1CB0)[BTAPP] BTPowerOn!!
05-27 18:23:25.287  5806  5832 D ANWJNI_SECOND: (5806|0x1D6A1CB0)[BTAPP] in thread_power_on_func,getpid()=5806, priority = 10
05-27 18:23:25.287  5806  5832 D ANWJNI_SECOND: 
05-27 18:23:25.287  5806  5832 D ANWJNI_SECOND: (5806|0x1D6A1CB0)[BTAPP] doPowerOn_Timeout_Thread_Create
05-27 18:23:25.287  5806  5832 D ANWJNI_SECOND: 
05-27 18:23:25.288 13435 13435 I BtManager: ANWBT_BTPowerOn result = 0
05-27 18:23:25.288 13435 13435 D BtManager: ret = 2
05-27 18:23:25.288  5806  5832 D ANWJNI_SECOND: (5806|0x1D6A1CB0)[BTAPP] AnWBT_SetInitialValue(hfphf:0)(hfpag:2)(pbap:0)(map:0)(a2dpsink:0)(a2dpsource:2)(avrcpct:0)(avrcttg:2)
05-27 18:23:25.288  5806  5832 D ANWJNI_SECOND: 
05-27 18:23:25.288  5806  5832 D ANWAPI_SECOND: (5806|0x1D6A1CB0)[BTAPI] SDK >>>>AnWBT_SetInitialValue devclass: 0x3c020c
05-27 18:23:25.288  5806  5832 D ANWAPI_SECOND: (5806|0x1D6A1CB0)[BTAPI] AnWBT_SetInitialValue avrcp_tg_attribute=6
05-27 18:23:25.288  5806  5832 D ANWAPI_SECOND: (5806|0x1D6A1CB0)[BTAPI] SDK <<<<AnWBT_SetInitialValue 0x0
05-27 18:23:25.288  5806  5832 D ANWAPI_SECOND: (5806|0x1D6A1CB0)[BTAPI] SDK >>>>AnWBT_HFP_Enable_WBS 1
05-27 18:23:25.288  5806  5833 D ANWJNI_SECOND: (5806|0x1C5A3CB0)[BTAPP] doPowerOn_Timeout_Thread
05-27 18:23:25.288  5806  5833 D ANWJNI_SECOND: 
05-27 18:23:25.289  5806  5832 D ANWAPI_SECOND: (5806|0x1D6A1CB0)[BTAPI] SDK <<<<AnWBT_HFP_Enable_WBS 0
05-27 18:23:25.289  5806  5832 D ANW_WAVEOUT_SECOND: (5806|0x1D6A1CB0)[WAVEOUT] init Audio PCM Thread Mute(800)(101)
05-27 18:23:25.289  5806  5832 D ANW_WAVEOUT_SECOND: 
05-27 18:23:25.289  5806  5832 D ANWAPI_SECOND: (5806|0x1D6A1CB0)[BTAPI] anw-update,bt_sdk_data:20260516-not_supportLea
05-27 18:23:25.289  5806  5832 D ANWAPI_SECOND: (5806|0x1D6A1CB0)[BTAPI] SDK >>>>AnWBT_Init
05-27 18:23:25.289  5806  5832 D ANWAPI_SECOND: (5806|0x1D6A1CB0)[BTAPI] AnWBTSDK_Version=0x0300002a
05-27 18:23:25.289  5806  5832 D ANWAPI_SECOND: (5806|0x1D6A1CB0)[BTAPI] >>>>AnWBT_EEPROM_Read 
05-27 18:23:25.289  5806  5832 D ANWAPI_SECOND: (5806|0x1D6A1CB0)[BTAPI] B:Rpaired_storage[0]name[]addr[00:00:00:00:00:00]linkkey[00:00:00:00:00:00:00:00:00:00:00:00:00:00:00:00]
05-27 18:23:25.289  5806  5832 D ANWAPI_SECOND: (5806|0x1D6A1CB0)[BTAPI] B:Rpaired_storage[1]name[]addr[00:00:00:00:00:00]linkkey[00:00:00:00:00:00:00:00:00:00:00:00:00:00:00:00]
05-27 18:23:25.289  5806  5832 D ANWAPI_SECOND: (5806|0x1D6A1CB0)[BTAPI] B:Rpaired_storage[2]name[]addr[00:00:00:00:00:00]linkkey[00:00:00:00:00:00:00:00:00:00:00:00:00:00:00:00]
05-27 18:23:25.289  5806  5832 D ANWAPI_SECOND: (5806|0x1D6A1CB0)[BTAPI] B:Rpaired_storage[3]name[]addr[00:00:00:00:00:00]linkkey[00:00:00:00:00:00:00:00:00:00:00:00:00:00:00:00]
05-27 18:23:25.289  5806  5832 D ANWAPI_SECOND: (5806|0x1D6A1CB0)[BTAPI] B:Rpaired_storage[4]name[]addr[00:00:00:00:00:00]linkkey[00:00:00:00:00:00:00:00:00:00:00:00:00:00:00:00]
05-27 18:23:25.289  5806  5832 D ANWAPI_SECOND: (5806|0x1D6A1CB0)[BTAPI] B:Rpaired_storage[5]name[]addr[00:00:00:00:00:00]linkkey[00:00:00:00:00:00:00:00:00:00:00:00:00:00:00:00]
05-27 18:23:25.289  5806  5832 D ANWAPI_SECOND: (5806|0x1D6A1CB0)[BTAPI] B:Rpaired_storage[6]name[]addr[00:00:00:00:00:00]linkkey[00:00:00:00:00:00:00:00:00:00:00:00:00:00:00:00]
05-27 18:23:25.289  5806  5832 D ANWAPI_SECOND: (5806|0x1D6A1CB0)[BTAPI] B:Rpaired_storage[7]name[]addr[00:00:00:00:00:00]linkkey[00:00:00:00:00:00:00:00:00:00:00:00:00:00:00:00]
05-27 18:23:25.290  5806  5832 D ANWAPI_SECOND: (5806|0x1D6A1CB0)[BTAPI] B:Rpaired_storage[8]name[]addr[00:00:00:00:00:00]linkkey[00:00:00:00:00:00:00:00:00:00:00:00:00:00:00:00]
05-27 18:23:25.290  5806  5832 D ANWAPI_SECOND: (5806|0x1D6A1CB0)[BTAPI] B:Rpaired_storage[9]name[]addr[00:00:00:00:00:00]linkkey[00:00:00:00:00:00:00:00:00:00:00:00:00:00:00:00]
05-27 18:23:25.290  5806  5832 D ANWAPI_SECOND: (5806|0x1D6A1CB0)[BTAPI] B:Rpaired_storage[10]name[]addr[00:00:00:00:00:00]linkkey[00:00:00:00:00:00:00:00:00:00:00:00:00:00:00:00]
05-27 18:23:25.290  5806  5832 D ANW_AVRCP_SECOND: AnWBT_ReadStorage =/data/misc/anw//anwbt_storage.bin
05-27 18:23:25.290  5806  5832 D ANW_AVRCP_SECOND: AnWBT_ReadStorage open anwbt_bt_storage success
05-27 18:23:25.290  5806  5832 D ANW_AVRCP_SECOND: 
05-27 18:23:25.290   581   581 I SpiService: fgesysctrl_getGPIO_status success val=0
05-27 18:23:25.291  5806  5832 D ANW_AVRCP_SECOND: read storage size=6600
05-27 18:23:25.291  5806  5832 D ANW_AVRCP_SECOND: 
05-27 18:23:25.291  5806  5832 D ANWAPI_SECOND: (5806|0x1D6A1CB0)[BTAPI] A:Readpaired_storage[0]name[]cod[0]support[0]addr[00:00:00:00:00:00]linkkey[00:00:00:00:00:00:00:00:00:00:00:00:00:00:00:00]
05-27 18:23:25.291  5806  5832 D ANWAPI_SECOND: (5806|0x1D6A1CB0)[BTAPI] A:Readpaired_storage[1]name[]cod[0]support[0]addr[00:00:00:00:00:00]linkkey[00:00:00:00:00:00:00:00:00:00:00:00:00:00:00:00]
05-27 18:23:25.291   299 30844 D EvsDriver: forwardFrame
05-27 18:23:25.291  5806  5832 D ANWAPI_SECOND: (5806|0x1D6A1CB0)[BTAPI] A:Readpaired_storage[2]name[]cod[0]support[0]addr[00:00:00:00:00:00]linkkey[00:00:00:00:00:00:00:00:00:00:00:00:00:00:00:00]
05-27 18:23:25.291  5806  5832 D ANWAPI_SECOND: (5806|0x1D6A1CB0)[BTAPI] A:Readpaired_storage[3]name[]cod[0]support[0]addr[00:00:00:00:00:00]linkkey[00:00:00:00:00:00:00:00:00:00:00:00:00:00:00:00]
05-27 18:23:25.291  5806  5832 D ANWAPI_SECOND: (5806|0x1D6A1CB0)[BTAPI] A:Readpaired_storage[4]name[]cod[0]support[0]addr[00:00:00:00:00:00]linkkey[00:00:00:00:00:00:00:00:00:00:00:00:00:00:00:00]
05-27 18:23:25.291   299 30841 D EvsDriver: forwardFrame
05-27 18:23:25.291  5806  5832 D ANWAPI_SECOND: (5806|0x1D6A1CB0)[BTAPI] A:Readpaired_storage[5]name[]cod[0]support[0]addr[00:00:00:00:00:00]linkkey[00:00:00:00:00:00:00:00:00:00:00:00:00:00:00:00]
05-27 18:23:25.291  5806  5832 D ANWAPI_SECOND: (5806|0x1D6A1CB0)[BTAPI] A:Readpaired_storage[6]name[]cod[0]support[0]addr[00:00:00:00:00:00]linkkey[00:00:00:00:00:00:00:00:00:00:00:00:00:00:00:00]
05-27 18:23:25.291  5806  5832 D ANWAPI_SECOND: (5806|0x1D6A1CB0)[BTAPI] A:Readpaired_storage[7]name[]cod[0]support[0]addr[00:00:00:00:00:00]linkkey[00:00:00:00:00:00:00:00:00:00:00:00:00:00:00:00]
05-27 18:23:25.291  5806  5832 D ANWAPI_SECOND: (5806|0x1D6A1CB0)[BTAPI] A:Readpaired_storage[8]name[]cod[0]support[0]addr[00:00:00:00:00:00]linkkey[00:00:00:00:00:00:00:00:00:00:00:00:00:00:00:00]
05-27 18:23:25.292  5806  5832 D ANWAPI_SECOND: (5806|0x1D6A1CB0)[BTAPI] A:Readpaired_storage[9]name[]cod[0]support[0]addr[00:00:00:00:00:00]linkkey[00:00:00:00:00:00:00:00:00:00:00:00:00:00:00:00]
05-27 18:23:25.292  5806  5832 D ANWAPI_SECOND: (5806|0x1D6A1CB0)[BTAPI] A:Readpaired_storage[10]name[]cod[0]support[0]addr[00:00:00:00:00:00]linkkey[00:00:00:00:00:00:00:00:00:00:00:00:00:00:00:00]
05-27 18:23:25.292  5806  5832 D ANWAPI_SECOND: (5806|0x1D6A1CB0)[BTAPI] <<<<AnWBT_EEPROM_Read ret = 0
05-27 18:23:25.292  5806  5832 D ANWAPI_SECOND: (5806|0x1D6A1CB0)[BTAPI] local_name_set=0
05-27 18:23:25.292  5806  5832 D ANWAPI_SECOND: (5806|0x1D6A1CB0)[BTAPI] [Paired DevInf] Storage Write
05-27 18:23:25.292  5806  5832 D ANW_AVRCP_SECOND: AnWBT_WriteStorage =/data/misc/anw//anwbt_storage.bin
05-27 18:23:25.292   299 30844 D EvsDriver: Delivered 0xb400007b7ca56900 as id 0
05-27 18:23:25.292   299 30841 D EvsDriver: Delivered 0xb400007b7ca56a60 as id 0
05-27 18:23:25.292  1167  1184 D evsmanagerd: /dev/video4 forwarded the buffer #0 to 0xb4000074bf5f6850 from 0xb4000074bf5f41d0
05-27 18:23:25.292  1167  1167 D evsmanagerd: /dev/video6 forwarded the buffer #0 to 0xb4000074bf5f5510 from 0xb4000074bf5f6d90
05-27 18:23:25.293  5806  5832 D ANW_AVRCP_SECOND: AnWBT_WriteStorage open anwbt_bt_storage success
05-27 18:23:25.293  5806  5832 D ANW_AVRCP_SECOND: 
05-27 18:23:25.293 30773 30782 I dvr_service_: [myNum:0][onFrameReceived] Received Surface:1 0
05-27 18:23:25.293 30773 30782 E dvr_service_: [myNum:0] Received S**** loss
05-27 18:23:25.293 30773 30773 I dvr_service_: [myNum:1][onFrameReceived] Received Surface:1 0
05-27 18:23:25.293 30773 30773 E dvr_service_: [myNum:1] Received S**** loss
05-27 18:23:25.294  1008 30857 D [OMXB]  : usingANWBuffer: handle:0xee744b00, format:1, w:1920, h:1080
05-27 18:23:25.294   299  1153 D EvsDriver: doneWithFrame
05-27 18:23:25.294   299  1163 D EvsDriver: doneWithFrame
05-27 18:23:25.295   536   536 D commservice260303: msg.id = 1028,1
05-27 18:23:25.295   536   536 D commservice260303: i = 170, msgid = 8A000404
05-27 18:23:25.295   536   536 D commservice260303: msgid = -1979710460,did=138
05-27 18:23:25.295   536   536 D commservice260303: CommProtocolLibCmdBaseI2C::dataproc {"command":{"id":"imu_status","sub":""},"content":{"TimeStamp":9,"FrameCounter":215102,"GD_X":-0.01153013575822115,"GD_Y":0.004963258747011423,"GD_Z":0.002213752595707774,"AD_X":-0.0018803328275680542,"AD_Y":0.0016790791414678097,"AD_Z":-0.17316436767578125,"TempDsp":0,"Status":0,"CalibState":1,"SigAmpInvalid":0}},-1979710460
05-27 18:23:25.295   536   536 D commservice260303: send2Cluster len:315, 7B22636F6D6D616E64223A7B226964223A22696D755F737461747573222C22737562223A22227D2C22636F6E74656E74223A7B2254696D655374616D70223A392C224672616D65436F756E746572223A3231353130322C2247445F58223A2D302E30313135333031333537353832323131352C2247445F59223A302E3030343936333235383734373031313432332C2247445F5A223A302E3030323231333735323539353730373737342C2241445F58223A2D302E303031383830333332383237353638303534322C2241445F59223A302E303031363739303739313431343637383039372C2241445F5A223A2D302E31373331363433363736373537383132352C2254656D70447370223A302C22537461747573223A302C2243616C69625374617465223A312C22536967416D70496E76616C6964223A307D7D, 138 
05-27 18:23:25.295   536   536 D commservice260303: Push Message into SendPool fn=243663616
05-27 18:23:25.295   536   536 D commservice260303: ComProtocolLibSend2Cluster::send2ClusterRaw fn=243663616 , len=331
05-27 18:23:25.295   536   536 D commservice260303: sendCmdToPort :331!!!
05-27 18:23:25.295   536   536 D commservice260303: send Cmd To Port ++++5AA501478A010003860E6A16C61D7B22636F6D6D616E64223A7B226964223A22696D755F737461747573222C22737562223A22227D2C22636F6E74656E74223A7B2254696D655374616D70223A392C224672616D65436F756E746572223A3231353130322C2247445F58223A2D302E30313135333031333537353832323131352C2247445F59223A302E3030343936333235383734373031313432332C2247445F5A223A302E3030323231333735323539353730373737342C2241445F58223A2D302E303031383830333332383237353638303534322C2241445F59223A302E303031363739303739313431343637383039372C2241445F5A223A2D302E31373331363433363736373537383132352C2254656D70447370223A302C22537461747573223A302C2243616C69625374617465223A312C22536967416D70496E76616C6964223A307D7D358D
05-27 18:23:25.295   536   536 D commservice260303: bufferevent_write retrun value = 0
05-27 18:23:25.296   536   560 D commservice260303: client datas send succeed,send finish
05-27 18:23:25.296 13911 14192 D Sentinelmode_1.2.5.17_sentry: <SentryImuClusterFgeSender>imu_status sent to Linux, frame=215102, tsNs=9272525, tsMs=9, intervalMs=41, ad=(-0.0018803328,0.0016790791,-0.17316437), gd=(-0.011530136,0.0049632587,0.0022137526)
