05-27 18:23:24.357   536   536 D commservice260303: send Cmd To Port ++++5AA501488A01000385F76A16C61C7B22636F6D6D616E64223A7B226964223A22696D755F737461747573222C22737562223A22227D2C22636F6E74656E74223A7B2254696D655374616D70223A392C224672616D65436F756E746572223A3231353037392C2247445F58223A2D302E3031323532323035383536313434343238332C2247445F59223A302E3030343936333235383734373031313432332C2247445F5A223A302E303031393834383837323930373435393733362C2241445F58223A2D302E3030383532343434373637393531393635332C2241445F59223A2D302E3030343533323331333930353635363333382C2241445F5A223A2D302E31363935303431363536343934313430362C2254656D70447370223A302C22537461747573223A302C2243616C69625374617465223A312C22536967416D70496E76616C6964223A307D7DA6C8
05-27 18:23:24.357   536   536 D commservice260303: bufferevent_write retrun value = 0
05-27 18:23:24.357   536   560 D commservice260303: client datas send succeed,send finish
05-27 18:23:24.357 13911 14183 I SentryImuMcuAngleSender: -179.986rollDeg
05-27 18:23:24.358 13911 14192 D Sentinelmode_1.2.5.17_sentry: <SentryImuClusterFgeSender>imu_status sent to Linux, frame=215079, tsNs=9271599, tsMs=9, intervalMs=41, ad=(-0.008524448,-0.004532314,-0.16950417), gd=(-0.012522059,0.0049632587,0.0019848873)
05-27 18:23:24.358 13911 14183 I SentryImuMcuAngleSender: 1,0,0
05-27 18:23:24.358  1167  1167 D evsmanagerd: /dev/video4 forwarded the buffer #0 to 0xb4000074bf5f6850 from 0xb4000074bf5f41d0
05-27 18:23:24.358   299 30841 D EvsDriver: Delivered 0xb400007b7ca56a60 as id 0
05-27 18:23:24.360   283   307 I rvcservice: t.code = 3, t.value = 0
05-27 18:23:24.361   299  1153 D EvsDriver: doneWithFrame
05-27 18:23:24.362   581   581 I SpiService: fgesysctrl_getGPIO_status success val=1
05-27 08:14:33.327   581   581 D spidev_ioctl: gpio status=1)
05-27 18:23:24.365   299 30844 D EvsDriver: forwardFrame
05-27 18:23:24.366   572   572 I Sensors : 230 GyroSensor: x:-0.011453,y:0.005192,z:0.002290
05-27 18:23:24.367   299 30844 D EvsDriver: Delivered 0xb400007b7ca56900 as id 0
05-27 18:23:24.367  1167  1167 D evsmanagerd: /dev/video6 forwarded the buffer #0 to 0xb4000074bf5f5510 from 0xb4000074bf5f6d90
05-27 18:23:24.368   581   581 I SpiService: fgesysctrl_getGPIO_status success val=1
05-27 18:23:24.371   299  1153 D EvsDriver: doneWithFrame
05-27 18:23:24.374   581   581 I SpiService: fgesysctrl_getGPIO_status success val=1
05-27 18:23:24.377 13911 14183 I SentryImuMcuAngleSender: -179.98248rollDeg
05-27 18:23:24.377 13911 14183 I SentryImuMcuAngleSender: 1,0,0
05-27 18:23:24.377  1008 30856 D [OMXB]  : usingANWBuffer: handle:0xee742270, format:1, w:1920, h:1080
05-27 18:23:24.379   581   581 I SpiService: fgesysctrl_getGPIO_status success val=1
05-27 18:23:24.384   581   581 I SpiService: fgesysctrl_getGPIO_status success val=1
05-27 18:23:24.390   581   581 I SpiService: fgesysctrl_getGPIO_status success val=0
05-27 18:23:24.391   566 11459 I gps_hdbd: Received: '$GNGGA,003915.000,,,,,0,00,,,M,,M,,*68
'
05-27 18:23:24.391   566 11459 I gps_hdbd: Received: '$GNGSA,A,1,,,,,,,,,,,,,,,,1*1D
'
05-27 18:23:24.392  1008 30857 D [OMXB]  : usingANWBuffer: handle:0xee742ab0, format:1, w:1920, h:1080
05-27 18:23:24.396   536   536 D commservice260303: msg.id = 1028,0
05-27 18:23:24.396   536   536 D commservice260303: i = 170, msgid = 8A000404
05-27 18:23:24.396   536   536 D commservice260303: msgid = -1979710460,did=138
05-27 18:23:24.396   536   536 D commservice260303: CommProtocolLibCmdBaseI2C::dataproc {"command":{"id":"imu_status","sub":""},"content":{"TimeStamp":9,"FrameCounter":215080,"GD_X":-0.01160607673227787,"GD_Y":0.004963258747011423,"GD_Z":0.002443138277158141,"AD_X":-0.006667986512184143,"AD_Y":-0.002069321693852544,"AD_Z":-0.17316436767578125,"TempDsp":0,"Status":0,"CalibState":1,"SigAmpInvalid":0}},-1979710460
05-27 18:23:24.396   536   536 D commservice260303: send2Cluster len:314, 7B22636F6D6D616E64223A7B226964223A22696D755F737461747573222C22737562223A22227D2C22636F6E74656E74223A7B2254696D655374616D70223A392C224672616D65436F756E746572223A3231353038302C2247445F58223A2D302E30313136303630373637333232373738372C2247445F59223A302E3030343936333235383734373031313432332C2247445F5A223A302E3030323434333133383237373135383134312C2241445F58223A2D302E3030363636373938363531323138343134332C2241445F59223A2D302E3030323036393332313639333835323534342C2241445F5A223A2D302E31373331363433363736373537383132352C2254656D70447370223A302C22537461747573223A302C2243616C69625374617465223A312C22536967416D70496E76616C6964223A307D7D, 138 
05-27 18:23:24.396   536   536 D commservice260303: Push Message into SendPool fn=-125500672
05-27 18:23:24.396   536   536 D commservice260303: ComProtocolLibSend2Cluster::send2ClusterRaw fn=-125500672 , len=330
05-27 18:23:24.396   536   536 D commservice260303: sendCmdToPort :330!!!
05-27 18:23:24.396   536   536 D commservice260303: send Cmd To Port ++++5AA501468A01000385F86A16C61C7B22636F6D6D616E64223A7B226964223A22696D755F737461747573222C22737562223A22227D2C22636F6E74656E74223A7B2254696D655374616D70223A392C224672616D65436F756E746572223A3231353038302C2247445F58223A2D302E30313136303630373637333232373738372C2247445F59223A302E3030343936333235383734373031313432332C2247445F5A223A302E3030323434333133383237373135383134312C2241445F58223A2D302E3030363636373938363531323138343134332C2241445F59223A2D302E3030323036393332313639333835323534342C2241445F5A223A2D302E31373331363433363736373537383132352C2254656D70447370223A302C22537461747573223A302C2243616C69625374617465223A312C22536967416D70496E76616C6964223A307D7D42AA
05-27 18:23:24.396   536   536 D commservice260303: bufferevent_write retrun value = 0
05-27 18:23:24.396   536   560 D commservice260303: client datas send succeed,send finish
05-27 18:23:24.396 13911 14192 D Sentinelmode_1.2.5.17_sentry: <SentryImuClusterFgeSender>imu_status sent to Linux, frame=215080, tsNs=9271636, tsMs=9, intervalMs=39, ad=(-0.0066679865,-0.0020693217,-0.17316437), gd=(-0.011606077,0.0049632587,0.0024431383)
05-27 18:23:24.397   566 11459 I gps_hdbd: Received: '$GNGSA,A,1,,,,,,,,,,,,,,,,3*1F
'
05-27 18:23:24.397   566 11459 I gps_hdbd: Received: '$GNGSA,A,1,,,,,,,,,,,,,,,,4*18
'
05-27 18:23:24.398 13911 14183 I SentryImuMcuAngleSender: 180.0rollDeg
05-27 18:23:24.398 13911 14183 I SentryImuMcuAngleSender: 1,0,0
05-27 18:23:24.398   566 11459 I gps_hdbd: Received: '$BDGSV,1,1,00,1*75
'
05-27 18:23:24.402   299 30841 D EvsDriver: forwardFrame
05-27 18:23:24.402   299 30844 D EvsDriver: forwardFrame
05-27 18:23:24.405   581   581 I SpiService: fgesysctrl_getGPIO_status success val=1
05-27 18:23:24.405   566 11459 I gps_hdbd: Received: '$BDGSV,1,1,00,5*71
'
05-27 18:23:24.405   299 30844 D EvsDriver: Delivered 0xb400007b7ca56900 as id 0
05-27 18:23:24.406  1167  1167 D evsmanagerd: /dev/video4 forwarded the buffer #0 to 0xb4000074bf5f6850 from 0xb4000074bf5f41d0
05-27 18:23:24.406  1167  1184 D evsmanagerd: /dev/video6 forwarded the buffer #0 to 0xb4000074bf5f5510 from 0xb4000074bf5f6d90
05-27 18:23:24.406   299 30841 D EvsDriver: Delivered 0xb400007b7ca56a60 as id 0
05-27 18:23:24.409  1083  1083 I MyAppLog: [2026-05-27 18:23:24.408 I tboxap mcuSendYadiTransfer:196] [Mcu] [mcuYadiSend]: :00 08 57 04 01 09 81 02 01 01
05-27 18:23:24.410   299  1153 D EvsDriver: doneWithFrame
05-27 18:23:24.410   299  1163 D EvsDriver: doneWithFrame
05-27 18:23:24.410   581   581 I SpiService: fgesysctrl_getGPIO_status success val=1
05-27 18:23:24.412  1008 30856 D [OMXB]  : usingANWBuffer: handle:0xee744160, format:1, w:1920, h:1080
05-27 18:23:24.412   481   599 I mcuc    : start timer OK = 26054 
05-27 18:23:24.413 11344 11344 E SystemUI_NavBarFragment: SysUIConfig.icCarServiceConnected：false
05-27 18:23:24.416   581   581 I SpiService: fgesysctrl_getGPIO_status success val=1
05-27 18:23:24.417   566 11459 I gps_hdbd: Received: '$GPGSV,1,1,01,199,42,165,,1*60
'
05-27 18:23:24.418   566 11459 I gps_hdbd: Received: '$GPGSV,1,1,00,8*6D
'
05-27 18:23:24.418   566 11459 I gps_hdbd: Received: '$GAGSV,1,1,00,7*73
'
05-27 18:23:24.419 13911 14183 I SentryImuMcuAngleSender: 179.98248rollDeg
05-27 18:23:24.419 13911 14183 I SentryImuMcuAngleSender: 1,0,0
05-27 18:23:24.419   566 11459 I gps_hdbd: Received: '$GAGSV,1,1,00,1*75
'
05-27 18:23:24.419   566 11459 I gps_hdbd: Received: '$GNRMC,003915.000,V,,,,,,,270526,120.0,E,N,V*4B
'
05-27 18:23:24.419   566 11459 I gps_hdbd: RMC : CALL gnss_sv_status_cb, view_in_sat <1>
05-27 18:23:24.419   566 11459 I gps_hdbd: [reportSvStatus]--->PLATFORM_BSP::Enter
05-27 18:23:24.420   566 11459 I gps_hdbd: hy abnormal deal:hy_cnr30_satellite_cnt=0
05-27 18:23:24.420   566 11459 D gps_hdbd: hy abnormal deal:hy_fixStatus_fail_count=0
05-27 18:23:24.420  1083  1083 W MyAppLog: [2026-05-27 18:23:24.419 W tboxap gpsSyncGpsInfoToDm:361] [Gps] [gpsSyncGpsInfoToDm] fix=0 mode=49 corner:0x01 alt=0.00 sat=0 hdop=0.00 pdop=0.00 vdop=0.00
05-27 18:23:24.421   566 11459 I gps_hdbd: Received: '$GNZDA,003915.000,27,05,2026,00,00*40
'
05-27 18:23:24.422   581   581 I SpiService: fgesysctrl_getGPIO_status success val=1
05-27 18:23:24.427   581   581 I SpiService: fgesysctrl_getGPIO_status success val=1
05-27 18:23:24.433   581   581 I SpiService: fgesysctrl_getGPIO_status success val=0
05-27 18:23:24.433   481   597 I mcuc    : send SPI:6AA60165C600F80901570401098102010100000000000000000000000000000000000000000000000000000000000000000000000000000000000000000000000000000000000000000000000000000000000000000000000000000000000000000000000000000000000000000000000000000000000000000000000000000000000000000000000000000000000000000000000000000000000000000000000000000000000000000000000000000000000000000000000000000000000000000000000000000000000000000000000000000000000000000000000000000000000000000000000000000000000000000000000000000000000000000000E8
05-27 18:23:24.433  1008 30857 D [OMXB]  : usingANWBuffer: handle:0xee742b60, format:1, w:1920, h:1080
05-27 18:23:24.433   299 30841 D EvsDriver: forwardFrame
05-27 18:23:24.434   299 30841 D EvsDriver: Delivered 0xb400007b7ca56a60 as id 0
05-27 18:23:24.435  1167  1184 D evsmanagerd: /dev/video4 forwarded the buffer #0 to 0xb4000074bf5f6850 from 0xb4000074bf5f41d0
05-27 18:23:24.435   299 30844 D EvsDriver: forwardFrame
05-27 18:23:24.437   299 30844 D EvsDriver: Delivered 0xb400007b7ca56900 as id 0
05-27 18:23:24.437   536   536 D commservice260303: msg.id = 1028,0
05-27 18:23:24.437   536   536 D commservice260303: i = 170, msgid = 8A000404
05-27 18:23:24.437   536   536 D commservice260303: msgid = -1979710460,did=138
05-27 18:23:24.437   536   536 D commservice260303: CommProtocolLibCmdBaseI2C::dataproc {"command":{"id":"imu_status","sub":""},"content":{"TimeStamp":9,"FrameCounter":215081,"GD_X":-0.010766036808490753,"GD_Y":0.004809814505279064,"GD_Z":0.0023671966046094894,"AD_X":-0.004216000437736511,"AD_Y":3.6640604957938194E-4,"AD_Z":-0.16950416564941406,"TempDsp":0,"Status":0,"CalibState":1,"SigAmpInvalid":0}},-1979710460
05-27 18:23:24.437  1167  1184 D evsmanagerd: /dev/video6 forwarded the buffer #0 to 0xb4000074bf5f5510 from 0xb4000074bf5f6d90
05-27 18:23:24.437   536   536 D commservice260303: send2Cluster len:316, 7B22636F6D6D616E64223A7B226964223A22696D755F737461747573222C22737562223A22227D2C22636F6E74656E74223A7B2254696D655374616D70223A392C224672616D65436F756E746572223A3231353038312C2247445F58223A2D302E3031303736363033363830383439303735332C2247445F59223A302E3030343830393831343530353237393036342C2247445F5A223A302E303032333637313936363034363039343839342C2241445F58223A2D302E3030343231363030303433373733363531312C2241445F59223A332E36363430363034393537393338313934452D342C2241445F5A223A2D302E31363935303431363536343934313430362C2254656D70447370223A302C22537461747573223A302C2243616C69625374617465223A312C22536967416D70496E76616C6964223A307D7D, 138 
05-27 18:23:24.437   536   536 D commservice260303: Push Message into SendPool fn=-108723456
05-27 18:23:24.437   536   536 D commservice260303: ComProtocolLibSend2Cluster::send2ClusterRaw fn=-108723456 , len=332
05-27 18:23:24.437   536   536 D commservice260303: sendCmdToPort :332!!!
05-27 18:23:24.437   536   536 D commservice260303: send Cmd To Port ++++5AA501488A01000385F96A16C61C7B22636F6D6D616E64223A7B226964223A22696D755F737461747573222C22737562223A22227D2C22636F6E74656E74223A7B2254696D655374616D70223A392C224672616D65436F756E746572223A3231353038312C2247445F58223A2D302E3031303736363033363830383439303735332C2247445F59223A302E3030343830393831343530353237393036342C2247445F5A223A302E303032333637313936363034363039343839342C2241445F58223A2D302E3030343231363030303433373733363531312C2241445F59223A332E36363430363034393537393338313934452D342C2241445F5A223A2D302E31363935303431363536343934313430362C2254656D70447370223A302C22537461747573223A302C2243616C69625374617465223A312C22536967416D70496E76616C6964223A307D7D5124
05-27 18:23:24.437   536   536 D commservice260303: bufferevent_write retrun value = 0
05-27 18:23:24.437   299  1163 D EvsDriver: doneWithFrame
05-27 18:23:24.438   536   560 D commservice260303: client datas send succeed,send finish
05-27 18:23:24.438 13911 14192 D Sentinelmode_1.2.5.17_sentry: <SentryImuClusterFgeSender>imu_status sent to Linux, frame=215081, tsNs=9271677, tsMs=9, intervalMs=41, ad=(-0.0042160004,3.6640605E-4,-0.16950417), gd=(-0.010766037,0.0048098145,0.0023671966)
05-27 18:23:24.438 13911 14183 I SentryImuMcuAngleSender: 179.986rollDeg
05-27 18:23:24.438 13911 14183 I SentryImuMcuAngleSender: 1,0,0
05-27 18:23:24.441   299  1163 D EvsDriver: doneWithFrame
05-27 18:23:24.445   566 11459 I gps_hdbd: Received: '$GNINS,1,1,TYPE,I,V,003915.000,17866000,FUS,-7,0,0,0,MOT,V,1,PATT,0.00,0.00,0.00,VEL,0.000,0.000,0.000,POS,40.0001330924,116.0001570688,84.176,IIA,1,0.00,0.00,0.00,BGA,0.31,-0.66,-0.13,0.000,0.000,0.000,IGA,0,-1,0,0,-2,98,VG,16c2ff1*17
'
05-27 18:23:24.447   581   581 I SpiService: fgesysctrl_getGPIO_status success val=1
05-27 18:23:24.452   581   581 I SpiService: fgesysctrl_getGPIO_status success val=1
05-27 18:23:24.455   566 11459 I gps_hdbd: Received: '$GNINS,CARSPEED,ADR_STATUS,0,Pulse_count,0,1,0,0,17866000,92510,0.000,0.000,0.000*37
'
05-27 18:23:24.455   566 11459 I gps_hdbd: Received: '$GNTXT,04,01,04,INS,V,1,,,,FLG,1,000000,1,0,1,0,0,Con,0*71
'
05-27 18:23:24.458   581   581 I SpiService: fgesysctrl_getGPIO_status success val=1
05-27 18:23:24.458 13911 14183 I SentryImuMcuAngleSender: 179.986rollDeg
05-27 18:23:24.458 13911 14183 I SentryImuMcuAngleSender: 1,0,0
05-27 18:23:24.460   283   307 I rvcservice: t.code = 0, t.value = 2440
05-27 18:23:24.461  1008 30856 D [OMXB]  : usingANWBuffer: handle:0xee7421c0, format:1, w:1920, h:1080
05-27 18:23:24.461   566 11459 I gps_hdbd: Received: '$GNTXT,INSTALL,0.00,0.00,0.00,0.00,0.00,0.00,0*20
'
05-27 18:23:24.461   299 30841 D EvsDriver: forwardFrame
05-27 18:23:24.462   299 30844 D EvsDriver: forwardFrame
05-27 18:23:24.464   299 30841 D EvsDriver: Delivered 0xb400007b7ca56a60 as id 0
05-27 18:23:24.464  1167  1167 D evsmanagerd: /dev/video4 forwarded the buffer #0 to 0xb4000074bf5f6850 from 0xb4000074bf5f41d0
05-27 18:23:24.464   299 30844 D EvsDriver: Delivered 0xb400007b7ca56900 as id 0
05-27 18:23:24.464  1167  1167 D evsmanagerd: /dev/video6 forwarded the buffer #0 to 0xb4000074bf5f5510 from 0xb4000074bf5f6d90
05-27 18:23:24.464 30773 30773 E dvr_service_: [myNum:0] Received S**** loss
05-27 18:23:24.464   581   581 I SpiService: fgesysctrl_getGPIO_status success val=1
05-27 18:23:24.464 30773 30782 E dvr_service_: [myNum:1] Received S**** loss
05-27 18:23:24.465   299  1163 D EvsDriver: doneWithFrame
05-27 18:23:24.465   299  1153 D EvsDriver: doneWithFrame
05-27 18:23:24.470   581   581 I SpiService: fgesysctrl_getGPIO_status success val=1
05-27 18:23:24.475   581   581 I SpiService: fgesysctrl_getGPIO_status success val=0
05-27 18:23:24.475   572   572 I Sensors : 230 AccelSensor: x:-0.173239,y:0.002440,z:-9.979600
05-27 18:23:24.475  1008 30857 D [OMXB]  : usingANWBuffer: handle:0xee744b00, format:1, w:1920, h:1080
05-27 18:23:24.477   536   536 D commservice260303: msg.id = 1028,0
05-27 18:23:24.477   536   536 D commservice260303: i = 170, msgid = 8A000404
05-27 18:23:24.477   536   536 D commservice260303: msgid = -1979710460,did=138
05-27 18:23:24.477   536   536 D commservice260303: CommProtocolLibCmdBaseI2C::dataproc {"command":{"id":"imu_status","sub":""},"content":{"TimeStamp":9,"FrameCounter":215082,"GD_X":-0.012370175682008266,"GD_Y":0.00549693126231432,"GD_Z":0.002747945487499237,"AD_X":-0.0054280757904052734,"AD_Y":3.8266810588538647E-4,"AD_Z":-0.17438411712646484,"TempDsp":0,"Status":0,"CalibState":1,"SigAmpInvalid":0}},-1979710460
05-27 18:23:24.477   536   536 D commservice260303: send2Cluster len:315, 7B22636F6D6D616E64223A7B226964223A22696D755F737461747573222C22737562223A22227D2C22636F6E74656E74223A7B2254696D655374616D70223A392C224672616D65436F756E746572223A3231353038322C2247445F58223A2D302E3031323337303137353638323030383236362C2247445F59223A302E30303534393639333132363233313433322C2247445F5A223A302E3030323734373934353438373439393233372C2241445F58223A2D302E303035343238303735373930343035323733342C2241445F59223A332E38323636383130353838353338363437452D342C2241445F5A223A2D302E31373433383431313731323634363438342C2254656D70447370223A302C22537461747573223A302C2243616C69625374617465223A312C22536967416D70496E76616C6964223A307D7D, 138 
05-27 18:23:24.477   536   536 D commservice260303: Push Message into SendPool fn=-91946240
05-27 18:23:24.477   536   536 D commservice260303: ComProtocolLibSend2Cluster::send2ClusterRaw fn=-91946240 , len=331
05-27 18:23:24.477   536   536 D commservice260303: sendCmdToPort :331!!!
05-27 18:23:24.477   536   536 D commservice260303: send Cmd To Port ++++5AA501478A01000385FA6A16C61C7B22636F6D6D616E64223A7B226964223A22696D755F737461747573222C22737562223A22227D2C22636F6E74656E74223A7B2254696D655374616D70223A392C224672616D65436F756E746572223A3231353038322C2247445F58223A2D302E3031323337303137353638323030383236362C2247445F59223A302E30303534393639333132363233313433322C2247445F5A223A302E3030323734373934353438373439393233372C2241445F58223A2D302E303035343238303735373930343035323733342C2241445F59223A332E38323636383130353838353338363437452D342C2241445F5A223A2D302E31373433383431313731323634363438342C2254656D70447370223A302C22537461747573223A302C2243616C69625374617465223A312C22536967416D70496E76616C6964223A307D7D6AE1
05-27 18:23:24.477   536   536 D commservice260303: bufferevent_write retrun value = 0
05-27 18:23:24.478   536   560 D commservice260303: client datas send succeed,send finish
05-27 18:23:24.478 13911 14192 D Sentinelmode_1.2.5.17_sentry: <SentryImuClusterFgeSender>imu_status sent to Linux, frame=215082, tsNs=9271726, tsMs=9, intervalMs=40, ad=(-0.005428076,3.826681E-4,-0.17438412), gd=(-0.012370176,0.0054969313,0.0027479455)
05-27 18:23:24.479 13911 14183 I SentryImuMcuAngleSender: 179.986rollDeg
05-27 18:23:24.479 13911 14183 I SentryImuMcuAngleSender: 1,0,0
05-27 18:23:24.487   481   598 I mcuc    : rev,n=1,6AA681BAC5000A89006D0104090212345654
05-27 18:23:24.487  1121  1144 I tboxmids_ap: [2026-05-27 18:23:24.487] [MCU RX] src=MCU dst=ZMQ len=10 type=BINARY data=00 08 6D 01 04 09 02 12 34 56 
05-27 18:23:24.487   351   373 D automotive.vehicle@2.0-adayo-datacomm-mcu: MCUDatacomm sendMessageFromVehicle prop: 0x89, areaId: 0x0, status: 0x6d, timestamp: 0x1
05-27 18:23:24.487   351   373 D automotive.vehicle@2.0-adayo-datacomm-mcu: MCUDatacomm 1sendMessageFromVehicle ---> type = 12 
05-27 18:23:24.489  1083  1083 I MyAppLog: [2026-05-27 18:23:24.488 I tboxap mcuCommTboxmidsRecvCb:97] [Mcu] [mcuCommTboxmidsRecvCb] recv from tboxmids, size:10
05-27 18:23:24.489  1083  1083 I MyAppLog: [2026-05-27 18:23:24.488 I tboxap mcuCommTboxmidsRecvCb:98] [Mcu] [tboxmids -> tboxap]: :00 08 6D 01 04 09 02 12 34 56
05-27 18:23:24.489  1083  1083 I MyAppLog: [2026-05-27 18:23:24.488 I tboxap mcuPtlParseData:990] [Mcu] [Mcu  Parse]: (cmd):0902 (param):0902123456
05-27 18:23:24.489   299 30841 D EvsDriver: forwardFrame
05-27 18:23:24.489  1083  1083 W MyAppLog: [2026-05-27 18:23:24.488 W tboxap mcuParamDataRevPack:918] [Mcu] mcuParamDataRevPack start pack data!!!
05-27 18:23:24.489  1083  1083 W MyAppLog: [2026-05-27 18:23:24.488 W tboxap mcuHandlePowerReqInd:1739] [Mcu] [mcuHandlePowerReqInd] recv 0x0902 power req type:0x12
05-27 18:23:24.489   481   598 I mcuc    : rev,n=2,6AA681BAC6000A89006E0104093012345624
05-27 18:23:24.489   481   598 I mcuc    : rev,n=3,6AA68265C60002090147
05-27 18:23:24.490  1121  1144 I tboxmids_ap: [2026-05-27 18:23:24.489] [MCU RX] src=MCU dst=ZMQ len=10 type=BINARY data=00 08 6E 01 04 09 30 12 34 56 
05-27 18:23:24.490   581   581 I SpiService: fgesysctrl_getGPIO_status success val=1
05-27 18:23:24.490   351   373 D automotive.vehicle@2.0-adayo-datacomm-mcu: MCUDatacomm sendMessageFromVehicle prop: 0x89, areaId: 0x0, status: 0x6e, timestamp: 0x1
05-27 18:23:24.490   351   373 D automotive.vehicle@2.0-adayo-datacomm-mcu: MCUDatacomm 1sendMessageFromVehicle ---> type = 12 
05-27 18:23:24.491  1083  1083 I MyAppLog: [2026-05-27 18:23:24.490 I tboxap mcuCommTboxmidsRecvCb:97] [Mcu] [mcuCommTboxmidsRecvCb] recv from tboxmids, size:10
05-27 18:23:24.491  1083  1083 I MyAppLog: [2026-05-27 18:23:24.490 I tboxap mcuCommTboxmidsRecvCb:98] [Mcu] [tboxmids -> tboxap]: :00 08 6E 01 04 09 30 12 34 56
05-27 18:23:24.491  1083  1083 W MyAppLog: [2026-05-27 18:23:24.490 W tboxap mcuYadiFrameParse:852] [Mcu] [mcuYadiFrameParse] cmd:0930(MCU_REMOTE_CTRL_RSP_IND) payload too short:5 < 8
05-27 18:23:24.491  1083  1083 W MyAppLog: [2026-05-27 18:23:24.490 W tboxap mcuPtlParseData:982] [Mcu] [mcuPtlParseData] invalid yadi frame, len:10
05-27 18:23:24.491   299 30841 D EvsDriver: Delivered 0xb400007b7ca56a60 as id 0
05-27 18:23:24.492  1167  1184 D evsmanagerd: /dev/video4 forwarded the buffer #0 to 0xb4000074bf5f6850 from 0xb4000074bf5f41d0
05-27 18:23:24.495   581   581 I SpiService: fgesysctrl_getGPIO_status success val=1
05-27 18:23:24.495   299  1153 D EvsDriver: doneWithFrame
05-27 18:23:24.499 13911 14183 I SentryImuMcuAngleSender: 179.97198rollDeg
05-27 18:23:24.499 13911 14183 I SentryImuMcuAngleSender: 1,0,0
05-27 18:23:24.501   581   581 I SpiService: fgesysctrl_getGPIO_status success val=1
05-27 18:23:24.501   299 30844 D EvsDriver: forwardFrame
05-27 18:23:24.502   299 30844 D EvsDriver: Delivered 0xb400007b7ca56900 as id 0
05-27 18:23:24.502  1167  1184 D evsmanagerd: /dev/video6 forwarded the buffer #0 to 0xb4000074bf5f5510 from 0xb4000074bf5f6d90
05-27 18:23:24.505   299  1153 D EvsDriver: doneWithFrame
05-27 18:23:24.506   581   581 I SpiService: fgesysctrl_getGPIO_status success val=1
05-27 18:23:24.507  1008 30856 D [OMXB]  : usingANWBuffer: handle:0xee742530, format:1, w:1920, h:1080
05-27 18:23:24.512   581   581 I SpiService: fgesysctrl_getGPIO_status success val=1
05-27 18:23:24.517   581   581 I SpiService: fgesysctrl_getGPIO_status success val=0
05-27 18:23:24.518   481   597 I mcuc    : send SPI:6AA602BAC500028900F46AA602BAC600028900F3
05-27 18:23:24.518  1008 30857 D [OMXB]  : usingANWBuffer: handle:0xee743710, format:1, w:1920, h:1080
05-27 18:23:24.518 30773 30789 I dvr_service_: Camera 1: MediaOK:75018118, frames:1720, isKeyFrame:0,pts:9271484644
05-27 18:23:24.519   536   536 D commservice260303: msg.id = 1028,0
05-27 18:23:24.519   536   536 D commservice260303: i = 170, msgid = 8A000404
05-27 18:23:24.519   536   536 D commservice260303: msgid = -1979710460,did=138
05-27 18:23:24.519   536   536 D commservice260303: CommProtocolLibCmdBaseI2C::dataproc {"command":{"id":"imu_status","sub":""},"content":{"TimeStamp":9,"FrameCounter":215083,"GD_X":-0.012139749713242054,"GD_Y":0.005345047451555729,"GD_Z":0.0023671966046094894,"AD_X":-0.0029841065406799316,"AD_Y":3.727299626916647E-4,"AD_Z":-0.17072391510009766,"TempDsp":0,"Status":0,"CalibState":1,"SigAmpInvalid":0}},-1979710460
05-27 18:23:24.520   536   536 D commservice260303: send2Cluster len:316, 7B22636F6D6D616E64223A7B226964223A22696D755F737461747573222C22737562223A22227D2C22636F6E74656E74223A7B2254696D655374616D70223A392C224672616D65436F756E746572223A3231353038332C2247445F58223A2D302E3031323133393734393731333234323035342C2247445F59223A302E3030353334353034373435313535353732392C2247445F5A223A302E303032333637313936363034363039343839342C2241445F58223A2D302E303032393834313036353430363739393331362C2241445F59223A332E373237323939363236393136363437452D342C2241445F5A223A2D302E31373037323339313531303030393736362C2254656D70447370223A302C22537461747573223A302C2243616C69625374617465223A312C22536967416D70496E76616C6964223A307D7D, 138 
05-27 18:23:24.520   536   536 D commservice260303: Push Message into SendPool fn=-75169024
05-27 18:23:24.520 13911 14183 I SentryImuMcuAngleSender: 179.986rollDeg
05-27 18:23:24.520   536   536 D commservice260303: ComProtocolLibSend2Cluster::send2ClusterRaw fn=-75169024 , len=332
05-27 18:23:24.520 13911 14183 I SentryImuMcuAngleSender: 1,0,0
05-27 18:23:24.520   536   536 D commservice260303: sendCmdToPort :332!!!
05-27 18:23:24.520   536   536 D commservice260303: send Cmd To Port ++++5AA501488A01000385FB6A16C61C7B22636F6D6D616E64223A7B226964223A22696D755F737461747573222C22737562223A22227D2C22636F6E74656E74223A7B2254696D655374616D70223A392C224672616D65436F756E746572223A3231353038332C2247445F58223A2D302E3031323133393734393731333234323035342C2247445F59223A302E3030353334353034373435313535353732392C2247445F5A223A302E303032333637313936363034363039343839342C2241445F58223A2D302E303032393834313036353430363739393331362C2241445F59223A332E373237323939363236393136363437452D342C2241445F5A223A2D302E31373037323339313531303030393736362C2254656D70447370223A302C22537461747573223A302C2243616C69625374617465223A312C22536967416D70496E76616C6964223A307D7DB661
05-27 18:23:24.520   536   536 D commservice260303: bufferevent_write retrun value = 0
05-27 18:23:24.520   536   560 D commservice260303: client datas send succeed,send finish
05-27 18:23:24.520 13911 14192 D Sentinelmode_1.2.5.17_sentry: <SentryImuClusterFgeSender>imu_status sent to Linux, frame=215083, tsNs=9271759, tsMs=9, intervalMs=43, ad=(-0.0029841065,3.7272996E-4,-0.17072392), gd=(-0.01213975,0.0053450475,0.0023671966)
05-27 18:23:24.523   299 30841 D EvsDriver: forwardFrame
05-27 18:23:24.524   299 30841 D EvsDriver: Delivered 0xb400007b7ca56a60 as id 0
05-27 18:23:24.524  1167  1184 D evsmanagerd: /dev/video4 forwarded the buffer #0 to 0xb4000074bf5f6850 from 0xb4000074bf5f41d0
05-27 18:23:24.528   299  1153 D EvsDriver: doneWithFrame
05-27 18:23:24.532   581   581 I SpiService: fgesysctrl_getGPIO_status success val=1
05-27 18:23:24.533   299 30844 D EvsDriver: forwardFrame
05-27 18:23:24.536  1167  1184 D evsmanagerd: /dev/video6 forwarded the buffer #0 to 0xb4000074bf5f5510 from 0xb4000074bf5f6d90
05-27 18:23:24.536   299 30844 D EvsDriver: Delivered 0xb400007b7ca56900 as id 0
05-27 18:23:24.538   581   581 I SpiService: fgesysctrl_getGPIO_status success val=1
05-27 18:23:24.539   299  1153 D EvsDriver: doneWithFrame
05-27 18:23:24.540 13911 14183 I SentryImuMcuAngleSender: 179.993rollDeg
05-27 18:23:24.540 13911 14183 I SentryImuMcuAngleSender: 1,0,0
05-27 18:23:24.543   581   581 I SpiService: fgesysctrl_getGPIO_status success val=1
05-27 18:23:24.543  1008 30857 D [OMXB]  : usingANWBuffer: handle:0xee746cb0, format:1, w:1920, h:1080
05-27 18:23:24.544   536   760 I commservice260303: [mcuCommFunctionTcp::ProtocolCheckConnectTimeOutProc:613] keyID:256,tcpEvent:5,tcpcount:0,heartbeat:1,noHeartBeatNumber:0,endispatch:0,strState:0
05-27 18:23:24.544   536   760 D commservice260303: ProtocolCheckConnectTimeOutProc,629,clear heartbeat
05-27 18:23:24.549   581   581 I SpiService: fgesysctrl_getGPIO_status success val=1
05-27 08:14:33.519   581   581 D spi_rst_gpio_get_output: GPIO 145 value: 0
05-27 08:14:33.519   581   581 D spidev_ioctl: gpio status=0)
05-27 18:23:24.554   581   581 I SpiService: fgesysctrl_getGPIO_status success val=0
05-27 18:23:24.559  1008 30856 D [OMXB]  : usingANWBuffer: handle:0xee7435b0, format:1, w:1920, h:1080
05-27 18:23:24.559 30773 30789 I dvr_service_: Camera 0: MediaOK:75050708, frames:1710, isKeyFrame:0,pts:9271485853
05-27 18:23:24.560   536   536 D commservice260303: msg.id = 1028,0
05-27 18:23:24.560   536   536 D commservice260303: i = 170, msgid = 8A000404
05-27 18:23:24.560   536   536 D commservice260303: msgid = -1979710460,did=138
05-27 18:23:24.560   536   536 D commservice260303: CommProtocolLibCmdBaseI2C::dataproc {"command":{"id":"imu_status","sub":""},"content":{"TimeStamp":9,"FrameCounter":215084,"GD_X":-0.011300750076770782,"GD_Y":0.004963258747011423,"GD_Z":0.0022902146447449923,"AD_X":6.560236215591431E-4,"AD_Y":-0.0020575544331222773,"AD_Z":-0.17072391510009766,"TempDsp":0,"Status":0,"CalibState":1,"SigAmpInvalid":0}},-1979710460
05-27 18:23:24.560   536   536 D commservice260303: send2Cluster len:316, 7B22636F6D6D616E64223A7B226964223A22696D755F737461747573222C22737562223A22227D2C22636F6E74656E74223A7B2254696D655374616D70223A392C224672616D65436F756E746572223A3231353038342C2247445F58223A2D302E3031313330303735303037363737303738322C2247445F59223A302E3030343936333235383734373031313432332C2247445F5A223A302E303032323930323134363434373434393932332C2241445F58223A362E353630323336323135353931343331452D342C2241445F59223A2D302E303032303537353534343333313232323737332C2241445F5A223A2D302E31373037323339313531303030393736362C2254656D70447370223A302C22537461747573223A302C2243616C69625374617465223A312C22536967416D70496E76616C6964223A307D7D, 138 
05-27 18:23:24.561   536   536 D commservice260303: Push Message into SendPool fn=-58391808
05-27 18:23:24.561   536   536 D commservice260303: ComProtocolLibSend2Cluster::send2ClusterRaw fn=-58391808 , len=332
05-27 18:23:24.561   283   307 I rvcservice: t.code = 3, t.value = 0
05-27 18:23:24.561   536   536 D commservice260303: sendCmdToPort :332!!!
05-27 18:23:24.561   536   536 D commservice260303: send Cmd To Port ++++5AA501488A01000385FC6A16C61C7B22636F6D6D616E64223A7B226964223A22696D755F737461747573222C22737562223A22227D2C22636F6E74656E74223A7B2254696D655374616D70223A392C224672616D65436F756E746572223A3231353038342C2247445F58223A2D302E3031313330303735303037363737303738322C2247445F59223A302E3030343936333235383734373031313432332C2247445F5A223A302E303032323930323134363434373434393932332C2241445F58223A362E353630323336323135353931343331452D342C2241445F59223A2D302E303032303537353534343333313232323737332C2241445F5A223A2D302E31373037323339313531303030393736362C2254656D70447370223A302C22537461747573223A302C2243616C69625374617465223A312C22536967416D70496E76616C6964223A307D7DBF3E
05-27 18:23:24.561   536   536 D commservice260303: bufferevent_write retrun value = 0
05-27 18:23:24.561 13911 14183 I SentryImuMcuAngleSender: 180.0rollDeg
05-27 18:23:24.561 13911 14183 I SentryImuMcuAngleSender: 1,0,0
05-27 18:23:24.561 13911 14192 D Sentinelmode_1.2.5.17_sentry: <SentryImuClusterFgeSender>imu_status sent to Linux, frame=215084, tsNs=9271795, tsMs=9, intervalMs=41, ad=(6.560236E-4,-0.0020575544,-0.17072392), gd=(-0.01130075,0.0049632587,0.0022902146)
05-27 18:23:24.562   572   622 I Sensors : 230 GyroSensor: x:-0.010995,y:0.005345,z:0.002214
05-27 18:23:24.563   536   560 D commservice260303: client datas send succeed,send finish
05-27 18:23:24.565   299 30841 D EvsDriver: forwardFrame
05-27 18:23:24.566   299 30844 D EvsDriver: forwardFrame
05-27 18:23:24.568   299 30841 D EvsDriver: Delivered 0xb400007b7ca56a60 as id 0
05-27 18:23:24.568  1167  1184 D evsmanagerd: /dev/video4 forwarded the buffer #0 to 0xb4000074bf5f6850 from 0xb4000074bf5f41d0
05-27 18:23:24.568   299 30844 D EvsDriver: Delivered 0xb400007b7ca56900 as id 0
05-27 18:23:24.568  1167  1167 D evsmanagerd: /dev/video6 forwarded the buffer #0 to 0xb4000074bf5f5510 from 0xb4000074bf5f6d90
05-27 18:23:24.568   581   581 I SpiService: fgesysctrl_getGPIO_status success val=1
05-27 08:14:33.533   581   581 D spi_rst_gpio_get_output: GPIO 145 value: 1
05-27 18:23:24.574   581   581 I SpiService: fgesysctrl_getGPIO_status success val=1
05-27 18:23:24.574   299  1153 D EvsDriver: doneWithFrame
05-27 08:14:33.539   581   581 D spi_rst_gpio_get_output: GPIO 145 value: 1
05-27 18:23:24.576   299  1153 D EvsDriver: doneWithFrame
05-27 18:23:24.580   581   581 I SpiService: fgesysctrl_getGPIO_status success val=1
05-27 18:23:24.581 13911 14183 I SentryImuMcuAngleSender: 180.0rollDeg
05-27 18:23:24.582 13911 14183 I SentryImuMcuAngleSender: 1,0,0
05-27 18:23:24.585   581   581 I SpiService: fgesysctrl_getGPIO_status success val=1
05-27 18:23:24.587  1008 30857 D [OMXB]  : usingANWBuffer: handle:0xee7407a0, format:1, w:1920, h:1080
05-27 18:23:24.591   581   581 I SpiService: fgesysctrl_getGPIO_status success val=1
05-27 18:23:24.594   299 30841 D EvsDriver: forwardFrame
05-27 18:23:24.594   299 30844 D EvsDriver: forwardFrame
05-27 18:23:24.596   299 30844 D EvsDriver: Delivered 0xb400007b7ca56900 as id 0
05-27 18:23:24.596   299 30841 D EvsDriver: Delivered 0xb400007b7ca56a60 as id 0
05-27 18:23:24.596  1167  1184 D evsmanagerd: /dev/video6 forwarded the buffer #0 to 0xb4000074bf5f5510 from 0xb4000074bf5f6d90
05-27 18:23:24.596  1167  1167 D evsmanagerd: /dev/video4 forwarded the buffer #0 to 0xb4000074bf5f6850 from 0xb4000074bf5f41d0
05-27 18:23:24.596   581   581 I SpiService: fgesysctrl_getGPIO_status success val=0
05-27 18:23:24.600   299  1153 D EvsDriver: doneWithFrame
05-27 18:23:24.600   299  1163 D EvsDriver: doneWithFrame
05-27 18:23:24.601   536   536 D commservice260303: msg.id = 1028,0
05-27 18:23:24.601   536   536 D commservice260303: i = 170, msgid = 8A000404
05-27 18:23:24.601   536   536 D commservice260303: msgid = -1979710460,did=138
05-27 18:23:24.601   536   536 D commservice260303: CommProtocolLibCmdBaseI2C::dataproc {"command":{"id":"imu_status","sub":""},"content":{"TimeStamp":9,"FrameCounter":215085,"GD_X":-0.01160607673227787,"GD_Y":0.004809814505279064,"GD_Z":0.002747945487499237,"AD_X":6.218999624252319E-4,"AD_Y":3.963359631597996E-4,"AD_Z":-0.17072391510009766,"TempDsp":0,"Status":0,"CalibState":1,"SigAmpInvalid":0}},-1979710460
05-27 18:23:24.601   536   536 D commservice260303: send2Cluster len:312, 7B22636F6D6D616E64223A7B226964223A22696D755F737461747573222C22737562223A22227D2C22636F6E74656E74223A7B2254696D655374616D70223A392C224672616D65436F756E746572223A3231353038352C2247445F58223A2D302E30313136303630373637333232373738372C2247445F59223A302E3030343830393831343530353237393036342C2247445F5A223A302E3030323734373934353438373439393233372C2241445F58223A362E323138393939363234323532333139452D342C2241445F59223A332E393633333539363331353937393936452D342C2241445F5A223A2D302E31373037323339313531303030393736362C2254656D70447370223A302C22537461747573223A302C2243616C69625374617465223A312C22536967416D70496E76616C6964223A307D7D, 138 
05-27 18:23:24.601   536   536 D commservice260303: Push Message into SendPool fn=-41614592
05-27 18:23:24.601   536   536 D commservice260303: ComProtocolLibSend2Cluster::send2ClusterRaw fn=-41614592 , len=328
05-27 18:23:24.601   536   536 D commservice260303: sendCmdToPort :328!!!
05-27 18:23:24.601   536   536 D commservice260303: send Cmd To Port ++++5AA501448A01000385FD6A16C61C7B22636F6D6D616E64223A7B226964223A22696D755F737461747573222C22737562223A22227D2C22636F6E74656E74223A7B2254696D655374616D70223A392C224672616D65436F756E746572223A3231353038352C2247445F58223A2D302E30313136303630373637333232373738372C2247445F59223A302E3030343830393831343530353237393036342C2247445F5A223A302E3030323734373934353438373439393233372C2241445F58223A362E323138393939363234323532333139452D342C2241445F59223A332E393633333539363331353937393936452D342C2241445F5A223A2D302E31373037323339313531303030393736362C2254656D70447370223A302C22537461747573223A302C2243616C69625374617465223A312C22536967416D70496E76616C6964223A307D7D168D
05-27 18:23:24.601   536   536 D commservice260303: bufferevent_write retrun value = 0
05-27 18:23:24.602 13911 14192 D Sentinelmode_1.2.5.17_sentry: <SentryImuClusterFgeSender>imu_status sent to Linux, frame=215085, tsNs=9271848, tsMs=9, intervalMs=40, ad=(6.2189996E-4,3.9633596E-4,-0.17072392), gd=(-0.011606077,0.0048098145,0.0027479455)
05-27 18:23:24.602 13911 14183 I SentryImuMcuAngleSender: 179.986rollDeg
05-27 18:23:24.602 13911 14183 I SentryImuMcuAngleSender: 1,0,0
05-27 18:23:24.605   536   560 D commservice260303: client datas send succeed,send finish
05-27 18:23:24.606  1008 30856 D [OMXB]  : usingANWBuffer: handle:0xee7428a0, format:1, w:1920, h:1080
05-27 18:23:24.611   581   581 I SpiService: fgesysctrl_getGPIO_status success val=1
05-27 18:23:24.616   581   581 I SpiService: fgesysctrl_getGPIO_status success val=1
05-27 18:23:24.622   581   581 I SpiService: fgesysctrl_getGPIO_status success val=1
05-27 18:23:24.622 13911 14183 I SentryImuMcuAngleSender: 179.97197rollDeg
05-27 18:23:24.622 13911 14183 I SentryImuMcuAngleSender: 1,0,0
05-27 18:23:24.622  5733  5761 D ANWStack: Realtek Bluetooth :01 01 10 00
05-27 18:23:24.627   581   581 I SpiService: fgesysctrl_getGPIO_status success val=1
05-27 18:23:24.628   299 30844 D EvsDriver: forwardFrame
05-27 18:23:24.629   299 30841 D EvsDriver: forwardFrame
05-27 08:14:33.592   581   581 D spi_rst_gpio_get_output: GPIO 145 value: 1
05-27 08:14:33.592   581   581 D spidev_ioctl: gpio status=1)
05-27 18:23:24.629   299 30844 D EvsDriver: Delivered 0xb400007b7ca56900 as id 0
05-27 18:23:24.630   299 30841 D EvsDriver: Delivered 0xb400007b7ca56a60 as id 0
05-27 18:23:24.630  1167  1167 D evsmanagerd: /dev/video4 forwarded the buffer #0 to 0xb4000074bf5f6850 from 0xb4000074bf5f41d0
05-27 18:23:24.630  1167  1184 D evsmanagerd: /dev/video6 forwarded the buffer #0 to 0xb4000074bf5f5510 from 0xb4000074bf5f6d90
05-27 18:23:24.630 30773 30782 E dvr_service_: [myNum:1] Received S**** loss
05-27 18:23:24.630 30773 30773 E dvr_service_: [myNum:0] Received S**** loss
05-27 18:23:24.630   299  1163 D EvsDriver: doneWithFrame
05-27 18:23:24.630   299  1153 D EvsDriver: doneWithFrame
05-27 08:14:33.594   303   303 I [Audio:SBLCK] p_tt: 1197887,1197887
05-27 08:14:33.597   581   581 D spi_rst_gpio_get_output: GPIO 145 value: 1
05-27 18:23:24.632  1008 30856 D [OMXB]  : usingANWBuffer: handle:0xee746310, format:1, w:1920, h:1080
05-27 18:23:24.633   581   581 I SpiService: fgesysctrl_getGPIO_status success val=1
05-27 18:23:24.639   581   581 I SpiService: fgesysctrl_getGPIO_status success val=0
05-27 18:23:24.641   536   536 D commservice260303: msg.id = 1028,0
05-27 18:23:24.642   536   536 D commservice260303: i = 170, msgid = 8A000404
05-27 18:23:24.642   536   536 D commservice260303: msgid = -1979710460,did=138
05-27 18:23:24.642   536   536 D commservice260303: CommProtocolLibCmdBaseI2C::dataproc {"command":{"id":"imu_status","sub":""},"content":{"TimeStamp":9,"FrameCounter":215086,"GD_X":-0.011223767884075642,"GD_Y":0.004656890872865915,"GD_Z":0.002443138277158141,"AD_X":-0.0030439645051956177,"AD_Y":0.004034748766571283,"AD_Z":-0.16706466674804688,"TempDsp":0,"Status":0,"CalibState":1,"SigAmpInvalid":0}},-1979710460
05-27 18:23:24.642   536   536 D commservice260303: send2Cluster len:315, 7B22636F6D6D616E64223A7B226964223A22696D755F737461747573222C22737562223A22227D2C22636F6E74656E74223A7B2254696D655374616D70223A392C224672616D65436F756E746572223A3231353038362C2247445F58223A2D302E3031313232333736373838343037353634322C2247445F59223A302E3030343635363839303837323836353931352C2247445F5A223A302E3030323434333133383237373135383134312C2241445F58223A2D302E303033303433393634353035313935363137372C2241445F59223A302E3030343033343734383736363537313238332C2241445F5A223A2D302E31363730363436363637343830343638382C2254656D70447370223A302C22537461747573223A302C2243616C69625374617465223A312C22536967416D70496E76616C6964223A307D7D, 138 
05-27 18:23:24.642   536   536 D commservice260303: Push Message into SendPool fn=-24837376
05-27 18:23:24.642   536   536 D commservice260303: ComProtocolLibSend2Cluster::send2ClusterRaw fn=-24837376 , len=331
05-27 18:23:24.642   536   536 D commservice260303: sendCmdToPort :331!!!
05-27 18:23:24.642   536   536 D commservice260303: send Cmd To Port ++++5AA501478A01000385FE6A16C61C7B22636F6D6D616E64223A7B226964223A22696D755F737461747573222C22737562223A22227D2C22636F6E74656E74223A7B2254696D655374616D70223A392C224672616D65436F756E746572223A3231353038362C2247445F58223A2D302E3031313232333736373838343037353634322C2247445F59223A302E3030343635363839303837323836353931352C2247445F5A223A302E3030323434333133383237373135383134312C2241445F58223A2D302E303033303433393634353035313935363137372C2241445F59223A302E3030343033343734383736363537313238332C2241445F5A223A2D302E31363730363436363637343830343638382C2254656D70447370223A302C22537461747573223A302C2243616C69625374617465223A312C22536967416D70496E76616C6964223A307D7DF51B
05-27 18:23:24.642   536   536 D commservice260303: bufferevent_write retrun value = 0
05-27 18:23:24.642   536   560 D commservice260303: client datas send succeed,send finish
05-27 18:23:24.642 13911 14192 D Sentinelmode_1.2.5.17_sentry: <SentryImuClusterFgeSender>imu_status sent to Linux, frame=215086, tsNs=9271884, tsMs=9, intervalMs=41, ad=(-0.0030439645,0.0040347488,-0.16706467), gd=(-0.011223768,0.004656891,0.0024431383)
05-27 18:23:24.643 13911 14183 I SentryImuMcuAngleSender: 179.96495rollDeg
05-27 18:23:24.643 13911 14183 I SentryImuMcuAngleSender: 1,0,0
05-27 18:23:24.647  1008 30857 D [OMXB]  : usingANWBuffer: handle:0xee740430, format:1, w:1920, h:1080
05-27 18:23:24.653   581   581 I SpiService: fgesysctrl_getGPIO_status success val=1
05-27 18:23:24.658   581   581 I SpiService: fgesysctrl_getGPIO_status success val=1
05-27 18:23:24.661   283   307 I rvcservice: t.code = 7, t.value = 9271726
05-27 18:23:24.663   299 30841 D EvsDriver: forwardFrame
05-27 18:23:24.663   299 30841 D EvsDriver: Delivered 0xb400007b7ca56a60 as id 0
05-27 18:23:24.664  1167  1167 D evsmanagerd: /dev/video4 forwarded the buffer #0 to 0xb4000074bf5f6850 from 0xb4000074bf5f41d0
05-27 18:23:24.664   299 30844 D EvsDriver: forwardFrame
05-27 18:23:24.664 13911 14183 I SentryImuMcuAngleSender: 179.97197rollDeg
05-27 18:23:24.664 13911 14183 I SentryImuMcuAngleSender: 1,0,0
05-27 18:23:24.664   581   581 I SpiService: fgesysctrl_getGPIO_status success val=1
05-27 18:23:24.664   299 30844 D EvsDriver: Delivered 0xb400007b7ca56900 as id 0
05-27 18:23:24.665  1167  1167 D evsmanagerd: /dev/video6 forwarded the buffer #0 to 0xb4000074bf5f5510 from 0xb4000074bf5f6d90
05-27 18:23:24.666   299  1153 D EvsDriver: doneWithFrame
05-27 18:23:24.669   572   622 I Sensors : 230 AccelSensor: x:-0.169580,y:0.002440,z:-9.976550
05-27 18:23:24.669   581   581 I SpiService: fgesysctrl_getGPIO_status success val=1
05-27 18:23:24.671   299  1153 D EvsDriver: doneWithFrame
05-27 18:23:24.671  1008 30856 D [OMXB]  : usingANWBuffer: handle:0xee741c40, format:1, w:1920, h:1080
05-27 18:23:24.676   581   581 I SpiService: fgesysctrl_getGPIO_status success val=1
05-27 08:14:33.640   581   581 D spi_rst_gpio_get_output: GPIO 145 value: 1
05-27 08:14:33.640   581   581 D spidev_ioctl: gpio status=1)
05-27 18:23:24.681   581   581 I SpiService: fgesysctrl_getGPIO_status success val=0
05-27 18:23:24.681   536   536 D commservice260303: msg.id = 1028,1
05-27 18:23:24.681   536   536 D commservice260303: i = 170, msgid = 8A000404
05-27 18:23:24.681   536   536 D commservice260303: msgid = -1979710460,did=138
05-27 18:23:24.681   536   536 D commservice260303: CommProtocolLibCmdBaseI2C::dataproc {"command":{"id":"imu_status","sub":""},"content":{"TimeStamp":9,"FrameCounter":215087,"GD_X":-0.011453153565526009,"GD_Y":0.004352083895355463,"GD_Z":0.002519079949706793,"AD_X":-0.0018276721239089966,"AD_Y":3.645231481641531E-4,"AD_Z":-0.17133426666259766,"TempDsp":0,"Status":0,"CalibState":1,"SigAmpInvalid":0}},-1979710460
05-27 18:23:24.682   536   536 D commservice260303: send2Cluster len:315, 7B22636F6D6D616E64223A7B226964223A22696D755F737461747573222C22737562223A22227D2C22636F6E74656E74223A7B2254696D655374616D70223A392C224672616D65436F756E746572223A3231353038372C2247445F58223A2D302E3031313435333135333536353532363030392C2247445F59223A302E3030343335323038333839353335353436332C2247445F5A223A302E3030323531393037393934393730363739332C2241445F58223A2D302E303031383237363732313233393038393936362C2241445F59223A332E363435323331343831363431353331452D342C2241445F5A223A2D302E31373133333432363636363235393736362C2254656D70447370223A302C22537461747573223A302C2243616C69625374617465223A312C22536967416D70496E76616C6964223A307D7D, 138 
05-27 18:23:24.682   536   536 D commservice260303: Push Message into SendPool fn=-8060160
05-27 18:23:24.682   536   536 D commservice260303: ComProtocolLibSend2Cluster::send2ClusterRaw fn=-8060160 , len=331
05-27 18:23:24.682   536   536 D commservice260303: sendCmdToPort :331!!!
05-27 18:23:24.682   536   536 D commservice260303: send Cmd To Port ++++5AA501478A01000385FF6A16C61C7B22636F6D6D616E64223A7B226964223A22696D755F737461747573222C22737562223A22227D2C22636F6E74656E74223A7B2254696D655374616D70223A392C224672616D65436F756E746572223A3231353038372C2247445F58223A2D302E3031313435333135333536353532363030392C2247445F59223A302E3030343335323038333839353335353436332C2247445F5A223A302E3030323531393037393934393730363739332C2241445F58223A2D302E303031383237363732313233393038393936362C2241445F59223A332E363435323331343831363431353331452D342C2241445F5A223A2D302E31373133333432363636363235393736362C2254656D70447370223A302C22537461747573223A302C2243616C69625374617465223A312C22536967416D70496E76616C6964223A307D7D695A
05-27 18:23:24.682   536   536 D commservice260303: bufferevent_write retrun value = 0
05-27 18:23:24.682   536   560 D commservice260303: client datas send succeed,send finish
05-27 18:23:24.682 13911 14192 D Sentinelmode_1.2.5.17_sentry: <SentryImuClusterFgeSender>imu_status sent to Linux, frame=215087, tsNs=9271920, tsMs=9, intervalMs=40, ad=(-0.0018276721,3.6452315E-4,-0.17133427), gd=(-0.011453154,0.004352084,0.00251908)
05-27 18:23:24.685 13911 14183 I SentryImuMcuAngleSender: 179.986rollDeg
05-27 18:23:24.685 13911 14183 I SentryImuMcuAngleSender: 1,0,0
05-27 18:23:24.688  1008 30857 D [OMXB]  : usingANWBuffer: handle:0xee743240, format:1, w:1920, h:1080
05-27 18:23:24.689   299 30841 D EvsDriver: forwardFrame
05-27 18:23:24.689   299 30844 D EvsDriver: forwardFrame
05-27 18:23:24.691   299 30844 D EvsDriver: Delivered 0xb400007b7ca56900 as id 0
05-27 18:23:24.691  1167  1167 D evsmanagerd: /dev/video6 forwarded the buffer #0 to 0xb4000074bf5f5510 from 0xb4000074bf5f6d90
05-27 18:23:24.693   299 30841 D EvsDriver: Delivered 0xb400007b7ca56a60 as id 0
05-27 18:23:24.693  1167  1167 D evsmanagerd: /dev/video4 forwarded the buffer #0 to 0xb4000074bf5f6850 from 0xb4000074bf5f41d0
05-27 18:23:24.695   299  1153 D EvsDriver: doneWithFrame
05-27 18:23:24.695   299  1163 D EvsDriver: doneWithFrame
05-27 18:23:24.696   581   581 I SpiService: fgesysctrl_getGPIO_status success val=1
05-27 18:23:24.701   581   581 I SpiService: fgesysctrl_getGPIO_status success val=1
05-27 18:23:24.705 13911 14183 I SentryImuMcuAngleSender: 179.993rollDeg
05-27 18:23:24.705 13911 14183 I SentryImuMcuAngleSender: 1,0,0
05-27 18:23:24.707   581   581 I SpiService: fgesysctrl_getGPIO_status success val=1
05-27 18:23:24.713   581   581 I SpiService: fgesysctrl_getGPIO_status success val=1
05-27 18:23:24.714  1008 30856 D [OMXB]  : usingANWBuffer: handle:0xee742ed0, format:1, w:1920, h:1080
05-27 18:23:24.718   581   581 I SpiService: fgesysctrl_getGPIO_status success val=0
05-27 18:23:24.722   536   536 D commservice260303: msg.id = 1028,0
05-27 18:23:24.722   536   536 D commservice260303: i = 170, msgid = 8A000404
05-27 18:23:24.722   536   536 D commservice260303: msgid = -1979710460,did=138
05-27 18:23:24.722   536   536 D commservice260303: CommProtocolLibCmdBaseI2C::dataproc {"command":{"id":"imu_status","sub":""},"content":{"TimeStamp":9,"FrameCounter":215088,"GD_X":-0.011070843786001205,"GD_Y":0.004963258747011423,"GD_Z":0.002519079949706793,"AD_X":-0.0030501186847686768,"AD_Y":-8.510581683367491E-4,"AD_Z":-0.17072391510009766,"TempDsp":0,"Status":0,"CalibState":1,"SigAmpInvalid":0}},-1979710460
05-27 18:23:24.722   536   536 D commservice260303: send2Cluster len:316, 7B22636F6D6D616E64223A7B226964223A22696D755F737461747573222C22737562223A22227D2C22636F6E74656E74223A7B2254696D655374616D70223A392C224672616D65436F756E746572223A3231353038382C2247445F58223A2D302E3031313037303834333738363030313230352C2247445F59223A302E3030343936333235383734373031313432332C2247445F5A223A302E3030323531393037393934393730363739332C2241445F58223A2D302E303033303530313138363834373638363736382C2241445F59223A2D382E353130353831363833333637343931452D342C2241445F5A223A2D302E31373037323339313531303030393736362C2254656D70447370223A302C22537461747573223A302C2243616C69625374617465223A312C22536967416D70496E76616C6964223A307D7D, 138 
05-27 18:23:24.722   536   536 D commservice260303: Push Message into SendPool fn=8782592
05-27 18:23:24.722   536   536 D commservice260303: ComProtocolLibSend2Cluster::send2ClusterRaw fn=8782592 , len=332
05-27 18:23:24.722   536   536 D commservice260303: sendCmdToPort :332!!!
05-27 18:23:24.723   536   536 D commservice260303: send Cmd To Port ++++5AA501488A01000386006A16C61C7B22636F6D6D616E64223A7B226964223A22696D755F737461747573222C22737562223A22227D2C22636F6E74656E74223A7B2254696D655374616D70223A392C224672616D65436F756E746572223A3231353038382C2247445F58223A2D302E3031313037303834333738363030313230352C2247445F59223A302E3030343936333235383734373031313432332C2247445F5A223A302E3030323531393037393934393730363739332C2241445F58223A2D302E303033303530313138363834373638363736382C2241445F59223A2D382E353130353831363833333637343931452D342C2241445F5A223A2D302E31373037323339313531303030393736362C2254656D70447370223A302C22537461747573223A302C2243616C69625374617465223A312C22536967416D70496E76616C6964223A307D7D0C11
05-27 18:23:24.723   536   536 D commservice260303: bufferevent_write retrun value = 0
05-27 18:23:24.723   536   560 D commservice260303: client datas send succeed,send finish
