05-27 18:23:21.862  1167  1167 D evsmanagerd: /dev/video6 forwarded the buffer #0 to 0xb4000074bf5f5510 from 0xb4000074bf5f6d90
05-27 18:23:21.862   299 30844 D EvsDriver: Delivered 0xb400007b7ca56900 as id 0
05-27 08:14:30.819   581   581 D spi_rst_gpio_get_output: GPIO 145 value: 0
05-27 08:14:30.819   581   581 D spidev_ioctl: gpio status=0)
05-27 08:14:30.833   581   581 D spi_rst_gpio_get_output: GPIO 145 value: 1
05-27 08:14:30.833   581   581 D spidev_ioctl: gpio status=1)
05-27 18:23:21.865   299  1163 D EvsDriver: doneWithFrame
05-27 18:23:21.866   299  1153 D EvsDriver: doneWithFrame
05-27 18:23:21.868  1008 30856 D [OMXB]  : usingANWBuffer: handle:0xee7428a0, format:1, w:1920, h:1080
05-27 18:23:21.869   581   581 I SpiService: fgesysctrl_getGPIO_status success val=1
05-27 18:23:21.873 13911 14183 I SentryImuMcuAngleSender: 180.0rollDeg
05-27 18:23:21.873 13911 14183 I SentryImuMcuAngleSender: 1,0,0
05-27 18:23:21.874   581   581 I SpiService: fgesysctrl_getGPIO_status success val=1
05-27 18:23:21.875   536   536 D commservice260303: msg.id = 1028,0
05-27 18:23:21.876   536   536 D commservice260303: i = 170, msgid = 8A000404
05-27 18:23:21.876   536   536 D commservice260303: msgid = -1979710460,did=138
05-27 18:23:21.876   536   536 D commservice260303: CommProtocolLibCmdBaseI2C::dataproc {"command":{"id":"imu_status","sub":""},"content":{"TimeStamp":9,"FrameCounter":215018,"GD_X":-0.01160607673227787,"GD_Y":0.004276141989976168,"GD_Z":0.0023671966046094894,"AD_X":-6.228834390640259E-4,"AD_Y":-0.002010945463553071,"AD_Z":-0.16950416564941406,"TempDsp":0,"Status":0,"CalibState":1,"SigAmpInvalid":0}},-1979710460
05-27 18:23:21.876   536   536 D commservice260303: send2Cluster len:315, 7B22636F6D6D616E64223A7B226964223A22696D755F737461747573222C22737562223A22227D2C22636F6E74656E74223A7B2254696D655374616D70223A392C224672616D65436F756E746572223A3231353031382C2247445F58223A2D302E30313136303630373637333232373738372C2247445F59223A302E3030343237363134313938393937363136382C2247445F5A223A302E303032333637313936363034363039343839342C2241445F58223A2D362E323238383334333930363430323539452D342C2241445F59223A2D302E3030323031303934353436333535333037312C2241445F5A223A2D302E31363935303431363536343934313430362C2254656D70447370223A302C22537461747573223A302C2243616C69625374617465223A312C22536967416D70496E76616C6964223A307D7D, 138 
05-27 08:14:30.839   581   581 D spi_rst_gpio_get_output: GPIO 145 value: 1
05-27 08:14:30.839   581   581 D spidev_ioctl: gpio status=1)
05-27 18:23:21.876   536   536 D commservice260303: Push Message into SendPool fn=-1182465280
05-27 18:23:21.876   536   536 D commservice260303: ComProtocolLibSend2Cluster::send2ClusterRaw fn=-1182465280 , len=331
05-27 18:23:21.876   536   536 D commservice260303: sendCmdToPort :331!!!
05-27 18:23:21.876   536   536 D commservice260303: send Cmd To Port ++++5AA501478A01000385B96A16C6197B22636F6D6D616E64223A7B226964223A22696D755F737461747573222C22737562223A22227D2C22636F6E74656E74223A7B2254696D655374616D70223A392C224672616D65436F756E746572223A3231353031382C2247445F58223A2D302E30313136303630373637333232373738372C2247445F59223A302E3030343237363134313938393937363136382C2247445F5A223A302E303032333637313936363034363039343839342C2241445F58223A2D362E323238383334333930363430323539452D342C2241445F59223A2D302E3030323031303934353436333535333037312C2241445F5A223A2D302E31363935303431363536343934313430362C2254656D70447370223A302C22537461747573223A302C2243616C69625374617465223A312C22536967416D70496E76616C6964223A307D7DEEC2
05-27 18:23:21.876   536   536 D commservice260303: bufferevent_write retrun value = 0
05-27 18:23:21.876   536   560 D commservice260303: client datas send succeed,send finish
05-27 18:23:21.877 13911 14192 D Sentinelmode_1.2.5.17_sentry: <SentryImuClusterFgeSender>imu_status sent to Linux, frame=215018, tsNs=9269121, tsMs=9, intervalMs=39, ad=(-6.2288344E-4,-0.0020109455,-0.16950417), gd=(-0.011606077,0.004276142,0.0023671966)
05-27 18:23:21.869  5776  5776 I auditd  : type=1400 audit(0.0:48063): avc: denied { search } for comm="chown" name="/" dev="vda93" ino=2 scontext=u:r:toolbox:s0 tcontext=u:object_r:log_data_file:s0 tclass=dir permissive=1
05-27 18:23:21.869  5776  5776 I chown   : type=1400 audit(0.0:48063): avc: denied { search } for name="/" dev="vda93" ino=2 scontext=u:r:toolbox:s0 tcontext=u:object_r:log_data_file:s0 tclass=dir permissive=1
05-27 08:14:30.845   581   581 D spi_rst_gpio_get_output: GPIO 145 value: 1
05-27 08:14:30.845   581   581 D spidev_ioctl: gpio status=1)
05-27 18:23:21.880   581   581 I SpiService: fgesysctrl_getGPIO_status success val=1
05-27 18:23:21.885   581   581 I SpiService: fgesysctrl_getGPIO_status success val=1
05-27 08:14:30.850   581   581 D spi_rst_gpio_get_output: GPIO 145 value: 1
05-27 08:14:30.850   581   581 D spidev_ioctl: gpio status=1)
05-27 18:23:21.891   581   581 I SpiService: fgesysctrl_getGPIO_status success val=1
05-27 18:23:21.893 13911 14183 I SentryImuMcuAngleSender: 179.986rollDeg
05-27 18:23:21.893 13911 14183 I SentryImuMcuAngleSender: 1,0,0
05-27 08:14:30.856   581   581 D spidev_ioctl: gpio status=1)
05-27 18:23:21.894  1008 30857 D [OMXB]  : usingANWBuffer: handle:0xee744bb0, format:1, w:1920, h:1080
05-27 18:23:21.895   299 30841 D EvsDriver: forwardFrame
05-27 18:23:21.897   581   581 I SpiService: fgesysctrl_getGPIO_status success val=0
05-27 18:23:21.897   299 30844 D EvsDriver: forwardFrame
05-27 18:23:21.898   299 30841 D EvsDriver: Delivered 0xb400007b7ca56a60 as id 0
05-27 18:23:21.899   299 30844 D EvsDriver: Delivered 0xb400007b7ca56900 as id 0
05-27 18:23:21.899  1167  1184 D evsmanagerd: /dev/video6 forwarded the buffer #0 to 0xb4000074bf5f5510 from 0xb4000074bf5f6d90
05-27 18:23:21.899  1167  1167 D evsmanagerd: /dev/video4 forwarded the buffer #0 to 0xb4000074bf5f6850 from 0xb4000074bf5f41d0
05-27 08:14:30.862   581   581 D spi_rst_gpio_get_output: GPIO 145 value: 0
05-27 08:14:30.862   581   581 D spidev_ioctl: gpio status=0)
05-27 18:23:21.908   299  1153 D EvsDriver: doneWithFrame
05-27 18:23:21.909   299  1163 D EvsDriver: doneWithFrame
05-27 18:23:21.916 13911 14183 I SentryImuMcuAngleSender: 179.986rollDeg
05-27 18:23:21.916 13911 14183 I SentryImuMcuAngleSender: 1,0,0
05-27 18:23:21.916   536   536 D commservice260303: msg.id = 1028,0
05-27 18:23:21.917   536   536 D commservice260303: i = 170, msgid = 8A000404
05-27 18:23:21.917   536   536 D commservice260303: msgid = -1979710460,did=138
05-27 18:23:21.917   536   536 D commservice260303: CommProtocolLibCmdBaseI2C::dataproc {"command":{"id":"imu_status","sub":""},"content":{"TimeStamp":9,"FrameCounter":215019,"GD_X":-0.010994902811944485,"GD_Y":0.004656890872865915,"GD_Z":0.0016030981205403805,"AD_X":-0.004280835390090942,"AD_Y":4.263268783688545E-4,"AD_Z":-0.16828536987304688,"TempDsp":0,"Status":0,"CalibState":1,"SigAmpInvalid":0}},-1979710460
05-27 18:23:21.917   581   581 I SpiService: fgesysctrl_getGPIO_status success val=1
05-27 18:23:21.917   536   536 D commservice260303: send2Cluster len:315, 7B22636F6D6D616E64223A7B226964223A22696D755F737461747573222C22737562223A22227D2C22636F6E74656E74223A7B2254696D655374616D70223A392C224672616D65436F756E746572223A3231353031392C2247445F58223A2D302E3031303939343930323831313934343438352C2247445F59223A302E3030343635363839303837323836353931352C2247445F5A223A302E303031363033303938313230353430333830352C2241445F58223A2D302E3030343238303833353339303039303934322C2241445F59223A342E323633323638373833363838353435452D342C2241445F5A223A2D302E31363832383533363938373330343638382C2254656D70447370223A302C22537461747573223A302C2243616C69625374617465223A312C22536967416D70496E76616C6964223A307D7D, 138 
05-27 18:23:21.917   536   536 D commservice260303: Push Message into SendPool fn=-1165688064
05-27 18:23:21.917   536   536 D commservice260303: ComProtocolLibSend2Cluster::send2ClusterRaw fn=-1165688064 , len=331
05-27 18:23:21.917   536   536 D commservice260303: sendCmdToPort :331!!!
05-27 18:23:21.917   536   536 D commservice260303: send Cmd To Port ++++5AA501478A01000385BA6A16C6197B22636F6D6D616E64223A7B226964223A22696D755F737461747573222C22737562223A22227D2C22636F6E74656E74223A7B2254696D655374616D70223A392C224672616D65436F756E746572223A3231353031392C2247445F58223A2D302E3031303939343930323831313934343438352C2247445F59223A302E3030343635363839303837323836353931352C2247445F5A223A302E303031363033303938313230353430333830352C2241445F58223A2D302E3030343238303833353339303039303934322C2241445F59223A342E323633323638373833363838353435452D342C2241445F5A223A2D302E31363832383533363938373330343638382C2254656D70447370223A302C22537461747573223A302C2243616C69625374617465223A312C22536967416D70496E76616C6964223A307D7D7C8A
05-27 18:23:21.917   536   536 D commservice260303: bufferevent_write retrun value = 0
05-27 18:23:21.917   536   560 D commservice260303: client datas send succeed,send finish
05-27 18:23:21.918 13911 14192 D Sentinelmode_1.2.5.17_sentry: <SentryImuClusterFgeSender>imu_status sent to Linux, frame=215019, tsNs=9269159, tsMs=9, intervalMs=40, ad=(-0.0042808354,4.2632688E-4,-0.16828537), gd=(-0.010994903,0.004656891,0.0016030981)
05-27 08:14:30.881   581   581 D spi_rst_gpio_get_output: GPIO 145 value: 1
05-27 08:14:30.881   581   581 D spidev_ioctl: gpio status=1)
05-27 18:23:21.922  1008 30856 D [OMXB]  : usingANWBuffer: handle:0xee744000, format:1, w:1920, h:1080
05-27 18:23:21.922   581   581 I SpiService: fgesysctrl_getGPIO_status success val=1
05-27 18:23:21.923   572   622 I Sensors : 230 AccelSensor: x:-0.173239,y:0.001220,z:-9.972281
05-27 08:14:30.887   581   581 D spi_rst_gpio_get_output: GPIO 145 value: 1
05-27 08:14:30.887   581   581 D spidev_ioctl: gpio status=1)
05-27 18:23:21.928   581   581 I SpiService: fgesysctrl_getGPIO_status success val=1
05-27 08:14:30.893   581   581 D spi_rst_gpio_get_output: GPIO 145 value: 1
05-27 08:14:30.893   581   581 D spidev_ioctl: gpio status=1)
05-27 18:23:21.930   299 30841 D EvsDriver: forwardFrame
05-27 18:23:21.932   299 30844 D EvsDriver: forwardFrame
05-27 18:23:21.934  1167  1167 D evsmanagerd: /dev/video4 forwarded the buffer #0 to 0xb4000074bf5f6850 from 0xb4000074bf5f41d0
05-27 18:23:21.934   299 30844 D EvsDriver: Delivered 0xb400007b7ca56900 as id 0
05-27 18:23:21.934   581   581 I SpiService: fgesysctrl_getGPIO_status success val=1
05-27 18:23:21.934  1167  1167 D evsmanagerd: /dev/video6 forwarded the buffer #0 to 0xb4000074bf5f5510 from 0xb4000074bf5f6d90
05-27 08:14:30.899   581   581 D spi_rst_gpio_get_output: GPIO 145 value: 1
05-27 08:14:30.899   581   581 D spidev_ioctl: gpio status=1)
05-27 18:23:21.937 13911 14183 I SentryImuMcuAngleSender: 179.99298rollDeg
05-27 18:23:21.939 13911 14183 I SentryImuMcuAngleSender: 1,0,0
05-27 18:23:21.939   299 30841 D EvsDriver: Delivered 0xb400007b7ca56a60 as id 0
05-27 18:23:21.939   299  1163 D EvsDriver: doneWithFrame
05-27 18:23:21.940   581   581 I SpiService: fgesysctrl_getGPIO_status success val=0
05-27 18:23:21.941   299  1163 D EvsDriver: doneWithFrame
05-27 08:14:30.905   581   581 D spi_rst_gpio_get_output: GPIO 145 value: 0
05-27 08:14:30.905   581   581 D spidev_ioctl: gpio status=0)
05-27 18:23:21.948  1008 30857 D [OMXB]  : usingANWBuffer: handle:0xee744fd0, format:1, w:1920, h:1080
05-27 18:23:21.952   283   307 I rvcservice: t.code = 4, t.value = 0
05-27 18:23:21.955   581   581 I SpiService: fgesysctrl_getGPIO_status success val=1
05-27 08:14:30.919   581   581 D spi_rst_gpio_get_output: GPIO 145 value: 1
05-27 08:14:30.919   581   581 D spidev_ioctl: gpio status=1)
05-27 18:23:21.957   536   536 D commservice260303: msg.id = 1028,0
05-27 18:23:21.957   536   536 D commservice260303: i = 170, msgid = 8A000404
05-27 18:23:21.957   536   536 D commservice260303: msgid = -1979710460,did=138
05-27 18:23:21.957   536   536 D commservice260303: CommProtocolLibCmdBaseI2C::dataproc {"command":{"id":"imu_status","sub":""},"content":{"TimeStamp":9,"FrameCounter":215020,"GD_X":-0.01153013575822115,"GD_Y":0.005268065724521875,"GD_Z":0.0018319635419175029,"AD_X":-0.004267886281013489,"AD_Y":-7.87690281867981E-4,"AD_Z":-0.16828536987304688,"TempDsp":0,"Status":0,"CalibState":1,"SigAmpInvalid":0}},-1979710460
05-27 18:23:21.957   536   536 D commservice260303: send2Cluster len:314, 7B22636F6D6D616E64223A7B226964223A22696D755F737461747573222C22737562223A22227D2C22636F6E74656E74223A7B2254696D655374616D70223A392C224672616D65436F756E746572223A3231353032302C2247445F58223A2D302E30313135333031333537353832323131352C2247445F59223A302E3030353236383036353732343532313837352C2247445F5A223A302E303031383331393633353431393137353032392C2241445F58223A2D302E3030343236373838363238313031333438392C2241445F59223A2D372E3837363930323831383637393831452D342C2241445F5A223A2D302E31363832383533363938373330343638382C2254656D70447370223A302C22537461747573223A302C2243616C69625374617465223A312C22536967416D70496E76616C6964223A307D7D, 138 
05-27 18:23:21.958   536   536 D commservice260303: Push Message into SendPool fn=-1148910848
05-27 18:23:21.958   536   536 D commservice260303: ComProtocolLibSend2Cluster::send2ClusterRaw fn=-1148910848 , len=330
05-27 18:23:21.958   536   536 D commservice260303: sendCmdToPort :330!!!
05-27 18:23:21.958   536   536 D commservice260303: send Cmd To Port ++++5AA501468A01000385BB6A16C6197B22636F6D6D616E64223A7B226964223A22696D755F737461747573222C22737562223A22227D2C22636F6E74656E74223A7B2254696D655374616D70223A392C224672616D65436F756E746572223A3231353032302C2247445F58223A2D302E30313135333031333537353832323131352C2247445F59223A302E3030353236383036353732343532313837352C2247445F5A223A302E303031383331393633353431393137353032392C2241445F58223A2D302E3030343236373838363238313031333438392C2241445F59223A2D372E3837363930323831383637393831452D342C2241445F5A223A2D302E31363832383533363938373330343638382C2254656D70447370223A302C22537461747573223A302C2243616C69625374617465223A312C22536967416D70496E76616C6964223A307D7DF3E2
05-27 18:23:21.958   536   536 D commservice260303: bufferevent_write retrun value = 0
05-27 18:23:21.958   536   560 D commservice260303: client datas send succeed,send finish
05-27 18:23:21.958 13911 14192 D Sentinelmode_1.2.5.17_sentry: <SentryImuClusterFgeSender>imu_status sent to Linux, frame=215020, tsNs=9269197, tsMs=9, intervalMs=41, ad=(-0.0042678863,-7.876903E-4,-0.16828537), gd=(-0.011530136,0.0052680657,0.0018319635)
05-27 18:23:21.959 13911 14183 I SentryImuMcuAngleSender: 179.98598rollDeg
05-27 18:23:21.959 13911 14183 I SentryImuMcuAngleSender: 1,0,0
05-27 18:23:21.960   299 30844 D EvsDriver: forwardFrame
05-27 18:23:21.961   581   581 I SpiService: fgesysctrl_getGPIO_status success val=1
05-27 08:14:30.925   581   581 D spi_rst_gpio_get_output: GPIO 145 value: 1
05-27 08:14:30.925   581   581 D spidev_ioctl: gpio status=1)
05-27 18:23:21.961  1167  1167 D evsmanagerd: /dev/video6 forwarded the buffer #0 to 0xb4000074bf5f5510 from 0xb4000074bf5f6d90
05-27 18:23:21.961   299 30844 D EvsDriver: Delivered 0xb400007b7ca56900 as id 0
05-27 18:23:21.961 30773 30782 E dvr_service_: [myNum:1] Received S**** loss
05-27 18:23:21.962   299  1163 D EvsDriver: doneWithFrame
05-27 18:23:21.966   581   581 I SpiService: fgesysctrl_getGPIO_status success val=1
05-27 18:23:21.967   299 30841 D EvsDriver: forwardFrame
05-27 08:14:30.931   581   581 D spi_rst_gpio_get_output: GPIO 145 value: 1
05-27 08:14:30.931   581   581 D spidev_ioctl: gpio status=1)
05-27 18:23:21.970   299 30841 D EvsDriver: Delivered 0xb400007b7ca56a60 as id 0
05-27 18:23:21.970  1167  1167 D evsmanagerd: /dev/video4 forwarded the buffer #0 to 0xb4000074bf5f6850 from 0xb4000074bf5f41d0
05-27 18:23:21.970 30773 30782 E dvr_service_: [myNum:0] Received S**** loss
05-27 18:23:21.970   299  1163 D EvsDriver: doneWithFrame
05-27 18:23:21.972   581   581 I SpiService: fgesysctrl_getGPIO_status success val=1
05-27 08:14:30.936   581   581 D spi_rst_gpio_get_output: GPIO 145 value: 1
05-27 08:14:30.937   581   581 D spidev_ioctl: gpio status=1)
05-27 18:23:21.977   581   581 I SpiService: fgesysctrl_getGPIO_status success val=0
05-27 18:23:21.979 13911 14183 I SentryImuMcuAngleSender: 179.98598rollDeg
05-27 18:23:21.979 13911 14183 I SentryImuMcuAngleSender: 1,0,0
05-27 18:23:21.981  1008 30857 D [OMXB]  : usingANWBuffer: handle:0xee7416c0, format:1, w:1920, h:1080
05-27 08:14:30.942   581   581 D spi_rst_gpio_get_output: GPIO 145 value: 0
05-27 08:14:30.942   581   581 D spidev_ioctl: gpio status=0)
05-27 18:23:21.992   581   581 I SpiService: fgesysctrl_getGPIO_status success val=1
05-27 08:14:30.956   581   581 D spi_rst_gpio_get_output: GPIO 145 value: 1
05-27 08:14:30.956   581   581 D spidev_ioctl: gpio status=1)
05-27 18:23:21.994   299 30844 D EvsDriver: forwardFrame
05-27 18:23:21.995   299 30841 D EvsDriver: forwardFrame
05-27 18:23:21.998   581   581 I SpiService: fgesysctrl_getGPIO_status success val=1
05-27 18:23:21.998   536   536 D commservice260303: msg.id = 1028,0
05-27 18:23:21.998   536   536 D commservice260303: i = 170, msgid = 8A000404
05-27 18:23:21.998   536   536 D commservice260303: msgid = -1979710460,did=138
05-27 18:23:21.998   536   536 D commservice260303: CommProtocolLibCmdBaseI2C::dataproc {"command":{"id":"imu_status","sub":""},"content":{"TimeStamp":9,"FrameCounter":215021,"GD_X":-0.011682018637657166,"GD_Y":0.0057257963344454765,"GD_Z":0.0020608289632946253,"AD_X":-0.004242837429046631,"AD_Y":-1.8047529738396406E-4,"AD_Z":-0.16828536987304688,"TempDsp":0,"Status":0,"CalibState":1,"SigAmpInvalid":0}},-1979710460
05-27 18:23:21.998   536   536 D commservice260303: send2Cluster len:318, 7B22636F6D6D616E64223A7B226964223A22696D755F737461747573222C22737562223A22227D2C22636F6E74656E74223A7B2254696D655374616D70223A392C224672616D65436F756E746572223A3231353032312C2247445F58223A2D302E3031313638323031383633373635373136362C2247445F59223A302E303035373235373936333334343435343736352C2247445F5A223A302E303032303630383238393633323934363235332C2241445F58223A2D302E3030343234323833373432393034363633312C2241445F59223A2D312E38303437353239373338333936343036452D342C2241445F5A223A2D302E31363832383533363938373330343638382C2254656D70447370223A302C22537461747573223A302C2243616C69625374617465223A312C22536967416D70496E76616C6964223A307D7D, 138 
05-27 18:23:21.998   536   536 D commservice260303: Push Message into SendPool fn=-1132133632
05-27 18:23:21.998   536   536 D commservice260303: ComProtocolLibSend2Cluster::send2ClusterRaw fn=-1132133632 , len=334
05-27 18:23:21.998   536   536 D commservice260303: sendCmdToPort :334!!!
05-27 18:23:21.999   536   536 D commservice260303: send Cmd To Port ++++5AA5014A8A01000385BC6A16C6197B22636F6D6D616E64223A7B226964223A22696D755F737461747573222C22737562223A22227D2C22636F6E74656E74223A7B2254696D655374616D70223A392C224672616D65436F756E746572223A3231353032312C2247445F58223A2D302E3031313638323031383633373635373136362C2247445F59223A302E303035373235373936333334343435343736352C2247445F5A223A302E303032303630383238393633323934363235332C2241445F58223A2D302E3030343234323833373432393034363633312C2241445F59223A2D312E38303437353239373338333936343036452D342C2241445F5A223A2D302E31363832383533363938373330343638382C2254656D70447370223A302C22537461747573223A302C2243616C69625374617465223A312C22536967416D70496E76616C6964223A307D7DA187
05-27 18:23:21.999   536   536 D commservice260303: bufferevent_write retrun value = 0
05-27 18:23:21.999 13911 14192 D Sentinelmode_1.2.5.17_sentry: <SentryImuClusterFgeSender>imu_status sent to Linux, frame=215021, tsNs=9269245, tsMs=9, intervalMs=41, ad=(-0.0042428374,-1.804753E-4,-0.16828537), gd=(-0.011682019,0.0057257963,0.002060829)
05-27 18:23:21.999   536   560 D commservice260303: client datas send succeed,send finish
05-27 18:23:21.999   299 30841 D EvsDriver: Delivered 0xb400007b7ca56a60 as id 0
05-27 18:23:21.999  1167  1167 D evsmanagerd: /dev/video4 forwarded the buffer #0 to 0xb4000074bf5f6850 from 0xb4000074bf5f41d0
05-27 18:23:22.000  1167  1167 D evsmanagerd: /dev/video6 forwarded the buffer #0 to 0xb4000074bf5f5510 from 0xb4000074bf5f6d90
05-27 18:23:22.000   299 30844 D EvsDriver: Delivered 0xb400007b7ca56900 as id 0
05-27 18:23:22.001 13911 14183 I SentryImuMcuAngleSender: 179.98949rollDeg
05-27 18:23:22.001 13911 14183 I SentryImuMcuAngleSender: 1,0,0
05-27 08:14:30.962   581   581 D spi_rst_gpio_get_output: GPIO 145 value: 1
05-27 08:14:30.962   581   581 D spidev_ioctl: gpio status=1)
05-27 18:23:22.001  1008 30856 D [OMXB]  : usingANWBuffer: handle:0xee740220, format:1, w:1920, h:1080
05-27 18:23:22.003   581   581 I SpiService: fgesysctrl_getGPIO_status success val=1
05-27 18:23:22.004   299  1153 D EvsDriver: doneWithFrame
05-27 18:23:22.004   299  1163 D EvsDriver: doneWithFrame
05-27 08:14:30.968   581   581 D spi_rst_gpio_get_output: GPIO 145 value: 1
05-27 08:14:30.968   581   581 D spidev_ioctl: gpio status=1)
05-27 18:23:22.008   581   581 I SpiService: fgesysctrl_getGPIO_status success val=1
05-27 08:14:30.973   581   581 D spi_rst_gpio_get_output: GPIO 145 value: 1
05-27 08:14:30.973   581   581 D spidev_ioctl: gpio status=1)
05-27 18:23:22.012   572   572 I Sensors : 230 GyroSensor: x:-0.012064,y:0.006032,z:0.002138
05-27 18:23:22.014   581   581 I SpiService: fgesysctrl_getGPIO_status success val=1
05-27 08:14:30.978   581   581 D spi_rst_gpio_get_output: GPIO 145 value: 1
05-27 08:14:30.978   581   581 D spidev_ioctl: gpio status=1)
05-27 18:23:22.019   581   581 I SpiService: fgesysctrl_getGPIO_status success val=1
05-27 08:14:30.984   581   581 D spi_rst_gpio_get_output: GPIO 145 value: 1
05-27 08:14:30.984   581   581 D spidev_ioctl: gpio status=1)
05-27 18:23:22.021 13911 14183 I SentryImuMcuAngleSender: 179.99298rollDeg
05-27 18:23:22.021 13911 14183 I SentryImuMcuAngleSender: 1,0,0
05-27 18:23:22.025   581   581 I SpiService: fgesysctrl_getGPIO_status success val=0
05-27 08:14:30.989   581   581 D spi_rst_gpio_get_output: GPIO 145 value: 0
05-27 08:14:30.990   581   581 D spidev_ioctl: gpio status=0)
05-27 18:23:22.034  1008 30857 D [OMXB]  : usingANWBuffer: handle:0xee7407a0, format:1, w:1920, h:1080
05-27 18:23:22.035   299 30844 D EvsDriver: forwardFrame
05-27 18:23:22.036   299 30841 D EvsDriver: forwardFrame
05-27 18:23:22.037   299 30841 D EvsDriver: Delivered 0xb400007b7ca56a60 as id 0
05-27 18:23:22.038  1167  1167 D evsmanagerd: /dev/video4 forwarded the buffer #0 to 0xb4000074bf5f6850 from 0xb4000074bf5f41d0
05-27 18:23:22.038  1167  1184 D evsmanagerd: /dev/video6 forwarded the buffer #0 to 0xb4000074bf5f5510 from 0xb4000074bf5f6d90
05-27 18:23:22.038   299 30844 D EvsDriver: Delivered 0xb400007b7ca56900 as id 0
05-27 18:23:22.042   581   581 I SpiService: fgesysctrl_getGPIO_status success val=1
05-27 18:23:22.042   536   536 D commservice260303: msg.id = 1028,1
05-27 18:23:22.042   536   536 D commservice260303: i = 170, msgid = 8A000404
05-27 18:23:22.042   536   536 D commservice260303: msgid = -1979710460,did=138
05-27 18:23:22.042   536   536 D commservice260303: CommProtocolLibCmdBaseI2C::dataproc {"command":{"id":"imu_status","sub":""},"content":{"TimeStamp":9,"FrameCounter":215022,"GD_X":-0.011300750076770782,"GD_Y":0.0056498548947274685,"GD_Z":0.0022902146447449923,"AD_X":-0.001811012625694275,"AD_Y":-0.0020008243154734373,"AD_Z":-0.16645431518554688,"TempDsp":0,"Status":0,"CalibState":1,"SigAmpInvalid":0}},-1979710460
05-27 18:23:22.043   536   536 D commservice260303: send2Cluster len:318, 7B22636F6D6D616E64223A7B226964223A22696D755F737461747573222C22737562223A22227D2C22636F6E74656E74223A7B2254696D655374616D70223A392C224672616D65436F756E746572223A3231353032322C2247445F58223A2D302E3031313330303735303037363737303738322C2247445F59223A302E303035363439383534383934373237343638352C2247445F5A223A302E303032323930323134363434373434393932332C2241445F58223A2D302E3030313831313031323632353639343237352C2241445F59223A2D302E303032303030383234333135343733343337332C2241445F5A223A2D302E31363634353433313531383535343638382C2254656D70447370223A302C22537461747573223A302C2243616C69625374617465223A312C22536967416D70496E76616C6964223A307D7D, 138 
05-27 18:23:22.043   299  1153 D EvsDriver: doneWithFrame
05-27 18:23:22.043   299  1163 D EvsDriver: doneWithFrame
05-27 18:23:22.043   536   536 D commservice260303: Push Message into SendPool fn=-1115356416
05-27 18:23:22.043   536   536 D commservice260303: ComProtocolLibSend2Cluster::send2ClusterRaw fn=-1115356416 , len=334
05-27 18:23:22.043   536   536 D commservice260303: sendCmdToPort :334!!!
05-27 18:23:22.043   536   536 D commservice260303: send Cmd To Port ++++5AA5014A8A01000385BD6A16C61A7B22636F6D6D616E64223A7B226964223A22696D755F737461747573222C22737562223A22227D2C22636F6E74656E74223A7B2254696D655374616D70223A392C224672616D65436F756E746572223A3231353032322C2247445F58223A2D302E3031313330303735303037363737303738322C2247445F59223A302E303035363439383534383934373237343638352C2247445F5A223A302E303032323930323134363434373434393932332C2241445F58223A2D302E3030313831313031323632353639343237352C2241445F59223A2D302E303032303030383234333135343733343337332C2241445F5A223A2D302E31363634353433313531383535343638382C2254656D70447370223A302C22537461747573223A302C2243616C69625374617465223A312C22536967416D70496E76616C6964223A307D7D65BF
05-27 18:23:22.043   536   536 D commservice260303: bufferevent_write retrun value = 0
05-27 18:23:22.043   536   560 D commservice260303: client datas send succeed,send finish
05-27 18:23:22.044 13911 14192 D Sentinelmode_1.2.5.17_sentry: <SentryImuClusterFgeSender>imu_status sent to Linux, frame=215022, tsNs=9269281, tsMs=9, intervalMs=44, ad=(-0.0018110126,-0.0020008243,-0.16645432), gd=(-0.01130075,0.005649855,0.0022902146)
05-27 08:14:31.006   581   581 D spi_rst_gpio_get_output: GPIO 145 value: 1
05-27 18:23:22.045 13911 14183 I SentryImuMcuAngleSender: 180.0rollDeg
05-27 08:14:31.006   581   581 D spidev_ioctl: gpio status=1)
05-27 18:23:22.046 13911 14183 I SentryImuMcuAngleSender: 1,0,0
05-27 18:23:22.047   581   581 I SpiService: fgesysctrl_getGPIO_status success val=1
05-27 08:14:31.012   581   581 D spi_rst_gpio_get_output: GPIO 145 value: 1
05-27 08:14:31.012   581   581 D spidev_ioctl: gpio status=1)
05-27 18:23:22.052   269   269 D libvintf: HalManifest::getHidlTransport(framework): Cannot find android.hardware.usb@1.0::IUsb/default
05-27 18:23:22.052   269   269 D libvintf: HalManifest::getHidlTransport(device): Cannot find android.hardware.usb@1.0::IUsb/default
05-27 18:23:22.052   269   269 I hwservicemanager: getTransport: Cannot find entry android.hardware.usb@1.0::IUsb/default in either framework or device VINTF manifest.
05-27 18:23:22.053   283   307 I rvcservice: t.code = 3, t.value = 0
05-27 18:23:22.053 12348 12448 E ExtUsbManager: UsbHalController: android.hardware.usb.V1_0.IUsb getService failed!
05-27 18:23:22.053 12348 12448 E ExtUsbManager: java.util.NoSuchElementException
05-27 18:23:22.053 12348 12448 E ExtUsbManager: 	at android.os.HwBinder.getService(Native Method)
05-27 18:23:22.053 12348 12448 E ExtUsbManager: 	at android.os.HwBinder.getService(HwBinder.java:81)
05-27 18:23:22.053 12348 12448 E ExtUsbManager: 	at android.hardware.usb.V1_0.IUsb.getService(IUsb.java:74)
05-27 18:23:22.053 12348 12448 E ExtUsbManager: 	at android.hardware.usb.V1_0.IUsb.getService(IUsb.java:84)
05-27 18:23:22.053 12348 12448 E ExtUsbManager: 	at ts.car.usb.UsbHalController.createService(UsbHalController.java:37)
05-27 18:23:22.053 12348 12448 E ExtUsbManager: 	at ts.car.usb.UsbHalController.createService(UsbHalController.java:18)
05-27 18:23:22.053 12348 12448 E ExtUsbManager: 	at ts.car.usb.utils.AutoServiceConnector4Hidl.autoConnect(AutoServiceConnector4Hidl.java:47)
05-27 18:23:22.053 12348 12448 E ExtUsbManager: 	at ts.car.usb.utils.AutoServiceConnector4Hidl$$ExternalSyntheticLambda0.run(Unknown Source:2)
05-27 18:23:22.053 12348 12448 E ExtUsbManager: 	at android.os.Handler.handleCallback(Handler.java:942)
05-27 18:23:22.053 12348 12448 E ExtUsbManager: 	at android.os.Handler.dispatchMessage(Handler.java:99)
05-27 18:23:22.053 12348 12448 E ExtUsbManager: 	at android.os.Looper.loopOnce(Looper.java:201)
05-27 18:23:22.053 12348 12448 E ExtUsbManager: 	at android.os.Looper.loop(Looper.java:288)
05-27 18:23:22.053 12348 12448 E ExtUsbManager: 	at android.os.HandlerThread.run(HandlerThread.java:67)
05-27 18:23:22.053   581   581 I SpiService: fgesysctrl_getGPIO_status success val=1
05-27 18:23:22.054   269   269 D libvintf: HalManifest::getHidlTransport(framework): Cannot find vendor.ts.usbext@1.0::IUsbext/default
05-27 18:23:22.054   269   269 D libvintf: HalManifest::getHidlTransport(device): Cannot find vendor.ts.usbext@1.0::IUsbext/default
05-27 18:23:22.054   269   269 I hwservicemanager: getTransport: Cannot find entry vendor.ts.usbext@1.0::IUsbext/default in either framework or device VINTF manifest.
05-27 18:23:22.055 12348 12448 E ExtUsbManager: UsbHalExtController: vendor.ts.usbext.V1_0.IUsbext getService failed!
05-27 18:23:22.055 12348 12448 E ExtUsbManager: java.util.NoSuchElementException
05-27 18:23:22.055 12348 12448 E ExtUsbManager: 	at android.os.HwBinder.getService(Native Method)
05-27 18:23:22.055 12348 12448 E ExtUsbManager: 	at android.os.HwBinder.getService(HwBinder.java:81)
05-27 18:23:22.055 12348 12448 E ExtUsbManager: 	at vendor.ts.usbext.V1_0.IUsbext.getService(IUsbext.java:74)
05-27 18:23:22.055 12348 12448 E ExtUsbManager: 	at vendor.ts.usbext.V1_0.IUsbext.getService(IUsbext.java:84)
05-27 18:23:22.055 12348 12448 E ExtUsbManager: 	at ts.car.usb.UsbHalExtController.createService(UsbHalExtController.java:37)
05-27 18:23:22.055 12348 12448 E ExtUsbManager: 	at ts.car.usb.UsbHalExtController.createService(UsbHalExtController.java:18)
05-27 18:23:22.055 12348 12448 E ExtUsbManager: 	at ts.car.usb.utils.AutoServiceConnector4Hidl.autoConnect(AutoServiceConnector4Hidl.java:47)
05-27 18:23:22.055 12348 12448 E ExtUsbManager: 	at ts.car.usb.utils.AutoServiceConnector4Hidl$$ExternalSyntheticLambda0.run(Unknown Source:2)
05-27 18:23:22.055 12348 12448 E ExtUsbManager: 	at android.os.Handler.handleCallback(Handler.java:942)
05-27 18:23:22.055 12348 12448 E ExtUsbManager: 	at android.os.Handler.dispatchMessage(Handler.java:99)
05-27 18:23:22.055 12348 12448 E ExtUsbManager: 	at android.os.Looper.loopOnce(Looper.java:201)
05-27 18:23:22.055 12348 12448 E ExtUsbManager: 	at android.os.Looper.loop(Looper.java:288)
05-27 18:23:22.055 12348 12448 E ExtUsbManager: 	at android.os.HandlerThread.run(HandlerThread.java:67)
05-27 18:23:22.056   269   269 D libvintf: HalManifest::getHidlTransport(framework): Cannot find android.hardware.usb.gadget@1.0::IUsbGadget/default
05-27 18:23:22.056   269   269 D libvintf: HalManifest::getHidlTransport(device): Cannot find android.hardware.usb.gadget@1.0::IUsbGadget/default
05-27 18:23:22.056   269   269 I hwservicemanager: getTransport: Cannot find entry android.hardware.usb.gadget@1.0::IUsbGadget/default in either framework or device VINTF manifest.
05-27 08:14:31.018   581   581 D spi_rst_gpio_get_output: GPIO 145 value: 1
05-27 08:14:31.018   581   581 D spidev_ioctl: gpio status=1)
05-27 18:23:22.057   586   614 D vendor.sprd.hardware.aprd-service: GPS Get GPSver failed No such file or directory
05-27 18:23:22.057 12348 12448 E ExtUsbManager: UsbGadgetController: android.hardware.usb.gadget.V1_0.IUsbGadget getService failed!
05-27 18:23:22.057 12348 12448 E ExtUsbManager: java.util.NoSuchElementException
05-27 18:23:22.057 12348 12448 E ExtUsbManager: 	at android.os.HwBinder.getService(Native Method)
05-27 18:23:22.057 12348 12448 E ExtUsbManager: 	at android.os.HwBinder.getService(HwBinder.java:81)
05-27 18:23:22.057 12348 12448 E ExtUsbManager: 	at android.hardware.usb.gadget.V1_0.IUsbGadget.getService(IUsbGadget.java:74)
05-27 18:23:22.057 12348 12448 E ExtUsbManager: 	at android.hardware.usb.gadget.V1_0.IUsbGadget.getService(IUsbGadget.java:84)
05-27 18:23:22.057 12348 12448 E ExtUsbManager: 	at ts.car.usb.UsbGadgetController.createService(UsbGadgetController.java:36)
05-27 18:23:22.057 12348 12448 E ExtUsbManager: 	at ts.car.usb.UsbGadgetController.createService(UsbGadgetController.java:17)
05-27 18:23:22.057 12348 12448 E ExtUsbManager: 	at ts.car.usb.utils.AutoServiceConnector4Hidl.autoConnect(AutoServiceConnector4Hidl.java:47)
05-27 18:23:22.057 12348 12448 E ExtUsbManager: 	at ts.car.usb.utils.AutoServiceConnector4Hidl$$ExternalSyntheticLambda0.run(Unknown Source:2)
05-27 18:23:22.057 12348 12448 E ExtUsbManager: 	at android.os.Handler.handleCallback(Handler.java:942)
05-27 18:23:22.057 12348 12448 E ExtUsbManager: 	at android.os.Handler.dispatchMessage(Handler.java:99)
05-27 18:23:22.057 12348 12448 E ExtUsbManager: 	at android.os.Looper.loopOnce(Looper.java:201)
05-27 18:23:22.057 12348 12448 E ExtUsbManager: 	at android.os.Looper.loop(Looper.java:288)
05-27 18:23:22.057 12348 12448 E ExtUsbManager: 	at android.os.HandlerThread.run(HandlerThread.java:67)
05-27 18:23:22.058   586   614 D vendor.sprd.hardware.aprd-service: GE xmlDoc is NULL, may not set GPS on.
05-27 18:23:22.059   581   581 I SpiService: fgesysctrl_getGPIO_status success val=0
05-27 18:23:22.059  1008 30856 D [OMXB]  : usingANWBuffer: handle:0xee743ea0, format:1, w:1920, h:1080
05-27 18:23:22.059  1982  1982 E health_guardian: UID for PID 11579 is 1000
05-27 18:23:22.059  1982  1982 E health_guardian: The 1000 process is system app,I refused to kill it,try next one!
05-27 18:23:22.059  1982  1982 E health_guardian: UID for PID 13435 is 1000
05-27 18:23:22.060  1982  1982 E health_guardian: The 1000 process is system app,I refused to kill it,try next one!
05-27 18:23:22.060  1982  1982 E health_guardian: UID for PID 6212 is 1000
05-27 18:23:22.060  1982  1982 E health_guardian: The 1000 process is system app,I refused to kill it,try next one!
05-27 08:14:31.023   581   581 D spi_rst_gpio_get_output: GPIO 145 value: 0
05-27 08:14:31.023   581   581 D spidev_ioctl: gpio status=0)
05-27 18:23:22.064   299 30844 D EvsDriver: forwardFrame
05-27 18:23:22.066  1167  1184 D evsmanagerd: /dev/video6 forwarded the buffer #0 to 0xb4000074bf5f5510 from 0xb4000074bf5f6d90
05-27 18:23:22.066   299 30844 D EvsDriver: Delivered 0xb400007b7ca56900 as id 0
05-27 18:23:22.068   299  1163 D EvsDriver: doneWithFrame
05-27 18:23:22.068 13911 14183 I SentryImuMcuAngleSender: 179.98598rollDeg
05-27 18:23:22.068 13911 14183 I SentryImuMcuAngleSender: 1,0,0
05-27 18:23:22.070   299 30841 D EvsDriver: forwardFrame
05-27 18:23:22.071   299 30841 D EvsDriver: Delivered 0xb400007b7ca56a60 as id 0
05-27 18:23:22.071  1167  1184 D evsmanagerd: /dev/video4 forwarded the buffer #0 to 0xb4000074bf5f6850 from 0xb4000074bf5f41d0
05-27 18:23:22.075   581   581 I SpiService: fgesysctrl_getGPIO_status success val=1
05-27 18:23:22.075   299  1163 D EvsDriver: doneWithFrame
05-27 08:14:31.039   581   581 D spi_rst_gpio_get_output: GPIO 145 value: 1
05-27 08:14:31.039   581   581 D spidev_ioctl: gpio status=1)
05-27 18:23:22.080 13911 14131 D SVR_MNG_SvrMngProxy: getServer: mSvrManger is null
05-27 08:14:31.045   581   581 D spi_rst_gpio_get_output: GPIO 145 value: 1
05-27 08:14:31.045   581   581 D spidev_ioctl: gpio status=1)
05-27 18:23:22.080 13911 14131 D SVR_MNG_SvrMngProxy: getNewStub: 
05-27 18:23:22.080 13911 14131 D SVR_MNG_SvrMngProxy: getNewStub: getSvrManagerService start
05-27 18:23:22.081   581   581 I SpiService: fgesysctrl_getGPIO_status success val=1
05-27 18:23:22.083 13911 14131 D SVR_MNG_SvrMngProxy: getNewStub: getSvrManagerService end
05-27 18:23:22.083 13911 14131 D SVR_MNG_SvrMngProxy: getServer: svrMngService doesn't start
05-27 18:23:22.086   581   581 I SpiService: fgesysctrl_getGPIO_status success val=1
05-27 18:23:22.088   536   536 D commservice260303: msg.id = 1028,1
05-27 08:14:31.051   581   581 D spi_rst_gpio_get_output: GPIO 145 value: 1
05-27 18:23:22.088   536   536 D commservice260303: i = 170, msgid = 8A000404
05-27 18:23:22.088   536   536 D commservice260303: msgid = -1979710460,did=138
05-27 18:23:22.088   536   536 D commservice260303: CommProtocolLibCmdBaseI2C::dataproc {"command":{"id":"imu_status","sub":""},"content":{"TimeStamp":9,"FrameCounter":215023,"GD_X":-0.011910883709788322,"GD_Y":0.004656890872865915,"GD_Z":0.0023671966046094894,"AD_X":-0.0018116235733032227,"AD_Y":0.0028593249153345823,"AD_Z":-0.16950416564941406,"TempDsp":0,"Status":0,"CalibState":1,"SigAmpInvalid":0}},-1979710460
05-27 18:23:22.088 13911 14183 I SentryImuMcuAngleSender: 179.97197rollDeg
05-27 08:14:31.051   581   581 D spidev_ioctl: gpio status=1)
05-27 18:23:22.088 13911 14183 I SentryImuMcuAngleSender: 1,0,0
05-27 18:23:22.088   536   536 D commservice260303: send2Cluster len:317, 7B22636F6D6D616E64223A7B226964223A22696D755F737461747573222C22737562223A22227D2C22636F6E74656E74223A7B2254696D655374616D70223A392C224672616D65436F756E746572223A3231353032332C2247445F58223A2D302E3031313931303838333730393738383332322C2247445F59223A302E3030343635363839303837323836353931352C2247445F5A223A302E303032333637313936363034363039343839342C2241445F58223A2D302E303031383131363233353733333033323232372C2241445F59223A302E303032383539333234393135333334353832332C2241445F5A223A2D302E31363935303431363536343934313430362C2254656D70447370223A302C22537461747573223A302C2243616C69625374617465223A312C22536967416D70496E76616C6964223A307D7D, 138 
05-27 18:23:22.088   536   536 D commservice260303: Push Message into SendPool fn=-1098579200
05-27 18:23:22.088   536   536 D commservice260303: ComProtocolLibSend2Cluster::send2ClusterRaw fn=-1098579200 , len=333
05-27 18:23:22.088   536   536 D commservice260303: sendCmdToPort :333!!!
05-27 18:23:22.088   536   536 D commservice260303: send Cmd To Port ++++5AA501498A01000385BE6A16C61A7B22636F6D6D616E64223A7B226964223A22696D755F737461747573222C22737562223A22227D2C22636F6E74656E74223A7B2254696D655374616D70223A392C224672616D65436F756E746572223A3231353032332C2247445F58223A2D302E3031313931303838333730393738383332322C2247445F59223A302E3030343635363839303837323836353931352C2247445F5A223A302E303032333637313936363034363039343839342C2241445F58223A2D302E303031383131363233353733333033323232372C2241445F59223A302E303032383539333234393135333334353832332C2241445F5A223A2D302E31363935303431363536343934313430362C2254656D70447370223A302C22537461747573223A302C2243616C69625374617465223A312C22536967416D70496E76616C6964223A307D7D1549
05-27 18:23:22.089   536   536 D commservice260303: bufferevent_write retrun value = 0
05-27 18:23:22.089   536   560 D commservice260303: client datas send succeed,send finish
05-27 18:23:22.089 13911 14192 D Sentinelmode_1.2.5.17_sentry: <SentryImuClusterFgeSender>imu_status sent to Linux, frame=215023, tsNs=9269335, tsMs=9, intervalMs=45, ad=(-0.0018116236,0.002859325,-0.16950417), gd=(-0.011910884,0.004656891,0.0023671966)
05-27 18:23:22.089  1008 30857 D [OMXB]  : usingANWBuffer: handle:0xee744160, format:1, w:1920, h:1080
05-27 18:23:22.091 30773 30789 I dvr_service_: Camera 1: Buffer reuse stats - Total: 179600, Reused: 89098, New: 90502, Rate: 49.6%
05-27 18:23:22.092   581   581 I SpiService: fgesysctrl_getGPIO_status success val=1
05-27 08:14:31.056   581   581 D spi_rst_gpio_get_output: GPIO 145 value: 1
05-27 08:14:31.056   581   581 D spidev_ioctl: gpio status=1)
05-27 18:23:22.093 13911 14183 I SentryImuMcuAngleSender: [4, 18, 1, 0, 0],5
05-27 18:23:22.093 13911 14183 I McuCommManager: mcuCommSendcmd [4, 18, 1, 0, 0]
05-27 18:23:22.094 13911 14183 I SentryImuMcuAngleSender: true
05-27 18:23:22.094 13911 14183 W Sentinelmode_1.2.5.17_sentry: <SentryImuMcuAngleSender>MCU IMU send interval abnormal: 1001ms
05-27 18:23:22.096   299 30841 D EvsDriver: forwardFrame
05-27 18:23:22.096   299 30844 D EvsDriver: forwardFrame
05-27 18:23:22.097   581   581 I SpiService: fgesysctrl_getGPIO_status success val=1
05-27 18:23:22.098   299 30841 D EvsDriver: Delivered 0xb400007b7ca56a60 as id 0
05-27 18:23:22.098  1167  1184 D evsmanagerd: /dev/video6 forwarded the buffer #0 to 0xb4000074bf5f5510 from 0xb4000074bf5f6d90
05-27 18:23:22.098  1167  1167 D evsmanagerd: /dev/video4 forwarded the buffer #0 to 0xb4000074bf5f6850 from 0xb4000074bf5f41d0
05-27 18:23:22.098   299 30844 D EvsDriver: Delivered 0xb400007b7ca56900 as id 0
05-27 18:23:22.100   299  1163 D EvsDriver: doneWithFrame
05-27 08:14:31.062   581   581 D spi_rst_gpio_get_output: GPIO 145 value: 1
05-27 08:14:31.062   581   581 D spidev_ioctl: gpio status=1)
05-27 18:23:22.102   299  1163 D EvsDriver: doneWithFrame
05-27 18:23:22.103   581   581 I SpiService: fgesysctrl_getGPIO_status success val=0
05-27 18:23:22.103   481   597 I mcuc    : send SPI:6AA60065BE00050412010000C1
05-27 08:14:31.068   581   581 D spi_rst_gpio_get_output: GPIO 145 value: 0
05-27 08:14:31.068   581   581 D spidev_ioctl: gpio status=0)
05-27 18:23:22.109 13911 14183 I SentryImuMcuAngleSender: 179.97197rollDeg
05-27 18:23:22.109 13911 14183 I SentryImuMcuAngleSender: 1,0,0
05-27 18:23:22.118   581   581 I SpiService: fgesysctrl_getGPIO_status success val=1
05-27 18:23:22.119   572   622 I Sensors : 230 AccelSensor: x:-0.168360,y:0.006100,z:-9.972281
05-27 08:14:31.082   581   581 D spi_rst_gpio_get_output: GPIO 145 value: 1
05-27 08:14:31.082   581   581 D spidev_ioctl: gpio status=1)
05-27 18:23:22.122  1008 30856 D [OMXB]  : usingANWBuffer: handle:0xee740430, format:1, w:1920, h:1080
05-27 18:23:22.123   581   581 I SpiService: fgesysctrl_getGPIO_status success val=1
05-27 08:14:31.088   581   581 D spi_rst_gpio_get_output: GPIO 145 value: 1
05-27 08:14:31.088   581   581 D spidev_ioctl: gpio status=1)
05-27 18:23:22.128   536   536 D commservice260303: msg.id = 1028,1
05-27 18:23:22.129   536   536 D commservice260303: i = 170, msgid = 8A000404
05-27 18:23:22.129   536   536 D commservice260303: msgid = -1979710460,did=138
05-27 18:23:22.129   536   536 D commservice260303: CommProtocolLibCmdBaseI2C::dataproc {"command":{"id":"imu_status","sub":""},"content":{"TimeStamp":9,"FrameCounter":215024,"GD_X":-0.011300750076770782,"GD_Y":0.0048857564106583595,"GD_Z":0.0021378109231591225,"AD_X":-6.057173013687134E-4,"AD_Y":0.00405778456479311,"AD_Z":-0.16706466674804688,"TempDsp":0,"Status":0,"CalibState":1,"SigAmpInvalid":0}},-1979710460
05-27 18:23:22.129   581   581 I SpiService: fgesysctrl_getGPIO_status success val=1
05-27 18:23:22.129   536   536 D commservice260303: send2Cluster len:315, 7B22636F6D6D616E64223A7B226964223A22696D755F737461747573222C22737562223A22227D2C22636F6E74656E74223A7B2254696D655374616D70223A392C224672616D65436F756E746572223A3231353032342C2247445F58223A2D302E3031313330303735303037363737303738322C2247445F59223A302E303034383835373536343130363538333539352C2247445F5A223A302E303032313337383130393233313539313232352C2241445F58223A2D362E303537313733303133363837313334452D342C2241445F59223A302E30303430353737383435363437393331312C2241445F5A223A2D302E31363730363436363637343830343638382C2254656D70447370223A302C22537461747573223A302C2243616C69625374617465223A312C22536967416D70496E76616C6964223A307D7D, 138 
05-27 18:23:22.129   536   536 D commservice260303: Push Message into SendPool fn=-1081801984
05-27 18:23:22.129   536   536 D commservice260303: ComProtocolLibSend2Cluster::send2ClusterRaw fn=-1081801984 , len=331
05-27 18:23:22.129   536   536 D commservice260303: sendCmdToPort :331!!!
05-27 18:23:22.129   536   536 D commservice260303: send Cmd To Port ++++5AA501478A01000385BF6A16C61A7B22636F6D6D616E64223A7B226964223A22696D755F737461747573222C22737562223A22227D2C22636F6E74656E74223A7B2254696D655374616D70223A392C224672616D65436F756E746572223A3231353032342C2247445F58223A2D302E3031313330303735303037363737303738322C2247445F59223A302E303034383835373536343130363538333539352C2247445F5A223A302E303032313337383130393233313539313232352C2241445F58223A2D362E303537313733303133363837313334452D342C2241445F59223A302E30303430353737383435363437393331312C2241445F5A223A2D302E31363730363436363637343830343638382C2254656D70447370223A302C22537461747573223A302C2243616C69625374617465223A312C22536967416D70496E76616C6964223A307D7D69CA
05-27 18:23:22.129   536   536 D commservice260303: bufferevent_write retrun value = 0
05-27 18:23:22.129   536   560 D commservice260303: client datas send succeed,send finish
05-27 08:14:31.093   581   581 D spi_rst_gpio_get_output: GPIO 145 value: 1
05-27 08:14:31.093   581   581 D spidev_ioctl: gpio status=1)
05-27 18:23:22.129 13911 14192 D Sentinelmode_1.2.5.17_sentry: <SentryImuClusterFgeSender>imu_status sent to Linux, frame=215024, tsNs=9269370, tsMs=9, intervalMs=41, ad=(-6.057173E-4,0.0040577846,-0.16706467), gd=(-0.01130075,0.0048857564,0.002137811)
05-27 18:23:22.130 13911 14183 I SentryImuMcuAngleSender: 179.96495rollDeg
05-27 18:23:22.130 13911 14183 I SentryImuMcuAngleSender: 1,0,0
05-27 18:23:22.131   299 30841 D EvsDriver: forwardFrame
05-27 18:23:22.131   299 30844 D EvsDriver: forwardFrame
05-27 18:23:22.134  1167  1167 D evsmanagerd: /dev/video4 forwarded the buffer #0 to 0xb4000074bf5f6850 from 0xb4000074bf5f41d0
05-27 18:23:22.135   581   581 I SpiService: fgesysctrl_getGPIO_status success val=1
05-27 18:23:22.135 30773 30773 E dvr_service_: [myNum:0] Received S**** loss
05-27 18:23:22.135   299 30841 D EvsDriver: Delivered 0xb400007b7ca56a60 as id 0
05-27 18:23:22.136   299 30844 D EvsDriver: Delivered 0xb400007b7ca56900 as id 0
05-27 18:23:22.136  1167  1167 D evsmanagerd: /dev/video6 forwarded the buffer #0 to 0xb4000074bf5f5510 from 0xb4000074bf5f6d90
05-27 18:23:22.137   299  1163 D EvsDriver: doneWithFrame
05-27 08:14:31.099   581   581 D spi_rst_gpio_get_output: GPIO 145 value: 1
05-27 08:14:31.099   581   581 D spidev_ioctl: gpio status=1)
05-27 18:23:22.137 30773 30773 E dvr_service_: [myNum:1] Received S**** loss
05-27 18:23:22.138   299  1163 D EvsDriver: doneWithFrame
05-27 18:23:22.140   581   581 I SpiService: fgesysctrl_getGPIO_status success val=1
05-27 08:14:31.105   581   581 D spi_rst_gpio_get_output: GPIO 145 value: 1
05-27 08:14:31.105   581   581 D spidev_ioctl: gpio status=1)
05-27 18:23:22.146   581   581 I SpiService: fgesysctrl_getGPIO_status success val=0
05-27 18:23:22.149  1008 30857 D [OMXB]  : usingANWBuffer: handle:0xee741c40, format:1, w:1920, h:1080
05-27 08:14:31.110   581   581 D spi_rst_gpio_get_output: GPIO 145 value: 0
05-27 08:14:31.110   581   581 D spidev_ioctl: gpio status=0)
05-27 18:23:22.150 13911 14183 I SentryImuMcuAngleSender: 179.96495rollDeg
05-27 18:23:22.150 13911 14183 I SentryImuMcuAngleSender: 1,0,0
05-27 18:23:22.153   283   307 I rvcservice: t.code = 1, t.value = -169580
05-27 18:23:22.158   299 30841 D EvsDriver: forwardFrame
05-27 18:23:22.160   299 30841 D EvsDriver: Delivered 0xb400007b7ca56a60 as id 0
05-27 18:23:22.160   481   598 I mcuc    : rev,n=1,6AA681BAB9000A8900680104090012345667
05-27 18:23:22.160  1167  1167 D evsmanagerd: /dev/video4 forwarded the buffer #0 to 0xb4000074bf5f6850 from 0xb4000074bf5f41d0
05-27 18:23:22.160   581   581 I SpiService: fgesysctrl_getGPIO_status success val=1
05-27 18:23:22.160  1121  1144 I tboxmids_ap: [2026-05-27 18:23:22.160] [MCU RX] src=MCU dst=ZMQ len=10 type=BINARY data=00 08 68 01 04 09 00 12 34 56 
05-27 18:23:22.160   351   373 D automotive.vehicle@2.0-adayo-datacomm-mcu: MCUDatacomm sendMessageFromVehicle prop: 0x89, areaId: 0x0, status: 0x68, timestamp: 0x1
05-27 18:23:22.160   351   373 D automotive.vehicle@2.0-adayo-datacomm-mcu: MCUDatacomm 1sendMessageFromVehicle ---> type = 12 
05-27 18:23:22.162  1083  1083 I MyAppLog: [2026-05-27 18:23:22.161 I tboxap mcuCommTboxmidsRecvCb:97] [Mcu] [mcuCommTboxmidsRecvCb] recv from tboxmids, size:10
05-27 18:23:22.162  1083  1083 I MyAppLog: [2026-05-27 18:23:22.161 I tboxap mcuCommTboxmidsRecvCb:98] [Mcu] [tboxmids -> tboxap]: :00 08 68 01 04 09 00 12 34 56
05-27 18:23:22.162  1083  1083 I MyAppLog: [2026-05-27 18:23:22.161 I tboxap mcuPtlParseData:990] [Mcu] [Mcu  Parse]: (cmd):0900 (param):0900123456
05-27 18:23:22.162  1083  1083 W MyAppLog: [2026-05-27 18:23:22.161 W tboxap mcuParamDataRevPack:918] [Mcu] mcuParamDataRevPack start pack data!!!
05-27 18:23:22.162  1083  1083 I MyAppLog: [2026-05-27 18:23:22.161 I tboxap MCU_HANDSHAKE_IND_McuInd:317] [Mcu] [MCU_HANDSHAKE_IND_McuInd] wakeReason:0x12 -> loginReason:0x08 protoVer:0x34
05-27 18:23:22.162   299 30844 D EvsDriver: forwardFrame
05-27 18:23:22.163  1083  1083 W MyAppLog: [2026-05-27 18:23:22.161 W tboxap mcuHandleHandshakeInd:1654] [Mcu] [mcuHandleHandshakeInd] recv 0x0900 handshake response wakeReason:0x12 protoVer:0x34
05-27 18:23:22.165   299 30844 D EvsDriver: Delivered 0xb400007b7ca56900 as id 0
05-27 18:23:22.165  1167  1167 D evsmanagerd: /dev/video6 forwarded the buffer #0 to 0xb4000074bf5f5510 from 0xb4000074bf5f6d90
05-27 18:23:22.167   299  1163 D EvsDriver: doneWithFrame
05-27 18:23:22.167   581   581 I SpiService: fgesysctrl_getGPIO_status success val=1
05-27 18:23:22.168   299  1153 D EvsDriver: doneWithFrame
05-27 18:23:22.169  1008 30856 D [OMXB]  : usingANWBuffer: handle:0xee742ed0, format:1, w:1920, h:1080
05-27 08:14:31.132   581   581 D spi_rst_gpio_get_output: GPIO 145 value: 1
05-27 08:14:31.132   581   581 D spidev_ioctl: gpio status=1)
05-27 18:23:22.171   536   536 D commservice260303: msg.id = 1028,0
05-27 18:23:22.171   536   536 D commservice260303: i = 170, msgid = 8A000404
05-27 18:23:22.171   536   536 D commservice260303: msgid = -1979710460,did=138
05-27 18:23:22.171   536   536 D commservice260303: CommProtocolLibCmdBaseI2C::dataproc {"command":{"id":"imu_status","sub":""},"content":{"TimeStamp":9,"FrameCounter":215025,"GD_X":-0.011070843786001205,"GD_Y":0.005802778527140617,"GD_Z":0.002213752595707774,"AD_X":-0.00304625928401947,"AD_Y":0.0015988522209227085,"AD_Z":-0.16706466674804688,"TempDsp":0,"Status":0,"CalibState":1,"SigAmpInvalid":0}},-1979710460
