05-27 18:23:21.484  5733  5759 D ANWAPI_SECOND: (5733|0x285F2CB0)[BTAPI] A:Readpaired_storage[1]name[]cod[0]support[0]addr[00:00:00:00:00:00]linkkey[00:00:00:00:00:00:00:00:00:00:00:00:00:00:00:00]
05-27 18:23:21.484  5733  5759 D ANWAPI_SECOND: (5733|0x285F2CB0)[BTAPI] A:Readpaired_storage[2]name[]cod[0]support[0]addr[00:00:00:00:00:00]linkkey[00:00:00:00:00:00:00:00:00:00:00:00:00:00:00:00]
05-27 18:23:21.484  5733  5759 D ANWAPI_SECOND: (5733|0x285F2CB0)[BTAPI] A:Readpaired_storage[3]name[]cod[0]support[0]addr[00:00:00:00:00:00]linkkey[00:00:00:00:00:00:00:00:00:00:00:00:00:00:00:00]
05-27 18:23:21.484  5733  5759 D ANWAPI_SECOND: (5733|0x285F2CB0)[BTAPI] A:Readpaired_storage[4]name[]cod[0]support[0]addr[00:00:00:00:00:00]linkkey[00:00:00:00:00:00:00:00:00:00:00:00:00:00:00:00]
05-27 18:23:21.484  5733  5759 D ANWAPI_SECOND: (5733|0x285F2CB0)[BTAPI] A:Readpaired_storage[5]name[]cod[0]support[0]addr[00:00:00:00:00:00]linkkey[00:00:00:00:00:00:00:00:00:00:00:00:00:00:00:00]
05-27 18:23:21.484  5733  5759 D ANWAPI_SECOND: (5733|0x285F2CB0)[BTAPI] A:Readpaired_storage[6]name[]cod[0]support[0]addr[00:00:00:00:00:00]linkkey[00:00:00:00:00:00:00:00:00:00:00:00:00:00:00:00]
05-27 18:23:21.484  5733  5759 D ANWAPI_SECOND: (5733|0x285F2CB0)[BTAPI] A:Readpaired_storage[7]name[]cod[0]support[0]addr[00:00:00:00:00:00]linkkey[00:00:00:00:00:00:00:00:00:00:00:00:00:00:00:00]
05-27 08:14:30.451   581   581 D spi_rst_gpio_get_output: GPIO 145 value: 0
05-27 18:23:21.484  5733  5759 D ANWAPI_SECOND: (5733|0x285F2CB0)[BTAPI] A:Readpaired_storage[8]name[]cod[0]support[0]addr[00:00:00:00:00:00]linkkey[00:00:00:00:00:00:00:00:00:00:00:00:00:00:00:00]
05-27 08:14:30.451   581   581 D spidev_ioctl: gpio status=0)
05-27 18:23:21.484  5733  5759 D ANWAPI_SECOND: (5733|0x285F2CB0)[BTAPI] A:Readpaired_storage[9]name[]cod[0]support[0]addr[00:00:00:00:00:00]linkkey[00:00:00:00:00:00:00:00:00:00:00:00:00:00:00:00]
05-27 18:23:21.484  5733  5759 D ANWAPI_SECOND: (5733|0x285F2CB0)[BTAPI] A:Readpaired_storage[10]name[]cod[0]support[0]addr[00:00:00:00:00:00]linkkey[00:00:00:00:00:00:00:00:00:00:00:00:00:00:00:00]
05-27 18:23:21.484  5733  5759 D ANWAPI_SECOND: (5733|0x285F2CB0)[BTAPI] <<<<AnWBT_EEPROM_Read ret = 0
05-27 18:23:21.484  5733  5759 D ANWAPI_SECOND: (5733|0x285F2CB0)[BTAPI] local_name_set=0
05-27 18:23:21.484  5733  5759 D ANWAPI_SECOND: (5733|0x285F2CB0)[BTAPI] [Paired DevInf] Storage Write
05-27 18:23:21.485  5733  5759 D ANW_AVRCP_SECOND: AnWBT_WriteStorage =/data/misc/anw//anwbt_storage.bin
05-27 18:23:21.485  5733  5759 D ANW_AVRCP_SECOND: AnWBT_WriteStorage open anwbt_bt_storage success
05-27 18:23:21.485  5733  5759 D ANW_AVRCP_SECOND: 
05-27 18:23:21.487   581   581 I SpiService: fgesysctrl_getGPIO_status success val=0
05-27 18:23:21.487   481   597 I mcuc    : send SPI:6AA602BAB400028900056AA602BAB5000283000A6AA60165BD00F8090153040109A001000000000000000000000000000000000000000000000000000000000000000000000000000000000000000000000000000000000000000000000000000000000000000000000000000000000000000000000000000000000000000000000000000000000000000000000000000000000000000000000000000000000000000000000000000000000000000000000000000000000000000000000000000000000000000000000000000000000000000000000000000000000000000000000000000000000000000000000000000000000000000000000000000000000000000000000000000000000000000000000000D96AA602BAB600028415F36AA602BAB70002830503
05-27 18:23:21.491   299 30844 D EvsDriver: forwardFrame
05-27 18:23:21.491   299 30841 D EvsDriver: forwardFrame
05-27 18:23:21.494  1167  1184 D evsmanagerd: /dev/video4 forwarded the buffer #0 to 0xb4000074bf5f6850 from 0xb4000074bf5f41d0
05-27 18:23:21.494   299 30841 D EvsDriver: Delivered 0xb400007b7ca56a60 as id 0
05-27 18:23:21.495  1167  1184 D evsmanagerd: /dev/video6 forwarded the buffer #0 to 0xb4000074bf5f5510 from 0xb4000074bf5f6d90
05-27 18:23:21.495   299 30844 D EvsDriver: Delivered 0xb400007b7ca56900 as id 0
05-27 18:23:21.498 13911 14183 I SentryImuMcuAngleSender: -179.98949rollDeg
05-27 18:23:21.498 13911 14183 I SentryImuMcuAngleSender: 1,0,0
05-27 18:23:21.499  5733  5759 D ANW_AVRCP_SECOND: write storage size=6600
05-27 18:23:21.499  5733  5759 D ANW_AVRCP_SECOND: 
05-27 18:23:21.500  5733  5759 D ANWAPI_SECOND: (5733|0x285F2CB0)[BTAPI] >>>>AnWBT_EEPROM_Read 
05-27 18:23:21.500  5733  5759 D ANWAPI_SECOND: (5733|0x285F2CB0)[BTAPI] B:Rpaired_storage[0]name[]addr[00:00:00:00:00:00]linkkey[00:00:00:00:00:00:00:00:00:00:00:00:00:00:00:00]
05-27 18:23:21.500 15863 15863 D AIN-NaviLocationPresenter: ACC is OFF, skip upload location
05-27 18:23:21.500  5733  5759 D ANWAPI_SECOND: (5733|0x285F2CB0)[BTAPI] B:Rpaired_storage[1]name[]addr[00:00:00:00:00:00]linkkey[00:00:00:00:00:00:00:00:00:00:00:00:00:00:00:00]
05-27 18:23:21.500  5733  5759 D ANWAPI_SECOND: (5733|0x285F2CB0)[BTAPI] B:Rpaired_storage[2]name[]addr[00:00:00:00:00:00]linkkey[00:00:00:00:00:00:00:00:00:00:00:00:00:00:00:00]
05-27 18:23:21.500  5733  5759 D ANWAPI_SECOND: (5733|0x285F2CB0)[BTAPI] B:Rpaired_storage[3]name[]addr[00:00:00:00:00:00]linkkey[00:00:00:00:00:00:00:00:00:00:00:00:00:00:00:00]
05-27 18:23:21.500  5733  5759 D ANWAPI_SECOND: (5733|0x285F2CB0)[BTAPI] B:Rpaired_storage[4]name[]addr[00:00:00:00:00:00]linkkey[00:00:00:00:00:00:00:00:00:00:00:00:00:00:00:00]
05-27 18:23:21.500  5733  5759 D ANWAPI_SECOND: (5733|0x285F2CB0)[BTAPI] B:Rpaired_storage[5]name[]addr[00:00:00:00:00:00]linkkey[00:00:00:00:00:00:00:00:00:00:00:00:00:00:00:00]
05-27 18:23:21.500  5733  5759 D ANWAPI_SECOND: (5733|0x285F2CB0)[BTAPI] B:Rpaired_storage[6]name[]addr[00:00:00:00:00:00]linkkey[00:00:00:00:00:00:00:00:00:00:00:00:00:00:00:00]
05-27 18:23:21.500  5733  5759 D ANWAPI_SECOND: (5733|0x285F2CB0)[BTAPI] B:Rpaired_storage[7]name[]addr[00:00:00:00:00:00]linkkey[00:00:00:00:00:00:00:00:00:00:00:00:00:00:00:00]
05-27 18:23:21.500  5733  5759 D ANWAPI_SECOND: (5733|0x285F2CB0)[BTAPI] B:Rpaired_storage[8]name[]addr[00:00:00:00:00:00]linkkey[00:00:00:00:00:00:00:00:00:00:00:00:00:00:00:00]
05-27 18:23:21.500  5733  5759 D ANWAPI_SECOND: (5733|0x285F2CB0)[BTAPI] B:Rpaired_storage[9]name[]addr[00:00:00:00:00:00]linkkey[00:00:00:00:00:00:00:00:00:00:00:00:00:00:00:00]
05-27 18:23:21.500  5733  5759 D ANWAPI_SECOND: (5733|0x285F2CB0)[BTAPI] B:Rpaired_storage[10]name[]addr[00:00:00:00:00:00]linkkey[00:00:00:00:00:00:00:00:00:00:00:00:00:00:00:00]
05-27 18:23:21.500   536   536 D commservice260303: msg.id = 1028,1
05-27 18:23:21.501  5733  5759 D ANW_AVRCP_SECOND: AnWBT_ReadStorage =/data/misc/anw//anwbt_storage.bin
05-27 18:23:21.501   536   536 D commservice260303: i = 170, msgid = 8A000404
05-27 18:23:21.501   536   536 D commservice260303: msgid = -1979710460,did=138
05-27 18:23:21.501  5733  5759 D ANW_AVRCP_SECOND: AnWBT_ReadStorage open anwbt_bt_storage success
05-27 18:23:21.501  5733  5759 D ANW_AVRCP_SECOND: 
05-27 18:23:21.501   536   536 D commservice260303: CommProtocolLibCmdBaseI2C::dataproc {"command":{"id":"imu_status","sub":""},"content":{"TimeStamp":9,"FrameCounter":215009,"GD_X":-0.011453153565526009,"GD_Y":0.005039200186729431,"GD_Z":0.0019079053308814764,"AD_X":-0.0023670494556427,"AD_Y":-0.0033157728612422943,"AD_Z":-0.16706466674804688,"TempDsp":0,"Status":0,"CalibState":1,"SigAmpInvalid":0}},-1979710460
05-27 18:23:21.501   299  1153 D EvsDriver: doneWithFrame
05-27 18:23:21.501   299  1163 D EvsDriver: doneWithFrame
05-27 18:23:21.501   536   536 D commservice260303: send2Cluster len:315, 7B22636F6D6D616E64223A7B226964223A22696D755F737461747573222C22737562223A22227D2C22636F6E74656E74223A7B2254696D655374616D70223A392C224672616D65436F756E746572223A3231353030392C2247445F58223A2D302E3031313435333135333536353532363030392C2247445F59223A302E3030353033393230303138363732393433312C2247445F5A223A302E303031393037393035333330383831343736342C2241445F58223A2D302E303032333637303439343535363432372C2241445F59223A2D302E303033333135373732383631323432323934332C2241445F5A223A2D302E31363730363436363637343830343638382C2254656D70447370223A302C22537461747573223A302C2243616C69625374617465223A312C22536967416D70496E76616C6964223A307D7D, 138 
05-27 18:23:21.501  5733  5759 D ANW_AVRCP_SECOND: read storage size=6600
05-27 18:23:21.501  5733  5759 D ANW_AVRCP_SECOND: 
05-27 18:23:21.501   536   536 D commservice260303: Push Message into SendPool fn=-1350237440
05-27 18:23:21.501  5733  5759 D ANWAPI_SECOND: (5733|0x285F2CB0)[BTAPI] A:Readpaired_storage[0]name[]cod[0]support[0]addr[00:00:00:00:00:00]linkkey[00:00:00:00:00:00:00:00:00:00:00:00:00:00:00:00]
05-27 18:23:21.501   536   536 D commservice260303: ComProtocolLibSend2Cluster::send2ClusterRaw fn=-1350237440 , len=331
05-27 18:23:21.501  5733  5759 D ANWAPI_SECOND: (5733|0x285F2CB0)[BTAPI] A:Readpaired_storage[1]name[]cod[0]support[0]addr[00:00:00:00:00:00]linkkey[00:00:00:00:00:00:00:00:00:00:00:00:00:00:00:00]
05-27 18:23:21.501   536   536 D commservice260303: sendCmdToPort :331!!!
05-27 18:23:21.501  5733  5759 D ANWAPI_SECOND: (5733|0x285F2CB0)[BTAPI] A:Readpaired_storage[2]name[]cod[0]support[0]addr[00:00:00:00:00:00]linkkey[00:00:00:00:00:00:00:00:00:00:00:00:00:00:00:00]
05-27 18:23:21.501  5733  5759 D ANWAPI_SECOND: (5733|0x285F2CB0)[BTAPI] A:Readpaired_storage[3]name[]cod[0]support[0]addr[00:00:00:00:00:00]linkkey[00:00:00:00:00:00:00:00:00:00:00:00:00:00:00:00]
05-27 18:23:21.501  5733  5759 D ANWAPI_SECOND: (5733|0x285F2CB0)[BTAPI] A:Readpaired_storage[4]name[]cod[0]support[0]addr[00:00:00:00:00:00]linkkey[00:00:00:00:00:00:00:00:00:00:00:00:00:00:00:00]
05-27 18:23:21.501   536   536 D commservice260303: send Cmd To Port ++++5AA501478A01000385AF6A16C6197B22636F6D6D616E64223A7B226964223A22696D755F737461747573222C22737562223A22227D2C22636F6E74656E74223A7B2254696D655374616D70223A392C224672616D65436F756E746572223A3231353030392C2247445F58223A2D302E3031313435333135333536353532363030392C2247445F59223A302E3030353033393230303138363732393433312C2247445F5A223A302E303031393037393035333330383831343736342C2241445F58223A2D302E303032333637303439343535363432372C2241445F59223A2D302E303033333135373732383631323432323934332C2241445F5A223A2D302E31363730363436363637343830343638382C2254656D70447370223A302C22537461747573223A302C2243616C69625374617465223A312C22536967416D70496E76616C6964223A307D7D7ABF
05-27 18:23:21.501  5733  5759 D ANWAPI_SECOND: (5733|0x285F2CB0)[BTAPI] A:Readpaired_storage[5]name[]cod[0]support[0]addr[00:00:00:00:00:00]linkkey[00:00:00:00:00:00:00:00:00:00:00:00:00:00:00:00]
05-27 18:23:21.502  5733  5759 D ANWAPI_SECOND: (5733|0x285F2CB0)[BTAPI] A:Readpaired_storage[6]name[]cod[0]support[0]addr[00:00:00:00:00:00]linkkey[00:00:00:00:00:00:00:00:00:00:00:00:00:00:00:00]
05-27 18:23:21.502   536   536 D commservice260303: bufferevent_write retrun value = 0
05-27 18:23:21.502  5733  5759 D ANWAPI_SECOND: (5733|0x285F2CB0)[BTAPI] A:Readpaired_storage[7]name[]cod[0]support[0]addr[00:00:00:00:00:00]linkkey[00:00:00:00:00:00:00:00:00:00:00:00:00:00:00:00]
05-27 18:23:21.502   536   560 D commservice260303: client datas send succeed,send finish
05-27 18:23:21.502  5733  5759 D ANWAPI_SECOND: (5733|0x285F2CB0)[BTAPI] A:Readpaired_storage[8]name[]cod[0]support[0]addr[00:00:00:00:00:00]linkkey[00:00:00:00:00:00:00:00:00:00:00:00:00:00:00:00]
05-27 18:23:21.502  5733  5759 D ANWAPI_SECOND: (5733|0x285F2CB0)[BTAPI] A:Readpaired_storage[9]name[]cod[0]support[0]addr[00:00:00:00:00:00]linkkey[00:00:00:00:00:00:00:00:00:00:00:00:00:00:00:00]
05-27 18:23:21.502  5733  5759 D ANWAPI_SECOND: (5733|0x285F2CB0)[BTAPI] A:Readpaired_storage[10]name[]cod[0]support[0]addr[00:00:00:00:00:00]linkkey[00:00:00:00:00:00:00:00:00:00:00:00:00:00:00:00]
05-27 18:23:21.502  5733  5759 D ANWAPI_SECOND: (5733|0x285F2CB0)[BTAPI] <<<<AnWBT_EEPROM_Read ret = 0
05-27 18:23:21.502  5733  5759 D ANWAPI_SECOND: (5733|0x285F2CB0)[BTAPI] >>>>AnWBT_EEPROM_Read 
05-27 18:23:21.502  5733  5759 D ANWAPI_SECOND: (5733|0x285F2CB0)[BTAPI] B:Rle_paired_storage[0]addr[00:00:00:00:00:00]linkkey[00:00:00:00:00:00:00:00:00:00:00:00:00:00:00:00]
05-27 18:23:21.502  5733  5759 D ANWAPI_SECOND: (5733|0x285F2CB0)[BTAPI] B:Rle_paired_storage[1]addr[00:00:00:00:00:00]linkkey[00:00:00:00:00:00:00:00:00:00:00:00:00:00:00:00]
05-27 18:23:21.502  5733  5759 D ANWAPI_SECOND: (5733|0x285F2CB0)[BTAPI] B:Rle_paired_storage[2]addr[00:00:00:00:00:00]linkkey[00:00:00:00:00:00:00:00:00:00:00:00:00:00:00:00]
05-27 18:23:21.502 13911 14192 D Sentinelmode_1.2.5.17_sentry: <SentryImuClusterFgeSender>imu_status sent to Linux, frame=215009, tsNs=9268728, tsMs=9, intervalMs=45, ad=(-0.0023670495,-0.0033157729,-0.16706467), gd=(-0.011453154,0.0050392,0.0019079053)
05-27 18:23:21.503  5733  5759 D ANWAPI_SECOND: (5733|0x285F2CB0)[BTAPI] B:Rle_paired_storage[3]addr[00:00:00:00:00:00]linkkey[00:00:00:00:00:00:00:00:00:00:00:00:00:00:00:00]
05-27 18:23:21.503  5733  5759 D ANWAPI_SECOND: (5733|0x285F2CB0)[BTAPI] B:Rle_paired_storage[4]addr[00:00:00:00:00:00]linkkey[00:00:00:00:00:00:00:00:00:00:00:00:00:00:00:00]
05-27 18:23:21.503  5733  5759 D ANWAPI_SECOND: (5733|0x285F2CB0)[BTAPI] B:Rle_paired_storage[5]addr[00:00:00:00:00:00]linkkey[00:00:00:00:00:00:00:00:00:00:00:00:00:00:00:00]
05-27 18:23:21.503  5733  5759 D ANWAPI_SECOND: (5733|0x285F2CB0)[BTAPI] B:Rle_paired_storage[6]addr[00:00:00:00:00:00]linkkey[00:00:00:00:00:00:00:00:00:00:00:00:00:00:00:00]
05-27 18:23:21.503  5733  5759 D ANW_AVRCP_SECOND: AnWBT_ReadStorage =/data/misc/anw//anwble_storage.bin
05-27 18:23:21.503  5733  5759 D ANW_AVRCP_SECOND: AnWBT_ReadStorage open anwbt_bt_storage success
05-27 18:23:21.503  5733  5759 D ANW_AVRCP_SECOND: 
05-27 18:23:21.503  5733  5759 D ANW_AVRCP_SECOND: read storage size=1336
05-27 18:23:21.503  5733  5759 D ANW_AVRCP_SECOND: 
05-27 18:23:21.503  5733  5759 D ANWAPI_SECOND: (5733|0x285F2CB0)[BTAPI] A:Rle_paired_storage[0]addr[00:00:00:00:00:00]linkkey[00:00:00:00:00:00:00:00:00:00:00:00:00:00:00:00]
05-27 08:14:30.470   581   581 D spi_rst_gpio_get_output: GPIO 145 value: 1
05-27 08:14:30.470   581   581 D spidev_ioctl: gpio status=1)
05-27 18:23:21.503  5733  5759 D ANWAPI_SECOND: (5733|0x285F2CB0)[BTAPI] A:Rle_paired_storage[1]addr[00:00:00:00:00:00]linkkey[00:00:00:00:00:00:00:00:00:00:00:00:00:00:00:00]
05-27 18:23:21.503  5733  5759 D ANWAPI_SECOND: (5733|0x285F2CB0)[BTAPI] A:Rle_paired_storage[2]addr[00:00:00:00:00:00]linkkey[00:00:00:00:00:00:00:00:00:00:00:00:00:00:00:00]
05-27 18:23:21.504  5733  5759 D ANWAPI_SECOND: (5733|0x285F2CB0)[BTAPI] A:Rle_paired_storage[3]addr[00:00:00:00:00:00]linkkey[00:00:00:00:00:00:00:00:00:00:00:00:00:00:00:00]
05-27 18:23:21.504  5733  5759 D ANWAPI_SECOND: (5733|0x285F2CB0)[BTAPI] A:Rle_paired_storage[4]addr[00:00:00:00:00:00]linkkey[00:00:00:00:00:00:00:00:00:00:00:00:00:00:00:00]
05-27 18:23:21.504  5733  5759 D ANWAPI_SECOND: (5733|0x285F2CB0)[BTAPI] A:Rle_paired_storage[5]addr[00:00:00:00:00:00]linkkey[00:00:00:00:00:00:00:00:00:00:00:00:00:00:00:00]
05-27 18:23:21.504  5733  5759 D ANWAPI_SECOND: (5733|0x285F2CB0)[BTAPI] A:Rle_paired_storage[6]addr[00:00:00:00:00:00]linkkey[00:00:00:00:00:00:00:00:00:00:00:00:00:00:00:00]
05-27 18:23:21.504  5733  5759 D ANWAPI_SECOND: (5733|0x285F2CB0)[BTAPI] <<<<AnWBT_EEPROM_Read ret = 0
05-27 18:23:21.504  5733  5759 D ANWAPI_SECOND: (5733|0x285F2CB0)[BTAPI] btsdk_initial_param.flag=0x4000
05-27 18:23:21.504  5733  5759 D ANWAPI_SECOND: (5733|0x285F2CB0)[BTAPI] [Paired DevInf] Storage Write
05-27 18:23:21.504  5733  5759 D ANW_AVRCP_SECOND: AnWBT_WriteStorage =/data/misc/anw//anwbt_storage.bin
05-27 18:23:21.505  5733  5759 D ANW_AVRCP_SECOND: AnWBT_WriteStorage open anwbt_bt_storage success
05-27 18:23:21.505  5733  5759 D ANW_AVRCP_SECOND: 
05-27 18:23:21.505   581   581 I SpiService: fgesysctrl_getGPIO_status success val=1
05-27 18:23:21.505   481   598 I mcuc    : rev,n=1,6AA681BAB8006B8900B80600030A4000003419400000000040000005354000000000400059231C4000004000000000000000000000000000000000000100000000000000000000000000000000000000000000000000000000000000000000000000000000000000000000000000000000006E
05-27 18:23:21.506   351   373 D automotive.vehicle@2.0-adayo-datacomm-mcu: MCUDatacomm sendMessageFromVehicle prop: 0x89, areaId: 0x0, status: 0xb8, timestamp: 0x6
05-27 18:23:21.506   351   373 D automotive.vehicle@2.0-adayo-datacomm-mcu: MCUDatacomm 1sendMessageFromVehicle ---> type = 3 
05-27 08:14:30.475   581   581 D spi_rst_gpio_get_output: GPIO 145 value: 1
05-27 08:14:30.475   581   581 D spidev_ioctl: gpio status=1)
05-27 18:23:21.506   351   373 D automotive.vehicle@2.0-adayo-func-bcm: sendMessageFromVehicle sendMessageFromVehicle
05-27 18:23:21.507   351   516 D automotive.vehicle@2.0-adayo-func-bcm: jjfan1 ______procotolSize :38
05-27 18:23:21.507   351   516 D automotive.vehicle@2.0-adayo-func-bcm: BCMFunc sendMessageFromVehicle_l dataType: 12,mByte=7,propid=0x2140006b
05-27 18:23:21.507   351   516 D automotive.vehicle@2.0-adayo-func-bcm: BCMFunc sendMessageFromVehicle_l msgBuff[7]=0x40,start:0,len:6,temp:6,
05-27 18:23:21.507   351   516 D automotive.vehicle@2.0-adayo-func-bcm: BCMFunc sendMessageFromVehicle_l prop: 0x2140006b ,areaId: 0x0  SPLITE_BIT_DATA_INTEGER : 0
05-27 18:23:21.507   351   516 D automotive.vehicle@2.0-adayo-func-bcm: BCMFunc sendMessageFromVehicle_l id:557842539, area:0 not report! 
05-27 18:23:21.507   351   516 D automotive.vehicle@2.0-adayo-func-bcm: BCMFunc sendMessageFromVehicle_l dataType: 12,mByte=7,propid=0x2140006c
05-27 18:23:21.507   351   516 D automotive.vehicle@2.0-adayo-func-bcm: BCMFunc sendMessageFromVehicle_l msgBuff[7]=0x40,start:6,len:2,temp:2,
05-27 18:23:21.507   351   516 D automotive.vehicle@2.0-adayo-func-bcm: BCMFunc sendMessageFromVehicle_l prop: 0x2140006c ,areaId: 0x0  SPLITE_BIT_DATA_INTEGER : 1
05-27 18:23:21.507   351   516 D automotive.vehicle@2.0-adayo-func-bcm: BCMFunc sendMessageFromVehicle_l id:557842540, area:0 not report! 
05-27 18:23:21.507   351   516 D automotive.vehicle@2.0-adayo-func-bcm: BCMFunc sendMessageFromVehicle_l dataType: 12,mByte=11,propid=0x2140004a
05-27 18:23:21.507   351   516 D automotive.vehicle@2.0-adayo-func-bcm: BCMFunc sendMessageFromVehicle_l msgBuff[11]=0x19,start:0,len:32,temp:8,
05-27 18:23:21.507   351   516 D automotive.vehicle@2.0-adayo-func-bcm: BCMFunc sendMessageFromVehicle_l msgBuff[10]=0x34,start:0,len:24,temp:8,
05-27 08:14:30.481   581   581 D spi_rst_gpio_get_output: GPIO 145 value: 1
05-27 08:14:30.481   581   581 D spidev_ioctl: gpio status=1)
05-27 18:23:21.508   351   516 D automotive.vehicle@2.0-adayo-func-bcm: BCMFunc sendMessageFromVehicle_l msgBuff[9]=0x0,start:0,len:16,temp:8,
05-27 18:23:21.508   351   516 D automotive.vehicle@2.0-adayo-func-bcm: BCMFunc sendMessageFromVehicle_l msgBuff[8]=0x0,start:0,len:8,temp:8,
05-27 18:23:21.508   351   516 D automotive.vehicle@2.0-adayo-func-bcm: BCMFunc sendMessageFromVehicle_l prop: 0x2140004a ,areaId: 0x0  SPLITE_BIT_DATA_INTEGER : 13337
05-27 18:23:21.508   351   516 D automotive.vehicle@2.0-adayo-func-bcm: BCMFunc sendMessageFromVehicle_l id:557842506, area:0 not report! 
05-27 18:23:21.508   351   516 D automotive.vehicle@2.0-adayo-func-bcm: BCMFunc sendMessageFromVehicle_l dataType: 12,mByte=12,propid=0x2140006d
05-27 18:23:21.508   351   516 D automotive.vehicle@2.0-adayo-func-bcm: BCMFunc sendMessageFromVehicle_l msgBuff[12]=0x40,start:0,len:6,temp:6,
05-27 18:23:21.508   351   516 D automotive.vehicle@2.0-adayo-func-bcm: BCMFunc sendMessageFromVehicle_l prop: 0x2140006d ,areaId: 0x0  SPLITE_BIT_DATA_INTEGER : 0
05-27 18:23:21.508   351   516 D automotive.vehicle@2.0-adayo-func-bcm: BCMFunc sendMessageFromVehicle_l id:557842541, area:0 not report! 
05-27 18:23:21.508   351   516 D automotive.vehicle@2.0-adayo-func-bcm: BCMFunc sendMessageFromVehicle_l dataType: 12,mByte=12,propid=0x2140006e
05-27 18:23:21.508   351   516 D automotive.vehicle@2.0-adayo-func-bcm: BCMFunc sendMessageFromVehicle_l msgBuff[12]=0x40,start:6,len:2,temp:2,
05-27 18:23:21.508   351   516 D automotive.vehicle@2.0-adayo-func-bcm: BCMFunc sendMessageFromVehicle_l prop: 0x2140006e ,areaId: 0x0  SPLITE_BIT_DATA_INTEGER : 1
05-27 18:23:21.508   351   516 D automotive.vehicle@2.0-adayo-func-bcm: BCMFunc sendMessageFromVehicle_l id:557842542, area:0 not report! 
05-27 18:23:21.508   351   516 D automotive.vehicle@2.0-adayo-func-bcm: BCMFunc sendMessageFromVehicle_l dataType: 12,mByte=16,propid=0x21600040
05-27 18:23:21.508   351   516 D automotive.vehicle@2.0-adayo-func-bcm: BCMFunc sendMessageFromVehicle_l msgBuff[16]=0x0,start:0,len:32,temp:8,
05-27 18:23:21.508   351   516 D automotive.vehicle@2.0-adayo-func-bcm: BCMFunc sendMessageFromVehicle_l msgBuff[15]=0x0,start:0,len:24,temp:8,
05-27 18:23:21.508   351   516 D automotive.vehicle@2.0-adayo-func-bcm: BCMFunc sendMessageFromVehicle_l msgBuff[14]=0x0,start:0,len:16,temp:8,
05-27 18:23:21.508   351   516 D automotive.vehicle@2.0-adayo-func-bcm: BCMFunc sendMessageFromVehicle_l msgBuff[13]=0x0,start:0,len:8,temp:8,
05-27 18:23:21.508   351   516 D automotive.vehicle@2.0-adayo-func-bcm: BCMFunc sendMessageFromVehicle_l prop: 0x21600040 , SPLITE_BIT_DATA_INTEGER1 data:0
05-27 18:23:21.508   351   516 D automotive.vehicle@2.0-adayo-func-bcm: BCMFunc sendMessageFromVehicle_l prop: 0x21600040 , SPLITE_BIT_DATA_INTEGER4 procotol.calc[0]:0.100000,procotol.calc[1]:0.000000
05-27 18:23:21.508   351   516 D automotive.vehicle@2.0-adayo-func-bcm: BCMFunc sendMessageFromVehicle_l prop: 0x21600040 ,areaId: 0x0  SPLITE_BIT_DATA_INTEGER : 0.000000,calc[0]:0.100000,calc[1]:0.000000
05-27 18:23:21.508   351   516 D automotive.vehicle@2.0-adayo-func-bcm: BCMFunc sendMessageFromVehicle_l id:559939648, area:0 not report! 
05-27 18:23:21.508   351   516 D automotive.vehicle@2.0-adayo-func-bcm: BCMFunc sendMessageFromVehicle_l dataType: 12,mByte=17,propid=0x2140006f
05-27 18:23:21.508   351   516 D automotive.vehicle@2.0-adayo-func-bcm: BCMFunc sendMessageFromVehicle_l msgBuff[17]=0x40,start:0,len:6,temp:6,
05-27 18:23:21.508   351   516 D automotive.vehicle@2.0-adayo-func-bcm: BCMFunc sendMessageFromVehicle_l prop: 0x2140006f ,areaId: 0x0  SPLITE_BIT_DATA_INTEGER : 0
05-27 18:23:21.508   351   516 D automotive.vehicle@2.0-adayo-func-bcm: BCMFunc sendMessageFromVehicle_l id:557842543, area:0 not report! 
05-27 18:23:21.508   351   516 D automotive.vehicle@2.0-adayo-func-bcm: BCMFunc sendMessageFromVehicle_l dataType: 12,mByte=17,propid=0x21400070
05-27 18:23:21.508   351   516 D automotive.vehicle@2.0-adayo-func-bcm: BCMFunc sendMessageFromVehicle_l msgBuff[17]=0x40,start:6,len:2,temp:2,
05-27 18:23:21.508   351   516 D automotive.vehicle@2.0-adayo-func-bcm: BCMFunc sendMessageFromVehicle_l prop: 0x21400070 ,areaId: 0x0  SPLITE_BIT_DATA_INTEGER : 1
05-27 18:23:21.508   351   516 D automotive.vehicle@2.0-adayo-func-bcm: BCMFunc sendMessageFromVehicle_l id:557842544, area:0 not report! 
05-27 18:23:21.508   351   516 D automotive.vehicle@2.0-adayo-func-bcm: BCMFunc sendMessageFromVehicle_l dataType: 12,mByte=21,propid=0x2160004c
05-27 18:23:21.508   351   516 D automotive.vehicle@2.0-adayo-func-bcm: BCMFunc sendMessageFromVehicle_l msgBuff[21]=0x35,start:0,len:32,temp:8,
05-27 18:23:21.508   351   516 D automotive.vehicle@2.0-adayo-func-bcm: BCMFunc sendMessageFromVehicle_l msgBuff[20]=0x5,start:0,len:24,temp:8,
05-27 18:23:21.508   351   516 D automotive.vehicle@2.0-adayo-func-bcm: BCMFunc sendMessageFromVehicle_l msgBuff[19]=0x0,start:0,len:16,temp:8,
05-27 18:23:21.508   351   516 D automotive.vehicle@2.0-adayo-func-bcm: BCMFunc sendMessageFromVehicle_l msgBuff[18]=0x0,start:0,len:8,temp:8,
05-27 18:23:21.508   351   516 D automotive.vehicle@2.0-adayo-func-bcm: BCMFunc sendMessageFromVehicle_l prop: 0x2160004c , SPLITE_BIT_DATA_INTEGER1 data:1333
05-27 18:23:21.508   351   516 D automotive.vehicle@2.0-adayo-func-bcm: BCMFunc sendMessageFromVehicle_l prop: 0x2160004c , SPLITE_BIT_DATA_INTEGER4 procotol.calc[0]:0.100000,procotol.calc[1]:0.000000
05-27 18:23:21.508   351   516 D automotive.vehicle@2.0-adayo-func-bcm: BCMFunc sendMessageFromVehicle_l prop: 0x2160004c ,areaId: 0x0  SPLITE_BIT_DATA_INTEGER : 133.300003,calc[0]:0.100000,calc[1]:0.000000
05-27 18:23:21.509   351   516 D automotive.vehicle@2.0-adayo-func-bcm: BCMFunc sendMessageFromVehicle_l id:559939660, area:0 not report! 
05-27 18:23:21.509   351   516 D automotive.vehicle@2.0-adayo-func-bcm: BCMFunc sendMessageFromVehicle_l dataType: 12,mByte=22,propid=0x21400071
05-27 18:23:21.509   351   516 D automotive.vehicle@2.0-adayo-func-bcm: BCMFunc sendMessageFromVehicle_l msgBuff[22]=0x40,start:0,len:6,temp:6,
05-27 18:23:21.509   351   516 D automotive.vehicle@2.0-adayo-func-bcm: BCMFunc sendMessageFromVehicle_l prop: 0x21400071 ,areaId: 0x0  SPLITE_BIT_DATA_INTEGER : 0
05-27 18:23:21.509   351   516 D automotive.vehicle@2.0-adayo-func-bcm: BCMFunc sendMessageFromVehicle_l id:557842545, area:0 not report! 
05-27 18:23:21.509   351   516 D automotive.vehicle@2.0-adayo-func-bcm: BCMFunc sendMessageFromVehicle_l dataType: 12,mByte=22,propid=0x21400072
05-27 18:23:21.509   351   516 D automotive.vehicle@2.0-adayo-func-bcm: BCMFunc sendMessageFromVehicle_l msgBuff[22]=0x40,start:6,len:2,temp:2,
05-27 18:23:21.509   351   516 D automotive.vehicle@2.0-adayo-func-bcm: BCMFunc sendMessageFromVehicle_l prop: 0x21400072 ,areaId: 0x0  SPLITE_BIT_DATA_INTEGER : 1
05-27 18:23:21.509   351   516 D automotive.vehicle@2.0-adayo-func-bcm: BCMFunc sendMessageFromVehicle_l id:557842546, area:0 not report! 
05-27 18:23:21.509   351   516 D automotive.vehicle@2.0-adayo-func-bcm: BCMFunc sendMessageFromVehicle_l dataType: 12,mByte=24,propid=0x21400050
05-27 18:23:21.509   351   516 D automotive.vehicle@2.0-adayo-func-bcm: BCMFunc sendMessageFromVehicle_l msgBuff[24]=0x0,start:0,len:16,temp:8,
05-27 18:23:21.509   351   516 D automotive.vehicle@2.0-adayo-func-bcm: BCMFunc sendMessageFromVehicle_l msgBuff[23]=0x0,start:0,len:8,temp:8,
05-27 18:23:21.509   351   516 D automotive.vehicle@2.0-adayo-func-bcm: BCMFunc sendMessageFromVehicle_l prop: 0x21400050 ,areaId: 0x0  SPLITE_BIT_DATA_INTEGER : 0
05-27 18:23:21.509   351   516 D automotive.vehicle@2.0-adayo-func-bcm: BCMFunc sendMessageFromVehicle_l id:557842512, area:0 not report! 
05-27 18:23:21.509   351   516 D automotive.vehicle@2.0-adayo-func-bcm: BCMFunc sendMessageFromVehicle_l dataType: 12,mByte=25,propid=0x21400051
05-27 18:23:21.509   351   516 D automotive.vehicle@2.0-adayo-func-bcm: BCMFunc sendMessageFromVehicle_l msgBuff[25]=0x0,start:0,len:8,temp:8,
05-27 18:23:21.509   351   516 D automotive.vehicle@2.0-adayo-func-bcm: BCMFunc sendMessageFromVehicle_l prop: 0x21400051 ,areaId: 0x0  SPLITE_BIT_DATA_INTEGER : 0
05-27 18:23:21.509   351   516 D automotive.vehicle@2.0-adayo-func-bcm: BCMFunc sendMessageFromVehicle_l id:557842513, area:0 not report! 
05-27 18:23:21.509   351   516 D automotive.vehicle@2.0-adayo-func-bcm: BCMFunc sendMessageFromVehicle_l dataType: 12,mByte=26,propid=0x21400052
05-27 18:23:21.509   351   516 D automotive.vehicle@2.0-adayo-func-bcm: BCMFunc sendMessageFromVehicle_l msgBuff[26]=0x0,start:0,len:8,temp:8,
05-27 18:23:21.509   351   516 D automotive.vehicle@2.0-adayo-func-bcm: BCMFunc sendMessageFromVehicle_l prop: 0x21400052 ,areaId: 0x0  SPLITE_BIT_DATA_INTEGER : 0
05-27 18:23:21.509   351   516 D automotive.vehicle@2.0-adayo-func-bcm: BCMFunc sendMessageFromVehicle_l id:557842514, area:0 not report! 
05-27 18:23:21.509  5733  5759 D ANW_AVRCP_SECOND: write storage size=6600
05-27 18:23:21.509  5733  5759 D ANW_AVRCP_SECOND: 
05-27 18:23:21.509   351   516 D automotive.vehicle@2.0-adayo-func-bcm: BCMFunc sendMessageFromVehicle_l dataType: 12,mByte=27,propid=0x21400073
05-27 18:23:21.509   351   516 D automotive.vehicle@2.0-adayo-func-bcm: BCMFunc sendMessageFromVehicle_l msgBuff[27]=0x40,start:0,len:6,temp:6,
05-27 18:23:21.509   351   516 D automotive.vehicle@2.0-adayo-func-bcm: BCMFunc sendMessageFromVehicle_l prop: 0x21400073 ,areaId: 0x0  SPLITE_BIT_DATA_INTEGER : 0
05-27 18:23:21.509   351   516 D automotive.vehicle@2.0-adayo-func-bcm: BCMFunc sendMessageFromVehicle_l id:557842547, area:0 not report! 
05-27 18:23:21.509   351   516 D automotive.vehicle@2.0-adayo-func-bcm: BCMFunc sendMessageFromVehicle_l dataType: 12,mByte=27,propid=0x21400074
05-27 18:23:21.509   351   516 D automotive.vehicle@2.0-adayo-func-bcm: BCMFunc sendMessageFromVehicle_l msgBuff[27]=0x40,start:6,len:2,temp:2,
05-27 18:23:21.509   351   516 D automotive.vehicle@2.0-adayo-func-bcm: BCMFunc sendMessageFromVehicle_l prop: 0x21400074 ,areaId: 0x0  SPLITE_BIT_DATA_INTEGER : 1
05-27 18:23:21.509  5733  5759 D ANWAPI_SECOND: (5733|0x285F2CB0)[BTAPI] >>>>AnWBT_EEPROM_Read 
05-27 18:23:21.509   351   516 D automotive.vehicle@2.0-adayo-func-bcm: BCMFunc sendMessageFromVehicle_l id:557842548, area:0 not report! 
05-27 18:23:21.509   351   516 D automotive.vehicle@2.0-adayo-func-bcm: BCMFunc sendMessageFromVehicle_l dataType: 12,mByte=29,propid=0x21400053
05-27 18:23:21.510  5733  5759 D ANWAPI_SECOND: (5733|0x285F2CB0)[BTAPI] B:Rpaired_storage[0]name[]addr[00:00:00:00:00:00]linkkey[00:00:00:00:00:00:00:00:00:00:00:00:00:00:00:00]
05-27 18:23:21.510   351   516 D automotive.vehicle@2.0-adayo-func-bcm: BCMFunc sendMessageFromVehicle_l msgBuff[29]=0x59,start:0,len:16,temp:8,
05-27 18:23:21.510   351   516 D automotive.vehicle@2.0-adayo-func-bcm: BCMFunc sendMessageFromVehicle_l msgBuff[28]=0x0,start:0,len:8,temp:8,
05-27 18:23:21.510  5733  5759 D ANWAPI_SECOND: (5733|0x285F2CB0)[BTAPI] B:Rpaired_storage[1]name[]addr[00:00:00:00:00:00]linkkey[00:00:00:00:00:00:00:00:00:00:00:00:00:00:00:00]
05-27 18:23:21.510   351   516 D automotive.vehicle@2.0-adayo-func-bcm: BCMFunc sendMessageFromVehicle_l prop: 0x21400053 ,areaId: 0x0  SPLITE_BIT_DATA_INTEGER : 89
05-27 18:23:21.510  5733  5759 D ANWAPI_SECOND: (5733|0x285F2CB0)[BTAPI] B:Rpaired_storage[2]name[]addr[00:00:00:00:00:00]linkkey[00:00:00:00:00:00:00:00:00:00:00:00:00:00:00:00]
05-27 18:23:21.510   351   516 D automotive.vehicle@2.0-adayo-func-bcm: BCMFunc sendMessageFromVehicle_l id:557842515, area:0 not report! 
05-27 18:23:21.510   351   516 D automotive.vehicle@2.0-adayo-func-bcm: BCMFunc sendMessageFromVehicle_l dataType: 12,mByte=30,propid=0x21400054
05-27 18:23:21.510  5733  5759 D ANWAPI_SECOND: (5733|0x285F2CB0)[BTAPI] B:Rpaired_storage[3]name[]addr[00:00:00:00:00:00]linkkey[00:00:00:00:00:00:00:00:00:00:00:00:00:00:00:00]
05-27 18:23:21.510   351   516 D automotive.vehicle@2.0-adayo-func-bcm: BCMFunc sendMessageFromVehicle_l msgBuff[30]=0x23,start:0,len:8,temp:8,
05-27 18:23:21.510   351   516 D automotive.vehicle@2.0-adayo-func-bcm: BCMFunc sendMessageFromVehicle_l prop: 0x21400054 ,areaId: 0x0  SPLITE_BIT_DATA_INTEGER : 35
05-27 18:23:21.510  5733  5759 D ANWAPI_SECOND: (5733|0x285F2CB0)[BTAPI] B:Rpaired_storage[4]name[]addr[00:00:00:00:00:00]linkkey[00:00:00:00:00:00:00:00:00:00:00:00:00:00:00:00]
05-27 18:23:21.510   351   516 D automotive.vehicle@2.0-adayo-func-bcm: BCMFunc sendMessageFromVehicle_l id:557842516, area:0 not report! 
05-27 18:23:21.510   351   516 D automotive.vehicle@2.0-adayo-func-bcm: BCMFunc sendMessageFromVehicle_l dataType: 12,mByte=31,propid=0x21400055
05-27 18:23:21.510  5733  5759 D ANWAPI_SECOND: (5733|0x285F2CB0)[BTAPI] B:Rpaired_storage[5]name[]addr[00:00:00:00:00:00]linkkey[00:00:00:00:00:00:00:00:00:00:00:00:00:00:00:00]
05-27 18:23:21.510   351   516 D automotive.vehicle@2.0-adayo-func-bcm: BCMFunc sendMessageFromVehicle_l msgBuff[31]=0x1c,start:0,len:8,temp:8,
05-27 18:23:21.510   351   516 D automotive.vehicle@2.0-adayo-func-bcm: BCMFunc sendMessageFromVehicle_l prop: 0x21400055 ,areaId: 0x0  SPLITE_BIT_DATA_INTEGER : 28
05-27 18:23:21.510  5733  5759 D ANWAPI_SECOND: (5733|0x285F2CB0)[BTAPI] B:Rpaired_storage[6]name[]addr[00:00:00:00:00:00]linkkey[00:00:00:00:00:00:00:00:00:00:00:00:00:00:00:00]
05-27 18:23:21.510   351   516 D automotive.vehicle@2.0-adayo-func-bcm: BCMFunc sendMessageFromVehicle_l id:557842517, area:0 not report! 
05-27 18:23:21.510   351   516 D automotive.vehicle@2.0-adayo-func-bcm: BCMFunc sendMessageFromVehicle_l dataType: 12,mByte=32,propid=0x21400075
05-27 18:23:21.510  5733  5759 D ANWAPI_SECOND: (5733|0x285F2CB0)[BTAPI] B:Rpaired_storage[7]name[]addr[00:00:00:00:00:00]linkkey[00:00:00:00:00:00:00:00:00:00:00:00:00:00:00:00]
05-27 18:23:21.510   351   516 D automotive.vehicle@2.0-adayo-func-bcm: BCMFunc sendMessageFromVehicle_l msgBuff[32]=0x40,start:0,len:6,temp:6,
05-27 18:23:21.510   351   516 D automotive.vehicle@2.0-adayo-func-bcm: BCMFunc sendMessageFromVehicle_l prop: 0x21400075 ,areaId: 0x0  SPLITE_BIT_DATA_INTEGER : 0
05-27 18:23:21.510  5733  5759 D ANWAPI_SECOND: (5733|0x285F2CB0)[BTAPI] B:Rpaired_storage[8]name[]addr[00:00:00:00:00:00]linkkey[00:00:00:00:00:00:00:00:00:00:00:00:00:00:00:00]
05-27 18:23:21.510   351   516 D automotive.vehicle@2.0-adayo-func-bcm: BCMFunc sendMessageFromVehicle_l id:557842549, area:0 not report! 
05-27 18:23:21.510  5733  5759 D ANWAPI_SECOND: (5733|0x285F2CB0)[BTAPI] B:Rpaired_storage[9]name[]addr[00:00:00:00:00:00]linkkey[00:00:00:00:00:00:00:00:00:00:00:00:00:00:00:00]
05-27 18:23:21.510   351   516 D automotive.vehicle@2.0-adayo-func-bcm: BCMFunc sendMessageFromVehicle_l dataType: 12,mByte=32,propid=0x21400076
05-27 18:23:21.510   351   516 D automotive.vehicle@2.0-adayo-func-bcm: BCMFunc sendMessageFromVehicle_l msgBuff[32]=0x40,start:6,len:2,temp:2,
05-27 18:23:21.510  5733  5759 D ANWAPI_SECOND: (5733|0x285F2CB0)[BTAPI] B:Rpaired_storage[10]name[]addr[00:00:00:00:00:00]linkkey[00:00:00:00:00:00:00:00:00:00:00:00:00:00:00:00]
05-27 18:23:21.510   351   516 D automotive.vehicle@2.0-adayo-func-bcm: BCMFunc sendMessageFromVehicle_l prop: 0x21400076 ,areaId: 0x0  SPLITE_BIT_DATA_INTEGER : 1
05-27 18:23:21.510   351   516 D automotive.vehicle@2.0-adayo-func-bcm: BCMFunc sendMessageFromVehicle_l id:557842550, area:0 not report! 
05-27 18:23:21.510  5733  5759 D ANW_AVRCP_SECOND: AnWBT_ReadStorage =/data/misc/anw//anwbt_storage.bin
05-27 18:23:21.510   351   516 D automotive.vehicle@2.0-adayo-func-bcm: BCMFunc sendMessageFromVehicle_l dataType: 12,mByte=34,propid=0x2140004b
05-27 18:23:21.510   351   516 D automotive.vehicle@2.0-adayo-func-bcm: BCMFunc sendMessageFromVehicle_l msgBuff[34]=0x0,start:0,len:16,temp:8,
05-27 18:23:21.510   351   516 D automotive.vehicle@2.0-adayo-func-bcm: BCMFunc sendMessageFromVehicle_l msgBuff[33]=0x0,start:0,len:8,temp:8,
05-27 18:23:21.510   351   516 D automotive.vehicle@2.0-adayo-func-bcm: BCMFunc sendMessageFromVehicle_l prop: 0x2140004b ,areaId: 0x0  SPLITE_BIT_DATA_INTEGER : 0
05-27 18:23:21.510   351   516 D automotive.vehicle@2.0-adayo-func-bcm: BCMFunc sendMessageFromVehicle_l id:557842507, area:0 not report! 
05-27 18:23:21.510   351   516 D automotive.vehicle@2.0-adayo-func-bcm: BCMFunc sendMessageFromVehicle_l dataType: 12,mByte=35,propid=0x21400077
05-27 18:23:21.510   351   516 D automotive.vehicle@2.0-adayo-func-bcm: BCMFunc sendMessageFromVehicle_l msgBuff[35]=0x40,start:0,len:6,temp:6,
05-27 18:23:21.510   351   516 D automotive.vehicle@2.0-adayo-func-bcm: BCMFunc sendMessageFromVehicle_l prop: 0x21400077 ,areaId: 0x0  SPLITE_BIT_DATA_INTEGER : 0
05-27 18:23:21.511   351   516 D automotive.vehicle@2.0-adayo-func-bcm: BCMFunc sendMessageFromVehicle_l id:557842551, area:0 not report! 
05-27 18:23:21.511   351   516 D automotive.vehicle@2.0-adayo-func-bcm: BCMFunc sendMessageFromVehicle_l dataType: 12,mByte=35,propid=0x21400078
05-27 18:23:21.511  5733  5759 D ANW_AVRCP_SECOND: AnWBT_ReadStorage open anwbt_bt_storage success
05-27 18:23:21.511  5733  5759 D ANW_AVRCP_SECOND: 
05-27 18:23:21.511   351   516 D automotive.vehicle@2.0-adayo-func-bcm: BCMFunc sendMessageFromVehicle_l msgBuff[35]=0x40,start:6,len:2,temp:2,
05-27 18:23:21.511   351   516 D automotive.vehicle@2.0-adayo-func-bcm: BCMFunc sendMessageFromVehicle_l prop: 0x21400078 ,areaId: 0x0  SPLITE_BIT_DATA_INTEGER : 1
05-27 18:23:21.511   351   516 D automotive.vehicle@2.0-adayo-func-bcm: BCMFunc sendMessageFromVehicle_l id:557842552, area:0 not report! 
05-27 18:23:21.511  5733  5759 D ANW_AVRCP_SECOND: read storage size=6600
05-27 18:23:21.511  5733  5759 D ANW_AVRCP_SECOND: 
05-27 18:23:21.511   351   516 D automotive.vehicle@2.0-adayo-func-bcm: BCMFunc sendMessageFromVehicle_l dataType: 12,mByte=37,propid=0x2140004c
05-27 18:23:21.511   581   581 I SpiService: fgesysctrl_getGPIO_status success val=1
05-27 18:23:21.511   351   516 D automotive.vehicle@2.0-adayo-func-bcm: BCMFunc sendMessageFromVehicle_l msgBuff[37]=0x0,start:0,len:16,temp:8,
05-27 18:23:21.511  5733  5759 D ANWAPI_SECOND: (5733|0x285F2CB0)[BTAPI] A:Readpaired_storage[0]name[]cod[0]support[0]addr[00:00:00:00:00:00]linkkey[00:00:00:00:00:00:00:00:00:00:00:00:00:00:00:00]
05-27 18:23:21.511   351   516 D automotive.vehicle@2.0-adayo-func-bcm: BCMFunc sendMessageFromVehicle_l msgBuff[36]=0x0,start:0,len:8,temp:8,
05-27 18:23:21.511   351   516 D automotive.vehicle@2.0-adayo-func-bcm: BCMFunc sendMessageFromVehicle_l prop: 0x2140004c ,areaId: 0x0  SPLITE_BIT_DATA_INTEGER : 0
05-27 18:23:21.511  5733  5759 D ANWAPI_SECOND: (5733|0x285F2CB0)[BTAPI] A:Readpaired_storage[1]name[]cod[0]support[0]addr[00:00:00:00:00:00]linkkey[00:00:00:00:00:00:00:00:00:00:00:00:00:00:00:00]
05-27 18:23:21.511   351   516 D automotive.vehicle@2.0-adayo-func-bcm: BCMFunc sendMessageFromVehicle_l id:557842508, area:0 not report! 
05-27 18:23:21.511   351   516 D automotive.vehicle@2.0-adayo-func-bcm: BCMFunc sendMessageFromVehicle_l dataType: 12,mByte=38,propid=0x2140009b
05-27 18:23:21.511  5733  5759 D ANWAPI_SECOND: (5733|0x285F2CB0)[BTAPI] A:Readpaired_storage[2]name[]cod[0]support[0]addr[00:00:00:00:00:00]linkkey[00:00:00:00:00:00:00:00:00:00:00:00:00:00:00:00]
05-27 18:23:21.511   351   516 D automotive.vehicle@2.0-adayo-func-bcm: BCMFunc sendMessageFromVehicle_l msgBuff[38]=0x0,start:0,len:8,temp:8,
05-27 18:23:21.511   351   516 D automotive.vehicle@2.0-adayo-func-bcm: BCMFunc sendMessageFromVehicle_l prop: 0x2140009b ,areaId: 0x0  SPLITE_BIT_DATA_INTEGER : 0
05-27 18:23:21.511  5733  5759 D ANWAPI_SECOND: (5733|0x285F2CB0)[BTAPI] A:Readpaired_storage[3]name[]cod[0]support[0]addr[00:00:00:00:00:00]linkkey[00:00:00:00:00:00:00:00:00:00:00:00:00:00:00:00]
05-27 18:23:21.511   351   516 D automotive.vehicle@2.0-adayo-func-bcm: BCMFunc sendMessageFromVehicle_l id:557842587, area:0 not report! 
05-27 18:23:21.511   351   516 D automotive.vehicle@2.0-adayo-func-bcm: BCMFunc sendMessageFromVehicle_l dataType: 12,mByte=39,propid=0x2140009c
05-27 18:23:21.511  5733  5759 D ANWAPI_SECOND: (5733|0x285F2CB0)[BTAPI] A:Readpaired_storage[4]name[]cod[0]support[0]addr[00:00:00:00:00:00]linkkey[00:00:00:00:00:00:00:00:00:00:00:00:00:00:00:00]
05-27 18:23:21.511   351   516 D automotive.vehicle@2.0-adayo-func-bcm: BCMFunc sendMessageFromVehicle_l msgBuff[39]=0x0,start:0,len:8,temp:8,
05-27 18:23:21.511   351   516 D automotive.vehicle@2.0-adayo-func-bcm: BCMFunc sendMessageFromVehicle_l prop: 0x2140009c ,areaId: 0x0  SPLITE_BIT_DATA_INTEGER : 0
05-27 18:23:21.511  5733  5759 D ANWAPI_SECOND: (5733|0x285F2CB0)[BTAPI] A:Readpaired_storage[5]name[]cod[0]support[0]addr[00:00:00:00:00:00]linkkey[00:00:00:00:00:00:00:00:00:00:00:00:00:00:00:00]
05-27 18:23:21.511   351   516 D automotive.vehicle@2.0-adayo-func-bcm: BCMFunc sendMessageFromVehicle_l id:557842588, area:0 not report! 
05-27 18:23:21.511  5733  5759 D ANWAPI_SECOND: (5733|0x285F2CB0)[BTAPI] A:Readpaired_storage[6]name[]cod[0]support[0]addr[00:00:00:00:00:00]linkkey[00:00:00:00:00:00:00:00:00:00:00:00:00:00:00:00]
05-27 18:23:21.511   351   516 D automotive.vehicle@2.0-adayo-func-bcm: BCMFunc sendMessageFromVehicle_l dataType: 12,mByte=40,propid=0x2140009d
05-27 18:23:21.511   351   516 D automotive.vehicle@2.0-adayo-func-bcm: BCMFunc sendMessageFromVehicle_l msgBuff[40]=0x0,start:0,len:8,temp:8,
05-27 18:23:21.511  5733  5759 D ANWAPI_SECOND: (5733|0x285F2CB0)[BTAPI] A:Readpaired_storage[7]name[]cod[0]support[0]addr[00:00:00:00:00:00]linkkey[00:00:00:00:00:00:00:00:00:00:00:00:00:00:00:00]
05-27 18:23:21.511   351   516 D automotive.vehicle@2.0-adayo-func-bcm: BCMFunc sendMessageFromVehicle_l prop: 0x2140009d ,areaId: 0x0  SPLITE_BIT_DATA_INTEGER : 0
05-27 18:23:21.511   351   516 D automotive.vehicle@2.0-adayo-func-bcm: BCMFunc sendMessageFromVehicle_l id:557842589, area:0 not report! 
05-27 18:23:21.511  5733  5759 D ANWAPI_SECOND: (5733|0x285F2CB0)[BTAPI] A:Readpaired_storage[8]name[]cod[0]support[0]addr[00:00:00:00:00:00]linkkey[00:00:00:00:00:00:00:00:00:00:00:00:00:00:00:00]
05-27 18:23:21.511   351   516 D automotive.vehicle@2.0-adayo-func-bcm: BCMFunc sendMessageFromVehicle_l dataType: 12,mByte=41,propid=0x2140009e
05-27 18:23:21.511   351   516 D automotive.vehicle@2.0-adayo-func-bcm: BCMFunc sendMessageFromVehicle_l msgBuff[41]=0x0,start:0,len:8,temp:8,
05-27 18:23:21.511  5733  5759 D ANWAPI_SECOND: (5733|0x285F2CB0)[BTAPI] A:Readpaired_storage[9]name[]cod[0]support[0]addr[00:00:00:00:00:00]linkkey[00:00:00:00:00:00:00:00:00:00:00:00:00:00:00:00]
05-27 18:23:21.511   351   516 D automotive.vehicle@2.0-adayo-func-bcm: BCMFunc sendMessageFromVehicle_l prop: 0x2140009e ,areaId: 0x0  SPLITE_BIT_DATA_INTEGER : 0
05-27 18:23:21.512   351   516 D automotive.vehicle@2.0-adayo-func-bcm: BCMFunc sendMessageFromVehicle_l id:557842590, area:0 not report! 
05-27 18:23:21.512   351   516 D automotive.vehicle@2.0-adayo-func-bcm: BCMFunc sendMessageFromVehicle_l dataType: 12,mByte=43,propid=0x2160009f
05-27 18:23:21.512  5733  5759 D ANWAPI_SECOND: (5733|0x285F2CB0)[BTAPI] A:Readpaired_storage[10]name[]cod[0]support[0]addr[00:00:00:00:00:00]linkkey[00:00:00:00:00:00:00:00:00:00:00:00:00:00:00:00]
05-27 18:23:21.512   351   516 D automotive.vehicle@2.0-adayo-func-bcm: BCMFunc sendMessageFromVehicle_l msgBuff[43]=0x0,start:0,len:16,temp:8,
05-27 18:23:21.512   351   516 D automotive.vehicle@2.0-adayo-func-bcm: BCMFunc sendMessageFromVehicle_l msgBuff[42]=0x0,start:0,len:8,temp:8,
05-27 18:23:21.512  5733  5759 D ANWAPI_SECOND: (5733|0x285F2CB0)[BTAPI] <<<<AnWBT_EEPROM_Read ret = 0
05-27 18:23:21.512   351   516 D automotive.vehicle@2.0-adayo-func-bcm: BCMFunc sendMessageFromVehicle_l prop: 0x2160009f , SPLITE_BIT_DATA_INTEGER1 data:0
05-27 18:23:21.512   351   516 D automotive.vehicle@2.0-adayo-func-bcm: BCMFunc sendMessageFromVehicle_l prop: 0x2160009f , SPLITE_BIT_DATA_INTEGER4 procotol.calc[0]:0.100000,procotol.calc[1]:0.000000
05-27 18:23:21.512  5733  5759 D ANWAPI_SECOND: (5733|0x285F2CB0)[BTAPI] build time = 11:28:38 sdk ver=0x 300002A
05-27 18:23:21.512   351   516 D automotive.vehicle@2.0-adayo-func-bcm: BCMFunc sendMessageFromVehicle_l prop: 0x2160009f ,areaId: 0x0  SPLITE_BIT_DATA_INTEGER : 0.000000,calc[0]:0.100000,calc[1]:0.000000
05-27 18:23:21.512  5733  5759 D ANWAPI_SECOND: (5733|0x285F2CB0)[BTAPI] creating init task
05-27 18:23:21.512   351   516 D automotive.vehicle@2.0-adayo-func-bcm: BCMFunc sendMessageFromVehicle_l id:559939743, area:0 not report! 
05-27 18:23:21.512   351   516 D automotive.vehicle@2.0-adayo-func-bcm: BCMFunc sendMessageFromVehicle_l dataType: 12,mByte=45,propid=0x216000f3
05-27 18:23:21.512   351   516 D automotive.vehicle@2.0-adayo-func-bcm: BCMFunc sendMessageFromVehicle_l msgBuff[45]=0x0,start:0,len:16,temp:8,
05-27 18:23:21.512   351   516 D automotive.vehicle@2.0-adayo-func-bcm: BCMFunc sendMessageFromVehicle_l msgBuff[44]=0x0,start:0,len:8,temp:8,
05-27 18:23:21.512   351   516 D automotive.vehicle@2.0-adayo-func-bcm: BCMFunc sendMessageFromVehicle_l prop: 0x216000f3 , SPLITE_BIT_DATA_INTEGER1 data:0
05-27 18:23:21.512   351   516 D automotive.vehicle@2.0-adayo-func-bcm: BCMFunc sendMessageFromVehicle_l prop: 0x216000f3 , SPLITE_BIT_DATA_INTEGER4 procotol.calc[0]:0.100000,procotol.calc[1]:0.000000
05-27 18:23:21.512   351   516 D automotive.vehicle@2.0-adayo-func-bcm: BCMFunc sendMessageFromVehicle_l prop: 0x216000f3 ,areaId: 0x0  SPLITE_BIT_DATA_INTEGER : 0.000000,calc[0]:0.100000,calc[1]:0.000000
05-27 18:23:21.512   351   516 D automotive.vehicle@2.0-adayo-func-bcm: BCMFunc sendMessageFromVehicle_l id:559939827, area:0 not report! 
05-27 18:23:21.512   351   516 D automotive.vehicle@2.0-adayo-func-bcm: BCMFunc sendMessageFromVehicle_l dataType: 12,mByte=47,propid=0x214000f4
05-27 18:23:21.512   351   516 D automotive.vehicle@2.0-adayo-func-bcm: BCMFunc sendMessageFromVehicle_l msgBuff[47]=0x0,start:0,len:16,temp:8,
05-27 18:23:21.512   351   516 D automotive.vehicle@2.0-adayo-func-bcm: BCMFunc sendMessageFromVehicle_l msgBuff[46]=0x0,start:0,len:8,temp:8,
05-27 18:23:21.512   351   516 D automotive.vehicle@2.0-adayo-func-bcm: BCMFunc sendMessageFromVehicle_l prop: 0x214000f4 ,areaId: 0x0  SPLITE_BIT_DATA_INTEGER : 0
05-27 18:23:21.512   351   516 D automotive.vehicle@2.0-adayo-func-bcm: BCMFunc sendMessageFromVehicle_l id:557842676, area:0 not report! 
05-27 18:23:21.512   351   516 D automotive.vehicle@2.0-adayo-func-bcm: BCMFunc sendMessageFromVehicle_l dataType: 12,mByte=48,propid=0x214000fe
05-27 18:23:21.512   351   516 D automotive.vehicle@2.0-adayo-func-bcm: BCMFunc sendMessageFromVehicle_l msgBuff[48]=0x0,start:0,len:8,temp:8,
05-27 18:23:21.512   351   516 D automotive.vehicle@2.0-adayo-func-bcm: BCMFunc sendMessageFromVehicle_l prop: 0x214000fe ,areaId: 0x0  SPLITE_BIT_DATA_INTEGER : 0
05-27 18:23:21.512   351   516 D automotive.vehicle@2.0-adayo-func-bcm: BCMFunc sendMessageFromVehicle_l id:557842686, area:0 not report! 
05-27 18:23:21.512   351   516 D automotive.vehicle@2.0-adayo-func-bcm: BCMFunc sendMessageFromVehicle_l dataType: 12,mByte=49,propid=0x21400100
05-27 18:23:21.512   351   516 D automotive.vehicle@2.0-adayo-func-bcm: BCMFunc sendMessageFromVehicle_l msgBuff[49]=0x0,start:0,len:8,temp:8,
05-27 18:23:21.512   351   516 D automotive.vehicle@2.0-adayo-func-bcm: BCMFunc sendMessageFromVehicle_l prop: 0x21400100 ,areaId: 0x0  SPLITE_BIT_DATA_INTEGER : 0
05-27 18:23:21.512   351   516 D automotive.vehicle@2.0-adayo-func-bcm: BCMFunc sendMessageFromVehicle_l id:557842688, area:0 not report! 
05-27 18:23:21.512   351   516 D automotive.vehicle@2.0-adayo-func-bcm: BCMFunc sendMessageFromVehicle_l dataType: 12,mByte=50,propid=0x214000fa
05-27 18:23:21.512   351   516 D automotive.vehicle@2.0-adayo-func-bcm: BCMFunc sendMessageFromVehicle_l msgBuff[50]=0x0,start:0,len:8,temp:8,
05-27 18:23:21.512   351   516 D automotive.vehicle@2.0-adayo-func-bcm: BCMFunc sendMessageFromVehicle_l prop: 0x214000fa ,areaId: 0x0  SPLITE_BIT_DATA_INTEGER : 0
05-27 18:23:21.512   351   516 D automotive.vehicle@2.0-adayo-func-bcm: BCMFunc sendMessageFromVehicle_l id:557842682, area:0 not report! 
05-27 18:23:21.512   351   516 D automotive.vehicle@2.0-adayo-func-bcm: BCMFunc sendMessageFromVehicle_l dataType: 12,mByte=51,propid=0x214000fb
05-27 18:23:21.512  5733  5761 D ANWAPI_SECOND: (5733|0x283F6CB0)[BTAPI] Enter BTInit_Task stacd=1,675245232
05-27 18:23:21.512   351   516 D automotive.vehicle@2.0-adayo-func-bcm: BCMFunc sendMessageFromVehicle_l msgBuff[51]=0x0,start:0,len:8,temp:8,
05-27 18:23:21.512   351   516 D automotive.vehicle@2.0-adayo-func-bcm: BCMFunc sendMessageFromVehicle_l prop: 0x214000fb ,areaId: 0x0  SPLITE_BIT_DATA_INTEGER : 0
05-27 18:23:21.512   351   516 D automotive.vehicle@2.0-adayo-func-bcm: BCMFunc sendMessageFromVehicle_l id:557842683, area:0 not report! 
05-27 18:23:21.512  5733  5761 D ANWAPI_SECOND: (5733|0x283F6CB0)[BTAPI] pthread_attr_init
05-27 18:23:21.513   351   516 D automotive.vehicle@2.0-adayo-func-bcm: BCMFunc sendMessageFromVehicle_l dataType: 12,mByte=52,propid=0x214000fc
05-27 18:23:21.513   351   516 D automotive.vehicle@2.0-adayo-func-bcm: BCMFunc sendMessageFromVehicle_l msgBuff[52]=0x0,start:0,len:8,temp:8,
05-27 18:23:21.513  5733  5761 D ANWAPI_SECOND: (5733|0x283F6CB0)[BTAPI] BTHost_Init: min priority 1, max priority 99
05-27 18:23:21.513   351   516 D automotive.vehicle@2.0-adayo-func-bcm: BCMFunc sendMessageFromVehicle_l prop: 0x214000fc ,areaId: 0x0  SPLITE_BIT_DATA_INTEGER : 0
05-27 18:23:21.513  5733  5761 D ANWAPI_SECOND: (5733|0x283F6CB0)[BTAPI] Enter BTHost_Init
05-27 18:23:21.513   351   516 D automotive.vehicle@2.0-adayo-func-bcm: BCMFunc sendMessageFromVehicle_l id:557842684, area:0 not report! 
05-27 08:14:30.486   581   581 D spi_rst_gpio_get_output: GPIO 145 value: 1
05-27 18:23:21.513   351   516 D automotive.vehicle@2.0-adayo-func-bcm: BCMFunc sendMessageFromVehicle_l dataType: 12,mByte=53,propid=0x21400106
05-27 08:14:30.486   581   581 D spidev_ioctl: gpio status=1)
05-27 18:23:21.513   351   516 D automotive.vehicle@2.0-adayo-func-bcm: BCMFunc sendMessageFromVehicle_l msgBuff[53]=0x1,start:0,len:8,temp:8,
05-27 18:23:21.513   351   516 D automotive.vehicle@2.0-adayo-func-bcm: BCMFunc sendMessageFromVehicle_l prop: 0x21400106 ,areaId: 0x0  SPLITE_BIT_DATA_INTEGER : 1
05-27 18:23:21.513   351   516 D automotive.vehicle@2.0-adayo-func-bcm: BCMFunc sendMessageFromVehicle_l id:557842694, area:0 not report! 
05-27 18:23:21.513  5733  5761 D ANWAPI_SECOND: (5733|0x283F6CB0)[BTAPI] BTHost_InitMessage
05-27 18:23:21.514  5733  5761 D ANWAPI_SECOND: (5733|0x283F6CB0)[BTAPI] btosal_msg_ff_initial
05-27 18:23:21.514  5733  5761 D ANW_WAVEOUT_SECOND: (5733|0x283F6CB0)[WAVEOUT] [AnWBT WAVE] A2dp_WaveOut_Init
05-27 18:23:21.514  5733  5761 D ANW_WAVEOUT_SECOND: 
05-27 18:23:21.514  5733  5761 D ANWAPI_SECOND: (5733|0x283F6CB0)[BTAPI] Check BTHost_Task status
05-27 18:23:21.516   581   581 I SpiService: fgesysctrl_getGPIO_status success val=1
05-27 18:23:21.517  1008 30857 D [OMXB]  : usingANWBuffer: handle:0xee7433a0, format:1, w:1920, h:1080
05-27 18:23:21.518  5733  5763 D ANWAPI_SECOND: (5733|0x281FACB0)[BTAPI] Enter BTHost_Task
05-27 18:23:21.518  5733  5763 D ANWAPI_SECOND: (5733|0x281FACB0)[BTAPI] BTHost_Task setpriority(0)(-15)
05-27 18:23:21.518 13911 14183 I SentryImuMcuAngleSender: -179.98949rollDeg
05-27 18:23:21.518 13911 14183 I SentryImuMcuAngleSender: 1,0,0
05-27 18:23:21.520  1008 30856 D [OMXB]  : usingANWBuffer: handle:0xee742690, format:1, w:1920, h:1080
05-27 18:23:21.522   581   581 I SpiService: fgesysctrl_getGPIO_status success val=1
