05-27 18:23:20.248   572   572 I Sensors : 230 GyroSensor: x:-0.011606,y:0.004734,z:0.002596
05-27 18:23:20.249   283   307 I rvcservice: t.code = 7, t.value = 9267355
05-27 18:23:20.253   581   581 I SpiService: fgesysctrl_getGPIO_status success val=0
05-27 18:23:20.253   481   597 I mcuc    : send SPI:6AA602BAAF000283050B
05-27 18:23:20.257 13911 14183 I SentryImuMcuAngleSender: -179.986rollDeg
05-27 18:23:20.257 13911 14183 I SentryImuMcuAngleSender: 1,0,0
05-27 18:23:20.259   299 30844 D EvsDriver: forwardFrame
05-27 18:23:20.261   299 30844 D EvsDriver: Delivered 0xb400007b7ca56900 as id 0
05-27 18:23:20.262  1167  1167 I liblog  : 1
05-27 18:23:20.262  1167  1167 D evsmanagerd: /dev/video6 forwarded the buffer #0 to 0xb4000074bf5f5510 from 0xb4000074bf5f6d90
05-27 18:23:20.262  1083  1083 I MyAppLog: [2026-05-27 18:23:20.260 I tboxap mcuSendYadiTransfer:196] [Mcu] [mcuYadiSend]: :00 08 51 04 01 09 81 02 01 01
05-27 18:23:20.264   481   599 I mcuc    : start timer OK = 26042 
05-27 18:23:20.267   299  1163 D EvsDriver: doneWithFrame
05-27 18:23:20.267   581   581 I SpiService: fgesysctrl_getGPIO_status success val=1
05-27 18:23:20.267 13549 13800 I ADAYO_LOG_: executeSaveLogcat_l(LogcatFunc.java:186)path:/mnt/log_data/AndroidLog/logcat/logcat_2026_05_27_18_23_19_638-43.txt
05-27 18:23:20.271   299 30841 D EvsDriver: forwardFrame
05-27 18:23:20.273   581   581 I SpiService: fgesysctrl_getGPIO_status success val=1
05-27 18:23:20.273  1167  1167 D evsmanagerd: /dev/video4 forwarded the buffer #0 to 0xb4000074bf5f6850 from 0xb4000074bf5f41d0
05-27 18:23:20.273   299 30841 D EvsDriver: Delivered 0xb400007b7ca56a60 as id 0
05-27 18:23:20.275  1008 30856 D [OMXB]  : usingANWBuffer: handle:0xee746cb0, format:1, w:1920, h:1080
05-27 18:23:20.275   299  1163 D EvsDriver: doneWithFrame
05-27 18:23:20.277   536   536 I liblog  : 5
05-27 18:23:20.277   536   536 D commservice260303: msg.id = 1028,1
05-27 18:23:20.277   536   536 D commservice260303: i = 170, msgid = 8A000404
05-27 18:23:20.277   536   536 D commservice260303: msgid = -1979710460,did=138
05-27 18:23:20.277   536   536 D commservice260303: CommProtocolLibCmdBaseI2C::dataproc {"command":{"id":"imu_status","sub":""},"content":{"TimeStamp":9,"FrameCounter":214979,"GD_X":-0.01153013575822115,"GD_Y":0.004963258747011423,"GD_Z":0.0028249274473637342,"AD_X":-0.002396002411842346,"AD_Y":-0.003264590399339795,"AD_Z":-0.16950416564941406,"TempDsp":0,"Status":0,"CalibState":1,"SigAmpInvalid":0}},-1979710460
05-27 18:23:20.277   536   536 D commservice260303: send2Cluster len:315, 7B22636F6D6D616E64223A7B226964223A22696D755F737461747573222C22737562223A22227D2C22636F6E74656E74223A7B2254696D655374616D70223A392C224672616D65436F756E746572223A3231343937392C2247445F58223A2D302E30313135333031333537353832323131352C2247445F59223A302E3030343936333235383734373031313432332C2247445F5A223A302E303032383234393237343437333633373334322C2241445F58223A2D302E3030323339363030323431313834323334362C2241445F59223A2D302E3030333236343539303339393333393739352C2241445F5A223A2D302E31363935303431363536343934313430362C2254656D70447370223A302C22537461747573223A302C2243616C69625374617465223A312C22536967416D70496E76616C6964223A307D7D, 138 
05-27 18:23:20.277   536   536 D commservice260303: Push Message into SendPool fn=-1853553920
05-27 18:23:20.277   536   536 D commservice260303: ComProtocolLibSend2Cluster::send2ClusterRaw fn=-1853553920 , len=331
05-27 18:23:20.277   536   536 D commservice260303: sendCmdToPort :331!!!
05-27 18:23:20.277   536   536 D commservice260303: send Cmd To Port ++++5AA501478A01000385916A16C6187B22636F6D6D616E64223A7B226964223A22696D755F737461747573222C22737562223A22227D2C22636F6E74656E74223A7B2254696D655374616D70223A392C224672616D65436F756E746572223A3231343937392C2247445F58223A2D302E30313135333031333537353832323131352C2247445F59223A302E3030343936333235383734373031313432332C2247445F5A223A302E303032383234393237343437333633373334322C2241445F58223A2D302E3030323339363030323431313834323334362C2241445F59223A2D302E3030333236343539303339393333393739352C2241445F5A223A2D302E31363935303431363536343934313430362C2254656D70447370223A302C22537461747573223A302C2243616C69625374617465223A312C22536967416D70496E76616C6964223A307D7D6F32
05-27 18:23:20.277 13911 14183 I SentryImuMcuAngleSender: -179.993rollDeg
05-27 18:23:20.277 13911 14183 I SentryImuMcuAngleSender: 1,0,0
05-27 18:23:20.277   536   536 D commservice260303: bufferevent_write retrun value = 0
05-27 18:23:20.277   536   560 D commservice260303: client datas send succeed,send finish
05-27 18:23:20.278 13911 14192 D Sentinelmode_1.2.5.17_sentry: <SentryImuClusterFgeSender>imu_status sent to Linux, frame=214979, tsNs=9267516, tsMs=9, intervalMs=41, ad=(-0.0023960024,-0.0032645904,-0.16950417), gd=(-0.011530136,0.0049632587,0.0028249274)
05-27 18:23:20.278 13549 13800 I ADAYO_LOG_: executeSaveLogcat_l(LogcatFunc.java:189)COLLECT_INT_START
05-27 18:23:20.278   581   581 I SpiService: fgesysctrl_getGPIO_status success val=1
05-27 18:23:20.284   581   581 I SpiService: fgesysctrl_getGPIO_status success val=1
05-27 18:23:20.285 13549 13800 I ADAYO_LOG_: startZip(LogcatFunc.java:393)logcat file is zip packing, zipFilePath: /mnt/log_data/AndroidLog/logcat/logcat_2026_05_27_18_23_19_637-42.zip
05-27 18:23:20.285 13549 13800 I ADAYO_LOG_: startZip(LogcatFunc.java:396)isOpenEncrypt: false
05-27 18:23:20.290   581   581 I SpiService: fgesysctrl_getGPIO_status success val=1
05-27 18:23:20.293  1008 30857 D [OMXB]  : usingANWBuffer: handle:0xee742270, format:1, w:1920, h:1080
05-27 18:23:20.295   581   581 I SpiService: fgesysctrl_getGPIO_status success val=0
05-27 18:23:20.295   481   597 I mcuc    : send SPI:6AA60165BA00F80901510401098102010100000000000000000000000000000000000000000000000000000000000000000000000000000000000000000000000000000000000000000000000000000000000000000000000000000000000000000000000000000000000000000000000000000000000000000000000000000000000000000000000000000000000000000000000000000000000000000000000000000000000000000000000000000000000000000000000000000000000000000000000000000000000000000000000000000000000000000000000000000000000000000000000000000000000000000000000000000000000000000000FA
05-27 18:23:20.297   299 30844 D EvsDriver: forwardFrame
05-27 18:23:20.303  1167  1167 D evsmanagerd: /dev/video6 forwarded the buffer #0 to 0xb4000074bf5f5510 from 0xb4000074bf5f6d90
05-27 18:23:20.303 30773 30782 I dvr_service_: [myNum:1][onFrameReceived] Received Surface:1 0
05-27 18:23:20.303 30773 30782 E dvr_service_: [myNum:1] Received S**** loss
05-27 18:23:20.304   299 30844 D EvsDriver: Delivered 0xb400007b7ca56900 as id 0
05-27 18:23:20.304   299  1163 D EvsDriver: doneWithFrame
05-27 18:23:20.305   299 30841 D EvsDriver: forwardFrame
05-27 18:23:20.307   299 30841 D EvsDriver: Delivered 0xb400007b7ca56a60 as id 0
05-27 18:23:20.307  1167  1167 D evsmanagerd: /dev/video4 forwarded the buffer #0 to 0xb4000074bf5f6850 from 0xb4000074bf5f41d0
05-27 18:23:20.307 30773 30782 I dvr_service_: [myNum:0][onFrameReceived] Received Surface:1 0
05-27 18:23:20.307 30773 30782 E dvr_service_: [myNum:0] Received S**** loss
05-27 18:23:20.308 13911 14183 I SentryImuMcuAngleSender: 179.993rollDeg
05-27 18:23:20.308 13911 14183 I SentryImuMcuAngleSender: 1,0,0
05-27 18:23:20.308   299  1163 D EvsDriver: doneWithFrame
05-27 18:23:20.308   566  1171 I gps_hdbd: [gps_upgrade_thread 3506]Enter
05-27 18:23:20.308   566  1171 I gps_hdbd: [gps_upgrade_thread 3535] sys.gps.update:0 ,file:not ,upgrate_ing:0
05-27 18:23:20.311   581   581 I SpiService: fgesysctrl_getGPIO_status success val=1
05-27 08:14:29.275   581   581 D spi_rst_gpio_get_output: GPIO 145 value: 1
05-27 08:14:29.275   581   581 D spidev_ioctl: gpio status=1)
05-27 18:23:20.314  1008 30856 D [OMXB]  : usingANWBuffer: handle:0xee742690, format:1, w:1920, h:1080
05-27 18:23:20.316   581   581 I SpiService: fgesysctrl_getGPIO_status success val=1
05-27 08:14:29.281   581   581 D spi_rst_gpio_get_output: GPIO 145 value: 1
05-27 08:14:29.281   581   581 D spidev_ioctl: gpio status=1)
05-27 18:23:20.317   536   536 D commservice260303: msg.id = 1028,0
05-27 18:23:20.317   536   536 D commservice260303: i = 170, msgid = 8A000404
05-27 18:23:20.317   536   536 D commservice260303: msgid = -1979710460,did=138
05-27 18:23:20.317   536   536 D commservice260303: CommProtocolLibCmdBaseI2C::dataproc {"command":{"id":"imu_status","sub":""},"content":{"TimeStamp":9,"FrameCounter":214980,"GD_X":-0.011453153565526009,"GD_Y":0.0057257963344454765,"GD_Z":0.00259606190957129,"AD_X":-0.003006279468536377,"AD_Y":3.9726123213768005E-4,"AD_Z":-0.16828536987304688,"TempDsp":0,"Status":0,"CalibState":1,"SigAmpInvalid":0}},-1979710460
05-27 18:23:20.317   536   536 D commservice260303: send2Cluster len:315, 7B22636F6D6D616E64223A7B226964223A22696D755F737461747573222C22737562223A22227D2C22636F6E74656E74223A7B2254696D655374616D70223A392C224672616D65436F756E746572223A3231343938302C2247445F58223A2D302E3031313435333135333536353532363030392C2247445F59223A302E303035373235373936333334343435343736352C2247445F5A223A302E30303235393630363139303935373132392C2241445F58223A2D302E3030333030363237393436383533363337372C2241445F59223A332E39373236313233323133373638303035452D342C2241445F5A223A2D302E31363832383533363938373330343638382C2254656D70447370223A302C22537461747573223A302C2243616C69625374617465223A312C22536967416D70496E76616C6964223A307D7D, 138 
05-27 18:23:20.317   536   536 D commservice260303: Push Message into SendPool fn=-1836776704
05-27 18:23:20.317   536   536 D commservice260303: ComProtocolLibSend2Cluster::send2ClusterRaw fn=-1836776704 , len=331
05-27 18:23:20.317   536   536 D commservice260303: sendCmdToPort :331!!!
05-27 18:23:20.317   536   536 D commservice260303: send Cmd To Port ++++5AA501478A01000385926A16C6187B22636F6D6D616E64223A7B226964223A22696D755F737461747573222C22737562223A22227D2C22636F6E74656E74223A7B2254696D655374616D70223A392C224672616D65436F756E746572223A3231343938302C2247445F58223A2D302E3031313435333135333536353532363030392C2247445F59223A302E303035373235373936333334343435343736352C2247445F5A223A302E30303235393630363139303935373132392C2241445F58223A2D302E3030333030363237393436383533363337372C2241445F59223A332E39373236313233323133373638303035452D342C2241445F5A223A2D302E31363832383533363938373330343638382C2254656D70447370223A302C22537461747573223A302C2243616C69625374617465223A312C22536967416D70496E76616C6964223A307D7D38D0
05-27 18:23:20.317   536   536 D commservice260303: bufferevent_write retrun value = 0
05-27 18:23:20.318   536   560 D commservice260303: client datas send succeed,send finish
05-27 18:23:20.318 13911 14192 D Sentinelmode_1.2.5.17_sentry: <SentryImuClusterFgeSender>imu_status sent to Linux, frame=214980, tsNs=9267552, tsMs=9, intervalMs=41, ad=(-0.0030062795,3.9726123E-4,-0.16828537), gd=(-0.011453154,0.0057257963,0.002596062)
05-27 18:23:20.322   581   581 I SpiService: fgesysctrl_getGPIO_status success val=1
05-27 08:14:29.287   581   581 D spi_rst_gpio_get_output: GPIO 145 value: 1
05-27 08:14:29.287   581   581 D spidev_ioctl: gpio status=1)
05-27 18:23:20.326  5708  5708 I ADAYO_LOG_TRACE_LOGCAT: execute start
05-27 18:23:20.327   581   581 I SpiService: fgesysctrl_getGPIO_status success val=1
05-27 18:23:20.328  1008 30857 D [OMXB]  : usingANWBuffer: handle:0xee742060, format:1, w:1920, h:1080
05-27 18:23:20.329   299 30841 D EvsDriver: forwardFrame
05-27 08:14:29.292   581   581 D spi_rst_gpio_get_output: GPIO 145 value: 1
05-27 08:14:29.292   581   581 D spidev_ioctl: gpio status=1)
05-27 18:23:20.331   299 30841 D EvsDriver: Delivered 0xb400007b7ca56a60 as id 0
05-27 18:23:20.331  1167  1167 D evsmanagerd: /dev/video4 forwarded the buffer #0 to 0xb4000074bf5f6850 from 0xb4000074bf5f41d0
05-27 18:23:20.331 13911 14183 I SentryImuMcuAngleSender: 179.98949rollDeg
05-27 18:23:20.332 13911 14183 I SentryImuMcuAngleSender: 1,0,0
05-27 08:14:29.298   581   581 D spi_rst_gpio_get_output: GPIO 145 value: 0
05-27 08:14:29.298   581   581 D spidev_ioctl: gpio status=0)
05-27 18:23:20.333   581   581 I SpiService: fgesysctrl_getGPIO_status success val=0
05-27 18:23:20.333   299  1163 D EvsDriver: doneWithFrame
05-27 18:23:20.336   299 30844 D EvsDriver: forwardFrame
05-27 18:23:20.338  1167  1167 D evsmanagerd: /dev/video6 forwarded the buffer #0 to 0xb4000074bf5f5510 from 0xb4000074bf5f6d90
05-27 18:23:20.338   299 30844 D EvsDriver: Delivered 0xb400007b7ca56900 as id 0
05-27 18:23:20.346   299  1163 D EvsDriver: doneWithFrame
05-27 18:23:20.347   481   598 I mcuc    : rev,n=1,6AA681BAB0000A8900640104091012345664
05-27 18:23:20.348   481   598 I mcuc    : rev,n=2,6AA68265BA0002090153
05-27 18:23:20.348  1121  1144 I tboxmids_ap: [2026-05-27 18:23:20.348] [MCU RX] src=MCU dst=ZMQ len=10 type=BINARY data=00 08 64 01 04 09 10 12 34 56 
05-27 18:23:20.348   351   373 I liblog  : 6
05-27 18:23:20.348   351   373 D automotive.vehicle@2.0-adayo-datacomm-mcu: MCUDatacomm sendMessageFromVehicle prop: 0x89, areaId: 0x0, status: 0x64, timestamp: 0x1
05-27 18:23:20.348   351   373 D automotive.vehicle@2.0-adayo-datacomm-mcu: MCUDatacomm 1sendMessageFromVehicle ---> type = 12 
05-27 18:23:20.349   581   581 I SpiService: fgesysctrl_getGPIO_status success val=1
05-27 18:23:20.349   283   307 I rvcservice: t.code = 3, t.value = 0
05-27 08:14:29.313   581   581 D spi_rst_gpio_get_output: GPIO 145 value: 1
05-27 08:14:29.313   581   581 D spidev_ioctl: gpio status=1)
05-27 18:23:20.350  1083  1083 I MyAppLog: [2026-05-27 18:23:20.348 I tboxap mcuCommTboxmidsRecvCb:97] [Mcu] [mcuCommTboxmidsRecvCb] recv from tboxmids, size:10
05-27 18:23:20.350  1083  1083 I MyAppLog: [2026-05-27 18:23:20.349 I tboxap mcuCommTboxmidsRecvCb:98] [Mcu] [tboxmids -> tboxap]: :00 08 64 01 04 09 10 12 34 56
05-27 18:23:20.351  1083  1083 I MyAppLog: [2026-05-27 18:23:20.349 I tboxap mcuPtlParseData:990] [Mcu] [Mcu  Parse]: (cmd):0910 (param):0910123456
05-27 18:23:20.351  1083  1083 W MyAppLog: [2026-05-27 18:23:20.349 W tboxap mcuParamDataRevPack:918] [Mcu] mcuParamDataRevPack start pack data!!!
05-27 18:23:20.351  1083  1083 I MyAppLog: [2026-05-27 18:23:20.349 I tboxap MCU_BATT_STATIC_DATA_IND_McuInd:515] [Mcu] [MCU_BATT_STATIC_DATA_IND_McuInd] staticData type:0x12 len:5
05-27 18:23:20.351 13911 13911 I Sentinelmode_1.2.5.17_sentry: <SentinelCarServiceManager>sensorType:291504647
05-27 18:23:20.352 13911 14183 I SentryImuMcuAngleSender: -179.99298rollDeg
05-27 18:23:20.352 13911 14183 I SentryImuMcuAngleSender: 1,0,0
05-27 18:23:20.354   581   581 I SpiService: fgesysctrl_getGPIO_status success val=1
05-27 18:23:20.355   572   622 I Sensors : 230 AccelSensor: x:-0.175680,y:-0.001220,z:-9.973500
05-27 08:14:29.319   581   581 D spi_rst_gpio_get_output: GPIO 145 value: 1
05-27 08:14:29.319   581   581 D spidev_ioctl: gpio status=1)
05-27 18:23:20.357   536   536 D commservice260303: msg.id = 1028,1
05-27 18:23:20.357   536   536 D commservice260303: i = 170, msgid = 8A000404
05-27 18:23:20.357   536   536 D commservice260303: msgid = -1979710460,did=138
05-27 18:23:20.357   536   536 D commservice260303: CommProtocolLibCmdBaseI2C::dataproc {"command":{"id":"imu_status","sub":""},"content":{"TimeStamp":9,"FrameCounter":214981,"GD_X":-0.010841978713870049,"GD_Y":0.0056498548947274685,"GD_Z":0.0020608289632946253,"AD_X":-0.007840439677238464,"AD_Y":-0.0032410635612905025,"AD_Z":-0.16828536987304688,"TempDsp":0,"Status":0,"CalibState":1,"SigAmpInvalid":0}},-1979710460
05-27 18:23:20.357   536   536 D commservice260303: send2Cluster len:318, 7B22636F6D6D616E64223A7B226964223A22696D755F737461747573222C22737562223A22227D2C22636F6E74656E74223A7B2254696D655374616D70223A392C224672616D65436F756E746572223A3231343938312C2247445F58223A2D302E3031303834313937383731333837303034392C2247445F59223A302E303035363439383534383934373237343638352C2247445F5A223A302E303032303630383238393633323934363235332C2241445F58223A2D302E3030373834303433393637373233383436342C2241445F59223A2D302E303033323431303633353631323930353032352C2241445F5A223A2D302E31363832383533363938373330343638382C2254656D70447370223A302C22537461747573223A302C2243616C69625374617465223A312C22536967416D70496E76616C6964223A307D7D, 138 
05-27 18:23:20.357   536   536 D commservice260303: Push Message into SendPool fn=-1819999488
05-27 18:23:20.357   536   536 D commservice260303: ComProtocolLibSend2Cluster::send2ClusterRaw fn=-1819999488 , len=334
05-27 18:23:20.357   536   536 D commservice260303: sendCmdToPort :334!!!
05-27 18:23:20.357  1008 30857 D [OMXB]  : usingANWBuffer: handle:0xee740dd0, format:1, w:1920, h:1080
05-27 08:14:29.325   581   581 D spi_rst_gpio_get_output: GPIO 145 value: 1
05-27 08:14:29.325   581   581 D spidev_ioctl: gpio status=1)
05-27 18:23:20.358   536   536 D commservice260303: send Cmd To Port ++++5AA5014A8A01000385936A16C6187B22636F6D6D616E64223A7B226964223A22696D755F737461747573222C22737562223A22227D2C22636F6E74656E74223A7B2254696D655374616D70223A392C224672616D65436F756E746572223A3231343938312C2247445F58223A2D302E3031303834313937383731333837303034392C2247445F59223A302E303035363439383534383934373237343638352C2247445F5A223A302E303032303630383238393633323934363235332C2241445F58223A2D302E3030373834303433393637373233383436342C2241445F59223A2D302E303033323431303633353631323930353032352C2241445F5A223A2D302E31363832383533363938373330343638382C2254656D70447370223A302C22537461747573223A302C2243616C69625374617465223A312C22536967416D70496E76616C6964223A307D7D5707
05-27 18:23:20.358   536   536 D commservice260303: bufferevent_write retrun value = 0
05-27 18:23:20.358   536   560 D commservice260303: client datas send succeed,send finish
05-27 18:23:20.358 13911 14192 D Sentinelmode_1.2.5.17_sentry: <SentryImuClusterFgeSender>imu_status sent to Linux, frame=214981, tsNs=9267605, tsMs=9, intervalMs=40, ad=(-0.00784044,-0.0032410636,-0.16828537), gd=(-0.010841979,0.005649855,0.002060829)
05-27 18:23:20.358   536   560 D commservice260303: recv len:87, 5AA5005306000000363F6A16C6187B22636F6D6D616E64223A7B226964223A2268656172745F42656174222C22737562223A22227D2C22636F6E74656E74223A7B2274797065223A322C2276616C7565223A307D7D3EA7 from server
05-27 18:23:20.359   536  2578 D commservice260303: mcuDataAnalyzeHandle templen:87,len:87,pos:0, 5AA5005306000000363F6A16C6187B22636F6D6D616E64223A7B226964223A2268656172745F42656174222C22737562223A22227D2C22636F6E74656E74223A7B2274797065223A322C2276616C7565223A307D7D3EA7 
05-27 18:23:20.359   536  2578 I commservice260303: checksumCal = 16039
05-27 18:23:20.359   536  2578 D commservice260303: CommProtocolLibCmdBaseC2I::dataproc {"command":{"id":"heart_Beat","sub":""},"content":{"type":2,"value":0}},6
05-27 18:23:20.359   536  2578 D commservice260303: mcuCommMessageManager::notifyMsgToClient hwbinder OK
05-27 18:23:20.359   536  2578 D commservice260303: McuProtocolLibSend2Service::send2Service ret=1
05-27 18:23:20.360   581   581 I SpiService: fgesysctrl_getGPIO_status success val=1
05-27 18:23:20.364   299 30844 D EvsDriver: forwardFrame
05-27 18:23:20.366 12246 12440 D ivicomm_CommManager: fgeComServiceCallback: {"command":{"id":"heart_Beat","sub":""},"content":{"type":2,"value":0}}
05-27 18:23:20.366 12246 12440 D ivicomm_ConnectStateManager: registerCallback HEART_BEAT: {"type":2,"value":0}
05-27 18:23:20.366   581   581 I SpiService: fgesysctrl_getGPIO_status success val=1
05-27 18:23:20.366 12246 12440 D ivicomm_ConnectStateManager: notifyState newState=0curState=0
05-27 18:23:20.367   299 30844 D EvsDriver: Delivered 0xb400007b7ca56900 as id 0
05-27 18:23:20.367   299 30841 D EvsDriver: forwardFrame
05-27 18:23:20.367  1167  1167 D evsmanagerd: /dev/video6 forwarded the buffer #0 to 0xb4000074bf5f5510 from 0xb4000074bf5f6d90
05-27 08:14:29.331   581   581 D spi_rst_gpio_get_output: GPIO 145 value: 1
05-27 08:14:29.331   581   581 D spidev_ioctl: gpio status=1)
05-27 18:23:20.371   299 30841 D EvsDriver: Delivered 0xb400007b7ca56a60 as id 0
05-27 18:23:20.371  1167  1184 D evsmanagerd: /dev/video4 forwarded the buffer #0 to 0xb4000074bf5f6850 from 0xb4000074bf5f41d0
05-27 18:23:20.372   299  1163 D EvsDriver: doneWithFrame
05-27 18:23:20.372 13911 14183 I SentryImuMcuAngleSender: -179.99298rollDeg
05-27 18:23:20.372 13911 14183 I SentryImuMcuAngleSender: 1,0,0
05-27 18:23:20.372   581   581 I SpiService: fgesysctrl_getGPIO_status success val=1
05-27 08:14:29.336   581   581 D spi_rst_gpio_get_output: GPIO 145 value: 1
05-27 08:14:29.336   581   581 D spidev_ioctl: gpio status=1)
05-27 18:23:20.374  1008 30856 D [OMXB]  : usingANWBuffer: handle:0xee743c90, format:1, w:1920, h:1080
05-27 18:23:20.375   299  1163 D EvsDriver: doneWithFrame
05-27 18:23:20.377   581   581 I SpiService: fgesysctrl_getGPIO_status success val=0
05-27 18:23:20.377   481   597 I mcuc    : send SPI:6AA602BAB00002890009
05-27 18:23:20.380 15112 16863 D okhttp.TaskRunner: Q10000 scheduled after   0 µs: OkHttp ConnectionPool
05-27 08:14:29.342   581   581 D spi_rst_gpio_get_output: GPIO 145 value: 0
05-27 18:23:20.381 15112 15604 D okhttp.TaskRunner: Q10000 starting              : OkHttp ConnectionPool
05-27 18:23:20.381 15112 15604 D okhttp.TaskRunner: Q10000 run again after   2 s : OkHttp ConnectionPool
05-27 08:14:29.342   581   581 D spidev_ioctl: gpio status=0)
05-27 18:23:20.381 15112 15604 D okhttp.TaskRunner: Q10000 finished run in 256 µs: OkHttp ConnectionPool
05-27 18:23:20.386  5710  5710 I ADAYO_LOG_TRACE_LOGCAT: executing
05-27 18:23:20.388   566 11459 I gps_hdbd: Received: '$GNGGA,003911.000,,,,,0,00,,,M,,M,,*6C
'
05-27 18:23:20.392   581   581 I SpiService: fgesysctrl_getGPIO_status success val=1
05-27 18:23:20.392 13911 14183 I SentryImuMcuAngleSender: 179.99649rollDeg
05-27 18:23:20.392 13911 14183 I SentryImuMcuAngleSender: 1,0,0
05-27 08:14:29.356   581   581 D spi_rst_gpio_get_output: GPIO 145 value: 1
05-27 08:14:29.356   581   581 D spidev_ioctl: gpio status=1)
05-27 18:23:20.393   299 30841 D EvsDriver: forwardFrame
05-27 18:23:20.394   566 11459 I gps_hdbd: Received: '$GNGSA,A,1,,,,,,,,,,,,,,,,1*1D
'
05-27 18:23:20.395   299 30841 D EvsDriver: Delivered 0xb400007b7ca56a60 as id 0
05-27 18:23:20.395  1167  1167 D evsmanagerd: /dev/video4 forwarded the buffer #0 to 0xb4000074bf5f6850 from 0xb4000074bf5f41d0
05-27 18:23:20.397   581   581 I SpiService: fgesysctrl_getGPIO_status success val=1
05-27 18:23:20.397   536   536 D commservice260303: msg.id = 1028,1
05-27 18:23:20.398   536   536 D commservice260303: i = 170, msgid = 8A000404
05-27 18:23:20.398   536   536 D commservice260303: msgid = -1979710460,did=138
05-27 18:23:20.398   536   536 D commservice260303: CommProtocolLibCmdBaseI2C::dataproc {"command":{"id":"imu_status","sub":""},"content":{"TimeStamp":9,"FrameCounter":214982,"GD_X":-0.010766036808490753,"GD_Y":0.0051151420921087265,"GD_Z":0.0019079053308814764,"AD_X":-0.0066070109605789185,"AD_Y":-0.0014057407388463616,"AD_Z":-0.17072391510009766,"TempDsp":0,"Status":0,"CalibState":1,"SigAmpInvalid":0}},-1979710460
05-27 18:23:20.398   536   536 D commservice260303: send2Cluster len:319, 7B22636F6D6D616E64223A7B226964223A22696D755F737461747573222C22737562223A22227D2C22636F6E74656E74223A7B2254696D655374616D70223A392C224672616D65436F756E746572223A3231343938322C2247445F58223A2D302E3031303736363033363830383439303735332C2247445F59223A302E303035313135313432303932313038373236352C2247445F5A223A302E303031393037393035333330383831343736342C2241445F58223A2D302E303036363037303130393630353738393138352C2241445F59223A2D302E303031343035373430373338383436333631362C2241445F5A223A2D302E31373037323339313531303030393736362C2254656D70447370223A302C22537461747573223A302C2243616C69625374617465223A312C22536967416D70496E76616C6964223A307D7D, 138 
05-27 18:23:20.398   536   536 D commservice260303: Push Message into SendPool fn=-1803222272
05-27 18:23:20.398   536   536 D commservice260303: ComProtocolLibSend2Cluster::send2ClusterRaw fn=-1803222272 , len=335
05-27 18:23:20.398   536   536 D commservice260303: sendCmdToPort :335!!!
05-27 18:23:20.398   536   536 D commservice260303: send Cmd To Port ++++5AA5014B8A01000385946A16C6187B22636F6D6D616E64223A7B226964223A22696D755F737461747573222C22737562223A22227D2C22636F6E74656E74223A7B2254696D655374616D70223A392C224672616D65436F756E746572223A3231343938322C2247445F58223A2D302E3031303736363033363830383439303735332C2247445F59223A302E303035313135313432303932313038373236352C2247445F5A223A302E303031393037393035333330383831343736342C2241445F58223A2D302E303036363037303130393630353738393138352C2241445F59223A2D302E303031343035373430373338383436333631362C2241445F5A223A2D302E31373037323339313531303030393736362C2254656D70447370223A302C22537461747573223A302C2243616C69625374617465223A312C22536967416D70496E76616C6964223A307D7DBFE9
05-27 18:23:20.399   536   536 D commservice260303: bufferevent_write retrun value = 0
05-27 18:23:20.399   536   560 D commservice260303: client datas send succeed,send finish
05-27 18:23:20.399 13911 14192 D Sentinelmode_1.2.5.17_sentry: <SentryImuClusterFgeSender>imu_status sent to Linux, frame=214982, tsNs=9267646, tsMs=9, intervalMs=41, ad=(-0.006607011,-0.0014057407,-0.17072392), gd=(-0.010766037,0.005115142,0.0019079053)
05-27 18:23:20.399   566 11459 I gps_hdbd: Received: '$GNGSA,A,1,,,,,,,,,,,,,,,,3*1F
'
05-27 18:23:20.400   299 30844 D EvsDriver: forwardFrame
05-27 08:14:29.362   581   581 D spi_rst_gpio_get_output: GPIO 145 value: 1
05-27 08:14:29.362   581   581 D spidev_ioctl: gpio status=1)
05-27 18:23:20.403  1167  1167 D evsmanagerd: /dev/video6 forwarded the buffer #0 to 0xb4000074bf5f5510 from 0xb4000074bf5f6d90
05-27 18:23:20.403   581   581 I SpiService: fgesysctrl_getGPIO_status success val=1
05-27 18:23:20.403   299  1163 D EvsDriver: doneWithFrame
05-27 18:23:20.404   566 11459 I gps_hdbd: Received: '$GNGSA,A,1,,,,,,,,,,,,,,,,4*18
'
05-27 18:23:20.404   299 30844 D EvsDriver: Delivered 0xb400007b7ca56900 as id 0
05-27 18:23:20.404   566 11459 I gps_hdbd: Received: '$BDGSV,1,1,00,1*75
'
05-27 18:23:20.405 11344 11344 E SystemUI_NavBarFragment: SysUIConfig.icCarServiceConnected：false
05-27 18:23:20.406   566 11459 I gps_hdbd: Received: '$BDGSV,1,1,00,5*71
'
05-27 18:23:20.406   566 11459 I gps_hdbd: Received: '$GPGSV,1,1,01,199,42,165,,1*60
'
05-27 08:14:29.368   581   581 D spi_rst_gpio_get_output: GPIO 145 value: 1
05-27 08:14:29.368   581   581 D spidev_ioctl: gpio status=1)
05-27 08:14:29.373   581   581 D spi_rst_gpio_get_output: GPIO 145 value: 1
05-27 08:14:29.373   581   581 D spidev_ioctl: gpio status=1)
05-27 18:23:20.409   581   581 I SpiService: fgesysctrl_getGPIO_status success val=1
05-27 08:14:29.379   581   581 D spi_rst_gpio_get_output: GPIO 145 value: 0
05-27 18:23:20.410   299  1163 D EvsDriver: doneWithFrame
05-27 18:23:20.411  1008 30857 D [OMXB]  : usingANWBuffer: handle:0xee7433a0, format:1, w:1920, h:1080
05-27 18:23:20.411   566 11459 I gps_hdbd: Received: '$GPGSV,1,1,00,8*6D
'
05-27 18:23:20.413   566 11459 I gps_hdbd: Received: '$GAGSV,1,1,00,7*73
'
05-27 18:23:20.415 13911 14183 I SentryImuMcuAngleSender: 179.993rollDeg
05-27 18:23:20.415 13911 14183 I SentryImuMcuAngleSender: 1,0,0
05-27 18:23:20.415   581   581 I SpiService: fgesysctrl_getGPIO_status success val=0
05-27 18:23:20.418   566 11459 I gps_hdbd: Received: '$GAGSV,1,1,00,1*75
'
05-27 18:23:20.419   566 11459 I gps_hdbd: Received: '$GNRMC,003911.000,V,,,,,,,270526,120.0,E,N,V*4F
'
05-27 18:23:20.419   566 11459 I gps_hdbd: RMC : CALL gnss_sv_status_cb, view_in_sat <1>
05-27 18:23:20.419   566 11459 I gps_hdbd: [reportSvStatus]--->PLATFORM_BSP::Enter
05-27 18:23:20.419   566 11459 I gps_hdbd: hy abnormal deal:hy_cnr30_satellite_cnt=0
05-27 18:23:20.419   566 11459 D gps_hdbd: hy abnormal deal:hy_fixStatus_fail_count=0
--------- beginning of system
05-27 18:23:20.421 10047 10047 D wificond-lazy: Ignoring scan type because device does not support it
05-27 18:23:20.421  1083  1083 W MyAppLog: [2026-05-27 18:23:20.420 W tboxap gpsSyncGpsInfoToDm:361] [Gps] [gpsSyncGpsInfoToDm] fix=0 mode=49 corner:0x01 alt=0.00 sat=0 hdop=0.00 pdop=0.00 vdop=0.00
05-27 18:23:20.422 30773 30790 D BufferPoolAccessor2.0: bufferpool2 0xb400007447813a38 : 4(16384 size) total buffers - 4(16384 size) used buffers - 0/5 (recycle/alloc) - 88/235651 (fetch/transfer)
05-27 18:23:20.422  7248  7248 D wpa_supplicant: nl80211: Event message available
05-27 18:23:20.423  7248  7248 D wpa_supplicant: nl80211: Drv Event 33 (NL80211_CMD_TRIGGER_SCAN) received for wlan0
05-27 18:23:20.423  7248  7248 D wpa_supplicant: wlan0: nl80211: Scan trigger
05-27 18:23:20.423  7248  7248 D wpa_supplicant: wlan0: Event SCAN_STARTED (47) received
05-27 18:23:20.423  7248  7248 D wpa_supplicant: wlan0: External program started a scan
05-27 08:14:29.379   581   581 D spidev_ioctl: gpio status=0)
05-27 08:14:29.385 10047 10047 W         : AICWFDBG(LOGTRACE)	>>> rwnx_cfg80211_scan()
05-27 08:14:29.385 10047 10047 W         : AICWFDBG(LOGTRACE)	>>> rwnx_send_scanu_req()
05-27 08:14:29.385 10047 10047 W         : AICWFDBG(LOGDEBUG)	scan channel:48(5240)
05-27 08:14:29.385 10047 10047 W         : AICWFDBG(LOGDEBUG)	scan channel:149(5745)
05-27 08:14:29.385 10047 10047 W         : AICWFDBG(LOGDEBUG)	scan channel:153(5765)
05-27 08:14:29.385 10047 10047 W         : AICWFDBG(LOGDEBUG)	scan channel:157(5785)
05-27 08:14:29.385 10047 10047 W         : AICWFDBG(LOGTRACE)	rwnx_send_msg (4105)SCANU_START_CFM_ADDTIONAL reqcfm:1 in_irq:0 in_softirq:0 in_atomic:0
05-27 08:14:29.385 10047 10047 W         : AICWFDBG(LOGTRACE)	rwnx_cmd_malloc get cmd_array[0]:000000004c96fbbb
05-27 08:14:29.386   354   354 W         : AICWFDBG(LOGDEBUG)	rwnx_rx_handle_msg msg->id:0x1009
05-27 08:14:29.387 10047 10047 W         : AICWFDBG(LOGTRACE)	rwnx_cmd_free cmd_array[0]:000000004c96fbbb
05-27 18:23:20.424   566 11459 I gps_hdbd: Received: '$GNZDA,003911.000,27,05,2026,00,00*44
'
05-27 18:23:20.424 30773 30786 I dvr_service_: CameraX 0  audioOK: 71126601,audios:1060
05-27 18:23:20.425 30773 30786 I dvr_service_: CameraX 1  audioOK: 71126601,audios:1060
05-27 18:23:20.425 10188 11144 D AlarmManagerService: set alarm to kernel: 9273.907000000, type=2 
05-27 18:23:20.427   299 30844 D EvsDriver: forwardFrame
05-27 18:23:20.427  1008 30856 D [OMXB]  : usingANWBuffer: handle:0xee745760, format:1, w:1920, h:1080
05-27 18:23:20.428  1167  1167 D evsmanagerd: /dev/video6 forwarded the buffer #0 to 0xb4000074bf5f5510 from 0xb4000074bf5f6d90
05-27 08:14:29.394   581   581 D spi_rst_gpio_get_output: GPIO 145 value: 1
05-27 08:14:29.394   581   581 D spidev_ioctl: gpio status=1)
05-27 18:23:20.428  5712  5712 I ADAYO_LOG_TRACE_LOGCAT: collect_dest_path:/mnt/log_data/AndroidLog/logcat
05-27 18:23:20.428   299 30844 D EvsDriver: Delivered 0xb400007b7ca56900 as id 0
05-27 18:23:20.429   299 30841 D EvsDriver: forwardFrame
05-27 18:23:20.430   581   581 I SpiService: fgesysctrl_getGPIO_status success val=1
05-27 18:23:20.430  1167  1167 D evsmanagerd: /dev/video4 forwarded the buffer #0 to 0xb4000074bf5f6850 from 0xb4000074bf5f41d0
05-27 18:23:20.430   299 30841 D EvsDriver: Delivered 0xb400007b7ca56a60 as id 0
05-27 18:23:20.433   299  1153 D EvsDriver: doneWithFrame
05-27 18:23:20.434   299  1163 D EvsDriver: doneWithFrame
05-27 18:23:20.435   581   581 I SpiService: fgesysctrl_getGPIO_status success val=1
05-27 18:23:20.436 13911 14183 I SentryImuMcuAngleSender: 179.99649rollDeg
05-27 18:23:20.436 13911 14183 I SentryImuMcuAngleSender: 1,0,0
05-27 08:14:29.400   581   581 D spi_rst_gpio_get_output: GPIO 145 value: 1
05-27 08:14:29.400   581   581 D spidev_ioctl: gpio status=1)
05-27 18:23:20.437   536   536 D commservice260303: msg.id = 1028,0
05-27 18:23:20.437   536   536 D commservice260303: i = 170, msgid = 8A000404
05-27 18:23:20.437   536   536 D commservice260303: msgid = -1979710460,did=138
05-27 18:23:20.437   536   536 D commservice260303: CommProtocolLibCmdBaseI2C::dataproc {"command":{"id":"imu_status","sub":""},"content":{"TimeStamp":9,"FrameCounter":214983,"GD_X":-0.01091896090656519,"GD_Y":0.004505007527768612,"GD_Z":0.0026720035821199417,"AD_X":-0.004153311252593994,"AD_Y":-0.001398494583554566,"AD_Z":-0.16828536987304688,"TempDsp":0,"Status":0,"CalibState":1,"SigAmpInvalid":0}},-1979710460
05-27 18:23:20.437   536   536 D commservice260303: send2Cluster len:315, 7B22636F6D6D616E64223A7B226964223A22696D755F737461747573222C22737562223A22227D2C22636F6E74656E74223A7B2254696D655374616D70223A392C224672616D65436F756E746572223A3231343938332C2247445F58223A2D302E30313039313839363039303635363531392C2247445F59223A302E3030343530353030373532373736383631322C2247445F5A223A302E303032363732303033353832313139393431372C2241445F58223A2D302E3030343135333331313235323539333939342C2241445F59223A2D302E3030313339383439343538333535343536362C2241445F5A223A2D302E31363832383533363938373330343638382C2254656D70447370223A302C22537461747573223A302C2243616C69625374617465223A312C22536967416D70496E76616C6964223A307D7D, 138 
05-27 18:23:20.437   536   536 D commservice260303: Push Message into SendPool fn=-1786445056
05-27 18:23:20.437   536   536 D commservice260303: ComProtocolLibSend2Cluster::send2ClusterRaw fn=-1786445056 , len=331
05-27 18:23:20.437   536   536 D commservice260303: sendCmdToPort :331!!!
05-27 18:23:20.437   536   536 D commservice260303: send Cmd To Port ++++5AA501478A01000385956A16C6187B22636F6D6D616E64223A7B226964223A22696D755F737461747573222C22737562223A22227D2C22636F6E74656E74223A7B2254696D655374616D70223A392C224672616D65436F756E746572223A3231343938332C2247445F58223A2D302E30313039313839363039303635363531392C2247445F59223A302E3030343530353030373532373736383631322C2247445F5A223A302E303032363732303033353832313139393431372C2241445F58223A2D302E3030343135333331313235323539333939342C2241445F59223A2D302E3030313339383439343538333535343536362C2241445F5A223A2D302E31363832383533363938373330343638382C2254656D70447370223A302C22537461747573223A302C2243616C69625374617465223A312C22536967416D70496E76616C6964223A307D7DDCC1
05-27 18:23:20.437   536   536 D commservice260303: bufferevent_write retrun value = 0
05-27 18:23:20.437   536   560 D commservice260303: client datas send succeed,send finish
05-27 18:23:20.438 13911 14192 D Sentinelmode_1.2.5.17_sentry: <SentryImuClusterFgeSender>imu_status sent to Linux, frame=214983, tsNs=9267664, tsMs=9, intervalMs=38, ad=(-0.0041533113,-0.0013984946,-0.16828537), gd=(-0.010918961,0.0045050075,0.0026720036)
05-27 18:23:20.441   581   581 I SpiService: fgesysctrl_getGPIO_status success val=1
05-27 08:14:29.405   581   581 D spi_rst_gpio_get_output: GPIO 145 value: 1
05-27 08:14:29.405   581   581 D spidev_ioctl: gpio status=1)
05-27 18:23:20.446   566 11459 I gps_hdbd: Received: '$GNINS,1,1,TYPE,I,V,003911.000,17862000,FUS,-18,0,0,0,MOT,V,1,PATT,0.00,0.00,0.00,VEL,0.000,0.000,0.000,POS,40.0001330924,116.0001570688,84.176,IIA,1,0.00,0.00,0.00,BGA,0.31,-0.66,-0.13,0.000,0.000,0.000,IGA,0,-1,0,0,-2,98,VG,16c2ff1*29
'
05-27 18:23:20.446   581   581 I SpiService: fgesysctrl_getGPIO_status success val=1
05-27 08:14:29.411   581   581 D spi_rst_gpio_get_output: GPIO 145 value: 1
05-27 08:14:29.411   581   581 D spidev_ioctl: gpio status=1)
05-27 08:14:29.411   354   354 W         : AICWFDBG(LOGDEBUG)	rwnx_rx_handle_msg msg->id:0x1004
05-27 18:23:20.449   283   307 I rvcservice: t.code = 2, t.value = 9973500
05-27 18:23:20.452   566 11459 I gps_hdbd: Received: '$GNINS,CARSPEED,ADR_STATUS,0,Pulse_count,0,1,0,0,17862000,92470,0.000,0.000,0.000*34
'
05-27 18:23:20.452   581   581 I SpiService: fgesysctrl_getGPIO_status success val=1
05-27 08:14:29.416   581   581 D spi_rst_gpio_get_output: GPIO 145 value: 1
05-27 08:14:29.417   581   581 D spidev_ioctl: gpio status=1)
05-27 18:23:20.456   536   560 D commservice260303: recv len:77, 5AA500490600000036406A16C6187B22636F6D6D616E64223A7B226964223A226473695F6C7578222C22737562223A22227D2C22636F6E74656E74223A7B2276616C7565223A3230307D7DDFDF from server
05-27 18:23:20.456   536  2578 D commservice260303: mcuDataAnalyzeHandle templen:77,len:77,pos:0, 5AA500490600000036406A16C6187B22636F6D6D616E64223A7B226964223A226473695F6C7578222C22737562223A22227D2C22636F6E74656E74223A7B2276616C7565223A3230307D7DDFDF 
05-27 18:23:20.456   536  2578 I commservice260303: checksumCal = 57311
05-27 18:23:20.456   536  2578 D commservice260303: CommProtocolLibCmdBaseC2I::dataproc {"command":{"id":"dsi_lux","sub":""},"content":{"value":200}},6
05-27 08:14:29.420   354   354 W         : AICWFDBG(LOGDEBUG)	rwnx_rx_handle_msg msg->id:0x45
05-27 08:14:29.422   581   581 D spi_rst_gpio_get_output: GPIO 145 value: 0
05-27 08:14:29.422   581   581 D spidev_ioctl: gpio status=0)
05-27 18:23:20.457 13911 14183 I SentryImuMcuAngleSender: 179.99649rollDeg
05-27 18:23:20.457 13911 14183 I SentryImuMcuAngleSender: 1,0,0
05-27 18:23:20.457   536  2578 D commservice260303: mcuCommMessageManager::notifyMsgToClient hwbinder OK
05-27 18:23:20.457   536  2578 D commservice260303: McuProtocolLibSend2Service::send2Service ret=1
05-27 18:23:20.457   581   581 I SpiService: fgesysctrl_getGPIO_status success val=0
05-27 18:23:20.457 12246 12440 D ivicomm_CommManager: fgeComServiceCallback: {"command":{"id":"dsi_lux","sub":""},"content":{"value":200}}
05-27 18:23:20.458 12246 12440 D ivicomm_CallbackManager: registerCallback DSI_LUX: {"value":200} mCommStateCallbackMap size:4
05-27 18:23:20.458   566 11459 I gps_hdbd: Received: '$GNTXT,04,01,04,INS,V,1,,,,FLG,1,000000,1,0,1,0,0,Con,0*71
'
05-27 18:23:20.459 11579 11619 D NSLogUtils_VehicleService: L2A comm state: id=dsi_lux, value=200
05-27 18:23:20.460 11344  6590 D SystemUI_SystemSettingsControllerService: onCommState: commandID = dsi_lux; value = 200
05-27 18:23:20.460  1008 30857 D [OMXB]  : usingANWBuffer: handle:0xee746ec0, format:1, w:1920, h:1080
05-27 08:14:29.422   354   354 W         : AICWFDBG(LOGDEBUG)	rwnx_rx_handle_msg msg->id:0x1004
05-27 08:14:29.422   354   354 W         : AICWFDBG(LOGDEBUG)	rwnx_rx_handle_msg msg->id:0x1004
05-27 18:23:20.461   299 30844 D EvsDriver: forwardFrame
05-27 18:23:20.464   299 30844 D EvsDriver: Delivered 0xb400007b7ca56900 as id 0
05-27 18:23:20.464  1167  1167 D evsmanagerd: /dev/video6 forwarded the buffer #0 to 0xb4000074bf5f5510 from 0xb4000074bf5f6d90
05-27 18:23:20.464 30773 30773 E dvr_service_: [myNum:1] Received S**** loss
05-27 18:23:20.465   299  1163 D EvsDriver: doneWithFrame
05-27 18:23:20.465   566 11459 I gps_hdbd: Received: '$GNTXT,INSTALL,0.00,0.00,0.00,0.00,0.00,0.00,0*20
'
05-27 18:23:20.466   299 30841 D EvsDriver: forwardFrame
05-27 18:23:20.468   299 30841 D EvsDriver: Delivered 0xb400007b7ca56a60 as id 0
05-27 18:23:20.468  1167  1167 D evsmanagerd: /dev/video4 forwarded the buffer #0 to 0xb4000074bf5f6850 from 0xb4000074bf5f41d0
05-27 18:23:20.468 30773 30773 E dvr_service_: [myNum:0] Received S**** loss
05-27 18:23:20.469   299  1163 D EvsDriver: doneWithFrame
05-27 08:14:29.433   354   354 W         : AICWFDBG(LOGDEBUG)	rwnx_rx_handle_msg msg->id:0x1004
05-27 18:23:20.469   572   572 I Sensors : 230 GyroSensor: x:-0.011071,y:0.005574,z:0.002214
05-27 18:23:20.474   581   581 I SpiService: fgesysctrl_getGPIO_status success val=1
05-27 18:23:20.475   481   598 I mcuc    : rev,n=1,6AA681BAB1000A8900650104091212345660
05-27 18:23:20.475   351   373 D automotive.vehicle@2.0-adayo-datacomm-mcu: MCUDatacomm sendMessageFromVehicle prop: 0x89, areaId: 0x0, status: 0x65, timestamp: 0x1
05-27 18:23:20.475  1121  1144 I tboxmids_ap: [2026-05-27 18:23:20.475] [MCU RX] src=MCU dst=ZMQ len=10 type=BINARY data=00 08 65 01 04 09 12 12 34 56 
05-27 18:23:20.475   351   373 D automotive.vehicle@2.0-adayo-datacomm-mcu: MCUDatacomm 1sendMessageFromVehicle ---> type = 12 
05-27 18:23:20.476  1083  1083 I MyAppLog: [2026-05-27 18:23:20.475 I tboxap mcuCommTboxmidsRecvCb:97] [Mcu] [mcuCommTboxmidsRecvCb] recv from tboxmids, size:10
05-27 18:23:20.476  1083  1083 I MyAppLog: [2026-05-27 18:23:20.475 I tboxap mcuCommTboxmidsRecvCb:98] [Mcu] [tboxmids -> tboxap]: :00 08 65 01 04 09 12 12 34 56
05-27 18:23:20.476  1083  1083 W MyAppLog: [2026-05-27 18:23:20.475 W tboxap mcuYadiFrameParse:852] [Mcu] [mcuYadiFrameParse] cmd:0912(MCU_MAIN_BATT_DYNAMIC_IND) payload too short:5 < 36
05-27 18:23:20.476  1083  1083 W MyAppLog: [2026-05-27 18:23:20.475 W tboxap mcuPtlParseData:982] [Mcu] [mcuPtlParseData] invalid yadi frame, len:10
05-27 08:14:29.439   581   581 D spi_rst_gpio_get_output: GPIO 145 value: 1
05-27 08:14:29.439   581   581 D spidev_ioctl: gpio status=1)
05-27 18:23:20.477   536   536 D commservice260303: msg.id = 1028,0
05-27 18:23:20.477   536   536 D commservice260303: i = 170, msgid = 8A000404
05-27 18:23:20.477   536   536 D commservice260303: msgid = -1979710460,did=138
05-27 18:23:20.477   536   536 D commservice260303: CommProtocolLibCmdBaseI2C::dataproc {"command":{"id":"imu_status","sub":""},"content":{"TimeStamp":9,"FrameCounter":214984,"GD_X":-0.01091896090656519,"GD_Y":0.0056498548947274685,"GD_Z":0.002213752595707774,"AD_X":-0.00293557345867157,"AD_Y":0.0016517331823706627,"AD_Z":-0.16584396362304688,"TempDsp":0,"Status":0,"CalibState":1,"SigAmpInvalid":0}},-1979710460
05-27 18:23:20.477  1008 30856 D [OMXB]  : usingANWBuffer: handle:0xee743710, format:1, w:1920, h:1080
05-27 18:23:20.477   536   536 D commservice260303: send2Cluster len:314, 7B22636F6D6D616E64223A7B226964223A22696D755F737461747573222C22737562223A22227D2C22636F6E74656E74223A7B2254696D655374616D70223A392C224672616D65436F756E746572223A3231343938342C2247445F58223A2D302E30313039313839363039303635363531392C2247445F59223A302E303035363439383534383934373237343638352C2247445F5A223A302E3030323231333735323539353730373737342C2241445F58223A2D302E30303239333535373334353836373135372C2241445F59223A302E303031363531373333313832333730363632372C2241445F5A223A2D302E31363538343339363336323330343638382C2254656D70447370223A302C22537461747573223A302C2243616C69625374617465223A312C22536967416D70496E76616C6964223A307D7D, 138 
05-27 18:23:20.477   536   536 D commservice260303: Push Message into SendPool fn=-1769667840
05-27 18:23:20.477   536   536 D commservice260303: ComProtocolLibSend2Cluster::send2ClusterRaw fn=-1769667840 , len=330
05-27 18:23:20.477   536   536 D commservice260303: sendCmdToPort :330!!!
05-27 08:14:29.444   581   581 D spi_rst_gpio_get_output: GPIO 145 value: 1
05-27 08:14:29.444   581   581 D spidev_ioctl: gpio status=1)
05-27 18:23:20.477   536   536 D commservice260303: send Cmd To Port ++++5AA501468A01000385966A16C6187B22636F6D6D616E64223A7B226964223A22696D755F737461747573222C22737562223A22227D2C22636F6E74656E74223A7B2254696D655374616D70223A392C224672616D65436F756E746572223A3231343938342C2247445F58223A2D302E30313039313839363039303635363531392C2247445F59223A302E303035363439383534383934373237343638352C2247445F5A223A302E3030323231333735323539353730373737342C2241445F58223A2D302E30303239333535373334353836373135372C2241445F59223A302E303031363531373333313832333730363632372C2241445F5A223A2D302E31363538343339363336323330343638382C2254656D70447370223A302C22537461747573223A302C2243616C69625374617465223A312C22536967416D70496E76616C6964223A307D7DB0AE
05-27 18:23:20.478   536   536 D commservice260303: bufferevent_write retrun value = 0
05-27 18:23:20.479   536   560 D commservice260303: client datas send succeed,send finish
05-27 18:23:20.479 13911 14192 D Sentinelmode_1.2.5.17_sentry: <SentryImuClusterFgeSender>imu_status sent to Linux, frame=214984, tsNs=9267720, tsMs=9, intervalMs=42, ad=(-0.0029355735,0.0016517332,-0.16584396), gd=(-0.010918961,0.005649855,0.0022137526)
05-27 18:23:20.479 13911 14183 I SentryImuMcuAngleSender: 179.97897rollDeg
05-27 18:23:20.479 13911 14183 I SentryImuMcuAngleSender: 1,0,0
05-27 18:23:20.480   581   581 I SpiService: fgesysctrl_getGPIO_status success val=1
05-27 18:23:20.485   581   581 I SpiService: fgesysctrl_getGPIO_status success val=1
05-27 08:14:29.450   581   581 D spi_rst_gpio_get_output: GPIO 145 value: 1
05-27 08:14:29.450   581   581 D spidev_ioctl: gpio status=1)
05-27 18:23:20.490   299 30841 D EvsDriver: forwardFrame
05-27 18:23:20.491   581   581 I SpiService: fgesysctrl_getGPIO_status success val=1
05-27 18:23:20.492   299 30841 D EvsDriver: Delivered 0xb400007b7ca56a60 as id 0
05-27 18:23:20.492  1167  1167 D evsmanagerd: /dev/video4 forwarded the buffer #0 to 0xb4000074bf5f6850 from 0xb4000074bf5f41d0
05-27 08:14:29.456   581   581 D spi_rst_gpio_get_output: GPIO 145 value: 1
05-27 08:14:29.456   581   581 D spidev_ioctl: gpio status=1)
05-27 08:14:29.456   354   354 W         : AICWFDBG(LOGDEBUG)	rwnx_rx_handle_msg msg->id:0x4f
05-27 08:14:29.456   354   354 W         : AICWFDBG(LOGDEBUG)	rwnx_rx_handle_msg msg->id:0x44
05-27 08:14:29.463   581   581 D spi_rst_gpio_get_output: GPIO 145 value: 0
05-27 08:14:29.463   581   581 D spidev_ioctl: gpio status=0)
05-27 18:23:20.498   581   581 I SpiService: fgesysctrl_getGPIO_status success val=0
05-27 18:23:20.499   481   597 I mcuc    : send SPI:6AA602BAB10002890008
05-27 18:23:20.499   299  1163 D EvsDriver: doneWithFrame
05-27 18:23:20.500   299 30844 D EvsDriver: forwardFrame
05-27 18:23:20.503 13911 14183 I SentryImuMcuAngleSender: 179.96495rollDeg
05-27 18:23:20.503 13911 14183 I SentryImuMcuAngleSender: 1,0,0
05-27 18:23:20.503  5716  5716 I ADAYO_LOG_TRACE_LOGCAT: file_path:/mnt/log_data/AndroidLog/logcat/logcat_2026_05_27_18_23_19_638-43.txt
05-27 18:23:20.506  1167  1167 D evsmanagerd: /dev/video6 forwarded the buffer #0 to 0xb4000074bf5f5510 from 0xb4000074bf5f6d90
05-27 18:23:20.507   299 30844 D EvsDriver: Delivered 0xb400007b7ca56900 as id 0
05-27 18:23:20.509  1008 30857 D [OMXB]  : usingANWBuffer: handle:0xee744630, format:1, w:1920, h:1080
05-27 18:23:20.510   299  1163 D EvsDriver: doneWithFrame
05-27 18:23:20.517   581   581 I SpiService: fgesysctrl_getGPIO_status success val=1
05-27 08:14:29.482   581   581 D spi_rst_gpio_get_output: GPIO 145 value: 1
05-27 08:14:29.482   581   581 D spidev_ioctl: gpio status=1)
05-27 08:14:29.489   581   581 D spi_rst_gpio_get_output: GPIO 145 value: 1
05-27 08:14:29.489   581   581 D spidev_ioctl: gpio status=1)
05-27 18:23:20.520   536   536 D commservice260303: msg.id = 1028,1
05-27 18:23:20.521   536   536 D commservice260303: i = 170, msgid = 8A000404
05-27 18:23:20.521   536   536 D commservice260303: msgid = -1979710460,did=138
05-27 18:23:20.521   536   536 D commservice260303: CommProtocolLibCmdBaseI2C::dataproc {"command":{"id":"imu_status","sub":""},"content":{"TimeStamp":9,"FrameCounter":214985,"GD_X":-0.01153013575822115,"GD_Y":0.0048857564106583595,"GD_Z":0.0017560218693688512,"AD_X":-0.005363345146179199,"AD_Y":0.003458464052528143,"AD_Z":-0.17011451721191406,"TempDsp":0,"Status":0,"CalibState":1,"SigAmpInvalid":0}},-1979710460
05-27 18:23:20.521   536   536 D commservice260303: send2Cluster len:315, 7B22636F6D6D616E64223A7B226964223A22696D755F737461747573222C22737562223A22227D2C22636F6E74656E74223A7B2254696D655374616D70223A392C224672616D65436F756E746572223A3231343938352C2247445F58223A2D302E30313135333031333537353832323131352C2247445F59223A302E303034383835373536343130363538333539352C2247445F5A223A302E303031373536303231383639333638383531322C2241445F58223A2D302E3030353336333334353134363137393139392C2241445F59223A302E3030333435383436343035323532383134332C2241445F5A223A2D302E31373031313435313732313139313430362C2254656D70447370223A302C22537461747573223A302C2243616C69625374617465223A312C22536967416D70496E76616C6964223A307D7D, 138 
05-27 18:23:20.521   536   536 D commservice260303: Push Message into SendPool fn=-1752890624
05-27 18:23:20.521   536   536 D commservice260303: ComProtocolLibSend2Cluster::send2ClusterRaw fn=-1752890624 , len=331
05-27 18:23:20.521   536   536 D commservice260303: sendCmdToPort :331!!!
05-27 18:23:20.521   536   536 D commservice260303: send Cmd To Port ++++5AA501478A01000385976A16C6187B22636F6D6D616E64223A7B226964223A22696D755F737461747573222C22737562223A22227D2C22636F6E74656E74223A7B2254696D655374616D70223A392C224672616D65436F756E746572223A3231343938352C2247445F58223A2D302E30313135333031333537353832323131352C2247445F59223A302E303034383835373536343130363538333539352C2247445F5A223A302E303031373536303231383639333638383531322C2241445F58223A2D302E3030353336333334353134363137393139392C2241445F59223A302E3030333435383436343035323532383134332C2241445F5A223A2D302E31373031313435313732313139313430362C2254656D70447370223A302C22537461747573223A302C2243616C69625374617465223A312C22536967416D70496E76616C6964223A307D7D4A0A
05-27 18:23:20.521   536   536 D commservice260303: bufferevent_write retrun value = 0
05-27 18:23:20.522   536   560 D commservice260303: client datas send succeed,send finish
05-27 18:23:20.522 30773 30785 I dvr_service_: [EncoderHandler::runMediaThread] runMediaThread started:1,state:1, cam2:started:1,state:1, lastSwitch:1, mIsMuxerStart:1,format:0,is_str_ing:0
05-27 18:23:20.522 13911 14192 D Sentinelmode_1.2.5.17_sentry: <SentryImuClusterFgeSender>imu_status sent to Linux, frame=214985, tsNs=9267748, tsMs=9, intervalMs=43, ad=(-0.005363345,0.003458464,-0.17011452), gd=(-0.011530136,0.0048857564,0.0017560219)
05-27 18:23:20.524 13911 14183 I SentryImuMcuAngleSender: 179.98248rollDeg
05-27 18:23:20.524 13911 14183 I SentryImuMcuAngleSender: 1,0,0
05-27 18:23:20.524   581   581 I SpiService: fgesysctrl_getGPIO_status success val=1
05-27 18:23:20.528   299 30841 D EvsDriver: forwardFrame
05-27 18:23:20.529   299 30844 D EvsDriver: forwardFrame
05-27 18:23:20.529   299 30841 D EvsDriver: Delivered 0xb400007b7ca56a60 as id 0
05-27 18:23:20.529  1167  1167 D evsmanagerd: /dev/video4 forwarded the buffer #0 to 0xb4000074bf5f6850 from 0xb4000074bf5f41d0
05-27 08:14:29.492   354   354 W         : AICWFDBG(LOGDEBUG)	rwnx_rx_handle_msg msg->id:0x45
05-27 08:14:29.492   354   354 W         : AICWFDBG(LOGDEBUG)	rwnx_rx_handle_msg msg->id:0x1004
05-27 18:23:20.529   581   581 I SpiService: fgesysctrl_getGPIO_status success val=1
05-27 08:14:29.492   354   354 W         : AICWFDBG(LOGDEBUG)	rwnx_rx_handle_msg msg->id:0x1004
05-27 08:14:29.492   354   354 W         : AICWFDBG(LOGDEBUG)	rwnx_rx_handle_msg msg->id:0x1004
