05-27 18:23:27.172  1167  1184 D evsmanagerd: /dev/video6 forwarded the buffer #0 to 0xb4000074bf5f5510 from 0xb4000074bf5f6d90
05-27 08:14:36.136   581   581 D spi_rst_gpio_get_output: GPIO 145 value: 1
05-27 08:14:36.136   581   581 D spidev_ioctl: gpio status=1)
05-27 18:23:27.175   299  1163 D EvsDriver: doneWithFrame
05-27 18:23:27.177   581   581 I SpiService: fgesysctrl_getGPIO_status success val=1
05-27 08:14:36.142   581   581 D spi_rst_gpio_get_output: GPIO 145 value: 1
05-27 08:14:36.142   581   581 D spidev_ioctl: gpio status=1)
05-27 18:23:27.181  1008 30857 D [OMXB]  : usingANWBuffer: handle:0xee744bb0, format:1, w:1920, h:1080
05-27 18:23:27.183   581   581 I SpiService: fgesysctrl_getGPIO_status success val=0
05-27 08:14:36.148   581   581 D spi_rst_gpio_get_output: GPIO 145 value: 0
05-27 08:14:36.148   581   581 D spidev_ioctl: gpio status=0)
05-27 18:23:27.192 13911 14183 I SentryImuMcuAngleSender: 179.99298rollDeg
05-27 18:23:27.192 13911 14183 I SentryImuMcuAngleSender: 1,0,0
05-27 18:23:27.193   299 30841 D EvsDriver: forwardFrame
05-27 18:23:27.195   299 30841 D EvsDriver: Delivered 0xb400007b7ca56a60 as id 0
05-27 18:23:27.195  1167  1184 D evsmanagerd: /dev/video4 forwarded the buffer #0 to 0xb4000074bf5f6850 from 0xb4000074bf5f41d0
05-27 18:23:27.197   581   581 I SpiService: fgesysctrl_getGPIO_status success val=1
05-27 18:23:27.198   299 30844 D EvsDriver: forwardFrame
05-27 18:23:27.198   299  1163 D EvsDriver: doneWithFrame
05-27 18:23:27.199   299 30844 D EvsDriver: Delivered 0xb400007b7ca56900 as id 0
05-27 18:23:27.200  1167  1184 D evsmanagerd: /dev/video6 forwarded the buffer #0 to 0xb4000074bf5f5510 from 0xb4000074bf5f6d90
05-27 08:14:36.162   581   581 D spi_rst_gpio_get_output: GPIO 145 value: 1
05-27 08:14:36.162   581   581 D spidev_ioctl: gpio status=1)
05-27 18:23:27.202   536   536 D commservice260303: msg.id = 1028,0
05-27 18:23:27.202   536   536 D commservice260303: i = 170, msgid = 8A000404
05-27 18:23:27.202   536   536 D commservice260303: msgid = -1979710460,did=138
05-27 18:23:27.203   536   536 D commservice260303: CommProtocolLibCmdBaseI2C::dataproc {"command":{"id":"imu_status","sub":""},"content":{"TimeStamp":9,"FrameCounter":215149,"GD_X":-0.012293193489313126,"GD_Y":0.005420989356935024,"GD_Z":0.0022902146447449923,"AD_X":-0.004840970039367676,"AD_Y":-6.654910976067185E-4,"AD_Z":-0.16828536987304688,"TempDsp":0,"Status":0,"CalibState":1,"SigAmpInvalid":0}},-1979710460
05-27 18:23:27.203   581   581 I SpiService: fgesysctrl_getGPIO_status success val=1
05-27 18:23:27.203   536   536 D commservice260303: send2Cluster len:316, 7B22636F6D6D616E64223A7B226964223A22696D755F737461747573222C22737562223A22227D2C22636F6E74656E74223A7B2254696D655374616D70223A392C224672616D65436F756E746572223A3231353134392C2247445F58223A2D302E3031323239333139333438393331333132362C2247445F59223A302E3030353432303938393335363933353032342C2247445F5A223A302E303032323930323134363434373434393932332C2241445F58223A2D302E3030343834303937303033393336373637362C2241445F59223A2D362E363534393130393736303637313835452D342C2241445F5A223A2D302E31363832383533363938373330343638382C2254656D70447370223A302C22537461747573223A302C2243616C69625374617465223A312C22536967416D70496E76616C6964223A307D7D, 138 
05-27 18:23:27.203   299  1163 D EvsDriver: doneWithFrame
05-27 18:23:27.203   536   536 D commservice260303: Push Message into SendPool fn=1048969984
05-27 18:23:27.203   536   536 D commservice260303: ComProtocolLibSend2Cluster::send2ClusterRaw fn=1048969984 , len=332
05-27 18:23:27.203   536   536 D commservice260303: sendCmdToPort :332!!!
05-27 18:23:27.203   536   536 D commservice260303: send Cmd To Port ++++5AA501488A010003863E6A16C61F7B22636F6D6D616E64223A7B226964223A22696D755F737461747573222C22737562223A22227D2C22636F6E74656E74223A7B2254696D655374616D70223A392C224672616D65436F756E746572223A3231353134392C2247445F58223A2D302E3031323239333139333438393331333132362C2247445F59223A302E3030353432303938393335363933353032342C2247445F5A223A302E303032323930323134363434373434393932332C2241445F58223A2D302E3030343834303937303033393336373637362C2241445F59223A2D362E363534393130393736303637313835452D342C2241445F5A223A2D302E31363832383533363938373330343638382C2254656D70447370223A302C22537461747573223A302C2243616C69625374617465223A312C22536967416D70496E76616C6964223A307D7DF55C
05-27 18:23:27.203   536   536 D commservice260303: bufferevent_write retrun value = 0
05-27 18:23:27.204   536   560 D commservice260303: client datas send succeed,send finish
05-27 18:23:27.204 13911 14192 D Sentinelmode_1.2.5.17_sentry: <SentryImuClusterFgeSender>imu_status sent to Linux, frame=215149, tsNs=9274433, tsMs=9, intervalMs=43, ad=(-0.00484097,-6.654911E-4,-0.16828537), gd=(-0.0122931935,0.0054209894,0.0022902146)
05-27 08:14:36.167   581   581 D spi_rst_gpio_get_output: GPIO 145 value: 1
05-27 08:14:36.167   581   581 D spidev_ioctl: gpio status=1)
05-27 18:23:27.208   536   536 W commservice260303: [FgeComService::getAQConnectStatus:378]
05-27 18:23:27.208   536   536 W commservice260303: [mcuCommFunctionTcp::getAQConnectStatus:406] 1
05-27 18:23:27.208   536   536 W commservice260303: [FgeComService::getAQConnectStatus:380] status:1
05-27 18:23:27.208 12246 12246 E ivicomm_CommManager: getA2lConnectStatus aqConnectStatus:1
05-27 18:23:27.208 12246 12246 D ivicomm_ConnectStateManager: notifyState newState=1curState=1
05-27 18:23:27.208   581   581 I SpiService: fgesysctrl_getGPIO_status success val=1
05-27 08:14:36.170     0     0 E         : c1 [    C1] |__c2e     mmc1:  545    0    0    0    0    0    0    0    0    0    0    0    0    0
05-27 18:23:27.208  1008 30856 D [OMXB]  : usingANWBuffer: handle:0xee7444d0, format:1, w:1920, h:1080
05-27 08:14:36.170     0     0 E         : c1 [    C1] |__d2e     mmc1:  185    0    0    0    0    0    0    0    0    0    0    0    0    0
05-27 08:14:36.170     0     0 E         : c1 [    C1] |__blocks  mmc1:    0  153   26    4    2    0    0    0    0    0    0    0    0    0
05-27 08:14:36.170     0     0 E         : c1 [    C1] |__speed   mmc1: r= 0.0 M/s, w= 0.0 M/s, r_blk= 0, w_blk= 0
05-27 08:14:36.173   581   581 D spi_rst_gpio_get_output: GPIO 145 value: 1
05-27 08:14:36.173   581   581 D spidev_ioctl: gpio status=1)
05-27 18:23:27.212 13911 14183 I SentryImuMcuAngleSender: 179.97897rollDeg
05-27 18:23:27.212 13911 14183 I SentryImuMcuAngleSender: 1,0,0
05-27 18:23:27.214   581   581 I SpiService: fgesysctrl_getGPIO_status success val=1
05-27 18:23:27.218   572   622 I Sensors : 230 AccelSensor: x:-0.170800,y:0.004880,z:-9.971670
05-27 18:23:27.219   581   581 I SpiService: fgesysctrl_getGPIO_status success val=1
05-27 18:23:27.223   299 30844 D EvsDriver: forwardFrame
05-27 18:23:27.224   299 30844 D EvsDriver: Delivered 0xb400007b7ca56900 as id 0
05-27 18:23:27.224  1167  1184 D evsmanagerd: /dev/video6 forwarded the buffer #0 to 0xb4000074bf5f5510 from 0xb4000074bf5f6d90
05-27 18:23:27.225   299 30841 D EvsDriver: forwardFrame
05-27 18:23:27.225   581   581 I SpiService: fgesysctrl_getGPIO_status success val=0
05-27 18:23:27.226   299  1163 D EvsDriver: doneWithFrame
05-27 18:23:27.227   299 30841 D EvsDriver: Delivered 0xb400007b7ca56a60 as id 0
05-27 18:23:27.227  1167  1184 D evsmanagerd: /dev/video4 forwarded the buffer #0 to 0xb4000074bf5f6850 from 0xb4000074bf5f41d0
05-27 18:23:27.229   299  1163 D EvsDriver: doneWithFrame
05-27 18:23:27.230  1008 30857 D [OMXB]  : usingANWBuffer: handle:0xee7407a0, format:1, w:1920, h:1080
05-27 18:23:27.232 13911 14183 I SentryImuMcuAngleSender: 179.97197rollDeg
05-27 18:23:27.232 13911 14183 I SentryImuMcuAngleSender: 1,0,0
05-27 18:23:27.239   581   581 I SpiService: fgesysctrl_getGPIO_status success val=1
05-27 08:14:36.204   581   581 D spi_rst_gpio_get_output: GPIO 145 value: 1
05-27 08:14:36.204   581   581 D spidev_ioctl: gpio status=1)
05-27 18:23:27.242   536   536 D commservice260303: msg.id = 1028,0
05-27 18:23:27.242   536   536 D commservice260303: i = 170, msgid = 8A000404
05-27 18:23:27.242   536   536 D commservice260303: msgid = -1979710460,did=138
05-27 18:23:27.242   536   536 D commservice260303: CommProtocolLibCmdBaseI2C::dataproc {"command":{"id":"imu_status","sub":""},"content":{"TimeStamp":9,"FrameCounter":215150,"GD_X":-0.012063807807862759,"GD_Y":0.005420989356935024,"GD_Z":0.0019079053308814764,"AD_X":-0.004224002361297607,"AD_Y":0.0017524294089525938,"AD_Z":-0.16645431518554688,"TempDsp":0,"Status":0,"CalibState":1,"SigAmpInvalid":0}},-1979710460
05-27 18:23:27.242   536   536 D commservice260303: send2Cluster len:316, 7B22636F6D6D616E64223A7B226964223A22696D755F737461747573222C22737562223A22227D2C22636F6E74656E74223A7B2254696D655374616D70223A392C224672616D65436F756E746572223A3231353135302C2247445F58223A2D302E3031323036333830373830373836323735392C2247445F59223A302E3030353432303938393335363933353032342C2247445F5A223A302E303031393037393035333330383831343736342C2241445F58223A2D302E3030343232343030323336313239373630372C2241445F59223A302E303031373532343239343038393532353933382C2241445F5A223A2D302E31363634353433313531383535343638382C2254656D70447370223A302C22537461747573223A302C2243616C69625374617465223A312C22536967416D70496E76616C6964223A307D7D, 138 
05-27 18:23:27.242   536   536 D commservice260303: Push Message into SendPool fn=1065747200
05-27 18:23:27.242   536   536 D commservice260303: ComProtocolLibSend2Cluster::send2ClusterRaw fn=1065747200 , len=332
05-27 18:23:27.242   536   536 D commservice260303: sendCmdToPort :332!!!
05-27 18:23:27.242   536   536 D commservice260303: send Cmd To Port ++++5AA501488A010003863F6A16C61F7B22636F6D6D616E64223A7B226964223A22696D755F737461747573222C22737562223A22227D2C22636F6E74656E74223A7B2254696D655374616D70223A392C224672616D65436F756E746572223A3231353135302C2247445F58223A2D302E3031323036333830373830373836323735392C2247445F59223A302E3030353432303938393335363933353032342C2247445F5A223A302E303031393037393035333330383831343736342C2241445F58223A2D302E3030343232343030323336313239373630372C2241445F59223A302E303031373532343239343038393532353933382C2241445F5A223A2D302E31363634353433313531383535343638382C2254656D70447370223A302C22537461747573223A302C2243616C69625374617465223A312C22536967416D70496E76616C6964223A307D7D2420
05-27 18:23:27.242   536   536 D commservice260303: bufferevent_write retrun value = 0
05-27 18:23:27.242   536   560 D commservice260303: client datas send succeed,send finish
05-27 18:23:27.242 13911 14192 D Sentinelmode_1.2.5.17_sentry: <SentryImuClusterFgeSender>imu_status sent to Linux, frame=215150, tsNs=9274487, tsMs=9, intervalMs=38, ad=(-0.0042240024,0.0017524294,-0.16645432), gd=(-0.012063808,0.0054209894,0.0019079053)
05-27 18:23:27.245   581   581 I SpiService: fgesysctrl_getGPIO_status success val=1
05-27 18:23:27.248  1008 30856 D [OMXB]  : usingANWBuffer: handle:0xee7435b0, format:1, w:1920, h:1080
05-27 18:23:27.250   581   581 I SpiService: fgesysctrl_getGPIO_status success val=1
05-27 18:23:27.253 13911 14183 I SentryImuMcuAngleSender: 179.97897rollDeg
05-27 18:23:27.253 13911 14183 I SentryImuMcuAngleSender: 1,0,0
05-27 18:23:27.254   299 30844 D EvsDriver: forwardFrame
05-27 18:23:27.256   581   581 I SpiService: fgesysctrl_getGPIO_status success val=1
05-27 18:23:27.256   299 30844 D EvsDriver: Delivered 0xb400007b7ca56900 as id 0
05-27 18:23:27.256  1167  1184 D evsmanagerd: /dev/video6 forwarded the buffer #0 to 0xb4000074bf5f5510 from 0xb4000074bf5f6d90
05-27 18:23:27.259   299  1163 D EvsDriver: doneWithFrame
05-27 18:23:27.261   581   581 I SpiService: fgesysctrl_getGPIO_status success val=1
05-27 18:23:27.262   299 30841 D EvsDriver: forwardFrame
05-27 18:23:27.265   299 30841 D EvsDriver: Delivered 0xb400007b7ca56a60 as id 0
05-27 18:23:27.265  1167  1184 D evsmanagerd: /dev/video4 forwarded the buffer #0 to 0xb4000074bf5f6850 from 0xb4000074bf5f41d0
05-27 18:23:27.267   581   581 I SpiService: fgesysctrl_getGPIO_status success val=0
05-27 18:23:27.269   299  1163 D EvsDriver: doneWithFrame
05-27 18:23:27.269   283   307 I rvcservice: t.code = 7, t.value = 9274380
05-27 18:23:27.273  1008 30857 D [OMXB]  : usingANWBuffer: handle:0xee742060, format:1, w:1920, h:1080
05-27 18:23:27.274 13911 14183 I SentryImuMcuAngleSender: -179.99298rollDeg
05-27 18:23:27.274 13911 14183 I SentryImuMcuAngleSender: 1,0,0
05-27 18:23:27.282   536   536 D commservice260303: msg.id = 1028,0
05-27 18:23:27.282   536   536 D commservice260303: i = 170, msgid = 8A000404
05-27 18:23:27.282   536   536 D commservice260303: msgid = -1979710460,did=138
05-27 18:23:27.282   536   536 D commservice260303: CommProtocolLibCmdBaseI2C::dataproc {"command":{"id":"imu_status","sub":""},"content":{"TimeStamp":9,"FrameCounter":215151,"GD_X":-0.011147825978696346,"GD_Y":0.00519212381914258,"GD_Z":0.0021378109231591225,"AD_X":-0.0017882436513900757,"AD_Y":-0.0031146518886089325,"AD_Z":-0.16523361206054688,"TempDsp":0,"Status":0,"CalibState":1,"SigAmpInvalid":0}},-1979710460
05-27 18:23:27.282   536   536 D commservice260303: send2Cluster len:317, 7B22636F6D6D616E64223A7B226964223A22696D755F737461747573222C22737562223A22227D2C22636F6E74656E74223A7B2254696D655374616D70223A392C224672616D65436F756E746572223A3231353135312C2247445F58223A2D302E3031313134373832353937383639363334362C2247445F59223A302E30303531393231323338313931343235382C2247445F5A223A302E303032313337383130393233313539313232352C2241445F58223A2D302E303031373838323433363531333930303735372C2241445F59223A2D302E303033313134363531383838363038393332352C2241445F5A223A2D302E31363532333336313230363035343638382C2254656D70447370223A302C22537461747573223A302C2243616C69625374617465223A312C22536967416D70496E76616C6964223A307D7D, 138 
05-27 18:23:27.282   536   536 D commservice260303: Push Message into SendPool fn=1082524416
05-27 18:23:27.282   536   536 D commservice260303: ComProtocolLibSend2Cluster::send2ClusterRaw fn=1082524416 , len=333
05-27 18:23:27.282   536   536 D commservice260303: sendCmdToPort :333!!!
05-27 18:23:27.282   581   581 I SpiService: fgesysctrl_getGPIO_status success val=1
05-27 18:23:27.282   536   536 D commservice260303: send Cmd To Port ++++5AA501498A01000386406A16C61F7B22636F6D6D616E64223A7B226964223A22696D755F737461747573222C22737562223A22227D2C22636F6E74656E74223A7B2254696D655374616D70223A392C224672616D65436F756E746572223A3231353135312C2247445F58223A2D302E3031313134373832353937383639363334362C2247445F59223A302E30303531393231323338313931343235382C2247445F5A223A302E303032313337383130393233313539313232352C2241445F58223A2D302E303031373838323433363531333930303735372C2241445F59223A2D302E303033313134363531383838363038393332352C2241445F5A223A2D302E31363532333336313230363035343638382C2254656D70447370223A302C22537461747573223A302C2243616C69625374617465223A312C22536967416D70496E76616C6964223A307D7D8B31
05-27 18:23:27.282   536   536 D commservice260303: bufferevent_write retrun value = 0
05-27 18:23:27.282   536   560 D commservice260303: client datas send succeed,send finish
05-27 18:23:27.282 13911 14192 D Sentinelmode_1.2.5.17_sentry: <SentryImuClusterFgeSender>imu_status sent to Linux, frame=215151, tsNs=9274522, tsMs=9, intervalMs=40, ad=(-0.0017882437,-0.003114652,-0.16523361), gd=(-0.011147826,0.005192124,0.002137811)
05-27 18:23:27.288   581   581 I SpiService: fgesysctrl_getGPIO_status success val=1
05-27 18:23:27.293   581   581 I SpiService: fgesysctrl_getGPIO_status success val=1
05-27 18:23:27.293   299 30844 D EvsDriver: forwardFrame
05-27 18:23:27.293 13911 14183 I SentryImuMcuAngleSender: -179.99298rollDeg
05-27 18:23:27.294 13911 14183 I SentryImuMcuAngleSender: 1,0,0
05-27 18:23:27.294   299 30841 D EvsDriver: forwardFrame
05-27 18:23:27.296   299 30844 D EvsDriver: Delivered 0xb400007b7ca56900 as id 0
05-27 18:23:27.296  1167  1184 D evsmanagerd: /dev/video6 forwarded the buffer #0 to 0xb4000074bf5f5510 from 0xb4000074bf5f6d90
05-27 18:23:27.296   299 30841 D EvsDriver: Delivered 0xb400007b7ca56a60 as id 0
05-27 18:23:27.296 30773 30782 I dvr_service_: [myNum:1][onFrameReceived] Received Surface:1 0
05-27 18:23:27.296  1167  1167 D evsmanagerd: /dev/video4 forwarded the buffer #0 to 0xb4000074bf5f6850 from 0xb4000074bf5f41d0
05-27 18:23:27.296 30773 30782 E dvr_service_: [myNum:1] Received S**** loss
05-27 18:23:27.296 30773 30773 I dvr_service_: [myNum:0][onFrameReceived] Received Surface:1 0
05-27 18:23:27.296 30773 30773 E dvr_service_: [myNum:0] Received S**** loss
05-27 18:23:27.296   299  1163 D EvsDriver: doneWithFrame
05-27 18:23:27.296   299  1153 D EvsDriver: doneWithFrame
05-27 18:23:27.299   581   581 I SpiService: fgesysctrl_getGPIO_status success val=1
05-27 08:14:36.263   581   581 D spidev_ioctl: gpio status=1)
05-27 18:23:27.302  1008 30857 D [OMXB]  : usingANWBuffer: handle:0xee7439d0, format:1, w:1920, h:1080
05-27 18:23:27.304   581   581 I SpiService: fgesysctrl_getGPIO_status success val=0
05-27 18:23:27.307   572   622 I Sensors : 230 GyroSensor: x:-0.011377,y:0.005574,z:0.002290
05-27 18:23:27.313 13911 14183 I SentryImuMcuAngleSender: 180.0rollDeg
05-27 18:23:27.314 13911 14183 I SentryImuMcuAngleSender: 1,0,0
05-27 18:23:27.319   581   581 I SpiService: fgesysctrl_getGPIO_status success val=1
05-27 18:23:27.322  1008 30856 D [OMXB]  : usingANWBuffer: handle:0xee745600, format:1, w:1920, h:1080
05-27 18:23:27.322   536   536 D commservice260303: msg.id = 1028,0
05-27 18:23:27.322   536   536 D commservice260303: i = 170, msgid = 8A000404
05-27 18:23:27.322   536   536 D commservice260303: msgid = -1979710460,did=138
05-27 18:23:27.322   536   536 D commservice260303: CommProtocolLibCmdBaseI2C::dataproc {"command":{"id":"imu_status","sub":""},"content":{"TimeStamp":9,"FrameCounter":215152,"GD_X":-0.011377211660146713,"GD_Y":0.005573912989348173,"GD_Z":0.0022902146447449923,"AD_X":0.003669336438179016,"AD_Y":-0.001877835369668901,"AD_Z":-0.16706466674804688,"TempDsp":0,"Status":0,"CalibState":1,"SigAmpInvalid":0}},-1979710460
05-27 18:23:27.323   536   536 D commservice260303: send2Cluster len:315, 7B22636F6D6D616E64223A7B226964223A22696D755F737461747573222C22737562223A22227D2C22636F6E74656E74223A7B2254696D655374616D70223A392C224672616D65436F756E746572223A3231353135322C2247445F58223A2D302E3031313337373231313636303134363731332C2247445F59223A302E3030353537333931323938393334383137332C2247445F5A223A302E303032323930323134363434373434393932332C2241445F58223A302E3030333636393333363433383137393031362C2241445F59223A2D302E3030313837373833353336393636383930312C2241445F5A223A2D302E31363730363436363637343830343638382C2254656D70447370223A302C22537461747573223A302C2243616C69625374617465223A312C22536967416D70496E76616C6964223A307D7D, 138 
05-27 18:23:27.323   536   536 D commservice260303: Push Message into SendPool fn=1099301632
05-27 18:23:27.323   536   536 D commservice260303: ComProtocolLibSend2Cluster::send2ClusterRaw fn=1099301632 , len=331
05-27 18:23:27.323   536   536 D commservice260303: sendCmdToPort :331!!!
05-27 18:23:27.323   536   536 D commservice260303: send Cmd To Port ++++5AA501478A01000386416A16C61F7B22636F6D6D616E64223A7B226964223A22696D755F737461747573222C22737562223A22227D2C22636F6E74656E74223A7B2254696D655374616D70223A392C224672616D65436F756E746572223A3231353135322C2247445F58223A2D302E3031313337373231313636303134363731332C2247445F59223A302E3030353537333931323938393334383137332C2247445F5A223A302E303032323930323134363434373434393932332C2241445F58223A302E3030333636393333363433383137393031362C2241445F59223A2D302E3030313837373833353336393636383930312C2241445F5A223A2D302E31363730363436363637343830343638382C2254656D70447370223A302C22537461747573223A302C2243616C69625374617465223A312C22536967416D70496E76616C6964223A307D7DB5C7
05-27 18:23:27.323   536   536 D commservice260303: bufferevent_write retrun value = 0
05-27 18:23:27.323   536   560 D commservice260303: client datas send succeed,send finish
05-27 18:23:27.324   581   581 I SpiService: fgesysctrl_getGPIO_status success val=1
05-27 18:23:27.324 13911 14192 D Sentinelmode_1.2.5.17_sentry: <SentryImuClusterFgeSender>imu_status sent to Linux, frame=215152, tsNs=9274558, tsMs=9, intervalMs=42, ad=(0.0036693364,-0.0018778354,-0.16706467), gd=(-0.011377212,0.005573913,0.0022902146)
05-27 18:23:27.329   299 30844 D EvsDriver: forwardFrame
05-27 18:23:27.330   299 30841 D EvsDriver: forwardFrame
05-27 18:23:27.331   581   581 I SpiService: fgesysctrl_getGPIO_status success val=1
05-27 18:23:27.332   299 30844 D EvsDriver: Delivered 0xb400007b7ca56900 as id 0
05-27 18:23:27.332   299 30841 D EvsDriver: Delivered 0xb400007b7ca56a60 as id 0
05-27 18:23:27.332  1167  1184 D evsmanagerd: /dev/video4 forwarded the buffer #0 to 0xb4000074bf5f6850 from 0xb4000074bf5f41d0
05-27 18:23:27.332  1167  1167 D evsmanagerd: /dev/video6 forwarded the buffer #0 to 0xb4000074bf5f5510 from 0xb4000074bf5f6d90
05-27 18:23:27.334 13911 14183 I SentryImuMcuAngleSender: 179.98949rollDeg
05-27 18:23:27.334 13911 14183 I SentryImuMcuAngleSender: 1,0,0
05-27 18:23:27.336   299  1163 D EvsDriver: doneWithFrame
05-27 18:23:27.337   581   581 I SpiService: fgesysctrl_getGPIO_status success val=1
05-27 18:23:27.337   299  1153 D EvsDriver: doneWithFrame
05-27 18:23:27.342   581   581 I SpiService: fgesysctrl_getGPIO_status success val=1
05-27 18:23:27.345  1008 30857 D [OMXB]  : usingANWBuffer: handle:0xee741ae0, format:1, w:1920, h:1080
05-27 18:23:27.348   581   581 I SpiService: fgesysctrl_getGPIO_status success val=0
05-27 18:23:27.354 13911 14183 I SentryImuMcuAngleSender: 179.98598rollDeg
05-27 18:23:27.355 13911 14183 I SentryImuMcuAngleSender: 1,0,0
05-27 18:23:27.362   581   581 I SpiService: fgesysctrl_getGPIO_status success val=1
05-27 18:23:27.362   536   536 D commservice260303: msg.id = 1028,1
05-27 18:23:27.362   536   536 D commservice260303: i = 170, msgid = 8A000404
05-27 18:23:27.362   536   536 D commservice260303: msgid = -1979710460,did=138
05-27 18:23:27.362   536   536 D commservice260303: CommProtocolLibCmdBaseI2C::dataproc {"command":{"id":"imu_status","sub":""},"content":{"TimeStamp":9,"FrameCounter":215153,"GD_X":-0.011147825978696346,"GD_Y":0.004276141989976168,"GD_Z":0.0023671966046094894,"AD_X":-6.224513053894043E-4,"AD_Y":5.605138139799237E-4,"AD_Z":-0.16828536987304688,"TempDsp":0,"Status":0,"CalibState":1,"SigAmpInvalid":0}},-1979710460
05-27 18:23:27.362   536   536 D commservice260303: send2Cluster len:315, 7B22636F6D6D616E64223A7B226964223A22696D755F737461747573222C22737562223A22227D2C22636F6E74656E74223A7B2254696D655374616D70223A392C224672616D65436F756E746572223A3231353135332C2247445F58223A2D302E3031313134373832353937383639363334362C2247445F59223A302E3030343237363134313938393937363136382C2247445F5A223A302E303032333637313936363034363039343839342C2241445F58223A2D362E323234353133303533383934303433452D342C2241445F59223A352E363035313338313339373939323337452D342C2241445F5A223A2D302E31363832383533363938373330343638382C2254656D70447370223A302C22537461747573223A302C2243616C69625374617465223A312C22536967416D70496E76616C6964223A307D7D, 138 
05-27 18:23:27.362   536   536 D commservice260303: Push Message into SendPool fn=1116078848
05-27 18:23:27.362   536   536 D commservice260303: ComProtocolLibSend2Cluster::send2ClusterRaw fn=1116078848 , len=331
05-27 18:23:27.362   536   536 D commservice260303: sendCmdToPort :331!!!
05-27 18:23:27.362   536   536 D commservice260303: send Cmd To Port ++++5AA501478A01000386426A16C61F7B22636F6D6D616E64223A7B226964223A22696D755F737461747573222C22737562223A22227D2C22636F6E74656E74223A7B2254696D655374616D70223A392C224672616D65436F756E746572223A3231353135332C2247445F58223A2D302E3031313134373832353937383639363334362C2247445F59223A302E3030343237363134313938393937363136382C2247445F5A223A302E303032333637313936363034363039343839342C2241445F58223A2D362E323234353133303533383934303433452D342C2241445F59223A352E363035313338313339373939323337452D342C2241445F5A223A2D302E31363832383533363938373330343638382C2254656D70447370223A302C22537461747573223A302C2243616C69625374617465223A312C22536967416D70496E76616C6964223A307D7D99FB
05-27 18:23:27.362   536   536 D commservice260303: bufferevent_write retrun value = 0
05-27 18:23:27.362   536   560 D commservice260303: client datas send succeed,send finish
05-27 18:23:27.362 13911 14192 D Sentinelmode_1.2.5.17_sentry: <SentryImuClusterFgeSender>imu_status sent to Linux, frame=215153, tsNs=9274594, tsMs=9, intervalMs=38, ad=(-6.224513E-4,5.605138E-4,-0.16828537), gd=(-0.011147826,0.004276142,0.0023671966)
05-27 18:23:27.365   299 30841 D EvsDriver: forwardFrame
05-27 18:23:27.365   299 30844 D EvsDriver: forwardFrame
05-27 18:23:27.367   299 30841 D EvsDriver: Delivered 0xb400007b7ca56a60 as id 0
05-27 18:23:27.367  1167  1167 D evsmanagerd: /dev/video4 forwarded the buffer #0 to 0xb4000074bf5f6850 from 0xb4000074bf5f41d0
05-27 18:23:27.367   299 30844 D EvsDriver: Delivered 0xb400007b7ca56900 as id 0
05-27 18:23:27.367  1167  1184 D evsmanagerd: /dev/video6 forwarded the buffer #0 to 0xb4000074bf5f5510 from 0xb4000074bf5f6d90
05-27 18:23:27.367   581   581 I SpiService: fgesysctrl_getGPIO_status success val=1
05-27 18:23:27.370   283   307 I rvcservice: t.code = 3, t.value = 0
05-27 18:23:27.371   299  1163 D EvsDriver: doneWithFrame
05-27 18:23:27.371   299  1153 D EvsDriver: doneWithFrame
05-27 18:23:27.373   581   581 I SpiService: fgesysctrl_getGPIO_status success val=1
05-27 18:23:27.375 13911 14183 I SentryImuMcuAngleSender: 179.99298rollDeg
05-27 18:23:27.375 13911 14183 I SentryImuMcuAngleSender: 1,0,0
05-27 18:23:27.378   581   581 I SpiService: fgesysctrl_getGPIO_status success val=1
05-27 18:23:27.380 13549 13549 I ADAYO_LOG_: handleMessage(UsbFunc.java:352)copyQnx = 0
05-27 18:23:27.380 13549 13549 I ADAYO_LOG_: handleMessage(UsbFunc.java:404)copyState = 2
05-27 18:23:27.383  1008 30856 D [OMXB]  : usingANWBuffer: handle:0xee745760, format:1, w:1920, h:1080
05-27 18:23:27.384   581   581 I SpiService: fgesysctrl_getGPIO_status success val=0
05-27 18:23:27.389   566 11459 I gps_hdbd: Received: '$GNGGA,003918.000,,,,,0,00,,,M,,M,,*65
'
05-27 18:23:27.391   299 30844 D EvsDriver: forwardFrame
05-27 18:23:27.392   299 30841 D EvsDriver: forwardFrame
05-27 18:23:27.392   299 30844 D EvsDriver: Delivered 0xb400007b7ca56900 as id 0
05-27 18:23:27.392  1167  1184 D evsmanagerd: /dev/video6 forwarded the buffer #0 to 0xb4000074bf5f5510 from 0xb4000074bf5f6d90
05-27 18:23:27.395 13911 14183 I SentryImuMcuAngleSender: 179.99649rollDeg
05-27 18:23:27.395 13911 14183 I SentryImuMcuAngleSender: 1,0,0
05-27 18:23:27.396   566 11459 I gps_hdbd: Received: '$GNGSA,A,1,,,,,,,,,,,,,,,,1*1D
'
05-27 18:23:27.396   299  1153 D EvsDriver: doneWithFrame
05-27 18:23:27.396   566 11459 I gps_hdbd: Received: '$GNGSA,A,1,,,,,,,,,,,,,,,,3*1F
'
05-27 18:23:27.398   581   581 I SpiService: fgesysctrl_getGPIO_status success val=1
05-27 18:23:27.399  1167  1184 D evsmanagerd: /dev/video4 forwarded the buffer #0 to 0xb4000074bf5f6850 from 0xb4000074bf5f41d0
05-27 18:23:27.399   299 30841 D EvsDriver: Delivered 0xb400007b7ca56a60 as id 0
05-27 18:23:27.400  1008 30857 D [OMXB]  : usingANWBuffer: handle:0xee743500, format:1, w:1920, h:1080
05-27 08:14:36.362   581   581 D spi_rst_gpio_get_output: GPIO 145 value: 1
05-27 08:14:36.362   581   581 D spidev_ioctl: gpio status=1)
05-27 18:23:27.401   566 11459 I gps_hdbd: Received: '$GNGSA,A,1,,,,,,,,,,,,,,,,4*18
'
05-27 18:23:27.402   566 11459 I gps_hdbd: Received: '$BDGSV,1,1,00,1*75
'
05-27 18:23:27.402   299  1153 D EvsDriver: doneWithFrame
05-27 18:23:27.403   581   581 I SpiService: fgesysctrl_getGPIO_status success val=1
05-27 18:23:27.404   536   536 D commservice260303: msg.id = 1028,0
05-27 18:23:27.404   536   536 D commservice260303: i = 170, msgid = 8A000404
05-27 18:23:27.404   536   536 D commservice260303: msgid = -1979710460,did=138
05-27 18:23:27.404   536   536 D commservice260303: CommProtocolLibCmdBaseI2C::dataproc {"command":{"id":"imu_status","sub":""},"content":{"TimeStamp":9,"FrameCounter":215154,"GD_X":-0.011223767884075642,"GD_Y":0.005420989356935024,"GD_Z":0.0022902146447449923,"AD_X":-0.0030589401721954346,"AD_Y":-0.0012626415118575096,"AD_Z":-0.16645431518554688,"TempDsp":0,"Status":0,"CalibState":1,"SigAmpInvalid":0}},-1979710460
05-27 18:23:27.404   536   536 D commservice260303: send2Cluster len:318, 7B22636F6D6D616E64223A7B226964223A22696D755F737461747573222C22737562223A22227D2C22636F6E74656E74223A7B2254696D655374616D70223A392C224672616D65436F756E746572223A3231353135342C2247445F58223A2D302E3031313232333736373838343037353634322C2247445F59223A302E3030353432303938393335363933353032342C2247445F5A223A302E303032323930323134363434373434393932332C2241445F58223A2D302E303033303538393430313732313935343334362C2241445F59223A2D302E303031323632363431353131383537353039362C2241445F5A223A2D302E31363634353433313531383535343638382C2254656D70447370223A302C22537461747573223A302C2243616C69625374617465223A312C22536967416D70496E76616C6964223A307D7D, 138 
05-27 18:23:27.404   536   536 D commservice260303: Push Message into SendPool fn=1132856064
05-27 18:23:27.405   536   536 D commservice260303: ComProtocolLibSend2Cluster::send2ClusterRaw fn=1132856064 , len=334
05-27 18:23:27.405   536   536 D commservice260303: sendCmdToPort :334!!!
05-27 08:14:36.368   581   581 D spi_rst_gpio_get_output: GPIO 145 value: 1
05-27 08:14:36.368   581   581 D spidev_ioctl: gpio status=1)
05-27 18:23:27.405   536   536 D commservice260303: send Cmd To Port ++++5AA5014A8A01000386436A16C61F7B22636F6D6D616E64223A7B226964223A22696D755F737461747573222C22737562223A22227D2C22636F6E74656E74223A7B2254696D655374616D70223A392C224672616D65436F756E746572223A3231353135342C2247445F58223A2D302E3031313232333736373838343037353634322C2247445F59223A302E3030353432303938393335363933353032342C2247445F5A223A302E303032323930323134363434373434393932332C2241445F58223A2D302E303033303538393430313732313935343334362C2241445F59223A2D302E303031323632363431353131383537353039362C2241445F5A223A2D302E31363634353433313531383535343638382C2254656D70447370223A302C22537461747573223A302C2243616C69625374617465223A312C22536967416D70496E76616C6964223A307D7D8357
05-27 18:23:27.405   536   536 D commservice260303: bufferevent_write retrun value = 0
05-27 18:23:27.405   536   560 D commservice260303: client datas send succeed,send finish
05-27 18:23:27.405 13911 14192 D Sentinelmode_1.2.5.17_sentry: <SentryImuClusterFgeSender>imu_status sent to Linux, frame=215154, tsNs=9274630, tsMs=9, intervalMs=43, ad=(-0.0030589402,-0.0012626415,-0.16645432), gd=(-0.011223768,0.0054209894,0.0022902146)
05-27 18:23:27.407   566 11459 I gps_hdbd: Received: '$BDGSV,1,1,00,5*71
'
05-27 18:23:27.407   566 11459 I gps_hdbd: Received: '$GPGSV,1,1,01,199,42,165,,1*60
'
05-27 18:23:27.409   581   581 I SpiService: fgesysctrl_getGPIO_status success val=1
05-27 18:23:27.413   566 11459 I gps_hdbd: Received: '$GPGSV,1,1,00,8*6D
'
05-27 18:23:27.413   566 11459 I gps_hdbd: Received: '$GAGSV,1,1,00,7*73
'
05-27 18:23:27.413   566 11459 I gps_hdbd: Received: '$GAGSV,1,1,00,1*75
'
05-27 18:23:27.414   581   581 I SpiService: fgesysctrl_getGPIO_status success val=1
05-27 18:23:27.415 13911 14183 I SentryImuMcuAngleSender: 180.0rollDeg
05-27 18:23:27.415 13911 14183 I SentryImuMcuAngleSender: 1,0,0
05-27 18:23:27.417 11344 11344 E SystemUI_NavBarFragment: SysUIConfig.icCarServiceConnected：false
05-27 18:23:27.418   572   572 I Sensors : 230 AccelSensor: x:-0.172019,y:-0.001220,z:-9.973500
05-27 18:23:27.419   581   581 I SpiService: fgesysctrl_getGPIO_status success val=1
05-27 18:23:27.420  5806  5834 D ANWAPI_SECOND: (5806|0x1B4A5CB0)[BTAPI] run AnWBT_WaitInitFinish
05-27 18:23:27.420  5806  5834 D ANWAPI_SECOND: (5806|0x1B4A5CB0)[BTAPI] bb_vendor(3)hcit_type(3)
05-27 18:23:27.420  5806  5834 D ANWAPI_SECOND: (5806|0x1B4A5CB0)[BTAPI] RTL8761, config_uart_path[/dev/ttyS3], baudrate_init(115200), baudrate_normal(3000000)
05-27 18:23:27.420  5806  5834 D ANWAPI_SECOND: (5806|0x1B4A5CB0)[BTAPI] RTL8761, config_BT_ADDR_path[]
05-27 18:23:27.420  5806  5834 D ANWAPI_SECOND: (5806|0x1B4A5CB0)[BTAPI] BTUart_Configure start
05-27 18:23:27.420  5806  5834 I ANWStack: [   9274671][ANWBT] Device name = /dev/ttyS3,baudrate_init =115200(115200),baudrate =3000000(3000000)
05-27 18:23:27.420  5806  5834 I ANWStack: 
05-27 18:23:27.420  5806  5834 I ANWStack: [   9274671][ANWBT] BTUart_StartUp  speed = 115200
05-27 18:23:27.420  5806  5834 I ANWStack: 
05-27 18:23:27.421  5806  5834 D ANWStack: Mac Address /data/vendor/bluetooth/btmac.txt open fail - No such file or directory
05-27 18:23:27.421  5806  5834 D ANWStack: Mac Address from file  /data/vendor/bluetooth/btmac.txt -  (1)
05-27 18:23:27.422  5806  5834 D ANWStack: rtk_8761C_init@1, fd 0x55
05-27 18:23:27.422  5806  5834 D ANWStack: type RTL_8761C, init speed 115200
05-27 18:23:27.422  5806  5834 D ANWStack: rtk_8761C_init@2, fd 0x55
05-27 18:23:27.422  5806  5834 D ANWStack: Realtek Bluetooth init uart with init speed:115200, type:HCI UART H4
05-27 18:23:27.422  5806  5834 D ANWStack: Realtek Bluetooth :Realtek hciattach version 3.1.d5a90fd.20250813-162457 
05-27 18:23:27.422  5806  5834 D ANWStack: 
05-27 18:23:27.422  5806  5834 D ANWStack: Realtek Bluetooth :Use epoll
05-27 18:23:27.422  5806  5834 D ANWStack: Realtek Bluetooth :Realtek H4 IC
05-27 18:23:27.424   566 11459 I gps_hdbd: Received: '$GNRMC,003918.000,V,,,,,,,270526,120.0,E,N,V*46
'
05-27 18:23:27.425   566 11459 I gps_hdbd: RMC : CALL gnss_sv_status_cb, view_in_sat <1>
05-27 18:23:27.425   566 11459 I gps_hdbd: [reportSvStatus]--->PLATFORM_BSP::Enter
05-27 18:23:27.425   594   594 E vendor.sprd.hardware.memtrack-service: MemTrack_DEBUG--Open mali gpu_memory failed
05-27 18:23:27.425   566 11459 I gps_hdbd: hy abnormal deal:hy_cnr30_satellite_cnt=0
05-27 18:23:27.425   566 11459 D gps_hdbd: hy abnormal deal:hy_fixStatus_fail_count=0
05-27 18:23:27.425   581   581 I SpiService: fgesysctrl_getGPIO_status success val=1
05-27 18:23:27.425   566 11459 I gps_hdbd: Received: '$GNZDA,003918.000,27,05,2026,00,00*4D
'
05-27 18:23:27.426  1083  1083 W MyAppLog: [2026-05-27 18:23:27.425 W tboxap gpsSyncGpsInfoToDm:361] [Gps] [gpsSyncGpsInfoToDm] fix=0 mode=49 corner:0x01 alt=0.00 sat=0 hdop=0.00 pdop=0.00 vdop=0.00
05-27 18:23:27.428   536   560 D commservice260303: recv len:77, 5AA5004906000000364A6A16C61F7B22636F6D6D616E64223A7B226964223A226473695F6C7578222C22737562223A22227D2C22636F6E74656E74223A7B2276616C7565223A3230307D7D716E from server
05-27 18:23:27.428   536  2578 D commservice260303: mcuDataAnalyzeHandle templen:77,len:77,pos:0, 5AA5004906000000364A6A16C61F7B22636F6D6D616E64223A7B226964223A226473695F6C7578222C22737562223A22227D2C22636F6E74656E74223A7B2276616C7565223A3230307D7D716E 
05-27 18:23:27.428   299 30841 D EvsDriver: forwardFrame
05-27 18:23:27.429   536  2578 I commservice260303: checksumCal = 29038
05-27 18:23:27.429   299 30844 D EvsDriver: forwardFrame
05-27 18:23:27.429   536  2578 D commservice260303: CommProtocolLibCmdBaseC2I::dataproc {"command":{"id":"dsi_lux","sub":""},"content":{"value":200}},6
05-27 18:23:27.429   536  2578 D commservice260303: mcuCommMessageManager::notifyMsgToClient hwbinder OK
05-27 18:23:27.429   536  2578 D commservice260303: McuProtocolLibSend2Service::send2Service ret=1
05-27 18:23:27.430 12246 12440 D ivicomm_CommManager: fgeComServiceCallback: {"command":{"id":"dsi_lux","sub":""},"content":{"value":200}}
05-27 18:23:27.431   581   581 I SpiService: fgesysctrl_getGPIO_status success val=0
05-27 18:23:27.432 12246 12440 D ivicomm_CallbackManager: registerCallback DSI_LUX: {"value":200} mCommStateCallbackMap size:4
05-27 18:23:27.432  1167  1184 D evsmanagerd: /dev/video6 forwarded the buffer #0 to 0xb4000074bf5f5510 from 0xb4000074bf5f6d90
05-27 18:23:27.432   299 30844 D EvsDriver: Delivered 0xb400007b7ca56900 as id 0
05-27 18:23:27.433   299 30841 D EvsDriver: Delivered 0xb400007b7ca56a60 as id 0
05-27 18:23:27.433  1167  1184 D evsmanagerd: /dev/video4 forwarded the buffer #0 to 0xb4000074bf5f6850 from 0xb4000074bf5f41d0
05-27 18:23:27.433 11579 11619 D NSLogUtils_VehicleService: L2A comm state: id=dsi_lux, value=200
05-27 18:23:27.434 11344  6590 D SystemUI_SystemSettingsControllerService: onCommState: commandID = dsi_lux; value = 200
05-27 18:23:27.435 13911 14183 I SentryImuMcuAngleSender: -179.99298rollDeg
05-27 18:23:27.435 13911 14183 I SentryImuMcuAngleSender: 1,0,0
05-27 18:23:27.436   299  1153 D EvsDriver: doneWithFrame
05-27 18:23:27.439   299  1153 D EvsDriver: doneWithFrame
05-27 18:23:27.442  1008 30857 D [OMXB]  : usingANWBuffer: handle:0xee744fd0, format:1, w:1920, h:1080
05-27 18:23:27.444   536   536 D commservice260303: msg.id = 1028,0
05-27 18:23:27.444   536   536 D commservice260303: i = 170, msgid = 8A000404
05-27 18:23:27.444   536   536 D commservice260303: msgid = -1979710460,did=138
05-27 18:23:27.444   536   536 D commservice260303: CommProtocolLibCmdBaseI2C::dataproc {"command":{"id":"imu_status","sub":""},"content":{"TimeStamp":9,"FrameCounter":215155,"GD_X":-0.012370175682008266,"GD_Y":0.0048857564106583595,"GD_Z":0.0018319635419175029,"AD_X":-0.004277035593986511,"AD_Y":-0.0030772460158914328,"AD_Z":-0.16828536987304688,"TempDsp":0,"Status":0,"CalibState":1,"SigAmpInvalid":0}},-1979710460
05-27 18:23:27.444   536   536 D commservice260303: send2Cluster len:318, 7B22636F6D6D616E64223A7B226964223A22696D755F737461747573222C22737562223A22227D2C22636F6E74656E74223A7B2254696D655374616D70223A392C224672616D65436F756E746572223A3231353135352C2247445F58223A2D302E3031323337303137353638323030383236362C2247445F59223A302E303034383835373536343130363538333539352C2247445F5A223A302E303031383331393633353431393137353032392C2241445F58223A2D302E3030343237373033353539333938363531312C2241445F59223A2D302E303033303737323436303135383931343332382C2241445F5A223A2D302E31363832383533363938373330343638382C2254656D70447370223A302C22537461747573223A302C2243616C69625374617465223A312C22536967416D70496E76616C6964223A307D7D, 138 
05-27 18:23:27.444   536   536 D commservice260303: Push Message into SendPool fn=1149633280
05-27 18:23:27.444   536   536 D commservice260303: ComProtocolLibSend2Cluster::send2ClusterRaw fn=1149633280 , len=334
05-27 18:23:27.444   536   536 D commservice260303: sendCmdToPort :334!!!
05-27 18:23:27.444   536   536 D commservice260303: send Cmd To Port ++++5AA5014A8A01000386446A16C61F7B22636F6D6D616E64223A7B226964223A22696D755F737461747573222C22737562223A22227D2C22636F6E74656E74223A7B2254696D655374616D70223A392C224672616D65436F756E746572223A3231353135352C2247445F58223A2D302E3031323337303137353638323030383236362C2247445F59223A302E303034383835373536343130363538333539352C2247445F5A223A302E303031383331393633353431393137353032392C2241445F58223A2D302E3030343237373033353539333938363531312C2241445F59223A2D302E303033303737323436303135383931343332382C2241445F5A223A2D302E31363832383533363938373330343638382C2254656D70447370223A302C22537461747573223A302C2243616C69625374617465223A312C22536967416D70496E76616C6964223A307D7D62B5
05-27 18:23:27.444   536   536 D commservice260303: bufferevent_write retrun value = 0
05-27 18:23:27.444   536   560 D commservice260303: client datas send succeed,send finish
05-27 18:23:27.444 13911 14192 D Sentinelmode_1.2.5.17_sentry: <SentryImuClusterFgeSender>imu_status sent to Linux, frame=215155, tsNs=9274669, tsMs=9, intervalMs=39, ad=(-0.0042770356,-0.003077246,-0.16828537), gd=(-0.012370176,0.0048857564,0.0018319635)
05-27 18:23:27.446   481   598 I mcuc    : rev,n=1,6AA681BAD4000A8900740104090012345640
05-27 18:23:27.447   351   373 D automotive.vehicle@2.0-adayo-datacomm-mcu: MCUDatacomm sendMessageFromVehicle prop: 0x89, areaId: 0x0, status: 0x74, timestamp: 0x1
05-27 18:23:27.447  1121  1144 I tboxmids_ap: [2026-05-27 18:23:27.446] [MCU RX] src=MCU dst=ZMQ len=10 type=BINARY data=00 08 74 01 04 09 00 12 34 56 
05-27 18:23:27.447   351   373 D automotive.vehicle@2.0-adayo-datacomm-mcu: MCUDatacomm 1sendMessageFromVehicle ---> type = 12 
05-27 18:23:27.447   581   581 I SpiService: fgesysctrl_getGPIO_status success val=1
05-27 18:23:27.448   566 11459 I gps_hdbd: Received: '$GNINS,1,1,TYPE,I,V,003918.000,17869000,FUS,-12,0,0,0,MOT,V,1,PATT,0.00,0.00,0.00,VEL,0.000,0.000,0.000,POS,40.0001330924,116.0001570688,84.176,IIA,1,0.00,0.00,0.00,BGA,0.31,-0.66,-0.13,0.000,0.000,0.000,IGA,0,-1,0,0,-2,98,VG,16c2ff1*21
'
05-27 18:23:27.448  1083  1083 I MyAppLog: [2026-05-27 18:23:27.447 I tboxap mcuCommTboxmidsRecvCb:97] [Mcu] [mcuCommTboxmidsRecvCb] recv from tboxmids, size:10
05-27 18:23:27.448  1083  1083 I MyAppLog: [2026-05-27 18:23:27.447 I tboxap mcuCommTboxmidsRecvCb:98] [Mcu] [tboxmids -> tboxap]: :00 08 74 01 04 09 00 12 34 56
05-27 18:23:27.448  1083  1083 I MyAppLog: [2026-05-27 18:23:27.447 I tboxap mcuPtlParseData:990] [Mcu] [Mcu  Parse]: (cmd):0900 (param):0900123456
05-27 18:23:27.448  1083  1083 W MyAppLog: [2026-05-27 18:23:27.447 W tboxap mcuParamDataRevPack:918] [Mcu] mcuParamDataRevPack start pack data!!!
05-27 18:23:27.448  1083  1083 I MyAppLog: [2026-05-27 18:23:27.447 I tboxap MCU_HANDSHAKE_IND_McuInd:317] [Mcu] [MCU_HANDSHAKE_IND_McuInd] wakeReason:0x12 -> loginReason:0x08 protoVer:0x34
05-27 18:23:27.448  1083  1083 W MyAppLog: [2026-05-27 18:23:27.447 W tboxap mcuHandleHandshakeInd:1654] [Mcu] [mcuHandleHandshakeInd] recv 0x0900 handshake response wakeReason:0x12 protoVer:0x34
05-27 18:23:27.453   581   581 I SpiService: fgesysctrl_getGPIO_status success val=1
05-27 18:23:27.454   566 11459 I gps_hdbd: Received: '$GNINS,CARSPEED,ADR_STATUS,0,Pulse_count,0,1,0,0,17869000,92540,0.000,0.000,0.000*3D
'
05-27 18:23:27.456 13911 14183 I SentryImuMcuAngleSender: -179.99298rollDeg
05-27 18:23:27.456 13911 14183 I SentryImuMcuAngleSender: 1,0,0
05-27 18:23:27.456   299 30844 D EvsDriver: forwardFrame
05-27 18:23:27.456   299 30841 D EvsDriver: forwardFrame
05-27 18:23:27.458   299 30841 D EvsDriver: Delivered 0xb400007b7ca56a60 as id 0
05-27 18:23:27.458   299 30844 D EvsDriver: Delivered 0xb400007b7ca56900 as id 0
05-27 18:23:27.458  1167  1184 D evsmanagerd: /dev/video6 forwarded the buffer #0 to 0xb4000074bf5f5510 from 0xb4000074bf5f6d90
05-27 18:23:27.458  1167  1167 D evsmanagerd: /dev/video4 forwarded the buffer #0 to 0xb4000074bf5f6850 from 0xb4000074bf5f41d0
05-27 18:23:27.458 30773 30782 E dvr_service_: [myNum:0] Received S**** loss
05-27 18:23:27.458 30773 30773 E dvr_service_: [myNum:1] Received S**** loss
05-27 18:23:27.458   299  1153 D EvsDriver: doneWithFrame
05-27 18:23:27.458   299  1153 D EvsDriver: doneWithFrame
05-27 18:23:27.458   581   581 I SpiService: fgesysctrl_getGPIO_status success val=1
05-27 18:23:27.459   566 11459 I gps_hdbd: Received: '$GNTXT,04,01,04,INS,V,1,,,,FLG,1,000000,1,0,1,0,0,Con,0*71
'
05-27 18:23:27.460  1008 30856 D [OMXB]  : usingANWBuffer: handle:0xee741c40, format:1, w:1920, h:1080
05-27 18:23:27.462 30773 30786 I dvr_service_: CameraX 0  audioOK: 78166601,audios:1170
05-27 18:23:27.462 30773 30786 I dvr_service_: CameraX 1  audioOK: 78166601,audios:1170
05-27 18:23:27.464   581   581 I SpiService: fgesysctrl_getGPIO_status success val=1
05-27 18:23:27.465   566 11459 I gps_hdbd: Received: '$GNTXT,INSTALL,0.00,0.00,0.00,0.00,0.00,0.00,0*20
'
05-27 18:23:27.469   581   581 I SpiService: fgesysctrl_getGPIO_status success val=0
05-27 18:23:27.469   481   597 I mcuc    : send SPI:6AA602BAD400028900E5
05-27 18:23:27.470   283   307 I rvcservice: t.code = 2, t.value = 9974720
05-27 18:23:27.475 13911 14183 I SentryImuMcuAngleSender: 179.99298rollDeg
05-27 18:23:27.475 13911 14183 I SentryImuMcuAngleSender: 1,0,0
05-27 18:23:27.482  1008 30857 D [OMXB]  : usingANWBuffer: handle:0xee740220, format:1, w:1920, h:1080
05-27 18:23:27.484   581   581 I SpiService: fgesysctrl_getGPIO_status success val=1
05-27 18:23:27.484   536   536 D commservice260303: msg.id = 1028,1
05-27 18:23:27.484   536   536 D commservice260303: i = 170, msgid = 8A000404
05-27 18:23:27.485   536   536 D commservice260303: msgid = -1979710460,did=138
05-27 18:23:27.485   536   536 D commservice260303: CommProtocolLibCmdBaseI2C::dataproc {"command":{"id":"imu_status","sub":""},"content":{"TimeStamp":9,"FrameCounter":215156,"GD_X":-0.011834942735731602,"GD_Y":0.005039200186729431,"GD_Z":0.0019848872907459736,"AD_X":-0.0018314570188522339,"AD_Y":-6.242184899747372E-4,"AD_Z":-0.16584396362304688,"TempDsp":0,"Status":0,"CalibState":1,"SigAmpInvalid":0}},-1979710460
05-27 18:23:27.485   536   536 D commservice260303: send2Cluster len:317, 7B22636F6D6D616E64223A7B226964223A22696D755F737461747573222C22737562223A22227D2C22636F6E74656E74223A7B2254696D655374616D70223A392C224672616D65436F756E746572223A3231353135362C2247445F58223A2D302E3031313833343934323733353733313630322C2247445F59223A302E3030353033393230303138363732393433312C2247445F5A223A302E303031393834383837323930373435393733362C2241445F58223A2D302E303031383331343537303138383532323333392C2241445F59223A2D362E323432313834383939373437333732452D342C2241445F5A223A2D302E31363538343339363336323330343638382C2254656D70447370223A302C22537461747573223A302C2243616C69625374617465223A312C22536967416D70496E76616C6964223A307D7D, 138 
05-27 18:23:27.485   536   536 D commservice260303: Push Message into SendPool fn=1166410496
05-27 18:23:27.485   536   536 D commservice260303: ComProtocolLibSend2Cluster::send2ClusterRaw fn=1166410496 , len=333
05-27 18:23:27.485   536   536 D commservice260303: sendCmdToPort :333!!!
05-27 18:23:27.485   536   536 D commservice260303: send Cmd To Port ++++5AA501498A01000386456A16C61F7B22636F6D6D616E64223A7B226964223A22696D755F737461747573222C22737562223A22227D2C22636F6E74656E74223A7B2254696D655374616D70223A392C224672616D65436F756E746572223A3231353135362C2247445F58223A2D302E3031313833343934323733353733313630322C2247445F59223A302E3030353033393230303138363732393433312C2247445F5A223A302E303031393834383837323930373435393733362C2241445F58223A2D302E303031383331343537303138383532323333392C2241445F59223A2D362E323432313834383939373437333732452D342C2241445F5A223A2D302E31363538343339363336323330343638382C2254656D70447370223A302C22537461747573223A302C2243616C69625374617465223A312C22536967416D70496E76616C6964223A307D7DF9F7
05-27 18:23:27.485   536   536 D commservice260303: bufferevent_write retrun value = 0
05-27 18:23:27.485   536   560 D commservice260303: client datas send succeed,send finish
05-27 18:23:27.485 13911 14192 D Sentinelmode_1.2.5.17_sentry: <SentryImuClusterFgeSender>imu_status sent to Linux, frame=215156, tsNs=9274721, tsMs=9, intervalMs=41, ad=(-0.001831457,-6.242185E-4,-0.16584396), gd=(-0.011834943,0.0050392,0.0019848873)
05-27 18:23:27.490   581   581 I SpiService: fgesysctrl_getGPIO_status success val=1
05-27 18:23:27.491   299 30844 D EvsDriver: forwardFrame
05-27 18:23:27.491   299 30841 D EvsDriver: forwardFrame
05-27 18:23:27.494   299 30844 D EvsDriver: Delivered 0xb400007b7ca56900 as id 0
05-27 18:23:27.494   299 30841 D EvsDriver: Delivered 0xb400007b7ca56a60 as id 0
05-27 18:23:27.494  1167  1184 D evsmanagerd: /dev/video6 forwarded the buffer #0 to 0xb4000074bf5f5510 from 0xb4000074bf5f6d90
05-27 18:23:27.494  1167  1167 D evsmanagerd: /dev/video4 forwarded the buffer #0 to 0xb4000074bf5f6850 from 0xb4000074bf5f41d0
05-27 18:23:27.496   581   581 I SpiService: fgesysctrl_getGPIO_status success val=1
05-27 18:23:27.496 13911 14183 I SentryImuMcuAngleSender: 179.99649rollDeg
05-27 18:23:27.496 13911 14183 I SentryImuMcuAngleSender: 1,0,0
05-27 18:23:27.497   299  1153 D EvsDriver: doneWithFrame
05-27 18:23:27.498  1008 30856 D [OMXB]  : usingANWBuffer: handle:0xee740430, format:1, w:1920, h:1080
05-27 18:23:27.498   299  1153 D EvsDriver: doneWithFrame
05-27 18:23:27.498 30773 30789 I dvr_service_: Camera 0: MediaOK:78021898, frames:1780, isKeyFrame:0,pts:9274457043
05-27 18:23:27.501   581   581 I SpiService: fgesysctrl_getGPIO_status success val=1
05-27 18:23:27.503   572   622 I Sensors : 230 GyroSensor: x:-0.011453,y:0.004963,z:0.002443
05-27 18:23:27.506 15863 15863 D AIN-NaviLocationPresenter: ACC is OFF, skip upload location
05-27 18:23:27.507   581   581 I SpiService: fgesysctrl_getGPIO_status success val=0
05-27 18:23:27.517 13911 14183 I SentryImuMcuAngleSender: 180.0rollDeg
05-27 18:23:27.517 13911 14183 I SentryImuMcuAngleSender: 1,0,0
05-27 18:23:27.521   581   581 I SpiService: fgesysctrl_getGPIO_status success val=1
05-27 18:23:27.522  1008 30857 D [OMXB]  : usingANWBuffer: handle:0xee744160, format:1, w:1920, h:1080
05-27 18:23:27.522 30773 30789 I dvr_service_: Camera 1: MediaOK:77961554, frames:1790, isKeyFrame:0,pts:9274428080
05-27 18:23:27.526   536   536 D commservice260303: msg.id = 1028,1
05-27 18:23:27.526   536   536 D commservice260303: i = 170, msgid = 8A000404
05-27 18:23:27.526   536   536 D commservice260303: msgid = -1979710460,did=138
05-27 18:23:27.526   581   581 I SpiService: fgesysctrl_getGPIO_status success val=1
05-27 18:23:27.526   536   536 D commservice260303: CommProtocolLibCmdBaseI2C::dataproc {"command":{"id":"imu_status","sub":""},"content":{"TimeStamp":9,"FrameCounter":215157,"GD_X":-0.011453153565526009,"GD_Y":0.005345047451555729,"GD_Z":0.002443138277158141,"AD_X":-0.0012377947568893433,"AD_Y":0.001818752964027226,"AD_Z":-0.16889381408691406,"TempDsp":0,"Status":0,"CalibState":1,"SigAmpInvalid":0}},-1979710460
05-27 18:23:27.527   536   536 D commservice260303: send2Cluster len:315, 7B22636F6D6D616E64223A7B226964223A22696D755F737461747573222C22737562223A22227D2C22636F6E74656E74223A7B2254696D655374616D70223A392C224672616D65436F756E746572223A3231353135372C2247445F58223A2D302E3031313435333135333536353532363030392C2247445F59223A302E3030353334353034373435313535353732392C2247445F5A223A302E3030323434333133383237373135383134312C2241445F58223A2D302E303031323337373934373536383839333433332C2241445F59223A302E3030313831383735323936343032373232362C2241445F5A223A2D302E31363838393338313430383639313430362C2254656D70447370223A302C22537461747573223A302C2243616C69625374617465223A312C22536967416D70496E76616C6964223A307D7D, 138 
05-27 18:23:27.527   299 30841 D EvsDriver: forwardFrame
