05-27 08:14:29.492   354   354 W         : AICWFDBG(LOGDEBUG)	rwnx_rx_handle_msg msg->id:0x1004
05-27 08:14:29.494   581   581 D spi_rst_gpio_get_output: GPIO 145 value: 1
05-27 08:14:29.494   581   581 D spidev_ioctl: gpio status=1)
05-27 18:23:20.531  1008 30856 D [OMXB]  : usingANWBuffer: handle:0xee740590, format:1, w:1920, h:1080
05-27 18:23:20.531  1167  1167 D evsmanagerd: /dev/video6 forwarded the buffer #0 to 0xb4000074bf5f5510 from 0xb4000074bf5f6d90
05-27 18:23:20.535   581   581 I SpiService: fgesysctrl_getGPIO_status success val=1
05-27 18:23:20.536   299  1163 D EvsDriver: doneWithFrame
05-27 08:14:29.500   581   581 D spi_rst_gpio_get_output: GPIO 145 value: 1
05-27 08:14:29.500   581   581 D spidev_ioctl: gpio status=1)
05-27 18:23:20.539   299  1163 D EvsDriver: doneWithFrame
05-27 18:23:20.539   299 30844 D EvsDriver: Delivered 0xb400007b7ca56900 as id 0
05-27 18:23:20.541   581   581 I SpiService: fgesysctrl_getGPIO_status success val=1
05-27 08:14:29.506   581   581 D spi_rst_gpio_get_output: GPIO 145 value: 1
05-27 08:14:29.506   581   581 D spidev_ioctl: gpio status=1)
05-27 08:14:29.512   581   581 D spi_rst_gpio_get_output: GPIO 145 value: 0
05-27 08:14:29.512   581   581 D spidev_ioctl: gpio status=0)
05-27 08:14:29.518   354   354 W         : AICWFDBG(LOGDEBUG)	rwnx_rx_handle_msg msg->id:0x1004
05-27 18:23:20.544 13911 14183 I SentryImuMcuAngleSender: 179.99298rollDeg
05-27 18:23:20.544   536   760 I commservice260303: [mcuCommFunctionTcp::ProtocolCheckConnectTimeOutProc:613] keyID:256,tcpEvent:5,tcpcount:0,heartbeat:1,noHeartBeatNumber:0,endispatch:0,strState:0
05-27 18:23:20.544 13911 14183 I SentryImuMcuAngleSender: 1,0,0
05-27 18:23:20.545   536   760 D commservice260303: ProtocolCheckConnectTimeOutProc,629,clear heartbeat
05-27 18:23:20.548   581   581 I SpiService: fgesysctrl_getGPIO_status success val=0
05-27 18:23:20.550   283   307 I rvcservice: t.code = 3, t.value = 0
05-27 18:23:20.550   572   572 I Sensors : 230 AccelSensor: x:-0.173239,y:0.001220,z:-9.973500
05-27 18:23:20.555  1008 30857 D [OMXB]  : usingANWBuffer: handle:0xee7469f0, format:1, w:1920, h:1080
05-27 08:14:29.520   354   354 W         : AICWFDBG(LOGDEBUG)	rwnx_rx_handle_msg msg->id:0x4f
05-27 08:14:29.520   354   354 W         : AICWFDBG(LOGDEBUG)	rwnx_rx_handle_msg msg->id:0x44
05-27 18:23:20.563   581   581 I SpiService: fgesysctrl_getGPIO_status success val=1
05-27 18:23:20.564   299 30841 D EvsDriver: forwardFrame
05-27 08:14:29.528   581   581 D spi_rst_gpio_get_output: GPIO 145 value: 1
05-27 08:14:29.528   581   581 D spidev_ioctl: gpio status=1)
05-27 18:23:20.565   299 30844 D EvsDriver: forwardFrame
05-27 18:23:20.566   299 30841 D EvsDriver: Delivered 0xb400007b7ca56a60 as id 0
05-27 18:23:20.566 13911 14183 I SentryImuMcuAngleSender: 179.99298rollDeg
05-27 18:23:20.567 13911 14183 I SentryImuMcuAngleSender: 1,0,0
05-27 18:23:20.567  1167  1167 D evsmanagerd: /dev/video4 forwarded the buffer #0 to 0xb4000074bf5f6850 from 0xb4000074bf5f41d0
05-27 18:23:20.568   299 30844 D EvsDriver: Delivered 0xb400007b7ca56900 as id 0
05-27 18:23:20.568  1167  1167 D evsmanagerd: /dev/video6 forwarded the buffer #0 to 0xb4000074bf5f5510 from 0xb4000074bf5f6d90
05-27 18:23:20.569   581   581 I SpiService: fgesysctrl_getGPIO_status success val=1
05-27 18:23:20.572   299  1163 D EvsDriver: doneWithFrame
05-27 18:23:20.572   299  1153 D EvsDriver: doneWithFrame
05-27 08:14:29.534   581   581 D spi_rst_gpio_get_output: GPIO 145 value: 1
05-27 08:14:29.534   581   581 D spidev_ioctl: gpio status=1)
05-27 18:23:20.574  1008 30856 D [OMXB]  : usingANWBuffer: handle:0xee7439d0, format:1, w:1920, h:1080
05-27 18:23:20.575   536   536 D commservice260303: msg.id = 1028,2
05-27 18:23:20.575   536   536 D commservice260303: i = 170, msgid = 8A000404
05-27 18:23:20.575   581   581 I SpiService: fgesysctrl_getGPIO_status success val=1
05-27 18:23:20.575   536   536 D commservice260303: msgid = -1979710460,did=138
05-27 18:23:20.575   536   536 D commservice260303: CommProtocolLibCmdBaseI2C::dataproc {"command":{"id":"imu_status","sub":""},"content":{"TimeStamp":9,"FrameCounter":214986,"GD_X":-0.011070843786001205,"GD_Y":0.005345047451555729,"GD_Z":0.002519079949706793,"AD_X":-0.0053397417068481445,"AD_Y":-8.085919544100761E-4,"AD_Z":-0.16828536987304688,"TempDsp":0,"Status":0,"CalibState":1,"SigAmpInvalid":0}},-1979710460
05-27 18:23:20.575   536   536 D commservice260303: send2Cluster len:316, 7B22636F6D6D616E64223A7B226964223A22696D755F737461747573222C22737562223A22227D2C22636F6E74656E74223A7B2254696D655374616D70223A392C224672616D65436F756E746572223A3231343938362C2247445F58223A2D302E3031313037303834333738363030313230352C2247445F59223A302E3030353334353034373435313535353732392C2247445F5A223A302E3030323531393037393934393730363739332C2241445F58223A2D302E303035333339373431373036383438313434352C2241445F59223A2D382E303835393139353434313030373631452D342C2241445F5A223A2D302E31363832383533363938373330343638382C2254656D70447370223A302C22537461747573223A302C2243616C69625374617465223A312C22536967416D70496E76616C6964223A307D7D, 138 
05-27 18:23:20.575   536   536 D commservice260303: Push Message into SendPool fn=-1736113408
05-27 18:23:20.575   536   536 D commservice260303: ComProtocolLibSend2Cluster::send2ClusterRaw fn=-1736113408 , len=332
05-27 18:23:20.576   536   536 D commservice260303: sendCmdToPort :332!!!
05-27 18:23:20.576   536   536 D commservice260303: send Cmd To Port ++++5AA501488A01000385986A16C6187B22636F6D6D616E64223A7B226964223A22696D755F737461747573222C22737562223A22227D2C22636F6E74656E74223A7B2254696D655374616D70223A392C224672616D65436F756E746572223A3231343938362C2247445F58223A2D302E3031313037303834333738363030313230352C2247445F59223A302E3030353334353034373435313535353732392C2247445F5A223A302E3030323531393037393934393730363739332C2241445F58223A2D302E303035333339373431373036383438313434352C2241445F59223A2D382E303835393139353434313030373631452D342C2241445F5A223A2D302E31363832383533363938373330343638382C2254656D70447370223A302C22537461747573223A302C2243616C69625374617465223A312C22536967416D70496E76616C6964223A307D7DE357
05-27 18:23:20.576   536   536 D commservice260303: bufferevent_write retrun value = 0
05-27 08:14:29.540   581   581 D spi_rst_gpio_get_output: GPIO 145 value: 1
05-27 08:14:29.540   581   581 D spidev_ioctl: gpio status=1)
05-27 18:23:20.579 13911 14192 D Sentinelmode_1.2.5.17_sentry: <SentryImuClusterFgeSender>imu_status sent to Linux, frame=214986, tsNs=9267801, tsMs=9, intervalMs=56, ad=(-0.0053397417,-8.0859195E-4,-0.16828537), gd=(-0.011070844,0.0053450475,0.00251908)
05-27 18:23:20.581   536   560 D commservice260303: client datas send succeed,send finish
05-27 18:23:20.581   581   581 I SpiService: fgesysctrl_getGPIO_status success val=1
05-27 08:14:29.546   581   581 D spi_rst_gpio_get_output: GPIO 145 value: 1
05-27 08:14:29.546   581   581 D spidev_ioctl: gpio status=1)
05-27 18:23:20.587 13911 14183 I SentryImuMcuAngleSender: 179.98598rollDeg
05-27 18:23:20.587   581   581 I SpiService: fgesysctrl_getGPIO_status success val=0
05-27 18:23:20.588 13911 14183 I SentryImuMcuAngleSender: 1,0,0
05-27 18:23:20.588  5719  5719 I ADAYO_LOG_TRACE_LOGCAT: folder_size:
05-27 08:14:29.551   354   354 W         : AICWFDBG(LOGDEBUG)	rwnx_rx_handle_msg msg->id:0x45
05-27 08:14:29.552   581   581 D spi_rst_gpio_get_output: GPIO 145 value: 0
05-27 08:14:29.552   581   581 D spidev_ioctl: gpio status=0)
05-27 18:23:20.593   299 30841 D EvsDriver: forwardFrame
05-27 18:23:20.595  1008 30857 D [OMXB]  : usingANWBuffer: handle:0xee741ae0, format:1, w:1920, h:1080
05-27 08:14:29.562   354   354 W         : AICWFDBG(LOGDEBUG)	rwnx_rx_handle_msg msg->id:0x1004
05-27 08:14:29.568   581   581 D spi_rst_gpio_get_output: GPIO 145 value: 1
05-27 08:14:29.568   581   581 D spidev_ioctl: gpio status=1)
05-27 18:23:20.595  1167  1167 D evsmanagerd: /dev/video4 forwarded the buffer #0 to 0xb4000074bf5f6850 from 0xb4000074bf5f41d0
05-27 18:23:20.595   299 30841 D EvsDriver: Delivered 0xb400007b7ca56a60 as id 0
05-27 18:23:20.602   299  1163 D EvsDriver: doneWithFrame
05-27 18:23:20.603   299 30844 D EvsDriver: forwardFrame
05-27 18:23:20.603   581   581 I SpiService: fgesysctrl_getGPIO_status success val=1
05-27 18:23:20.608   536   536 D commservice260303: msg.id = 1028,1
05-27 18:23:20.608   536   536 D commservice260303: i = 170, msgid = 8A000404
05-27 18:23:20.608   536   536 D commservice260303: msgid = -1979710460,did=138
05-27 18:23:20.608   536   536 D commservice260303: CommProtocolLibCmdBaseI2C::dataproc {"command":{"id":"imu_status","sub":""},"content":{"TimeStamp":9,"FrameCounter":214987,"GD_X":-0.010841978713870049,"GD_Y":0.005802778527140617,"GD_Z":0.0023671966046094894,"AD_X":-0.0028939545154571533,"AD_Y":0.001623704330995679,"AD_Z":-0.16706466674804688,"TempDsp":0,"Status":0,"CalibState":1,"SigAmpInvalid":0}},-1979710460
05-27 18:23:20.608   536   536 D commservice260303: send2Cluster len:316, 7B22636F6D6D616E64223A7B226964223A22696D755F737461747573222C22737562223A22227D2C22636F6E74656E74223A7B2254696D655374616D70223A392C224672616D65436F756E746572223A3231343938372C2247445F58223A2D302E3031303834313937383731333837303034392C2247445F59223A302E3030353830323737383532373134303631372C2247445F5A223A302E303032333637313936363034363039343839342C2241445F58223A2D302E303032383933393534353135343537313533332C2241445F59223A302E3030313632333730343333303939353637392C2241445F5A223A2D302E31363730363436363637343830343638382C2254656D70447370223A302C22537461747573223A302C2243616C69625374617465223A312C22536967416D70496E76616C6964223A307D7D, 138 
05-27 18:23:20.608   536   536 D commservice260303: Push Message into SendPool fn=-1719336192
05-27 18:23:20.608   536   536 D commservice260303: ComProtocolLibSend2Cluster::send2ClusterRaw fn=-1719336192 , len=332
05-27 18:23:20.608   536   536 D commservice260303: sendCmdToPort :332!!!
05-27 18:23:20.608   536   536 D commservice260303: send Cmd To Port ++++5AA501488A01000385996A16C6187B22636F6D6D616E64223A7B226964223A22696D755F737461747573222C22737562223A22227D2C22636F6E74656E74223A7B2254696D655374616D70223A392C224672616D65436F756E746572223A3231343938372C2247445F58223A2D302E3031303834313937383731333837303034392C2247445F59223A302E3030353830323737383532373134303631372C2247445F5A223A302E303032333637313936363034363039343839342C2241445F58223A2D302E303032383933393534353135343537313533332C2241445F59223A302E3030313632333730343333303939353637392C2241445F5A223A2D302E31363730363436363637343830343638382C2254656D70447370223A302C22537461747573223A302C2243616C69625374617465223A312C22536967416D70496E76616C6964223A307D7DEF5F
05-27 18:23:20.608   536   536 D commservice260303: bufferevent_write retrun value = 0
05-27 18:23:20.609 13911 14192 D Sentinelmode_1.2.5.17_sentry: <SentryImuClusterFgeSender>imu_status sent to Linux, frame=214987, tsNs=9267837, tsMs=9, intervalMs=31, ad=(-0.0028939545,0.0016237043,-0.16706467), gd=(-0.010841979,0.0058027785,0.0023671966)
05-27 18:23:20.609   581   581 I SpiService: fgesysctrl_getGPIO_status success val=1
05-27 18:23:20.609  1167  1167 D evsmanagerd: /dev/video6 forwarded the buffer #0 to 0xb4000074bf5f5510 from 0xb4000074bf5f6d90
05-27 18:23:20.609   536   560 D commservice260303: client datas send succeed,send finish
05-27 08:14:29.574   581   581 D spi_rst_gpio_get_output: GPIO 145 value: 1
05-27 08:14:29.574   581   581 D spidev_ioctl: gpio status=1)
05-27 18:23:20.610   299 30844 D EvsDriver: Delivered 0xb400007b7ca56900 as id 0
05-27 18:23:20.615   581   581 I SpiService: fgesysctrl_getGPIO_status success val=1
05-27 18:23:20.615   299  1163 D EvsDriver: doneWithFrame
05-27 18:23:20.616 13911 14183 I SentryImuMcuAngleSender: 179.98598rollDeg
05-27 18:23:20.616 13911 14183 I SentryImuMcuAngleSender: 1,0,0
05-27 08:14:29.580   581   581 D spi_rst_gpio_get_output: GPIO 145 value: 1
05-27 08:14:29.580   581   581 D spidev_ioctl: gpio status=1)
05-27 18:23:20.621   581   581 I SpiService: fgesysctrl_getGPIO_status success val=1
05-27 08:14:29.585   581   581 D spi_rst_gpio_get_output: GPIO 145 value: 1
05-27 08:14:29.585   581   581 D spidev_ioctl: gpio status=1)
05-27 18:23:20.623   299 30841 D EvsDriver: forwardFrame
05-27 18:23:20.625  1167  1167 D evsmanagerd: /dev/video4 forwarded the buffer #0 to 0xb4000074bf5f6850 from 0xb4000074bf5f41d0
05-27 18:23:20.625   299 30841 D EvsDriver: Delivered 0xb400007b7ca56a60 as id 0
05-27 18:23:20.625 30773 30782 E dvr_service_: [myNum:0] Received S**** loss
05-27 18:23:20.626   299  1163 D EvsDriver: doneWithFrame
05-27 18:23:20.626   581   581 I SpiService: fgesysctrl_getGPIO_status success val=0
05-27 18:23:20.626  1008 30856 D [OMXB]  : usingANWBuffer: handle:0xee740430, format:1, w:1920, h:1080
05-27 18:23:20.627 30773 30789 I dvr_service_: Camera 0: MediaOK:71159957, frames:1630, isKeyFrame:0,pts:9267595102
05-27 08:14:29.591   581   581 D spi_rst_gpio_get_output: GPIO 145 value: 0
05-27 08:14:29.591   581   581 D spidev_ioctl: gpio status=0)
05-27 18:23:20.631   299 30844 D EvsDriver: forwardFrame
05-27 18:23:20.634   299 30844 D EvsDriver: Delivered 0xb400007b7ca56900 as id 0
05-27 18:23:20.634  1167  1167 D evsmanagerd: /dev/video6 forwarded the buffer #0 to 0xb4000074bf5f5510 from 0xb4000074bf5f6d90
05-27 18:23:20.635 30773 30782 E dvr_service_: [myNum:1] Received S**** loss
05-27 18:23:20.635   299  1163 D EvsDriver: doneWithFrame
05-27 18:23:20.636 13911 14183 I SentryImuMcuAngleSender: 179.99298rollDeg
05-27 18:23:20.636 13911 14183 I SentryImuMcuAngleSender: 1,0,0
05-27 18:23:20.640   572   572 I Sensors : 230 GyroSensor: x:-0.011530,y:0.005115,z:0.003207
05-27 18:23:20.641   581   581 I SpiService: fgesysctrl_getGPIO_status success val=1
05-27 18:23:20.642   536   536 D commservice260303: msg.id = 1028,0
05-27 18:23:20.642   536   536 D commservice260303: i = 170, msgid = 8A000404
05-27 18:23:20.642   536   536 D commservice260303: msgid = -1979710460,did=138
05-27 18:23:20.642   536   536 D commservice260303: CommProtocolLibCmdBaseI2C::dataproc {"command":{"id":"imu_status","sub":""},"content":{"TimeStamp":9,"FrameCounter":214988,"GD_X":-0.01153013575822115,"GD_Y":0.0051151420921087265,"GD_Z":0.0032072365283966064,"AD_X":-4.7929584980010986E-4,"AD_Y":-8.106748573482037E-4,"AD_Z":-0.16950416564941406,"TempDsp":0,"Status":0,"CalibState":1,"SigAmpInvalid":0}},-1979710460
05-27 18:23:20.642   536   536 D commservice260303: send2Cluster len:317, 7B22636F6D6D616E64223A7B226964223A22696D755F737461747573222C22737562223A22227D2C22636F6E74656E74223A7B2254696D655374616D70223A392C224672616D65436F756E746572223A3231343938382C2247445F58223A2D302E30313135333031333537353832323131352C2247445F59223A302E303035313135313432303932313038373236352C2247445F5A223A302E303033323037323336353238333936363036342C2241445F58223A2D342E37393239353834393830303130393836452D342C2241445F59223A2D382E313036373438353733343832303337452D342C2241445F5A223A2D302E31363935303431363536343934313430362C2254656D70447370223A302C22537461747573223A302C2243616C69625374617465223A312C22536967416D70496E76616C6964223A307D7D, 138 
05-27 18:23:20.643   536   536 D commservice260303: Push Message into SendPool fn=-1702558976
05-27 18:23:20.643   536   536 D commservice260303: ComProtocolLibSend2Cluster::send2ClusterRaw fn=-1702558976 , len=333
05-27 18:23:20.643   536   536 D commservice260303: sendCmdToPort :333!!!
05-27 18:23:20.643   536   536 D commservice260303: send Cmd To Port ++++5AA501498A010003859A6A16C6187B22636F6D6D616E64223A7B226964223A22696D755F737461747573222C22737562223A22227D2C22636F6E74656E74223A7B2254696D655374616D70223A392C224672616D65436F756E746572223A3231343938382C2247445F58223A2D302E30313135333031333537353832323131352C2247445F59223A302E303035313135313432303932313038373236352C2247445F5A223A302E303033323037323336353238333936363036342C2241445F58223A2D342E37393239353834393830303130393836452D342C2241445F59223A2D382E313036373438353733343832303337452D342C2241445F5A223A2D302E31363935303431363536343934313430362C2254656D70447370223A302C22537461747573223A302C2243616C69625374617465223A312C22536967416D70496E76616C6964223A307D7DF0A4
05-27 18:23:20.643   536   536 D commservice260303: bufferevent_write retrun value = 0
05-27 18:23:20.643   536   560 D commservice260303: client datas send succeed,send finish
05-27 18:23:20.643 13911 14192 D Sentinelmode_1.2.5.17_sentry: <SentryImuClusterFgeSender>imu_status sent to Linux, frame=214988, tsNs=9267890, tsMs=9, intervalMs=34, ad=(-4.7929585E-4,-8.1067486E-4,-0.16950417), gd=(-0.011530136,0.005115142,0.0032072365)
05-27 08:14:29.605   354   354 W         : AICWFDBG(LOGDEBUG)	rwnx_rx_handle_msg msg->id:0x4f
05-27 08:14:29.605   354   354 W         : AICWFDBG(LOGDEBUG)	rwnx_rx_handle_msg msg->id:0x44
05-27 08:14:29.606   581   581 D spi_rst_gpio_get_output: GPIO 145 value: 1
05-27 08:14:29.606   581   581 D spidev_ioctl: gpio status=1)
05-27 18:23:20.646  1008 30857 D [OMXB]  : usingANWBuffer: handle:0xee744fd0, format:1, w:1920, h:1080
05-27 18:23:20.647   581   581 I SpiService: fgesysctrl_getGPIO_status success val=1
05-27 08:14:29.611   581   581 D spi_rst_gpio_get_output: GPIO 145 value: 1
05-27 08:14:29.611   581   581 D spidev_ioctl: gpio status=1)
05-27 18:23:20.641  5722  5722 I auditd  : type=1400 audit(0.0:48032): avc: denied { write } for comm="setprop" name="property_service" dev="tmpfs" ino=22223 scontext=u:r:toolbox:s0 tcontext=u:object_r:property_socket:s0 tclass=sock_file permissive=1
05-27 18:23:20.641  5722  5722 I setprop : type=1400 audit(0.0:48032): avc: denied { write } for name="property_service" dev="tmpfs" ino=22223 scontext=u:r:toolbox:s0 tcontext=u:object_r:property_socket:s0 tclass=sock_file permissive=1
05-27 18:23:20.650   283   307 I rvcservice: t.code = 0, t.value = 5490
05-27 18:23:20.652   581   581 I SpiService: fgesysctrl_getGPIO_status success val=1
05-27 08:14:29.616   354   354 W         : AICWFDBG(LOGDEBUG)	rwnx_rx_handle_msg msg->id:0x1004
05-27 08:14:29.617   581   581 D spi_rst_gpio_get_output: GPIO 145 value: 1
05-27 08:14:29.617   581   581 D spidev_ioctl: gpio status=1)
05-27 18:23:20.656   299 30844 D EvsDriver: forwardFrame
05-27 18:23:20.657 13911 14183 I SentryImuMcuAngleSender: 179.993rollDeg
05-27 18:23:20.657 13911 14183 I SentryImuMcuAngleSender: 1,0,0
05-27 18:23:20.658   581   581 I SpiService: fgesysctrl_getGPIO_status success val=1
05-27 18:23:20.658   299 30841 D EvsDriver: forwardFrame
05-27 18:23:20.659   299 30841 D EvsDriver: Delivered 0xb400007b7ca56a60 as id 0
05-27 18:23:20.659  1167  1167 D evsmanagerd: /dev/video4 forwarded the buffer #0 to 0xb4000074bf5f6850 from 0xb4000074bf5f41d0
05-27 18:23:20.660   299 30844 D EvsDriver: Delivered 0xb400007b7ca56900 as id 0
05-27 18:23:20.660  1167  1167 D evsmanagerd: /dev/video6 forwarded the buffer #0 to 0xb4000074bf5f5510 from 0xb4000074bf5f6d90
05-27 08:14:29.622   581   581 D spi_rst_gpio_get_output: GPIO 145 value: 1
05-27 08:14:29.622   581   581 D spidev_ioctl: gpio status=1)
05-27 18:23:20.663   299  1163 D EvsDriver: doneWithFrame
05-27 18:23:20.663   581   581 I SpiService: fgesysctrl_getGPIO_status success val=1
05-27 18:23:20.664   299  1163 D EvsDriver: doneWithFrame
05-27 08:14:29.628   581   581 D spi_rst_gpio_get_output: GPIO 145 value: 1
05-27 08:14:29.628   581   581 D spidev_ioctl: gpio status=1)
05-27 18:23:20.669   581   581 I SpiService: fgesysctrl_getGPIO_status success val=0
05-27 08:14:29.634   581   581 D spi_rst_gpio_get_output: GPIO 145 value: 0
05-27 08:14:29.634   581   581 D spidev_ioctl: gpio status=0)
05-27 08:14:29.635   354   354 W         : AICWFDBG(LOGDEBUG)	rwnx_rx_handle_msg msg->id:0x45
05-27 18:23:20.677 13911 14183 I SentryImuMcuAngleSender: 179.97197rollDeg
05-27 18:23:20.677 13911 14183 I SentryImuMcuAngleSender: 1,0,0
05-27 18:23:20.681   536   536 D commservice260303: msg.id = 1028,0
05-27 18:23:20.681   536   536 D commservice260303: i = 170, msgid = 8A000404
05-27 18:23:20.681   536   536 D commservice260303: msgid = -1979710460,did=138
05-27 18:23:20.682   536   536 D commservice260303: CommProtocolLibCmdBaseI2C::dataproc {"command":{"id":"imu_status","sub":""},"content":{"TimeStamp":9,"FrameCounter":214989,"GD_X":-0.011453153565526009,"GD_Y":0.00549693126231432,"GD_Z":0.0028249274473637342,"AD_X":1.1461973190307617E-4,"AD_Y":0.0028402344323694706,"AD_Z":-0.17133426666259766,"TempDsp":0,"Status":0,"CalibState":1,"SigAmpInvalid":0}},-1979710460
05-27 18:23:20.682   536   536 D commservice260303: send2Cluster len:315, 7B22636F6D6D616E64223A7B226964223A22696D755F737461747573222C22737562223A22227D2C22636F6E74656E74223A7B2254696D655374616D70223A392C224672616D65436F756E746572223A3231343938392C2247445F58223A2D302E3031313435333135333536353532363030392C2247445F59223A302E30303534393639333132363233313433322C2247445F5A223A302E303032383234393237343437333633373334322C2241445F58223A312E31343631393733313930333037363137452D342C2241445F59223A302E303032383430323334343332333639343730362C2241445F5A223A2D302E31373133333432363636363235393736362C2254656D70447370223A302C22537461747573223A302C2243616C69625374617465223A312C22536967416D70496E76616C6964223A307D7D, 138 
05-27 18:23:20.682   536   536 D commservice260303: Push Message into SendPool fn=-1685781760
05-27 18:23:20.682   536   536 D commservice260303: ComProtocolLibSend2Cluster::send2ClusterRaw fn=-1685781760 , len=331
05-27 18:23:20.682   536   536 D commservice260303: sendCmdToPort :331!!!
05-27 18:23:20.682   536   536 D commservice260303: send Cmd To Port ++++5AA501478A010003859B6A16C6187B22636F6D6D616E64223A7B226964223A22696D755F737461747573222C22737562223A22227D2C22636F6E74656E74223A7B2254696D655374616D70223A392C224672616D65436F756E746572223A3231343938392C2247445F58223A2D302E3031313435333135333536353532363030392C2247445F59223A302E30303534393639333132363233313433322C2247445F5A223A302E303032383234393237343437333633373334322C2241445F58223A312E31343631393733313930333037363137452D342C2241445F59223A302E303032383430323334343332333639343730362C2241445F5A223A2D302E31373133333432363636363235393736362C2254656D70447370223A302C22537461747573223A302C2243616C69625374617465223A312C22536967416D70496E76616C6964223A307D7D3F41
05-27 18:23:20.682   536   536 D commservice260303: bufferevent_write retrun value = 0
05-27 18:23:20.682   536   560 D commservice260303: client datas send succeed,send finish
05-27 18:23:20.682 13911 14192 D Sentinelmode_1.2.5.17_sentry: <SentryImuClusterFgeSender>imu_status sent to Linux, frame=214989, tsNs=9267926, tsMs=9, intervalMs=39, ad=(1.1461973E-4,0.0028402344,-0.17133427), gd=(-0.011453154,0.0054969313,0.0028249274)
05-27 18:23:20.682  1044 30796 D BufferPoolAccessor2.0: bufferpool2 0xb400006f82870318 : 1(6144 size) total buffers - 1(6144 size) used buffers - 117828/117830 (recycle/alloc) - 2/117829 (fetch/transfer)
05-27 18:23:20.684  1008 30856 D [OMXB]  : usingANWBuffer: handle:0xee7435b0, format:1, w:1920, h:1080
05-27 18:23:20.684   581   581 I SpiService: fgesysctrl_getGPIO_status success val=1
05-27 08:14:29.649   581   581 D spi_rst_gpio_get_output: GPIO 145 value: 1
05-27 08:14:29.649   581   581 D spidev_ioctl: gpio status=1)
05-27 18:23:20.690   581   581 I SpiService: fgesysctrl_getGPIO_status success val=1
05-27 18:23:20.685  5724  5724 I auditd  : type=1400 audit(0.0:48033): avc: denied { dac_override } for comm="touch" capability=1 scontext=u:r:toolbox:s0 tcontext=u:r:toolbox:s0 tclass=capability permissive=1
05-27 18:23:20.685  5724  5724 I touch   : type=1400 audit(0.0:48033): avc: denied { dac_override } for capability=1 scontext=u:r:toolbox:s0 tcontext=u:r:toolbox:s0 tclass=capability permissive=1
05-27 18:23:20.685  5724  5724 I auditd  : type=1400 audit(0.0:48034): avc: denied { write } for comm="touch" name="logcat" dev="vda93" ino=180226 scontext=u:r:toolbox:s0 tcontext=u:object_r:log_data_file:s0 tclass=dir permissive=1
05-27 18:23:20.685  5724  5724 I touch   : type=1400 audit(0.0:48034): avc: denied { write } for name="logcat" dev="vda93" ino=180226 scontext=u:r:toolbox:s0 tcontext=u:object_r:log_data_file:s0 tclass=dir permissive=1
05-27 18:23:20.685  5724  5724 I auditd  : type=1400 audit(0.0:48035): avc: denied { add_name } for comm="touch" name="logcat_2026_05_27_18_23_19_638-43.txt" scontext=u:r:toolbox:s0 tcontext=u:object_r:log_data_file:s0 tclass=dir permissive=1
05-27 18:23:20.685  5724  5724 I touch   : type=1400 audit(0.0:48035): avc: denied { add_name } for name="logcat_2026_05_27_18_23_19_638-43.txt" scontext=u:r:toolbox:s0 tcontext=u:object_r:log_data_file:s0 tclass=dir permissive=1
05-27 18:23:20.685  5724  5724 I auditd  : type=1400 audit(0.0:48036): avc: denied { create } for comm="touch" name="logcat_2026_05_27_18_23_19_638-43.txt" scontext=u:r:toolbox:s0 tcontext=u:object_r:log_data_file:s0 tclass=file permissive=1
05-27 18:23:20.685  5724  5724 I touch   : type=1400 audit(0.0:48036): avc: denied { create } for name="logcat_2026_05_27_18_23_19_638-43.txt" scontext=u:r:toolbox:s0 tcontext=u:object_r:log_data_file:s0 tclass=file permissive=1
05-27 08:14:29.654   581   581 D spi_rst_gpio_get_output: GPIO 145 value: 1
05-27 08:14:29.655   581   581 D spidev_ioctl: gpio status=1)
05-27 18:23:20.695   581   581 I SpiService: fgesysctrl_getGPIO_status success val=1
05-27 08:14:29.660   581   581 D spi_rst_gpio_get_output: GPIO 145 value: 1
05-27 08:14:29.660   581   581 D spidev_ioctl: gpio status=1)
05-27 18:23:20.696   299 30844 D EvsDriver: forwardFrame
05-27 18:23:20.696   299 30841 D EvsDriver: forwardFrame
05-27 18:23:20.698   299 30844 D EvsDriver: Delivered 0xb400007b7ca56900 as id 0
05-27 18:23:20.698  1167  1167 D evsmanagerd: /dev/video6 forwarded the buffer #0 to 0xb4000074bf5f5510 from 0xb4000074bf5f6d90
05-27 18:23:20.699  1167  1167 D evsmanagerd: /dev/video4 forwarded the buffer #0 to 0xb4000074bf5f6850 from 0xb4000074bf5f41d0
05-27 18:23:20.699   299 30841 D EvsDriver: Delivered 0xb400007b7ca56a60 as id 0
05-27 18:23:20.699 13911 14183 I SentryImuMcuAngleSender: 179.96848rollDeg
05-27 18:23:20.699 13911 14183 I SentryImuMcuAngleSender: 1,0,0
05-27 18:23:20.702   581   581 I SpiService: fgesysctrl_getGPIO_status success val=1
05-27 18:23:20.704   299  1153 D EvsDriver: doneWithFrame
05-27 18:23:20.704   299  1163 D EvsDriver: doneWithFrame
05-27 18:23:20.708   581   581 I SpiService: fgesysctrl_getGPIO_status success val=0
05-27 08:14:29.666   581   581 D spi_rst_gpio_get_output: GPIO 145 value: 1
05-27 18:23:20.713  1008 30857 D [OMXB]  : usingANWBuffer: handle:0xee7454a0, format:1, w:1920, h:1080
05-27 08:14:29.667   581   581 D spidev_ioctl: gpio status=1)
05-27 08:14:29.673   581   581 D spi_rst_gpio_get_output: GPIO 145 value: 0
05-27 08:14:29.673   581   581 D spidev_ioctl: gpio status=0)
05-27 18:23:20.714 30773 30789 I dvr_service_: Camera 1: MediaOK:71367768, frames:1640, isKeyFrame:0,pts:9267834294
05-27 18:23:20.720 13911 14183 I SentryImuMcuAngleSender: 179.97899rollDeg
05-27 18:23:20.720 13911 14183 I SentryImuMcuAngleSender: 1,0,0
05-27 18:23:20.722   536   536 D commservice260303: msg.id = 1028,0
05-27 18:23:20.722   536   536 D commservice260303: i = 170, msgid = 8A000404
05-27 18:23:20.722   536   536 D commservice260303: msgid = -1979710460,did=138
05-27 18:23:20.722   536   536 D commservice260303: CommProtocolLibCmdBaseI2C::dataproc {"command":{"id":"imu_status","sub":""},"content":{"TimeStamp":9,"FrameCounter":214990,"GD_X":-0.011223767884075642,"GD_Y":0.005420989356935024,"GD_Z":0.0019848872907459736,"AD_X":7.032006978988647E-4,"AD_Y":0.001603876007720828,"AD_Z":-0.17072391510009766,"TempDsp":0,"Status":0,"CalibState":1,"SigAmpInvalid":0}},-1979710460
05-27 18:23:20.722   536   536 D commservice260303: send2Cluster len:314, 7B22636F6D6D616E64223A7B226964223A22696D755F737461747573222C22737562223A22227D2C22636F6E74656E74223A7B2254696D655374616D70223A392C224672616D65436F756E746572223A3231343939302C2247445F58223A2D302E3031313232333736373838343037353634322C2247445F59223A302E3030353432303938393335363933353032342C2247445F5A223A302E303031393834383837323930373435393733362C2241445F58223A372E303332303036393738393838363437452D342C2241445F59223A302E3030313630333837363030373732303832382C2241445F5A223A2D302E31373037323339313531303030393736362C2254656D70447370223A302C22537461747573223A302C2243616C69625374617465223A312C22536967416D70496E76616C6964223A307D7D, 138 
05-27 18:23:20.722   536   536 D commservice260303: Push Message into SendPool fn=-1669004544
05-27 18:23:20.722   536   536 D commservice260303: ComProtocolLibSend2Cluster::send2ClusterRaw fn=-1669004544 , len=330
05-27 18:23:20.722   536   536 D commservice260303: sendCmdToPort :330!!!
05-27 18:23:20.723   536   536 D commservice260303: send Cmd To Port ++++5AA501468A010003859C6A16C6187B22636F6D6D616E64223A7B226964223A22696D755F737461747573222C22737562223A22227D2C22636F6E74656E74223A7B2254696D655374616D70223A392C224672616D65436F756E746572223A3231343939302C2247445F58223A2D302E3031313232333736373838343037353634322C2247445F59223A302E3030353432303938393335363933353032342C2247445F5A223A302E303031393834383837323930373435393733362C2241445F58223A372E303332303036393738393838363437452D342C2241445F59223A302E3030313630333837363030373732303832382C2241445F5A223A2D302E31373037323339313531303030393736362C2254656D70447370223A302C22537461747573223A302C2243616C69625374617465223A312C22536967416D70496E76616C6964223A307D7D6684
05-27 18:23:20.723   536   536 D commservice260303: bufferevent_write retrun value = 0
05-27 18:23:20.723   536   560 D commservice260303: client datas send succeed,send finish
05-27 18:23:20.723   581   581 I SpiService: fgesysctrl_getGPIO_status success val=1
05-27 18:23:20.723 13911 14192 D Sentinelmode_1.2.5.17_sentry: <SentryImuClusterFgeSender>imu_status sent to Linux, frame=214990, tsNs=9267965, tsMs=9, intervalMs=41, ad=(7.032007E-4,0.001603876,-0.17072392), gd=(-0.011223768,0.0054209894,0.0019848873)
05-27 08:14:29.687   581   581 D spi_rst_gpio_get_output: GPIO 145 value: 1
05-27 08:14:29.687   581   581 D spidev_ioctl: gpio status=1)
05-27 18:23:20.725   299 30844 D EvsDriver: forwardFrame
05-27 18:23:20.726   299 30841 D EvsDriver: forwardFrame
05-27 18:23:20.728   299 30841 D EvsDriver: Delivered 0xb400007b7ca56a60 as id 0
05-27 18:23:20.728  1167  1167 D evsmanagerd: /dev/video4 forwarded the buffer #0 to 0xb4000074bf5f6850 from 0xb4000074bf5f41d0
05-27 18:23:20.728 10188 16726 D WifiNl80211Manager: Scan result ready event
05-27 18:23:20.728  7248  7248 D wpa_supplicant: nl80211: Event message available
05-27 18:23:20.729 10188 16726 D WifiNative: Scan result ready event
05-27 18:23:20.729  7248  7248 D wpa_supplicant: nl80211: Drv Event 34 (NL80211_CMD_NEW_SCAN_RESULTS) received for wlan0
05-27 18:23:20.729  7248  7248 D wpa_supplicant: wlan0: nl80211: New scan results available
05-27 18:23:20.729  7248  7248 D wpa_supplicant: nl80211: Scan probed for SSID ''
05-27 18:23:20.729 10188 11144 D AlarmManagerService: set alarm to kernel: 9273.907000000, type=2 
05-27 18:23:20.729   581   581 I SpiService: fgesysctrl_getGPIO_status success val=1
05-27 18:23:20.729  7248  7248 D wpa_supplicant: nl80211: Scan probed for SSID 'MANRAY_5G_Public2'
05-27 18:23:20.729  7248  7248 D wpa_supplicant: nl80211: Scan included frequencies: 5240 5745 5765 5785
05-27 18:23:20.729  7248  7248 D wpa_supplicant: wlan0: Event SCAN_RESULTS (3) received
05-27 18:23:20.730  7248  7248 D wpa_supplicant: nl80211: Received scan results (4 BSSes)
05-27 18:23:20.730  7248  7248 D wpa_supplicant: nl80211: Scan results indicate BSS status with da:33:2a:97:d8:98 as associated
05-27 18:23:20.730  7248  7248 D wpa_supplicant: wlan0: BSS: Start scan result update 53
05-27 18:23:20.730  7248  7248 D wpa_supplicant: wlan0: BSS: Add new id 105 BSSID da:33:2a:97:f9:63 SSID 'MANRAY_5G_Public2' freq 5240
05-27 08:14:29.691   354   354 W         : AICWFDBG(LOGDEBUG)	rwnx_rx_handle_msg msg->id:0x4f
05-27 08:14:29.691   354   354 W         : AICWFDBG(LOGDEBUG)	rwnx_rx_handle_msg msg->id:0x1001
05-27 08:14:29.691   354   354 W         : AICWFDBG(LOGTRACE)	>>> rwnx_rx_scanu_start_cfm()
05-27 08:14:29.691   354   354 W         : AICWFDBG(LOGDEBUG)	rwnx_rx_handle_msg msg->id:0x44
05-27 08:14:29.694   581   581 D spi_rst_gpio_get_output: GPIO 145 value: 1
05-27 08:14:29.694   581   581 D spidev_ioctl: gpio status=1)
05-27 18:23:20.730  7248  7248 D wpa_supplicant: wlan0: BSS: Add new id 106 BSSID da:33:2a:97:f9:5e SSID 'MANRAY_5G_Public2' freq 5765
05-27 18:23:20.730  7248  7248 D wpa_supplicant: BSS: last_scan_res_used=4/64
05-27 18:23:20.730  7248  7248 D wpa_supplicant: wlan0: New scan results available (own=0 ext=1)
05-27 18:23:20.730  7248  7248 D wpa_supplicant: wlan0: Do not use results from externally requested scan operation for network selection
05-27 18:23:20.731  1167  1167 D evsmanagerd: /dev/video6 forwarded the buffer #0 to 0xb4000074bf5f5510 from 0xb4000074bf5f6d90
05-27 18:23:20.736   299  1153 D EvsDriver: doneWithFrame
05-27 18:23:20.736   299  1163 D EvsDriver: doneWithFrame
05-27 18:23:20.736   581   581 I SpiService: fgesysctrl_getGPIO_status success val=1
05-27 18:23:20.736   299 30844 D EvsDriver: Delivered 0xb400007b7ca56900 as id 0
05-27 08:14:29.701   581   581 D spi_rst_gpio_get_output: GPIO 145 value: 1
05-27 08:14:29.701   581   581 D spidev_ioctl: gpio status=1)
05-27 18:23:20.739 10188 11122 E WifiVendorHal: getWifiLinkLayerStats_1_6_Internal(l.1202) failed {.code = ERROR_UNKNOWN, .description = unknown error}
05-27 18:23:20.740  1008 30856 D [OMXB]  : usingANWBuffer: handle:0xee742b60, format:1, w:1920, h:1080
05-27 18:23:20.740 13911 14183 I SentryImuMcuAngleSender: 179.98949rollDeg
05-27 18:23:20.741 13911 14183 I SentryImuMcuAngleSender: 1,0,0
05-27 18:23:20.741   581   581 I SpiService: fgesysctrl_getGPIO_status success val=1
05-27 08:14:29.706   581   581 D spi_rst_gpio_get_output: GPIO 145 value: 1
05-27 08:14:29.706   581   581 D spidev_ioctl: gpio status=1)
05-27 08:14:29.709     0     0 W         : c6 [    C6] Irq_monitor:Irq                                           IPI[1]occur        5844 times interval 1028 ms
05-27 18:23:20.747   572   572 I Sensors : 230 AccelSensor: x:-0.167140,y:-0.000610,z:-9.974720
05-27 18:23:20.747   581   581 I SpiService: fgesysctrl_getGPIO_status success val=1
05-27 08:14:29.712   581   581 D spi_rst_gpio_get_output: GPIO 145 value: 1
05-27 08:14:29.712   581   581 D spidev_ioctl: gpio status=1)
05-27 18:23:20.750   283   307 I rvcservice: t.code = 3, t.value = 0
05-27 18:23:20.752   581   581 I SpiService: fgesysctrl_getGPIO_status success val=0
05-27 08:14:29.717   581   581 D spi_rst_gpio_get_output: GPIO 145 value: 0
05-27 08:14:29.717   581   581 D spidev_ioctl: gpio status=0)
05-27 18:23:20.755   351   351 D DefaultVehicleHal: setProperty setValues start
05-27 18:23:20.755   351   351 D 2026-5-19:FakeVehicleHardware: setProperty FakeVehicleHardware  ID: 0x11500f31
05-27 18:23:20.755   351   351 D 2026-5-19:FakeVehicleHardware: setProperty id:0x11500f31,value:9268006
05-27 18:23:20.756   351   351 D DefaultVehicleHal: setProperty setValues end
05-27 18:23:20.756   351   368 D 2026-5-19:FakeVehicleHardware: setProperty FakeVehicleHardware  setValue START
05-27 18:23:20.756   351   368 D 2026-5-19:FakeVehicleHardware: setProperty FakeVehicleHardware  setValue end
05-27 18:23:20.761 13911 14183 I SentryImuMcuAngleSender: -179.99649rollDeg
05-27 18:23:20.761 13911 14183 I SentryImuMcuAngleSender: 1,0,0
05-27 18:23:20.762   536   536 D commservice260303: msg.id = 1028,0
05-27 18:23:20.763   536   536 D commservice260303: i = 170, msgid = 8A000404
05-27 18:23:20.763   536   536 D commservice260303: msgid = -1979710460,did=138
05-27 18:23:20.763   536   536 D commservice260303: CommProtocolLibCmdBaseI2C::dataproc {"command":{"id":"imu_status","sub":""},"content":{"TimeStamp":9,"FrameCounter":214991,"GD_X":-0.01160607673227787,"GD_Y":0.005039200186729431,"GD_Z":0.0019848872907459736,"AD_X":6.762892007827759E-4,"AD_Y":-0.0026560169644653797,"AD_Z":-0.16950416564941406,"TempDsp":0,"Status":0,"CalibState":1,"SigAmpInvalid":0}},-1979710460
05-27 18:23:20.763   536   536 D commservice260303: send2Cluster len:315, 7B22636F6D6D616E64223A7B226964223A22696D755F737461747573222C22737562223A22227D2C22636F6E74656E74223A7B2254696D655374616D70223A392C224672616D65436F756E746572223A3231343939312C2247445F58223A2D302E30313136303630373637333232373738372C2247445F59223A302E3030353033393230303138363732393433312C2247445F5A223A302E303031393834383837323930373435393733362C2241445F58223A362E373632383932303037383237373539452D342C2241445F59223A2D302E303032363536303136393634343635333739372C2241445F5A223A2D302E31363935303431363536343934313430362C2254656D70447370223A302C22537461747573223A302C2243616C69625374617465223A312C22536967416D70496E76616C6964223A307D7D, 138 
05-27 18:23:20.763   536   536 D commservice260303: Push Message into SendPool fn=-1652227328
05-27 18:23:20.763   536   536 D commservice260303: ComProtocolLibSend2Cluster::send2ClusterRaw fn=-1652227328 , len=331
05-27 18:23:20.763   536   536 D commservice260303: sendCmdToPort :331!!!
05-27 18:23:20.763   536   536 D commservice260303: send Cmd To Port ++++5AA501478A010003859D6A16C6187B22636F6D6D616E64223A7B226964223A22696D755F737461747573222C22737562223A22227D2C22636F6E74656E74223A7B2254696D655374616D70223A392C224672616D65436F756E746572223A3231343939312C2247445F58223A2D302E30313136303630373637333232373738372C2247445F59223A302E3030353033393230303138363732393433312C2247445F5A223A302E303031393834383837323930373435393733362C2241445F58223A362E373632383932303037383237373539452D342C2241445F59223A2D302E303032363536303136393634343635333739372C2241445F5A223A2D302E31363935303431363536343934313430362C2254656D70447370223A302C22537461747573223A302C2243616C69625374617465223A312C22536967416D70496E76616C6964223A307D7D7094
05-27 18:23:20.763   536   536 D commservice260303: bufferevent_write retrun value = 0
05-27 18:23:20.763   536   560 D commservice260303: client datas send succeed,send finish
05-27 18:23:20.765 13911 14192 D Sentinelmode_1.2.5.17_sentry: <SentryImuClusterFgeSender>imu_status sent to Linux, frame=214991, tsNs=9267997, tsMs=9, intervalMs=40, ad=(6.762892E-4,-0.002656017,-0.16950417), gd=(-0.011606077,0.0050392,0.0019848873)
05-27 18:23:20.766   299 30841 D EvsDriver: forwardFrame
05-27 18:23:20.767   581   581 I SpiService: fgesysctrl_getGPIO_status success val=1
05-27 18:23:20.767  1167  1184 D evsmanagerd: /dev/video4 forwarded the buffer #0 to 0xb4000074bf5f6850 from 0xb4000074bf5f41d0
05-27 18:23:20.767   299 30841 D EvsDriver: Delivered 0xb400007b7ca56a60 as id 0
05-27 18:23:20.768   299 30844 D EvsDriver: forwardFrame
05-27 08:14:29.731   581   581 D spi_rst_gpio_get_output: GPIO 145 value: 1
05-27 08:14:29.732   581   581 D spidev_ioctl: gpio status=1)
05-27 18:23:20.771  1167  1167 D evsmanagerd: /dev/video6 forwarded the buffer #0 to 0xb4000074bf5f5510 from 0xb4000074bf5f6d90
05-27 18:23:20.772   299 30844 D EvsDriver: Delivered 0xb400007b7ca56900 as id 0
05-27 18:23:20.772   299  1153 D EvsDriver: doneWithFrame
05-27 18:23:20.773   581   581 I SpiService: fgesysctrl_getGPIO_status success val=1
05-27 18:23:20.776   299  1153 D EvsDriver: doneWithFrame
05-27 08:14:29.737   581   581 D spi_rst_gpio_get_output: GPIO 145 value: 1
05-27 08:14:29.738   581   581 D spidev_ioctl: gpio status=1)
05-27 18:23:20.777  1008 30857 D [OMXB]  : usingANWBuffer: handle:0xee741da0, format:1, w:1920, h:1080
05-27 18:23:20.779   581   581 I SpiService: fgesysctrl_getGPIO_status success val=1
05-27 08:14:29.743   581   581 D spi_rst_gpio_get_output: GPIO 145 value: 1
05-27 08:14:29.743   581   581 D spidev_ioctl: gpio status=1)
05-27 18:23:20.782 13911 14183 I SentryImuMcuAngleSender: -179.99649rollDeg
05-27 18:23:20.782 13911 14183 I SentryImuMcuAngleSender: 1,0,0
05-27 18:23:20.784   581   581 I SpiService: fgesysctrl_getGPIO_status success val=1
05-27 08:14:29.749   581   581 D spi_rst_gpio_get_output: GPIO 145 value: 1
05-27 08:14:29.749   581   581 D spidev_ioctl: gpio status=1)
05-27 18:23:20.790   581   581 I SpiService: fgesysctrl_getGPIO_status success val=0
05-27 08:14:29.755   581   581 D spi_rst_gpio_get_output: GPIO 145 value: 0
05-27 08:14:29.755   581   581 D spidev_ioctl: gpio status=0)
05-27 18:23:20.798   299 30841 D EvsDriver: forwardFrame
05-27 18:23:20.799   299 30844 D EvsDriver: forwardFrame
05-27 18:23:20.799   299 30841 D EvsDriver: Delivered 0xb400007b7ca56a60 as id 0
05-27 18:23:20.800  1167  1167 D evsmanagerd: /dev/video4 forwarded the buffer #0 to 0xb4000074bf5f6850 from 0xb4000074bf5f41d0
05-27 18:23:20.800 30773 30782 E dvr_service_: [myNum:0] Received S**** loss
05-27 18:23:20.800  1167  1167 D evsmanagerd: /dev/video6 forwarded the buffer #0 to 0xb4000074bf5f5510 from 0xb4000074bf5f6d90
05-27 18:23:20.801 30773 30782 E dvr_service_: [myNum:1] Received S**** loss
05-27 18:23:20.801   299  1153 D EvsDriver: doneWithFrame
05-27 18:23:20.802   536   536 D commservice260303: msg.id = 1028,1
05-27 18:23:20.802   536   536 D commservice260303: i = 170, msgid = 8A000404
05-27 18:23:20.802   536   536 D commservice260303: msgid = -1979710460,did=138
05-27 18:23:20.802   536   536 D commservice260303: CommProtocolLibCmdBaseI2C::dataproc {"command":{"id":"imu_status","sub":""},"content":{"TimeStamp":9,"FrameCounter":214992,"GD_X":-0.01160607673227787,"GD_Y":0.005879240110516548,"GD_Z":0.002519079949706793,"AD_X":-0.0023767203092575073,"AD_Y":-2.0798470359295607E-4,"AD_Z":-0.17133426666259766,"TempDsp":0,"Status":0,"CalibState":1,"SigAmpInvalid":0}},-1979710460
05-27 18:23:20.802   299  1153 D EvsDriver: doneWithFrame
05-27 18:23:20.802   536   536 D commservice260303: send2Cluster len:316, 7B22636F6D6D616E64223A7B226964223A22696D755F737461747573222C22737562223A22227D2C22636F6E74656E74223A7B2254696D655374616D70223A392C224672616D65436F756E746572223A3231343939322C2247445F58223A2D302E30313136303630373637333232373738372C2247445F59223A302E3030353837393234303131303531363534382C2247445F5A223A302E3030323531393037393934393730363739332C2241445F58223A2D302E303032333736373230333039323537353037332C2241445F59223A2D322E30373938343730333539323935363037452D342C2241445F5A223A2D302E31373133333432363636363235393736362C2254656D70447370223A302C22537461747573223A302C2243616C69625374617465223A312C22536967416D70496E76616C6964223A307D7D, 138 
05-27 18:23:20.802   536   536 D commservice260303: Push Message into SendPool fn=-1635450112
05-27 18:23:20.803   536   536 D commservice260303: ComProtocolLibSend2Cluster::send2ClusterRaw fn=-1635450112 , len=332
05-27 18:23:20.803   536   536 D commservice260303: sendCmdToPort :332!!!
05-27 18:23:20.803   536   536 D commservice260303: send Cmd To Port ++++5AA501488A010003859E6A16C6187B22636F6D6D616E64223A7B226964223A22696D755F737461747573222C22737562223A22227D2C22636F6E74656E74223A7B2254696D655374616D70223A392C224672616D65436F756E746572223A3231343939322C2247445F58223A2D302E30313136303630373637333232373738372C2247445F59223A302E3030353837393234303131303531363534382C2247445F5A223A302E3030323531393037393934393730363739332C2241445F58223A2D302E303032333736373230333039323537353037332C2241445F59223A2D322E30373938343730333539323935363037452D342C2241445F5A223A2D302E31373133333432363636363235393736362C2254656D70447370223A302C22537461747573223A302C2243616C69625374617465223A312C22536967416D70496E76616C6964223A307D7D61F6
05-27 18:23:20.803   536   536 D commservice260303: bufferevent_write retrun value = 0
05-27 18:23:20.803   299 30844 D EvsDriver: Delivered 0xb400007b7ca56900 as id 0
05-27 18:23:20.803   536   560 D commservice260303: client datas send succeed,send finish
05-27 18:23:20.804 13911 14183 I SentryImuMcuAngleSender: 179.98598rollDeg
05-27 18:23:20.804 13911 14183 I SentryImuMcuAngleSender: 1,0,0
05-27 18:23:20.805   481   598 I mcuc    : rev,n=1,6AA681BAB2000A890066010409011234566F
05-27 18:23:20.805  1121  1144 I tboxmids_ap: [2026-05-27 18:23:20.805] [MCU RX] src=MCU dst=ZMQ len=10 type=BINARY data=00 08 66 01 04 09 01 12 34 56 
05-27 18:23:20.805   351   373 D automotive.vehicle@2.0-adayo-datacomm-mcu: MCUDatacomm sendMessageFromVehicle prop: 0x89, areaId: 0x0, status: 0x66, timestamp: 0x1
05-27 18:23:20.806   351   373 D automotive.vehicle@2.0-adayo-datacomm-mcu: MCUDatacomm 1sendMessageFromVehicle ---> type = 12 
05-27 18:23:20.806   351   515 W automotive.vehicle@2.0-adayo-func-bcm: BCMFunc sendMessageFromClient_l sendMessage prop: 0x11500f31 not in table
05-27 18:23:20.806   581   581 I SpiService: fgesysctrl_getGPIO_status success val=1
05-27 18:23:20.806  1083  1083 I MyAppLog: [2026-05-27 18:23:20.806 I tboxap mcuCommTboxmidsRecvCb:97] [Mcu] [mcuCommTboxmidsRecvCb] recv from tboxmids, size:10
05-27 18:23:20.806  1083  1083 I MyAppLog: [2026-05-27 18:23:20.806 I tboxap mcuCommTboxmidsRecvCb:98] [Mcu] [tboxmids -> tboxap]: :00 08 66 01 04 09 01 12 34 56
05-27 18:23:20.806  1083  1083 I MyAppLog: [2026-05-27 18:23:20.806 I tboxap mcuPtlParseData:990] [Mcu] [Mcu  Parse]: (cmd):0901 (param):0901123456
05-27 18:23:20.807  1008 30856 D [OMXB]  : usingANWBuffer: handle:0xee744000, format:1, w:1920, h:1080
05-27 18:23:20.807  1083  1083 W MyAppLog: [2026-05-27 18:23:20.806 W tboxap mcuParamDataRevPack:918] [Mcu] mcuParamDataRevPack start pack data!!!
05-27 18:23:20.807  1083  1083 W MyAppLog: [2026-05-27 18:23:20.806 W tboxap mcuSaveQueryData:219] [Mcu] [mcuSaveQueryData] unknown query item:0x56
05-27 18:23:20.807  1083  1083 W MyAppLog: [2026-05-27 18:23:20.806 W tboxap mcuHandleQueryInd:1700] [Mcu] [mcuHandleQueryInd] unknown query item:0x56
05-27 18:23:20.807  1083  1083 W MyAppLog: [2026-05-27 18:23:20.806 W tboxap mcuHandleQueryInd:1700] [Mcu] [mcuHandleQueryInd] unknown query item:0x56
05-27 18:23:20.807  1083  1083 W MyAppLog: [2026-05-27 18:23:20.806 W tboxap mcuHandleQueryInd:1700] [Mcu] [mcuHandleQueryInd] unknown query item:0x56
05-27 18:23:20.808  1083  1083 W MyAppLog: [2026-05-27 18:23:20.806 W tboxap mcuHandleQueryInd:1700] [Mcu] [mcuHandleQueryInd] unknown query item:0x56
05-27 18:23:20.808  1083  1083 W MyAppLog: [2026-05-27 18:23:20.806 W tboxap mcuHandleQueryInd:1700] [Mcu] [mcuHandleQueryInd] unknown query item:0x56
05-27 18:23:20.808  1083  1083 W MyAppLog: [2026-05-27 18:23:20.806 W tboxap mcuHandleQueryInd:1700] [Mcu] [mcuHandleQueryInd] unknown query item:0x56
05-27 18:23:20.808  1083  1083 W MyAppLog: [2026-05-27 18:23:20.806 W tboxap mcuHandleQueryInd:1700] [Mcu] [mcuHandleQueryInd] unknown query item:0x56
05-27 18:23:20.808  1083  1083 W MyAppLog: [2026-05-27 18:23:20.806 W tboxap mcuHandleQueryInd:1700] [Mcu] [mcuHandleQueryInd] unknown query item:0x56
05-27 18:23:20.808  1083  1083 W MyAppLog: [2026-05-27 18:23:20.806 W tboxap mcuHandleQueryInd:1700] [Mcu] [mcuHandleQueryInd] unknown query item:0x56
05-27 18:23:20.808  1083  1083 W MyAppLog: [2026-05-27 18:23:20.806 W tboxap mcuHandleQueryInd:1700] [Mcu] [mcuHandleQueryInd] unknown query item:0x56
05-27 18:23:20.808  1083  1083 W MyAppLog: [2026-05-27 18:23:20.806 W tboxap mcuHandleQueryInd:1700] [Mcu] [mcuHandleQueryInd] unknown query item:0x56
05-27 18:23:20.808  1083  1083 W MyAppLog: [2026-05-27 18:23:20.806 W tboxap mcuHandleQueryInd:1700] [Mcu] [mcuHandleQueryInd] unknown query item:0x56
05-27 18:23:20.808  1083  1083 W MyAppLog: [2026-05-27 18:23:20.806 W tboxap mcuHandleQueryInd:1700] [Mcu] [mcuHandleQueryInd] unknown query item:0x56
05-27 18:23:20.808  1083  1083 W MyAppLog: [2026-05-27 18:23:20.806 W tboxap mcuHandleQueryInd:1700] [Mcu] [mcuHandleQueryInd] unknown query item:0x56
05-27 18:23:20.808  1083  1083 W MyAppLog: [2026-05-27 18:23:20.806 W tboxap mcuHandleQueryInd:1700] [Mcu] [mcuHandleQueryInd] unknown query item:0x56
05-27 18:23:20.808  1083  1083 W MyAppLog: [2026-05-27 18:23:20.806 W tboxap mcuHandleQueryInd:1700] [Mcu] [mcuHandleQueryInd] unknown query item:0x56
05-27 18:23:20.808  1083  1083 W MyAppLog: [2026-05-27 18:23:20.806 W tboxap mcuHandleQueryInd:1700] [Mcu] [mcuHandleQueryInd] unknown query item:0x56
05-27 18:23:20.808  1083  1083 W MyAppLog: [2026-05-27 18:23:20.806 W tboxap mcuHandleQueryInd:1700] [Mcu] [mcuHandleQueryInd] unknown query item:0x56
05-27 18:23:20.808  1083  1083 W MyAppLog: [2026-05-27 18:23:20.806 W tboxap mcuHandleQueryInd:1700] [Mcu] [mcuHandleQueryInd] unknown query item:0x56
05-27 18:23:20.808  1083  1083 W MyAppLog: [2026-05-27 18:23:20.806 W tboxap mcuHandleQueryInd:1700] [Mcu] [mcuHandleQueryInd] unknown query item:0x56
05-27 18:23:20.808  1083  1083 W MyAppLog: [2026-05-27 18:23:20.806 W tboxap mcuHandleQueryInd:1700] [Mcu] [mcuHandleQueryInd] unknown query item:0x56
05-27 18:23:20.809  1083  1083 W MyAppLog: [2026-05-27 18:23:20.806 W tboxap mcuHandleQueryInd:1700] [Mcu] [mcuHandleQueryInd] unknown query item:0x56
05-27 18:23:20.809  1083  1083 W MyAppLog: [2026-05-27 18:23:20.806 W tboxap mcuHandleQueryInd:1700] [Mcu] [mcuHandleQueryInd] unknown query item:0x56
05-27 18:23:20.809  1083  1083 W MyAppLog: [2026-05-27 18:23:20.806 W tboxap mcuHandleQueryInd:1700] [Mcu] [mcuHandleQueryInd] unknown query item:0x56
05-27 18:23:20.809  1083  1083 W MyAppLog: [2026-05-27 18:23:20.806 W tboxap mcuHandleQueryInd:1700] [Mcu] [mcuHandleQueryInd] unknown query item:0x56
05-27 08:14:29.770   581   581 D spi_rst_gpio_get_output: GPIO 145 value: 1
05-27 18:23:20.809  1083  1083 W MyAppLog: [2026-05-27 18:23:20.806 W tboxap mcuHandleQueryInd:1700] [Mcu] [mcuHandleQueryInd] unknown query item:0x56
05-27 18:23:20.809  1083  1083 W MyAppLog: [2026-05-27 18:23:20.806 W tboxap mcuHandleQueryInd:1700] [Mcu] [mcuHandleQueryInd] unknown query item:0x56
05-27 18:23:20.809  1083  1083 W MyAppLog: [2026-05-27 18:23:20.806 W tboxap mcuHandleQueryInd:1700] [Mcu] [mcuHandleQueryInd] unknown query item:0x56
05-27 18:23:20.809  1083  1083 W MyAppLog: [2026-05-27 18:23:20.806 W tboxap mcuHandleQueryInd:1700] [Mcu] [mcuHandleQueryInd] unknown query item:0x56
05-27 18:23:20.809  1083  1083 W MyAppLog: [2026-05-27 18:23:20.806 W tboxap mcuHandleQueryInd:1700] [Mcu] [mcuHandleQueryInd] unknown query item:0x56
