05-27 18:23:22.971   299 30844 D EvsDriver: Delivered 0xb400007b7ca56900 as id 0
05-27 18:23:22.971  1167  1167 D evsmanagerd: /dev/video6 forwarded the buffer #0 to 0xb4000074bf5f5510 from 0xb4000074bf5f6d90
05-27 18:23:22.971 30773 30782 E dvr_service_: [myNum:1] Received S**** loss
05-27 18:23:22.971   299  1153 D EvsDriver: doneWithFrame
05-27 18:23:22.972 10046  5792 D resolv  : GetAddrInfoHandler::run: {103 786535 103 983143 1000 0}
05-27 18:23:22.973 10046  5792 D resolv  : resolv_getaddrinfo: explore_fqdn(): ai_family=0 ai_socktype=1 ai_protocol=6
05-27 18:23:22.974 10046  5793 D resolv  : doQuery: (1, 1)
05-27 18:23:22.974 10046  5793 D resolv  : res_nmkquery: (QUERY, IN, A)
05-27 18:23:22.974 10046  5793 D resolv  : res_nsend
05-27 18:23:22.974 10046  5793 I resolv  : resolv_cache_lookup: lookup
05-27 18:23:22.974 10046  5793 I resolv  : resolv_cache_lookup: FOUND IN CACHE entry=0xb400007295471100
05-27 18:23:22.974 10046  5793 D resolv  : doQuery: rcode=0, ancount=3
05-27 18:23:22.974   581   581 I SpiService: fgesysctrl_getGPIO_status success val=1
05-27 18:23:22.975 13911 14183 I SentryImuMcuAngleSender: -179.99649rollDeg
05-27 18:23:22.975 13911 14183 I SentryImuMcuAngleSender: 1,0,0
05-27 18:23:22.975 15863 16069 D TrafficStats: tagSocket(188) with statsTag=0xffffffff, statsUid=-1
05-27 18:23:22.978  1041  1051 I ThermalCvtGovernor: soc(default) curTemp: 90638 tripTemp: 95000 setPollingDelay: 2000
05-27 18:23:22.979  1008 30856 D [OMXB]  : usingANWBuffer: handle:0xee7407a0, format:1, w:1920, h:1080
05-27 18:23:22.980   581   581 I SpiService: fgesysctrl_getGPIO_status success val=1
05-27 18:23:22.982 30773 30786 I dvr_service_: CameraX 0  audioOK: 73686601,audios:1100
05-27 18:23:22.982 30773 30786 I dvr_service_: CameraX 1  audioOK: 73686601,audios:1100
05-27 18:23:22.985   581   581 I SpiService: fgesysctrl_getGPIO_status success val=1
05-27 18:23:22.987   536   536 D commservice260303: msg.id = 1028,1
05-27 18:23:22.987   536   536 D commservice260303: i = 170, msgid = 8A000404
05-27 18:23:22.987   536   536 D commservice260303: msgid = -1979710460,did=138
05-27 18:23:22.987   536   536 D commservice260303: CommProtocolLibCmdBaseI2C::dataproc {"command":{"id":"imu_status","sub":""},"content":{"TimeStamp":9,"FrameCounter":215045,"GD_X":-0.011987865902483463,"GD_Y":0.004733873065561056,"GD_Z":0.002213752595707774,"AD_X":0.002962648868560791,"AD_Y":-9.12319403141737E-4,"AD_Z":-0.16828060150146484,"TempDsp":0,"Status":0,"CalibState":1,"SigAmpInvalid":0}},-1979710460
05-27 18:23:22.987   536   536 D commservice260303: send2Cluster len:313, 7B22636F6D6D616E64223A7B226964223A22696D755F737461747573222C22737562223A22227D2C22636F6E74656E74223A7B2254696D655374616D70223A392C224672616D65436F756E746572223A3231353034352C2247445F58223A2D302E3031313938373836353930323438333436332C2247445F59223A302E3030343733333837333036353536313035362C2247445F5A223A302E3030323231333735323539353730373737342C2241445F58223A302E3030323936323634383836383536303739312C2241445F59223A2D392E3132333139343033313431373337452D342C2241445F5A223A2D302E31363832383036303135303134363438342C2254656D70447370223A302C22537461747573223A302C2243616C69625374617465223A312C22536967416D70496E76616C6964223A307D7D, 138 
05-27 18:23:22.987   536   536 D commservice260303: Push Message into SendPool fn=-729480448
05-27 18:23:22.987   536   536 D commservice260303: ComProtocolLibSend2Cluster::send2ClusterRaw fn=-729480448 , len=329
05-27 18:23:22.987   536   536 D commservice260303: sendCmdToPort :329!!!
05-27 18:23:22.987   536   536 D commservice260303: send Cmd To Port ++++5AA501458A01000385D46A16C61A7B22636F6D6D616E64223A7B226964223A22696D755F737461747573222C22737562223A22227D2C22636F6E74656E74223A7B2254696D655374616D70223A392C224672616D65436F756E746572223A3231353034352C2247445F58223A2D302E3031313938373836353930323438333436332C2247445F59223A302E3030343733333837333036353536313035362C2247445F5A223A302E3030323231333735323539353730373737342C2241445F58223A302E3030323936323634383836383536303739312C2241445F59223A2D392E3132333139343033313431373337452D342C2241445F5A223A2D302E31363832383036303135303134363438342C2254656D70447370223A302C22537461747573223A302C2243616C69625374617465223A312C22536967416D70496E76616C6964223A307D7DF81E
05-27 18:23:22.987   536   536 D commservice260303: bufferevent_write retrun value = 0
05-27 18:23:22.987   536   560 D commservice260303: client datas send succeed,send finish
05-27 18:23:22.987 13911 14192 D Sentinelmode_1.2.5.17_sentry: <SentryImuClusterFgeSender>imu_status sent to Linux, frame=215045, tsNs=9270226, tsMs=9, intervalMs=41, ad=(0.0029626489,-9.123194E-4,-0.1682806), gd=(-0.011987866,0.004733873,0.0022137526)
05-27 18:23:22.990   581   581 I SpiService: fgesysctrl_getGPIO_status success val=1
05-27 18:23:22.993   572   572 I Sensors : 230 GyroSensor: x:-0.011453,y:0.004734,z:0.002214
05-27 18:23:22.995   299 30844 D EvsDriver: forwardFrame
05-27 18:23:22.995   299 30841 D EvsDriver: forwardFrame
05-27 18:23:22.996 13911 14183 I SentryImuMcuAngleSender: 179.97899rollDeg
05-27 18:23:22.996 13911 14183 I SentryImuMcuAngleSender: 1,0,0
05-27 18:23:22.996   581   581 I SpiService: fgesysctrl_getGPIO_status success val=1
05-27 18:23:22.996   299 30841 D EvsDriver: Delivered 0xb400007b7ca56a60 as id 0
05-27 18:23:22.996  1167  1167 D evsmanagerd: /dev/video4 forwarded the buffer #0 to 0xb4000074bf5f6850 from 0xb4000074bf5f41d0
05-27 18:23:22.997  1167  1167 D evsmanagerd: /dev/video6 forwarded the buffer #0 to 0xb4000074bf5f5510 from 0xb4000074bf5f6d90
05-27 18:23:22.997   299 30844 D EvsDriver: Delivered 0xb400007b7ca56900 as id 0
05-27 18:23:23.000   299  1153 D EvsDriver: doneWithFrame
05-27 18:23:23.000   299  1163 D EvsDriver: doneWithFrame
05-27 18:23:23.001  1008 30857 D [OMXB]  : usingANWBuffer: handle:0xee740430, format:1, w:1920, h:1080
05-27 18:23:23.002   581   581 I SpiService: fgesysctrl_getGPIO_status success val=0
05-27 18:23:23.015 13911 14183 I SentryImuMcuAngleSender: 179.97546rollDeg
05-27 18:23:23.015 13911 14183 I SentryImuMcuAngleSender: 1,0,0
05-27 18:23:23.018   581   581 I SpiService: fgesysctrl_getGPIO_status success val=1
05-27 18:23:23.020  1008 30856 D [OMXB]  : usingANWBuffer: handle:0xee740dd0, format:1, w:1920, h:1080
05-27 18:23:23.023   581   581 I SpiService: fgesysctrl_getGPIO_status success val=1
05-27 18:23:23.026   536   536 D commservice260303: msg.id = 1028,0
05-27 18:23:23.026   536   536 D commservice260303: i = 170, msgid = 8A000404
05-27 18:23:23.026   536   536 D commservice260303: msgid = -1979710460,did=138
05-27 18:23:23.026   536   536 D commservice260303: CommProtocolLibCmdBaseI2C::dataproc {"command":{"id":"imu_status","sub":""},"content":{"TimeStamp":9,"FrameCounter":215046,"GD_X":-0.01153013575822115,"GD_Y":0.00519212381914258,"GD_Z":0.0021378109231591225,"AD_X":-7.155537605285645E-4,"AD_Y":0.002126257633790374,"AD_Z":-0.16949939727783203,"TempDsp":0,"Status":0,"CalibState":1,"SigAmpInvalid":0}},-1979710460
05-27 18:23:23.026   536   536 D commservice260303: send2Cluster len:313, 7B22636F6D6D616E64223A7B226964223A22696D755F737461747573222C22737562223A22227D2C22636F6E74656E74223A7B2254696D655374616D70223A392C224672616D65436F756E746572223A3231353034362C2247445F58223A2D302E30313135333031333537353832323131352C2247445F59223A302E30303531393231323338313931343235382C2247445F5A223A302E303032313337383130393233313539313232352C2241445F58223A2D372E313535353337363035323835363435452D342C2241445F59223A302E3030323132363235373633333739303337342C2241445F5A223A2D302E31363934393933393732373738333230332C2254656D70447370223A302C22537461747573223A302C2243616C69625374617465223A312C22536967416D70496E76616C6964223A307D7D, 138 
05-27 18:23:23.026   536   536 D commservice260303: Push Message into SendPool fn=-712703232
05-27 18:23:23.027   536   536 D commservice260303: ComProtocolLibSend2Cluster::send2ClusterRaw fn=-712703232 , len=329
05-27 18:23:23.027   536   536 D commservice260303: sendCmdToPort :329!!!
05-27 18:23:23.027   536   536 D commservice260303: send Cmd To Port ++++5AA501458A01000385D56A16C61B7B22636F6D6D616E64223A7B226964223A22696D755F737461747573222C22737562223A22227D2C22636F6E74656E74223A7B2254696D655374616D70223A392C224672616D65436F756E746572223A3231353034362C2247445F58223A2D302E30313135333031333537353832323131352C2247445F59223A302E30303531393231323338313931343235382C2247445F5A223A302E303032313337383130393233313539313232352C2241445F58223A2D372E313535353337363035323835363435452D342C2241445F59223A302E3030323132363235373633333739303337342C2241445F5A223A2D302E31363934393933393732373738333230332C2254656D70447370223A302C22537461747573223A302C2243616C69625374617465223A312C22536967416D70496E76616C6964223A307D7D5398
05-27 18:23:23.027   536   536 D commservice260303: bufferevent_write retrun value = 0
05-27 18:23:23.027   536   560 D commservice260303: client datas send succeed,send finish
05-27 18:23:23.027 13911 14192 D Sentinelmode_1.2.5.17_sentry: <SentryImuClusterFgeSender>imu_status sent to Linux, frame=215046, tsNs=9270262, tsMs=9, intervalMs=40, ad=(-7.1555376E-4,0.0021262576,-0.1694994), gd=(-0.011530136,0.005192124,0.002137811)
05-27 18:23:23.029   581   581 I SpiService: fgesysctrl_getGPIO_status success val=1
05-27 18:23:23.029   299 30844 D EvsDriver: forwardFrame
05-27 18:23:23.029   299 30841 D EvsDriver: forwardFrame
05-27 18:23:23.031   299 30844 D EvsDriver: Delivered 0xb400007b7ca56900 as id 0
05-27 18:23:23.031   299 30841 D EvsDriver: Delivered 0xb400007b7ca56a60 as id 0
05-27 18:23:23.031  1167  1167 D evsmanagerd: /dev/video4 forwarded the buffer #0 to 0xb4000074bf5f6850 from 0xb4000074bf5f41d0
05-27 18:23:23.031  1167  1184 D evsmanagerd: /dev/video6 forwarded the buffer #0 to 0xb4000074bf5f5510 from 0xb4000074bf5f6d90
05-27 18:23:23.034   299  1163 D EvsDriver: doneWithFrame
05-27 18:23:23.034   581   581 I SpiService: fgesysctrl_getGPIO_status success val=1
05-27 18:23:23.035   299  1163 D EvsDriver: doneWithFrame
05-27 18:23:23.036 13911 14183 I SentryImuMcuAngleSender: 179.97546rollDeg
05-27 18:23:23.036 13911 14183 I SentryImuMcuAngleSender: 1,0,0
05-27 08:14:31.999   581   581 D spi_rst_gpio_get_output: GPIO 145 value: 1
05-27 08:14:31.999   581   581 D spidev_ioctl: gpio status=1)
05-27 18:23:23.040   581   581 I SpiService: fgesysctrl_getGPIO_status success val=0
05-27 18:23:23.045  1008 30857 D [OMXB]  : usingANWBuffer: handle:0xee742ed0, format:1, w:1920, h:1080
05-27 18:23:23.055   581   581 I SpiService: fgesysctrl_getGPIO_status success val=1
05-27 18:23:23.055   299 30844 D EvsDriver: forwardFrame
05-27 18:23:23.057 13911 14183 I SentryImuMcuAngleSender: 179.97899rollDeg
05-27 18:23:23.057 13911 14183 I SentryImuMcuAngleSender: 1,0,0
05-27 18:23:23.057   283   307 I rvcservice: t.code = 3, t.value = 0
05-27 18:23:23.057   299 30844 D EvsDriver: Delivered 0xb400007b7ca56900 as id 0
05-27 18:23:23.057  1167  1184 D evsmanagerd: /dev/video6 forwarded the buffer #0 to 0xb4000074bf5f5510 from 0xb4000074bf5f6d90
05-27 18:23:23.060   299  1163 D EvsDriver: doneWithFrame
05-27 18:23:23.061   581   581 I SpiService: fgesysctrl_getGPIO_status success val=1
05-27 18:23:23.064  1008 30856 D [OMXB]  : usingANWBuffer: handle:0xee741c40, format:1, w:1920, h:1080
05-27 18:23:23.066   299 30841 D EvsDriver: forwardFrame
05-27 18:23:23.067   581   581 I SpiService: fgesysctrl_getGPIO_status success val=1
05-27 18:23:23.067   299 30841 D EvsDriver: Delivered 0xb400007b7ca56a60 as id 0
05-27 18:23:23.067  1167  1184 D evsmanagerd: /dev/video4 forwarded the buffer #0 to 0xb4000074bf5f6850 from 0xb4000074bf5f41d0
05-27 08:14:32.031   581   581 D spidev_ioctl: gpio status=1)
05-27 18:23:23.068 30773 30788 I dvr_service_: [runShortMediaThread:298] cameraId:1 medias:300,audios:220,stateAudio:0,mShortState:0,warnEvent:0,state:1
05-27 18:23:23.068   536   536 D commservice260303: msg.id = 1028,2
05-27 18:23:23.068   536   536 D commservice260303: i = 170, msgid = 8A000404
05-27 18:23:23.068   536   536 D commservice260303: msgid = -1979710460,did=138
05-27 18:23:23.068   536   536 D commservice260303: CommProtocolLibCmdBaseI2C::dataproc {"command":{"id":"imu_status","sub":""},"content":{"TimeStamp":9,"FrameCounter":215047,"GD_X":-0.01160607673227787,"GD_Y":0.005879240110516548,"GD_Z":0.002213752595707774,"AD_X":-0.0055870115756988525,"AD_Y":2.8338609263300896E-4,"AD_Z":-0.17072391510009766,"TempDsp":0,"Status":0,"CalibState":1,"SigAmpInvalid":0}},-1979710460
05-27 18:23:23.069   536   536 D commservice260303: send2Cluster len:315, 7B22636F6D6D616E64223A7B226964223A22696D755F737461747573222C22737562223A22227D2C22636F6E74656E74223A7B2254696D655374616D70223A392C224672616D65436F756E746572223A3231353034372C2247445F58223A2D302E30313136303630373637333232373738372C2247445F59223A302E3030353837393234303131303531363534382C2247445F5A223A302E3030323231333735323539353730373737342C2241445F58223A2D302E303035353837303131353735363938383532352C2241445F59223A322E38333338363039323633333030383936452D342C2241445F5A223A2D302E31373037323339313531303030393736362C2254656D70447370223A302C22537461747573223A302C2243616C69625374617465223A312C22536967416D70496E76616C6964223A307D7D, 138 
05-27 18:23:23.069   536   536 D commservice260303: Push Message into SendPool fn=-695926016
05-27 18:23:23.069   536   536 D commservice260303: ComProtocolLibSend2Cluster::send2ClusterRaw fn=-695926016 , len=331
05-27 18:23:23.069   536   536 D commservice260303: sendCmdToPort :331!!!
05-27 18:23:23.069   536   536 D commservice260303: send Cmd To Port ++++5AA501478A01000385D66A16C61B7B22636F6D6D616E64223A7B226964223A22696D755F737461747573222C22737562223A22227D2C22636F6E74656E74223A7B2254696D655374616D70223A392C224672616D65436F756E746572223A3231353034372C2247445F58223A2D302E30313136303630373637333232373738372C2247445F59223A302E3030353837393234303131303531363534382C2247445F5A223A302E3030323231333735323539353730373737342C2241445F58223A2D302E303035353837303131353735363938383532352C2241445F59223A322E38333338363039323633333030383936452D342C2241445F5A223A2D302E31373037323339313531303030393736362C2254656D70447370223A302C22537461747573223A302C2243616C69625374617465223A312C22536967416D70496E76616C6964223A307D7DC419
05-27 18:23:23.069   536   536 D commservice260303: bufferevent_write retrun value = 0
05-27 18:23:23.070   536   560 D commservice260303: client datas send succeed,send finish
05-27 18:23:23.070 13911 14192 D Sentinelmode_1.2.5.17_sentry: <SentryImuClusterFgeSender>imu_status sent to Linux, frame=215047, tsNs=9270315, tsMs=9, intervalMs=43, ad=(-0.0055870116,2.833861E-4,-0.17072392), gd=(-0.011606077,0.00587924,0.0022137526)
05-27 18:23:23.072   581   581 I SpiService: fgesysctrl_getGPIO_status success val=1
05-27 18:23:23.074   299  1163 D EvsDriver: doneWithFrame
05-27 18:23:23.076 13911 14183 I SentryImuMcuAngleSender: 179.986rollDeg
05-27 18:23:23.076 13911 14183 I SentryImuMcuAngleSender: 1,0,0
05-27 18:23:23.078   581   581 I SpiService: fgesysctrl_getGPIO_status success val=1
05-27 08:14:32.042   581   581 D spi_rst_gpio_get_output: GPIO 145 value: 1
05-27 18:23:23.083   581   581 I SpiService: fgesysctrl_getGPIO_status success val=0
05-27 18:23:23.085 13911 14131 D SVR_MNG_SvrMngProxy: getServer: mSvrManger is null
05-27 18:23:23.085 13911 14131 D SVR_MNG_SvrMngProxy: getNewStub: 
05-27 18:23:23.085 13911 14131 D SVR_MNG_SvrMngProxy: getNewStub: getSvrManagerService start
05-27 18:23:23.085  1008 30857 D [OMXB]  : usingANWBuffer: handle:0xee744790, format:1, w:1920, h:1080
05-27 18:23:23.085 13911 14131 D SVR_MNG_SvrMngProxy: getNewStub: getSvrManagerService end
05-27 18:23:23.085 13911 14131 D SVR_MNG_SvrMngProxy: getServer: svrMngService doesn't start
05-27 18:23:23.092   299 30841 D EvsDriver: forwardFrame
05-27 18:23:23.093   299 30841 D EvsDriver: Delivered 0xb400007b7ca56a60 as id 0
05-27 18:23:23.093   299 30844 D EvsDriver: forwardFrame
05-27 18:23:23.093  1167  1184 D evsmanagerd: /dev/video4 forwarded the buffer #0 to 0xb4000074bf5f6850 from 0xb4000074bf5f41d0
05-27 18:23:23.094   481   598 I mcuc    : rev,n=1,6AA681BABF000A89006B010409211234563D
05-27 18:23:23.095   351   373 D automotive.vehicle@2.0-adayo-datacomm-mcu: MCUDatacomm sendMessageFromVehicle prop: 0x89, areaId: 0x0, status: 0x6b, timestamp: 0x1
05-27 18:23:23.095  1121  1144 I tboxmids_ap: [2026-05-27 18:23:23.094] [MCU RX] src=MCU dst=ZMQ len=10 type=BINARY data=00 08 6B 01 04 09 21 12 34 56 
05-27 18:23:23.095   351   373 D automotive.vehicle@2.0-adayo-datacomm-mcu: MCUDatacomm 1sendMessageFromVehicle ---> type = 12 
05-27 18:23:23.095 13911 14183 I SentryImuMcuAngleSender: [4, 18, 1, 0, 0],5
05-27 18:23:23.095 13911 14183 I McuCommManager: mcuCommSendcmd [4, 18, 1, 0, 0]
05-27 18:23:23.096  1083  1083 I MyAppLog: [2026-05-27 18:23:23.095 I tboxap mcuCommTboxmidsRecvCb:97] [Mcu] [mcuCommTboxmidsRecvCb] recv from tboxmids, size:10
05-27 18:23:23.097  1083  1083 I MyAppLog: [2026-05-27 18:23:23.096 I tboxap mcuCommTboxmidsRecvCb:98] [Mcu] [tboxmids -> tboxap]: :00 08 6B 01 04 09 21 12 34 56
05-27 18:23:23.097  1083  1083 I MyAppLog: [2026-05-27 18:23:23.096 I tboxap mcuPtlParseData:990] [Mcu] [Mcu  Parse]: (cmd):0921 (param):0921123456
05-27 18:23:23.097   581   581 I SpiService: fgesysctrl_getGPIO_status success val=1
05-27 18:23:23.097  1167  1184 D evsmanagerd: /dev/video6 forwarded the buffer #0 to 0xb4000074bf5f5510 from 0xb4000074bf5f6d90
05-27 18:23:23.098  1083  1083 W MyAppLog: [2026-05-27 18:23:23.096 W tboxap mcuParamDataRevPack:918] [Mcu] mcuParamDataRevPack start pack data!!!
05-27 18:23:23.098  1083  1083 W MyAppLog: [2026-05-27 18:23:23.096 W tboxap mcuHandleFaultCodeInd:1947] [Mcu] [mcuHandleFaultCodeInd] recv 0x0921 fault count:18 stored:2 firstCode:0x34
05-27 18:23:23.098   299 30844 D EvsDriver: Delivered 0xb400007b7ca56900 as id 0
05-27 18:23:23.098  1083  1083 I MyAppLog: [2026-05-27 18:23:23.096 I tboxap mcuSendYadiTransfer:196] [Mcu] [mcuYadiSend]: :00 06 55 04 01 09 A1 01
05-27 18:23:23.098  1083  1083 W MyAppLog: [2026-05-27 18:23:23.096 W tboxap tsp_ExternalEvent:109] [Tsp] [tsp_ExternalEvent] recv ExternalEvent = 55, size:2
05-27 18:23:23.098   299  1163 D EvsDriver: doneWithFrame
05-27 18:23:23.099 13911 14183 I SentryImuMcuAngleSender: true
05-27 18:23:23.100 13911 14183 W Sentinelmode_1.2.5.17_sentry: <SentryImuMcuAngleSender>MCU IMU send interval abnormal: 1001ms
05-27 18:23:23.100 13911 14183 I SentryImuMcuAngleSender: 179.97197rollDeg
05-27 18:23:23.100 13911 14183 I SentryImuMcuAngleSender: 1,0,0
05-27 18:23:23.100   572   622 I Sensors : 230 AccelSensor: x:-0.175680,y:0.006100,z:-9.974720
05-27 18:23:23.101   299  1163 D EvsDriver: doneWithFrame
05-27 18:23:23.102  1008 30856 D [OMXB]  : usingANWBuffer: handle:0xee743240, format:1, w:1920, h:1080
05-27 18:23:23.103   581   581 I SpiService: fgesysctrl_getGPIO_status success val=1
05-27 18:23:23.103   481   599 I mcuc    : start timer OK = 26050 
05-27 18:23:23.108 15863 16069 D AIN-HttpHealthPolicy: response: 405, cost=138
05-27 18:23:23.108   536   536 D commservice260303: msg.id = 1028,1
05-27 18:23:23.108   581   581 I SpiService: fgesysctrl_getGPIO_status success val=1
05-27 18:23:23.108   536   536 D commservice260303: i = 170, msgid = 8A000404
05-27 18:23:23.109   536   536 D commservice260303: msgid = -1979710460,did=138
05-27 18:23:23.109 15863 16068 D AIN-PingWorker: updateHost: result=true,host=weixin.qq.com,delay=138
05-27 18:23:23.109 15863 16068 D AIN-NetCheckerOutputer: onHealthy
05-27 18:23:23.109   536   536 D commservice260303: CommProtocolLibCmdBaseI2C::dataproc {"command":{"id":"imu_status","sub":""},"content":{"TimeStamp":9,"FrameCounter":215048,"GD_X":-0.011759000830352306,"GD_Y":0.005879240110516548,"GD_Z":0.0020608289632946253,"AD_X":-0.007995367050170898,"AD_Y":0.003922657109797001,"AD_Z":-0.16950416564941406,"TempDsp":0,"Status":0,"CalibState":1,"SigAmpInvalid":0}},-1979710460
05-27 18:23:23.109 15863 16068 D AIN-ServiceHub: getService with: name = service_tracker
05-27 18:23:23.110   536   536 D commservice260303: send2Cluster len:315, 7B22636F6D6D616E64223A7B226964223A22696D755F737461747573222C22737562223A22227D2C22636F6E74656E74223A7B2254696D655374616D70223A392C224672616D65436F756E746572223A3231353034382C2247445F58223A2D302E3031313735393030303833303335323330362C2247445F59223A302E3030353837393234303131303531363534382C2247445F5A223A302E303032303630383238393633323934363235332C2241445F58223A2D302E3030373939353336373035303137303839382C2241445F59223A302E3030333932323635373130393739373030312C2241445F5A223A2D302E31363935303431363536343934313430362C2254656D70447370223A302C22537461747573223A302C2243616C69625374617465223A312C22536967416D70496E76616C6964223A307D7D, 138 
05-27 18:23:23.110   536   536 D commservice260303: Push Message into SendPool fn=-679148800
05-27 18:23:23.110   536   536 D commservice260303: ComProtocolLibSend2Cluster::send2ClusterRaw fn=-679148800 , len=331
05-27 18:23:23.110   536   536 D commservice260303: sendCmdToPort :331!!!
05-27 18:23:23.110   536   536 D commservice260303: send Cmd To Port ++++5AA501478A01000385D76A16C61B7B22636F6D6D616E64223A7B226964223A22696D755F737461747573222C22737562223A22227D2C22636F6E74656E74223A7B2254696D655374616D70223A392C224672616D65436F756E746572223A3231353034382C2247445F58223A2D302E3031313735393030303833303335323330362C2247445F59223A302E3030353837393234303131303531363534382C2247445F5A223A302E303032303630383238393633323934363235332C2241445F58223A2D302E3030373939353336373035303137303839382C2241445F59223A302E3030333932323635373130393739373030312C2241445F5A223A2D302E31363935303431363536343934313430362C2254656D70447370223A302C22537461747573223A302C2243616C69625374617465223A312C22536967416D70496E76616C6964223A307D7DD377
05-27 18:23:23.111   536   536 D commservice260303: bufferevent_write retrun value = 0
05-27 18:23:23.111   536   560 D commservice260303: client datas send succeed,send finish
05-27 18:23:23.111 13911 14192 D Sentinelmode_1.2.5.17_sentry: <SentryImuClusterFgeSender>imu_status sent to Linux, frame=215048, tsNs=9270351, tsMs=9, intervalMs=41, ad=(-0.007995367,0.003922657,-0.16950417), gd=(-0.011759001,0.00587924,0.002060829)
05-27 18:23:23.114   581   581 I SpiService: fgesysctrl_getGPIO_status success val=1
05-27 18:23:23.119   581   581 I SpiService: fgesysctrl_getGPIO_status success val=1
05-27 18:23:23.120 13911 14183 I SentryImuMcuAngleSender: 179.97197rollDeg
05-27 18:23:23.120 13911 14183 I SentryImuMcuAngleSender: 1,0,0
05-27 18:23:23.121   299 30844 D EvsDriver: forwardFrame
05-27 18:23:23.123  1167  1167 D evsmanagerd: /dev/video6 forwarded the buffer #0 to 0xb4000074bf5f5510 from 0xb4000074bf5f6d90
05-27 18:23:23.123   299 30844 D EvsDriver: Delivered 0xb400007b7ca56900 as id 0
05-27 18:23:23.123 30773 30773 E dvr_service_: [myNum:1] Received S**** loss
05-27 18:23:23.124   299  1163 D EvsDriver: doneWithFrame
05-27 18:23:23.125   581   581 I SpiService: fgesysctrl_getGPIO_status success val=0
05-27 18:23:23.125   481   597 I mcuc    : send SPI:6AA602BABF00028900FA6AA60065C100050412010000BE6AA60165C200F8090155040109A101000000000000000000000000000000000000000000000000000000000000000000000000000000000000000000000000000000000000000000000000000000000000000000000000000000000000000000000000000000000000000000000000000000000000000000000000000000000000000000000000000000000000000000000000000000000000000000000000000000000000000000000000000000000000000000000000000000000000000000000000000000000000000000000000000000000000000000000000000000000000000000000000000000000000000000000000000000000000000000000000D1
05-27 18:23:23.130   299 30841 D EvsDriver: forwardFrame
05-27 18:23:23.132   299 30841 D EvsDriver: Delivered 0xb400007b7ca56a60 as id 0
05-27 18:23:23.132  1167  1167 D evsmanagerd: /dev/video4 forwarded the buffer #0 to 0xb4000074bf5f6850 from 0xb4000074bf5f41d0
05-27 18:23:23.133 30773 30773 E dvr_service_: [myNum:0] Received S**** loss
05-27 18:23:23.133   299  1163 D EvsDriver: doneWithFrame
05-27 18:23:23.139  1008 30856 D [OMXB]  : usingANWBuffer: handle:0xee7444d0, format:1, w:1920, h:1080
05-27 18:23:23.139   581   581 I SpiService: fgesysctrl_getGPIO_status success val=1
05-27 18:23:23.140 13911 14183 I SentryImuMcuAngleSender: 179.98598rollDeg
05-27 18:23:23.140 13911 14183 I SentryImuMcuAngleSender: 1,0,0
05-27 18:23:23.144   581   581 I SpiService: fgesysctrl_getGPIO_status success val=1
05-27 18:23:23.147 30773 30787 I dvr_service_: [runShortMediaThread:298] cameraId:0 medias:300,audios:220,stateAudio:0,mShortState:0,warnEvent:0,state:1
05-27 18:23:23.148   536   536 D commservice260303: msg.id = 1028,1
05-27 18:23:23.148   536   536 D commservice260303: i = 170, msgid = 8A000404
05-27 18:23:23.148   536   536 D commservice260303: msgid = -1979710460,did=138
05-27 18:23:23.148   536   536 D commservice260303: CommProtocolLibCmdBaseI2C::dataproc {"command":{"id":"imu_status","sub":""},"content":{"TimeStamp":9,"FrameCounter":215049,"GD_X":-0.012370175682008266,"GD_Y":0.005420989356935024,"GD_Z":0.0023671966046094894,"AD_X":-0.003105372190475464,"AD_Y":2.531493082642555E-4,"AD_Z":-0.16889381408691406,"TempDsp":0,"Status":0,"CalibState":1,"SigAmpInvalid":0}},-1979710460
05-27 18:23:23.148   536   536 D commservice260303: send2Cluster len:315, 7B22636F6D6D616E64223A7B226964223A22696D755F737461747573222C22737562223A22227D2C22636F6E74656E74223A7B2254696D655374616D70223A392C224672616D65436F756E746572223A3231353034392C2247445F58223A2D302E3031323337303137353638323030383236362C2247445F59223A302E3030353432303938393335363933353032342C2247445F5A223A302E303032333637313936363034363039343839342C2241445F58223A2D302E3030333130353337323139303437353436342C2241445F59223A322E353331343933303832363432353535452D342C2241445F5A223A2D302E31363838393338313430383639313430362C2254656D70447370223A302C22537461747573223A302C2243616C69625374617465223A312C22536967416D70496E76616C6964223A307D7D, 138 
05-27 18:23:23.149   536   536 D commservice260303: Push Message into SendPool fn=-662371584
05-27 18:23:23.149   536   536 D commservice260303: ComProtocolLibSend2Cluster::send2ClusterRaw fn=-662371584 , len=331
05-27 18:23:23.149   536   536 D commservice260303: sendCmdToPort :331!!!
05-27 18:23:23.149   536   536 D commservice260303: send Cmd To Port ++++5AA501478A01000385D86A16C61B7B22636F6D6D616E64223A7B226964223A22696D755F737461747573222C22737562223A22227D2C22636F6E74656E74223A7B2254696D655374616D70223A392C224672616D65436F756E746572223A3231353034392C2247445F58223A2D302E3031323337303137353638323030383236362C2247445F59223A302E3030353432303938393335363933353032342C2247445F5A223A302E303032333637313936363034363039343839342C2241445F58223A2D302E3030333130353337323139303437353436342C2241445F59223A322E353331343933303832363432353535452D342C2241445F5A223A2D302E31363838393338313430383639313430362C2254656D70447370223A302C22537461747573223A302C2243616C69625374617465223A312C22536967416D70496E76616C6964223A307D7DCCE1
05-27 18:23:23.149   536   536 D commservice260303: bufferevent_write retrun value = 0
05-27 18:23:23.149   536   560 D commservice260303: client datas send succeed,send finish
05-27 18:23:23.150 13911 14192 D Sentinelmode_1.2.5.17_sentry: <SentryImuClusterFgeSender>imu_status sent to Linux, frame=215049, tsNs=9270385, tsMs=9, intervalMs=38, ad=(-0.0031053722,2.531493E-4,-0.16889381), gd=(-0.012370176,0.0054209894,0.0023671966)
05-27 18:23:23.150   581   581 I SpiService: fgesysctrl_getGPIO_status success val=1
05-27 18:23:23.155   581   581 I SpiService: fgesysctrl_getGPIO_status success val=1
05-27 18:23:23.156  1008 30857 D [OMXB]  : usingANWBuffer: handle:0xee747180, format:1, w:1920, h:1080
05-27 18:23:23.157   283   307 I rvcservice: t.code = 3, t.value = 0
05-27 18:23:23.159   299 30844 D EvsDriver: forwardFrame
05-27 18:23:23.160   581   581 I SpiService: fgesysctrl_getGPIO_status success val=1
05-27 18:23:23.160   299 30844 D EvsDriver: Delivered 0xb400007b7ca56900 as id 0
05-27 18:23:23.161  1167  1167 D evsmanagerd: /dev/video6 forwarded the buffer #0 to 0xb4000074bf5f5510 from 0xb4000074bf5f6d90
05-27 18:23:23.161 13911 14183 I SentryImuMcuAngleSender: 180.0rollDeg
05-27 18:23:23.161 13911 14183 I SentryImuMcuAngleSender: 1,0,0
05-27 18:23:23.161 15863 15925 D VersionPrinter: com.aispeech.lyra.daemon- VersionName:[8.0.1_260520.0.yadi_HuoXing] - append:[] - active:[]
05-27 18:23:23.164   299  1163 D EvsDriver: doneWithFrame
05-27 18:23:23.166   581   581 I SpiService: fgesysctrl_getGPIO_status success val=0
05-27 08:14:32.131   581   581 D spidev_ioctl: gpio status=0)
05-27 18:23:23.169   299 30841 D EvsDriver: forwardFrame
05-27 18:23:23.172  1167  1167 D evsmanagerd: /dev/video4 forwarded the buffer #0 to 0xb4000074bf5f6850 from 0xb4000074bf5f41d0
05-27 18:23:23.172   299 30841 D EvsDriver: Delivered 0xb400007b7ca56a60 as id 0
05-27 18:23:23.175   299  1163 D EvsDriver: doneWithFrame
05-27 18:23:23.177   481   598 I mcuc    : rev,n=1,6AA68265C2000209014B
05-27 18:23:23.180 10188 11670 D NetworkAdapter: GetWcnChipTemp loopcnt=877
05-27 18:23:23.180 10046 10046 E OemNetd : getwcnChipThermal
05-27 18:23:23.181 10046 10046 E ExtDataController: getwcnChipThermal: wlan0
05-27 18:23:23.181 10046 10046 E ExtDataController: getwcnChipThermal: index[32]
05-27 18:23:23.181   581   581 I SpiService: fgesysctrl_getGPIO_status success val=1
05-27 18:23:23.181 10046 10046 E ExtDataController: nl_send ret 44
05-27 18:23:23.181 10046 10046 E ExtDataController: errHandler
05-27 18:23:23.181 10046 10046 E ExtDataController: errHandler: err[-95]
05-27 18:23:23.181 10046 10046 E ExtDataController: nl_recv ret -10
05-27 18:23:23.181 10046 10046 E ExtDataController: temperature: 0
05-27 18:23:23.181 13911 14183 I SentryImuMcuAngleSender: 180.0rollDeg
05-27 18:23:23.181 13911 14183 I SentryImuMcuAngleSender: 1,0,0
05-27 18:23:23.181 10188 11670 D NetworkAdapter: getwcnChipThermal: 0
05-27 18:23:23.184  1008 30856 D [OMXB]  : usingANWBuffer: handle:0xee740bc0, format:1, w:1920, h:1080
05-27 18:23:23.187   581   581 I SpiService: fgesysctrl_getGPIO_status success val=1
05-27 18:23:23.188   536   536 D commservice260303: msg.id = 1028,1
05-27 18:23:23.189   536   536 D commservice260303: i = 170, msgid = 8A000404
05-27 18:23:23.189   536   536 D commservice260303: msgid = -1979710460,did=138
05-27 18:23:23.189   536   536 D commservice260303: CommProtocolLibCmdBaseI2C::dataproc {"command":{"id":"imu_status","sub":""},"content":{"TimeStamp":9,"FrameCounter":215050,"GD_X":-0.012293193489313126,"GD_Y":0.0057257963344454765,"GD_Z":0.0021378109231591225,"AD_X":-6.759315729141235E-4,"AD_Y":-0.002172459615394473,"AD_Z":-0.16950416564941406,"TempDsp":0,"Status":0,"CalibState":1,"SigAmpInvalid":0}},-1979710460
05-27 18:23:23.189   536   536 D commservice260303: send2Cluster len:317, 7B22636F6D6D616E64223A7B226964223A22696D755F737461747573222C22737562223A22227D2C22636F6E74656E74223A7B2254696D655374616D70223A392C224672616D65436F756E746572223A3231353035302C2247445F58223A2D302E3031323239333139333438393331333132362C2247445F59223A302E303035373235373936333334343435343736352C2247445F5A223A302E303032313337383130393233313539313232352C2241445F58223A2D362E373539333135373239313431323335452D342C2241445F59223A2D302E3030323137323435393631353339343437332C2241445F5A223A2D302E31363935303431363536343934313430362C2254656D70447370223A302C22537461747573223A302C2243616C69625374617465223A312C22536967416D70496E76616C6964223A307D7D, 138 
05-27 18:23:23.190   572   622 I Sensors : 230 GyroSensor: x:-0.012293,y:0.005268,z:0.002290
05-27 18:23:23.190   536   536 D commservice260303: Push Message into SendPool fn=-645594368
05-27 18:23:23.190   536   536 D commservice260303: ComProtocolLibSend2Cluster::send2ClusterRaw fn=-645594368 , len=333
05-27 18:23:23.190   536   536 D commservice260303: sendCmdToPort :333!!!
05-27 18:23:23.190   536   536 D commservice260303: send Cmd To Port ++++5AA501498A01000385D96A16C61B7B22636F6D6D616E64223A7B226964223A22696D755F737461747573222C22737562223A22227D2C22636F6E74656E74223A7B2254696D655374616D70223A392C224672616D65436F756E746572223A3231353035302C2247445F58223A2D302E3031323239333139333438393331333132362C2247445F59223A302E303035373235373936333334343435343736352C2247445F5A223A302E303032313337383130393233313539313232352C2241445F58223A2D362E373539333135373239313431323335452D342C2241445F59223A2D302E3030323137323435393631353339343437332C2241445F5A223A2D302E31363935303431363536343934313430362C2254656D70447370223A302C22537461747573223A302C2243616C69625374617465223A312C22536967416D70496E76616C6964223A307D7DB004
05-27 18:23:23.190   536   536 D commservice260303: bufferevent_write retrun value = 0
05-27 18:23:23.190   536   560 D commservice260303: client datas send succeed,send finish
05-27 18:23:23.191 13911 14192 D Sentinelmode_1.2.5.17_sentry: <SentryImuClusterFgeSender>imu_status sent to Linux, frame=215050, tsNs=9270422, tsMs=9, intervalMs=41, ad=(-6.759316E-4,-0.0021724596,-0.16950417), gd=(-0.0122931935,0.0057257963,0.002137811)
05-27 18:23:23.192   581   581 I SpiService: fgesysctrl_getGPIO_status success val=1
05-27 08:14:32.157   581   581 D spi_rst_gpio_get_output: GPIO 145 value: 1
05-27 18:23:23.196  1008 30857 D [OMXB]  : usingANWBuffer: handle:0xee744630, format:1, w:1920, h:1080
05-27 18:23:23.198   581   581 I SpiService: fgesysctrl_getGPIO_status success val=1
05-27 08:14:32.162   581   581 D spidev_ioctl: gpio status=1)
05-27 18:23:23.201   536   536 W commservice260303: [FgeComService::getAQConnectStatus:378]
05-27 18:23:23.201   536   536 W commservice260303: [mcuCommFunctionTcp::getAQConnectStatus:406] 1
05-27 18:23:23.201   536   536 W commservice260303: [FgeComService::getAQConnectStatus:380] status:1
05-27 18:23:23.201 12246 12246 E ivicomm_CommManager: getA2lConnectStatus aqConnectStatus:1
05-27 18:23:23.201 12246 12246 D ivicomm_ConnectStateManager: notifyState newState=1curState=1
05-27 18:23:23.201 13911 14183 I SentryImuMcuAngleSender: 179.986rollDeg
05-27 18:23:23.201 13911 14183 I SentryImuMcuAngleSender: 1,0,0
05-27 18:23:23.202   299 30844 D EvsDriver: forwardFrame
05-27 18:23:23.203   299 30841 D EvsDriver: forwardFrame
05-27 18:23:23.204   581   581 I SpiService: fgesysctrl_getGPIO_status success val=0
05-27 18:23:23.206   299 30844 D EvsDriver: Delivered 0xb400007b7ca56900 as id 0
05-27 18:23:23.206   299 30841 D EvsDriver: Delivered 0xb400007b7ca56a60 as id 0
05-27 18:23:23.206  1167  1167 D evsmanagerd: /dev/video4 forwarded the buffer #0 to 0xb4000074bf5f6850 from 0xb4000074bf5f41d0
05-27 18:23:23.206  1167  1184 D evsmanagerd: /dev/video6 forwarded the buffer #0 to 0xb4000074bf5f5510 from 0xb4000074bf5f6d90
05-27 18:23:23.212   299  1163 D EvsDriver: doneWithFrame
05-27 18:23:23.213   299  1163 D EvsDriver: doneWithFrame
05-27 18:23:23.218  1008 30856 D [OMXB]  : usingANWBuffer: handle:0xee745fa0, format:1, w:1920, h:1080
05-27 18:23:23.219   581   581 I SpiService: fgesysctrl_getGPIO_status success val=1
05-27 18:23:23.219 30773 30789 I dvr_service_: Camera 0: MediaOK:73691164, frames:1680, isKeyFrame:0,pts:9270126309
05-27 18:23:23.222 13911 14183 I SentryImuMcuAngleSender: 179.97197rollDeg
05-27 18:23:23.222 13911 14183 I SentryImuMcuAngleSender: 1,0,0
05-27 18:23:23.224   581   581 I SpiService: fgesysctrl_getGPIO_status success val=1
05-27 18:23:23.226   299 30841 D EvsDriver: forwardFrame
05-27 18:23:23.228   536   536 D commservice260303: msg.id = 1028,1
05-27 18:23:23.228   536   536 D commservice260303: i = 170, msgid = 8A000404
05-27 18:23:23.228   536   536 D commservice260303: msgid = -1979710460,did=138
05-27 18:23:23.228   536   536 D commservice260303: CommProtocolLibCmdBaseI2C::dataproc {"command":{"id":"imu_status","sub":""},"content":{"TimeStamp":9,"FrameCounter":215051,"GD_X":-0.010994902811944485,"GD_Y":0.005039200186729431,"GD_Z":0.00259606190957129,"AD_X":0.0023314952850341797,"AD_Y":0.0014728046953678131,"AD_Z":-0.16949939727783203,"TempDsp":0,"Status":0,"CalibState":1,"SigAmpInvalid":0}},-1979710460
05-27 18:23:23.228   536   536 D commservice260303: send2Cluster len:314, 7B22636F6D6D616E64223A7B226964223A22696D755F737461747573222C22737562223A22227D2C22636F6E74656E74223A7B2254696D655374616D70223A392C224672616D65436F756E746572223A3231353035312C2247445F58223A2D302E3031303939343930323831313934343438352C2247445F59223A302E3030353033393230303138363732393433312C2247445F5A223A302E30303235393630363139303935373132392C2241445F58223A302E303032333331343935323835303334313739372C2241445F59223A302E303031343732383034363935333637383133312C2241445F5A223A2D302E31363934393933393732373738333230332C2254656D70447370223A302C22537461747573223A302C2243616C69625374617465223A312C22536967416D70496E76616C6964223A307D7D, 138 
05-27 18:23:23.228   536   536 D commservice260303: Push Message into SendPool fn=-628817152
05-27 18:23:23.228   299 30841 D EvsDriver: Delivered 0xb400007b7ca56a60 as id 0
05-27 18:23:23.228  1167  1167 D evsmanagerd: /dev/video4 forwarded the buffer #0 to 0xb4000074bf5f6850 from 0xb4000074bf5f41d0
05-27 18:23:23.228   536   536 D commservice260303: ComProtocolLibSend2Cluster::send2ClusterRaw fn=-628817152 , len=330
05-27 18:23:23.229   536   536 D commservice260303: sendCmdToPort :330!!!
05-27 18:23:23.229   536   536 D commservice260303: send Cmd To Port ++++5AA501468A01000385DA6A16C61B7B22636F6D6D616E64223A7B226964223A22696D755F737461747573222C22737562223A22227D2C22636F6E74656E74223A7B2254696D655374616D70223A392C224672616D65436F756E746572223A3231353035312C2247445F58223A2D302E3031303939343930323831313934343438352C2247445F59223A302E3030353033393230303138363732393433312C2247445F5A223A302E30303235393630363139303935373132392C2241445F58223A302E303032333331343935323835303334313739372C2241445F59223A302E303031343732383034363935333637383133312C2241445F5A223A2D302E31363934393933393732373738333230332C2254656D70447370223A302C22537461747573223A302C2243616C69625374617465223A312C22536967416D70496E76616C6964223A307D7D7279
05-27 18:23:23.230   536   560 D commservice260303: client datas send succeed,send finish
05-27 18:23:23.229   536   536 D commservice260303: bufferevent_write retrun value = 0
05-27 18:23:23.230   299 30844 D EvsDriver: forwardFrame
05-27 18:23:23.230   581   581 I SpiService: fgesysctrl_getGPIO_status success val=1
05-27 18:23:23.231 13911 14192 D Sentinelmode_1.2.5.17_sentry: <SentryImuClusterFgeSender>imu_status sent to Linux, frame=215051, tsNs=9270475, tsMs=9, intervalMs=40, ad=(0.0023314953,0.0014728047,-0.1694994), gd=(-0.010994903,0.0050392,0.002596062)
05-27 18:23:23.232   299 30844 D EvsDriver: Delivered 0xb400007b7ca56900 as id 0
05-27 18:23:23.232  1167  1167 D evsmanagerd: /dev/video6 forwarded the buffer #0 to 0xb4000074bf5f5510 from 0xb4000074bf5f6d90
05-27 18:23:23.233   299  1163 D EvsDriver: doneWithFrame
05-27 18:23:23.236   581   581 I SpiService: fgesysctrl_getGPIO_status success val=1
05-27 18:23:23.237   299  1163 D EvsDriver: doneWithFrame
05-27 18:23:23.242   581   581 I SpiService: fgesysctrl_getGPIO_status success val=1
05-27 18:23:23.242 30773 30785 I dvr_service_: [EncoderHandler::runMediaThread] runMediaThread started:1,state:1, cam2:started:1,state:1, lastSwitch:1, mIsMuxerStart:1,format:0,is_str_ing:0
05-27 18:23:23.242 13911 14183 I SentryImuMcuAngleSender: 179.97899rollDeg
05-27 18:23:23.242 13911 14183 I SentryImuMcuAngleSender: 1,0,0
05-27 18:23:23.247   581   581 I SpiService: fgesysctrl_getGPIO_status success val=0
05-27 18:23:23.249  1008 30857 D [OMXB]  : usingANWBuffer: handle:0xee740590, format:1, w:1920, h:1080
05-27 18:23:23.251 30773 30789 I dvr_service_: Camera 1: MediaOK:73629561, frames:1690, isKeyFrame:0,pts:9270096087
05-27 18:23:23.256   299 30844 D EvsDriver: forwardFrame
05-27 18:23:23.257   299 30841 D EvsDriver: forwardFrame
05-27 18:23:23.258   283   307 I rvcservice: t.code = 0, t.value = 0
05-27 18:23:23.261   299 30841 D EvsDriver: Delivered 0xb400007b7ca56a60 as id 0
05-27 18:23:23.261   299 30844 D EvsDriver: Delivered 0xb400007b7ca56900 as id 0
05-27 18:23:23.261  1167  1167 D evsmanagerd: /dev/video6 forwarded the buffer #0 to 0xb4000074bf5f5510 from 0xb4000074bf5f6d90
05-27 18:23:23.261  1167  1184 D evsmanagerd: /dev/video4 forwarded the buffer #0 to 0xb4000074bf5f6850 from 0xb4000074bf5f41d0
05-27 18:23:23.261   581   581 I SpiService: fgesysctrl_getGPIO_status success val=1
05-27 18:23:23.262 13911 14183 I SentryImuMcuAngleSender: 179.97899rollDeg
05-27 18:23:23.262 13911 14183 I SentryImuMcuAngleSender: 1,0,0
05-27 18:23:23.262   481   598 I mcuc    : rev,n=1,6AA681BAC0000A89006C010409111234564B
05-27 18:23:23.263  1121  1144 I tboxmids_ap: [2026-05-27 18:23:23.263] [MCU RX] src=MCU dst=ZMQ len=10 type=BINARY data=00 08 6C 01 04 09 11 12 34 56 
05-27 18:23:23.264   351   373 D automotive.vehicle@2.0-adayo-datacomm-mcu: MCUDatacomm sendMessageFromVehicle prop: 0x89, areaId: 0x0, status: 0x6c, timestamp: 0x1
05-27 18:23:23.264   351   373 D automotive.vehicle@2.0-adayo-datacomm-mcu: MCUDatacomm 1sendMessageFromVehicle ---> type = 12 
05-27 18:23:23.264  1083  1083 I MyAppLog: [2026-05-27 18:23:23.263 I tboxap mcuCommTboxmidsRecvCb:97] [Mcu] [mcuCommTboxmidsRecvCb] recv from tboxmids, size:10
05-27 18:23:23.264  1083  1083 I MyAppLog: [2026-05-27 18:23:23.263 I tboxap mcuCommTboxmidsRecvCb:98] [Mcu] [tboxmids -> tboxap]: :00 08 6C 01 04 09 11 12 34 56
05-27 18:23:23.264  1083  1083 W MyAppLog: [2026-05-27 18:23:23.264 W tboxap mcuYadiFrameParse:852] [Mcu] [mcuYadiFrameParse] cmd:0911(MCU_VHL_DYNAMIC_DATA_IND) payload too short:5 < 54
05-27 18:23:23.264  1083  1083 W MyAppLog: [2026-05-27 18:23:23.264 W tboxap mcuPtlParseData:982] [Mcu] [mcuPtlParseData] invalid yadi frame, len:10
05-27 18:23:23.264   299  1163 D EvsDriver: doneWithFrame
05-27 08:14:32.226   581   581 D spi_rst_gpio_get_output: GPIO 145 value: 1
05-27 18:23:23.265 13549 13801 I ADAYO_LOG_: call(KernelFunc.java:312)currentWatchKernelFilePath = /mnt/log_data/AndroidLog/kernel/default-1.txt
05-27 18:23:23.265   299  1153 D EvsDriver: doneWithFrame
05-27 18:23:23.265 13549 13801 I ADAYO_LOG_: call(KernelFunc.java:335)kernel fileSize:4902412,singleFileMaxSize:52428800
05-27 18:23:23.267   581   581 I SpiService: fgesysctrl_getGPIO_status success val=1
05-27 18:23:23.268  1008 30856 D [OMXB]  : usingANWBuffer: handle:0xee7467e0, format:1, w:1920, h:1080
05-27 18:23:23.269   536   536 D commservice260303: msg.id = 1028,1
05-27 18:23:23.269   536   536 D commservice260303: i = 170, msgid = 8A000404
05-27 18:23:23.269   536   536 D commservice260303: msgid = -1979710460,did=138
05-27 18:23:23.269   536   536 D commservice260303: CommProtocolLibCmdBaseI2C::dataproc {"command":{"id":"imu_status","sub":""},"content":{"TimeStamp":9,"FrameCounter":215052,"GD_X":-0.011147825978696346,"GD_Y":0.0051151420921087265,"GD_Z":0.0022902146447449923,"AD_X":-0.0025612562894821167,"AD_Y":0.0014655960258096457,"AD_Z":-0.17071914672851562,"TempDsp":0,"Status":0,"CalibState":1,"SigAmpInvalid":0}},-1979710460
05-27 18:23:23.269   536   536 D commservice260303: send2Cluster len:318, 7B22636F6D6D616E64223A7B226964223A22696D755F737461747573222C22737562223A22227D2C22636F6E74656E74223A7B2254696D655374616D70223A392C224672616D65436F756E746572223A3231353035322C2247445F58223A2D302E3031313134373832353937383639363334362C2247445F59223A302E303035313135313432303932313038373236352C2247445F5A223A302E303032323930323134363434373434393932332C2241445F58223A2D302E303032353631323536323839343832313136372C2241445F59223A302E303031343635353936303235383039363435372C2241445F5A223A2D302E31373037313931343637323835313536322C2254656D70447370223A302C22537461747573223A302C2243616C69625374617465223A312C22536967416D70496E76616C6964223A307D7D, 138 
05-27 18:23:23.269   536   536 D commservice260303: Push Message into SendPool fn=-612039936
05-27 18:23:23.269   536   536 D commservice260303: ComProtocolLibSend2Cluster::send2ClusterRaw fn=-612039936 , len=334
05-27 18:23:23.269   536   536 D commservice260303: sendCmdToPort :334!!!
05-27 18:23:23.270   536   536 D commservice260303: send Cmd To Port ++++5AA5014A8A01000385DB6A16C61B7B22636F6D6D616E64223A7B226964223A22696D755F737461747573222C22737562223A22227D2C22636F6E74656E74223A7B2254696D655374616D70223A392C224672616D65436F756E746572223A3231353035322C2247445F58223A2D302E3031313134373832353937383639363334362C2247445F59223A302E303035313135313432303932313038373236352C2247445F5A223A302E303032323930323134363434373434393932332C2241445F58223A2D302E303032353631323536323839343832313136372C2241445F59223A302E303031343635353936303235383039363435372C2241445F5A223A2D302E31373037313931343637323835313536322C2254656D70447370223A302C22537461747573223A302C2243616C69625374617465223A312C22536967416D70496E76616C6964223A307D7D82B7
05-27 18:23:23.270   536   536 D commservice260303: bufferevent_write retrun value = 0
05-27 18:23:23.270   536   560 D commservice260303: client datas send succeed,send finish
05-27 18:23:23.270 13911 14192 D Sentinelmode_1.2.5.17_sentry: <SentryImuClusterFgeSender>imu_status sent to Linux, frame=215052, tsNs=9270511, tsMs=9, intervalMs=40, ad=(-0.0025612563,0.001465596,-0.17071915), gd=(-0.011147826,0.005115142,0.0022902146)
05-27 18:23:23.273   581   581 I SpiService: fgesysctrl_getGPIO_status success val=1
05-27 18:23:23.278   581   581 I SpiService: fgesysctrl_getGPIO_status success val=1
05-27 18:23:23.282 13911 14183 I SentryImuMcuAngleSender: 179.98248rollDeg
05-27 18:23:23.282 13911 14183 I SentryImuMcuAngleSender: 1,0,0
05-27 18:23:23.284   581   581 I SpiService: fgesysctrl_getGPIO_status success val=0
05-27 18:23:23.284   481   597 I mcuc    : send SPI:6AA602BAC000028900F9
05-27 18:23:23.285  1008 30857 D [OMXB]  : usingANWBuffer: handle:0xee7439d0, format:1, w:1920, h:1080
05-27 18:23:23.296   572   572 I Sensors : 230 AccelSensor: x:-0.177510,y:0.002440,z:-9.974720
05-27 18:23:23.298   299 30841 D EvsDriver: forwardFrame
05-27 18:23:23.298   581   581 I SpiService: fgesysctrl_getGPIO_status success val=1
05-27 18:23:23.299  1083  1083 I MyAppLog: [2026-05-27 18:23:23.297 I tboxap mcuSendYadiTransfer:196] [Mcu] [mcuYadiSend]: :00 08 56 04 01 09 81 02 01 01
05-27 18:23:23.299   299 30844 D EvsDriver: forwardFrame
05-27 18:23:23.299   299 30841 D EvsDriver: Delivered 0xb400007b7ca56a60 as id 0
05-27 18:23:23.300  1167  1184 D evsmanagerd: /dev/video4 forwarded the buffer #0 to 0xb4000074bf5f6850 from 0xb4000074bf5f41d0
05-27 18:23:23.300 30773 30773 I dvr_service_: [myNum:0][onFrameReceived] Received Surface:1 0
05-27 18:23:23.300 30773 30773 E dvr_service_: [myNum:0] Received S**** loss
05-27 18:23:23.301   481   599 I mcuc    : start timer OK = 26051 
05-27 18:23:23.301   299  1153 D EvsDriver: doneWithFrame
05-27 18:23:23.301   299 30844 D EvsDriver: Delivered 0xb400007b7ca56900 as id 0
05-27 18:23:23.302  1167  1184 D evsmanagerd: /dev/video6 forwarded the buffer #0 to 0xb4000074bf5f5510 from 0xb4000074bf5f6d90
05-27 18:23:23.302 30773 30773 I dvr_service_: [myNum:1][onFrameReceived] Received Surface:1 0
05-27 18:23:23.302 30773 30773 E dvr_service_: [myNum:1] Received S**** loss
05-27 18:23:23.302 13911 14183 I SentryImuMcuAngleSender: 179.986rollDeg
05-27 18:23:23.302 13911 14183 I SentryImuMcuAngleSender: 1,0,0
05-27 18:23:23.302   299  1163 D EvsDriver: doneWithFrame
05-27 18:23:23.304   581   581 I SpiService: fgesysctrl_getGPIO_status success val=1
05-27 18:23:23.307  1008 30856 D [OMXB]  : usingANWBuffer: handle:0xee742270, format:1, w:1920, h:1080
05-27 18:23:23.308   536   536 D commservice260303: msg.id = 1028,0
05-27 18:23:23.308   536   536 D commservice260303: i = 170, msgid = 8A000404
05-27 18:23:23.308   536   536 D commservice260303: msgid = -1979710460,did=138
05-27 18:23:23.308   536   536 D commservice260303: CommProtocolLibCmdBaseI2C::dataproc {"command":{"id":"imu_status","sub":""},"content":{"TimeStamp":9,"FrameCounter":215053,"GD_X":-0.011987865902483463,"GD_Y":0.004963258747011423,"GD_Z":0.002443138277158141,"AD_X":-0.009844109416007996,"AD_Y":2.43024667724967E-4,"AD_Z":-0.16950416564941406,"TempDsp":0,"Status":0,"CalibState":1,"SigAmpInvalid":0}},-1979710460
05-27 18:23:23.308   536   536 D commservice260303: send2Cluster len:313, 7B22636F6D6D616E64223A7B226964223A22696D755F737461747573222C22737562223A22227D2C22636F6E74656E74223A7B2254696D655374616D70223A392C224672616D65436F756E746572223A3231353035332C2247445F58223A2D302E3031313938373836353930323438333436332C2247445F59223A302E3030343936333235383734373031313432332C2247445F5A223A302E3030323434333133383237373135383134312C2241445F58223A2D302E3030393834343130393431363030373939362C2241445F59223A322E3433303234363637373234393637452D342C2241445F5A223A2D302E31363935303431363536343934313430362C2254656D70447370223A302C22537461747573223A302C2243616C69625374617465223A312C22536967416D70496E76616C6964223A307D7D, 138 
05-27 18:23:23.308   536   536 D commservice260303: Push Message into SendPool fn=-595262720
05-27 18:23:23.308   536   536 D commservice260303: ComProtocolLibSend2Cluster::send2ClusterRaw fn=-595262720 , len=329
05-27 18:23:23.308   536   536 D commservice260303: sendCmdToPort :329!!!
05-27 18:23:23.308   536   536 D commservice260303: send Cmd To Port ++++5AA501458A01000385DC6A16C61B7B22636F6D6D616E64223A7B226964223A22696D755F737461747573222C22737562223A22227D2C22636F6E74656E74223A7B2254696D655374616D70223A392C224672616D65436F756E746572223A3231353035332C2247445F58223A2D302E3031313938373836353930323438333436332C2247445F59223A302E3030343936333235383734373031313432332C2247445F5A223A302E3030323434333133383237373135383134312C2241445F58223A2D302E3030393834343130393431363030373939362C2241445F59223A322E3433303234363637373234393637452D342C2241445F5A223A2D302E31363935303431363536343934313430362C2254656D70447370223A302C22537461747573223A302C2243616C69625374617465223A312C22536967416D70496E76616C6964223A307D7DBB56
05-27 18:23:23.308   536   536 D commservice260303: bufferevent_write retrun value = 0
05-27 18:23:23.308   536   560 D commservice260303: client datas send succeed,send finish
