05-27 18:23:25.299 13911 14183 I SentryImuMcuAngleSender: 179.986rollDeg
05-27 18:23:25.299 13911 14183 I SentryImuMcuAngleSender: 1,0,0
05-27 18:23:25.304  1008 30856 D [OMXB]  : usingANWBuffer: handle:0xee7421c0, format:1, w:1920, h:1080
05-27 18:23:25.304  5806  5832 D ANW_AVRCP_SECOND: write storage size=6600
05-27 18:23:25.304  5806  5832 D ANW_AVRCP_SECOND: 
05-27 18:23:25.304  5806  5832 D ANWAPI_SECOND: (5806|0x1D6A1CB0)[BTAPI] >>>>AnWBT_EEPROM_Read 
05-27 18:23:25.304  5806  5832 D ANWAPI_SECOND: (5806|0x1D6A1CB0)[BTAPI] B:Rpaired_storage[0]name[]addr[00:00:00:00:00:00]linkkey[00:00:00:00:00:00:00:00:00:00:00:00:00:00:00:00]
05-27 18:23:25.304  5806  5832 D ANWAPI_SECOND: (5806|0x1D6A1CB0)[BTAPI] B:Rpaired_storage[1]name[]addr[00:00:00:00:00:00]linkkey[00:00:00:00:00:00:00:00:00:00:00:00:00:00:00:00]
05-27 18:23:25.305  5806  5832 D ANWAPI_SECOND: (5806|0x1D6A1CB0)[BTAPI] B:Rpaired_storage[2]name[]addr[00:00:00:00:00:00]linkkey[00:00:00:00:00:00:00:00:00:00:00:00:00:00:00:00]
05-27 18:23:25.305  5806  5832 D ANWAPI_SECOND: (5806|0x1D6A1CB0)[BTAPI] B:Rpaired_storage[3]name[]addr[00:00:00:00:00:00]linkkey[00:00:00:00:00:00:00:00:00:00:00:00:00:00:00:00]
05-27 18:23:25.305  5806  5832 D ANWAPI_SECOND: (5806|0x1D6A1CB0)[BTAPI] B:Rpaired_storage[4]name[]addr[00:00:00:00:00:00]linkkey[00:00:00:00:00:00:00:00:00:00:00:00:00:00:00:00]
05-27 18:23:25.305  5806  5832 D ANWAPI_SECOND: (5806|0x1D6A1CB0)[BTAPI] B:Rpaired_storage[5]name[]addr[00:00:00:00:00:00]linkkey[00:00:00:00:00:00:00:00:00:00:00:00:00:00:00:00]
05-27 18:23:25.305  5806  5832 D ANWAPI_SECOND: (5806|0x1D6A1CB0)[BTAPI] B:Rpaired_storage[6]name[]addr[00:00:00:00:00:00]linkkey[00:00:00:00:00:00:00:00:00:00:00:00:00:00:00:00]
05-27 18:23:25.305   581   581 I SpiService: fgesysctrl_getGPIO_status success val=1
05-27 18:23:25.305  5806  5832 D ANWAPI_SECOND: (5806|0x1D6A1CB0)[BTAPI] B:Rpaired_storage[7]name[]addr[00:00:00:00:00:00]linkkey[00:00:00:00:00:00:00:00:00:00:00:00:00:00:00:00]
05-27 18:23:25.305  5806  5832 D ANWAPI_SECOND: (5806|0x1D6A1CB0)[BTAPI] B:Rpaired_storage[8]name[]addr[00:00:00:00:00:00]linkkey[00:00:00:00:00:00:00:00:00:00:00:00:00:00:00:00]
05-27 18:23:25.306  5806  5832 D ANWAPI_SECOND: (5806|0x1D6A1CB0)[BTAPI] B:Rpaired_storage[9]name[]addr[00:00:00:00:00:00]linkkey[00:00:00:00:00:00:00:00:00:00:00:00:00:00:00:00]
05-27 18:23:25.306  5806  5832 D ANWAPI_SECOND: (5806|0x1D6A1CB0)[BTAPI] B:Rpaired_storage[10]name[]addr[00:00:00:00:00:00]linkkey[00:00:00:00:00:00:00:00:00:00:00:00:00:00:00:00]
05-27 18:23:25.306  5806  5832 D ANW_AVRCP_SECOND: AnWBT_ReadStorage =/data/misc/anw//anwbt_storage.bin
05-27 18:23:25.306  5806  5832 D ANW_AVRCP_SECOND: AnWBT_ReadStorage open anwbt_bt_storage success
05-27 18:23:25.306  5806  5832 D ANW_AVRCP_SECOND: 
05-27 18:23:25.306  5806  5832 D ANW_AVRCP_SECOND: read storage size=6600
05-27 18:23:25.306  5806  5832 D ANW_AVRCP_SECOND: 
05-27 18:23:25.306  5806  5832 D ANWAPI_SECOND: (5806|0x1D6A1CB0)[BTAPI] A:Readpaired_storage[0]name[]cod[0]support[0]addr[00:00:00:00:00:00]linkkey[00:00:00:00:00:00:00:00:00:00:00:00:00:00:00:00]
05-27 18:23:25.306  5806  5832 D ANWAPI_SECOND: (5806|0x1D6A1CB0)[BTAPI] A:Readpaired_storage[1]name[]cod[0]support[0]addr[00:00:00:00:00:00]linkkey[00:00:00:00:00:00:00:00:00:00:00:00:00:00:00:00]
05-27 18:23:25.307  5806  5832 D ANWAPI_SECOND: (5806|0x1D6A1CB0)[BTAPI] A:Readpaired_storage[2]name[]cod[0]support[0]addr[00:00:00:00:00:00]linkkey[00:00:00:00:00:00:00:00:00:00:00:00:00:00:00:00]
05-27 18:23:25.307  5806  5832 D ANWAPI_SECOND: (5806|0x1D6A1CB0)[BTAPI] A:Readpaired_storage[3]name[]cod[0]support[0]addr[00:00:00:00:00:00]linkkey[00:00:00:00:00:00:00:00:00:00:00:00:00:00:00:00]
05-27 18:23:25.307  5806  5832 D ANWAPI_SECOND: (5806|0x1D6A1CB0)[BTAPI] A:Readpaired_storage[4]name[]cod[0]support[0]addr[00:00:00:00:00:00]linkkey[00:00:00:00:00:00:00:00:00:00:00:00:00:00:00:00]
05-27 18:23:25.307  5806  5832 D ANWAPI_SECOND: (5806|0x1D6A1CB0)[BTAPI] A:Readpaired_storage[5]name[]cod[0]support[0]addr[00:00:00:00:00:00]linkkey[00:00:00:00:00:00:00:00:00:00:00:00:00:00:00:00]
05-27 18:23:25.307  5806  5832 D ANWAPI_SECOND: (5806|0x1D6A1CB0)[BTAPI] A:Readpaired_storage[6]name[]cod[0]support[0]addr[00:00:00:00:00:00]linkkey[00:00:00:00:00:00:00:00:00:00:00:00:00:00:00:00]
05-27 18:23:25.307  5806  5832 D ANWAPI_SECOND: (5806|0x1D6A1CB0)[BTAPI] A:Readpaired_storage[7]name[]cod[0]support[0]addr[00:00:00:00:00:00]linkkey[00:00:00:00:00:00:00:00:00:00:00:00:00:00:00:00]
05-27 18:23:25.307  5806  5832 D ANWAPI_SECOND: (5806|0x1D6A1CB0)[BTAPI] A:Readpaired_storage[8]name[]cod[0]support[0]addr[00:00:00:00:00:00]linkkey[00:00:00:00:00:00:00:00:00:00:00:00:00:00:00:00]
05-27 18:23:25.307  5806  5832 D ANWAPI_SECOND: (5806|0x1D6A1CB0)[BTAPI] A:Readpaired_storage[9]name[]cod[0]support[0]addr[00:00:00:00:00:00]linkkey[00:00:00:00:00:00:00:00:00:00:00:00:00:00:00:00]
05-27 18:23:25.307  5806  5832 D ANWAPI_SECOND: (5806|0x1D6A1CB0)[BTAPI] A:Readpaired_storage[10]name[]cod[0]support[0]addr[00:00:00:00:00:00]linkkey[00:00:00:00:00:00:00:00:00:00:00:00:00:00:00:00]
05-27 18:23:25.307  5806  5832 D ANWAPI_SECOND: (5806|0x1D6A1CB0)[BTAPI] <<<<AnWBT_EEPROM_Read ret = 0
05-27 18:23:25.307  5806  5832 D ANWAPI_SECOND: (5806|0x1D6A1CB0)[BTAPI] >>>>AnWBT_EEPROM_Read 
05-27 18:23:25.308  5806  5832 D ANWAPI_SECOND: (5806|0x1D6A1CB0)[BTAPI] B:Rle_paired_storage[0]addr[00:00:00:00:00:00]linkkey[00:00:00:00:00:00:00:00:00:00:00:00:00:00:00:00]
05-27 18:23:25.308  5806  5832 D ANWAPI_SECOND: (5806|0x1D6A1CB0)[BTAPI] B:Rle_paired_storage[1]addr[00:00:00:00:00:00]linkkey[00:00:00:00:00:00:00:00:00:00:00:00:00:00:00:00]
05-27 18:23:25.308  5806  5832 D ANWAPI_SECOND: (5806|0x1D6A1CB0)[BTAPI] B:Rle_paired_storage[2]addr[00:00:00:00:00:00]linkkey[00:00:00:00:00:00:00:00:00:00:00:00:00:00:00:00]
05-27 18:23:25.308  5806  5832 D ANWAPI_SECOND: (5806|0x1D6A1CB0)[BTAPI] B:Rle_paired_storage[3]addr[00:00:00:00:00:00]linkkey[00:00:00:00:00:00:00:00:00:00:00:00:00:00:00:00]
05-27 18:23:25.308  5806  5832 D ANWAPI_SECOND: (5806|0x1D6A1CB0)[BTAPI] B:Rle_paired_storage[4]addr[00:00:00:00:00:00]linkkey[00:00:00:00:00:00:00:00:00:00:00:00:00:00:00:00]
05-27 18:23:25.308  5806  5832 D ANWAPI_SECOND: (5806|0x1D6A1CB0)[BTAPI] B:Rle_paired_storage[5]addr[00:00:00:00:00:00]linkkey[00:00:00:00:00:00:00:00:00:00:00:00:00:00:00:00]
05-27 18:23:25.308  5806  5832 D ANWAPI_SECOND: (5806|0x1D6A1CB0)[BTAPI] B:Rle_paired_storage[6]addr[00:00:00:00:00:00]linkkey[00:00:00:00:00:00:00:00:00:00:00:00:00:00:00:00]
05-27 18:23:25.308  5806  5832 D ANW_AVRCP_SECOND: AnWBT_ReadStorage =/data/misc/anw//anwble_storage.bin
05-27 18:23:25.309  5806  5832 D ANW_AVRCP_SECOND: AnWBT_ReadStorage open anwbt_bt_storage success
05-27 18:23:25.309  5806  5832 D ANW_AVRCP_SECOND: 
05-27 18:23:25.309  5806  5832 D ANW_AVRCP_SECOND: read storage size=1336
05-27 18:23:25.309  5806  5832 D ANW_AVRCP_SECOND: 
05-27 18:23:25.309  5806  5832 D ANWAPI_SECOND: (5806|0x1D6A1CB0)[BTAPI] A:Rle_paired_storage[0]addr[00:00:00:00:00:00]linkkey[00:00:00:00:00:00:00:00:00:00:00:00:00:00:00:00]
05-27 18:23:25.309  5806  5832 D ANWAPI_SECOND: (5806|0x1D6A1CB0)[BTAPI] A:Rle_paired_storage[1]addr[00:00:00:00:00:00]linkkey[00:00:00:00:00:00:00:00:00:00:00:00:00:00:00:00]
05-27 18:23:25.309  5806  5832 D ANWAPI_SECOND: (5806|0x1D6A1CB0)[BTAPI] A:Rle_paired_storage[2]addr[00:00:00:00:00:00]linkkey[00:00:00:00:00:00:00:00:00:00:00:00:00:00:00:00]
05-27 18:23:25.309  5806  5832 D ANWAPI_SECOND: (5806|0x1D6A1CB0)[BTAPI] A:Rle_paired_storage[3]addr[00:00:00:00:00:00]linkkey[00:00:00:00:00:00:00:00:00:00:00:00:00:00:00:00]
05-27 18:23:25.309  5806  5832 D ANWAPI_SECOND: (5806|0x1D6A1CB0)[BTAPI] A:Rle_paired_storage[4]addr[00:00:00:00:00:00]linkkey[00:00:00:00:00:00:00:00:00:00:00:00:00:00:00:00]
05-27 18:23:25.309  5806  5832 D ANWAPI_SECOND: (5806|0x1D6A1CB0)[BTAPI] A:Rle_paired_storage[5]addr[00:00:00:00:00:00]linkkey[00:00:00:00:00:00:00:00:00:00:00:00:00:00:00:00]
05-27 18:23:25.309  5806  5832 D ANWAPI_SECOND: (5806|0x1D6A1CB0)[BTAPI] A:Rle_paired_storage[6]addr[00:00:00:00:00:00]linkkey[00:00:00:00:00:00:00:00:00:00:00:00:00:00:00:00]
05-27 18:23:25.309  5806  5832 D ANWAPI_SECOND: (5806|0x1D6A1CB0)[BTAPI] <<<<AnWBT_EEPROM_Read ret = 0
05-27 18:23:25.309  5806  5832 D ANWAPI_SECOND: (5806|0x1D6A1CB0)[BTAPI] btsdk_initial_param.flag=0x4000
05-27 18:23:25.310  5806  5832 D ANWAPI_SECOND: (5806|0x1D6A1CB0)[BTAPI] [Paired DevInf] Storage Write
05-27 18:23:25.310  5806  5832 D ANW_AVRCP_SECOND: AnWBT_WriteStorage =/data/misc/anw//anwbt_storage.bin
05-27 18:23:25.310  5806  5832 D ANW_AVRCP_SECOND: AnWBT_WriteStorage open anwbt_bt_storage success
05-27 18:23:25.310  5806  5832 D ANW_AVRCP_SECOND: 
05-27 18:23:25.311   581   581 I SpiService: fgesysctrl_getGPIO_status success val=1
05-27 08:14:34.276   581   581 D spidev_ioctl: gpio status=1)
05-27 18:23:25.315  5806  5832 D ANW_AVRCP_SECOND: write storage size=6600
05-27 18:23:25.315  5806  5832 D ANW_AVRCP_SECOND: 
05-27 18:23:25.315  5806  5832 D ANWAPI_SECOND: (5806|0x1D6A1CB0)[BTAPI] >>>>AnWBT_EEPROM_Read 
05-27 18:23:25.315  5806  5832 D ANWAPI_SECOND: (5806|0x1D6A1CB0)[BTAPI] B:Rpaired_storage[0]name[]addr[00:00:00:00:00:00]linkkey[00:00:00:00:00:00:00:00:00:00:00:00:00:00:00:00]
05-27 18:23:25.315  5806  5832 D ANWAPI_SECOND: (5806|0x1D6A1CB0)[BTAPI] B:Rpaired_storage[1]name[]addr[00:00:00:00:00:00]linkkey[00:00:00:00:00:00:00:00:00:00:00:00:00:00:00:00]
05-27 18:23:25.315  5806  5832 D ANWAPI_SECOND: (5806|0x1D6A1CB0)[BTAPI] B:Rpaired_storage[2]name[]addr[00:00:00:00:00:00]linkkey[00:00:00:00:00:00:00:00:00:00:00:00:00:00:00:00]
05-27 18:23:25.315  5806  5832 D ANWAPI_SECOND: (5806|0x1D6A1CB0)[BTAPI] B:Rpaired_storage[3]name[]addr[00:00:00:00:00:00]linkkey[00:00:00:00:00:00:00:00:00:00:00:00:00:00:00:00]
05-27 18:23:25.315  5806  5832 D ANWAPI_SECOND: (5806|0x1D6A1CB0)[BTAPI] B:Rpaired_storage[4]name[]addr[00:00:00:00:00:00]linkkey[00:00:00:00:00:00:00:00:00:00:00:00:00:00:00:00]
05-27 18:23:25.315  5806  5832 D ANWAPI_SECOND: (5806|0x1D6A1CB0)[BTAPI] B:Rpaired_storage[5]name[]addr[00:00:00:00:00:00]linkkey[00:00:00:00:00:00:00:00:00:00:00:00:00:00:00:00]
05-27 18:23:25.315  5806  5832 D ANWAPI_SECOND: (5806|0x1D6A1CB0)[BTAPI] B:Rpaired_storage[6]name[]addr[00:00:00:00:00:00]linkkey[00:00:00:00:00:00:00:00:00:00:00:00:00:00:00:00]
05-27 18:23:25.315  5806  5832 D ANWAPI_SECOND: (5806|0x1D6A1CB0)[BTAPI] B:Rpaired_storage[7]name[]addr[00:00:00:00:00:00]linkkey[00:00:00:00:00:00:00:00:00:00:00:00:00:00:00:00]
05-27 18:23:25.315  5806  5832 D ANWAPI_SECOND: (5806|0x1D6A1CB0)[BTAPI] B:Rpaired_storage[8]name[]addr[00:00:00:00:00:00]linkkey[00:00:00:00:00:00:00:00:00:00:00:00:00:00:00:00]
05-27 18:23:25.315  5806  5832 D ANWAPI_SECOND: (5806|0x1D6A1CB0)[BTAPI] B:Rpaired_storage[9]name[]addr[00:00:00:00:00:00]linkkey[00:00:00:00:00:00:00:00:00:00:00:00:00:00:00:00]
05-27 18:23:25.315  5806  5832 D ANWAPI_SECOND: (5806|0x1D6A1CB0)[BTAPI] B:Rpaired_storage[10]name[]addr[00:00:00:00:00:00]linkkey[00:00:00:00:00:00:00:00:00:00:00:00:00:00:00:00]
05-27 18:23:25.316  5806  5832 D ANW_AVRCP_SECOND: AnWBT_ReadStorage =/data/misc/anw//anwbt_storage.bin
05-27 18:23:25.316  5806  5832 D ANW_AVRCP_SECOND: AnWBT_ReadStorage open anwbt_bt_storage success
05-27 18:23:25.316  5806  5832 D ANW_AVRCP_SECOND: 
05-27 18:23:25.316  5806  5832 D ANW_AVRCP_SECOND: read storage size=6600
05-27 18:23:25.316  5806  5832 D ANW_AVRCP_SECOND: 
05-27 18:23:25.316  5806  5832 D ANWAPI_SECOND: (5806|0x1D6A1CB0)[BTAPI] A:Readpaired_storage[0]name[]cod[0]support[0]addr[00:00:00:00:00:00]linkkey[00:00:00:00:00:00:00:00:00:00:00:00:00:00:00:00]
05-27 18:23:25.316   581   581 I SpiService: fgesysctrl_getGPIO_status success val=1
05-27 18:23:25.316  5806  5832 D ANWAPI_SECOND: (5806|0x1D6A1CB0)[BTAPI] A:Readpaired_storage[1]name[]cod[0]support[0]addr[00:00:00:00:00:00]linkkey[00:00:00:00:00:00:00:00:00:00:00:00:00:00:00:00]
05-27 18:23:25.317  5806  5832 D ANWAPI_SECOND: (5806|0x1D6A1CB0)[BTAPI] A:Readpaired_storage[2]name[]cod[0]support[0]addr[00:00:00:00:00:00]linkkey[00:00:00:00:00:00:00:00:00:00:00:00:00:00:00:00]
05-27 18:23:25.317  5806  5832 D ANWAPI_SECOND: (5806|0x1D6A1CB0)[BTAPI] A:Readpaired_storage[3]name[]cod[0]support[0]addr[00:00:00:00:00:00]linkkey[00:00:00:00:00:00:00:00:00:00:00:00:00:00:00:00]
05-27 18:23:25.317  5806  5832 D ANWAPI_SECOND: (5806|0x1D6A1CB0)[BTAPI] A:Readpaired_storage[4]name[]cod[0]support[0]addr[00:00:00:00:00:00]linkkey[00:00:00:00:00:00:00:00:00:00:00:00:00:00:00:00]
05-27 18:23:25.317  5806  5832 D ANWAPI_SECOND: (5806|0x1D6A1CB0)[BTAPI] A:Readpaired_storage[5]name[]cod[0]support[0]addr[00:00:00:00:00:00]linkkey[00:00:00:00:00:00:00:00:00:00:00:00:00:00:00:00]
05-27 18:23:25.317  5806  5832 D ANWAPI_SECOND: (5806|0x1D6A1CB0)[BTAPI] A:Readpaired_storage[6]name[]cod[0]support[0]addr[00:00:00:00:00:00]linkkey[00:00:00:00:00:00:00:00:00:00:00:00:00:00:00:00]
05-27 18:23:25.317  5806  5832 D ANWAPI_SECOND: (5806|0x1D6A1CB0)[BTAPI] A:Readpaired_storage[7]name[]cod[0]support[0]addr[00:00:00:00:00:00]linkkey[00:00:00:00:00:00:00:00:00:00:00:00:00:00:00:00]
05-27 18:23:25.317  5806  5832 D ANWAPI_SECOND: (5806|0x1D6A1CB0)[BTAPI] A:Readpaired_storage[8]name[]cod[0]support[0]addr[00:00:00:00:00:00]linkkey[00:00:00:00:00:00:00:00:00:00:00:00:00:00:00:00]
05-27 18:23:25.317  5806  5832 D ANWAPI_SECOND: (5806|0x1D6A1CB0)[BTAPI] A:Readpaired_storage[9]name[]cod[0]support[0]addr[00:00:00:00:00:00]linkkey[00:00:00:00:00:00:00:00:00:00:00:00:00:00:00:00]
05-27 18:23:25.317  5806  5832 D ANWAPI_SECOND: (5806|0x1D6A1CB0)[BTAPI] A:Readpaired_storage[10]name[]cod[0]support[0]addr[00:00:00:00:00:00]linkkey[00:00:00:00:00:00:00:00:00:00:00:00:00:00:00:00]
05-27 18:23:25.317  5806  5832 D ANWAPI_SECOND: (5806|0x1D6A1CB0)[BTAPI] <<<<AnWBT_EEPROM_Read ret = 0
05-27 18:23:25.317  5806  5832 D ANWAPI_SECOND: (5806|0x1D6A1CB0)[BTAPI] build time = 11:28:38 sdk ver=0x 300002A
05-27 18:23:25.317  5806  5832 D ANWAPI_SECOND: (5806|0x1D6A1CB0)[BTAPI] creating init task
05-27 18:23:25.318  5806  5834 D ANWAPI_SECOND: (5806|0x1B4A5CB0)[BTAPI] Enter BTInit_Task stacd=1,457858224
05-27 18:23:25.318  5806  5834 D ANWAPI_SECOND: (5806|0x1B4A5CB0)[BTAPI] pthread_attr_init
05-27 18:23:25.318  5806  5834 D ANWAPI_SECOND: (5806|0x1B4A5CB0)[BTAPI] BTHost_Init: min priority 1, max priority 99
05-27 18:23:25.318  5806  5834 D ANWAPI_SECOND: (5806|0x1B4A5CB0)[BTAPI] Enter BTHost_Init
05-27 18:23:25.318  5806  5834 D ANWAPI_SECOND: (5806|0x1B4A5CB0)[BTAPI] BTHost_InitMessage
05-27 18:23:25.318  5806  5834 D ANWAPI_SECOND: (5806|0x1B4A5CB0)[BTAPI] btosal_msg_ff_initial
05-27 18:23:25.319  5806  5834 D ANW_WAVEOUT_SECOND: (5806|0x1B4A5CB0)[WAVEOUT] [AnWBT WAVE] A2dp_WaveOut_Init
05-27 18:23:25.319  5806  5834 D ANW_WAVEOUT_SECOND: 
05-27 18:23:25.319  5806  5834 D ANWAPI_SECOND: (5806|0x1B4A5CB0)[BTAPI] Check BTHost_Task status
05-27 18:23:25.319  1008 30857 D [OMXB]  : usingANWBuffer: handle:0xee7469f0, format:1, w:1920, h:1080
05-27 18:23:25.319 13911 14183 I SentryImuMcuAngleSender: -179.99298rollDeg
05-27 18:23:25.319 13911 14183 I SentryImuMcuAngleSender: 1,0,0
05-27 18:23:25.319  5806  5836 D ANWAPI_SECOND: (5806|0x1A2A9CB0)[BTAPI] Enter BTHost_Task
05-27 18:23:25.320 30773 30789 I dvr_service_: Camera 1: MediaOK:75855183, frames:1740, isKeyFrame:0,pts:9272321709
05-27 18:23:25.321  5806  5836 D ANWAPI_SECOND: (5806|0x1A2A9CB0)[BTAPI] BTHost_Task setpriority(0)(-15)
05-27 18:23:25.323   581   581 I SpiService: fgesysctrl_getGPIO_status success val=1
05-27 08:14:34.287   581   581 D spidev_ioctl: gpio status=1)
05-27 18:23:25.328   581   581 I SpiService: fgesysctrl_getGPIO_status success val=1
05-27 18:23:25.330   299 30844 D EvsDriver: forwardFrame
05-27 18:23:25.330   299 30841 D EvsDriver: forwardFrame
05-27 18:23:25.333   299 30844 D EvsDriver: Delivered 0xb400007b7ca56900 as id 0
05-27 18:23:25.333  1167  1167 D evsmanagerd: /dev/video6 forwarded the buffer #0 to 0xb4000074bf5f5510 from 0xb4000074bf5f6d90
05-27 18:23:25.334  1167  1167 D evsmanagerd: /dev/video4 forwarded the buffer #0 to 0xb4000074bf5f6850 from 0xb4000074bf5f41d0
05-27 18:23:25.334   581   581 I SpiService: fgesysctrl_getGPIO_status success val=0
05-27 18:23:25.334   536   536 D commservice260303: msg.id = 1028,0
05-27 18:23:25.334   536   536 D commservice260303: i = 170, msgid = 8A000404
05-27 18:23:25.334   536   536 D commservice260303: msgid = -1979710460,did=138
05-27 18:23:25.334   536   536 D commservice260303: CommProtocolLibCmdBaseI2C::dataproc {"command":{"id":"imu_status","sub":""},"content":{"TimeStamp":9,"FrameCounter":215103,"GD_X":-0.011223767884075642,"GD_Y":0.0051151420921087265,"GD_Z":0.0021378109231591225,"AD_X":-6.810575723648071E-4,"AD_Y":-0.004396481439471245,"AD_Z":-0.16705989837646484,"TempDsp":0,"Status":0,"CalibState":1,"SigAmpInvalid":0}},-1979710460
05-27 18:23:25.334   536   536 D commservice260303: send2Cluster len:317, 7B22636F6D6D616E64223A7B226964223A22696D755F737461747573222C22737562223A22227D2C22636F6E74656E74223A7B2254696D655374616D70223A392C224672616D65436F756E746572223A3231353130332C2247445F58223A2D302E3031313232333736373838343037353634322C2247445F59223A302E303035313135313432303932313038373236352C2247445F5A223A302E303032313337383130393233313539313232352C2241445F58223A2D362E383130353735373233363438303731452D342C2241445F59223A2D302E3030343339363438313433393437313234352C2241445F5A223A2D302E31363730353938393833373634363438342C2254656D70447370223A302C22537461747573223A302C2243616C69625374617465223A312C22536967416D70496E76616C6964223A307D7D, 138 
05-27 18:23:25.334   536   536 D commservice260303: Push Message into SendPool fn=260440832
05-27 18:23:25.334   536   536 D commservice260303: ComProtocolLibSend2Cluster::send2ClusterRaw fn=260440832 , len=333
05-27 18:23:25.334   536   536 D commservice260303: sendCmdToPort :333!!!
05-27 18:23:25.335   536   536 D commservice260303: send Cmd To Port ++++5AA501498A010003860F6A16C61D7B22636F6D6D616E64223A7B226964223A22696D755F737461747573222C22737562223A22227D2C22636F6E74656E74223A7B2254696D655374616D70223A392C224672616D65436F756E746572223A3231353130332C2247445F58223A2D302E3031313232333736373838343037353634322C2247445F59223A302E303035313135313432303932313038373236352C2247445F5A223A302E303032313337383130393233313539313232352C2241445F58223A2D362E383130353735373233363438303731452D342C2241445F59223A2D302E3030343339363438313433393437313234352C2241445F5A223A2D302E31363730353938393833373634363438342C2254656D70447370223A302C22537461747573223A302C2243616C69625374617465223A312C22536967416D70496E76616C6964223A307D7D40DB
05-27 18:23:25.335   536   536 D commservice260303: bufferevent_write retrun value = 0
05-27 18:23:25.335   536   560 D commservice260303: client datas send succeed,send finish
05-27 18:23:25.335 13911 14192 D Sentinelmode_1.2.5.17_sentry: <SentryImuClusterFgeSender>imu_status sent to Linux, frame=215103, tsNs=9272579, tsMs=9, intervalMs=40, ad=(-6.810576E-4,-0.0043964814,-0.1670599), gd=(-0.011223768,0.005115142,0.002137811)
05-27 18:23:25.335   299 30841 D EvsDriver: Delivered 0xb400007b7ca56a60 as id 0
05-27 18:23:25.336   299  1163 D EvsDriver: doneWithFrame
05-27 18:23:25.337  1008 30856 D [OMXB]  : usingANWBuffer: handle:0xee740bc0, format:1, w:1920, h:1080
05-27 18:23:25.338   299  1163 D EvsDriver: doneWithFrame
05-27 18:23:25.340 13911 14183 I SentryImuMcuAngleSender: -179.98598rollDeg
05-27 18:23:25.340 13911 14183 I SentryImuMcuAngleSender: 1,0,0
05-27 18:23:25.341   536   536 I auditd  : type=1400 audit(0.0:48107): avc: denied { getattr } for comm="fgecomservice@1" path="socket:[34776]" dev="sockfs" ino=34776 scontext=u:r:hal_fgecomservice_default:s0 tcontext=u:r:hal_fgecomservice_default:s0 tclass=vsock_socket permissive=1
05-27 18:23:25.341   536   536 I fgecomservice@1: type=1400 audit(0.0:48107): avc: denied { getattr } for path="socket:[34776]" dev="sockfs" ino=34776 scontext=u:r:hal_fgecomservice_default:s0 tcontext=u:r:hal_fgecomservice_default:s0 tclass=vsock_socket permissive=1
05-27 18:23:25.341   536   536 I auditd  : type=1400 audit(0.0:48108): avc: denied { read } for comm="fgecomservice@1" path="socket:[34776]" dev="sockfs" ino=34776 scontext=u:r:hal_fgecomservice_default:s0 tcontext=u:r:hal_fgecomservice_default:s0 tclass=vsock_socket permissive=1
05-27 18:23:25.341   536   536 I fgecomservice@1: type=1400 audit(0.0:48108): avc: denied { read } for path="socket:[34776]" dev="sockfs" ino=34776 scontext=u:r:hal_fgecomservice_default:s0 tcontext=u:r:hal_fgecomservice_default:s0 tclass=vsock_socket permissive=1
05-27 18:23:25.346   536   560 D commservice260303: recv len:87, 5AA500530600000036466A16C61D7B22636F6D6D616E64223A7B226964223A2268656172745F42656174222C22737562223A22227D2C22636F6E74656E74223A7B2274797065223A322C2276616C7565223A307D7DEE34 from server
05-27 18:23:25.346   536  2578 D commservice260303: mcuDataAnalyzeHandle templen:87,len:87,pos:0, 5AA500530600000036466A16C61D7B22636F6D6D616E64223A7B226964223A2268656172745F42656174222C22737562223A22227D2C22636F6E74656E74223A7B2274797065223A322C2276616C7565223A307D7DEE34 
05-27 18:23:25.346   572   622 I Sensors : 230 GyroSensor: x:-0.011301,y:0.005192,z:0.002290
05-27 18:23:25.346   536  2578 I commservice260303: checksumCal = 60980
05-27 18:23:25.347   536  2578 D commservice260303: CommProtocolLibCmdBaseC2I::dataproc {"command":{"id":"heart_Beat","sub":""},"content":{"type":2,"value":0}},6
05-27 18:23:25.348   536  2578 D commservice260303: mcuCommMessageManager::notifyMsgToClient hwbinder OK
05-27 18:23:25.348   536  2578 D commservice260303: McuProtocolLibSend2Service::send2Service ret=1
05-27 18:23:25.348 12246 12440 D ivicomm_CommManager: fgeComServiceCallback: {"command":{"id":"heart_Beat","sub":""},"content":{"type":2,"value":0}}
05-27 18:23:25.349   581   581 I SpiService: fgesysctrl_getGPIO_status success val=1
05-27 18:23:25.349 12246 12440 D ivicomm_ConnectStateManager: registerCallback HEART_BEAT: {"type":2,"value":0}
05-27 18:23:25.349 12246 12440 D ivicomm_ConnectStateManager: notifyState newState=0curState=0
05-27 08:14:34.313   581   581 D spidev_ioctl: gpio status=1)
05-27 18:23:25.354   581   581 I SpiService: fgesysctrl_getGPIO_status success val=1
05-27 18:23:25.357   299 30844 D EvsDriver: forwardFrame
05-27 18:23:25.357   299 30841 D EvsDriver: forwardFrame
05-27 18:23:25.358   299 30844 D EvsDriver: Delivered 0xb400007b7ca56900 as id 0
05-27 18:23:25.358   299 30841 D EvsDriver: Delivered 0xb400007b7ca56a60 as id 0
05-27 18:23:25.358  1167  1167 D evsmanagerd: /dev/video6 forwarded the buffer #0 to 0xb4000074bf5f5510 from 0xb4000074bf5f6d90
05-27 18:23:25.358  1167  1184 D evsmanagerd: /dev/video4 forwarded the buffer #0 to 0xb4000074bf5f6850 from 0xb4000074bf5f41d0
05-27 18:23:25.360   581   581 I SpiService: fgesysctrl_getGPIO_status success val=1
05-27 18:23:25.360   299  1163 D EvsDriver: doneWithFrame
05-27 18:23:25.360 13911 14183 I SentryImuMcuAngleSender: -179.993rollDeg
05-27 18:23:25.360   299  1153 D EvsDriver: doneWithFrame
05-27 18:23:25.361 13911 14183 I SentryImuMcuAngleSender: 1,0,0
05-27 18:23:25.362   283   307 I rvcservice: t.code = 1, t.value = -170800
05-27 18:23:25.365   581   581 I SpiService: fgesysctrl_getGPIO_status success val=1
05-27 18:23:25.368  1008 30857 D [OMXB]  : usingANWBuffer: handle:0xee740430, format:1, w:1920, h:1080
05-27 18:23:25.371   581   581 I SpiService: fgesysctrl_getGPIO_status success val=0
05-27 18:23:25.374   536   536 D commservice260303: msg.id = 1028,0
05-27 18:23:25.374   536   536 D commservice260303: i = 170, msgid = 8A000404
05-27 18:23:25.374   536   536 D commservice260303: msgid = -1979710460,did=138
05-27 18:23:25.374   536   536 D commservice260303: CommProtocolLibCmdBaseI2C::dataproc {"command":{"id":"imu_status","sub":""},"content":{"TimeStamp":9,"FrameCounter":215104,"GD_X":-0.011377211660146713,"GD_Y":0.004963258747011423,"GD_Z":0.0022902146447449923,"AD_X":-0.00554753839969635,"AD_Y":-1.1638808064162731E-4,"AD_Z":-0.16889381408691406,"TempDsp":0,"Status":0,"CalibState":1,"SigAmpInvalid":0}},-1979710460
05-27 18:23:25.374   536   536 D commservice260303: send2Cluster len:316, 7B22636F6D6D616E64223A7B226964223A22696D755F737461747573222C22737562223A22227D2C22636F6E74656E74223A7B2254696D655374616D70223A392C224672616D65436F756E746572223A3231353130342C2247445F58223A2D302E3031313337373231313636303134363731332C2247445F59223A302E3030343936333235383734373031313432332C2247445F5A223A302E303032323930323134363434373434393932332C2241445F58223A2D302E30303535343735333833393936393633352C2241445F59223A2D312E31363338383038303634313632373331452D342C2241445F5A223A2D302E31363838393338313430383639313430362C2254656D70447370223A302C22537461747573223A302C2243616C69625374617465223A312C22536967416D70496E76616C6964223A307D7D, 138 
05-27 18:23:25.374   536   536 D commservice260303: Push Message into SendPool fn=277218048
05-27 18:23:25.374   536   536 D commservice260303: ComProtocolLibSend2Cluster::send2ClusterRaw fn=277218048 , len=332
05-27 18:23:25.374   536   536 D commservice260303: sendCmdToPort :332!!!
05-27 18:23:25.374   536   536 D commservice260303: send Cmd To Port ++++5AA501488A01000386106A16C61D7B22636F6D6D616E64223A7B226964223A22696D755F737461747573222C22737562223A22227D2C22636F6E74656E74223A7B2254696D655374616D70223A392C224672616D65436F756E746572223A3231353130342C2247445F58223A2D302E3031313337373231313636303134363731332C2247445F59223A302E3030343936333235383734373031313432332C2247445F5A223A302E303032323930323134363434373434393932332C2241445F58223A2D302E30303535343735333833393936393633352C2241445F59223A2D312E31363338383038303634313632373331452D342C2241445F5A223A2D302E31363838393338313430383639313430362C2254656D70447370223A302C22537461747573223A302C2243616C69625374617465223A312C22536967416D70496E76616C6964223A307D7D55B0
05-27 18:23:25.374   536   536 D commservice260303: bufferevent_write retrun value = 0
05-27 18:23:25.374   536   560 D commservice260303: client datas send succeed,send finish
05-27 18:23:25.374 13911 14192 D Sentinelmode_1.2.5.17_sentry: <SentryImuClusterFgeSender>imu_status sent to Linux, frame=215104, tsNs=9272615, tsMs=9, intervalMs=39, ad=(-0.0055475384,-1.1638808E-4,-0.16889381), gd=(-0.011377212,0.0049632587,0.0022902146)
05-27 18:23:25.377 13549 13549 I ADAYO_LOG_: handleMessage(UsbFunc.java:352)copyQnx = 0
05-27 18:23:25.377 13549 13549 I ADAYO_LOG_: handleMessage(UsbFunc.java:404)copyState = 2
05-27 18:23:25.380 13911 14183 I SentryImuMcuAngleSender: 179.98949rollDeg
05-27 18:23:25.380 13911 14183 I SentryImuMcuAngleSender: 1,0,0
05-27 18:23:25.381  1008 30856 D [OMXB]  : usingANWBuffer: handle:0xee744160, format:1, w:1920, h:1080
05-27 18:23:25.385   581   581 I SpiService: fgesysctrl_getGPIO_status success val=1
05-27 18:23:25.389   566 11459 I gps_hdbd: Received: '$GNGGA,003916.000,,,,,0,00,,,M,,M,,*6B
'
05-27 18:23:25.391   581   581 I SpiService: fgesysctrl_getGPIO_status success val=1
05-27 18:23:25.393   299 30841 D EvsDriver: forwardFrame
05-27 18:23:25.393   299 30844 D EvsDriver: forwardFrame
05-27 18:23:25.397   299 30841 D EvsDriver: Delivered 0xb400007b7ca56a60 as id 0
05-27 18:23:25.397   581   581 I SpiService: fgesysctrl_getGPIO_status success val=1
05-27 18:23:25.397  1167  1167 D evsmanagerd: /dev/video6 forwarded the buffer #0 to 0xb4000074bf5f5510 from 0xb4000074bf5f6d90
05-27 18:23:25.397  1167  1184 D evsmanagerd: /dev/video4 forwarded the buffer #0 to 0xb4000074bf5f6850 from 0xb4000074bf5f41d0
05-27 18:23:25.397   299 30844 D EvsDriver: Delivered 0xb400007b7ca56900 as id 0
05-27 18:23:25.397   566 11459 I gps_hdbd: Received: '$GNGSA,A,1,,,,,,,,,,,,,,,,1*1D
'
05-27 18:23:25.397 30773 30773 I auditd  : type=1400 audit(0.0:48109): avc: denied { use } for comm="CameraHelper" path="anon_inode:sync_file" dev="anon_inodefs" ino=14081 scontext=u:r:mediacodec:s0 tcontext=u:r:adayo_dvr_service:s0 tclass=fd permissive=1
05-27 18:23:25.397 30773 30773 I CameraHelper: type=1400 audit(0.0:48109): avc: denied { use } for path="anon_inode:sync_file" dev="anon_inodefs" ino=14081 scontext=u:r:mediacodec:s0 tcontext=u:r:adayo_dvr_service:s0 tclass=fd permissive=1
05-27 18:23:25.399   566 11459 I gps_hdbd: Received: '$GNGSA,A,1,,,,,,,,,,,,,,,,3*1F
'
05-27 18:23:25.400   299  1153 D EvsDriver: doneWithFrame
05-27 18:23:25.400   299  1163 D EvsDriver: doneWithFrame
05-27 18:23:25.401 13911 14183 I SentryImuMcuAngleSender: 179.97897rollDeg
05-27 18:23:25.401 13911 14183 I SentryImuMcuAngleSender: 1,0,0
05-27 18:23:25.401   566 11459 I gps_hdbd: Received: '$GNGSA,A,1,,,,,,,,,,,,,,,,4*18
'
05-27 18:23:25.402   581   581 I SpiService: fgesysctrl_getGPIO_status success val=1
05-27 18:23:25.403   566 11459 I gps_hdbd: Received: '$BDGSV,1,1,00,1*75
'
05-27 18:23:25.406   566 11459 I gps_hdbd: Received: '$BDGSV,1,1,00,5*71
'
05-27 18:23:25.407   566 11459 I gps_hdbd: Received: '$GPGSV,1,1,01,199,42,165,,1*60
'
05-27 18:23:25.408  1008 30857 D [OMXB]  : usingANWBuffer: handle:0xee741c40, format:1, w:1920, h:1080
05-27 18:23:25.408   581   581 I SpiService: fgesysctrl_getGPIO_status success val=1
05-27 18:23:25.412   566 11459 I gps_hdbd: Received: '$GPGSV,1,1,00,8*6D
'
05-27 18:23:25.413   566 11459 I gps_hdbd: Received: '$GAGSV,1,1,00,7*73
'
05-27 18:23:25.413   566 11459 I gps_hdbd: Received: '$GAGSV,1,1,00,1*75
'
05-27 18:23:25.413   581   581 I SpiService: fgesysctrl_getGPIO_status success val=0
05-27 18:23:25.413   536   536 D commservice260303: msg.id = 1028,0
05-27 18:23:25.414   536   536 D commservice260303: i = 170, msgid = 8A000404
05-27 18:23:25.414   536   536 D commservice260303: msgid = -1979710460,did=138
05-27 18:23:25.414   536   536 D commservice260303: CommProtocolLibCmdBaseI2C::dataproc {"command":{"id":"imu_status","sub":""},"content":{"TimeStamp":9,"FrameCounter":215105,"GD_X":-0.011453153565526009,"GD_Y":0.00519212381914258,"GD_Z":0.002213752595707774,"AD_X":-0.0031001269817352295,"AD_Y":0.0017023400869220495,"AD_Z":-0.16584396362304688,"TempDsp":0,"Status":0,"CalibState":1,"SigAmpInvalid":0}},-1979710460
05-27 18:23:25.414   536   536 D commservice260303: send2Cluster len:315, 7B22636F6D6D616E64223A7B226964223A22696D755F737461747573222C22737562223A22227D2C22636F6E74656E74223A7B2254696D655374616D70223A392C224672616D65436F756E746572223A3231353130352C2247445F58223A2D302E3031313435333135333536353532363030392C2247445F59223A302E30303531393231323338313931343235382C2247445F5A223A302E3030323231333735323539353730373737342C2241445F58223A2D302E303033313030313236393831373335323239352C2241445F59223A302E303031373032333430303836393232303439352C2241445F5A223A2D302E31363538343339363336323330343638382C2254656D70447370223A302C22537461747573223A302C2243616C69625374617465223A312C22536967416D70496E76616C6964223A307D7D, 138 
05-27 18:23:25.414   536   536 D commservice260303: Push Message into SendPool fn=293995264
05-27 18:23:25.414   536   536 D commservice260303: ComProtocolLibSend2Cluster::send2ClusterRaw fn=293995264 , len=331
05-27 18:23:25.414   536   536 D commservice260303: sendCmdToPort :331!!!
05-27 18:23:25.414   536   536 D commservice260303: send Cmd To Port ++++5AA501478A01000386116A16C61D7B22636F6D6D616E64223A7B226964223A22696D755F737461747573222C22737562223A22227D2C22636F6E74656E74223A7B2254696D655374616D70223A392C224672616D65436F756E746572223A3231353130352C2247445F58223A2D302E3031313435333135333536353532363030392C2247445F59223A302E30303531393231323338313931343235382C2247445F5A223A302E3030323231333735323539353730373737342C2241445F58223A2D302E303033313030313236393831373335323239352C2241445F59223A302E303031373032333430303836393232303439352C2241445F5A223A2D302E31363538343339363336323330343638382C2254656D70447370223A302C22537461747573223A302C2243616C69625374617465223A312C22536967416D70496E76616C6964223A307D7DA112
05-27 18:23:25.414   536   536 D commservice260303: bufferevent_write retrun value = 0
05-27 18:23:25.414   536   560 D commservice260303: client datas send succeed,send finish
05-27 18:23:25.414 13911 14192 D Sentinelmode_1.2.5.17_sentry: <SentryImuClusterFgeSender>imu_status sent to Linux, frame=215105, tsNs=9272655, tsMs=9, intervalMs=40, ad=(-0.003100127,0.0017023401,-0.16584396), gd=(-0.011453154,0.005192124,0.0022137526)
05-27 18:23:25.414 11344 11344 E SystemUI_NavBarFragment: SysUIConfig.icCarServiceConnected：false
05-27 18:23:25.416   536   560 D commservice260303: recv len:77, 5AA500490600000036476A16C61D7B22636F6D6D616E64223A7B226964223A226473695F6C7578222C22737562223A22227D2C22636F6E74656E74223A7B2276616C7565223A3230307D7DACAE from server
05-27 18:23:25.416   536  2578 D commservice260303: mcuDataAnalyzeHandle templen:77,len:77,pos:0, 5AA500490600000036476A16C61D7B22636F6D6D616E64223A7B226964223A226473695F6C7578222C22737562223A22227D2C22636F6E74656E74223A7B2276616C7565223A3230307D7DACAE 
05-27 18:23:25.416   536  2578 I commservice260303: checksumCal = 44206
05-27 18:23:25.416   536  2578 D commservice260303: CommProtocolLibCmdBaseC2I::dataproc {"command":{"id":"dsi_lux","sub":""},"content":{"value":200}},6
05-27 18:23:25.416   536  2578 D commservice260303: mcuCommMessageManager::notifyMsgToClient hwbinder OK
05-27 18:23:25.416   536  2578 D commservice260303: McuProtocolLibSend2Service::send2Service ret=1
05-27 18:23:25.417 12246 12440 D ivicomm_CommManager: fgeComServiceCallback: {"command":{"id":"dsi_lux","sub":""},"content":{"value":200}}
05-27 18:23:25.417 12246 12440 D ivicomm_CallbackManager: registerCallback DSI_LUX: {"value":200} mCommStateCallbackMap size:4
05-27 18:23:25.418 11579 11619 D NSLogUtils_VehicleService: L2A comm state: id=dsi_lux, value=200
05-27 18:23:25.419   566 11459 I gps_hdbd: Received: '$GNRMC,003916.000,V,,,,,,,270526,120.0,E,N,V*48
'
05-27 18:23:25.419 11344  6590 D SystemUI_SystemSettingsControllerService: onCommState: commandID = dsi_lux; value = 200
05-27 18:23:25.419  5806  5834 D ANWAPI_SECOND: (5806|0x1B4A5CB0)[BTAPI] set_bluetooth_power : open /sys/class/gpio/gpio142/value
05-27 18:23:25.419  5806  5834 D ANWAPI_SECOND: (5806|0x1B4A5CB0)[BTAPI] set_bluetooth_power : open(/sys/class/gpio/gpio142/value) for write failed,fd=-1
05-27 18:23:25.419  5806  5834 D ANWAPI_SECOND: (5806|0x1B4A5CB0)[BTAPI] open set_bluetooth_power : write(No such file or directory) failed,errno = 2
05-27 18:23:25.420   566 11459 I gps_hdbd: RMC : CALL gnss_sv_status_cb, view_in_sat <1>
05-27 18:23:25.420   566 11459 I gps_hdbd: [reportSvStatus]--->PLATFORM_BSP::Enter
05-27 18:23:25.420   566 11459 I gps_hdbd: hy abnormal deal:hy_cnr30_satellite_cnt=0
05-27 18:23:25.421   566 11459 D gps_hdbd: hy abnormal deal:hy_fixStatus_fail_count=0
05-27 18:23:25.421  1083  1083 W MyAppLog: [2026-05-27 18:23:25.420 W tboxap gpsSyncGpsInfoToDm:361] [Gps] [gpsSyncGpsInfoToDm] fix=0 mode=49 corner:0x01 alt=0.00 sat=0 hdop=0.00 pdop=0.00 vdop=0.00
05-27 18:23:25.421 13911 14183 I SentryImuMcuAngleSender: 179.97897rollDeg
05-27 18:23:25.421 13911 14183 I SentryImuMcuAngleSender: 1,0,0
05-27 18:23:25.421   566 11459 I gps_hdbd: Received: '$GNZDA,003916.000,27,05,2026,00,00*43
'
05-27 18:23:25.422  1008 30856 D [OMXB]  : usingANWBuffer: handle:0xee7407a0, format:1, w:1920, h:1080
05-27 18:23:25.423 30773 30789 I dvr_service_: Camera 0: MediaOK:75890503, frames:1730, isKeyFrame:0,pts:9272325648
05-27 18:23:25.426   299 30844 D EvsDriver: forwardFrame
05-27 18:23:25.427   299 30841 D EvsDriver: forwardFrame
05-27 18:23:25.428   581   581 I SpiService: fgesysctrl_getGPIO_status success val=1
05-27 18:23:25.428   299 30844 D EvsDriver: Delivered 0xb400007b7ca56900 as id 0
05-27 18:23:25.429  1167  1184 D evsmanagerd: /dev/video6 forwarded the buffer #0 to 0xb4000074bf5f5510 from 0xb4000074bf5f6d90
05-27 18:23:25.430   299 30841 D EvsDriver: Delivered 0xb400007b7ca56a60 as id 0
05-27 18:23:25.430  1167  1184 D evsmanagerd: /dev/video4 forwarded the buffer #0 to 0xb4000074bf5f6850 from 0xb4000074bf5f41d0
05-27 18:23:25.434   581   581 I SpiService: fgesysctrl_getGPIO_status success val=1
05-27 18:23:25.434   299  1153 D EvsDriver: doneWithFrame
05-27 18:23:25.435   299  1163 D EvsDriver: doneWithFrame
05-27 18:23:25.439 10188 11122 E WifiVendorHal: getWifiLinkLayerStats_1_6_Internal(l.1202) failed {.code = ERROR_UNKNOWN, .description = unknown error}
05-27 18:23:25.440   581   581 I SpiService: fgesysctrl_getGPIO_status success val=1
05-27 18:23:25.441 13911 14183 I SentryImuMcuAngleSender: 180.0rollDeg
05-27 18:23:25.441 13911 14183 I SentryImuMcuAngleSender: 1,0,0
05-27 08:14:34.405 10047 10047 W         : AICWFDBG(LOGTRACE)	rwnx_send_msg (118)MM_GET_STA_INFO_CFM reqcfm:1 in_irq:0 in_softirq:0 in_atomic:0
05-27 08:14:34.405 10047 10047 W         : AICWFDBG(LOGTRACE)	rwnx_cmd_malloc get cmd_array[0]:000000004c96fbbb
05-27 18:23:25.445   581   581 I SpiService: fgesysctrl_getGPIO_status success val=1
05-27 08:14:34.406   354   354 W         : AICWFDBG(LOGDEBUG)	rwnx_rx_handle_msg msg->id:0x76
05-27 08:14:34.406 10047 10047 W         : AICWFDBG(LOGDEBUG)	rwnx_fill_station_info ModTx(2):5 TxIndex:7 ModRx(0):0 RxHTIndex:0 RxVHTIndex:0 RxHEIndex:0 RSSI:-41
05-27 08:14:34.410   581   581 D spi_rst_gpio_get_output: GPIO 145 value: 1
05-27 08:14:34.410   581   581 D spidev_ioctl: gpio status=1)
05-27 18:23:25.446  1008 30857 D [OMXB]  : usingANWBuffer: handle:0xee7442c0, format:1, w:1920, h:1080
05-27 18:23:25.447   566 11459 I gps_hdbd: Received: '$GNINS,1,1,TYPE,I,V,003916.000,17867000,FUS,-8,0,0,0,MOT,V,1,PATT,0.00,0.00,0.00,VEL,0.000,0.000,0.000,POS,40.0001330924,116.0001570688,84.176,IIA,1,0.00,0.00,0.00,BGA,0.31,-0.66,-0.13,0.000,0.000,0.000,IGA,0,-1,0,0,-2,98,VG,16c2ff1*1A
'
05-27 18:23:25.451   581   581 I SpiService: fgesysctrl_getGPIO_status success val=1
05-27 18:23:25.452   566 11459 I gps_hdbd: Received: '$GNINS,CARSPEED,ADR_STATUS,0,Pulse_count,0,1,0,0,17867000,92520,0.000,0.000,0.000*35
'
05-27 08:14:34.415   581   581 D spidev_ioctl: gpio status=1)
05-27 18:23:25.454   536   536 D commservice260303: msg.id = 1028,1
05-27 18:23:25.454   536   536 D commservice260303: i = 170, msgid = 8A000404
05-27 18:23:25.454   536   536 D commservice260303: msgid = -1979710460,did=138
05-27 18:23:25.454   536   536 D commservice260303: CommProtocolLibCmdBaseI2C::dataproc {"command":{"id":"imu_status","sub":""},"content":{"TimeStamp":9,"FrameCounter":215106,"GD_X":-0.011300750076770782,"GD_Y":0.0056498548947274685,"GD_Z":0.0022902146447449923,"AD_X":5.479753017425537E-4,"AD_Y":-0.0019503857474774122,"AD_Z":-0.16828536987304688,"TempDsp":0,"Status":0,"CalibState":1,"SigAmpInvalid":0}},-1979710460
05-27 18:23:25.454   536   536 D commservice260303: send2Cluster len:317, 7B22636F6D6D616E64223A7B226964223A22696D755F737461747573222C22737562223A22227D2C22636F6E74656E74223A7B2254696D655374616D70223A392C224672616D65436F756E746572223A3231353130362C2247445F58223A2D302E3031313330303735303037363737303738322C2247445F59223A302E303035363439383534383934373237343638352C2247445F5A223A302E303032323930323134363434373434393932332C2241445F58223A352E343739373533303137343235353337452D342C2241445F59223A2D302E303031393530333835373437343737343132322C2241445F5A223A2D302E31363832383533363938373330343638382C2254656D70447370223A302C22537461747573223A302C2243616C69625374617465223A312C22536967416D70496E76616C6964223A307D7D, 138 
05-27 18:23:25.454   536   536 D commservice260303: Push Message into SendPool fn=310772480
05-27 18:23:25.454   536   536 D commservice260303: ComProtocolLibSend2Cluster::send2ClusterRaw fn=310772480 , len=333
05-27 18:23:25.454   536   536 D commservice260303: sendCmdToPort :333!!!
05-27 18:23:25.454   536   536 D commservice260303: send Cmd To Port ++++5AA501498A01000386126A16C61D7B22636F6D6D616E64223A7B226964223A22696D755F737461747573222C22737562223A22227D2C22636F6E74656E74223A7B2254696D655374616D70223A392C224672616D65436F756E746572223A3231353130362C2247445F58223A2D302E3031313330303735303037363737303738322C2247445F59223A302E303035363439383534383934373237343638352C2247445F5A223A302E303032323930323134363434373434393932332C2241445F58223A352E343739373533303137343235353337452D342C2241445F59223A2D302E303031393530333835373437343737343132322C2241445F5A223A2D302E31363832383533363938373330343638382C2254656D70447370223A302C22537461747573223A302C2243616C69625374617465223A312C22536967416D70496E76616C6964223A307D7D0137
05-27 18:23:25.454   536   536 D commservice260303: bufferevent_write retrun value = 0
05-27 18:23:25.455   536   560 D commservice260303: client datas send succeed,send finish
05-27 18:23:25.455 13911 14192 D Sentinelmode_1.2.5.17_sentry: <SentryImuClusterFgeSender>imu_status sent to Linux, frame=215106, tsNs=9272676, tsMs=9, intervalMs=40, ad=(5.479753E-4,-0.0019503857,-0.16828537), gd=(-0.01130075,0.005649855,0.0022902146)
05-27 18:23:25.456   581   581 I SpiService: fgesysctrl_getGPIO_status success val=0
05-27 18:23:25.458   566 11459 I gps_hdbd: Received: '$GNTXT,04,01,04,INS,V,1,,,,FLG,1,000000,1,0,1,0,0,Con,0*71
'
05-27 18:23:25.459  1008 30856 D [OMXB]  : usingANWBuffer: handle:0xee746310, format:1, w:1920, h:1080
05-27 18:23:25.461 13911 14183 I SentryImuMcuAngleSender: 180.0rollDeg
05-27 18:23:25.461 13911 14183 I SentryImuMcuAngleSender: 1,0,0
05-27 18:23:25.462   299 30841 D EvsDriver: forwardFrame
05-27 18:23:25.462   299 30844 D EvsDriver: forwardFrame
05-27 18:23:25.463   283   307 I rvcservice: t.code = 3, t.value = 0
05-27 18:23:25.464   299 30841 D EvsDriver: Delivered 0xb400007b7ca56a60 as id 0
05-27 18:23:25.464  1167  1167 D evsmanagerd: /dev/video6 forwarded the buffer #0 to 0xb4000074bf5f5510 from 0xb4000074bf5f6d90
05-27 18:23:25.464  1167  1184 D evsmanagerd: /dev/video4 forwarded the buffer #0 to 0xb4000074bf5f6850 from 0xb4000074bf5f41d0
05-27 18:23:25.464 30773 30773 E dvr_service_: [myNum:1] Received S**** loss
05-27 18:23:25.465   299 30844 D EvsDriver: Delivered 0xb400007b7ca56900 as id 0
05-27 18:23:25.465 30773 30782 E dvr_service_: [myNum:0] Received S**** loss
05-27 18:23:25.465   299  1163 D EvsDriver: doneWithFrame
05-27 18:23:25.465   299  1153 D EvsDriver: doneWithFrame
05-27 18:23:25.466   566 11459 I gps_hdbd: Received: '$GNTXT,INSTALL,0.00,0.00,0.00,0.00,0.00,0.00,0*20
'
05-27 18:23:25.470   572   622 I Sensors : 230 AccelSensor: x:-0.167749,y:0.001220,z:-9.977160
05-27 18:23:25.470   581   581 I SpiService: fgesysctrl_getGPIO_status success val=1
05-27 18:23:25.476   581   581 I SpiService: fgesysctrl_getGPIO_status success val=1
05-27 18:23:25.476  1008 30857 D [OMXB]  : usingANWBuffer: handle:0xee743710, format:1, w:1920, h:1080
05-27 18:23:25.481   581   581 I SpiService: fgesysctrl_getGPIO_status success val=1
05-27 18:23:25.481 13911 14183 I SentryImuMcuAngleSender: 179.98248rollDeg
05-27 18:23:25.482 13911 14183 I SentryImuMcuAngleSender: 1,0,0
05-27 18:23:25.487   581   581 I SpiService: fgesysctrl_getGPIO_status success val=1
05-27 18:23:25.492   581   581 I SpiService: fgesysctrl_getGPIO_status success val=0
05-27 18:23:25.494   536   536 D commservice260303: msg.id = 1028,0
05-27 18:23:25.494   536   536 D commservice260303: i = 170, msgid = 8A000404
05-27 18:23:25.494   536   536 D commservice260303: msgid = -1979710460,did=138
05-27 18:23:25.494   536   536 D commservice260303: CommProtocolLibCmdBaseI2C::dataproc {"command":{"id":"imu_status","sub":""},"content":{"TimeStamp":9,"FrameCounter":215107,"GD_X":-0.012063807807862759,"GD_Y":0.005420989356935024,"GD_Z":0.0023671966046094894,"AD_X":-0.0031377971172332764,"AD_Y":0.001101561589166522,"AD_Z":-0.17132949829101562,"TempDsp":0,"Status":0,"CalibState":1,"SigAmpInvalid":0}},-1979710460
05-27 18:23:25.494   536   536 D commservice260303: send2Cluster len:316, 7B22636F6D6D616E64223A7B226964223A22696D755F737461747573222C22737562223A22227D2C22636F6E74656E74223A7B2254696D655374616D70223A392C224672616D65436F756E746572223A3231353130372C2247445F58223A2D302E3031323036333830373830373836323735392C2247445F59223A302E3030353432303938393335363933353032342C2247445F5A223A302E303032333637313936363034363039343839342C2241445F58223A2D302E303033313337373937313137323333323736342C2241445F59223A302E3030313130313536313538393136363532322C2241445F5A223A2D302E31373133323934393832393130313536322C2254656D70447370223A302C22537461747573223A302C2243616C69625374617465223A312C22536967416D70496E76616C6964223A307D7D, 138 
05-27 18:23:25.494   536   536 D commservice260303: Push Message into SendPool fn=327549696
05-27 18:23:25.494   536   536 D commservice260303: ComProtocolLibSend2Cluster::send2ClusterRaw fn=327549696 , len=332
05-27 18:23:25.494   536   536 D commservice260303: sendCmdToPort :332!!!
05-27 18:23:25.494   536   536 D commservice260303: send Cmd To Port ++++5AA501488A01000386136A16C61D7B22636F6D6D616E64223A7B226964223A22696D755F737461747573222C22737562223A22227D2C22636F6E74656E74223A7B2254696D655374616D70223A392C224672616D65436F756E746572223A3231353130372C2247445F58223A2D302E3031323036333830373830373836323735392C2247445F59223A302E3030353432303938393335363933353032342C2247445F5A223A302E303032333637313936363034363039343839342C2241445F58223A2D302E303033313337373937313137323333323736342C2241445F59223A302E3030313130313536313538393136363532322C2241445F5A223A2D302E31373133323934393832393130313536322C2254656D70447370223A302C22537461747573223A302C2243616C69625374617465223A312C22536967416D70496E76616C6964223A307D7DECD4
05-27 18:23:25.494   536   536 D commservice260303: bufferevent_write retrun value = 0
05-27 18:23:25.494   536   560 D commservice260303: client datas send succeed,send finish
05-27 18:23:25.494 13911 14192 D Sentinelmode_1.2.5.17_sentry: <SentryImuClusterFgeSender>imu_status sent to Linux, frame=215107, tsNs=9272739, tsMs=9, intervalMs=40, ad=(-0.0031377971,0.0011015616,-0.1713295), gd=(-0.012063808,0.0054209894,0.0023671966)
05-27 18:23:25.498   299 30844 D EvsDriver: forwardFrame
05-27 18:23:25.498   299 30841 D EvsDriver: forwardFrame
05-27 18:23:25.499   299 30844 D EvsDriver: Delivered 0xb400007b7ca56900 as id 0
05-27 18:23:25.500   299 30841 D EvsDriver: Delivered 0xb400007b7ca56a60 as id 0
05-27 18:23:25.500  1167  1184 D evsmanagerd: /dev/video6 forwarded the buffer #0 to 0xb4000074bf5f5510 from 0xb4000074bf5f6d90
05-27 18:23:25.500  1167  1167 D evsmanagerd: /dev/video4 forwarded the buffer #0 to 0xb4000074bf5f6850 from 0xb4000074bf5f41d0
05-27 18:23:25.502 13911 14183 I SentryImuMcuAngleSender: 179.98248rollDeg
05-27 18:23:25.502 13911 14183 I SentryImuMcuAngleSender: 1,0,0
05-27 18:23:25.502   299  1153 D EvsDriver: doneWithFrame
05-27 18:23:25.502   299  1163 D EvsDriver: doneWithFrame
05-27 18:23:25.504 15863 15863 D AIN-NaviLocationPresenter: ACC is OFF, skip upload location
05-27 18:23:25.507   581   581 I SpiService: fgesysctrl_getGPIO_status success val=1
05-27 18:23:25.509  1008 30856 D [OMXB]  : usingANWBuffer: handle:0xee746c00, format:1, w:1920, h:1080
05-27 18:23:25.513   581   581 I SpiService: fgesysctrl_getGPIO_status success val=1
05-27 18:23:25.519   581   581 I SpiService: fgesysctrl_getGPIO_status success val=1
05-27 18:23:25.521  1008 30857 D [OMXB]  : usingANWBuffer: handle:0xee746cb0, format:1, w:1920, h:1080
05-27 18:23:25.522  1083  1083 I MyAppLog: [2026-05-27 18:23:25.521 I tboxap mcuSendYadiTransfer:196] [Mcu] [mcuYadiSend]: :00 08 58 04 01 09 81 02 01 01
05-27 18:23:25.522 13911 14183 I SentryImuMcuAngleSender: 179.99649rollDeg
05-27 18:23:25.522 13911 14183 I SentryImuMcuAngleSender: 1,0,0
05-27 18:23:25.523   299 30844 D EvsDriver: forwardFrame
05-27 18:23:25.523   299 30841 D EvsDriver: forwardFrame
05-27 18:23:25.525   581   581 I SpiService: fgesysctrl_getGPIO_status success val=1
05-27 18:23:25.526   481   599 I mcuc    : start timer OK = 26056 
05-27 18:23:25.527  1167  1167 D evsmanagerd: /dev/video4 forwarded the buffer #0 to 0xb4000074bf5f6850 from 0xb4000074bf5f41d0
05-27 18:23:25.528   299 30841 D EvsDriver: Delivered 0xb400007b7ca56a60 as id 0
05-27 18:23:25.528   299 30844 D EvsDriver: Delivered 0xb400007b7ca56900 as id 0
05-27 18:23:25.528  1167  1167 D evsmanagerd: /dev/video6 forwarded the buffer #0 to 0xb4000074bf5f5510 from 0xb4000074bf5f6d90
05-27 18:23:25.532   581   581 I SpiService: fgesysctrl_getGPIO_status success val=1
05-27 18:23:25.535   536   536 D commservice260303: msg.id = 1028,1
05-27 18:23:25.535   536   536 D commservice260303: i = 170, msgid = 8A000404
05-27 18:23:25.535   536   536 D commservice260303: msgid = -1979710460,did=138
05-27 18:23:25.535   536   536 D commservice260303: CommProtocolLibCmdBaseI2C::dataproc {"command":{"id":"imu_status","sub":""},"content":{"TimeStamp":9,"FrameCounter":215108,"GD_X":-0.011682018637657166,"GD_Y":0.004580949433147907,"GD_Z":0.0023671966046094894,"AD_X":-0.0019209831953048706,"AD_Y":-0.0013295009266585112,"AD_Z":-0.17071914672851562,"TempDsp":0,"Status":0,"CalibState":1,"SigAmpInvalid":0}},-1979710460
05-27 18:23:25.535   536   536 D commservice260303: send2Cluster len:318, 7B22636F6D6D616E64223A7B226964223A22696D755F737461747573222C22737562223A22227D2C22636F6E74656E74223A7B2254696D655374616D70223A392C224672616D65436F756E746572223A3231353130382C2247445F58223A2D302E3031313638323031383633373635373136362C2247445F59223A302E3030343538303934393433333134373930372C2247445F5A223A302E303032333637313936363034363039343839342C2241445F58223A2D302E303031393230393833313935333034383730362C2241445F59223A2D302E303031333239353030393236363538353131322C2241445F5A223A2D302E31373037313931343637323835313536322C2254656D70447370223A302C22537461747573223A302C2243616C69625374617465223A312C22536967416D70496E76616C6964223A307D7D, 138 
05-27 18:23:25.535   536   536 D commservice260303: Push Message into SendPool fn=344326912
05-27 18:23:25.535   536   536 D commservice260303: ComProtocolLibSend2Cluster::send2ClusterRaw fn=344326912 , len=334
05-27 18:23:25.535   536   536 D commservice260303: sendCmdToPort :334!!!
