05-27 18:23:30.092   351   516 D automotive.vehicle@2.0-adayo-func-bcm: BCMFunc sendMessageFromVehicle_l msgBuff[13]=0x1,start:0,len:8,temp:8,
05-27 18:23:30.092   351   516 D automotive.vehicle@2.0-adayo-func-bcm: BCMFunc sendMessageFromVehicle_l prop: 0x2140007b ,areaId: 0x0  SPLITE_BIT_DATA_INTEGER : 1
05-27 18:23:30.092   351   516 D automotive.vehicle@2.0-adayo-func-bcm: BCMFunc sendMessageFromVehicle_l id:557842555, area:0 not report! 
05-27 18:23:30.092   351   516 D automotive.vehicle@2.0-adayo-func-bcm: BCMFunc sendMessageFromVehicle_l dataType: 12,mByte=14,propid=0x2140007c
05-27 18:23:30.093   351   516 D automotive.vehicle@2.0-adayo-func-bcm: BCMFunc sendMessageFromVehicle_l msgBuff[14]=0x1,start:0,len:8,temp:8,
05-27 08:14:39.060   581   581 D spi_rst_gpio_get_output: GPIO 145 value: 1
05-27 08:14:39.060   581   581 D spidev_ioctl: gpio status=1)
05-27 18:23:30.093   351   516 D automotive.vehicle@2.0-adayo-func-bcm: BCMFunc sendMessageFromVehicle_l prop: 0x2140007c ,areaId: 0x0  SPLITE_BIT_DATA_INTEGER : 1
05-27 18:23:30.093   351   516 D automotive.vehicle@2.0-adayo-func-bcm: BCMFunc sendMessageFromVehicle_l id:557842556, area:0 not report! 
05-27 18:23:30.093   351   516 D automotive.vehicle@2.0-adayo-func-bcm: BCMFunc sendMessageFromVehicle_l dataType: 12,mByte=15,propid=0x21400081
05-27 18:23:30.093   351   516 D automotive.vehicle@2.0-adayo-func-bcm: BCMFunc sendMessageFromVehicle_l msgBuff[15]=0x1,start:0,len:8,temp:8,
05-27 18:23:30.093   351   516 D automotive.vehicle@2.0-adayo-func-bcm: BCMFunc sendMessageFromVehicle_l prop: 0x21400081 ,areaId: 0x0  SPLITE_BIT_DATA_INTEGER : 1
05-27 18:23:30.093   351   516 D automotive.vehicle@2.0-adayo-func-bcm: BCMFunc sendMessageFromVehicle_l id:557842561, area:0 not report! 
05-27 18:23:30.093   351   516 D automotive.vehicle@2.0-adayo-func-bcm: BCMFunc sendMessageFromVehicle_l dataType: 12,mByte=16,propid=0x214000a3
05-27 18:23:30.093   351   516 D automotive.vehicle@2.0-adayo-func-bcm: BCMFunc sendMessageFromVehicle_l msgBuff[16]=0x1,start:0,len:8,temp:8,
05-27 18:23:30.093   351   516 D automotive.vehicle@2.0-adayo-func-bcm: BCMFunc sendMessageFromVehicle_l prop: 0x214000a3 ,areaId: 0x0  SPLITE_BIT_DATA_INTEGER : 1
05-27 18:23:30.093   351   516 D automotive.vehicle@2.0-adayo-func-bcm: BCMFunc sendMessageFromVehicle_l id:557842595, area:0 not report! 
05-27 18:23:30.093   351   516 D automotive.vehicle@2.0-adayo-func-bcm: BCMFunc sendMessageFromVehicle_l dataType: 12,mByte=17,propid=0x2140007d
05-27 18:23:30.093   351   516 D automotive.vehicle@2.0-adayo-func-bcm: BCMFunc sendMessageFromVehicle_l msgBuff[17]=0x1,start:0,len:8,temp:8,
05-27 18:23:30.093   299 30841 D EvsDriver: Delivered 0xb400007b7ca56a60 as id 0
05-27 18:23:30.093   351   516 D automotive.vehicle@2.0-adayo-func-bcm: BCMFunc sendMessageFromVehicle_l prop: 0x2140007d ,areaId: 0x0  SPLITE_BIT_DATA_INTEGER : 1
05-27 18:23:30.093   351   516 D automotive.vehicle@2.0-adayo-func-bcm: BCMFunc sendMessageFromVehicle_l id:557842557, area:0 not report! 
05-27 18:23:30.093   351   516 D automotive.vehicle@2.0-adayo-func-bcm: BCMFunc sendMessageFromVehicle_l dataType: 12,mByte=18,propid=0x21400082
05-27 18:23:30.093   351   516 D automotive.vehicle@2.0-adayo-func-bcm: BCMFunc sendMessageFromVehicle_l msgBuff[18]=0x1,start:0,len:8,temp:8,
05-27 18:23:30.093  1167  1167 D evsmanagerd: /dev/video4 forwarded the buffer #0 to 0xb4000074bf5f6850 from 0xb4000074bf5f41d0
05-27 18:23:30.093   351   516 D automotive.vehicle@2.0-adayo-func-bcm: BCMFunc sendMessageFromVehicle_l prop: 0x21400082 ,areaId: 0x0  SPLITE_BIT_DATA_INTEGER : 1
05-27 18:23:30.093   351   516 D automotive.vehicle@2.0-adayo-func-bcm: BCMFunc sendMessageFromVehicle_l id:557842562, area:0 not report! 
05-27 18:23:30.093   351   516 D automotive.vehicle@2.0-adayo-func-bcm: BCMFunc sendMessageFromVehicle_l dataType: 12,mByte=19,propid=0x214000a4
05-27 18:23:30.093   351   516 D automotive.vehicle@2.0-adayo-func-bcm: BCMFunc sendMessageFromVehicle_l msgBuff[19]=0x1,start:0,len:8,temp:8,
05-27 18:23:30.093   351   516 D automotive.vehicle@2.0-adayo-func-bcm: BCMFunc sendMessageFromVehicle_l prop: 0x214000a4 ,areaId: 0x0  SPLITE_BIT_DATA_INTEGER : 1
05-27 18:23:30.093   351   516 D automotive.vehicle@2.0-adayo-func-bcm: BCMFunc sendMessageFromVehicle_l id:557842596, area:0 not report! 
05-27 18:23:30.093   351   516 D automotive.vehicle@2.0-adayo-func-bcm: BCMFunc sendMessageFromVehicle_l dataType: 12,mByte=20,propid=0x214000a5
05-27 18:23:30.093   351   516 D automotive.vehicle@2.0-adayo-func-bcm: BCMFunc sendMessageFromVehicle_l msgBuff[20]=0x0,start:0,len:8,temp:8,
05-27 18:23:30.093   351   516 D automotive.vehicle@2.0-adayo-func-bcm: BCMFunc sendMessageFromVehicle_l prop: 0x214000a5 ,areaId: 0x0  SPLITE_BIT_DATA_INTEGER : 0
05-27 18:23:30.093   351   516 D automotive.vehicle@2.0-adayo-func-bcm: BCMFunc sendMessageFromVehicle_l id:557842597, area:0 not report! 
05-27 18:23:30.093   351   516 D automotive.vehicle@2.0-adayo-func-bcm: BCMFunc sendMessageFromVehicle_l dataType: 12,mByte=21,propid=0x21400083
05-27 18:23:30.093   351   516 D automotive.vehicle@2.0-adayo-func-bcm: BCMFunc sendMessageFromVehicle_l msgBuff[21]=0x1,start:0,len:8,temp:8,
05-27 18:23:30.093   351   516 D automotive.vehicle@2.0-adayo-func-bcm: BCMFunc sendMessageFromVehicle_l prop: 0x21400083 ,areaId: 0x0  SPLITE_BIT_DATA_INTEGER : 1
05-27 18:23:30.093   351   516 D automotive.vehicle@2.0-adayo-func-bcm: BCMFunc sendMessageFromVehicle_l id:557842563, area:0 not report! 
05-27 18:23:30.093   351   516 D automotive.vehicle@2.0-adayo-func-bcm: BCMFunc sendMessageFromVehicle_l dataType: 12,mByte=22,propid=0x214000a6
05-27 18:23:30.093   351   516 D automotive.vehicle@2.0-adayo-func-bcm: BCMFunc sendMessageFromVehicle_l msgBuff[22]=0x1,start:0,len:8,temp:8,
05-27 18:23:30.093   351   516 D automotive.vehicle@2.0-adayo-func-bcm: BCMFunc sendMessageFromVehicle_l prop: 0x214000a6 ,areaId: 0x0  SPLITE_BIT_DATA_INTEGER : 1
05-27 18:23:30.093   351   516 D automotive.vehicle@2.0-adayo-func-bcm: BCMFunc sendMessageFromVehicle_l id:557842598, area:0 not report! 
05-27 18:23:30.093   351   516 D automotive.vehicle@2.0-adayo-func-bcm: BCMFunc sendMessageFromVehicle_l dataType: 12,mByte=23,propid=0x2140007e
05-27 18:23:30.093   351   516 D automotive.vehicle@2.0-adayo-func-bcm: BCMFunc sendMessageFromVehicle_l msgBuff[23]=0x1,start:0,len:8,temp:8,
05-27 18:23:30.093   351   516 D automotive.vehicle@2.0-adayo-func-bcm: BCMFunc sendMessageFromVehicle_l prop: 0x2140007e ,areaId: 0x0  SPLITE_BIT_DATA_INTEGER : 1
05-27 18:23:30.094   351   516 D automotive.vehicle@2.0-adayo-func-bcm: BCMFunc sendMessageFromVehicle_l id:557842558, area:0 not report! 
05-27 18:23:30.094   351   516 D automotive.vehicle@2.0-adayo-func-bcm: BCMFunc sendMessageFromVehicle_l dataType: 12,mByte=24,propid=0x214000a7
05-27 18:23:30.094   351   516 D automotive.vehicle@2.0-adayo-func-bcm: BCMFunc sendMessageFromVehicle_l msgBuff[24]=0x1,start:0,len:8,temp:8,
05-27 18:23:30.094   351   516 D automotive.vehicle@2.0-adayo-func-bcm: BCMFunc sendMessageFromVehicle_l prop: 0x214000a7 ,areaId: 0x0  SPLITE_BIT_DATA_INTEGER : 1
05-27 18:23:30.094   351   516 D automotive.vehicle@2.0-adayo-func-bcm: BCMFunc sendMessageFromVehicle_l id:557842599, area:0 not report! 
05-27 18:23:30.094   351   516 D automotive.vehicle@2.0-adayo-func-bcm: BCMFunc sendMessageFromVehicle_l dataType: 12,mByte=25,propid=0x2140007f
05-27 18:23:30.094   351   516 D automotive.vehicle@2.0-adayo-func-bcm: BCMFunc sendMessageFromVehicle_l msgBuff[25]=0x1,start:0,len:8,temp:8,
05-27 08:14:39.065   581   581 D spi_rst_gpio_get_output: GPIO 145 value: 1
05-27 18:23:30.094   351   516 D automotive.vehicle@2.0-adayo-func-bcm: BCMFunc sendMessageFromVehicle_l prop: 0x2140007f ,areaId: 0x0  SPLITE_BIT_DATA_INTEGER : 1
05-27 08:14:39.065   581   581 D spidev_ioctl: gpio status=1)
05-27 08:14:39.071   581   581 D spi_rst_gpio_get_output: GPIO 145 value: 1
05-27 08:14:39.071   581   581 D spidev_ioctl: gpio status=1)
05-27 18:23:30.094   351   516 D automotive.vehicle@2.0-adayo-func-bcm: BCMFunc sendMessageFromVehicle_l id:557842559, area:0 not report! 
05-27 18:23:30.094   351   516 D automotive.vehicle@2.0-adayo-func-bcm: BCMFunc sendMessageFromVehicle_l dataType: 12,mByte=26,propid=0x214000a8
05-27 18:23:30.094   351   516 D automotive.vehicle@2.0-adayo-func-bcm: BCMFunc sendMessageFromVehicle_l msgBuff[26]=0x1,start:0,len:8,temp:8,
05-27 18:23:30.094   351   516 D automotive.vehicle@2.0-adayo-func-bcm: BCMFunc sendMessageFromVehicle_l prop: 0x214000a8 ,areaId: 0x0  SPLITE_BIT_DATA_INTEGER : 1
05-27 18:23:30.094   351   516 D automotive.vehicle@2.0-adayo-func-bcm: BCMFunc sendMessageFromVehicle_l id:557842600, area:0 not report! 
05-27 18:23:30.094   351   516 D automotive.vehicle@2.0-adayo-func-bcm: BCMFunc sendMessageFromVehicle_l dataType: 12,mByte=27,propid=0x214000a9
05-27 18:23:30.094   351   516 D automotive.vehicle@2.0-adayo-func-bcm: BCMFunc sendMessageFromVehicle_l msgBuff[27]=0x1,start:0,len:8,temp:8,
05-27 18:23:30.094   351   516 D automotive.vehicle@2.0-adayo-func-bcm: BCMFunc sendMessageFromVehicle_l prop: 0x214000a9 ,areaId: 0x0  SPLITE_BIT_DATA_INTEGER : 1
05-27 18:23:30.094   351   516 D automotive.vehicle@2.0-adayo-func-bcm: BCMFunc sendMessageFromVehicle_l id:557842601, area:0 not report! 
05-27 18:23:30.094   351   516 D automotive.vehicle@2.0-adayo-func-bcm: BCMFunc sendMessageFromVehicle_l dataType: 12,mByte=28,propid=0x214000aa
05-27 18:23:30.094   351   516 D automotive.vehicle@2.0-adayo-func-bcm: BCMFunc sendMessageFromVehicle_l msgBuff[28]=0x1,start:0,len:8,temp:8,
05-27 18:23:30.094   351   516 D automotive.vehicle@2.0-adayo-func-bcm: BCMFunc sendMessageFromVehicle_l prop: 0x214000aa ,areaId: 0x0  SPLITE_BIT_DATA_INTEGER : 1
05-27 18:23:30.094   351   516 D automotive.vehicle@2.0-adayo-func-bcm: BCMFunc sendMessageFromVehicle_l id:557842602, area:0 not report! 
05-27 18:23:30.094   351   516 D automotive.vehicle@2.0-adayo-func-bcm: BCMFunc sendMessageFromVehicle_l dataType: 12,mByte=29,propid=0x214000ab
05-27 18:23:30.094   351   516 D automotive.vehicle@2.0-adayo-func-bcm: BCMFunc sendMessageFromVehicle_l msgBuff[29]=0x1,start:0,len:8,temp:8,
05-27 18:23:30.094   351   516 D automotive.vehicle@2.0-adayo-func-bcm: BCMFunc sendMessageFromVehicle_l prop: 0x214000ab ,areaId: 0x0  SPLITE_BIT_DATA_INTEGER : 1
05-27 18:23:30.094   351   516 D automotive.vehicle@2.0-adayo-func-bcm: BCMFunc sendMessageFromVehicle_l id:557842603, area:0 not report! 
05-27 18:23:30.094   351   516 D automotive.vehicle@2.0-adayo-func-bcm: BCMFunc sendMessageFromVehicle_l dataType: 12,mByte=30,propid=0x214000ac
05-27 18:23:30.094   351   516 D automotive.vehicle@2.0-adayo-func-bcm: BCMFunc sendMessageFromVehicle_l msgBuff[30]=0x1,start:0,len:8,temp:8,
05-27 18:23:30.094   351   516 D automotive.vehicle@2.0-adayo-func-bcm: BCMFunc sendMessageFromVehicle_l prop: 0x214000ac ,areaId: 0x0  SPLITE_BIT_DATA_INTEGER : 1
05-27 18:23:30.094   351   516 D automotive.vehicle@2.0-adayo-func-bcm: BCMFunc sendMessageFromVehicle_l id:557842604, area:0 not report! 
05-27 18:23:30.094   351   516 D automotive.vehicle@2.0-adayo-func-bcm: BCMFunc sendMessageFromVehicle_l dataType: 12,mByte=31,propid=0x214000ad
05-27 18:23:30.094   351   516 D automotive.vehicle@2.0-adayo-func-bcm: BCMFunc sendMessageFromVehicle_l msgBuff[31]=0x1,start:0,len:8,temp:8,
05-27 18:23:30.094   351   516 D automotive.vehicle@2.0-adayo-func-bcm: BCMFunc sendMessageFromVehicle_l prop: 0x214000ad ,areaId: 0x0  SPLITE_BIT_DATA_INTEGER : 1
05-27 18:23:30.094   351   516 D automotive.vehicle@2.0-adayo-func-bcm: BCMFunc sendMessageFromVehicle_l id:557842605, area:0 not report! 
05-27 18:23:30.094   351   516 D automotive.vehicle@2.0-adayo-func-bcm: BCMFunc sendMessageFromVehicle_l dataType: 12,mByte=32,propid=0x214000ae
05-27 18:23:30.094   351   516 D automotive.vehicle@2.0-adayo-func-bcm: BCMFunc sendMessageFromVehicle_l msgBuff[32]=0x1,start:0,len:8,temp:8,
05-27 18:23:30.095   351   516 D automotive.vehicle@2.0-adayo-func-bcm: BCMFunc sendMessageFromVehicle_l prop: 0x214000ae ,areaId: 0x0  SPLITE_BIT_DATA_INTEGER : 1
05-27 18:23:30.095   351   516 D automotive.vehicle@2.0-adayo-func-bcm: BCMFunc sendMessageFromVehicle_l id:557842606, area:0 not report! 
05-27 18:23:30.095   351   516 D automotive.vehicle@2.0-adayo-func-bcm: BCMFunc sendMessageFromVehicle_l dataType: 12,mByte=33,propid=0x2140007a
05-27 18:23:30.095   351   516 D automotive.vehicle@2.0-adayo-func-bcm: BCMFunc sendMessageFromVehicle_l msgBuff[33]=0x1,start:0,len:8,temp:8,
05-27 18:23:30.095   351   516 D automotive.vehicle@2.0-adayo-func-bcm: BCMFunc sendMessageFromVehicle_l prop: 0x2140007a ,areaId: 0x0  SPLITE_BIT_DATA_INTEGER : 1
05-27 18:23:30.095   351   516 D automotive.vehicle@2.0-adayo-func-bcm: BCMFunc sendMessageFromVehicle_l id:557842554, area:0 not report! 
05-27 18:23:30.095   351   516 D automotive.vehicle@2.0-adayo-func-bcm: BCMFunc sendMessageFromVehicle_l dataType: 12,mByte=34,propid=0x214000af
05-27 18:23:30.095   351   516 D automotive.vehicle@2.0-adayo-func-bcm: BCMFunc sendMessageFromVehicle_l msgBuff[34]=0x1,start:0,len:8,temp:8,
05-27 18:23:30.095   351   516 D automotive.vehicle@2.0-adayo-func-bcm: BCMFunc sendMessageFromVehicle_l prop: 0x214000af ,areaId: 0x0  SPLITE_BIT_DATA_INTEGER : 1
05-27 18:23:30.095   351   516 D automotive.vehicle@2.0-adayo-func-bcm: BCMFunc sendMessageFromVehicle_l id:557842607, area:0 not report! 
05-27 18:23:30.095   351   516 D automotive.vehicle@2.0-adayo-func-bcm: BCMFunc sendMessageFromVehicle_l dataType: 12,mByte=35,propid=0x21400079
05-27 18:23:30.095   351   516 D automotive.vehicle@2.0-adayo-func-bcm: BCMFunc sendMessageFromVehicle_l msgBuff[35]=0x1,start:0,len:8,temp:8,
05-27 18:23:30.095   299 30844 D EvsDriver: forwardFrame
05-27 18:23:30.095   351   516 D automotive.vehicle@2.0-adayo-func-bcm: BCMFunc sendMessageFromVehicle_l prop: 0x21400079 ,areaId: 0x0  SPLITE_BIT_DATA_INTEGER : 1
05-27 18:23:30.095   351   516 D automotive.vehicle@2.0-adayo-func-bcm: BCMFunc sendMessageFromVehicle_l id:557842553, area:0 not report! 
05-27 18:23:30.095   581   581 I SpiService: fgesysctrl_getGPIO_status success val=1
05-27 18:23:30.096   299  1153 D EvsDriver: doneWithFrame
05-27 18:23:30.096   299 30844 D EvsDriver: Delivered 0xb400007b7ca56900 as id 0
05-27 18:23:30.097  1167  1167 D evsmanagerd: /dev/video6 forwarded the buffer #0 to 0xb4000074bf5f5510 from 0xb4000074bf5f6d90
05-27 18:23:30.097  1008 30857 D [OMXB]  : usingANWBuffer: handle:0xee7421c0, format:1, w:1920, h:1080
05-27 18:23:30.099   299  1153 D EvsDriver: doneWithFrame
05-27 18:23:30.101   581   581 I SpiService: fgesysctrl_getGPIO_status success val=1
05-27 18:23:30.102 13911 14131 D SVR_MNG_SvrMngProxy: getServer: mSvrManger is null
05-27 18:23:30.103 13911 14131 D SVR_MNG_SvrMngProxy: getNewStub: 
05-27 18:23:30.103 13911 14131 D SVR_MNG_SvrMngProxy: getNewStub: getSvrManagerService start
05-27 18:23:30.104 13911 14183 I SentryImuMcuAngleSender: 179.986rollDeg
05-27 18:23:30.104 13911 14183 I SentryImuMcuAngleSender: 1,0,0
05-27 18:23:30.104 13911 14131 D SVR_MNG_SvrMngProxy: getNewStub: getSvrManagerService end
05-27 18:23:30.104 13911 14131 D SVR_MNG_SvrMngProxy: getServer: svrMngService doesn't start
05-27 18:23:30.106   581   581 I SpiService: fgesysctrl_getGPIO_status success val=1
05-27 18:23:30.112   581   581 I SpiService: fgesysctrl_getGPIO_status success val=1
05-27 08:14:39.077   581   581 D spi_rst_gpio_get_output: GPIO 145 value: 1
05-27 08:14:39.077   581   581 D spidev_ioctl: gpio status=1)
05-27 18:23:30.114 13911 14183 I SentryImuMcuAngleSender: [4, 18, 1, 0, 0],5
05-27 18:23:30.114 13911 14183 I McuCommManager: mcuCommSendcmd [4, 18, 1, 0, 0]
05-27 18:23:30.114 13911 14183 I SentryImuMcuAngleSender: true
05-27 18:23:30.114 13911 14183 W Sentinelmode_1.2.5.17_sentry: <SentryImuMcuAngleSender>MCU IMU send interval abnormal: 1002ms
05-27 18:23:30.116   536   536 D commservice260303: msg.id = 1028,0
05-27 18:23:30.116   536   536 D commservice260303: i = 170, msgid = 8A000404
05-27 18:23:30.116   536   536 D commservice260303: msgid = -1979710460,did=138
05-27 18:23:30.116   536   536 D commservice260303: CommProtocolLibCmdBaseI2C::dataproc {"command":{"id":"imu_status","sub":""},"content":{"TimeStamp":9,"FrameCounter":215221,"GD_X":-0.011223767884075642,"GD_Y":0.005268065724521875,"GD_Z":0.002519079949706793,"AD_X":-0.005236908793449402,"AD_Y":0.002632047049701214,"AD_Z":-0.1707286834716797,"TempDsp":0,"Status":0,"CalibState":1,"SigAmpInvalid":0}},-1979710460
05-27 18:23:30.116   536   536 D commservice260303: send2Cluster len:313, 7B22636F6D6D616E64223A7B226964223A22696D755F737461747573222C22737562223A22227D2C22636F6E74656E74223A7B2254696D655374616D70223A392C224672616D65436F756E746572223A3231353232312C2247445F58223A2D302E3031313232333736373838343037353634322C2247445F59223A302E3030353236383036353732343532313837352C2247445F5A223A302E3030323531393037393934393730363739332C2241445F58223A2D302E3030353233363930383739333434393430322C2241445F59223A302E3030323633323034373034393730313231342C2241445F5A223A2D302E313730373238363833343731363739372C2254656D70447370223A302C22537461747573223A302C2243616C69625374617465223A312C22536967416D70496E76616C6964223A307D7D, 138 
05-27 18:23:30.116   536   536 D commservice260303: Push Message into SendPool fn=-2004483328
05-27 18:23:30.116   536   536 D commservice260303: ComProtocolLibSend2Cluster::send2ClusterRaw fn=-2004483328 , len=329
05-27 18:23:30.116   536   536 D commservice260303: sendCmdToPort :329!!!
05-27 18:23:30.116   536   536 D commservice260303: send Cmd To Port ++++5AA501458A01000386886A16C6227B22636F6D6D616E64223A7B226964223A22696D755F737461747573222C22737562223A22227D2C22636F6E74656E74223A7B2254696D655374616D70223A392C224672616D65436F756E746572223A3231353232312C2247445F58223A2D302E3031313232333736373838343037353634322C2247445F59223A302E3030353236383036353732343532313837352C2247445F5A223A302E3030323531393037393934393730363739332C2241445F58223A2D302E3030353233363930383739333434393430322C2241445F59223A302E3030323633323034373034393730313231342C2241445F5A223A2D302E313730373238363833343731363739372C2254656D70447370223A302C22537461747573223A302C2243616C69625374617465223A312C22536967416D70496E76616C6964223A307D7DE9CE
05-27 18:23:30.116   536   536 D commservice260303: bufferevent_write retrun value = 0
05-27 18:23:30.116   536   560 D commservice260303: client datas send succeed,send finish
05-27 18:23:30.116 13911 14192 D Sentinelmode_1.2.5.17_sentry: <SentryImuClusterFgeSender>imu_status sent to Linux, frame=215221, tsNs=9277357, tsMs=9, intervalMs=40, ad=(-0.005236909,0.002632047,-0.17072868), gd=(-0.011223768,0.0052680657,0.00251908)
05-27 18:23:30.117   581   581 I SpiService: fgesysctrl_getGPIO_status success val=0
05-27 18:23:30.117   481   597 I mcuc    : send SPI:6AA602BAE300028900D66AA60065D500050412010000AA
05-27 08:14:39.082   581   581 D spi_rst_gpio_get_output: GPIO 145 value: 0
05-27 08:14:39.082   581   581 D spidev_ioctl: gpio status=0)
05-27 18:23:30.123 13911 14183 I SentryImuMcuAngleSender: 179.97548rollDeg
05-27 18:23:30.123 13911 14183 I SentryImuMcuAngleSender: 1,0,0
05-27 18:23:30.124  1008 30856 D [OMXB]  : usingANWBuffer: handle:0xee743c90, format:1, w:1920, h:1080
05-27 18:23:30.126   299 30841 D EvsDriver: forwardFrame
05-27 18:23:30.129   299 30841 D EvsDriver: Delivered 0xb400007b7ca56a60 as id 0
05-27 18:23:30.129  1167  1167 D evsmanagerd: /dev/video4 forwarded the buffer #0 to 0xb4000074bf5f6850 from 0xb4000074bf5f41d0
05-27 18:23:30.130 30773 30773 E dvr_service_: [myNum:0] Received S**** loss
05-27 18:23:30.130   481   598 I mcuc    : rev,n=1,6AA681BAE4008C8305000055000000B000000000000100010000D16DDEB11E67B3DE20DE1E9732DE1FBC3DDE20B256A37D80AD4A00000000040000B3000000000000000000000000000000B44300000000000300000000000000AA000000E40701010000000000000000BB06050507EA051B000008009403CB00CC000000000000000000000000000000B500000000000000005C
05-27 08:14:39.097   581   581 D spi_rst_gpio_get_output: GPIO 145 value: 1
05-27 08:14:39.097   581   581 D spidev_ioctl: gpio status=1)
05-27 18:23:30.130   351   373 D automotive.vehicle@2.0-adayo-datacomm-mcu: MCUDatacomm sendMessageFromVehicle prop: 0x83, areaId: 0x5, status: 0x0, timestamp: 0x0
05-27 18:23:30.130   351   373 D automotive.vehicle@2.0-adayo-datacomm-mcu: MCUDatacomm 1sendMessageFromVehicle ---> type = 7 
05-27 18:23:30.130   351   373 I automotive.vehicle@2.0-adayo-func-mcu: MCUFunc :sendMessageFromVehicle  msgBuff[0] = 131 
05-27 18:23:30.130   299  1153 D EvsDriver: doneWithFrame
05-27 18:23:30.130   351   373 I automotive.vehicle@2.0-adayo-func-mcu: MCUFunc :sendMessageFromVehicle  msgBuff[1] = 5 
05-27 18:23:30.130   351   373 I automotive.vehicle@2.0-adayo-func-mcu: MCUFunc :sendMessageFromVehicle  msgBuff[2] = 0 
05-27 18:23:30.130   351   373 I automotive.vehicle@2.0-adayo-func-mcu: MCUFunc :sendMessageFromVehicle  msgBuff[3] = 0 
05-27 18:23:30.130   351   373 I automotive.vehicle@2.0-adayo-func-mcu: MCUFunc :sendMessageFromVehicle  msgBuff[4] = 85 
05-27 18:23:30.130   351   373 I automotive.vehicle@2.0-adayo-func-mcu: MCUFunc :sendMessageFromVehicle  msgBuff[5] = 0 
05-27 18:23:30.131   299 30844 D EvsDriver: forwardFrame
05-27 18:23:30.132   581   581 I SpiService: fgesysctrl_getGPIO_status success val=1
05-27 18:23:30.132   299 30844 D EvsDriver: Delivered 0xb400007b7ca56900 as id 0
05-27 18:23:30.133  1167  1167 D evsmanagerd: /dev/video6 forwarded the buffer #0 to 0xb4000074bf5f5510 from 0xb4000074bf5f6d90
05-27 18:23:30.133 30773 30773 E dvr_service_: [myNum:1] Received S**** loss
05-27 18:23:30.133   299  1153 D EvsDriver: doneWithFrame
05-27 18:23:30.137   581   581 I SpiService: fgesysctrl_getGPIO_status success val=1
05-27 08:14:39.102   581   581 D spi_rst_gpio_get_output: GPIO 145 value: 1
05-27 08:14:39.102   581   581 D spidev_ioctl: gpio status=1)
05-27 18:23:30.142  1008 30857 D [OMXB]  : usingANWBuffer: handle:0xee747180, format:1, w:1920, h:1080
05-27 18:23:30.143   581   581 I SpiService: fgesysctrl_getGPIO_status success val=1
05-27 18:23:30.144 13911 14183 I SentryImuMcuAngleSender: 179.96846rollDeg
05-27 18:23:30.144 13911 14183 I SentryImuMcuAngleSender: 1,0,0
05-27 08:14:39.108   581   581 D spi_rst_gpio_get_output: GPIO 145 value: 1
05-27 08:14:39.108   581   581 D spidev_ioctl: gpio status=1)
05-27 18:23:30.149   581   581 I SpiService: fgesysctrl_getGPIO_status success val=1
05-27 08:14:39.113   581   581 D spi_rst_gpio_get_output: GPIO 145 value: 1
05-27 08:14:39.113   581   581 D spidev_ioctl: gpio status=1)
05-27 18:23:30.154   581   581 I SpiService: fgesysctrl_getGPIO_status success val=1
05-27 18:23:30.156   536   536 D commservice260303: msg.id = 1028,0
05-27 18:23:30.156   536   536 D commservice260303: i = 170, msgid = 8A000404
05-27 18:23:30.156   536   536 D commservice260303: msgid = -1979710460,did=138
05-27 18:23:30.156   536   536 D commservice260303: CommProtocolLibCmdBaseI2C::dataproc {"command":{"id":"imu_status","sub":""},"content":{"TimeStamp":9,"FrameCounter":215222,"GD_X":-0.01160607673227787,"GD_Y":0.0057257963344454765,"GD_Z":0.0026720035821199417,"AD_X":-0.006433174014091492,"AD_Y":0.0038229338824748993,"AD_Z":-0.1658487319946289,"TempDsp":0,"Status":0,"CalibState":1,"SigAmpInvalid":0}},-1979710460
05-27 08:14:39.119   581   581 D spi_rst_gpio_get_output: GPIO 145 value: 1
05-27 08:14:39.119   581   581 D spidev_ioctl: gpio status=1)
05-27 18:23:30.157   536   536 D commservice260303: send2Cluster len:315, 7B22636F6D6D616E64223A7B226964223A22696D755F737461747573222C22737562223A22227D2C22636F6E74656E74223A7B2254696D655374616D70223A392C224672616D65436F756E746572223A3231353232322C2247445F58223A2D302E30313136303630373637333232373738372C2247445F59223A302E303035373235373936333334343435343736352C2247445F5A223A302E303032363732303033353832313139393431372C2241445F58223A2D302E3030363433333137343031343039313439322C2241445F59223A302E303033383232393333383832343734383939332C2241445F5A223A2D302E313635383438373331393934363238392C2254656D70447370223A302C22537461747573223A302C2243616C69625374617465223A312C22536967416D70496E76616C6964223A307D7D, 138 
05-27 18:23:30.157   536   536 D commservice260303: Push Message into SendPool fn=-1987706112
05-27 18:23:30.157   536   536 D commservice260303: ComProtocolLibSend2Cluster::send2ClusterRaw fn=-1987706112 , len=331
05-27 18:23:30.157   536   536 D commservice260303: sendCmdToPort :331!!!
05-27 18:23:30.157   536   536 D commservice260303: send Cmd To Port ++++5AA501478A01000386896A16C6227B22636F6D6D616E64223A7B226964223A22696D755F737461747573222C22737562223A22227D2C22636F6E74656E74223A7B2254696D655374616D70223A392C224672616D65436F756E746572223A3231353232322C2247445F58223A2D302E30313136303630373637333232373738372C2247445F59223A302E303035373235373936333334343435343736352C2247445F5A223A302E303032363732303033353832313139393431372C2241445F58223A2D302E3030363433333137343031343039313439322C2241445F59223A302E303033383232393333383832343734383939332C2241445F5A223A2D302E313635383438373331393934363238392C2254656D70447370223A302C22537461747573223A302C2243616C69625374617465223A312C22536967416D70496E76616C6964223A307D7DF40B
05-27 18:23:30.157   536   536 D commservice260303: bufferevent_write retrun value = 0
05-27 18:23:30.157   536   560 D commservice260303: client datas send succeed,send finish
05-27 18:23:30.157 13911 14192 D Sentinelmode_1.2.5.17_sentry: <SentryImuClusterFgeSender>imu_status sent to Linux, frame=215222, tsNs=9277393, tsMs=9, intervalMs=41, ad=(-0.006433174,0.0038229339,-0.16584873), gd=(-0.011606077,0.0057257963,0.0026720036)
05-27 18:23:30.159   572   622 I Sensors : 230 AccelSensor: x:-0.173850,y:0.002440,z:-9.971670
05-27 18:23:30.160   581   581 I SpiService: fgesysctrl_getGPIO_status success val=0
05-27 18:23:30.160   481   597 I mcuc    : send SPI:6AA602BAE400028305D6
05-27 08:14:39.124   581   581 D spi_rst_gpio_get_output: GPIO 145 value: 0
05-27 08:14:39.124   581   581 D spidev_ioctl: gpio status=0)
05-27 18:23:30.163   299 30844 D EvsDriver: forwardFrame
05-27 18:23:30.164  1008 30856 D [OMXB]  : usingANWBuffer: handle:0xee740220, format:1, w:1920, h:1080
05-27 18:23:30.164   299 30844 D EvsDriver: Delivered 0xb400007b7ca56900 as id 0
05-27 18:23:30.165  1167  1167 D evsmanagerd: /dev/video6 forwarded the buffer #0 to 0xb4000074bf5f5510 from 0xb4000074bf5f6d90
05-27 18:23:30.168 13911 14183 I SentryImuMcuAngleSender: 179.98598rollDeg
05-27 18:23:30.168 13911 14183 I SentryImuMcuAngleSender: 1,0,0
05-27 18:23:30.168   299 30841 D EvsDriver: forwardFrame
05-27 18:23:30.169   299  1153 D EvsDriver: doneWithFrame
05-27 18:23:30.170   299 30841 D EvsDriver: Delivered 0xb400007b7ca56a60 as id 0
05-27 18:23:30.170  1167  1167 D evsmanagerd: /dev/video4 forwarded the buffer #0 to 0xb4000074bf5f6850 from 0xb4000074bf5f41d0
05-27 18:23:30.174   299  1153 D EvsDriver: doneWithFrame
05-27 18:23:30.175   581   581 I SpiService: fgesysctrl_getGPIO_status success val=1
05-27 18:23:30.177   283   307 I rvcservice: t.code = 4, t.value = 0
05-27 08:14:39.139   581   581 D spi_rst_gpio_get_output: GPIO 145 value: 1
05-27 08:14:39.139   581   581 D spidev_ioctl: gpio status=1)
05-27 18:23:30.180   581   581 I SpiService: fgesysctrl_getGPIO_status success val=1
05-27 08:14:39.145   581   581 D spi_rst_gpio_get_output: GPIO 145 value: 1
05-27 08:14:39.145   581   581 D spidev_ioctl: gpio status=1)
05-27 18:23:30.183  1008 30857 D [OMXB]  : usingANWBuffer: handle:0xee740430, format:1, w:1920, h:1080
05-27 18:23:30.186   581   581 I SpiService: fgesysctrl_getGPIO_status success val=1
05-27 18:23:30.187 13911 14183 I SentryImuMcuAngleSender: 180.0rollDeg
05-27 18:23:30.188 13911 14183 I SentryImuMcuAngleSender: 1,0,0
05-27 08:14:39.150   581   581 D spi_rst_gpio_get_output: GPIO 145 value: 1
05-27 08:14:39.151   581   581 D spidev_ioctl: gpio status=1)
05-27 18:23:30.191   581   581 I SpiService: fgesysctrl_getGPIO_status success val=1
05-27 08:14:39.156   581   581 D spi_rst_gpio_get_output: GPIO 145 value: 1
05-27 08:14:39.156   581   581 D spidev_ioctl: gpio status=1)
05-27 18:23:30.193   299 30841 D EvsDriver: forwardFrame
05-27 18:23:30.194   299 30841 D EvsDriver: Delivered 0xb400007b7ca56a60 as id 0
05-27 18:23:30.195  1167  1167 D evsmanagerd: /dev/video4 forwarded the buffer #0 to 0xb4000074bf5f6850 from 0xb4000074bf5f41d0
05-27 18:23:30.197   581   581 I SpiService: fgesysctrl_getGPIO_status success val=0
05-27 18:23:30.198   536   536 D commservice260303: msg.id = 1028,0
05-27 18:23:30.198   536   536 D commservice260303: i = 170, msgid = 8A000404
05-27 18:23:30.198   481   597 I mcuc    : send SPI:6AA60065D600020601BC
05-27 18:23:30.198   536   536 D commservice260303: msgid = -1979710460,did=138
05-27 18:23:30.198   536   536 D commservice260303: CommProtocolLibCmdBaseI2C::dataproc {"command":{"id":"imu_status","sub":""},"content":{"TimeStamp":9,"FrameCounter":215223,"GD_X":-0.01160607673227787,"GD_Y":0.005573912989348173,"GD_Z":0.002519079949706793,"AD_X":-0.003972724080085754,"AD_Y":-0.002874961821362376,"AD_Z":-0.1664590835571289,"TempDsp":0,"Status":0,"CalibState":1,"SigAmpInvalid":0}},-1979710460
05-27 18:23:30.198   536   536 D commservice260303: send2Cluster len:313, 7B22636F6D6D616E64223A7B226964223A22696D755F737461747573222C22737562223A22227D2C22636F6E74656E74223A7B2254696D655374616D70223A392C224672616D65436F756E746572223A3231353232332C2247445F58223A2D302E30313136303630373637333232373738372C2247445F59223A302E3030353537333931323938393334383137332C2247445F5A223A302E3030323531393037393934393730363739332C2241445F58223A2D302E3030333937323732343038303038353735342C2241445F59223A2D302E3030323837343936313832313336323337362C2241445F5A223A2D302E313636343539303833353537313238392C2254656D70447370223A302C22537461747573223A302C2243616C69625374617465223A312C22536967416D70496E76616C6964223A307D7D, 138 
05-27 18:23:30.198   536   536 D commservice260303: Push Message into SendPool fn=-1970928896
05-27 18:23:30.198   299  1153 D EvsDriver: doneWithFrame
05-27 18:23:30.198   536   536 D commservice260303: ComProtocolLibSend2Cluster::send2ClusterRaw fn=-1970928896 , len=329
05-27 18:23:30.198   536   536 D commservice260303: sendCmdToPort :329!!!
05-27 18:23:30.198   536   536 D commservice260303: send Cmd To Port ++++5AA501458A010003868A6A16C6227B22636F6D6D616E64223A7B226964223A22696D755F737461747573222C22737562223A22227D2C22636F6E74656E74223A7B2254696D655374616D70223A392C224672616D65436F756E746572223A3231353232332C2247445F58223A2D302E30313136303630373637333232373738372C2247445F59223A302E3030353537333931323938393334383137332C2247445F5A223A302E3030323531393037393934393730363739332C2241445F58223A2D302E3030333937323732343038303038353735342C2241445F59223A2D302E3030323837343936313832313336323337362C2241445F5A223A2D302E313636343539303833353537313238392C2254656D70447370223A302C22537461747573223A302C2243616C69625374617465223A312C22536967416D70496E76616C6964223A307D7DDFA5
05-27 18:23:30.198   536   536 D commservice260303: bufferevent_write retrun value = 0
05-27 18:23:30.198   536   560 D commservice260303: client datas send succeed,send finish
05-27 18:23:30.198 13911 14192 D Sentinelmode_1.2.5.17_sentry: <SentryImuClusterFgeSender>imu_status sent to Linux, frame=215223, tsNs=9277446, tsMs=9, intervalMs=41, ad=(-0.003972724,-0.0028749618,-0.16645908), gd=(-0.011606077,0.005573913,0.00251908)
05-27 18:23:30.198   299 30844 D EvsDriver: forwardFrame
05-27 18:23:30.200   299 30844 D EvsDriver: Delivered 0xb400007b7ca56900 as id 0
05-27 18:23:30.200  1167  1167 D evsmanagerd: /dev/video6 forwarded the buffer #0 to 0xb4000074bf5f5510 from 0xb4000074bf5f6d90
05-27 08:14:39.162   581   581 D spi_rst_gpio_get_output: GPIO 145 value: 0
05-27 08:14:39.162   581   581 D spidev_ioctl: gpio status=0)
05-27 18:23:30.202   299  1153 D EvsDriver: doneWithFrame
05-27 18:23:30.206  1008 30856 D [OMXB]  : usingANWBuffer: handle:0xee7444d0, format:1, w:1920, h:1080
05-27 18:23:30.208 13911 14183 I SentryImuMcuAngleSender: -179.99298rollDeg
05-27 18:23:30.208 13911 14183 I SentryImuMcuAngleSender: 1,0,0
05-27 18:23:30.212   581   581 I SpiService: fgesysctrl_getGPIO_status success val=1
05-27 08:14:39.176   581   581 D spi_rst_gpio_get_output: GPIO 145 value: 1
05-27 08:14:39.176   581   581 D spidev_ioctl: gpio status=1)
05-27 18:23:30.217   581   581 I SpiService: fgesysctrl_getGPIO_status success val=1
05-27 08:14:39.182   581   581 D spi_rst_gpio_get_output: GPIO 145 value: 1
05-27 08:14:39.182   581   581 D spidev_ioctl: gpio status=1)
05-27 18:23:30.223   299 30844 D EvsDriver: forwardFrame
05-27 18:23:30.223   581   581 I SpiService: fgesysctrl_getGPIO_status success val=1
05-27 18:23:30.224   299 30844 D EvsDriver: Delivered 0xb400007b7ca56900 as id 0
05-27 18:23:30.224  1167  1167 D evsmanagerd: /dev/video6 forwarded the buffer #0 to 0xb4000074bf5f5510 from 0xb4000074bf5f6d90
05-27 08:14:39.188   581   581 D spi_rst_gpio_get_output: GPIO 145 value: 1
05-27 08:14:39.188   581   581 D spidev_ioctl: gpio status=1)
05-27 18:23:30.227   299 30841 D EvsDriver: forwardFrame
05-27 18:23:30.227   299  1153 D EvsDriver: doneWithFrame
05-27 18:23:30.229   299 30841 D EvsDriver: Delivered 0xb400007b7ca56a60 as id 0
05-27 18:23:30.229 13911 14183 I SentryImuMcuAngleSender: 179.98598rollDeg
05-27 18:23:30.229 13911 14183 I SentryImuMcuAngleSender: 1,0,0
05-27 18:23:30.229  1167  1167 D evsmanagerd: /dev/video4 forwarded the buffer #0 to 0xb4000074bf5f6850 from 0xb4000074bf5f41d0
05-27 18:23:30.229   581   581 I SpiService: fgesysctrl_getGPIO_status success val=1
05-27 18:23:30.231   299  1153 D EvsDriver: doneWithFrame
05-27 08:14:39.193   581   581 D spi_rst_gpio_get_output: GPIO 145 value: 1
05-27 08:14:39.193   581   581 D spidev_ioctl: gpio status=1)
05-27 18:23:30.233  1008 30857 D [OMXB]  : usingANWBuffer: handle:0xee740bc0, format:1, w:1920, h:1080
05-27 18:23:30.234   581   581 I SpiService: fgesysctrl_getGPIO_status success val=1
05-27 08:14:39.199   581   581 D spi_rst_gpio_get_output: GPIO 145 value: 1
05-27 08:14:39.199   581   581 D spidev_ioctl: gpio status=1)
05-27 08:14:39.204   581   581 D spi_rst_gpio_get_output: GPIO 145 value: 0
05-27 08:14:39.204   581   581 D spidev_ioctl: gpio status=0)
05-27 18:23:30.238   536   536 D commservice260303: msg.id = 1028,1
05-27 18:23:30.238   536   536 D commservice260303: i = 170, msgid = 8A000404
05-27 18:23:30.238   536   536 D commservice260303: msgid = -1979710460,did=138
05-27 18:23:30.238   536   536 D commservice260303: CommProtocolLibCmdBaseI2C::dataproc {"command":{"id":"imu_status","sub":""},"content":{"TimeStamp":9,"FrameCounter":215224,"GD_X":-0.01091896090656519,"GD_Y":0.004505007527768612,"GD_Z":0.0023671966046094894,"AD_X":-0.0027542561292648315,"AD_Y":0.0038207611069083214,"AD_Z":-0.1695089340209961,"TempDsp":0,"Status":0,"CalibState":1,"SigAmpInvalid":0}},-1979710460
05-27 18:23:30.239   536   536 D commservice260303: send2Cluster len:315, 7B22636F6D6D616E64223A7B226964223A22696D755F737461747573222C22737562223A22227D2C22636F6E74656E74223A7B2254696D655374616D70223A392C224672616D65436F756E746572223A3231353232342C2247445F58223A2D302E30313039313839363039303635363531392C2247445F59223A302E3030343530353030373532373736383631322C2247445F5A223A302E303032333637313936363034363039343839342C2241445F58223A2D302E303032373534323536313239323634383331352C2241445F59223A302E303033383230373631313036393038333231342C2241445F5A223A2D302E313639353038393334303230393936312C2254656D70447370223A302C22537461747573223A302C2243616C69625374617465223A312C22536967416D70496E76616C6964223A307D7D, 138 
05-27 18:23:30.239   536   536 D commservice260303: Push Message into SendPool fn=-1954151680
05-27 18:23:30.239   536   536 D commservice260303: ComProtocolLibSend2Cluster::send2ClusterRaw fn=-1954151680 , len=331
05-27 18:23:30.239   536   536 D commservice260303: sendCmdToPort :331!!!
05-27 18:23:30.239   536   536 D commservice260303: send Cmd To Port ++++5AA501478A010003868B6A16C6227B22636F6D6D616E64223A7B226964223A22696D755F737461747573222C22737562223A22227D2C22636F6E74656E74223A7B2254696D655374616D70223A392C224672616D65436F756E746572223A3231353232342C2247445F58223A2D302E30313039313839363039303635363531392C2247445F59223A302E3030343530353030373532373736383631322C2247445F5A223A302E303032333637313936363034363039343839342C2241445F58223A2D302E303032373534323536313239323634383331352C2241445F59223A302E303033383230373631313036393038333231342C2241445F5A223A2D302E313639353038393334303230393936312C2254656D70447370223A302C22537461747573223A302C2243616C69625374617465223A312C22536967416D70496E76616C6964223A307D7D6944
05-27 18:23:30.239   536   536 D commservice260303: bufferevent_write retrun value = 0
05-27 18:23:30.239   536   560 D commservice260303: client datas send succeed,send finish
05-27 18:23:30.239 13911 14192 D Sentinelmode_1.2.5.17_sentry: <SentryImuClusterFgeSender>imu_status sent to Linux, frame=215224, tsNs=9277482, tsMs=9, intervalMs=41, ad=(-0.0027542561,0.003820761,-0.16950893), gd=(-0.010918961,0.0045050075,0.0023671966)
05-27 18:23:30.240   581   581 I SpiService: fgesysctrl_getGPIO_status success val=0
05-27 18:23:30.242  5883  5909 D ANWAPI_SECOND: (5883|0x295C3CB0)[BTAPI] set_bluetooth_power : open /sys/class/gpio/gpio142/value
05-27 18:23:30.242  5883  5909 D ANWAPI_SECOND: (5883|0x295C3CB0)[BTAPI] set_bluetooth_power : open(/sys/class/gpio/gpio142/value) for write failed,fd=-1
05-27 18:23:30.242  5883  5909 D ANWAPI_SECOND: (5883|0x295C3CB0)[BTAPI] open set_bluetooth_power : write(No such file or directory) failed,errno = 2
05-27 18:23:30.249   572   622 I Sensors : 230 GyroSensor: x:-0.010919,y:0.004810,z:0.002519
05-27 18:23:30.249 13911 14183 I SentryImuMcuAngleSender: 179.96846rollDeg
05-27 18:23:30.249 13911 14183 I SentryImuMcuAngleSender: 1,0,0
05-27 18:23:30.254   581   581 I SpiService: fgesysctrl_getGPIO_status success val=1
05-27 18:23:30.254  1008 30856 D [OMXB]  : usingANWBuffer: handle:0xee7407a0, format:1, w:1920, h:1080
05-27 08:14:39.218   581   581 D spi_rst_gpio_get_output: GPIO 145 value: 1
05-27 08:14:39.218   581   581 D spidev_ioctl: gpio status=1)
05-27 18:23:30.257   299 30844 D EvsDriver: forwardFrame
05-27 18:23:30.259   299 30844 D EvsDriver: Delivered 0xb400007b7ca56900 as id 0
05-27 18:23:30.259  1167  1167 D evsmanagerd: /dev/video6 forwarded the buffer #0 to 0xb4000074bf5f5510 from 0xb4000074bf5f6d90
05-27 18:23:30.259   581   581 I SpiService: fgesysctrl_getGPIO_status success val=1
05-27 08:14:39.224   581   581 D spi_rst_gpio_get_output: GPIO 145 value: 1
05-27 08:14:39.224   581   581 D spidev_ioctl: gpio status=1)
05-27 18:23:30.262   299  1153 D EvsDriver: doneWithFrame
05-27 18:23:30.262   299 30841 D EvsDriver: forwardFrame
05-27 18:23:30.265   299 30841 D EvsDriver: Delivered 0xb400007b7ca56a60 as id 0
05-27 18:23:30.265  1167  1167 D evsmanagerd: /dev/video4 forwarded the buffer #0 to 0xb4000074bf5f6850 from 0xb4000074bf5f41d0
05-27 18:23:30.265   581   581 I SpiService: fgesysctrl_getGPIO_status success val=1
05-27 08:14:39.230   581   581 D spi_rst_gpio_get_output: GPIO 145 value: 1
05-27 08:14:39.230   581   581 D spidev_ioctl: gpio status=1)
05-27 18:23:30.269   299  1153 D EvsDriver: doneWithFrame
05-27 18:23:30.270 13911 14183 I SentryImuMcuAngleSender: -179.993rollDeg
05-27 18:23:30.270 13911 14183 I SentryImuMcuAngleSender: 1,0,0
05-27 18:23:30.271   581   581 I SpiService: fgesysctrl_getGPIO_status success val=1
05-27 18:23:30.271  1008 30857 D [OMXB]  : usingANWBuffer: handle:0xee743710, format:1, w:1920, h:1080
05-27 08:14:39.235   581   581 D spi_rst_gpio_get_output: GPIO 145 value: 1
05-27 08:14:39.235   581   581 D spidev_ioctl: gpio status=1)
05-27 18:23:30.276   581   581 I SpiService: fgesysctrl_getGPIO_status success val=1
05-27 08:14:39.241   581   581 D spi_rst_gpio_get_output: GPIO 145 value: 1
05-27 08:14:39.241   581   581 D spidev_ioctl: gpio status=1)
05-27 18:23:30.277   283   307 I rvcservice: t.code = 3, t.value = 0
05-27 18:23:30.278   536   536 D commservice260303: msg.id = 1028,0
05-27 18:23:30.278   536   536 D commservice260303: i = 170, msgid = 8A000404
05-27 18:23:30.278   536   536 D commservice260303: msgid = -1979710460,did=138
05-27 18:23:30.278   536   536 D commservice260303: CommProtocolLibCmdBaseI2C::dataproc {"command":{"id":"imu_status","sub":""},"content":{"TimeStamp":9,"FrameCounter":215225,"GD_X":-0.011453153565526009,"GD_Y":0.0048857564106583595,"GD_Z":0.002213752595707774,"AD_X":-0.0021483302116394043,"AD_Y":-0.0028826305642724037,"AD_Z":-0.17194843292236328,"TempDsp":0,"Status":0,"CalibState":1,"SigAmpInvalid":0}},-1979710460
05-27 18:23:30.279   536   536 D commservice260303: send2Cluster len:318, 7B22636F6D6D616E64223A7B226964223A22696D755F737461747573222C22737562223A22227D2C22636F6E74656E74223A7B2254696D655374616D70223A392C224672616D65436F756E746572223A3231353232352C2247445F58223A2D302E3031313435333135333536353532363030392C2247445F59223A302E303034383835373536343130363538333539352C2247445F5A223A302E3030323231333735323539353730373737342C2241445F58223A2D302E303032313438333330323131363339343034332C2241445F59223A2D302E303032383832363330353634323732343033372C2241445F5A223A2D302E31373139343834333239323233363332382C2254656D70447370223A302C22537461747573223A302C2243616C69625374617465223A312C22536967416D70496E76616C6964223A307D7D, 138 
05-27 18:23:30.279   536   536 D commservice260303: Push Message into SendPool fn=-1937374464
05-27 18:23:30.279   536   536 D commservice260303: ComProtocolLibSend2Cluster::send2ClusterRaw fn=-1937374464 , len=334
05-27 18:23:30.279   536   536 D commservice260303: sendCmdToPort :334!!!
05-27 18:23:30.279   536   536 D commservice260303: send Cmd To Port ++++5AA5014A8A010003868C6A16C6227B22636F6D6D616E64223A7B226964223A22696D755F737461747573222C22737562223A22227D2C22636F6E74656E74223A7B2254696D655374616D70223A392C224672616D65436F756E746572223A3231353232352C2247445F58223A2D302E3031313435333135333536353532363030392C2247445F59223A302E303034383835373536343130363538333539352C2247445F5A223A302E3030323231333735323539353730373737342C2241445F58223A2D302E303032313438333330323131363339343034332C2241445F59223A2D302E303032383832363330353634323732343033372C2241445F5A223A2D302E31373139343834333239323233363332382C2254656D70447370223A302C22537461747573223A302C2243616C69625374617465223A312C22536967416D70496E76616C6964223A307D7D40C5
05-27 18:23:30.279   536   536 D commservice260303: bufferevent_write retrun value = 0
05-27 18:23:30.279   536   560 D commservice260303: client datas send succeed,send finish
05-27 18:23:30.279 13911 14192 D Sentinelmode_1.2.5.17_sentry: <SentryImuClusterFgeSender>imu_status sent to Linux, frame=215225, tsNs=9277519, tsMs=9, intervalMs=40, ad=(-0.0021483302,-0.0028826306,-0.17194843), gd=(-0.011453154,0.0048857564,0.0022137526)
05-27 18:23:30.281   581   581 I SpiService: fgesysctrl_getGPIO_status success val=0
05-27 08:14:39.246   581   581 D spi_rst_gpio_get_output: GPIO 145 value: 0
05-27 08:14:39.246   581   581 D spidev_ioctl: gpio status=0)
05-27 18:23:30.290 13911 14183 I SentryImuMcuAngleSender: -179.993rollDeg
05-27 18:23:30.290 13911 14183 I SentryImuMcuAngleSender: 1,0,0
05-27 18:23:30.294   299 30844 D EvsDriver: forwardFrame
05-27 18:23:30.294   299 30841 D EvsDriver: forwardFrame
05-27 18:23:30.297   581   581 I SpiService: fgesysctrl_getGPIO_status success val=1
05-27 08:14:39.261   581   581 D spi_rst_gpio_get_output: GPIO 145 value: 1
05-27 08:14:39.261   581   581 D spidev_ioctl: gpio status=1)
05-27 18:23:30.297   299 30844 D EvsDriver: Delivered 0xb400007b7ca56900 as id 0
05-27 18:23:30.297  1167  1184 D evsmanagerd: /dev/video6 forwarded the buffer #0 to 0xb4000074bf5f5510 from 0xb4000074bf5f6d90
05-27 18:23:30.297  1167  1167 D evsmanagerd: /dev/video4 forwarded the buffer #0 to 0xb4000074bf5f6850 from 0xb4000074bf5f41d0
05-27 18:23:30.297 30773 30773 I dvr_service_: [myNum:1][onFrameReceived] Received Surface:1 0
05-27 18:23:30.297 30773 30782 I dvr_service_: [myNum:0][onFrameReceived] Received Surface:1 0
05-27 18:23:30.297 30773 30782 E dvr_service_: [myNum:0] Received S**** loss
05-27 18:23:30.297 30773 30773 E dvr_service_: [myNum:1] Received S**** loss
05-27 18:23:30.298   299 30841 D EvsDriver: Delivered 0xb400007b7ca56a60 as id 0
05-27 18:23:30.298   299  1153 D EvsDriver: doneWithFrame
05-27 18:23:30.298   299  1163 D EvsDriver: doneWithFrame
05-27 18:23:30.299  1008 30857 D [OMXB]  : usingANWBuffer: handle:0xee744b00, format:1, w:1920, h:1080
05-27 18:23:30.302   581   581 I SpiService: fgesysctrl_getGPIO_status success val=1
05-27 08:14:39.267   581   581 D spi_rst_gpio_get_output: GPIO 145 value: 1
05-27 08:14:39.267   581   581 D spidev_ioctl: gpio status=1)
05-27 18:23:30.308   581   581 I SpiService: fgesysctrl_getGPIO_status success val=1
05-27 08:14:39.272   581   581 D spi_rst_gpio_get_output: GPIO 145 value: 1
05-27 08:14:39.272   581   581 D spidev_ioctl: gpio status=1)
05-27 18:23:30.311 13911 14183 I SentryImuMcuAngleSender: -179.993rollDeg
05-27 18:23:30.311 13911 14183 I SentryImuMcuAngleSender: 1,0,0
05-27 18:23:30.313   581   581 I SpiService: fgesysctrl_getGPIO_status success val=1
05-27 18:23:30.316  1008 30856 D [OMXB]  : usingANWBuffer: handle:0xee744fd0, format:1, w:1920, h:1080
05-27 08:14:39.278   581   581 D spi_rst_gpio_get_output: GPIO 145 value: 1
05-27 08:14:39.278   581   581 D spidev_ioctl: gpio status=1)
05-27 18:23:30.318   581   581 I SpiService: fgesysctrl_getGPIO_status success val=1
05-27 18:23:30.319   536   536 D commservice260303: msg.id = 1028,1
05-27 18:23:30.319   536   536 D commservice260303: i = 170, msgid = 8A000404
05-27 18:23:30.319   536   536 D commservice260303: msgid = -1979710460,did=138
05-27 18:23:30.319   536   536 D commservice260303: CommProtocolLibCmdBaseI2C::dataproc {"command":{"id":"imu_status","sub":""},"content":{"TimeStamp":9,"FrameCounter":215226,"GD_X":-0.011147825978696346,"GD_Y":0.0057257963344454765,"GD_Z":0.002443138277158141,"AD_X":-0.003973811864852905,"AD_Y":-0.002864090260118246,"AD_Z":-0.1695089340209961,"TempDsp":0,"Status":0,"CalibState":1,"SigAmpInvalid":0}},-1979710460
05-27 18:23:30.319   536   536 D commservice260303: send2Cluster len:315, 7B22636F6D6D616E64223A7B226964223A22696D755F737461747573222C22737562223A22227D2C22636F6E74656E74223A7B2254696D655374616D70223A392C224672616D65436F756E746572223A3231353232362C2247445F58223A2D302E3031313134373832353937383639363334362C2247445F59223A302E303035373235373936333334343435343736352C2247445F5A223A302E3030323434333133383237373135383134312C2241445F58223A2D302E3030333937333831313836343835323930352C2241445F59223A2D302E3030323836343039303236303131383234362C2241445F5A223A2D302E313639353038393334303230393936312C2254656D70447370223A302C22537461747573223A302C2243616C69625374617465223A312C22536967416D70496E76616C6964223A307D7D, 138 
05-27 18:23:30.319   536   536 D commservice260303: Push Message into SendPool fn=-1920597248
05-27 18:23:30.319   536   536 D commservice260303: ComProtocolLibSend2Cluster::send2ClusterRaw fn=-1920597248 , len=331
05-27 18:23:30.320   536   536 D commservice260303: sendCmdToPort :331!!!
05-27 18:23:30.320   536   536 D commservice260303: send Cmd To Port ++++5AA501478A010003868D6A16C6227B22636F6D6D616E64223A7B226964223A22696D755F737461747573222C22737562223A22227D2C22636F6E74656E74223A7B2254696D655374616D70223A392C224672616D65436F756E746572223A3231353232362C2247445F58223A2D302E3031313134373832353937383639363334362C2247445F59223A302E303035373235373936333334343435343736352C2247445F5A223A302E3030323434333133383237373135383134312C2241445F58223A2D302E3030333937333831313836343835323930352C2241445F59223A2D302E3030323836343039303236303131383234362C2241445F5A223A2D302E313639353038393334303230393936312C2254656D70447370223A302C22537461747573223A302C2243616C69625374617465223A312C22536967416D70496E76616C6964223A307D7D905B
05-27 18:23:30.320   536   536 D commservice260303: bufferevent_write retrun value = 0
05-27 18:23:30.321   536   560 D commservice260303: client datas send succeed,send finish
05-27 08:14:39.283   581   581 D spi_rst_gpio_get_output: GPIO 145 value: 1
05-27 08:14:39.283   581   581 D spidev_ioctl: gpio status=1)
05-27 08:14:39.288   581   581 D spidev_ioctl: gpio status=0)
05-27 18:23:30.330 13911 14183 I SentryImuMcuAngleSender: 180.0rollDeg
05-27 18:23:30.330 13911 14183 I SentryImuMcuAngleSender: 1,0,0
05-27 18:23:30.331   299 30844 D EvsDriver: forwardFrame
05-27 18:23:30.332   299 30841 D EvsDriver: forwardFrame
05-27 18:23:30.333   299 30844 D EvsDriver: Delivered 0xb400007b7ca56900 as id 0
05-27 18:23:30.333  1167  1167 D evsmanagerd: /dev/video6 forwarded the buffer #0 to 0xb4000074bf5f5510 from 0xb4000074bf5f6d90
05-27 18:23:30.333   299 30841 D EvsDriver: Delivered 0xb400007b7ca56a60 as id 0
05-27 18:23:30.333  1167  1167 D evsmanagerd: /dev/video4 forwarded the buffer #0 to 0xb4000074bf5f6850 from 0xb4000074bf5f41d0
05-27 18:23:30.335   299  1153 D EvsDriver: doneWithFrame
05-27 18:23:30.335   299  1163 D EvsDriver: doneWithFrame
05-27 18:23:30.338  1008 30857 D [OMXB]  : usingANWBuffer: handle:0xee7440b0, format:1, w:1920, h:1080
05-27 18:23:30.338   581   581 I SpiService: fgesysctrl_getGPIO_status success val=1
05-27 08:14:39.303   581   581 D spi_rst_gpio_get_output: GPIO 145 value: 1
05-27 08:14:39.303   581   581 D spidev_ioctl: gpio status=1)
05-27 18:23:30.343   581   581 I SpiService: fgesysctrl_getGPIO_status success val=1
05-27 08:14:39.308   581   581 D spi_rst_gpio_get_output: GPIO 145 value: 1
05-27 08:14:39.308   581   581 D spidev_ioctl: gpio status=1)
05-27 18:23:30.348   536   560 D commservice260303: recv len:87, 5AA5005306000000364E6A16C6227B22636F6D6D616E64223A7B226964223A2268656172745F42656174222C22737562223A22227D2C22636F6E74656E74223A7B2274797065223A322C2276616C7565223A307D7D6454 from server
