05-27 18:23:23.308 13911 14192 D Sentinelmode_1.2.5.17_sentry: <SentryImuClusterFgeSender>imu_status sent to Linux, frame=215053, tsNs=9270547, tsMs=9, intervalMs=38, ad=(-0.009844109,2.4302467E-4,-0.16950417), gd=(-0.011987866,0.0049632587,0.0024431383)
05-27 18:23:23.309   566  1171 I gps_hdbd: [gps_upgrade_thread 3506]Enter
05-27 18:23:23.309   566  1171 I gps_hdbd: [gps_upgrade_thread 3535] sys.gps.update:0 ,file:not ,upgrate_ing:0
05-27 18:23:23.309   581   581 I SpiService: fgesysctrl_getGPIO_status success val=1
05-27 18:23:23.315   581   581 I SpiService: fgesysctrl_getGPIO_status success val=1
05-27 18:23:23.320   581   581 I SpiService: fgesysctrl_getGPIO_status success val=1
05-27 18:23:23.323 13911 14183 I SentryImuMcuAngleSender: 179.98598rollDeg
05-27 18:23:23.323 13911 14183 I SentryImuMcuAngleSender: 1,0,0
05-27 18:23:23.325   299 30844 D EvsDriver: forwardFrame
05-27 18:23:23.325   299 30841 D EvsDriver: forwardFrame
05-27 18:23:23.326   581   581 I SpiService: fgesysctrl_getGPIO_status success val=0
05-27 18:23:23.327   299 30844 D EvsDriver: Delivered 0xb400007b7ca56900 as id 0
05-27 18:23:23.327   481   597 I mcuc    : send SPI:6AA60165C300F80901560401098102010100000000000000000000000000000000000000000000000000000000000000000000000000000000000000000000000000000000000000000000000000000000000000000000000000000000000000000000000000000000000000000000000000000000000000000000000000000000000000000000000000000000000000000000000000000000000000000000000000000000000000000000000000000000000000000000000000000000000000000000000000000000000000000000000000000000000000000000000000000000000000000000000000000000000000000000000000000000000000000000EC
05-27 18:23:23.327  1167  1167 D evsmanagerd: /dev/video4 forwarded the buffer #0 to 0xb4000074bf5f6850 from 0xb4000074bf5f41d0
05-27 18:23:23.327  1167  1184 D evsmanagerd: /dev/video6 forwarded the buffer #0 to 0xb4000074bf5f5510 from 0xb4000074bf5f6d90
05-27 18:23:23.329   299 30841 D EvsDriver: Delivered 0xb400007b7ca56a60 as id 0
05-27 18:23:23.329   299  1153 D EvsDriver: doneWithFrame
05-27 18:23:23.329   299  1163 D EvsDriver: doneWithFrame
05-27 18:23:23.336  1008 30857 D [OMXB]  : usingANWBuffer: handle:0xee745600, format:1, w:1920, h:1080
05-27 18:23:23.342   581   581 I SpiService: fgesysctrl_getGPIO_status success val=1
05-27 18:23:23.343 13911 14183 I SentryImuMcuAngleSender: 179.986rollDeg
05-27 18:23:23.344 13911 14183 I SentryImuMcuAngleSender: 1,0,0
05-27 18:23:23.348   536   536 D commservice260303: msg.id = 1028,1
05-27 18:23:23.348   536   536 D commservice260303: i = 170, msgid = 8A000404
05-27 18:23:23.348   536   536 D commservice260303: msgid = -1979710460,did=138
05-27 18:23:23.348   581   581 I SpiService: fgesysctrl_getGPIO_status success val=1
05-27 18:23:23.348   536   536 D commservice260303: CommProtocolLibCmdBaseI2C::dataproc {"command":{"id":"imu_status","sub":""},"content":{"TimeStamp":9,"FrameCounter":215054,"GD_X":-0.011300750076770782,"GD_Y":0.004963258747011423,"GD_Z":0.0023671966046094894,"AD_X":-0.00919342041015625,"AD_Y":2.4171150289475918E-4,"AD_Z":-0.17011451721191406,"TempDsp":0,"Status":0,"CalibState":1,"SigAmpInvalid":0}},-1979710460
05-27 18:23:23.348   536   536 D commservice260303: send2Cluster len:315, 7B22636F6D6D616E64223A7B226964223A22696D755F737461747573222C22737562223A22227D2C22636F6E74656E74223A7B2254696D655374616D70223A392C224672616D65436F756E746572223A3231353035342C2247445F58223A2D302E3031313330303735303037363737303738322C2247445F59223A302E3030343936333235383734373031313432332C2247445F5A223A302E303032333637313936363034363039343839342C2241445F58223A2D302E30303931393334323034313031353632352C2241445F59223A322E34313731313530323839343735393138452D342C2241445F5A223A2D302E31373031313435313732313139313430362C2254656D70447370223A302C22537461747573223A302C2243616C69625374617465223A312C22536967416D70496E76616C6964223A307D7D, 138 
05-27 18:23:23.348   536   536 D commservice260303: Push Message into SendPool fn=-578485504
05-27 18:23:23.348   536   536 D commservice260303: ComProtocolLibSend2Cluster::send2ClusterRaw fn=-578485504 , len=331
05-27 18:23:23.348   536   536 D commservice260303: sendCmdToPort :331!!!
05-27 18:23:23.348   536   536 D commservice260303: send Cmd To Port ++++5AA501478A01000385DD6A16C61B7B22636F6D6D616E64223A7B226964223A22696D755F737461747573222C22737562223A22227D2C22636F6E74656E74223A7B2254696D655374616D70223A392C224672616D65436F756E746572223A3231353035342C2247445F58223A2D302E3031313330303735303037363737303738322C2247445F59223A302E3030343936333235383734373031313432332C2247445F5A223A302E303032333637313936363034363039343839342C2241445F58223A2D302E30303931393334323034313031353632352C2241445F59223A322E34313731313530323839343735393138452D342C2241445F5A223A2D302E31373031313435313732313139313430362C2254656D70447370223A302C22537461747573223A302C2243616C69625374617465223A312C22536967416D70496E76616C6964223A307D7D5605
05-27 18:23:23.348   536   536 D commservice260303: bufferevent_write retrun value = 0
05-27 18:23:23.348   536   560 D commservice260303: client datas send succeed,send finish
05-27 18:23:23.348 13911 14192 D Sentinelmode_1.2.5.17_sentry: <SentryImuClusterFgeSender>imu_status sent to Linux, frame=215054, tsNs=9270582, tsMs=9, intervalMs=40, ad=(-0.00919342,2.417115E-4,-0.17011452), gd=(-0.01130075,0.0049632587,0.0023671966)
05-27 18:23:23.350  1008 30856 D [OMXB]  : usingANWBuffer: handle:0xee7421c0, format:1, w:1920, h:1080
05-27 18:23:23.354   581   581 I SpiService: fgesysctrl_getGPIO_status success val=1
05-27 18:23:23.358   283   307 I rvcservice: t.code = 3, t.value = 0
05-27 18:23:23.360   299 30841 D EvsDriver: forwardFrame
05-27 18:23:23.360   299 30844 D EvsDriver: forwardFrame
05-27 18:23:23.362   581   581 I SpiService: fgesysctrl_getGPIO_status success val=1
05-27 18:23:23.362   299 30841 D EvsDriver: Delivered 0xb400007b7ca56a60 as id 0
05-27 18:23:23.362  1167  1167 D evsmanagerd: /dev/video4 forwarded the buffer #0 to 0xb4000074bf5f6850 from 0xb4000074bf5f41d0
05-27 18:23:23.364 13911 14183 I SentryImuMcuAngleSender: 179.98949rollDeg
05-27 18:23:23.364 13911 14183 I SentryImuMcuAngleSender: 1,0,0
05-27 18:23:23.366   299  1163 D EvsDriver: doneWithFrame
05-27 18:23:23.367   581   581 I SpiService: fgesysctrl_getGPIO_status success val=0
05-27 18:23:23.369   299 30844 D EvsDriver: Delivered 0xb400007b7ca56900 as id 0
05-27 18:23:23.370  1167  1167 D evsmanagerd: /dev/video6 forwarded the buffer #0 to 0xb4000074bf5f5510 from 0xb4000074bf5f6d90
05-27 18:23:23.373   299  1163 D EvsDriver: doneWithFrame
05-27 18:23:23.376   481   598 I mcuc    : rev,n=1,6AA68265C3000209014A
05-27 18:23:23.376 13549 13549 I ADAYO_LOG_: handleMessage(UsbFunc.java:352)copyQnx = 0
05-27 18:23:23.377 13549 13549 I ADAYO_LOG_: handleMessage(UsbFunc.java:404)copyState = 2
05-27 18:23:23.381   581   581 I SpiService: fgesysctrl_getGPIO_status success val=1
05-27 18:23:23.384 13911 14183 I SentryImuMcuAngleSender: 179.98949rollDeg
05-27 18:23:23.384 13911 14183 I SentryImuMcuAngleSender: 1,0,0
05-27 18:23:23.385   572   622 I Sensors : 230 GyroSensor: x:-0.010995,y:0.005345,z:0.002825
05-27 18:23:23.387   581   581 I SpiService: fgesysctrl_getGPIO_status success val=1
05-27 18:23:23.388   536   536 D commservice260303: msg.id = 1028,1
05-27 18:23:23.388   536   536 D commservice260303: i = 170, msgid = 8A000404
05-27 18:23:23.388   536   536 D commservice260303: msgid = -1979710460,did=138
05-27 18:23:23.388   536   536 D commservice260303: CommProtocolLibCmdBaseI2C::dataproc {"command":{"id":"imu_status","sub":""},"content":{"TimeStamp":9,"FrameCounter":215055,"GD_X":-0.010994902811944485,"GD_Y":0.005345047451555729,"GD_Z":0.0028249274473637342,"AD_X":0.0017569959163665771,"AD_Y":-3.646501572802663E-4,"AD_Z":-0.16828060150146484,"TempDsp":0,"Status":0,"CalibState":1,"SigAmpInvalid":0}},-1979710460
05-27 18:23:23.389   536   536 D commservice260303: send2Cluster len:316, 7B22636F6D6D616E64223A7B226964223A22696D755F737461747573222C22737562223A22227D2C22636F6E74656E74223A7B2254696D655374616D70223A392C224672616D65436F756E746572223A3231353035352C2247445F58223A2D302E3031303939343930323831313934343438352C2247445F59223A302E3030353334353034373435313535353732392C2247445F5A223A302E303032383234393237343437333633373334322C2241445F58223A302E303031373536393935393136333636353737312C2241445F59223A2D332E363436353031353732383032363633452D342C2241445F5A223A2D302E31363832383036303135303134363438342C2254656D70447370223A302C22537461747573223A302C2243616C69625374617465223A312C22536967416D70496E76616C6964223A307D7D, 138 
05-27 18:23:23.389   536   536 D commservice260303: Push Message into SendPool fn=-561708288
05-27 18:23:23.389   536   536 D commservice260303: ComProtocolLibSend2Cluster::send2ClusterRaw fn=-561708288 , len=332
05-27 18:23:23.389   536   536 D commservice260303: sendCmdToPort :332!!!
05-27 18:23:23.389   536   536 D commservice260303: send Cmd To Port ++++5AA501488A01000385DE6A16C61B7B22636F6D6D616E64223A7B226964223A22696D755F737461747573222C22737562223A22227D2C22636F6E74656E74223A7B2254696D655374616D70223A392C224672616D65436F756E746572223A3231353035352C2247445F58223A2D302E3031303939343930323831313934343438352C2247445F59223A302E3030353334353034373435313535353732392C2247445F5A223A302E303032383234393237343437333633373334322C2241445F58223A302E303031373536393935393136333636353737312C2241445F59223A2D332E363436353031353732383032363633452D342C2241445F5A223A2D302E31363832383036303135303134363438342C2254656D70447370223A302C22537461747573223A302C2243616C69625374617465223A312C22536967416D70496E76616C6964223A307D7DF33B
05-27 18:23:23.389   536   536 D commservice260303: bufferevent_write retrun value = 0
05-27 18:23:23.389   536   560 D commservice260303: client datas send succeed,send finish
05-27 18:23:23.389 13911 14192 D Sentinelmode_1.2.5.17_sentry: <SentryImuClusterFgeSender>imu_status sent to Linux, frame=215055, tsNs=9270636, tsMs=9, intervalMs=41, ad=(0.0017569959,-3.6465016E-4,-0.1682806), gd=(-0.010994903,0.0053450475,0.0028249274)
05-27 18:23:23.390   299 30844 D EvsDriver: forwardFrame
05-27 18:23:23.392   299 30844 D EvsDriver: Delivered 0xb400007b7ca56900 as id 0
05-27 18:23:23.392  1167  1167 D evsmanagerd: /dev/video6 forwarded the buffer #0 to 0xb4000074bf5f5510 from 0xb4000074bf5f6d90
05-27 18:23:23.392   581   581 I SpiService: fgesysctrl_getGPIO_status success val=1
05-27 08:14:32.357   581   581 D spidev_ioctl: gpio status=1)
05-27 18:23:23.394   299  1163 D EvsDriver: doneWithFrame
05-27 18:23:23.395   566 11459 I gps_hdbd: Received: '$GNGGA,003914.000,,,,,0,00,,,M,,M,,*69
'
05-27 18:23:23.398   581   581 I SpiService: fgesysctrl_getGPIO_status success val=1
05-27 18:23:23.399   299 30841 D EvsDriver: forwardFrame
05-27 18:23:23.400   299 30841 D EvsDriver: Delivered 0xb400007b7ca56a60 as id 0
05-27 18:23:23.400  1167  1167 D evsmanagerd: /dev/video4 forwarded the buffer #0 to 0xb4000074bf5f6850 from 0xb4000074bf5f41d0
05-27 18:23:23.400   566 11459 I gps_hdbd: Received: '$GNGSA,A,1,,,,,,,,,,,,,,,,1*1D
'
05-27 08:14:32.362   581   581 D spi_rst_gpio_get_output: GPIO 145 value: 1
05-27 08:14:32.362   581   581 D spidev_ioctl: gpio status=1)
05-27 18:23:23.401   566 11459 I gps_hdbd: Received: '$GNGSA,A,1,,,,,,,,,,,,,,,,3*1F
'
05-27 18:23:23.402   299  1163 D EvsDriver: doneWithFrame
05-27 18:23:23.403   581   581 I SpiService: fgesysctrl_getGPIO_status success val=1
05-27 18:23:23.405 13911 14183 I SentryImuMcuAngleSender: 179.98949rollDeg
05-27 18:23:23.405 13911 14183 I SentryImuMcuAngleSender: 1,0,0
05-27 08:14:32.368   581   581 D spidev_ioctl: gpio status=1)
05-27 18:23:23.406   566 11459 I gps_hdbd: Received: '$GNGSA,A,1,,,,,,,,,,,,,,,,4*18
'
05-27 18:23:23.406   566 11459 I gps_hdbd: Received: '$BDGSV,1,1,00,1*75
'
05-27 18:23:23.408   581   581 I SpiService: fgesysctrl_getGPIO_status success val=0
05-27 18:23:23.412   566 11459 I gps_hdbd: Received: '$BDGSV,1,1,00,5*71
'
05-27 18:23:23.412   566 11459 I gps_hdbd: Received: '$GPGSV,1,1,01,199,42,165,,1*60
'
05-27 18:23:23.412 11344 11344 E SystemUI_NavBarFragment: SysUIConfig.icCarServiceConnected：false
05-27 18:23:23.418   566 11459 I gps_hdbd: Received: '$GPGSV,1,1,00,8*6D
'
05-27 18:23:23.418   566 11459 I gps_hdbd: Received: '$GAGSV,1,1,00,7*73
'
05-27 18:23:23.418   566 11459 I gps_hdbd: Received: '$GAGSV,1,1,00,1*75
'
05-27 18:23:23.421   299 30841 D EvsDriver: forwardFrame
05-27 18:23:23.422   299 30841 D EvsDriver: Delivered 0xb400007b7ca56a60 as id 0
05-27 18:23:23.422   581   581 I SpiService: fgesysctrl_getGPIO_status success val=1
05-27 18:23:23.422  1167  1167 D evsmanagerd: /dev/video4 forwarded the buffer #0 to 0xb4000074bf5f6850 from 0xb4000074bf5f41d0
05-27 18:23:23.424   299  1163 D EvsDriver: doneWithFrame
05-27 18:23:23.425   299 30844 D EvsDriver: forwardFrame
05-27 18:23:23.425 13911 14183 I SentryImuMcuAngleSender: 179.993rollDeg
05-27 18:23:23.425 13911 14183 I SentryImuMcuAngleSender: 1,0,0
05-27 18:23:23.426   299 30844 D EvsDriver: Delivered 0xb400007b7ca56900 as id 0
05-27 18:23:23.426  1167  1167 D evsmanagerd: /dev/video6 forwarded the buffer #0 to 0xb4000074bf5f5510 from 0xb4000074bf5f6d90
05-27 18:23:23.428   581   581 I SpiService: fgesysctrl_getGPIO_status success val=1
05-27 18:23:23.429   536   536 D commservice260303: msg.id = 1028,0
05-27 18:23:23.429   536   536 D commservice260303: i = 170, msgid = 8A000404
05-27 18:23:23.429   536   536 D commservice260303: msgid = -1979710460,did=138
05-27 18:23:23.429   536   536 D commservice260303: CommProtocolLibCmdBaseI2C::dataproc {"command":{"id":"imu_status","sub":""},"content":{"TimeStamp":9,"FrameCounter":215056,"GD_X":-0.011223767884075642,"GD_Y":0.005420989356935024,"GD_Z":0.0019079053308814764,"AD_X":-0.0019174367189407349,"AD_Y":-9.672758169472218E-4,"AD_Z":-0.17071914672851562,"TempDsp":0,"Status":0,"CalibState":1,"SigAmpInvalid":0}},-1979710460
05-27 18:23:23.429   536   536 D commservice260303: send2Cluster len:317, 7B22636F6D6D616E64223A7B226964223A22696D755F737461747573222C22737562223A22227D2C22636F6E74656E74223A7B2254696D655374616D70223A392C224672616D65436F756E746572223A3231353035362C2247445F58223A2D302E3031313232333736373838343037353634322C2247445F59223A302E3030353432303938393335363933353032342C2247445F5A223A302E303031393037393035333330383831343736342C2241445F58223A2D302E303031393137343336373138393430373334392C2241445F59223A2D392E363732373538313639343732323138452D342C2241445F5A223A2D302E31373037313931343637323835313536322C2254656D70447370223A302C22537461747573223A302C2243616C69625374617465223A312C22536967416D70496E76616C6964223A307D7D, 138 
05-27 18:23:23.429   536   536 D commservice260303: Push Message into SendPool fn=-544931072
05-27 18:23:23.429   536   536 D commservice260303: ComProtocolLibSend2Cluster::send2ClusterRaw fn=-544931072 , len=333
05-27 18:23:23.429   536   536 D commservice260303: sendCmdToPort :333!!!
05-27 18:23:23.429   536   536 D commservice260303: send Cmd To Port ++++5AA501498A01000385DF6A16C61B7B22636F6D6D616E64223A7B226964223A22696D755F737461747573222C22737562223A22227D2C22636F6E74656E74223A7B2254696D655374616D70223A392C224672616D65436F756E746572223A3231353035362C2247445F58223A2D302E3031313232333736373838343037353634322C2247445F59223A302E3030353432303938393335363933353032342C2247445F5A223A302E303031393037393035333330383831343736342C2241445F58223A2D302E303031393137343336373138393430373334392C2241445F59223A2D392E363732373538313639343732323138452D342C2241445F5A223A2D302E31373037313931343637323835313536322C2254656D70447370223A302C22537461747573223A302C2243616C69625374617465223A312C22536967416D70496E76616C6964223A307D7DD7D4
05-27 18:23:23.429   536   536 D commservice260303: bufferevent_write retrun value = 0
05-27 18:23:23.429   536   560 D commservice260303: client datas send succeed,send finish
05-27 18:23:23.429   299  1163 D EvsDriver: doneWithFrame
05-27 18:23:23.429 13911 14192 D Sentinelmode_1.2.5.17_sentry: <SentryImuClusterFgeSender>imu_status sent to Linux, frame=215056, tsNs=9270674, tsMs=9, intervalMs=40, ad=(-0.0019174367,-9.672758E-4,-0.17071915), gd=(-0.011223768,0.0054209894,0.0019079053)
05-27 18:23:23.430   566 11459 I gps_hdbd: Received: '$GNRMC,003914.000,V,,,,,,,270526,120.0,E,N,V*4A
'
05-27 18:23:23.431   566 11459 I gps_hdbd: RMC : CALL gnss_sv_status_cb, view_in_sat <1>
05-27 18:23:23.431   566 11459 I gps_hdbd: [reportSvStatus]--->PLATFORM_BSP::Enter
05-27 18:23:23.431   566 11459 I gps_hdbd: hy abnormal deal:hy_cnr30_satellite_cnt=0
05-27 18:23:23.431  1083  1083 W MyAppLog: [2026-05-27 18:23:23.431 W tboxap gpsSyncGpsInfoToDm:361] [Gps] [gpsSyncGpsInfoToDm] fix=0 mode=49 corner:0x01 alt=0.00 sat=0 hdop=0.00 pdop=0.00 vdop=0.00
05-27 18:23:23.431   566 11459 D gps_hdbd: hy abnormal deal:hy_fixStatus_fail_count=0
05-27 18:23:23.432   566 11459 I gps_hdbd: Received: '$GNZDA,003914.000,27,05,2026,00,00*41
'
05-27 18:23:23.434   581   581 I SpiService: fgesysctrl_getGPIO_status success val=1
05-27 18:23:23.439   581   581 I SpiService: fgesysctrl_getGPIO_status success val=1
05-27 18:23:23.445   536   560 D commservice260303: recv len:77, 5AA500490600000036446A16C61B7B22636F6D6D616E64223A7B226964223A226473695F6C7578222C22737562223A22227D2C22636F6E74656E74223A7B2276616C7565223A3230307D7D71E6 from server
05-27 18:23:23.445   536  2578 D commservice260303: mcuDataAnalyzeHandle templen:77,len:77,pos:0, 5AA500490600000036446A16C61B7B22636F6D6D616E64223A7B226964223A226473695F6C7578222C22737562223A22227D2C22636F6E74656E74223A7B2276616C7565223A3230307D7D71E6 
05-27 18:23:23.445   536  2578 I commservice260303: checksumCal = 29158
05-27 18:23:23.445   536  2578 D commservice260303: CommProtocolLibCmdBaseC2I::dataproc {"command":{"id":"dsi_lux","sub":""},"content":{"value":200}},6
05-27 18:23:23.445   581   581 I SpiService: fgesysctrl_getGPIO_status success val=1
05-27 18:23:23.445   536  2578 D commservice260303: mcuCommMessageManager::notifyMsgToClient hwbinder OK
05-27 18:23:23.445   536  2578 D commservice260303: McuProtocolLibSend2Service::send2Service ret=1
05-27 18:23:23.445 12246 12440 D ivicomm_CommManager: fgeComServiceCallback: {"command":{"id":"dsi_lux","sub":""},"content":{"value":200}}
05-27 18:23:23.445 12246 12440 D ivicomm_CallbackManager: registerCallback DSI_LUX: {"value":200} mCommStateCallbackMap size:4
05-27 18:23:23.446 13911 14183 I SentryImuMcuAngleSender: 179.993rollDeg
05-27 18:23:23.446 13911 14183 I SentryImuMcuAngleSender: 1,0,0
05-27 18:23:23.446 11579 11619 D NSLogUtils_VehicleService: L2A comm state: id=dsi_lux, value=200
05-27 18:23:23.446 11344  6590 D SystemUI_SystemSettingsControllerService: onCommState: commandID = dsi_lux; value = 200
05-27 08:14:32.409   581   581 D spidev_ioctl: gpio status=1)
05-27 18:23:23.450  1008 30857 D [OMXB]  : usingANWBuffer: handle:0xee746cb0, format:1, w:1920, h:1080
05-27 18:23:23.450   581   581 I SpiService: fgesysctrl_getGPIO_status success val=0
05-27 18:23:23.453   566 11459 I gps_hdbd: Received: '$GNINS,1,1,TYPE,I,V,003914.000,17865000,FUS,-5,0,0,0,MOT,V,1,PATT,0.00,0.00,0.00,VEL,0.000,0.000,0.000,POS,40.0001330924,116.0001570688,84.176,IIA,1,0.00,0.00,0.00,BGA,0.31,-0.66,-0.13,0.000,0.000,0.000,IGA,0,-1,0,0,-2,98,VG,16c2ff1*17
'
05-27 08:14:32.415   581   581 D spi_rst_gpio_get_output: GPIO 145 value: 0
05-27 08:14:32.415   581   581 D spidev_ioctl: gpio status=0)
05-27 18:23:23.458   566 11459 I gps_hdbd: Received: '$GNINS,CARSPEED,ADR_STATUS,0,Pulse_count,0,1,0,0,17865000,92500,0.000,0.000,0.000*35
'
05-27 18:23:23.458   283   307 I rvcservice: t.code = 7, t.value = 9270582
05-27 18:23:23.462   299 30844 D EvsDriver: forwardFrame
05-27 18:23:23.464  1167  1167 D evsmanagerd: /dev/video6 forwarded the buffer #0 to 0xb4000074bf5f5510 from 0xb4000074bf5f6d90
05-27 18:23:23.464   299 30844 D EvsDriver: Delivered 0xb400007b7ca56900 as id 0
05-27 18:23:23.464 30773 30782 E dvr_service_: [myNum:1] Received S**** loss
05-27 18:23:23.465   581   581 I SpiService: fgesysctrl_getGPIO_status success val=1
05-27 18:23:23.465   299  1163 D EvsDriver: doneWithFrame
05-27 18:23:23.465   299 30841 D EvsDriver: forwardFrame
05-27 18:23:23.465   566 11459 I gps_hdbd: Received: '$GNTXT,04,01,04,INS,V,1,,,,FLG,1,000000,1,0,1,0,0,Con,0*71
'
05-27 18:23:23.466 13911 14183 I SentryImuMcuAngleSender: 179.993rollDeg
05-27 18:23:23.466 13911 14183 I SentryImuMcuAngleSender: 1,0,0
05-27 18:23:23.466   299 30841 D EvsDriver: Delivered 0xb400007b7ca56a60 as id 0
05-27 18:23:23.466  1167  1167 D evsmanagerd: /dev/video4 forwarded the buffer #0 to 0xb4000074bf5f6850 from 0xb4000074bf5f41d0
05-27 18:23:23.466 30773 30782 E dvr_service_: [myNum:0] Received S**** loss
05-27 18:23:23.467   299  1163 D EvsDriver: doneWithFrame
05-27 18:23:23.468   536   536 D commservice260303: msg.id = 1028,0
05-27 18:23:23.468   536   536 D commservice260303: i = 170, msgid = 8A000404
05-27 18:23:23.468  1008 30856 D [OMXB]  : usingANWBuffer: handle:0xee742530, format:1, w:1920, h:1080
05-27 18:23:23.468   536   536 D commservice260303: msgid = -1979710460,did=138
05-27 18:23:23.468   536   536 D commservice260303: CommProtocolLibCmdBaseI2C::dataproc {"command":{"id":"imu_status","sub":""},"content":{"TimeStamp":9,"FrameCounter":215057,"GD_X":-0.011223767884075642,"GD_Y":0.005420989356935024,"GD_Z":0.0019079053308814764,"AD_X":-0.0019174367189407349,"AD_Y":-9.672758169472218E-4,"AD_Z":-0.17071914672851562,"TempDsp":0,"Status":0,"CalibState":1,"SigAmpInvalid":0}},-1979710460
05-27 18:23:23.468   536   536 D commservice260303: send2Cluster len:317, 7B22636F6D6D616E64223A7B226964223A22696D755F737461747573222C22737562223A22227D2C22636F6E74656E74223A7B2254696D655374616D70223A392C224672616D65436F756E746572223A3231353035372C2247445F58223A2D302E3031313232333736373838343037353634322C2247445F59223A302E3030353432303938393335363933353032342C2247445F5A223A302E303031393037393035333330383831343736342C2241445F58223A2D302E303031393137343336373138393430373334392C2241445F59223A2D392E363732373538313639343732323138452D342C2241445F5A223A2D302E31373037313931343637323835313536322C2254656D70447370223A302C22537461747573223A302C2243616C69625374617465223A312C22536967416D70496E76616C6964223A307D7D, 138 
05-27 18:23:23.469   536   536 D commservice260303: Push Message into SendPool fn=-528153856
05-27 18:23:23.469   536   536 D commservice260303: ComProtocolLibSend2Cluster::send2ClusterRaw fn=-528153856 , len=333
05-27 18:23:23.469   536   536 D commservice260303: sendCmdToPort :333!!!
05-27 18:23:23.469   536   536 D commservice260303: send Cmd To Port ++++5AA501498A01000385E06A16C61B7B22636F6D6D616E64223A7B226964223A22696D755F737461747573222C22737562223A22227D2C22636F6E74656E74223A7B2254696D655374616D70223A392C224672616D65436F756E746572223A3231353035372C2247445F58223A2D302E3031313232333736373838343037353634322C2247445F59223A302E3030353432303938393335363933353032342C2247445F5A223A302E303031393037393035333330383831343736342C2241445F58223A2D302E303031393137343336373138393430373334392C2241445F59223A2D392E363732373538313639343732323138452D342C2241445F5A223A2D302E31373037313931343637323835313536322C2254656D70447370223A302C22537461747573223A302C2243616C69625374617465223A312C22536967416D70496E76616C6964223A307D7D8D8C
05-27 18:23:23.469   536   536 D commservice260303: bufferevent_write retrun value = 0
05-27 18:23:23.469   536   560 D commservice260303: client datas send succeed,send finish
05-27 18:23:23.469 13911 14192 D Sentinelmode_1.2.5.17_sentry: <SentryImuClusterFgeSender>imu_status sent to Linux, frame=215057, tsNs=9270674, tsMs=9, intervalMs=40, ad=(-0.0019174367,-9.672758E-4,-0.17071915), gd=(-0.011223768,0.0054209894,0.0019079053)
05-27 18:23:23.470   581   581 I SpiService: fgesysctrl_getGPIO_status success val=1
05-27 18:23:23.470   566 11459 I gps_hdbd: Received: '$GNTXT,INSTALL,0.00,0.00,0.00,0.00,0.00,0.00,0*20
'
05-27 08:14:32.435   581   581 D spidev_ioctl: gpio status=1)
05-27 18:23:23.476   581   581 I SpiService: fgesysctrl_getGPIO_status success val=1
05-27 08:14:32.440   581   581 D spidev_ioctl: gpio status=1)
05-27 18:23:23.481   581   581 I SpiService: fgesysctrl_getGPIO_status success val=1
05-27 18:23:23.486  1008 30857 D [OMXB]  : usingANWBuffer: handle:0xee7433a0, format:1, w:1920, h:1080
05-27 18:23:23.486 13911 14183 I SentryImuMcuAngleSender: 179.993rollDeg
05-27 18:23:23.486 13911 14183 I SentryImuMcuAngleSender: 1,0,0
05-27 18:23:23.487   581   581 I SpiService: fgesysctrl_getGPIO_status success val=1
05-27 18:23:23.492   299 30841 D EvsDriver: forwardFrame
05-27 18:23:23.492   581   581 I SpiService: fgesysctrl_getGPIO_status success val=0
05-27 18:23:23.492   299 30844 D EvsDriver: forwardFrame
05-27 18:23:23.492   572   622 I Sensors : 230 AccelSensor: x:-0.174459,y:0.001220,z:-9.978380
05-27 18:23:23.494   299 30841 D EvsDriver: Delivered 0xb400007b7ca56a60 as id 0
05-27 18:23:23.494  1167  1167 D evsmanagerd: /dev/video4 forwarded the buffer #0 to 0xb4000074bf5f6850 from 0xb4000074bf5f41d0
05-27 18:23:23.495   299 30844 D EvsDriver: Delivered 0xb400007b7ca56900 as id 0
05-27 18:23:23.495  1167  1167 D evsmanagerd: /dev/video6 forwarded the buffer #0 to 0xb4000074bf5f5510 from 0xb4000074bf5f6d90
05-27 18:23:23.499   299  1163 D EvsDriver: doneWithFrame
05-27 18:23:23.501   299  1153 D EvsDriver: doneWithFrame
05-27 18:23:23.502 15863 15863 D AIN-NaviLocationPresenter: ACC is OFF, skip upload location
05-27 18:23:23.505  1008 30856 D [OMXB]  : usingANWBuffer: handle:0xee744fd0, format:1, w:1920, h:1080
05-27 18:23:23.507 13911 14183 I SentryImuMcuAngleSender: 179.993rollDeg
05-27 18:23:23.507 13911 14183 I SentryImuMcuAngleSender: 1,0,0
05-27 18:23:23.508   581   581 I SpiService: fgesysctrl_getGPIO_status success val=1
05-27 18:23:23.509   536   536 D commservice260303: msg.id = 1028,0
05-27 18:23:23.509   536   536 D commservice260303: i = 170, msgid = 8A000404
05-27 18:23:23.509   536   536 D commservice260303: msgid = -1979710460,did=138
05-27 18:23:23.509   536   536 D commservice260303: CommProtocolLibCmdBaseI2C::dataproc {"command":{"id":"imu_status","sub":""},"content":{"TimeStamp":9,"FrameCounter":215058,"GD_X":-0.011987865902483463,"GD_Y":0.004733873065561056,"GD_Z":0.002519079949706793,"AD_X":-0.006770148873329163,"AD_Y":-9.506919886916876E-4,"AD_Z":-0.17316436767578125,"TempDsp":0,"Status":0,"CalibState":1,"SigAmpInvalid":0}},-1979710460
05-27 18:23:23.509   536   536 D commservice260303: send2Cluster len:315, 7B22636F6D6D616E64223A7B226964223A22696D755F737461747573222C22737562223A22227D2C22636F6E74656E74223A7B2254696D655374616D70223A392C224672616D65436F756E746572223A3231353035382C2247445F58223A2D302E3031313938373836353930323438333436332C2247445F59223A302E3030343733333837333036353536313035362C2247445F5A223A302E3030323531393037393934393730363739332C2241445F58223A2D302E3030363737303134383837333332393136332C2241445F59223A2D392E353036393139383836393136383736452D342C2241445F5A223A2D302E31373331363433363736373537383132352C2254656D70447370223A302C22537461747573223A302C2243616C69625374617465223A312C22536967416D70496E76616C6964223A307D7D, 138 
05-27 18:23:23.509   536   536 D commservice260303: Push Message into SendPool fn=-511376640
05-27 18:23:23.509   536   536 D commservice260303: ComProtocolLibSend2Cluster::send2ClusterRaw fn=-511376640 , len=331
05-27 18:23:23.509   536   536 D commservice260303: sendCmdToPort :331!!!
05-27 18:23:23.509   536   536 D commservice260303: send Cmd To Port ++++5AA501478A01000385E16A16C61B7B22636F6D6D616E64223A7B226964223A22696D755F737461747573222C22737562223A22227D2C22636F6E74656E74223A7B2254696D655374616D70223A392C224672616D65436F756E746572223A3231353035382C2247445F58223A2D302E3031313938373836353930323438333436332C2247445F59223A302E3030343733333837333036353536313035362C2247445F5A223A302E3030323531393037393934393730363739332C2241445F58223A2D302E3030363737303134383837333332393136332C2241445F59223A2D392E353036393139383836393136383736452D342C2241445F5A223A2D302E31373331363433363736373537383132352C2254656D70447370223A302C22537461747573223A302C2243616C69625374617465223A312C22536967416D70496E76616C6964223A307D7D7319
05-27 18:23:23.509   536   536 D commservice260303: bufferevent_write retrun value = 0
05-27 18:23:23.509   536   560 D commservice260303: client datas send succeed,send finish
05-27 18:23:23.510 13911 14192 D Sentinelmode_1.2.5.17_sentry: <SentryImuClusterFgeSender>imu_status sent to Linux, frame=215058, tsNs=9270743, tsMs=9, intervalMs=40, ad=(-0.006770149,-9.50692E-4,-0.17316437), gd=(-0.011987866,0.004733873,0.00251908)
05-27 18:23:23.514   581   581 I SpiService: fgesysctrl_getGPIO_status success val=1
05-27 18:23:23.519   581   581 I SpiService: fgesysctrl_getGPIO_status success val=1
05-27 18:23:23.524   581   581 I SpiService: fgesysctrl_getGPIO_status success val=1
05-27 18:23:23.527 13911 14183 I SentryImuMcuAngleSender: -179.99649rollDeg
05-27 18:23:23.527 13911 14183 I SentryImuMcuAngleSender: 1,0,0
05-27 18:23:23.529  1008 30857 D [OMXB]  : usingANWBuffer: handle:0xee745760, format:1, w:1920, h:1080
05-27 18:23:23.530   581   581 I SpiService: fgesysctrl_getGPIO_status success val=0
05-27 18:23:23.531   299 30841 D EvsDriver: forwardFrame
05-27 18:23:23.535  1167  1184 D evsmanagerd: /dev/video4 forwarded the buffer #0 to 0xb4000074bf5f6850 from 0xb4000074bf5f41d0
05-27 18:23:23.535   299 30841 D EvsDriver: Delivered 0xb400007b7ca56a60 as id 0
05-27 18:23:23.538   299 30844 D EvsDriver: forwardFrame
05-27 18:23:23.538   299  1153 D EvsDriver: doneWithFrame
05-27 18:23:23.540   299 30844 D EvsDriver: Delivered 0xb400007b7ca56900 as id 0
05-27 18:23:23.540  1167  1184 D evsmanagerd: /dev/video6 forwarded the buffer #0 to 0xb4000074bf5f5510 from 0xb4000074bf5f6d90
05-27 18:23:23.544   299  1153 D EvsDriver: doneWithFrame
05-27 18:23:23.545   581   581 I SpiService: fgesysctrl_getGPIO_status success val=1
05-27 18:23:23.547 13911 14183 I SentryImuMcuAngleSender: 179.99298rollDeg
05-27 18:23:23.547 13911 14183 I SentryImuMcuAngleSender: 1,0,0
05-27 18:23:23.549   536   536 D commservice260303: msg.id = 1028,0
05-27 18:23:23.549   536   536 D commservice260303: i = 170, msgid = 8A000404
05-27 18:23:23.549   536   536 D commservice260303: msgid = -1979710460,did=138
05-27 18:23:23.549   536   536 D commservice260303: CommProtocolLibCmdBaseI2C::dataproc {"command":{"id":"imu_status","sub":""},"content":{"TimeStamp":9,"FrameCounter":215059,"GD_X":-0.011377211660146713,"GD_Y":0.004352083895355463,"GD_Z":0.002747945487499237,"AD_X":-0.004295423626899719,"AD_Y":-9.296503849327564E-4,"AD_Z":-0.16706466674804688,"TempDsp":0,"Status":0,"CalibState":1,"SigAmpInvalid":0}},-1979710460
05-27 18:23:23.549   536   536 D commservice260303: send2Cluster len:315, 7B22636F6D6D616E64223A7B226964223A22696D755F737461747573222C22737562223A22227D2C22636F6E74656E74223A7B2254696D655374616D70223A392C224672616D65436F756E746572223A3231353035392C2247445F58223A2D302E3031313337373231313636303134363731332C2247445F59223A302E3030343335323038333839353335353436332C2247445F5A223A302E3030323734373934353438373439393233372C2241445F58223A2D302E3030343239353432333632363839393731392C2241445F59223A2D392E323936353033383439333237353634452D342C2241445F5A223A2D302E31363730363436363637343830343638382C2254656D70447370223A302C22537461747573223A302C2243616C69625374617465223A312C22536967416D70496E76616C6964223A307D7D, 138 
05-27 18:23:23.549   536   536 D commservice260303: Push Message into SendPool fn=-494599424
05-27 18:23:23.549   536   536 D commservice260303: ComProtocolLibSend2Cluster::send2ClusterRaw fn=-494599424 , len=331
05-27 18:23:23.549   536   536 D commservice260303: sendCmdToPort :331!!!
05-27 18:23:23.549   536   536 D commservice260303: send Cmd To Port ++++5AA501478A01000385E26A16C61B7B22636F6D6D616E64223A7B226964223A22696D755F737461747573222C22737562223A22227D2C22636F6E74656E74223A7B2254696D655374616D70223A392C224672616D65436F756E746572223A3231353035392C2247445F58223A2D302E3031313337373231313636303134363731332C2247445F59223A302E3030343335323038333839353335353436332C2247445F5A223A302E3030323734373934353438373439393233372C2241445F58223A2D302E3030343239353432333632363839393731392C2241445F59223A2D392E323936353033383439333237353634452D342C2241445F5A223A2D302E31363730363436363637343830343638382C2254656D70447370223A302C22537461747573223A302C2243616C69625374617465223A312C22536967416D70496E76616C6964223A307D7D8F34
05-27 18:23:23.549   536   536 D commservice260303: bufferevent_write retrun value = 0
05-27 18:23:23.549   536   560 D commservice260303: client datas send succeed,send finish
05-27 18:23:23.550 13911 14192 D Sentinelmode_1.2.5.17_sentry: <SentryImuClusterFgeSender>imu_status sent to Linux, frame=215059, tsNs=9270796, tsMs=9, intervalMs=40, ad=(-0.0042954236,-9.296504E-4,-0.16706467), gd=(-0.011377212,0.004352084,0.0027479455)
05-27 18:23:23.551   581   581 I SpiService: fgesysctrl_getGPIO_status success val=1
05-27 18:23:23.552  1008 30856 D [OMXB]  : usingANWBuffer: handle:0xee743c90, format:1, w:1920, h:1080
05-27 18:23:23.556   581   581 I SpiService: fgesysctrl_getGPIO_status success val=1
05-27 18:23:23.558   536  2579 D commservice260303: send heart beat package to Cluster
05-27 18:23:23.558   536  2579 D commservice260303: send2Cluster len:40, 7B22636F6D6D616E64223A7B226964223A22686561727462656174222C22737562223A22227D7D0A, 129 
05-27 18:23:23.558   536  2579 D commservice260303: Push Message into SendPool fn=-477822208
05-27 18:23:23.558   536  2579 D commservice260303: ComProtocolLibSend2Cluster::send2ClusterRaw fn=-477822208 , len=56
05-27 18:23:23.558   283   307 I rvcservice: t.code = 3, t.value = 0
05-27 18:23:23.558   536  2579 D commservice260303: sendCmdToPort :56!!!
05-27 18:23:23.558   536  2579 D commservice260303: send Cmd To Port ++++5AA500348101000385E36A16C61B7B22636F6D6D616E64223A7B226964223A22686561727462656174222C22737562223A22227D7D0A707F
05-27 18:23:23.559   536  2579 D commservice260303: bufferevent_write retrun value = 0
05-27 18:23:23.559   536   560 D commservice260303: client datas send succeed,send finish
05-27 18:23:23.560   536   560 D commservice260303: recv len:91, 5AA500570100000036456A16C61B7B22636F6D6D616E64223A7B226964223A22686561727462656174222C22737562223A22227D2C22726573706F6E65223A7B22636F6465223A302C226D657373616765223A226F6B227D7D250F from server
05-27 18:23:23.561   536  2578 D commservice260303: mcuDataAnalyzeHandle templen:91,len:91,pos:0, 5AA500570100000036456A16C61B7B22636F6D6D616E64223A7B226964223A22686561727462656174222C22737562223A22227D2C22726573706F6E65223A7B22636F6465223A302C226D657373616765223A226F6B227D7D250F 
05-27 18:23:23.561   536  2578 I commservice260303: checksumCal = 9487
05-27 18:23:23.561   299 30841 D EvsDriver: forwardFrame
05-27 18:23:23.561   536  2578 D commservice260303: Protocol_C2I_Commservice::dataproc {"command":{"id":"heartbeat","sub":""},"respone":{"code":0,"message":"ok"}},1
05-27 18:23:23.561   536  2578 D commservice260303: Protocol_C2I_Commservice::dataproc Receive a heartbeat command from Cluster, setTcpHeartbeat = EID_UID_HEARTBEAT
05-27 18:23:23.562   581   581 I SpiService: fgesysctrl_getGPIO_status success val=1
05-27 18:23:23.563   299 30844 D EvsDriver: forwardFrame
05-27 18:23:23.565   299 30841 D EvsDriver: Delivered 0xb400007b7ca56a60 as id 0
05-27 18:23:23.565  1167  1184 D evsmanagerd: /dev/video4 forwarded the buffer #0 to 0xb4000074bf5f6850 from 0xb4000074bf5f41d0
05-27 18:23:23.565   299 30844 D EvsDriver: Delivered 0xb400007b7ca56900 as id 0
05-27 18:23:23.565  1167  1184 D evsmanagerd: /dev/video6 forwarded the buffer #0 to 0xb4000074bf5f5510 from 0xb4000074bf5f6d90
05-27 18:23:23.567   299  1153 D EvsDriver: doneWithFrame
05-27 18:23:23.568 13911 14183 I SentryImuMcuAngleSender: 179.98598rollDeg
05-27 18:23:23.568 13911 14183 I SentryImuMcuAngleSender: 1,0,0
05-27 18:23:23.568   581   581 I SpiService: fgesysctrl_getGPIO_status success val=1
05-27 18:23:23.569  1008 30857 D [OMXB]  : usingANWBuffer: handle:0xee746c00, format:1, w:1920, h:1080
05-27 18:23:23.570   299  1153 D EvsDriver: doneWithFrame
05-27 18:23:23.574   581   581 I SpiService: fgesysctrl_getGPIO_status success val=0
05-27 18:23:23.581   572   572 I Sensors : 230 GyroSensor: x:-0.012064,y:0.005574,z:0.002138
05-27 18:23:23.588   299 30844 D EvsDriver: forwardFrame
05-27 18:23:23.589   581   581 I SpiService: fgesysctrl_getGPIO_status success val=1
05-27 18:23:23.589 13911 14183 I SentryImuMcuAngleSender: 179.97897rollDeg
05-27 18:23:23.589 13911 14183 I SentryImuMcuAngleSender: 1,0,0
05-27 18:23:23.589   299 30844 D EvsDriver: Delivered 0xb400007b7ca56900 as id 0
05-27 18:23:23.589   536   536 D commservice260303: msg.id = 1028,0
05-27 18:23:23.589   536   536 D commservice260303: i = 170, msgid = 8A000404
05-27 18:23:23.589  1167  1184 D evsmanagerd: /dev/video6 forwarded the buffer #0 to 0xb4000074bf5f5510 from 0xb4000074bf5f6d90
05-27 18:23:23.589   536   536 D commservice260303: msgid = -1979710460,did=138
05-27 18:23:23.589   536   536 D commservice260303: CommProtocolLibCmdBaseI2C::dataproc {"command":{"id":"imu_status","sub":""},"content":{"TimeStamp":9,"FrameCounter":215060,"GD_X":-0.012063807807862759,"GD_Y":0.005573912989348173,"GD_Z":0.0021378109231591225,"AD_X":-0.0042901188135147095,"AD_Y":0.0015034291427582502,"AD_Z":-0.16706466674804688,"TempDsp":0,"Status":0,"CalibState":1,"SigAmpInvalid":0}},-1979710460
05-27 18:23:23.589   536   536 D commservice260303: send2Cluster len:317, 7B22636F6D6D616E64223A7B226964223A22696D755F737461747573222C22737562223A22227D2C22636F6E74656E74223A7B2254696D655374616D70223A392C224672616D65436F756E746572223A3231353036302C2247445F58223A2D302E3031323036333830373830373836323735392C2247445F59223A302E3030353537333931323938393334383137332C2247445F5A223A302E303032313337383130393233313539313232352C2241445F58223A2D302E303034323930313138383133353134373039352C2241445F59223A302E303031353033343239313432373538323530322C2241445F5A223A2D302E31363730363436363637343830343638382C2254656D70447370223A302C22537461747573223A302C2243616C69625374617465223A312C22536967416D70496E76616C6964223A307D7D, 138 
05-27 18:23:23.589   536   536 D commservice260303: Push Message into SendPool fn=-461044992
05-27 18:23:23.589   536   536 D commservice260303: ComProtocolLibSend2Cluster::send2ClusterRaw fn=-461044992 , len=333
05-27 18:23:23.589   536   536 D commservice260303: sendCmdToPort :333!!!
05-27 18:23:23.590   536   536 D commservice260303: send Cmd To Port ++++5AA501498A01000385E46A16C61B7B22636F6D6D616E64223A7B226964223A22696D755F737461747573222C22737562223A22227D2C22636F6E74656E74223A7B2254696D655374616D70223A392C224672616D65436F756E746572223A3231353036302C2247445F58223A2D302E3031323036333830373830373836323735392C2247445F59223A302E3030353537333931323938393334383137332C2247445F5A223A302E303032313337383130393233313539313232352C2241445F58223A2D302E303034323930313138383133353134373039352C2241445F59223A302E303031353033343239313432373538323530322C2241445F5A223A2D302E31363730363436363637343830343638382C2254656D70447370223A302C22537461747573223A302C2243616C69625374617465223A312C22536967416D70496E76616C6964223A307D7DBA92
05-27 18:23:23.590   536   536 D commservice260303: bufferevent_write retrun value = 0
05-27 18:23:23.590   536   560 D commservice260303: client datas send succeed,send finish
05-27 18:23:23.590 13911 14192 D Sentinelmode_1.2.5.17_sentry: <SentryImuClusterFgeSender>imu_status sent to Linux, frame=215060, tsNs=9270832, tsMs=9, intervalMs=40, ad=(-0.004290119,0.0015034291,-0.16706467), gd=(-0.012063808,0.005573913,0.002137811)
05-27 18:23:23.593   299  1153 D EvsDriver: doneWithFrame
05-27 18:23:23.593  1008 30856 D [OMXB]  : usingANWBuffer: handle:0xee740dd0, format:1, w:1920, h:1080
05-27 18:23:23.594   581   581 I SpiService: fgesysctrl_getGPIO_status success val=1
05-27 18:23:23.595   299 30841 D EvsDriver: forwardFrame
05-27 18:23:23.600  1167  1184 D evsmanagerd: /dev/video4 forwarded the buffer #0 to 0xb4000074bf5f6850 from 0xb4000074bf5f41d0
05-27 18:23:23.601   581   581 I SpiService: fgesysctrl_getGPIO_status success val=1
05-27 18:23:23.603   299 30841 D EvsDriver: Delivered 0xb400007b7ca56a60 as id 0
05-27 18:23:23.606   299  1153 D EvsDriver: doneWithFrame
05-27 18:23:23.607   581   581 I SpiService: fgesysctrl_getGPIO_status success val=1
05-27 18:23:23.610 13911 14183 I SentryImuMcuAngleSender: 179.986rollDeg
05-27 18:23:23.610 13911 14183 I SentryImuMcuAngleSender: 1,0,0
05-27 18:23:23.612  1008 30857 D [OMXB]  : usingANWBuffer: handle:0xee744160, format:1, w:1920, h:1080
05-27 18:23:23.613   581   581 I SpiService: fgesysctrl_getGPIO_status success val=0
05-27 08:14:32.578   581   581 D spi_rst_gpio_get_output: GPIO 145 value: 0
05-27 08:14:32.578   581   581 D spidev_ioctl: gpio status=0)
05-27 18:23:23.616  5733  5761 D ANWAPI_SECOND: (5733|0x283F6CB0)[BTAPI] run AnWBT_WaitInitFinish
05-27 18:23:23.617  5733  5761 D ANWAPI_SECOND: (5733|0x283F6CB0)[BTAPI] bb_vendor(3)hcit_type(3)
05-27 18:23:23.617  5733  5761 D ANWAPI_SECOND: (5733|0x283F6CB0)[BTAPI] RTL8761, config_uart_path[/dev/ttyS3], baudrate_init(115200), baudrate_normal(3000000)
05-27 18:23:23.617  5733  5761 D ANWAPI_SECOND: (5733|0x283F6CB0)[BTAPI] RTL8761, config_BT_ADDR_path[]
05-27 18:23:23.617  5733  5761 D ANWAPI_SECOND: (5733|0x283F6CB0)[BTAPI] BTUart_Configure start
05-27 18:23:23.618  5733  5761 I ANWStack: [   9270868][ANWBT] Device name = /dev/ttyS3,baudrate_init =115200(115200),baudrate =3000000(3000000)
05-27 18:23:23.618  5733  5761 I ANWStack: 
05-27 18:23:23.618  5733  5761 I ANWStack: [   9270869][ANWBT] BTUart_StartUp  speed = 115200
05-27 18:23:23.618  5733  5761 I ANWStack: 
05-27 18:23:23.619  5733  5761 D ANWStack: Mac Address /data/vendor/bluetooth/btmac.txt open fail - No such file or directory
05-27 18:23:23.619  5733  5761 D ANWStack: Mac Address from file  /data/vendor/bluetooth/btmac.txt -  (1)
05-27 18:23:23.620  5733  5761 D ANWStack: rtk_8761C_init@1, fd 0x55
05-27 18:23:23.620  5733  5761 D ANWStack: type RTL_8761C, init speed 115200
05-27 18:23:23.621  5733  5761 D ANWStack: rtk_8761C_init@2, fd 0x55
05-27 18:23:23.621  5733  5761 D ANWStack: Realtek Bluetooth init uart with init speed:115200, type:HCI UART H4
05-27 18:23:23.621  5733  5761 D ANWStack: Realtek Bluetooth :Realtek hciattach version 3.1.d5a90fd.20250813-162457 
05-27 18:23:23.621  5733  5761 D ANWStack: 
05-27 18:23:23.621  5733  5761 D ANWStack: Realtek Bluetooth :Use epoll
05-27 18:23:23.621  5733  5761 D ANWStack: Realtek Bluetooth :Realtek H4 IC
05-27 18:23:23.622 30773 30786 I dvr_service_: CameraX 0  audioOK: 74326601,audios:1110
05-27 18:23:23.623 30773 30786 I dvr_service_: CameraX 1  audioOK: 74326601,audios:1110
05-27 18:23:23.623   299 30844 D EvsDriver: forwardFrame
05-27 18:23:23.624   299 30841 D EvsDriver: forwardFrame
05-27 18:23:23.626   299 30844 D EvsDriver: Delivered 0xb400007b7ca56900 as id 0
05-27 18:23:23.626  1167  1184 D evsmanagerd: /dev/video6 forwarded the buffer #0 to 0xb4000074bf5f5510 from 0xb4000074bf5f6d90
05-27 18:23:23.626 30773 30782 E dvr_service_: [myNum:1] Received S**** loss
05-27 18:23:23.626  1167  1184 D evsmanagerd: /dev/video4 forwarded the buffer #0 to 0xb4000074bf5f6850 from 0xb4000074bf5f41d0
05-27 18:23:23.626 30773 30773 E dvr_service_: [myNum:0] Received S**** loss
05-27 18:23:23.626   299  1153 D EvsDriver: doneWithFrame
05-27 18:23:23.627   299  1163 D EvsDriver: doneWithFrame
05-27 18:23:23.627   299 30841 D EvsDriver: Delivered 0xb400007b7ca56a60 as id 0
05-27 18:23:23.628   581   581 I SpiService: fgesysctrl_getGPIO_status success val=1
05-27 18:23:23.629  1008 30856 D [OMXB]  : usingANWBuffer: handle:0xee743710, format:1, w:1920, h:1080
05-27 18:23:23.630 13911 14183 I SentryImuMcuAngleSender: -179.993rollDeg
05-27 18:23:23.630 13911 14183 I SentryImuMcuAngleSender: 1,0,0
05-27 18:23:23.630   536   536 D commservice260303: msg.id = 1028,0
05-27 18:23:23.631   536   536 D commservice260303: i = 170, msgid = 8A000404
05-27 18:23:23.631   536   536 D commservice260303: msgid = -1979710460,did=138
05-27 18:23:23.631   536   536 D commservice260303: CommProtocolLibCmdBaseI2C::dataproc {"command":{"id":"imu_status","sub":""},"content":{"TimeStamp":9,"FrameCounter":215061,"GD_X":-0.012750924564898014,"GD_Y":0.0064898948185145855,"GD_Z":0.0026720035821199417,"AD_X":-0.0030658990144729614,"AD_Y":-0.0033660742919892073,"AD_Z":-0.17072391510009766,"TempDsp":0,"Status":0,"CalibState":1,"SigAmpInvalid":0}},-1979710460
05-27 18:23:23.631   536   536 D commservice260303: send2Cluster len:319, 7B22636F6D6D616E64223A7B226964223A22696D755F737461747573222C22737562223A22227D2C22636F6E74656E74223A7B2254696D655374616D70223A392C224672616D65436F756E746572223A3231353036312C2247445F58223A2D302E3031323735303932343536343839383031342C2247445F59223A302E303036343839383934383138353134353835352C2247445F5A223A302E303032363732303033353832313139393431372C2241445F58223A2D302E303033303635383939303134343732393631342C2241445F59223A2D302E303033333636303734323931393839323037332C2241445F5A223A2D302E31373037323339313531303030393736362C2254656D70447370223A302C22537461747573223A302C2243616C69625374617465223A312C22536967416D70496E76616C6964223A307D7D, 138 
05-27 18:23:23.631   536   536 D commservice260303: Push Message into SendPool fn=-444267776
05-27 18:23:23.631   536   536 D commservice260303: ComProtocolLibSend2Cluster::send2ClusterRaw fn=-444267776 , len=335
05-27 18:23:23.631   536   536 D commservice260303: sendCmdToPort :335!!!
05-27 18:23:23.631   536   536 D commservice260303: send Cmd To Port ++++5AA5014B8A01000385E56A16C61B7B22636F6D6D616E64223A7B226964223A22696D755F737461747573222C22737562223A22227D2C22636F6E74656E74223A7B2254696D655374616D70223A392C224672616D65436F756E746572223A3231353036312C2247445F58223A2D302E3031323735303932343536343839383031342C2247445F59223A302E303036343839383934383138353134353835352C2247445F5A223A302E303032363732303033353832313139393431372C2241445F58223A2D302E303033303635383939303134343732393631342C2241445F59223A2D302E303033333636303734323931393839323037332C2241445F5A223A2D302E31373037323339313531303030393736362C2254656D70447370223A302C22537461747573223A302C2243616C69625374617465223A312C22536967416D70496E76616C6964223A307D7D1394
05-27 18:23:23.631   536   536 D commservice260303: bufferevent_write retrun value = 0
05-27 18:23:23.632   536   560 D commservice260303: client datas send succeed,send finish
05-27 18:23:23.632 13911 14192 D Sentinelmode_1.2.5.17_sentry: <SentryImuClusterFgeSender>imu_status sent to Linux, frame=215061, tsNs=9270868, tsMs=9, intervalMs=43, ad=(-0.003065899,-0.0033660743,-0.17072392), gd=(-0.012750925,0.006489895,0.0026720036)
05-27 18:23:23.634   581   581 I SpiService: fgesysctrl_getGPIO_status success val=1
05-27 18:23:23.639   581   581 I SpiService: fgesysctrl_getGPIO_status success val=1
05-27 18:23:23.643  1008 30857 D [OMXB]  : usingANWBuffer: handle:0xee742b60, format:1, w:1920, h:1080
05-27 18:23:23.645   581   581 I SpiService: fgesysctrl_getGPIO_status success val=1
05-27 18:23:23.650 13911 14183 I SentryImuMcuAngleSender: -179.97899rollDeg
05-27 18:23:23.650 13911 14183 I SentryImuMcuAngleSender: 1,0,0
05-27 18:23:23.651   581   581 I SpiService: fgesysctrl_getGPIO_status success val=0
05-27 18:23:23.658   299 30844 D EvsDriver: forwardFrame
05-27 18:23:23.659   283   307 I rvcservice: t.code = 2, t.value = 9974109
05-27 18:23:23.659  1008 30856 D [OMXB]  : usingANWBuffer: handle:0xee742ab0, format:1, w:1920, h:1080
05-27 18:23:23.660  1167  1184 D evsmanagerd: /dev/video6 forwarded the buffer #0 to 0xb4000074bf5f5510 from 0xb4000074bf5f6d90
05-27 18:23:23.660   299 30844 D EvsDriver: Delivered 0xb400007b7ca56900 as id 0
05-27 18:23:23.662   299 30841 D EvsDriver: forwardFrame
05-27 18:23:23.666   581   581 I SpiService: fgesysctrl_getGPIO_status success val=1
05-27 18:23:23.667   299 30841 D EvsDriver: Delivered 0xb400007b7ca56a60 as id 0
05-27 18:23:23.667  1167  1184 D evsmanagerd: /dev/video4 forwarded the buffer #0 to 0xb4000074bf5f6850 from 0xb4000074bf5f41d0
05-27 18:23:23.668   299  1163 D EvsDriver: doneWithFrame
05-27 18:23:23.671 13911 14183 I SentryImuMcuAngleSender: -179.986rollDeg
05-27 18:23:23.672   581   581 I SpiService: fgesysctrl_getGPIO_status success val=1
05-27 18:23:23.672   536   536 D commservice260303: msg.id = 1028,1
05-27 18:23:23.672 13911 14183 I SentryImuMcuAngleSender: 1,0,0
05-27 08:14:32.636   581   581 D spidev_ioctl: gpio status=1)
05-27 18:23:23.674   299  1163 D EvsDriver: doneWithFrame
05-27 18:23:23.675   536   536 D commservice260303: i = 170, msgid = 8A000404
05-27 18:23:23.675   536   536 D commservice260303: msgid = -1979710460,did=138
05-27 18:23:23.675   536   536 D commservice260303: CommProtocolLibCmdBaseI2C::dataproc {"command":{"id":"imu_status","sub":""},"content":{"TimeStamp":9,"FrameCounter":215062,"GD_X":-0.011300750076770782,"GD_Y":0.00519212381914258,"GD_Z":0.0023671966046094894,"AD_X":-0.0036733895540237427,"AD_Y":-0.004552198573946953,"AD_Z":-0.17255592346191406,"TempDsp":0,"Status":0,"CalibState":1,"SigAmpInvalid":0}},-1979710460
05-27 18:23:23.676   536   536 D commservice260303: send2Cluster len:316, 7B22636F6D6D616E64223A7B226964223A22696D755F737461747573222C22737562223A22227D2C22636F6E74656E74223A7B2254696D655374616D70223A392C224672616D65436F756E746572223A3231353036322C2247445F58223A2D302E3031313330303735303037363737303738322C2247445F59223A302E30303531393231323338313931343235382C2247445F5A223A302E303032333637313936363034363039343839342C2241445F58223A2D302E303033363733333839353534303233373432372C2241445F59223A2D302E3030343535323139383537333934363935332C2241445F5A223A2D302E31373235353539323334363139313430362C2254656D70447370223A302C22537461747573223A302C2243616C69625374617465223A312C22536967416D70496E76616C6964223A307D7D, 138 
05-27 18:23:23.676   536   536 D commservice260303: Push Message into SendPool fn=-427490560
05-27 18:23:23.676   536   536 D commservice260303: ComProtocolLibSend2Cluster::send2ClusterRaw fn=-427490560 , len=332
05-27 18:23:23.676   536   536 D commservice260303: sendCmdToPort :332!!!
