05-27 18:23:28.337   299 30844 D EvsDriver: Delivered 0xb400007b7ca56900 as id 0
05-27 18:23:28.340   581   581 I SpiService: fgesysctrl_getGPIO_status success val=1
05-27 18:23:28.340  1008 30856 D [OMXB]  : usingANWBuffer: handle:0xee744790, format:1, w:1920, h:1080
05-27 18:23:28.341   299  1163 D EvsDriver: doneWithFrame
05-27 18:23:28.341 30773 30789 I dvr_service_: Camera 0: MediaOK:78859222, frames:1800, isKeyFrame:0,pts:9275294367
05-27 18:23:28.342 13911 14183 I SentryImuMcuAngleSender: 179.99649rollDeg
05-27 18:23:28.342 13911 14183 I SentryImuMcuAngleSender: 1,0,0
05-27 18:23:28.346   581   581 I SpiService: fgesysctrl_getGPIO_status success val=1
05-27 18:23:28.350 13911 13911 I Sentinelmode_1.2.5.17_sentry: <SentinelCarServiceManager>sensorType:291504647
05-27 18:23:28.352   581   581 I SpiService: fgesysctrl_getGPIO_status success val=1
05-27 18:23:28.355  1008 30857 D [OMXB]  : usingANWBuffer: handle:0xee742ed0, format:1, w:1920, h:1080
05-27 18:23:28.356   299 30844 D EvsDriver: forwardFrame
05-27 18:23:28.357   581   581 I SpiService: fgesysctrl_getGPIO_status success val=1
05-27 18:23:28.358   299 30841 D EvsDriver: forwardFrame
05-27 18:23:28.360   299 30844 D EvsDriver: Delivered 0xb400007b7ca56900 as id 0
05-27 18:23:28.360  1167  1184 D evsmanagerd: /dev/video6 forwarded the buffer #0 to 0xb4000074bf5f5510 from 0xb4000074bf5f6d90
05-27 18:23:28.360  1167  1184 D evsmanagerd: /dev/video4 forwarded the buffer #0 to 0xb4000074bf5f6850 from 0xb4000074bf5f41d0
05-27 18:23:28.360   299 30841 D EvsDriver: Delivered 0xb400007b7ca56a60 as id 0
05-27 08:14:37.322   581   581 D spi_rst_gpio_get_output: GPIO 145 value: 1
05-27 08:14:37.322   581   581 D spidev_ioctl: gpio status=1)
05-27 18:23:28.363 13911 14183 I SentryImuMcuAngleSender: 179.993rollDeg
05-27 18:23:28.364 13911 14183 I SentryImuMcuAngleSender: 1,0,0
05-27 18:23:28.364   581   581 I SpiService: fgesysctrl_getGPIO_status success val=1
05-27 18:23:28.365   299  1153 D EvsDriver: doneWithFrame
05-27 18:23:28.365   299  1163 D EvsDriver: doneWithFrame
05-27 18:23:28.370   581   581 I SpiService: fgesysctrl_getGPIO_status success val=0
05-27 18:23:28.372   283   307 I rvcservice: t.code = 4, t.value = 0
05-27 08:14:37.334   581   581 D spidev_ioctl: gpio status=0)
05-27 18:23:28.373   536   536 D commservice260303: msg.id = 1028,1
05-27 18:23:28.373   536   536 D commservice260303: i = 170, msgid = 8A000404
05-27 18:23:28.373   536   536 D commservice260303: msgid = -1979710460,did=138
05-27 18:23:28.373   536   536 D commservice260303: CommProtocolLibCmdBaseI2C::dataproc {"command":{"id":"imu_status","sub":""},"content":{"TimeStamp":9,"FrameCounter":215178,"GD_X":-0.011147825978696346,"GD_Y":0.0051151420921087265,"GD_Z":0.002747945487499237,"AD_X":-0.004242256283760071,"AD_Y":-6.175775779411197E-4,"AD_Z":-0.17194366455078125,"TempDsp":0,"Status":0,"CalibState":1,"SigAmpInvalid":0}},-1979710460
05-27 18:23:28.374   536   536 D commservice260303: send2Cluster len:316, 7B22636F6D6D616E64223A7B226964223A22696D755F737461747573222C22737562223A22227D2C22636F6E74656E74223A7B2254696D655374616D70223A392C224672616D65436F756E746572223A3231353137382C2247445F58223A2D302E3031313134373832353937383639363334362C2247445F59223A302E303035313135313432303932313038373236352C2247445F5A223A302E3030323734373934353438373439393233372C2241445F58223A2D302E3030343234323235363238333736303037312C2241445F59223A2D362E313735373735373739343131313937452D342C2241445F5A223A2D302E31373139343336363435353037383132352C2254656D70447370223A302C22537461747573223A302C2243616C69625374617465223A312C22536967416D70496E76616C6964223A307D7D, 138 
05-27 18:23:28.374   536   536 D commservice260303: Push Message into SendPool fn=1552286464
05-27 18:23:28.374   536   536 D commservice260303: ComProtocolLibSend2Cluster::send2ClusterRaw fn=1552286464 , len=332
05-27 18:23:28.374   536   536 D commservice260303: sendCmdToPort :332!!!
05-27 18:23:28.374   536   536 D commservice260303: send Cmd To Port ++++5AA501488A010003865C6A16C6207B22636F6D6D616E64223A7B226964223A22696D755F737461747573222C22737562223A22227D2C22636F6E74656E74223A7B2254696D655374616D70223A392C224672616D65436F756E746572223A3231353137382C2247445F58223A2D302E3031313134373832353937383639363334362C2247445F59223A302E303035313135313432303932313038373236352C2247445F5A223A302E3030323734373934353438373439393233372C2241445F58223A2D302E3030343234323235363238333736303037312C2241445F59223A2D362E313735373735373739343131313937452D342C2241445F5A223A2D302E31373139343336363435353037383132352C2254656D70447370223A302C22537461747573223A302C2243616C69625374617465223A312C22536967416D70496E76616C6964223A307D7DDD2F
05-27 18:23:28.374   536   536 D commservice260303: bufferevent_write retrun value = 0
05-27 18:23:28.374   536   560 D commservice260303: client datas send succeed,send finish
05-27 18:23:28.374 13911 14192 D Sentinelmode_1.2.5.17_sentry: <SentryImuClusterFgeSender>imu_status sent to Linux, frame=215178, tsNs=9275610, tsMs=9, intervalMs=41, ad=(-0.0042422563,-6.175776E-4,-0.17194366), gd=(-0.011147826,0.005115142,0.0027479455)
05-27 18:23:28.379  1008 30856 D [OMXB]  : usingANWBuffer: handle:0xee743710, format:1, w:1920, h:1080
05-27 18:23:28.384   581   581 I SpiService: fgesysctrl_getGPIO_status success val=1
05-27 18:23:28.384 13911 14183 I SentryImuMcuAngleSender: 179.98949rollDeg
05-27 18:23:28.384 13911 14183 I SentryImuMcuAngleSender: 1,0,0
05-27 08:14:37.348   581   581 D spidev_ioctl: gpio status=1)
05-27 18:23:28.387   299 30841 D EvsDriver: forwardFrame
05-27 18:23:28.389   299 30841 D EvsDriver: Delivered 0xb400007b7ca56a60 as id 0
05-27 18:23:28.389  1167  1167 D evsmanagerd: /dev/video4 forwarded the buffer #0 to 0xb4000074bf5f6850 from 0xb4000074bf5f41d0
05-27 18:23:28.389   581   581 I SpiService: fgesysctrl_getGPIO_status success val=1
05-27 18:23:28.390   566 11459 I gps_hdbd: Received: '$GNGGA,003919.000,,,,,0,00,,,M,,M,,*64
'
05-27 08:14:37.354   581   581 D spidev_ioctl: gpio status=1)
05-27 18:23:28.393   299  1163 D EvsDriver: doneWithFrame
05-27 18:23:28.395   581   581 I SpiService: fgesysctrl_getGPIO_status success val=1
05-27 18:23:28.395   299 30844 D EvsDriver: forwardFrame
05-27 18:23:28.399  1167  1167 D evsmanagerd: /dev/video6 forwarded the buffer #0 to 0xb4000074bf5f5510 from 0xb4000074bf5f6d90
05-27 18:23:28.399   299 30844 D EvsDriver: Delivered 0xb400007b7ca56900 as id 0
05-27 18:23:28.400   566 11459 I gps_hdbd: Received: '$GNGSA,A,1,,,,,,,,,,,,,,,,1*1D
'
05-27 18:23:28.401   581   581 I SpiService: fgesysctrl_getGPIO_status success val=1
05-27 18:23:28.402   299  1163 D EvsDriver: doneWithFrame
05-27 18:23:28.402   566 11459 I gps_hdbd: Received: '$GNGSA,A,1,,,,,,,,,,,,,,,,3*1F
'
05-27 18:23:28.403   566 11459 I gps_hdbd: Received: '$GNGSA,A,1,,,,,,,,,,,,,,,,4*18
'
05-27 18:23:28.404   566 11459 I gps_hdbd: Received: '$BDGSV,1,1,00,1*75
'
05-27 18:23:28.404   572   622 I Sensors : 230 AccelSensor: x:-0.168360,y:0.001220,z:-9.975940
05-27 18:23:28.404 13911 14183 I SentryImuMcuAngleSender: 179.98949rollDeg
05-27 18:23:28.404 13911 14183 I SentryImuMcuAngleSender: 1,0,0
05-27 18:23:28.405  1008 30857 D [OMXB]  : usingANWBuffer: handle:0xee740220, format:1, w:1920, h:1080
05-27 18:23:28.406   581   581 I SpiService: fgesysctrl_getGPIO_status success val=1
05-27 18:23:28.407   566 11459 I gps_hdbd: Received: '$BDGSV,1,1,00,5*71
'
05-27 18:23:28.407   566 11459 I gps_hdbd: Received: '$GPGSV,1,1,01,199,42,165,,1*60
'
05-27 18:23:28.412   581   581 I SpiService: fgesysctrl_getGPIO_status success val=0
05-27 18:23:28.413   566 11459 I gps_hdbd: Received: '$GPGSV,1,1,00,8*6D
'
05-27 18:23:28.414   566 11459 I gps_hdbd: Received: '$GAGSV,1,1,00,7*73
'
05-27 18:23:28.414   536   536 D commservice260303: msg.id = 1028,0
05-27 18:23:28.415   536   536 D commservice260303: i = 170, msgid = 8A000404
05-27 18:23:28.415   536   536 D commservice260303: msgid = -1979710460,did=138
05-27 18:23:28.415   536   536 D commservice260303: CommProtocolLibCmdBaseI2C::dataproc {"command":{"id":"imu_status","sub":""},"content":{"TimeStamp":9,"FrameCounter":215179,"GD_X":-0.011147825978696346,"GD_Y":0.00549693126231432,"GD_Z":0.0029768107924610376,"AD_X":-5.94213604927063E-4,"AD_Y":-6.153833819553256E-4,"AD_Z":-0.17072391510009766,"TempDsp":0,"Status":0,"CalibState":1,"SigAmpInvalid":0}},-1979710460
05-27 18:23:28.415   536   536 D commservice260303: send2Cluster len:314, 7B22636F6D6D616E64223A7B226964223A22696D755F737461747573222C22737562223A22227D2C22636F6E74656E74223A7B2254696D655374616D70223A392C224672616D65436F756E746572223A3231353137392C2247445F58223A2D302E3031313134373832353937383639363334362C2247445F59223A302E30303534393639333132363233313433322C2247445F5A223A302E303032393736383130373932343631303337362C2241445F58223A2D352E3934323133363034393237303633452D342C2241445F59223A2D362E313533383333383139353533323536452D342C2241445F5A223A2D302E31373037323339313531303030393736362C2254656D70447370223A302C22537461747573223A302C2243616C69625374617465223A312C22536967416D70496E76616C6964223A307D7D, 138 
05-27 18:23:28.415   536   536 D commservice260303: Push Message into SendPool fn=1569063680
05-27 18:23:28.415   536   536 D commservice260303: ComProtocolLibSend2Cluster::send2ClusterRaw fn=1569063680 , len=330
05-27 18:23:28.415   536   536 D commservice260303: sendCmdToPort :330!!!
05-27 18:23:28.415   536   536 D commservice260303: send Cmd To Port ++++5AA501468A010003865D6A16C6207B22636F6D6D616E64223A7B226964223A22696D755F737461747573222C22737562223A22227D2C22636F6E74656E74223A7B2254696D655374616D70223A392C224672616D65436F756E746572223A3231353137392C2247445F58223A2D302E3031313134373832353937383639363334362C2247445F59223A302E30303534393639333132363233313433322C2247445F5A223A302E303032393736383130373932343631303337362C2241445F58223A2D352E3934323133363034393237303633452D342C2241445F59223A2D362E313533383333383139353533323536452D342C2241445F5A223A2D302E31373037323339313531303030393736362C2254656D70447370223A302C22537461747573223A302C2243616C69625374617465223A312C22536967416D70496E76616C6964223A307D7DF514
05-27 18:23:28.415   536   536 D commservice260303: bufferevent_write retrun value = 0
05-27 18:23:28.415   536   560 D commservice260303: client datas send succeed,send finish
05-27 18:23:28.415 13911 14192 D Sentinelmode_1.2.5.17_sentry: <SentryImuClusterFgeSender>imu_status sent to Linux, frame=215179, tsNs=9275655, tsMs=9, intervalMs=41, ad=(-5.942136E-4,-6.153834E-4,-0.17072392), gd=(-0.011147826,0.0054969313,0.0029768108)
05-27 18:23:28.418 11344 11344 E SystemUI_NavBarFragment: SysUIConfig.icCarServiceConnected：false
05-27 18:23:28.419   566 11459 I gps_hdbd: Received: '$GAGSV,1,1,00,1*75
'
05-27 18:23:28.422  1008 30856 D [OMXB]  : usingANWBuffer: handle:0xee742cc0, format:1, w:1920, h:1080
05-27 18:23:28.422   299 30844 D EvsDriver: forwardFrame
05-27 18:23:28.424  5806  5834 D ANWStack: Realtek Bluetooth :01 01 10 00
05-27 18:23:28.425   299 30844 D EvsDriver: Delivered 0xb400007b7ca56900 as id 0
05-27 18:23:28.425  1167  1167 D evsmanagerd: /dev/video6 forwarded the buffer #0 to 0xb4000074bf5f5510 from 0xb4000074bf5f6d90
05-27 18:23:28.426   299 30841 D EvsDriver: forwardFrame
05-27 18:23:28.427   566 11459 I gps_hdbd: Received: '$GNRMC,003919.000,V,,,,,,,270526,120.0,E,N,V*47
'
05-27 18:23:28.429   566 11459 I gps_hdbd: RMC : CALL gnss_sv_status_cb, view_in_sat <1>
05-27 18:23:28.429   566 11459 I gps_hdbd: [reportSvStatus]--->PLATFORM_BSP::Enter
05-27 18:23:28.429 13911 14183 I SentryImuMcuAngleSender: 179.99649rollDeg
05-27 18:23:28.429 13911 14183 I SentryImuMcuAngleSender: 1,0,0
05-27 18:23:28.429   566 11459 I gps_hdbd: hy abnormal deal:hy_cnr30_satellite_cnt=0
05-27 18:23:28.430  1167  1167 D evsmanagerd: /dev/video4 forwarded the buffer #0 to 0xb4000074bf5f6850 from 0xb4000074bf5f41d0
05-27 18:23:28.430   299 30841 D EvsDriver: Delivered 0xb400007b7ca56a60 as id 0
05-27 18:23:28.431   566 11459 D gps_hdbd: hy abnormal deal:hy_fixStatus_fail_count=0
05-27 18:23:28.432  1083  1083 W MyAppLog: [2026-05-27 18:23:28.430 W tboxap gpsSyncGpsInfoToDm:361] [Gps] [gpsSyncGpsInfoToDm] fix=0 mode=49 corner:0x01 alt=0.00 sat=0 hdop=0.00 pdop=0.00 vdop=0.00
05-27 18:23:28.432   566 11459 I gps_hdbd: Received: '$GNZDA,003919.000,27,05,2026,00,00*4C
'
05-27 18:23:28.434   299  1163 D EvsDriver: doneWithFrame
05-27 18:23:28.434   299  1153 D EvsDriver: doneWithFrame
05-27 18:23:28.435   581   581 I SpiService: fgesysctrl_getGPIO_status success val=1
05-27 18:23:28.438   536   560 D commservice260303: recv len:77, 5AA5004906000000364C6A16C6207B22636F6D6D616E64223A7B226964223A226473695F6C7578222C22737562223A22227D2C22636F6E74656E74223A7B2276616C7565223A3230307D7D10F3 from server
05-27 18:23:28.438   536  2578 D commservice260303: mcuDataAnalyzeHandle templen:77,len:77,pos:0, 5AA5004906000000364C6A16C6207B22636F6D6D616E64223A7B226964223A226473695F6C7578222C22737562223A22227D2C22636F6E74656E74223A7B2276616C7565223A3230307D7D10F3 
05-27 18:23:28.438   536  2578 I commservice260303: checksumCal = 4339
05-27 18:23:28.438   536  2578 D commservice260303: CommProtocolLibCmdBaseC2I::dataproc {"command":{"id":"dsi_lux","sub":""},"content":{"value":200}},6
05-27 18:23:28.438   536  2578 D commservice260303: mcuCommMessageManager::notifyMsgToClient hwbinder OK
05-27 18:23:28.438   536  2578 D commservice260303: McuProtocolLibSend2Service::send2Service ret=1
05-27 18:23:28.439 12246 12440 D ivicomm_CommManager: fgeComServiceCallback: {"command":{"id":"dsi_lux","sub":""},"content":{"value":200}}
05-27 18:23:28.439 12246 12440 D ivicomm_CallbackManager: registerCallback DSI_LUX: {"value":200} mCommStateCallbackMap size:4
05-27 18:23:28.439 11579 11619 D NSLogUtils_VehicleService: L2A comm state: id=dsi_lux, value=200
05-27 18:23:28.440 11344  6590 D SystemUI_SystemSettingsControllerService: onCommState: commandID = dsi_lux; value = 200
05-27 18:23:28.440   581   581 I SpiService: fgesysctrl_getGPIO_status success val=1
05-27 18:23:28.442  1008 30857 D [OMXB]  : usingANWBuffer: handle:0xee7416c0, format:1, w:1920, h:1080
05-27 18:23:28.446   581   581 I SpiService: fgesysctrl_getGPIO_status success val=1
05-27 18:23:28.448   566 11459 I gps_hdbd: Received: '$GNINS,1,1,TYPE,I,V,003919.000,17870000,FUS,-13,0,0,0,MOT,V,1,PATT,0.00,0.00,0.00,VEL,0.000,0.000,0.000,POS,40.0001330924,116.0001570688,84.176,IIA,1,0.00,0.00,0.00,BGA,0.31,-0.66,-0.13,0.000,0.000,0.000,IGA,0,-1,0,0,-2,98,VG,16c2ff1*29
'
05-27 18:23:28.449 13911 14183 I SentryImuMcuAngleSender: 179.99649rollDeg
05-27 18:23:28.450 13911 14183 I SentryImuMcuAngleSender: 1,0,0
05-27 08:14:37.416   581   581 D spi_rst_gpio_get_output: GPIO 145 value: 0
05-27 08:14:37.417   581   581 D spidev_ioctl: gpio status=0)
05-27 18:23:28.452 10188 11122 E WifiVendorHal: getWifiLinkLayerStats_1_6_Internal(l.1202) failed {.code = ERROR_UNKNOWN, .description = unknown error}
05-27 18:23:28.452   581   581 I SpiService: fgesysctrl_getGPIO_status success val=0
05-27 18:23:28.454   566 11459 I gps_hdbd: Received: '$GNINS,CARSPEED,ADR_STATUS,0,Pulse_count,0,1,0,0,17870000,92550,0.000,0.000,0.000*34
'
05-27 08:14:37.418 10047 10047 W         : AICWFDBG(LOGTRACE)	rwnx_send_msg (118)MM_GET_STA_INFO_CFM reqcfm:1 in_irq:0 in_softirq:0 in_atomic:0
05-27 08:14:37.418 10047 10047 W         : AICWFDBG(LOGTRACE)	rwnx_cmd_malloc get cmd_array[0]:000000004c96fbbb
05-27 18:23:28.456   536   536 D commservice260303: msg.id = 1028,0
05-27 08:14:37.419   354   354 W         : AICWFDBG(LOGDEBUG)	rwnx_rx_handle_msg msg->id:0x76
05-27 18:23:28.456   536   536 D commservice260303: i = 170, msgid = 8A000404
05-27 18:23:28.456   536   536 D commservice260303: msgid = -1979710460,did=138
05-27 18:23:28.456   536   536 D commservice260303: CommProtocolLibCmdBaseI2C::dataproc {"command":{"id":"imu_status","sub":""},"content":{"TimeStamp":9,"FrameCounter":215180,"GD_X":-0.011223767884075642,"GD_Y":0.0056498548947274685,"GD_Z":0.002519079949706793,"AD_X":-6.014704704284668E-4,"AD_Y":-0.00122158566955477,"AD_Z":-0.16706466674804688,"TempDsp":0,"Status":0,"CalibState":1,"SigAmpInvalid":0}},-1979710460
05-27 18:23:28.456   536   536 D commservice260303: send2Cluster len:315, 7B22636F6D6D616E64223A7B226964223A22696D755F737461747573222C22737562223A22227D2C22636F6E74656E74223A7B2254696D655374616D70223A392C224672616D65436F756E746572223A3231353138302C2247445F58223A2D302E3031313232333736373838343037353634322C2247445F59223A302E303035363439383534383934373237343638352C2247445F5A223A302E3030323531393037393934393730363739332C2241445F58223A2D362E303134373034373034323834363638452D342C2241445F59223A2D302E30303132323135383536363935353437372C2241445F5A223A2D302E31363730363436363637343830343638382C2254656D70447370223A302C22537461747573223A302C2243616C69625374617465223A312C22536967416D70496E76616C6964223A307D7D, 138 
05-27 18:23:28.457   536   536 D commservice260303: Push Message into SendPool fn=1585840896
05-27 18:23:28.457   536   536 D commservice260303: ComProtocolLibSend2Cluster::send2ClusterRaw fn=1585840896 , len=331
05-27 18:23:28.457   536   536 D commservice260303: sendCmdToPort :331!!!
05-27 18:23:28.457   536   536 D commservice260303: send Cmd To Port ++++5AA501478A010003865E6A16C6207B22636F6D6D616E64223A7B226964223A22696D755F737461747573222C22737562223A22227D2C22636F6E74656E74223A7B2254696D655374616D70223A392C224672616D65436F756E746572223A3231353138302C2247445F58223A2D302E3031313232333736373838343037353634322C2247445F59223A302E303035363439383534383934373237343638352C2247445F5A223A302E3030323531393037393934393730363739332C2241445F58223A2D362E303134373034373034323834363638452D342C2241445F59223A2D302E30303132323135383536363935353437372C2241445F5A223A2D302E31363730363436363637343830343638382C2254656D70447370223A302C22537461747573223A302C2243616C69625374617465223A312C22536967416D70496E76616C6964223A307D7D47A8
05-27 18:23:28.457   536   536 D commservice260303: bufferevent_write retrun value = 0
05-27 18:23:28.457   536   560 D commservice260303: client datas send succeed,send finish
05-27 18:23:28.458 13911 14192 D Sentinelmode_1.2.5.17_sentry: <SentryImuClusterFgeSender>imu_status sent to Linux, frame=215180, tsNs=9275665, tsMs=9, intervalMs=43, ad=(-6.0147047E-4,-0.0012215857,-0.16706467), gd=(-0.011223768,0.005649855,0.00251908)
05-27 18:23:28.459   566 11459 I gps_hdbd: Received: '$GNTXT,04,01,04,INS,V,1,,,,FLG,1,000000,1,0,1,0,0,Con,0*71
'
05-27 18:23:28.460  1008 30856 D [OMXB]  : usingANWBuffer: handle:0xee7421c0, format:1, w:1920, h:1080
05-27 08:14:37.419 10047 10047 W         : AICWFDBG(LOGTRACE)	rwnx_cmd_free cmd_array[0]:000000004c96fbbb
05-27 08:14:37.419 10047 10047 W         : AICWFDBG(LOGDEBUG)	rwnx_fill_station_info ModTx(2):5 TxIndex:7 ModRx(0):0 RxHTIndex:0 RxVHTIndex:0 RxHEIndex:0 RSSI:-40
05-27 18:23:28.465   566 11459 I gps_hdbd: Received: '$GNTXT,INSTALL,0.00,0.00,0.00,0.00,0.00,0.00,0*20
'
05-27 18:23:28.467   581   581 I SpiService: fgesysctrl_getGPIO_status success val=1
05-27 18:23:28.468   299 30841 D EvsDriver: forwardFrame
05-27 18:23:28.469   299 30844 D EvsDriver: forwardFrame
05-27 18:23:28.471   299 30841 D EvsDriver: Delivered 0xb400007b7ca56a60 as id 0
05-27 18:23:28.471  1167  1184 D evsmanagerd: /dev/video4 forwarded the buffer #0 to 0xb4000074bf5f6850 from 0xb4000074bf5f41d0
05-27 18:23:28.471 30773 30773 E dvr_service_: [myNum:0] Received S**** loss
05-27 08:14:37.432   581   581 D spidev_ioctl: gpio status=1)
05-27 18:23:28.472 13911 14183 I SentryImuMcuAngleSender: 179.98949rollDeg
05-27 18:23:28.472 13911 14183 I SentryImuMcuAngleSender: 1,0,0
05-27 18:23:28.472   299  1153 D EvsDriver: doneWithFrame
05-27 18:23:28.472   299 30844 D EvsDriver: Delivered 0xb400007b7ca56900 as id 0
05-27 18:23:28.472  1167  1184 D evsmanagerd: /dev/video6 forwarded the buffer #0 to 0xb4000074bf5f5510 from 0xb4000074bf5f6d90
05-27 18:23:28.472 30773 30773 E dvr_service_: [myNum:1] Received S**** loss
05-27 18:23:28.473   299  1153 D EvsDriver: doneWithFrame
05-27 18:23:28.473   283   307 I rvcservice: t.code = 3, t.value = 0
05-27 18:23:28.473   581   581 I SpiService: fgesysctrl_getGPIO_status success val=1
05-27 08:14:37.437   581   581 D spi_rst_gpio_get_output: GPIO 145 value: 1
05-27 08:14:37.437   581   581 D spidev_ioctl: gpio status=1)
05-27 18:23:28.478   581   581 I SpiService: fgesysctrl_getGPIO_status success val=1
05-27 18:23:28.479  5879  5879 I ADAYO_LOG_TRACE_KERNEL: execute interrupt
05-27 18:23:28.480  1008 30857 D [OMXB]  : usingANWBuffer: handle:0xee744000, format:1, w:1920, h:1080
05-27 18:23:28.484   581   581 I SpiService: fgesysctrl_getGPIO_status success val=1
05-27 18:23:28.484   572   572 I Sensors : 230 GyroSensor: x:-0.011071,y:0.005345,z:0.002596
05-27 08:14:37.443   581   581 D spi_rst_gpio_get_output: GPIO 145 value: 1
05-27 08:14:37.443   581   581 D spidev_ioctl: gpio status=1)
05-27 08:14:37.448   581   581 D spi_rst_gpio_get_output: GPIO 145 value: 1
05-27 08:14:37.448   581   581 D spidev_ioctl: gpio status=1)
05-27 18:23:28.489   581   581 I SpiService: fgesysctrl_getGPIO_status success val=0
05-27 18:23:28.492 13911 14183 I SentryImuMcuAngleSender: 179.993rollDeg
05-27 18:23:28.492 13911 14183 I SentryImuMcuAngleSender: 1,0,0
05-27 08:14:37.454   581   581 D spi_rst_gpio_get_output: GPIO 145 value: 0
05-27 08:14:37.454   581   581 D spidev_ioctl: gpio status=0)
05-27 08:14:37.466     1     1 I init    : Service 'trace_kernel' (pid 5848) exited with status 0
05-27 08:14:37.466     1     1 I init    : Sending signal 9 to service 'trace_kernel' (pid 5848) process group...
05-27 08:14:37.467     1     1 I libprocessgroup: Successfully killed process cgroup uid 0 pid 5848 in 0ms
05-27 08:14:37.468   581   581 D spi_rst_gpio_get_output: GPIO 145 value: 1
05-27 08:14:37.468   581   581 D spidev_ioctl: gpio status=1)
05-27 18:23:28.494  1008 30856 D [OMXB]  : usingANWBuffer: handle:0xee743ea0, format:1, w:1920, h:1080
05-27 18:23:28.495   299 30844 D EvsDriver: forwardFrame
05-27 18:23:28.495  5881  5881 I ADAYO_LOG_TRACE_KERNEL: execute end
05-27 18:23:28.495   299 30841 D EvsDriver: forwardFrame
05-27 18:23:28.496   299 30841 D EvsDriver: Delivered 0xb400007b7ca56a60 as id 0
05-27 18:23:28.496  1167  1184 D evsmanagerd: /dev/video4 forwarded the buffer #0 to 0xb4000074bf5f6850 from 0xb4000074bf5f41d0
05-27 18:23:28.498   536   536 D commservice260303: msg.id = 1028,0
05-27 18:23:28.498   536   536 D commservice260303: i = 170, msgid = 8A000404
05-27 18:23:28.498   536   536 D commservice260303: msgid = -1979710460,did=138
05-27 18:23:28.498   536   536 D commservice260303: CommProtocolLibCmdBaseI2C::dataproc {"command":{"id":"imu_status","sub":""},"content":{"TimeStamp":9,"FrameCounter":215181,"GD_X":-0.011070843786001205,"GD_Y":0.005345047451555729,"GD_Z":0.00259606190957129,"AD_X":-0.003053322434425354,"AD_Y":-6.110443500801921E-4,"AD_Z":-0.17072391510009766,"TempDsp":0,"Status":0,"CalibState":1,"SigAmpInvalid":0}},-1979710460
05-27 18:23:28.498   536   536 D commservice260303: send2Cluster len:314, 7B22636F6D6D616E64223A7B226964223A22696D755F737461747573222C22737562223A22227D2C22636F6E74656E74223A7B2254696D655374616D70223A392C224672616D65436F756E746572223A3231353138312C2247445F58223A2D302E3031313037303834333738363030313230352C2247445F59223A302E3030353334353034373435313535353732392C2247445F5A223A302E30303235393630363139303935373132392C2241445F58223A2D302E3030333035333332323433343432353335342C2241445F59223A2D362E313130343433353030383031393231452D342C2241445F5A223A2D302E31373037323339313531303030393736362C2254656D70447370223A302C22537461747573223A302C2243616C69625374617465223A312C22536967416D70496E76616C6964223A307D7D, 138 
05-27 18:23:28.498   536   536 D commservice260303: Push Message into SendPool fn=1602618112
05-27 18:23:28.498   536   536 D commservice260303: ComProtocolLibSend2Cluster::send2ClusterRaw fn=1602618112 , len=330
05-27 18:23:28.498   536   536 D commservice260303: sendCmdToPort :330!!!
05-27 18:23:28.499   536   536 D commservice260303: send Cmd To Port ++++5AA501468A010003865F6A16C6207B22636F6D6D616E64223A7B226964223A22696D755F737461747573222C22737562223A22227D2C22636F6E74656E74223A7B2254696D655374616D70223A392C224672616D65436F756E746572223A3231353138312C2247445F58223A2D302E3031313037303834333738363030313230352C2247445F59223A302E3030353334353034373435313535353732392C2247445F5A223A302E30303235393630363139303935373132392C2241445F58223A2D302E3030333035333332323433343432353335342C2241445F59223A2D362E313130343433353030383031393231452D342C2241445F5A223A2D302E31373037323339313531303030393736362C2254656D70447370223A302C22537461747573223A302C2243616C69625374617465223A312C22536967416D70496E76616C6964223A307D7D8A4B
05-27 18:23:28.499   536   536 D commservice260303: bufferevent_write retrun value = 0
05-27 18:23:28.499 13911 14192 D Sentinelmode_1.2.5.17_sentry: <SentryImuClusterFgeSender>imu_status sent to Linux, frame=215181, tsNs=9275735, tsMs=9, intervalMs=41, ad=(-0.0030533224,-6.1104435E-4,-0.17072392), gd=(-0.011070844,0.0053450475,0.002596062)
05-27 18:23:28.499   299  1153 D EvsDriver: doneWithFrame
05-27 18:23:28.499   536   560 D commservice260303: client datas send succeed,send finish
05-27 18:23:28.501   299 30844 D EvsDriver: Delivered 0xb400007b7ca56900 as id 0
05-27 18:23:28.501  1167  1184 D evsmanagerd: /dev/video6 forwarded the buffer #0 to 0xb4000074bf5f5510 from 0xb4000074bf5f6d90
05-27 18:23:28.504   581   581 I SpiService: fgesysctrl_getGPIO_status success val=1
05-27 18:23:28.505   299  1153 D EvsDriver: doneWithFrame
05-27 18:23:28.509   581   581 I SpiService: fgesysctrl_getGPIO_status success val=1
05-27 08:14:37.474   581   581 D spi_rst_gpio_get_output: GPIO 145 value: 1
05-27 08:14:37.474   581   581 D spidev_ioctl: gpio status=1)
05-27 18:23:28.513 13911 14183 I SentryImuMcuAngleSender: 179.993rollDeg
05-27 18:23:28.513 13911 14183 I SentryImuMcuAngleSender: 1,0,0
05-27 18:23:28.514   581   581 I SpiService: fgesysctrl_getGPIO_status success val=1
05-27 08:14:37.479   581   581 D spi_rst_gpio_get_output: GPIO 145 value: 1
05-27 08:14:37.479   581   581 D spidev_ioctl: gpio status=1)
05-27 08:14:37.485   581   581 D spi_rst_gpio_get_output: GPIO 145 value: 1
05-27 08:14:37.485   581   581 D spidev_ioctl: gpio status=1)
05-27 18:23:28.520   581   581 I SpiService: fgesysctrl_getGPIO_status success val=1
05-27 18:23:28.526   581   581 I SpiService: fgesysctrl_getGPIO_status success val=1
05-27 08:14:37.491   581   581 D spi_rst_gpio_get_output: GPIO 145 value: 1
05-27 08:14:37.491   581   581 D spidev_ioctl: gpio status=1)
05-27 18:23:28.530   299 30841 D EvsDriver: forwardFrame
05-27 18:23:28.530   299 30844 D EvsDriver: forwardFrame
05-27 18:23:28.531   299 30841 D EvsDriver: Delivered 0xb400007b7ca56a60 as id 0
05-27 18:23:28.531  1167  1184 D evsmanagerd: /dev/video4 forwarded the buffer #0 to 0xb4000074bf5f6850 from 0xb4000074bf5f41d0
05-27 18:23:28.532   581   581 I SpiService: fgesysctrl_getGPIO_status success val=0
05-27 08:14:37.496   581   581 D spi_rst_gpio_get_output: GPIO 145 value: 0
05-27 08:14:37.496   581   581 D spidev_ioctl: gpio status=0)
05-27 18:23:28.534 13911 14183 I SentryImuMcuAngleSender: 179.98598rollDeg
05-27 18:23:28.534 13911 14183 I SentryImuMcuAngleSender: 1,0,0
05-27 18:23:28.535  1008 30857 D [OMXB]  : usingANWBuffer: handle:0xee743500, format:1, w:1920, h:1080
05-27 18:23:28.535  1167  1167 D evsmanagerd: /dev/video6 forwarded the buffer #0 to 0xb4000074bf5f5510 from 0xb4000074bf5f6d90
05-27 18:23:28.535   299 30844 D EvsDriver: Delivered 0xb400007b7ca56900 as id 0
05-27 18:23:28.535   299  1153 D EvsDriver: doneWithFrame
05-27 18:23:28.538   299  1153 D EvsDriver: doneWithFrame
05-27 18:23:28.544   536   760 I commservice260303: [mcuCommFunctionTcp::ProtocolCheckConnectTimeOutProc:613] keyID:256,tcpEvent:5,tcpcount:0,heartbeat:1,noHeartBeatNumber:0,endispatch:0,strState:0
05-27 18:23:28.545   536   760 D commservice260303: ProtocolCheckConnectTimeOutProc,629,clear heartbeat
05-27 18:23:28.545   536   536 D commservice260303: msg.id = 1028,1
05-27 18:23:28.545   536   536 D commservice260303: i = 170, msgid = 8A000404
05-27 18:23:28.545   536   536 D commservice260303: msgid = -1979710460,did=138
05-27 18:23:28.545   536   536 D commservice260303: CommProtocolLibCmdBaseI2C::dataproc {"command":{"id":"imu_status","sub":""},"content":{"TimeStamp":9,"FrameCounter":215182,"GD_X":-0.011682018637657166,"GD_Y":0.004733873065561056,"GD_Z":0.002747945487499237,"AD_X":-0.00426386296749115,"AD_Y":6.084634223952889E-4,"AD_Z":-0.16889381408691406,"TempDsp":0,"Status":0,"CalibState":1,"SigAmpInvalid":0}},-1979710460
05-27 18:23:28.545   536   536 D commservice260303: send2Cluster len:313, 7B22636F6D6D616E64223A7B226964223A22696D755F737461747573222C22737562223A22227D2C22636F6E74656E74223A7B2254696D655374616D70223A392C224672616D65436F756E746572223A3231353138322C2247445F58223A2D302E3031313638323031383633373635373136362C2247445F59223A302E3030343733333837333036353536313035362C2247445F5A223A302E3030323734373934353438373439393233372C2241445F58223A2D302E30303432363338363239363734393131352C2241445F59223A362E303834363334323233393532383839452D342C2241445F5A223A2D302E31363838393338313430383639313430362C2254656D70447370223A302C22537461747573223A302C2243616C69625374617465223A312C22536967416D70496E76616C6964223A307D7D, 138 
05-27 18:23:28.545   536   536 D commservice260303: Push Message into SendPool fn=1619395328
05-27 18:23:28.545   536   536 D commservice260303: ComProtocolLibSend2Cluster::send2ClusterRaw fn=1619395328 , len=329
05-27 18:23:28.545   536   536 D commservice260303: sendCmdToPort :329!!!
05-27 18:23:28.545   536   536 D commservice260303: send Cmd To Port ++++5AA501458A01000386606A16C6207B22636F6D6D616E64223A7B226964223A22696D755F737461747573222C22737562223A22227D2C22636F6E74656E74223A7B2254696D655374616D70223A392C224672616D65436F756E746572223A3231353138322C2247445F58223A2D302E3031313638323031383633373635373136362C2247445F59223A302E3030343733333837333036353536313035362C2247445F5A223A302E3030323734373934353438373439393233372C2241445F58223A2D302E30303432363338363239363734393131352C2241445F59223A362E303834363334323233393532383839452D342C2241445F5A223A2D302E31363838393338313430383639313430362C2254656D70447370223A302C22537461747573223A302C2243616C69625374617465223A312C22536967416D70496E76616C6964223A307D7D93D8
05-27 18:23:28.545   536   536 D commservice260303: bufferevent_write retrun value = 0
05-27 18:23:28.546   536   560 D commservice260303: client datas send succeed,send finish
05-27 18:23:28.546 13911 14192 D Sentinelmode_1.2.5.17_sentry: <SentryImuClusterFgeSender>imu_status sent to Linux, frame=215182, tsNs=9275770, tsMs=9, intervalMs=47, ad=(-0.004263863,6.084634E-4,-0.16889381), gd=(-0.011682019,0.004733873,0.0027479455)
05-27 18:23:28.548   581   581 I SpiService: fgesysctrl_getGPIO_status success val=1
05-27 08:14:37.512   581   581 D spidev_ioctl: gpio status=1)
05-27 18:23:28.551  1008 30856 D [OMXB]  : usingANWBuffer: handle:0xee743c90, format:1, w:1920, h:1080
05-27 18:23:28.554   581   581 I SpiService: fgesysctrl_getGPIO_status success val=1
05-27 18:23:28.554 13911 14183 I SentryImuMcuAngleSender: 179.98949rollDeg
05-27 18:23:28.554 13911 14183 I SentryImuMcuAngleSender: 1,0,0
05-27 18:23:28.555 10188  7589 I ActivityManager: Death received in com.android.server.am.ActivityManagerService$AppDeathRecipient@aad13f7 for thread android.os.BinderProxy@fd0f264, proc:ProcessRecord{66aa0a3 5806:com.anwsdk.service:remote/1000}
05-27 08:14:37.518   581   581 D spi_rst_gpio_get_output: GPIO 145 value: 1
05-27 08:14:37.518   581   581 D spidev_ioctl: gpio status=1)
05-27 18:23:28.555 10188  7589 I ActivityManager: Process com.anwsdk.service:remote (pid 5806) has died: cch CACC
05-27 18:23:28.555 10188  7589 I am_proc_died: [0,5806,com.anwsdk.service:remote,900,17]
05-27 18:23:28.555 13435 13435 D BtManager: onServiceDisconnected
05-27 18:23:28.556 10188 10678 I libprocessgroup: Successfully killed process cgroup uid 1000 pid 5806 in 0ms
05-27 18:23:28.556 10188  7589 I ActivityManager: app ProcessRecord{66aa0a3 5806:com.anwsdk.service:remote/1000} mThread:android.app.IApplicationThread$Stub$Proxy@329dccd mDeathRecipient:com.android.server.am.ActivityManagerService$AppDeathRecipient@aad13f7 has been unlinked.
05-27 18:23:28.556 10188  7589 W ActivityManager: Scheduling restart of crashed service com.anwsdk.service/.anwbtservice in 0ms for persistent
05-27 08:14:37.525   581   581 D spi_rst_gpio_get_output: GPIO 145 value: 1
05-27 08:14:37.525   581   581 D spidev_ioctl: gpio status=1)
05-27 08:14:37.531   581   581 D spi_rst_gpio_get_output: GPIO 145 value: 1
05-27 08:14:37.531   581   581 D spidev_ioctl: gpio status=1)
05-27 18:23:28.556 10188  7589 I am_schedule_service_restart: [0,com.anwsdk.service/.anwbtservice,0]
05-27 18:23:28.556 10188  7589 I ActivityManager: note: ProcessRecord{66aa0a3 5806:com.anwsdk.service:remote/1000} died, saving the exit info
05-27 18:23:28.556 10188 10680 I ActivityManager: Update process exit info for com.anwsdk.service(5806/u1000)
05-27 18:23:28.556 10188  7589 D ActivityTaskManager: put all activities to cleanup list, wpc=ProcessRecord{66aa0a3 0:com.anwsdk.service:remote/1000} mHasActivities=false activeActivitySize=0
05-27 18:23:28.557 10041 10041 I Zygote  : Process 5806 exited cleanly (1)
05-27 18:23:28.559   299 30844 D EvsDriver: forwardFrame
05-27 18:23:28.559   299 30841 D EvsDriver: forwardFrame
05-27 18:23:28.559 10188 10660 I ActivityManager: com.anwsdk.service is exempt from freezer
05-27 18:23:28.560   581   581 I SpiService: fgesysctrl_getGPIO_status success val=1
05-27 18:23:28.562  1167  1167 D evsmanagerd: /dev/video6 forwarded the buffer #0 to 0xb4000074bf5f5510 from 0xb4000074bf5f6d90
05-27 18:23:28.562  1167  1167 D evsmanagerd: /dev/video4 forwarded the buffer #0 to 0xb4000074bf5f6850 from 0xb4000074bf5f41d0
05-27 18:23:28.563 10188 10678 I ActivityManager: Got SIGCHLD from zygote: pid=5806, uid=1000, status=100
05-27 08:14:37.537   581   581 D spi_rst_gpio_get_output: GPIO 145 value: 0
05-27 08:14:37.537   581   581 D spidev_ioctl: gpio status=0)
05-27 18:23:28.563 10188 10680 I ActivityManager: zygote: proc died: pid=5806 uid=1000, status=256
05-27 18:23:28.564 10188 10680 E UnisocStabilityCollection: getKill:true,cur=0,killType=3 ,name=proc_died:1000, reason=proc_died
05-27 18:23:28.564 10188 10680 E UnisocStabilityCollection: getKill sum:29
05-27 18:23:28.565   299 30844 D EvsDriver: Delivered 0xb400007b7ca56900 as id 0
05-27 18:23:28.566   581   581 I SpiService: fgesysctrl_getGPIO_status success val=1
05-27 18:23:28.567   299 30841 D EvsDriver: Delivered 0xb400007b7ca56a60 as id 0
05-27 18:23:28.568   299  1153 D EvsDriver: doneWithFrame
05-27 18:23:28.568   299  1163 D EvsDriver: doneWithFrame
05-27 18:23:28.569 10188 10660 D CompatibilityChangeReporter: Compat change id reported: 135634846; UID 1000; state: DISABLED
05-27 18:23:28.571 10188 10660 D CompatibilityChangeReporter: Compat change id reported: 177438394; UID 1000; state: DISABLED
05-27 18:23:28.572   581   581 I SpiService: fgesysctrl_getGPIO_status success val=0
05-27 18:23:28.573 10188 10660 D CompatibilityChangeReporter: Compat change id reported: 135772972; UID 1000; state: DISABLED
05-27 18:23:28.573   283   307 I rvcservice: t.code = 1, t.value = -169580
05-27 18:23:28.573 10188 10660 D CompatibilityChangeReporter: Compat change id reported: 135754954; UID 1000; state: ENABLED
05-27 18:23:28.574 10188 10660 D ActivityManager: ProcessRecord{da7a982 0:com.anwsdk.service:remote/1000} setPendingStart=true callers=com.android.server.am.ProcessList.startProcessLocked:1922 com.android.server.am.UnisocProcessList.startProcessLocked:320 com.android.server.am.ProcessList.startProcessLocked:2391 com.android.server.am.ProcessList.startProcessLocked:2534 com.android.server.am.ActivityManagerService.startProcessLocked:2890 com.android.server.am.ActiveServices.bringUpServiceLocked:4326 com.android.server.am.ActiveServices.performServiceRestartLocked:4104 com.android.server.am.ActiveServices$ServiceRestarter.run:3320 android.os.Handler.handleCallback:942 android.os.Handler.dispatchMessage:99 
05-27 18:23:28.574 10188 10660 I ActivityManager: Posting procStart msg for 0:com.anwsdk.service:remote/1000
05-27 18:23:28.574 10188 10661 D ActivityManager: asking zygote to start proc:ProcessRecord{da7a982 0:com.anwsdk.service:remote/1000}
05-27 18:23:28.575 13911 14183 I SentryImuMcuAngleSender: 180.0rollDeg
05-27 18:23:28.575 13911 14183 I SentryImuMcuAngleSender: 1,0,0
05-27 18:23:28.575 10188 10661 D Prefork : startResult is empty and running normal execution.
05-27 18:23:28.576 10188 10188 D JobScheduler.Quota: Processing event 31 for <0>com.anwsdk.service
05-27 18:23:28.580   536   536 D commservice260303: msg.id = 1028,0
05-27 18:23:28.580   536   536 D commservice260303: i = 170, msgid = 8A000404
05-27 18:23:28.580   536   536 D commservice260303: msgid = -1979710460,did=138
05-27 18:23:28.580   536   536 D commservice260303: CommProtocolLibCmdBaseI2C::dataproc {"command":{"id":"imu_status","sub":""},"content":{"TimeStamp":9,"FrameCounter":215183,"GD_X":-0.011759000830352306,"GD_Y":0.004428025335073471,"GD_Z":0.0018319635419175029,"AD_X":-0.006071761250495911,"AD_Y":-0.0030359295196831226,"AD_Z":-0.16950416564941406,"TempDsp":0,"Status":0,"CalibState":1,"SigAmpInvalid":0}},-1979710460
05-27 18:23:28.580   536   536 D commservice260303: send2Cluster len:317, 7B22636F6D6D616E64223A7B226964223A22696D755F737461747573222C22737562223A22227D2C22636F6E74656E74223A7B2254696D655374616D70223A392C224672616D65436F756E746572223A3231353138332C2247445F58223A2D302E3031313735393030303833303335323330362C2247445F59223A302E3030343432383032353333353037333437312C2247445F5A223A302E303031383331393633353431393137353032392C2241445F58223A2D302E3030363037313736313235303439353931312C2241445F59223A2D302E303033303335393239353139363833313232362C2241445F5A223A2D302E31363935303431363536343934313430362C2254656D70447370223A302C22537461747573223A302C2243616C69625374617465223A312C22536967416D70496E76616C6964223A307D7D, 138 
05-27 18:23:28.580   536   536 D commservice260303: Push Message into SendPool fn=1636172544
05-27 18:23:28.580   536   536 D commservice260303: ComProtocolLibSend2Cluster::send2ClusterRaw fn=1636172544 , len=333
05-27 18:23:28.580   536   536 D commservice260303: sendCmdToPort :333!!!
05-27 18:23:28.580   536   536 D commservice260303: send Cmd To Port ++++5AA501498A01000386616A16C6207B22636F6D6D616E64223A7B226964223A22696D755F737461747573222C22737562223A22227D2C22636F6E74656E74223A7B2254696D655374616D70223A392C224672616D65436F756E746572223A3231353138332C2247445F58223A2D302E3031313735393030303833303335323330362C2247445F59223A302E3030343432383032353333353037333437312C2247445F5A223A302E303031383331393633353431393137353032392C2241445F58223A2D302E3030363037313736313235303439353931312C2241445F59223A2D302E303033303335393239353139363833313232362C2241445F5A223A2D302E31363935303431363536343934313430362C2254656D70447370223A302C22537461747573223A302C2243616C69625374617465223A312C22536967416D70496E76616C6964223A307D7D9DF5
05-27 18:23:28.580   536   536 D commservice260303: bufferevent_write retrun value = 0
05-27 18:23:28.581  1008 30856 D [OMXB]  : usingANWBuffer: handle:0xee747180, format:1, w:1920, h:1080
05-27 18:23:28.581 13911 14192 D Sentinelmode_1.2.5.17_sentry: <SentryImuClusterFgeSender>imu_status sent to Linux, frame=215183, tsNs=9275825, tsMs=9, intervalMs=35, ad=(-0.0060717613,-0.0030359295,-0.16950417), gd=(-0.011759001,0.0044280253,0.0018319635)
05-27 18:23:28.582   536   560 D commservice260303: client datas send succeed,send finish
05-27 18:23:28.577   536   536 I auditd  : type=1400 audit(0.0:48155): avc: denied { write } for comm="fgecomservice@1" path="socket:[34776]" dev="sockfs" ino=34776 scontext=u:r:hal_fgecomservice_default:s0 tcontext=u:r:hal_fgecomservice_default:s0 tclass=vsock_socket permissive=1
05-27 18:23:28.577   536   536 I fgecomservice@1: type=1400 audit(0.0:48155): avc: denied { write } for path="socket:[34776]" dev="sockfs" ino=34776 scontext=u:r:hal_fgecomservice_default:s0 tcontext=u:r:hal_fgecomservice_default:s0 tclass=vsock_socket permissive=1
05-27 18:23:28.587   581   581 I SpiService: fgesysctrl_getGPIO_status success val=1
05-27 08:14:37.552   581   581 D spi_rst_gpio_get_output: GPIO 145 value: 1
05-27 08:14:37.552   581   581 D spidev_ioctl: gpio status=1)
05-27 18:23:28.589   481   598 I mcuc    : rev,n=1,6AA681BAD9000A8900770104092112345617
05-27 18:23:28.589   351   373 D automotive.vehicle@2.0-adayo-datacomm-mcu: MCUDatacomm sendMessageFromVehicle prop: 0x89, areaId: 0x0, status: 0x77, timestamp: 0x1
05-27 18:23:28.589  1121  1144 I tboxmids_ap: [2026-05-27 18:23:28.589] [MCU RX] src=MCU dst=ZMQ len=10 type=BINARY data=00 08 77 01 04 09 21 12 34 56 
05-27 18:23:28.589   351   373 D automotive.vehicle@2.0-adayo-datacomm-mcu: MCUDatacomm 1sendMessageFromVehicle ---> type = 12 
05-27 18:23:28.590   299 30841 D EvsDriver: forwardFrame
05-27 18:23:28.590   299 30844 D EvsDriver: forwardFrame
05-27 18:23:28.590  1083  1083 I MyAppLog: [2026-05-27 18:23:28.589 I tboxap mcuCommTboxmidsRecvCb:97] [Mcu] [mcuCommTboxmidsRecvCb] recv from tboxmids, size:10
05-27 18:23:28.591  1083  1083 I MyAppLog: [2026-05-27 18:23:28.589 I tboxap mcuCommTboxmidsRecvCb:98] [Mcu] [tboxmids -> tboxap]: :00 08 77 01 04 09 21 12 34 56
05-27 18:23:28.591  1083  1083 I MyAppLog: [2026-05-27 18:23:28.589 I tboxap mcuPtlParseData:990] [Mcu] [Mcu  Parse]: (cmd):0921 (param):0921123456
05-27 18:23:28.591  1083  1083 W MyAppLog: [2026-05-27 18:23:28.589 W tboxap mcuParamDataRevPack:918] [Mcu] mcuParamDataRevPack start pack data!!!
05-27 18:23:28.591  1083  1083 W MyAppLog: [2026-05-27 18:23:28.589 W tboxap mcuHandleFaultCodeInd:1947] [Mcu] [mcuHandleFaultCodeInd] recv 0x0921 fault count:18 stored:2 firstCode:0x34
05-27 18:23:28.591  1083  1083 I MyAppLog: [2026-05-27 18:23:28.589 I tboxap mcuSendYadiTransfer:196] [Mcu] [mcuYadiSend]: :00 06 5C 04 01 09 A1 01
05-27 18:23:28.591  1083  1083 W MyAppLog: [2026-05-27 18:23:28.590 W tboxap tsp_ExternalEvent:109] [Tsp] [tsp_ExternalEvent] recv ExternalEvent = 55, size:2
05-27 18:23:28.592   299 30844 D EvsDriver: Delivered 0xb400007b7ca56900 as id 0
05-27 18:23:28.592  1167  1167 D evsmanagerd: /dev/video6 forwarded the buffer #0 to 0xb4000074bf5f5510 from 0xb4000074bf5f6d90
05-27 18:23:28.593   572   572 I Sensors : 230 AccelSensor: x:-0.172630,y:0.000000,z:-9.973500
05-27 18:23:28.593   481   599 I mcuc    : start timer OK = 26065 
05-27 18:23:28.594   581   581 I SpiService: fgesysctrl_getGPIO_status success val=1
05-27 18:23:28.594 13911 14183 I SentryImuMcuAngleSender: 180.0rollDeg
05-27 18:23:28.594 13911 14183 I SentryImuMcuAngleSender: 1,0,0
05-27 18:23:28.595   299 30841 D EvsDriver: Delivered 0xb400007b7ca56a60 as id 0
05-27 18:23:28.595  1167  1167 D evsmanagerd: /dev/video4 forwarded the buffer #0 to 0xb4000074bf5f6850 from 0xb4000074bf5f41d0
05-27 08:14:37.558   581   581 D spi_rst_gpio_get_output: GPIO 145 value: 1
05-27 08:14:37.558   581   581 D spidev_ioctl: gpio status=1)
05-27 18:23:28.597  1008 30857 D [OMXB]  : usingANWBuffer: handle:0xee740430, format:1, w:1920, h:1080
05-27 18:23:28.598   299  1163 D EvsDriver: doneWithFrame
05-27 18:23:28.599 10041 10041 D Zygote  : Forked child process 5883
05-27 18:23:28.599   581   581 I SpiService: fgesysctrl_getGPIO_status success val=1
05-27 18:23:28.601 10188 10661 I am_proc_start: [0,5883,1000,com.anwsdk.service:remote,service,{com.anwsdk.service/com.anwsdk.service.anwbtservice}]
05-27 18:23:28.601   299  1163 D EvsDriver: doneWithFrame
05-27 18:23:28.602 10188 10661 I ActivityManager: Start proc 5883:com.anwsdk.service:remote/1000 for service {com.anwsdk.service/com.anwsdk.service.anwbtservice}
05-27 18:23:28.603 10188 10661 D ActivityManager: ProcessRecord{da7a982 5883:com.anwsdk.service:remote/1000} setPendingStart=false callers=com.android.server.am.ProcessList.handleProcessStartedLocked:2646 com.android.server.am.UnisocProcessList.handleProcessStartedLocked:377 com.android.server.am.ProcessList.handleProcessStartedLocked:2585 com.android.server.am.ProcessList.lambda$handleProcessStart$1$com-android-server-am-ProcessList:1993 com.android.server.am.ProcessList$$ExternalSyntheticLambda1.run:22 com.android.server.am.ProcessList.handleProcessStart:2016 com.android.server.am.ProcessList.lambda$startProcessLocked$0$com-android-server-am-ProcessList:1950 com.android.server.am.ProcessList$$ExternalSyntheticLambda5.run:22 android.os.Handler.handleCallback:942 android.os.Handler.dispatchMessage:99 
05-27 08:14:37.564   581   581 D spi_rst_gpio_get_output: GPIO 145 value: 1
05-27 08:14:37.564   581   581 D spidev_ioctl: gpio status=1)
05-27 18:23:28.606   581   581 I SpiService: fgesysctrl_getGPIO_status success val=1
05-27 08:14:37.571   581   581 D spi_rst_gpio_get_output: GPIO 145 value: 1
05-27 08:14:37.571   581   581 D spidev_ioctl: gpio status=1)
05-27 18:23:28.610  5883  5883 I Zygote  : seccomp disabled by setenforce 0
05-27 08:14:37.577   581   581 D spi_rst_gpio_get_output: GPIO 145 value: 0
05-27 08:14:37.577   581   581 D spidev_ioctl: gpio status=0)
05-27 18:23:28.612   581   581 I SpiService: fgesysctrl_getGPIO_status success val=0
05-27 18:23:28.612   481   597 I mcuc    : send SPI:6AA602BAD900028900E06AA60165D100F809015C040109A101000000000000000000000000000000000000000000000000000000000000000000000000000000000000000000000000000000000000000000000000000000000000000000000000000000000000000000000000000000000000000000000000000000000000000000000000000000000000000000000000000000000000000000000000000000000000000000000000000000000000000000000000000000000000000000000000000000000000000000000000000000000000000000000000000000000000000000000000000000000000000000000000000000000000000000000000000000000000000000000000BB
05-27 18:23:28.615 13911 14183 I SentryImuMcuAngleSender: 179.98949rollDeg
05-27 18:23:28.615 13911 14183 I SentryImuMcuAngleSender: 1,0,0
05-27 18:23:28.617  1008 30856 D [OMXB]  : usingANWBuffer: handle:0xee7433a0, format:1, w:1920, h:1080
05-27 18:23:28.617  5883  5883 I .service:remote: Late-enabling -Xcheck:jni
05-27 18:23:28.613  1008  1008 I auditd  : type=1400 audit(0.0:48156): avc: denied { call } for comm="OMXCallbackDisp" scontext=u:r:mediacodec:s0 tcontext=u:r:adayo_dvr_service:s0 tclass=binder permissive=1
05-27 18:23:28.613  1008  1008 I OMXCallbackDisp: type=1400 audit(0.0:48156): avc: denied { call } for scontext=u:r:mediacodec:s0 tcontext=u:r:adayo_dvr_service:s0 tclass=binder permissive=1
05-27 18:23:28.621   536   536 D commservice260303: i = 170, msgid = 8A000404
05-27 18:23:28.621   536   536 D commservice260303: msgid = -1979710460,did=138
05-27 18:23:28.621   536   536 D commservice260303: CommProtocolLibCmdBaseI2C::dataproc {"command":{"id":"imu_status","sub":""},"content":{"TimeStamp":9,"FrameCounter":215184,"GD_X":-0.011682018637657166,"GD_Y":0.0056498548947274685,"GD_Z":0.0026720035821199417,"AD_X":-0.003623172640800476,"AD_Y":2.0053470507264137E-5,"AD_Z":-0.16706466674804688,"TempDsp":0,"Status":0,"CalibState":1,"SigAmpInvalid":0}},-1979710460
05-27 18:23:28.622   536   536 D commservice260303: send2Cluster len:317, 7B22636F6D6D616E64223A7B226964223A22696D755F737461747573222C22737562223A22227D2C22636F6E74656E74223A7B2254696D655374616D70223A392C224672616D65436F756E746572223A3231353138342C2247445F58223A2D302E3031313638323031383633373635373136362C2247445F59223A302E303035363439383534383934373237343638352C2247445F5A223A302E303032363732303033353832313139393431372C2241445F58223A2D302E3030333632333137323634303830303437362C2241445F59223A322E30303533343730353037323634313337452D352C2241445F5A223A2D302E31363730363436363637343830343638382C2254656D70447370223A302C22537461747573223A302C2243616C69625374617465223A312C22536967416D70496E76616C6964223A307D7D, 138 
05-27 18:23:28.622   536   536 D commservice260303: Push Message into SendPool fn=1652949760
05-27 18:23:28.622   536   536 D commservice260303: ComProtocolLibSend2Cluster::send2ClusterRaw fn=1652949760 , len=333
05-27 18:23:28.622   536   536 D commservice260303: sendCmdToPort :333!!!
05-27 18:23:28.622   536   536 D commservice260303: send Cmd To Port ++++5AA501498A01000386626A16C6207B22636F6D6D616E64223A7B226964223A22696D755F737461747573222C22737562223A22227D2C22636F6E74656E74223A7B2254696D655374616D70223A392C224672616D65436F756E746572223A3231353138342C2247445F58223A2D302E3031313638323031383633373635373136362C2247445F59223A302E303035363439383534383934373237343638352C2247445F5A223A302E303032363732303033353832313139393431372C2241445F58223A2D302E3030333632333137323634303830303437362C2241445F59223A322E30303533343730353037323634313337452D352C2241445F5A223A2D302E31363730363436363637343830343638382C2254656D70447370223A302C22537461747573223A302C2243616C69625374617465223A312C22536967416D70496E76616C6964223A307D7D8B6F
05-27 18:23:28.622   536   536 D commservice260303: bufferevent_write retrun value = 0
05-27 18:23:28.622   536   560 D commservice260303: client datas send succeed,send finish
05-27 18:23:28.623 13911 14192 D Sentinelmode_1.2.5.17_sentry: <SentryImuClusterFgeSender>imu_status sent to Linux, frame=215184, tsNs=9275859, tsMs=9, intervalMs=42, ad=(-0.0036231726,2.005347E-5,-0.16706467), gd=(-0.011682019,0.005649855,0.0026720036)
05-27 18:23:28.626   299 30844 D EvsDriver: forwardFrame
05-27 18:23:28.627   481   598 I mcuc    : rev,n=1,6AA681BADA000A8900780104091112345625
05-27 18:23:28.628   351   373 D automotive.vehicle@2.0-adayo-datacomm-mcu: MCUDatacomm sendMessageFromVehicle prop: 0x89, areaId: 0x0, status: 0x78, timestamp: 0x1
05-27 18:23:28.628   351   373 D automotive.vehicle@2.0-adayo-datacomm-mcu: MCUDatacomm 1sendMessageFromVehicle ---> type = 12 
05-27 18:23:28.628   299 30844 D EvsDriver: Delivered 0xb400007b7ca56900 as id 0
05-27 18:23:28.628   581   581 I SpiService: fgesysctrl_getGPIO_status success val=1
05-27 18:23:28.628  1121  1144 I tboxmids_ap: [2026-05-27 18:23:28.628] [MCU RX] src=MCU dst=ZMQ len=10 type=BINARY data=00 08 78 01 04 09 11 12 34 56 
