05-27 18:33:36.668   536   536 D commservice260303: send Cmd To Port ++++5AA501458A010003C2226A16C8807B22636F6D6D616E64223A7B226964223A22696D755F737461747573222C22737562223A22227D2C22636F6E74656E74223A7B2254696D655374616D70223A392C224672616D65436F756E746572223A3233303137362C2247445F58223A2D302E30313135333031333537353832323131352C2247445F59223A302E3030353334353034373435313535353732392C2247445F5A223A302E303031393834383837323930373435393733362C2241445F58223A2D302E3030323936343938383335303836383232352C2241445F59223A352E303332343835333530393636343534452D342C2241445F5A223A2D302E313731323934323132333431333038362C2254656D70447370223A302C22537461747573223A302C2243616C69625374617465223A312C22536967416D70496E76616C6964223A307D7D0469
05-27 18:33:36.668   536   536 D commservice260303: bufferevent_write retrun value = 0
05-27 18:33:36.668   536   560 D commservice260303: client datas send succeed,send finish
05-27 18:33:36.669 13911 14192 D Sentinelmode_1.2.5.17_sentry: <SentryImuClusterFgeSender>imu_status sent to Linux, frame=230176, tsNs=9883906, tsMs=9, intervalMs=41, ad=(-0.0029649884,5.0324854E-4,-0.17129421), gd=(-0.011530136,0.0053450475,0.0019848873)
05-27 18:33:36.670   581   581 I SpiService: fgesysctrl_getGPIO_status success val=1
05-27 18:33:36.671  1008 30856 D [OMXB]  : usingANWBuffer: handle:0xee7467e0, format:1, w:1920, h:1080
05-27 08:24:45.635   581   581 D spi_rst_gpio_get_output: GPIO 145 value: 1
05-27 08:24:45.635   581   581 D spidev_ioctl: gpio status=1)
05-27 18:33:36.676   581   581 I SpiService: fgesysctrl_getGPIO_status success val=1
05-27 08:24:45.641   581   581 D spi_rst_gpio_get_output: GPIO 145 value: 1
05-27 08:24:45.641   581   581 D spidev_ioctl: gpio status=1)
05-27 18:33:36.677 13911 14183 I SentryImuMcuAngleSender: 179.97899rollDeg
05-27 18:33:36.677 13911 14183 I SentryImuMcuAngleSender: 1,0,0
05-27 08:24:45.644   303   303 I [Audio:SBLCK] p_tt: 1277212,1277212
05-27 18:33:36.682   581   581 I SpiService: fgesysctrl_getGPIO_status success val=1
05-27 08:24:45.646   581   581 D spi_rst_gpio_get_output: GPIO 145 value: 1
05-27 08:24:45.646   581   581 D spidev_ioctl: gpio status=1)
05-27 18:33:36.687   299 30844 D EvsDriver: forwardFrame
05-27 18:33:36.688   581   581 I SpiService: fgesysctrl_getGPIO_status success val=1
05-27 18:33:36.688   299 30844 D EvsDriver: Delivered 0xb400007b7ca56900 as id 0
05-27 18:33:36.688  1167  1479 D evsmanagerd: /dev/video6 forwarded the buffer #0 to 0xb4000074bf5f5510 from 0xb4000074bf5f6d90
05-27 08:24:45.652   581   581 D spi_rst_gpio_get_output: GPIO 145 value: 1
05-27 08:24:45.652   581   581 D spidev_ioctl: gpio status=1)
05-27 18:33:36.690  1008 30857 D [OMXB]  : usingANWBuffer: handle:0xee746cb0, format:1, w:1920, h:1080
05-27 18:33:36.690   299 30841 D EvsDriver: forwardFrame
05-27 18:33:36.692   299  1163 D EvsDriver: doneWithFrame
05-27 18:33:36.695   581   581 I SpiService: fgesysctrl_getGPIO_status success val=0
05-27 08:24:45.659   581   581 D spi_rst_gpio_get_output: GPIO 145 value: 0
05-27 08:24:45.659   581   581 D spidev_ioctl: gpio status=0)
05-27 18:33:36.698  1167  1479 D evsmanagerd: /dev/video4 forwarded the buffer #0 to 0xb4000074bf5f6850 from 0xb4000074bf5f41d0
05-27 18:33:36.698   299 30841 D EvsDriver: Delivered 0xb400007b7ca56a60 as id 0
05-27 18:33:36.698 13911 14183 I SentryImuMcuAngleSender: 179.97899rollDeg
05-27 18:33:36.698 13911 14183 I SentryImuMcuAngleSender: 1,0,0
05-27 18:33:36.702   283   307 I rvcservice: t.code = 4, t.value = 0
05-27 18:33:36.705  1008 30856 D [OMXB]  : usingANWBuffer: handle:0xee7406f0, format:1, w:1920, h:1080
05-27 18:33:36.705   299  1163 D EvsDriver: doneWithFrame
05-27 18:33:36.708   536   536 D commservice260303: msg.id = 1028,1
05-27 18:33:36.708   536   536 D commservice260303: i = 170, msgid = 8A000404
05-27 18:33:36.708   536   536 D commservice260303: msgid = -1979710460,did=138
05-27 18:33:36.708   536   536 D commservice260303: CommProtocolLibCmdBaseI2C::dataproc {"command":{"id":"imu_status","sub":""},"content":{"TimeStamp":9,"FrameCounter":230177,"GD_X":-0.0113007500767707