--------- beginning of main
05-27 18:33:26.029   581   581 I SpiService: fgesysctrl_getGPIO_status success val=1
05-27 18:33:26.029   572   572 I Sensors : 230 GyroSensor: x:-0.011071,y:0.005574,z:0.002367
05-27 18:33:26.031  1008 30856 D [OMXB]  : usingANWBuffer: handle:0xee740220, format:1, w:1920, h:1080
05-27 18:33:26.032 30773 30789 I dvr_service_: Camera 0: MediaOK:136429325, frames:3160, isKeyFrame:0,pts:9873078506
05-27 18:33:26.034   581   581 I SpiService: fgesysctrl_getGPIO_status success val=1
--------- beginning of kernel
05-27 08:24:35.449   581   581 D spi_rst_gpio_get_output: GPIO 145 value: 1
05-27 08:24:35.449   581   581 D spidev_ioctl: gpio status=1)
05-27 18:33:26.035   536   536 D commservice260303: msg.id = 1028,0
05-27 18:33:26.035   536   536 D commservice260303: i = 170, msgid = 8A000404
05-27 18:33:26.035   536   536 D commservice260303: msgid = -1979710460,did=138
05-27 18:33:26.035   536   536 D commservice260303: CommProtocolLibCmdBaseI2C::dataproc {"command":{"id":"imu_status","sub":""},"content":{"TimeStamp":9,"FrameCounter":229914,"GD_X":-0.011070843786001205,"GD_Y":0.005573912989348173,"GD_Z":0.0023671966046094894,"AD_X":-0.00835411250591278,"AD_Y":-0.0014285827055573463,"AD_Z":-0.17130374908447266,"TempDsp":0,"Status":0,"CalibState":1,"SigAmpInvalid":0}},-1979710460
05-27 18:33:26.035   536   536 D commservice260303: send2Cluster len:316, 7B22636F6D6D616E64223A7B226964223A22696D755F737461747573222C22737562223A22227D2C22636F6E74656E74223A7B2254696D655374616D70223A392C224672616D65436F756E746572223A3232393931342C2247445F58223A2D302E3031313037303834333738363030313230352C2247445F59223A302E3030353537333931323938393334383137332C2247445F5A223A302E303032333637313936363034363039343839342C2241445F58223A2D302E30303833353431313235303539313237382C2241445F59223A2D302E303031343238353832373035353537333436332C2241445F5A223A2D302E31373133303337343930383434373236362C2254656D70447370223A302C22537461747573223A302C2243616C69625374617465223A312C22536967416D70496E76616C6964223A307D7D, 138 
05-27 08:24:35.452     1     1 I init    : starting service 'trace_kernel'...
05-27 08:24:35.456   581   581 D spi_rst_gpio_get_output: GPIO 145 value: 1
05-27 08:24:35.456   581   581 D spidev_ioctl: gpio status=1)
05-27 08:24:35.462   581   581 D spi_rst_gpio_get_output: GPIO 145 value: 1
05-27 08:24:35.462   581   581 D spidev_ioctl: gpio status=1)
05-27 08:24:35.464   280   280 W logd    : Skipping entries from slow reader, pid 878, fd 25, from LogBuffer::Prune()
05-27 08:24:35.464   280   280 W logd    : Skipping entries from slow reader, pid 878, fd 26, from LogBuffer::Prune()
05-27 08:24:35.467   581   581 D spi_rst_gpio_get_output: GPIO 145 value: 1
05-27 08:24:35.467   581   581 D spidev_ioctl: gpio status=1)
05-27 08:24:35.468   303   303 I [Audio:SBLCK] p_tt: 1275893,1275893
05-27 08:24:35.473   581   581 D spi_rst_gpio_get_output: GPIO 145 value: 0
05-27 08:24:35.473   581   581 D spidev_ioctl: gpio status=0)
05-27 08:24:35.489   581   581 D spi_rst_gpio_get_output: GPIO 145 value: 1
05-27 08:24:35.489   581   581 D spidev_ioctl: gpio status=1)
05-27 08:24:35.494   581   581 D spi_rst_gpio_get_output: GPIO 145 value: 1
05-27 08:24:35.494   581   581 D spidev_ioctl: gpio status=1)
05-27 08:24:35.500   581   581 D spi_rst_gpio_get_output: GPIO 145 value: 1
05-27 08:24:35.500   581   581 D spidev_ioctl: gpio status=1)
05-27 08:24:35.505   581   581 D spi_rst_gpio_get_output: GPIO 145 value: 1
05-27 08:24:35.505   581   581 D spidev_ioctl: gpio status=1)
05-27 08:24:35.511   581   581 D spi_rst_gpio_get_output: GPIO 145 value: 1
05-27 08:24:35.512   581   581 D spidev_ioctl: gpio status=1)
05-27 08:24:35.517   581   581 D spi_rst_gpio_get_output: GPIO 145 value: 0
05-27 08:24:35.517   581   581 D spidev_ioctl: gpio status=0)
05-27 08:24:35.532   581   581 D spi_rst_gpio_get_output: GPIO 145 value: 1
05-27 08:24:35.532   581   581 D spidev_ioctl: gpio status=1)
05-27 08:24:35.537   581   581 D spi_rst_gpio_get_output: GPIO 145 value: 1
05-27 08:24:35.537   581   581 D spidev_ioctl: gpio status=1)
05-27 08:24:35.543   581   581 D spi_rst_gpio_get_output: GPIO 145 value: 1
05-27 08:24:35.543   581   581 D spidev_ioctl: gpio status=1)
05-27 08:24:35.548   581   581 D spi_rst_gpio_get_output: GPIO 145 value: 1
05-27 08:24:35.548   581   581 D spidev_ioctl: gpio status=1)
05-27 08:24:35.550   280   280 W logd    : Skipping entries from slow reader, pid 12229, fd 17, from LogBuffer::Prune()
05-27 08:24:35.554   581   581 D spi_rst_gpio_get_output: GPIO 145 value: 0
05-27 08:24:35.554   581   581 D spidev_ioctl: gpio status=0)
05-27 18:33:26.035   536   536 D commservice260303: Push Message into SendPool fn=398525184
05-27 18:33:26.035   536   536 D commservice260303: ComProtocolLibSend2Cluster::send2ClusterRaw fn=398525184 , len=332
05-27 18:33:26.035   536   536 D commservice260303: sendCmdToPort :332!!!
05-27 18:33:26.035   536   536 D commservice260303: send Cmd To Port ++++5AA501488A010003C1176A16C8767B22636F6D6D616E64223A7B226964223A22696D755F737461747573222C22737562223A22227D2C22636F6E74656E74223A7B2254696D655374616D70223A392C224672616D65436F756E746572223A3232393931342C2247445F58223A2D302E3031313037303834333738363030313230352C2247445F59223A302E3030353537333931323938393334383137332C2247445F5A223A302E303032333637313936363034363039343839342C2241445F58223A2D302E30303833353431313235303539313237382C2241445F59223A2D302E303031343238353832373035353537333436332C2241445F5A223A2D302E31373133303337343930383434373236362C2254656D70447370223A302C22537461747573223A302C2243616C69625374617465223A312C22536967416D70496E76616C6964223A307D7D62BF
05-27 18:33:26.035   536   536 D commservice260303: bufferevent_write retrun value = 0
05-27 18:33:26.035   536   560 D commservice260303: client datas send succeed,send finish
05-27 18:33:26.035 13911 14192 D Sentinelmode_1.2.5.17_sentry: <SentryImuClusterFgeSender>imu_status sent to Linux, frame=229914, tsNs=9873280, tsMs=9, intervalMs=39, ad=(-0.0083541125,-0.0014285827,-0.17130375), gd=(-0.011070844,0.005573913,0.0023671966)
05-27 18:33:26.035   536   536 W commservice260303: [FgeComService::getAQConnectStatus:378]
05-27 18:33:26.035   536   536 W commservice260303: [mcuCommFunctionTcp::getAQConnectStatus:406] 1
05-27 18:33:26.035   536   536 W commservice260303: [FgeComService::getAQConnectStatus:380] status:1
05-27 18:33:26.036 12246 12246 E ivicomm_CommManager: getA2lConnectStatus aqConnectStatus:1
05-27 18:33:26.036 12246 12246 D ivicomm_ConnectStateManager: notifyState newState=1curState=1
05-27 18:33:26.040   581   581 I SpiService: fgesysctrl_getGPIO_status success val=1
05-27 18:33:26.045   299 30841 D EvsDriver: forwardFrame
05-27 18:33:26.045   581   581 I SpiService: fgesysctrl_getGPIO_status success val=1
05-27 18:33:26.046 13911 14183 I SentryImuMcuAngleSender: 179.993rollDeg
05-27 18:33:26.046 13911 14183 I SentryImuMcuAngleSender: 1,0,0
05-27 18:33:26.047   299 30844 D EvsDriver: forwardFrame
05-27 18:33:26.047   299 30841 D EvsDriver: Delivered 0xb400007b7ca56a60 as id 0
05-27 18:33:26.047  1167  1479 D evsmanagerd: /dev/video4 forwarded the buffer #0 to 0xb4000074bf5f6850 from 0xb4000074bf5f41d0
--------- beginning of system
05-27 18:33:26.050 11346 12417 I CAR.WatchdogStorage: Database marked dirty.
05-27 18:33:26.051 11346 12417 D CarWatchdogService: Processed latest I/O overuse stats
05-27 18:33:26.051   581   581 I SpiService: fgesysctrl_getGPIO_status success val=1
05-27 18:33:26.052  1167  1479 D evsmanagerd: /dev/video6 forwarded the buffer #0 to 0xb4000074bf5f5510 from 0xb4000074bf5f6d90
05-27 18:33:26.052   299  1163 D EvsDriver: doneWithFrame
05-27 18:33:26.052   299 30844 D EvsDriver: Delivered 0xb400007b7ca56900 as id 0
05-27 18:33:26.055   299  1163 D EvsDriver: doneWithFrame
05-27 18:33:26.057   581   581 I SpiService: fgesysctrl_getGPIO_status success val=0
05-27 18:33:26.061  1008 30856 D [OMXB]  : usingANWBuffer: handle:0xee741c40, format:1, w:1920, h:1080
05-27 18:33:26.067 13911 14183 I SentryImuMcuAngleSender: 179.97899rollDeg
05-27 18:33:26.067 13911 14183 I SentryImuMcuAngleSender: 1,0,0
05-27 18:33:26.069   283   307 I rvcservice: t.code = 1, t.value = -168360
05-27 18:33:26.071   581   581 I SpiService: fgesysctrl_getGPIO_status success val=1
05-27 18:33:26.075   536   536 D commservice260303: msg.id = 1028,0
05-27 18:33:26.075   536   536 D commservice260303: i = 170, msgid = 8A000404
05-27 18:33:26.075   536   536 D commservice260303: msgid = -1979710460,did=138
05-27 18:33:26.075   536   536 D commservice260303: CommProtocolLibCmdBaseI2C::dataproc {"command":{"id":"imu_status","sub":""},"content":{"TimeStamp":9,"FrameCounter":229915,"GD_X":-0.01091896090656519,"GD_Y":0.004733873065561056,"GD_Z":0.0022902146447449923,"AD_X":-0.004675909876823425,"AD_Y":0.0010077864862978458,"AD_Z":-0.17191314697265625,"TempDsp":0,"Status":0,"CalibState":1,"SigAmpInvalid":0}},-1979710460
05-27 18:33:26.075   536   536 D commservice260303: send2Cluster len:315, 7B22636F6D6D616E64223A7B226964223A22696D755F737461747573222C22737562223A22227D2C22636F6E74656E74223A7B2254696D655374616D70223A392C224672616D65436F756E746572223A3232393931352C2247445F58223A2D302E30313039313839363039303635363531392C2247445F59223A302E3030343733333837333036353536313035362C2247445F5A223A302E303032323930323134363434373434393932332C2241445F58223A2D302E3030343637353930393837363832333432352C2241445F59223A302E303031303037373836343836323937383435382C2241445F5A223A2D302E31373139313331343639373236353632352C2254656D70447370223A302C22537461747573223A302C2243616C69625374617465223A312C22536967416D70496E76616C6964223A307D7D, 138 
05-27 08:24:35.568   303   303 I [Audio:SBLCK] p_tt: 1275906,1275906
05-27 08:24:35.569   581   581 D spi_rst_gpio_get_output: GPIO 145 value: 1
05-27 08:24:35.569   581   581 D spidev_ioctl: gpio status=1)
05-27 18:33:26.075   536   536 D commservice260303: Push Message into SendPool fn=415302400
05-27 18:33:26.075   536   536 D commservice260303: ComProtocolLibSend2Cluster::send2ClusterRaw fn=415302400 , len=331
05-27 18:33:26.075   536   536 D commservice260303: sendCmdToPort :331!!!
05-27 18:33:26.075   536   536 D commservice260303: send Cmd To Port ++++5AA501478A010003C1186A16C8767B22636F6D6D616E64223A7B226964223A22696D755F737461747573222C22737562223A22227D2C22636F6E74656E74223A7B2254696D655374616D70223A392C224672616D65436F756E746572223A3232393931352C2247445F58223A2D302E30313039313839363039303635363531392C2247445F59223A302E3030343733333837333036353536313035362C2247445F5A223A302E303032323930323134363434373434393932332C2241445F58223A2D302E3030343637353930393837363832333432352C2241445F59223A302E303031303037373836343836323937383435382C2241445F5A223A2D302E31373139313331343639373236353632352C2254656D70447370223A302C22537461747573223A302C2243616C69625374617465223A312C22536967416D70496E76616C6964223A307D7D9E59
05-27 18:33:26.075   536   536 D commservice260303: bufferevent_write retrun value = 0
05-27 18:33:26.076   536   560 D commservice260303: client datas send succeed,send finish
05-27 18:33:26.076 13911 14192 D Sentinelmode_1.2.5.17_sentry: <SentryImuClusterFgeSender>imu_status sent to Linux, frame=229915, tsNs=9873315, tsMs=9, intervalMs=40, ad=(-0.00467591,0.0010077865,-0.17191315), gd=(-0.010918961,0.004733873,0.0022902146)
05-27 18:33:26.076   581   581 I SpiService: fgesysctrl_getGPIO_status success val=1
05-27 18:33:26.077  1008 30857 D [OMXB]  : usingANWBuffer: handle:0xee740bc0, format:1, w:1920, h:1080
05-27 18:33:26.078 30773 30789 I dvr_service_: Camera 1: MediaOK:136391316, frames:3130, isKeyFrame:0,pts:9873014910
05-27 18:33:26.078   299 30841 D EvsDriver: forwardFrame
05-27 18:33:26.079   299 30841 D EvsDriver: Delivered 0xb400007b7ca56a60 as id 0
05-27 18:33:26.079  1167  1479 D evsmanagerd: /dev/video4 forwarded the buffer #0 to 0xb4000074bf5f6850 from 0xb4000074bf5f41d0
05-27 18:33:26.081   299  1163 D EvsDriver: doneWithFrame
05-27 18:33:26.082   581   581 I SpiService: fgesysctrl_getGPIO_status success val=1
05-27 18:33:26.087 13911 14183 I SentryImuMcuAngleSender: 179.97197rollDeg
05-27 18:33:26.087 13911 14183 I SentryImuMcuAngleSender: 1,0,0
05-27 18:33:26.087   299 30844 D EvsDriver: forwardFrame
05-27 18:33:26.087   581   581 I SpiService: fgesysctrl_getGPIO_status success val=1
05-27 18:33:26.089  1167  1479 D evsmanagerd: /dev/video6 forwarded the buffer #0 to 0xb4000074bf5f5510 from 0xb4000074bf5f6d90
05-27 18:33:26.089   299 30844 D EvsDriver: Delivered 0xb400007b7ca56900 as id 0
05-27 18:33:26.092   299  1163 D EvsDriver: doneWithFrame
05-27 18:33:26.093   581   581 I SpiService: fgesysctrl_getGPIO_status success val=1
05-27 18:33:26.099   581   581 I SpiService: fgesysctrl_getGPIO_status success val=0
05-27 18:33:26.105  1008 30856 D [OMXB]  : usingANWBuffer: handle:0xee7467e0, format:1, w:1920, h:1080
05-27 18:33:26.108 13911 14183 I SentryImuMcuAngleSender: 179.97897rollDeg
05-27 18:33:26.109 13911 14183 I SentryImuMcuAngleSender: 1,0,0
05-27 18:33:26.113   481   598 I mcuc    : rev,n=1,6AA681C6DF000A8900A401040930123456C9
05-27 18:33:26.113  1121  1144 I tboxmids_ap: [2026-05-27 18:33:26.113] [MCU RX] src=MCU dst=ZMQ len=10 type=BINARY data=00 08 A4 01 04 09 30 12 34 56 
05-27 18:33:26.113   351   373 D automotive.vehicle@2.0-adayo-datacomm-mcu: MCUDatacomm sendMessageFromVehicle prop: 0x89, areaId: 0x0, status: 0xa4, timestamp: 0x1
05-27 18:33:26.113   351   373 D automotive.vehicle@2.0-adayo-datacomm-mcu: MCUDatacomm 1sendMessageFromVehicle ---> type = 12 
05-27 18:33:26.114   581   581 I SpiService: fgesysctrl_getGPIO_status success val=1
05-27 18:33:26.114   299 30841 D EvsDriver: forwardFrame
05-27 18:33:26.115  1083  1083 I MyAppLog: [2026-05-27 18:33:26.113 I tboxap mcuCommTboxmidsRecvCb:97] [Mcu] [mcuCommTboxmidsRecvCb] recv from tboxmids, size:10
05-27 18:33:26.115  1083  1083 I MyAppLog: [2026-05-27 18:33:26.114 I tboxap mcuCommTboxmidsRecvCb:98] [Mcu] [tboxmids -> tboxap]: :00 08 A4 01 04 09 30 12 34 56
05-27 18:33:26.115  1083  1083 W MyAppLog: [2026-05-27 18:33:26.114 W tboxap mcuYadiFrameParse:852] [Mcu] [mcuYadiFrameParse] cmd:0930(MCU_REMOTE_CTRL_RSP_IND) payload too short:5 < 8
05-27 18:33:26.116  1083  1083 W MyAppLog: [2026-05-27 18:33:26.114 W tboxap mcuPtlParseData:982] [Mcu] [mcuPtlParseData] invalid yadi frame, len:10
05-27 18:33:26.116   299 30841 D EvsDriver: Delivered 0xb400007b7ca56a60 as id 0
05-27 18:33:26.117  1167  1479 D evsmanagerd: /dev/video4 forwarded the buffer #0 to 0xb4000074bf5f6850 from 0xb4000074bf5f41d0
05-27 18:33:26.117 30773 30781 E dvr_service_: [myNum:0] Received S**** loss
05-27 18:33:26.117   536   536 D commservice260303: msg.id = 1028,0
05-27 18:33:26.117   536   536 D commservice260303: i = 170, msgid = 8A000404
05-27 18:33:26.117   536   536 D commservice260303: msgid = -1979710460,did=138
05-27 18:33:26.117   536   536 D commservice260303: CommProtocolLibCmdBaseI2C::dataproc {"command":{"id":"imu_status","sub":""},"content":{"TimeStamp":9,"FrameCounter":229916,"GD_X":-0.011682018637657166,"GD_Y":0.0048857564106583595,"GD_Z":0.0020608289632946253,"AD_X":-0.002236306667327881,"AD_Y":9.977668523788452E-4,"AD_Z":-0.16886329650878906,"TempDsp":0,"Status":0,"CalibState":1,"SigAmpInvalid":0}},-1979710460
05-27 18:33:26.117   536   536 D commservice260303: send2Cluster len:316, 7B22636F6D6D616E64223A7B226964223A22696D755F737461747573222C22737562223A22227D2C22636F6E74656E74223A7B2254696D655374616D70223A392C224672616D65436F756E746572223A3232393931362C2247445F58223A2D302E3031313638323031383633373635373136362C2247445F59223A302E303034383835373536343130363538333539352C2247445F5A223A302E303032303630383238393633323934363235332C2241445F58223A2D302E3030323233363330363636373332373838312C2241445F59223A392E393737363638353233373838343532452D342C2241445F5A223A2D302E31363838363332393635303837383930362C2254656D70447370223A302C22537461747573223A302C2243616C69625374617465223A312C22536967416D70496E76616C6964223A307D7D, 138 
05-27 18:33:26.117   536   536 D commservice260303: Push Message into SendPool fn=432079616
05-27 18:33:26.117   536   536 D commservice260303: ComProtocolLibSend2Cluster::send2ClusterRaw fn=432079616 , len=332
05-27 18:33:26.117   536   536 D commservice260303: sendCmdToPort :332!!!
05-27 18:33:26.117   536   536 D commservice260303: send Cmd To Port ++++5AA501488A010003C1196A16C8767B22636F6D6D616E64223A7B226964223A22696D755F737461747573222C22737562223A22227D2C22636F6E74656E74223A7B2254696D655374616D70223A392C224672616D65436F756E746572223A3232393931362C2247445F58223A2D302E3031313638323031383633373635373136362C2247445F59223A302E303034383835373536343130363538333539352C2247445F5A223A302E303032303630383238393633323934363235332C2241445F58223A2D302E3030323233363330363636373332373838312C2241445F59223A392E393737363638353233373838343532452D342C2241445F5A223A2D302E31363838363332393635303837383930362C2254656D70447370223A302C22537461747573223A302C2243616C69625374617465223A312C22536967416D70496E76616C6964223A307D7DB356
05-27 18:33:26.117   299 30844 D EvsDriver: forwardFrame
05-27 18:33:26.117   536   536 D commservice260303: bufferevent_write retrun value = 0
05-27 18:33:26.118   536   560 D commservice260303: client datas send succeed,send finish
05-27 18:33:26.118 13911 14192 D Sentinelmode_1.2.5.17_sentry: <SentryImuClusterFgeSender>imu_status sent to Linux, frame=229916, tsNs=9873351, tsMs=9, intervalMs=42, ad=(-0.0022363067,9.977669E-4,-0.1688633), gd=(-0.011682019,0.0048857564,0.002060829)
05-27 18:33:26.119   299  1163 D EvsDriver: doneWithFrame
05-27 18:33:26.120   581   581 I SpiService: fgesysctrl_getGPIO_status success val=1
05-27 18:33:26.121  1167  1479 D evsmanagerd: /dev/video6 forwarded the buffer #0 to 0xb4000074bf5f5510 from 0xb4000074bf5f6d90
05-27 18:33:26.121   299 30844 D EvsDriver: Delivered 0xb400007b7ca56900 as id 0
05-27 18:33:26.121 30773 30781 E dvr_service_: [myNum:1] Received S**** loss
05-27 18:33:26.121   299  1163 D EvsDriver: doneWithFrame
05-27 18:33:26.122 15286 15837 D YunReporter: dump目录没有待上传的文件
05-27 18:33:26.124  1008 30857 D [OMXB]  : usingANWBuffer: handle:0xee742270, format:1, w:1920, h:1080
05-27 18:33:26.125   581   581 I SpiService: fgesysctrl_getGPIO_status success val=1
05-27 18:33:26.130 13911 14183 I SentryImuMcuAngleSender: 179.99298rollDeg
05-27 18:33:26.130 13911 14183 I SentryImuMcuAngleSender: 1,0,0
05-27 18:33:26.131   581   581 I SpiService: fgesysctrl_getGPIO_status success val=1
05-27 18:33:26.133 15863 15863 D AIN-NaviLocationPresenter: ACC is OFF, skip upload location
05-27 18:33:26.136   572   622 I Sensors : 230 AccelSensor: x:-0.169580,y:0.000000,z:-9.975940
05-27 18:33:26.137   581   581 I SpiService: fgesysctrl_getGPIO_status success val=1
05-27 18:33:26.138  1008 30856 D [OMXB]  : usingANWBuffer: handle:0xee742320, format:1, w:1920, h:1080
05-27 18:33:26.142   581   581 I SpiService: fgesysctrl_getGPIO_status success val=0
05-27 08:24:35.574   581   581 D spi_rst_gpio_get_output: GPIO 145 value: 1
05-27 08:24:35.574   581   581 D spidev_ioctl: gpio status=1)
05-27 08:24:35.580   581   581 D spi_rst_gpio_get_output: GPIO 145 value: 1
05-27 08:24:35.580   581   581 D spidev_ioctl: gpio status=1)
05-27 18:33:26.142   481   597 I mcuc    : send SPI:6AA602C6DF00028900CE
05-27 18:33:26.143   299 30844 D EvsDriver: forwardFrame
05-27 18:33:26.145  1167  1479 D evsmanagerd: /dev/video6 forwarded the buffer #0 to 0xb4000074bf5f5510 from 0xb4000074bf5f6d90
05-27 18:33:26.145   299 30844 D EvsDriver: Delivered 0xb400007b7ca56900 as id 0
05-27 18:33:26.151   299  1163 D EvsDriver: doneWithFrame
05-27 18:33:26.151   299 30841 D EvsDriver: forwardFrame
05-27 18:33:26.153 13911 14183 I SentryImuMcuAngleSender: 180.0rollDeg
05-27 18:33:26.153 13911 14183 I SentryImuMcuAngleSender: 1,0,0
05-27 18:33:26.154   299 30841 D EvsDriver: Delivered 0xb400007b7ca56a60 as id 0
05-27 18:33:26.154  1167  1479 D evsmanagerd: /dev/video4 forwarded the buffer #0 to 0xb4000074bf5f6850 from 0xb4000074bf5f41d0
05-27 18:33:26.158   581   581 I SpiService: fgesysctrl_getGPIO_status success val=1
05-27 18:33:26.159   299  1163 D EvsDriver: doneWithFrame
05-27 18:33:26.159   536   536 D commservice260303: msg.id = 1028,1
05-27 18:33:26.159   536   536 D commservice260303: i = 170, msgid = 8A000404
05-27 18:33:26.159   536   536 D commservice260303: msgid = -1979710460,did=138
05-27 18:33:26.159   536   536 D commservice260303: CommProtocolLibCmdBaseI2C::dataproc {"command":{"id":"imu_status","sub":""},"content":{"TimeStamp":9,"FrameCounter":229917,"GD_X":-0.011300750076770782,"GD_Y":0.004963258747011423,"GD_Z":0.0021378109231591225,"AD_X":-0.0034588873386383057,"AD_Y":-0.0014227561186999083,"AD_Z":-0.16825485229492188,"TempDsp":0,"Status":0,"CalibState":1,"SigAmpInvalid":0}},-1979710460
05-27 18:33:26.159   536   536 D commservice260303: send2Cluster len:318, 7B22636F6D6D616E64223A7B226964223A22696D755F737461747573222C22737562223A22227D2C22636F6E74656E74223A7B2254696D655374616D70223A392C224672616D65436F756E746572223A3232393931372C2247445F58223A2D302E3031313330303735303037363737303738322C2247445F59223A302E3030343936333235383734373031313432332C2247445F5A223A302E303032313337383130393233313539313232352C2241445F58223A2D302E303033343538383837333338363338333035372C2241445F59223A2D302E303031343232373536313138363939393038332C2241445F5A223A2D302E31363832353438353232393439323138382C2254656D70447370223A302C22537461747573223A302C2243616C69625374617465223A312C22536967416D70496E76616C6964223A307D7D, 138 
05-27 18:33:26.159   536   536 D commservice260303: Push Message into SendPool fn=448856832
05-27 18:33:26.159   536   536 D commservice260303: ComProtocolLibSend2Cluster::send2ClusterRaw fn=448856832 , len=334
05-27 18:33:26.159   536   536 D commservice260303: sendCmdToPort :334!!!
05-27 18:33:26.159   536   536 D commservice260303: send Cmd To Port ++++5AA5014A8A010003C11A6A16C8767B22636F6D6D616E64223A7B226964223A22696D755F737461747573222C22737562223A22227D2C22636F6E74656E74223A7B2254696D655374616D70223A392C224672616D65436F756E746572223A3232393931372C2247445F58223A2D302E3031313330303735303037363737303738322C2247445F59223A302E3030343936333235383734373031313432332C2247445F5A223A302E303032313337383130393233313539313232352C2241445F58223A2D302E303033343538383837333338363338333035372C2241445F59223A2D302E303031343232373536313138363939393038332C2241445F5A223A2D302E31363832353438353232393439323138382C2254656D70447370223A302C22537461747573223A302C2243616C69625374617465223A312C22536967416D70496E76616C6964223A307D7D9689
05-27 18:33:26.159   536   536 D commservice260303: bufferevent_write retrun value = 0
05-27 18:33:26.159   536   560 D commservice260303: client datas send succeed,send finish
05-27 18:33:26.160 13911 14192 D Sentinelmode_1.2.5.17_sentry: <SentryImuClusterFgeSender>imu_status sent to Linux, frame=229917, tsNs=9873405, tsMs=9, intervalMs=42, ad=(-0.0034588873,-0.0014227561,-0.16825485), gd=(-0.01130075,0.0049632587,0.002137811)
05-27 18:33:26.163 30773 30786 I dvr_service_: CameraX 1  audioOK: 136303183,audios:2040
05-27 18:33:26.163   581   581 I SpiService: fgesysctrl_getGPIO_status success val=1
05-27 18:33:26.165 13549 13549 I ADAYO_LOG_: handleMessage(UsbFunc.java:352)copyQnx = 0
05-27 18:33:26.165 13549 13549 I ADAYO_LOG_: handleMessage(UsbFunc.java:404)copyState = 2
05-27 18:33:26.169   581   581 I SpiService: fgesysctrl_getGPIO_status success val=1
05-27 18:33:26.169   283   307 I rvcservice: t.code = 3, t.value = 0
05-27 18:33:26.171  1008 30856 D [OMXB]  : usingANWBuffer: handle:0xee743df0, format:1, w:1920, h:1080
05-27 18:33:26.173 13911 14183 I SentryImuMcuAngleSender: 179.99298rollDeg
05-27 18:33:26.173 13911 14183 I SentryImuMcuAngleSender: 1,0,0
05-27 18:33:26.175   581   581 I SpiService: fgesysctrl_getGPIO_status success val=1
05-27 18:33:26.180   581   581 I SpiService: fgesysctrl_getGPIO_status success val=0
05-27 18:33:26.181 13911 14183 I SentryImuMcuAngleSender: [4, 18, 1, 0, 0],5
05-27 18:33:26.181 13911 14183 I McuCommManager: mcuCommSendcmd [4, 18, 1, 0, 0]
05-27 18:33:26.181 13911 14183 I SentryImuMcuAngleSender: true
05-27 18:33:26.181 13911 14183 W Sentinelmode_1.2.5.17_sentry: <SentryImuMcuAngleSender>MCU IMU send interval abnormal: 1000ms
05-27 18:33:26.181 10188 11505 E SSense.fps: We could not find the file :/sys/class/display/dispc0/frame_count
05-27 18:33:26.182  1008 30857 D [OMXB]  : usingANWBuffer: handle:0xee740e80, format:1, w:1920, h:1080
05-27 18:33:26.186   299 30844 D EvsDriver: forwardFrame
05-27 18:33:26.187   299 30844 D EvsDriver: Delivered 0xb400007b7ca56900 as id 0
05-27 18:33:26.188  1167  1479 D evsmanagerd: /dev/video6 forwarded the buffer #0 to 0xb4000074bf5f5510 from 0xb4000074bf5f6d90
05-27 18:33:26.190   299 30841 D EvsDriver: forwardFrame
05-27 18:33:26.192   299  1163 D EvsDriver: doneWithFrame
05-27 18:33:26.193 13911 14183 I SentryImuMcuAngleSender: -179.99649rollDeg
05-27 18:33:26.194 13911 14183 I SentryImuMcuAngleSender: 1,0,0
05-27 18:33:26.194   299 30841 D EvsDriver: Delivered 0xb400007b7ca56a60 as id 0
05-27 18:33:26.194  1167  1479 D evsmanagerd: /dev/video4 forwarded the buffer #0 to 0xb4000074bf5f6850 from 0xb4000074bf5f41d0
05-27 18:33:26.195   581   581 I SpiService: fgesysctrl_getGPIO_status success val=1
05-27 18:33:26.197   536   536 D commservice260303: msg.id = 1028,0
05-27 18:33:26.197   536   536 D commservice260303: i = 170, msgid = 8A000404
05-27 18:33:26.197   536   536 D commservice260303: msgid = -1979710460,did=138
05-27 18:33:26.197   536   536 D commservice260303: CommProtocolLibCmdBaseI2C::dataproc {"command":{"id":"imu_status","sub":""},"content":{"TimeStamp":9,"FrameCounter":229918,"GD_X":-0.011453153565526009,"GD_Y":0.00549693126231432,"GD_Z":0.0017560218693688512,"AD_X":-0.0010289400815963745,"AD_Y":-0.003238256089389324,"AD_Z":-0.17069339752197266,"TempDsp":0,"Status":0,"CalibState":1,"SigAmpInvalid":0}},-1979710460
05-27 18:33:26.197   536   536 D commservice260303: send2Cluster len:316, 7B22636F6D6D616E64223A7B226964223A22696D755F737461747573222C22737562223A22227D2C22636F6E74656E74223A7B2254696D655374616D70223A392C224672616D65436F756E746572223A3232393931382C2247445F58223A2D302E3031313435333135333536353532363030392C2247445F59223A302E30303534393639333132363233313433322C2247445F5A223A302E303031373536303231383639333638383531322C2241445F58223A2D302E303031303238393430303831353936333734352C2241445F59223A2D302E3030333233383235363038393338393332342C2241445F5A223A2D302E31373036393333393735323139373236362C2254656D70447370223A302C22537461747573223A302C2243616C69625374617465223A312C22536967416D70496E76616C6964223A307D7D, 138 
05-27 18:33:26.197   536   536 D commservice260303: Push Message into SendPool fn=465634048
05-27 18:33:26.197   536   536 D commservice260303: ComProtocolLibSend2Cluster::send2ClusterRaw fn=465634048 , len=332
05-27 18:33:26.197   536   536 D commservice260303: sendCmdToPort :332!!!
05-27 18:33:26.198   536   536 D commservice260303: send Cmd To Port ++++5AA501488A010003C11B6A16C8767B22636F6D6D616E64223A7B226964223A22696D755F737461747573222C22737562223A22227D2C22636F6E74656E74223A7B2254696D655374616D70223A392C224672616D65436F756E746572223A3232393931382C2247445F58223A2D302E3031313435333135333536353532363030392C2247445F59223A302E30303534393639333132363233313433322C2247445F5A223A302E303031373536303231383639333638383531322C2241445F58223A2D302E303031303238393430303831353936333734352C2241445F59223A2D302E3030333233383235363038393338393332342C2241445F5A223A2D302E31373036393333393735323139373236362C2254656D70447370223A302C22537461747573223A302C2243616C69625374617465223A312C22536967416D70496E76616C6964223A307D7DA871
05-27 18:33:26.198   536   536 D commservice260303: bufferevent_write retrun value = 0
05-27 18:33:26.198   536   560 D commservice260303: client datas send succeed,send finish
05-27 18:33:26.198 13911 14192 D Sentinelmode_1.2.5.17_sentry: <SentryImuClusterFgeSender>imu_status sent to Linux, frame=229918, tsNs=9873440, tsMs=9, intervalMs=39, ad=(-0.0010289401,-0.003238256,-0.1706934), gd=(-0.011453154,0.0054969313,0.0017560219)
05-27 18:33:26.199   299  1163 D EvsDriver: doneWithFrame
05-27 18:33:26.201   581   581 I SpiService: fgesysctrl_getGPIO_status success val=1
05-27 18:33:26.203  1008 30856 D [OMXB]  : usingANWBuffer: handle:0xee742a00, format:1, w:1920, h:1080
05-27 18:33:26.206   581   581 I SpiService: fgesysctrl_getGPIO_status success val=1
05-27 18:33:26.212   581   581 I SpiService: fgesysctrl_getGPIO_status success val=1
05-27 18:33:26.215 13911 14183 I SentryImuMcuAngleSender: 180.0rollDeg
05-27 18:33:26.215 13911 14183 I SentryImuMcuAngleSender: 1,0,0
05-27 18:33:26.216   299 30844 D EvsDriver: forwardFrame
05-27 18:33:26.216   299 30841 D EvsDriver: forwardFrame
05-27 18:33:26.217   299 30844 D EvsDriver: Delivered 0xb400007b7ca56900 as id 0
05-27 18:33:26.217  1167  1479 D evsmanagerd: /dev/video6 forwarded the buffer #0 to 0xb4000074bf5f5510 from 0xb4000074bf5f6d90
05-27 18:33:26.217   581   581 I SpiService: fgesysctrl_getGPIO_status success val=1
05-27 18:33:26.218  1167  1479 D evsmanagerd: /dev/video4 forwarded the buffer #0 to 0xb4000074bf5f6850 from 0xb4000074bf5f41d0
05-27 18:33:26.218   299 30841 D EvsDriver: Delivered 0xb400007b7ca56a60 as id 0
05-27 18:33:26.219   299  1163 D EvsDriver: doneWithFrame
05-27 18:33:26.223   299  1163 D EvsDriver: doneWithFrame
05-27 18:33:26.223  1008 30857 D [OMXB]  : usingANWBuffer: handle:0xee742950, format:1, w:1920, h:1080
05-27 18:33:26.223   581   581 I SpiService: fgesysctrl_getGPIO_status success val=0
05-27 18:33:26.224   481   597 I mcuc    : send SPI:6AA6006C8800050412010000F06AA6006C890002060102
05-27 18:33:26.227   572   572 I Sensors : 230 GyroSensor: x:-0.010995,y:0.006185,z:0.002214
05-27 18:33:26.235 13911 14183 I SentryImuMcuAngleSender: 180.0rollDeg
05-27 18:33:26.236 13911 14183 I SentryImuMcuAngleSender: 1,0,0
05-27 18:33:26.237   536   536 D commservice260303: msg.id = 1028,1
05-27 18:33:26.237   536   536 D commservice260303: i = 170, msgid = 8A000404
05-27 18:33:26.237   536   536 D commservice260303: msgid = -1979710460,did=138
05-27 18:33:26.237   536   536 D commservice260303: CommProtocolLibCmdBaseI2C::dataproc {"command":{"id":"imu_status","sub":""},"content":{"TimeStamp":9,"FrameCounter":229919,"GD_X":-0.010994902811944485,"GD_Y":0.006185087841004133,"GD_Z":0.002213752595707774,"AD_X":-0.001648634672164917,"AD_Y":-0.002610971685498953,"AD_Z":-0.16825485229492188,"TempDsp":0,"Status":0,"CalibState":1,"SigAmpInvalid":0}},-1979710460
05-27 18:33:26.237   536   536 D commservice260303: send2Cluster len:315, 7B22636F6D6D616E64223A7B226964223A22696D755F737461747573222C22737562223A22227D2C22636F6E74656E74223A7B2254696D655374616D70223A392C224672616D65436F756E746572223A3232393931392C2247445F58223A2D302E3031303939343930323831313934343438352C2247445F59223A302E3030363138353038373834313030343133332C2247445F5A223A302E3030323231333735323539353730373737342C2241445F58223A2D302E3030313634383633343637323136343931372C2241445F59223A2D302E3030323631303937313638353439383935332C2241445F5A223A2D302E31363832353438353232393439323138382C2254656D70447370223A302C22537461747573223A302C2243616C69625374617465223A312C22536967416D70496E76616C6964223A307D7D, 138 
05-27 18:33:26.237   536   536 D commservice260303: Push Message into SendPool fn=482411264
05-27 18:33:26.237   536   536 D commservice260303: ComProtocolLibSend2Cluster::send2ClusterRaw fn=482411264 , len=331
05-27 18:33:26.237   536   536 D commservice260303: sendCmdToPort :331!!!
05-27 18:33:26.237   536   536 D commservice260303: send Cmd To Port ++++5AA501478A010003C11C6A16C8767B22636F6D6D616E64223A7B226964223A22696D755F737461747573222C22737562223A22227D2C22636F6E74656E74223A7B2254696D655374616D70223A392C224672616D65436F756E746572223A3232393931392C2247445F58223A2D302E3031303939343930323831313934343438352C2247445F59223A302E3030363138353038373834313030343133332C2247445F5A223A302E3030323231333735323539353730373737342C2241445F58223A2D302E3030313634383633343637323136343931372C2241445F59223A2D302E3030323631303937313638353439383935332C2241445F5A223A2D302E31363832353438353232393439323138382C2254656D70447370223A302C22537461747573223A302C2243616C69625374617465223A312C22536967416D70496E76616C6964223A307D7DEFB6
05-27 18:33:26.237   536   536 D commservice260303: bufferevent_write retrun value = 0
05-27 18:33:26.237   536   560 D commservice260303: client datas send succeed,send finish
05-27 18:33:26.237 13911 14192 D Sentinelmode_1.2.5.17_sentry: <SentryImuClusterFgeSender>imu_status sent to Linux, frame=229919, tsNs=9873476, tsMs=9, intervalMs=39, ad=(-0.0016486347,-0.0026109717,-0.16825485), gd=(-0.010994903,0.006185088,0.0022137526)
05-27 18:33:26.239   481   598 I mcuc    : rev,n=1,6AA681C6E0008C8305000055000000B000000000000100010000F7D2C1B1EDA585C1F2C1EDD74FC1F183DBC1F2B2C9BB8316937A00000000040000B3000000000000000000000000000000B44300000000000300000000000000AA000000E40701010000000000000000BB06050507EA051B000008009403CB00CC000000000000000000000000000000B5000000000000000037
05-27 18:33:26.240   351   373 D automotive.vehicle@2.0-adayo-datacomm-mcu: MCUDatacomm sendMessageFromVehicle prop: 0x83, areaId: 0x5, status: 0x0, timestamp: 0x0
05-27 18:33:26.240   351   373 D automotive.vehicle@2.0-adayo-datacomm-mcu: MCUDatacomm 1sendMessageFromVehicle ---> type = 7 
05-27 18:33:26.240  1008 30856 D [OMXB]  : usingANWBuffer: handle:0xee744790, format:1, w:1920, h:1080
05-27 18:33:26.240   351   373 I automotive.vehicle@2.0-adayo-func-mcu: MCUFunc :sendMessageFromVehicle  msgBuff[0] = 131 
05-27 18:33:26.240   351   373 I automotive.vehicle@2.0-adayo-func-mcu: MCUFunc :sendMessageFromVehicle  msgBuff[1] = 5 
05-27 18:33:26.240   351   373 I automotive.vehicle@2.0-adayo-func-mcu: MCUFunc :sendMessageFromVehicle  msgBuff[2] = 0 
05-27 18:33:26.240   351   373 I automotive.vehicle@2.0-adayo-func-mcu: MCUFunc :sendMessageFromVehicle  msgBuff[3] = 0 
05-27 18:33:26.240   351   373 I automotive.vehicle@2.0-adayo-func-mcu: MCUFunc :sendMessageFromVehicle  msgBuff[4] = 85 
05-27 18:33:26.240   351   373 I automotive.vehicle@2.0-adayo-func-mcu: MCUFunc :sendMessageFromVehicle  msgBuff[5] = 0 
05-27 18:33:26.240   581   581 I SpiService: fgesysctrl_getGPIO_status success val=1
05-27 18:33:26.245   581   581 I SpiService: fgesysctrl_getGPIO_status success val=1
05-27 18:33:26.250 11344 11344 E SystemUI_NavBarFragment: SysUIConfig.icCarServiceConnected：false
05-27 08:24:35.586   581   581 D spi_rst_gpio_get_output: GPIO 145 value: 1
05-27 08:24:35.586   581   581 D spidev_ioctl: gpio status=1)
05-27 18:33:26.250   299 30841 D EvsDriver: forwardFrame
05-27 18:33:26.250   299 30844 D EvsDriver: forwardFrame
05-27 18:33:26.251   581   581 I SpiService: fgesysctrl_getGPIO_status success val=1
05-27 18:33:26.253   299 30844 D EvsDriver: Delivered 0xb400007b7ca56900 as id 0
05-27 18:33:26.253  1167  1479 D evsmanagerd: /dev/video6 forwarded the buffer #0 to 0xb4000074bf5f5510 from 0xb4000074bf5f6d90
05-27 18:33:26.253  1167  1479 D evsmanagerd: /dev/video4 forwarded the buffer #0 to 0xb4000074bf5f6850 from 0xb4000074bf5f41d0
05-27 18:33:26.253   299 30841 D EvsDriver: Delivered 0xb400007b7ca56a60 as id 0
05-27 18:33:26.255 13911 14183 I SentryImuMcuAngleSender: 180.0rollDeg
05-27 18:33:26.256 13911 14183 I SentryImuMcuAngleSender: 1,0,0
05-27 18:33:26.257   299  1163 D EvsDriver: doneWithFrame
05-27 18:33:26.257   299  1153 D EvsDriver: doneWithFrame
05-27 18:33:26.257   581   581 I SpiService: fgesysctrl_getGPIO_status success val=1
05-27 18:33:26.260  1008 30857 D [OMXB]  : usingANWBuffer: handle:0xee7442c0, format:1, w:1920, h:1080
05-27 18:33:26.262   581   581 I SpiService: fgesysctrl_getGPIO_status success val=0
05-27 18:33:26.263   481   597 I mcuc    : send SPI:6AA602C6E000028305CE
05-27 18:33:26.270   283   307 I rvcservice: t.code = 0, t.value = 0
05-27 18:33:26.276 13911 14183 I SentryImuMcuAngleSender: 179.99298rollDeg
05-27 18:33:26.276 13911 14183 I SentryImuMcuAngleSender: 1,0,0
05-27 18:33:26.276   536   536 D commservice260303: msg.id = 1028,0
05-27 18:33:26.276   536   536 D commservice260303: i = 170, msgid = 8A000404
05-27 18:33:26.276   536   536 D commservice260303: msgid = -1979710460,did=138
05-27 18:33:26.276   536   536 D commservice260303: CommProtocolLibCmdBaseI2C::dataproc {"command":{"id":"imu_status","sub":""},"content":{"TimeStamp":9,"FrameCounter":229920,"GD_X":-0.011300750076770782,"GD_Y":0.0048857564106583595,"GD_Z":0.0020608289632946253,"AD_X":-0.0016503781080245972,"AD_Y":-0.0013773792888969183,"AD_Z":-0.16825485229492188,"TempDsp":0,"Status":0,"CalibState":1,"SigAmpInvalid":0}},-1979710460
05-27 18:33:26.276   536   536 D commservice260303: send2Cluster len:319, 7B22636F6D6D616E64223A7B226964223A22696D755F737461747573222C22737562223A22227D2C22636F6E74656E74223A7B2254696D655374616D70223A392C224672616D65436F756E746572223A3232393932302C2247445F58223A2D302E3031313330303735303037363737303738322C2247445F59223A302E303034383835373536343130363538333539352C2247445F5A223A302E303032303630383238393633323934363235332C2241445F58223A2D302E303031363530333738313038303234353937322C2241445F59223A2D302E303031333737333739323838383936393138332C2241445F5A223A2D302E31363832353438353232393439323138382C2254656D70447370223A302C22537461747573223A302C2243616C69625374617465223A312C22536967416D70496E76616C6964223A307D7D, 138 
05-27 18:33:26.277   536   536 D commservice260303: Push Message into SendPool fn=499188480
05-27 18:33:26.277   536   536 D commservice260303: ComProtocolLibSend2Cluster::send2ClusterRaw fn=499188480 , len=335
05-27 18:33:26.277   536   536 D commservice260303: sendCmdToPort :335!!!
05-27 18:33:26.277   536   536 D commservice260303: send Cmd To Port ++++5AA5014B8A010003C11D6A16C8767B22636F6D6D616E64223A7B226964223A22696D755F737461747573222C22737562223A22227D2C22636F6E74656E74223A7B2254696D655374616D70223A392C224672616D65436F756E746572223A3232393932302C2247445F58223A2D302E3031313330303735303037363737303738322C2247445F59223A302E303034383835373536343130363538333539352C2247445F5A223A302E303032303630383238393633323934363235332C2241445F58223A2D302E303031363530333738313038303234353937322C2241445F59223A2D302E303031333737333739323838383936393138332C2241445F5A223A2D302E31363832353438353232393439323138382C2254656D70447370223A302C22537461747573223A302C2243616C69625374617465223A312C22536967416D70496E76616C6964223A307D7DFDE7
05-27 18:33:26.277   536   536 D commservice260303: bufferevent_write retrun value = 0
05-27 18:33:26.277   536   560 D commservice260303: client datas send succeed,send finish
05-27 18:33:26.277   299 30844 D EvsDriver: forwardFrame
05-27 18:33:26.277 13911 14192 D Sentinelmode_1.2.5.17_sentry: <SentryImuClusterFgeSender>imu_status sent to Linux, frame=229920, tsNs=9873511, tsMs=9, intervalMs=40, ad=(-0.0016503781,-0.0013773793,-0.16825485), gd=(-0.01130075,0.0048857564,0.002060829)
05-27 18:33:26.278   581   581 I SpiService: fgesysctrl_getGPIO_status success val=1
05-27 18:33:26.278   299 30844 D EvsDriver: Delivered 0xb400007b7ca56900 as id 0
05-27 18:33:26.278  1167  1479 D evsmanagerd: /dev/video6 forwarded the buffer #0 to 0xb4000074bf5f5510 from 0xb4000074bf5f6d90
05-27 18:33:26.279 30773 30781 I dvr_service_: [myNum:1][onFrameReceived] Received Surface:1 0
05-27 18:33:26.279 30773 30781 E dvr_service_: [myNum:1] Received S**** loss
05-27 18:33:26.279   299  1153 D EvsDriver: doneWithFrame
05-27 18:33:26.280  1008 30856 D [OMXB]  : usingANWBuffer: handle:0xee742ed0, format:1, w:1920, h:1080
05-27 18:33:26.280   299 30841 D EvsDriver: forwardFrame
05-27 18:33:26.282   299 30841 D EvsDriver: Delivered 0xb400007b7ca56a60 as id 0
05-27 18:33:26.282  1167  1479 D evsmanagerd: /dev/video4 forwarded the buffer #0 to 0xb4000074bf5f6850 from 0xb4000074bf5f41d0
05-27 18:33:26.282 30773 30781 I dvr_service_: [myNum:0][onFrameReceived] Received Surface:1 0
05-27 18:33:26.282 30773 30781 E dvr_service_: [myNum:0] Received S**** loss
05-27 18:33:26.283   299  1153 D EvsDriver: doneWithFrame
05-27 18:33:26.283   581   581 I SpiService: fgesysctrl_getGPIO_status success val=1
05-27 18:33:26.289   581   581 I SpiService: fgesysctrl_getGPIO_status success val=1
05-27 18:33:26.293  1008 30857 D [OMXB]  : usingANWBuffer: handle:0xee742cc0, format:1, w:1920, h:1080
05-27 18:33:26.294   581   581 I SpiService: fgesysctrl_getGPIO_status success val=1
05-27 18:33:26.295 13911 14183 I SentryImuMcuAngleSender: 179.986rollDeg
05-27 18:33:26.295 13911 14183 I SentryImuMcuAngleSender: 1,0,0
05-27 18:33:26.300   581   581 I SpiService: fgesysctrl_getGPIO_status success val=1
05-27 18:33:26.305   581   581 I SpiService: fgesysctrl_getGPIO_status success val=0
05-27 18:33:26.315 13911 14183 I SentryImuMcuAngleSender: 179.993rollDeg
05-27 18:33:26.315 13911 14183 I SentryImuMcuAngleSender: 1,0,0
05-27 18:33:26.316   299 30844 D EvsDriver: forwardFrame
05-27 18:33:26.316   299 30841 D EvsDriver: forwardFrame
05-27 18:33:26.317   299 30844 D EvsDriver: Delivered 0xb400007b7ca56900 as id 0
05-27 18:33:26.317   536   536 D commservice260303: msg.id = 1028,0
05-27 18:33:26.317   536   536 D commservice260303: i = 170, msgid = 8A000404
05-27 18:33:26.317   536   536 D commservice260303: msgid = -1979710460,did=138
05-27 18:33:26.317   536   536 D commservice260303: CommProtocolLibCmdBaseI2C::dataproc {"command":{"id":"imu_status","sub":""},"content":{"TimeStamp":9,"FrameCounter":229921,"GD_X":-0.010690094903111458,"GD_Y":0.004963258747011423,"GD_Z":0.002443138277158141,"AD_X":-0.002279326319694519,"AD_Y":-0.0013676711823791265,"AD_Z":-0.17069339752197266,"TempDsp":0,"Status":0,"CalibState":1,"SigAmpInvalid":0}},-1979710460
05-27 18:33:26.317   299 30841 D EvsDriver: Delivered 0xb400007b7ca56a60 as id 0
05-27 18:33:26.317   536   536 D commservice260303: send2Cluster len:316, 7B22636F6D6D616E64223A7B226964223A22696D755F737461747573222C22737562223A22227D2C22636F6E74656E74223A7B2254696D655374616D70223A392C224672616D65436F756E746572223A3232393932312C2247445F58223A2D302E3031303639303039343930333131313435382C2247445F59223A302E3030343936333235383734373031313432332C2247445F5A223A302E3030323434333133383237373135383134312C2241445F58223A2D302E3030323237393332363331393639343531392C2241445F59223A2D302E303031333637363731313832333739313236352C2241445F5A223A2D302E31373036393333393735323139373236362C2254656D70447370223A302C22537461747573223A302C2243616C69625374617465223A312C22536967416D70496E76616C6964223A307D7D, 138 
05-27 18:33:26.317  1167  1167 D evsmanagerd: /dev/video4 forwarded the buffer #0 to 0xb4000074bf5f6850 from 0xb4000074bf5f41d0
05-27 18:33:26.317   536   536 D commservice260303: Push Message into SendPool fn=515965696
05-27 18:33:26.317   536   536 D commservice260303: ComProtocolLibSend2Cluster::send2ClusterRaw fn=515965696 , len=332
05-27 18:33:26.317   536   536 D commservice260303: sendCmdToPort :332!!!
05-27 18:33:26.317   536   536 D commservice260303: send Cmd To Port ++++5AA501488A010003C11E6A16C8767B22636F6D6D616E64223A7B226964223A22696D755F737461747573222C22737562223A22227D2C22636F6E74656E74223A7B2254696D655374616D70223A392C224672616D65436F756E746572223A3232393932312C2247445F58223A2D302E3031303639303039343930333131313435382C2247445F59223A302E3030343936333235383734373031313432332C2247445F5A223A302E3030323434333133383237373135383134312C2241445F58223A2D302E3030323237393332363331393639343531392C2241445F59223A2D302E303031333637363731313832333739313236352C2241445F5A223A2D302E31373036393333393735323139373236362C2254656D70447370223A302C22537461747573223A302C2243616C69625374617465223A312C22536967416D70496E76616C6964223A307D7DBF6B
05-27 18:33:26.318   536   536 D commservice260303: bufferevent_write retrun value = 0
05-27 18:33:26.318   536   560 D commservice260303: client datas send succeed,send finish
05-27 18:33:26.318 13911 14192 D Sentinelmode_1.2.5.17_sentry: <SentryImuClusterFgeSender>imu_status sent to Linux, frame=229921, tsNs=9873565, tsMs=9, intervalMs=40, ad=(-0.0022793263,-0.0013676712,-0.1706934), gd=(-0.010690095,0.0049632587,0.0024431383)
05-27 18:33:26.318  1167  1479 D evsmanagerd: /dev/video6 forwarded the buffer #0 to 0xb4000074bf5f5510 from 0xb4000074bf5f6d90
05-27 18:33:26.319   581   581 I SpiService: fgesysctrl_getGPIO_status success val=1
05-27 18:33:26.321   299  1163 D EvsDriver: doneWithFrame
05-27 18:33:26.321   299  1153 D EvsDriver: doneWithFrame
05-27 18:33:26.325   581   581 I SpiService: fgesysctrl_getGPIO_status success val=1
05-27 18:33:26.330   581   581 I SpiService: fgesysctrl_getGPIO_status success val=1
05-27 18:33:26.333   572   622 I Sensors : 230 AccelSensor: x:-0.169580,y:0.001220,z:-9.975940
05-27 18:33:26.335 13911 14183 I SentryImuMcuAngleSender: 179.993rollDeg
05-27 18:33:26.335 13911 14183 I SentryImuMcuAngleSender: 1,0,0
05-27 18:33:26.335  1008 30856 D [OMXB]  : usingANWBuffer: handle:0xee742530, format:1, w:1920, h:1080
05-27 18:33:26.336   581   581 I SpiService: fgesysctrl_getGPIO_status success val=1
05-27 18:33:26.341   581   581 I SpiService: fgesysctrl_getGPIO_status success val=1
05-27 18:33:26.342  1008 30857 D [OMXB]  : usingANWBuffer: handle:0xee747180, format:1, w:1920, h:1080
05-27 18:33:26.345   299 30841 D EvsDriver: forwardFrame
05-27 18:33:26.346   299 30844 D EvsDriver: forwardFrame
05-27 18:33:26.346   299 30841 D EvsDriver: Delivered 0xb400007b7ca56a60 as id 0
05-27 18:33:26.346  1167  1479 D evsmanagerd: /dev/video4 forwarded the buffer #0 to 0xb4000074bf5f6850 from 0xb4000074bf5f41d0
05-27 18:33:26.346   581   581 I SpiService: fgesysctrl_getGPIO_status success val=0
05-27 18:33:26.347  1167  1479 D evsmanagerd: /dev/video6 forwarded the buffer #0 to 0xb4000074bf5f5510 from 0xb4000074bf5f6d90
05-27 18:33:26.347   299 30844 D EvsDriver: Delivered 0xb400007b7ca56900 as id 0
05-27 18:33:26.351   299  1153 D EvsDriver: doneWithFrame
05-27 18:33:26.352   299  1163 D EvsDriver: doneWithFrame
05-27 18:33:26.354 13911 13911 I Sentinelmode_1.2.5.17_sentry: <SentinelCarServiceManager>sensorType:291504647
05-27 18:33:26.355 13911 14183 I SentryImuMcuAngleSender: 179.986rollDeg
05-27 18:33:26.355 13911 14183 I SentryImuMcuAngleSender: 1,0,0
05-27 18:33:26.358   536   536 D commservice260303: msg.id = 1028,1
05-27 18:33:26.358   536   536 D commservice260303: i = 170, msgid = 8A000404
05-27 18:33:26.358   536   536 D commservice260303: msgid = -1979710460,did=138
05-27 18:33:26.358   536   536 D commservice260303: CommProtocolLibCmdBaseI2C::dataproc {"command":{"id":"imu_status","sub":""},"content":{"TimeStamp":9,"FrameCounter":229922,"GD_X":-0.010841978713870049,"GD_Y":0.006336971186101437,"GD_Z":0.0019079053308814764,"AD_X":-0.003495931625366211,"AD_Y":-1.432560384273529E-4,"AD_Z":-0.17069339752197266,"TempDsp":0,"Status":0,"CalibState":1,"SigAmpInvalid":0}},-1979710460
05-27 18:33:26.358   536   536 D commservice260303: send2Cluster len:316, 7B22636F6D6D616E64223A7B226964223A22696D755F737461747573222C22737562223A22227D2C22636F6E74656E74223A7B2254696D655374616D70223A392C224672616D65436F756E746572223A3232393932322C2247445F58223A2D302E3031303834313937383731333837303034392C2247445F59223A302E3030363333363937313138363130313433372C2247445F5A223A302E303031393037393035333330383831343736342C2241445F58223A2D302E3030333439353933313632353336363231312C2241445F59223A2D312E343332353630333834323733353239452D342C2241445F5A223A2D302E31373036393333393735323139373236362C2254656D70447370223A302C22537461747573223A302C2243616C69625374617465223A312C22536967416D70496E76616C6964223A307D7D, 138 
05-27 18:33:26.358   536   536 D commservice260303: Push Message into SendPool fn=532742912
05-27 18:33:26.358   536   536 D commservice260303: ComProtocolLibSend2Cluster::send2ClusterRaw fn=532742912 , len=332
05-27 18:33:26.358   536   536 D commservice260303: sendCmdToPort :332!!!
05-27 18:33:26.358   536   536 D commservice260303: send Cmd To Port ++++5AA501488A010003C11F6A16C8767B22636F6D6D616E64223A7B226964223A22696D755F737461747573222C22737562223A22227D2C22636F6E74656E74223A7B2254696D655374616D70223A392C224672616D65436F756E746572223A3232393932322C2247445F58223A2D302E3031303834313937383731333837303034392C2247445F59223A302E3030363333363937313138363130313433372C2247445F5A223A302E303031393037393035333330383831343736342C2241445F58223A2D302E3030333439353933313632353336363231312C2241445F59223A2D312E343332353630333834323733353239452D342C2241445F5A223A2D302E31373036393333393735323139373236362C2254656D70447370223A302C22537461747573223A302C2243616C69625374617465223A312C22536967416D70496E76616C6964223A307D7DAEAF
05-27 18:33:26.358   536   536 D commservice260303: bufferevent_write retrun value = 0
05-27 18:33:26.358   536   560 D commservice260303: client datas send succeed,send finish
05-27 18:33:26.359 13911 14192 D Sentinelmode_1.2.5.17_sentry: <SentryImuClusterFgeSender>imu_status sent to Linux, frame=229922, tsNs=9873602, tsMs=9, intervalMs=41, ad=(-0.0034959316,-1.4325604E-4,-0.1706934), gd=(-0.010841979,0.006336971,0.0019079053)
05-27 18:33:26.363   581   581 I SpiService: fgesysctrl_getGPIO_status success val=1
05-27 18:33:26.368   581   581 I SpiService: fgesysctrl_getGPIO_status success val=1
05-27 18:33:26.370   283   307 I rvcservice: t.code = 3, t.value = 0
05-27 18:33:26.370  1008 30857 D [OMXB]  : usingANWBuffer: handle:0xee741da0, format:1, w:1920, h:1080
05-27 18:33:26.374   581   581 I SpiService: fgesysctrl_getGPIO_status success val=1
05-27 18:33:26.375 13911 14183 I SentryImuMcuAngleSender: 179.97899rollDeg
05-27 08:24:35.591   581   581 D spi_rst_gpio_get_output: GPIO 145 value: 1
05-27 18:33:26.375 13911 14183 I SentryImuMcuAngleSender: 1,0,0
05-27 08:24:35.591   581   581 D spidev_ioctl: gpio status=1)
05-27 18:33:26.379   581   581 I SpiService: fgesysctrl_getGPIO_status success val=1
05-27 18:33:26.384   299 30841 D EvsDriver: forwardFrame
05-27 18:33:26.384   299 30844 D EvsDriver: forwardFrame
05-27 18:33:26.386   581   581 I SpiService: fgesysctrl_getGPIO_status success val=0
05-27 18:33:26.386   299 30841 D EvsDriver: Delivered 0xb400007b7ca56a60 as id 0
