05-27 18:33:26.742  1121  1144 I tboxmids_ap: [2026-05-27 18:33:26.742] [MCU RX] src=MCU dst=ZMQ len=10 type=BINARY data=00 08 A6 01 04 09 01 12 34 56 
05-27 18:33:26.742   351   373 D automotive.vehicle@2.0-adayo-datacomm-mcu: MCUDatacomm 1sendMessageFromVehicle ---> type = 12 
05-27 18:33:26.744   581   581 I SpiService: fgesysctrl_getGPIO_status success val=1
05-27 08:24:35.709   581   581 D spi_rst_gpio_get_output: GPIO 145 value: 1
05-27 08:24:35.709   581   581 D spidev_ioctl: gpio status=1)
05-27 18:33:26.745  1083  1083 I MyAppLog: [2026-05-27 18:33:26.743 I tboxap mcuCommTboxmidsRecvCb:97] [Mcu] [mcuCommTboxmidsRecvCb] recv from tboxmids, size:10
05-27 18:33:26.746  1083  1083 I MyAppLog: [2026-05-27 18:33:26.743 I tboxap mcuCommTboxmidsRecvCb:98] [Mcu] [tboxmids -> tboxap]: :00 08 A6 01 04 09 01 12 34 56
05-27 18:33:26.746  1083  1083 I MyAppLog: [2026-05-27 18:33:26.743 I tboxap mcuPtlParseData:990] [Mcu] [Mcu  Parse]: (cmd):0901 (param):0901123456
05-27 18:33:26.749  1083  1083 W MyAppLog: [2026-05-27 18:33:26.744 W tboxap mcuParamDataRevPack:918] [Mcu] mcuParamDataRevPack start pack data!!!
05-27 18:33:26.750  1083  1083 W MyAppLog: [2026-05-27 18:33:26.744 W tboxap mcuSaveQueryData:219] [Mcu] [mcuSaveQueryData] unknown query item:0x56
05-27 18:33:26.750  1083  1083 W MyAppLog: [2026-05-27 18:33:26.744 W tboxap mcuHandleQueryInd:1700] [Mcu] [mcuHandleQueryInd] unknown query item:0x56
05-27 18:33:26.750  1083  1083 W MyAppLog: [2026-05-27 18:33:26.744 W tboxap mcuHandleQueryInd:1700] [Mcu] [mcuHandleQueryInd] unknown query item:0x56
05-27 18:33:26.750   581   581 I SpiService: fgesysctrl_getGPIO_status success val=1
05-27 18:33:26.750  1083  1083 W MyAppLog: [2026-05-27 18:33:26.744 W tboxap mcuHandleQueryInd:1700] [Mcu] [mcuHandleQueryInd] unknown query item:0x56
05-27 18:33:26.750  1083  1083 W MyAppLog: [2026-05-27 18:33:26.744 W tboxap mcuHandleQueryInd:1700] [Mcu] [mcuHandleQueryInd] unknown query item:0x56
05-27 18:33:26.751  1083  1083 W MyAppLog: [2026-05-27 18:33:26.744 W tboxap mcuHandleQueryInd:1700] [Mcu] [mcuHandleQueryInd] unknown query item:0x56
05-27 18:33:26.751  1083  1083 W MyAppLog: [2026-05-27 18:33:26.744 W tboxap mcuHandleQueryInd:1700] [Mcu] [mcuHandleQueryInd] unknown query item:0x56
05-27 18:33:26.751  1083  1083 W MyAppLog: [2026-05-27 18:33:26.744 W tboxap mcuHandleQueryInd:1700] [Mcu] [mcuHandleQueryInd] unknown query item:0x56
05-27 18:33:26.751  1083  1083 W MyAppLog: [2026-05-27 18:33:26.744 W tboxap mcuHandleQueryInd:1700] [Mcu] [mcuHandleQueryInd] unknown query item:0x56
05-27 18:33:26.751  1083  1083 W MyAppLog: [2026-05-27 18:33:26.744 W tboxap mcuHandleQueryInd:1700] [Mcu] [mcuHandleQueryInd] unknown query item:0x56
05-27 18:33:26.751  1083  1083 W MyAppLog: [2026-05-27 18:33:26.744 W tboxap mcuHandleQueryInd:1700] [Mcu] [mcuHandleQueryInd] unknown query item:0x56
05-27 18:33:26.751  1083  1083 W MyAppLog: [2026-05-27 18:33:26.744 W tboxap mcuHandleQueryInd:1700] [Mcu] [mcuHandleQueryInd] unknown query item:0x56
05-27 18:33:26.752  1083  1083 W MyAppLog: [2026-05-27 18:33:26.744 W tboxap mcuHandleQueryInd:1700] [Mcu] [mcuHandleQueryInd] unknown query item:0x56
05-27 18:33:26.752  1083  1083 W MyAppLog: [2026-05-27 18:33:26.744 W tboxap mcuHandleQueryInd:1700] [Mcu] [mcuHandleQueryInd] unknown query item:0x56
05-27 18:33:26.752  1083  1083 W MyAppLog: [2026-05-27 18:33:26.744 W tboxap mcuHandleQueryInd:1700] [Mcu] [mcuHandleQueryInd] unknown query item:0x56
05-27 18:33:26.752  1083  1083 W MyAppLog: [2026-05-27 18:33:26.744 W tboxap mcuHandleQueryInd:1700] [Mcu] [mcuHandleQueryInd] unknown query item:0x56
05-27 18:33:26.752  1083  1083 W MyAppLog: [2026-05-27 18:33:26.744 W tboxap mcuHandleQueryInd:1700] [Mcu] [mcuHandleQueryInd] unknown query item:0x56
05-27 18:33:26.752  1083  1083 W MyAppLog: [2026-05-27 18:33:26.744 W tboxap mcuHandleQueryInd:1700] [Mcu] [mcuHandleQueryInd] unknown query item:0x56
05-27 18:33:26.752  1083  1083 W MyAppLog: [2026-05-27 18:33:26.744 W tboxap mcuHandleQueryInd:1700] [Mcu] [mcuHandleQueryInd] unknown query item:0x56
05-27 08:24:35.715   581   581 D spi_rst_gpio_get_output: GPIO 145 value: 1
05-27 08:24:35.715   581   581 D spidev_ioctl: gpio status=1)
05-27 18:33:26.753  1083  1083 W MyAppLog: [2026-05-27 18:33:26.744 W tboxap mcuHandleQueryInd:1700] [Mcu] [mcuHandleQueryInd] unknown query item:0x56
05-27 18:33:26.754  1083  1083 W MyAppLog: [2026-05-27 18:33:26.744 W tboxap mcuHandleQueryInd:1700] [Mcu] [mcuHandleQueryInd] unknown query item:0x56
05-27 18:33:26.754  1083  1083 W MyAppLog: [2026-05-27 18:33:26.744 W tboxap mcuHandleQueryInd:1700] [Mcu] [mcuHandleQueryInd] unknown query item:0x56
05-27 18:33:26.754  1083  1083 W MyAppLog: [2026-05-27 18:33:26.744 W tboxap mcuHandleQueryInd:1700] [Mcu] [mcuHandleQueryInd] unknown query item:0x56
05-27 18:33:26.754  1083  1083 W MyAppLog: [2026-05-27 18:33:26.744 W tboxap mcuHandleQueryInd:1700] [Mcu] [mcuHandleQueryInd] unknown query item:0x56
05-27 18:33:26.754  1083  1083 W MyAppLog: [2026-05-27 18:33:26.744 W tboxap mcuHandleQueryInd:1700] [Mcu] [mcuHandleQueryInd] unknown query item:0x56
05-27 18:33:26.754  1083  1083 W MyAppLog: [2026-05-27 18:33:26.744 W tboxap mcuHandleQueryInd:1700] [Mcu] [mcuHandleQueryInd] unknown query item:0x56
05-27 18:33:26.755  1083  1083 W MyAppLog: [2026-05-27 18:33:26.744 W tboxap mcuHandleQueryInd:1700] [Mcu] [mcuHandleQueryInd] unknown query item:0x56
05-27 18:33:26.755  1083  1083 W MyAppLog: [2026-05-27 18:33:26.744 W tboxap mcuHandleQueryInd:1700] [Mcu] [mcuHandleQueryInd] unknown query item:0x56
05-27 08:24:35.720   581   581 D spi_rst_gpio_get_output: GPIO 145 value: 1
05-27 08:24:35.720   581   581 D spidev_ioctl: gpio status=1)
05-27 18:33:26.755 19171 19171 I ADAYO_LOG_TRACE_LOGCAT: execute start
05-27 18:33:26.755  1008 30857 D [OMXB]  : usingANWBuffer: handle:0xee744fd0, format:1, w:1920, h:1080
05-27 18:33:26.755  1083  1083 W MyAppLog: [2026-05-27 18:33:26.744 W tboxap mcuHandleQueryInd:1700] [Mcu] [mcuHandleQueryInd] unknown query item:0x56
05-27 18:33:26.756   581   581 I SpiService: fgesysctrl_getGPIO_status success val=1
05-27 18:33:26.756 13911 14183 I SentryImuMcuAngleSender: 179.98949rollDeg
05-27 18:33:26.756  1083  1083 W MyAppLog: [2026-05-27 18:33:26.744 W tboxap mcuHandleQueryInd:1700] [Mcu] [mcuHandleQueryInd] unknown query item:0x56
05-27 08:24:35.726   581   581 D spi_rst_gpio_get_output: GPIO 145 value: 1
05-27 08:24:35.726   581   581 D spidev_ioctl: gpio status=1)
05-27 08:24:35.731   581   581 D spi_rst_gpio_get_output: GPIO 145 value: 0
05-27 18:33:26.756 13911 14183 I SentryImuMcuAngleSender: 1,0,0
05-27 08:24:35.731   581   581 D spidev_ioctl: gpio status=0)
05-27 18:33:26.756  1083  1083 W MyAppLog: [2026-05-27 18:33:26.744 W tboxap mcuHandleQueryInd:1700] [Mcu] [mcuHandleQueryInd] unknown query item:0x56
05-27 18:33:26.756  1083  1083 W MyAppLog: [2026-05-27 18:33:26.744 W tboxap mcuHandleQueryInd:1700] [Mcu] [mcuHandleQueryInd] unknown query item:0x56
05-27 18:33:26.757  1083  1083 W MyAppLog: [2026-05-27 18:33:26.744 W tboxap mcuHandleQueryInd:1700] [Mcu] [mcuHandleQueryInd] unknown query item:0x56
05-27 18:33:26.757  1083  1083 W MyAppLog: [2026-05-27 18:33:26.744 W tboxap mcuHandleQueryInd:1700] [Mcu] [mcuHandleQueryInd] unknown query item:0x56
05-27 18:33:26.757  1083  1083 W MyAppLog: [2026-05-27 18:33:26.744 W tboxap mcuHandleQueryInd:1700] [Mcu] [mcuHandleQueryInd] unknown query item:0x56
05-27 18:33:26.757  1083  1083 W MyAppLog: [2026-05-27 18:33:26.744 W tboxap mcuHandleQueryInd:1700] [Mcu] [mcuHandleQueryInd] unknown query item:0x56
05-27 18:33:26.757  1083  1083 W MyAppLog: [2026-05-27 18:33:26.744 W tboxap mcuHandleQueryInd:1700] [Mcu] [mcuHandleQueryInd] unknown query item:0x56
05-27 18:33:26.757  1083  1083 W MyAppLog: [2026-05-27 18:33:26.744 W tboxap mcuHandleQueryInd:1700] [Mcu] [mcuHandleQueryInd] unknown query item:0x56
05-27 18:33:26.757  1083  1083 W MyAppLog: [2026-05-27 18:33:26.744 W tboxap mcuHandleQueryInd:1700] [Mcu] [mcuHandleQueryInd] unknown query item:0x56
05-27 18:33:26.758  1083  1083 W MyAppLog: [2026-05-27 18:33:26.744 W tboxap mcuHandleQueryInd:1700] [Mcu] [mcuHandleQueryInd] unknown query item:0x56
05-27 18:33:26.758  1083  1083 W MyAppLog: [2026-05-27 18:33:26.744 W tboxap mcuHandleQueryInd:1700] [Mcu] [mcuHandleQueryInd] unknown query item:0x56
05-27 18:33:26.758  1083  1083 W MyAppLog: [2026-05-27 18:33:26.744 W tboxap mcuHandleQueryInd:1700] [Mcu] [mcuHandleQueryInd] unknown query item:0x56
05-27 18:33:26.758  1083  1083 W MyAppLog: [2026-05-27 18:33:26.744 W tboxap mcuHandleQueryInd:1700] [Mcu] [mcuHandleQueryInd] unknown query item:0x56
05-27 18:33:26.758  1083  1083 W MyAppLog: [2026-05-27 18:33:26.744 W tboxap mcuHandleQueryInd:1700] [Mcu] [mcuHandleQueryInd] unknown query item:0x56
05-27 18:33:26.758  1083  1083 W MyAppLog: [2026-05-27 18:33:26.744 W tboxap mcuHandleQueryInd:1700] [Mcu] [mcuHandleQueryInd] unknown query item:0x56
05-27 18:33:26.759  1083  1083 W MyAppLog: [2026-05-27 18:33:26.744 W tboxap mcuHandleQueryInd:1700] [Mcu] [mcuHandleQueryInd] unknown query item:0x56
05-27 18:33:26.759  1083  1083 W MyAppLog: [2026-05-27 18:33:26.744 W tboxap mcuHandleQueryInd:1700] [Mcu] [mcuHandleQueryInd] unknown query item:0x56
05-27 18:33:26.759  1083  1083 W MyAppLog: [2026-05-27 18:33:26.744 W tboxap mcuHandleQueryInd:1700] [Mcu] [mcuHandleQueryInd] unknown query item:0x56
05-27 18:33:26.759  1083  1083 W MyAppLog: [2026-05-27 18:33:26.744 W tboxap mcuHandleQueryInd:1700] [Mcu] [mcuHandleQueryInd] unknown query item:0x56
05-27 18:33:26.759  1083  1083 W MyAppLog: [2026-05-27 18:33:26.744 W tboxap mcuHandleQueryInd:1700] [Mcu] [mcuHandleQueryInd] unknown query item:0x56
05-27 18:33:26.759   299 30841 D EvsDriver: forwardFrame
05-27 18:33:26.759  1083  1083 W MyAppLog: [2026-05-27 18:33:26.744 W tboxap mcuHandleQueryInd:1700] [Mcu] [mcuHandleQueryInd] unknown query item:0x56
05-27 18:33:26.759  1083  1083 W MyAppLog: [2026-05-27 18:33:26.744 W tboxap mcuHandleQueryInd:1700] [Mcu] [mcuHandleQueryInd] unknown query item:0x56
05-27 18:33:26.760  1083  1083 W MyAppLog: [2026-05-27 18:33:26.744 W tboxap mcuHandleQueryInd:1700] [Mcu] [mcuHandleQueryInd] unknown query item:0x56
05-27 18:33:26.760   299 30841 D EvsDriver: Delivered 0xb400007b7ca56a60 as id 0
05-27 18:33:26.760   299 30844 D EvsDriver: forwardFrame
05-27 18:33:26.760  1167  1479 D evsmanagerd: /dev/video4 forwarded the buffer #0 to 0xb4000074bf5f6850 from 0xb4000074bf5f41d0
05-27 18:33:26.761   581   581 I SpiService: fgesysctrl_getGPIO_status success val=1
05-27 18:33:26.761  1167  1479 D evsmanagerd: /dev/video6 forwarded the buffer #0 to 0xb4000074bf5f5510 from 0xb4000074bf5f6d90
05-27 18:33:26.762   299 30844 D EvsDriver: Delivered 0xb400007b7ca56900 as id 0
05-27 18:33:26.766   536   536 D commservice260303: msg.id = 1028,0
05-27 18:33:26.766   536   536 D commservice260303: i = 170, msgid = 8A000404
05-27 18:33:26.766   536   536 D commservice260303: msgid = -1979710460,did=138
05-27 18:33:26.766   536   536 D commservice260303: CommProtocolLibCmdBaseI2C::dataproc {"command":{"id":"imu_status","sub":""},"content":{"TimeStamp":9,"FrameCounter":229932,"GD_X":-0.011147825978696346,"GD_Y":0.005573912989348173,"GD_Z":0.002213752595707774,"AD_X":-0.0035335272550582886,"AD_Y":-0.0013610436581075191,"AD_Z":-0.16459369659423828,"TempDsp":0,"Status":0,"CalibState":1,"SigAmpInvalid":0}},-1979710460
05-27 18:33:26.766   536   536 D commservice260303: send2Cluster len:317, 7B22636F6D6D616E64223A7B226964223A22696D755F737461747573222C22737562223A22227D2C22636F6E74656E74223A7B2254696D655374616D70223A392C224672616D65436F756E746572223A3232393933322C2247445F58223A2D302E3031313134373832353937383639363334362C2247445F59223A302E3030353537333931323938393334383137332C2247445F5A223A302E3030323231333735323539353730373737342C2241445F58223A2D302E303033353333353237323535303538323838362C2241445F59223A2D302E303031333631303433363538313037353139312C2241445F5A223A2D302E31363435393336393635393432333832382C2254656D70447370223A302C22537461747573223A302C2243616C69625374617465223A312C22536967416D70496E76616C6964223A307D7D, 138 
05-27 18:33:26.766   536   536 D commservice260303: Push Message into SendPool fn=700515072
05-27 18:33:26.766   536   536 D commservice260303: ComProtocolLibSend2Cluster::send2ClusterRaw fn=700515072 , len=333
05-27 18:33:26.766   536   536 D commservice260303: sendCmdToPort :333!!!
05-27 18:33:26.766   536   536 D commservice260303: send Cmd To Port ++++5AA501498A010003C1296A16C8767B22636F6D6D616E64223A7B226964223A22696D755F737461747573222C22737562223A22227D2C22636F6E74656E74223A7B2254696D655374616D70223A392C224672616D65436F756E746572223A3232393933322C2247445F58223A2D302E3031313134373832353937383639363334362C2247445F59223A302E3030353537333931323938393334383137332C2247445F5A223A302E3030323231333735323539353730373737342C2241445F58223A2D302E303033353333353237323535303538323838362C2241445F59223A2D302E303031333631303433363538313037353139312C2241445F5A223A2D302E31363435393336393635393432333832382C2254656D70447370223A302C22537461747573223A302C2243616C69625374617465223A312C22536967416D70496E76616C6964223A307D7D4744
05-27 18:33:26.766   536   536 D commservice260303: bufferevent_write retrun value = 0
05-27 18:33:26.767   581   581 I SpiService: fgesysctrl_getGPIO_status success val=0
05-27 18:33:26.767   536   560 D commservice260303: client datas send succeed,send finish
05-27 18:33:26.767   481   597 I mcuc    : send SPI:6AA602C6E200028900CB
05-27 18:33:26.767   299  1163 D EvsDriver: doneWithFrame
05-27 18:33:26.768   299  1153 D EvsDriver: doneWithFrame
05-27 18:33:26.771   283   307 I rvcservice: t.code = 3, t.value = 0
05-27 18:33:26.775 13911 14192 D Sentinelmode_1.2.5.17_sentry: <SentryImuClusterFgeSender>imu_status sent to Linux, frame=229932, tsNs=9874012, tsMs=9, intervalMs=41, ad=(-0.0035335273,-0.0013610437,-0.1645937), gd=(-0.011147826,0.005573913,0.0022137526)
05-27 18:33:26.776 13911 14183 I SentryImuMcuAngleSender: 179.99298rollDeg
05-27 18:33:26.776 13911 14183 I SentryImuMcuAngleSender: 1,0,0
05-27 18:33:26.781   581   581 I SpiService: fgesysctrl_getGPIO_status success val=1
05-27 08:24:35.746   581   581 D spi_rst_gpio_get_output: GPIO 145 value: 1
05-27 08:24:35.746   581   581 D spidev_ioctl: gpio status=1)
05-27 18:33:26.785   299 30844 D EvsDriver: forwardFrame
05-27 18:33:26.787   299 30844 D EvsDriver: Delivered 0xb400007b7ca56900 as id 0
05-27 18:33:26.787  1167  1167 D evsmanagerd: /dev/video6 forwarded the buffer #0 to 0xb4000074bf5f5510 from 0xb4000074bf5f6d90
05-27 18:33:26.788 30773 30773 E dvr_service_: [myNum:1] Received S**** loss
05-27 18:33:26.788   581   581 I SpiService: fgesysctrl_getGPIO_status success val=1
05-27 08:24:35.752   581   581 D spi_rst_gpio_get_output: GPIO 145 value: 1
05-27 08:24:35.752   581   581 D spidev_ioctl: gpio status=1)
05-27 18:33:26.788   299  1163 D EvsDriver: doneWithFrame
05-27 18:33:26.793   581   581 I SpiService: fgesysctrl_getGPIO_status success val=1
05-27 08:24:35.758   581   581 D spi_rst_gpio_get_output: GPIO 145 value: 1
05-27 08:24:35.758   581   581 D spidev_ioctl: gpio status=1)
05-27 18:33:26.795  1008 30856 D [OMXB]  : usingANWBuffer: handle:0xee740bc0, format:1, w:1920, h:1080
05-27 18:33:26.795   299 30841 D EvsDriver: forwardFrame
05-27 18:33:26.795 19174 19174 I ADAYO_LOG_TRACE_LOGCAT: executing
05-27 18:33:26.796 13911 14183 I SentryImuMcuAngleSender: 179.99649rollDeg
05-27 18:33:26.796 13911 14183 I SentryImuMcuAngleSender: 1,0,0
05-27 18:33:26.797  1167  1167 D evsmanagerd: /dev/video4 forwarded the buffer #0 to 0xb4000074bf5f6850 from 0xb4000074bf5f41d0
05-27 18:33:26.797 30773 30773 E dvr_service_: [myNum:0] Received S**** loss
05-27 18:33:26.798   299 30841 D EvsDriver: Delivered 0xb400007b7ca56a60 as id 0
05-27 18:33:26.798   299  1163 D EvsDriver: doneWithFrame
05-27 18:33:26.799   581   581 I SpiService: fgesysctrl_getGPIO_status success val=1
05-27 08:24:35.764   581   581 D spi_rst_gpio_get_output: GPIO 145 value: 1
05-27 08:24:35.764   581   581 D spidev_ioctl: gpio status=1)
05-27 18:33:26.804 30773 30786 I dvr_service_: CameraX 1  audioOK: 136943183,audios:2050
05-27 08:24:35.769   581   581 D spi_rst_gpio_get_output: GPIO 145 value: 0
05-27 08:24:35.769   581   581 D spidev_ioctl: gpio status=0)
05-27 18:33:26.805   581   581 I SpiService: fgesysctrl_getGPIO_status success val=0
05-27 18:33:26.809   536   536 D commservice260303: msg.id = 1028,1
05-27 18:33:26.809   536   536 D commservice260303: i = 170, msgid = 8A000404
05-27 18:33:26.809   536   536 D commservice260303: msgid = -1979710460,did=138
05-27 18:33:26.809   536   536 D commservice260303: CommProtocolLibCmdBaseI2C::dataproc {"command":{"id":"imu_status","sub":""},"content":{"TimeStamp":9,"FrameCounter":229933,"GD_X":-0.011377211660146713,"GD_Y":0.0048857564106583595,"GD_Z":0.002443138277158141,"AD_X":-0.004740208387374878,"AD_Y":-0.0019563138484954834,"AD_Z":-0.16642379760742188,"TempDsp":0,"Status":0,"CalibState":1,"SigAmpInvalid":0}},-1979710460
05-27 18:33:26.809   536   536 D commservice260303: send2Cluster len:317, 7B22636F6D6D616E64223A7B226964223A22696D755F737461747573222C22737562223A22227D2C22636F6E74656E74223A7B2254696D655374616D70223A392C224672616D65436F756E746572223A3232393933332C2247445F58223A2D302E3031313337373231313636303134363731332C2247445F59223A302E303034383835373536343130363538333539352C2247445F5A223A302E3030323434333133383237373135383134312C2241445F58223A2D302E3030343734303230383338373337343837382C2241445F59223A2D302E303031393536333133383438343935343833342C2241445F5A223A2D302E31363634323337393736303734323138382C2254656D70447370223A302C22537461747573223A302C2243616C69625374617465223A312C22536967416D70496E76616C6964223A307D7D, 138 
05-27 18:33:26.809   536   536 D commservice260303: Push Message into SendPool fn=717292288
05-27 18:33:26.809   536   536 D commservice260303: ComProtocolLibSend2Cluster::send2ClusterRaw fn=717292288 , len=333
05-27 18:33:26.809   536   536 D commservice260303: sendCmdToPort :333!!!
05-27 18:33:26.810   536   536 D commservice260303: send Cmd To Port ++++5AA501498A010003C12A6A16C8767B22636F6D6D616E64223A7B226964223A22696D755F737461747573222C22737562223A22227D2C22636F6E74656E74223A7B2254696D655374616D70223A392C224672616D65436F756E746572223A3232393933332C2247445F58223A2D302E3031313337373231313636303134363731332C2247445F59223A302E303034383835373536343130363538333539352C2247445F5A223A302E3030323434333133383237373135383134312C2241445F58223A2D302E3030343734303230383338373337343837382C2241445F59223A2D302E303031393536333133383438343935343833342C2241445F5A223A2D302E31363634323337393736303734323138382C2254656D70447370223A302C22537461747573223A302C2243616C69625374617465223A312C22536967416D70496E76616C6964223A307D7D6582
05-27 18:33:26.810   536   536 D commservice260303: bufferevent_write retrun value = 0
05-27 18:33:26.810   536   560 D commservice260303: client datas send succeed,send finish
05-27 18:33:26.811 13911 14192 D Sentinelmode_1.2.5.17_sentry: <SentryImuClusterFgeSender>imu_status sent to Linux, frame=229933, tsNs=9874046, tsMs=9, intervalMs=38, ad=(-0.0047402084,-0.0019563138,-0.1664238), gd=(-0.011377212,0.0048857564,0.0024431383)
05-27 18:33:26.814   572   572 I Sensors : 230 GyroSensor: x:-0.011148,y:0.005497,z:0.002519
05-27 18:33:26.815 13911 14131 D SVR_MNG_SvrMngProxy: getServer: mSvrManger is null
05-27 18:33:26.815 13911 14131 D SVR_MNG_SvrMngProxy: getNewStub: 
05-27 18:33:26.815 13911 14131 D SVR_MNG_SvrMngProxy: getNewStub: getSvrManagerService start
05-27 18:33:26.815  1008 30857 D [OMXB]  : usingANWBuffer: handle:0xee744bb0, format:1, w:1920, h:1080
05-27 18:33:26.816 13911 14131 D SVR_MNG_SvrMngProxy: getNewStub: getSvrManagerService end
05-27 18:33:26.816 13911 14183 I SentryImuMcuAngleSender: 179.99298rollDeg
05-27 18:33:26.816 13911 14183 I SentryImuMcuAngleSender: 1,0,0
05-27 18:33:26.817 13911 14131 D SVR_MNG_SvrMngProxy: getServer: svrMngService doesn't start
05-27 18:33:26.819   581   581 I SpiService: fgesysctrl_getGPIO_status success val=1
05-27 08:24:35.784   581   581 D spi_rst_gpio_get_output: GPIO 145 value: 1
05-27 08:24:35.784   581   581 D spidev_ioctl: gpio status=1)
05-27 18:33:26.821   299 30841 D EvsDriver: forwardFrame
05-27 18:33:26.822   299 30844 D EvsDriver: forwardFrame
05-27 18:33:26.825   581   581 I SpiService: fgesysctrl_getGPIO_status success val=1
05-27 08:24:35.790   581   581 D spi_rst_gpio_get_output: GPIO 145 value: 1
05-27 18:33:26.825  1167  1167 D evsmanagerd: /dev/video6 forwarded the buffer #0 to 0xb4000074bf5f5510 from 0xb4000074bf5f6d90
05-27 18:33:26.825  1167  1479 D evsmanagerd: /dev/video4 forwarded the buffer #0 to 0xb4000074bf5f6850 from 0xb4000074bf5f41d0
05-27 18:33:26.826   299 30841 D EvsDriver: Delivered 0xb400007b7ca56a60 as id 0
05-27 18:33:26.826   299 30844 D EvsDriver: Delivered 0xb400007b7ca56900 as id 0
05-27 18:33:26.831 19179 19179 I ADAYO_LOG_TRACE_LOGCAT: collect_dest_path:/mnt/log_data/AndroidLog/logcat
05-27 18:33:26.832   581   581 I SpiService: fgesysctrl_getGPIO_status success val=1
05-27 18:33:26.835   299  1163 D EvsDriver: doneWithFrame
05-27 08:24:35.790   581   581 D spidev_ioctl: gpio status=1)
05-27 08:24:35.797   581   581 D spi_rst_gpio_get_output: GPIO 145 value: 1
05-27 08:24:35.797   581   581 D spidev_ioctl: gpio status=1)
05-27 18:33:26.835   299  1153 D EvsDriver: doneWithFrame
05-27 18:33:26.837 13911 14183 I SentryImuMcuAngleSender: 179.97897rollDeg
05-27 18:33:26.837 13911 14183 I SentryImuMcuAngleSender: 1,0,0
05-27 18:33:26.837 10188  6929 D NetworkPolicy: Blocked state of 10080: {blocked=NONE,allowed=FOREGROUND|METERED_FOREGROUND,effective=NONE}
05-27 18:33:26.838   581   581 I SpiService: fgesysctrl_getGPIO_status success val=1
05-27 18:33:26.839 15863 16024 D AIN-ExternalMapLocation: MSG_LOCATE
05-27 18:33:26.839 15863 16024 D AIN-CustomMapProxy: sendMsgToCustomMap hascallback : true
05-27 18:33:26.839 15863 16024 D AIN-ServiceHub: getService with: name = service_multi_dhu_control
05-27 18:33:26.839 15863 16024 D AIN-NaviThirdPartyAccessor: hasCallback : true
05-27 18:33:26.839 15863 16024 D AIN-NaviThirdPartyAccessor: sendMsgToCustomMap msg : {"needResponse":true,"protocolFrom":"com.aispeech.lyra.daemon","protocolId":14012,"protocolVersion":"v1","requestCode":"582f1fff-fa4e-467e-bcea-2d7aafcc1196"}
05-27 18:33:26.839 17284 17302 D AIN-AiNaviManager: speech send msg to navi : {"needResponse":true,"protocolFrom":"com.aispeech.lyra.daemon","protocolId":14012,"protocolVersion":"v1","requestCode":"582f1fff-fa4e-467e-bcea-2d7aafcc1196"}
05-27 18:33:26.839 17284 17302 I AIN-MapAccessLayer: onMessage_with: protocolMsg = [{"needResponse":true,"protocolFrom":"com.aispeech.lyra.daemon","protocolId":14012,"protocolVersion":"v1","requestCode":"582f1fff-fa4e-467e-bcea-2d7aafcc1196"}]
05-27 18:33:26.840 17284 17344 D AIN-MapAccessLayer: 请求定位 14012
05-27 18:33:26.840 15863 16024 D AIN-NaviThirdPartyAccessor: callback[navi_com.aispeech.lyra.assistant] is invoked
05-27 18:33:26.840 15863 16024 I AIN-CustomMapProxy: requestCurLocation，requestLocationCount=1860 callTag=toLocate
05-27 08:24:35.803   581   581 D spi_rst_gpio_get_output: GPIO 145 value: 1
05-27 08:24:35.803   581   581 D spidev_ioctl: gpio status=1)
05-27 18:33:26.844   581   581 I SpiService: fgesysctrl_getGPIO_status success val=1
05-27 08:24:35.809   581   581 D spi_rst_gpio_get_output: GPIO 145 value: 1
05-27 08:24:35.809   581   581 D spidev_ioctl: gpio status=1)
05-27 18:33:26.849   536   536 D commservice260303: msg.id = 1028,0
05-27 18:33:26.849   536   536 D commservice260303: i = 170, msgid = 8A000404
05-27 18:33:26.849   536   536 D commservice260303: msgid = -1979710460,did=138
05-27 18:33:26.850   536   536 D commservice260303: CommProtocolLibCmdBaseI2C::dataproc {"command":{"id":"imu_status","sub":""},"content":{"TimeStamp":9,"FrameCounter":229934,"GD_X":-0.011453153565526009,"GD_Y":0.0048857564106583595,"GD_Z":0.0022902146447449923,"AD_X":-0.003516361117362976,"AD_Y":0.0010936192702502012,"AD_Z":-0.16581344604492188,"TempDsp":0,"Status":0,"CalibState":1,"SigAmpInvalid":0}},-1979710460
05-27 18:33:26.850   536   536 D commservice260303: send2Cluster len:317, 7B22636F6D6D616E64223A7B226964223A22696D755F737461747573222C22737562223A22227D2C22636F6E74656E74223A7B2254696D655374616D70223A392C224672616D65436F756E746572223A3232393933342C2247445F58223A2D302E3031313435333135333536353532363030392C2247445F59223A302E303034383835373536343130363538333539352C2247445F5A223A302E303032323930323134363434373434393932332C2241445F58223A2D302E3030333531363336313131373336323937362C2241445F59223A302E303031303933363139323730323530323031322C2241445F5A223A2D302E31363538313334343630343439323138382C2254656D70447370223A302C22537461747573223A302C2243616C69625374617465223A312C22536967416D70496E76616C6964223A307D7D, 138 
05-27 18:33:26.850   536   536 D commservice260303: Push Message into SendPool fn=734069504
05-27 18:33:26.850   536   536 D commservice260303: ComProtocolLibSend2Cluster::send2ClusterRaw fn=734069504 , len=333
05-27 18:33:26.850   536   536 D commservice260303: sendCmdToPort :333!!!
05-27 18:33:26.850   581   581 I SpiService: fgesysctrl_getGPIO_status success val=0
05-27 18:33:26.850   536   536 D commservice260303: send Cmd To Port ++++5AA501498A010003C12B6A16C8767B22636F6D6D616E64223A7B226964223A22696D755F737461747573222C22737562223A22227D2C22636F6E74656E74223A7B2254696D655374616D70223A392C224672616D65436F756E746572223A3232393933342C2247445F58223A2D302E3031313435333135333536353532363030392C2247445F59223A302E303034383835373536343130363538333539352C2247445F5A223A302E303032323930323134363434373434393932332C2241445F58223A2D302E3030333531363336313131373336323937362C2241445F59223A302E303031303933363139323730323530323031322C2241445F5A223A2D302E31363538313334343630343439323138382C2254656D70447370223A302C22537461747573223A302C2243616C69625374617465223A312C22536967416D70496E76616C6964223A307D7D460B
05-27 18:33:26.850   536   536 D commservice260303: bufferevent_write retrun value = 0
05-27 18:33:26.850   536   560 D commservice260303: client datas send succeed,send finish
05-27 18:33:26.851 13911 14192 D Sentinelmode_1.2.5.17_sentry: <SentryImuClusterFgeSender>imu_status sent to Linux, frame=229934, tsNs=9874082, tsMs=9, intervalMs=41, ad=(-0.0035163611,0.0010936193,-0.16581345), gd=(-0.011453154,0.0048857564,0.0022902146)
05-27 08:24:35.815   581   581 D spi_rst_gpio_get_output: GPIO 145 value: 0
05-27 08:24:35.815   581   581 D spidev_ioctl: gpio status=0)
05-27 18:33:26.855  1008 30857 D [OMXB]  : usingANWBuffer: handle:0xee742690, format:1, w:1920, h:1080
05-27 18:33:26.855   299 30841 D EvsDriver: forwardFrame
05-27 18:33:26.856   299 30844 D EvsDriver: forwardFrame
05-27 18:33:26.858 13911 14183 I SentryImuMcuAngleSender: 179.97197rollDeg
05-27 18:33:26.858 13911 14183 I SentryImuMcuAngleSender: 1,0,0
05-27 18:33:26.859   299 30841 D EvsDriver: Delivered 0xb400007b7ca56a60 as id 0
05-27 18:33:26.860  1167  1167 D evsmanagerd: /dev/video4 forwarded the buffer #0 to 0xb4000074bf5f6850 from 0xb4000074bf5f41d0
05-27 18:33:26.861  1167  1167 D evsmanagerd: /dev/video6 forwarded the buffer #0 to 0xb4000074bf5f5510 from 0xb4000074bf5f6d90
05-27 18:33:26.861   299 30844 D EvsDriver: Delivered 0xb400007b7ca56900 as id 0
05-27 18:33:26.864  1008 30856 D [OMXB]  : usingANWBuffer: handle:0xee7421c0, format:1, w:1920, h:1080
05-27 18:33:26.866 19108 19136 D ANWStack: Realtek Bluetooth :01 01 10 00
--------- beginning of events
05-27 18:33:26.861 19108 19108 I auditd  : type=1400 audit(0.0:55019): avc: denied { ioctl } for comm="BTInit_Task" path="/dev/ttyS3" dev="tmpfs" ino=3005 ioctlcmd=0x540b scontext=u:r:system_app:s0 tcontext=u:object_r:serial_device:s0 tclass=chr_file permissive=1
05-27 18:33:26.867   581   581 I SpiService: fgesysctrl_getGPIO_status success val=1
05-27 18:33:26.867   299  1153 D EvsDriver: doneWithFrame
05-27 18:33:26.867   299  1163 D EvsDriver: doneWithFrame
05-27 18:33:26.871   283   307 I rvcservice: t.code = 3, t.value = 0
05-27 18:33:26.873   581   581 I SpiService: fgesysctrl_getGPIO_status success val=1
05-27 08:24:35.831   581   581 D spi_rst_gpio_get_output: GPIO 145 value: 1
05-27 18:33:26.878   581   581 I SpiService: fgesysctrl_getGPIO_status success val=1
05-27 08:24:35.831   581   581 D spidev_ioctl: gpio status=1)
05-27 08:24:35.837   581   581 D spi_rst_gpio_get_output: GPIO 145 value: 1
05-27 08:24:35.837   581   581 D spidev_ioctl: gpio status=1)
05-27 08:24:35.843   581   581 D spi_rst_gpio_get_output: GPIO 145 value: 1
05-27 08:24:35.843   581   581 D spidev_ioctl: gpio status=1)
05-27 18:33:26.861 19108 19108 I BTInit_Task: type=1400 audit(0.0:55019): avc: denied { ioctl } for path="/dev/ttyS3" dev="tmpfs" ino=3005 ioctlcmd=0x540b scontext=u:r:system_app:s0 tcontext=u:object_r:serial_device:s0 tclass=chr_file permissive=1
05-27 18:33:26.879 13911 14183 I SentryImuMcuAngleSender: 179.97197rollDeg
05-27 18:33:26.879 13911 14183 I SentryImuMcuAngleSender: 1,0,0
05-27 18:33:26.884   581   581 I SpiService: fgesysctrl_getGPIO_status success val=1
05-27 08:24:35.849   581   581 D spi_rst_gpio_get_output: GPIO 145 value: 1
05-27 08:24:35.849   581   581 D spidev_ioctl: gpio status=1)
05-27 18:33:26.886   299 30844 D EvsDriver: forwardFrame
05-27 18:33:26.887   299 30844 D EvsDriver: Delivered 0xb400007b7ca56900 as id 0
05-27 18:33:26.887  1167  1479 D evsmanagerd: /dev/video6 forwarded the buffer #0 to 0xb4000074bf5f5510 from 0xb4000074bf5f6d90
05-27 18:33:26.887   299 30841 D EvsDriver: forwardFrame
05-27 18:33:26.888   299 30841 D EvsDriver: Delivered 0xb400007b7ca56a60 as id 0
05-27 18:33:26.888  1167  1479 D evsmanagerd: /dev/video4 forwarded the buffer #0 to 0xb4000074bf5f6850 from 0xb4000074bf5f41d0
05-27 18:33:26.890   536   536 D commservice260303: msg.id = 1028,0
05-27 18:33:26.890   536   536 D commservice260303: i = 170, msgid = 8A000404
05-27 18:33:26.890   536   536 D commservice260303: msgid = -1979710460,did=138
05-27 08:24:35.857   581   581 D spi_rst_gpio_get_output: GPIO 145 value: 0
05-27 18:33:26.890   536   536 D commservice260303: CommProtocolLibCmdBaseI2C::dataproc {"command":{"id":"imu_status","sub":""},"content":{"TimeStamp":9,"FrameCounter":229935,"GD_X":-0.011910883709788322,"GD_Y":0.005879240110516548,"GD_Z":0.0019848872907459736,"AD_X":-0.004723265767097473,"AD_Y":0.0016851690597832203,"AD_Z":-0.16825485229492188,"TempDsp":0,"Status":0,"CalibState":1,"SigAmpInvalid":0}},-1979710460
05-27 08:24:35.857   581   581 D spidev_ioctl: gpio status=0)
05-27 18:33:26.891   536   536 D commservice260303: send2Cluster len:316, 7B22636F6D6D616E64223A7B226964223A22696D755F737461747573222C22737562223A22227D2C22636F6E74656E74223A7B2254696D655374616D70223A392C224672616D65436F756E746572223A3232393933352C2247445F58223A2D302E3031313931303838333730393738383332322C2247445F59223A302E3030353837393234303131303531363534382C2247445F5A223A302E303031393834383837323930373435393733362C2241445F58223A2D302E3030343732333236353736373039373437332C2241445F59223A302E303031363835313639303539373833323230332C2241445F5A223A2D302E31363832353438353232393439323138382C2254656D70447370223A302C22537461747573223A302C2243616C69625374617465223A312C22536967416D70496E76616C6964223A307D7D, 138 
05-27 18:33:26.891   536   536 D commservice260303: Push Message into SendPool fn=750846720
05-27 18:33:26.891   536   536 D commservice260303: ComProtocolLibSend2Cluster::send2ClusterRaw fn=750846720 , len=332
05-27 18:33:26.891   536   536 D commservice260303: sendCmdToPort :332!!!
05-27 18:33:26.891   536   536 D commservice260303: send Cmd To Port ++++5AA501488A010003C12C6A16C8767B22636F6D6D616E64223A7B226964223A22696D755F737461747573222C22737562223A22227D2C22636F6E74656E74223A7B2254696D655374616D70223A392C224672616D65436F756E746572223A3232393933352C2247445F58223A2D302E3031313931303838333730393738383332322C2247445F59223A302E3030353837393234303131303531363534382C2247445F5A223A302E303031393834383837323930373435393733362C2241445F58223A2D302E3030343732333236353736373039373437332C2241445F59223A302E303031363835313639303539373833323230332C2241445F5A223A2D302E31363832353438353232393439323138382C2254656D70447370223A302C22537461747573223A302C2243616C69625374617465223A312C22536967416D70496E76616C6964223A307D7DD378
05-27 18:33:26.891   536   536 D commservice260303: bufferevent_write retrun value = 0
05-27 18:33:26.891   536   560 D commservice260303: client datas send succeed,send finish
05-27 18:33:26.891 13911 14192 D Sentinelmode_1.2.5.17_sentry: <SentryImuClusterFgeSender>imu_status sent to Linux, frame=229935, tsNs=9874135, tsMs=9, intervalMs=40, ad=(-0.0047232658,0.0016851691,-0.16825485), gd=(-0.011910884,0.00587924,0.0019848873)
05-27 18:33:26.892   581   581 I SpiService: fgesysctrl_getGPIO_status success val=0
05-27 18:33:26.892   299  1153 D EvsDriver: doneWithFrame
05-27 18:33:26.893   299  1163 D EvsDriver: doneWithFrame
05-27 18:33:26.899 13911 14183 I SentryImuMcuAngleSender: 179.97546rollDeg
05-27 18:33:26.899 13911 14183 I SentryImuMcuAngleSender: 1,0,0
05-27 18:33:26.911 19186 19186 I ADAYO_LOG_TRACE_LOGCAT: file_path:/mnt/log_data/AndroidLog/logcat/logcat_2026_05_27_18_33_25_977-45.txt
05-27 18:33:26.912   581   581 I SpiService: fgesysctrl_getGPIO_status success val=1
05-27 08:24:35.877   581   581 D spi_rst_gpio_get_output: GPIO 145 value: 1
05-27 08:24:35.877   581   581 D spidev_ioctl: gpio status=1)
05-27 18:33:26.918   581   581 I SpiService: fgesysctrl_getGPIO_status success val=1
05-27 18:33:26.913 19189 19189 I auditd  : type=1400 audit(0.0:55020): avc: denied { read } for comm="cut" path="pipe:[2432109]" dev="pipefs" ino=2432109 scontext=u:r:toolbox:s0 tcontext=u:r:init:s0 tclass=fifo_file permissive=1
05-27 18:33:26.913 19189 19189 I cut     : type=1400 audit(0.0:55020): avc: denied { read } for path="pipe:[2432109]" dev="pipefs" ino=2432109 scontext=u:r:toolbox:s0 tcontext=u:r:init:s0 tclass=fifo_file permissive=1
05-27 08:24:35.883   581   581 D spi_rst_gpio_get_output: GPIO 145 value: 1
05-27 08:24:35.883   581   581 D spidev_ioctl: gpio status=1)
05-27 08:24:35.889   581   581 D spi_rst_gpio_get_output: GPIO 145 value: 1
05-27 08:24:35.889   581   581 D spidev_ioctl: gpio status=1)
05-27 08:24:35.897   581   581 D spi_rst_gpio_get_output: GPIO 145 value: 1
05-27 08:24:35.897   581   581 D spidev_ioctl: gpio status=1)
05-27 08:24:35.903   581   581 D spi_rst_gpio_get_output: GPIO 145 value: 0
05-27 08:24:35.903   581   581 D spidev_ioctl: gpio status=0)
05-27 18:33:26.921 13911 14183 I SentryImuMcuAngleSender: 1,0,0
05-27 18:33:26.921   572   622 I Sensors : 230 AccelSensor: x:-0.170190,y:0.001220,z:-9.974720
05-27 18:33:26.923  1008 30856 D [OMXB]  : usingANWBuffer: handle:0xee741c40, format:1, w:1920, h:1080
05-27 18:33:26.924   299 30844 D EvsDriver: forwardFrame
05-27 18:33:26.925   299 30841 D EvsDriver: forwardFrame
05-27 18:33:26.925   581   581 I SpiService: fgesysctrl_getGPIO_status success val=1
05-27 18:33:26.926 30773 30789 I dvr_service_: Camera 0: MediaOK:137272874, frames:3180, isKeyFrame:0,pts:9873922055
05-27 18:33:26.928  1167  1479 D evsmanagerd: /dev/video4 forwarded the buffer #0 to 0xb4000074bf5f6850 from 0xb4000074bf5f41d0
05-27 18:33:26.928   299 30841 D EvsDriver: Delivered 0xb400007b7ca56a60 as id 0
05-27 18:33:26.929  1083  1083 I MyAppLog: [2026-05-27 18:33:26.928 I tboxap mcuSendYadiTransfer:196] [Mcu] [mcuYadiSend]: :00 08 6B 04 01 09 81 02 01 01
05-27 18:33:26.929  1167  1479 D evsmanagerd: /dev/video6 forwarded the buffer #0 to 0xb4000074bf5f5510 from 0xb4000074bf5f6d90
05-27 18:33:26.930   299 30844 D EvsDriver: Delivered 0xb400007b7ca56900 as id 0
05-27 18:33:26.932   299  1153 D EvsDriver: doneWithFrame
05-27 18:33:26.933   581   581 I SpiService: fgesysctrl_getGPIO_status success val=1
05-27 18:33:26.933   299  1163 D EvsDriver: doneWithFrame
05-27 18:33:26.933   481   599 I mcuc    : start timer OK = 27786 
05-27 18:33:26.939   581   581 I SpiService: fgesysctrl_getGPIO_status success val=0
05-27 18:33:26.939   536   536 D commservice260303: msg.id = 1028,0
05-27 18:33:26.939   536   536 D commservice260303: i = 170, msgid = 8A000404
05-27 18:33:26.939   481   597 I mcuc    : send SPI:6AA6016C8A00F809016B040109810201010000000000000000000000000000000000000000000000000000000000000000000000000000000000000000000000000000000000000000000000000000000000000000000000000000000000000000000000000000000000000000000000000000000000000000000000000000000000000000000000000000000000000000000000000000000000000000000000000000000000000000000000000000000000000000000000000000000000000000000000000000000000000000000000000000000000000000000000000000000000000000000000000000000000000000000000000000000000000000000009
05-27 18:33:26.939   536   536 D commservice260303: msgid = -1979710460,did=138
05-27 18:33:26.939   536   536 D commservice260303: CommProtocolLibCmdBaseI2C::dataproc {"command":{"id":"imu_status","sub":""},"content":{"TimeStamp":9,"FrameCounter":229936,"GD_X":-0.012750924564898014,"GD_Y":0.0051151420921087265,"GD_Z":0.002443138277158141,"AD_X":-0.004102364182472229,"AD_Y":-0.001355872955173254,"AD_Z":-0.16947364807128906,"TempDsp":0,"Status":0,"CalibState":1,"SigAmpInvalid":0}},-1979710460
05-27 18:33:26.940   536   536 D commservice260303: send2Cluster len:316, 7B22636F6D6D616E64223A7B226964223A22696D755F737461747573222C22737562223A22227D2C22636F6E74656E74223A7B2254696D655374616D70223A392C224672616D65436F756E746572223A3232393933362C2247445F58223A2D302E3031323735303932343536343839383031342C2247445F59223A302E303035313135313432303932313038373236352C2247445F5A223A302E3030323434333133383237373135383134312C2241445F58223A2D302E3030343130323336343138323437323232392C2241445F59223A2D302E3030313335353837323935353137333235342C2241445F5A223A2D302E31363934373336343830373132383930362C2254656D70447370223A302C22537461747573223A302C2243616C69625374617465223A312C22536967416D70496E76616C6964223A307D7D, 138 
05-27 18:33:26.940   536   536 D commservice260303: Push Message into SendPool fn=767623936
05-27 18:33:26.940   536   536 D commservice260303: ComProtocolLibSend2Cluster::send2ClusterRaw fn=767623936 , len=332
05-27 18:33:26.940   536   536 D commservice260303: sendCmdToPort :332!!!
05-27 18:33:26.940   536   536 D commservice260303: send Cmd To Port ++++5AA501488A010003C12D6A16C8767B22636F6D6D616E64223A7B226964223A22696D755F737461747573222C22737562223A22227D2C22636F6E74656E74223A7B2254696D655374616D70223A392C224672616D65436F756E746572223A3232393933362C2247445F58223A2D302E3031323735303932343536343839383031342C2247445F59223A302E303035313135313432303932313038373236352C2247445F5A223A302E3030323434333133383237373135383134312C2241445F58223A2D302E3030343130323336343138323437323232392C2241445F59223A2D302E3030313335353837323935353137333235342C2241445F5A223A2D302E31363934373336343830373132383930362C2254656D70447370223A302C22537461747573223A302C2243616C69625374617465223A312C22536967416D70496E76616C6964223A307D7DA9E2
05-27 18:33:26.940   536   536 D commservice260303: bufferevent_write retrun value = 0
05-27 18:33:26.940   536   560 D commservice260303: client datas send succeed,send finish
05-27 18:33:26.941 13911 14192 D Sentinelmode_1.2.5.17_sentry: <SentryImuClusterFgeSender>imu_status sent to Linux, frame=229936, tsNs=9874171, tsMs=9, intervalMs=50, ad=(-0.004102364,-0.001355873,-0.16947365), gd=(-0.012750925,0.005115142,0.0024431383)
05-27 18:33:26.945 13911 14183 I SentryImuMcuAngleSender: 179.993rollDeg
05-27 18:33:26.945 13911 14183 I SentryImuMcuAngleSender: 1,0,0
05-27 18:33:26.954   299 30844 D EvsDriver: forwardFrame
05-27 08:24:35.920   581   581 D spi_rst_gpio_get_output: GPIO 145 value: 1
05-27 08:24:35.920   581   581 D spidev_ioctl: gpio status=1)
05-27 18:33:26.956   581   581 I SpiService: fgesysctrl_getGPIO_status success val=1
05-27 18:33:26.959  1167  1479 D evsmanagerd: /dev/video6 forwarded the buffer #0 to 0xb4000074bf5f5510 from 0xb4000074bf5f6d90
05-27 18:33:26.960 30773 30773 E dvr_service_: [myNum:1] Received S**** loss
05-27 18:33:26.960   299 30841 D EvsDriver: forwardFrame
05-27 18:33:26.961   299  1163 D EvsDriver: doneWithFrame
05-27 18:33:26.961 19191 19191 I ADAYO_LOG_TRACE_LOGCAT: folder_size:
05-27 18:33:26.962   581   581 I SpiService: fgesysctrl_getGPIO_status success val=1
05-27 08:24:35.926   581   581 D spi_rst_gpio_get_output: GPIO 145 value: 1
05-27 08:24:35.927   581   581 D spidev_ioctl: gpio status=1)
05-27 08:24:35.932   581   581 D spi_rst_gpio_get_output: GPIO 145 value: 1
05-27 08:24:35.933   581   581 D spidev_ioctl: gpio status=1)
05-27 18:33:26.966 13911 14183 I SentryImuMcuAngleSender: 179.99298rollDeg
05-27 18:33:26.966 13911 14183 I SentryImuMcuAngleSender: 1,0,0
05-27 18:33:26.968   581   581 I SpiService: fgesysctrl_getGPIO_status success val=1
05-27 18:33:26.968   299 30844 D EvsDriver: Delivered 0xb400007b7ca56900 as id 0
05-27 18:33:26.970   299 30841 D EvsDriver: Delivered 0xb400007b7ca56a60 as id 0
05-27 18:33:26.970  1167  1479 D evsmanagerd: /dev/video4 forwarded the buffer #0 to 0xb4000074bf5f6850 from 0xb4000074bf5f41d0
05-27 18:33:26.971 30773 30773 E dvr_service_: [myNum:0] Received S**** loss
05-27 18:33:26.971   299  1163 D EvsDriver: doneWithFrame
05-27 18:33:26.971   283   307 I rvcservice: t.code = 2, t.value = 9972280
05-27 18:33:26.974   581   581 I SpiService: fgesysctrl_getGPIO_status success val=1
05-27 18:33:26.974   536   536 D commservice260303: msg.id = 1028,1
05-27 18:33:26.974   536   536 D commservice260303: i = 170, msgid = 8A000404
05-27 18:33:26.974   536   536 D commservice260303: msgid = -1979710460,did=138
05-27 18:33:26.974   536   536 D commservice260303: CommProtocolLibCmdBaseI2C::dataproc {"command":{"id":"imu_status","sub":""},"content":{"TimeStamp":9,"FrameCounter":229937,"GD_X":-0.01221725158393383,"GD_Y":0.004809814505279064,"GD_Z":0.002213752595707774,"AD_X":-0.0022734105587005615,"AD_Y":-0.0013488605618476868,"AD_Z":-0.16825485229492188,"TempDsp":0,"Status":0,"CalibState":1,"SigAmpInvalid":0}},-1979710460
05-27 18:33:26.974   536   536 D commservice260303: send2Cluster len:316, 7B22636F6D6D616E64223A7B226964223A22696D755F737461747573222C22737562223A22227D2C22636F6E74656E74223A7B2254696D655374616D70223A392C224672616D65436F756E746572223A3232393933372C2247445F58223A2D302E30313232313732353135383339333338332C2247445F59223A302E3030343830393831343530353237393036342C2247445F5A223A302E3030323231333735323539353730373737342C2241445F58223A2D302E303032323733343130353538373030353631352C2241445F59223A2D302E303031333438383630353631383437363836382C2241445F5A223A2D302E31363832353438353232393439323138382C2254656D70447370223A302C22537461747573223A302C2243616C69625374617465223A312C22536967416D70496E76616C6964223A307D7D, 138 
05-27 18:33:26.974   536   536 D commservice260303: Push Message into SendPool fn=784401152
05-27 18:33:26.974   536   536 D commservice260303: ComProtocolLibSend2Cluster::send2ClusterRaw fn=784401152 , len=332
05-27 18:33:26.974   536   536 D commservice260303: sendCmdToPort :332!!!
05-27 18:33:26.974   536   536 D commservice260303: send Cmd To Port ++++5AA501488A010003C12E6A16C8767B22636F6D6D616E64223A7B226964223A22696D755F737461747573222C22737562223A22227D2C22636F6E74656E74223A7B2254696D655374616D70223A392C224672616D65436F756E746572223A3232393933372C2247445F58223A2D302E30313232313732353135383339333338332C2247445F59223A302E3030343830393831343530353237393036342C2247445F5A223A302E3030323231333735323539353730373737342C2241445F58223A2D302E303032323733343130353538373030353631352C2241445F59223A2D302E303031333438383630353631383437363836382C2241445F5A223A2D302E31363832353438353232393439323138382C2254656D70447370223A302C22537461747573223A302C2243616C69625374617465223A312C22536967416D70496E76616C6964223A307D7D5047
05-27 18:33:26.974   536   536 D commservice260303: bufferevent_write retrun value = 0
05-27 18:33:26.974   536   560 D commservice260303: client datas send succeed,send finish
05-27 18:33:26.975 13911 14192 D Sentinelmode_1.2.5.17_sentry: <SentryImuClusterFgeSender>imu_status sent to Linux, frame=229937, tsNs=9874207, tsMs=9, intervalMs=33, ad=(-0.0022734106,-0.0013488606,-0.16825485), gd=(-0.012217252,0.0048098145,0.0022137526)
05-27 08:24:35.938   581   581 D spi_rst_gpio_get_output: GPIO 145 value: 1
05-27 08:24:35.938   581   581 D spidev_ioctl: gpio status=1)
05-27 08:24:35.944   581   581 D spi_rst_gpio_get_output: GPIO 145 value: 0
05-27 08:24:35.944   581   581 D spidev_ioctl: gpio status=0)
05-27 18:33:26.977 19194 19194 I auditd  : type=1400 audit(0.0:55021): avc: denied { write } for comm="setprop" name="property_service" dev="tmpfs" ino=22223 scontext=u:r:toolbox:s0 tcontext=u:object_r:property_socket:s0 tclass=sock_file permissive=1
05-27 18:33:26.977 19194 19194 I setprop : type=1400 audit(0.0:55021): avc: denied { write } for name="property_service" dev="tmpfs" ino=22223 scontext=u:r:toolbox:s0 tcontext=u:object_r:property_socket:s0 tclass=sock_file permissive=1
05-27 18:33:26.981  1008 30857 D [OMXB]  : usingANWBuffer: handle:0xee7454a0, format:1, w:1920, h:1080
05-27 18:33:26.977 19194 19194 I auditd  : type=1400 audit(0.0:55022): avc: denied { connectto } for comm="setprop" path="/dev/socket/property_service" scontext=u:r:toolbox:s0 tcontext=u:r:init:s0 tclass=unix_stream_socket permissive=1
05-27 18:33:26.977 19194 19194 I setprop : type=1400 audit(0.0:55022): avc: denied { connectto } for path="/dev/socket/property_service" scontext=u:r:toolbox:s0 tcontext=u:r:init:s0 tclass=unix_stream_socket permissive=1
05-27 18:33:26.984   299 30841 D EvsDriver: forwardFrame
05-27 18:33:26.987 13911 14183 I SentryImuMcuAngleSender: 179.98949rollDeg
05-27 18:33:26.987 13911 14183 I SentryImuMcuAngleSender: 1,0,0
05-27 18:33:26.987 11472 26284 D TcpSocketTracker: pollSocketsInfo: nlmsghdr=StructNlMsgHdr{ nlmsg_len{340}, nlmsg_type{20()}, nlmsg_flags{2(NLM_F_MULTI)}, nlmsg_seq{0}, nlmsg_pid{11472} }, limit=3400
05-27 18:33:26.987 11472 26284 D TcpSocketTracker: parseSockInfo, SocketInfo {Type:IPV6, TcpInfo{lost=0, retransmit=0, received=144, sent=189}, mark:262247 updated at 9874236}
05-27 18:33:26.987 11472 26284 D TcpSocketTracker: calculateLatestPacketsStat, stat:TcpStat {sent=0, lost=0, retransmit=0, received=0}
05-27 18:33:26.987 11472 26284 D TcpSocketTracker: pollSocketsInfo: nlmsghdr=StructNlMsgHdr{ nlmsg_len{340}, nlmsg_type{20()}, nlmsg_flags{2(NLM_F_MULTI)}, nlmsg_seq{0}, nlmsg_pid{11472} }, limit=3400
05-27 18:33:26.987 11472 26284 D TcpSocketTracker: parseSockInfo, SocketInfo {Type:IPV6, TcpInfo{lost=0, retransmit=0, received=10, sent=11}, mark:786535 updated at 9874236}
05-27 18:33:26.987 11472 26284 D TcpSocketTracker: calculateLatestPacketsStat, stat:TcpStat {sent=11, lost=0, retransmit=0, received=10}
05-27 18:33:26.987 11472 26284 D TcpSocketTracker: pollSocketsInfo: nlmsghdr=StructNlMsgHdr{ nlmsg_len{340}, nlmsg_type{20()}, nlmsg_flags{2(NLM_F_MULTI)}, nlmsg_seq{0}, nlmsg_pid{11472} }, limit=3400
05-27 18:33:26.987 11472 26284 D TcpSocketTracker: parseSockInfo, SocketInfo {Type:IPV6, TcpInfo{lost=0, retransmit=0, received=621, sent=1213}, mark:262247 updated at 9874236}
05-27 18:33:26.987 11472 26284 D TcpSocketTracker: calculateLatestPacketsStat, stat:TcpStat {sent=4, lost=0, retransmit=0, received=2}
05-27 18:33:26.987 11472 26284 D TcpSocketTracker: pollSocketsInfo: nlmsghdr=StructNlMsgHdr{ nlmsg_len{340}, nlmsg_type{20()}, nlmsg_flags{2(NLM_F_MULTI)}, nlmsg_seq{0}, nlmsg_pid{11472} }, limit=3400
05-27 18:33:26.987 11472 26284 D TcpSocketTracker: parseSockInfo, SocketInfo {Type:IPV6, TcpInfo{lost=0, retransmit=0, received=12, sent=11}, mark:786535 updated at 9874236}
05-27 18:33:26.988 11472 26284 D TcpSocketTracker: calculateLatestPacketsStat, stat:TcpStat {sent=11, lost=0, retransmit=0, received=12}
05-27 18:33:26.988 11472 26284 D TcpSocketTracker: pollSocketsInfo: nlmsghdr=StructNlMsgHdr{ nlmsg_len{340}, nlmsg_type{20()}, nlmsg_flags{2(NLM_F_MULTI)}, nlmsg_seq{0}, nlmsg_pid{11472} }, limit=3400
05-27 18:33:26.988 11472 26284 D TcpSocketTracker: parseSockInfo, SocketInfo {Type:IPV6, TcpInfo{lost=0, retransmit=0, received=298, sent=336}, mark:262247 updated at 9874236}
05-27 18:33:26.988 11472 26284 D TcpSocketTracker: calculateLatestPacketsStat, stat:TcpStat {sent=0, lost=0, retransmit=0, received=0}
05-27 18:33:26.988 11472 26284 D TcpSocketTracker: pollSocketsInfo: nlmsghdr=StructNlMsgHdr{ nlmsg_len{340}, nlmsg_type{20()}, nlmsg_flags{2(NLM_F_MULTI)}, nlmsg_seq{0}, nlmsg_pid{11472} }, limit=3400
05-27 18:33:26.988 11472 26284 D TcpSocketTracker: parseSockInfo, SocketInfo {Type:IPV6, TcpInfo{lost=0, retransmit=0, received=14, sent=15}, mark:786535 updated at 9874236}
05-27 18:33:26.988   299 30844 D EvsDriver: forwardFrame
05-27 18:33:26.988 11472 26284 D TcpSocketTracker: calculateLatestPacketsStat, stat:TcpStat {sent=15, lost=0, retransmit=0, received=14}
05-27 18:33:26.988 11472 26284 D TcpSocketTracker: pollSocketsInfo: nlmsghdr=StructNlMsgHdr{ nlmsg_len{340}, nlmsg_type{20()}, nlmsg_flags{2(NLM_F_MULTI)}, nlmsg_seq{0}, nlmsg_pid{11472} }, limit=3400
05-27 18:33:26.988 11472 26284 D TcpSocketTracker: parseSockInfo, SocketInfo {Type:IPV6, TcpInfo{lost=0, retransmit=0, received=12, sent=13}, mark:786535 updated at 9874236}
05-27 18:33:26.988 11472 26284 D TcpSocketTracker: calculateLatestPacketsStat, stat:TcpStat {sent=13, lost=0, retransmit=0, received=12}
05-27 18:33:26.988 11472 26284 D TcpSocketTracker: pollSocketsInfo: nlmsghdr=StructNlMsgHdr{ nlmsg_len{340}, nlmsg_type{20()}, nlmsg_flags{2(NLM_F_MULTI)}, nlmsg_seq{0}, nlmsg_pid{11472} }, limit=3400
05-27 18:33:26.988 11472 26284 D TcpSocketTracker: parseSockInfo, SocketInfo {Type:IPV6, TcpInfo{lost=0, retransmit=0, received=19, sent=25}, mark:262247 updated at 9874236}
05-27 18:33:26.988 11472 26284 D TcpSocketTracker: calculateLatestPacketsStat, stat:TcpStat {sent=5, lost=0, retransmit=0, received=3}
