05-27 18:33:35.682   536   536 D commservice260303: send Cmd To Port ++++5AA501488A010003C20A6A16C87F7B22636F6D6D616E64223A7B226964223A22696D755F737461747573222C22737562223A22227D2C22636F6E74656E74223A7B2254696D655374616D70223A392C224672616D65436F756E746572223A3233303135322C2247445F58223A2D302E3031313134373832353937383639363334362C2247445F59223A302E303035373235373936333334343435343736352C2247445F5A223A302E303031393834383837323930373435393733362C2241445F58223A2D302E3030333030333235343533323831343032362C2241445F59223A302E303032393334363039373732363337343836352C2241445F5A223A2D302E313733313234333133333534343932322C2254656D70447370223A302C22537461747573223A302C2243616C69625374617465223A312C22536967416D70496E76616C6964223A307D7DAF93
05-27 18:33:35.682   536   536 D commservice260303: bufferevent_write retrun value = 0
05-27 18:33:35.682   536   560 D commservice260303: client datas send succeed,send finish
05-27 18:33:35.683 13911 14192 D Sentinelmode_1.2.5.17_sentry: <SentryImuClusterFgeSender>imu_status sent to Linux, frame=230152, tsNs=9882925, tsMs=9, intervalMs=44, ad=(-0.0030032545,0.0029346098,-0.17312431), gd=(-0.011147826,0.0057257963,0.0019848873)
05-27 18:33:35.692   481   598 I mcuc    : rev,n=1,6AA6826CA30002090163
05-27 18:33:35.692   581   581 I SpiService: fgesysctrl_getGPIO_status success val=1
05-27 08:24:44.656   581   581 D spi_rst_gpio_get_output: GPIO 145 value: 1
05-27 08:24:44.656   581   581 D spidev_ioctl: gpio status=1)
05-27 18:33:35.697 13911 14183 I SentryImuMcuAngleSender: 179.97198rollDeg
05-27 18:33:35.697 13911 14183 I SentryImuMcuAngleSender: 1,0,0
05-27 18:33:35.697   581   581 I SpiService: fgesysctrl_getGPIO_status success val=1
05-27 18:33:35.700   283   307 I rvcservice: t.code = 3, t.value = 0
05-27 08:24:44.662   581   581 D spi_rst_gpio_get_output: GPIO 145 value: 1
05-27 08:24:44.662   581   581 D spidev_ioctl: gpio status=1)
05-27 18:33:35.703   581   581 I SpiService: fgesysctrl_getGPIO_status success val=1
05-27 08:24:44.667   581   581 D spi_rst_gpio_get_output: GPIO 145 value: 1
05-27 08:24:44.667   581   581 D spidev_ioctl: gpio status=1)
05-27 18:33:35.705  1008 30857 D [OMXB]  : usingANWBuffer: handle:0xee741da0, format:1, w:1920, h:1080
05-27 18:33:35.706 30773 30789 I dvr_service_: Camera 1: MediaOK:146154245, frames:3280, isKeyFrame:0,pts:9882777839
05-27 18:33:35.708   581   581 I SpiService: fgesysctrl_getGPIO_status success val=1
05-27 08:24:44.673   581   581 D spi_rst_gpio_get_output: GPIO 145 value: 1
05-27 08:24:44.673   581   581 D spidev_ioctl: gpio status=1)
05-27 18:33:35.714   581   581 I SpiService: fgesysctrl_getGPIO_status success val=0
05-27 18:33:35.714   299 30844 D EvsDriver: forwardFrame
05-27 18:33:35.716   299 30844 D EvsDriver: Delivered 0xb400007b7ca56900 as id 0
05-27 18:33:35.716  1167  1479 D evsmanagerd: /dev/video6 forwarded the buffer #0 to 0xb4000074bf5f5510 from 0xb4000074bf5f6d90
05-27 08:24:44.679   581   581 D spi_rst_gpio_get_output: GPIO 145 value: 0
05-27 08:24:44.679   581   581 D spidev_ioctl: gpio status=0)
05-27 18:33:35.718 13911 14183 I SentryImuMcuAngleSender: 179.97197rollDeg
05-27 18:33:35.718 13911 14183 I SentryImuMcuAngleSender: 1,0,0
05-27 18:33:35.719   299  1163 D EvsDriver: doneWithFrame
05-27 18:33:35.721   536   536 D commservice260303: msg.id = 1028,0
05-27 18:33:35.722   536   536 D commservice260303: i = 170, msgid = 8A000404
05-27 18:33:35.722   536   536 D commservice260303: msgid = -1979710460,did=138
05-27 18:33:35.722   536   536 D commservice260303: CommProtocolLibCmdBaseI2C::dataproc {"command":{"id":"imu_status","sub":""},"content":{"TimeStamp":9,"FrameCounter":230153,"GD_X":-0.01038424763828516,"GD_Y":0.005802778527140617,"GD_Z":0.0023671966046094894,"AD_X":-0.004219040274620056,"AD_Y":0.0017035601194947958,"AD_Z":-0.169464111328125,"TempDsp":0,"Status":0,"CalibState":1,"SigAmpInvalid":0}},-1979710460
05-27 18:33:35.722   536   536 D commservice260303: send2Cluster len:313, 7B22636F6D6D616E64223A7B226964223A22696D755F737461747573222C22737562223A22227D2C22636F6E74656E74223A7B2254696D655374616D70223A392C224672616D65436F756E746572223A3233303135332C2247445F58223A2D302E30313033383432343736333832383531362C2247445F59223A302E3030353830323737383532373134303631372C2247445F5A223A302E303032333637313936363034363039343839342C2241445F58223A2D302E3030343231393034303237343632303035362C2241445F59223A302E303031373033353630313139343934373935382C2241445F5A223A2D302E3136393436343131313332383132352C2254656D70447370223A302C22537461747573223A302C2243616C69625374617465223A312C22536967416D70496E76616C6964223A307D7D, 138 
05-27 18:33:35.722   536   536 D commservice260303: Push Message into SendPool fn=197264128
05-27 18:33:35.722   536   536 D commservice260303: ComProtocolLibSend2Cluster::send2ClusterRaw fn=197264128 , len=329
05-27 18:33:35.722   536   536 D commservice260303: sendCmdToPort :329!!!
05-27 18:33:35.722   536   536 D commservice260303: send Cmd To Port ++++5AA501458A010003C20B6A16C87F7B22636F6D6D616E64223A7B226964223A22696D755F737461747573222C22737562223A22227D2C22636F6E74656E74223A7B2254696D655374616D70223A392C224672616D65436F756E746572223A3233303135332C2247445F58223A2D302E30313033383432343736333832383531362C2247445F59223A302E3030353830323737383532373134303631372C2247445F5A223A302E303032333637313936363034363039343839342C2241445F58223A2D302E3030343231393034303237343632303035362C2241445F59223A302E303031373033353630313139343934373935382C2241445F5A223A2D302E3136393436343131313332383132352C2254656D70447370223A302C22537461747573223A302C2243616C69625374617465223A312C22536967416D70496E76616C6964223A307D7D9A7A
05-27 18:33:35.722   536   536 D commservice260303: bufferevent_write retrun value = 0
05-27 18:33:35.722   536   560 D commservice260303: client datas send succeed,send finish
05-27 18:33:35.722 13911 14192 D Sentinelmode_1.2.5.17_sentry: <SentryImuClusterFgeSender>imu_status sent to Linux, frame=230153, tsNs=9882961, tsMs=9, intervalMs=40, ad=(-0.0042190403,0.0017035601,-0.16946411), gd=(-0.010384248,0.0058027785,0.0023671966)
05-27 18:33:35.724   299 30841 D EvsDriver: forwardFrame
05-27 18:33:35.726   299 30841 D EvsDriver: Delivered 0xb400007b7ca56a60 as id 0
05-27 18:33:35.726  1167  1479 D evsmanagerd: /dev/video4 forwarded the buffer #0 to 0xb4000074bf5f6850 from 0xb4000074bf5f41d0
05-27 08:24:44.693   581   581 D spi_rst_gpio_get_output: GPIO 145 value: 1
05-27 08:24:44.693   581   581 D spidev_ioctl: gpio status=1)
05-27 18:33:35.728  1008 30856 D [OMXB]  : usingANWBuffer: handle:0xee7454a0, format:1, w:1920, h:1080
05-27 18:33:35.729   581   581 I SpiService: fgesysctrl_getGPIO_status success val=1
05-27 18:33:35.730   299  1163 D EvsDriver: doneWithFrame
05-27 18:33:35.735   581   581 I SpiService: fgesysctrl_getGPIO_status success val=1
05-27 08:24:44.699   581   581 D spi_rst_gpio_get_output: GPIO 145 value: 1
05-27 08:24:44.700   581   581 D spidev_ioctl: gpio status=1)
05-27 18:33:35.739 13911 14183 I SentryImuMcuAngleSender: 179.97197rollDeg
05-27 18:33:35.739 13911 14183 I SentryImuMcuAngleSender: 1,0,0
05-27 18:33:35.741   581   581 I SpiService: fgesysctrl_getGPIO_status success val=1
05-27 18:33:35.743  1008 30857 D [OMXB]  : usingANWBuffer: handle:0xee742b60, format:1, w:1920, h:1080
05-27 08:24:44.705   581   581 D spi_rst_gpio_get_output: GPIO 145 value: 1
05-27 08:24:44.705   581   581 D spidev_ioctl: gpio status=1)
05-27 18:33:35.746   572   622 I Sensors : 230 AccelSensor: x:-0.170800,y:0.002440,z:-9.972281
05-27 18:33:35.747   581   581 I SpiService: fgesysctrl_getGPIO_status success val=1
05-27 08:24:44.711   581   581 D spi_rst_gpio_get_output: GPIO 145 value: 1
05-27 08:24:44.711   581   581 D spidev_ioctl: gpio status=1)
05-27 18:33:35.752   581   581 I SpiService: fgesysctrl_getGPIO_status success val=0
05-27 08:24:44.717   581   581 D spi_rst_gpio_get_output: GPIO 145 value: 0
05-27 08:24:44.717   581   581 D spidev_ioctl: gpio status=0)
05-27 18:33:35.755   299 30841 D EvsDriver: forwardFrame
05-27 18:33:35.755   299 30844 D EvsDriver: forwardFrame
05-27 18:33:35.757   299 30841 D EvsDriver: Delivered 0xb400007b7ca56a60 as id 0
05-27 18:33:35.757   299 30844 D EvsDriver: Delivered 0xb400007b7ca56900 as id 0
05-27 18:33:35.757  1167  1479 D evsmanagerd: /dev/video4 forwarded the buffer #0 to 0xb4000074bf5f6850 from 0xb4000074bf5f41d0
05-27 18:33:35.757  1167  1184 D evsmanagerd: /dev/video6 forwarded the buffer #0 to 0xb4000074bf5f5510 from 0xb4000074bf5f6d90
05-27 18:33:35.760 13911 14183 I SentryImuMcuAngleSender: 179.98598rollDeg
05-27 18:33:35.760 13911 14183 I SentryImuMcuAngleSender: 1,0,0
05-27 18:33:35.761   299  1163 D EvsDriver: doneWithFrame
05-27 18:33:35.762   299  1153 D EvsDriver: doneWithFrame
05-27 18:33:35.765   536   536 D commservice260303: msg.id = 1028,1
05-27 18:33:35.765   536   536 D commservice260303: i = 170, msgid = 8A000404
05-27 18:33:35.765   536   536 D commservice260303: msgid = -1979710460,did=138
05-27 18:33:35.765   536   536 D commservice260303: CommProtocolLibCmdBaseI2C::dataproc {"command":{"id":"imu_status","sub":""},"content":{"TimeStamp":9,"FrameCounter":230154,"GD_X":-0.011910883709788322,"GD_Y":0.005420989356935024,"GD_Z":0.002900869119912386,"AD_X":-0.005419671535491943,"AD_Y":-7.389676757156849E-4,"AD_Z":-0.1670246124267578,"TempDsp":0,"Status":0,"CalibState":1,"SigAmpInvalid":0}},-1979710460
05-27 18:33:35.765   536   536 D commservice260303: send2Cluster len:314, 7B22636F6D6D616E64223A7B226964223A22696D755F737461747573222C22737562223A22227D2C22636F6E74656E74223A7B2254696D655374616D70223A392C224672616D65436F756E746572223A3233303135342C2247445F58223A2D302E3031313931303838333730393738383332322C2247445F59223A302E3030353432303938393335363933353032342C2247445F5A223A302E3030323930303836393131393931323338362C2241445F58223A2D302E3030353431393637313533353439313934332C2241445F59223A2D372E333839363736373537313536383439452D342C2241445F5A223A2D302E313637303234363132343236373537382C2254656D70447370223A302C22537461747573223A302C2243616C69625374617465223A312C22536967416D70496E76616C6964223A307D7D, 138 
05-27 18:33:35.765   536   536 D commservice260303: Push Message into SendPool fn=214041344
05-27 18:33:35.765   536   536 D commservice260303: ComProtocolLibSend2Cluster::send2ClusterRaw fn=214041344 , len=330
05-27 18:33:35.765   536   536 D commservice260303: sendCmdToPort :330!!!
05-27 18:33:35.765   536   536 D commservice260303: send Cmd To Port ++++5AA501468A010003C20C6A16C87F7B22636F6D6D616E64223A7B226964223A22696D755F737461747573222C22737562223A22227D2C22636F6E74656E74223A7B2254696D655374616D70223A392C224672616D65436F756E746572223A3233303135342C2247445F58223A2D302E3031313931303838333730393738383332322C2247445F59223A302E3030353432303938393335363933353032342C2247445F5A223A302E3030323930303836393131393931323338362C2241445F58223A2D302E3030353431393637313533353439313934332C2241445F59223A2D372E333839363736373537313536383439452D342C2241445F5A223A2D302E313637303234363132343236373537382C2254656D70447370223A302C22537461747573223A302C2243616C69625374617465223A312C22536967416D70496E76616C6964223A307D7DDF76
05-27 18:33:35.765   536   536 D commservice260303: bufferevent_write retrun value = 0
05-27 18:33:35.766   536   560 D commservice260303: client datas send succeed,send finish
05-27 18:33:35.766 13911 14192 D Sentinelmode_1.2.5.17_sentry: <SentryImuClusterFgeSender>imu_status sent to Linux, frame=230154, tsNs=9882996, tsMs=9, intervalMs=44, ad=(-0.0054196715,-7.389677E-4,-0.16702461), gd=(-0.011910884,0.0054209894,0.0029008691)
05-27 18:33:35.766  1008 30856 D [OMXB]  : usingANWBuffer: handle:0xee740e80, format:1, w:1920, h:1080
05-27 18:33:35.767   581   581 I SpiService: fgesysctrl_getGPIO_status success val=1
05-27 18:33:35.767 30773 30789 I dvr_service_: Camera 0: MediaOK:146125735, frames:3310, isKeyFrame:0,pts:9882774916
05-27 08:24:44.732   581   581 D spi_rst_gpio_get_output: GPIO 145 value: 1
05-27 08:24:44.732   581   581 D spidev_ioctl: gpio status=1)
05-27 08:24:44.737   581   581 D spi_rst_gpio_get_output: GPIO 145 value: 1
05-27 08:24:44.737   581   581 D spidev_ioctl: gpio status=1)
05-27 18:33:35.773   581   581 I SpiService: fgesysctrl_getGPIO_status success val=1
05-27 18:33:35.778   581   581 I SpiService: fgesysctrl_getGPIO_status success val=1
05-27 18:33:35.780  1008 30857 D [OMXB]  : usingANWBuffer: handle:0xee742a00, format:1, w:1920, h:1080
05-27 18:33:35.780 13911 14183 I SentryImuMcuAngleSender: 179.98598rollDeg
05-27 18:33:35.780 13911 14183 I SentryImuMcuAngleSender: 1,0,0
05-27 08:24:44.743   581   581 D spi_rst_gpio_get_output: GPIO 145 value: 1
05-27 08:24:44.743   581   581 D spidev_ioctl: gpio status=1)
05-27 18:33:35.782   299 30844 D EvsDriver: forwardFrame
05-27 18:33:35.783   299 30841 D EvsDriver: forwardFrame
05-27 18:33:35.783   299 30844 D EvsDriver: Delivered 0xb400007b7ca56900 as id 0
05-27 18:33:35.783  1167  1184 D evsmanagerd: /dev/video6 forwarded the buffer #0 to 0xb4000074bf5f5510 from 0xb4000074bf5f6d90
05-27 18:33:35.784 30773 30781 E dvr_service_: [myNum:1] Received S**** loss
05-27 18:33:35.784   581   581 I SpiService: fgesysctrl_getGPIO_status success val=1
05-27 18:33:35.784  1167  1184 D evsmanagerd: /dev/video4 forwarded the buffer #0 to 0xb4000074bf5f6850 from 0xb4000074bf5f41d0
05-27 18:33:35.784   299  1153 D EvsDriver: doneWithFrame
05-27 18:33:35.784   299 30841 D EvsDriver: Delivered 0xb400007b7ca56a60 as id 0
05-27 18:33:35.784 30773 30781 E dvr_service_: [myNum:0] Received S**** loss
05-27 18:33:35.784   299  1153 D EvsDriver: doneWithFrame
05-27 08:24:44.748   581   581 D spi_rst_gpio_get_output: GPIO 145 value: 1
05-27 08:24:44.748   581   581 D spidev_ioctl: gpio status=1)
05-27 18:33:35.789   581   581 I SpiService: fgesysctrl_getGPIO_status success val=1
05-27 08:24:44.754   581   581 D spi_rst_gpio_get_output: GPIO 145 value: 1
05-27 08:24:44.754   581   581 D spidev_ioctl: gpio status=1)
05-27 18:33:35.795   581   581 I SpiService: fgesysctrl_getGPIO_status success val=0
05-27 08:24:44.759   581   581 D spi_rst_gpio_get_output: GPIO 145 value: 0
05-27 08:24:44.759   581   581 D spidev_ioctl: gpio status=0)
05-27 18:33:35.800 13911 14183 I SentryImuMcuAngleSender: 180.0rollDeg
05-27 18:33:35.800 13911 14183 I SentryImuMcuAngleSender: 1,0,0
05-27 18:33:35.800   283   307 I rvcservice: t.code = 3, t.value = 0
05-27 18:33:35.801  1008 30857 D [OMXB]  : usingANWBuffer: handle:0xee740dd0, format:1, w:1920, h:1080
05-27 18:33:35.804   536   536 D commservice260303: msg.id = 1028,2
05-27 18:33:35.804   536   536 D commservice260303: i = 170, msgid = 8A000404
05-27 18:33:35.804   536   536 D commservice260303: msgid = -1979710460,did=138
05-27 18:33:35.804   536   536 D commservice260303: CommProtocolLibCmdBaseI2C::dataproc {"command":{"id":"imu_status","sub":""},"content":{"TimeStamp":9,"FrameCounter":230155,"GD_X":-0.011070843786001205,"GD_Y":0.005039200186729431,"GD_Z":0.0023671966046094894,"AD_X":-0.001757204532623291,"AD_Y":-0.0031555157620459795,"AD_Z":-0.167633056640625,"TempDsp":0,"Status":0,"CalibState":1,"SigAmpInvalid":0}},-1979710460
05-27 18:33:35.804   536   536 D commservice260303: send2Cluster len:315, 7B22636F6D6D616E64223A7B226964223A22696D755F737461747573222C22737562223A22227D2C22636F6E74656E74223A7B2254696D655374616D70223A392C224672616D65436F756E746572223A3233303135352C2247445F58223A2D302E3031313037303834333738363030313230352C2247445F59223A302E3030353033393230303138363732393433312C2247445F5A223A302E303032333637313936363034363039343839342C2241445F58223A2D302E3030313735373230343533323632333239312C2241445F59223A2D302E303033313535353135373632303435393739352C2241445F5A223A2D302E3136373633333035363634303632352C2254656D70447370223A302C22537461747573223A302C2243616C69625374617465223A312C22536967416D70496E76616C6964223A307D7D, 138 
05-27 18:33:35.804   536   536 D commservice260303: Push Message into SendPool fn=230818560
05-27 18:33:35.804   536   536 D commservice260303: ComProtocolLibSend2Cluster::send2ClusterRaw fn=230818560 , len=331
05-27 18:33:35.804   536   536 D commservice260303: sendCmdToPort :331!!!
05-27 18:33:35.805   536   536 D commservice260303: send Cmd To Port ++++5AA501478A010003C20D6A16C87F7B22636F6D6D616E64223A7B226964223A22696D755F737461747573222C22737562223A22227D2C22636F6E74656E74223A7B2254696D655374616D70223A392C224672616D65436F756E746572223A3233303135352C2247445F58223A2D302E3031313037303834333738363030313230352C2247445F59223A302E3030353033393230303138363732393433312C2247445F5A223A302E303032333637313936363034363039343839342C2241445F58223A2D302E3030313735373230343533323632333239312C2241445F59223A2D302E303033313535353135373632303435393739352C2241445F5A223A2D302E3136373633333035363634303632352C2254656D70447370223A302C22537461747573223A302C2243616C69625374617465223A312C22536967416D70496E76616C6964223A307D7D7609
05-27 18:33:35.805   536   536 D commservice260303: bufferevent_write retrun value = 0
05-27 18:33:35.805   536   560 D commservice260303: client datas send succeed,send finish
05-27 18:33:35.805 13911 14192 D Sentinelmode_1.2.5.17_sentry: <SentryImuClusterFgeSender>imu_status sent to Linux, frame=230155, tsNs=9883050, tsMs=9, intervalMs=39, ad=(-0.0017572045,-0.0031555158,-0.16763306), gd=(-0.011070844,0.0050392,0.0023671966)
05-27 18:33:35.809   581   581 I SpiService: fgesysctrl_getGPIO_status success val=1
05-27 18:33:35.809   299 30841 D EvsDriver: forwardFrame
05-27 18:33:35.810   299 30844 D EvsDriver: forwardFrame
05-27 18:33:35.812   299 30844 D EvsDriver: Delivered 0xb400007b7ca56900 as id 0
05-27 18:33:35.812  1167  1184 D evsmanagerd: /dev/video6 forwarded the buffer #0 to 0xb4000074bf5f5510 from 0xb4000074bf5f6d90
05-27 08:24:44.774   581   581 D spi_rst_gpio_get_output: GPIO 145 value: 1
05-27 08:24:44.774   581   581 D spidev_ioctl: gpio status=1)
05-27 18:33:35.813   299 30841 D EvsDriver: Delivered 0xb400007b7ca56a60 as id 0
05-27 18:33:35.813  1167  1184 D evsmanagerd: /dev/video4 forwarded the buffer #0 to 0xb4000074bf5f6850 from 0xb4000074bf5f41d0
05-27 18:33:35.815   581   581 I SpiService: fgesysctrl_getGPIO_status success val=1
05-27 18:33:35.816   299  1153 D EvsDriver: doneWithFrame
05-27 18:33:35.816   299  1163 D EvsDriver: doneWithFrame
05-27 08:24:44.780   581   581 D spi_rst_gpio_get_output: GPIO 145 value: 1
05-27 08:24:44.780   581   581 D spidev_ioctl: gpio status=1)
05-27 18:33:35.820 13911 14183 I SentryImuMcuAngleSender: 179.99298rollDeg
05-27 08:24:44.785   581   581 D spi_rst_gpio_get_output: GPIO 145 value: 1
05-27 08:24:44.785   581   581 D spidev_ioctl: gpio status=1)
05-27 18:33:35.820 13911 14183 I SentryImuMcuAngleSender: 1,0,0
05-27 18:33:35.821   581   581 I SpiService: fgesysctrl_getGPIO_status success val=1
05-27 18:33:35.825  1008 30856 D [OMXB]  : usingANWBuffer: handle:0xee742cc0, format:1, w:1920, h:1080
05-27 18:33:35.826   581   581 I SpiService: fgesysctrl_getGPIO_status success val=1
05-27 08:24:44.791   581   581 D spi_rst_gpio_get_output: GPIO 145 value: 1
05-27 08:24:44.791   581   581 D spidev_ioctl: gpio status=1)
05-27 18:33:35.832   581   581 I SpiService: fgesysctrl_getGPIO_status success val=1
05-27 08:24:44.796   581   581 D spi_rst_gpio_get_output: GPIO 145 value: 1
05-27 08:24:44.796   581   581 D spidev_ioctl: gpio status=1)
05-27 18:33:35.834   572   572 I Sensors : 230 GyroSensor: x:-0.011377,y:0.005192,z:0.001985
05-27 18:33:35.835  1008 30857 D [OMXB]  : usingANWBuffer: handle:0xee7406f0, format:1, w:1920, h:1080
05-27 18:33:35.837 13911 14131 D SVR_MNG_SvrMngProxy: getServer: mSvrManger is null
05-27 18:33:35.837 13911 14131 D SVR_MNG_SvrMngProxy: getNewStub: 
05-27 18:33:35.837 13911 14131 D SVR_MNG_SvrMngProxy: getNewStub: getSvrManagerService start
05-27 18:33:35.837   581   581 I SpiService: fgesysctrl_getGPIO_status success val=0
05-27 18:33:35.837 13911 14131 D SVR_MNG_SvrMngProxy: getNewStub: getSvrManagerService end
05-27 18:33:35.837 13911 14131 D SVR_MNG_SvrMngProxy: getServer: svrMngService doesn't start
05-27 18:33:35.840 13911 14183 I SentryImuMcuAngleSender: 179.98949rollDeg
05-27 18:33:35.840 13911 14183 I SentryImuMcuAngleSender: 1,0,0
05-27 08:24:44.802   581   581 D spi_rst_gpio_get_output: GPIO 145 value: 0
05-27 08:24:44.802   581   581 D spidev_ioctl: gpio status=0)
05-27 18:33:35.842 30773 30786 I dvr_service_: CameraX 1  audioOK: 145990603,audios:2140
05-27 18:33:35.843   536   536 D commservice260303: msg.id = 1028,0
05-27 18:33:35.843   536   536 D commservice260303: i = 170, msgid = 8A000404
05-27 18:33:35.843   536   536 D commservice260303: msgid = -1979710460,did=138
05-27 18:33:35.843   536   536 D commservice260303: CommProtocolLibCmdBaseI2C::dataproc {"command":{"id":"imu_status","sub":""},"content":{"TimeStamp":9,"FrameCounter":230156,"GD_X":-0.011377211660146713,"GD_Y":0.00519212381914258,"GD_Z":0.0019848872907459736,"AD_X":-0.0029794275760650635,"AD_Y":-0.001315146335400641,"AD_Z":-0.1682453155517578,"TempDsp":0,"Status":0,"CalibState":1,"SigAmpInvalid":0}},-1979710460
05-27 18:33:35.843   536   536 D commservice260303: send2Cluster len:315, 7B22636F6D6D616E64223A7B226964223A22696D755F737461747573222C22737562223A22227D2C22636F6E74656E74223A7B2254696D655374616D70223A392C224672616D65436F756E746572223A3233303135362C2247445F58223A2D302E3031313337373231313636303134363731332C2247445F59223A302E30303531393231323338313931343235382C2247445F5A223A302E303031393834383837323930373435393733362C2241445F58223A2D302E303032393739343237353736303635303633352C2241445F59223A2D302E3030313331353134363333353430303634312C2241445F5A223A2D302E313638323435333135353531373537382C2254656D70447370223A302C22537461747573223A302C2243616C69625374617465223A312C22536967416D70496E76616C6964223A307D7D, 138 
05-27 18:33:35.843   536   536 D commservice260303: Push Message into SendPool fn=247595776
05-27 18:33:35.843   536   536 D commservice260303: ComProtocolLibSend2Cluster::send2ClusterRaw fn=247595776 , len=331
05-27 18:33:35.843   536   536 D commservice260303: sendCmdToPort :331!!!
05-27 18:33:35.843   536   536 D commservice260303: send Cmd To Port ++++5AA501478A010003C20E6A16C87F7B22636F6D6D616E64223A7B226964223A22696D755F737461747573222C22737562223A22227D2C22636F6E74656E74223A7B2254696D655374616D70223A392C224672616D65436F756E746572223A3233303135362C2247445F58223A2D302E3031313337373231313636303134363731332C2247445F59223A302E30303531393231323338313931343235382C2247445F5A223A302E303031393834383837323930373435393733362C2241445F58223A2D302E303032393739343237353736303635303633352C2241445F59223A2D302E3030313331353134363333353430303634312C2241445F5A223A2D302E313638323435333135353531373537382C2254656D70447370223A302C22537461747573223A302C2243616C69625374617465223A312C22536967416D70496E76616C6964223A307D7D01B0
05-27 18:33:35.843   536   536 D commservice260303: bufferevent_write retrun value = 0
05-27 18:33:35.843   536   560 D commservice260303: client datas send succeed,send finish
05-27 18:33:35.844 13911 14192 D Sentinelmode_1.2.5.17_sentry: <SentryImuClusterFgeSender>imu_status sent to Linux, frame=230156, tsNs=9883085, tsMs=9, intervalMs=38, ad=(-0.0029794276,-0.0013151463,-0.16824532), gd=(-0.011377212,0.005192124,0.0019848873)
05-27 18:33:35.848   299 30844 D EvsDriver: forwardFrame
05-27 18:33:35.848   299 30841 D EvsDriver: forwardFrame
05-27 18:33:35.850   299 30844 D EvsDriver: Delivered 0xb400007b7ca56900 as id 0
05-27 18:33:35.850  1167  1184 D evsmanagerd: /dev/video6 forwarded the buffer #0 to 0xb4000074bf5f5510 from 0xb4000074bf5f6d90
05-27 18:33:35.851   299 30841 D EvsDriver: Delivered 0xb400007b7ca56a60 as id 0
05-27 18:33:35.851  1167  1184 D evsmanagerd: /dev/video4 forwarded the buffer #0 to 0xb4000074bf5f6850 from 0xb4000074bf5f41d0
05-27 18:33:35.852   581   581 I SpiService: fgesysctrl_getGPIO_status success val=1
05-27 08:24:44.816   581   581 D spi_rst_gpio_get_output: GPIO 145 value: 1
05-27 08:24:44.816   581   581 D spidev_ioctl: gpio status=1)
05-27 18:33:35.854   299  1163 D EvsDriver: doneWithFrame
05-27 18:33:35.854   536   560 D commservice260303: recv len:87, 5AA500530600000039DA6A16C87F7B22636F6D6D616E64223A7B226964223A2268656172745F42656174222C22737562223A22227D2C22636F6E74656E74223A7B2274797065223A322C2276616C7565223A307D7D2420 from server
05-27 18:33:35.854   536  2578 D commservice260303: mcuDataAnalyzeHandle templen:87,len:87,pos:0, 5AA500530600000039DA6A16C87F7B22636F6D6D616E64223A7B226964223A2268656172745F42656174222C22737562223A22227D2C22636F6E74656E74223A7B2274797065223A322C2276616C7565223A307D7D2420 
05-27 18:33:35.854   536  2578 I commservice260303: checksumCal = 9248
05-27 18:33:35.854   536  2578 D commservice260303: CommProtocolLibCmdBaseC2I::dataproc {"command":{"id":"heart_Beat","sub":""},"content":{"type":2,"value":0}},6
05-27 18:33:35.854   536  2578 D commservice260303: mcuCommMessageManager::notifyMsgToClient hwbinder OK
05-27 18:33:35.855   536  2578 D commservice260303: McuProtocolLibSend2Service::send2Service ret=1
05-27 18:33:35.855 12246 12440 D ivicomm_CommManager: fgeComServiceCallback: {"command":{"id":"heart_Beat","sub":""},"content":{"type":2,"value":0}}
05-27 18:33:35.856 12246 12440 D ivicomm_ConnectStateManager: registerCallback HEART_BEAT: {"type":2,"value":0}
05-27 18:33:35.856 12246 12440 D ivicomm_ConnectStateManager: notifyState newState=0curState=0
05-27 18:33:35.857   581   581 I SpiService: fgesysctrl_getGPIO_status success val=1
05-27 18:33:35.859   299  1163 D EvsDriver: doneWithFrame
05-27 08:24:44.822   581   581 D spi_rst_gpio_get_output: GPIO 145 value: 1
05-27 08:24:44.822   581   581 D spidev_ioctl: gpio status=1)
05-27 18:33:35.861 13911 14183 I SentryImuMcuAngleSender: 179.986rollDeg
05-27 18:33:35.861 13911 14183 I SentryImuMcuAngleSender: 1,0,0
05-27 18:33:35.863   581   581 I SpiService: fgesysctrl_getGPIO_status success val=1
05-27 18:33:35.864  1008 30856 D [OMXB]  : usingANWBuffer: handle:0xee746cb0, format:1, w:1920, h:1080
05-27 08:24:44.827   581   581 D spi_rst_gpio_get_output: GPIO 145 value: 1
05-27 08:24:44.827   581   581 D spidev_ioctl: gpio status=1)
05-27 18:33:35.869   581   581 I SpiService: fgesysctrl_getGPIO_status success val=1
05-27 08:24:44.833   581   581 D spi_rst_gpio_get_output: GPIO 145 value: 1
05-27 08:24:44.833   581   581 D spidev_ioctl: gpio status=1)
05-27 18:33:35.874   581   581 I SpiService: fgesysctrl_getGPIO_status success val=1
05-27 08:24:44.839   581   581 D spi_rst_gpio_get_output: GPIO 145 value: 1
05-27 08:24:44.839   581   581 D spidev_ioctl: gpio status=1)
05-27 18:33:35.880   581   581 I SpiService: fgesysctrl_getGPIO_status success val=0
05-27 08:24:44.844   581   581 D spi_rst_gpio_get_output: GPIO 145 value: 0
05-27 08:24:44.844   581   581 D spidev_ioctl: gpio status=0)
05-27 18:33:35.881  1008 30857 D [OMXB]  : usingANWBuffer: handle:0xee746ec0, format:1, w:1920, h:1080
05-27 18:33:35.881 13911 14183 I SentryImuMcuAngleSender: 179.97899rollDeg
05-27 18:33:35.881 13911 14183 I SentryImuMcuAngleSender: 1,0,0
05-27 18:33:35.884   536   536 D commservice260303: msg.id = 1028,0
05-27 18:33:35.884   536   536 D commservice260303: i = 170, msgid = 8A000404
05-27 18:33:35.884   536   536 D commservice260303: msgid = -1979710460,did=138
05-27 18:33:35.884   536   536 D commservice260303: CommProtocolLibCmdBaseI2C::dataproc {"command":{"id":"imu_status","sub":""},"content":{"TimeStamp":9,"FrameCounter":230157,"GD_X":-0.01153013575822115,"GD_Y":0.006108105648308992,"GD_Z":0.0021378109231591225,"AD_X":-0.004195749759674072,"AD_Y":5.15354098752141E-4,"AD_Z":-0.17434406280517578,"TempDsp":0,"Status":0,"CalibState":1,"SigAmpInvalid":0}},-1979710460
05-27 18:33:35.885   536   536 D commservice260303: send2Cluster len:313, 7B22636F6D6D616E64223A7B226964223A22696D755F737461747573222C22737562223A22227D2C22636F6E74656E74223A7B2254696D655374616D70223A392C224672616D65436F756E746572223A3233303135372C2247445F58223A2D302E30313135333031333537353832323131352C2247445F59223A302E3030363130383130353634383330383939322C2247445F5A223A302E303032313337383130393233313539313232352C2241445F58223A2D302E3030343139353734393735393637343037322C2241445F59223A352E3135333534303938373532313431452D342C2241445F5A223A2D302E31373433343430363238303531373537382C2254656D70447370223A302C22537461747573223A302C2243616C69625374617465223A312C22536967416D70496E76616C6964223A307D7D, 138 
05-27 18:33:35.885   536   536 D commservice260303: Push Message into SendPool fn=264372992
05-27 18:33:35.885   536   536 D commservice260303: ComProtocolLibSend2Cluster::send2ClusterRaw fn=264372992 , len=329
05-27 18:33:35.885   536   536 D commservice260303: sendCmdToPort :329!!!
05-27 18:33:35.885   536   536 D commservice260303: send Cmd To Port ++++5AA501458A010003C20F6A16C87F7B22636F6D6D616E64223A7B226964223A22696D755F737461747573222C22737562223A22227D2C22636F6E74656E74223A7B2254696D655374616D70223A392C224672616D65436F756E746572223A3233303135372C2247445F58223A2D302E30313135333031333537353832323131352C2247445F59223A302E3030363130383130353634383330383939322C2247445F5A223A302E303032313337383130393233313539313232352C2241445F58223A2D302E3030343139353734393735393637343037322C2241445F59223A352E3135333534303938373532313431452D342C2241445F5A223A2D302E31373433343430363238303531373537382C2254656D70447370223A302C22537461747573223A302C2243616C69625374617465223A312C22536967416D70496E76616C6964223A307D7D397C
05-27 18:33:35.885   536   536 D commservice260303: bufferevent_write retrun value = 0
05-27 18:33:35.885   536   560 D commservice260303: client datas send succeed,send finish
05-27 18:33:35.886 13911 14192 D Sentinelmode_1.2.5.17_sentry: <SentryImuClusterFgeSender>imu_status sent to Linux, frame=230157, tsNs=9883121, tsMs=9, intervalMs=42, ad=(-0.0041957498,5.153541E-4,-0.17434406), gd=(-0.011530136,0.0061081056,0.002137811)
05-27 18:33:35.887   299 30841 D EvsDriver: forwardFrame
05-27 18:33:35.887   299 30844 D EvsDriver: forwardFrame
05-27 18:33:35.889   299 30844 D EvsDriver: Delivered 0xb400007b7ca56900 as id 0
05-27 18:33:35.890  1167  1184 D evsmanagerd: /dev/video6 forwarded the buffer #0 to 0xb4000074bf5f5510 from 0xb4000074bf5f6d90
05-27 18:33:35.891  1167  1184 D evsmanagerd: /dev/video4 forwarded the buffer #0 to 0xb4000074bf5f6850 from 0xb4000074bf5f41d0
05-27 18:33:35.891   299 30841 D EvsDriver: Delivered 0xb400007b7ca56a60 as id 0
05-27 18:33:35.893   299  1163 D EvsDriver: doneWithFrame
05-27 18:33:35.894   581   581 I SpiService: fgesysctrl_getGPIO_status success val=1
05-27 18:33:35.895   299  1163 D EvsDriver: doneWithFrame
05-27 08:24:44.859   581   581 D spi_rst_gpio_get_output: GPIO 145 value: 1
05-27 08:24:44.859   581   581 D spidev_ioctl: gpio status=1)
05-27 18:33:35.900   581   581 I SpiService: fgesysctrl_getGPIO_status success val=1
05-27 18:33:35.900  1008 30856 D [OMXB]  : usingANWBuffer: handle:0xee7467e0, format:1, w:1920, h:1080
05-27 18:33:35.900   283   307 I rvcservice: t.code = 0, t.value = 0
05-27 08:24:44.864   581   581 D spi_rst_gpio_get_output: GPIO 145 value: 1
05-27 08:24:44.864   581   581 D spidev_ioctl: gpio status=1)
05-27 18:33:35.901 13911 14183 I SentryImuMcuAngleSender: 179.993rollDeg
05-27 18:33:35.901 13911 14183 I SentryImuMcuAngleSender: 1,0,0
05-27 18:33:35.905   581   581 I SpiService: fgesysctrl_getGPIO_status success val=1
05-27 18:33:35.908 10188  6929 D NetworkPolicy: Blocked state of 10080: {blocked=NONE,allowed=FOREGROUND|METERED_FOREGROUND,effective=NONE}
05-27 18:33:35.908 10188  6929 D NetworkPolicy: Blocked state of 10080: {blocked=NONE,allowed=FOREGROUND|METERED_FOREGROUND,effective=NONE}
05-27 08:24:44.870   581   581 D spi_rst_gpio_get_output: GPIO 145 value: 1
05-27 08:24:44.870   581   581 D spidev_ioctl: gpio status=1)
05-27 18:33:35.911   581   581 I SpiService: fgesysctrl_getGPIO_status success val=1
05-27 08:24:44.875   581   581 D spi_rst_gpio_get_output: GPIO 145 value: 1
05-27 08:24:44.875   581   581 D spidev_ioctl: gpio status=1)
05-27 18:33:35.916   581   581 I SpiService: fgesysctrl_getGPIO_status success val=0
05-27 08:24:44.881   581   581 D spi_rst_gpio_get_output: GPIO 145 value: 0
05-27 08:24:44.881   581   581 D spidev_ioctl: gpio status=0)
05-27 18:33:35.918   299 30841 D EvsDriver: forwardFrame
05-27 18:33:35.919  1167  1184 D evsmanagerd: /dev/video4 forwarded the buffer #0 to 0xb4000074bf5f6850 from 0xb4000074bf5f41d0
05-27 18:33:35.919   299 30841 D EvsDriver: Delivered 0xb400007b7ca56a60 as id 0
05-27 18:33:35.919  1008 30857 D [OMXB]  : usingANWBuffer: handle:0xee747180, format:1, w:1920, h:1080
05-27 18:33:35.921 13911 14183 I SentryImuMcuAngleSender: -179.993rollDeg
05-27 18:33:35.922 13911 14183 I SentryImuMcuAngleSender: 1,0,0
05-27 18:33:35.926   299  1163 D EvsDriver: doneWithFrame
05-27 18:33:35.927   536   560 D commservice260303: recv len:77, 5AA500490600000039DB6A16C87F7B22636F6D6D616E64223A7B226964223A226473695F6C7578222C22737562223A22227D2C22636F6E74656E74223A7B2276616C7565223A3230307D7D1761 from server
05-27 18:33:35.927   536  2578 D commservice260303: mcuDataAnalyzeHandle templen:77,len:77,pos:0, 5AA500490600000039DB6A16C87F7B22636F6D6D616E64223A7B226964223A226473695F6C7578222C22737562223A22227D2C22636F6E74656E74223A7B2276616C7565223A3230307D7D1761 
05-27 18:33:35.927   536  2578 I commservice260303: checksumCal = 5985
05-27 18:33:35.927   536  2578 D commservice260303: CommProtocolLibCmdBaseC2I::dataproc {"command":{"id":"dsi_lux","sub":""},"content":{"value":200}},6
05-27 18:33:35.927   536  2578 D commservice260303: mcuCommMessageManager::notifyMsgToClient hwbinder OK
05-27 18:33:35.927   536  2578 D commservice260303: McuProtocolLibSend2Service::send2Service ret=1
05-27 18:33:35.927   299 30844 D EvsDriver: forwardFrame
05-27 18:33:35.929 12246 12440 D ivicomm_CommManager: fgeComServiceCallback: {"command":{"id":"dsi_lux","sub":""},"content":{"value":200}}
05-27 18:33:35.930   299 30844 D EvsDriver: Delivered 0xb400007b7ca56900 as id 0
05-27 18:33:35.930   536   536 D commservice260303: msg.id = 1028,1
05-27 18:33:35.930   536   536 D commservice260303: i = 170, msgid = 8A000404
05-27 18:33:35.931  1167  1184 D evsmanagerd: /dev/video6 forwarded the buffer #0 to 0xb4000074bf5f5510 from 0xb4000074bf5f6d90
05-27 18:33:35.931 12246 12440 D ivicomm_CallbackManager: registerCallback DSI_LUX: {"value":200} mCommStateCallbackMap size:4
05-27 18:33:35.931   536   536 D commservice260303: msgid = -1979710460,did=138
05-27 18:33:35.932   536   536 D commservice260303: CommProtocolLibCmdBaseI2C::dataproc {"command":{"id":"imu_status","sub":""},"content":{"TimeStamp":9,"FrameCounter":230158,"GD_X":-0.011300750076770782,"GD_Y":0.005802778527140617,"GD_Z":0.0020608289632946253,"AD_X":-0.004187226295471191,"AD_Y":-0.004343804437667131,"AD_Z":-0.169464111328125,"TempDsp":0,"Status":0,"CalibState":1,"SigAmpInvalid":0}},-1979710460
05-27 08:24:44.897   581   581 D spi_rst_gpio_get_output: GPIO 145 value: 1
05-27 08:24:44.897   581   581 D spidev_ioctl: gpio status=1)
05-27 18:33:35.932   536   536 D commservice260303: send2Cluster len:314, 7B22636F6D6D616E64223A7B226964223A22696D755F737461747573222C22737562223A22227D2C22636F6E74656E74223A7B2254696D655374616D70223A392C224672616D65436F756E746572223A3233303135382C2247445F58223A2D302E3031313330303735303037363737303738322C2247445F59223A302E3030353830323737383532373134303631372C2247445F5A223A302E303032303630383238393633323934363235332C2241445F58223A2D302E3030343138373232363239353437313139312C2241445F59223A2D302E3030343334333830343433373636373133312C2241445F5A223A2D302E3136393436343131313332383132352C2254656D70447370223A302C22537461747573223A302C2243616C69625374617465223A312C22536967416D70496E76616C6964223A307D7D, 138 
05-27 18:33:35.932   536   536 D commservice260303: Push Message into SendPool fn=281150208
05-27 18:33:35.932   536   536 D commservice260303: ComProtocolLibSend2Cluster::send2ClusterRaw fn=281150208 , len=330
05-27 18:33:35.932   536   536 D commservice260303: sendCmdToPort :330!!!
05-27 18:33:35.932   581   581 I SpiService: fgesysctrl_getGPIO_status success val=1
05-27 18:33:35.932   536   536 D commservice260303: send Cmd To Port ++++5AA501468A010003C2106A16C87F7B22636F6D6D616E64223A7B226964223A22696D755F737461747573222C22737562223A22227D2C22636F6E74656E74223A7B2254696D655374616D70223A392C224672616D65436F756E746572223A3233303135382C2247445F58223A2D302E3031313330303735303037363737303738322C2247445F59223A302E3030353830323737383532373134303631372C2247445F5A223A302E303032303630383238393633323934363235332C2241445F58223A2D302E3030343138373232363239353437313139312C2241445F59223A2D302E3030343334333830343433373636373133312C2241445F5A223A2D302E3136393436343131313332383132352C2254656D70447370223A302C22537461747573223A302C2243616C69625374617465223A312C22536967416D70496E76616C6964223A307D7DB2E4
05-27 18:33:35.932   536   536 D commservice260303: bufferevent_write retrun value = 0
05-27 18:33:35.932   536   560 D commservice260303: client datas send succeed,send finish
05-27 18:33:35.932 11579 11719 D NSLogUtils_VehicleService: L2A comm state: id=dsi_lux, value=200
05-27 18:33:35.934 13911 14192 D Sentinelmode_1.2.5.17_sentry: <SentryImuClusterFgeSender>imu_status sent to Linux, frame=230158, tsNs=9883157, tsMs=9, intervalMs=48, ad=(-0.0041872263,-0.0043438044,-0.16946411), gd=(-0.01130075,0.0058027785,0.002060829)
05-27 18:33:35.935 11344  6590 D SystemUI_SystemSettingsControllerService: onCommState: commandID = dsi_lux; value = 200
05-27 18:33:35.935   299  1163 D EvsDriver: doneWithFrame
05-27 18:33:35.938   581   581 I SpiService: fgesysctrl_getGPIO_status success val=1
05-27 18:33:35.939  1008 30856 D [OMXB]  : usingANWBuffer: handle:0xee741c40, format:1, w:1920, h:1080
05-27 08:24:44.902   581   581 D spi_rst_gpio_get_output: GPIO 145 value: 1
05-27 08:24:44.902   581   581 D spidev_ioctl: gpio status=1)
05-27 18:33:35.942   572   622 I Sensors : 230 AccelSensor: x:-0.167140,y:0.002440,z:-9.975940
05-27 18:33:35.943 13911 14183 I SentryImuMcuAngleSender: 179.993rollDeg
05-27 18:33:35.943 13911 14183 I SentryImuMcuAngleSender: 1,0,0
05-27 18:33:35.943   581   581 I SpiService: fgesysctrl_getGPIO_status success val=1
05-27 08:24:44.908   581   581 D spi_rst_gpio_get_output: GPIO 145 value: 1
05-27 08:24:44.908   581   581 D spidev_ioctl: gpio status=1)
05-27 18:33:35.949   581   581 I SpiService: fgesysctrl_getGPIO_status success val=1
05-27 18:33:35.949   299 30844 D EvsDriver: forwardFrame
05-27 18:33:35.951   299 30844 D EvsDriver: Delivered 0xb400007b7ca56900 as id 0
05-27 18:33:35.951  1167  1184 D evsmanagerd: /dev/video6 forwarded the buffer #0 to 0xb4000074bf5f5510 from 0xb4000074bf5f6d90
05-27 18:33:35.951 30773 30773 E dvr_service_: [myNum:1] Received S**** loss
05-27 18:33:35.951   299  1163 D EvsDriver: doneWithFrame
05-27 08:24:44.913   581   581 D spi_rst_gpio_get_output: GPIO 145 value: 1
05-27 08:24:44.913   581   581 D spidev_ioctl: gpio status=1)
05-27 18:33:35.954   299 30841 D EvsDriver: forwardFrame
05-27 18:33:35.954   581   581 I SpiService: fgesysctrl_getGPIO_status success val=1
05-27 18:33:35.955   299 30841 D EvsDriver: Delivered 0xb400007b7ca56a60 as id 0
05-27 18:33:35.955  1167  1184 D evsmanagerd: /dev/video4 forwarded the buffer #0 to 0xb4000074bf5f6850 from 0xb4000074bf5f41d0
05-27 18:33:35.956 30773 30773 E dvr_service_: [myNum:0] Received S**** loss
05-27 18:33:35.956   299  1163 D EvsDriver: doneWithFrame
05-27 08:24:44.919   581   581 D spi_rst_gpio_get_output: GPIO 145 value: 1
05-27 08:24:44.919   581   581 D spidev_ioctl: gpio status=1)
05-27 18:33:35.957  1008 30857 D [OMXB]  : usingANWBuffer: handle:0xee742ab0, format:1, w:1920, h:1080
05-27 18:33:35.960   581   581 I SpiService: fgesysctrl_getGPIO_status success val=0
05-27 08:24:44.924   581   581 D spi_rst_gpio_get_output: GPIO 145 value: 0
05-27 08:24:44.924   581   581 D spidev_ioctl: gpio status=0)
05-27 18:33:35.964 13911 14183 I SentryImuMcuAngleSender: 179.97897rollDeg
05-27 18:33:35.964 13911 14183 I SentryImuMcuAngleSender: 1,0,0
05-27 18:33:35.968   536   536 D commservice260303: msg.id = 1028,1
05-27 18:33:35.968   536   536 D commservice260303: i = 170, msgid = 8A000404
05-27 18:33:35.968   536   536 D commservice260303: msgid = -1979710460,did=138
05-27 18:33:35.968   536   536 D commservice260303: CommProtocolLibCmdBaseI2C::dataproc {"command":{"id":"imu_status","sub":""},"content":{"TimeStamp":9,"FrameCounter":230159,"GD_X":-0.011070843786001205,"GD_Y":0.005039200186729431,"GD_Z":0.002213752595707774,"AD_X":-0.0017542392015457153,"AD_Y":5.427785217761993E-4,"AD_Z":-0.1682453155517578,"TempDsp":0,"Status":0,"CalibState":1,"SigAmpInvalid":0}},-1979710460
05-27 18:33:35.968   536   536 D commservice260303: send2Cluster len:314, 7B22636F6D6D616E64223A7B226964223A22696D755F737461747573222C22737562223A22227D2C22636F6E74656E74223A7B2254696D655374616D70223A392C224672616D65436F756E746572223A3233303135392C2247445F58223A2D302E3031313037303834333738363030313230352C2247445F59223A302E3030353033393230303138363732393433312C2247445F5A223A302E3030323231333735323539353730373737342C2241445F58223A2D302E303031373534323339323031353435373135332C2241445F59223A352E343237373835323137373631393933452D342C2241445F5A223A2D302E313638323435333135353531373537382C2254656D70447370223A302C22537461747573223A302C2243616C69625374617465223A312C22536967416D70496E76616C6964223A307D7D, 138 
05-27 18:33:35.968   536   536 D commservice260303: Push Message into SendPool fn=297927424
05-27 18:33:35.968   536   536 D commservice260303: ComProtocolLibSend2Cluster::send2ClusterRaw fn=297927424 , len=330
05-27 18:33:35.968   536   536 D commservice260303: sendCmdToPort :330!!!
05-27 18:33:35.968   536   536 D commservice260303: send Cmd To Port ++++5AA501468A010003C2116A16C87F7B22636F6D6D616E64223A7B226964223A22696D755F737461747573222C22737562223A22227D2C22636F6E74656E74223A7B2254696D655374616D70223A392C224672616D65436F756E746572223A3233303135392C2247445F58223A2D302E3031313037303834333738363030313230352C2247445F59223A302E3030353033393230303138363732393433312C2247445F5A223A302E3030323231333735323539353730373737342C2241445F58223A2D302E303031373534323339323031353435373135332C2241445F59223A352E343237373835323137373631393933452D342C2241445F5A223A2D302E313638323435333135353531373537382C2254656D70447370223A302C22537461747573223A302C2243616C69625374617465223A312C22536967416D70496E76616C6964223A307D7DBE35
05-27 18:33:35.968   536   536 D commservice260303: bufferevent_write retrun value = 0
05-27 18:33:35.968   536   560 D commservice260303: client datas send succeed,send finish
05-27 18:33:35.968 13911 14192 D Sentinelmode_1.2.5.17_sentry: <SentryImuClusterFgeSender>imu_status sent to Linux, frame=230159, tsNs=9883210, tsMs=9, intervalMs=35, ad=(-0.0017542392,5.427785E-4,-0.16824532), gd=(-0.011070844,0.0050392,0.0022137526)
05-27 18:33:35.974   581   581 I SpiService: fgesysctrl_getGPIO_status success val=1
05-27 08:24:44.939   581   581 D spi_rst_gpio_get_output: GPIO 145 value: 1
05-27 08:24:44.939   581   581 D spidev_ioctl: gpio status=1)
05-27 18:33:35.977   299 30841 D EvsDriver: forwardFrame
05-27 18:33:35.978   299 30841 D EvsDriver: Delivered 0xb400007b7ca56a60 as id 0
05-27 18:33:35.978  1167  1184 D evsmanagerd: /dev/video4 forwarded the buffer #0 to 0xb4000074bf5f6850 from 0xb4000074bf5f41d0
05-27 18:33:35.980   581   581 I SpiService: fgesysctrl_getGPIO_status success val=1
05-27 18:33:35.980   299  1163 D EvsDriver: doneWithFrame
05-27 08:24:44.944   581   581 D spi_rst_gpio_get_output: GPIO 145 value: 1
05-27 08:24:44.944   581   581 D spidev_ioctl: gpio status=1)
05-27 18:33:35.982  1008 30856 D [OMXB]  : usingANWBuffer: handle:0xee742690, format:1, w:1920, h:1080
05-27 18:33:35.983 13911 14183 I SentryImuMcuAngleSender: 179.97195rollDeg
05-27 18:33:35.983 13911 14183 I SentryImuMcuAngleSender: 1,0,0
05-27 18:33:35.985   299 30844 D EvsDriver: forwardFrame
05-27 18:33:35.985   581   581 I SpiService: fgesysctrl_getGPIO_status success val=1
05-27 18:33:35.987   299 30844 D EvsDriver: Delivered 0xb400007b7ca56900 as id 0
05-27 18:33:35.987  1167  1184 D evsmanagerd: /dev/video6 forwarded the buffer #0 to 0xb4000074bf5f5510 from 0xb4000074bf5f6d90
05-27 08:24:44.950   581   581 D spi_rst_gpio_get_output: GPIO 145 value: 1
05-27 08:24:44.950   581   581 D spidev_ioctl: gpio status=1)
05-27 18:33:35.990   299  1163 D EvsDriver: doneWithFrame
05-27 18:33:35.991   581   581 I SpiService: fgesysctrl_getGPIO_status success val=1
05-27 08:24:44.956   581   581 D spi_rst_gpio_get_output: GPIO 145 value: 1
05-27 08:24:44.956   581   581 D spidev_ioctl: gpio status=1)
05-27 18:33:35.997   581   581 I SpiService: fgesysctrl_getGPIO_status success val=1
05-27 18:33:35.999  1008 30857 D [OMXB]  : usingANWBuffer: handle:0xee742f80, format:1, w:1920, h:1080
05-27 18:33:36.001   283   307 I rvcservice: t.code = 3, t.value = 0
05-27 08:24:44.961   581   581 D spi_rst_gpio_get_output: GPIO 145 value: 1
05-27 08:24:44.961   581   581 D spidev_ioctl: gpio status=1)
05-27 18:33:36.002   581   581 I SpiService: fgesysctrl_getGPIO_status success val=0
05-27 18:33:36.004 13911 14183 I SentryImuMcuAngleSender: 179.97195rollDeg
05-27 18:33:36.004 13911 14183 I SentryImuMcuAngleSender: 1,0,0
05-27 08:24:44.967   581   581 D spi_rst_gpio_get_output: GPIO 145 value: 0
05-27 08:24:44.967   581   581 D spidev_ioctl: gpio status=0)
05-27 18:33:36.008   536   536 D commservice260303: msg.id = 1028,1
05-27 18:33:36.008   536   536 D commservice260303: i = 170, msgid = 8A000404
05-27 18:33:36.008   536   536 D commservice260303: msgid = -1979710460,did=138
05-27 18:33:36.008   536   536 D commservice260303: CommProtocolLibCmdBaseI2C::dataproc {"command":{"id":"imu_status","sub":""},"content":{"TimeStamp":9,"FrameCounter":230160,"GD_X":-0.011834942735731602,"GD_Y":0.0051151420921087265,"GD_Z":0.0022902146447449923,"AD_X":-0.0041928887367248535,"AD_Y":0.0017522377893328667,"AD_Z":-0.1658039093017578,"TempDsp":0,"Status":0,"CalibState":1,"SigAmpInvalid":0}},-1979710460
05-27 18:33:36.008   536   536 D commservice260303: send2Cluster len:317, 7B22636F6D6D616E64223A7B226964223A22696D755F737461747573222C22737562223A22227D2C22636F6E74656E74223A7B2254696D655374616D70223A392C224672616D65436F756E746572223A3233303136302C2247445F58223A2D302E3031313833343934323733353733313630322C2247445F59223A302E303035313135313432303932313038373236352C2247445F5A223A302E303032323930323134363434373434393932332C2241445F58223A2D302E303034313932383838373336373234383533352C2241445F59223A302E303031373532323337373839333332383636372C2241445F5A223A2D302E313635383033393039333031373537382C2254656D70447370223A302C22537461747573223A302C2243616C69625374617465223A312C22536967416D70496E76616C6964223A307D7D, 138 
05-27 18:33:36.008   536   536 D commservice260303: Push Message into SendPool fn=314704640
05-27 18:33:36.008   536   536 D commservice260303: ComProtocolLibSend2Cluster::send2ClusterRaw fn=314704640 , len=333
05-27 18:33:36.008   536   536 D commservice260303: sendCmdToPort :333!!!
05-27 18:33:36.008   536   536 D commservice260303: send Cmd To Port ++++5AA501498A010003C2126A16C8807B22636F6D6D616E64223A7B226964223A22696D755F737461747573222C22737562223A22227D2C22636F6E74656E74223A7B2254696D655374616D70223A392C224672616D65436F756E746572223A3233303136302C2247445F58223A2D302E3031313833343934323733353733313630322C2247445F59223A302E303035313135313432303932313038373236352C2247445F5A223A302E303032323930323134363434373434393932332C2241445F58223A2D302E303034313932383838373336373234383533352C2241445F59223A302E303031373532323337373839333332383636372C2241445F5A223A2D302E313635383033393039333031373537382C2254656D70447370223A302C22537461747573223A302C2243616C69625374617465223A312C22536967416D70496E76616C6964223A307D7DF113
05-27 18:33:36.008   536   536 D commservice260303: bufferevent_write retrun value = 0
05-27 18:33:36.008 13911 14192 D Sentinelmode_1.2.5.17_sentry: <SentryImuClusterFgeSender>imu_status sent to Linux, frame=230160, tsNs=9883246, tsMs=9, intervalMs=40, ad=(-0.0041928887,0.0017522378,-0.16580391), gd=(-0.011834943,0.005115142,0.0022902146)
05-27 18:33:36.008   536   560 D commservice260303: client datas send succeed,send finish
05-27 18:33:36.010   299 30844 D EvsDriver: forwardFrame
05-27 18:33:36.011   299 30841 D EvsDriver: forwardFrame
05-27 18:33:36.012   299 30844 D EvsDriver: Delivered 0xb400007b7ca56900 as id 0
05-27 18:33:36.012  1167  1184 D evsmanagerd: /dev/video6 forwarded the buffer #0 to 0xb4000074bf5f5510 from 0xb4000074bf5f6d90
05-27 18:33:36.005  1167  1167 I auditd  : type=1400 audit(0.0:55142): avc: denied { call } for comm="binder:1167_1" scontext=u:r:evsmanagerd:s0 tcontext=u:r:adayo_dvr_service:s0 tclass=binder permissive=1
05-27 18:33:36.005  1167  1167 I binder:1167_1: type=1400 audit(0.0:55142): avc: denied { call } for scontext=u:r:evsmanagerd:s0 tcontext=u:r:adayo_dvr_service:s0 tclass=binder permissive=1
05-27 18:33:36.015  1167  1184 D evsmanagerd: /dev/video4 forwarded the buffer #0 to 0xb4000074bf5f6850 from 0xb4000074bf5f41d0
05-27 18:33:36.015   299 30841 D EvsDriver: Delivered 0xb400007b7ca56a60 as id 0
05-27 18:33:36.015   299  1163 D EvsDriver: doneWithFrame
05-27 08:24:44.981   581   581 D spi_rst_gpio_get_output: GPIO 145 value: 1
05-27 08:24:44.981   581   581 D spidev_ioctl: gpio status=1)
05-27 18:33:36.017   581   581 I SpiService: fgesysctrl_getGPIO_status success val=1
05-27 18:33:36.020 15286 18175 D okhttp.TaskRunner: Q10007 scheduled after   0 µs: OkHttp ConnectionPool
05-27 18:33:36.021 15286 14105 D okhttp.TaskRunner: Q10007 starting              : OkHttp ConnectionPool
05-27 18:33:36.021 15286 14105 D okhttp.TaskRunner: Q10007 run again after 300 s : OkHttp ConnectionPool
05-27 18:33:36.021 15286 14105 D okhttp.TaskRunner: Q10007 finished run in 883 µs: OkHttp ConnectionPool
05-27 18:33:36.022   299  1163 D EvsDriver: doneWithFrame
05-27 18:33:36.024   581   581 I SpiService: fgesysctrl_getGPIO_status success val=1
05-27 08:24:44.988   581   581 D spi_rst_gpio_get_output: GPIO 145 value: 1
05-27 08:24:44.989   581   581 D spidev_ioctl: gpio status=1)
05-27 18:33:36.025 13911 14183 I SentryImuMcuAngleSender: 179.97897rollDeg
