05-27 18:33:29.870   536   536 D commservice260303: send Cmd To Port ++++5AA501498A010003C1786A16C8797B22636F6D6D616E64223A7B226964223A22696D755F737461747573222C22737562223A22227D2C22636F6E74656E74223A7B2254696D655374616D70223A392C224672616D65436F756E746572223A3233303030392C2247445F58223A2D302E30313136303630373637333232373738372C2247445F59223A302E303035363439383534383934373237343638352C2247445F5A223A302E3030323231333735323539353730373737342C2241445F58223A2D302E303031323937343239323033393837313231362C2241445F59223A2D302E303032373337353338313930353538353532372C2241445F5A223A2D302E31373036383836323931353033393036322C2254656D70447370223A302C22537461747573223A302C2243616C69625374617465223A312C22536967416D70496E76616C6964223A307D7D8849
05-27 18:33:29.871   536   536 D commservice260303: bufferevent_write retrun value = 0
05-27 18:33:29.871 13911 14192 D Sentinelmode_1.2.5.17_sentry: <SentryImuClusterFgeSender>imu_status sent to Linux, frame=230009, tsNs=9877113, tsMs=9, intervalMs=40, ad=(-0.0012974292,-0.0027375382,-0.17068863), gd=(-0.011606077,0.005649855,0.0022137526)
05-27 18:33:29.871   536   560 D commservice260303: client datas send succeed,send finish
05-27 18:33:29.874 13911 14183 I SentryImuMcuAngleSender: 180.0rollDeg
05-27 18:33:29.874 13911 14183 I SentryImuMcuAngleSender: 1,0,0
05-27 18:33:29.879   581   581 I SpiService: fgesysctrl_getGPIO_status success val=1
05-27 08:24:38.843   581   581 D spi_rst_gpio_get_output: GPIO 145 value: 1
05-27 08:24:38.843   581   581 D spidev_ioctl: gpio status=1)
05-27 18:33:29.881   299 30841 D EvsDriver: forwardFrame
05-27 18:33:29.882   299 30841 D EvsDriver: Delivered 0xb400007b7ca56a60 as id 0
05-27 18:33:29.882  1167  1167 D evsmanagerd: /dev/video4 forwarded the buffer #0 to 0xb4000074bf5f6850 from 0xb4000074bf5f41d0
05-27 18:33:29.882   283   307 I rvcservice: t.code = 1, t.value = -168360
05-27 18:33:29.884   299  1153 D EvsDriver: doneWithFrame
05-27 18:33:29.884   299 30844 D EvsDriver: forwardFrame
05-27 18:33:29.884   581   581 I SpiService: fgesysctrl_getGPIO_status success val=1
05-27 08:24:38.849   581   581 D spi_rst_gpio_get_output: GPIO 145 value: 1
05-27 08:24:38.849   581   581 D spidev_ioctl: gpio status=1)
05-27 18:33:29.886   299 30844 D EvsDriver: Delivered 0xb400007b7ca56900 as id 0
05-27 18:33:29.886  1167  1167 D evsmanagerd: /dev/video6 forwarded the buffer #0 to 0xb4000074bf5f5510 from 0xb4000074bf5f6d90
05-27 18:33:29.889   299  1153 D EvsDriver: doneWithFrame
05-27 18:33:29.890   581   581 I SpiService: fgesysctrl_getGPIO_status success val=1
05-27 08:24:38.854   581   581 D spi_rst_gpio_get_output: GPIO 145 value: 1
05-27 08:24:38.854   581   581 D spidev_ioctl: gpio status=1)
05-27 18:33:29.895 13911 14183 I SentryImuMcuAngleSender: 179.993rollDeg
05-27 18:33:29.895 13911 14183 I SentryImuMcuAngleSender: 1,0,0
05-27 18:33:29.895   581   581 I SpiService: fgesysctrl_getGPIO_status success val=1
05-27 08:24:38.860   581   581 D spi_rst_gpio_get_output: GPIO 145 value: 1
05-27 08:24:38.860   581   581 D spidev_ioctl: gpio status=1)
05-27 18:33:29.901   581   581 I SpiService: fgesysctrl_getGPIO_status success val=1
05-27 08:24:38.865   581   581 D spi_rst_gpio_get_output: GPIO 145 value: 1
05-27 08:24:38.865   581   581 D spidev_ioctl: gpio status=1)
05-27 18:33:29.906   581   581 I SpiService: fgesysctrl_getGPIO_status success val=0
05-27 08:24:38.870   581   581 D spi_rst_gpio_get_output: GPIO 145 value: 0
05-27 08:24:38.870   581   581 D spidev_ioctl: gpio status=0)
05-27 18:33:29.911   536   536 D commservice260303: msg.id = 1028,0
05-27 18:33:29.911   536   536 D commservice260303: i = 170, msgid = 8A000404
05-27 18:33:29.911   536   536 D commservice260303: msgid = -1979710460,did=138
05-27 18:33:29.911   536   536 D commservice260303: CommProtocolLibCmdBaseI2C::dataproc {"command":{"id":"imu_status","sub":""},"content":{"TimeStamp":9,"FrameCounter":230010,"GD_X":-0.01091896090656519,"GD_Y":0.004963258747011423,"GD_Z":0.0029768107924610376,"AD_X":-0.0049512386322021484,"AD_Y":-8.999741403385997E-4,"AD_Z":-0.17190837860107422,"TempDsp":0,"Status":0,"CalibState":1,"SigAmpInvalid":0}},-1979710460
05-27 18:33:29.911   536   536 D commservice260303: send2Cluster len:316, 7B22636F6D6D616E64223A7B226964223A22696D755F737461747573222C22737562223A22227D2C22636F6E74656E74223A7B2254696D655374616D70223A392C224672616D65436F756E746572223A3233303031302C2247445F58223A2D302E30313039313839363039303635363531392C2247445F59223A302E3030343936333235383734373031313432332C2247445F5A223A302E303032393736383130373932343631303337362C2241445F58223A2D302E303034393531323338363332323032313438342C2241445F59223A2D382E393939373431343033333835393937452D342C2241445F5A223A2D302E31373139303833373836303130373432322C2254656D70447370223A302C22537461747573223A302C2243616C69625374617465223A312C22536967416D70496E76616C6964223A307D7D, 138 
05-27 18:33:29.912   536   536 D commservice260303: Push Message into SendPool fn=2042692352
05-27 18:33:29.912   536   536 D commservice260303: ComProtocolLibSend2Cluster::send2ClusterRaw fn=2042692352 , len=332
05-27 18:33:29.912   536   536 D commservice260303: sendCmdToPort :332!!!
05-27 18:33:29.912   536   536 D commservice260303: send Cmd To Port ++++5AA501488A010003C1796A16C8797B22636F6D6D616E64223A7B226964223A22696D755F737461747573222C22737562223A22227D2C22636F6E74656E74223A7B2254696D655374616D70223A392C224672616D65436F756E746572223A3233303031302C2247445F58223A2D302E30313039313839363039303635363531392C2247445F59223A302E3030343936333235383734373031313432332C2247445F5A223A302E303032393736383130373932343631303337362C2241445F58223A2D302E303034393531323338363332323032313438342C2241445F59223A2D382E393939373431343033333835393937452D342C2241445F5A223A2D302E31373139303833373836303130373432322C2254656D70447370223A302C22537461747573223A302C2243616C69625374617465223A312C22536967416D70496E76616C6964223A307D7D7906
05-27 18:33:29.912   536   536 D commservice260303: bufferevent_write retrun value = 0
05-27 18:33:29.912   536   560 D commservice260303: client datas send succeed,send finish
05-27 18:33:29.912 13911 14192 D Sentinelmode_1.2.5.17_sentry: <SentryImuClusterFgeSender>imu_status sent to Linux, frame=230010, tsNs=9877148, tsMs=9, intervalMs=42, ad=(-0.0049512386,-8.9997414E-4,-0.17190838), gd=(-0.010918961,0.0049632587,0.0029768108)
05-27 18:33:29.915   299 30841 D EvsDriver: forwardFrame
05-27 18:33:29.915   299 30841 D EvsDriver: Delivered 0xb400007b7ca56a60 as id 0
05-27 18:33:29.916  1167  1167 D evsmanagerd: /dev/video4 forwarded the buffer #0 to 0xb4000074bf5f6850 from 0xb4000074bf5f41d0
05-27 18:33:29.917 13911 14183 I SentryImuMcuAngleSender: 179.99649rollDeg
05-27 18:33:29.917 13911 14183 I SentryImuMcuAngleSender: 1,0,0
05-27 18:33:29.917   299  1153 D EvsDriver: doneWithFrame
05-27 18:33:29.920   581   581 I SpiService: fgesysctrl_getGPIO_status success val=1
05-27 18:33:29.920   299 30844 D EvsDriver: forwardFrame
05-27 08:24:38.884   581   581 D spi_rst_gpio_get_output: GPIO 145 value: 1
05-27 08:24:38.884   581   581 D spidev_ioctl: gpio status=1)
05-27 08:24:38.885     1     1 I init    : starting service 'trace_resource'...
05-27 18:33:29.922  1167  1167 D evsmanagerd: /dev/video6 forwarded the buffer #0 to 0xb4000074bf5f5510 from 0xb4000074bf5f6d90
05-27 18:33:29.922   299 30844 D EvsDriver: Delivered 0xb400007b7ca56900 as id 0
05-27 18:33:29.925   581   581 I SpiService: fgesysctrl_getGPIO_status success val=1
05-27 18:33:29.925   299  1153 D EvsDriver: doneWithFrame
05-27 08:24:38.890   581   581 D spi_rst_gpio_get_output: GPIO 145 value: 1
05-27 08:24:38.890   581   581 D spidev_ioctl: gpio status=1)
05-27 08:24:38.892 19254 19254 W audit   : audit_lost=30997 audit_rate_limit=5 audit_backlog_limit=64
05-27 08:24:38.892 19254 19254 E audit   : rate limit exceeded
05-27 18:33:29.930   581   581 I SpiService: fgesysctrl_getGPIO_status success val=1
05-27 08:24:38.895   581   581 D spi_rst_gpio_get_output: GPIO 145 value: 1
05-27 08:24:38.895   581   581 D spidev_ioctl: gpio status=1)
05-27 18:33:29.936   581   581 I SpiService: fgesysctrl_getGPIO_status success val=1
05-27 08:24:38.900   581   581 D spi_rst_gpio_get_output: GPIO 145 value: 1
05-27 08:24:38.900   581   581 D spidev_ioctl: gpio status=1)
05-27 18:33:29.937 13911 14183 I SentryImuMcuAngleSender: 179.993rollDeg
05-27 18:33:29.937 13911 14183 I SentryImuMcuAngleSender: 1,0,0
05-27 08:24:38.902     1     1 I init    : Service 'trace_resource' (pid 19254) exited with status 127
05-27 08:24:38.902     1     1 I init    : Sending signal 9 to service 'trace_resource' (pid 19254) process group...
05-27 08:24:38.902     1     1 I libprocessgroup: Successfully killed process cgroup uid 0 pid 19254 in 0ms
05-27 18:33:29.941   581   581 I SpiService: fgesysctrl_getGPIO_status success val=1
05-27 08:24:38.906   581   581 D spi_rst_gpio_get_output: GPIO 145 value: 1
05-27 08:24:38.906   581   581 D spidev_ioctl: gpio status=1)
05-27 18:33:29.946   581   581 I SpiService: fgesysctrl_getGPIO_status success val=0
05-27 18:33:29.948   299 30841 D EvsDriver: forwardFrame
05-27 08:24:38.911   581   581 D spi_rst_gpio_get_output: GPIO 145 value: 0
05-27 08:24:38.911   581   581 D spidev_ioctl: gpio status=0)
05-27 18:33:29.949   299 30841 D EvsDriver: Delivered 0xb400007b7ca56a60 as id 0
05-27 18:33:29.950  1167  1167 D evsmanagerd: /dev/video4 forwarded the buffer #0 to 0xb4000074bf5f6850 from 0xb4000074bf5f41d0
05-27 18:33:29.950 30773 30773 E dvr_service_: [myNum:0] Received S**** loss
05-27 18:33:29.950   299  1153 D EvsDriver: doneWithFrame
05-27 18:33:29.951   536   536 D commservice260303: msg.id = 1028,0
05-27 18:33:29.951   536   536 D commservice260303: i = 170, msgid = 8A000404
05-27 18:33:29.951   536   536 D commservice260303: msgid = -1979710460,did=138
05-27 18:33:29.951   572   622 I Sensors : 230 GyroSensor: x:-0.012675,y:0.005268,z:0.001985
05-27 18:33:29.951   536   536 D commservice260303: CommProtocolLibCmdBaseI2C::dataproc {"command":{"id":"imu_status","sub":""},"content":{"TimeStamp":9,"FrameCounter":230011,"GD_X":-0.012446117587387562,"GD_Y":0.004963258747011423,"GD_Z":0.0021378109231591225,"AD_X":-0.008578494191169739,"AD_Y":-0.0014972866047173738,"AD_Z":-0.17557334899902344,"TempDsp":0,"Status":0,"CalibState":1,"SigAmpInvalid":0}},-1979710460
05-27 18:33:29.952   536   536 D commservice260303: send2Cluster len:317, 7B22636F6D6D616E64223A7B226964223A22696D755F737461747573222C22737562223A22227D2C22636F6E74656E74223A7B2254696D655374616D70223A392C224672616D65436F756E746572223A3233303031312C2247445F58223A2D302E3031323434363131373538373338373536322C2247445F59223A302E3030343936333235383734373031313432332C2247445F5A223A302E303032313337383130393233313539313232352C2241445F58223A2D302E3030383537383439343139313136393733392C2241445F59223A2D302E303031343937323836363034373137333733382C2241445F5A223A2D302E31373535373333343839393930323334342C2254656D70447370223A302C22537461747573223A302C2243616C69625374617465223A312C22536967416D70496E76616C6964223A307D7D, 138 
05-27 18:33:29.952   536   536 D commservice260303: Push Message into SendPool fn=2059469568
05-27 18:33:29.952   536   536 D commservice260303: ComProtocolLibSend2Cluster::send2ClusterRaw fn=2059469568 , len=333
05-27 18:33:29.952   536   536 D commservice260303: sendCmdToPort :333!!!
05-27 18:33:29.952   536   536 D commservice260303: send Cmd To Port ++++5AA501498A010003C17A6A16C8797B22636F6D6D616E64223A7B226964223A22696D755F737461747573222C22737562223A22227D2C22636F6E74656E74223A7B2254696D655374616D70223A392C224672616D65436F756E746572223A3233303031312C2247445F58223A2D302E3031323434363131373538373338373536322C2247445F59223A302E3030343936333235383734373031313432332C2247445F5A223A302E303032313337383130393233313539313232352C2241445F58223A2D302E3030383537383439343139313136393733392C2241445F59223A2D302E303031343937323836363034373137333733382C2241445F5A223A2D302E31373535373333343839393930323334342C2254656D70447370223A302C22537461747573223A302C2243616C69625374617465223A312C22536967416D70496E76616C6964223A307D7DFAB2
05-27 18:33:29.952   536   536 D commservice260303: bufferevent_write retrun value = 0
05-27 18:33:29.952   536   560 D commservice260303: client datas send succeed,send finish
05-27 18:33:29.952 13911 14192 D Sentinelmode_1.2.5.17_sentry: <SentryImuClusterFgeSender>imu_status sent to Linux, frame=230011, tsNs=9877184, tsMs=9, intervalMs=40, ad=(-0.008578494,-0.0014972866,-0.17557335), gd=(-0.012446118,0.0049632587,0.002137811)
05-27 18:33:29.956   299 30844 D EvsDriver: forwardFrame
05-27 18:33:29.957 13911 14183 I SentryImuMcuAngleSender: 179.97899rollDeg
05-27 18:33:29.957 13911 14183 I SentryImuMcuAngleSender: 1,0,0
05-27 18:33:29.957   299 30844 D EvsDriver: Delivered 0xb400007b7ca56900 as id 0
05-27 18:33:29.957  1167  1167 D evsmanagerd: /dev/video6 forwarded the buffer #0 to 0xb4000074bf5f5510 from 0xb4000074bf5f6d90
05-27 18:33:29.958 30773 30773 E dvr_service_: [myNum:1] Received S**** loss
05-27 18:33:29.958   299  1153 D EvsDriver: doneWithFrame
05-27 18:33:29.959   481   598 I mcuc    : rev,n=1,6AA681C6F3000B8300E0000000000000000058
05-27 18:33:29.959   351   373 D automotive.vehicle@2.0-adayo-datacomm-mcu: MCUDatacomm sendMessageFromVehicle prop: 0x83, areaId: 0x0, status: 0x0, timestamp: 0x0
05-27 18:33:29.959   351   373 D automotive.vehicle@2.0-adayo-datacomm-mcu: MCUDatacomm 1sendMessageFromVehicle ---> type = 7 
05-27 18:33:29.959   351   373 I automotive.vehicle@2.0-adayo-func-mcu: MCUFunc :sendMessageFromVehicle  msgBuff[0] = 131 
05-27 18:33:29.959   351   373 I automotive.vehicle@2.0-adayo-func-mcu: MCUFunc :sendMessageFromVehicle  msgBuff[1] = 0 
05-27 18:33:29.959   351   373 I automotive.vehicle@2.0-adayo-func-mcu: MCUFunc :sendMessageFromVehicle  msgBuff[2] = 0 
05-27 18:33:29.959   351   373 I automotive.vehicle@2.0-adayo-func-mcu: MCUFunc :sendMessageFromVehicle  msgBuff[3] = 0 
05-27 18:33:29.959   351   373 I automotive.vehicle@2.0-adayo-func-mcu: MCUFunc :sendMessageFromVehicle  msgBuff[4] = 3 
05-27 18:33:29.959   351   373 I automotive.vehicle@2.0-adayo-func-mcu: MCUFunc :sendMessageFromVehicle  msgBuff[5] = 1 
05-27 18:33:29.959   351   373 I automotive.vehicle@2.0-adayo-func-mcu: MCUFunc :sendMessageFromVehicle  msgBuff[6] = 0 
05-27 18:33:29.959   351   373 I automotive.vehicle@2.0-adayo-func-mcu: MCUFunc :sendMessageFromVehicle  msgBuff[7] = 0 
05-27 18:33:29.959   351   373 I automotive.vehicle@2.0-adayo-func-mcu: MCUFunc :sendMessageFromVehicle  msgBuff[8] = 0 
05-27 18:33:29.959   351   373 I automotive.vehicle@2.0-adayo-func-mcu: MCUFunc :sendMessageFromVehicle  msgBuff[9] = 0 
05-27 18:33:29.959   351   373 I automotive.vehicle@2.0-adayo-func-mcu: MCUFunc :sendMessageFromVehicle  msgBuff[10] = 0 
05-27 18:33:29.959   351   373 I automotive.vehicle@2.0-adayo-func-mcu: MCUFunc :sendMessageFromVehicle  msgBuff[11] = 0 
05-27 18:33:29.959   351   373 I automotive.vehicle@2.0-adayo-func-mcu: MCUFunc :sendMessageFromVehicle  msgBuff[12] = 0 
05-27 18:33:29.959   351   373 I automotive.vehicle@2.0-adayo-func-mcu: MCUFunc :sendMessageFromVehicle  msgBuff[13] = 0 
05-27 18:33:29.959   351   373 I automotive.vehicle@2.0-adayo-func-mcu: MCUFunc :sendMessageFromVehicle  msgBuff[14] = 0 
05-27 08:24:38.925   581   581 D spi_rst_gpio_get_output: GPIO 145 value: 1
05-27 18:33:29.959   351   373 I automotive.vehicle@2.0-adayo-func-mcu: MCUFunc :sendMessageFromVehicle  msgBuff[15] = 0 
05-27 18:33:29.959   351   373 I automotive.vehicle@2.0-adayo-func-mcu: MCUFunc :sendMessageFromVehicle  msgBuff[16] = 0 
05-27 18:33:29.960   581   581 I SpiService: fgesysctrl_getGPIO_status success val=1
05-27 18:33:29.961   481   598 I mcuc    : rev,n=2,6AA681C6F4000384150029
05-27 08:24:38.925   581   581 D spidev_ioctl: gpio status=1)
05-27 18:33:29.963   481   598 I mcuc    : rev,n=3,6AA681C6F5008C8305000055000000B000000000000100010000F7F3C3B155A5AFC35DC355D77DC35C86B0C35DB2D0D4831BA1AC00000000040000B3000000000000000000000000000000B44300000000000300000000000000AA000000E40701010000000000000000BB06050507EA051B000008009403CB00CC000000000000000000000000000000B5000000000000000051
05-27 18:33:29.963   351   373 D automotive.vehicle@2.0-adayo-datacomm-mcu: MCUDatacomm sendMessageFromVehicle prop: 0x83, areaId: 0x5, status: 0x0, timestamp: 0x0
05-27 18:33:29.963   351   373 D automotive.vehicle@2.0-adayo-datacomm-mcu: MCUDatacomm 1sendMessageFromVehicle ---> type = 7 
05-27 18:33:29.963   351   373 I automotive.vehicle@2.0-adayo-func-mcu: MCUFunc :sendMessageFromVehicle  msgBuff[0] = 131 
05-27 18:33:29.963   351   373 I automotive.vehicle@2.0-adayo-func-mcu: MCUFunc :sendMessageFromVehicle  msgBuff[1] = 5 
05-27 18:33:29.964   351   373 I automotive.vehicle@2.0-adayo-func-mcu: MCUFunc :sendMessageFromVehicle  msgBuff[2] = 0 
05-27 18:33:29.964   351   373 I automotive.vehicle@2.0-adayo-func-mcu: MCUFunc :sendMessageFromVehicle  msgBuff[3] = 0 
05-27 18:33:29.964   351   373 I automotive.vehicle@2.0-adayo-func-mcu: MCUFunc :sendMessageFromVehicle  msgBuff[4] = 85 
05-27 18:33:29.964   351   373 I automotive.vehicle@2.0-adayo-func-mcu: MCUFunc :sendMessageFromVehicle  msgBuff[5] = 0 
05-27 18:33:29.966   581   581 I SpiService: fgesysctrl_getGPIO_status success val=1
05-27 08:24:38.930   581   581 D spi_rst_gpio_get_output: GPIO 145 value: 1
05-27 08:24:38.930   581   581 D spidev_ioctl: gpio status=1)
05-27 18:33:29.971   581   581 I SpiService: fgesysctrl_getGPIO_status success val=1
05-27 08:24:38.935   581   581 D spi_rst_gpio_get_output: GPIO 145 value: 1
05-27 08:24:38.935   581   581 D spidev_ioctl: gpio status=1)
05-27 18:33:29.976   581   581 I SpiService: fgesysctrl_getGPIO_status success val=1
05-27 08:24:38.941   581   581 D spi_rst_gpio_get_output: GPIO 145 value: 1
05-27 08:24:38.941   581   581 D spidev_ioctl: gpio status=1)
05-27 18:33:29.977 13911 14183 I SentryImuMcuAngleSender: 179.97548rollDeg
05-27 18:33:29.977 13911 14183 I SentryImuMcuAngleSender: 1,0,0
05-27 18:33:29.979   299 30844 D EvsDriver: forwardFrame
05-27 18:33:29.981  1167  1167 D evsmanagerd: /dev/video6 forwarded the buffer #0 to 0xb4000074bf5f5510 from 0xb4000074bf5f6d90
05-27 18:33:29.981   299 30844 D EvsDriver: Delivered 0xb400007b7ca56900 as id 0
05-27 18:33:29.981   581   581 I SpiService: fgesysctrl_getGPIO_status success val=1
05-27 18:33:29.982   283   307 I rvcservice: t.code = 3, t.value = 0
05-27 18:33:29.983   299  1153 D EvsDriver: doneWithFrame
05-27 08:24:38.946   581   581 D spi_rst_gpio_get_output: GPIO 145 value: 1
05-27 08:24:38.946   581   581 D spidev_ioctl: gpio status=1)
05-27 18:33:29.987   481   597 I mcuc    : send SPI:6AA602C6F300028300C06AA602C6F400028415A96AA602C6F500028305B9
05-27 18:33:29.989   299  1153 D EvsDriver: doneWithFrame
05-27 18:33:29.992   536   536 D commservice260303: msg.id = 1028,1
05-27 18:33:29.992   536   536 D commservice260303: i = 170, msgid = 8A000404
05-27 18:33:29.992   536   536 D commservice260303: msgid = -1979710460,did=138
05-27 18:33:29.992   536   536 D commservice260303: CommProtocolLibCmdBaseI2C::dataproc {"command":{"id":"imu_status","sub":""},"content":{"TimeStamp":9,"FrameCounter":230012,"GD_X":-0.012750924564898014,"GD_Y":0.005802778527140617,"GD_Z":0.0016030981205403805,"AD_X":-0.004885435104370117,"AD_Y":0.0021475697867572308,"AD_Z":-0.17374324798583984,"TempDsp":0,"Status":0,"CalibState":1,"SigAmpInvalid":0}},-1979710460
05-27 18:33:29.992   536   536 D commservice260303: send2Cluster len:316, 7B22636F6D6D616E64223A7B226964223A22696D755F737461747573222C22737562223A22227D2C22636F6E74656E74223A7B2254696D655374616D70223A392C224672616D65436F756E746572223A3233303031322C2247445F58223A2D302E3031323735303932343536343839383031342C2247445F59223A302E3030353830323737383532373134303631372C2247445F5A223A302E303031363033303938313230353430333830352C2241445F58223A2D302E3030343838353433353130343337303131372C2241445F59223A302E303032313437353639373836373537323330382C2241445F5A223A2D302E31373337343332343739383538333938342C2254656D70447370223A302C22537461747573223A302C2243616C69625374617465223A312C22536967416D70496E76616C6964223A307D7D, 138 
05-27 18:33:29.992   536   536 D commservice260303: Push Message into SendPool fn=2076246784
05-27 18:33:29.992   536   536 D commservice260303: ComProtocolLibSend2Cluster::send2ClusterRaw fn=2076246784 , len=332
05-27 18:33:29.992   536   536 D commservice260303: sendCmdToPort :332!!!
05-27 18:33:29.992   536   536 D commservice260303: send Cmd To Port ++++5AA501488A010003C17B6A16C8797B22636F6D6D616E64223A7B226964223A22696D755F737461747573222C22737562223A22227D2C22636F6E74656E74223A7B2254696D655374616D70223A392C224672616D65436F756E746572223A3233303031322C2247445F58223A2D302E3031323735303932343536343839383031342C2247445F59223A302E3030353830323737383532373134303631372C2247445F5A223A302E303031363033303938313230353430333830352C2241445F58223A2D302E3030343838353433353130343337303131372C2241445F59223A302E303032313437353639373836373537323330382C2241445F5A223A2D302E31373337343332343739383538333938342C2254656D70447370223A302C22537461747573223A302C2243616C69625374617465223A312C22536967416D70496E76616C6964223A307D7DA079
05-27 18:33:29.992   536   536 D commservice260303: bufferevent_write retrun value = 0
05-27 18:33:29.992   536   560 D commservice260303: client datas send succeed,send finish
05-27 18:33:29.992 13911 14192 D Sentinelmode_1.2.5.17_sentry: <SentryImuClusterFgeSender>imu_status sent to Linux, frame=230012, tsNs=9877238, tsMs=9, intervalMs=40, ad=(-0.004885435,0.0021475698,-0.17374325), gd=(-0.012750925,0.0058027785,0.0016030981)
05-27 08:24:38.952   581   581 D spi_rst_gpio_get_output: GPIO 145 value: 0
05-27 08:24:38.952   581   581 D spidev_ioctl: gpio status=0)
05-27 18:33:29.997 13911 14183 I SentryImuMcuAngleSender: 179.97198rollDeg
05-27 18:33:29.997 13911 14183 I SentryImuMcuAngleSender: 1,0,0
05-27 18:33:30.002   581   581 I SpiService: fgesysctrl_getGPIO_status success val=1
05-27 08:24:38.966   581   581 D spi_rst_gpio_get_output: GPIO 145 value: 1
05-27 08:24:38.966   581   581 D spidev_ioctl: gpio status=1)
05-27 18:33:30.007   581   581 I SpiService: fgesysctrl_getGPIO_status success val=1
05-27 08:24:38.972   581   581 D spi_rst_gpio_get_output: GPIO 145 value: 1
05-27 08:24:38.972   581   581 D spidev_ioctl: gpio status=1)
05-27 18:33:30.012 30773 30785 I dvr_service_: [EncoderHandler::runMediaThread] runMediaThread started:1,state:1, cam2:started:1,state:1, lastSwitch:1, mIsMuxerStart:1,format:0,is_str_ing:0
05-27 18:33:30.013   581   581 I SpiService: fgesysctrl_getGPIO_status success val=1
05-27 18:33:30.014   299 30844 D EvsDriver: forwardFrame
05-27 18:33:30.016   299 30844 D EvsDriver: Delivered 0xb400007b7ca56900 as id 0
05-27 18:33:30.016  1167  1167 D evsmanagerd: /dev/video6 forwarded the buffer #0 to 0xb4000074bf5f5510 from 0xb4000074bf5f6d90
05-27 08:24:38.977   581   581 D spi_rst_gpio_get_output: GPIO 145 value: 1
05-27 08:24:38.977   581   581 D spidev_ioctl: gpio status=1)
05-27 18:33:30.017 13911 14183 I SentryImuMcuAngleSender: 179.96497rollDeg
05-27 18:33:30.017 13911 14183 I SentryImuMcuAngleSender: 1,0,0
05-27 18:33:30.018   299 30841 D EvsDriver: forwardFrame
05-27 18:33:30.018   299  1153 D EvsDriver: doneWithFrame
05-27 18:33:30.019   581   581 I SpiService: fgesysctrl_getGPIO_status success val=1
05-27 18:33:30.019   299 30841 D EvsDriver: Delivered 0xb400007b7ca56a60 as id 0
05-27 18:33:30.019  1167  1167 D evsmanagerd: /dev/video4 forwarded the buffer #0 to 0xb4000074bf5f6850 from 0xb4000074bf5f41d0
05-27 08:24:38.983   581   581 D spi_rst_gpio_get_output: GPIO 145 value: 1
05-27 08:24:38.983   581   581 D spidev_ioctl: gpio status=1)
05-27 18:33:30.022   299  1153 D EvsDriver: doneWithFrame
05-27 18:33:30.024   581   581 I SpiService: fgesysctrl_getGPIO_status success val=1
05-27 08:24:38.989   581   581 D spi_rst_gpio_get_output: GPIO 145 value: 1
05-27 08:24:38.989   581   581 D spidev_ioctl: gpio status=1)
05-27 18:33:30.030   581   581 I SpiService: fgesysctrl_getGPIO_status success val=0
05-27 18:33:30.032   536   536 D commservice260303: msg.id = 1028,1
05-27 18:33:30.032   536   536 D commservice260303: i = 170, msgid = 8A000404
05-27 18:33:30.032   536   536 D commservice260303: msgid = -1979710460,did=138
05-27 18:33:30.032   536   536 D commservice260303: CommProtocolLibCmdBaseI2C::dataproc {"command":{"id":"imu_status","sub":""},"content":{"TimeStamp":9,"FrameCounter":230013,"GD_X":-0.012063807807862759,"GD_Y":0.0051151420921087265,"GD_Z":0.001679039909504354,"AD_X":-0.0036632567644119263,"AD_Y":9.137722663581371E-4,"AD_Z":-0.17069339752197266,"TempDsp":0,"Status":0,"CalibState":1,"SigAmpInvalid":0}},-1979710460
05-27 18:33:30.032   536   536 D commservice260303: send2Cluster len:316, 7B22636F6D6D616E64223A7B226964223A22696D755F737461747573222C22737562223A22227D2C22636F6E74656E74223A7B2254696D655374616D70223A392C224672616D65436F756E746572223A3233303031332C2247445F58223A2D302E3031323036333830373830373836323735392C2247445F59223A302E303035313135313432303932313038373236352C2247445F5A223A302E3030313637393033393930393530343335342C2241445F58223A2D302E303033363633323536373634343131393236332C2241445F59223A392E313337373232363633353831333731452D342C2241445F5A223A2D302E31373036393333393735323139373236362C2254656D70447370223A302C22537461747573223A302C2243616C69625374617465223A312C22536967416D70496E76616C6964223A307D7D, 138 
05-27 18:33:30.032   536   536 D commservice260303: Push Message into SendPool fn=2093024000
05-27 18:33:30.032   536   536 D commservice260303: ComProtocolLibSend2Cluster::send2ClusterRaw fn=2093024000 , len=332
05-27 18:33:30.032   536   536 D commservice260303: sendCmdToPort :332!!!
05-27 18:33:30.032   536   536 D commservice260303: send Cmd To Port ++++5AA501488A010003C17C6A16C87A7B22636F6D6D616E64223A7B226964223A22696D755F737461747573222C22737562223A22227D2C22636F6E74656E74223A7B2254696D655374616D70223A392C224672616D65436F756E746572223A3233303031332C2247445F58223A2D302E3031323036333830373830373836323735392C2247445F59223A302E303035313135313432303932313038373236352C2247445F5A223A302E3030313637393033393930393530343335342C2241445F58223A2D302E303033363633323536373634343131393236332C2241445F59223A392E313337373232363633353831333731452D342C2241445F5A223A2D302E31373036393333393735323139373236362C2254656D70447370223A302C22537461747573223A302C2243616C69625374617465223A312C22536967416D70496E76616C6964223A307D7D3A58
05-27 18:33:30.032   536   536 D commservice260303: bufferevent_write retrun value = 0
05-27 18:33:30.032   536   560 D commservice260303: client datas send succeed,send finish
05-27 18:33:30.032 13911 14192 D Sentinelmode_1.2.5.17_sentry: <SentryImuClusterFgeSender>imu_status sent to Linux, frame=230013, tsNs=9877273, tsMs=9, intervalMs=40, ad=(-0.0036632568,9.1377227E-4,-0.1706934), gd=(-0.012063808,0.005115142,0.0016790399)
05-27 08:24:38.995   581   581 D spi_rst_gpio_get_output: GPIO 145 value: 0
05-27 08:24:38.995   581   581 D spidev_ioctl: gpio status=0)
05-27 18:33:30.038 13911 14183 I SentryImuMcuAngleSender: 179.97899rollDeg
05-27 18:33:30.038 13911 14183 I SentryImuMcuAngleSender: 1,0,0
05-27 18:33:30.039   536   536 W commservice260303: [FgeComService::getAQConnectStatus:378]
05-27 18:33:30.039   536   536 W commservice260303: [mcuCommFunctionTcp::getAQConnectStatus:406] 1
05-27 18:33:30.039   536   536 W commservice260303: [FgeComService::getAQConnectStatus:380] status:1
05-27 18:33:30.039 12246 12246 E ivicomm_CommManager: getA2lConnectStatus aqConnectStatus:1
05-27 18:33:30.039 12246 12246 D ivicomm_ConnectStateManager: notifyState newState=1curState=1
05-27 18:33:30.044   581   581 I SpiService: fgesysctrl_getGPIO_status success val=1
05-27 08:24:39.009   581   581 D spi_rst_gpio_get_output: GPIO 145 value: 1
05-27 08:24:39.009   581   581 D spidev_ioctl: gpio status=1)
05-27 18:33:30.049   299 30844 D EvsDriver: forwardFrame
05-27 18:33:30.050   581   581 I SpiService: fgesysctrl_getGPIO_status success val=1
05-27 18:33:30.050   299 30844 D EvsDriver: Delivered 0xb400007b7ca56900 as id 0
05-27 18:33:30.050  1167  1167 D evsmanagerd: /dev/video6 forwarded the buffer #0 to 0xb4000074bf5f5510 from 0xb4000074bf5f6d90
05-27 08:24:39.014   581   581 D spi_rst_gpio_get_output: GPIO 145 value: 1
05-27 08:24:39.014   581   581 D spidev_ioctl: gpio status=1)
05-27 18:33:30.053   299  1153 D EvsDriver: doneWithFrame
05-27 18:33:30.055   581   581 I SpiService: fgesysctrl_getGPIO_status success val=1
05-27 18:33:30.056   299 30841 D EvsDriver: forwardFrame
05-27 08:24:39.020   581   581 D spi_rst_gpio_get_output: GPIO 145 value: 1
05-27 08:24:39.020   581   581 D spidev_ioctl: gpio status=1)
05-27 18:33:30.058   299 30841 D EvsDriver: Delivered 0xb400007b7ca56a60 as id 0
05-27 18:33:30.058  1167  1167 D evsmanagerd: /dev/video4 forwarded the buffer #0 to 0xb4000074bf5f6850 from 0xb4000074bf5f41d0
05-27 18:33:30.058 13911 14183 I SentryImuMcuAngleSender: 179.993rollDeg
05-27 18:33:30.058 13911 14183 I SentryImuMcuAngleSender: 1,0,0
05-27 18:33:30.059   572   572 I Sensors : 230 AccelSensor: x:-0.170190,y:0.002440,z:-9.977160
05-27 18:33:30.060   299  1153 D EvsDriver: doneWithFrame
05-27 18:33:30.061   581   581 I SpiService: fgesysctrl_getGPIO_status success val=1
05-27 08:24:39.026   581   581 D spi_rst_gpio_get_output: GPIO 145 value: 1
05-27 08:24:39.026   581   581 D spidev_ioctl: gpio status=1)
05-27 18:33:30.067   581   581 I SpiService: fgesysctrl_getGPIO_status success val=0
05-27 08:24:39.031   581   581 D spi_rst_gpio_get_output: GPIO 145 value: 0
05-27 08:24:39.031   581   581 D spidev_ioctl: gpio status=0)
05-27 18:33:30.072   536   536 D commservice260303: msg.id = 1028,1
05-27 18:33:30.072   536   536 D commservice260303: i = 170, msgid = 8A000404
05-27 18:33:30.072   536   536 D commservice260303: msgid = -1979710460,did=138
05-27 18:33:30.072   536   536 D commservice260303: CommProtocolLibCmdBaseI2C::dataproc {"command":{"id":"imu_status","sub":""},"content":{"TimeStamp":9,"FrameCounter":230014,"GD_X":-0.011453153565526009,"GD_Y":0.005573912989348173,"GD_Z":0.002213752595707774,"AD_X":-0.004264742136001587,"AD_Y":-2.9941461980342865E-4,"AD_Z":-0.17191314697265625,"TempDsp":0,"Status":0,"CalibState":1,"SigAmpInvalid":0}},-1979710460
05-27 18:33:30.072   536   536 D commservice260303: send2Cluster len:316, 7B22636F6D6D616E64223A7B226964223A22696D755F737461747573222C22737562223A22227D2C22636F6E74656E74223A7B2254696D655374616D70223A392C224672616D65436F756E746572223A3233303031342C2247445F58223A2D302E3031313435333135333536353532363030392C2247445F59223A302E3030353537333931323938393334383137332C2247445F5A223A302E3030323231333735323539353730373737342C2241445F58223A2D302E3030343236343734323133363030313538372C2241445F59223A2D322E39393431343631393830333432383635452D342C2241445F5A223A2D302E31373139313331343639373236353632352C2254656D70447370223A302C22537461747573223A302C2243616C69625374617465223A312C22536967416D70496E76616C6964223A307D7D, 138 
05-27 18:33:30.072   536   536 D commservice260303: Push Message into SendPool fn=2109801216
05-27 18:33:30.072   536   536 D commservice260303: ComProtocolLibSend2Cluster::send2ClusterRaw fn=2109801216 , len=332
05-27 18:33:30.072   536   536 D commservice260303: sendCmdToPort :332!!!
05-27 18:33:30.072   536   536 D commservice260303: send Cmd To Port ++++5AA501488A010003C17D6A16C87A7B22636F6D6D616E64223A7B226964223A22696D755F737461747573222C22737562223A22227D2C22636F6E74656E74223A7B2254696D655374616D70223A392C224672616D65436F756E746572223A3233303031342C2247445F58223A2D302E3031313435333135333536353532363030392C2247445F59223A302E3030353537333931323938393334383137332C2247445F5A223A302E3030323231333735323539353730373737342C2241445F58223A2D302E3030343236343734323133363030313538372C2241445F59223A2D322E39393431343631393830333432383635452D342C2241445F5A223A2D302E31373139313331343639373236353632352C2254656D70447370223A302C22537461747573223A302C2243616C69625374617465223A312C22536967416D70496E76616C6964223A307D7D4A97
05-27 18:33:30.072   536   536 D commservice260303: bufferevent_write retrun value = 0
05-27 18:33:30.072   536   560 D commservice260303: client datas send succeed,send finish
05-27 18:33:30.072 13911 14192 D Sentinelmode_1.2.5.17_sentry: <SentryImuClusterFgeSender>imu_status sent to Linux, frame=230014, tsNs=9877309, tsMs=9, intervalMs=40, ad=(-0.004264742,-2.9941462E-4,-0.17191315), gd=(-0.011453154,0.005573913,0.0022137526)
05-27 18:33:30.078 13911 14183 I SentryImuMcuAngleSender: 179.97198rollDeg
05-27 18:33:30.078 13911 14183 I SentryImuMcuAngleSender: 1,0,0
05-27 18:33:30.081   581   581 I SpiService: fgesysctrl_getGPIO_status success val=1
05-27 08:24:39.045   581   581 D spi_rst_gpio_get_output: GPIO 145 value: 1
05-27 08:24:39.045   581   581 D spidev_ioctl: gpio status=1)
05-27 18:33:30.081   299 30841 D EvsDriver: forwardFrame
05-27 18:33:30.082   299 30841 D EvsDriver: Delivered 0xb400007b7ca56a60 as id 0
05-27 18:33:30.082  1167  1167 D evsmanagerd: /dev/video4 forwarded the buffer #0 to 0xb4000074bf5f6850 from 0xb4000074bf5f41d0
05-27 18:33:30.083   283   307 I rvcservice: t.code = 0, t.value = 0
05-27 18:33:30.083   299 30844 D EvsDriver: forwardFrame
05-27 18:33:30.084   299  1153 D EvsDriver: doneWithFrame
05-27 18:33:30.085   299 30844 D EvsDriver: Delivered 0xb400007b7ca56900 as id 0
05-27 18:33:30.085  1167  1167 D evsmanagerd: /dev/video6 forwarded the buffer #0 to 0xb4000074bf5f5510 from 0xb4000074bf5f6d90
05-27 18:33:30.087   581   581 I SpiService: fgesysctrl_getGPIO_status success val=1
05-27 18:33:30.087   299  1153 D EvsDriver: doneWithFrame
05-27 08:24:39.052   581   581 D spi_rst_gpio_get_output: GPIO 145 value: 1
05-27 08:24:39.052   581   581 D spidev_ioctl: gpio status=1)
05-27 18:33:30.093   581   581 I SpiService: fgesysctrl_getGPIO_status success val=1
05-27 08:24:39.057   581   581 D spi_rst_gpio_get_output: GPIO 145 value: 1
05-27 08:24:39.057   581   581 D spidev_ioctl: gpio status=1)
05-27 18:33:30.098   581   581 I SpiService: fgesysctrl_getGPIO_status success val=1
05-27 18:33:30.099 13911 14183 I SentryImuMcuAngleSender: 179.96497rollDeg
05-27 18:33:30.099 13911 14183 I SentryImuMcuAngleSender: 1,0,0
05-27 08:24:39.063   581   581 D spi_rst_gpio_get_output: GPIO 145 value: 1
05-27 08:24:39.063   581   581 D spidev_ioctl: gpio status=1)
05-27 18:33:30.103   581   581 I SpiService: fgesysctrl_getGPIO_status success val=1
05-27 08:24:39.068   581   581 D spi_rst_gpio_get_output: GPIO 145 value: 1
05-27 08:24:39.068   581   581 D spidev_ioctl: gpio status=1)
05-27 18:33:30.109   581   581 I SpiService: fgesysctrl_getGPIO_status success val=0
05-27 08:24:39.073   581   581 D spi_rst_gpio_get_output: GPIO 145 value: 0
05-27 08:24:39.073   581   581 D spidev_ioctl: gpio status=0)
05-27 18:33:30.112   536   536 D commservice260303: msg.id = 1028,1
05-27 18:33:30.112   536   536 D commservice260303: i = 170, msgid = 8A000404
05-27 18:33:30.112   536   536 D commservice260303: msgid = -1979710460,did=138
05-27 18:33:30.112   536   536 D commservice260303: CommProtocolLibCmdBaseI2C::dataproc {"command":{"id":"imu_status","sub":""},"content":{"TimeStamp":9,"FrameCounter":230015,"GD_X":-0.011223767884075642,"GD_Y":0.005573912989348173,"GD_Z":0.0022902146447449923,"AD_X":-0.002435028553009033,"AD_Y":0.0033436405938118696,"AD_Z":-0.17069339752197266,"TempDsp":0,"Status":0,"CalibState":1,"SigAmpInvalid":0}},-1979710460
05-27 18:33:30.112   536   536 D commservice260303: send2Cluster len:316, 7B22636F6D6D616E64223A7B226964223A22696D755F737461747573222C22737562223A22227D2C22636F6E74656E74223A7B2254696D655374616D70223A392C224672616D65436F756E746572223A3233303031352C2247445F58223A2D302E3031313232333736373838343037353634322C2247445F59223A302E3030353537333931323938393334383137332C2247445F5A223A302E303032323930323134363434373434393932332C2241445F58223A2D302E3030323433353032383535333030393033332C2241445F59223A302E303033333433363430353933383131383639362C2241445F5A223A2D302E31373036393333393735323139373236362C2254656D70447370223A302C22537461747573223A302C2243616C69625374617465223A312C22536967416D70496E76616C6964223A307D7D, 138 
05-27 18:33:30.112   536   536 D commservice260303: Push Message into SendPool fn=2126578432
05-27 18:33:30.112   536   536 D commservice260303: ComProtocolLibSend2Cluster::send2ClusterRaw fn=2126578432 , len=332
05-27 18:33:30.112   536   536 D commservice260303: sendCmdToPort :332!!!
05-27 18:33:30.112   536   536 D commservice260303: send Cmd To Port ++++5AA501488A010003C17E6A16C87A7B22636F6D6D616E64223A7B226964223A22696D755F737461747573222C22737562223A22227D2C22636F6E74656E74223A7B2254696D655374616D70223A392C224672616D65436F756E746572223A3233303031352C2247445F58223A2D302E3031313232333736373838343037353634322C2247445F59223A302E3030353537333931323938393334383137332C2247445F5A223A302E303032323930323134363434373434393932332C2241445F58223A2D302E3030323433353032383535333030393033332C2241445F59223A302E303033333433363430353933383131383639362C2241445F5A223A2D302E31373036393333393735323139373236362C2254656D70447370223A302C22537461747573223A302C2243616C69625374617465223A312C22536967416D70496E76616C6964223A307D7DC036
05-27 18:33:30.112   536   536 D commservice260303: bufferevent_write retrun value = 0
05-27 18:33:30.113   536   560 D commservice260303: client datas send succeed,send finish
05-27 18:33:30.113 13911 14192 D Sentinelmode_1.2.5.17_sentry: <SentryImuClusterFgeSender>imu_status sent to Linux, frame=230015, tsNs=9877345, tsMs=9, intervalMs=40, ad=(-0.0024350286,0.0033436406,-0.1706934), gd=(-0.011223768,0.005573913,0.0022902146)
05-27 18:33:30.115   299 30841 D EvsDriver: forwardFrame
05-27 18:33:30.117   299 30841 D EvsDriver: Delivered 0xb400007b7ca56a60 as id 0
05-27 18:33:30.117  1167  1167 D evsmanagerd: /dev/video4 forwarded the buffer #0 to 0xb4000074bf5f6850 from 0xb4000074bf5f41d0
05-27 18:33:30.117 30773 30773 E dvr_service_: [myNum:0] Received S**** loss
05-27 18:33:30.117   299 30844 D EvsDriver: forwardFrame
05-27 08:24:39.078   303   303 I [Audio:SBLCK] p_tt: 1276361,1276361
05-27 18:33:30.118   299  1153 D EvsDriver: doneWithFrame
05-27 18:33:30.118   299 30844 D EvsDriver: Delivered 0xb400007b7ca56900 as id 0
05-27 18:33:30.118  1167  1167 D evsmanagerd: /dev/video6 forwarded the buffer #0 to 0xb4000074bf5f5510 from 0xb4000074bf5f6d90
05-27 18:33:30.118 30773 30773 E dvr_service_: [myNum:1] Received S**** loss
05-27 18:33:30.119   299  1153 D EvsDriver: doneWithFrame
05-27 18:33:30.119 13911 14183 I SentryImuMcuAngleSender: 179.95796rollDeg
05-27 18:33:30.119 13911 14183 I SentryImuMcuAngleSender: 1,0,0
05-27 18:33:30.122   581   581 I SpiService: fgesysctrl_getGPIO_status success val=1
05-27 08:24:39.087   581   581 D spi_rst_gpio_get_output: GPIO 145 value: 1
05-27 08:24:39.087   581   581 D spidev_ioctl: gpio status=1)
05-27 18:33:30.128   581   581 I SpiService: fgesysctrl_getGPIO_status success val=1
05-27 08:24:39.092   581   581 D spi_rst_gpio_get_output: GPIO 145 value: 1
05-27 08:24:39.092   581   581 D spidev_ioctl: gpio status=1)
05-27 18:33:30.133   581   581 I SpiService: fgesysctrl_getGPIO_status success val=1
05-27 08:24:39.098   581   581 D spi_rst_gpio_get_output: GPIO 145 value: 1
05-27 08:24:39.098   581   581 D spidev_ioctl: gpio status=1)
05-27 18:33:30.138 15863 15863 D AIN-NaviLocationPresenter: ACC is OFF, skip upload location
05-27 18:33:30.138   581   581 I SpiService: fgesysctrl_getGPIO_status success val=1
05-27 18:33:30.139 13911 14183 I SentryImuMcuAngleSender: 179.96146rollDeg
05-27 18:33:30.139 13911 14183 I SentryImuMcuAngleSender: 1,0,0
05-27 08:24:39.103   581   581 D spi_rst_gpio_get_output: GPIO 145 value: 1
05-27 08:24:39.103   581   581 D spidev_ioctl: gpio status=1)
05-27 18:33:30.144   581   581 I SpiService: fgesysctrl_getGPIO_status success val=1
05-27 08:24:39.108   581   581 D spi_rst_gpio_get_output: GPIO 145 value: 1
05-27 08:24:39.108   581   581 D spidev_ioctl: gpio status=1)
05-27 18:33:30.147   572   572 I Sensors : 230 GyroSensor: x:-0.011148,y:0.005726,z:0.002519
05-27 18:33:30.149   581   581 I SpiService: fgesysctrl_getGPIO_status success val=1
05-27 18:33:30.150   299 30844 D EvsDriver: forwardFrame
05-27 18:33:30.151   299 30844 D EvsDriver: Delivered 0xb400007b7ca56900 as id 0
05-27 08:24:39.114   581   581 D spi_rst_gpio_get_output: GPIO 145 value: 1
05-27 08:24:39.114   581   581 D spidev_ioctl: gpio status=1)
05-27 18:33:30.151   536   536 D commservice260303: msgid = -1979710460,did=138
05-27 18:33:30.151   536   536 D commservice260303: CommProtocolLibCmdBaseI2C::dataproc {"command":{"id":"imu_status","sub":""},"content":{"TimeStamp":9,"FrameCounter":230016,"GD_X":-0.011147825978696346,"GD_Y":0.0057257963344454765,"GD_Z":0.002519079949706793,"AD_X":-0.004854127764701843,"AD_Y":0.0014826601836830378,"AD_Z":-0.17496395111083984,"TempDsp":0,"Status":0,"CalibState":1,"SigAmpInvalid":0}},-1979710460
05-27 18:33:30.151   536   536 D commservice260303: send2Cluster len:316, 7B22636F6D6D616E64223A7B226964223A22696D755F737461747573222C22737562223A22227D2C22636F6E74656E74223A7B2254696D655374616D70223A392C224672616D65436F756E746572223A3233303031362C2247445F58223A2D302E3031313134373832353937383639363334362C2247445F59223A302E303035373235373936333334343435343736352C2247445F5A223A302E3030323531393037393934393730363739332C2241445F58223A2D302E3030343835343132373736343730313834332C2241445F59223A302E303031343832363630313833363833303337382C2241445F5A223A2D302E31373439363339353131313038333938342C2254656D70447370223A302C22537461747573223A302C2243616C69625374617465223A312C22536967416D70496E76616C6964223A307D7D, 138 
05-27 18:33:30.152   536   536 D commservice260303: Push Message into SendPool fn=2143355648
05-27 18:33:30.152   536   536 D commservice260303: ComProtocolLibSend2Cluster::send2ClusterRaw fn=2143355648 , len=332
05-27 08:24:39.119   581   581 D spi_rst_gpio_get_output: GPIO 145 value: 0
05-27 18:33:30.152   536   536 D commservice260303: sendCmdToPort :332!!!
05-27 08:24:39.119   581   581 D spidev_ioctl: gpio status=0)
05-27 18:33:30.152   536   536 D commservice260303: send Cmd To Port ++++5AA501488A010003C17F6A16C87A7B22636F6D6D616E64223A7B226964223A22696D755F737461747573222C22737562223A22227D2C22636F6E74656E74223A7B2254696D655374616D70223A392C224672616D65436F756E746572223A3233303031362C2247445F58223A2D302E3031313134373832353937383639363334362C2247445F59223A302E303035373235373936333334343435343736352C2247445F5A223A302E3030323531393037393934393730363739332C2241445F58223A2D302E3030343835343132373736343730313834332C2241445F59223A302E303031343832363630313833363833303337382C2241445F5A223A2D302E31373439363339353131313038333938342C2254656D70447370223A302C22537461747573223A302C2243616C69625374617465223A312C22536967416D70496E76616C6964223A307D7D006D
05-27 18:33:30.152   536   536 D commservice260303: bufferevent_write retrun value = 0
05-27 18:33:30.152   536   560 D commservice260303: client datas send succeed,send finish
05-27 18:33:30.152 13911 14192 D Sentinelmode_1.2.5.17_sentry: <SentryImuClusterFgeSender>imu_status sent to Linux, frame=230016, tsNs=9877398, tsMs=9, intervalMs=40, ad=(-0.0048541278,0.0014826602,-0.17496395), gd=(-0.011147826,0.0057257963,0.00251908)
05-27 18:33:30.154   299 30841 D EvsDriver: forwardFrame
05-27 18:33:30.155   299  1153 D EvsDriver: doneWithFrame
05-27 18:33:30.155   581   581 I SpiService: fgesysctrl_getGPIO_status success val=0
05-27 18:33:30.155   299 30841 D EvsDriver: Delivered 0xb400007b7ca56a60 as id 0
05-27 18:33:30.155  1167  1167 D evsmanagerd: /dev/video4 forwarded the buffer #0 to 0xb4000074bf5f6850 from 0xb4000074bf5f41d0
05-27 18:33:30.159   299  1153 D EvsDriver: doneWithFrame
05-27 18:33:30.159 13911 14183 I SentryImuMcuAngleSender: 179.97548rollDeg
05-27 18:33:30.159 13911 14183 I SentryImuMcuAngleSender: 1,0,0
05-27 18:33:30.168 13549 13549 I ADAYO_LOG_: handleMessage(UsbFunc.java:352)copyQnx = 0
05-27 18:33:30.168 13549 13549 I ADAYO_LOG_: handleMessage(UsbFunc.java:404)copyState = 2
05-27 18:33:30.169   581   581 I SpiService: fgesysctrl_getGPIO_status success val=1
05-27 08:24:39.133   581   581 D spi_rst_gpio_get_output: GPIO 145 value: 1
05-27 08:24:39.133   581   581 D spidev_ioctl: gpio status=1)
05-27 18:33:30.174   581   581 I SpiService: fgesysctrl_getGPIO_status success val=1
05-27 08:24:39.139   581   581 D spi_rst_gpio_get_output: GPIO 145 value: 1
05-27 08:24:39.139   581   581 D spidev_ioctl: gpio status=1)
05-27 18:33:30.179 13911 14183 I SentryImuMcuAngleSender: 179.97899rollDeg
05-27 18:33:30.179 13911 14183 I SentryImuMcuAngleSender: 1,0,0
05-27 18:33:30.179   581   581 I SpiService: fgesysctrl_getGPIO_status success val=1
05-27 08:24:39.144   581   581 D spi_rst_gpio_get_output: GPIO 145 value: 1
05-27 08:24:39.144   581   581 D spidev_ioctl: gpio status=1)
05-27 18:33:30.183   283   307 I rvcservice: t.code = 3, t.value = 0
05-27 18:33:30.185   581   581 I SpiService: fgesysctrl_getGPIO_status success val=1
05-27 08:24:39.149   581   581 D spi_rst_gpio_get_output: GPIO 145 value: 1
05-27 08:24:39.149   581   581 D spidev_ioctl: gpio status=1)
05-27 18:33:30.185 13911 14183 I SentryImuMcuAngleSender: [4, 18, 1, 0, 0],5
05-27 18:33:30.185 13911 14183 I McuCommManager: mcuCommSendcmd [4, 18, 1, 0, 0]
05-27 18:33:30.185 13911 14183 I SentryImuMcuAngleSender: true
05-27 18:33:30.185 13911 14183 W Sentinelmode_1.2.5.17_sentry: <SentryImuMcuAngleSender>MCU IMU send interval abnormal: 1001ms
05-27 18:33:30.189   299 30841 D EvsDriver: forwardFrame
05-27 18:33:30.189   299 30844 D EvsDriver: forwardFrame
05-27 18:33:30.190   299 30841 D EvsDriver: Delivered 0xb400007b7ca56a60 as id 0
05-27 18:33:30.190  1167  1167 D evsmanagerd: /dev/video4 forwarded the buffer #0 to 0xb4000074bf5f6850 from 0xb4000074bf5f41d0
05-27 18:33:30.190   581   581 I SpiService: fgesysctrl_getGPIO_status success val=1
05-27 18:33:30.190   299 30844 D EvsDriver: Delivered 0xb400007b7ca56900 as id 0
05-27 18:33:30.190  1167  1167 D evsmanagerd: /dev/video6 forwarded the buffer #0 to 0xb4000074bf5f5510 from 0xb4000074bf5f6d90
05-27 08:24:39.155   581   581 D spi_rst_gpio_get_output: GPIO 145 value: 1
05-27 08:24:39.155   581   581 D spidev_ioctl: gpio status=1)
05-27 18:33:30.192   536   536 D commservice260303: msg.id = 1028,0
05-27 18:33:30.192   536   536 D commservice260303: i = 170, msgid = 8A000404
05-27 18:33:30.192   536   536 D commservice260303: msgid = -1979710460,did=138
05-27 18:33:30.192   536   536 D commservice260303: CommProtocolLibCmdBaseI2C::dataproc {"command":{"id":"imu_status","sub":""},"content":{"TimeStamp":9,"FrameCounter":230017,"GD_X":-0.011377211660146713,"GD_Y":0.0048857564106583595,"GD_Z":0.0018319635419175029,"AD_X":-0.006666556000709534,"AD_Y":0.0014754671137779951,"AD_Z":-0.16947364807128906,"TempDsp":0,"Status":0,"CalibState":1,"SigAmpInvalid":0}},-1979710460
05-27 18:33:30.192   536   536 D commservice260303: send2Cluster len:317, 7B22636F6D6D616E64223A7B226964223A22696D755F737461747573222C22737562223A22227D2C22636F6E74656E74223A7B2254696D655374616D70223A392C224672616D65436F756E746572223A3233303031372C2247445F58223A2D302E3031313337373231313636303134363731332C2247445F59223A302E303034383835373536343130363538333539352C2247445F5A223A302E303031383331393633353431393137353032392C2241445F58223A2D302E3030363636363535363030303730393533342C2241445F59223A302E303031343735343637313133373737393935312C2241445F5A223A2D302E31363934373336343830373132383930362C2254656D70447370223A302C22537461747573223A302C2243616C69625374617465223A312C22536967416D70496E76616C6964223A307D7D, 138 
05-27 18:33:30.193   536   536 D commservice260303: Push Message into SendPool fn=-2134834432
05-27 18:33:30.193   536   536 D commservice260303: ComProtocolLibSend2Cluster::send2ClusterRaw fn=-2134834432 , len=333
05-27 18:33:30.193   536   536 D commservice260303: sendCmdToPort :333!!!
05-27 18:33:30.193   299  1153 D EvsDriver: doneWithFrame
05-27 18:33:30.193   536   536 D commservice260303: send Cmd To Port ++++5AA501498A010003C1806A16C87A7B22636F6D6D616E64223A7B226964223A22696D755F737461747573222C22737562223A22227D2C22636F6E74656E74223A7B2254696D655374616D70223A392C224672616D65436F756E746572223A3233303031372C2247445F58223A2D302E3031313337373231313636303134363731332C2247445F59223A302E303034383835373536343130363538333539352C2247445F5A223A302E303031383331393633353431393137353032392C2241445F58223A2D302E3030363636363535363030303730393533342C2241445F59223A302E303031343735343637313133373737393935312C2241445F5A223A2D302E31363934373336343830373132383930362C2254656D70447370223A302C22537461747573223A302C2243616C69625374617465223A312C22536967416D70496E76616C6964223A307D7D5605
05-27 18:33:30.193   536   536 D commservice260303: bufferevent_write retrun value = 0
05-27 18:33:30.193   536   560 D commservice260303: client datas send succeed,send finish
05-27 18:33:30.193 13911 14192 D Sentinelmode_1.2.5.17_sentry: <SentryImuClusterFgeSender>imu_status sent to Linux, frame=230017, tsNs=9877434, tsMs=9, intervalMs=41, ad=(-0.006666556,0.0014754671,-0.16947365), gd=(-0.011377212,0.0048857564,0.0018319635)
05-27 18:33:30.193   299  1153 D EvsDriver: doneWithFrame
05-27 18:33:30.196   581   581 I SpiService: fgesysctrl_getGPIO_status success val=1
05-27 08:24:39.160   581   581 D spi_rst_gpio_get_output: GPIO 145 value: 1
05-27 08:24:39.160   581   581 D spidev_ioctl: gpio status=1)
05-27 18:33:30.199 13911 14183 I SentryImuMcuAngleSender: 179.97546rollDeg
05-27 18:33:30.200 13911 14183 I SentryImuMcuAngleSender: 1,0,0
05-27 18:33:30.201   581   581 I SpiService: fgesysctrl_getGPIO_status success val=0
05-27 18:33:30.202   481   597 I mcuc    : send SPI:6AA6006C9300020601F86AA6006C9400050412010000E4
05-27 08:24:39.166   581   581 D spi_rst_gpio_get_output: GPIO 145 value: 0
05-27 08:24:39.166   581   581 D spidev_ioctl: gpio status=0)
05-27 18:33:30.215   299 30844 D EvsDriver: forwardFrame
05-27 18:33:30.215   581   581 I SpiService: fgesysctrl_getGPIO_status success val=1
05-27 18:33:30.215   299 30841 D EvsDriver: forwardFrame
