05-27 18:33:33.741  1167  1167 I auditd  : type=1400 audit(0.0:55119): avc: denied { call } for comm="binder:1167_3" scontext=u:r:evsmanagerd:s0 tcontext=u:r:adayo_dvr_service:s0 tclass=binder permissive=1
05-27 18:33:33.741  1167  1167 I binder:1167_3: type=1400 audit(0.0:55119): avc: denied { call } for scontext=u:r:evsmanagerd:s0 tcontext=u:r:adayo_dvr_service:s0 tclass=binder permissive=1
05-27 18:33:33.745   299 30844 D EvsDriver: forwardFrame
05-27 18:33:33.748   299 30844 D EvsDriver: Delivered 0xb400007b7ca56900 as id 0
05-27 18:33:33.748  1167  1167 D evsmanagerd: /dev/video6 forwarded the buffer #0 to 0xb4000074bf5f5510 from 0xb4000074bf5f6d90
05-27 18:33:33.748 19325 19325 I ADAYO_LOG_TRACE_KERNEL: execute interrupt
05-27 18:33:33.750   581   581 I SpiService: fgesysctrl_getGPIO_status success val=1
05-27 08:24:42.709   581   581 D spi_rst_gpio_get_output: GPIO 145 value: 1
05-27 08:24:42.709   581   581 D spidev_ioctl: gpio status=1)
05-27 08:24:42.714   581   581 D spi_rst_gpio_get_output: GPIO 145 value: 1
05-27 08:24:42.714   581   581 D spidev_ioctl: gpio status=1)
05-27 18:33:33.754   299  1153 D EvsDriver: doneWithFrame
05-27 18:33:33.756   581   581 I SpiService: fgesysctrl_getGPIO_status success val=1
05-27 08:24:42.721   581   581 D spi_rst_gpio_get_output: GPIO 145 value: 1
05-27 08:24:42.721   581   581 D spidev_ioctl: gpio status=1)
05-27 18:33:33.759   299  1153 D EvsDriver: doneWithFrame
05-27 18:33:33.762   581   581 I SpiService: fgesysctrl_getGPIO_status success val=1
05-27 18:33:33.762 13911 14183 I SentryImuMcuAngleSender: 179.97899rollDeg
05-27 18:33:33.762 13911 14183 I SentryImuMcuAngleSender: 1,0,0
05-27 08:24:42.726   581   581 D spi_rst_gpio_get_output: GPIO 145 value: 1
05-27 08:24:42.726   581   581 D spidev_ioctl: gpio status=1)
05-27 18:33:33.765   536   536 D commservice260303: msg.id = 1028,0
05-27 18:33:33.765   536   536 D commservice260303: i = 170, msgid = 8A000404
05-27 18:33:33.765   536   536 D commservice260303: msgid = -1979710460,did=138
05-27 18:33:33.765   536   536 D commservice260303: CommProtocolLibCmdBaseI2C::dataproc {"command":{"id":"imu_status","sub":""},"content":{"TimeStamp":9,"FrameCounter":230105,"GD_X":-0.012139749713242054,"GD_Y":0.004276141989976168,"GD_Z":0.0015271564479917288,"AD_X":-0.0027286410331726074,"AD_Y":7.976205088198185E-4,"AD_Z":-0.16946887969970703,"TempDsp":0,"Status":0,"CalibState":1,"SigAmpInvalid":0}},-1979710460
05-27 18:33:33.765   536   536 D commservice260303: send2Cluster len:316, 7B22636F6D6D616E64223A7B226964223A22696D755F737461747573222C22737562223A22227D2C22636F6E74656E74223A7B2254696D655374616D70223A392C224672616D65436F756E746572223A3233303130352C2247445F58223A2D302E3031323133393734393731333234323035342C2247445F59223A302E3030343237363134313938393937363136382C2247445F5A223A302E303031353237313536343437393931373238382C2241445F58223A2D302E303032373238363431303333313732363037342C2241445F59223A372E393736323035303838313938313835452D342C2241445F5A223A2D302E31363934363838373936393937303730332C2254656D70447370223A302C22537461747573223A302C2243616C69625374617465223A312C22536967416D70496E76616C6964223A307D7D, 138 
05-27 18:33:33.765   536   536 D commservice260303: Push Message into SendPool fn=-624884992
05-27 18:33:33.765   536   536 D commservice260303: ComProtocolLibSend2Cluster::send2ClusterRaw fn=-624884992 , len=332
05-27 18:33:33.765   536   536 D commservice260303: sendCmdToPort :332!!!
05-27 18:33:33.765   536   536 D commservice260303: send Cmd To Port ++++5AA501488A010003C1DA6A16C87D7B22636F6D6D616E64223A7B226964223A22696D755F737461747573222C22737562223A22227D2C22636F6E74656E74223A7B2254696D655374616D70223A392C224672616D65436F756E746572223A3233303130352C2247445F58223A2D302E3031323133393734393731333234323035342C2247445F59223A302E3030343237363134313938393937363136382C2247445F5A223A302E303031353237313536343437393931373238382C2241445F58223A2D302E303032373238363431303333313732363037342C2241445F59223A372E393736323035303838313938313835452D342C2241445F5A223A2D302E31363934363838373936393937303730332C2254656D70447370223A302C22537461747573223A302C2243616C69625374617465223A312C22536967416D70496E76616C6964223A307D7D9E3B
05-27 18:33:33.766   536   536 D commservice260303: bufferevent_write retrun value = 0
05-27 18:33:33.766   536   560 D commservice260303: client datas send succeed,send finish
05-27 18:33:33.767 13911 14192 D Sentinelmode_1.2.5.17_sentry: <SentryImuClusterFgeSender>imu_status sent to Linux, frame=230105, tsNs=9881002, tsMs=9, intervalMs=39, ad=(-0.002728641,7.976205E-4,-0.16946888), gd=(-0.01213975,0.004276142,0.0015271564)
05-27 18:33:33.767  1008 30856 D [OMXB]  : usingANWBuffer: handle:0xee743500, format:1, w:1920, h:1080
05-27 18:33:33.767   581   581 I SpiService: fgesysctrl_getGPIO_status success val=1
05-27 08:24:42.732   581   581 D spi_rst_gpio_get_output: GPIO 145 value: 1
05-27 08:24:42.732   581   581 D spidev_ioctl: gpio status=1)
05-27 18:33:33.773 19327 19327 I ADAYO_LOG_TRACE_KERNEL: execute end
05-27 18:33:33.774   581   581 I SpiService: fgesysctrl_getGPIO_status success val=0
05-27 08:24:42.739   581   581 D spi_rst_gpio_get_output: GPIO 145 value: 0
05-27 08:24:42.739   581   581 D spidev_ioctl: gpio status=0)
05-27 08:24:42.741     1     1 I init    : Service 'trace_kernel' (pid 19293) exited with status 0
05-27 08:24:42.741     1     1 I init    : Sending signal 9 to service 'trace_kernel' (pid 19293) process group...
05-27 18:33:33.778   299 30841 D EvsDriver: forwardFrame
05-27 18:33:33.780  1167  1167 D evsmanagerd: /dev/video4 forwarded the buffer #0 to 0xb4000074bf5f6850 from 0xb4000074bf5f41d0
05-27 18:33:33.780 30773 30781 E dvr_service_: [myNum:0] Received S**** loss
05-27 18:33:33.780   299 30841 D EvsDriver: Delivered 0xb400007b7ca56a60 as id 0
05-27 18:33:33.780   299  1153 D EvsDriver: doneWithFrame
05-27 08:24:42.742     1     1 I libprocessgroup: Successfully killed process cgroup uid 0 pid 19293 in 0ms
05-27 18:33:33.782   299 30844 D EvsDriver: forwardFrame
05-27 18:33:33.783 13911 14183 I SentryImuMcuAngleSender: 179.98949rollDeg
05-27 18:33:33.783 13911 14183 I SentryImuMcuAngleSender: 1,0,0
05-27 18:33:33.783   299 30844 D EvsDriver: Delivered 0xb400007b7ca56900 as id 0
05-27 18:33:33.784  1167  1167 D evsmanagerd: /dev/video6 forwarded the buffer #0 to 0xb4000074bf5f5510 from 0xb4000074bf5f6d90
05-27 18:33:33.784 30773 30781 E dvr_service_: [myNum:1] Received S**** loss
05-27 18:33:33.784   299  1153 D EvsDriver: doneWithFrame
05-27 18:33:33.785   572   572 I Sensors : 230 AccelSensor: x:-0.168360,y:0.001220,z:-9.974110
05-27 18:33:33.786  1008 30857 D [OMXB]  : usingANWBuffer: handle:0xee7435b0, format:1, w:1920, h:1080
05-27 18:33:33.787   481   598 I mcuc    : rev,n=1,6AA681C70B006B8900570600030A4000003419400000000040000005354000000000400059231C4000004000000000000000000000000000000000000100000000000000000000000000000000000000000000000000000000000000000000000000000000000000000000000000000000006F
05-27 18:33:33.789   351   373 D automotive.vehicle@2.0-adayo-datacomm-mcu: MCUDatacomm sendMessageFromVehicle prop: 0x89, areaId: 0x0, status: 0x57, timestamp: 0x6
05-27 18:33:33.789   351   373 D automotive.vehicle@2.0-adayo-datacomm-mcu: MCUDatacomm 1sendMessageFromVehicle ---> type = 3 
05-27 18:33:33.789   351   373 D automotive.vehicle@2.0-adayo-func-bcm: sendMessageFromVehicle sendMessageFromVehicle
05-27 18:33:33.789   351   516 D automotive.vehicle@2.0-adayo-func-bcm: jjfan1 ______procotolSize :38
05-27 18:33:33.789   351   516 D automotive.vehicle@2.0-adayo-func-bcm: BCMFunc sendMessageFromVehicle_l dataType: 12,mByte=7,propid=0x2140006b
05-27 18:33:33.789   351   516 D automotive.vehicle@2.0-adayo-func-bcm: BCMFunc sendMessageFromVehicle_l msgBuff[7]=0x40,start:0,len:6,temp:6,
05-27 18:33:33.789   351   516 D automotive.vehicle@2.0-adayo-func-bcm: BCMFunc sendMessageFromVehicle_l prop: 0x2140006b ,areaId: 0x0  SPLITE_BIT_DATA_INTEGER : 0
05-27 18:33:33.789   351   516 D automotive.vehicle@2.0-adayo-func-bcm: BCMFunc sendMessageFromVehicle_l id:557842539, area:0 not report! 
05-27 18:33:33.789   351   516 D automotive.vehicle@2.0-adayo-func-bcm: BCMFunc sendMessageFromVehicle_l dataType: 12,mByte=7,propid=0x2140006c
05-27 18:33:33.789   351   516 D automotive.vehicle@2.0-adayo-func-bcm: BCMFunc sendMessageFromVehicle_l msgBuff[7]=0x40,start:6,len:2,temp:2,
05-27 18:33:33.789   351   516 D automotive.vehicle@2.0-adayo-func-bcm: BCMFunc sendMessageFromVehicle_l prop: 0x2140006c ,areaId: 0x0  SPLITE_BIT_DATA_INTEGER : 1
05-27 18:33:33.789   351   516 D automotive.vehicle@2.0-adayo-func-bcm: BCMFunc sendMessageFromVehicle_l id:557842540, area:0 not report! 
05-27 18:33:33.789   351   516 D automotive.vehicle@2.0-adayo-func-bcm: BCMFunc sendMessageFromVehicle_l dataType: 12,mByte=11,propid=0x2140004a
05-27 18:33:33.789   351   516 D automotive.vehicle@2.0-adayo-func-bcm: BCMFunc sendMessageFromVehicle_l msgBuff[11]=0x19,start:0,len:32,temp:8,
05-27 18:33:33.789   351   516 D automotive.vehicle@2.0-adayo-func-bcm: BCMFunc sendMessageFromVehicle_l msgBuff[10]=0x34,start:0,len:24,temp:8,
05-27 18:33:33.789   351   516 D automotive.vehicle@2.0-adayo-func-bcm: BCMFunc sendMessageFromVehicle_l msgBuff[9]=0x0,start:0,len:16,temp:8,
05-27 18:33:33.789   351   516 D automotive.vehicle@2.0-adayo-func-bcm: BCMFunc sendMessageFromVehicle_l msgBuff[8]=0x0,start:0,len:8,temp:8,
05-27 18:33:33.789   351   516 D automotive.vehicle@2.0-adayo-func-bcm: BCMFunc sendMessageFromVehicle_l prop: 0x2140004a ,areaId: 0x0  SPLITE_BIT_DATA_INTEGER : 13337
05-27 18:33:33.789   351   516 D automotive.vehicle@2.0-adayo-func-bcm: BCMFunc sendMessageFromVehicle_l id:557842506, area:0 not report! 
05-27 18:33:33.789   351   516 D automotive.vehicle@2.0-adayo-func-bcm: BCMFunc sendMessageFromVehicle_l dataType: 12,mByte=12,propid=0x2140006d
05-27 18:33:33.789   351   516 D automotive.vehicle@2.0-adayo-func-bcm: BCMFunc sendMessageFromVehicle_l msgBuff[12]=0x40,start:0,len:6,temp:6,
05-27 18:33:33.789   351   516 D automotive.vehicle@2.0-adayo-func-bcm: BCMFunc sendMessageFromVehicle_l prop: 0x2140006d ,areaId: 0x0  SPLITE_BIT_DATA_INTEGER : 0
05-27 18:33:33.789   351   516 D automotive.vehicle@2.0-adayo-func-bcm: BCMFunc sendMessageFromVehicle_l id:557842541, area:0 not report! 
05-27 18:33:33.789   351   516 D automotive.vehicle@2.0-adayo-func-bcm: BCMFunc sendMessageFromVehicle_l dataType: 12,mByte=12,propid=0x2140006e
05-27 18:33:33.789   351   516 D automotive.vehicle@2.0-adayo-func-bcm: BCMFunc sendMessageFromVehicle_l msgBuff[12]=0x40,start:6,len:2,temp:2,
05-27 18:33:33.789   581   581 I SpiService: fgesysctrl_getGPIO_status success val=1
05-27 18:33:33.789   351   516 D automotive.vehicle@2.0-adayo-func-bcm: BCMFunc sendMessageFromVehicle_l prop: 0x2140006e ,areaId: 0x0  SPLITE_BIT_DATA_INTEGER : 1
05-27 18:33:33.789   351   516 D automotive.vehicle@2.0-adayo-func-bcm: BCMFunc sendMessageFromVehicle_l id:557842542, area:0 not report! 
05-27 18:33:33.790   351   516 D automotive.vehicle@2.0-adayo-func-bcm: BCMFunc sendMessageFromVehicle_l dataType: 12,mByte=16,propid=0x21600040
05-27 18:33:33.790   351   516 D automotive.vehicle@2.0-adayo-func-bcm: BCMFunc sendMessageFromVehicle_l msgBuff[16]=0x0,start:0,len:32,temp:8,
05-27 18:33:33.790   351   516 D automotive.vehicle@2.0-adayo-func-bcm: BCMFunc sendMessageFromVehicle_l msgBuff[15]=0x0,start:0,len:24,temp:8,
05-27 18:33:33.790   351   516 D automotive.vehicle@2.0-adayo-func-bcm: BCMFunc sendMessageFromVehicle_l msgBuff[14]=0x0,start:0,len:16,temp:8,
05-27 18:33:33.790   351   516 D automotive.vehicle@2.0-adayo-func-bcm: BCMFunc sendMessageFromVehicle_l msgBuff[13]=0x0,start:0,len:8,temp:8,
05-27 18:33:33.790   351   516 D automotive.vehicle@2.0-adayo-func-bcm: BCMFunc sendMessageFromVehicle_l prop: 0x21600040 , SPLITE_BIT_DATA_INTEGER1 data:0
05-27 18:33:33.790   351   516 D automotive.vehicle@2.0-adayo-func-bcm: BCMFunc sendMessageFromVehicle_l prop: 0x21600040 , SPLITE_BIT_DATA_INTEGER4 procotol.calc[0]:0.100000,procotol.calc[1]:0.000000
05-27 18:33:33.790   351   516 D automotive.vehicle@2.0-adayo-func-bcm: BCMFunc sendMessageFromVehicle_l prop: 0x21600040 ,areaId: 0x0  SPLITE_BIT_DATA_INTEGER : 0.000000,calc[0]:0.100000,calc[1]:0.000000
05-27 18:33:33.790   351   516 D automotive.vehicle@2.0-adayo-func-bcm: BCMFunc sendMessageFromVehicle_l id:559939648, area:0 not report! 
05-27 18:33:33.790   351   516 D automotive.vehicle@2.0-adayo-func-bcm: BCMFunc sendMessageFromVehicle_l dataType: 12,mByte=17,propid=0x2140006f
05-27 18:33:33.790   351   516 D automotive.vehicle@2.0-adayo-func-bcm: BCMFunc sendMessageFromVehicle_l msgBuff[17]=0x40,start:0,len:6,temp:6,
05-27 18:33:33.790   351   516 D automotive.vehicle@2.0-adayo-func-bcm: BCMFunc sendMessageFromVehicle_l prop: 0x2140006f ,areaId: 0x0  SPLITE_BIT_DATA_INTEGER : 0
05-27 18:33:33.790   351   516 D automotive.vehicle@2.0-adayo-func-bcm: BCMFunc sendMessageFromVehicle_l id:557842543, area:0 not report! 
05-27 18:33:33.790   351   516 D automotive.vehicle@2.0-adayo-func-bcm: BCMFunc sendMessageFromVehicle_l dataType: 12,mByte=17,propid=0x21400070
05-27 18:33:33.790   351   516 D automotive.vehicle@2.0-adayo-func-bcm: BCMFunc sendMessageFromVehicle_l msgBuff[17]=0x40,start:6,len:2,temp:2,
05-27 18:33:33.790   351   516 D automotive.vehicle@2.0-adayo-func-bcm: BCMFunc sendMessageFromVehicle_l prop: 0x21400070 ,areaId: 0x0  SPLITE_BIT_DATA_INTEGER : 1
05-27 18:33:33.790   351   516 D automotive.vehicle@2.0-adayo-func-bcm: BCMFunc sendMessageFromVehicle_l id:557842544, area:0 not report! 
05-27 18:33:33.790   351   516 D automotive.vehicle@2.0-adayo-func-bcm: BCMFunc sendMessageFromVehicle_l dataType: 12,mByte=21,propid=0x2160004c
05-27 18:33:33.790   351   516 D automotive.vehicle@2.0-adayo-func-bcm: BCMFunc sendMessageFromVehicle_l msgBuff[21]=0x35,start:0,len:32,temp:8,
05-27 18:33:33.790   351   516 D automotive.vehicle@2.0-adayo-func-bcm: BCMFunc sendMessageFromVehicle_l msgBuff[20]=0x5,start:0,len:24,temp:8,
05-27 18:33:33.790   351   516 D automotive.vehicle@2.0-adayo-func-bcm: BCMFunc sendMessageFromVehicle_l msgBuff[19]=0x0,start:0,len:16,temp:8,
05-27 18:33:33.790   351   516 D automotive.vehicle@2.0-adayo-func-bcm: BCMFunc sendMessageFromVehicle_l msgBuff[18]=0x0,start:0,len:8,temp:8,
05-27 18:33:33.790   351   516 D automotive.vehicle@2.0-adayo-func-bcm: BCMFunc sendMessageFromVehicle_l prop: 0x2160004c , SPLITE_BIT_DATA_INTEGER1 data:1333
05-27 18:33:33.790   351   516 D automotive.vehicle@2.0-adayo-func-bcm: BCMFunc sendMessageFromVehicle_l prop: 0x2160004c , SPLITE_BIT_DATA_INTEGER4 procotol.calc[0]:0.100000,procotol.calc[1]:0.000000
05-27 18:33:33.790   351   516 D automotive.vehicle@2.0-adayo-func-bcm: BCMFunc sendMessageFromVehicle_l prop: 0x2160004c ,areaId: 0x0  SPLITE_BIT_DATA_INTEGER : 133.300003,calc[0]:0.100000,calc[1]:0.000000
05-27 18:33:33.790   351   516 D automotive.vehicle@2.0-adayo-func-bcm: BCMFunc sendMessageFromVehicle_l id:559939660, area:0 not report! 
05-27 18:33:33.790   351   516 D automotive.vehicle@2.0-adayo-func-bcm: BCMFunc sendMessageFromVehicle_l dataType: 12,mByte=22,propid=0x21400071
05-27 18:33:33.790   351   516 D automotive.vehicle@2.0-adayo-func-bcm: BCMFunc sendMessageFromVehicle_l msgBuff[22]=0x40,start:0,len:6,temp:6,
05-27 18:33:33.790   351   516 D automotive.vehicle@2.0-adayo-func-bcm: BCMFunc sendMessageFromVehicle_l prop: 0x21400071 ,areaId: 0x0  SPLITE_BIT_DATA_INTEGER : 0
05-27 18:33:33.790   351   516 D automotive.vehicle@2.0-adayo-func-bcm: BCMFunc sendMessageFromVehicle_l id:557842545, area:0 not report! 
05-27 18:33:33.790   351   516 D automotive.vehicle@2.0-adayo-func-bcm: BCMFunc sendMessageFromVehicle_l dataType: 12,mByte=22,propid=0x21400072
05-27 18:33:33.790   351   516 D automotive.vehicle@2.0-adayo-func-bcm: BCMFunc sendMessageFromVehicle_l msgBuff[22]=0x40,start:6,len:2,temp:2,
05-27 08:24:42.754   581   581 D spi_rst_gpio_get_output: GPIO 145 value: 1
05-27 08:24:42.754   581   581 D spidev_ioctl: gpio status=1)
05-27 18:33:33.790   351   516 D automotive.vehicle@2.0-adayo-func-bcm: BCMFunc sendMessageFromVehicle_l prop: 0x21400072 ,areaId: 0x0  SPLITE_BIT_DATA_INTEGER : 1
05-27 18:33:33.790   351   516 D automotive.vehicle@2.0-adayo-func-bcm: BCMFunc sendMessageFromVehicle_l id:557842546, area:0 not report! 
05-27 18:33:33.790   351   516 D automotive.vehicle@2.0-adayo-func-bcm: BCMFunc sendMessageFromVehicle_l dataType: 12,mByte=24,propid=0x21400050
05-27 18:33:33.790   351   516 D automotive.vehicle@2.0-adayo-func-bcm: BCMFunc sendMessageFromVehicle_l msgBuff[24]=0x0,start:0,len:16,temp:8,
05-27 18:33:33.790   351   516 D automotive.vehicle@2.0-adayo-func-bcm: BCMFunc sendMessageFromVehicle_l msgBuff[23]=0x0,start:0,len:8,temp:8,
05-27 18:33:33.790   351   516 D automotive.vehicle@2.0-adayo-func-bcm: BCMFunc sendMessageFromVehicle_l prop: 0x21400050 ,areaId: 0x0  SPLITE_BIT_DATA_INTEGER : 0
05-27 18:33:33.790   351   516 D automotive.vehicle@2.0-adayo-func-bcm: BCMFunc sendMessageFromVehicle_l id:557842512, area:0 not report! 
05-27 18:33:33.790   351   516 D automotive.vehicle@2.0-adayo-func-bcm: BCMFunc sendMessageFromVehicle_l dataType: 12,mByte=25,propid=0x21400051
05-27 18:33:33.790   351   516 D automotive.vehicle@2.0-adayo-func-bcm: BCMFunc sendMessageFromVehicle_l msgBuff[25]=0x0,start:0,len:8,temp:8,
05-27 18:33:33.790   351   516 D automotive.vehicle@2.0-adayo-func-bcm: BCMFunc sendMessageFromVehicle_l prop: 0x21400051 ,areaId: 0x0  SPLITE_BIT_DATA_INTEGER : 0
05-27 18:33:33.790   351   516 D automotive.vehicle@2.0-adayo-func-bcm: BCMFunc sendMessageFromVehicle_l id:557842513, area:0 not report! 
05-27 18:33:33.790   351   516 D automotive.vehicle@2.0-adayo-func-bcm: BCMFunc sendMessageFromVehicle_l dataType: 12,mByte=26,propid=0x21400052
05-27 18:33:33.790   351   516 D automotive.vehicle@2.0-adayo-func-bcm: BCMFunc sendMessageFromVehicle_l msgBuff[26]=0x0,start:0,len:8,temp:8,
05-27 18:33:33.790   351   516 D automotive.vehicle@2.0-adayo-func-bcm: BCMFunc sendMessageFromVehicle_l prop: 0x21400052 ,areaId: 0x0  SPLITE_BIT_DATA_INTEGER : 0
05-27 18:33:33.791   351   516 D automotive.vehicle@2.0-adayo-func-bcm: BCMFunc sendMessageFromVehicle_l id:557842514, area:0 not report! 
05-27 18:33:33.791   351   516 D automotive.vehicle@2.0-adayo-func-bcm: BCMFunc sendMessageFromVehicle_l dataType: 12,mByte=27,propid=0x21400073
05-27 18:33:33.791   351   516 D automotive.vehicle@2.0-adayo-func-bcm: BCMFunc sendMessageFromVehicle_l msgBuff[27]=0x40,start:0,len:6,temp:6,
05-27 18:33:33.791   351   516 D automotive.vehicle@2.0-adayo-func-bcm: BCMFunc sendMessageFromVehicle_l prop: 0x21400073 ,areaId: 0x0  SPLITE_BIT_DATA_INTEGER : 0
05-27 18:33:33.791   351   516 D automotive.vehicle@2.0-adayo-func-bcm: BCMFunc sendMessageFromVehicle_l id:557842547, area:0 not report! 
05-27 18:33:33.791   351   516 D automotive.vehicle@2.0-adayo-func-bcm: BCMFunc sendMessageFromVehicle_l dataType: 12,mByte=27,propid=0x21400074
05-27 18:33:33.791   351   516 D automotive.vehicle@2.0-adayo-func-bcm: BCMFunc sendMessageFromVehicle_l msgBuff[27]=0x40,start:6,len:2,temp:2,
05-27 18:33:33.791   351   516 D automotive.vehicle@2.0-adayo-func-bcm: BCMFunc sendMessageFromVehicle_l prop: 0x21400074 ,areaId: 0x0  SPLITE_BIT_DATA_INTEGER : 1
05-27 18:33:33.791   351   516 D automotive.vehicle@2.0-adayo-func-bcm: BCMFunc sendMessageFromVehicle_l id:557842548, area:0 not report! 
05-27 18:33:33.791   351   516 D automotive.vehicle@2.0-adayo-func-bcm: BCMFunc sendMessageFromVehicle_l dataType: 12,mByte=29,propid=0x21400053
05-27 18:33:33.791   351   516 D automotive.vehicle@2.0-adayo-func-bcm: BCMFunc sendMessageFromVehicle_l msgBuff[29]=0x59,start:0,len:16,temp:8,
05-27 18:33:33.791   351   516 D automotive.vehicle@2.0-adayo-func-bcm: BCMFunc sendMessageFromVehicle_l msgBuff[28]=0x0,start:0,len:8,temp:8,
05-27 18:33:33.791   351   516 D automotive.vehicle@2.0-adayo-func-bcm: BCMFunc sendMessageFromVehicle_l prop: 0x21400053 ,areaId: 0x0  SPLITE_BIT_DATA_INTEGER : 89
05-27 18:33:33.791   351   516 D automotive.vehicle@2.0-adayo-func-bcm: BCMFunc sendMessageFromVehicle_l id:557842515, area:0 not report! 
05-27 18:33:33.791   351   516 D automotive.vehicle@2.0-adayo-func-bcm: BCMFunc sendMessageFromVehicle_l dataType: 12,mByte=30,propid=0x21400054
05-27 18:33:33.791   351   516 D automotive.vehicle@2.0-adayo-func-bcm: BCMFunc sendMessageFromVehicle_l msgBuff[30]=0x23,start:0,len:8,temp:8,
05-27 18:33:33.791   351   516 D automotive.vehicle@2.0-adayo-func-bcm: BCMFunc sendMessageFromVehicle_l prop: 0x21400054 ,areaId: 0x0  SPLITE_BIT_DATA_INTEGER : 35
05-27 18:33:33.791   351   516 D automotive.vehicle@2.0-adayo-func-bcm: BCMFunc sendMessageFromVehicle_l id:557842516, area:0 not report! 
05-27 18:33:33.791   351   516 D automotive.vehicle@2.0-adayo-func-bcm: BCMFunc sendMessageFromVehicle_l dataType: 12,mByte=31,propid=0x21400055
05-27 18:33:33.791   351   516 D automotive.vehicle@2.0-adayo-func-bcm: BCMFunc sendMessageFromVehicle_l msgBuff[31]=0x1c,start:0,len:8,temp:8,
05-27 18:33:33.791   351   516 D automotive.vehicle@2.0-adayo-func-bcm: BCMFunc sendMessageFromVehicle_l prop: 0x21400055 ,areaId: 0x0  SPLITE_BIT_DATA_INTEGER : 28
05-27 18:33:33.791   351   516 D automotive.vehicle@2.0-adayo-func-bcm: BCMFunc sendMessageFromVehicle_l id:557842517, area:0 not report! 
05-27 18:33:33.791   351   516 D automotive.vehicle@2.0-adayo-func-bcm: BCMFunc sendMessageFromVehicle_l dataType: 12,mByte=32,propid=0x21400075
05-27 18:33:33.791   351   516 D automotive.vehicle@2.0-adayo-func-bcm: BCMFunc sendMessageFromVehicle_l msgBuff[32]=0x40,start:0,len:6,temp:6,
05-27 18:33:33.791   351   516 D automotive.vehicle@2.0-adayo-func-bcm: BCMFunc sendMessageFromVehicle_l prop: 0x21400075 ,areaId: 0x0  SPLITE_BIT_DATA_INTEGER : 0
05-27 18:33:33.791   351   516 D automotive.vehicle@2.0-adayo-func-bcm: BCMFunc sendMessageFromVehicle_l id:557842549, area:0 not report! 
05-27 18:33:33.791   351   516 D automotive.vehicle@2.0-adayo-func-bcm: BCMFunc sendMessageFromVehicle_l dataType: 12,mByte=32,propid=0x21400076
05-27 18:33:33.791   351   516 D automotive.vehicle@2.0-adayo-func-bcm: BCMFunc sendMessageFromVehicle_l msgBuff[32]=0x40,start:6,len:2,temp:2,
05-27 18:33:33.791   351   516 D automotive.vehicle@2.0-adayo-func-bcm: BCMFunc sendMessageFromVehicle_l prop: 0x21400076 ,areaId: 0x0  SPLITE_BIT_DATA_INTEGER : 1
05-27 18:33:33.791   351   516 D automotive.vehicle@2.0-adayo-func-bcm: BCMFunc sendMessageFromVehicle_l id:557842550, area:0 not report! 
05-27 18:33:33.791   351   516 D automotive.vehicle@2.0-adayo-func-bcm: BCMFunc sendMessageFromVehicle_l dataType: 12,mByte=34,propid=0x2140004b
05-27 18:33:33.791   351   516 D automotive.vehicle@2.0-adayo-func-bcm: BCMFunc sendMessageFromVehicle_l msgBuff[34]=0x0,start:0,len:16,temp:8,
05-27 18:33:33.791   351   516 D automotive.vehicle@2.0-adayo-func-bcm: BCMFunc sendMessageFromVehicle_l msgBuff[33]=0x0,start:0,len:8,temp:8,
05-27 18:33:33.791   351   516 D automotive.vehicle@2.0-adayo-func-bcm: BCMFunc sendMessageFromVehicle_l prop: 0x2140004b ,areaId: 0x0  SPLITE_BIT_DATA_INTEGER : 0
05-27 18:33:33.791   351   516 D automotive.vehicle@2.0-adayo-func-bcm: BCMFunc sendMessageFromVehicle_l id:557842507, area:0 not report! 
05-27 18:33:33.791   351   516 D automotive.vehicle@2.0-adayo-func-bcm: BCMFunc sendMessageFromVehicle_l dataType: 12,mByte=35,propid=0x21400077
05-27 18:33:33.791   351   516 D automotive.vehicle@2.0-adayo-func-bcm: BCMFunc sendMessageFromVehicle_l msgBuff[35]=0x40,start:0,len:6,temp:6,
05-27 18:33:33.791   351   516 D automotive.vehicle@2.0-adayo-func-bcm: BCMFunc sendMessageFromVehicle_l prop: 0x21400077 ,areaId: 0x0  SPLITE_BIT_DATA_INTEGER : 0
05-27 18:33:33.791   351   516 D automotive.vehicle@2.0-adayo-func-bcm: BCMFunc sendMessageFromVehicle_l id:557842551, area:0 not report! 
05-27 18:33:33.791   351   516 D automotive.vehicle@2.0-adayo-func-bcm: BCMFunc sendMessageFromVehicle_l dataType: 12,mByte=35,propid=0x21400078
05-27 18:33:33.791   351   516 D automotive.vehicle@2.0-adayo-func-bcm: BCMFunc sendMessageFromVehicle_l msgBuff[35]=0x40,start:6,len:2,temp:2,
05-27 18:33:33.791   351   516 D automotive.vehicle@2.0-adayo-func-bcm: BCMFunc sendMessageFromVehicle_l prop: 0x21400078 ,areaId: 0x0  SPLITE_BIT_DATA_INTEGER : 1
05-27 18:33:33.791   351   516 D automotive.vehicle@2.0-adayo-func-bcm: BCMFunc sendMessageFromVehicle_l id:557842552, area:0 not report! 
05-27 18:33:33.791   351   516 D automotive.vehicle@2.0-adayo-func-bcm: BCMFunc sendMessageFromVehicle_l dataType: 12,mByte=37,propid=0x2140004c
05-27 18:33:33.791   351   516 D automotive.vehicle@2.0-adayo-func-bcm: BCMFunc sendMessageFromVehicle_l msgBuff[37]=0x0,start:0,len:16,temp:8,
05-27 18:33:33.791   351   516 D automotive.vehicle@2.0-adayo-func-bcm: BCMFunc sendMessageFromVehicle_l msgBuff[36]=0x0,start:0,len:8,temp:8,
05-27 18:33:33.791   351   516 D automotive.vehicle@2.0-adayo-func-bcm: BCMFunc sendMessageFromVehicle_l prop: 0x2140004c ,areaId: 0x0  SPLITE_BIT_DATA_INTEGER : 0
05-27 08:24:42.759   581   581 D spidev_ioctl: gpio status=1)
05-27 18:33:33.791   351   516 D automotive.vehicle@2.0-adayo-func-bcm: BCMFunc sendMessageFromVehicle_l id:557842508, area:0 not report! 
05-27 18:33:33.792   351   516 D automotive.vehicle@2.0-adayo-func-bcm: BCMFunc sendMessageFromVehicle_l dataType: 12,mByte=38,propid=0x2140009b
05-27 18:33:33.792   351   516 D automotive.vehicle@2.0-adayo-func-bcm: BCMFunc sendMessageFromVehicle_l msgBuff[38]=0x0,start:0,len:8,temp:8,
05-27 18:33:33.792   351   516 D automotive.vehicle@2.0-adayo-func-bcm: BCMFunc sendMessageFromVehicle_l prop: 0x2140009b ,areaId: 0x0  SPLITE_BIT_DATA_INTEGER : 0
05-27 18:33:33.792   351   516 D automotive.vehicle@2.0-adayo-func-bcm: BCMFunc sendMessageFromVehicle_l id:557842587, area:0 not report! 
05-27 18:33:33.792   351   516 D automotive.vehicle@2.0-adayo-func-bcm: BCMFunc sendMessageFromVehicle_l dataType: 12,mByte=39,propid=0x2140009c
05-27 18:33:33.792   351   516 D automotive.vehicle@2.0-adayo-func-bcm: BCMFunc sendMessageFromVehicle_l msgBuff[39]=0x0,start:0,len:8,temp:8,
05-27 18:33:33.792   351   516 D automotive.vehicle@2.0-adayo-func-bcm: BCMFunc sendMessageFromVehicle_l prop: 0x2140009c ,areaId: 0x0  SPLITE_BIT_DATA_INTEGER : 0
05-27 18:33:33.792   351   516 D automotive.vehicle@2.0-adayo-func-bcm: BCMFunc sendMessageFromVehicle_l id:557842588, area:0 not report! 
05-27 18:33:33.792   351   516 D automotive.vehicle@2.0-adayo-func-bcm: BCMFunc sendMessageFromVehicle_l dataType: 12,mByte=40,propid=0x2140009d
05-27 18:33:33.792   351   516 D automotive.vehicle@2.0-adayo-func-bcm: BCMFunc sendMessageFromVehicle_l msgBuff[40]=0x0,start:0,len:8,temp:8,
05-27 18:33:33.792   351   516 D automotive.vehicle@2.0-adayo-func-bcm: BCMFunc sendMessageFromVehicle_l prop: 0x2140009d ,areaId: 0x0  SPLITE_BIT_DATA_INTEGER : 0
05-27 18:33:33.792   351   516 D automotive.vehicle@2.0-adayo-func-bcm: BCMFunc sendMessageFromVehicle_l id:557842589, area:0 not report! 
05-27 18:33:33.792   351   516 D automotive.vehicle@2.0-adayo-func-bcm: BCMFunc sendMessageFromVehicle_l dataType: 12,mByte=41,propid=0x2140009e
05-27 18:33:33.792   351   516 D automotive.vehicle@2.0-adayo-func-bcm: BCMFunc sendMessageFromVehicle_l msgBuff[41]=0x0,start:0,len:8,temp:8,
05-27 18:33:33.792   351   516 D automotive.vehicle@2.0-adayo-func-bcm: BCMFunc sendMessageFromVehicle_l prop: 0x2140009e ,areaId: 0x0  SPLITE_BIT_DATA_INTEGER : 0
05-27 18:33:33.792   351   516 D automotive.vehicle@2.0-adayo-func-bcm: BCMFunc sendMessageFromVehicle_l id:557842590, area:0 not report! 
05-27 18:33:33.792   351   516 D automotive.vehicle@2.0-adayo-func-bcm: BCMFunc sendMessageFromVehicle_l dataType: 12,mByte=43,propid=0x2160009f
05-27 18:33:33.792   351   516 D automotive.vehicle@2.0-adayo-func-bcm: BCMFunc sendMessageFromVehicle_l msgBuff[43]=0x0,start:0,len:16,temp:8,
05-27 18:33:33.792   351   516 D automotive.vehicle@2.0-adayo-func-bcm: BCMFunc sendMessageFromVehicle_l msgBuff[42]=0x0,start:0,len:8,temp:8,
05-27 18:33:33.792   351   516 D automotive.vehicle@2.0-adayo-func-bcm: BCMFunc sendMessageFromVehicle_l prop: 0x2160009f , SPLITE_BIT_DATA_INTEGER1 data:0
05-27 18:33:33.792   351   516 D automotive.vehicle@2.0-adayo-func-bcm: BCMFunc sendMessageFromVehicle_l prop: 0x2160009f , SPLITE_BIT_DATA_INTEGER4 procotol.calc[0]:0.100000,procotol.calc[1]:0.000000
05-27 18:33:33.792   351   516 D automotive.vehicle@2.0-adayo-func-bcm: BCMFunc sendMessageFromVehicle_l prop: 0x2160009f ,areaId: 0x0  SPLITE_BIT_DATA_INTEGER : 0.000000,calc[0]:0.100000,calc[1]:0.000000
05-27 18:33:33.792   351   516 D automotive.vehicle@2.0-adayo-func-bcm: BCMFunc sendMessageFromVehicle_l id:559939743, area:0 not report! 
05-27 18:33:33.792   351   516 D automotive.vehicle@2.0-adayo-func-bcm: BCMFunc sendMessageFromVehicle_l dataType: 12,mByte=45,propid=0x216000f3
05-27 18:33:33.792   351   516 D automotive.vehicle@2.0-adayo-func-bcm: BCMFunc sendMessageFromVehicle_l msgBuff[45]=0x0,start:0,len:16,temp:8,
05-27 18:33:33.792   351   516 D automotive.vehicle@2.0-adayo-func-bcm: BCMFunc sendMessageFromVehicle_l msgBuff[44]=0x0,start:0,len:8,temp:8,
05-27 18:33:33.792   351   516 D automotive.vehicle@2.0-adayo-func-bcm: BCMFunc sendMessageFromVehicle_l prop: 0x216000f3 , SPLITE_BIT_DATA_INTEGER1 data:0
05-27 18:33:33.792   351   516 D automotive.vehicle@2.0-adayo-func-bcm: BCMFunc sendMessageFromVehicle_l prop: 0x216000f3 , SPLITE_BIT_DATA_INTEGER4 procotol.calc[0]:0.100000,procotol.calc[1]:0.000000
05-27 18:33:33.792   351   516 D automotive.vehicle@2.0-adayo-func-bcm: BCMFunc sendMessageFromVehicle_l prop: 0x216000f3 ,areaId: 0x0  SPLITE_BIT_DATA_INTEGER : 0.000000,calc[0]:0.100000,calc[1]:0.000000
05-27 18:33:33.792   351   516 D automotive.vehicle@2.0-adayo-func-bcm: BCMFunc sendMessageFromVehicle_l id:559939827, area:0 not report! 
05-27 18:33:33.792   351   516 D automotive.vehicle@2.0-adayo-func-bcm: BCMFunc sendMessageFromVehicle_l dataType: 12,mByte=47,propid=0x214000f4
05-27 18:33:33.792   351   516 D automotive.vehicle@2.0-adayo-func-bcm: BCMFunc sendMessageFromVehicle_l msgBuff[47]=0x0,start:0,len:16,temp:8,
05-27 18:33:33.792   351   516 D automotive.vehicle@2.0-adayo-func-bcm: BCMFunc sendMessageFromVehicle_l msgBuff[46]=0x0,start:0,len:8,temp:8,
05-27 18:33:33.792   351   516 D automotive.vehicle@2.0-adayo-func-bcm: BCMFunc sendMessageFromVehicle_l prop: 0x214000f4 ,areaId: 0x0  SPLITE_BIT_DATA_INTEGER : 0
05-27 18:33:33.792   351   516 D automotive.vehicle@2.0-adayo-func-bcm: BCMFunc sendMessageFromVehicle_l id:557842676, area:0 not report! 
05-27 18:33:33.792   351   516 D automotive.vehicle@2.0-adayo-func-bcm: BCMFunc sendMessageFromVehicle_l dataType: 12,mByte=48,propid=0x214000fe
05-27 18:33:33.793   351   516 D automotive.vehicle@2.0-adayo-func-bcm: BCMFunc sendMessageFromVehicle_l msgBuff[48]=0x0,start:0,len:8,temp:8,
05-27 18:33:33.793   351   516 D automotive.vehicle@2.0-adayo-func-bcm: BCMFunc sendMessageFromVehicle_l prop: 0x214000fe ,areaId: 0x0  SPLITE_BIT_DATA_INTEGER : 0
05-27 18:33:33.793   351   516 D automotive.vehicle@2.0-adayo-func-bcm: BCMFunc sendMessageFromVehicle_l id:557842686, area:0 not report! 
05-27 18:33:33.793   351   516 D automotive.vehicle@2.0-adayo-func-bcm: BCMFunc sendMessageFromVehicle_l dataType: 12,mByte=49,propid=0x21400100
05-27 18:33:33.793   351   516 D automotive.vehicle@2.0-adayo-func-bcm: BCMFunc sendMessageFromVehicle_l msgBuff[49]=0x0,start:0,len:8,temp:8,
05-27 18:33:33.793   351   516 D automotive.vehicle@2.0-adayo-func-bcm: BCMFunc sendMessageFromVehicle_l prop: 0x21400100 ,areaId: 0x0  SPLITE_BIT_DATA_INTEGER : 0
05-27 18:33:33.793   351   516 D automotive.vehicle@2.0-adayo-func-bcm: BCMFunc sendMessageFromVehicle_l id:557842688, area:0 not report! 
05-27 18:33:33.793   351   516 D automotive.vehicle@2.0-adayo-func-bcm: BCMFunc sendMessageFromVehicle_l dataType: 12,mByte=50,propid=0x214000fa
05-27 18:33:33.793   351   516 D automotive.vehicle@2.0-adayo-func-bcm: BCMFunc sendMessageFromVehicle_l msgBuff[50]=0x0,start:0,len:8,temp:8,
05-27 18:33:33.793   351   516 D automotive.vehicle@2.0-adayo-func-bcm: BCMFunc sendMessageFromVehicle_l prop: 0x214000fa ,areaId: 0x0  SPLITE_BIT_DATA_INTEGER : 0
05-27 18:33:33.793   351   516 D automotive.vehicle@2.0-adayo-func-bcm: BCMFunc sendMessageFromVehicle_l id:557842682, area:0 not report! 
05-27 18:33:33.793   351   516 D automotive.vehicle@2.0-adayo-func-bcm: BCMFunc sendMessageFromVehicle_l dataType: 12,mByte=51,propid=0x214000fb
05-27 18:33:33.793   351   516 D automotive.vehicle@2.0-adayo-func-bcm: BCMFunc sendMessageFromVehicle_l msgBuff[51]=0x0,start:0,len:8,temp:8,
05-27 18:33:33.793   351   516 D automotive.vehicle@2.0-adayo-func-bcm: BCMFunc sendMessageFromVehicle_l prop: 0x214000fb ,areaId: 0x0  SPLITE_BIT_DATA_INTEGER : 0
05-27 18:33:33.793   351   516 D automotive.vehicle@2.0-adayo-func-bcm: BCMFunc sendMessageFromVehicle_l id:557842683, area:0 not report! 
05-27 18:33:33.793   351   516 D automotive.vehicle@2.0-adayo-func-bcm: BCMFunc sendMessageFromVehicle_l dataType: 12,mByte=52,propid=0x214000fc
05-27 18:33:33.793   351   516 D automotive.vehicle@2.0-adayo-func-bcm: BCMFunc sendMessageFromVehicle_l msgBuff[52]=0x0,start:0,len:8,temp:8,
05-27 18:33:33.793   351   516 D automotive.vehicle@2.0-adayo-func-bcm: BCMFunc sendMessageFromVehicle_l prop: 0x214000fc ,areaId: 0x0  SPLITE_BIT_DATA_INTEGER : 0
05-27 18:33:33.793   351   516 D automotive.vehicle@2.0-adayo-func-bcm: BCMFunc sendMessageFromVehicle_l id:557842684, area:0 not report! 
05-27 18:33:33.793   351   516 D automotive.vehicle@2.0-adayo-func-bcm: BCMFunc sendMessageFromVehicle_l dataType: 12,mByte=53,propid=0x21400106
05-27 18:33:33.793   351   516 D automotive.vehicle@2.0-adayo-func-bcm: BCMFunc sendMessageFromVehicle_l msgBuff[53]=0x1,start:0,len:8,temp:8,
05-27 18:33:33.793   351   516 D automotive.vehicle@2.0-adayo-func-bcm: BCMFunc sendMessageFromVehicle_l prop: 0x21400106 ,areaId: 0x0  SPLITE_BIT_DATA_INTEGER : 1
05-27 18:33:33.793   351   516 D automotive.vehicle@2.0-adayo-func-bcm: BCMFunc sendMessageFromVehicle_l id:557842694, area:0 not report! 
05-27 18:33:33.795   581   581 I SpiService: fgesysctrl_getGPIO_status success val=1
05-27 18:33:33.795   283   307 I rvcservice: t.code = 3, t.value = 0
05-27 18:33:33.800   581   581 I SpiService: fgesysctrl_getGPIO_status success val=1
05-27 08:24:42.765   581   581 D spi_rst_gpio_get_output: GPIO 145 value: 1
05-27 08:24:42.765   581   581 D spidev_ioctl: gpio status=1)
05-27 18:33:33.803 13911 14183 I SentryImuMcuAngleSender: 179.98248rollDeg
05-27 18:33:33.803 13911 14183 I SentryImuMcuAngleSender: 1,0,0
05-27 18:33:33.805   536   536 D commservice260303: msg.id = 1028,1
05-27 18:33:33.805   536   536 D commservice260303: i = 170, msgid = 8A000404
05-27 18:33:33.805   536   536 D commservice260303: msgid = -1979710460,did=138
05-27 18:33:33.805   536   536 D commservice260303: CommProtocolLibCmdBaseI2C::dataproc {"command":{"id":"imu_status","sub":""},"content":{"TimeStamp":9,"FrameCounter":230106,"GD_X":-0.01221725158393383,"GD_Y":0.00519212381914258,"GD_Z":0.0022902146447449923,"AD_X":-0.002727895975112915,"AD_Y":1.969439908862114E-4,"AD_Z":-0.16946887969970703,"TempDsp":0,"Status":0,"CalibState":1,"SigAmpInvalid":0}},-1979710460
05-27 18:33:33.805   536   536 D commservice260303: send2Cluster len:313, 7B22636F6D6D616E64223A7B226964223A22696D755F737461747573222C22737562223A22227D2C22636F6E74656E74223A7B2254696D655374616D70223A392C224672616D65436F756E746572223A3233303130362C2247445F58223A2D302E30313232313732353135383339333338332C2247445F59223A302E30303531393231323338313931343235382C2247445F5A223A302E303032323930323134363434373434393932332C2241445F58223A2D302E3030323732373839353937353131323931352C2241445F59223A312E393639343339393038383632313134452D342C2241445F5A223A2D302E31363934363838373936393937303730332C2254656D70447370223A302C22537461747573223A302C2243616C69625374617465223A312C22536967416D70496E76616C6964223A307D7D, 138 
05-27 18:33:33.805   536   536 D commservice260303: Push Message into SendPool fn=-608107776
05-27 18:33:33.805   536   536 D commservice260303: ComProtocolLibSend2Cluster::send2ClusterRaw fn=-608107776 , len=329
05-27 18:33:33.805   536   536 D commservice260303: sendCmdToPort :329!!!
05-27 18:33:33.806   581   581 I SpiService: fgesysctrl_getGPIO_status success val=1
05-27 18:33:33.806   536   536 D commservice260303: send Cmd To Port ++++5AA501458A010003C1DB6A16C87D7B22636F6D6D616E64223A7B226964223A22696D755F737461747573222C22737562223A22227D2C22636F6E74656E74223A7B2254696D655374616D70223A392C224672616D65436F756E746572223A3233303130362C2247445F58223A2D302E30313232313732353135383339333338332C2247445F59223A302E30303531393231323338313931343235382C2247445F5A223A302E303032323930323134363434373434393932332C2241445F58223A2D302E3030323732373839353937353131323931352C2241445F59223A312E393639343339393038383632313134452D342C2241445F5A223A2D302E31363934363838373936393937303730332C2254656D70447370223A302C22537461747573223A302C2243616C69625374617465223A312C22536967416D70496E76616C6964223A307D7D4346
05-27 18:33:33.806   536   536 D commservice260303: bufferevent_write retrun value = 0
05-27 18:33:33.806   536   560 D commservice260303: client datas send succeed,send finish
05-27 18:33:33.806 13911 14192 D Sentinelmode_1.2.5.17_sentry: <SentryImuClusterFgeSender>imu_status sent to Linux, frame=230106, tsNs=9881053, tsMs=9, intervalMs=40, ad=(-0.002727896,1.9694399E-4,-0.16946888), gd=(-0.012217252,0.005192124,0.0022902146)
05-27 18:33:33.807  1008 30856 D [OMXB]  : usingANWBuffer: handle:0xee742320, format:1, w:1920, h:1080
05-27 08:24:42.770   581   581 D spi_rst_gpio_get_output: GPIO 145 value: 1
05-27 08:24:42.770   581   581 D spidev_ioctl: gpio status=1)
05-27 18:33:33.811   581   581 I SpiService: fgesysctrl_getGPIO_status success val=0
05-27 18:33:33.812   481   597 I mcuc    : send SPI:6AA602C70B00028900A1
05-27 18:33:33.812   299 30841 D EvsDriver: forwardFrame
05-27 08:24:42.776   581   581 D spi_rst_gpio_get_output: GPIO 145 value: 0
05-27 08:24:42.776   581   581 D spidev_ioctl: gpio status=0)
05-27 18:33:33.814   299 30841 D EvsDriver: Delivered 0xb400007b7ca56a60 as id 0
05-27 18:33:33.814  1167  1167 D evsmanagerd: /dev/video4 forwarded the buffer #0 to 0xb4000074bf5f6850 from 0xb4000074bf5f41d0
05-27 18:33:33.817   299  1153 D EvsDriver: doneWithFrame
05-27 18:33:33.819   299 30844 D EvsDriver: forwardFrame
05-27 18:33:33.821   299 30844 D EvsDriver: Delivered 0xb400007b7ca56900 as id 0
05-27 18:33:33.821  1167  1167 D evsmanagerd: /dev/video6 forwarded the buffer #0 to 0xb4000074bf5f5510 from 0xb4000074bf5f6d90
05-27 18:33:33.824 13911 14183 I SentryImuMcuAngleSender: 179.97897rollDeg
05-27 18:33:33.824 13911 14183 I SentryImuMcuAngleSender: 1,0,0
05-27 18:33:33.826   299  1153 D EvsDriver: doneWithFrame
05-27 18:33:33.826  1008 30857 D [OMXB]  : usingANWBuffer: handle:0xee740430, format:1, w:1920, h:1080
05-27 18:33:33.826   581   581 I SpiService: fgesysctrl_getGPIO_status success val=1
05-27 08:24:42.791   581   581 D spi_rst_gpio_get_output: GPIO 145 value: 1
05-27 08:24:42.791   581   581 D spidev_ioctl: gpio status=1)
05-27 18:33:33.832   581   581 I SpiService: fgesysctrl_getGPIO_status success val=1
05-27 18:33:33.833 13911 14131 D SVR_MNG_SvrMngProxy: getServer: mSvrManger is null
05-27 18:33:33.833 13911 14131 D SVR_MNG_SvrMngProxy: getNewStub: 
05-27 08:24:42.797   581   581 D spi_rst_gpio_get_output: GPIO 145 value: 1
05-27 08:24:42.797   581   581 D spidev_ioctl: gpio status=1)
05-27 18:33:33.833 13911 14131 D SVR_MNG_SvrMngProxy: getNewStub: getSvrManagerService start
05-27 18:33:33.834 13911 14131 D SVR_MNG_SvrMngProxy: getNewStub: getSvrManagerService end
05-27 18:33:33.834 13911 14131 D SVR_MNG_SvrMngProxy: getServer: svrMngService doesn't start
05-27 18:33:33.836  1008 30856 D [OMXB]  : usingANWBuffer: handle:0xee744fd0, format:1, w:1920, h:1080
05-27 18:33:33.838   581   581 I SpiService: fgesysctrl_getGPIO_status success val=1
05-27 08:24:42.803   581   581 D spi_rst_gpio_get_output: GPIO 145 value: 1
05-27 08:24:42.803   581   581 D spidev_ioctl: gpio status=1)
05-27 18:33:33.844   581   581 I SpiService: fgesysctrl_getGPIO_status success val=1
05-27 18:33:33.845 13911 14183 I SentryImuMcuAngleSender: 179.98248rollDeg
05-27 08:24:42.809   581   581 D spi_rst_gpio_get_output: GPIO 145 value: 1
05-27 18:33:33.845 13911 14183 I SentryImuMcuAngleSender: 1,0,0
05-27 08:24:42.809   581   581 D spidev_ioctl: gpio status=1)
05-27 18:33:33.845   536   536 D commservice260303: msg.id = 1028,0
05-27 18:33:33.845   536   536 D commservice260303: i = 170, msgid = 8A000404
05-27 18:33:33.845   536   536 D commservice260303: msgid = -1979710460,did=138
05-27 18:33:33.845   536   536 D commservice260303: CommProtocolLibCmdBaseI2C::dataproc {"command":{"id":"imu_status","sub":""},"content":{"TimeStamp":9,"FrameCounter":230107,"GD_X":-0.011682018637657166,"GD_Y":0.0051151420921087265,"GD_Z":0.002213752595707774,"AD_X":-0.0027266889810562134,"AD_Y":1.9404315389692783E-4,"AD_Z":-0.16825008392333984,"TempDsp":0,"Status":0,"CalibState":1,"SigAmpInvalid":0}},-1979710460
05-27 18:33:33.845   299 30844 D EvsDriver: forwardFrame
05-27 18:33:33.845   536   536 D commservice260303: send2Cluster len:317, 7B22636F6D6D616E64223A7B226964223A22696D755F737461747573222C22737562223A22227D2C22636F6E74656E74223A7B2254696D655374616D70223A392C224672616D65436F756E746572223A3233303130372C2247445F58223A2D302E3031313638323031383633373635373136362C2247445F59223A302E303035313135313432303932313038373236352C2247445F5A223A302E3030323231333735323539353730373737342C2241445F58223A2D302E303032373236363838393831303536323133342C2241445F59223A312E39343034333135333839363932373833452D342C2241445F5A223A2D302E31363832353030383339323333333938342C2254656D70447370223A302C22537461747573223A302C2243616C69625374617465223A312C22536967416D70496E76616C6964223A307D7D, 138 
05-27 18:33:33.845   536   536 D commservice260303: Push Message into SendPool fn=-591330560
05-27 18:33:33.845   536   536 D commservice260303: ComProtocolLibSend2Cluster::send2ClusterRaw fn=-591330560 , len=333
05-27 18:33:33.845   536   536 D commservice260303: sendCmdToPort :333!!!
05-27 18:33:33.846   536   536 D commservice260303: send Cmd To Port ++++5AA501498A010003C1DC6A16C87D7B22636F6D6D616E64223A7B226964223A22696D755F737461747573222C22737562223A22227D2C22636F6E74656E74223A7B2254696D655374616D70223A392C224672616D65436F756E746572223A3233303130372C2247445F58223A2D302E3031313638323031383633373635373136362C2247445F59223A302E303035313135313432303932313038373236352C2247445F5A223A302E3030323231333735323539353730373737342C2241445F58223A2D302E303032373236363838393831303536323133342C2241445F59223A312E39343034333135333839363932373833452D342C2241445F5A223A2D302E31363832353030383339323333333938342C2254656D70447370223A302C22537461747573223A302C2243616C69625374617465223A312C22536967416D70496E76616C6964223A307D7D1353
05-27 18:33:33.846   536   536 D commservice260303: bufferevent_write retrun value = 0
05-27 18:33:33.846   536   560 D commservice260303: client datas send succeed,send finish
05-27 18:33:33.846 13911 14192 D Sentinelmode_1.2.5.17_sentry: <SentryImuClusterFgeSender>imu_status sent to Linux, frame=230107, tsNs=9881089, tsMs=9, intervalMs=40, ad=(-0.002726689,1.9404315E-4,-0.16825008), gd=(-0.011682019,0.005115142,0.0022137526)
05-27 18:33:33.847   299 30844 D EvsDriver: Delivered 0xb400007b7ca56900 as id 0
05-27 18:33:33.848  1167  1167 D evsmanagerd: /dev/video6 forwarded the buffer #0 to 0xb4000074bf5f5510 from 0xb4000074bf5f6d90
05-27 18:33:33.850   581   581 I SpiService: fgesysctrl_getGPIO_status success val=1
05-27 18:33:33.850   299 30841 D EvsDriver: forwardFrame
05-27 18:33:33.851   299 30841 D EvsDriver: Delivered 0xb400007b7ca56a60 as id 0
05-27 18:33:33.851  1167  1167 D evsmanagerd: /dev/video4 forwarded the buffer #0 to 0xb4000074bf5f6850 from 0xb4000074bf5f41d0
05-27 18:33:33.852   299  1153 D EvsDriver: doneWithFrame
05-27 08:24:42.814   581   581 D spi_rst_gpio_get_output: GPIO 145 value: 1
05-27 08:24:42.814   581   581 D spidev_ioctl: gpio status=1)
05-27 18:33:33.854   299  1153 D EvsDriver: doneWithFrame
05-27 18:33:33.855  1008 30857 D [OMXB]  : usingANWBuffer: handle:0xee744b00, format:1, w:1920, h:1080
05-27 18:33:33.856   581   581 I SpiService: fgesysctrl_getGPIO_status success val=0
05-27 08:24:42.820   581   581 D spi_rst_gpio_get_output: GPIO 145 value: 0
05-27 08:24:42.820   581   581 D spidev_ioctl: gpio status=0)
05-27 18:33:33.866 13911 14183 I SentryImuMcuAngleSender: 179.98248rollDeg
05-27 18:33:33.866 13911 14183 I SentryImuMcuAngleSender: 1,0,0
05-27 18:33:33.871   581   581 I SpiService: fgesysctrl_getGPIO_status success val=1
05-27 18:33:33.871  1008 30856 D [OMXB]  : usingANWBuffer: handle:0xee740e80, format:1, w:1920, h:1080
05-27 08:24:42.835   581   581 D spi_rst_gpio_get_output: GPIO 145 value: 1
05-27 08:24:42.835   581   581 D spidev_ioctl: gpio status=1)
05-27 18:33:33.874   572   572 I Sensors : 230 GyroSensor: x:-0.011835,y:0.005726,z:0.002596
05-27 18:33:33.876   581   581 I SpiService: fgesysctrl_getGPIO_status success val=1
05-27 08:24:42.841   581   581 D spi_rst_gpio_get_output: GPIO 145 value: 1
05-27 08:24:42.841   581   581 D spidev_ioctl: gpio status=1)
05-27 18:33:33.878   299 30841 D EvsDriver: forwardFrame
05-27 18:33:33.880   299 30841 D EvsDriver: Delivered 0xb400007b7ca56a60 as id 0
05-27 18:33:33.880  1167  1167 D evsmanagerd: /dev/video4 forwarded the buffer #0 to 0xb4000074bf5f6850 from 0xb4000074bf5f41d0
05-27 18:33:33.882   581   581 I SpiService: fgesysctrl_getGPIO_status success val=1
05-27 18:33:33.883   299  1153 D EvsDriver: doneWithFrame
05-27 18:33:33.883   299 30844 D EvsDriver: forwardFrame
05-27 18:33:33.884   299 30844 D EvsDriver: Delivered 0xb400007b7ca56900 as id 0
05-27 18:33:33.884  1167  1167 D evsmanagerd: /dev/video6 forwarded the buffer #0 to 0xb4000074bf5f5510 from 0xb4000074bf5f6d90
05-27 08:24:42.846   581   581 D spi_rst_gpio_get_output: GPIO 145 value: 1
05-27 08:24:42.847   581   581 D spidev_ioctl: gpio status=1)
05-27 08:24:42.853   581   581 D spi_rst_gpio_get_output: GPIO 145 value: 1
05-27 08:24:42.853   581   581 D spidev_ioctl: gpio status=1)
05-27 18:33:33.887 13911 14183 I SentryImuMcuAngleSender: 179.986rollDeg
05-27 18:33:33.887 13911 14183 I SentryImuMcuAngleSender: 1,0,0
05-27 18:33:33.887   536   536 D commservice260303: msg.id = 1028,1
05-27 18:33:33.887   536   536 D commservice260303: i = 170, msgid = 8A000404
05-27 18:33:33.887   536   536 D commservice260303: msgid = -1979710460,did=138
05-27 18:33:33.888   536   536 D commservice260303: CommProtocolLibCmdBaseI2C::dataproc {"command":{"id":"imu_status","sub":""},"content":{"TimeStamp":9,"FrameCounter":230108,"GD_X":-0.011834942735731602,"GD_Y":0.0057257963344454765,"GD_Z":0.00259606190957129,"AD_X":-9.039044380187988E-4,"AD_Y":-4.1517498902976513E-4,"AD_Z":-0.17007923126220703,"TempDsp":0,"Status":0,"CalibState":1,"SigAmpInvalid":0}},-1979710460
05-27 18:33:33.888   536   536 D commservice260303: send2Cluster len:316, 7B22636F6D6D616E64223A7B226964223A22696D755F737461747573222C22737562223A22227D2C22636F6E74656E74223A7B2254696D655374616D70223A392C224672616D65436F756E746572223A3233303130382C2247445F58223A2D302E3031313833343934323733353733313630322C2247445F59223A302E303035373235373936333334343435343736352C2247445F5A223A302E30303235393630363139303935373132392C2241445F58223A2D392E303339303434333830313837393838452D342C2241445F59223A2D342E31353137343938393032393736353133452D342C2241445F5A223A2D302E31373030373932333132363232303730332C2254656D70447370223A302C22537461747573223A302C2243616C69625374617465223A312C22536967416D70496E76616C6964223A307D7D, 138 
05-27 18:33:33.888   536   536 D commservice260303: Push Message into SendPool fn=-574553344
05-27 18:33:33.888   536   536 D commservice260303: ComProtocolLibSend2Cluster::send2ClusterRaw fn=-574553344 , len=332
05-27 18:33:33.888   536   536 D commservice260303: sendCmdToPort :332!!!
05-27 18:33:33.888   536   536 D commservice260303: send Cmd To Port ++++5AA501488A010003C1DD6A16C87D7B22636F6D6D616E64223A7B226964223A22696D755F737461747573222C22737562223A22227D2C22636F6E74656E74223A7B2254696D655374616D70223A392C224672616D65436F756E746572223A3233303130382C2247445F58223A2D302E3031313833343934323733353733313630322C2247445F59223A302E303035373235373936333334343435343736352C2247445F5A223A302E30303235393630363139303935373132392C2241445F58223A2D392E303339303434333830313837393838452D342C2241445F59223A2D342E31353137343938393032393736353133452D342C2241445F5A223A2D302E31373030373932333132363232303730332C2254656D70447370223A302C22537461747573223A302C2243616C69625374617465223A312C22536967416D70496E76616C6964223A307D7DC676
05-27 18:33:33.888   536   536 D commservice260303: bufferevent_write retrun value = 0
05-27 18:33:33.888   581   581 I SpiService: fgesysctrl_getGPIO_status success val=1
05-27 18:33:33.888 13911 14192 D Sentinelmode_1.2.5.17_sentry: <SentryImuClusterFgeSender>imu_status sent to Linux, frame=230108, tsNs=9881125, tsMs=9, intervalMs=42, ad=(-9.0390444E-4,-4.15175E-4,-0.17007923), gd=(-0.011834943,0.0057257963,0.002596062)
05-27 18:33:33.889   536   560 D commservice260303: client datas send succeed,send finish
05-27 18:33:33.889   299  1153 D EvsDriver: doneWithFrame
05-27 18:33:33.894   581   581 I SpiService: fgesysctrl_getGPIO_status success val=0
05-27 18:33:33.895  1008 30856 D [OMXB]  : usingANWBuffer: handle:0xee741e50, format:1, w:1920, h:1080
05-27 18:33:33.896   283   307 I rvcservice: t.code = 3, t.value = 0
05-27 08:24:42.858   581   581 D spi_rst_gpio_get_output: GPIO 145 value: 0
05-27 08:24:42.858   581   581 D spidev_ioctl: gpio status=0)
05-27 18:33:33.907 13911 14183 I SentryImuMcuAngleSender: 179.97548rollDeg
05-27 18:33:33.908 13911 14183 I SentryImuMcuAngleSender: 1,0,0
05-27 18:33:33.908   581   581 I SpiService: fgesysctrl_getGPIO_status success val=1
