05-27 18:33:32.986   536   536 D commservice260303: send2Cluster len:317, 7B22636F6D6D616E64223A7B226964223A22696D755F737461747573222C22737562223A22227D2C22636F6E74656E74223A7B2254696D655374616D70223A392C224672616D65436F756E746572223A3233303038362C2247445F58223A2D302E3031303939343930323831313934343438352C2247445F59223A302E3030353033393230303138363732393433312C2247445F5A223A302E303032323930323134363434373434393932332C2241445F58223A2D302E303031333235333833373832333836373739382C2241445F59223A302E303032303439393131353334343133363935332C2241445F5A223A2D302E31363838353835323831333732303730332C2254656D70447370223A302C22537461747573223A302C2243616C69625374617465223A312C22536967416D70496E76616C6964223A307D7D, 138 
05-27 18:33:32.986   536   536 D commservice260303: Push Message into SendPool fn=-960429312
05-27 18:33:32.986   536   536 D commservice260303: ComProtocolLibSend2Cluster::send2ClusterRaw fn=-960429312 , len=333
05-27 18:33:32.987   536   536 D commservice260303: sendCmdToPort :333!!!
05-27 18:33:32.987   536   536 D commservice260303: send Cmd To Port ++++5AA501498A010003C1C66A16C87C7B22636F6D6D616E64223A7B226964223A22696D755F737461747573222C22737562223A22227D2C22636F6E74656E74223A7B2254696D655374616D70223A392C224672616D65436F756E746572223A3233303038362C2247445F58223A2D302E3031303939343930323831313934343438352C2247445F59223A302E3030353033393230303138363732393433312C2247445F5A223A302E303032323930323134363434373434393932332C2241445F58223A2D302E303031333235333833373832333836373739382C2241445F59223A302E303032303439393131353334343133363935332C2241445F5A223A2D302E31363838353835323831333732303730332C2254656D70447370223A302C22537461747573223A302C2243616C69625374617465223A312C22536967416D70496E76616C6964223A307D7D6E8D
05-27 18:33:32.987   536   536 D commservice260303: bufferevent_write retrun value = 0
05-27 18:33:32.987   536   560 D commservice260303: client datas send succeed,send finish
05-27 18:33:32.987 13911 14192 D Sentinelmode_1.2.5.17_sentry: <SentryImuClusterFgeSender>imu_status sent to Linux, frame=230086, tsNs=9880233, tsMs=9, intervalMs=40, ad=(-0.0013253838,0.0020499115,-0.16885853), gd=(-0.010994903,0.0050392,0.0022902146)
05-27 18:33:32.990   299  1153 D EvsDriver: doneWithFrame
05-27 18:33:32.991   581   581 I SpiService: fgesysctrl_getGPIO_status success val=1
05-27 18:33:32.992   283   307 I rvcservice: t.code = 3, t.value = 0
05-27 18:33:32.992  1008 30856 D [OMXB]  : usingANWBuffer: handle:0xee742690, format:1, w:1920, h:1080
05-27 08:24:41.955   581   581 D spidev_ioctl: gpio status=1)
05-27 18:33:32.996   581   581 I SpiService: fgesysctrl_getGPIO_status success val=0
05-27 18:33:32.999 13911 14183 I SentryImuMcuAngleSender: 179.97197rollDeg
05-27 18:33:33.000 13911 14183 I SentryImuMcuAngleSender: 1,0,0
05-27 18:33:33.001   572   622 I Sensors : 230 AccelSensor: x:-0.167140,y:0.003659,z:-9.976550
05-27 18:33:33.011   581   581 I SpiService: fgesysctrl_getGPIO_status success val=1
05-27 18:33:33.012  1008 30857 D [OMXB]  : usingANWBuffer: handle:0xee7467e0, format:1, w:1920, h:1080
05-27 18:33:33.013   299 30844 D EvsDriver: forwardFrame
05-27 18:33:33.014   299 30841 D EvsDriver: forwardFrame
05-27 18:33:33.018   581   581 I SpiService: fgesysctrl_getGPIO_status success val=1
05-27 18:33:33.018   299 30841 D EvsDriver: Delivered 0xb400007b7ca56a60 as id 0
05-27 18:33:33.019  1167  1479 D evsmanagerd: /dev/video4 forwarded the buffer #0 to 0xb4000074bf5f6850 from 0xb4000074bf5f41d0
05-27 18:33:33.020 13911 14183 I SentryImuMcuAngleSender: 179.986rollDeg
05-27 18:33:33.020 13911 14183 I SentryImuMcuAngleSender: 1,0,0
05-27 18:33:33.020  1167  1479 D evsmanagerd: /dev/video6 forwarded the buffer #0 to 0xb4000074bf5f5510 from 0xb4000074bf5f6d90
05-27 18:33:33.020   299 30844 D EvsDriver: Delivered 0xb400007b7ca56900 as id 0
05-27 18:33:33.024   299  1153 D EvsDriver: doneWithFrame
05-27 18:33:33.024   581   581 I SpiService: fgesysctrl_getGPIO_status success val=1
05-27 18:33:33.026   299  1153 D EvsDriver: doneWithFrame
05-27 18:33:33.027   536   536 D commservice260303: msg.id = 1028,0
05-27 18:33:33.027   536   536 D commservice260303: i = 170, msgid = 8A000404
05-27 18:33:33.027   536   536 D commservice260303: msgid = -1979710460,did=138
05-27 18:33:33.027   536   536 D commservice260303: CommProtocolLibCmdBaseI2C::dataproc {"command":{"id":"imu_status","sub":""},"content":{"TimeStamp":9,"FrameCounter":230087,"GD_X":-0.011910883709788322,"GD_Y":0.005420989356935024,"GD_Z":0.0022902146447449923,"AD_X":0.0010977834463119507,"AD_Y":-3.909659571945667E-4,"AD_Z":-0.17190837860107422,"TempDsp":0,"Status":0,"CalibState":1,"SigAmpInvalid":0}},-1979710460
05-27 18:33:33.027   536   536 D commservice260303: send2Cluster len:316, 7B22636F6D6D616E64223A7B226964223A22696D755F737461747573222C22737562223A22227D2C22636F6E74656E74223A7B2254696D655374616D70223A392C224672616D65436F756E746572223A3233303038372C2247445F58223A2D302E3031313931303838333730393738383332322C2247445F59223A302E3030353432303938393335363933353032342C2247445F5A223A302E303032323930323134363434373434393932332C2241445F58223A302E303031303937373833343436333131393530372C2241445F59223A2D332E393039363539353731393435363637452D342C2241445F5A223A2D302E31373139303833373836303130373432322C2254656D70447370223A302C22537461747573223A302C2243616C69625374617465223A312C22536967416D70496E76616C6964223A307D7D, 138 
05-27 18:33:33.027   536   536 D commservice260303: Push Message into SendPool fn=-943652096
05-27 18:33:33.027   536   536 D commservice260303: ComProtocolLibSend2Cluster::send2ClusterRaw fn=-943652096 , len=332
05-27 18:33:33.027   536   536 D commservice260303: sendCmdToPort :332!!!
05-27 18:33:33.027   536   536 D commservice260303: send Cmd To Port ++++5AA501488A010003C1C76A16C87D7B22636F6D6D616E64223A7B226964223A22696D755F737461747573222C22737562223A22227D2C22636F6E74656E74223A7B2254696D655374616D70223A392C224672616D65436F756E746572223A3233303038372C2247445F58223A2D302E3031313931303838333730393738383332322C2247445F59223A302E3030353432303938393335363933353032342C2247445F5A223A302E303032323930323134363434373434393932332C2241445F58223A302E303031303937373833343436333131393530372C2241445F59223A2D332E393039363539353731393435363637452D342C2241445F5A223A2D302E31373139303833373836303130373432322C2254656D70447370223A302C22537461747573223A302C2243616C69625374617465223A312C22536967416D70496E76616C6964223A307D7D237F
05-27 18:33:33.027   536   536 D commservice260303: bufferevent_write retrun value = 0
05-27 18:33:33.028   536   560 D commservice260303: client datas send succeed,send finish
05-27 18:33:33.028 13911 14192 D Sentinelmode_1.2.5.17_sentry: <SentryImuClusterFgeSender>imu_status sent to Linux, frame=230087, tsNs=9880268, tsMs=9, intervalMs=41, ad=(0.0010977834,-3.9096596E-4,-0.17190838), gd=(-0.011910884,0.0054209894,0.0022902146)
05-27 18:33:33.030   581   581 I SpiService: fgesysctrl_getGPIO_status success val=1
05-27 18:33:33.032  1008 30856 D [OMXB]  : usingANWBuffer: handle:0xee744b00, format:1, w:1920, h:1080
05-27 08:24:41.994   581   581 D spi_rst_gpio_get_output: GPIO 145 value: 1
05-27 18:33:33.035   581   581 I SpiService: fgesysctrl_getGPIO_status success val=0
05-27 08:24:42.000   581   581 D spidev_ioctl: gpio status=0)
05-27 18:33:33.040 13911 14183 I SentryImuMcuAngleSender: 179.98598rollDeg
05-27 18:33:33.040 13911 14183 I SentryImuMcuAngleSender: 1,0,0
05-27 18:33:33.046   299 30844 D EvsDriver: forwardFrame
05-27 18:33:33.048  1167  1479 D evsmanagerd: /dev/video6 forwarded the buffer #0 to 0xb4000074bf5f5510 from 0xb4000074bf5f6d90
05-27 18:33:33.048   299 30844 D EvsDriver: Delivered 0xb400007b7ca56900 as id 0
05-27 18:33:33.049   581   581 I SpiService: fgesysctrl_getGPIO_status success val=1
05-27 18:33:33.050   299 30841 D EvsDriver: forwardFrame
05-27 18:33:33.051   299  1153 D EvsDriver: doneWithFrame
05-27 18:33:33.051   299 30841 D EvsDriver: Delivered 0xb400007b7ca56a60 as id 0
05-27 18:33:33.051  1167  1479 D evsmanagerd: /dev/video4 forwarded the buffer #0 to 0xb4000074bf5f6850 from 0xb4000074bf5f41d0
05-27 08:24:42.014   581   581 D spi_rst_gpio_get_output: GPIO 145 value: 1
05-27 08:24:42.014   581   581 D spidev_ioctl: gpio status=1)
05-27 18:33:33.054   299  1153 D EvsDriver: doneWithFrame
05-27 18:33:33.055   581   581 I SpiService: fgesysctrl_getGPIO_status success val=1
05-27 18:33:33.057  1008 30857 D [OMXB]  : usingANWBuffer: handle:0xee742cc0, format:1, w:1920, h:1080
05-27 18:33:33.061 13911 14183 I SentryImuMcuAngleSender: 179.986rollDeg
05-27 18:33:33.061 13911 14183 I SentryImuMcuAngleSender: 1,0,0
05-27 18:33:33.061   581   581 I SpiService: fgesysctrl_getGPIO_status success val=1
05-27 08:24:42.026   581   581 D spi_rst_gpio_get_output: GPIO 145 value: 1
05-27 18:33:33.067   581   581 I SpiService: fgesysctrl_getGPIO_status success val=1
05-27 18:33:33.068   536   536 D commservice260303: msg.id = 1028,0
05-27 18:33:33.068   536   536 D commservice260303: i = 170, msgid = 8A000404
05-27 18:33:33.068   536   536 D commservice260303: msgid = -1979710460,did=138
05-27 18:33:33.068   536   536 D commservice260303: CommProtocolLibCmdBaseI2C::dataproc {"command":{"id":"imu_status","sub":""},"content":{"TimeStamp":9,"FrameCounter":230088,"GD_X":-0.011834942735731602,"GD_Y":0.005802778527140617,"GD_Z":0.0019079053308814764,"AD_X":-0.0025722086429595947,"AD_Y":-3.881568554788828E-4,"AD_Z":-0.16946887969970703,"TempDsp":0,"Status":0,"CalibState":1,"SigAmpInvalid":0}},-1979710460
05-27 18:33:33.068   536   536 D commservice260303: send2Cluster len:317, 7B22636F6D6D616E64223A7B226964223A22696D755F737461747573222C22737562223A22227D2C22636F6E74656E74223A7B2254696D655374616D70223A392C224672616D65436F756E746572223A3233303038382C2247445F58223A2D302E3031313833343934323733353733313630322C2247445F59223A302E3030353830323737383532373134303631372C2247445F5A223A302E303031393037393035333330383831343736342C2241445F58223A2D302E303032353732323038363432393539353934372C2241445F59223A2D332E383831353638353534373838383238452D342C2241445F5A223A2D302E31363934363838373936393937303730332C2254656D70447370223A302C22537461747573223A302C2243616C69625374617465223A312C22536967416D70496E76616C6964223A307D7D, 138 
05-27 18:33:33.068   536   536 D commservice260303: Push Message into SendPool fn=-926874880
05-27 18:33:33.068   536   536 D commservice260303: ComProtocolLibSend2Cluster::send2ClusterRaw fn=-926874880 , len=333
05-27 18:33:33.068   536   536 D commservice260303: sendCmdToPort :333!!!
05-27 18:33:33.068   536   536 D commservice260303: send Cmd To Port ++++5AA501498A010003C1C86A16C87D7B22636F6D6D616E64223A7B226964223A22696D755F737461747573222C22737562223A22227D2C22636F6E74656E74223A7B2254696D655374616D70223A392C224672616D65436F756E746572223A3233303038382C2247445F58223A2D302E3031313833343934323733353733313630322C2247445F59223A302E3030353830323737383532373134303631372C2247445F5A223A302E303031393037393035333330383831343736342C2241445F58223A2D302E303032353732323038363432393539353934372C2241445F59223A2D332E383831353638353534373838383238452D342C2241445F5A223A2D302E31363934363838373936393937303730332C2254656D70447370223A302C22537461747573223A302C2243616C69625374617465223A312C22536967416D70496E76616C6964223A307D7D6DE8
05-27 18:33:33.068   536   536 D commservice260303: bufferevent_write retrun value = 0
05-27 18:33:33.068   536   560 D commservice260303: client datas send succeed,send finish
05-27 18:33:33.068 13911 14192 D Sentinelmode_1.2.5.17_sentry: <SentryImuClusterFgeSender>imu_status sent to Linux, frame=230088, tsNs=9880304, tsMs=9, intervalMs=40, ad=(-0.0025722086,-3.8815686E-4,-0.16946888), gd=(-0.011834943,0.0058027785,0.0019079053)
05-27 18:33:33.072   581   581 I SpiService: fgesysctrl_getGPIO_status success val=1
05-27 08:24:42.037   581   581 D spidev_ioctl: gpio status=1)
05-27 18:33:33.075  1008 30856 D [OMXB]  : usingANWBuffer: handle:0xee741e50, format:1, w:1920, h:1080
05-27 18:33:33.077   299 30841 D EvsDriver: forwardFrame
05-27 18:33:33.079   581   581 I SpiService: fgesysctrl_getGPIO_status success val=0
05-27 18:33:33.079   299 30841 D EvsDriver: Delivered 0xb400007b7ca56a60 as id 0
05-27 18:33:33.079  1167  1479 D evsmanagerd: /dev/video4 forwarded the buffer #0 to 0xb4000074bf5f6850 from 0xb4000074bf5f41d0
05-27 08:24:42.043   581   581 D spidev_ioctl: gpio status=0)
05-27 18:33:33.082 13911 14183 I SentryImuMcuAngleSender: 179.99649rollDeg
05-27 18:33:33.082   299  1153 D EvsDriver: doneWithFrame
05-27 18:33:33.082 13911 14183 I SentryImuMcuAngleSender: 1,0,0
05-27 18:33:33.083 30773 30786 I dvr_service_: CameraX 0  audioOK: 143430603,audios:2100
05-27 18:33:33.090   572   572 I Sensors : 230 GyroSensor: x:-0.011759,y:0.005192,z:0.001985
05-27 18:33:33.090   299 30844 D EvsDriver: forwardFrame
05-27 18:33:33.092   283   307 I rvcservice: t.code = 1, t.value = -168360
05-27 18:33:33.093   299 30844 D EvsDriver: Delivered 0xb400007b7ca56900 as id 0
05-27 18:33:33.093  1167  1479 D evsmanagerd: /dev/video6 forwarded the buffer #0 to 0xb4000074bf5f5510 from 0xb4000074bf5f6d90
05-27 18:33:33.095   299  1153 D EvsDriver: doneWithFrame
05-27 18:33:33.096   581   581 I SpiService: fgesysctrl_getGPIO_status success val=1
05-27 18:33:33.096   481   598 I mcuc    : rev,n=1,6AA681C705000A8900B501040911123456B0
05-27 18:33:33.097   351   373 D automotive.vehicle@2.0-adayo-datacomm-mcu: MCUDatacomm sendMessageFromVehicle prop: 0x89, areaId: 0x0, status: 0xb5, timestamp: 0x1
05-27 18:33:33.097  1121  1144 I tboxmids_ap: [2026-05-27 18:33:33.097] [MCU RX] src=MCU dst=ZMQ len=10 type=BINARY data=00 08 B5 01 04 09 11 12 34 56 
05-27 18:33:33.097   351   373 D automotive.vehicle@2.0-adayo-datacomm-mcu: MCUDatacomm 1sendMessageFromVehicle ---> type = 12 
05-27 18:33:33.097  1008 30857 D [OMXB]  : usingANWBuffer: handle:0xee746aa0, format:1, w:1920, h:1080
05-27 18:33:33.099  1083  1083 I MyAppLog: [2026-05-27 18:33:33.098 I tboxap mcuCommTboxmidsRecvCb:97] [Mcu] [mcuCommTboxmidsRecvCb] recv from tboxmids, size:10
05-27 18:33:33.099  1083  1083 I MyAppLog: [2026-05-27 18:33:33.098 I tboxap mcuCommTboxmidsRecvCb:98] [Mcu] [tboxmids -> tboxap]: :00 08 B5 01 04 09 11 12 34 56
05-27 18:33:33.099  1083  1083 W MyAppLog: [2026-05-27 18:33:33.098 W tboxap mcuYadiFrameParse:852] [Mcu] [mcuYadiFrameParse] cmd:0911(MCU_VHL_DYNAMIC_DATA_IND) payload too short:5 < 54
05-27 18:33:33.100  1083  1083 W MyAppLog: [2026-05-27 18:33:33.098 W tboxap mcuPtlParseData:982] [Mcu] [mcuPtlParseData] invalid yadi frame, len:10
05-27 18:33:33.102   581   581 I SpiService: fgesysctrl_getGPIO_status success val=1
05-27 18:33:33.104 13911 14183 I SentryImuMcuAngleSender: 179.993rollDeg
05-27 18:33:33.104 13911 14183 I SentryImuMcuAngleSender: 1,0,0
05-27 18:33:33.108   581   581 I SpiService: fgesysctrl_getGPIO_status success val=1
05-27 18:33:33.109   536   536 D commservice260303: msg.id = 1028,1
05-27 18:33:33.109   536   536 D commservice260303: i = 170, msgid = 8A000404
05-27 18:33:33.109   536   536 D commservice260303: msgid = -1979710460,did=138
05-27 18:33:33.109   536   536 D commservice260303: CommProtocolLibCmdBaseI2C::dataproc {"command":{"id":"imu_status","sub":""},"content":{"TimeStamp":9,"FrameCounter":230089,"GD_X":-0.011759000830352306,"GD_Y":0.00519212381914258,"GD_Z":0.0019848872907459736,"AD_X":-0.003788784146308899,"AD_Y":-0.001594960456714034,"AD_Z":-0.16946887969970703,"TempDsp":0,"Status":0,"CalibState":1,"SigAmpInvalid":0}},-1979710460
05-27 18:33:33.109   536   536 D commservice260303: send2Cluster len:315, 7B22636F6D6D616E64223A7B226964223A22696D755F737461747573222C22737562223A22227D2C22636F6E74656E74223A7B2254696D655374616D70223A392C224672616D65436F756E746572223A3233303038392C2247445F58223A2D302E3031313735393030303833303335323330362C2247445F59223A302E30303531393231323338313931343235382C2247445F5A223A302E303031393834383837323930373435393733362C2241445F58223A2D302E3030333738383738343134363330383839392C2241445F59223A2D302E3030313539343936303435363731343033342C2241445F5A223A2D302E31363934363838373936393937303730332C2254656D70447370223A302C22537461747573223A302C2243616C69625374617465223A312C22536967416D70496E76616C6964223A307D7D, 138 
05-27 18:33:33.109   536   536 D commservice260303: Push Message into SendPool fn=-910097664
05-27 18:33:33.109   536   536 D commservice260303: ComProtocolLibSend2Cluster::send2ClusterRaw fn=-910097664 , len=331
05-27 18:33:33.109   536   536 D commservice260303: sendCmdToPort :331!!!
05-27 18:33:33.109   536   536 D commservice260303: send Cmd To Port ++++5AA501478A010003C1C96A16C87D7B22636F6D6D616E64223A7B226964223A22696D755F737461747573222C22737562223A22227D2C22636F6E74656E74223A7B2254696D655374616D70223A392C224672616D65436F756E746572223A3233303038392C2247445F58223A2D302E3031313735393030303833303335323330362C2247445F59223A302E30303531393231323338313931343235382C2247445F5A223A302E303031393834383837323930373435393733362C2241445F58223A2D302E3030333738383738343134363330383839392C2241445F59223A2D302E3030313539343936303435363731343033342C2241445F5A223A2D302E31363934363838373936393937303730332C2254656D70447370223A302C22537461747573223A302C2243616C69625374617465223A312C22536967416D70496E76616C6964223A307D7D7A40
05-27 18:33:33.110   536   536 D commservice260303: bufferevent_write retrun value = 0
05-27 18:33:33.110   536   560 D commservice260303: client datas send succeed,send finish
05-27 18:33:33.110 13911 14192 D Sentinelmode_1.2.5.17_sentry: <SentryImuClusterFgeSender>imu_status sent to Linux, frame=230089, tsNs=9880340, tsMs=9, intervalMs=41, ad=(-0.0037887841,-0.0015949605,-0.16946888), gd=(-0.011759001,0.005192124,0.0019848873)
05-27 18:33:33.112  1008 30856 D [OMXB]  : usingANWBuffer: handle:0xee744790, format:1, w:1920, h:1080
05-27 18:33:33.114   581   581 I SpiService: fgesysctrl_getGPIO_status success val=1
05-27 08:24:42.079   581   581 D spidev_ioctl: gpio status=1)
05-27 18:33:33.119   299 30841 D EvsDriver: forwardFrame
05-27 18:33:33.120   581   581 I SpiService: fgesysctrl_getGPIO_status success val=0
05-27 18:33:33.121   299 30844 D EvsDriver: forwardFrame
05-27 18:33:33.121   481   597 I mcuc    : send SPI:6AA602C70500028900A7
05-27 18:33:33.121   299 30841 D EvsDriver: Delivered 0xb400007b7ca56a60 as id 0
05-27 18:33:33.121  1167  1479 D evsmanagerd: /dev/video4 forwarded the buffer #0 to 0xb4000074bf5f6850 from 0xb4000074bf5f41d0
05-27 18:33:33.121 30773 30773 E dvr_service_: [myNum:0] Received S**** loss
05-27 18:33:33.123  1167  1479 D evsmanagerd: /dev/video6 forwarded the buffer #0 to 0xb4000074bf5f5510 from 0xb4000074bf5f6d90
05-27 18:33:33.123   299 30844 D EvsDriver: Delivered 0xb400007b7ca56900 as id 0
05-27 18:33:33.123 30773 30773 E dvr_service_: [myNum:1] Received S**** loss
05-27 18:33:33.123   299  1153 D EvsDriver: doneWithFrame
05-27 18:33:33.123   299  1163 D EvsDriver: doneWithFrame
05-27 18:33:33.124 13911 14183 I SentryImuMcuAngleSender: 179.97899rollDeg
05-27 18:33:33.124 13911 14183 I SentryImuMcuAngleSender: 1,0,0
05-27 18:33:33.129  1008 30857 D [OMXB]  : usingANWBuffer: handle:0xee742f80, format:1, w:1920, h:1080
05-27 18:33:33.135   581   581 I SpiService: fgesysctrl_getGPIO_status success val=1
05-27 18:33:33.135   481   598 I mcuc    : rev,n=1,6AA681C706000A8900B601040903123456BC
05-27 18:33:33.136   351   373 D automotive.vehicle@2.0-adayo-datacomm-mcu: MCUDatacomm sendMessageFromVehicle prop: 0x89, areaId: 0x0, status: 0xb6, timestamp: 0x1
05-27 18:33:33.136  1121  1144 I tboxmids_ap: [2026-05-27 18:33:33.136] [MCU RX] src=MCU dst=ZMQ len=10 type=BINARY data=00 08 B6 01 04 09 03 12 34 56 
05-27 18:33:33.136   351   373 D automotive.vehicle@2.0-adayo-datacomm-mcu: MCUDatacomm 1sendMessageFromVehicle ---> type = 12 
05-27 08:24:42.100   581   581 D spidev_ioctl: gpio status=1)
05-27 18:33:33.137  1083  1083 I MyAppLog: [2026-05-27 18:33:33.137 I tboxap mcuCommTboxmidsRecvCb:97] [Mcu] [mcuCommTboxmidsRecvCb] recv from tboxmids, size:10
05-27 18:33:33.137  1083  1083 I MyAppLog: [2026-05-27 18:33:33.137 I tboxap mcuCommTboxmidsRecvCb:98] [Mcu] [tboxmids -> tboxap]: :00 08 B6 01 04 09 03 12 34 56
05-27 18:33:33.137  1083  1083 I MyAppLog: [2026-05-27 18:33:33.137 I tboxap mcuPtlParseData:990] [Mcu] [Mcu  Parse]: (cmd):0903 (param):0903123456
05-27 18:33:33.137  1083  1083 W MyAppLog: [2026-05-27 18:33:33.137 W tboxap mcuParamDataRevPack:918] [Mcu] mcuParamDataRevPack start pack data!!!
05-27 18:33:33.137  1083  1083 W MyAppLog: [2026-05-27 18:33:33.137 W tboxap mcuHandlePowerResultInd:1777] [Mcu] [mcuHandlePowerResultInd] recv 0x0903 power result type:0x12 result:0x34
05-27 18:33:33.141   581   581 I SpiService: fgesysctrl_getGPIO_status success val=1
05-27 18:33:33.143  1008 30856 D [OMXB]  : usingANWBuffer: handle:0xee744fd0, format:1, w:1920, h:1080
05-27 18:33:33.144   299 30841 D EvsDriver: forwardFrame
05-27 18:33:33.145 13911 14183 I SentryImuMcuAngleSender: 180.0rollDeg
05-27 18:33:33.145 13911 14183 I SentryImuMcuAngleSender: 1,0,0
05-27 18:33:33.145   299 30841 D EvsDriver: Delivered 0xb400007b7ca56a60 as id 0
05-27 18:33:33.145  1167  1479 D evsmanagerd: /dev/video4 forwarded the buffer #0 to 0xb4000074bf5f6850 from 0xb4000074bf5f41d0
05-27 18:33:33.146   299 30844 D EvsDriver: forwardFrame
05-27 18:33:33.146   581   581 I SpiService: fgesysctrl_getGPIO_status success val=1
05-27 18:33:33.148  1167  1479 D evsmanagerd: /dev/video6 forwarded the buffer #0 to 0xb4000074bf5f5510 from 0xb4000074bf5f6d90
05-27 18:33:33.148   299 30844 D EvsDriver: Delivered 0xb400007b7ca56900 as id 0
05-27 08:24:42.111   581   581 D spi_rst_gpio_get_output: GPIO 145 value: 1
05-27 08:24:42.111   581   581 D spidev_ioctl: gpio status=1)
05-27 18:33:33.152   581   581 I SpiService: fgesysctrl_getGPIO_status success val=1
05-27 18:33:33.152   536   536 D commservice260303: msg.id = 1028,1
05-27 18:33:33.152   536   536 D commservice260303: i = 170, msgid = 8A000404
05-27 18:33:33.152   536   536 D commservice260303: msgid = -1979710460,did=138
05-27 18:33:33.152   536   536 D commservice260303: CommProtocolLibCmdBaseI2C::dataproc {"command":{"id":"imu_status","sub":""},"content":{"TimeStamp":9,"FrameCounter":230090,"GD_X":-0.010994902811944485,"GD_Y":0.004733873065561056,"GD_Z":0.0021378109231591225,"AD_X":-0.0031806528568267822,"AD_Y":-0.0028075624722987413,"AD_Z":-0.1743488311767578,"TempDsp":0,"Status":0,"CalibState":1,"SigAmpInvalid":0}},-1979710460
05-27 18:33:33.152   536   536 D commservice260303: send2Cluster len:317, 7B22636F6D6D616E64223A7B226964223A22696D755F737461747573222C22737562223A22227D2C22636F6E74656E74223A7B2254696D655374616D70223A392C224672616D65436F756E746572223A3233303039302C2247445F58223A2D302E3031303939343930323831313934343438352C2247445F59223A302E3030343733333837333036353536313035362C2247445F5A223A302E303032313337383130393233313539313232352C2241445F58223A2D302E303033313830363532383536383236373832322C2241445F59223A2D302E303032383037353632343732323938373431332C2241445F5A223A2D302E313734333438383331313736373537382C2254656D70447370223A302C22537461747573223A302C2243616C69625374617465223A312C22536967416D70496E76616C6964223A307D7D, 138 
05-27 18:33:33.152   536   536 D commservice260303: Push Message into SendPool fn=-893320448
05-27 18:33:33.152   536   536 D commservice260303: ComProtocolLibSend2Cluster::send2ClusterRaw fn=-893320448 , len=333
05-27 18:33:33.152 13911 13911 I Sentinelmode_1.2.5.17_sentry: <SentinelCarServiceManager>sensorType:291504647
05-27 18:33:33.152   536   536 D commservice260303: sendCmdToPort :333!!!
05-27 18:33:33.152   536   536 D commservice260303: send Cmd To Port ++++5AA501498A010003C1CA6A16C87D7B22636F6D6D616E64223A7B226964223A22696D755F737461747573222C22737562223A22227D2C22636F6E74656E74223A7B2254696D655374616D70223A392C224672616D65436F756E746572223A3233303039302C2247445F58223A2D302E3031303939343930323831313934343438352C2247445F59223A302E3030343733333837333036353536313035362C2247445F5A223A302E303032313337383130393233313539313232352C2241445F58223A2D302E303033313830363532383536383236373832322C2241445F59223A2D302E303032383037353632343732323938373431332C2241445F5A223A2D302E313734333438383331313736373537382C2254656D70447370223A302C22537461747573223A302C2243616C69625374617465223A312C22536967416D70496E76616C6964223A307D7D392A
05-27 18:33:33.153   536   536 D commservice260303: bufferevent_write retrun value = 0
05-27 18:33:33.153   536   560 D commservice260303: client datas send succeed,send finish
05-27 18:33:33.153 13911 14192 D Sentinelmode_1.2.5.17_sentry: <SentryImuClusterFgeSender>imu_status sent to Linux, frame=230090, tsNs=9880393, tsMs=9, intervalMs=43, ad=(-0.0031806529,-0.0028075625,-0.17434883), gd=(-0.010994903,0.004733873,0.002137811)
05-27 18:33:33.153   299  1153 D EvsDriver: doneWithFrame
05-27 18:33:33.155   299  1153 D EvsDriver: doneWithFrame
05-27 18:33:33.158   581   581 I SpiService: fgesysctrl_getGPIO_status success val=0
05-27 18:33:33.158   481   597 I mcuc    : send SPI:6AA602C70600028900A6
05-27 18:33:33.166 13911 14183 I SentryImuMcuAngleSender: 179.99649rollDeg
05-27 18:33:33.166 13911 14183 I SentryImuMcuAngleSender: 1,0,0
05-27 18:33:33.169  1008 30857 D [OMXB]  : usingANWBuffer: handle:0xee7407a0, format:1, w:1920, h:1080
05-27 18:33:33.173   581   581 I SpiService: fgesysctrl_getGPIO_status success val=1
05-27 08:24:42.137   581   581 D spidev_ioctl: gpio status=1)
05-27 18:33:33.178   581   581 I SpiService: fgesysctrl_getGPIO_status success val=1
05-27 18:33:33.181   299 30844 D EvsDriver: forwardFrame
05-27 18:33:33.183   299 30844 D EvsDriver: Delivered 0xb400007b7ca56900 as id 0
05-27 18:33:33.183  1167  1167 D evsmanagerd: /dev/video6 forwarded the buffer #0 to 0xb4000074bf5f5510 from 0xb4000074bf5f6d90
05-27 18:33:33.183   299 30841 D EvsDriver: forwardFrame
05-27 18:33:33.184   581   581 I SpiService: fgesysctrl_getGPIO_status success val=1
05-27 18:33:33.185   299 30841 D EvsDriver: Delivered 0xb400007b7ca56a60 as id 0
05-27 08:24:42.149   581   581 D spi_rst_gpio_get_output: GPIO 145 value: 1
05-27 18:33:33.185  1167  1167 D evsmanagerd: /dev/video4 forwarded the buffer #0 to 0xb4000074bf5f6850 from 0xb4000074bf5f41d0
05-27 08:24:42.149   581   581 D spidev_ioctl: gpio status=1)
05-27 18:33:33.186  1008 30856 D [OMXB]  : usingANWBuffer: handle:0xee740e80, format:1, w:1920, h:1080
05-27 18:33:33.187 13911 14183 I SentryImuMcuAngleSender: 179.986rollDeg
05-27 18:33:33.187 13911 14183 I SentryImuMcuAngleSender: 1,0,0
05-27 08:24:42.155   581   581 D spi_rst_gpio_get_output: GPIO 145 value: 1
05-27 18:33:33.189   299  1153 D EvsDriver: doneWithFrame
05-27 18:33:33.190   299  1163 D EvsDriver: doneWithFrame
05-27 18:33:33.190   581   581 I SpiService: fgesysctrl_getGPIO_status success val=1
05-27 18:33:33.192   283   307 I rvcservice: t.code = 3, t.value = 0
05-27 18:33:33.193   536   536 D commservice260303: msg.id = 1028,3
05-27 18:33:33.193   536   536 D commservice260303: i = 170, msgid = 8A000404
05-27 18:33:33.193   536   536 D commservice260303: msgid = -1979710460,did=138
05-27 18:33:33.193   536   536 D commservice260303: CommProtocolLibCmdBaseI2C::dataproc {"command":{"id":"imu_status","sub":""},"content":{"TimeStamp":9,"FrameCounter":230091,"GD_X":-0.012063807807862759,"GD_Y":0.005039200186729431,"GD_Z":0.002900869119912386,"AD_X":-0.0019602179527282715,"AD_Y":-3.5930355079472065E-4,"AD_Z":-0.16946887969970703,"TempDsp":0,"Status":0,"CalibState":1,"SigAmpInvalid":0}},-1979710460
05-27 18:33:33.194   536   536 D commservice260303: send2Cluster len:317, 7B22636F6D6D616E64223A7B226964223A22696D755F737461747573222C22737562223A22227D2C22636F6E74656E74223A7B2254696D655374616D70223A392C224672616D65436F756E746572223A3233303039312C2247445F58223A2D302E3031323036333830373830373836323735392C2247445F59223A302E3030353033393230303138363732393433312C2247445F5A223A302E3030323930303836393131393931323338362C2241445F58223A2D302E303031393630323137393532373238323731352C2241445F59223A2D332E35393330333535303739343732303635452D342C2241445F5A223A2D302E31363934363838373936393937303730332C2254656D70447370223A302C22537461747573223A302C2243616C69625374617465223A312C22536967416D70496E76616C6964223A307D7D, 138 
05-27 18:33:33.194   536   536 D commservice260303: Push Message into SendPool fn=-876543232
05-27 18:33:33.194   536   536 D commservice260303: ComProtocolLibSend2Cluster::send2ClusterRaw fn=-876543232 , len=333
05-27 18:33:33.194   536   536 D commservice260303: sendCmdToPort :333!!!
05-27 18:33:33.194   536   536 D commservice260303: send Cmd To Port ++++5AA501498A010003C1CB6A16C87D7B22636F6D6D616E64223A7B226964223A22696D755F737461747573222C22737562223A22227D2C22636F6E74656E74223A7B2254696D655374616D70223A392C224672616D65436F756E746572223A3233303039312C2247445F58223A2D302E3031323036333830373830373836323735392C2247445F59223A302E3030353033393230303138363732393433312C2247445F5A223A302E3030323930303836393131393931323338362C2241445F58223A2D302E303031393630323137393532373238323731352C2241445F59223A2D332E35393330333535303739343732303635452D342C2241445F5A223A2D302E31363934363838373936393937303730332C2254656D70447370223A302C22537461747573223A302C2243616C69625374617465223A312C22536967416D70496E76616C6964223A307D7D4B2A
05-27 18:33:33.194   536   536 D commservice260303: bufferevent_write retrun value = 0
05-27 18:33:33.194   536   560 D commservice260303: client datas send succeed,send finish
05-27 18:33:33.195 13911 14192 D Sentinelmode_1.2.5.17_sentry: <SentryImuClusterFgeSender>imu_status sent to Linux, frame=230091, tsNs=9880429, tsMs=9, intervalMs=42, ad=(-0.001960218,-3.5930355E-4,-0.16946888), gd=(-0.012063808,0.0050392,0.0029008691)
05-27 18:33:33.195 13911 14183 I SentryImuMcuAngleSender: [4, 18, 1, 0, 0],5
05-27 18:33:33.195 13911 14183 I McuCommManager: mcuCommSendcmd [4, 18, 1, 0, 0]
05-27 18:33:33.197   581   581 I SpiService: fgesysctrl_getGPIO_status success val=0
05-27 18:33:33.197   481   597 I mcuc    : send SPI:6AA6006C9B00050412010000DD
05-27 18:33:33.197 13911 14183 I SentryImuMcuAngleSender: true
05-27 18:33:33.197 13911 14183 W Sentinelmode_1.2.5.17_sentry: <SentryImuMcuAngleSender>MCU IMU send interval abnormal: 1001ms
05-27 18:33:33.198   572   572 I Sensors : 230 AccelSensor: x:-0.167749,y:0.003659,z:-9.975330
05-27 08:24:42.162   581   581 D spi_rst_gpio_get_output: GPIO 145 value: 0
05-27 08:24:42.162   581   581 D spidev_ioctl: gpio status=0)
05-27 18:33:33.203  1008 30857 D [OMXB]  : usingANWBuffer: handle:0xee740220, format:1, w:1920, h:1080
05-27 18:33:33.208 13911 14183 I SentryImuMcuAngleSender: 179.97899rollDeg
05-27 18:33:33.208 13911 14183 I SentryImuMcuAngleSender: 1,0,0
05-27 18:33:33.212   581   581 I SpiService: fgesysctrl_getGPIO_status success val=1
05-27 08:24:42.177   581   581 D spi_rst_gpio_get_output: GPIO 145 value: 1
05-27 08:24:42.177   581   581 D spidev_ioctl: gpio status=1)
05-27 18:33:33.217   581   581 I SpiService: fgesysctrl_getGPIO_status success val=1
05-27 18:33:33.218  1008 30856 D [OMXB]  : usingANWBuffer: handle:0xee746cb0, format:1, w:1920, h:1080
05-27 18:33:33.219   299 30844 D EvsDriver: forwardFrame
05-27 08:24:42.182   581   581 D spidev_ioctl: gpio status=1)
05-27 18:33:33.222   299 30841 D EvsDriver: forwardFrame
05-27 18:33:33.223   299 30844 D EvsDriver: Delivered 0xb400007b7ca56900 as id 0
05-27 18:33:33.223  1167  1167 D evsmanagerd: /dev/video6 forwarded the buffer #0 to 0xb4000074bf5f5510 from 0xb4000074bf5f6d90
05-27 18:33:33.223   581   581 I SpiService: fgesysctrl_getGPIO_status success val=1
05-27 08:24:42.188   581   581 D spi_rst_gpio_get_output: GPIO 145 value: 1
05-27 08:24:42.188   581   581 D spidev_ioctl: gpio status=1)
05-27 18:33:33.226  1167  1167 D evsmanagerd: /dev/video4 forwarded the buffer #0 to 0xb4000074bf5f6850 from 0xb4000074bf5f41d0
05-27 18:33:33.226   299 30841 D EvsDriver: Delivered 0xb400007b7ca56a60 as id 0
05-27 18:33:33.229   299  1163 D EvsDriver: doneWithFrame
05-27 18:33:33.229 13911 14183 I SentryImuMcuAngleSender: 179.97899rollDeg
05-27 18:33:33.229 13911 14183 I SentryImuMcuAngleSender: 1,0,0
05-27 18:33:33.230   581   581 I SpiService: fgesysctrl_getGPIO_status success val=1
05-27 18:33:33.233   536   536 D commservice260303: msg.id = 1028,1
05-27 18:33:33.233   536   536 D commservice260303: i = 170, msgid = 8A000404
05-27 18:33:33.233   536   536 D commservice260303: msgid = -1979710460,did=138
05-27 18:33:33.233   536   536 D commservice260303: CommProtocolLibCmdBaseI2C::dataproc {"command":{"id":"imu_status","sub":""},"content":{"TimeStamp":9,"FrameCounter":230092,"GD_X":-0.011834942735731602,"GD_Y":0.005879240110516548,"GD_Z":0.0022902146447449923,"AD_X":-0.002575621008872986,"AD_Y":8.548384066671133E-4,"AD_Z":-0.17190837860107422,"TempDsp":0,"Status":0,"CalibState":1,"SigAmpInvalid":0}},-1979710460
05-27 18:33:33.233   536   536 D commservice260303: send2Cluster len:315, 7B22636F6D6D616E64223A7B226964223A22696D755F737461747573222C22737562223A22227D2C22636F6E74656E74223A7B2254696D655374616D70223A392C224672616D65436F756E746572223A3233303039322C2247445F58223A2D302E3031313833343934323733353733313630322C2247445F59223A302E3030353837393234303131303531363534382C2247445F5A223A302E303032323930323134363434373434393932332C2241445F58223A2D302E3030323537353632313030383837323938362C2241445F59223A382E353438333834303636363731313333452D342C2241445F5A223A2D302E31373139303833373836303130373432322C2254656D70447370223A302C22537461747573223A302C2243616C69625374617465223A312C22536967416D70496E76616C6964223A307D7D, 138 
05-27 18:33:33.233   536   536 D commservice260303: Push Message into SendPool fn=-859766016
05-27 18:33:33.233   536   536 D commservice260303: ComProtocolLibSend2Cluster::send2ClusterRaw fn=-859766016 , len=331
05-27 18:33:33.233   536   536 D commservice260303: sendCmdToPort :331!!!
05-27 18:33:33.233   536   536 D commservice260303: send Cmd To Port ++++5AA501478A010003C1CC6A16C87D7B22636F6D6D616E64223A7B226964223A22696D755F737461747573222C22737562223A22227D2C22636F6E74656E74223A7B2254696D655374616D70223A392C224672616D65436F756E746572223A3233303039322C2247445F58223A2D302E3031313833343934323733353733313630322C2247445F59223A302E3030353837393234303131303531363534382C2247445F5A223A302E303032323930323134363434373434393932332C2241445F58223A2D302E3030323537353632313030383837323938362C2241445F59223A382E353438333834303636363731313333452D342C2241445F5A223A2D302E31373139303833373836303130373432322C2254656D70447370223A302C22537461747573223A302C2243616C69625374617465223A312C22536967416D70496E76616C6964223A307D7DEA42
05-27 18:33:33.233   536   536 D commservice260303: bufferevent_write retrun value = 0
05-27 18:33:33.233   536   560 D commservice260303: client datas send succeed,send finish
05-27 18:33:33.234 13911 14192 D Sentinelmode_1.2.5.17_sentry: <SentryImuClusterFgeSender>imu_status sent to Linux, frame=230092, tsNs=9880465, tsMs=9, intervalMs=39, ad=(-0.002575621,8.548384E-4,-0.17190838), gd=(-0.011834943,0.00587924,0.0022902146)
05-27 18:33:33.234   299  1163 D EvsDriver: doneWithFrame
05-27 18:33:33.235   581   581 I SpiService: fgesysctrl_getGPIO_status success val=1
05-27 08:24:42.200   581   581 D spi_rst_gpio_get_output: GPIO 145 value: 1
05-27 18:33:33.240  1008 30857 D [OMXB]  : usingANWBuffer: handle:0xee744630, format:1, w:1920, h:1080
05-27 18:33:33.241   581   581 I SpiService: fgesysctrl_getGPIO_status success val=0
05-27 18:33:33.246   299 30841 D EvsDriver: forwardFrame
05-27 18:33:33.249   299 30841 D EvsDriver: Delivered 0xb400007b7ca56a60 as id 0
05-27 18:33:33.249   299 30844 D EvsDriver: forwardFrame
05-27 18:33:33.249  1167  1167 D evsmanagerd: /dev/video4 forwarded the buffer #0 to 0xb4000074bf5f6850 from 0xb4000074bf5f41d0
05-27 18:33:33.250 13911 14183 I SentryImuMcuAngleSender: 179.98248rollDeg
05-27 18:33:33.250 13911 14183 I SentryImuMcuAngleSender: 1,0,0
05-27 18:33:33.251   299 30844 D EvsDriver: Delivered 0xb400007b7ca56900 as id 0
05-27 18:33:33.251  1167  1167 D evsmanagerd: /dev/video6 forwarded the buffer #0 to 0xb4000074bf5f5510 from 0xb4000074bf5f6d90
05-27 18:33:33.255   299  1163 D EvsDriver: doneWithFrame
05-27 18:33:33.256   299  1163 D EvsDriver: doneWithFrame
05-27 18:33:33.258   481   598 I mcuc    : rev,n=1,6AA681C707000A8900B701040910123456AD
05-27 18:33:33.258  1121  1144 I tboxmids_ap: [2026-05-27 18:33:33.258] [MCU RX] src=MCU dst=ZMQ len=10 type=BINARY data=00 08 B7 01 04 09 10 12 34 56 
05-27 18:33:33.258  1008 30856 D [OMXB]  : usingANWBuffer: handle:0xee744160, format:1, w:1920, h:1080
05-27 18:33:33.259   351   373 D automotive.vehicle@2.0-adayo-datacomm-mcu: MCUDatacomm sendMessageFromVehicle prop: 0x89, areaId: 0x0, status: 0xb7, timestamp: 0x1
05-27 18:33:33.259   351   373 D automotive.vehicle@2.0-adayo-datacomm-mcu: MCUDatacomm 1sendMessageFromVehicle ---> type = 12 
05-27 18:33:33.260 11344 11344 E SystemUI_NavBarFragment: SysUIConfig.icCarServiceConnected：false
05-27 18:33:33.260   581   581 I SpiService: fgesysctrl_getGPIO_status success val=1
05-27 18:33:33.261  1083  1083 I MyAppLog: [2026-05-27 18:33:33.260 I tboxap mcuCommTboxmidsRecvCb:97] [Mcu] [mcuCommTboxmidsRecvCb] recv from tboxmids, size:10
05-27 18:33:33.261  1083  1083 I MyAppLog: [2026-05-27 18:33:33.260 I tboxap mcuCommTboxmidsRecvCb:98] [Mcu] [tboxmids -> tboxap]: :00 08 B7 01 04 09 10 12 34 56
05-27 18:33:33.261  1083  1083 I MyAppLog: [2026-05-27 18:33:33.260 I tboxap mcuPtlParseData:990] [Mcu] [Mcu  Parse]: (cmd):0910 (param):0910123456
05-27 18:33:33.261  1083  1083 W MyAppLog: [2026-05-27 18:33:33.260 W tboxap mcuParamDataRevPack:918] [Mcu] mcuParamDataRevPack start pack data!!!
05-27 18:33:33.261  1041  1051 I ThermalCvtGovernor: soc(default) curTemp: 90830 tripTemp: 95000 setPollingDelay: 2000
05-27 18:33:33.261  1083  1083 I MyAppLog: [2026-05-27 18:33:33.260 I tboxap MCU_BATT_STATIC_DATA_IND_McuInd:515] [Mcu] [MCU_BATT_STATIC_DATA_IND_McuInd] staticData type:0x12 len:5
05-27 18:33:33.266   581   581 I SpiService: fgesysctrl_getGPIO_status success val=1
05-27 18:33:33.267   351   351 D DefaultVehicleHal: setProperty setValues start
05-27 18:33:33.267   351   351 D 2026-5-19:FakeVehicleHardware: setProperty FakeVehicleHardware  ID: 0x11500f31
05-27 18:33:33.267   351   351 D 2026-5-19:FakeVehicleHardware: setProperty id:0x11500f31,value:9880517
05-27 18:33:33.267   351   351 D DefaultVehicleHal: setProperty setValues end
05-27 18:33:33.267   351   368 D 2026-5-19:FakeVehicleHardware: setProperty FakeVehicleHardware  setValue START
05-27 18:33:33.267   351   368 D 2026-5-19:FakeVehicleHardware: setProperty FakeVehicleHardware  setValue end
05-27 18:33:33.271 13911 14183 I SentryImuMcuAngleSender: 179.96497rollDeg
05-27 18:33:33.271 13911 14183 I SentryImuMcuAngleSender: 1,0,0
05-27 18:33:33.271   581   581 I SpiService: fgesysctrl_getGPIO_status success val=1
05-27 18:33:33.273   536   536 D commservice260303: msg.id = 1028,0
05-27 18:33:33.273   536   536 D commservice260303: i = 170, msgid = 8A000404
05-27 18:33:33.273   536   536 D commservice260303: msgid = -1979710460,did=138
05-27 18:33:33.273   536   536 D commservice260303: CommProtocolLibCmdBaseI2C::dataproc {"command":{"id":"imu_status","sub":""},"content":{"TimeStamp":9,"FrameCounter":230093,"GD_X":-0.011834942735731602,"GD_Y":0.005573912989348173,"GD_Z":0.0022902146447449923,"AD_X":-0.0037950873374938965,"AD_Y":0.0032783409114927053,"AD_Z":-0.17068862915039062,"TempDsp":0,"Status":0,"CalibState":1,"SigAmpInvalid":0}},-1979710460
05-27 18:33:33.273   536   536 D commservice260303: send2Cluster len:317, 7B22636F6D6D616E64223A7B226964223A22696D755F737461747573222C22737562223A22227D2C22636F6E74656E74223A7B2254696D655374616D70223A392C224672616D65436F756E746572223A3233303039332C2247445F58223A2D302E3031313833343934323733353733313630322C2247445F59223A302E3030353537333931323938393334383137332C2247445F5A223A302E303032323930323134363434373434393932332C2241445F58223A2D302E303033373935303837333337343933383936352C2241445F59223A302E303033323738333430393131343932373035332C2241445F5A223A2D302E31373036383836323931353033393036322C2254656D70447370223A302C22537461747573223A302C2243616C69625374617465223A312C22536967416D70496E76616C6964223A307D7D, 138 
05-27 18:33:33.273   536   536 D commservice260303: Push Message into SendPool fn=-842988800
05-27 18:33:33.273   536   536 D commservice260303: ComProtocolLibSend2Cluster::send2ClusterRaw fn=-842988800 , len=333
05-27 18:33:33.273   536   536 D commservice260303: sendCmdToPort :333!!!
05-27 18:33:33.274   536   536 D commservice260303: send Cmd To Port ++++5AA501498A010003C1CD6A16C87D7B22636F6D6D616E64223A7B226964223A22696D755F737461747573222C22737562223A22227D2C22636F6E74656E74223A7B2254696D655374616D70223A392C224672616D65436F756E746572223A3233303039332C2247445F58223A2D302E3031313833343934323733353733313630322C2247445F59223A302E3030353537333931323938393334383137332C2247445F5A223A302E303032323930323134363434373434393932332C2241445F58223A2D302E303033373935303837333337343933383936352C2241445F59223A302E303033323738333430393131343932373035332C2241445F5A223A2D302E31373036383836323931353033393036322C2254656D70447370223A302C22537461747573223A302C2243616C69625374617465223A312C22536967416D70496E76616C6964223A307D7D650F
05-27 18:33:33.274   536   536 D commservice260303: bufferevent_write retrun value = 0
05-27 18:33:33.274   536   560 D commservice260303: client datas send succeed,send finish
05-27 18:33:33.274 13911 14192 D Sentinelmode_1.2.5.17_sentry: <SentryImuClusterFgeSender>imu_status sent to Linux, frame=230093, tsNs=9880519, tsMs=9, intervalMs=41, ad=(-0.0037950873,0.003278341,-0.17068863), gd=(-0.011834943,0.005573913,0.0022902146)
05-27 18:33:33.274  1008 30857 D [OMXB]  : usingANWBuffer: handle:0xee743500, format:1, w:1920, h:1080
05-27 18:33:33.277   581   581 I SpiService: fgesysctrl_getGPIO_status success val=1
05-27 18:33:33.282   581   581 I SpiService: fgesysctrl_getGPIO_status success val=0
05-27 18:33:33.283   481   597 I mcuc    : send SPI:6AA602C70700028900A5
05-27 18:33:33.285 30773 30786 I dvr_service_: CameraX 1  audioOK: 143430603,audios:2100
05-27 18:33:33.286   572   622 I Sensors : 230 GyroSensor: x:-0.011148,y:0.005497,z:0.001985
05-27 18:33:33.286   299 30844 D EvsDriver: forwardFrame
05-27 18:33:33.286   299 30841 D EvsDriver: forwardFrame
05-27 18:33:33.289   299 30844 D EvsDriver: Delivered 0xb400007b7ca56900 as id 0
05-27 18:33:33.289   299 30841 D EvsDriver: Delivered 0xb400007b7ca56a60 as id 0
05-27 18:33:33.289  1167  1479 D evsmanagerd: /dev/video4 forwarded the buffer #0 to 0xb4000074bf5f6850 from 0xb4000074bf5f41d0
05-27 18:33:33.289  1167  1167 D evsmanagerd: /dev/video6 forwarded the buffer #0 to 0xb4000074bf5f5510 from 0xb4000074bf5f6d90
05-27 18:33:33.289 30773 30781 I dvr_service_: [myNum:0][onFrameReceived] Received Surface:1 0
05-27 18:33:33.289 30773 30781 E dvr_service_: [myNum:0] Received S**** loss
05-27 18:33:33.289 30773 30773 I dvr_service_: [myNum:1][onFrameReceived] Received Surface:1 0
05-27 18:33:33.289 30773 30773 E dvr_service_: [myNum:1] Received S**** loss
05-27 18:33:33.290   299  1163 D EvsDriver: doneWithFrame
05-27 18:33:33.291 13911 14183 I SentryImuMcuAngleSender: 179.95796rollDeg
05-27 18:33:33.291 13911 14183 I SentryImuMcuAngleSender: 1,0,0
05-27 18:33:33.292   283   307 I rvcservice: t.code = 0, t.value = 0
05-27 18:33:33.292   299  1163 D EvsDriver: doneWithFrame
05-27 18:33:33.296  1008 30857 D [OMXB]  : usingANWBuffer: handle:0xee747180, format:1, w:1920, h:1080
05-27 18:33:33.296 30773 30789 I dvr_service_: Camera 1: MediaOK:143654886, frames:3220, isKeyFrame:0,pts:9880278480
05-27 18:33:33.298   581   581 I SpiService: fgesysctrl_getGPIO_status success val=1
05-27 18:33:33.303   581   581 I SpiService: fgesysctrl_getGPIO_status success val=1
05-27 08:24:42.273   581   581 D spi_rst_gpio_get_output: GPIO 145 value: 1
05-27 08:24:42.273   581   581 D spidev_ioctl: gpio status=1)
05-27 18:33:33.309   581   581 I SpiService: fgesysctrl_getGPIO_status success val=1
05-27 18:33:33.311 13911 14183 I SentryImuMcuAngleSender: 179.95796rollDeg
05-27 18:33:33.311 13911 14183 I SentryImuMcuAngleSender: 1,0,0
05-27 18:33:33.313 10188 11670 D NetworkAdapter: GetWcnChipTemp loopcnt=938
05-27 18:33:33.313  1008 30856 D [OMXB]  : usingANWBuffer: handle:0xee740dd0, format:1, w:1920, h:1080
05-27 18:33:33.313   536   536 D commservice260303: msg.id = 1028,0
05-27 18:33:33.313   536   536 D commservice260303: i = 170, msgid = 8A000404
05-27 18:33:33.313   536   536 D commservice260303: msgid = -1979710460,did=138
05-27 18:33:33.313   536   536 D commservice260303: CommProtocolLibCmdBaseI2C::dataproc {"command":{"id":"imu_status","sub":""},"content":{"TimeStamp":9,"FrameCounter":230094,"GD_X":-0.011377211660146713,"GD_Y":0.00519212381914258,"GD_Z":0.0021378109231591225,"AD_X":-0.002572789788246155,"AD_Y":0.00446936022490263,"AD_Z":-0.17190837860107422,"TempDsp":0,"Status":0,"CalibState":1,"SigAmpInvalid":0}},-1979710460
05-27 18:33:33.314   536   536 D commservice260303: send2Cluster len:313, 7B22636F6D6D616E64223A7B226964223A22696D755F737461747573222C22737562223A22227D2C22636F6E74656E74223A7B2254696D655374616D70223A392C224672616D65436F756E746572223A3233303039342C2247445F58223A2D302E3031313337373231313636303134363731332C2247445F59223A302E30303531393231323338313931343235382C2247445F5A223A302E303032313337383130393233313539313232352C2241445F58223A2D302E3030323537323738393738383234363135352C2241445F59223A302E30303434363933363032323439303236332C2241445F5A223A2D302E31373139303833373836303130373432322C2254656D70447370223A302C22537461747573223A302C2243616C69625374617465223A312C22536967416D70496E76616C6964223A307D7D, 138 
05-27 18:33:33.314   536   536 D commservice260303: Push Message into SendPool fn=-826211584
05-27 18:33:33.314   536   536 D commservice260303: ComProtocolLibSend2Cluster::send2ClusterRaw fn=-826211584 , len=329
05-27 18:33:33.314 10046 10046 E OemNetd : getwcnChipThermal
05-27 18:33:33.314   536   536 D commservice260303: sendCmdToPort :329!!!
05-27 18:33:33.314 10046 10046 E ExtDataController: getwcnChipThermal: wlan0
05-27 18:33:33.314   536   536 D commservice260303: send Cmd To Port ++++5AA501458A010003C1CE6A16C87D7B22636F6D6D616E64223A7B226964223A22696D755F737461747573222C22737562223A22227D2C22636F6E74656E74223A7B2254696D655374616D70223A392C224672616D65436F756E746572223A3233303039342C2247445F58223A2D302E3031313337373231313636303134363731332C2247445F59223A302E30303531393231323338313931343235382C2247445F5A223A302E303032313337383130393233313539313232352C2241445F58223A2D302E3030323537323738393738383234363135352C2241445F59223A302E30303434363933363032323439303236332C2241445F5A223A2D302E31373139303833373836303130373432322C2254656D70447370223A302C22537461747573223A302C2243616C69625374617465223A312C22536967416D70496E76616C6964223A307D7DFE53
05-27 18:33:33.314   536   536 D commservice260303: bufferevent_write retrun value = 0
05-27 18:33:33.314 10046 10046 E ExtDataController: getwcnChipThermal: index[32]
05-27 18:33:33.314   536   560 D commservice260303: client datas send succeed,send finish
05-27 18:33:33.314 10046 10046 E ExtDataController: nl_send ret 44
05-27 18:33:33.314 10046 10046 E ExtDataController: errHandler
05-27 18:33:33.314 10046 10046 E ExtDataController: errHandler: err[-95]
05-27 18:33:33.314 10046 10046 E ExtDataController: nl_recv ret -10
05-27 18:33:33.314   581   581 I SpiService: fgesysctrl_getGPIO_status success val=1
05-27 18:33:33.314 10046 10046 E ExtDataController: temperature: 0
05-27 18:33:33.315 13911 14192 D Sentinelmode_1.2.5.17_sentry: <SentryImuClusterFgeSender>imu_status sent to Linux, frame=230094, tsNs=9880554, tsMs=9, intervalMs=40, ad=(-0.0025727898,0.00446936,-0.17190838), gd=(-0.011377212,0.005192124,0.002137811)
05-27 08:24:42.279   581   581 D spi_rst_gpio_get_output: GPIO 145 value: 1
05-27 08:24:42.279   581   581 D spidev_ioctl: gpio status=1)
05-27 18:33:33.315   299 30844 D EvsDriver: forwardFrame
05-27 18:33:33.315 10188 11670 D NetworkAdapter: getwcnChipThermal: 0
05-27 18:33:33.316   299 30841 D EvsDriver: forwardFrame
05-27 18:33:33.317   351   515 W automotive.vehicle@2.0-adayo-func-bcm: BCMFunc sendMessageFromClient_l sendMessage prop: 0x11500f31 not in table
05-27 18:33:33.318   299 30844 D EvsDriver: Delivered 0xb400007b7ca56900 as id 0
05-27 18:33:33.318  1167  1184 D evsmanagerd: /dev/video4 forwarded the buffer #0 to 0xb4000074bf5f6850 from 0xb4000074bf5f41d0
05-27 18:33:33.318  1167  1167 D evsmanagerd: /dev/video6 forwarded the buffer #0 to 0xb4000074bf5f5510 from 0xb4000074bf5f6d90
05-27 18:33:33.318   299 30841 D EvsDriver: Delivered 0xb400007b7ca56a60 as id 0
05-27 18:33:33.321   581   581 I SpiService: fgesysctrl_getGPIO_status success val=0
05-27 18:33:33.326   299  1153 D EvsDriver: doneWithFrame
05-27 18:33:33.329   299  1163 D EvsDriver: doneWithFrame
05-27 18:33:33.331 13911 14183 I SentryImuMcuAngleSender: 179.96497rollDeg
05-27 18:33:33.331 13911 14183 I SentryImuMcuAngleSender: 1,0,0
05-27 18:33:33.333  1008 30857 D [OMXB]  : usingANWBuffer: handle:0xee7421c0, format:1, w:1920, h:1080
05-27 18:33:33.336   581   581 I SpiService: fgesysctrl_getGPIO_status success val=1
05-27 18:33:33.342   581   581 I SpiService: fgesysctrl_getGPIO_status success val=1
05-27 08:24:42.306   581   581 D spidev_ioctl: gpio status=1)
05-27 18:33:33.347   299 30844 D EvsDriver: forwardFrame
05-27 18:33:33.347   581   581 I SpiService: fgesysctrl_getGPIO_status success val=1
05-27 18:33:33.347   299 30841 D EvsDriver: forwardFrame
05-27 08:24:42.312   581   581 D spi_rst_gpio_get_output: GPIO 145 value: 1
05-27 08:24:42.312   581   581 D spidev_ioctl: gpio status=1)
05-27 18:33:33.350   299 30841 D EvsDriver: Delivered 0xb400007b7ca56a60 as id 0
05-27 18:33:33.350  1167  1167 D evsmanagerd: /dev/video6 forwarded the buffer #0 to 0xb4000074bf5f5510 from 0xb4000074bf5f6d90
05-27 18:33:33.350  1167  1184 D evsmanagerd: /dev/video4 forwarded the buffer #0 to 0xb4000074bf5f6850 from 0xb4000074bf5f41d0
05-27 18:33:33.350   299 30844 D EvsDriver: Delivered 0xb400007b7ca56900 as id 0
05-27 18:33:33.351 13911 14183 I SentryImuMcuAngleSender: 179.97546rollDeg
