05-27 18:33:27.542   536   536 D commservice260303: send Cmd To Port ++++5AA501468A010003C13C6A16C8777B22636F6D6D616E64223A7B226964223A22696D755F737461747573222C22737562223A22227D2C22636F6E74656E74223A7B2254696D655374616D70223A392C224672616D65436F756E746572223A3232393935312C2247445F58223A2D302E30313136303630373637333232373738372C2247445F59223A302E3030353432303938393335363933353032342C2247445F5A223A302E303032303630383238393633323934363235332C2241445F58223A372E333431333535303835333732393235452D342C2241445F59223A302E303031303234313137363933333035303135362C2241445F5A223A2D302E31373036393333393735323139373236362C2254656D70447370223A302C22537461747573223A302C2243616C69625374617465223A312C22536967416D70496E76616C6964223A307D7DF25A
05-27 18:33:27.542   536   536 D commservice260303: bufferevent_write retrun value = 0
05-27 18:33:27.543 13911 14192 D Sentinelmode_1.2.5.17_sentry: <SentryImuClusterFgeSender>imu_status sent to Linux, frame=229951, tsNs=9874779, tsMs=9, intervalMs=37, ad=(7.341355E-4,0.0010241177,-0.1706934), gd=(-0.011606077,0.0054209894,0.002060829)
05-27 18:33:27.545   536   560 D commservice260303: client datas send succeed,send finish
05-27 18:33:27.547   581   581 I SpiService: fgesysctrl_getGPIO_status success val=1
05-27 08:24:36.511   581   581 D spi_rst_gpio_get_output: GPIO 145 value: 1
05-27 08:24:36.512   581   581 D spidev_ioctl: gpio status=1)
05-27 18:33:27.549   299 30841 D EvsDriver: forwardFrame
05-27 18:33:27.549   299 30844 D EvsDriver: forwardFrame
05-27 18:33:27.550 30773 30789 I dvr_service_: Camera 0: MediaOK:137664119, frames:3190, isKeyFrame:0,pts:9874313300
05-27 18:33:27.552   299 30844 D EvsDriver: Delivered 0xb400007b7ca56900 as id 0
05-27 18:33:27.552  1167  1167 D evsmanagerd: /dev/video6 forwarded the buffer #0 to 0xb4000074bf5f5510 from 0xb4000074bf5f6d90
05-27 18:33:27.553   581   581 I SpiService: fgesysctrl_getGPIO_status success val=1
05-27 18:33:27.555 13911 13911 I Sentinelmode_1.2.5.17_sentry: <SentinelCarServiceManager>sensorType:291504647
05-27 18:33:27.556   299 30841 D EvsDriver: Delivered 0xb400007b7ca56a60 as id 0
05-27 18:33:27.556  1167  1167 D evsmanagerd: /dev/video4 forwarded the buffer #0 to 0xb4000074bf5f6850 from 0xb4000074bf5f41d0
05-27 08:24:36.518   581   581 D spi_rst_gpio_get_output: GPIO 145 value: 1
05-27 08:24:36.518   581   581 D spidev_ioctl: gpio status=1)
05-27 08:24:36.524   581   581 D spi_rst_gpio_get_output: GPIO 145 value: 1
05-27 08:24:36.524   581   581 D spidev_ioctl: gpio status=1)
05-27 08:24:36.529   278   278 I logd    : logdr: UID=0 GID=0 PID=19225 b tail=0 logMask=bf pid=0 start=0ns deadline=0ns
05-27 08:24:36.529   581   581 D spi_rst_gpio_get_output: GPIO 145 value: 1
05-27 08:24:36.529   581   581 D spidev_ioctl: gpio status=1)
05-27 18:33:27.558   299  1153 D EvsDriver: doneWithFrame
05-27 18:33:27.558   536  2579 D commservice260303: send heart beat package to Cluster
05-27 18:33:27.558   536  2579 D commservice260303: send2Cluster len:40, 7B22636F6D6D616E64223A7B226964223A22686561727462656174222C22737562223A22227D7D0A, 129 
05-27 18:33:27.558   536  2579 D commservice260303: Push Message into SendPool fn=1036059392
05-27 18:33:27.558   536  2579 D commservice260303: ComProtocolLibSend2Cluster::send2ClusterRaw fn=1036059392 , len=56
05-27 18:33:27.558   536  2579 D commservice260303: sendCmdToPort :56!!!
05-27 18:33:27.558   536  2579 D commservice260303: send Cmd To Port ++++5AA5003481010003C13D6A16C8777B22636F6D6D616E64223A7B226964223A22686561727462656174222C22737562223A22227D7D0A47CB
05-27 18:33:27.558   299  1163 D EvsDriver: doneWithFrame
05-27 18:33:27.559   536  2579 D commservice260303: bufferevent_write retrun value = 0
05-27 18:33:27.559   536   560 D commservice260303: client datas send succeed,send finish
05-27 18:33:27.559   581   581 I SpiService: fgesysctrl_getGPIO_status success val=1
05-27 18:33:27.562 13911 14183 I SentryImuMcuAngleSender: 179.97197rollDeg
05-27 18:33:27.562 13911 14183 I SentryImuMcuAngleSender: 1,0,0
05-27 18:33:27.563   536   560 D commservice260303: recv len:91, 5AA500570100000039CE6A16C8777B22636F6D6D616E64223A7B226964223A22686561727462656174222C22737562223A22227D2C22726573706F6E65223A7B22636F6465223A302C226D657373616765223A226F6B227D7D539F from server
05-27 18:33:27.564   536  2578 D commservice260303: mcuDataAnalyzeHandle templen:91,len:91,pos:0, 5AA500570100000039CE6A16C8777B22636F6D6D616E64223A7B226964223A22686561727462656174222C22737562223A22227D2C22726573706F6E65223A7B22636F6465223A302C226D657373616765223A226F6B227D7D539F 
05-27 18:33:27.564   536  2578 I commservice260303: checksumCal = 21407
05-27 18:33:27.564   536  2578 D commservice260303: Protocol_C2I_Commservice::dataproc {"command":{"id":"heartbeat","sub":""},"respone":{"code":0,"message":"ok"}},1
05-27 18:33:27.564   536  2578 D commservice260303: Protocol_C2I_Commservice::dataproc Receive a heartbeat command from Cluster, setTcpHeartbeat = EID_UID_HEARTBEAT
05-27 18:33:27.564   581   581 I SpiService: fgesysctrl_getGPIO_status success val=1
05-27 18:33:27.570   581   581 I SpiService: fgesysctrl_getGPIO_status success val=0
05-27 08:24:36.534   581   581 D spi_rst_gpio_get_output: GPIO 145 value: 0
05-27 08:24:36.534   581   581 D spidev_ioctl: gpio status=0)
05-27 08:24:36.549   581   581 D spi_rst_gpio_get_output: GPIO 145 value: 1
05-27 08:24:36.549   581   581 D spidev_ioctl: gpio status=1)
05-27 08:24:36.555   581   581 D spi_rst_gpio_get_output: GPIO 145 value: 1
05-27 08:24:36.555   581   581 D spidev_ioctl: gpio status=1)
05-27 18:33:27.572  1008 30857 D [OMXB]  : usingANWBuffer: handle:0xee743190, format:1, w:1920, h:1080
05-27 18:33:27.578   283   307 I rvcservice: t.code = 2, t.value = 9976550
05-27 18:33:27.581   536   536 D commservice260303: msg.id = 1028,0
05-27 18:33:27.581   536   536 D commservice260303: i = 170, msgid = 8A000404
05-27 18:33:27.581   536   536 D commservice260303: msgid = -1979710460,did=138
05-27 18:33:27.581   536   536 D commservice260303: CommProtocolLibCmdBaseI2C::dataproc {"command":{"id":"imu_status","sub":""},"content":{"TimeStamp":9,"FrameCounter":229952,"GD_X":-0.011987865902483463,"GD_Y":0.004963258747011423,"GD_Z":0.0016030981205403805,"AD_X":1.0286271572113037E-4,"AD_Y":0.0010139651130884886,"AD_Z":-0.16825485229492188,"TempDsp":0,"Status":0,"CalibState":1,"SigAmpInvalid":0}},-1979710460
05-27 18:33:27.581   536   536 D commservice260303: send2Cluster len:316, 7B22636F6D6D616E64223A7B226964223A22696D755F737461747573222C22737562223A22227D2C22636F6E74656E74223A7B2254696D655374616D70223A392C224672616D65436F756E746572223A3232393935322C2247445F58223A2D302E3031313938373836353930323438333436332C2247445F59223A302E3030343936333235383734373031313432332C2247445F5A223A302E303031363033303938313230353430333830352C2241445F58223A312E30323836323731353732313133303337452D342C2241445F59223A302E303031303133393635313133303838343838362C2241445F5A223A2D302E31363832353438353232393439323138382C2254656D70447370223A302C22537461747573223A302C2243616C69625374617465223A312C22536967416D70496E76616C6964223A307D7D, 138 
05-27 18:33:27.581   536   536 D commservice260303: Push Message into SendPool fn=1052836608
05-27 18:33:27.581   536   536 D commservice260303: ComProtocolLibSend2Cluster::send2ClusterRaw fn=1052836608 , len=332
05-27 18:33:27.581   536   536 D commservice260303: sendCmdToPort :332!!!
05-27 18:33:27.582   536   536 D commservice260303: send Cmd To Port ++++5AA501488A010003C13E6A16C8777B22636F6D6D616E64223A7B226964223A22696D755F737461747573222C22737562223A22227D2C22636F6E74656E74223A7B2254696D655374616D70223A392C224672616D65436F756E746572223A3232393935322C2247445F58223A2D302E3031313938373836353930323438333436332C2247445F59223A302E3030343936333235383734373031313432332C2247445F5A223A302E303031363033303938313230353430333830352C2241445F58223A312E30323836323731353732313133303337452D342C2241445F59223A302E303031303133393635313133303838343838362C2241445F5A223A2D302E31363832353438353232393439323138382C2254656D70447370223A302C22537461747573223A302C2243616C69625374617465223A312C22536967416D70496E76616C6964223A307D7D6EAB
05-27 18:33:27.582   536   536 D commservice260303: bufferevent_write retrun value = 0
05-27 18:33:27.582 13911 14183 I SentryImuMcuAngleSender: 179.97899rollDeg
05-27 18:33:27.582 13911 14183 I SentryImuMcuAngleSender: 1,0,0
05-27 18:33:27.582   536   560 D commservice260303: client datas send succeed,send finish
05-27 18:33:27.582   299 30841 D EvsDriver: forwardFrame
05-27 18:33:27.582   299 30844 D EvsDriver: forwardFrame
05-27 18:33:27.584   581   581 I SpiService: fgesysctrl_getGPIO_status success val=1
05-27 18:33:27.584   299 30844 D EvsDriver: Delivered 0xb400007b7ca56900 as id 0
05-27 18:33:27.585  1167  1479 D evsmanagerd: /dev/video6 forwarded the buffer #0 to 0xb4000074bf5f5510 from 0xb4000074bf5f6d90
05-27 18:33:27.586   299 30841 D EvsDriver: Delivered 0xb400007b7ca56a60 as id 0
05-27 18:33:27.586  1167  1479 D evsmanagerd: /dev/video4 forwarded the buffer #0 to 0xb4000074bf5f6850 from 0xb4000074bf5f41d0
05-27 18:33:27.588   299  1163 D EvsDriver: doneWithFrame
05-27 18:33:27.590   581   581 I SpiService: fgesysctrl_getGPIO_status success val=1
05-27 18:33:27.597   581   581 I SpiService: fgesysctrl_getGPIO_status success val=1
05-27 08:24:36.561   581   581 D spi_rst_gpio_get_output: GPIO 145 value: 1
05-27 08:24:36.561   581   581 D spidev_ioctl: gpio status=1)
05-27 08:24:36.567   581   581 D spi_rst_gpio_get_output: GPIO 145 value: 1
05-27 08:24:36.567   581   581 D spidev_ioctl: gpio status=1)
05-27 18:33:27.597   299  1163 D EvsDriver: doneWithFrame
05-27 18:33:27.598   572   572 I Sensors : 230 GyroSensor: x:-0.011835,y:0.005115,z:0.002443
05-27 18:33:27.600 13911 14192 D Sentinelmode_1.2.5.17_sentry: <SentryImuClusterFgeSender>imu_status sent to Linux, frame=229952, tsNs=9874813, tsMs=9, intervalMs=53, ad=(1.02862716E-4,0.0010139651,-0.16825485), gd=(-0.011987866,0.0049632587,0.0016030981)
05-27 18:33:27.600 30773 30787 I dvr_service_: [runShortMediaThread:298] cameraId:0 medias:300,audios:220,stateAudio:0,mShortState:0,warnEvent:0,state:1
05-27 18:33:27.602   581   581 I SpiService: fgesysctrl_getGPIO_status success val=1
05-27 18:33:27.603 13911 14183 I SentryImuMcuAngleSender: 179.98248rollDeg
05-27 18:33:27.603 13911 14183 I SentryImuMcuAngleSender: 1,0,0
05-27 18:33:27.604  1008 30856 D [OMXB]  : usingANWBuffer: handle:0xee742320, format:1, w:1920, h:1080
05-27 08:24:36.572   581   581 D spi_rst_gpio_get_output: GPIO 145 value: 1
05-27 08:24:36.572   581   581 D spidev_ioctl: gpio status=1)
05-27 18:33:27.608   581   581 I SpiService: fgesysctrl_getGPIO_status success val=1
05-27 18:33:27.613   299 30844 D EvsDriver: forwardFrame
05-27 18:33:27.614   581   581 I SpiService: fgesysctrl_getGPIO_status success val=0
05-27 18:33:27.614   299 30844 D EvsDriver: Delivered 0xb400007b7ca56900 as id 0
05-27 18:33:27.614  1167  1479 D evsmanagerd: /dev/video6 forwarded the buffer #0 to 0xb4000074bf5f5510 from 0xb4000074bf5f6d90
05-27 18:33:27.616 30773 30773 E dvr_service_: [myNum:1] Received S**** loss
05-27 08:24:36.578   581   581 D spi_rst_gpio_get_output: GPIO 145 value: 0
05-27 08:24:36.578   581   581 D spidev_ioctl: gpio status=0)
05-27 18:33:27.617   299  1163 D EvsDriver: doneWithFrame
05-27 18:33:27.620 19196 19196 D AnwSdkService: apk rom size:40.90M
05-27 18:33:27.621 19196 19196 D AnwSdkService: [android.permission.READ_EXTERNAL_STORAGE] permision is GRANTED
05-27 18:33:27.621   536   536 D commservice260303: msg.id = 1028,0
05-27 18:33:27.621   536   536 D commservice260303: i = 170, msgid = 8A000404
05-27 18:33:27.621   536   536 D commservice260303: msgid = -1979710460,did=138
05-27 18:33:27.621   536   536 D commservice260303: CommProtocolLibCmdBaseI2C::dataproc {"command":{"id":"imu_status","sub":""},"content":{"TimeStamp":9,"FrameCounter":229953,"GD_X":-0.01160607673227787,"GD_Y":0.005268065724521875,"GD_Z":0.0026720035821199417,"AD_X":-0.004170715808868408,"AD_Y":-2.0876829512417316E-4,"AD_Z":-0.16825485229492188,"TempDsp":0,"Status":0,"CalibState":1,"SigAmpInvalid":0}},-1979710460
05-27 18:33:27.621 19196 19196 D AnwSdkService: [android.permission.WRITE_EXTERNAL_STORAGE] permision is GRANTED
05-27 18:33:27.622   536   536 D commservice260303: send2Cluster len:316, 7B22636F6D6D616E64223A7B226964223A22696D755F737461747573222C22737562223A22227D2C22636F6E74656E74223A7B2254696D655374616D70223A392C224672616D65436F756E746572223A3232393935332C2247445F58223A2D302E30313136303630373637333232373738372C2247445F59223A302E3030353236383036353732343532313837352C2247445F5A223A302E303032363732303033353832313139393431372C2241445F58223A2D302E3030343137303731353830383836383430382C2241445F59223A2D322E30383736383239353132343137333136452D342C2241445F5A223A2D302E31363832353438353232393439323138382C2254656D70447370223A302C22537461747573223A302C2243616C69625374617465223A312C22536967416D70496E76616C6964223A307D7D, 138 
05-27 18:33:27.622   536   536 D commservice260303: Push Message into SendPool fn=1069613824
05-27 18:33:27.622   536   536 D commservice260303: ComProtocolLibSend2Cluster::send2ClusterRaw fn=1069613824 , len=332
05-27 18:33:27.622   536   536 D commservice260303: sendCmdToPort :332!!!
05-27 18:33:27.622   536   536 D commservice260303: send Cmd To Port ++++5AA501488A010003C13F6A16C8777B22636F6D6D616E64223A7B226964223A22696D755F737461747573222C22737562223A22227D2C22636F6E74656E74223A7B2254696D655374616D70223A392C224672616D65436F756E746572223A3232393935332C2247445F58223A2D302E30313136303630373637333232373738372C2247445F59223A302E3030353236383036353732343532313837352C2247445F5A223A302E303032363732303033353832313139393431372C2241445F58223A2D302E3030343137303731353830383836383430382C2241445F59223A2D322E30383736383239353132343137333136452D342C2241445F5A223A2D302E31363832353438353232393439323138382C2254656D70447370223A302C22537461747573223A302C2243616C69625374617465223A312C22536967416D70496E76616C6964223A307D7DAD9D
05-27 18:33:27.622   536   536 D commservice260303: bufferevent_write retrun value = 0
05-27 18:33:27.622   536   560 D commservice260303: client datas send succeed,send finish
05-27 18:33:27.622 13911 14183 I SentryImuMcuAngleSender: 179.98598rollDeg
05-27 18:33:27.623 13911 14183 I SentryImuMcuAngleSender: 1,0,0
05-27 18:33:27.623   299 30841 D EvsDriver: forwardFrame
05-27 18:33:27.623 13911 14192 D Sentinelmode_1.2.5.17_sentry: <SentryImuClusterFgeSender>imu_status sent to Linux, frame=229953, tsNs=9874866, tsMs=9, intervalMs=28, ad=(-0.004170716,-2.087683E-4,-0.16825485), gd=(-0.011606077,0.0052680657,0.0026720036)
05-27 18:33:27.625   299 30841 D EvsDriver: Delivered 0xb400007b7ca56a60 as id 0
05-27 18:33:27.625  1167  1479 D evsmanagerd: /dev/video4 forwarded the buffer #0 to 0xb4000074bf5f6850 from 0xb4000074bf5f41d0
05-27 18:33:27.625 30773 30773 E dvr_service_: [myNum:0] Received S**** loss
05-27 18:33:27.625   299  1163 D EvsDriver: doneWithFrame
05-27 18:33:27.628   581   581 I SpiService: fgesysctrl_getGPIO_status success val=1
05-27 08:24:36.593   581   581 D spi_rst_gpio_get_output: GPIO 145 value: 1
05-27 08:24:36.593   581   581 D spidev_ioctl: gpio status=1)
05-27 18:33:27.629 19196 19196 D AnwSdkService: onCreate end
05-27 18:33:27.630 19196 19196 D AnwSdkService: onBind
05-27 18:33:27.631 13435 13435 D BtManager: onServiceConnected
05-27 18:33:27.632 19196 19213 D AnwSdkService: GetPowerStatus = POWER_OFF
05-27 18:33:27.632 19196 19213 D AnwSdkService: ANWBT_GetBTPowerStatus() POWER_OFF
05-27 18:33:27.632 19196 19213 D AnwSdkService: GetPowerStatus = POWER_OFF
05-27 18:33:27.633 13435 13435 D BtManager: ANWBT_BTPowerOn
05-27 18:33:27.633 13435 13435 D BtManager: ANWBT_GetBTPowerStatus
05-27 18:33:27.633 19196 19213 D AnwSdkService: GetPowerStatus = POWER_OFF
05-27 18:33:27.633 19196 19213 D AnwSdkService: ANWBT_GetBTPowerStatus() POWER_OFF
05-27 18:33:27.633 19196 19213 D AnwSdkService: GetPowerStatus = POWER_OFF
05-27 18:33:27.634   581   581 I SpiService: fgesysctrl_getGPIO_status success val=1
05-27 18:33:27.634 19196 19213 D AnwSdkService: anw-update,bt_java_data:20260516
05-27 18:33:27.634 19196 19213 D AnwSdkService: ANWBT_BTPowerOn()
05-27 18:33:27.635 19196 19213 D AnwSdkService: GetPowerStatus = POWER_OFF
05-27 18:33:27.635  1008 30857 D [OMXB]  : usingANWBuffer: handle:0xee744630, format:1, w:1920, h:1080
05-27 18:33:27.635 19196 19213 D AnwSdkService: SetPowerStatus = POWER_ONING
05-27 18:33:27.636 19196 19228 I ANWJNI_SECOND: anw-update,bt_jni_data: 20260516
05-27 18:33:27.636 19196 19228 D ANWAPI_SECOND: (19196|0x286F0CB0)[BTAPI] SDK >>>>AnWBT_Snoop_Open
05-27 18:33:27.637 19196 19228 D ANWJNI_SECOND: (19196|0x286F0CB0)[BTAPP] PowOn_Thread
05-27 18:33:27.637 19196 19228 D ANWJNI_SECOND: 
05-27 18:33:27.638 19196 19229 D ANWJNI_SECOND: (19196|0x285E6CB0)[BTAPP] BTPowerOn!!
05-27 18:33:27.639 19196 19229 D ANWJNI_SECOND: (19196|0x285E6CB0)[BTAPP] in thread_power_on_func,getpid()=19196, priority = 10
05-27 18:33:27.639 19196 19229 D ANWJNI_SECOND: 
05-27 18:33:27.639 19196 19229 D ANWJNI_SECOND: (19196|0x285E6CB0)[BTAPP] doPowerOn_Timeout_Thread_Create
05-27 18:33:27.639 19196 19229 D ANWJNI_SECOND: 
05-27 18:33:27.639 19196 19229 D ANWJNI_SECOND: (19196|0x285E6CB0)[BTAPP] AnWBT_SetInitialValue(hfphf:0)(hfpag:2)(pbap:0)(map:0)(a2dpsink:0)(a2dpsource:2)(avrcpct:0)(avrcttg:2)
05-27 18:33:27.639 19196 19229 D ANWJNI_SECOND: 
05-27 18:33:27.639   581   581 I SpiService: fgesysctrl_getGPIO_status success val=1
05-27 18:33:27.639 19196 19229 D ANWAPI_SECOND: (19196|0x285E6CB0)[BTAPI] SDK >>>>AnWBT_SetInitialValue devclass: 0x3c020c
05-27 18:33:27.639 19196 19229 D ANWAPI_SECOND: (19196|0x285E6CB0)[BTAPI] AnWBT_SetInitialValue avrcp_tg_attribute=6
05-27 18:33:27.639 19196 19229 D ANWAPI_SECOND: (19196|0x285E6CB0)[BTAPI] SDK <<<<AnWBT_SetInitialValue 0x0
05-27 18:33:27.639 19196 19229 D ANWAPI_SECOND: (19196|0x285E6CB0)[BTAPI] SDK >>>>AnWBT_HFP_Enable_WBS 1
05-27 08:24:36.598   581   581 D spidev_ioctl: gpio status=1)
05-27 18:33:27.639 19196 19229 D ANWAPI_SECOND: (19196|0x285E6CB0)[BTAPI] SDK <<<<AnWBT_HFP_Enable_WBS 0
05-27 18:33:27.640 13435 13435 I BtManager: ANWBT_BTPowerOn result = 0
05-27 08:24:36.604   581   581 D spi_rst_gpio_get_output: GPIO 145 value: 1
05-27 08:24:36.604   581   581 D spidev_ioctl: gpio status=1)
05-27 18:33:27.641 19196 19229 D ANW_WAVEOUT_SECOND: (19196|0x285E6CB0)[WAVEOUT] init Audio PCM Thread Mute(800)(101)
05-27 18:33:27.641 19196 19229 D ANW_WAVEOUT_SECOND: 
05-27 18:33:27.641 13435 13435 D BtManager: ret = 2
05-27 18:33:27.641 19196 19230 D ANWJNI_SECOND: (19196|0x284E8CB0)[BTAPP] doPowerOn_Timeout_Thread
05-27 18:33:27.641 19196 19230 D ANWJNI_SECOND: 
05-27 18:33:27.642 19196 19229 D ANWAPI_SECOND: (19196|0x285E6CB0)[BTAPI] anw-update,bt_sdk_data:20260516-not_supportLea
05-27 18:33:27.642 19196 19229 D ANWAPI_SECOND: (19196|0x285E6CB0)[BTAPI] SDK >>>>AnWBT_Init
05-27 18:33:27.642 19196 19229 D ANWAPI_SECOND: (19196|0x285E6CB0)[BTAPI] AnWBTSDK_Version=0x0300002a
05-27 18:33:27.642 19196 19229 D ANWAPI_SECOND: (19196|0x285E6CB0)[BTAPI] >>>>AnWBT_EEPROM_Read 
05-27 18:33:27.642 19196 19229 D ANWAPI_SECOND: (19196|0x285E6CB0)[BTAPI] B:Rpaired_storage[0]name[]addr[00:00:00:00:00:00]linkkey[00:00:00:00:00:00:00:00:00:00:00:00:00:00:00:00]
05-27 18:33:27.642 19196 19229 D ANWAPI_SECOND: (19196|0x285E6CB0)[BTAPI] B:Rpaired_storage[1]name[]addr[00:00:00:00:00:00]linkkey[00:00:00:00:00:00:00:00:00:00:00:00:00:00:00:00]
05-27 18:33:27.642 19196 19229 D ANWAPI_SECOND: (19196|0x285E6CB0)[BTAPI] B:Rpaired_storage[2]name[]addr[00:00:00:00:00:00]linkkey[00:00:00:00:00:00:00:00:00:00:00:00:00:00:00:00]
05-27 18:33:27.642 19196 19229 D ANWAPI_SECOND: (19196|0x285E6CB0)[BTAPI] B:Rpaired_storage[3]name[]addr[00:00:00:00:00:00]linkkey[00:00:00:00:00:00:00:00:00:00:00:00:00:00:00:00]
05-27 18:33:27.642 19196 19229 D ANWAPI_SECOND: (19196|0x285E6CB0)[BTAPI] B:Rpaired_storage[4]name[]addr[00:00:00:00:00:00]linkkey[00:00:00:00:00:00:00:00:00:00:00:00:00:00:00:00]
05-27 18:33:27.642 13911 14183 I SentryImuMcuAngleSender: 179.98949rollDeg
05-27 18:33:27.642 19196 19229 D ANWAPI_SECOND: (19196|0x285E6CB0)[BTAPI] B:Rpaired_storage[5]name[]addr[00:00:00:00:00:00]linkkey[00:00:00:00:00:00:00:00:00:00:00:00:00:00:00:00]
05-27 18:33:27.642 13911 14183 I SentryImuMcuAngleSender: 1,0,0
05-27 18:33:27.642 19196 19229 D ANWAPI_SECOND: (19196|0x285E6CB0)[BTAPI] B:Rpaired_storage[6]name[]addr[00:00:00:00:00:00]linkkey[00:00:00:00:00:00:00:00:00:00:00:00:00:00:00:00]
05-27 18:33:27.642 19196 19229 D ANWAPI_SECOND: (19196|0x285E6CB0)[BTAPI] B:Rpaired_storage[7]name[]addr[00:00:00:00:00:00]linkkey[00:00:00:00:00:00:00:00:00:00:00:00:00:00:00:00]
05-27 18:33:27.642 19196 19229 D ANWAPI_SECOND: (19196|0x285E6CB0)[BTAPI] B:Rpaired_storage[8]name[]addr[00:00:00:00:00:00]linkkey[00:00:00:00:00:00:00:00:00:00:00:00:00:00:00:00]
05-27 18:33:27.643 19196 19229 D ANWAPI_SECOND: (19196|0x285E6CB0)[BTAPI] B:Rpaired_storage[9]name[]addr[00:00:00:00:00:00]linkkey[00:00:00:00:00:00:00:00:00:00:00:00:00:00:00:00]
05-27 18:33:27.643 19196 19229 D ANWAPI_SECOND: (19196|0x285E6CB0)[BTAPI] B:Rpaired_storage[10]name[]addr[00:00:00:00:00:00]linkkey[00:00:00:00:00:00:00:00:00:00:00:00:00:00:00:00]
05-27 18:33:27.643 19196 19229 D ANW_AVRCP_SECOND: AnWBT_ReadStorage =/data/misc/anw//anwbt_storage.bin
05-27 18:33:27.643 19196 19229 D ANW_AVRCP_SECOND: AnWBT_ReadStorage open anwbt_bt_storage success
05-27 18:33:27.643 19196 19229 D ANW_AVRCP_SECOND: 
05-27 18:33:27.643 19196 19229 D ANW_AVRCP_SECOND: read storage size=6600
05-27 18:33:27.643 19196 19229 D ANW_AVRCP_SECOND: 
05-27 18:33:27.643 19196 19229 D ANWAPI_SECOND: (19196|0x285E6CB0)[BTAPI] A:Readpaired_storage[0]name[]cod[0]support[0]addr[00:00:00:00:00:00]linkkey[00:00:00:00:00:00:00:00:00:00:00:00:00:00:00:00]
05-27 18:33:27.643 19196 19229 D ANWAPI_SECOND: (19196|0x285E6CB0)[BTAPI] A:Readpaired_storage[1]name[]cod[0]support[0]addr[00:00:00:00:00:00]linkkey[00:00:00:00:00:00:00:00:00:00:00:00:00:00:00:00]
05-27 18:33:27.643 19196 19229 D ANWAPI_SECOND: (19196|0x285E6CB0)[BTAPI] A:Readpaired_storage[2]name[]cod[0]support[0]addr[00:00:00:00:00:00]linkkey[00:00:00:00:00:00:00:00:00:00:00:00:00:00:00:00]
05-27 18:33:27.643 19196 19229 D ANWAPI_SECOND: (19196|0x285E6CB0)[BTAPI] A:Readpaired_storage[3]name[]cod[0]support[0]addr[00:00:00:00:00:00]linkkey[00:00:00:00:00:00:00:00:00:00:00:00:00:00:00:00]
05-27 18:33:27.643 19196 19229 D ANWAPI_SECOND: (19196|0x285E6CB0)[BTAPI] A:Readpaired_storage[4]name[]cod[0]support[0]addr[00:00:00:00:00:00]linkkey[00:00:00:00:00:00:00:00:00:00:00:00:00:00:00:00]
05-27 18:33:27.644 19196 19229 D ANWAPI_SECOND: (19196|0x285E6CB0)[BTAPI] A:Readpaired_storage[5]name[]cod[0]support[0]addr[00:00:00:00:00:00]linkkey[00:00:00:00:00:00:00:00:00:00:00:00:00:00:00:00]
05-27 18:33:27.644 19196 19229 D ANWAPI_SECOND: (19196|0x285E6CB0)[BTAPI] A:Readpaired_storage[6]name[]cod[0]support[0]addr[00:00:00:00:00:00]linkkey[00:00:00:00:00:00:00:00:00:00:00:00:00:00:00:00]
05-27 18:33:27.644 19196 19229 D ANWAPI_SECOND: (19196|0x285E6CB0)[BTAPI] A:Readpaired_storage[7]name[]cod[0]support[0]addr[00:00:00:00:00:00]linkkey[00:00:00:00:00:00:00:00:00:00:00:00:00:00:00:00]
05-27 18:33:27.644 19196 19229 D ANWAPI_SECOND: (19196|0x285E6CB0)[BTAPI] A:Readpaired_storage[8]name[]cod[0]support[0]addr[00:00:00:00:00:00]linkkey[00:00:00:00:00:00:00:00:00:00:00:00:00:00:00:00]
05-27 18:33:27.644 19196 19229 D ANWAPI_SECOND: (19196|0x285E6CB0)[BTAPI] A:Readpaired_storage[9]name[]cod[0]support[0]addr[00:00:00:00:00:00]linkkey[00:00:00:00:00:00:00:00:00:00:00:00:00:00:00:00]
05-27 18:33:27.644 19196 19229 D ANWAPI_SECOND: (19196|0x285E6CB0)[BTAPI] A:Readpaired_storage[10]name[]cod[0]support[0]addr[00:00:00:00:00:00]linkkey[00:00:00:00:00:00:00:00:00:00:00:00:00:00:00:00]
05-27 18:33:27.644 19196 19229 D ANWAPI_SECOND: (19196|0x285E6CB0)[BTAPI] <<<<AnWBT_EEPROM_Read ret = 0
05-27 18:33:27.644 19196 19229 D ANWAPI_SECOND: (19196|0x285E6CB0)[BTAPI] local_name_set=0
05-27 18:33:27.645 19196 19229 D ANWAPI_SECOND: (19196|0x285E6CB0)[BTAPI] [Paired DevInf] Storage Write
05-27 18:33:27.645   581   581 I SpiService: fgesysctrl_getGPIO_status success val=1
05-27 18:33:27.645 19196 19229 D ANW_AVRCP_SECOND: AnWBT_WriteStorage =/data/misc/anw//anwbt_storage.bin
05-27 08:24:36.609   581   581 D spi_rst_gpio_get_output: GPIO 145 value: 1
05-27 08:24:36.609   581   581 D spidev_ioctl: gpio status=1)
05-27 18:33:27.645 19196 19229 D ANW_AVRCP_SECOND: AnWBT_WriteStorage open anwbt_bt_storage success
05-27 18:33:27.645 19196 19229 D ANW_AVRCP_SECOND: 
05-27 18:33:27.647   299 30841 D EvsDriver: forwardFrame
05-27 18:33:27.648   299 30841 D EvsDriver: Delivered 0xb400007b7ca56a60 as id 0
05-27 18:33:27.648  1167  1479 D evsmanagerd: /dev/video4 forwarded the buffer #0 to 0xb4000074bf5f6850 from 0xb4000074bf5f41d0
05-27 18:33:27.650   581   581 I SpiService: fgesysctrl_getGPIO_status success val=1
05-27 18:33:27.651   299 30844 D EvsDriver: forwardFrame
05-27 18:33:27.652   299  1163 D EvsDriver: doneWithFrame
05-27 08:24:36.615   581   581 D spi_rst_gpio_get_output: GPIO 145 value: 1
05-27 08:24:36.615   581   581 D spidev_ioctl: gpio status=1)
05-27 18:33:27.654  1167  1479 D evsmanagerd: /dev/video6 forwarded the buffer #0 to 0xb4000074bf5f5510 from 0xb4000074bf5f6d90
05-27 18:33:27.654   299 30844 D EvsDriver: Delivered 0xb400007b7ca56900 as id 0
05-27 18:33:27.656   581   581 I SpiService: fgesysctrl_getGPIO_status success val=0
05-27 08:24:36.621   581   581 D spi_rst_gpio_get_output: GPIO 145 value: 0
05-27 08:24:36.621   581   581 D spidev_ioctl: gpio status=0)
05-27 18:33:27.657   299  1163 D EvsDriver: doneWithFrame
05-27 18:33:27.661   536   536 D commservice260303: msg.id = 1028,0
05-27 18:33:27.661   536   536 D commservice260303: i = 170, msgid = 8A000404
05-27 18:33:27.661   536   536 D commservice260303: msgid = -1979710460,did=138
05-27 18:33:27.661   536   536 D commservice260303: CommProtocolLibCmdBaseI2C::dataproc {"command":{"id":"imu_status","sub":""},"content":{"TimeStamp":9,"FrameCounter":229954,"GD_X":-0.011147825978696346,"GD_Y":0.005802778527140617,"GD_Z":0.0026720035821199417,"AD_X":-0.003556087613105774,"AD_Y":-0.0044608996249735355,"AD_Z":-0.16947364807128906,"TempDsp":0,"Status":0,"CalibState":1,"SigAmpInvalid":0}},-1979710460
05-27 18:33:27.661   536   536 D commservice260303: send2Cluster len:317, 7B22636F6D6D616E64223A7B226964223A22696D755F737461747573222C22737562223A22227D2C22636F6E74656E74223A7B2254696D655374616D70223A392C224672616D65436F756E746572223A3232393935342C2247445F58223A2D302E3031313134373832353937383639363334362C2247445F59223A302E3030353830323737383532373134303631372C2247445F5A223A302E303032363732303033353832313139393431372C2241445F58223A2D302E3030333535363038373631333130353737342C2241445F59223A2D302E303034343630383939363234393733353335352C2241445F5A223A2D302E31363934373336343830373132383930362C2254656D70447370223A302C22537461747573223A302C2243616C69625374617465223A312C22536967416D70496E76616C6964223A307D7D, 138 
05-27 18:33:27.661   536   536 D commservice260303: Push Message into SendPool fn=1086391040
05-27 18:33:27.661   536   536 D commservice260303: ComProtocolLibSend2Cluster::send2ClusterRaw fn=1086391040 , len=333
05-27 18:33:27.662   536   536 D commservice260303: sendCmdToPort :333!!!
05-27 18:33:27.662   536   536 D commservice260303: send Cmd To Port ++++5AA501498A010003C1406A16C8777B22636F6D6D616E64223A7B226964223A22696D755F737461747573222C22737562223A22227D2C22636F6E74656E74223A7B2254696D655374616D70223A392C224672616D65436F756E746572223A3232393935342C2247445F58223A2D302E3031313134373832353937383639363334362C2247445F59223A302E3030353830323737383532373134303631372C2247445F5A223A302E303032363732303033353832313139393431372C2241445F58223A2D302E3030333535363038373631333130353737342C2241445F59223A2D302E303034343630383939363234393733353335352C2241445F5A223A2D302E31363934373336343830373132383930362C2254656D70447370223A302C22537461747573223A302C2243616C69625374617465223A312C22536967416D70496E76616C6964223A307D7DF572
05-27 18:33:27.662   536   536 D commservice260303: bufferevent_write retrun value = 0
05-27 18:33:27.662   536   560 D commservice260303: client datas send succeed,send finish
05-27 18:33:27.662 13911 14183 I SentryImuMcuAngleSender: -179.98949rollDeg
05-27 18:33:27.662 13911 14183 I SentryImuMcuAngleSender: 1,0,0
05-27 18:33:27.662 19196 19229 D ANW_AVRCP_SECOND: write storage size=6600
05-27 18:33:27.662 19196 19229 D ANW_AVRCP_SECOND: 
05-27 18:33:27.663 19196 19229 D ANWAPI_SECOND: (19196|0x285E6CB0)[BTAPI] >>>>AnWBT_EEPROM_Read 
05-27 18:33:27.663 19196 19229 D ANWAPI_SECOND: (19196|0x285E6CB0)[BTAPI] B:Rpaired_storage[0]name[]addr[00:00:00:00:00:00]linkkey[00:00:00:00:00:00:00:00:00:00:00:00:00:00:00:00]
05-27 18:33:27.663 19196 19229 D ANWAPI_SECOND: (19196|0x285E6CB0)[BTAPI] B:Rpaired_storage[1]name[]addr[00:00:00:00:00:00]linkkey[00:00:00:00:00:00:00:00:00:00:00:00:00:00:00:00]
05-27 18:33:27.663 19196 19229 D ANWAPI_SECOND: (19196|0x285E6CB0)[BTAPI] B:Rpaired_storage[2]name[]addr[00:00:00:00:00:00]linkkey[00:00:00:00:00:00:00:00:00:00:00:00:00:00:00:00]
05-27 18:33:27.663 19196 19229 D ANWAPI_SECOND: (19196|0x285E6CB0)[BTAPI] B:Rpaired_storage[3]name[]addr[00:00:00:00:00:00]linkkey[00:00:00:00:00:00:00:00:00:00:00:00:00:00:00:00]
05-27 18:33:27.663 19196 19229 D ANWAPI_SECOND: (19196|0x285E6CB0)[BTAPI] B:Rpaired_storage[4]name[]addr[00:00:00:00:00:00]linkkey[00:00:00:00:00:00:00:00:00:00:00:00:00:00:00:00]
05-27 18:33:27.663 19196 19229 D ANWAPI_SECOND: (19196|0x285E6CB0)[BTAPI] B:Rpaired_storage[5]name[]addr[00:00:00:00:00:00]linkkey[00:00:00:00:00:00:00:00:00:00:00:00:00:00:00:00]
05-27 18:33:27.663 19196 19229 D ANWAPI_SECOND: (19196|0x285E6CB0)[BTAPI] B:Rpaired_storage[6]name[]addr[00:00:00:00:00:00]linkkey[00:00:00:00:00:00:00:00:00:00:00:00:00:00:00:00]
05-27 18:33:27.663 19196 19229 D ANWAPI_SECOND: (19196|0x285E6CB0)[BTAPI] B:Rpaired_storage[7]name[]addr[00:00:00:00:00:00]linkkey[00:00:00:00:00:00:00:00:00:00:00:00:00:00:00:00]
05-27 18:33:27.663 13911 14192 D Sentinelmode_1.2.5.17_sentry: <SentryImuClusterFgeSender>imu_status sent to Linux, frame=229954, tsNs=9874904, tsMs=9, intervalMs=40, ad=(-0.0035560876,-0.0044608996,-0.16947365), gd=(-0.011147826,0.0058027785,0.0026720036)
05-27 18:33:27.663 19196 19229 D ANWAPI_SECOND: (19196|0x285E6CB0)[BTAPI] B:Rpaired_storage[8]name[]addr[00:00:00:00:00:00]linkkey[00:00:00:00:00:00:00:00:00:00:00:00:00:00:00:00]
05-27 18:33:27.663 19196 19229 D ANWAPI_SECOND: (19196|0x285E6CB0)[BTAPI] B:Rpaired_storage[9]name[]addr[00:00:00:00:00:00]linkkey[00:00:00:00:00:00:00:00:00:00:00:00:00:00:00:00]
05-27 18:33:27.663 19196 19229 D ANWAPI_SECOND: (19196|0x285E6CB0)[BTAPI] B:Rpaired_storage[10]name[]addr[00:00:00:00:00:00]linkkey[00:00:00:00:00:00:00:00:00:00:00:00:00:00:00:00]
05-27 18:33:27.663 19196 19229 D ANW_AVRCP_SECOND: AnWBT_ReadStorage =/data/misc/anw//anwbt_storage.bin
05-27 18:33:27.663 19196 19229 D ANW_AVRCP_SECOND: AnWBT_ReadStorage open anwbt_bt_storage success
05-27 18:33:27.663 19196 19229 D ANW_AVRCP_SECOND: 
05-27 18:33:27.663 19196 19229 D ANW_AVRCP_SECOND: read storage size=6600
05-27 18:33:27.663 19196 19229 D ANW_AVRCP_SECOND: 
05-27 18:33:27.663 19196 19229 D ANWAPI_SECOND: (19196|0x285E6CB0)[BTAPI] A:Readpaired_storage[0]name[]cod[0]support[0]addr[00:00:00:00:00:00]linkkey[00:00:00:00:00:00:00:00:00:00:00:00:00:00:00:00]
05-27 18:33:27.664 19196 19229 D ANWAPI_SECOND: (19196|0x285E6CB0)[BTAPI] A:Readpaired_storage[1]name[]cod[0]support[0]addr[00:00:00:00:00:00]linkkey[00:00:00:00:00:00:00:00:00:00:00:00:00:00:00:00]
05-27 18:33:27.664 19196 19229 D ANWAPI_SECOND: (19196|0x285E6CB0)[BTAPI] A:Readpaired_storage[2]name[]cod[0]support[0]addr[00:00:00:00:00:00]linkkey[00:00:00:00:00:00:00:00:00:00:00:00:00:00:00:00]
05-27 18:33:27.664 19196 19229 D ANWAPI_SECOND: (19196|0x285E6CB0)[BTAPI] A:Readpaired_storage[3]name[]cod[0]support[0]addr[00:00:00:00:00:00]linkkey[00:00:00:00:00:00:00:00:00:00:00:00:00:00:00:00]
05-27 18:33:27.664 19196 19229 D ANWAPI_SECOND: (19196|0x285E6CB0)[BTAPI] A:Readpaired_storage[4]name[]cod[0]support[0]addr[00:00:00:00:00:00]linkkey[00:00:00:00:00:00:00:00:00:00:00:00:00:00:00:00]
05-27 18:33:27.664 19196 19229 D ANWAPI_SECOND: (19196|0x285E6CB0)[BTAPI] A:Readpaired_storage[5]name[]cod[0]support[0]addr[00:00:00:00:00:00]linkkey[00:00:00:00:00:00:00:00:00:00:00:00:00:00:00:00]
05-27 18:33:27.664 19196 19229 D ANWAPI_SECOND: (19196|0x285E6CB0)[BTAPI] A:Readpaired_storage[6]name[]cod[0]support[0]addr[00:00:00:00:00:00]linkkey[00:00:00:00:00:00:00:00:00:00:00:00:00:00:00:00]
05-27 18:33:27.664 19196 19229 D ANWAPI_SECOND: (19196|0x285E6CB0)[BTAPI] A:Readpaired_storage[7]name[]cod[0]support[0]addr[00:00:00:00:00:00]linkkey[00:00:00:00:00:00:00:00:00:00:00:00:00:00:00:00]
05-27 18:33:27.664 19196 19229 D ANWAPI_SECOND: (19196|0x285E6CB0)[BTAPI] A:Readpaired_storage[8]name[]cod[0]support[0]addr[00:00:00:00:00:00]linkkey[00:00:00:00:00:00:00:00:00:00:00:00:00:00:00:00]
05-27 18:33:27.664 19196 19229 D ANWAPI_SECOND: (19196|0x285E6CB0)[BTAPI] A:Readpaired_storage[9]name[]cod[0]support[0]addr[00:00:00:00:00:00]linkkey[00:00:00:00:00:00:00:00:00:00:00:00:00:00:00:00]
05-27 18:33:27.664 19196 19229 D ANWAPI_SECOND: (19196|0x285E6CB0)[BTAPI] A:Readpaired_storage[10]name[]cod[0]support[0]addr[00:00:00:00:00:00]linkkey[00:00:00:00:00:00:00:00:00:00:00:00:00:00:00:00]
05-27 18:33:27.664 19196 19229 D ANWAPI_SECOND: (19196|0x285E6CB0)[BTAPI] <<<<AnWBT_EEPROM_Read ret = 0
05-27 18:33:27.664 19196 19229 D ANWAPI_SECOND: (19196|0x285E6CB0)[BTAPI] >>>>AnWBT_EEPROM_Read 
05-27 18:33:27.664 19196 19229 D ANWAPI_SECOND: (19196|0x285E6CB0)[BTAPI] B:Rle_paired_storage[0]addr[00:00:00:00:00:00]linkkey[00:00:00:00:00:00:00:00:00:00:00:00:00:00:00:00]
05-27 18:33:27.664 19196 19229 D ANWAPI_SECOND: (19196|0x285E6CB0)[BTAPI] B:Rle_paired_storage[1]addr[00:00:00:00:00:00]linkkey[00:00:00:00:00:00:00:00:00:00:00:00:00:00:00:00]
05-27 18:33:27.664  1008 30856 D [OMXB]  : usingANWBuffer: handle:0xee744160, format:1, w:1920, h:1080
05-27 18:33:27.664 19196 19229 D ANWAPI_SECOND: (19196|0x285E6CB0)[BTAPI] B:Rle_paired_storage[2]addr[00:00:00:00:00:00]linkkey[00:00:00:00:00:00:00:00:00:00:00:00:00:00:00:00]
05-27 18:33:27.664 19196 19229 D ANWAPI_SECOND: (19196|0x285E6CB0)[BTAPI] B:Rle_paired_storage[3]addr[00:00:00:00:00:00]linkkey[00:00:00:00:00:00:00:00:00:00:00:00:00:00:00:00]
05-27 18:33:27.664 19196 19229 D ANWAPI_SECOND: (19196|0x285E6CB0)[BTAPI] B:Rle_paired_storage[4]addr[00:00:00:00:00:00]linkkey[00:00:00:00:00:00:00:00:00:00:00:00:00:00:00:00]
05-27 18:33:27.664 19196 19229 D ANWAPI_SECOND: (19196|0x285E6CB0)[BTAPI] B:Rle_paired_storage[5]addr[00:00:00:00:00:00]linkkey[00:00:00:00:00:00:00:00:00:00:00:00:00:00:00:00]
05-27 18:33:27.664 19196 19229 D ANWAPI_SECOND: (19196|0x285E6CB0)[BTAPI] B:Rle_paired_storage[6]addr[00:00:00:00:00:00]linkkey[00:00:00:00:00:00:00:00:00:00:00:00:00:00:00:00]
05-27 18:33:27.665 19196 19229 D ANW_AVRCP_SECOND: AnWBT_ReadStorage =/data/misc/anw//anwble_storage.bin
05-27 18:33:27.665 19196 19229 D ANW_AVRCP_SECOND: AnWBT_ReadStorage open anwbt_bt_storage success
05-27 18:33:27.665 19196 19229 D ANW_AVRCP_SECOND: 
05-27 18:33:27.665 19196 19229 D ANW_AVRCP_SECOND: read storage size=1336
05-27 18:33:27.665 19196 19229 D ANW_AVRCP_SECOND: 
05-27 18:33:27.665 19196 19229 D ANWAPI_SECOND: (19196|0x285E6CB0)[BTAPI] A:Rle_paired_storage[0]addr[00:00:00:00:00:00]linkkey[00:00:00:00:00:00:00:00:00:00:00:00:00:00:00:00]
05-27 18:33:27.665 19196 19229 D ANWAPI_SECOND: (19196|0x285E6CB0)[BTAPI] A:Rle_paired_storage[1]addr[00:00:00:00:00:00]linkkey[00:00:00:00:00:00:00:00:00:00:00:00:00:00:00:00]
05-27 18:33:27.665 19196 19229 D ANWAPI_SECOND: (19196|0x285E6CB0)[BTAPI] A:Rle_paired_storage[2]addr[00:00:00:00:00:00]linkkey[00:00:00:00:00:00:00:00:00:00:00:00:00:00:00:00]
05-27 18:33:27.665 19196 19229 D ANWAPI_SECOND: (19196|0x285E6CB0)[BTAPI] A:Rle_paired_storage[3]addr[00:00:00:00:00:00]linkkey[00:00:00:00:00:00:00:00:00:00:00:00:00:00:00:00]
05-27 18:33:27.665 19196 19229 D ANWAPI_SECOND: (19196|0x285E6CB0)[BTAPI] A:Rle_paired_storage[4]addr[00:00:00:00:00:00]linkkey[00:00:00:00:00:00:00:00:00:00:00:00:00:00:00:00]
05-27 18:33:27.665 19196 19229 D ANWAPI_SECOND: (19196|0x285E6CB0)[BTAPI] A:Rle_paired_storage[5]addr[00:00:00:00:00:00]linkkey[00:00:00:00:00:00:00:00:00:00:00:00:00:00:00:00]
05-27 18:33:27.665 19196 19229 D ANWAPI_SECOND: (19196|0x285E6CB0)[BTAPI] A:Rle_paired_storage[6]addr[00:00:00:00:00:00]linkkey[00:00:00:00:00:00:00:00:00:00:00:00:00:00:00:00]
05-27 18:33:27.665 19196 19229 D ANWAPI_SECOND: (19196|0x285E6CB0)[BTAPI] <<<<AnWBT_EEPROM_Read ret = 0
05-27 18:33:27.665 19196 19229 D ANWAPI_SECOND: (19196|0x285E6CB0)[BTAPI] btsdk_initial_param.flag=0x4000
05-27 18:33:27.665 19196 19229 D ANWAPI_SECOND: (19196|0x285E6CB0)[BTAPI] [Paired DevInf] Storage Write
05-27 18:33:27.665 19196 19229 D ANW_AVRCP_SECOND: AnWBT_WriteStorage =/data/misc/anw//anwbt_storage.bin
05-27 18:33:27.666 19196 19229 D ANW_AVRCP_SECOND: AnWBT_WriteStorage open anwbt_bt_storage success
05-27 18:33:27.666 19196 19229 D ANW_AVRCP_SECOND: 
05-27 18:33:27.670   581   581 I SpiService: fgesysctrl_getGPIO_status success val=1
05-27 18:33:27.671 15863 16069 D AIN-HttpHealthPolicy: call() called start, host=www.taobao.com
05-27 18:33:27.671 19196 19229 D ANW_AVRCP_SECOND: write storage size=6600
05-27 18:33:27.671 19196 19229 D ANW_AVRCP_SECOND: 
05-27 18:33:27.671 19196 19229 D ANWAPI_SECOND: (19196|0x285E6CB0)[BTAPI] >>>>AnWBT_EEPROM_Read 
05-27 18:33:27.671 19196 19229 D ANWAPI_SECOND: (19196|0x285E6CB0)[BTAPI] B:Rpaired_storage[0]name[]addr[00:00:00:00:00:00]linkkey[00:00:00:00:00:00:00:00:00:00:00:00:00:00:00:00]
05-27 18:33:27.671 19196 19229 D ANWAPI_SECOND: (19196|0x285E6CB0)[BTAPI] B:Rpaired_storage[1]name[]addr[00:00:00:00:00:00]linkkey[00:00:00:00:00:00:00:00:00:00:00:00:00:00:00:00]
05-27 18:33:27.671 19196 19229 D ANWAPI_SECOND: (19196|0x285E6CB0)[BTAPI] B:Rpaired_storage[2]name[]addr[00:00:00:00:00:00]linkkey[00:00:00:00:00:00:00:00:00:00:00:00:00:00:00:00]
05-27 18:33:27.671 19196 19229 D ANWAPI_SECOND: (19196|0x285E6CB0)[BTAPI] B:Rpaired_storage[3]name[]addr[00:00:00:00:00:00]linkkey[00:00:00:00:00:00:00:00:00:00:00:00:00:00:00:00]
05-27 18:33:27.671 19196 19229 D ANWAPI_SECOND: (19196|0x285E6CB0)[BTAPI] B:Rpaired_storage[4]name[]addr[00:00:00:00:00:00]linkkey[00:00:00:00:00:00:00:00:00:00:00:00:00:00:00:00]
05-27 18:33:27.671 19196 19229 D ANWAPI_SECOND: (19196|0x285E6CB0)[BTAPI] B:Rpaired_storage[5]name[]addr[00:00:00:00:00:00]linkkey[00:00:00:00:00:00:00:00:00:00:00:00:00:00:00:00]
05-27 18:33:27.671 19196 19229 D ANWAPI_SECOND: (19196|0x285E6CB0)[BTAPI] B:Rpaired_storage[6]name[]addr[00:00:00:00:00:00]linkkey[00:00:00:00:00:00:00:00:00:00:00:00:00:00:00:00]
05-27 18:33:27.672 19196 19229 D ANWAPI_SECOND: (19196|0x285E6CB0)[BTAPI] B:Rpaired_storage[7]name[]addr[00:00:00:00:00:00]linkkey[00:00:00:00:00:00:00:00:00:00:00:00:00:00:00:00]
05-27 18:33:27.672 19196 19229 D ANWAPI_SECOND: (19196|0x285E6CB0)[BTAPI] B:Rpaired_storage[8]name[]addr[00:00:00:00:00:00]linkkey[00:00:00:00:00:00:00:00:00:00:00:00:00:00:00:00]
05-27 18:33:27.672 19196 19229 D ANWAPI_SECOND: (19196|0x285E6CB0)[BTAPI] B:Rpaired_storage[9]name[]addr[00:00:00:00:00:00]linkkey[00:00:00:00:00:00:00:00:00:00:00:00:00:00:00:00]
05-27 18:33:27.672 19196 19229 D ANWAPI_SECOND: (19196|0x285E6CB0)[BTAPI] B:Rpaired_storage[10]name[]addr[00:00:00:00:00:00]linkkey[00:00:00:00:00:00:00:00:00:00:00:00:00:00:00:00]
05-27 18:33:27.672 19196 19229 D ANW_AVRCP_SECOND: AnWBT_ReadStorage =/data/misc/anw//anwbt_storage.bin
05-27 08:24:36.635   581   581 D spi_rst_gpio_get_output: GPIO 145 value: 1
05-27 08:24:36.635   581   581 D spidev_ioctl: gpio status=1)
05-27 18:33:27.672 19196 19229 D ANW_AVRCP_SECOND: AnWBT_ReadStorage open anwbt_bt_storage success
05-27 18:33:27.672 19196 19229 D ANW_AVRCP_SECOND: 
05-27 18:33:27.672 19196 19229 D ANW_AVRCP_SECOND: read storage size=6600
05-27 18:33:27.672 19196 19229 D ANW_AVRCP_SECOND: 
05-27 18:33:27.672 19196 19229 D ANWAPI_SECOND: (19196|0x285E6CB0)[BTAPI] A:Readpaired_storage[0]name[]cod[0]support[0]addr[00:00:00:00:00:00]linkkey[00:00:00:00:00:00:00:00:00:00:00:00:00:00:00:00]
05-27 18:33:27.672 19196 19229 D ANWAPI_SECOND: (19196|0x285E6CB0)[BTAPI] A:Readpaired_storage[1]name[]cod[0]support[0]addr[00:00:00:00:00:00]linkkey[00:00:00:00:00:00:00:00:00:00:00:00:00:00:00:00]
05-27 18:33:27.672 19196 19229 D ANWAPI_SECOND: (19196|0x285E6CB0)[BTAPI] A:Readpaired_storage[2]name[]cod[0]support[0]addr[00:00:00:00:00:00]linkkey[00:00:00:00:00:00:00:00:00:00:00:00:00:00:00:00]
05-27 18:33:27.672 19196 19229 D ANWAPI_SECOND: (19196|0x285E6CB0)[BTAPI] A:Readpaired_storage[3]name[]cod[0]support[0]addr[00:00:00:00:00:00]linkkey[00:00:00:00:00:00:00:00:00:00:00:00:00:00:00:00]
05-27 18:33:27.672 19196 19229 D ANWAPI_SECOND: (19196|0x285E6CB0)[BTAPI] A:Readpaired_storage[4]name[]cod[0]support[0]addr[00:00:00:00:00:00]linkkey[00:00:00:00:00:00:00:00:00:00:00:00:00:00:00:00]
05-27 18:33:27.672 19196 19229 D ANWAPI_SECOND: (19196|0x285E6CB0)[BTAPI] A:Readpaired_storage[5]name[]cod[0]support[0]addr[00:00:00:00:00:00]linkkey[00:00:00:00:00:00:00:00:00:00:00:00:00:00:00:00]
05-27 18:33:27.672 19196 19229 D ANWAPI_SECOND: (19196|0x285E6CB0)[BTAPI] A:Readpaired_storage[6]name[]cod[0]support[0]addr[00:00:00:00:00:00]linkkey[00:00:00:00:00:00:00:00:00:00:00:00:00:00:00:00]
05-27 18:33:27.672 19196 19229 D ANWAPI_SECOND: (19196|0x285E6CB0)[BTAPI] A:Readpaired_storage[7]name[]cod[0]support[0]addr[00:00:00:00:00:00]linkkey[00:00:00:00:00:00:00:00:00:00:00:00:00:00:00:00]
05-27 18:33:27.672 10046 19231 D resolv  : GetAddrInfoHandler::run: {103 786535 103 983143 1000 0}
05-27 18:33:27.672 19196 19229 D ANWAPI_SECOND: (19196|0x285E6CB0)[BTAPI] A:Readpaired_storage[8]name[]cod[0]support[0]addr[00:00:00:00:00:00]linkkey[00:00:00:00:00:00:00:00:00:00:00:00:00:00:00:00]
05-27 08:24:36.640   581   581 D spi_rst_gpio_get_output: GPIO 145 value: 1
05-27 18:33:27.673 19196 19229 D ANWAPI_SECOND: (19196|0x285E6CB0)[BTAPI] A:Readpaired_storage[9]name[]cod[0]support[0]addr[00:00:00:00:00:00]linkkey[00:00:00:00:00:00:00:00:00:00:00:00:00:00:00:00]
05-27 08:24:36.640   581   581 D spidev_ioctl: gpio status=1)
05-27 18:33:27.673 10046 19231 D resolv  : resolv_getaddrinfo: explore_fqdn(): ai_family=0 ai_socktype=1 ai_protocol=6
05-27 18:33:27.673 19196 19229 D ANWAPI_SECOND: (19196|0x285E6CB0)[BTAPI] A:Readpaired_storage[10]name[]cod[0]support[0]addr[00:00:00:00:00:00]linkkey[00:00:00:00:00:00:00:00:00:00:00:00:00:00:00:00]
05-27 18:33:27.673 19196 19229 D ANWAPI_SECOND: (19196|0x285E6CB0)[BTAPI] <<<<AnWBT_EEPROM_Read ret = 0
05-27 18:33:27.673 19196 19229 D ANWAPI_SECOND: (19196|0x285E6CB0)[BTAPI] build time = 11:28:38 sdk ver=0x 300002A
05-27 18:33:27.673 19196 19229 D ANWAPI_SECOND: (19196|0x285E6CB0)[BTAPI] creating init task
05-27 18:33:27.674 10046 19232 D resolv  : doQuery: (1, 1)
05-27 18:33:27.674 10046 19232 D resolv  : res_nmkquery: (QUERY, IN, A)
05-27 18:33:27.674 10046 19232 D resolv  : res_nsend
05-27 18:33:27.674 10046 19232 I resolv  : resolv_cache_lookup: lookup
05-27 18:33:27.674 10046 19232 I resolv  : resolv_cache_lookup: FOUND IN CACHE entry=0xb4000072a5470230
05-27 18:33:27.674 19196 19233 D ANWAPI_SECOND: (19196|0x283EACB0)[BTAPI] Enter BTInit_Task stacd=1,675196080
05-27 18:33:27.674 10046 19232 D resolv  : doQuery: rcode=0, ancount=3
05-27 18:33:27.674 19196 19233 D ANWAPI_SECOND: (19196|0x283EACB0)[BTAPI] pthread_attr_init
05-27 18:33:27.674 19196 19233 D ANWAPI_SECOND: (19196|0x283EACB0)[BTAPI] BTHost_Init: min priority 1, max priority 99
05-27 18:33:27.674 19196 19233 D ANWAPI_SECOND: (19196|0x283EACB0)[BTAPI] Enter BTHost_Init
05-27 18:33:27.675 19196 19233 D ANWAPI_SECOND: (19196|0x283EACB0)[BTAPI] BTHost_InitMessage
05-27 18:33:27.675 19196 19233 D ANWAPI_SECOND: (19196|0x283EACB0)[BTAPI] btosal_msg_ff_initial
05-27 18:33:27.675 19196 19233 D ANW_WAVEOUT_SECOND: (19196|0x283EACB0)[WAVEOUT] [AnWBT WAVE] A2dp_WaveOut_Init
05-27 18:33:27.675 19196 19233 D ANW_WAVEOUT_SECOND: 
05-27 18:33:27.676 19196 19233 D ANWAPI_SECOND: (19196|0x283EACB0)[BTAPI] Check BTHost_Task status
05-27 18:33:27.676 19196 19235 D ANWAPI_SECOND: (19196|0x281EECB0)[BTAPI] Enter BTHost_Task
05-27 18:33:27.676   581   581 I SpiService: fgesysctrl_getGPIO_status success val=1
05-27 18:33:27.676 19196 19235 D ANWAPI_SECOND: (19196|0x281EECB0)[BTAPI] BTHost_Task setpriority(0)(-15)
05-27 18:33:27.678 15863 16069 D TrafficStats: tagSocket(164) with statsTag=0xffffffff, statsUid=-1
05-27 18:33:27.678   283   307 I rvcservice: t.code = 3, t.value = 0
05-27 18:33:27.681   581   581 I SpiService: fgesysctrl_getGPIO_status success val=1
05-27 18:33:27.682  1008 30857 D [OMXB]  : usingANWBuffer: handle:0xee744210, format:1, w:1920, h:1080
05-27 18:33:27.682   299 30844 D EvsDriver: forwardFrame
05-27 18:33:27.683 13911 14183 I SentryImuMcuAngleSender: -179.98248rollDeg
05-27 18:33:27.683 13911 14183 I SentryImuMcuAngleSender: 1,0,0
05-27 08:24:36.646   581   581 D spi_rst_gpio_get_output: GPIO 145 value: 1
05-27 08:24:36.646   581   581 D spidev_ioctl: gpio status=1)
05-27 18:33:27.684  1167  1479 D evsmanagerd: /dev/video6 forwarded the buffer #0 to 0xb4000074bf5f5510 from 0xb4000074bf5f6d90
05-27 08:24:36.651   581   581 D spi_rst_gpio_get_output: GPIO 145 value: 1
05-27 18:33:27.684   299 30844 D EvsDriver: Delivered 0xb400007b7ca56900 as id 0
05-27 18:33:27.686   299 30841 D EvsDriver: forwardFrame
05-27 18:33:27.686   299  1163 D EvsDriver: doneWithFrame
05-27 18:33:27.687   581   581 I SpiService: fgesysctrl_getGPIO_status success val=1
05-27 18:33:27.688  1167  1479 D evsmanagerd: /dev/video4 forwarded the buffer #0 to 0xb4000074bf5f6850 from 0xb4000074bf5f41d0
05-27 18:33:27.688   299 30841 D EvsDriver: Delivered 0xb400007b7ca56a60 as id 0
05-27 18:33:27.693   581   581 I SpiService: fgesysctrl_getGPIO_status success val=0
05-27 18:33:27.694   299  1163 D EvsDriver: doneWithFrame
05-27 08:24:36.651   581   581 D spidev_ioctl: gpio status=1)
05-27 18:33:27.702   536   536 D commservice260303: msg.id = 1028,1
05-27 18:33:27.702   536   536 D commservice260303: i = 170, msgid = 8A000404
05-27 18:33:27.702   536   536 D commservice260303: msgid = -1979710460,did=138
05-27 18:33:27.702   536   536 D commservice260303: CommProtocolLibCmdBaseI2C::dataproc {"command":{"id":"imu_status","sub":""},"content":{"TimeStamp":9,"FrameCounter":229955,"GD_X":-0.011682018637657166,"GD_Y":0.005879240110516548,"GD_Z":0.0026720035821199417,"AD_X":8.895993232727051E-5,"AD_Y":-0.006252107210457325,"AD_Z":-0.17191314697265625,"TempDsp":0,"Status":0,"CalibState":1,"SigAmpInvalid":0}},-1979710460
05-27 18:33:27.702   536   536 D commservice260303: send2Cluster len:315, 7B22636F6D6D616E64223A7B226964223A22696D755F737461747573222C22737562223A22227D2C22636F6E74656E74223A7B2254696D655374616D70223A392C224672616D65436F756E746572223A3232393935352C2247445F58223A2D302E3031313638323031383633373635373136362C2247445F59223A302E3030353837393234303131303531363534382C2247445F5A223A302E303032363732303033353832313139393431372C2241445F58223A382E383935393933323332373237303531452D352C2241445F59223A2D302E3030363235323130373231303435373332352C2241445F5A223A2D302E31373139313331343639373236353632352C2254656D70447370223A302C22537461747573223A302C2243616C69625374617465223A312C22536967416D70496E76616C6964223A307D7D, 138 
05-27 18:33:27.702   536   536 D commservice260303: Push Message into SendPool fn=1103168256
05-27 18:33:27.702   536   536 D commservice260303: ComProtocolLibSend2Cluster::send2ClusterRaw fn=1103168256 , len=331
05-27 18:33:27.702   536   536 D commservice260303: sendCmdToPort :331!!!
05-27 18:33:27.702   536   536 D commservice260303: send Cmd To Port ++++5AA501478A010003C1416A16C8777B22636F6D6D616E64223A7B226964223A22696D755F737461747573222C22737562223A22227D2C22636F6E74656E74223A7B2254696D655374616D70223A392C224672616D65436F756E746572223A3232393935352C2247445F58223A2D302E3031313638323031383633373635373136362C2247445F59223A302E3030353837393234303131303531363534382C2247445F5A223A302E303032363732303033353832313139393431372C2241445F58223A382E383935393933323332373237303531452D352C2241445F59223A2D302E3030363235323130373231303435373332352C2241445F5A223A2D302E31373139313331343639373236353632352C2254656D70447370223A302C22537461747573223A302C2243616C69625374617465223A312C22536967416D70496E76616C6964223A307D7DD842
05-27 18:33:27.702   536   536 D commservice260303: bufferevent_write retrun value = 0
05-27 18:33:27.702   536   560 D commservice260303: client datas send succeed,send finish
05-27 18:33:27.702 13911 14192 D Sentinelmode_1.2.5.17_sentry: <SentryImuClusterFgeSender>imu_status sent to Linux, frame=229955, tsNs=9874941, tsMs=9, intervalMs=39, ad=(8.895993E-5,-0.006252107,-0.17191315), gd=(-0.011682019,0.00587924,0.0026720036)
05-27 18:33:27.704 13911 14183 I SentryImuMcuAngleSender: -179.97899rollDeg
05-27 18:33:27.704 13911 14183 I SentryImuMcuAngleSender: 1,0,0
05-27 18:33:27.705   572   622 I Sensors : 230 AccelSensor: x:-0.167749,y:-0.002440,z:-9.978380
05-27 18:33:27.706  1008 30856 D [OMXB]  : usingANWBuffer: handle:0xee743500, format:1, w:1920, h:1080
05-27 18:33:27.707   481   598 I mcuc    : rev,n=1,6AA681C6E9000A8900A901040911123456D9
05-27 18:33:27.708   351   373 D automotive.vehicle@2.0-adayo-datacomm-mcu: MCUDatacomm sendMessageFromVehicle prop: 0x89, areaId: 0x0, status: 0xa9, timestamp: 0x1
05-27 18:33:27.708   351   373 D automotive.vehicle@2.0-adayo-datacomm-mcu: MCUDatacomm 1sendMessageFromVehicle ---> type = 12 
05-27 18:33:27.708  1121  1144 I tboxmids_ap: [2026-05-27 18:33:27.708] [MCU RX] src=MCU dst=ZMQ len=10 type=BINARY data=00 08 A9 01 04 09 11 12 34 56 
05-27 18:33:27.709   581   581 I SpiService: fgesysctrl_getGPIO_status success val=1
05-27 18:33:27.709  1083  1083 I MyAppLog: [2026-05-27 18:33:27.709 I tboxap mcuCommTboxmidsRecvCb:97] [Mcu] [mcuCommTboxmidsRecvCb] recv from tboxmids, size:10
