05-27 18:33:29.029   536   536 D commservice260303: msg.id = 1028,1
05-27 18:33:29.029   536   536 D commservice260303: i = 170, msgid = 8A000404
05-27 18:33:29.029   536   536 D commservice260303: msgid = -1979710460,did=138
05-27 18:33:29.029   536   536 D commservice260303: CommProtocolLibCmdBaseI2C::dataproc {"command":{"id":"imu_status","sub":""},"content":{"TimeStamp":9,"FrameCounter":229988,"GD_X":-0.011147825978696346,"GD_Y":0.0059551820158958435,"GD_Z":0.0020608289632946253,"AD_X":-0.006120055913925171,"AD_Y":9.041577577590942E-4,"AD_Z":-0.17191314697265625,"TempDsp":0,"Status":0,"CalibState":1,"SigAmpInvalid":0}},-1979710460
05-27 18:33:29.030   536   536 D commservice260303: send2Cluster len:316, 7B22636F6D6D616E64223A7B226964223A22696D755F737461747573222C22737562223A22227D2C22636F6E74656E74223A7B2254696D655374616D70223A392C224672616D65436F756E746572223A3232393938382C2247445F58223A2D302E3031313134373832353937383639363334362C2247445F59223A302E303035393535313832303135383935383433352C2247445F5A223A302E303032303630383238393633323934363235332C2241445F58223A2D302E3030363132303035353931333932353137312C2241445F59223A392E303431353737353737353930393432452D342C2241445F5A223A2D302E31373139313331343639373236353632352C2254656D70447370223A302C22537461747573223A302C2243616C69625374617465223A312C22536967416D70496E76616C6964223A307D7D, 138 
05-27 18:33:29.030   536   536 D commservice260303: Push Message into SendPool fn=1656816384
05-27 18:33:29.030   536   536 D commservice260303: ComProtocolLibSend2Cluster::send2ClusterRaw fn=1656816384 , len=332
05-27 18:33:29.030   536   536 D commservice260303: sendCmdToPort :332!!!
05-27 18:33:29.030   536   536 D commservice260303: send Cmd To Port ++++5AA501488A010003C1626A16C8797B22636F6D6D616E64223A7B226964223A22696D755F737461747573222C22737562223A22227D2C22636F6E74656E74223A7B2254696D655374616D70223A392C224672616D65436F756E746572223A3232393938382C2247445F58223A2D302E3031313134373832353937383639363334362C2247445F59223A302E303035393535313832303135383935383433352C2247445F5A223A302E303032303630383238393633323934363235332C2241445F58223A2D302E3030363132303035353931333932353137312C2241445F59223A392E303431353737353737353930393432452D342C2241445F5A223A2D302E31373139313331343639373236353632352C2254656D70447370223A302C22537461747573223A302C2243616C69625374617465223A312C22536967416D70496E76616C6964223A307D7D06F7
05-27 18:33:29.030   536   536 D commservice260303: bufferevent_write retrun value = 0
05-27 18:33:29.030   536   560 D commservice260303: client datas send succeed,send finish
05-27 18:33:29.030 13911 14192 D Sentinelmode_1.2.5.17_sentry: <SentryImuClusterFgeSender>imu_status sent to Linux, frame=229988, tsNs=9876275, tsMs=9, intervalMs=39, ad=(-0.006120056,9.0415776E-4,-0.17191315), gd=(-0.011147826,0.005955182,0.002060829)
05-27 18:33:29.031   581   581 I SpiService: fgesysctrl_getGPIO_status success val=1
05-27 08:24:37.996   581   581 D spi_rst_gpio_get_output: GPIO 145 value: 1
05-27 08:24:37.996   581   581 D spidev_ioctl: gpio status=1)
05-27 18:33:29.036 13549 13800 I ADAYO_LOG_: addEncryptorBean(EncryptorModel.java:28)key:logcat_2026_05_27_18_33_25_976-44.zip
05-27 18:33:29.036 13549 13800 I ADAYO_LOG_: writeEncryptorFile(EncryptorModel.java:48)mHashMapList:30
05-27 18:33:29.037   581   581 I SpiService: fgesysctrl_getGPIO_status success val=1
05-27 18:33:29.037 13549 13800 W System.err: java.io.IOException: No such file or directory
05-27 18:33:29.037 13549 13800 W System.err: 	at java.io.UnixFileSystem.createFileExclusively0(Native Method)
05-27 18:33:29.037 13549 13800 W System.err: 	at java.io.UnixFileSystem.createFileExclusively(UnixFileSystem.java:317)
05-27 18:33:29.037 13549 13800 W System.err: 	at java.io.File.createNewFile(File.java:1006)
05-27 18:33:29.037 13549 13800 W System.err: 	at com.adayo.log.utils.FileUtil.writeStringToFile(FileUtil.java:253)
05-27 18:33:29.037 13549 13800 W System.err: 	at com.adayo.log.model.EncryptorModel.writeEncryptorFile(EncryptorModel.java:53)
05-27 18:33:29.037 13549 13800 W System.err: 	at com.adayo.log.model.EncryptorModel.addEncryptorBean(EncryptorModel.java:31)
05-27 18:33:29.037 13549 13800 W System.err: 	at com.adayo.log.function.collect.LogcatFunc.startZip(LogcatFunc.java:404)
05-27 18:33:29.037 13549 13800 W System.err: 	at com.adayo.log.function.collect.LogcatFunc.startSeparationAndZip(LogcatFunc.java:293)
05-27 18:33:29.038 13549 13800 W System.err: 	at com.adayo.log.function.collect.LogcatFunc.access$000(LogcatFunc.java:56)
05-27 18:33:29.038 13549 13800 W System.err: 	at com.adayo.log.function.collect.LogcatFunc$WatchCallable.call(LogcatFunc.java:505)
05-27 18:33:29.038 13549 13800 W System.err: 	at com.adayo.log.function.collect.LogcatFunc$WatchCallable.call(LogcatFunc.java:431)
05-27 18:33:29.038 13549 13800 W System.err: 	at com.adayo.log.utils.easythread.RunnableWrapper.run(RunnableWrapper.java:37)
05-27 18:33:29.038 13549 13800 W System.err: 	at java.util.concurrent.ThreadPoolExecutor.runWorker(ThreadPoolExecutor.java:1137)
05-27 18:33:29.038 13549 13800 W System.err: 	at java.util.concurrent.ThreadPoolExecutor$Worker.run(ThreadPoolExecutor.java:637)
05-27 18:33:29.038 13549 13800 W System.err: 	at java.lang.Thread.run(Thread.java:1023)
05-27 18:33:29.038 13549 13800 W System.err: java.io.FileNotFoundException: /log/offlinelogs/AndroidLog/logKey.txt: open failed: ENOENT (No such file or directory)
05-27 18:33:29.038 13549 13800 W System.err: 	at libcore.io.IoBridge.open(IoBridge.java:574)
05-27 18:33:29.038 13549 13800 W System.err: 	at java.io.FileOutputStream.<init>(FileOutputStream.java:236)
05-27 18:33:29.038 13549 13800 W System.err: 	at java.io.FileOutputStream.<init>(FileOutputStream.java:186)
05-27 18:33:29.038 13549 13800 W System.err: 	at com.adayo.log.utils.FileUtil.writeStringToFile(FileUtil.java:258)
05-27 18:33:29.038 13549 13800 W System.err: 	at com.adayo.log.model.EncryptorModel.writeEncryptorFile(EncryptorModel.java:53)
05-27 18:33:29.038 13549 13800 W System.err: 	at com.adayo.log.model.EncryptorModel.addEncryptorBean(EncryptorModel.java:31)
05-27 18:33:29.038 13549 13800 W System.err: 	at com.adayo.log.function.collect.LogcatFunc.startZip(LogcatFunc.java:404)
05-27 18:33:29.038 13549 13800 W System.err: 	at com.adayo.log.function.collect.LogcatFunc.startSeparationAndZip(LogcatFunc.java:293)
05-27 18:33:29.038 13549 13800 W System.err: 	at com.adayo.log.function.collect.LogcatFunc.access$000(LogcatFunc.java:56)
05-27 18:33:29.038 13549 13800 W System.err: 	at com.adayo.log.function.collect.LogcatFunc$WatchCallable.call(LogcatFunc.java:505)
05-27 18:33:29.039 13549 13800 W System.err: 	at com.adayo.log.function.collect.LogcatFunc$WatchCallable.call(LogcatFunc.java:431)
05-27 18:33:29.039 13549 13800 W System.err: 	at com.adayo.log.utils.easythread.RunnableWrapper.run(RunnableWrapper.java:37)
05-27 18:33:29.039 13549 13800 W System.err: 	at java.util.concurrent.ThreadPoolExecutor.runWorker(ThreadPoolExecutor.java:1137)
05-27 18:33:29.039 13549 13800 W System.err: 	at java.util.concurrent.ThreadPoolExecutor$Worker.run(ThreadPoolExecutor.java:637)
05-27 18:33:29.039 13549 13800 W System.err: 	at java.lang.Thread.run(Thread.java:1023)
05-27 18:33:29.039 13549 13800 W System.err: Caused by: android.system.ErrnoException: open failed: ENOENT (No such file or directory)
05-27 18:33:29.039 13549 13800 W System.err: 	at libcore.io.Linux.open(Native Method)
05-27 18:33:29.039 13549 13800 W System.err: 	at libcore.io.ForwardingOs.open(ForwardingOs.java:563)
05-27 18:33:29.039 13549 13800 W System.err: 	at libcore.io.BlockGuardOs.open(BlockGuardOs.java:274)
05-27 18:33:29.039 13549 13800 W System.err: 	at libcore.io.ForwardingOs.open(ForwardingOs.java:563)
05-27 18:33:29.039 13549 13800 W System.err: 	at android.app.ActivityThread$AndroidOs.open(ActivityThread.java:7919)
05-27 18:33:29.039 13549 13800 W System.err: 	at libcore.io.IoBridge.open(IoBridge.java:560)
05-27 18:33:29.039 13549 13800 W System.err: 	... 14 more
05-27 08:24:38.001   581   581 D spi_rst_gpio_get_output: GPIO 145 value: 1
05-27 08:24:38.002   581   581 D spidev_ioctl: gpio status=1)
05-27 18:33:29.042   581   581 I SpiService: fgesysctrl_getGPIO_status success val=0
05-27 08:24:38.007   581   581 D spi_rst_gpio_get_output: GPIO 145 value: 0
05-27 08:24:38.007   581   581 D spidev_ioctl: gpio status=0)
05-27 18:33:29.046 13911 14183 I SentryImuMcuAngleSender: 179.97899rollDeg
05-27 18:33:29.046 13911 14183 I SentryImuMcuAngleSender: 1,0,0
05-27 18:33:29.054   299 30841 D EvsDriver: forwardFrame
05-27 18:33:29.054   299 30844 D EvsDriver: forwardFrame
05-27 18:33:29.055   299 30844 D EvsDriver: Delivered 0xb400007b7ca56900 as id 0
05-27 18:33:29.055 13549 13800 I ADAYO_LOG_: startZip(LogcatFunc.java:409)zipFile:true,txtFilePath: /mnt/log_data/AndroidLog/logcat/logcat_2026_05_27_18_28_22_895-44.txt
05-27 18:33:29.056  1167  1479 D evsmanagerd: /dev/video6 forwarded the buffer #0 to 0xb4000074bf5f5510 from 0xb4000074bf5f6d90
05-27 18:33:29.049 13549 13549 I auditd  : type=1400 audit(0.0:55064): avc: denied { search } for comm="CACHEABLE" name="/" dev="vda93" ino=2 scontext=u:r:system_app:s0 tcontext=u:object_r:log_data_file:s0 tclass=dir permissive=1
05-27 18:33:29.049 13549 13549 I CACHEABLE: type=1400 audit(0.0:55064): avc: denied { search } for name="/" dev="vda93" ino=2 scontext=u:r:system_app:s0 tcontext=u:object_r:log_data_file:s0 tclass=dir permissive=1
05-27 18:33:29.056  1167  1167 D evsmanagerd: /dev/video4 forwarded the buffer #0 to 0xb4000074bf5f6850 from 0xb4000074bf5f41d0
05-27 18:33:29.049 13549 13549 I auditd  : type=1400 audit(0.0:55065): avc: denied { write } for comm="CACHEABLE" name="logcat" dev="vda93" ino=180226 scontext=u:r:system_app:s0 tcontext=u:object_r:log_data_file:s0 tclass=dir permissive=1
05-27 18:33:29.049 13549 13549 I CACHEABLE: type=1400 audit(0.0:55065): avc: denied { write } for name="logcat" dev="vda93" ino=180226 scontext=u:r:system_app:s0 tcontext=u:object_r:log_data_file:s0 tclass=dir permissive=1
05-27 18:33:29.057   581   581 I SpiService: fgesysctrl_getGPIO_status success val=1
05-27 18:33:29.049 13549 13549 I auditd  : type=1400 audit(0.0:55066): avc: denied { remove_name } for comm="CACHEABLE" name="logcat_2026_05_27_18_28_22_895-44.txt" dev="vda93" ino=180277 scontext=u:r:system_app:s0 tcontext=u:object_r:log_data_file:s0 tclass=dir permissive=1
05-27 18:33:29.049 13549 13549 I CACHEABLE: type=1400 audit(0.0:55066): avc: denied { remove_name } for name="logcat_2026_05_27_18_28_22_895-44.txt" dev="vda93" ino=180277 scontext=u:r:system_app:s0 tcontext=u:object_r:log_data_file:s0 tclass=dir permissive=1
05-27 18:33:29.049 13549 13549 I auditd  : type=1400 audit(0.0:55067): avc: denied { unlink } for comm="CACHEABLE" name="logcat_2026_05_27_18_28_22_895-44.txt" dev="vda93" ino=180277 scontext=u:r:system_app:s0 tcontext=u:object_r:log_data_file:s0 tclass=file permissive=1
05-27 18:33:29.049 13549 13549 I CACHEABLE: type=1400 audit(0.0:55067): avc: denied { unlink } for name="logcat_2026_05_27_18_28_22_895-44.txt" dev="vda93" ino=180277 scontext=u:r:system_app:s0 tcontext=u:object_r:log_data_file:s0 tclass=file permissive=1
05-27 08:24:38.021   581   581 D spi_rst_gpio_get_output: GPIO 145 value: 1
05-27 08:24:38.021   581   581 D spidev_ioctl: gpio status=1)
05-27 18:33:29.058   299  1163 D EvsDriver: doneWithFrame
05-27 18:33:29.060   299  1163 D EvsDriver: doneWithFrame
05-27 18:33:29.063   581   581 I SpiService: fgesysctrl_getGPIO_status success val=1
05-27 08:24:38.027   581   581 D spi_rst_gpio_get_output: GPIO 145 value: 1
05-27 08:24:38.027   581   581 D spidev_ioctl: gpio status=1)
05-27 18:33:29.066 13911 14183 I SentryImuMcuAngleSender: 179.97899rollDeg
05-27 18:33:29.066 13911 14183 I SentryImuMcuAngleSender: 1,0,0
05-27 18:33:29.068   581   581 I SpiService: fgesysctrl_getGPIO_status success val=1
05-27 08:24:38.033   581   581 D spi_rst_gpio_get_output: GPIO 145 value: 1
05-27 08:24:38.033   581   581 D spidev_ioctl: gpio status=1)
05-27 18:33:29.070   536   536 D commservice260303: msg.id = 1028,1
05-27 18:33:29.070   536   536 D commservice260303: i = 170, msgid = 8A000404
05-27 18:33:29.070   536   536 D commservice260303: msgid = -1979710460,did=138
05-27 18:33:29.070   536   536 D commservice260303: CommProtocolLibCmdBaseI2C::dataproc {"command":{"id":"imu_status","sub":""},"content":{"TimeStamp":9,"FrameCounter":229989,"GD_X":-0.011987865902483463,"GD_Y":0.005345047451555729,"GD_Z":0.0021378109231591225,"AD_X":-0.004282712936401367,"AD_Y":8.986995089799166E-4,"AD_Z":-0.17069339752197266,"TempDsp":0,"Status":0,"CalibState":1,"SigAmpInvalid":0}},-1979710460
05-27 18:33:29.070   536   536 D commservice260303: send2Cluster len:315, 7B22636F6D6D616E64223A7B226964223A22696D755F737461747573222C22737562223A22227D2C22636F6E74656E74223A7B2254696D655374616D70223A392C224672616D65436F756E746572223A3232393938392C2247445F58223A2D302E3031313938373836353930323438333436332C2247445F59223A302E3030353334353034373435313535353732392C2247445F5A223A302E303032313337383130393233313539313232352C2241445F58223A2D302E3030343238323731323933363430313336372C2241445F59223A382E393836393935303839373939313636452D342C2241445F5A223A2D302E31373036393333393735323139373236362C2254656D70447370223A302C22537461747573223A302C2243616C69625374617465223A312C22536967416D70496E76616C6964223A307D7D, 138 
05-27 18:33:29.070   536   536 D commservice260303: Push Message into SendPool fn=1673593600
05-27 18:33:29.070   536   536 D commservice260303: ComProtocolLibSend2Cluster::send2ClusterRaw fn=1673593600 , len=331
05-27 18:33:29.070   536   536 D commservice260303: sendCmdToPort :331!!!
05-27 18:33:29.071   536   536 D commservice260303: send Cmd To Port ++++5AA501478A010003C1636A16C8797B22636F6D6D616E64223A7B226964223A22696D755F737461747573222C22737562223A22227D2C22636F6E74656E74223A7B2254696D655374616D70223A392C224672616D65436F756E746572223A3232393938392C2247445F58223A2D302E3031313938373836353930323438333436332C2247445F59223A302E3030353334353034373435313535353732392C2247445F5A223A302E303032313337383130393233313539313232352C2241445F58223A2D302E3030343238323731323933363430313336372C2241445F59223A382E393836393935303839373939313636452D342C2241445F5A223A2D302E31373036393333393735323139373236362C2254656D70447370223A302C22537461747573223A302C2243616C69625374617465223A312C22536967416D70496E76616C6964223A307D7D8624
05-27 18:33:29.071   536   536 D commservice260303: bufferevent_write retrun value = 0
05-27 18:33:29.071   536   560 D commservice260303: client datas send succeed,send finish
05-27 18:33:29.071 13911 14192 D Sentinelmode_1.2.5.17_sentry: <SentryImuClusterFgeSender>imu_status sent to Linux, frame=229989, tsNs=9876311, tsMs=9, intervalMs=41, ad=(-0.004282713,8.986995E-4,-0.1706934), gd=(-0.011987866,0.0053450475,0.002137811)
05-27 18:33:29.074   581   581 I SpiService: fgesysctrl_getGPIO_status success val=1
05-27 08:24:38.039   581   581 D spi_rst_gpio_get_output: GPIO 145 value: 1
05-27 08:24:38.039   581   581 D spidev_ioctl: gpio status=1)
05-27 18:33:29.078   572   622 I Sensors : 230 AccelSensor: x:-0.168969,y:0.001829,z:-9.977160
05-27 18:33:29.079   581   581 I SpiService: fgesysctrl_getGPIO_status success val=1
05-27 18:33:29.081   283   307 I rvcservice: t.code = 4, t.value = 0
05-27 08:24:38.044   581   581 D spi_rst_gpio_get_output: GPIO 145 value: 1
05-27 08:24:38.044   581   581 D spidev_ioctl: gpio status=1)
05-27 18:33:29.085   581   581 I SpiService: fgesysctrl_getGPIO_status success val=0
05-27 18:33:29.086 13911 14183 I SentryImuMcuAngleSender: 179.98949rollDeg
05-27 18:33:29.086 13911 14183 I SentryImuMcuAngleSender: 1,0,0
05-27 08:24:38.050   581   581 D spi_rst_gpio_get_output: GPIO 145 value: 0
05-27 08:24:38.050   581   581 D spidev_ioctl: gpio status=0)
05-27 18:33:29.089   299 30844 D EvsDriver: forwardFrame
05-27 18:33:29.089   299 30841 D EvsDriver: forwardFrame
05-27 18:33:29.090   299 30844 D EvsDriver: Delivered 0xb400007b7ca56900 as id 0
05-27 18:33:29.090  1167  1479 D evsmanagerd: /dev/video4 forwarded the buffer #0 to 0xb4000074bf5f6850 from 0xb4000074bf5f41d0
05-27 18:33:29.090  1167  1167 D evsmanagerd: /dev/video6 forwarded the buffer #0 to 0xb4000074bf5f5510 from 0xb4000074bf5f6d90
05-27 18:33:29.090   299 30841 D EvsDriver: Delivered 0xb400007b7ca56a60 as id 0
05-27 18:33:29.093   299  1153 D EvsDriver: doneWithFrame
05-27 18:33:29.093   299  1163 D EvsDriver: doneWithFrame
05-27 18:33:29.095 13549 13800 I ADAYO_LOG_: startZip(LogcatFunc.java:412)deleteFile:logcat_2026_05_27_18_28_22_895-44.txt,delete:true
05-27 18:33:29.095 13549 13800 I ADAYO_LOG_: startSeparationAndZip(LogcatFunc.java:294)startZip over
05-27 18:33:29.100   581   581 I SpiService: fgesysctrl_getGPIO_status success val=1
05-27 08:24:38.064   581   581 D spi_rst_gpio_get_output: GPIO 145 value: 1
05-27 08:24:38.064   581   581 D spidev_ioctl: gpio status=1)
05-27 18:33:29.105   581   581 I SpiService: fgesysctrl_getGPIO_status success val=1
05-27 18:33:29.106 13911 14183 I SentryImuMcuAngleSender: 179.98949rollDeg
05-27 18:33:29.106 13911 14183 I SentryImuMcuAngleSender: 1,0,0
05-27 08:24:38.069   581   581 D spi_rst_gpio_get_output: GPIO 145 value: 1
05-27 08:24:38.069   581   581 D spidev_ioctl: gpio status=1)
05-27 18:33:29.109 30773 30785 I dvr_service_: [EncoderHandler::runMediaThread] runMediaThread started:1,state:1, cam2:started:1,state:1, lastSwitch:1, mIsMuxerStart:1,format:0,is_str_ing:0
05-27 18:33:29.110   536   536 D commservice260303: msg.id = 1028,0
05-27 18:33:29.110   536   536 D commservice260303: i = 170, msgid = 8A000404
05-27 18:33:29.110   536   536 D commservice260303: msgid = -1979710460,did=138
05-27 18:33:29.110   536   536 D commservice260303: CommProtocolLibCmdBaseI2C::dataproc {"command":{"id":"imu_status","sub":""},"content":{"TimeStamp":9,"FrameCounter":229990,"GD_X":-0.010841978713870049,"GD_Y":0.005879240110516548,"GD_Z":0.002213752595707774,"AD_X":-0.0024529695510864258,"AD_Y":-9.246369590982795E-4,"AD_Z":-0.17191314697265625,"TempDsp":0,"Status":0,"CalibState":1,"SigAmpInvalid":0}},-1979710460
05-27 18:33:29.110   536   536 D commservice260303: send2Cluster len:316, 7B22636F6D6D616E64223A7B226964223A22696D755F737461747573222C22737562223A22227D2C22636F6E74656E74223A7B2254696D655374616D70223A392C224672616D65436F756E746572223A3232393939302C2247445F58223A2D302E3031303834313937383731333837303034392C2247445F59223A302E3030353837393234303131303531363534382C2247445F5A223A302E3030323231333735323539353730373737342C2241445F58223A2D302E303032343532393639353531303836343235382C2241445F59223A2D392E323436333639353930393832373935452D342C2241445F5A223A2D302E31373139313331343639373236353632352C2254656D70447370223A302C22537461747573223A302C2243616C69625374617465223A312C22536967416D70496E76616C6964223A307D7D, 138 
05-27 18:33:29.110   536   536 D commservice260303: Push Message into SendPool fn=1690370816
05-27 18:33:29.110   536   536 D commservice260303: ComProtocolLibSend2Cluster::send2ClusterRaw fn=1690370816 , len=332
05-27 18:33:29.110   581   581 I SpiService: fgesysctrl_getGPIO_status success val=1
05-27 18:33:29.110   536   536 D commservice260303: sendCmdToPort :332!!!
05-27 18:33:29.110   536   536 D commservice260303: send Cmd To Port ++++5AA501488A010003C1646A16C8797B22636F6D6D616E64223A7B226964223A22696D755F737461747573222C22737562223A22227D2C22636F6E74656E74223A7B2254696D655374616D70223A392C224672616D65436F756E746572223A3232393939302C2247445F58223A2D302E3031303834313937383731333837303034392C2247445F59223A302E3030353837393234303131303531363534382C2247445F5A223A302E3030323231333735323539353730373737342C2241445F58223A2D302E303032343532393639353531303836343235382C2241445F59223A2D392E323436333639353930393832373935452D342C2241445F5A223A2D302E31373139313331343639373236353632352C2254656D70447370223A302C22537461747573223A302C2243616C69625374617465223A312C22536967416D70496E76616C6964223A307D7D6EE8
05-27 18:33:29.111   536   536 D commservice260303: bufferevent_write retrun value = 0
05-27 18:33:29.111   536   560 D commservice260303: client datas send succeed,send finish
05-27 18:33:29.111 13911 14192 D Sentinelmode_1.2.5.17_sentry: <SentryImuClusterFgeSender>imu_status sent to Linux, frame=229990, tsNs=9876346, tsMs=9, intervalMs=39, ad=(-0.0024529696,-9.2463696E-4,-0.17191315), gd=(-0.010841979,0.00587924,0.0022137526)
05-27 08:24:38.075   581   581 D spi_rst_gpio_get_output: GPIO 145 value: 1
05-27 08:24:38.075   581   581 D spidev_ioctl: gpio status=1)
05-27 18:33:29.115   581   581 I SpiService: fgesysctrl_getGPIO_status success val=1
05-27 08:24:38.080   581   581 D spi_rst_gpio_get_output: GPIO 145 value: 1
05-27 08:24:38.080   581   581 D spidev_ioctl: gpio status=1)
05-27 18:33:29.117   299 30841 D EvsDriver: forwardFrame
05-27 18:33:29.117   299 30844 D EvsDriver: forwardFrame
05-27 18:33:29.118   299 30841 D EvsDriver: Delivered 0xb400007b7ca56a60 as id 0
05-27 18:33:29.118  1167  1167 D evsmanagerd: /dev/video4 forwarded the buffer #0 to 0xb4000074bf5f6850 from 0xb4000074bf5f41d0
05-27 18:33:29.118   299 30844 D EvsDriver: Delivered 0xb400007b7ca56900 as id 0
05-27 18:33:29.118  1167  1479 D evsmanagerd: /dev/video6 forwarded the buffer #0 to 0xb4000074bf5f5510 from 0xb4000074bf5f6d90
05-27 18:33:29.118 30773 30773 E dvr_service_: [myNum:1] Received S**** loss
05-27 18:33:29.118 30773 30781 E dvr_service_: [myNum:0] Received S**** loss
05-27 18:33:29.119   299  1153 D EvsDriver: doneWithFrame
05-27 18:33:29.119   299  1163 D EvsDriver: doneWithFrame
05-27 18:33:29.121   581   581 I SpiService: fgesysctrl_getGPIO_status success val=1
05-27 08:24:38.085   581   581 D spi_rst_gpio_get_output: GPIO 145 value: 1
05-27 08:24:38.085   581   581 D spidev_ioctl: gpio status=1)
05-27 18:33:29.126 13911 14183 I SentryImuMcuAngleSender: 179.986rollDeg
05-27 18:33:29.126 13911 14183 I SentryImuMcuAngleSender: 1,0,0
05-27 18:33:29.126   581   581 I SpiService: fgesysctrl_getGPIO_status success val=0
05-27 08:24:38.091   581   581 D spi_rst_gpio_get_output: GPIO 145 value: 0
05-27 08:24:38.091   581   581 D spidev_ioctl: gpio status=0)
05-27 18:33:29.140   581   581 I SpiService: fgesysctrl_getGPIO_status success val=1
05-27 08:24:38.104   581   581 D spi_rst_gpio_get_output: GPIO 145 value: 1
05-27 08:24:38.104   581   581 D spidev_ioctl: gpio status=1)
05-27 18:33:29.145   581   581 I SpiService: fgesysctrl_getGPIO_status success val=1
05-27 18:33:29.146 13911 14183 I SentryImuMcuAngleSender: 179.98248rollDeg
05-27 18:33:29.146 13911 14183 I SentryImuMcuAngleSender: 1,0,0
05-27 08:24:38.110   581   581 D spi_rst_gpio_get_output: GPIO 145 value: 1
05-27 08:24:38.110   581   581 D spidev_ioctl: gpio status=1)
05-27 18:33:29.149   536   536 D commservice260303: msg.id = 1028,0
05-27 18:33:29.149   536   536 D commservice260303: i = 170, msgid = 8A000404
05-27 18:33:29.150   536   536 D commservice260303: msgid = -1979710460,did=138
05-27 18:33:29.150   536   536 D commservice260303: CommProtocolLibCmdBaseI2C::dataproc {"command":{"id":"imu_status","sub":""},"content":{"TimeStamp":9,"FrameCounter":229991,"GD_X":-0.01160607673227787,"GD_Y":0.004580949433147907,"GD_Z":0.002443138277158141,"AD_X":-0.0024519264698028564,"AD_Y":2.96199694275856E-4,"AD_Z":-0.17069339752197266,"TempDsp":0,"Status":0,"CalibState":1,"SigAmpInvalid":0}},-1979710460
05-27 18:33:29.150   536   536 D commservice260303: send2Cluster len:313, 7B22636F6D6D616E64223A7B226964223A22696D755F737461747573222C22737562223A22227D2C22636F6E74656E74223A7B2254696D655374616D70223A392C224672616D65436F756E746572223A3232393939312C2247445F58223A2D302E30313136303630373637333232373738372C2247445F59223A302E3030343538303934393433333134373930372C2247445F5A223A302E3030323434333133383237373135383134312C2241445F58223A2D302E303032343531393236343639383032383536342C2241445F59223A322E3936313939363934323735383536452D342C2241445F5A223A2D302E31373036393333393735323139373236362C2254656D70447370223A302C22537461747573223A302C2243616C69625374617465223A312C22536967416D70496E76616C6964223A307D7D, 138 
05-27 18:33:29.150   536   536 D commservice260303: Push Message into SendPool fn=1707148032
05-27 18:33:29.150   536   536 D commservice260303: ComProtocolLibSend2Cluster::send2ClusterRaw fn=1707148032 , len=329
05-27 18:33:29.150   536   536 D commservice260303: sendCmdToPort :329!!!
05-27 18:33:29.150   536   536 D commservice260303: send Cmd To Port ++++5AA501458A010003C1656A16C8797B22636F6D6D616E64223A7B226964223A22696D755F737461747573222C22737562223A22227D2C22636F6E74656E74223A7B2254696D655374616D70223A392C224672616D65436F756E746572223A3232393939312C2247445F58223A2D302E30313136303630373637333232373738372C2247445F59223A302E3030343538303934393433333134373930372C2247445F5A223A302E3030323434333133383237373135383134312C2241445F58223A2D302E303032343531393236343639383032383536342C2241445F59223A322E3936313939363934323735383536452D342C2241445F5A223A2D302E31373036393333393735323139373236362C2254656D70447370223A302C22537461747573223A302C2243616C69625374617465223A312C22536967416D70496E76616C6964223A307D7DA560
05-27 18:33:29.150   536   536 D commservice260303: bufferevent_write retrun value = 0
05-27 18:33:29.150   299 30841 D EvsDriver: forwardFrame
05-27 18:33:29.150   536   560 D commservice260303: client datas send succeed,send finish
05-27 18:33:29.151   581   581 I SpiService: fgesysctrl_getGPIO_status success val=1
05-27 18:33:29.151 13911 14192 D Sentinelmode_1.2.5.17_sentry: <SentryImuClusterFgeSender>imu_status sent to Linux, frame=229991, tsNs=9876382, tsMs=9, intervalMs=40, ad=(-0.0024519265,2.961997E-4,-0.1706934), gd=(-0.011606077,0.0045809494,0.0024431383)
05-27 18:33:29.151   299 30841 D EvsDriver: Delivered 0xb400007b7ca56a60 as id 0
05-27 18:33:29.151  1167  1479 D evsmanagerd: /dev/video4 forwarded the buffer #0 to 0xb4000074bf5f6850 from 0xb4000074bf5f41d0
05-27 18:33:29.152   299 30844 D EvsDriver: forwardFrame
05-27 18:33:29.154   299  1163 D EvsDriver: doneWithFrame
05-27 08:24:38.115   581   581 D spi_rst_gpio_get_output: GPIO 145 value: 1
05-27 08:24:38.115   581   581 D spidev_ioctl: gpio status=1)
05-27 18:33:29.154   299 30844 D EvsDriver: Delivered 0xb400007b7ca56900 as id 0
05-27 18:33:29.154  1167  1479 D evsmanagerd: /dev/video6 forwarded the buffer #0 to 0xb4000074bf5f5510 from 0xb4000074bf5f6d90
05-27 18:33:29.156   581   581 I SpiService: fgesysctrl_getGPIO_status success val=1
05-27 18:33:29.156  1083  1083 I MyAppLog: [2026-05-27 18:33:29.156 I tboxap mcuSendYadiTransfer:196] [Mcu] [mcuYadiSend]: :00 08 6E 04 01 09 81 02 01 01
05-27 18:33:29.157   299  1163 D EvsDriver: doneWithFrame
05-27 18:33:29.159   481   599 I mcuc    : start timer OK = 27792 
05-27 08:24:38.121   581   581 D spi_rst_gpio_get_output: GPIO 145 value: 1
05-27 08:24:38.121   581   581 D spidev_ioctl: gpio status=1)
05-27 18:33:29.162   581   581 I SpiService: fgesysctrl_getGPIO_status success val=1
05-27 08:24:38.126   581   581 D spi_rst_gpio_get_output: GPIO 145 value: 1
05-27 08:24:38.126   581   581 D spidev_ioctl: gpio status=1)
05-27 18:33:29.166 13911 14183 I SentryImuMcuAngleSender: 179.98248rollDeg
05-27 18:33:29.166 13911 14183 I SentryImuMcuAngleSender: 1,0,0
05-27 18:33:29.167   581   581 I SpiService: fgesysctrl_getGPIO_status success val=0
05-27 18:33:29.167   481   597 I mcuc    : send SPI:6AA6016C9000F809016E040109810201010000000000000000000000000000000000000000000000000000000000000000000000000000000000000000000000000000000000000000000000000000000000000000000000000000000000000000000000000000000000000000000000000000000000000000000000000000000000000000000000000000000000000000000000000000000000000000000000000000000000000000000000000000000000000000000000000000000000000000000000000000000000000000000000000000000000000000000000000000000000000000000000000000000000000000000000000000000000000000000000
05-27 18:33:29.167   572   622 I Sensors : 230 GyroSensor: x:-0.011148,y:0.004734,z:0.001985
05-27 08:24:38.132   581   581 D spi_rst_gpio_get_output: GPIO 145 value: 0
05-27 08:24:38.132   581   581 D spidev_ioctl: gpio status=0)
05-27 18:33:29.176   299 30844 D EvsDriver: forwardFrame
05-27 18:33:29.177  1167  1479 D evsmanagerd: /dev/video6 forwarded the buffer #0 to 0xb4000074bf5f5510 from 0xb4000074bf5f6d90
05-27 18:33:29.177   299 30844 D EvsDriver: Delivered 0xb400007b7ca56900 as id 0
05-27 18:33:29.179   299  1163 D EvsDriver: doneWithFrame
05-27 18:33:29.173  1122  1122 I auditd  : type=1400 audit(0.0:55068): avc: denied { dac_override } for comm="tbox_ap" capability=1 scontext=u:r:tboxd:s0 tcontext=u:r:tboxd:s0 tclass=capability permissive=1
05-27 18:33:29.173  1122  1122 I tbox_ap : type=1400 audit(0.0:55068): avc: denied { dac_override } for capability=1 scontext=u:r:tboxd:s0 tcontext=u:r:tboxd:s0 tclass=capability permissive=1
05-27 18:33:29.181   283   307 I rvcservice: t.code = 3, t.value = 0
05-27 18:33:29.181   581   581 I SpiService: fgesysctrl_getGPIO_status success val=1
05-27 18:33:29.184 13911 14183 I SentryImuMcuAngleSender: [4, 18, 1, 0, 0],5
05-27 18:33:29.184 13911 14183 I McuCommManager: mcuCommSendcmd [4, 18, 1, 0, 0]
05-27 08:24:38.146   581   581 D spi_rst_gpio_get_output: GPIO 145 value: 1
05-27 08:24:38.146   581   581 D spidev_ioctl: gpio status=1)
05-27 18:33:29.185   299 30841 D EvsDriver: forwardFrame
05-27 18:33:29.185 13911 14183 I SentryImuMcuAngleSender: true
05-27 18:33:29.185 13911 14183 W Sentinelmode_1.2.5.17_sentry: <SentryImuMcuAngleSender>MCU IMU send interval abnormal: 1001ms
05-27 18:33:29.186   299 30841 D EvsDriver: Delivered 0xb400007b7ca56a60 as id 0
05-27 18:33:29.186  1167  1479 D evsmanagerd: /dev/video4 forwarded the buffer #0 to 0xb4000074bf5f6850 from 0xb4000074bf5f41d0
05-27 18:33:29.186 13911 14183 I SentryImuMcuAngleSender: 179.986rollDeg
05-27 18:33:29.186 13911 14183 I SentryImuMcuAngleSender: 1,0,0
05-27 18:33:29.187   581   581 I SpiService: fgesysctrl_getGPIO_status success val=1
05-27 18:33:29.188   299  1163 D EvsDriver: doneWithFrame
05-27 08:24:38.151   581   581 D spi_rst_gpio_get_output: GPIO 145 value: 1
05-27 08:24:38.151   581   581 D spidev_ioctl: gpio status=1)
05-27 18:33:29.189   536   536 D commservice260303: msg.id = 1028,1
05-27 18:33:29.190   536   536 D commservice260303: i = 170, msgid = 8A000404
05-27 18:33:29.190   536   536 D commservice260303: msgid = -1979710460,did=138
05-27 18:33:29.190   536   536 D commservice260303: CommProtocolLibCmdBaseI2C::dataproc {"command":{"id":"imu_status","sub":""},"content":{"TimeStamp":9,"FrameCounter":229992,"GD_X":-0.011300750076770782,"GD_Y":0.005268065724521875,"GD_Z":0.0021378109231591225,"AD_X":-0.00245647132396698,"AD_Y":-3.1637586653232574E-4,"AD_Z":-0.17252540588378906,"TempDsp":0,"Status":0,"CalibState":1,"SigAmpInvalid":0}},-1979710460
05-27 18:33:29.190   536   536 D commservice260303: send2Cluster len:316, 7B22636F6D6D616E64223A7B226964223A22696D755F737461747573222C22737562223A22227D2C22636F6E74656E74223A7B2254696D655374616D70223A392C224672616D65436F756E746572223A3232393939322C2247445F58223A2D302E3031313330303735303037363737303738322C2247445F59223A302E3030353236383036353732343532313837352C2247445F5A223A302E303032313337383130393233313539313232352C2241445F58223A2D302E30303234353634373133323339363639382C2241445F59223A2D332E31363337353836363533323332353734452D342C2241445F5A223A2D302E31373235323534303538383337383930362C2254656D70447370223A302C22537461747573223A302C2243616C69625374617465223A312C22536967416D70496E76616C6964223A307D7D, 138 
05-27 18:33:29.190   536   536 D commservice260303: Push Message into SendPool fn=1723925248
05-27 18:33:29.190   536   536 D commservice260303: ComProtocolLibSend2Cluster::send2ClusterRaw fn=1723925248 , len=332
05-27 18:33:29.190   536   536 D commservice260303: sendCmdToPort :332!!!
05-27 18:33:29.190   536   536 D commservice260303: send Cmd To Port ++++5AA501488A010003C1666A16C8797B22636F6D6D616E64223A7B226964223A22696D755F737461747573222C22737562223A22227D2C22636F6E74656E74223A7B2254696D655374616D70223A392C224672616D65436F756E746572223A3232393939322C2247445F58223A2D302E3031313330303735303037363737303738322C2247445F59223A302E3030353236383036353732343532313837352C2247445F5A223A302E303032313337383130393233313539313232352C2241445F58223A2D302E30303234353634373133323339363639382C2241445F59223A2D332E31363337353836363533323332353734452D342C2241445F5A223A2D302E31373235323534303538383337383930362C2254656D70447370223A302C22537461747573223A302C2243616C69625374617465223A312C22536967416D70496E76616C6964223A307D7DDCD6
05-27 18:33:29.190   536   536 D commservice260303: bufferevent_write retrun value = 0
05-27 18:33:29.190   536   560 D commservice260303: client datas send succeed,send finish
05-27 18:33:29.190 13911 14192 D Sentinelmode_1.2.5.17_sentry: <SentryImuClusterFgeSender>imu_status sent to Linux, frame=229992, tsNs=9876435, tsMs=9, intervalMs=40, ad=(-0.0024564713,-3.1637587E-4,-0.1725254), gd=(-0.01130075,0.0052680657,0.002137811)
05-27 18:33:29.192   581   581 I SpiService: fgesysctrl_getGPIO_status success val=1
05-27 08:24:38.157   581   581 D spi_rst_gpio_get_output: GPIO 145 value: 1
05-27 08:24:38.157   581   581 D spidev_ioctl: gpio status=1)
05-27 18:33:29.198   581   581 I SpiService: fgesysctrl_getGPIO_status success val=1
05-27 08:24:38.162   581   581 D spi_rst_gpio_get_output: GPIO 145 value: 1
05-27 08:24:38.162   581   581 D spidev_ioctl: gpio status=1)
05-27 18:33:29.203   581   581 I SpiService: fgesysctrl_getGPIO_status success val=1
05-27 08:24:38.168   581   581 D spi_rst_gpio_get_output: GPIO 145 value: 1
05-27 08:24:38.168   581   581 D spidev_ioctl: gpio status=1)
05-27 18:33:29.206 13911 14183 I SentryImuMcuAngleSender: 180.0rollDeg
05-27 18:33:29.206 13911 14183 I SentryImuMcuAngleSender: 1,0,0
05-27 18:33:29.209   581   581 I SpiService: fgesysctrl_getGPIO_status success val=0
05-27 18:33:29.209   481   597 I mcuc    : send SPI:6AA6006C9100050412010000E7
05-27 08:24:38.173   581   581 D spi_rst_gpio_get_output: GPIO 145 value: 0
05-27 08:24:38.173   581   581 D spidev_ioctl: gpio status=0)
05-27 18:33:29.222   481   598 I mcuc    : rev,n=1,6AA6826C900002090176
05-27 18:33:29.222   299 30841 D EvsDriver: forwardFrame
05-27 18:33:29.222   299 30844 D EvsDriver: forwardFrame
05-27 18:33:29.223   581   581 I SpiService: fgesysctrl_getGPIO_status success val=1
05-27 18:33:29.224   299 30841 D EvsDriver: Delivered 0xb400007b7ca56a60 as id 0
05-27 18:33:29.224  1167  1479 D evsmanagerd: /dev/video4 forwarded the buffer #0 to 0xb4000074bf5f6850 from 0xb4000074bf5f41d0
05-27 18:33:29.224   299 30844 D EvsDriver: Delivered 0xb400007b7ca56900 as id 0
05-27 18:33:29.224  1167  1479 D evsmanagerd: /dev/video6 forwarded the buffer #0 to 0xb4000074bf5f5510 from 0xb4000074bf5f6d90
05-27 08:24:38.188   581   581 D spi_rst_gpio_get_output: GPIO 145 value: 1
05-27 08:24:38.188   581   581 D spidev_ioctl: gpio status=1)
05-27 18:33:29.226 13911 14183 I SentryImuMcuAngleSender: -179.99298rollDeg
05-27 18:33:29.226 13911 14183 I SentryImuMcuAngleSender: 1,0,0
05-27 18:33:29.226   299  1163 D EvsDriver: doneWithFrame
05-27 18:33:29.226   299  1153 D EvsDriver: doneWithFrame
05-27 18:33:29.229   581   581 I SpiService: fgesysctrl_getGPIO_status success val=1
05-27 08:24:38.193   581   581 D spi_rst_gpio_get_output: GPIO 145 value: 1
05-27 08:24:38.193   581   581 D spidev_ioctl: gpio status=1)
05-27 18:33:29.229   536   536 D commservice260303: msg.id = 1028,0
05-27 18:33:29.230   536   536 D commservice260303: i = 170, msgid = 8A000404
05-27 18:33:29.230   536   536 D commservice260303: msgid = -1979710460,did=138
05-27 18:33:29.230   536   536 D commservice260303: CommProtocolLibCmdBaseI2C::dataproc {"command":{"id":"imu_status","sub":""},"content":{"TimeStamp":9,"FrameCounter":229993,"GD_X":-0.011910883709788322,"GD_Y":0.005345047451555729,"GD_Z":0.002519079949706793,"AD_X":-0.0036716461181640625,"AD_Y":-0.0039547705091536045,"AD_Z":-0.16764259338378906,"TempDsp":0,"Status":0,"CalibState":1,"SigAmpInvalid":0}},-1979710460
05-27 18:33:29.230   536   536 D commservice260303: send2Cluster len:317, 7B22636F6D6D616E64223A7B226964223A22696D755F737461747573222C22737562223A22227D2C22636F6E74656E74223A7B2254696D655374616D70223A392C224672616D65436F756E746572223A3232393939332C2247445F58223A2D302E3031313931303838333730393738383332322C2247445F59223A302E3030353334353034373435313535353732392C2247445F5A223A302E3030323531393037393934393730363739332C2241445F58223A2D302E303033363731363436313138313634303632352C2241445F59223A2D302E303033393534373730353039313533363034352C2241445F5A223A2D302E31363736343235393333383337383930362C2254656D70447370223A302C22537461747573223A302C2243616C69625374617465223A312C22536967416D70496E76616C6964223A307D7D, 138 
05-27 18:33:29.230   536   536 D commservice260303: Push Message into SendPool fn=1740702464
05-27 18:33:29.230   536   536 D commservice260303: ComProtocolLibSend2Cluster::send2ClusterRaw fn=1740702464 , len=333
05-27 18:33:29.230   536   536 D commservice260303: sendCmdToPort :333!!!
05-27 18:33:29.230   536   536 D commservice260303: send Cmd To Port ++++5AA501498A010003C1676A16C8797B22636F6D6D616E64223A7B226964223A22696D755F737461747573222C22737562223A22227D2C22636F6E74656E74223A7B2254696D655374616D70223A392C224672616D65436F756E746572223A3232393939332C2247445F58223A2D302E3031313931303838333730393738383332322C2247445F59223A302E3030353334353034373435313535353732392C2247445F5A223A302E3030323531393037393934393730363739332C2241445F58223A2D302E303033363731363436313138313634303632352C2241445F59223A2D302E303033393534373730353039313533363034352C2241445F5A223A2D302E31363736343235393333383337383930362C2254656D70447370223A302C22537461747573223A302C2243616C69625374617465223A312C22536967416D70496E76616C6964223A307D7D6DA1
05-27 18:33:29.230   536   536 D commservice260303: bufferevent_write retrun value = 0
05-27 18:33:29.230   536   560 D commservice260303: client datas send succeed,send finish
05-27 18:33:29.230 13911 14192 D Sentinelmode_1.2.5.17_sentry: <SentryImuClusterFgeSender>imu_status sent to Linux, frame=229993, tsNs=9876471, tsMs=9, intervalMs=40, ad=(-0.0036716461,-0.0039547705,-0.1676426), gd=(-0.011910884,0.0053450475,0.00251908)
05-27 18:33:29.234   581   581 I SpiService: fgesysctrl_getGPIO_status success val=1
05-27 08:24:38.199   581   581 D spi_rst_gpio_get_output: GPIO 145 value: 1
05-27 08:24:38.199   581   581 D spidev_ioctl: gpio status=1)
05-27 18:33:29.239   581   581 I SpiService: fgesysctrl_getGPIO_status success val=1
05-27 08:24:38.204   581   581 D spi_rst_gpio_get_output: GPIO 145 value: 1
05-27 08:24:38.204   581   581 D spidev_ioctl: gpio status=1)
05-27 18:33:29.245   581   581 I SpiService: fgesysctrl_getGPIO_status success val=1
05-27 18:33:29.246   299 30841 D EvsDriver: forwardFrame
05-27 18:33:29.246 13911 14183 I SentryImuMcuAngleSender: 179.98598rollDeg
05-27 18:33:29.246 13911 14183 I SentryImuMcuAngleSender: 1,0,0
05-27 18:33:29.247   299 30841 D EvsDriver: Delivered 0xb400007b7ca56a60 as id 0
05-27 18:33:29.247  1167  1167 D evsmanagerd: /dev/video4 forwarded the buffer #0 to 0xb4000074bf5f6850 from 0xb4000074bf5f41d0
05-27 18:33:29.248   299  1153 D EvsDriver: doneWithFrame
05-27 08:24:38.209   581   581 D spi_rst_gpio_get_output: GPIO 145 value: 1
05-27 08:24:38.209   581   581 D spidev_ioctl: gpio status=1)
05-27 18:33:29.249   299 30844 D EvsDriver: forwardFrame
05-27 18:33:29.250   581   581 I SpiService: fgesysctrl_getGPIO_status success val=0
05-27 18:33:29.251   299 30844 D EvsDriver: Delivered 0xb400007b7ca56900 as id 0
05-27 18:33:29.251  1167  1167 D evsmanagerd: /dev/video6 forwarded the buffer #0 to 0xb4000074bf5f5510 from 0xb4000074bf5f6d90
05-27 08:24:38.215   581   581 D spi_rst_gpio_get_output: GPIO 145 value: 0
05-27 08:24:38.215   581   581 D spidev_ioctl: gpio status=0)
05-27 18:33:29.255   299  1153 D EvsDriver: doneWithFrame
05-27 18:33:29.255 11344 11344 E SystemUI_NavBarFragment: SysUIConfig.icCarServiceConnected：false
05-27 18:33:29.259  1041  1051 I ThermalCvtGovernor: soc(default) curTemp: 87198 tripTemp: 95000 setPollingDelay: 4000
05-27 08:24:38.221     0     0 W         : c6 [    C6] Irq_monitor:Irq                                           IPI[1]occur        6551 times interval 1028 ms
05-27 18:33:29.264   581   581 I SpiService: fgesysctrl_getGPIO_status success val=1
05-27 08:24:38.229   581   581 D spi_rst_gpio_get_output: GPIO 145 value: 1
05-27 08:24:38.229   581   581 D spidev_ioctl: gpio status=1)
05-27 18:33:29.266 13911 14183 I SentryImuMcuAngleSender: 179.97197rollDeg
05-27 18:33:29.266 13911 14183 I SentryImuMcuAngleSender: 1,0,0
05-27 18:33:29.269   581   581 I SpiService: fgesysctrl_getGPIO_status success val=1
05-27 18:33:29.270   536   536 D commservice260303: msg.id = 1028,0
05-27 18:33:29.270   536   536 D commservice260303: i = 170, msgid = 8A000404
05-27 18:33:29.270   536   536 D commservice260303: msgid = -1979710460,did=138
05-27 18:33:29.270   536   536 D commservice260303: CommProtocolLibCmdBaseI2C::dataproc {"command":{"id":"imu_status","sub":""},"content":{"TimeStamp":9,"FrameCounter":229994,"GD_X":-0.01221725158393383,"GD_Y":0.0051151420921087265,"GD_Z":0.0019848872907459736,"AD_X":-2.3767352104187012E-5,"AD_Y":0.0021396935917437077,"AD_Z":-0.17069339752197266,"TempDsp":0,"Status":0,"CalibState":1,"SigAmpInvalid":0}},-1979710460
05-27 18:33:29.270   536   536 D commservice260303: send2Cluster len:317, 7B22636F6D6D616E64223A7B226964223A22696D755F737461747573222C22737562223A22227D2C22636F6E74656E74223A7B2254696D655374616D70223A392C224672616D65436F756E746572223A3232393939342C2247445F58223A2D302E30313232313732353135383339333338332C2247445F59223A302E303035313135313432303932313038373236352C2247445F5A223A302E303031393834383837323930373435393733362C2241445F58223A2D322E33373637333532313034313837303132452D352C2241445F59223A302E303032313339363933353931373433373037372C2241445F5A223A2D302E31373036393333393735323139373236362C2254656D70447370223A302C22537461747573223A302C2243616C69625374617465223A312C22536967416D70496E76616C6964223A307D7D, 138 
05-27 18:33:29.270   536   536 D commservice260303: Push Message into SendPool fn=1757479680
05-27 18:33:29.270   536   536 D commservice260303: ComProtocolLibSend2Cluster::send2ClusterRaw fn=1757479680 , len=333
05-27 18:33:29.270   536   536 D commservice260303: sendCmdToPort :333!!!
05-27 18:33:29.270   536   536 D commservice260303: send Cmd To Port ++++5AA501498A010003C1686A16C8797B22636F6D6D616E64223A7B226964223A22696D755F737461747573222C22737562223A22227D2C22636F6E74656E74223A7B2254696D655374616D70223A392C224672616D65436F756E746572223A3232393939342C2247445F58223A2D302E30313232313732353135383339333338332C2247445F59223A302E303035313135313432303932313038373236352C2247445F5A223A302E303031393834383837323930373435393733362C2241445F58223A2D322E33373637333532313034313837303132452D352C2241445F59223A302E303032313339363933353931373433373037372C2241445F5A223A2D302E31373036393333393735323139373236362C2254656D70447370223A302C22537461747573223A302C2243616C69625374617465223A312C22536967416D70496E76616C6964223A307D7D7BB4
05-27 18:33:29.270   536   536 D commservice260303: bufferevent_write retrun value = 0
05-27 18:33:29.270   536   560 D commservice260303: client datas send succeed,send finish
05-27 18:33:29.271 13911 14192 D Sentinelmode_1.2.5.17_sentry: <SentryImuClusterFgeSender>imu_status sent to Linux, frame=229994, tsNs=9876507, tsMs=9, intervalMs=40, ad=(-2.3767352E-5,0.0021396936,-0.1706934), gd=(-0.012217252,0.005115142,0.0019848873)
05-27 08:24:38.234   581   581 D spi_rst_gpio_get_output: GPIO 145 value: 1
05-27 08:24:38.234   581   581 D spidev_ioctl: gpio status=1)
05-27 18:33:29.274   572   572 I Sensors : 230 AccelSensor: x:-0.167140,y:0.003050,z:-9.979600
05-27 18:33:29.275   581   581 I SpiService: fgesysctrl_getGPIO_status success val=1
05-27 08:24:38.239   581   581 D spi_rst_gpio_get_output: GPIO 145 value: 1
05-27 08:24:38.239   581   581 D spidev_ioctl: gpio status=1)
05-27 18:33:29.280   581   581 I SpiService: fgesysctrl_getGPIO_status success val=1
05-27 08:24:38.245   581   581 D spi_rst_gpio_get_output: GPIO 145 value: 1
05-27 08:24:38.245   581   581 D spidev_ioctl: gpio status=1)
05-27 18:33:29.281   299 30841 D EvsDriver: forwardFrame
05-27 18:33:29.281   283   307 I rvcservice: t.code = 1, t.value = -167140
05-27 18:33:29.282   299 30841 D EvsDriver: Delivered 0xb400007b7ca56a60 as id 0
05-27 18:33:29.282  1167  1167 D evsmanagerd: /dev/video4 forwarded the buffer #0 to 0xb4000074bf5f6850 from 0xb4000074bf5f41d0
05-27 18:33:29.282 30773 30773 I dvr_service_: [myNum:0][onFrameReceived] Received Surface:1 0
05-27 18:33:29.282 30773 30773 E dvr_service_: [myNum:0] Received S**** loss
05-27 18:33:29.282   299  1153 D EvsDriver: doneWithFrame
05-27 18:33:29.284   299 30844 D EvsDriver: forwardFrame
05-27 18:33:29.286   581   581 I SpiService: fgesysctrl_getGPIO_status success val=1
05-27 18:33:29.286   299 30844 D EvsDriver: Delivered 0xb400007b7ca56900 as id 0
05-27 18:33:29.286  1167  1167 D evsmanagerd: /dev/video6 forwarded the buffer #0 to 0xb4000074bf5f5510 from 0xb4000074bf5f6d90
05-27 18:33:29.286 30773 30773 I dvr_service_: [myNum:1][onFrameReceived] Received Surface:1 0
05-27 18:33:29.286 30773 30773 E dvr_service_: [myNum:1] Received S**** loss
05-27 18:33:29.286   299  1153 D EvsDriver: doneWithFrame
05-27 18:33:29.287 13911 14183 I SentryImuMcuAngleSender: 179.98248rollDeg
05-27 18:33:29.287 13911 14183 I SentryImuMcuAngleSender: 1,0,0
05-27 08:24:38.250   581   581 D spi_rst_gpio_get_output: GPIO 145 value: 1
05-27 08:24:38.250   581   581 D spidev_ioctl: gpio status=1)
05-27 18:33:29.291   581   581 I SpiService: fgesysctrl_getGPIO_status success val=0
05-27 08:24:38.255   581   581 D spi_rst_gpio_get_output: GPIO 145 value: 0
05-27 08:24:38.255   581   581 D spidev_ioctl: gpio status=0)
05-27 18:33:29.305   581   581 I SpiService: fgesysctrl_getGPIO_status success val=1
05-27 08:24:38.269   581   581 D spi_rst_gpio_get_output: GPIO 145 value: 1
05-27 08:24:38.269   581   581 D spidev_ioctl: gpio status=1)
05-27 18:33:29.307 13911 14183 I SentryImuMcuAngleSender: 179.98248rollDeg
05-27 18:33:29.307 13911 14183 I SentryImuMcuAngleSender: 1,0,0
05-27 18:33:29.309   536   536 D commservice260303: msg.id = 1028,0
05-27 18:33:29.309   536   536 D commservice260303: i = 170, msgid = 8A000404
05-27 18:33:29.309   536   536 D commservice260303: msgid = -1979710460,did=138
05-27 18:33:29.310   536   536 D commservice260303: CommProtocolLibCmdBaseI2C::dataproc {"command":{"id":"imu_status","sub":""},"content":{"TimeStamp":9,"FrameCounter":229995,"GD_X":-0.011377211660146713,"GD_Y":0.0051151420921087265,"GD_Z":0.0023671966046094894,"AD_X":-6.466656923294067E-4,"AD_Y":3.084843046963215E-4,"AD_Z":-0.1743488311767578,"TempDsp":0,"Status":0,"CalibState":1,"SigAmpInvalid":0}},-1979710460
05-27 18:33:29.310   536   536 D commservice260303: send2Cluster len:315, 7B22636F6D6D616E64223A7B226964223A22696D755F737461747573222C22737562223A22227D2C22636F6E74656E74223A7B2254696D655374616D70223A392C224672616D65436F756E746572223A3232393939352C2247445F58223A2D302E3031313337373231313636303134363731332C2247445F59223A302E303035313135313432303932313038373236352C2247445F5A223A302E303032333637313936363034363039343839342C2241445F58223A2D362E343636363536393233323934303637452D342C2241445F59223A332E303834383433303436393633323135452D342C2241445F5A223A2D302E313734333438383331313736373537382C2254656D70447370223A302C22537461747573223A302C2243616C69625374617465223A312C22536967416D70496E76616C6964223A307D7D, 138 
05-27 18:33:29.310   536   536 D commservice260303: Push Message into SendPool fn=1774256896
05-27 18:33:29.310   536   536 D commservice260303: ComProtocolLibSend2Cluster::send2ClusterRaw fn=1774256896 , len=331
05-27 18:33:29.310   536   536 D commservice260303: sendCmdToPort :331!!!
05-27 18:33:29.310   581   581 I SpiService: fgesysctrl_getGPIO_status success val=1
05-27 18:33:29.310   536   536 D commservice260303: send Cmd To Port ++++5AA501478A010003C1696A16C8797B22636F6D6D616E64223A7B226964223A22696D755F737461747573222C22737562223A22227D2C22636F6E74656E74223A7B2254696D655374616D70223A392C224672616D65436F756E746572223A3232393939352C2247445F58223A2D302E3031313337373231313636303134363731332C2247445F59223A302E303035313135313432303932313038373236352C2247445F5A223A302E303032333637313936363034363039343839342C2241445F58223A2D362E343636363536393233323934303637452D342C2241445F59223A332E303834383433303436393633323135452D342C2241445F5A223A2D302E313734333438383331313736373537382C2254656D70447370223A302C22537461747573223A302C2243616C69625374617465223A312C22536967416D70496E76616C6964223A307D7DEDBE
05-27 18:33:29.310   536   536 D commservice260303: bufferevent_write retrun value = 0
05-27 18:33:29.310   536   560 D commservice260303: client datas send succeed,send finish
05-27 18:33:29.310 13911 14192 D Sentinelmode_1.2.5.17_sentry: <SentryImuClusterFgeSender>imu_status sent to Linux, frame=229995, tsNs=9876542, tsMs=9, intervalMs=40, ad=(-6.466657E-4,3.084843E-4,-0.17434883), gd=(-0.011377212,0.005115142,0.0023671966)
05-27 08:24:38.275   581   581 D spi_rst_gpio_get_output: GPIO 145 value: 1
05-27 08:24:38.275   581   581 D spidev_ioctl: gpio status=1)
05-27 18:33:29.313   299 30841 D EvsDriver: forwardFrame
05-27 18:33:29.314   299 30841 D EvsDriver: Delivered 0xb400007b7ca56a60 as id 0
05-27 18:33:29.314  1167  1167 D evsmanagerd: /dev/video4 forwarded the buffer #0 to 0xb4000074bf5f6850 from 0xb4000074bf5f41d0
05-27 18:33:29.315   299  1153 D EvsDriver: doneWithFrame
05-27 18:33:29.316   581   581 I SpiService: fgesysctrl_getGPIO_status success val=1
05-27 08:24:38.280   581   581 D spi_rst_gpio_get_output: GPIO 145 value: 1
05-27 08:24:38.280   581   581 D spidev_ioctl: gpio status=1)
05-27 18:33:29.321   581   581 I SpiService: fgesysctrl_getGPIO_status success val=1
05-27 18:33:29.322   299 30844 D EvsDriver: forwardFrame
05-27 18:33:29.324   299 30844 D EvsDriver: Delivered 0xb400007b7ca56900 as id 0
