05-27 18:33:36.346  1083  1083 W MyAppLog: [2026-05-27 18:33:36.345 W tboxap mcuParamDataRevPack:918] [Mcu] mcuParamDataRevPack start pack data!!!
05-27 18:33:36.346   299 30841 D EvsDriver: forwardFrame
05-27 18:33:36.346  1083  1083 I MyAppLog: [2026-05-27 18:33:36.345 I tboxap MCU_HANDSHAKE_IND_McuInd:317] [Mcu] [MCU_HANDSHAKE_IND_McuInd] wakeReason:0x12 -> loginReason:0x08 protoVer:0x34
05-27 18:33:36.346  1083  1083 W MyAppLog: [2026-05-27 18:33:36.345 W tboxap mcuHandleHandshakeInd:1654] [Mcu] [mcuHandleHandshakeInd] recv 0x0900 handshake response wakeReason:0x12 protoVer:0x34
05-27 18:33:36.346   299 30844 D EvsDriver: forwardFrame
05-27 18:33:36.347   481   598 I mcuc    : rev,n=2,6AA681C714000A8900BB0104091412345698
05-27 18:33:36.347   351   373 D automotive.vehicle@2.0-adayo-datacomm-mcu: MCUDatacomm sendMessageFromVehicle prop: 0x89, areaId: 0x0, status: 0xbb, timestamp: 0x1
05-27 18:33:36.347   351   373 D automotive.vehicle@2.0-adayo-datacomm-mcu: MCUDatacomm 1sendMessageFromVehicle ---> type = 12 
05-27 18:33:36.347  1121  1144 I tboxmids_ap: [2026-05-27 18:33:36.347] [MCU RX] src=MCU dst=ZMQ len=10 type=BINARY data=00 08 BB 01 04 09 14 12 34 56 
05-27 18:33:36.348   299 30841 D EvsDriver: Delivered 0xb400007b7ca56a60 as id 0
05-27 18:33:36.348  1167  1479 D evsmanagerd: /dev/video4 forwarded the buffer #0 to 0xb4000074bf5f6850 from 0xb4000074bf5f41d0
05-27 18:33:36.348  1083  1083 I MyAppLog: [2026-05-27 18:33:36.348 I tboxap mcuCommTboxmidsRecvCb:97] [Mcu] [mcuCommTboxmidsRecvCb] recv from tboxmids, size:10
05-27 08:24:45.310   581   581 D spi_rst_gpio_get_output: GPIO 145 value: 1
05-27 08:24:45.310   581   581 D spidev_ioctl: gpio status=1)
05-27 18:33:36.349  1083  1083 I MyAppLog: [2026-05-27 18:33:36.348 I tboxap mcuCommTboxmidsRecvCb:98] [Mcu] [tboxmids -> tboxap]: :00 08 BB 01 04 09 14 12 34 56
05-27 18:33:36.349  1083  1083 W MyAppLog: [2026-05-27 18:33:36.348 W tboxap mcuYadiFrameParse:852] [Mcu] [mcuYadiFrameParse] cmd:0914(MCU_SEC_BATT2_DYNAMIC_IND) payload too short:5 < 36
05-27 18:33:36.349  1083  1083 W MyAppLog: [2026-05-27 18:33:36.348 W tboxap mcuPtlParseData:982] [Mcu] [mcuPtlParseData] invalid yadi frame, len:10
05-27 18:33:36.349  1167  1479 D evsmanagerd: /dev/video6 forwarded the buffer #0 to 0xb4000074bf5f5510 from 0xb4000074bf5f6d90
05-27 18:33:36.349   299 30844 D EvsDriver: Delivered 0xb400007b7ca56900 as id 0
05-27 08:24:45.315   581   581 D spi_rst_gpio_get_output: GPIO 145 value: 1
05-27 08:24:45.315   581   581 D spidev_ioctl: gpio status=1)
05-27 08:24:45.321   581   581 D spi_rst_gpio_get_output: GPIO 145 value: 1
05-27 08:24:45.321   581   581 D spidev_ioctl: gpio status=1)
05-27 18:33:36.350 13911 14183 I SentryImuMcuAngleSender: 179.97897rollDeg
05-27 18:33:36.350 13911 14183 I SentryImuMcuAngleSender: 1,0,0
05-27 18:33:36.350   299  1153 D EvsDriver: doneWithFrame
05-27 18:33:36.350   581   581 I SpiService: fgesysctrl_getGPIO_status success val=1
05-27 18:33:36.351 13911 13911 I Sentinelmode_1.2.5.17_sentry: <SentinelCarServiceManager>sensorType:291504647
05-27 18:33:36.352   299  1153 D EvsDriver: doneWithFrame
05-27 18:33:36.353  1008 30857 D [OMXB]  : usingANWBuffer: handle:0xee746310, format:1, w:1920, h:1080
05-27 18:33:36.356   581   581 I SpiService: fgesysctrl_getGPIO_status success val=1
05-27 18:33:36.362 30773 30790 D BufferPoolAccessor2.0: bufferpool2 0xb400007447813a38 : 4(16384 size) total buffers - 4(16384 size) used buffers - 0/5 (recycle/alloc) - 130/253883 (fetch/transfer)
05-27 18:33:36.362   581   581 I SpiService: fgesysctrl_getGPIO_status success val=1
05-27 08:24:45.327   581   581 D spi_rst_gpio_get_output: GPIO 145 value: 1
05-27 08:24:45.327   581   581 D spidev_ioctl: gpio status=1)
05-27 18:33:36.367   581   581 I SpiService: fgesysctrl_getGPIO_status success val=0
05-27 18:33:36.368   481   597 I mcuc    : send SPI:6AA602C71300028900996AA602C7140002890098
05-27 08:24:45.332   581   581 D spi_rst_gpio_get_output: GPIO 145 value: 0
05-27 08:24:45.332   581   581 D spidev_ioctl: gpio status=0)
05-27 18:33:36.370 13911 14183 I SentryImuMcuAngleSender: 179.97197rollDeg
05-27 18:33:36.370 13911 14183 I SentryImuMcuAngleSender: 1,0,0
05-27 18:33:36.372 10188 11122 E WifiVendorHal: getWifiLinkLayerStats_1_6_Internal(l.1202) failed {.code = ERROR_UNKNOWN, .description = unknown error}
05-27 08:24:45.337 10047 10047 W         : AICWFDBG(LOGTRACE)	rwnx_send_msg (118)MM_GET_STA_INFO_CFM reqcfm:1 in_irq:0 in_softirq:0 in_atomic:0
05-27 08:24:45.337 10047 10047 W         : AICWFDBG(LOGTRACE)	rwnx_cmd_malloc get cmd_array[0]:000000004c96fbbb
05-27 08:24:45.337   354   354 W         : AICWFDBG(LOGDEBUG)	rwnx_rx_handle_msg msg->id:0x76
05-27 08:24:45.337 10047 10047 W         : AICWFDBG(LOGTRACE)	rwnx_cmd_free cmd_array[0]:000000004c96fbbb
05-27 08:24:45.337 10047 10047 W         : AICWFDBG(LOGDEBUG)	rwnx_fill_station_info ModTx(2):5 TxIndex:10 ModRx(2):5 RxHTIndex:10 RxVHTIndex:8 RxHEIndex:11 RSSI:-41
05-27 18:33:36.376   536   536 D commservice260303: msg.id = 1028,0
05-27 18:33:36.376   536   536 D commservice260303: i = 170, msgid = 8A000404
05-27 18:33:36.376   536   536 D commservice260303: msgid = -1979710460,did=138
05-27 18:33:36.376   536   536 D commservice260303: CommProtocolLibCmdBaseI2C::dataproc {"command":{"id":"imu_status","sub":""},"content":{"TimeStamp":9,"FrameCounter":230169,"GD_X":-0.012063807807862759,"GD_Y":0.00519212381914258,"GD_Z":0.0023671966046094894,"AD_X":-0.0016836374998092651,"AD_Y":0.0017015477642416954,"AD_Z":-0.1670246124267578,"TempDsp":0,"Status":0,"CalibState":1,"SigAmpInvalid":0}},-1979710460
05-27 18:33:36.376   536   536 D commservice260303: send2Cluster len:315, 7B22636F6D6D616E64223A7B226964223A22696D755F737461747573222C22737562223A22227D2C22636F6E74656E74223A7B2254696D655374616D70223A392C224672616D65436F756E746572223A3233303136392C2247445F58223A2D302E3031323036333830373830373836323735392C2247445F59223A302E30303531393231323338313931343235382C2247445F5A223A302E303032333637313936363034363039343839342C2241445F58223A2D302E303031363833363337343939383039323635312C2241445F59223A302E303031373031353437373634323431363935342C2241445F5A223A2D302E313637303234363132343236373537382C2254656D70447370223A302C22537461747573223A302C2243616C69625374617465223A312C22536967416D70496E76616C6964223A307D7D, 138 
05-27 18:33:36.376   536   536 D commservice260303: Push Message into SendPool fn=465699584
05-27 18:33:36.376   536   536 D commservice260303: ComProtocolLibSend2Cluster::send2ClusterRaw fn=465699584 , len=331
05-27 18:33:36.376   536   536 D commservice260303: sendCmdToPort :331!!!
05-27 18:33:36.376   536   536 D commservice260303: send Cmd To Port ++++5AA501478A010003C21B6A16C8807B22636F6D6D616E64223A7B226964223A22696D755F737461747573222C22737562223A22227D2C22636F6E74656E74223A7B2254696D655374616D70223A392C224672616D65436F756E746572223A3233303136392C2247445F58223A2D302E3031323036333830373830373836323735392C2247445F59223A302E30303531393231323338313931343235382C2247445F5A223A302E303032333637313936363034363039343839342C2241445F58223A2D302E303031363833363337343939383039323635312C2241445F59223A302E303031373031353437373634323431363935342C2241445F5A223A2D302E313637303234363132343236373537382C2254656D70447370223A302C22537461747573223A302C2243616C69625374617465223A312C22536967416D70496E76616C6964223A307D7D7D29
05-27 18:33:36.376   536   536 D commservice260303: bufferevent_write retrun value = 0
05-27 18:33:36.376   536   560 D commservice260303: client datas send succeed,send finish
05-27 18:33:36.376 13911 14192 D Sentinelmode_1.2.5.17_sentry: <SentryImuClusterFgeSender>imu_status sent to Linux, frame=230169, tsNs=9883620, tsMs=9, intervalMs=41, ad=(-0.0016836375,0.0017015478,-0.16702461), gd=(-0.012063808,0.005192124,0.0023671966)
05-27 18:33:36.378  1008 30857 D [OMXB]  : usingANWBuffer: handle:0xee742270, format:1, w:1920, h:1080
05-27 18:33:36.382   581   581 I SpiService: fgesysctrl_getGPIO_status success val=1
05-27 18:33:36.385   299 30844 D EvsDriver: forwardFrame
05-27 08:24:45.346   581   581 D spi_rst_gpio_get_output: GPIO 145 value: 1
05-27 08:24:45.346   581   581 D spidev_ioctl: gpio status=1)
05-27 18:33:36.385   299 30841 D EvsDriver: forwardFrame
05-27 18:33:36.386   299 30844 D EvsDriver: Delivered 0xb400007b7ca56900 as id 0
05-27 18:33:36.386   299 30841 D EvsDriver: Delivered 0xb400007b7ca56a60 as id 0
05-27 18:33:36.386  1167  1184 D evsmanagerd: /dev/video4 forwarded the buffer #0 to 0xb4000074bf5f6850 from 0xb4000074bf5f41d0
05-27 18:33:36.386  1167  1479 D evsmanagerd: /dev/video6 forwarded the buffer #0 to 0xb4000074bf5f5510 from 0xb4000074bf5f6d90
05-27 18:33:36.387  1008 30856 D [OMXB]  : usingANWBuffer: handle:0xee7442c0, format:1, w:1920, h:1080
05-27 18:33:36.388   581   581 I SpiService: fgesysctrl_getGPIO_status success val=1
05-27 18:33:36.389   299  1163 D EvsDriver: doneWithFrame
05-27 18:33:36.389   299  1153 D EvsDriver: doneWithFrame
05-27 08:24:45.353   581   581 D spi_rst_gpio_get_output: GPIO 145 value: 1
05-27 08:24:45.353   581   581 D spidev_ioctl: gpio status=1)
05-27 18:33:36.391 13911 14183 I SentryImuMcuAngleSender: 179.97197rollDeg
05-27 18:33:36.391 13911 14183 I SentryImuMcuAngleSender: 1,0,0
05-27 18:33:36.394   566 11459 I gps_hdbd: Received: '$GNGGA,004927.000,,,,,0,00,,,M,,M,,*6E
'
05-27 18:33:36.394   581   581 I SpiService: fgesysctrl_getGPIO_status success val=1
05-27 18:33:36.395   566 11459 I gps_hdbd: Received: '$GNGSA,A,1,,,,,,,,,,,,,,,,1*1D
'
05-27 08:24:45.358   581   581 D spi_rst_gpio_get_output: GPIO 145 value: 1
05-27 08:24:45.358   581   581 D spidev_ioctl: gpio status=1)
05-27 18:33:36.399   581   581 I SpiService: fgesysctrl_getGPIO_status success val=1
05-27 18:33:36.400   566 11459 I gps_hdbd: Received: '$GNGSA,A,1,,,,,,,,,,,,,,,,3*1F
'
05-27 18:33:36.400   566 11459 I gps_hdbd: Received: '$GNGSA,A,1,,,,,,,,,,,,,,,,4*18
'
05-27 18:33:36.400   566 11459 I gps_hdbd: Received: '$BDGSV,1,1,00,1*75
'
05-27 08:24:45.364   581   581 D spi_rst_gpio_get_output: GPIO 145 value: 1
05-27 08:24:45.364   581   581 D spidev_ioctl: gpio status=1)
05-27 18:33:36.401   283   307 I rvcservice: t.code = 3, t.value = 0
05-27 18:33:36.405   581   581 I SpiService: fgesysctrl_getGPIO_status success val=1
05-27 18:33:36.405   566 11459 I gps_hdbd: Received: '$BDGSV,1,1,00,5*71
'
05-27 08:24:45.369   581   581 D spi_rst_gpio_get_output: GPIO 145 value: 1
05-27 08:24:45.369   581   581 D spidev_ioctl: gpio status=1)
05-27 18:33:36.410   581   581 I SpiService: fgesysctrl_getGPIO_status success val=0
05-27 18:33:36.411  1008 30857 D [OMXB]  : usingANWBuffer: handle:0xee7407a0, format:1, w:1920, h:1080
05-27 18:33:36.411 13911 14183 I SentryImuMcuAngleSender: 179.97198rollDeg
05-27 18:33:36.412 13911 14183 I SentryImuMcuAngleSender: 1,0,0
05-27 18:33:36.412   566 11459 I gps_hdbd: Received: '$GPGSV,1,1,01,199,42,165,,1*60
'
05-27 08:24:45.375   581   581 D spi_rst_gpio_get_output: GPIO 145 value: 0
05-27 08:24:45.375   581   581 D spidev_ioctl: gpio status=0)
05-27 18:33:36.413   566 11459 I gps_hdbd: Received: '$GPGSV,1,1,00,8*6D
'
05-27 18:33:36.413   566 11459 I gps_hdbd: Received: '$GAGSV,1,1,00,7*73
'
05-27 18:33:36.414   299 30841 D EvsDriver: forwardFrame
05-27 18:33:36.414   299 30844 D EvsDriver: forwardFrame
05-27 18:33:36.416   299 30841 D EvsDriver: Delivered 0xb400007b7ca56a60 as id 0
05-27 18:33:36.416  1167  1479 D evsmanagerd: /dev/video4 forwarded the buffer #0 to 0xb4000074bf5f6850 from 0xb4000074bf5f41d0
05-27 18:33:36.418   536   536 D commservice260303: msg.id = 1028,1
05-27 18:33:36.419   536   536 D commservice260303: i = 170, msgid = 8A000404
05-27 18:33:36.419   536   536 D commservice260303: msgid = -1979710460,did=138
05-27 18:33:36.419   536   536 D commservice260303: CommProtocolLibCmdBaseI2C::dataproc {"command":{"id":"imu_status","sub":""},"content":{"TimeStamp":9,"FrameCounter":230170,"GD_X":-0.011834942735731602,"GD_Y":0.0057257963344454765,"GD_Z":0.0021378109231591225,"AD_X":-0.0029029250144958496,"AD_Y":0.0016910848207771778,"AD_Z":-0.1719036102294922,"TempDsp":0,"Status":0,"CalibState":1,"SigAmpInvalid":0}},-1979710460
05-27 18:33:36.419   536   536 D commservice260303: send2Cluster len:317, 7B22636F6D6D616E64223A7B226964223A22696D755F737461747573222C22737562223A22227D2C22636F6E74656E74223A7B2254696D655374616D70223A392C224672616D65436F756E746572223A3233303137302C2247445F58223A2D302E3031313833343934323733353733313630322C2247445F59223A302E303035373235373936333334343435343736352C2247445F5A223A302E303032313337383130393233313539313232352C2241445F58223A2D302E303032393032393235303134343935383439362C2241445F59223A302E303031363931303834383230373737313737382C2241445F5A223A2D302E313731393033363130323239343932322C2254656D70447370223A302C22537461747573223A302C2243616C69625374617465223A312C22536967416D70496E76616C6964223A307D7D, 138 
05-27 18:33:36.419   536   536 D commservice260303: Push Message into SendPool fn=482476800
05-27 18:33:36.419   536   536 D commservice260303: ComProtocolLibSend2Cluster::send2ClusterRaw fn=482476800 , len=333
05-27 18:33:36.419   536   536 D commservice260303: sendCmdToPort :333!!!
05-27 18:33:36.419   536   536 D commservice260303: send Cmd To Port ++++5AA501498A010003C21C6A16C8807B22636F6D6D616E64223A7B226964223A22696D755F737461747573222C22737562223A22227D2C22636F6E74656E74223A7B2254696D655374616D70223A392C224672616D65436F756E746572223A3233303137302C2247445F58223A2D302E3031313833343934323733353733313630322C2247445F59223A302E303035373235373936333334343435343736352C2247445F5A223A302E303032313337383130393233313539313232352C2241445F58223A2D302E303032393032393235303134343935383439362C2241445F59223A302E303031363931303834383230373737313737382C2241445F5A223A2D302E313731393033363130323239343932322C2254656D70447370223A302C22537461747573223A302C2243616C69625374617465223A312C22536967416D70496E76616C6964223A307D7D5A7E
05-27 18:33:36.420   536   536 D commservice260303: bufferevent_write retrun value = 0
05-27 18:33:36.420   536   560 D commservice260303: client datas send succeed,send finish
05-27 18:33:36.420  1167  1479 D evsmanagerd: /dev/video6 forwarded the buffer #0 to 0xb4000074bf5f5510 from 0xb4000074bf5f6d90
05-27 18:33:36.421   299 30844 D EvsDriver: Delivered 0xb400007b7ca56900 as id 0
05-27 18:33:36.421  1083  1083 I MyAppLog: [2026-05-27 18:33:36.420 I tboxap mcuMainPeriodic100msTask:914] [Mcu] [mcuMainPeriodic100msTask] MCU version not ready, send 0x0981 item 0x01 retry:1
05-27 18:33:36.421  1083  1083 I MyAppLog: [2026-05-27 18:33:36.420 I tboxap mcuSendYadiTransfer:196] [Mcu] [mcuYadiSend]: :00 08 78 04 01 09 81 02 01 01
05-27 18:33:36.421   299  1153 D EvsDriver: doneWithFrame
05-27 18:33:36.423   566 11459 I gps_hdbd: Received: '$GAGSV,1,1,00,1*75
'
05-27 18:33:36.425 13911 14192 D Sentinelmode_1.2.5.17_sentry: <SentryImuClusterFgeSender>imu_status sent to Linux, frame=230170, tsNs=9883656, tsMs=9, intervalMs=49, ad=(-0.002902925,0.0016910848,-0.17190361), gd=(-0.011834943,0.0057257963,0.002137811)
05-27 18:33:36.426   581   581 I SpiService: fgesysctrl_getGPIO_status success val=1
05-27 18:33:36.426   481   599 I mcuc    : start timer OK = 27814 
05-27 18:33:36.427   566 11459 I gps_hdbd: Received: '$GNRMC,004927.000,V,,,,,,,270526,120.0,E,N,V*4D
'
05-27 18:33:36.428   299  1153 D EvsDriver: doneWithFrame
05-27 18:33:36.428   566 11459 I gps_hdbd: RMC : CALL gnss_sv_status_cb, view_in_sat <1>
05-27 08:24:45.390   581   581 D spi_rst_gpio_get_output: GPIO 145 value: 1
05-27 08:24:45.390   581   581 D spidev_ioctl: gpio status=1)
05-27 18:33:36.428   566 11459 I gps_hdbd: [reportSvStatus]--->PLATFORM_BSP::Enter
05-27 18:33:36.428   566 11459 I gps_hdbd: hy abnormal deal:hy_cnr30_satellite_cnt=0
05-27 18:33:36.428   566 11459 D gps_hdbd: hy abnormal deal:hy_fixStatus_fail_count=0
05-27 18:33:36.428   566 11459 I gps_hdbd: Received: '$GNZDA,004927.000,27,05,2026,00,00*46
'
05-27 18:33:36.428  1083  1083 W MyAppLog: [2026-05-27 18:33:36.428 W tboxap gpsSyncGpsInfoToDm:361] [Gps] [gpsSyncGpsInfoToDm] fix=0 mode=49 corner:0x01 alt=0.00 sat=0 hdop=0.00 pdop=0.00 vdop=0.00
05-27 18:33:36.430   572   572 I Sensors : 230 GyroSensor: x:-0.012064,y:0.005115,z:0.002214
05-27 18:33:36.432 13911 14183 I SentryImuMcuAngleSender: 179.96846rollDeg
05-27 18:33:36.432   581   581 I SpiService: fgesysctrl_getGPIO_status success val=1
05-27 18:33:36.432 13911 14183 I SentryImuMcuAngleSender: 1,0,0
05-27 08:24:45.396   581   581 D spi_rst_gpio_get_output: GPIO 145 value: 1
05-27 08:24:45.396   581   581 D spidev_ioctl: gpio status=1)
05-27 18:33:36.436  1008 30856 D [OMXB]  : usingANWBuffer: handle:0xee743c90, format:1, w:1920, h:1080
05-27 18:33:36.437   581   581 I SpiService: fgesysctrl_getGPIO_status success val=1
05-27 08:24:45.402   581   581 D spi_rst_gpio_get_output: GPIO 145 value: 1
05-27 08:24:45.402   581   581 D spidev_ioctl: gpio status=1)
05-27 18:33:36.442   581   581 I SpiService: fgesysctrl_getGPIO_status success val=1
05-27 08:24:45.407   581   581 D spi_rst_gpio_get_output: GPIO 145 value: 1
05-27 08:24:45.407   581   581 D spidev_ioctl: gpio status=1)
05-27 18:33:36.447   566 11459 I gps_hdbd: Received: '$GNINS,1,1,TYPE,I,V,004927.000,18478000,FUS,-2,0,0,0,MOT,V,1,PATT,0.00,0.00,0.00,VEL,0.000,0.000,0.000,POS,40.0001330924,116.0001570688,84.176,IIA,1,0.00,0.00,0.00,BGA,0.31,-0.66,-0.13,0.000,0.000,0.000,IGA,0,-1,0,0,-2,98,VG,16c2ff1*18
'
05-27 18:33:36.448   581   581 I SpiService: fgesysctrl_getGPIO_status success val=1
05-27 08:24:45.412   581   581 D spi_rst_gpio_get_output: GPIO 145 value: 1
05-27 08:24:45.412   581   581 D spidev_ioctl: gpio status=1)
05-27 18:33:36.449   299 30841 D EvsDriver: forwardFrame
05-27 18:33:36.450   299 30844 D EvsDriver: forwardFrame
05-27 18:33:36.451 13911 14183 I SentryImuMcuAngleSender: 179.96846rollDeg
05-27 18:33:36.451 13911 14183 I SentryImuMcuAngleSender: 1,0,0
05-27 18:33:36.452   299 30841 D EvsDriver: Delivered 0xb400007b7ca56a60 as id 0
05-27 18:33:36.452   299 30844 D EvsDriver: Delivered 0xb400007b7ca56900 as id 0
05-27 18:33:36.452  1167  1184 D evsmanagerd: /dev/video6 forwarded the buffer #0 to 0xb4000074bf5f5510 from 0xb4000074bf5f6d90
05-27 18:33:36.452  1167  1479 D evsmanagerd: /dev/video4 forwarded the buffer #0 to 0xb4000074bf5f6850 from 0xb4000074bf5f41d0
05-27 18:33:36.452 30773 30773 E dvr_service_: [myNum:1] Received S**** loss
05-27 18:33:36.452 30773 30781 E dvr_service_: [myNum:0] Received S**** loss
05-27 18:33:36.452   299  1153 D EvsDriver: doneWithFrame
05-27 18:33:36.452   299  1163 D EvsDriver: doneWithFrame
05-27 18:33:36.453   581   581 I SpiService: fgesysctrl_getGPIO_status success val=0
05-27 18:33:36.453   481   597 I mcuc    : send SPI:6AA6016CA600F80901780401098102010100000000000000000000000000000000000000000000000000000000000000000000000000000000000000000000000000000000000000000000000000000000000000000000000000000000000000000000000000000000000000000000000000000000000000000000000000000000000000000000000000000000000000000000000000000000000000000000000000000000000000000000000000000000000000000000000000000000000000000000000000000000000000000000000000000000000000000000000000000000000000000000000000000000000000000000000000000000000000000000E0
05-27 18:33:36.454  1008 30857 D [OMXB]  : usingANWBuffer: handle:0xee740e80, format:1, w:1920, h:1080
05-27 08:24:45.418   581   581 D spi_rst_gpio_get_output: GPIO 145 value: 0
05-27 08:24:45.418   581   581 D spidev_ioctl: gpio status=0)
05-27 08:24:45.421     0     0 W         : c6 [    C6] Irq_monitor:Irq                                           IPI[1]occur        7375 times interval 1024 ms
05-27 18:33:36.460   536   536 D commservice260303: msg.id = 1028,0
05-27 18:33:36.460   566 11459 I gps_hdbd: Received: '$GNINS,CARSPEED,ADR_STATUS,0,Pulse_count,0,1,0,0,18478000,98630,0.000,0.000,0.000*30
'
05-27 18:33:36.461   536   536 D commservice260303: i = 170, msgid = 8A000404
05-27 18:33:36.461   536   536 D commservice260303: msgid = -1979710460,did=138
05-27 18:33:36.461   536   536 D commservice260303: CommProtocolLibCmdBaseI2C::dataproc {"command":{"id":"imu_status","sub":""},"content":{"TimeStamp":9,"FrameCounter":230171,"GD_X":-0.012063807807862759,"GD_Y":0.0051151420921087265,"GD_Z":0.002213752595707774,"AD_X":-0.0016873478889465332,"AD_Y":0.0022941380739212036,"AD_Z":-0.169464111328125,"TempDsp":0,"Status":0,"CalibState":1,"SigAmpInvalid":0}},-1979710460
05-27 18:33:36.461   536   536 D commservice260303: send2Cluster len:315, 7B22636F6D6D616E64223A7B226964223A22696D755F737461747573222C22737562223A22227D2C22636F6E74656E74223A7B2254696D655374616D70223A392C224672616D65436F756E746572223A3233303137312C2247445F58223A2D302E3031323036333830373830373836323735392C2247445F59223A302E303035313135313432303932313038373236352C2247445F5A223A302E3030323231333735323539353730373737342C2241445F58223A2D302E303031363837333437383838393436353333322C2241445F59223A302E303032323934313338303733393231323033362C2241445F5A223A2D302E3136393436343131313332383132352C2254656D70447370223A302C22537461747573223A302C2243616C69625374617465223A312C22536967416D70496E76616C6964223A307D7D, 138 
05-27 18:33:36.461   536   536 D commservice260303: Push Message into SendPool fn=499254016
05-27 18:33:36.461   536   536 D commservice260303: ComProtocolLibSend2Cluster::send2ClusterRaw fn=499254016 , len=331
05-27 18:33:36.461   536   536 D commservice260303: sendCmdToPort :331!!!
05-27 18:33:36.461   536   536 D commservice260303: send Cmd To Port ++++5AA501478A010003C21D6A16C8807B22636F6D6D616E64223A7B226964223A22696D755F737461747573222C22737562223A22227D2C22636F6E74656E74223A7B2254696D655374616D70223A392C224672616D65436F756E746572223A3233303137312C2247445F58223A2D302E3031323036333830373830373836323735392C2247445F59223A302E303035313135313432303932313038373236352C2247445F5A223A302E3030323231333735323539353730373737342C2241445F58223A2D302E303031363837333437383838393436353333322C2241445F59223A302E303032323934313338303733393231323033362C2241445F5A223A2D302E3136393436343131313332383132352C2254656D70447370223A302C22537461747573223A302C2243616C69625374617465223A312C22536967416D70496E76616C6964223A307D7DD47D
05-27 18:33:36.461   536   536 D commservice260303: bufferevent_write retrun value = 0
05-27 18:33:36.461   536   560 D commservice260303: client datas send succeed,send finish
05-27 18:33:36.462 13911 14192 D Sentinelmode_1.2.5.17_sentry: <SentryImuClusterFgeSender>imu_status sent to Linux, frame=230171, tsNs=9883680, tsMs=9, intervalMs=36, ad=(-0.0016873479,0.002294138,-0.16946411), gd=(-0.012063808,0.005115142,0.0022137526)
05-27 18:33:36.464   566 11459 I gps_hdbd: Received: '$GNTXT,04,01,04,INS,V,1,,,,FLG,1,000000,1,0,1,0,0,Con,0*71
'
05-27 18:33:36.464   566 11459 I gps_hdbd: Received: '$GNTXT,INSTALL,0.00,0.00,0.00,0.00,0.00,0.00,0*20
'
05-27 18:33:36.468   581   581 I SpiService: fgesysctrl_getGPIO_status success val=1
05-27 08:24:45.432   581   581 D spi_rst_gpio_get_output: GPIO 145 value: 1
05-27 08:24:45.432   581   581 D spidev_ioctl: gpio status=1)
05-27 18:33:36.471 13911 14183 I SentryImuMcuAngleSender: 179.98248rollDeg
05-27 18:33:36.471 13911 14183 I SentryImuMcuAngleSender: 1,0,0
05-27 18:33:36.473   581   581 I SpiService: fgesysctrl_getGPIO_status success val=1
05-27 18:33:36.475   299 30844 D EvsDriver: forwardFrame
05-27 18:33:36.475  1008 30856 D [OMXB]  : usingANWBuffer: handle:0xee740430, format:1, w:1920, h:1080
05-27 08:24:45.437   581   581 D spi_rst_gpio_get_output: GPIO 145 value: 1
05-27 08:24:45.437   581   581 D spidev_ioctl: gpio status=1)
05-27 18:33:36.477   299 30844 D EvsDriver: Delivered 0xb400007b7ca56900 as id 0
05-27 18:33:36.477  1167  1184 D evsmanagerd: /dev/video6 forwarded the buffer #0 to 0xb4000074bf5f5510 from 0xb4000074bf5f6d90
05-27 18:33:36.479   581   581 I SpiService: fgesysctrl_getGPIO_status success val=1
05-27 08:24:45.443   581   581 D spi_rst_gpio_get_output: GPIO 145 value: 1
05-27 08:24:45.443   581   581 D spidev_ioctl: gpio status=1)
05-27 18:33:36.483   299  1163 D EvsDriver: doneWithFrame
05-27 18:33:36.485   581   581 I SpiService: fgesysctrl_getGPIO_status success val=1
05-27 08:24:45.449   581   581 D spi_rst_gpio_get_output: GPIO 145 value: 1
05-27 08:24:45.449   581   581 D spidev_ioctl: gpio status=1)
05-27 18:33:36.486 30773 30786 I dvr_service_: CameraX 1  audioOK: 146630603,audios:2150
05-27 18:33:36.486   299 30841 D EvsDriver: forwardFrame
05-27 18:33:36.489   299 30841 D EvsDriver: Delivered 0xb400007b7ca56a60 as id 0
05-27 18:33:36.489  1167  1184 D evsmanagerd: /dev/video4 forwarded the buffer #0 to 0xb4000074bf5f6850 from 0xb4000074bf5f41d0
05-27 18:33:36.491   581   581 I SpiService: fgesysctrl_getGPIO_status success val=1
05-27 18:33:36.491 13911 14183 I SentryImuMcuAngleSender: 179.99298rollDeg
05-27 18:33:36.491 13911 14183 I SentryImuMcuAngleSender: 1,0,0
05-27 08:24:45.455   581   581 D spi_rst_gpio_get_output: GPIO 145 value: 1
05-27 08:24:45.455   581   581 D spidev_ioctl: gpio status=1)
05-27 08:24:45.462   581   581 D spi_rst_gpio_get_output: GPIO 145 value: 0
05-27 08:24:45.462   581   581 D spidev_ioctl: gpio status=0)
05-27 18:33:36.493   299  1163 D EvsDriver: doneWithFrame
05-27 18:33:36.493  1008 30857 D [OMXB]  : usingANWBuffer: handle:0xee744b00, format:1, w:1920, h:1080
05-27 18:33:36.494 30773 30789 I dvr_service_: Camera 1: MediaOK:146981366, frames:3300, isKeyFrame:0,pts:9883604960
05-27 18:33:36.497   581   581 I SpiService: fgesysctrl_getGPIO_status success val=0
05-27 18:33:36.501   536   536 D commservice260303: msg.id = 1028,0
05-27 18:33:36.501   536   536 D commservice260303: i = 170, msgid = 8A000404
05-27 18:33:36.501   536   536 D commservice260303: msgid = -1979710460,did=138
05-27 18:33:36.501   536   536 D commservice260303: CommProtocolLibCmdBaseI2C::dataproc {"command":{"id":"imu_status","sub":""},"content":{"TimeStamp":9,"FrameCounter":230172,"GD_X":-0.012522058561444283,"GD_Y":0.004352083895355463,"GD_Z":0.0020608289632946253,"AD_X":-0.0029100030660629272,"AD_Y":-7.519894279539585E-4,"AD_Z":-0.1682453155517578,"TempDsp":0,"Status":0,"CalibState":1,"SigAmpInvalid":0}},-1979710460
05-27 18:33:36.501   536   536 D commservice260303: send2Cluster len:316, 7B22636F6D6D616E64223A7B226964223A22696D755F737461747573222C22737562223A22227D2C22636F6E74656E74223A7B2254696D655374616D70223A392C224672616D65436F756E746572223A3233303137322C2247445F58223A2D302E3031323532323035383536313434343238332C2247445F59223A302E3030343335323038333839353335353436332C2247445F5A223A302E303032303630383238393633323934363235332C2241445F58223A2D302E303032393130303033303636303632393237322C2241445F59223A2D372E353139383934323739353339353835452D342C2241445F5A223A2D302E313638323435333135353531373537382C2254656D70447370223A302C22537461747573223A302C2243616C69625374617465223A312C22536967416D70496E76616C6964223A307D7D, 138 
05-27 18:33:36.501   536   536 D commservice260303: Push Message into SendPool fn=516031232
05-27 18:33:36.501   536   536 D commservice260303: ComProtocolLibSend2Cluster::send2ClusterRaw fn=516031232 , len=332
05-27 18:33:36.501   536   536 D commservice260303: sendCmdToPort :332!!!
05-27 18:33:36.501   536   536 D commservice260303: send Cmd To Port ++++5AA501488A010003C21E6A16C8807B22636F6D6D616E64223A7B226964223A22696D755F737461747573222C22737562223A22227D2C22636F6E74656E74223A7B2254696D655374616D70223A392C224672616D65436F756E746572223A3233303137322C2247445F58223A2D302E3031323532323035383536313434343238332C2247445F59223A302E3030343335323038333839353335353436332C2247445F5A223A302E303032303630383238393633323934363235332C2241445F58223A2D302E303032393130303033303636303632393237322C2241445F59223A2D372E353139383934323739353339353835452D342C2241445F5A223A2D302E313638323435333135353531373537382C2254656D70447370223A302C22537461747573223A302C2243616C69625374617465223A312C22536967416D70496E76616C6964223A307D7D6A26
05-27 18:33:36.502   283   307 I rvcservice: t.code = 0, t.value = 0
05-27 18:33:36.502   536   536 D commservice260303: bufferevent_write retrun value = 0
05-27 18:33:36.502   536   560 D commservice260303: client datas send succeed,send finish
05-27 18:33:36.502 13911 14192 D Sentinelmode_1.2.5.17_sentry: <SentryImuClusterFgeSender>imu_status sent to Linux, frame=230172, tsNs=9883746, tsMs=9, intervalMs=41, ad=(-0.002910003,-7.519894E-4,-0.16824532), gd=(-0.012522059,0.004352084,0.002060829)
05-27 18:33:36.508   481   598 I mcuc    : rev,n=1,6AA6826CA60002090160
05-27 08:24:45.470     1     1 I init    : starting service 'trace_kernel'...
05-27 18:33:36.511  1008 30856 D [OMXB]  : usingANWBuffer: handle:0xee741e50, format:1, w:1920, h:1080
05-27 18:33:36.511 13911 14183 I SentryImuMcuAngleSender: 179.98598rollDeg
05-27 18:33:36.511 13911 14183 I SentryImuMcuAngleSender: 1,0,0
05-27 18:33:36.512   581   581 I SpiService: fgesysctrl_getGPIO_status success val=1
05-27 08:24:45.477   581   581 D spi_rst_gpio_get_output: GPIO 145 value: 1
05-27 08:24:45.477   581   581 D spidev_ioctl: gpio status=1)
05-27 18:33:36.514   299 30844 D EvsDriver: forwardFrame
05-27 18:33:36.518   581   581 I SpiService: fgesysctrl_getGPIO_status success val=1
05-27 18:33:36.518 30773 30788 I dvr_service_: [runShortMediaThread:298] cameraId:1 medias:300,audios:220,stateAudio:0,mShortState:0,warnEvent:0,state:1
05-27 18:33:36.518   299 30841 D EvsDriver: forwardFrame
05-27 18:33:36.520   299 30844 D EvsDriver: Delivered 0xb400007b7ca56900 as id 0
05-27 08:24:45.482   581   581 D spi_rst_gpio_get_output: GPIO 145 value: 1
05-27 08:24:45.482   581   581 D spidev_ioctl: gpio status=1)
05-27 18:33:36.520  1167  1184 D evsmanagerd: /dev/video6 forwarded the buffer #0 to 0xb4000074bf5f5510 from 0xb4000074bf5f6d90
05-27 18:33:36.520  1167  1479 D evsmanagerd: /dev/video4 forwarded the buffer #0 to 0xb4000074bf5f6850 from 0xb4000074bf5f41d0
05-27 18:33:36.521   299 30841 D EvsDriver: Delivered 0xb400007b7ca56a60 as id 0
05-27 18:33:36.524   581   581 I SpiService: fgesysctrl_getGPIO_status success val=1
05-27 18:33:36.526   299  1163 D EvsDriver: doneWithFrame
05-27 08:24:45.489   581   581 D spi_rst_gpio_get_output: GPIO 145 value: 1
05-27 08:24:45.489   581   581 D spidev_ioctl: gpio status=1)
05-27 18:33:36.527   299  1163 D EvsDriver: doneWithFrame
05-27 18:33:36.530   581   581 I SpiService: fgesysctrl_getGPIO_status success val=1
05-27 08:24:45.494   581   581 D spi_rst_gpio_get_output: GPIO 145 value: 1
05-27 18:33:36.531   572   622 I Sensors : 230 AccelSensor: x:-0.167140,y:-0.001220,z:-9.977160
05-27 18:33:36.532 13911 14183 I SentryImuMcuAngleSender: 179.993rollDeg
05-27 18:33:36.532 13911 14183 I SentryImuMcuAngleSender: 1,0,0
05-27 18:33:36.534  1008 30857 D [OMXB]  : usingANWBuffer: handle:0xee742a00, format:1, w:1920, h:1080
05-27 18:33:36.542   536   536 D commservice260303: i = 170, msgid = 8A000404
05-27 18:33:36.542   536   536 D commservice260303: msgid = -1979710460,did=138
05-27 18:33:36.542   536   536 D commservice260303: CommProtocolLibCmdBaseI2C::dataproc {"command":{"id":"imu_status","sub":""},"content":{"TimeStamp":9,"FrameCounter":230173,"GD_X":-0.01160607673227787,"GD_Y":0.005039200186729431,"GD_Z":0.0017560218693688512,"AD_X":-0.0017002671957015991,"AD_Y":-0.0043916162103414536,"AD_Z":-0.1719036102294922,"TempDsp":0,"Status":0,"CalibState":1,"SigAmpInvalid":0}},-1979710460
05-27 18:33:36.542   536   536 D commservice260303: send2Cluster len:316, 7B22636F6D6D616E64223A7B226964223A22696D755F737461747573222C22737562223A22227D2C22636F6E74656E74223A7B2254696D655374616D70223A392C224672616D65436F756E746572223A3233303137332C2247445F58223A2D302E30313136303630373637333232373738372C2247445F59223A302E3030353033393230303138363732393433312C2247445F5A223A302E303031373536303231383639333638383531322C2241445F58223A2D302E303031373030323637313935373031353939312C2241445F59223A2D302E303034333931363136323130333431343533362C2241445F5A223A2D302E313731393033363130323239343932322C2254656D70447370223A302C22537461747573223A302C2243616C69625374617465223A312C22536967416D70496E76616C6964223A307D7D, 138 
05-27 18:33:36.542   536   536 D commservice260303: Push Message into SendPool fn=532808448
05-27 18:33:36.542   536   536 D commservice260303: ComProtocolLibSend2Cluster::send2ClusterRaw fn=532808448 , len=332
05-27 18:33:36.542   536   536 D commservice260303: sendCmdToPort :332!!!
05-27 18:33:36.542   536   536 D commservice260303: send Cmd To Port ++++5AA501488A010003C21F6A16C8807B22636F6D6D616E64223A7B226964223A22696D755F737461747573222C22737562223A22227D2C22636F6E74656E74223A7B2254696D655374616D70223A392C224672616D65436F756E746572223A3233303137332C2247445F58223A2D302E30313136303630373637333232373738372C2247445F59223A302E3030353033393230303138363732393433312C2247445F5A223A302E303031373536303231383639333638383531322C2241445F58223A2D302E303031373030323637313935373031353939312C2241445F59223A2D302E303034333931363136323130333431343533362C2241445F5A223A2D302E313731393033363130323239343932322C2254656D70447370223A302C22537461747573223A302C2243616C69625374617465223A312C22536967416D70496E76616C6964223A307D7D9ADC
05-27 18:33:36.543   536   536 D commservice260303: bufferevent_write retrun value = 0
05-27 18:33:36.543 13911 14192 D Sentinelmode_1.2.5.17_sentry: <SentryImuClusterFgeSender>imu_status sent to Linux, frame=230173, tsNs=9883781, tsMs=9, intervalMs=41, ad=(-0.0017002672,-0.004391616,-0.17190361), gd=(-0.011606077,0.0050392,0.0017560219)
05-27 18:33:36.544   536   760 I commservice260303: [mcuCommFunctionTcp::ProtocolCheckConnectTimeOutProc:613] keyID:256,tcpEvent:5,tcpcount:0,heartbeat:1,noHeartBeatNumber:0,endispatch:0,strState:0
05-27 18:33:36.544   536   760 D commservice260303: ProtocolCheckConnectTimeOutProc,629,clear heartbeat
05-27 18:33:36.545   536   560 D commservice260303: client datas send succeed,send finish
05-27 18:33:36.548 19375 19375 I ADAYO_LOG_TRACE_KERNEL: execute start
05-27 18:33:36.550   581   581 I SpiService: fgesysctrl_getGPIO_status success val=1
05-27 18:33:36.551  1008 30856 D [OMXB]  : usingANWBuffer: handle:0xee7454a0, format:1, w:1920, h:1080
05-27 18:33:36.551 13911 14183 I SentryImuMcuAngleSender: -179.993rollDeg
05-27 18:33:36.551 13911 14183 I SentryImuMcuAngleSender: 1,0,0
05-27 08:24:45.514   581   581 D spi_rst_gpio_get_output: GPIO 145 value: 1
05-27 08:24:45.514   581   581 D spidev_ioctl: gpio status=1)
05-27 18:33:36.556   581   581 I SpiService: fgesysctrl_getGPIO_status success val=1
05-27 08:24:45.520   581   581 D spi_rst_gpio_get_output: GPIO 145 value: 1
05-27 08:24:45.520   581   581 D spidev_ioctl: gpio status=1)
05-27 18:33:36.556   299 30844 D EvsDriver: forwardFrame
05-27 18:33:36.557   299 30841 D EvsDriver: forwardFrame
05-27 18:33:36.559   299 30844 D EvsDriver: Delivered 0xb400007b7ca56900 as id 0
05-27 18:33:36.560  1167  1479 D evsmanagerd: /dev/video6 forwarded the buffer #0 to 0xb4000074bf5f5510 from 0xb4000074bf5f6d90
05-27 18:33:36.560   299 30841 D EvsDriver: Delivered 0xb400007b7ca56a60 as id 0
05-27 18:33:36.561  1167  1479 D evsmanagerd: /dev/video4 forwarded the buffer #0 to 0xb4000074bf5f6850 from 0xb4000074bf5f41d0
05-27 18:33:36.562   581   581 I SpiService: fgesysctrl_getGPIO_status success val=1
05-27 18:33:36.564   299  1163 D EvsDriver: doneWithFrame
05-27 08:24:45.526   581   581 D spi_rst_gpio_get_output: GPIO 145 value: 1
05-27 08:24:45.526   581   581 D spidev_ioctl: gpio status=1)
05-27 18:33:36.568   581   581 I SpiService: fgesysctrl_getGPIO_status success val=1
05-27 08:24:45.532   581   581 D spi_rst_gpio_get_output: GPIO 145 value: 1
05-27 08:24:45.532   581   581 D spidev_ioctl: gpio status=1)
05-27 18:33:36.572   299  1163 D EvsDriver: doneWithFrame
05-27 18:33:36.573 13911 14183 I SentryImuMcuAngleSender: 179.986rollDeg
05-27 18:33:36.573 13911 14183 I SentryImuMcuAngleSender: 1,0,0
05-27 18:33:36.573   581   581 I SpiService: fgesysctrl_getGPIO_status success val=0
05-27 18:33:36.565 19376 19376 I getprop : type=1400 audit(0.0:55152): avc: denied { getattr } for path="pipe:[2433586]" dev="pipefs" ino=2433586 scontext=u:r:toolbox:s0 tcontext=u:r:init:s0 tclass=fifo_file permissive=1
05-27 08:24:45.538   581   581 D spi_rst_gpio_get_output: GPIO 145 value: 0
05-27 08:24:45.538   581   581 D spidev_ioctl: gpio status=0)
05-27 18:33:36.579  1008 30857 D [OMXB]  : usingANWBuffer: handle:0xee740dd0, format:1, w:1920, h:1080
05-27 18:33:36.583   536   536 D commservice260303: msg.id = 1028,2
05-27 18:33:36.584   536   536 D commservice260303: i = 170, msgid = 8A000404
05-27 18:33:36.584   536   536 D commservice260303: msgid = -1979710460,did=138
05-27 18:33:36.584   536   536 D commservice260303: CommProtocolLibCmdBaseI2C::dataproc {"command":{"id":"imu_status","sub":""},"content":{"TimeStamp":9,"FrameCounter":230174,"GD_X":-0.012446117587387562,"GD_Y":0.005345047451555729,"GD_Z":0.0019079053308814764,"AD_X":-4.912614822387695E-4,"AD_Y":-7.147216238081455E-4,"AD_Z":-0.1712942123413086,"TempDsp":0,"Status":0,"CalibState":1,"SigAmpInvalid":0}},-1979710460
05-27 18:33:36.584   536   536 D commservice260303: send2Cluster len:315, 7B22636F6D6D616E64223A7B226964223A22696D755F737461747573222C22737562223A22227D2C22636F6E74656E74223A7B2254696D655374616D70223A392C224672616D65436F756E746572223A3233303137342C2247445F58223A2D302E3031323434363131373538373338373536322C2247445F59223A302E3030353334353034373435313535353732392C2247445F5A223A302E303031393037393035333330383831343736342C2241445F58223A2D342E393132363134383232333837363935452D342C2241445F59223A2D372E313437323136323338303831343535452D342C2241445F5A223A2D302E313731323934323132333431333038362C2254656D70447370223A302C22537461747573223A302C2243616C69625374617465223A312C22536967416D70496E76616C6964223A307D7D, 138 
05-27 18:33:36.584   299 30841 D EvsDriver: forwardFrame
05-27 18:33:36.584   536   536 D commservice260303: Push Message into SendPool fn=549585664
05-27 18:33:36.584   536   536 D commservice260303: ComProtocolLibSend2Cluster::send2ClusterRaw fn=549585664 , len=331
05-27 18:33:36.584   536   536 D commservice260303: sendCmdToPort :331!!!
05-27 18:33:36.584   536   536 D commservice260303: send Cmd To Port ++++5AA501478A010003C2206A16C8807B22636F6D6D616E64223A7B226964223A22696D755F737461747573222C22737562223A22227D2C22636F6E74656E74223A7B2254696D655374616D70223A392C224672616D65436F756E746572223A3233303137342C2247445F58223A2D302E3031323434363131373538373338373536322C2247445F59223A302E3030353334353034373435313535353732392C2247445F5A223A302E303031393037393035333330383831343736342C2241445F58223A2D342E393132363134383232333837363935452D342C2241445F59223A2D372E313437323136323338303831343535452D342C2241445F5A223A2D302E313731323934323132333431333038362C2254656D70447370223A302C22537461747573223A302C2243616C69625374617465223A312C22536967416D70496E76616C6964223A307D7D303C
05-27 18:33:36.585   536   536 D commservice260303: bufferevent_write retrun value = 0
05-27 18:33:36.585   536   560 D commservice260303: client datas send succeed,send finish
05-27 18:33:36.586   299 30841 D EvsDriver: Delivered 0xb400007b7ca56a60 as id 0
05-27 18:33:36.586  1167  1479 D evsmanagerd: /dev/video4 forwarded the buffer #0 to 0xb4000074bf5f6850 from 0xb4000074bf5f41d0
05-27 18:33:36.587   299 30844 D EvsDriver: forwardFrame
05-27 18:33:36.588 13911 14192 D Sentinelmode_1.2.5.17_sentry: <SentryImuClusterFgeSender>imu_status sent to Linux, frame=230174, tsNs=9883818, tsMs=9, intervalMs=45, ad=(-4.912615E-4,-7.147216E-4,-0.17129421), gd=(-0.012446118,0.0053450475,0.0019079053)
05-27 18:33:36.589   581   581 I SpiService: fgesysctrl_getGPIO_status success val=1
05-27 18:33:36.589  1167  1184 D evsmanagerd: /dev/video6 forwarded the buffer #0 to 0xb4000074bf5f5510 from 0xb4000074bf5f6d90
05-27 18:33:36.589   299 30844 D EvsDriver: Delivered 0xb400007b7ca56900 as id 0
05-27 18:33:36.589   299  1163 D EvsDriver: doneWithFrame
05-27 08:24:45.553   581   581 D spi_rst_gpio_get_output: GPIO 145 value: 1
05-27 08:24:45.553   581   581 D spidev_ioctl: gpio status=1)
05-27 18:33:36.591   299  1163 D EvsDriver: doneWithFrame
05-27 18:33:36.593 13911 14183 I SentryImuMcuAngleSender: 179.97899rollDeg
05-27 18:33:36.593 13911 14183 I SentryImuMcuAngleSender: 1,0,0
05-27 18:33:36.593  1008 30856 D [OMXB]  : usingANWBuffer: handle:0xee742cc0, format:1, w:1920, h:1080
05-27 18:33:36.594   581   581 I SpiService: fgesysctrl_getGPIO_status success val=1
05-27 18:33:36.594 30773 30789 I dvr_service_: Camera 0: MediaOK:146960370, frames:3330, isKeyFrame:0,pts:9883609551
05-27 18:33:36.596 19377 19377 I ADAYO_LOG_TRACE_KERNEL: executing
05-27 08:24:45.559   581   581 D spi_rst_gpio_get_output: GPIO 145 value: 1
05-27 08:24:45.559   581   581 D spidev_ioctl: gpio status=1)
05-27 18:33:36.600   581   581 I SpiService: fgesysctrl_getGPIO_status success val=1
05-27 18:33:36.602   283   307 I rvcservice: t.code = 3, t.value = 0
05-27 08:24:45.565   581   581 D spi_rst_gpio_get_output: GPIO 145 value: 1
05-27 08:24:45.565   581   581 D spidev_ioctl: gpio status=1)
05-27 18:33:36.606   581   581 I SpiService: fgesysctrl_getGPIO_status success val=1
05-27 08:24:45.570   581   581 D spi_rst_gpio_get_output: GPIO 145 value: 1
05-27 08:24:45.570   581   581 D spidev_ioctl: gpio status=1)
05-27 18:33:36.611   581   581 I SpiService: fgesysctrl_getGPIO_status success val=1
05-27 08:24:45.576   581   581 D spi_rst_gpio_get_output: GPIO 145 value: 1
05-27 08:24:45.576   581   581 D spidev_ioctl: gpio status=1)
05-27 18:33:36.614 13911 14183 I SentryImuMcuAngleSender: 179.986rollDeg
05-27 18:33:36.614 13911 14183 I SentryImuMcuAngleSender: 1,0,0
05-27 18:33:36.616   581   581 I SpiService: fgesysctrl_getGPIO_status success val=0
05-27 18:33:36.617   299 30844 D EvsDriver: forwardFrame
05-27 18:33:36.617   299 30841 D EvsDriver: forwardFrame
05-27 18:33:36.617  1008 30857 D [OMXB]  : usingANWBuffer: handle:0xee740220, format:1, w:1920, h:1080
05-27 08:24:45.581   581   581 D spi_rst_gpio_get_output: GPIO 145 value: 0
05-27 08:24:45.581   581   581 D spidev_ioctl: gpio status=0)
05-27 18:33:36.620  1167  1184 D evsmanagerd: /dev/video6 forwarded the buffer #0 to 0xb4000074bf5f5510 from 0xb4000074bf5f6d90
05-27 18:33:36.620   299 30844 D EvsDriver: Delivered 0xb400007b7ca56900 as id 0
05-27 18:33:36.620 30773 30773 E dvr_service_: [myNum:1] Received S**** loss
05-27 18:33:36.621  1167  1479 D evsmanagerd: /dev/video4 forwarded the buffer #0 to 0xb4000074bf5f6850 from 0xb4000074bf5f41d0
05-27 18:33:36.621   572   622 I Sensors : 230 GyroSensor: x:-0.011682,y:0.005039,z:0.002443
05-27 18:33:36.622   299 30841 D EvsDriver: Delivered 0xb400007b7ca56a60 as id 0
05-27 18:33:36.624 30773 30787 I dvr_service_: [runShortMediaThread:298] cameraId:0 medias:300,audios:220,stateAudio:0,mShortState:0,warnEvent:0,state:1
05-27 18:33:36.624 30773 30773 E dvr_service_: [myNum:0] Received S**** loss
05-27 18:33:36.624   299  1163 D EvsDriver: doneWithFrame
05-27 18:33:36.625   299  1163 D EvsDriver: doneWithFrame
05-27 18:33:36.626   536   536 D commservice260303: msg.id = 1028,1
05-27 18:33:36.626   536   536 D commservice260303: i = 170, msgid = 8A000404
05-27 18:33:36.626   536   536 D commservice260303: msgid = -1979710460,did=138
05-27 18:33:36.626   536   536 D commservice260303: CommProtocolLibCmdBaseI2C::dataproc {"command":{"id":"imu_status","sub":""},"content":{"TimeStamp":9,"FrameCounter":230175,"GD_X":-0.012293193489313126,"GD_Y":0.005345047451555729,"GD_Z":0.002443138277158141,"AD_X":-5.10290265083313E-4,"AD_Y":-7.136943750083447E-4,"AD_Z":-0.169464111328125,"TempDsp":0,"Status":0,"CalibState":1,"SigAmpInvalid":0}},-1979710460
05-27 18:33:36.626   536   536 D commservice260303: send2Cluster len:312, 7B22636F6D6D616E64223A7B226964223A22696D755F737461747573222C22737562223A22227D2C22636F6E74656E74223A7B2254696D655374616D70223A392C224672616D65436F756E746572223A3233303137352C2247445F58223A2D302E3031323239333139333438393331333132362C2247445F59223A302E3030353334353034373435313535353732392C2247445F5A223A302E3030323434333133383237373135383134312C2241445F58223A2D352E3130323930323635303833333133452D342C2241445F59223A2D372E313336393433373530303833343437452D342C2241445F5A223A2D302E3136393436343131313332383132352C2254656D70447370223A302C22537461747573223A302C2243616C69625374617465223A312C22536967416D70496E76616C6964223A307D7D, 138 
05-27 18:33:36.626   536   536 D commservice260303: Push Message into SendPool fn=566362880
05-27 18:33:36.626   536   536 D commservice260303: ComProtocolLibSend2Cluster::send2ClusterRaw fn=566362880 , len=328
05-27 18:33:36.626   536   536 D commservice260303: sendCmdToPort :328!!!
05-27 18:33:36.626   536   536 D commservice260303: send Cmd To Port ++++5AA501448A010003C2216A16C8807B22636F6D6D616E64223A7B226964223A22696D755F737461747573222C22737562223A22227D2C22636F6E74656E74223A7B2254696D655374616D70223A392C224672616D65436F756E746572223A3233303137352C2247445F58223A2D302E3031323239333139333438393331333132362C2247445F59223A302E3030353334353034373435313535353732392C2247445F5A223A302E3030323434333133383237373135383134312C2241445F58223A2D352E3130323930323635303833333133452D342C2241445F59223A2D372E313336393433373530303833343437452D342C2241445F5A223A2D302E3136393436343131313332383132352C2254656D70447370223A302C22537461747573223A302C2243616C69625374617465223A312C22536967416D70496E76616C6964223A307D7D1C17
05-27 18:33:36.627   536   536 D commservice260303: bufferevent_write retrun value = 0
05-27 18:33:36.627   536   560 D commservice260303: client datas send succeed,send finish
05-27 18:33:36.627 13911 14192 D Sentinelmode_1.2.5.17_sentry: <SentryImuClusterFgeSender>imu_status sent to Linux, frame=230175, tsNs=9883852, tsMs=9, intervalMs=39, ad=(-5.1029027E-4,-7.136944E-4,-0.16946411), gd=(-0.0122931935,0.0053450475,0.0024431383)
05-27 18:33:36.627 19379 19379 I ADAYO_LOG_TRACE_KERNEL: collect_root_path:/mnt/log_data
05-27 18:33:36.632  1008 30856 D [OMXB]  : usingANWBuffer: handle:0xee744210, format:1, w:1920, h:1080
05-27 18:33:36.632   581   581 I SpiService: fgesysctrl_getGPIO_status success val=1
05-27 08:24:45.596   581   581 D spi_rst_gpio_get_output: GPIO 145 value: 1
05-27 08:24:45.596   581   581 D spidev_ioctl: gpio status=1)
05-27 18:33:36.634 13911 14183 I SentryImuMcuAngleSender: 179.98248rollDeg
05-27 18:33:36.635 13911 14183 I SentryImuMcuAngleSender: 1,0,0
05-27 18:33:36.637   581   581 I SpiService: fgesysctrl_getGPIO_status success val=1
05-27 08:24:45.602   581   581 D spi_rst_gpio_get_output: GPIO 145 value: 1
05-27 08:24:45.602   581   581 D spidev_ioctl: gpio status=1)
05-27 18:33:36.637 19380 19380 I auditd  : type=1400 audit(0.0:55153): avc: denied { getattr } for comm="mkdir" path="/mnt/log_data" dev="vda93" ino=2 scontext=u:r:toolbox:s0 tcontext=u:object_r:log_data_file:s0 tclass=dir permissive=1
05-27 18:33:36.637 19380 19380 I mkdir   : type=1400 audit(0.0:55153): avc: denied { getattr } for path="/mnt/log_data" dev="vda93" ino=2 scontext=u:r:toolbox:s0 tcontext=u:object_r:log_data_file:s0 tclass=dir permissive=1
05-27 18:33:36.644   299 30844 D EvsDriver: forwardFrame
05-27 08:24:45.607   581   581 D spi_rst_gpio_get_output: GPIO 145 value: 1
05-27 08:24:45.607   581   581 D spidev_ioctl: gpio status=1)
05-27 18:33:36.647   299 30844 D EvsDriver: Delivered 0xb400007b7ca56900 as id 0
05-27 18:33:36.647  1167  1479 D evsmanagerd: /dev/video6 forwarded the buffer #0 to 0xb4000074bf5f5510 from 0xb4000074bf5f6d90
05-27 18:33:36.648  1167  1479 D evsmanagerd: /dev/video4 forwarded the buffer #0 to 0xb4000074bf5f6850 from 0xb4000074bf5f41d0
05-27 08:24:45.613   581   581 D spi_rst_gpio_get_output: GPIO 145 value: 1
05-27 08:24:45.613   581   581 D spidev_ioctl: gpio status=1)
05-27 18:33:36.649   581   581 I SpiService: fgesysctrl_getGPIO_status success val=1
05-27 18:33:36.650   299 30841 D EvsDriver: Delivered 0xb400007b7ca56a60 as id 0
05-27 18:33:36.652   299  1153 D EvsDriver: doneWithFrame
05-27 18:33:36.654   299  1163 D EvsDriver: doneWithFrame
05-27 18:33:36.655   581   581 I SpiService: fgesysctrl_getGPIO_status success val=0
05-27 18:33:36.655 13911 14183 I SentryImuMcuAngleSender: 179.97899rollDeg
05-27 18:33:36.656 13911 14183 I SentryImuMcuAngleSender: 1,0,0
05-27 18:33:36.657  1008 30857 D [OMXB]  : usingANWBuffer: handle:0xee742690, format:1, w:1920, h:1080
05-27 08:24:45.619   581   581 D spi_rst_gpio_get_output: GPIO 145 value: 0
05-27 08:24:45.619   581   581 D spidev_ioctl: gpio status=0)
05-27 18:33:36.667   536   536 D commservice260303: msg.id = 1028,1
05-27 18:33:36.667   536   536 D commservice260303: i = 170, msgid = 8A000404
05-27 18:33:36.667   536   536 D commservice260303: msgid = -1979710460,did=138
05-27 18:33:36.667   536   536 D commservice260303: CommProtocolLibCmdBaseI2C::dataproc {"command":{"id":"imu_status","sub":""},"content":{"TimeStamp":9,"FrameCounter":230176,"GD_X":-0.01153013575822115,"GD_Y":0.005345047451555729,"GD_Z":0.0019848872907459736,"AD_X":-0.002964988350868225,"AD_Y":5.032485350966454E-4,"AD_Z":-0.1712942123413086,"TempDsp":0,"Status":0,"CalibState":1,"SigAmpInvalid":0}},-1979710460
05-27 18:33:36.668   536   536 D commservice260303: send2Cluster len:313, 7B22636F6D6D616E64223A7B226964223A22696D755F737461747573222C22737562223A22227D2C22636F6E74656E74223A7B2254696D655374616D70223A392C224672616D65436F756E746572223A3233303137362C2247445F58223A2D302E30313135333031333537353832323131352C2247445F59223A302E3030353334353034373435313535353732392C2247445F5A223A302E303031393834383837323930373435393733362C2241445F58223A2D302E3030323936343938383335303836383232352C2241445F59223A352E303332343835333530393636343534452D342C2241445F5A223A2D302E313731323934323132333431333038362C2254656D70447370223A302C22537461747573223A302C2243616C69625374617465223A312C22536967416D70496E76616C6964223A307D7D, 138 
05-27 18:33:36.668   536   536 D commservice260303: Push Message into SendPool fn=583140096
05-27 18:33:36.668   536   536 D commservice260303: ComProtocolLibSend2Cluster::send2ClusterRaw fn=583140096 , len=329
05-27 18:33:36.668   536   536 D commservice260303: sendCmdToPort :329!!!
