05-27 18:33:28.509   536   536 D commservice260303: CommProtocolLibCmdBaseI2C::dataproc {"command":{"id":"imu_status","sub":""},"content":{"TimeStamp":9,"FrameCounter":229975,"GD_X":-0.01160607673227787,"GD_Y":0.0048857564106583595,"GD_Z":0.0018319635419175029,"AD_X":-0.0024534910917282104,"AD_Y":-3.0162138864398E-4,"AD_Z":-0.17069339752197266,"TempDsp":0,"Status":0,"CalibState":1,"SigAmpInvalid":0}},-1979710460
05-27 08:24:37.470   581   581 D spi_rst_gpio_get_output: GPIO 145 value: 1
05-27 08:24:37.470   581   581 D spidev_ioctl: gpio status=1)
05-27 18:33:28.509   536   536 D commservice260303: send2Cluster len:315, 7B22636F6D6D616E64223A7B226964223A22696D755F737461747573222C22737562223A22227D2C22636F6E74656E74223A7B2254696D655374616D70223A392C224672616D65436F756E746572223A3232393937352C2247445F58223A2D302E30313136303630373637333232373738372C2247445F59223A302E303034383835373536343130363538333539352C2247445F5A223A302E303031383331393633353431393137353032392C2241445F58223A2D302E303032343533343931303931373238323130342C2241445F59223A2D332E30313632313338383634333938452D342C2241445F5A223A2D302E31373036393333393735323139373236362C2254656D70447370223A302C22537461747573223A302C2243616C69625374617465223A312C22536967416D70496E76616C6964223A307D7D, 138 
05-27 18:33:28.509   536   536 D commservice260303: Push Message into SendPool fn=1438712576
05-27 18:33:28.509   536   536 D commservice260303: ComProtocolLibSend2Cluster::send2ClusterRaw fn=1438712576 , len=331
05-27 18:33:28.509   536   536 D commservice260303: sendCmdToPort :331!!!
05-27 18:33:28.509   536   536 D commservice260303: send Cmd To Port ++++5AA501478A010003C1556A16C8787B22636F6D6D616E64223A7B226964223A22696D755F737461747573222C22737562223A22227D2C22636F6E74656E74223A7B2254696D655374616D70223A392C224672616D65436F756E746572223A3232393937352C2247445F58223A2D302E30313136303630373637333232373738372C2247445F59223A302E303034383835373536343130363538333539352C2247445F5A223A302E303031383331393633353431393137353032392C2241445F58223A2D302E303032343533343931303931373238323130342C2241445F59223A2D332E30313632313338383634333938452D342C2241445F5A223A2D302E31373036393333393735323139373236362C2254656D70447370223A302C22537461747573223A302C2243616C69625374617465223A312C22536967416D70496E76616C6964223A307D7D2E9A
05-27 18:33:28.509   536   536 D commservice260303: bufferevent_write retrun value = 0
05-27 18:33:28.509   536   560 D commservice260303: client datas send succeed,send finish
05-27 18:33:28.509 13911 14192 D Sentinelmode_1.2.5.17_sentry: <SentryImuClusterFgeSender>imu_status sent to Linux, frame=229975, tsNs=9875758, tsMs=9, intervalMs=40, ad=(-0.002453491,-3.016214E-4,-0.1706934), gd=(-0.011606077,0.0048857564,0.0018319635)
05-27 18:33:28.510   581   581 I SpiService: fgesysctrl_getGPIO_status success val=0
05-27 08:24:37.475   581   581 D spi_rst_gpio_get_output: GPIO 145 value: 0
05-27 08:24:37.475   581   581 D spidev_ioctl: gpio status=0)
05-27 18:33:28.518   299 30841 D EvsDriver: forwardFrame
05-27 18:33:28.518   299 30844 D EvsDriver: forwardFrame
05-27 18:33:28.519   299 30841 D EvsDriver: Delivered 0xb400007b7ca56a60 as id 0
05-27 18:33:28.519  1167  1479 D evsmanagerd: /dev/video4 forwarded the buffer #0 to 0xb4000074bf5f6850 from 0xb4000074bf5f41d0
05-27 18:33:28.520  1167  1479 D evsmanagerd: /dev/video6 forwarded the buffer #0 to 0xb4000074bf5f5510 from 0xb4000074bf5f6d90
05-27 18:33:28.520   299 30844 D EvsDriver: Delivered 0xb400007b7ca56900 as id 0
05-27 18:33:28.520 13911 14183 I SentryImuMcuAngleSender: 179.986rollDeg
05-27 18:33:28.520 13911 14183 I SentryImuMcuAngleSender: 1,0,0
05-27 18:33:28.521   299  1153 D EvsDriver: doneWithFrame
05-27 18:33:28.522   299  1153 D EvsDriver: doneWithFrame
05-27 18:33:28.524   581   581 I SpiService: fgesysctrl_getGPIO_status success val=1
05-27 08:24:37.489   581   581 D spi_rst_gpio_get_output: GPIO 145 value: 1
05-27 08:24:37.489   581   581 D spidev_ioctl: gpio status=1)
05-27 18:33:28.530   581   581 I SpiService: fgesysctrl_getGPIO_status success val=1
05-27 08:24:37.494   581   581 D spi_rst_gpio_get_output: GPIO 145 value: 1
05-27 08:24:37.494   581   581 D spidev_ioctl: gpio status=1)
05-27 18:33:28.535   581   581 I SpiService: fgesysctrl_getGPIO_status success val=1
05-27 08:24:37.500   581   581 D spi_rst_gpio_get_output: GPIO 145 value: 1
05-27 08:24:37.500   581   581 D spidev_ioctl: gpio status=1)
05-27 18:33:28.540 13911 14183 I SentryImuMcuAngleSender: 179.986rollDeg
05-27 18:33:28.540 13911 14183 I SentryImuMcuAngleSender: 1,0,0
05-27 18:33:28.540   581   581 I SpiService: fgesysctrl_getGPIO_status success val=1
05-27 08:24:37.505   581   581 D spi_rst_gpio_get_output: GPIO 145 value: 1
05-27 08:24:37.505   581   581 D spidev_ioctl: gpio status=1)
05-27 18:33:28.544   536   760 I commservice260303: [mcuCommFunctionTcp::ProtocolCheckConnectTimeOutProc:613] keyID:256,tcpEvent:5,tcpcount:0,heartbeat:1,noHeartBeatNumber:0,endispatch:0,strState:0
05-27 18:33:28.544   536   760 D commservice260303: ProtocolCheckConnectTimeOutProc,629,clear heartbeat
05-27 18:33:28.546   581   581 I SpiService: fgesysctrl_getGPIO_status success val=1
05-27 08:24:37.510   581   581 D spi_rst_gpio_get_output: GPIO 145 value: 1
05-27 08:24:37.510   581   581 D spidev_ioctl: gpio status=1)
05-27 18:33:28.549   536   536 D commservice260303: msg.id = 1028,0
05-27 18:33:28.549   536   536 D commservice260303: i = 170, msgid = 8A000404
05-27 18:33:28.549   536   536 D commservice260303: msgid = -1979710460,did=138
05-27 18:33:28.549   536   536 D commservice260303: CommProtocolLibCmdBaseI2C::dataproc {"command":{"id":"imu_status","sub":""},"content":{"TimeStamp":9,"FrameCounter":229976,"GD_X":-0.011682018637657166,"GD_Y":0.005802778527140617,"GD_Z":0.001679039909504354,"AD_X":-0.002456188201904297,"AD_Y":-9.07689449377358E-4,"AD_Z":-0.17008399963378906,"TempDsp":0,"Status":0,"CalibState":1,"SigAmpInvalid":0}},-1979710460
05-27 18:33:28.549   536   536 D commservice260303: send2Cluster len:314, 7B22636F6D6D616E64223A7B226964223A22696D755F737461747573222C22737562223A22227D2C22636F6E74656E74223A7B2254696D655374616D70223A392C224672616D65436F756E746572223A3232393937362C2247445F58223A2D302E3031313638323031383633373635373136362C2247445F59223A302E3030353830323737383532373134303631372C2247445F5A223A302E3030313637393033393930393530343335342C2241445F58223A2D302E3030323435363138383230313930343239372C2241445F59223A2D392E3037363839343439333737333538452D342C2241445F5A223A2D302E31373030383339393936333337383930362C2254656D70447370223A302C22537461747573223A302C2243616C69625374617465223A312C22536967416D70496E76616C6964223A307D7D, 138 
05-27 18:33:28.549   536   536 D commservice260303: Push Message into SendPool fn=1455489792
05-27 18:33:28.549   536   536 D commservice260303: ComProtocolLibSend2Cluster::send2ClusterRaw fn=1455489792 , len=330
05-27 18:33:28.549   536   536 D commservice260303: sendCmdToPort :330!!!
05-27 18:33:28.549   536   536 D commservice260303: send Cmd To Port ++++5AA501468A010003C1566A16C8787B22636F6D6D616E64223A7B226964223A22696D755F737461747573222C22737562223A22227D2C22636F6E74656E74223A7B2254696D655374616D70223A392C224672616D65436F756E746572223A3232393937362C2247445F58223A2D302E3031313638323031383633373635373136362C2247445F59223A302E3030353830323737383532373134303631372C2247445F5A223A302E3030313637393033393930393530343335342C2241445F58223A2D302E3030323435363138383230313930343239372C2241445F59223A2D392E3037363839343439333737333538452D342C2241445F5A223A2D302E31373030383339393936333337383930362C2254656D70447370223A302C22537461747573223A302C2243616C69625374617465223A312C22536967416D70496E76616C6964223A307D7DC03F
05-27 18:33:28.549   536   536 D commservice260303: bufferevent_write retrun value = 0
05-27 18:33:28.549   536   560 D commservice260303: client datas send succeed,send finish
05-27 18:33:28.550 13911 14192 D Sentinelmode_1.2.5.17_sentry: <SentryImuClusterFgeSender>imu_status sent to Linux, frame=229976, tsNs=9875794, tsMs=9, intervalMs=40, ad=(-0.0024561882,-9.0768945E-4,-0.170084), gd=(-0.011682019,0.0058027785,0.0016790399)
05-27 18:33:28.551   581   581 I SpiService: fgesysctrl_getGPIO_status success val=0
05-27 08:24:37.516   581   581 D spi_rst_gpio_get_output: GPIO 145 value: 0
05-27 08:24:37.516   581   581 D spidev_ioctl: gpio status=0)
05-27 18:33:28.555   299 30841 D EvsDriver: forwardFrame
05-27 18:33:28.556   299 30844 D EvsDriver: forwardFrame
05-27 18:33:28.557   299 30841 D EvsDriver: Delivered 0xb400007b7ca56a60 as id 0
05-27 18:33:28.557  1167  1479 D evsmanagerd: /dev/video4 forwarded the buffer #0 to 0xb4000074bf5f6850 from 0xb4000074bf5f41d0
05-27 18:33:28.557   299 30844 D EvsDriver: Delivered 0xb400007b7ca56900 as id 0
05-27 18:33:28.557  1167  1479 D evsmanagerd: /dev/video6 forwarded the buffer #0 to 0xb4000074bf5f5510 from 0xb4000074bf5f6d90
05-27 18:33:28.560   299  1153 D EvsDriver: doneWithFrame
05-27 18:33:28.561   299  1163 D EvsDriver: doneWithFrame
05-27 18:33:28.561 13911 14183 I SentryImuMcuAngleSender: 179.98949rollDeg
05-27 18:33:28.561 13911 14183 I SentryImuMcuAngleSender: 1,0,0
05-27 18:33:28.567   481   598 I mcuc    : rev,n=1,6AA681C6EF006B8900520600030A4000003419400000000040000005354000000000400059231C40000040000000000000000000000000000000000001000000000000000000000000000000000000000000000000000000000000000000000000000000000000000000000000000000000091
05-27 18:33:28.567   351   373 D automotive.vehicle@2.0-adayo-datacomm-mcu: MCUDatacomm sendMessageFromVehicle prop: 0x89, areaId: 0x0, status: 0x52, timestamp: 0x6
05-27 18:33:28.567   351   373 D automotive.vehicle@2.0-adayo-datacomm-mcu: MCUDatacomm 1sendMessageFromVehicle ---> type = 3 
05-27 18:33:28.567   351   373 D automotive.vehicle@2.0-adayo-func-bcm: sendMessageFromVehicle sendMessageFromVehicle
05-27 18:33:28.567   581   581 I SpiService: fgesysctrl_getGPIO_status success val=1
05-27 18:33:28.567   351   516 D automotive.vehicle@2.0-adayo-func-bcm: jjfan1 ______procotolSize :38
05-27 18:33:28.567   351   516 D automotive.vehicle@2.0-adayo-func-bcm: BCMFunc sendMessageFromVehicle_l dataType: 12,mByte=7,propid=0x2140006b
05-27 18:33:28.567   351   516 D automotive.vehicle@2.0-adayo-func-bcm: BCMFunc sendMessageFromVehicle_l msgBuff[7]=0x40,start:0,len:6,temp:6,
05-27 18:33:28.567   351   516 D automotive.vehicle@2.0-adayo-func-bcm: BCMFunc sendMessageFromVehicle_l prop: 0x2140006b ,areaId: 0x0  SPLITE_BIT_DATA_INTEGER : 0
05-27 18:33:28.567   351   516 D automotive.vehicle@2.0-adayo-func-bcm: BCMFunc sendMessageFromVehicle_l id:557842539, area:0 not report! 
05-27 18:33:28.567   351   516 D automotive.vehicle@2.0-adayo-func-bcm: BCMFunc sendMessageFromVehicle_l dataType: 12,mByte=7,propid=0x2140006c
05-27 18:33:28.567   351   516 D automotive.vehicle@2.0-adayo-func-bcm: BCMFunc sendMessageFromVehicle_l msgBuff[7]=0x40,start:6,len:2,temp:2,
05-27 18:33:28.567   351   516 D automotive.vehicle@2.0-adayo-func-bcm: BCMFunc sendMessageFromVehicle_l prop: 0x2140006c ,areaId: 0x0  SPLITE_BIT_DATA_INTEGER : 1
05-27 18:33:28.567   351   516 D automotive.vehicle@2.0-adayo-func-bcm: BCMFunc sendMessageFromVehicle_l id:557842540, area:0 not report! 
05-27 18:33:28.567   351   516 D automotive.vehicle@2.0-adayo-func-bcm: BCMFunc sendMessageFromVehicle_l dataType: 12,mByte=11,propid=0x2140004a
05-27 18:33:28.567   351   516 D automotive.vehicle@2.0-adayo-func-bcm: BCMFunc sendMessageFromVehicle_l msgBuff[11]=0x19,start:0,len:32,temp:8,
05-27 18:33:28.567   351   516 D automotive.vehicle@2.0-adayo-func-bcm: BCMFunc sendMessageFromVehicle_l msgBuff[10]=0x34,start:0,len:24,temp:8,
05-27 18:33:28.567   351   516 D automotive.vehicle@2.0-adayo-func-bcm: BCMFunc sendMessageFromVehicle_l msgBuff[9]=0x0,start:0,len:16,temp:8,
05-27 18:33:28.567   351   516 D automotive.vehicle@2.0-adayo-func-bcm: BCMFunc sendMessageFromVehicle_l msgBuff[8]=0x0,start:0,len:8,temp:8,
05-27 18:33:28.567   351   516 D automotive.vehicle@2.0-adayo-func-bcm: BCMFunc sendMessageFromVehicle_l prop: 0x2140004a ,areaId: 0x0  SPLITE_BIT_DATA_INTEGER : 13337
05-27 18:33:28.567   351   516 D automotive.vehicle@2.0-adayo-func-bcm: BCMFunc sendMessageFromVehicle_l id:557842506, area:0 not report! 
05-27 18:33:28.567   351   516 D automotive.vehicle@2.0-adayo-func-bcm: BCMFunc sendMessageFromVehicle_l dataType: 12,mByte=12,propid=0x2140006d
05-27 18:33:28.567   351   516 D automotive.vehicle@2.0-adayo-func-bcm: BCMFunc sendMessageFromVehicle_l msgBuff[12]=0x40,start:0,len:6,temp:6,
05-27 18:33:28.567   351   516 D automotive.vehicle@2.0-adayo-func-bcm: BCMFunc sendMessageFromVehicle_l prop: 0x2140006d ,areaId: 0x0  SPLITE_BIT_DATA_INTEGER : 0
05-27 18:33:28.567   351   516 D automotive.vehicle@2.0-adayo-func-bcm: BCMFunc sendMessageFromVehicle_l id:557842541, area:0 not report! 
05-27 18:33:28.567   351   516 D automotive.vehicle@2.0-adayo-func-bcm: BCMFunc sendMessageFromVehicle_l dataType: 12,mByte=12,propid=0x2140006e
05-27 18:33:28.567   351   516 D automotive.vehicle@2.0-adayo-func-bcm: BCMFunc sendMessageFromVehicle_l msgBuff[12]=0x40,start:6,len:2,temp:2,
05-27 18:33:28.568   351   516 D automotive.vehicle@2.0-adayo-func-bcm: BCMFunc sendMessageFromVehicle_l prop: 0x2140006e ,areaId: 0x0  SPLITE_BIT_DATA_INTEGER : 1
05-27 18:33:28.568   351   516 D automotive.vehicle@2.0-adayo-func-bcm: BCMFunc sendMessageFromVehicle_l id:557842542, area:0 not report! 
05-27 18:33:28.568   351   516 D automotive.vehicle@2.0-adayo-func-bcm: BCMFunc sendMessageFromVehicle_l dataType: 12,mByte=16,propid=0x21600040
05-27 18:33:28.568   351   516 D automotive.vehicle@2.0-adayo-func-bcm: BCMFunc sendMessageFromVehicle_l msgBuff[16]=0x0,start:0,len:32,temp:8,
05-27 18:33:28.568   351   516 D automotive.vehicle@2.0-adayo-func-bcm: BCMFunc sendMessageFromVehicle_l msgBuff[15]=0x0,start:0,len:24,temp:8,
05-27 18:33:28.568   351   516 D automotive.vehicle@2.0-adayo-func-bcm: BCMFunc sendMessageFromVehicle_l msgBuff[14]=0x0,start:0,len:16,temp:8,
05-27 18:33:28.568   351   516 D automotive.vehicle@2.0-adayo-func-bcm: BCMFunc sendMessageFromVehicle_l msgBuff[13]=0x0,start:0,len:8,temp:8,
05-27 18:33:28.568   351   516 D automotive.vehicle@2.0-adayo-func-bcm: BCMFunc sendMessageFromVehicle_l prop: 0x21600040 , SPLITE_BIT_DATA_INTEGER1 data:0
05-27 18:33:28.568   351   516 D automotive.vehicle@2.0-adayo-func-bcm: BCMFunc sendMessageFromVehicle_l prop: 0x21600040 , SPLITE_BIT_DATA_INTEGER4 procotol.calc[0]:0.100000,procotol.calc[1]:0.000000
05-27 18:33:28.568   351   516 D automotive.vehicle@2.0-adayo-func-bcm: BCMFunc sendMessageFromVehicle_l prop: 0x21600040 ,areaId: 0x0  SPLITE_BIT_DATA_INTEGER : 0.000000,calc[0]:0.100000,calc[1]:0.000000
05-27 18:33:28.568   351   516 D automotive.vehicle@2.0-adayo-func-bcm: BCMFunc sendMessageFromVehicle_l id:559939648, area:0 not report! 
05-27 18:33:28.568   351   516 D automotive.vehicle@2.0-adayo-func-bcm: BCMFunc sendMessageFromVehicle_l dataType: 12,mByte=17,propid=0x2140006f
05-27 18:33:28.568   351   516 D automotive.vehicle@2.0-adayo-func-bcm: BCMFunc sendMessageFromVehicle_l msgBuff[17]=0x40,start:0,len:6,temp:6,
05-27 18:33:28.568   351   516 D automotive.vehicle@2.0-adayo-func-bcm: BCMFunc sendMessageFromVehicle_l prop: 0x2140006f ,areaId: 0x0  SPLITE_BIT_DATA_INTEGER : 0
05-27 18:33:28.568   351   516 D automotive.vehicle@2.0-adayo-func-bcm: BCMFunc sendMessageFromVehicle_l id:557842543, area:0 not report! 
05-27 18:33:28.568   351   516 D automotive.vehicle@2.0-adayo-func-bcm: BCMFunc sendMessageFromVehicle_l dataType: 12,mByte=17,propid=0x21400070
05-27 18:33:28.568   351   516 D automotive.vehicle@2.0-adayo-func-bcm: BCMFunc sendMessageFromVehicle_l msgBuff[17]=0x40,start:6,len:2,temp:2,
05-27 18:33:28.568   351   516 D automotive.vehicle@2.0-adayo-func-bcm: BCMFunc sendMessageFromVehicle_l prop: 0x21400070 ,areaId: 0x0  SPLITE_BIT_DATA_INTEGER : 1
05-27 18:33:28.568   351   516 D automotive.vehicle@2.0-adayo-func-bcm: BCMFunc sendMessageFromVehicle_l id:557842544, area:0 not report! 
05-27 18:33:28.568   351   516 D automotive.vehicle@2.0-adayo-func-bcm: BCMFunc sendMessageFromVehicle_l dataType: 12,mByte=21,propid=0x2160004c
05-27 18:33:28.568   351   516 D automotive.vehicle@2.0-adayo-func-bcm: BCMFunc sendMessageFromVehicle_l msgBuff[21]=0x35,start:0,len:32,temp:8,
05-27 18:33:28.568   351   516 D automotive.vehicle@2.0-adayo-func-bcm: BCMFunc sendMessageFromVehicle_l msgBuff[20]=0x5,start:0,len:24,temp:8,
05-27 18:33:28.568   351   516 D automotive.vehicle@2.0-adayo-func-bcm: BCMFunc sendMessageFromVehicle_l msgBuff[19]=0x0,start:0,len:16,temp:8,
05-27 18:33:28.568   351   516 D automotive.vehicle@2.0-adayo-func-bcm: BCMFunc sendMessageFromVehicle_l msgBuff[18]=0x0,start:0,len:8,temp:8,
05-27 18:33:28.568   351   516 D automotive.vehicle@2.0-adayo-func-bcm: BCMFunc sendMessageFromVehicle_l prop: 0x2160004c , SPLITE_BIT_DATA_INTEGER1 data:1333
05-27 18:33:28.568   351   516 D automotive.vehicle@2.0-adayo-func-bcm: BCMFunc sendMessageFromVehicle_l prop: 0x2160004c , SPLITE_BIT_DATA_INTEGER4 procotol.calc[0]:0.100000,procotol.calc[1]:0.000000
05-27 18:33:28.568   351   516 D automotive.vehicle@2.0-adayo-func-bcm: BCMFunc sendMessageFromVehicle_l prop: 0x2160004c ,areaId: 0x0  SPLITE_BIT_DATA_INTEGER : 133.300003,calc[0]:0.100000,calc[1]:0.000000
05-27 18:33:28.568   351   516 D automotive.vehicle@2.0-adayo-func-bcm: BCMFunc sendMessageFromVehicle_l id:559939660, area:0 not report! 
05-27 18:33:28.568   351   516 D automotive.vehicle@2.0-adayo-func-bcm: BCMFunc sendMessageFromVehicle_l dataType: 12,mByte=22,propid=0x21400071
05-27 18:33:28.568   351   516 D automotive.vehicle@2.0-adayo-func-bcm: BCMFunc sendMessageFromVehicle_l msgBuff[22]=0x40,start:0,len:6,temp:6,
05-27 18:33:28.568   351   516 D automotive.vehicle@2.0-adayo-func-bcm: BCMFunc sendMessageFromVehicle_l prop: 0x21400071 ,areaId: 0x0  SPLITE_BIT_DATA_INTEGER : 0
05-27 18:33:28.568   351   516 D automotive.vehicle@2.0-adayo-func-bcm: BCMFunc sendMessageFromVehicle_l id:557842545, area:0 not report! 
05-27 18:33:28.568   351   516 D automotive.vehicle@2.0-adayo-func-bcm: BCMFunc sendMessageFromVehicle_l dataType: 12,mByte=22,propid=0x21400072
05-27 18:33:28.568   351   516 D automotive.vehicle@2.0-adayo-func-bcm: BCMFunc sendMessageFromVehicle_l msgBuff[22]=0x40,start:6,len:2,temp:2,
05-27 18:33:28.568   351   516 D automotive.vehicle@2.0-adayo-func-bcm: BCMFunc sendMessageFromVehicle_l prop: 0x21400072 ,areaId: 0x0  SPLITE_BIT_DATA_INTEGER : 1
05-27 18:33:28.568   351   516 D automotive.vehicle@2.0-adayo-func-bcm: BCMFunc sendMessageFromVehicle_l id:557842546, area:0 not report! 
05-27 18:33:28.568   351   516 D automotive.vehicle@2.0-adayo-func-bcm: BCMFunc sendMessageFromVehicle_l dataType: 12,mByte=24,propid=0x21400050
05-27 18:33:28.568   351   516 D automotive.vehicle@2.0-adayo-func-bcm: BCMFunc sendMessageFromVehicle_l msgBuff[24]=0x0,start:0,len:16,temp:8,
05-27 18:33:28.568   351   516 D automotive.vehicle@2.0-adayo-func-bcm: BCMFunc sendMessageFromVehicle_l msgBuff[23]=0x0,start:0,len:8,temp:8,
05-27 18:33:28.568   351   516 D automotive.vehicle@2.0-adayo-func-bcm: BCMFunc sendMessageFromVehicle_l prop: 0x21400050 ,areaId: 0x0  SPLITE_BIT_DATA_INTEGER : 0
05-27 08:24:37.531   581   581 D spi_rst_gpio_get_output: GPIO 145 value: 1
05-27 08:24:37.532   581   581 D spidev_ioctl: gpio status=1)
05-27 18:33:28.568   351   516 D automotive.vehicle@2.0-adayo-func-bcm: BCMFunc sendMessageFromVehicle_l id:557842512, area:0 not report! 
05-27 18:33:28.568   351   516 D automotive.vehicle@2.0-adayo-func-bcm: BCMFunc sendMessageFromVehicle_l dataType: 12,mByte=25,propid=0x21400051
05-27 18:33:28.568   351   516 D automotive.vehicle@2.0-adayo-func-bcm: BCMFunc sendMessageFromVehicle_l msgBuff[25]=0x0,start:0,len:8,temp:8,
05-27 18:33:28.568   351   516 D automotive.vehicle@2.0-adayo-func-bcm: BCMFunc sendMessageFromVehicle_l prop: 0x21400051 ,areaId: 0x0  SPLITE_BIT_DATA_INTEGER : 0
05-27 18:33:28.568   351   516 D automotive.vehicle@2.0-adayo-func-bcm: BCMFunc sendMessageFromVehicle_l id:557842513, area:0 not report! 
05-27 18:33:28.568   351   516 D automotive.vehicle@2.0-adayo-func-bcm: BCMFunc sendMessageFromVehicle_l dataType: 12,mByte=26,propid=0x21400052
05-27 18:33:28.568   351   516 D automotive.vehicle@2.0-adayo-func-bcm: BCMFunc sendMessageFromVehicle_l msgBuff[26]=0x0,start:0,len:8,temp:8,
05-27 18:33:28.568   351   516 D automotive.vehicle@2.0-adayo-func-bcm: BCMFunc sendMessageFromVehicle_l prop: 0x21400052 ,areaId: 0x0  SPLITE_BIT_DATA_INTEGER : 0
05-27 18:33:28.569   351   516 D automotive.vehicle@2.0-adayo-func-bcm: BCMFunc sendMessageFromVehicle_l id:557842514, area:0 not report! 
05-27 18:33:28.569   351   516 D automotive.vehicle@2.0-adayo-func-bcm: BCMFunc sendMessageFromVehicle_l dataType: 12,mByte=27,propid=0x21400073
05-27 18:33:28.569   351   516 D automotive.vehicle@2.0-adayo-func-bcm: BCMFunc sendMessageFromVehicle_l msgBuff[27]=0x40,start:0,len:6,temp:6,
05-27 18:33:28.569   351   516 D automotive.vehicle@2.0-adayo-func-bcm: BCMFunc sendMessageFromVehicle_l prop: 0x21400073 ,areaId: 0x0  SPLITE_BIT_DATA_INTEGER : 0
05-27 18:33:28.569   351   516 D automotive.vehicle@2.0-adayo-func-bcm: BCMFunc sendMessageFromVehicle_l id:557842547, area:0 not report! 
05-27 18:33:28.569   351   516 D automotive.vehicle@2.0-adayo-func-bcm: BCMFunc sendMessageFromVehicle_l dataType: 12,mByte=27,propid=0x21400074
05-27 18:33:28.569   351   516 D automotive.vehicle@2.0-adayo-func-bcm: BCMFunc sendMessageFromVehicle_l msgBuff[27]=0x40,start:6,len:2,temp:2,
05-27 18:33:28.569   351   516 D automotive.vehicle@2.0-adayo-func-bcm: BCMFunc sendMessageFromVehicle_l prop: 0x21400074 ,areaId: 0x0  SPLITE_BIT_DATA_INTEGER : 1
05-27 18:33:28.569   351   516 D automotive.vehicle@2.0-adayo-func-bcm: BCMFunc sendMessageFromVehicle_l id:557842548, area:0 not report! 
05-27 18:33:28.569   351   516 D automotive.vehicle@2.0-adayo-func-bcm: BCMFunc sendMessageFromVehicle_l dataType: 12,mByte=29,propid=0x21400053
05-27 18:33:28.569   351   516 D automotive.vehicle@2.0-adayo-func-bcm: BCMFunc sendMessageFromVehicle_l msgBuff[29]=0x59,start:0,len:16,temp:8,
05-27 18:33:28.569   351   516 D automotive.vehicle@2.0-adayo-func-bcm: BCMFunc sendMessageFromVehicle_l msgBuff[28]=0x0,start:0,len:8,temp:8,
05-27 18:33:28.569   351   516 D automotive.vehicle@2.0-adayo-func-bcm: BCMFunc sendMessageFromVehicle_l prop: 0x21400053 ,areaId: 0x0  SPLITE_BIT_DATA_INTEGER : 89
05-27 18:33:28.569   351   516 D automotive.vehicle@2.0-adayo-func-bcm: BCMFunc sendMessageFromVehicle_l id:557842515, area:0 not report! 
05-27 18:33:28.569   351   516 D automotive.vehicle@2.0-adayo-func-bcm: BCMFunc sendMessageFromVehicle_l dataType: 12,mByte=30,propid=0x21400054
05-27 18:33:28.569   351   516 D automotive.vehicle@2.0-adayo-func-bcm: BCMFunc sendMessageFromVehicle_l msgBuff[30]=0x23,start:0,len:8,temp:8,
05-27 18:33:28.569   351   516 D automotive.vehicle@2.0-adayo-func-bcm: BCMFunc sendMessageFromVehicle_l prop: 0x21400054 ,areaId: 0x0  SPLITE_BIT_DATA_INTEGER : 35
05-27 18:33:28.569   351   516 D automotive.vehicle@2.0-adayo-func-bcm: BCMFunc sendMessageFromVehicle_l id:557842516, area:0 not report! 
05-27 18:33:28.569   351   516 D automotive.vehicle@2.0-adayo-func-bcm: BCMFunc sendMessageFromVehicle_l dataType: 12,mByte=31,propid=0x21400055
05-27 18:33:28.569   351   516 D automotive.vehicle@2.0-adayo-func-bcm: BCMFunc sendMessageFromVehicle_l msgBuff[31]=0x1c,start:0,len:8,temp:8,
05-27 18:33:28.569   351   516 D automotive.vehicle@2.0-adayo-func-bcm: BCMFunc sendMessageFromVehicle_l prop: 0x21400055 ,areaId: 0x0  SPLITE_BIT_DATA_INTEGER : 28
05-27 18:33:28.569   351   516 D automotive.vehicle@2.0-adayo-func-bcm: BCMFunc sendMessageFromVehicle_l id:557842517, area:0 not report! 
05-27 18:33:28.569   351   516 D automotive.vehicle@2.0-adayo-func-bcm: BCMFunc sendMessageFromVehicle_l dataType: 12,mByte=32,propid=0x21400075
05-27 18:33:28.569   351   516 D automotive.vehicle@2.0-adayo-func-bcm: BCMFunc sendMessageFromVehicle_l msgBuff[32]=0x40,start:0,len:6,temp:6,
05-27 18:33:28.569   351   516 D automotive.vehicle@2.0-adayo-func-bcm: BCMFunc sendMessageFromVehicle_l prop: 0x21400075 ,areaId: 0x0  SPLITE_BIT_DATA_INTEGER : 0
05-27 18:33:28.569   351   516 D automotive.vehicle@2.0-adayo-func-bcm: BCMFunc sendMessageFromVehicle_l id:557842549, area:0 not report! 
05-27 18:33:28.569   351   516 D automotive.vehicle@2.0-adayo-func-bcm: BCMFunc sendMessageFromVehicle_l dataType: 12,mByte=32,propid=0x21400076
05-27 18:33:28.569   351   516 D automotive.vehicle@2.0-adayo-func-bcm: BCMFunc sendMessageFromVehicle_l msgBuff[32]=0x40,start:6,len:2,temp:2,
05-27 18:33:28.569   351   516 D automotive.vehicle@2.0-adayo-func-bcm: BCMFunc sendMessageFromVehicle_l prop: 0x21400076 ,areaId: 0x0  SPLITE_BIT_DATA_INTEGER : 1
05-27 18:33:28.569   351   516 D automotive.vehicle@2.0-adayo-func-bcm: BCMFunc sendMessageFromVehicle_l id:557842550, area:0 not report! 
05-27 18:33:28.569   351   516 D automotive.vehicle@2.0-adayo-func-bcm: BCMFunc sendMessageFromVehicle_l dataType: 12,mByte=34,propid=0x2140004b
05-27 18:33:28.569   351   516 D automotive.vehicle@2.0-adayo-func-bcm: BCMFunc sendMessageFromVehicle_l msgBuff[34]=0x0,start:0,len:16,temp:8,
05-27 18:33:28.569   351   516 D automotive.vehicle@2.0-adayo-func-bcm: BCMFunc sendMessageFromVehicle_l msgBuff[33]=0x0,start:0,len:8,temp:8,
05-27 18:33:28.569   351   516 D automotive.vehicle@2.0-adayo-func-bcm: BCMFunc sendMessageFromVehicle_l prop: 0x2140004b ,areaId: 0x0  SPLITE_BIT_DATA_INTEGER : 0
05-27 18:33:28.569   351   516 D automotive.vehicle@2.0-adayo-func-bcm: BCMFunc sendMessageFromVehicle_l id:557842507, area:0 not report! 
05-27 18:33:28.569   351   516 D automotive.vehicle@2.0-adayo-func-bcm: BCMFunc sendMessageFromVehicle_l dataType: 12,mByte=35,propid=0x21400077
05-27 18:33:28.569   351   516 D automotive.vehicle@2.0-adayo-func-bcm: BCMFunc sendMessageFromVehicle_l msgBuff[35]=0x40,start:0,len:6,temp:6,
05-27 18:33:28.569   351   516 D automotive.vehicle@2.0-adayo-func-bcm: BCMFunc sendMessageFromVehicle_l prop: 0x21400077 ,areaId: 0x0  SPLITE_BIT_DATA_INTEGER : 0
05-27 18:33:28.569   351   516 D automotive.vehicle@2.0-adayo-func-bcm: BCMFunc sendMessageFromVehicle_l id:557842551, area:0 not report! 
05-27 18:33:28.569   351   516 D automotive.vehicle@2.0-adayo-func-bcm: BCMFunc sendMessageFromVehicle_l dataType: 12,mByte=35,propid=0x21400078
05-27 18:33:28.569   351   516 D automotive.vehicle@2.0-adayo-func-bcm: BCMFunc sendMessageFromVehicle_l msgBuff[35]=0x40,start:6,len:2,temp:2,
05-27 18:33:28.569   351   516 D automotive.vehicle@2.0-adayo-func-bcm: BCMFunc sendMessageFromVehicle_l prop: 0x21400078 ,areaId: 0x0  SPLITE_BIT_DATA_INTEGER : 1
05-27 18:33:28.569   351   516 D automotive.vehicle@2.0-adayo-func-bcm: BCMFunc sendMessageFromVehicle_l id:557842552, area:0 not report! 
05-27 18:33:28.569   351   516 D automotive.vehicle@2.0-adayo-func-bcm: BCMFunc sendMessageFromVehicle_l dataType: 12,mByte=37,propid=0x2140004c
05-27 18:33:28.569   351   516 D automotive.vehicle@2.0-adayo-func-bcm: BCMFunc sendMessageFromVehicle_l msgBuff[37]=0x0,start:0,len:16,temp:8,
05-27 18:33:28.569   351   516 D automotive.vehicle@2.0-adayo-func-bcm: BCMFunc sendMessageFromVehicle_l msgBuff[36]=0x0,start:0,len:8,temp:8,
05-27 18:33:28.570   351   516 D automotive.vehicle@2.0-adayo-func-bcm: BCMFunc sendMessageFromVehicle_l prop: 0x2140004c ,areaId: 0x0  SPLITE_BIT_DATA_INTEGER : 0
05-27 18:33:28.570   351   516 D automotive.vehicle@2.0-adayo-func-bcm: BCMFunc sendMessageFromVehicle_l id:557842508, area:0 not report! 
05-27 18:33:28.570   351   516 D automotive.vehicle@2.0-adayo-func-bcm: BCMFunc sendMessageFromVehicle_l dataType: 12,mByte=38,propid=0x2140009b
05-27 18:33:28.570   351   516 D automotive.vehicle@2.0-adayo-func-bcm: BCMFunc sendMessageFromVehicle_l msgBuff[38]=0x0,start:0,len:8,temp:8,
05-27 18:33:28.570   351   516 D automotive.vehicle@2.0-adayo-func-bcm: BCMFunc sendMessageFromVehicle_l prop: 0x2140009b ,areaId: 0x0  SPLITE_BIT_DATA_INTEGER : 0
05-27 18:33:28.570   351   516 D automotive.vehicle@2.0-adayo-func-bcm: BCMFunc sendMessageFromVehicle_l id:557842587, area:0 not report! 
05-27 18:33:28.570   351   516 D automotive.vehicle@2.0-adayo-func-bcm: BCMFunc sendMessageFromVehicle_l dataType: 12,mByte=39,propid=0x2140009c
05-27 18:33:28.570   351   516 D automotive.vehicle@2.0-adayo-func-bcm: BCMFunc sendMessageFromVehicle_l msgBuff[39]=0x0,start:0,len:8,temp:8,
05-27 18:33:28.570   351   516 D automotive.vehicle@2.0-adayo-func-bcm: BCMFunc sendMessageFromVehicle_l prop: 0x2140009c ,areaId: 0x0  SPLITE_BIT_DATA_INTEGER : 0
05-27 18:33:28.570   351   516 D automotive.vehicle@2.0-adayo-func-bcm: BCMFunc sendMessageFromVehicle_l id:557842588, area:0 not report! 
05-27 18:33:28.570   351   516 D automotive.vehicle@2.0-adayo-func-bcm: BCMFunc sendMessageFromVehicle_l dataType: 12,mByte=40,propid=0x2140009d
05-27 18:33:28.570   351   516 D automotive.vehicle@2.0-adayo-func-bcm: BCMFunc sendMessageFromVehicle_l msgBuff[40]=0x0,start:0,len:8,temp:8,
05-27 18:33:28.570   351   516 D automotive.vehicle@2.0-adayo-func-bcm: BCMFunc sendMessageFromVehicle_l prop: 0x2140009d ,areaId: 0x0  SPLITE_BIT_DATA_INTEGER : 0
05-27 18:33:28.570   351   516 D automotive.vehicle@2.0-adayo-func-bcm: BCMFunc sendMessageFromVehicle_l id:557842589, area:0 not report! 
05-27 18:33:28.570   351   516 D automotive.vehicle@2.0-adayo-func-bcm: BCMFunc sendMessageFromVehicle_l dataType: 12,mByte=41,propid=0x2140009e
05-27 18:33:28.570   351   516 D automotive.vehicle@2.0-adayo-func-bcm: BCMFunc sendMessageFromVehicle_l msgBuff[41]=0x0,start:0,len:8,temp:8,
05-27 18:33:28.570   351   516 D automotive.vehicle@2.0-adayo-func-bcm: BCMFunc sendMessageFromVehicle_l prop: 0x2140009e ,areaId: 0x0  SPLITE_BIT_DATA_INTEGER : 0
05-27 18:33:28.570   351   516 D automotive.vehicle@2.0-adayo-func-bcm: BCMFunc sendMessageFromVehicle_l id:557842590, area:0 not report! 
05-27 18:33:28.570   351   516 D automotive.vehicle@2.0-adayo-func-bcm: BCMFunc sendMessageFromVehicle_l dataType: 12,mByte=43,propid=0x2160009f
05-27 18:33:28.570   351   516 D automotive.vehicle@2.0-adayo-func-bcm: BCMFunc sendMessageFromVehicle_l msgBuff[43]=0x0,start:0,len:16,temp:8,
05-27 18:33:28.570   351   516 D automotive.vehicle@2.0-adayo-func-bcm: BCMFunc sendMessageFromVehicle_l msgBuff[42]=0x0,start:0,len:8,temp:8,
05-27 18:33:28.570   351   516 D automotive.vehicle@2.0-adayo-func-bcm: BCMFunc sendMessageFromVehicle_l prop: 0x2160009f , SPLITE_BIT_DATA_INTEGER1 data:0
05-27 18:33:28.570   351   516 D automotive.vehicle@2.0-adayo-func-bcm: BCMFunc sendMessageFromVehicle_l prop: 0x2160009f , SPLITE_BIT_DATA_INTEGER4 procotol.calc[0]:0.100000,procotol.calc[1]:0.000000
05-27 18:33:28.570   351   516 D automotive.vehicle@2.0-adayo-func-bcm: BCMFunc sendMessageFromVehicle_l prop: 0x2160009f ,areaId: 0x0  SPLITE_BIT_DATA_INTEGER : 0.000000,calc[0]:0.100000,calc[1]:0.000000
05-27 18:33:28.570   351   516 D automotive.vehicle@2.0-adayo-func-bcm: BCMFunc sendMessageFromVehicle_l id:559939743, area:0 not report! 
05-27 18:33:28.570   351   516 D automotive.vehicle@2.0-adayo-func-bcm: BCMFunc sendMessageFromVehicle_l dataType: 12,mByte=45,propid=0x216000f3
05-27 18:33:28.570   351   516 D automotive.vehicle@2.0-adayo-func-bcm: BCMFunc sendMessageFromVehicle_l msgBuff[45]=0x0,start:0,len:16,temp:8,
05-27 18:33:28.570   351   516 D automotive.vehicle@2.0-adayo-func-bcm: BCMFunc sendMessageFromVehicle_l msgBuff[44]=0x0,start:0,len:8,temp:8,
05-27 18:33:28.570   351   516 D automotive.vehicle@2.0-adayo-func-bcm: BCMFunc sendMessageFromVehicle_l prop: 0x216000f3 , SPLITE_BIT_DATA_INTEGER1 data:0
05-27 18:33:28.570   351   516 D automotive.vehicle@2.0-adayo-func-bcm: BCMFunc sendMessageFromVehicle_l prop: 0x216000f3 , SPLITE_BIT_DATA_INTEGER4 procotol.calc[0]:0.100000,procotol.calc[1]:0.000000
05-27 18:33:28.570   351   516 D automotive.vehicle@2.0-adayo-func-bcm: BCMFunc sendMessageFromVehicle_l prop: 0x216000f3 ,areaId: 0x0  SPLITE_BIT_DATA_INTEGER : 0.000000,calc[0]:0.100000,calc[1]:0.000000
05-27 18:33:28.570   351   516 D automotive.vehicle@2.0-adayo-func-bcm: BCMFunc sendMessageFromVehicle_l id:559939827, area:0 not report! 
05-27 18:33:28.570   351   516 D automotive.vehicle@2.0-adayo-func-bcm: BCMFunc sendMessageFromVehicle_l dataType: 12,mByte=47,propid=0x214000f4
05-27 18:33:28.570   351   516 D automotive.vehicle@2.0-adayo-func-bcm: BCMFunc sendMessageFromVehicle_l msgBuff[47]=0x0,start:0,len:16,temp:8,
05-27 18:33:28.570   351   516 D automotive.vehicle@2.0-adayo-func-bcm: BCMFunc sendMessageFromVehicle_l msgBuff[46]=0x0,start:0,len:8,temp:8,
05-27 18:33:28.570   351   516 D automotive.vehicle@2.0-adayo-func-bcm: BCMFunc sendMessageFromVehicle_l prop: 0x214000f4 ,areaId: 0x0  SPLITE_BIT_DATA_INTEGER : 0
05-27 18:33:28.570   351   516 D automotive.vehicle@2.0-adayo-func-bcm: BCMFunc sendMessageFromVehicle_l id:557842676, area:0 not report! 
05-27 18:33:28.570   351   516 D automotive.vehicle@2.0-adayo-func-bcm: BCMFunc sendMessageFromVehicle_l dataType: 12,mByte=48,propid=0x214000fe
05-27 18:33:28.570   351   516 D automotive.vehicle@2.0-adayo-func-bcm: BCMFunc sendMessageFromVehicle_l msgBuff[48]=0x0,start:0,len:8,temp:8,
05-27 18:33:28.570   351   516 D automotive.vehicle@2.0-adayo-func-bcm: BCMFunc sendMessageFromVehicle_l prop: 0x214000fe ,areaId: 0x0  SPLITE_BIT_DATA_INTEGER : 0
05-27 18:33:28.570   351   516 D automotive.vehicle@2.0-adayo-func-bcm: BCMFunc sendMessageFromVehicle_l id:557842686, area:0 not report! 
05-27 18:33:28.570   351   516 D automotive.vehicle@2.0-adayo-func-bcm: BCMFunc sendMessageFromVehicle_l dataType: 12,mByte=49,propid=0x21400100
05-27 18:33:28.570   351   516 D automotive.vehicle@2.0-adayo-func-bcm: BCMFunc sendMessageFromVehicle_l msgBuff[49]=0x0,start:0,len:8,temp:8,
05-27 18:33:28.570   351   516 D automotive.vehicle@2.0-adayo-func-bcm: BCMFunc sendMessageFromVehicle_l prop: 0x21400100 ,areaId: 0x0  SPLITE_BIT_DATA_INTEGER : 0
05-27 18:33:28.570   351   516 D automotive.vehicle@2.0-adayo-func-bcm: BCMFunc sendMessageFromVehicle_l id:557842688, area:0 not report! 
05-27 18:33:28.570   351   516 D automotive.vehicle@2.0-adayo-func-bcm: BCMFunc sendMessageFromVehicle_l dataType: 12,mByte=50,propid=0x214000fa
05-27 18:33:28.570   351   516 D automotive.vehicle@2.0-adayo-func-bcm: BCMFunc sendMessageFromVehicle_l msgBuff[50]=0x0,start:0,len:8,temp:8,
05-27 18:33:28.570   351   516 D automotive.vehicle@2.0-adayo-func-bcm: BCMFunc sendMessageFromVehicle_l prop: 0x214000fa ,areaId: 0x0  SPLITE_BIT_DATA_INTEGER : 0
05-27 18:33:28.571   351   516 D automotive.vehicle@2.0-adayo-func-bcm: BCMFunc sendMessageFromVehicle_l id:557842682, area:0 not report! 
05-27 18:33:28.571   351   516 D automotive.vehicle@2.0-adayo-func-bcm: BCMFunc sendMessageFromVehicle_l dataType: 12,mByte=51,propid=0x214000fb
05-27 18:33:28.571   351   516 D automotive.vehicle@2.0-adayo-func-bcm: BCMFunc sendMessageFromVehicle_l msgBuff[51]=0x0,start:0,len:8,temp:8,
05-27 18:33:28.571   351   516 D automotive.vehicle@2.0-adayo-func-bcm: BCMFunc sendMessageFromVehicle_l prop: 0x214000fb ,areaId: 0x0  SPLITE_BIT_DATA_INTEGER : 0
05-27 18:33:28.571   351   516 D automotive.vehicle@2.0-adayo-func-bcm: BCMFunc sendMessageFromVehicle_l id:557842683, area:0 not report! 
05-27 18:33:28.571   351   516 D automotive.vehicle@2.0-adayo-func-bcm: BCMFunc sendMessageFromVehicle_l dataType: 12,mByte=52,propid=0x214000fc
05-27 18:33:28.571   351   516 D automotive.vehicle@2.0-adayo-func-bcm: BCMFunc sendMessageFromVehicle_l msgBuff[52]=0x0,start:0,len:8,temp:8,
05-27 18:33:28.571   351   516 D automotive.vehicle@2.0-adayo-func-bcm: BCMFunc sendMessageFromVehicle_l prop: 0x214000fc ,areaId: 0x0  SPLITE_BIT_DATA_INTEGER : 0
05-27 18:33:28.571   351   516 D automotive.vehicle@2.0-adayo-func-bcm: BCMFunc sendMessageFromVehicle_l id:557842684, area:0 not report! 
05-27 18:33:28.571   351   516 D automotive.vehicle@2.0-adayo-func-bcm: BCMFunc sendMessageFromVehicle_l dataType: 12,mByte=53,propid=0x21400106
05-27 18:33:28.571   351   516 D automotive.vehicle@2.0-adayo-func-bcm: BCMFunc sendMessageFromVehicle_l msgBuff[53]=0x1,start:0,len:8,temp:8,
05-27 18:33:28.571   351   516 D automotive.vehicle@2.0-adayo-func-bcm: BCMFunc sendMessageFromVehicle_l prop: 0x21400106 ,areaId: 0x0  SPLITE_BIT_DATA_INTEGER : 1
05-27 18:33:28.571   351   516 D automotive.vehicle@2.0-adayo-func-bcm: BCMFunc sendMessageFromVehicle_l id:557842694, area:0 not report! 
05-27 08:24:37.537   581   581 D spi_rst_gpio_get_output: GPIO 145 value: 1
05-27 08:24:37.537   581   581 D spidev_ioctl: gpio status=1)
05-27 18:33:28.572   581   581 I SpiService: fgesysctrl_getGPIO_status success val=1
05-27 18:33:28.578   581   581 I SpiService: fgesysctrl_getGPIO_status success val=1
05-27 18:33:28.578   572   622 I Sensors : 230 GyroSensor: x:-0.011682,y:0.005192,z:0.002138
05-27 18:33:28.580   283   307 I rvcservice: t.code = 3, t.value = 0
05-27 18:33:28.580   299 30844 D EvsDriver: forwardFrame
05-27 18:33:28.580   299 30841 D EvsDriver: forwardFrame
05-27 08:24:37.542   581   581 D spi_rst_gpio_get_output: GPIO 145 value: 1
05-27 08:24:37.542   581   581 D spidev_ioctl: gpio status=1)
05-27 18:33:28.581   299 30844 D EvsDriver: Delivered 0xb400007b7ca56900 as id 0
05-27 18:33:28.581   299 30841 D EvsDriver: Delivered 0xb400007b7ca56a60 as id 0
05-27 18:33:28.582  1167  1167 D evsmanagerd: /dev/video6 forwarded the buffer #0 to 0xb4000074bf5f5510 from 0xb4000074bf5f6d90
05-27 18:33:28.582  1167  1479 D evsmanagerd: /dev/video4 forwarded the buffer #0 to 0xb4000074bf5f6850 from 0xb4000074bf5f41d0
05-27 18:33:28.581 13911 14183 I SentryImuMcuAngleSender: 179.993rollDeg
05-27 18:33:28.582 13911 14183 I SentryImuMcuAngleSender: 1,0,0
05-27 18:33:28.584   581   581 I SpiService: fgesysctrl_getGPIO_status success val=1
05-27 18:33:28.584   299  1163 D EvsDriver: doneWithFrame
05-27 08:24:37.548   581   581 D spi_rst_gpio_get_output: GPIO 145 value: 1
05-27 08:24:37.548   581   581 D spidev_ioctl: gpio status=1)
05-27 18:33:28.585   299  1163 D EvsDriver: doneWithFrame
05-27 18:33:28.589   536   536 D commservice260303: msg.id = 1028,2
05-27 18:33:28.589   536   536 D commservice260303: i = 170, msgid = 8A000404
05-27 18:33:28.589   581   581 I SpiService: fgesysctrl_getGPIO_status success val=1
05-27 18:33:28.589   536   536 D commservice260303: msgid = -1979710460,did=138
05-27 18:33:28.589   536   536 D commservice260303: CommProtocolLibCmdBaseI2C::dataproc {"command":{"id":"imu_status","sub":""},"content":{"TimeStamp":9,"FrameCounter":229977,"GD_X":-0.011682018637657166,"GD_Y":0.00519212381914258,"GD_Z":0.0021378109231591225,"AD_X":-0.0024589598178863525,"AD_Y":-0.0015087432693690062,"AD_Z":-0.17069339752197266,"TempDsp":0,"Status":0,"CalibState":1,"SigAmpInvalid":0}},-1979710460
05-27 18:33:28.590   536   536 D commservice260303: send2Cluster len:317, 7B22636F6D6D616E64223A7B226964223A22696D755F737461747573222C22737562223A22227D2C22636F6E74656E74223A7B2254696D655374616D70223A392C224672616D65436F756E746572223A3232393937372C2247445F58223A2D302E3031313638323031383633373635373136362C2247445F59223A302E30303531393231323338313931343235382C2247445F5A223A302E303032313337383130393233313539313232352C2241445F58223A2D302E303032343538393539383137383836333532352C2241445F59223A2D302E303031353038373433323639333639303036322C2241445F5A223A2D302E31373036393333393735323139373236362C2254656D70447370223A302C22537461747573223A302C2243616C69625374617465223A312C22536967416D70496E76616C6964223A307D7D, 138 
05-27 18:33:28.590   536   536 D commservice260303: Push Message into SendPool fn=1472267008
05-27 18:33:28.590   536   536 D commservice260303: ComProtocolLibSend2Cluster::send2ClusterRaw fn=1472267008 , len=333
05-27 18:33:28.590   536   536 D commservice260303: sendCmdToPort :333!!!
05-27 18:33:28.590   536   536 D commservice260303: send Cmd To Port ++++5AA501498A010003C1576A16C8787B22636F6D6D616E64223A7B226964223A22696D755F737461747573222C22737562223A22227D2C22636F6E74656E74223A7B2254696D655374616D70223A392C224672616D65436F756E746572223A3232393937372C2247445F58223A2D302E3031313638323031383633373635373136362C2247445F59223A302E30303531393231323338313931343235382C2247445F5A223A302E303032313337383130393233313539313232352C2241445F58223A2D302E303032343538393539383137383836333532352C2241445F59223A2D302E303031353038373433323639333639303036322C2241445F5A223A2D302E31373036393333393735323139373236362C2254656D70447370223A302C22537461747573223A302C2243616C69625374617465223A312C22536967416D70496E76616C6964223A307D7DA1DB
05-27 18:33:28.590   536   536 D commservice260303: bufferevent_write retrun value = 0
05-27 18:33:28.590   536   560 D commservice260303: client datas send succeed,send finish
05-27 18:33:28.590 13911 14192 D Sentinelmode_1.2.5.17_sentry: <SentryImuClusterFgeSender>imu_status sent to Linux, frame=229977, tsNs=9875829, tsMs=9, intervalMs=41, ad=(-0.0024589598,-0.0015087433,-0.1706934), gd=(-0.011682019,0.005192124,0.002137811)
05-27 08:24:37.554   581   581 D spi_rst_gpio_get_output: GPIO 145 value: 1
05-27 08:24:37.554   581   581 D spidev_ioctl: gpio status=1)
05-27 18:33:28.595   581   581 I SpiService: fgesysctrl_getGPIO_status success val=0
05-27 18:33:28.595   481   597 I mcuc    : send SPI:6AA602C6EF00028900BE
05-27 08:24:37.559   581   581 D spi_rst_gpio_get_output: GPIO 145 value: 0
05-27 08:24:37.559   581   581 D spidev_ioctl: gpio status=0)
05-27 18:33:28.602 13911 14183 I SentryImuMcuAngleSender: 179.98949rollDeg
05-27 18:33:28.602 13911 14183 I SentryImuMcuAngleSender: 1,0,0
05-27 18:33:28.609   581   581 I SpiService: fgesysctrl_getGPIO_status success val=1
05-27 08:24:37.574   581   581 D spi_rst_gpio_get_output: GPIO 145 value: 1
05-27 08:24:37.574   581   581 D spidev_ioctl: gpio status=1)
05-27 18:33:28.615   581   581 I SpiService: fgesysctrl_getGPIO_status success val=1
05-27 18:33:28.616   299 30841 D EvsDriver: forwardFrame
05-27 18:33:28.617   299 30844 D EvsDriver: forwardFrame
05-27 08:24:37.579   581   581 D spi_rst_gpio_get_output: GPIO 145 value: 1
05-27 08:24:37.579   581   581 D spidev_ioctl: gpio status=1)
05-27 18:33:28.618   299 30841 D EvsDriver: Delivered 0xb400007b7ca56a60 as id 0
05-27 18:33:28.618   299 30844 D EvsDriver: Delivered 0xb400007b7ca56900 as id 0
05-27 18:33:28.618  1167  1167 D evsmanagerd: /dev/video6 forwarded the buffer #0 to 0xb4000074bf5f5510 from 0xb4000074bf5f6d90
05-27 18:33:28.618  1167  1479 D evsmanagerd: /dev/video4 forwarded the buffer #0 to 0xb4000074bf5f6850 from 0xb4000074bf5f41d0
05-27 18:33:28.618 30773 30773 E dvr_service_: [myNum:1] Received S**** loss
05-27 18:33:28.618 30773 30781 E dvr_service_: [myNum:0] Received S**** loss
05-27 18:33:28.618   299  1163 D EvsDriver: doneWithFrame
05-27 18:33:28.618   299  1153 D EvsDriver: doneWithFrame
05-27 18:33:28.620   581   581 I SpiService: fgesysctrl_getGPIO_status success val=1
05-27 08:24:37.585   581   581 D spi_rst_gpio_get_output: GPIO 145 value: 1
05-27 08:24:37.585   581   581 D spidev_ioctl: gpio status=1)
05-27 18:33:28.622 13911 14183 I SentryImuMcuAngleSender: 179.986rollDeg
05-27 18:33:28.622 13911 14183 I SentryImuMcuAngleSender: 1,0,0
05-27 18:33:28.626   581   581 I SpiService: fgesysctrl_getGPIO_status success val=1
05-27 18:33:28.628   536   536 D commservice260303: msg.id = 1028,0
05-27 18:33:28.628   536   536 D commservice260303: i = 170, msgid = 8A000404
05-27 18:33:28.629   536   536 D commservice260303: msgid = -1979710460,did=138
05-27 18:33:28.629   536   536 D commservice260303: CommProtocolLibCmdBaseI2C::dataproc {"command":{"id":"imu_status","sub":""},"content":{"TimeStamp":9,"FrameCounter":229978,"GD_X":-0.01153013575822115,"GD_Y":0.0048857564106583595,"GD_Z":0.0022902146447449923,"AD_X":-0.006714925169944763,"AD_Y":-2.853597979992628E-4,"AD_Z":-0.17252540588378906,"TempDsp":0,"Status":0,"CalibState":1,"SigAmpInvalid":0}},-1979710460
05-27 08:24:37.590   581   581 D spi_rst_gpio_get_output: GPIO 145 value: 1
05-27 08:24:37.590   581   581 D spidev_ioctl: gpio status=1)
05-27 18:33:28.629   536   536 D commservice260303: send2Cluster len:316, 7B22636F6D6D616E64223A7B226964223A22696D755F737461747573222C22737562223A22227D2C22636F6E74656E74223A7B2254696D655374616D70223A392C224672616D65436F756E746572223A3232393937382C2247445F58223A2D302E30313135333031333537353832323131352C2247445F59223A302E303034383835373536343130363538333539352C2247445F5A223A302E303032323930323134363434373434393932332C2241445F58223A2D302E3030363731343932353136393934343736332C2241445F59223A2D322E383533353937393739393932363238452D342C2241445F5A223A2D302E31373235323534303538383337383930362C2254656D70447370223A302C22537461747573223A302C2243616C69625374617465223A312C22536967416D70496E76616C6964223A307D7D, 138 
05-27 18:33:28.629   536   536 D commservice260303: Push Message into SendPool fn=1489044224
05-27 18:33:28.629   536   536 D commservice260303: ComProtocolLibSend2Cluster::send2ClusterRaw fn=1489044224 , len=332
05-27 18:33:28.629   536   536 D commservice260303: sendCmdToPort :332!!!
05-27 18:33:28.629   536   536 D commservice260303: send Cmd To Port ++++5AA501488A010003C1586A16C8787B22636F6D6D616E64223A7B226964223A22696D755F737461747573222C22737562223A22227D2C22636F6E74656E74223A7B2254696D655374616D70223A392C224672616D65436F756E746572223A3232393937382C2247445F58223A2D302E30313135333031333537353832323131352C2247445F59223A302E303034383835373536343130363538333539352C2247445F5A223A302E303032323930323134363434373434393932332C2241445F58223A2D302E3030363731343932353136393934343736332C2241445F59223A2D322E383533353937393739393932363238452D342C2241445F5A223A2D302E31373235323534303538383337383930362C2254656D70447370223A302C22537461747573223A302C2243616C69625374617465223A312C22536967416D70496E76616C6964223A307D7DF1E2
05-27 18:33:28.629   536   536 D commservice260303: bufferevent_write retrun value = 0
05-27 18:33:28.629   536   560 D commservice260303: client datas send succeed,send finish
05-27 18:33:28.630 13911 14192 D Sentinelmode_1.2.5.17_sentry: <SentryImuClusterFgeSender>imu_status sent to Linux, frame=229978, tsNs=9875865, tsMs=9, intervalMs=39, ad=(-0.006714925,-2.853598E-4,-0.1725254), gd=(-0.011530136,0.0048857564,0.0022902146)
05-27 18:33:28.631   581   581 I SpiService: fgesysctrl_getGPIO_status success val=1
05-27 08:24:37.596   581   581 D spi_rst_gpio_get_output: GPIO 145 value: 1
05-27 08:24:37.596   581   581 D spidev_ioctl: gpio status=1)
05-27 18:33:28.637   581   581 I SpiService: fgesysctrl_getGPIO_status success val=0
05-27 08:24:37.601   581   581 D spi_rst_gpio_get_output: GPIO 145 value: 0
05-27 08:24:37.601   581   581 D spidev_ioctl: gpio status=0)
05-27 18:33:28.643 13911 14183 I SentryImuMcuAngleSender: 179.99649rollDeg
05-27 18:33:28.643 13911 14183 I SentryImuMcuAngleSender: 1,0,0
05-27 18:33:28.651   581   581 I SpiService: fgesysctrl_getGPIO_status success val=1
05-27 08:24:37.615   581   581 D spi_rst_gpio_get_output: GPIO 145 value: 1
05-27 08:24:37.615   581   581 D spidev_ioctl: gpio status=1)
05-27 18:33:28.656   299 30841 D EvsDriver: forwardFrame
05-27 18:33:28.656   299 30844 D EvsDriver: forwardFrame
05-27 18:33:28.657   581   581 I SpiService: fgesysctrl_getGPIO_status success val=1
05-27 18:33:28.657   299 30841 D EvsDriver: Delivered 0xb400007b7ca56a60 as id 0
05-27 18:33:28.657  1167  1167 D evsmanagerd: /dev/video4 forwarded the buffer #0 to 0xb4000074bf5f6850 from 0xb4000074bf5f41d0
05-27 18:33:28.659   299 30844 D EvsDriver: Delivered 0xb400007b7ca56900 as id 0
05-27 18:33:28.659  1167  1479 D evsmanagerd: /dev/video6 forwarded the buffer #0 to 0xb4000074bf5f5510 from 0xb4000074bf5f6d90
05-27 18:33:28.659   299  1153 D EvsDriver: doneWithFrame
05-27 08:24:37.621   581   581 D spi_rst_gpio_get_output: GPIO 145 value: 1
05-27 08:24:37.621   581   581 D spidev_ioctl: gpio status=1)
05-27 18:33:28.662   581   581 I SpiService: fgesysctrl_getGPIO_status success val=1
05-27 18:33:28.663   299  1153 D EvsDriver: doneWithFrame
05-27 18:33:28.664 13911 14183 I SentryImuMcuAngleSender: -179.993rollDeg
05-27 18:33:28.664 13911 14183 I SentryImuMcuAngleSender: 1,0,0
05-27 08:24:37.627   581   581 D spi_rst_gpio_get_output: GPIO 145 value: 1
05-27 08:24:37.627   581   581 D spidev_ioctl: gpio status=1)
05-27 18:33:28.668   581   581 I SpiService: fgesysctrl_getGPIO_status success val=1
05-27 08:24:37.632   581   581 D spi_rst_gpio_get_output: GPIO 145 value: 1
05-27 18:33:28.669   536   536 D commservice260303: msg.id = 1028,0
05-27 08:24:37.633   581   581 D spidev_ioctl: gpio status=1)
05-27 18:33:28.669   536   536 D commservice260303: i = 170, msgid = 8A000404
05-27 18:33:28.669   536   536 D commservice260303: msgid = -1979710460,did=138
05-27 18:33:28.669   536   536 D commservice260303: CommProtocolLibCmdBaseI2C::dataproc {"command":{"id":"imu_status","sub":""},"content":{"TimeStamp":9,"FrameCounter":229979,"GD_X":-0.012063807807862759,"GD_Y":0.00549693126231432,"GD_Z":0.002443138277158141,"AD_X":-0.0024274736642837524,"AD_Y":-0.003913381136953831,"AD_Z":-0.17069339752197266,"TempDsp":0,"Status":0,"CalibState":1,"SigAmpInvalid":0}},-1979710460
05-27 18:33:28.669   536   536 D commservice260303: send2Cluster len:315, 7B22636F6D6D616E64223A7B226964223A22696D755F737461747573222C22737562223A22227D2C22636F6E74656E74223A7B2254696D655374616D70223A392C224672616D65436F756E746572223A3232393937392C2247445F58223A2D302E3031323036333830373830373836323735392C2247445F59223A302E30303534393639333132363233313433322C2247445F5A223A302E3030323434333133383237373135383134312C2241445F58223A2D302E303032343237343733363634323833373532342C2241445F59223A2D302E3030333931333338313133363935333833312C2241445F5A223A2D302E31373036393333393735323139373236362C2254656D70447370223A302C22537461747573223A302C2243616C69625374617465223A312C22536967416D70496E76616C6964223A307D7D, 138 
05-27 18:33:28.669   536   536 D commservice260303: Push Message into SendPool fn=1505821440
