05-27 18:33:27.426   581   581 I SpiService: fgesysctrl_getGPIO_status success val=1
05-27 18:33:27.428   299  1163 D EvsDriver: doneWithFrame
05-27 08:24:36.391   581   581 D spi_rst_gpio_get_output: GPIO 145 value: 1
05-27 08:24:36.391   581   581 D spidev_ioctl: gpio status=1)
05-27 18:33:27.432   581   581 I SpiService: fgesysctrl_getGPIO_status success val=1
05-27 08:24:36.397   581   581 D spi_rst_gpio_get_output: GPIO 145 value: 1
05-27 08:24:36.397   581   581 D spidev_ioctl: gpio status=1)
05-27 18:33:27.437   581   581 I SpiService: fgesysctrl_getGPIO_status success val=1
05-27 18:33:27.437 19196 19196 D NetworkSecurityConfig: No Network Security Config specified, using platform default
05-27 18:33:27.438 19196 19196 D NetworkSecurityConfig: No Network Security Config specified, using platform default
05-27 18:33:27.440  1008 30856 D [OMXB]  : usingANWBuffer: handle:0xee742cc0, format:1, w:1920, h:1080
05-27 08:24:36.402   581   581 D spi_rst_gpio_get_output: GPIO 145 value: 1
05-27 08:24:36.402   581   581 D spidev_ioctl: gpio status=1)
05-27 18:33:27.443   299 30844 D EvsDriver: forwardFrame
05-27 18:33:27.443   581   581 I SpiService: fgesysctrl_getGPIO_status success val=0
05-27 18:33:27.444   481   597 I mcuc    : send SPI:6AA602C6E500028900C8
05-27 18:33:27.445   566 11459 I gps_hdbd: Received: '$GNINS,1,1,TYPE,I,V,004918.000,18469000,FUS,-5,0,0,0,MOT,V,1,PATT,0.00,0.00,0.00,VEL,0.000,0.000,0.000,POS,40.0001330924,116.0001570688,84.176,IIA,1,0.00,0.00,0.00,BGA,0.31,-0.66,-0.13,0.000,0.000,0.000,IGA,0,-1,0,0,-2,98,VG,16c2ff1*13
'
05-27 18:33:27.445  1167  1479 D evsmanagerd: /dev/video6 forwarded the buffer #0 to 0xb4000074bf5f5510 from 0xb4000074bf5f6d90
05-27 18:33:27.445   299 30844 D EvsDriver: Delivered 0xb400007b7ca56900 as id 0
05-27 18:33:27.446   299 30841 D EvsDriver: forwardFrame
05-27 18:33:27.447   299 30841 D EvsDriver: Delivered 0xb400007b7ca56a60 as id 0
05-27 18:33:27.447  1167  1479 D evsmanagerd: /dev/video4 forwarded the buffer #0 to 0xb4000074bf5f6850 from 0xb4000074bf5f41d0
05-27 18:33:27.448 30773 30781 E dvr_service_: [myNum:0] Received S**** loss
05-27 18:33:27.448 30773 30773 E dvr_service_: [myNum:1] Received S**** loss
05-27 18:33:27.448   299  1163 D EvsDriver: doneWithFrame
05-27 18:33:27.449   299  1163 D EvsDriver: doneWithFrame
05-27 08:24:36.408   581   581 D spi_rst_gpio_get_output: GPIO 145 value: 0
05-27 08:24:36.408   581   581 D spidev_ioctl: gpio status=0)
05-27 18:33:27.453 13911 14183 I SentryImuMcuAngleSender: 179.986rollDeg
05-27 18:33:27.453 13911 14183 I SentryImuMcuAngleSender: 1,0,0
05-27 18:33:27.455   566 11459 I gps_hdbd: Received: '$GNINS,CARSPEED,ADR_STATUS,0,Pulse_count,0,1,0,0,18469000,98540,0.000,0.000,0.000*34
'
05-27 18:33:27.459  1008 30857 D [OMXB]  : usingANWBuffer: handle:0xee741da0, format:1, w:1920, h:1080
05-27 18:33:27.460   536   536 D commservice260303: msg.id = 1028,0
05-27 18:33:27.460   536   536 D commservice260303: i = 170, msgid = 8A000404
05-27 18:33:27.460   581   581 I SpiService: fgesysctrl_getGPIO_status success val=1
05-27 18:33:27.460   536   536 D commservice260303: msgid = -1979710460,did=138
05-27 18:33:27.460   536   536 D commservice260303: CommProtocolLibCmdBaseI2C::dataproc {"command":{"id":"imu_status","sub":""},"content":{"TimeStamp":9,"FrameCounter":229949,"GD_X":-0.012446117587387562,"GD_Y":0.005268065724521875,"GD_Z":0.0019848872907459736,"AD_X":-0.0022851228713989258,"AD_Y":-2.076753880828619E-4,"AD_Z":-0.17008399963378906,"TempDsp":0,"Status":0,"CalibState":1,"SigAmpInvalid":0}},-1979710460
05-27 18:33:27.460   536   536 D commservice260303: send2Cluster len:317, 7B22636F6D6D616E64223A7B226964223A22696D755F737461747573222C22737562223A22227D2C22636F6E74656E74223A7B2254696D655374616D70223A392C224672616D65436F756E746572223A3232393934392C2247445F58223A2D302E3031323434363131373538373338373536322C2247445F59223A302E3030353236383036353732343532313837352C2247445F5A223A302E303031393834383837323930373435393733362C2241445F58223A2D302E303032323835313232383731333938393235382C2241445F59223A2D322E303736373533383830383238363139452D342C2241445F5A223A2D302E31373030383339393936333337383930362C2254656D70447370223A302C22537461747573223A302C2243616C69625374617465223A312C22536967416D70496E76616C6964223A307D7D, 138 
05-27 18:33:27.460   536   536 D commservice260303: Push Message into SendPool fn=985727744
05-27 18:33:27.460   536   536 D commservice260303: ComProtocolLibSend2Cluster::send2ClusterRaw fn=985727744 , len=333
05-27 18:33:27.460   536   536 D commservice260303: sendCmdToPort :333!!!
05-27 08:24:36.424   581   581 D spi_rst_gpio_get_output: GPIO 145 value: 1
05-27 08:24:36.424   581   581 D spidev_ioctl: gpio status=1)
05-27 18:33:27.461   566 11459 I gps_hdbd: Received: '$GNTXT,04,01,04,INS,V,1,,,,FLG,1,000000,1,0,1,0,0,Con,0*71
'
05-27 18:33:27.461   566 11459 I gps_hdbd: Received: '$GNTXT,INSTALL,0.00,0.00,0.00,0.00,0.00,0.00,0*20
'
05-27 18:33:27.462   536   536 D commservice260303: send Cmd To Port ++++5AA501498A010003C13A6A16C8777B22636F6D6D616E64223A7B226964223A22696D755F737461747573222C22737562223A22227D2C22636F6E74656E74223A7B2254696D655374616D70223A392C224672616D65436F756E746572223A3232393934392C2247445F58223A2D302E3031323434363131373538373338373536322C2247445F59223A302E3030353236383036353732343532313837352C2247445F5A223A302E303031393834383837323930373435393733362C2241445F58223A2D302E303032323835313232383731333938393235382C2241445F59223A2D322E303736373533383830383238363139452D342C2241445F5A223A2D302E31373030383339393936333337383930362C2254656D70447370223A302C22537461747573223A302C2243616C69625374617465223A312C22536967416D70496E76616C6964223A307D7D370A
05-27 18:33:27.462   536   536 D commservice260303: bufferevent_write retrun value = 0
05-27 18:33:27.462   536   560 D commservice260303: client datas send succeed,send finish
05-27 18:33:27.465 13911 14192 D Sentinelmode_1.2.5.17_sentry: <SentryImuClusterFgeSender>imu_status sent to Linux, frame=229949, tsNs=9874679, tsMs=9, intervalMs=43, ad=(-0.0022851229,-2.0767539E-4,-0.170084), gd=(-0.012446118,0.0052680657,0.0019848873)
05-27 18:33:27.465   581   581 I SpiService: fgesysctrl_getGPIO_status success val=1
05-27 08:24:36.430   581   581 D spi_rst_gpio_get_output: GPIO 145 value: 1
05-27 08:24:36.430   581   581 D spidev_ioctl: gpio status=1)
05-27 18:33:27.468 30773 30786 I dvr_service_: CameraX 1  audioOK: 137583183,audios:2060
05-27 18:33:27.471   581   581 I SpiService: fgesysctrl_getGPIO_status success val=1
05-27 08:24:36.436   581   581 D spi_rst_gpio_get_output: GPIO 145 value: 1
05-27 08:24:36.436   581   581 D spidev_ioctl: gpio status=1)
05-27 18:33:27.473 13911 14183 I SentryImuMcuAngleSender: 179.993rollDeg
05-27 18:33:27.473 13911 14183 I SentryImuMcuAngleSender: 1,0,0
05-27 18:33:27.474 19196 19196 I ANWJNI_SECOND: +++ JNI_OnLoad
05-27 18:33:27.474 19196 19196 I ANWJNI_SECOND: +++ registerNativeMethods
05-27 18:33:27.474 19196 19196 I ANWJNI_SECOND: numMethods = 245
05-27 18:33:27.475 19196 19196 I ANWJNI_SECOND: --- registerNativeMethods
05-27 18:33:27.476 19196 19196 D ANWJNI_SECOND: (19196|0x5467E4F8)[BTAPP] read XML config file
05-27 18:33:27.476 19196 19196 D ANWJNI_SECOND: 
05-27 18:33:27.476 19196 19196 D ANWJNI_SECOND: (19196|0x5467E4F8)[BTAPP] run Read (/system/etc/bluetooth/btmonitor-config_second.xml) Start
05-27 18:33:27.476 19196 19196 D ANWJNI_SECOND: 
05-27 18:33:27.476 19196 19196 D ANWJNI_SECOND: (19196|0x5467E4F8)[BTAPP] run Read (btmonitor-config.xml) source_data != NULL
05-27 18:33:27.476 19196 19196 D ANWJNI_SECOND: 
05-27 18:33:27.476 19196 19196 D ANWJNI_SECOND: (19196|0x5467E4F8)[BTAPP] XML : find HID setting
05-27 18:33:27.476 19196 19196 D ANWJNI_SECOND: 
05-27 18:33:27.476 19196 19196 D ANWJNI_SECOND: (19196|0x5467E4F8)[BTAPP] HID set(close)
05-27 18:33:27.476 19196 19196 D ANWJNI_SECOND: 
05-27 18:33:27.476 19196 19196 D ANWJNI_SECOND: (19196|0x5467E4F8)[BTAPP] XML : find SPP setting
05-27 18:33:27.476 19196 19196 D ANWJNI_SECOND: 
05-27 18:33:27.476 19196 19196 D ANWJNI_SECOND: (19196|0x5467E4F8)[BTAPP] SPP set(close)
05-27 18:33:27.476 19196 19196 D ANWJNI_SECOND: 
05-27 18:33:27.476 19196 19196 D ANWJNI_SECOND: (19196|0x5467E4F8)[BTAPP] XML : find PINCode setting
05-27 18:33:27.476 19196 19196 D ANWJNI_SECOND: 
05-27 18:33:27.476 19196 19196 D ANWJNI_SECOND: (19196|0x5467E4F8)[BTAPP] PinCode set(close)
05-27 18:33:27.476 19196 19196 D ANWJNI_SECOND: 
05-27 18:33:27.477 19196 19196 D ANWJNI_SECOND: (19196|0x5467E4F8)[BTAPP] get setpincode data fail
05-27 18:33:27.477 19196 19196 D ANWJNI_SECOND: 
05-27 18:33:27.477 19196 19196 D ANWJNI_SECOND: (19196|0x5467E4F8)[BTAPP] get set_legacy_pin data fail
05-27 18:33:27.477 19196 19196 D ANWJNI_SECOND: 
05-27 18:33:27.477 19196 19196 D ANWJNI_SECOND: (19196|0x5467E4F8)[BTAPP] XML : find spp_uuid setting
05-27 18:33:27.477 19196 19196 D ANWJNI_SECOND: 
05-27 18:33:27.477 19196 19196 D ANWJNI_SECOND: (19196|0x5467E4F8)[BTAPP] XML : ca_spp_uuid len(32)
05-27 18:33:27.477 19196 19196 D ANWJNI_SECOND: 
05-27 18:33:27.477 19196 19196 D ANWJNI_SECOND: (19196|0x5467E4F8)[BTAPP] XML : SPP_UUID_fromXML len(16):(
05-27 18:33:27.477   581   581 I SpiService: fgesysctrl_getGPIO_status success val=1
05-27 18:33:27.477 19196 19196 D ANWJNI_SECOND: (19196|0x5467E4F8)[BTAPP] 0xfa 
05-27 18:33:27.477 19196 19196 D ANWJNI_SECOND: (19196|0x5467E4F8)[BTAPP] 0xeb 
05-27 18:33:27.477 19196 19196 D ANWJNI_SECOND: (19196|0x5467E4F8)[BTAPP] 0xdc 
05-27 18:33:27.477 19196 19196 D ANWJNI_SECOND: (19196|0x5467E4F8)[BTAPP] 0x12 
05-27 18:33:27.477 19196 19196 D ANWJNI_SECOND: (19196|0x5467E4F8)[BTAPP] 0x7 
05-27 18:33:27.477 19196 19196 D ANWJNI_SECOND: (19196|0x5467E4F8)[BTAPP] 0x2c 
05-27 18:33:27.477 19196 19196 D ANWJNI_SECOND: (19196|0x5467E4F8)[BTAPP] 0xb0 
05-27 18:33:27.477 19196 19196 D ANWJNI_SECOND: (19196|0x5467E4F8)[BTAPP] 0xa4 
05-27 18:33:27.477 19196 19196 D ANWJNI_SECOND: (19196|0x5467E4F8)[BTAPP] 0x10 
05-27 18:33:27.477 19196 19196 D ANWJNI_SECOND: (19196|0x5467E4F8)[BTAPP] 0xa 
05-27 18:33:27.477 19196 19196 D ANWJNI_SECOND: (19196|0x5467E4F8)[BTAPP] 0x5a 
05-27 18:33:27.477 19196 19196 D ANWJNI_SECOND: (19196|0x5467E4F8)[BTAPP] 0x61 
05-27 18:33:27.477 19196 19196 D ANWJNI_SECOND: (19196|0x5467E4F8)[BTAPP] 0x8d 
05-27 18:33:27.477 19196 19196 D ANWJNI_SECOND: (19196|0x5467E4F8)[BTAPP] 0xc9 
05-27 18:33:27.478 19196 19196 D ANWJNI_SECOND: (19196|0x5467E4F8)[BTAPP] 0x40 
05-27 18:33:27.478 19196 19196 D ANWJNI_SECOND: (19196|0x5467E4F8)[BTAPP] 0x1c 
05-27 18:33:27.478 19196 19196 D ANWJNI_SECOND: (19196|0x5467E4F8)[BTAPP] )
05-27 18:33:27.478 19196 19196 D ANWJNI_SECOND: 
05-27 18:33:27.478   283   307 I rvcservice: t.code = 3, t.value = 0
05-27 18:33:27.478 19196 19196 D ANWJNI_SECOND: (19196|0x5467E4F8)[BTAPP] XML : find Apple spp_uuid setting
05-27 18:33:27.478 19196 19196 D ANWJNI_SECOND: 
05-27 18:33:27.478 19196 19196 D ANWJNI_SECOND: (19196|0x5467E4F8)[BTAPP] XML : Apple ca_spp_uuid len(32)
05-27 18:33:27.478 19196 19196 D ANWJNI_SECOND: 
05-27 18:33:27.478 19196 19196 D ANWJNI_SECOND: (19196|0x5467E4F8)[BTAPP] XML : Apple SPP_UUID_fromXML len(16):(
05-27 18:33:27.478 19196 19196 D ANWJNI_SECOND: (19196|0x5467E4F8)[BTAPP] 0x0 
05-27 18:33:27.478 19196 19196 D ANWJNI_SECOND: (19196|0x5467E4F8)[BTAPP] 0x0 
05-27 18:33:27.478 19196 19196 D ANWJNI_SECOND: (19196|0x5467E4F8)[BTAPP] 0x0 
05-27 18:33:27.478 19196 19196 D ANWJNI_SECOND: (19196|0x5467E4F8)[BTAPP] 0x0 
05-27 18:33:27.478 19196 19196 D ANWJNI_SECOND: (19196|0x5467E4F8)[BTAPP] 0xde 
05-27 18:33:27.478 19196 19196 D ANWJNI_SECOND: (19196|0x5467E4F8)[BTAPP] 0xca 
05-27 18:33:27.478 19196 19196 D ANWJNI_SECOND: (19196|0x5467E4F8)[BTAPP] 0xfa 
05-27 18:33:27.478 19196 19196 D ANWJNI_SECOND: (19196|0x5467E4F8)[BTAPP] 0xde 
05-27 18:33:27.478 19196 19196 D ANWJNI_SECOND: (19196|0x5467E4F8)[BTAPP] 0xde 
05-27 18:33:27.478 19196 19196 D ANWJNI_SECOND: (19196|0x5467E4F8)[BTAPP] 0xca 
05-27 18:33:27.478 19196 19196 D ANWJNI_SECOND: (19196|0x5467E4F8)[BTAPP] 0xde 
05-27 18:33:27.478 19196 19196 D ANWJNI_SECOND: (19196|0x5467E4F8)[BTAPP] 0xaf 
05-27 18:33:27.478 19196 19196 D ANWJNI_SECOND: (19196|0x5467E4F8)[BTAPP] 0xde 
05-27 18:33:27.478 19196 19196 D ANWJNI_SECOND: (19196|0x5467E4F8)[BTAPP] 0xca 
05-27 18:33:27.478 19196 19196 D ANWJNI_SECOND: (19196|0x5467E4F8)[BTAPP] 0xca 
05-27 18:33:27.478 19196 19196 D ANWJNI_SECOND: (19196|0x5467E4F8)[BTAPP] 0xfe 
05-27 18:33:27.479 19196 19196 D ANWJNI_SECOND: (19196|0x5467E4F8)[BTAPP] )
05-27 18:33:27.479 19196 19196 D ANWJNI_SECOND: 
05-27 18:33:27.479 19196 19196 D ANWJNI_SECOND: (19196|0x5467E4F8)[BTAPP] XML : find calllogsize setting
05-27 18:33:27.479 19196 19196 D ANWJNI_SECOND: 
05-27 18:33:27.479 19196 19196 D ANWJNI_SECOND: (19196|0x5467E4F8)[BTAPP] XML : find ca_calllogsize(100)(100)
05-27 18:33:27.479 19196 19196 D ANWJNI_SECOND: 
05-27 18:33:27.479 19196 19196 D ANWJNI_SECOND: (19196|0x5467E4F8)[BTAPP] get contactssize data fail
05-27 18:33:27.479 19196 19196 D ANWJNI_SECOND: 
05-27 18:33:27.479 19196 19196 D ANWJNI_SECOND: (19196|0x5467E4F8)[BTAPP] get mincallsize data fail
05-27 18:33:27.479 19196 19196 D ANWJNI_SECOND: 
05-27 18:33:27.479 19196 19196 D ANWJNI_SECOND: (19196|0x5467E4F8)[BTAPP] XML : find voice setting
05-27 18:33:27.479 19196 19196 D ANWJNI_SECOND: 
05-27 18:33:27.479 19196 19196 D ANWJNI_SECOND: (19196|0x5467E4F8)[BTAPP] voice set(close)
05-27 18:33:27.479 19196 19196 D ANWJNI_SECOND: 
05-27 18:33:27.479 19196 19196 D ANWJNI_SECOND: (19196|0x5467E4F8)[BTAPP] XML : find voicedelay setting
05-27 18:33:27.479 19196 19196 D ANWJNI_SECOND: 
05-27 18:33:27.479 19196 19196 D ANWJNI_SECOND: (19196|0x5467E4F8)[BTAPP] voicedelay set(close)
05-27 18:33:27.479 19196 19196 D ANWJNI_SECOND: 
05-27 18:33:27.479 19196 19196 D ANWJNI_SECOND: (19196|0x5467E4F8)[BTAPP] get wechatvoice data fail
05-27 18:33:27.479 19196 19196 D ANWJNI_SECOND: 
05-27 18:33:27.479 19196 19196 D ANWJNI_SECOND: (19196|0x5467E4F8)[BTAPP] XML : pair any way
05-27 18:33:27.479 19196 19196 D ANWJNI_SECOND: 
05-27 18:33:27.479 19196 19196 D ANWJNI_SECOND: (19196|0x5467E4F8)[BTAPP] pairing need confirmation  accept
05-27 18:33:27.479 19196 19196 D ANWJNI_SECOND: 
05-27 18:33:27.479 19196 19196 D ANWJNI_SECOND: (19196|0x5467E4F8)[BTAPP] get use_combine data fail
05-27 18:33:27.479 19196 19196 D ANWJNI_SECOND: 
05-27 18:33:27.479 19196 19196 D ANWJNI_SECOND: (19196|0x5467E4F8)[BTAPP] XML : select pbap_photo or not
05-27 18:33:27.479 19196 19196 D ANWJNI_SECOND: 
05-27 18:33:27.479 19196 19196 D ANWJNI_SECOND: (19196|0x5467E4F8)[BTAPP] select pbap_photo
05-27 18:33:27.479 19196 19196 D ANWJNI_SECOND: 
05-27 18:33:27.479 19196 19196 D ANWJNI_SECOND: (19196|0x5467E4F8)[BTAPP] XML : select pbap_email or not
05-27 18:33:27.479 19196 19196 D ANWJNI_SECOND: 
05-27 18:33:27.479 19196 19196 D ANWJNI_SECOND: (19196|0x5467E4F8)[BTAPP] select pbap_email
05-27 18:33:27.479 19196 19196 D ANWJNI_SECOND: 
05-27 18:33:27.479 19196 19196 D ANWJNI_SECOND: (19196|0x5467E4F8)[BTAPP] XML : select pbap_adr or not
05-27 18:33:27.479 19196 19196 D ANWJNI_SECOND: 
05-27 18:33:27.479 19196 19196 D ANWJNI_SECOND: (19196|0x5467E4F8)[BTAPP] select pbap_adr
05-27 18:33:27.479 19196 19196 D ANWJNI_SECOND: 
05-27 18:33:27.480 19196 19196 D ANWJNI_SECOND: (19196|0x5467E4F8)[BTAPP] XML : select pbap_url or not
05-27 18:33:27.480 19196 19196 D ANWJNI_SECOND: 
05-27 18:33:27.480 19196 19196 D ANWJNI_SECOND: (19196|0x5467E4F8)[BTAPP] select pbap_url
05-27 18:33:27.480 19196 19196 D ANWJNI_SECOND: 
05-27 18:33:27.480 19196 19196 D ANWJNI_SECOND: (19196|0x5467E4F8)[BTAPP] get volume_control data fail
05-27 18:33:27.480 19196 19196 D ANWJNI_SECOND: 
05-27 18:33:27.480 19196 19196 D ANWJNI_SECOND: (19196|0x5467E4F8)[BTAPP] get carplay data fail
05-27 18:33:27.480 19196 19196 D ANWJNI_SECOND: 
05-27 18:33:27.480 19196 19196 D ANWJNI_SECOND: (19196|0x5467E4F8)[BTAPP] XML : select socket or not
05-27 18:33:27.480 19196 19196 D ANWJNI_SECOND: 
05-27 18:33:27.480 19196 19196 D ANWJNI_SECOND: (19196|0x5467E4F8)[BTAPP]  support socket
05-27 18:33:27.480 19196 19196 D ANWJNI_SECOND: 
05-27 08:24:36.441   581   581 D spi_rst_gpio_get_output: GPIO 145 value: 1
05-27 08:24:36.441   581   581 D spidev_ioctl: gpio status=1)
05-27 18:33:27.480  1008 30856 D [OMXB]  : usingANWBuffer: handle:0xee742530, format:1, w:1920, h:1080
05-27 18:33:27.480 19196 19196 D ANWJNI_SECOND: (19196|0x5467E4F8)[BTAPP] get androidauto data fail
05-27 18:33:27.480 19196 19196 D ANWJNI_SECOND: 
05-27 18:33:27.480 19196 19196 D ANWJNI_SECOND: (19196|0x5467E4F8)[BTAPP] get auto_transfer data fail
05-27 18:33:27.480 19196 19196 D ANWJNI_SECOND: 
05-27 18:33:27.480 19196 19196 D ANWJNI_SECOND: (19196|0x5467E4F8)[BTAPP] get audio_dsp_mute data fail
05-27 18:33:27.480 19196 19196 D ANWJNI_SECOND: 
05-27 18:33:27.480 19196 19196 D ANWJNI_SECOND: (19196|0x5467E4F8)[BTAPP] get audio_dsp_delay data fail
05-27 18:33:27.480 19196 19196 D ANWJNI_SECOND: 
05-27 18:33:27.480 19196 19196 D ANWJNI_SECOND: (19196|0x5467E4F8)[BTAPP] XML : hfp_audio_driver_open 
05-27 18:33:27.480 19196 19196 D ANWJNI_SECOND: 
05-27 18:33:27.480 19196 19196 D ANWJNI_SECOND: (19196|0x5467E4F8)[BTAPP] hfp audio driver close
05-27 18:33:27.480 19196 19196 D ANWJNI_SECOND: 
05-27 18:33:27.480 19196 19196 D ANWJNI_SECOND: (19196|0x5467E4F8)[BTAPP] XML : hfp_wbs_open_data 
05-27 18:33:27.480 19196 19196 D ANWJNI_SECOND: 
05-27 18:33:27.480 19196 19196 D ANWJNI_SECOND: (19196|0x5467E4F8)[BTAPP] hfp wbs enable
05-27 18:33:27.480 19196 19196 D ANWJNI_SECOND: 
05-27 08:24:36.447   581   581 D spi_rst_gpio_get_output: GPIO 145 value: 1
05-27 08:24:36.447   581   581 D spidev_ioctl: gpio status=1)
05-27 18:33:27.480 19196 19196 D ANWJNI_SECOND: (19196|0x5467E4F8)[BTAPP] get avrcp_browsing_open data fail
05-27 18:33:27.480 19196 19196 D ANWJNI_SECOND: 
05-27 18:33:27.480 19196 19196 D ANWJNI_SECOND: (19196|0x5467E4F8)[BTAPP] get connect_special_profile_id data fail
05-27 18:33:27.480 19196 19196 D ANWJNI_SECOND: 
05-27 18:33:27.480 19196 19196 D ANWJNI_SECOND: (19196|0x5467E4F8)[BTAPP] XML : connect_single_profile 
05-27 18:33:27.480 19196 19196 D ANWJNI_SECOND: 
05-27 18:33:27.480 19196 19196 D ANWJNI_SECOND: (19196|0x5467E4F8)[BTAPP] connect_single_profile open
05-27 18:33:27.480 19196 19196 D ANWJNI_SECOND: 
05-27 18:33:27.481 19196 19196 D ANWJNI_SECOND: (19196|0x5467E4F8)[BTAPP] XML : find waveout_pre_buffer_count setting
05-27 18:33:27.481 19196 19196 D ANWJNI_SECOND: 
05-27 18:33:27.481 19196 19196 D ANWJNI_SECOND: (19196|0x5467E4F8)[BTAPP] XML : set waveout_pre_buffer_count success(101)
05-27 18:33:27.481 19196 19196 D ANWJNI_SECOND: 
05-27 18:33:27.481 19196 19196 D ANWJNI_SECOND: (19196|0x5467E4F8)[BTAPP] XML : find waveout_pre_buffer_count setting
05-27 18:33:27.481 19196 19196 D ANWJNI_SECOND: 
05-27 18:33:27.481 19196 19196 D ANWJNI_SECOND: (19196|0x5467E4F8)[BTAPP] XML : set local_music_pre_buffer_count success(40)
05-27 18:33:27.481 19196 19196 D ANWJNI_SECOND: 
05-27 18:33:27.481 19196 19196 D ANWJNI_SECOND: (19196|0x5467E4F8)[BTAPP] XML : inband_ring 
05-27 18:33:27.481 19196 19196 D ANWJNI_SECOND: 
05-27 18:33:27.481   299 30844 D EvsDriver: forwardFrame
05-27 18:33:27.481 19196 19196 D ANWJNI_SECOND: (19196|0x5467E4F8)[BTAPP] inband_ring open
05-27 18:33:27.481 19196 19196 D ANWJNI_SECOND: 
05-27 18:33:27.481 19196 19196 D ANWJNI_SECOND: (19196|0x5467E4F8)[BTAPP] XML : find map_download_max_size setting
05-27 18:33:27.481 19196 19196 D ANWJNI_SECOND: 
05-27 18:33:27.481 19196 19196 D ANWJNI_SECOND: (19196|0x5467E4F8)[BTAPP] XML : set map_download_max_size failed(20)
05-27 18:33:27.481 19196 19196 D ANWJNI_SECOND: 
05-27 18:33:27.481 19196 19196 D ANWJNI_SECOND: (19196|0x5467E4F8)[BTAPP] XML : stack debug
05-27 18:33:27.481 19196 19196 D ANWJNI_SECOND: 
05-27 18:33:27.482 19196 19196 D ANWJNI_SECOND: (19196|0x5467E4F8)[BTAPP] XML : stack debug open
05-27 18:33:27.482 19196 19196 D ANWJNI_SECOND: 
05-27 18:33:27.482 19196 19196 D ANWAPI_SECOND: (19196|0x5467E4F8)[BTAPI] >>>AnWBT_Usr_DebugLog
05-27 18:33:27.482 19196 19196 D ANWAPI_SECOND: (19196|0x5467E4F8)[BTAPI] <<<<AnWBT_Usr_DebugLog: ret=0
05-27 18:33:27.482 19196 19196 D ANWJNI_SECOND: (19196|0x5467E4F8)[BTAPP] XML : app debug
05-27 18:33:27.482 19196 19196 D ANWJNI_SECOND: 
05-27 18:33:27.482 19196 19196 D ANWJNI_SECOND: (19196|0x5467E4F8)[BTAPP] XML : app debug open
05-27 18:33:27.482 19196 19196 D ANWJNI_SECOND: 
05-27 18:33:27.482 19196 19196 D ANWJNI_SECOND: (19196|0x5467E4F8)[BTAPP] XML : api debug
05-27 18:33:27.482 19196 19196 D ANWJNI_SECOND: 
05-27 18:33:27.482 19196 19196 D ANWJNI_SECOND: (19196|0x5467E4F8)[BTAPP] XML : api debug open
05-27 18:33:27.482 19196 19196 D ANWJNI_SECOND: 
05-27 18:33:27.482 19196 19196 D ANWJNI_SECOND: (19196|0x5467E4F8)[BTAPP] XML : hfp debug
05-27 18:33:27.482 19196 19196 D ANWJNI_SECOND: 
05-27 18:33:27.482 19196 19196 D ANWJNI_SECOND: (19196|0x5467E4F8)[BTAPP] XML : hfp debug open
05-27 18:33:27.482 19196 19196 D ANWJNI_SECOND: 
05-27 18:33:27.482 19196 19196 D ANWJNI_SECOND: (19196|0x5467E4F8)[BTAPP] XML : a2dp debug
05-27 18:33:27.482 19196 19196 D ANWJNI_SECOND: 
05-27 18:33:27.482   299 30841 D EvsDriver: forwardFrame
05-27 18:33:27.482 19196 19196 D ANWJNI_SECOND: (19196|0x5467E4F8)[BTAPP] XML : a2dp debug open
05-27 18:33:27.482 19196 19196 D ANWJNI_SECOND: 
05-27 18:33:27.482 19196 19196 D ANWJNI_SECOND: (19196|0x5467E4F8)[BTAPP] XML : waveout debug
05-27 18:33:27.482 19196 19196 D ANWJNI_SECOND: 
05-27 18:33:27.482 19196 19196 D ANWJNI_SECOND: (19196|0x5467E4F8)[BTAPP] XML : waveout debug open
05-27 18:33:27.482 19196 19196 D ANWJNI_SECOND: 
05-27 18:33:27.482 19196 19196 D ANWJNI_SECOND: (19196|0x5467E4F8)[BTAPP] XML : avrcp debug
05-27 18:33:27.482 19196 19196 D ANWJNI_SECOND: 
05-27 18:33:27.483 19196 19196 D ANWJNI_SECOND: (19196|0x5467E4F8)[BTAPP] XML : avrcp debug open
05-27 18:33:27.483 19196 19196 D ANWJNI_SECOND: 
05-27 18:33:27.483   581   581 I SpiService: fgesysctrl_getGPIO_status success val=1
05-27 18:33:27.483 19196 19196 D ANWJNI_SECOND: (19196|0x5467E4F8)[BTAPP] XML : pbap debug
05-27 18:33:27.483 19196 19196 D ANWJNI_SECOND: 
05-27 18:33:27.483 19196 19196 D ANWJNI_SECOND: (19196|0x5467E4F8)[BTAPP] XML : pbap debug open
05-27 18:33:27.483 19196 19196 D ANWJNI_SECOND: 
05-27 18:33:27.483 19196 19196 D ANWJNI_SECOND: (19196|0x5467E4F8)[BTAPP] XML : map debug
05-27 18:33:27.483 19196 19196 D ANWJNI_SECOND: 
05-27 18:33:27.483 19196 19196 D ANWJNI_SECOND: (19196|0x5467E4F8)[BTAPP] XML : map debug open
05-27 18:33:27.483 19196 19196 D ANWJNI_SECOND: 
05-27 18:33:27.483 19196 19196 D ANWJNI_SECOND: (19196|0x5467E4F8)[BTAPP] get debug_iap data fail
05-27 18:33:27.483 19196 19196 D ANWJNI_SECOND: 
05-27 18:33:27.483 19196 19196 D ANWJNI_SECOND: (19196|0x5467E4F8)[BTAPP] XML : btsnoop
05-27 18:33:27.483 19196 19196 D ANWJNI_SECOND: 
05-27 18:33:27.483 19196 19196 D ANWJNI_SECOND: (19196|0x5467E4F8)[BTAPP] XML : btsnoop open
05-27 18:33:27.483 19196 19196 D ANWJNI_SECOND: 
05-27 18:33:27.483 19196 19196 D ANWJNI_SECOND: (19196|0x5467E4F8)[BTAPP] XML : file_path 
05-27 18:33:27.483 19196 19196 D ANWJNI_SECOND: 
05-27 18:33:27.483 19196 19196 D ANWJNI_SECOND: (19196|0x5467E4F8)[BTAPP] XML : file_path /data/misc/anw/ is exist,so break
05-27 18:33:27.483 19196 19196 D ANWJNI_SECOND: 
05-27 18:33:27.483 19196 19196 D ANW_AVRCP_SECOND: AnWBT_Set_Storage_Path path /data/misc/anw/
05-27 18:33:27.484 19196 19196 D ANWJNI_SECOND: (19196|0x5467E4F8)[BTAPP] XML : btsnoop_file_path 
05-27 18:33:27.484 19196 19196 D ANWJNI_SECOND: 
05-27 18:33:27.484 19196 19196 D ANWJNI_SECOND: (19196|0x5467E4F8)[BTAPP] XML : btsnoop_path /data/misc/anw/logs/ is exist,so break
05-27 18:33:27.484 19196 19196 D ANWJNI_SECOND: 
05-27 18:33:27.484 19196 19196 D ANWJNI_SECOND: (19196|0x5467E4F8)[BTAPP] XML : find btsnoop_file_size_MB setting
05-27 18:33:27.484 19196 19196 D ANWJNI_SECOND: 
05-27 18:33:27.484 19196 19196 D ANWJNI_SECOND: (19196|0x5467E4F8)[BTAPP] XML : find maxBtSnoopFileSize_MB(100)(100)
05-27 18:33:27.484 19196 19196 D ANWJNI_SECOND: 
05-27 18:33:27.484 19196 19196 D ANWJNI_SECOND: (19196|0x5467E4F8)[BTAPP] XML : find rfkillstate_path:/sys/class/gpio/gpio142/value
05-27 18:33:27.484 19196 19196 D ANWJNI_SECOND: 
05-27 18:33:27.484 19196 19196 D ANWAPI_SECOND: (19196|0x5467E4F8)[BTAPI] AnW_BT_SetRfkillStatePath
05-27 18:33:27.484 19196 19196 D ANWJNI_SECOND: (19196|0x5467E4F8)[BTAPP] get dump_pcm data fail
05-27 18:33:27.484 19196 19196 D ANWJNI_SECOND: 
05-27 18:33:27.484 19196 19196 D ANWJNI_SECOND: (19196|0x5467E4F8)[BTAPP] XML : accept_avrcp_ct_control
05-27 18:33:27.484 19196 19196 D ANWJNI_SECOND: 
05-27 18:33:27.484 19196 19196 D ANWJNI_SECOND: (19196|0x5467E4F8)[BTAPP] XML : accept_avrcp_ct_control close
05-27 18:33:27.484 19196 19196 D ANWJNI_SECOND: 
05-27 18:33:27.484 19196 19196 D ANWJNI_SECOND: (19196|0x5467E4F8)[BTAPP] XML : find maxHFPAGConnNum setting
05-27 18:33:27.484 19196 19196 D ANWJNI_SECOND: 
05-27 18:33:27.484 19196 19196 D ANWJNI_SECOND: (19196|0x5467E4F8)[BTAPP] XML : find maxHFPAGConnNum(2)(2)
05-27 18:33:27.484 19196 19196 D ANWJNI_SECOND: 
05-27 18:33:27.484 19196 19196 D ANWJNI_SECOND: (19196|0x5467E4F8)[BTAPP] XML : find maxHFPHFConnNum setting
05-27 18:33:27.484 19196 19196 D ANWJNI_SECOND: 
05-27 18:33:27.485 19196 19196 D ANWJNI_SECOND: (19196|0x5467E4F8)[BTAPP] XML : find maxHFPHFConnNum(0)(0)
05-27 18:33:27.485 19196 19196 D ANWJNI_SECOND: 
05-27 18:33:27.485 19196 19196 D ANWJNI_SECOND: (19196|0x5467E4F8)[BTAPP] XML : find maxPBAPConnNum setting
05-27 18:33:27.485 19196 19196 D ANWJNI_SECOND: 
05-27 18:33:27.485 19196 19196 D ANWJNI_SECOND: (19196|0x5467E4F8)[BTAPP] XML : find maxPBAPConnNum(0)(0)
05-27 18:33:27.485 19196 19196 D ANWJNI_SECOND: 
05-27 18:33:27.485 19196 19196 D ANWJNI_SECOND: (19196|0x5467E4F8)[BTAPP] XML : find maxMAPConnNum setting
05-27 18:33:27.485 19196 19196 D ANWJNI_SECOND: 
05-27 18:33:27.485 19196 19196 D ANWJNI_SECOND: (19196|0x5467E4F8)[BTAPP] XML : find maxMAPConnNum(0)(0)
05-27 18:33:27.485 19196 19196 D ANWJNI_SECOND: 
05-27 18:33:27.485 19196 19196 D ANWJNI_SECOND: (19196|0x5467E4F8)[BTAPP] XML : find maxA2DPSinkConnNum setting
05-27 18:33:27.485 19196 19196 D ANWJNI_SECOND: 
05-27 18:33:27.485 19196 19196 D ANWJNI_SECOND: (19196|0x5467E4F8)[BTAPP] XML : find maxA2DPSinkConnNum(0)(0)
05-27 18:33:27.485 19196 19196 D ANWJNI_SECOND: 
05-27 18:33:27.485 19196 19196 D ANWJNI_SECOND: (19196|0x5467E4F8)[BTAPP] XML : find maxA2DPSourceConnNum setting
05-27 18:33:27.485 19196 19196 D ANWJNI_SECOND: 
05-27 18:33:27.485  1167  1167 D evsmanagerd: /dev/video6 forwarded the buffer #0 to 0xb4000074bf5f5510 from 0xb4000074bf5f6d90
05-27 18:33:27.485 19196 19196 D ANWJNI_SECOND: (19196|0x5467E4F8)[BTAPP] XML : find maxA2DPSourceConnNum(2)(2)
05-27 18:33:27.485 19196 19196 D ANWJNI_SECOND: 
05-27 18:33:27.485 19196 19196 D ANWJNI_SECOND: (19196|0x5467E4F8)[BTAPP] XML : find maxAVRCPCTConnNum setting
05-27 18:33:27.485 19196 19196 D ANWJNI_SECOND: 
05-27 08:24:36.454   581   581 D spi_rst_gpio_get_output: GPIO 145 value: 0
05-27 18:33:27.485 19196 19196 D ANWJNI_SECOND: (19196|0x5467E4F8)[BTAPP] XML : find (0)(0)
05-27 18:33:27.485 19196 19196 D ANWJNI_SECOND: 
05-27 08:24:36.454   581   581 D spidev_ioctl: gpio status=0)
05-27 18:33:27.485 19196 19196 D ANWJNI_SECOND: (19196|0x5467E4F8)[BTAPP] XML : find maxAVRCPTGConnNum setting
05-27 18:33:27.485 19196 19196 D ANWJNI_SECOND: 
05-27 18:33:27.485 19196 19196 D ANWJNI_SECOND: (19196|0x5467E4F8)[BTAPP] XML : find maxAVRCPTGConnNum(2)(2)
05-27 18:33:27.485 19196 19196 D ANWJNI_SECOND: 
05-27 18:33:27.485 19196 19196 D ANWJNI_SECOND: (19196|0x5467E4F8)[BTAPP] XML : find maxDeviceConnNum setting
05-27 18:33:27.485 19196 19196 D ANWJNI_SECOND: 
05-27 18:33:27.485 19196 19196 D ANWJNI_SECOND: (19196|0x5467E4F8)[BTAPP] XML : find maxDeviceConnNum(2)(2)
05-27 18:33:27.485 19196 19196 D ANWJNI_SECOND: 
05-27 18:33:27.485 19196 19196 D ANWJNI_SECOND: (19196|0x5467E4F8)[BTAPP] XML : find maxSCOConnNum setting
05-27 18:33:27.485 19196 19196 D ANWJNI_SECOND: 
05-27 18:33:27.485   299 30844 D EvsDriver: Delivered 0xb400007b7ca56900 as id 0
05-27 18:33:27.485 19196 19196 D ANWJNI_SECOND: (19196|0x5467E4F8)[BTAPP] XML : find maxSCOConnNum(2)(2)
05-27 18:33:27.485 19196 19196 D ANWJNI_SECOND: 
05-27 18:33:27.486   299 30841 D EvsDriver: Delivered 0xb400007b7ca56a60 as id 0
05-27 18:33:27.486  1167  1167 D evsmanagerd: /dev/video4 forwarded the buffer #0 to 0xb4000074bf5f6850 from 0xb4000074bf5f41d0
05-27 18:33:27.490 19196 19196 D ANWJNI_SECOND: (19196|0x5467E4F8)[BTAPP] XML : find maxHFSCOConnNum setting
05-27 18:33:27.490 19196 19196 D ANWJNI_SECOND: 
05-27 18:33:27.490   581   581 I SpiService: fgesysctrl_getGPIO_status success val=0
05-27 18:33:27.490 19196 19196 D ANWJNI_SECOND: (19196|0x5467E4F8)[BTAPP] XML : find maxHFSCOConnNum(0)(0)
05-27 18:33:27.490 19196 19196 D ANWJNI_SECOND: 
05-27 18:33:27.490 19196 19196 D ANWJNI_SECOND: (19196|0x5467E4F8)[BTAPP] XML : find maxAGSCOConnNum setting
05-27 18:33:27.490 19196 19196 D ANWJNI_SECOND: 
05-27 18:33:27.490 19196 19196 D ANWJNI_SECOND: (19196|0x5467E4F8)[BTAPP] XML : find maxAGSCOConnNum(2)(2)
05-27 18:33:27.490 19196 19196 D ANWJNI_SECOND: 
05-27 18:33:27.490 19196 19196 D ANWJNI_SECOND: (19196|0x5467E4F8)[BTAPP] XML : find maxOppConnNum_data setting
05-27 18:33:27.490 19196 19196 D ANWJNI_SECOND: 
05-27 18:33:27.490 19196 19196 D ANWJNI_SECOND: (19196|0x5467E4F8)[BTAPP] XML : find maxOPPConnNum(0)(0)
05-27 18:33:27.490 19196 19196 D ANWJNI_SECOND: 
05-27 18:33:27.490 19196 19196 D ANWJNI_SECOND: (19196|0x5467E4F8)[BTAPP] XML : find maxHidHostConnNum_data setting
05-27 18:33:27.490 19196 19196 D ANWJNI_SECOND: 
05-27 18:33:27.490 19196 19196 D ANWJNI_SECOND: (19196|0x5467E4F8)[BTAPP] XML : find maxHidHostConnNum(0)(0)
05-27 18:33:27.490 19196 19196 D ANWJNI_SECOND: 
05-27 18:33:27.491 19196 19196 D ANWJNI_SECOND: (19196|0x5467E4F8)[BTAPP] XML : music_mode_auto_select
05-27 18:33:27.491 19196 19196 D ANWJNI_SECOND: 
05-27 18:33:27.491 19196 19196 D ANWJNI_SECOND: (19196|0x5467E4F8)[BTAPP] XML : music_mode_auto_select open
05-27 18:33:27.491 19196 19196 D ANWJNI_SECOND: 
05-27 18:33:27.491 19196 19196 D ANWJNI_SECOND: (19196|0x5467E4F8)[BTAPP] XML : BQB_test_setting
05-27 18:33:27.491 19196 19196 D ANWJNI_SECOND: 
05-27 18:33:27.491 19196 19196 D ANWJNI_SECOND: (19196|0x5467E4F8)[BTAPP] XML : BQB_test_setting close
05-27 18:33:27.491 19196 19196 D ANWJNI_SECOND: 
05-27 18:33:27.491 19196 19196 D ANWJNI_SECOND: (19196|0x5467E4F8)[BTAPP] XML : find aaudio_device_id setting
05-27 18:33:27.491 19196 19196 D ANWJNI_SECOND: 
05-27 18:33:27.491 19196 19196 D ANWJNI_SECOND: (19196|0x5467E4F8)[BTAPP] XML : find aaudio_device_id(16)(16)
05-27 18:33:27.491 19196 19196 D ANWJNI_SECOND: 
05-27 18:33:27.491 19196 19196 D ANWJNI_SECOND: (19196|0x5467E4F8)[BTAPP] XML : local_device_name_data 
05-27 18:33:27.491 19196 19196 D ANWJNI_SECOND: 
05-27 18:33:27.491 19196 19196 D ANWAPI_SECOND: (19196|0x5467E4F8)[BTAPI] AnWBT_Set_Local_Device_Before_Init LJ_FUJIA
05-27 18:33:27.492 19196 19196 D ANWJNI_SECOND: (19196|0x5467E4F8)[BTAPP] get a2dp_sink_pcm data fail
05-27 18:33:27.492 19196 19196 D ANWJNI_SECOND: 
05-27 18:33:27.492 19196 19196 D ANWJNI_SECOND: (19196|0x5467E4F8)[BTAPP] XML : master_device_file_path 
05-27 18:33:27.492 19196 19196 D ANWJNI_SECOND: 
05-27 18:33:27.492 19196 19196 D ANWJNI_SECOND: (19196|0x5467E4F8)[BTAPP] XML : master_device_file_path /anw/target_device_info is not exist
05-27 18:33:27.492 19196 19196 D ANWJNI_SECOND: 
05-27 18:33:27.492 19196 19196 D ANWJNI_SECOND: (19196|0x5467E4F8)[BTAPP] XML : read_rssi_switch
05-27 18:33:27.492 19196 19196 D ANWJNI_SECOND: 
05-27 18:33:27.492 19196 19196 D ANWJNI_SECOND: (19196|0x5467E4F8)[BTAPP] XML : read_rssi_switch close
05-27 18:33:27.492 19196 19196 D ANWJNI_SECOND: 
05-27 18:33:27.492 19196 19196 D ANWJNI_SECOND: (19196|0x5467E4F8)[BTAPP] XML : pbapClient_autoConnectAndDownload
05-27 18:33:27.492 19196 19196 D ANWJNI_SECOND: 
05-27 18:33:27.492 19196 19196 D ANWJNI_SECOND: (19196|0x5467E4F8)[BTAPP] XML : PBAP Client auto connect an download close
05-27 18:33:27.492 19196 19196 D ANWJNI_SECOND: 
05-27 18:33:27.492 19196 19196 D ANWJNI_SECOND: (19196|0x5467E4F8)[BTAPP] get callDisconnect_AutoDownloadCalllog data fail
05-27 18:33:27.492 19196 19196 D ANWJNI_SECOND: 
05-27 18:33:27.492   299  1163 D EvsDriver: doneWithFrame
05-27 18:33:27.492 19196 19196 D ANWJNI_SECOND: (19196|0x5467E4F8)[BTAPP] XML : UART_path 
05-27 18:33:27.492 19196 19196 D ANWJNI_SECOND: 
05-27 18:33:27.493   299  1153 D EvsDriver: doneWithFrame
05-27 18:33:27.493 19196 19196 D ANWJNI_SECOND: (19196|0x5467E4F8)[BTAPP] XML : UART_path:[/dev/ttyS3]
05-27 18:33:27.493 19196 19196 D ANWJNI_SECOND: 
05-27 18:33:27.493 19196 19196 D ANWJNI_SECOND: (19196|0x5467E4F8)[BTAPP] get BTADDR_path data fail
05-27 18:33:27.493 19196 19196 D ANWJNI_SECOND: 
05-27 18:33:27.493 19196 19196 D ANWJNI_SECOND: (19196|0x5467E4F8)[BTAPP] XML : BTADDR path not find
05-27 18:33:27.493 19196 19196 D ANWJNI_SECOND: 
05-27 18:33:27.493 19196 19196 D ANWJNI_SECOND: (19196|0x5467E4F8)[BTAPP] XML : find UART_baudRate_init(115200)
05-27 18:33:27.493 19196 19196 D ANWJNI_SECOND: 
05-27 18:33:27.493 19196 19196 D ANWJNI_SECOND: (19196|0x5467E4F8)[BTAPP] XML : find UART_baudRate_normal(3000000)
05-27 18:33:27.493 19196 19196 D ANWJNI_SECOND: 
05-27 18:33:27.493 19196 19196 D ANWJNI_SECOND: (19196|0x5467E4F8)[BTAPP] XML : AVRCP_ABSOLUTE_VOLUME
05-27 18:33:27.493 19196 19196 D ANWJNI_SECOND: 
05-27 18:33:27.493 19196 19196 D ANWJNI_SECOND: (19196|0x5467E4F8)[BTAPP] XML : avrcp absolute volume change open
05-27 18:33:27.493 19196 19196 D ANWJNI_SECOND: 
05-27 18:33:27.493 19196 19196 D ANWAPI_SECOND: (19196|0x5467E4F8)[BTAPI] AnWBT_Set_Avrcp_Absoulte_Volume_Change[1]
05-27 18:33:27.493 19196 19196 D ANWJNI_SECOND: (19196|0x5467E4F8)[BTAPP] get generate_random_address data fail
05-27 18:33:27.493 19196 19196 D ANWJNI_SECOND: 
05-27 18:33:27.493 19196 19196 D ANWJNI_SECOND: (19196|0x5467E4F8)[BTAPP] get reject_a2dp_avrcp data fail
05-27 18:33:27.493 19196 19196 D ANWJNI_SECOND: 
05-27 18:33:27.493 19196 19196 D ANWJNI_SECOND: (19196|0x5467E4F8)[BTAPP] XML : find connect_by_sdp_limit setting
05-27 18:33:27.493 19196 19196 D ANWJNI_SECOND: 
05-27 18:33:27.493 19196 19196 D ANWJNI_SECOND: (19196|0x5467E4F8)[BTAPP] connect_by_sdp_limit set(close)
05-27 18:33:27.493 19196 19196 D ANWJNI_SECOND: 
05-27 18:33:27.493 19196 19196 D ANWJNI_SECOND: (19196|0x5467E4F8)[BTAPP] XML : find hfpag_auto_select_main_device setting
05-27 18:33:27.493 19196 19196 D ANWJNI_SECOND: 
05-27 18:33:27.493 19196 19196 D ANWJNI_SECOND: (19196|0x5467E4F8)[BTAPP] hfpag_auto_select_main_device set(open)
05-27 18:33:27.493 19196 19196 D ANWJNI_SECOND: 
05-27 18:33:27.493 19196 19196 D ANWJNI_SECOND: (19196|0x5467E4F8)[BTAPP] XML : find waveout_file_size_MB setting
05-27 18:33:27.493 19196 19196 D ANWJNI_SECOND: 
05-27 18:33:27.494 19196 19196 D ANWJNI_SECOND: (19196|0x5467E4F8)[BTAPP] XML : find waveout_file_size_MB_data(50)
05-27 18:33:27.494 19196 19196 D ANWJNI_SECOND: 
05-27 18:33:27.494 19196 19196 D ANWJNI_SECOND: (19196|0x5467E4F8)[BTAPP] free source_data
05-27 18:33:27.494 19196 19196 D ANWJNI_SECOND: 
05-27 18:33:27.494 19196 19196 D ANWJNI_SECOND: (19196|0x5467E4F8)[BTAPP] Read XMLfile End
05-27 18:33:27.494 19196 19196 D ANWJNI_SECOND: 
05-27 18:33:27.494 19196 19196 D ANWJNI_SECOND: (19196|0x5467E4F8)[BTAPP] run Read (/system/etc/bluetooth/anw_AA_CP_setting.cfg) Start
05-27 18:33:27.494 19196 19196 D ANWJNI_SECOND: 
05-27 18:33:27.494 19196 19196 D ANWJNI_SECOND: (19196|0x5467E4F8)[BTAPP] open BT config file (/system/etc/bluetooth/anw_AA_CP_setting.cfg) failed.
05-27 18:33:27.494 19196 19196 D ANWJNI_SECOND: 
05-27 18:33:27.494 19196 19196 D ANWJNI_SECOND: (19196|0x5467E4F8)[BTAPP] run Read (/data/misc/anw//btmonitor_lastrecord) Start
05-27 18:33:27.494 19196 19196 D ANWJNI_SECOND: 
05-27 18:33:27.494 19196 19196 D ANWJNI_SECOND: (19196|0x5467E4F8)[BTAPP] open BT last record file (/data/misc/anw//btmonitor_lastrecord) success.
05-27 18:33:27.494 19196 19196 D ANWJNI_SECOND: 
05-27 18:33:27.495 19196 19196 D ANWJNI_SECOND: (19196|0x5467E4F8)[BTAPP] read last_connected_device last_scan_mode::3
05-27 18:33:27.495 19196 19196 D ANWJNI_SECOND: 
05-27 18:33:27.495 19196 19196 D ANWJNI_SECOND: 
05-27 18:33:27.495 19196 19196 D ANWJNI_SECOND: (19196|0x5467E4F8)[BTAPP] read last_scan_mode
05-27 18:33:27.495 19196 19196 D ANWJNI_SECOND: 
05-27 18:33:27.495 19196 19196 D ANWJNI_SECOND: (19196|0x5467E4F8)[BTAPP] last_scan_mode find,value is 3
05-27 18:33:27.495 19196 19196 D ANWJNI_SECOND: 
05-27 18:33:27.495 19196 19196 D ANWJNI_SECOND: (19196|0x5467E4F8)[BTAPP] read last_poweron_state
05-27 18:33:27.495 19196 19196 D ANWJNI_SECOND: 
05-27 18:33:27.495 19196 19196 I ANWJNI_SECOND: --- JNI_OnLoad
05-27 18:33:27.498 30773 30788 I dvr_service_: [runShortMediaThread:298] cameraId:1 medias:300,audios:220,stateAudio:0,mShortState:0,warnEvent:0,state:1
05-27 18:33:27.496 13911 14183 I SentryImuMcuAngleSender: 179.986rollDeg
05-27 18:33:27.498 13911 14183 I SentryImuMcuAngleSender: 1,0,0
05-27 18:33:27.503  1008 30857 D [OMXB]  : usingANWBuffer: handle:0xee7407a0, format:1, w:1920, h:1080
05-27 18:33:27.504   536   536 D commservice260303: msg.id = 1028,0
05-27 18:33:27.504   536   536 D commservice260303: i = 170, msgid = 8A000404
05-27 18:33:27.504   536   536 D commservice260303: msgid = -1979710460,did=138
05-27 18:33:27.504   536   536 D commservice260303: CommProtocolLibCmdBaseI2C::dataproc {"command":{"id":"imu_status","sub":""},"content":{"TimeStamp":9,"FrameCounter":229950,"GD_X":-0.011377211660146713,"GD_Y":0.0056498548947274685,"GD_Z":0.0018319635419175029,"AD_X":-0.00107535719871521,"AD_Y":-0.0014160352293401957,"AD_Z":-0.17008399963378906,"TempDsp":0,"Status":0,"CalibState":1,"SigAmpInvalid":0}},-1979710460
05-27 18:33:27.504   536   536 D commservice260303: send2Cluster len:317, 7B22636F6D6D616E64223A7B226964223A22696D755F737461747573222C22737562223A22227D2C22636F6E74656E74223A7B2254696D655374616D70223A392C224672616D65436F756E746572223A3232393935302C2247445F58223A2D302E3031313337373231313636303134363731332C2247445F59223A302E303035363439383534383934373237343638352C2247445F5A223A302E303031383331393633353431393137353032392C2241445F58223A2D302E30303130373533353731393837313532312C2241445F59223A2D302E303031343136303335323239333430313935372C2241445F5A223A2D302E31373030383339393936333337383930362C2254656D70447370223A302C22537461747573223A302C2243616C69625374617465223A312C22536967416D70496E76616C6964223A307D7D, 138 
05-27 18:33:27.504   536   536 D commservice260303: Push Message into SendPool fn=1002504960
05-27 18:33:27.504   536   536 D commservice260303: ComProtocolLibSend2Cluster::send2ClusterRaw fn=1002504960 , len=333
05-27 18:33:27.504   536   536 D commservice260303: sendCmdToPort :333!!!
05-27 18:33:27.504   536   536 D commservice260303: send Cmd To Port ++++5AA501498A010003C13B6A16C8777B22636F6D6D616E64223A7B226964223A22696D755F737461747573222C22737562223A22227D2C22636F6E74656E74223A7B2254696D655374616D70223A392C224672616D65436F756E746572223A3232393935302C2247445F58223A2D302E3031313337373231313636303134363731332C2247445F59223A302E303035363439383534383934373237343638352C2247445F5A223A302E303031383331393633353431393137353032392C2241445F58223A2D302E30303130373533353731393837313532312C2241445F59223A2D302E303031343136303335323239333430313935372C2241445F5A223A2D302E31373030383339393936333337383930362C2254656D70447370223A302C22537461747573223A302C2243616C69625374617465223A312C22536967416D70496E76616C6964223A307D7D9D2B
05-27 18:33:27.504   536   536 D commservice260303: bufferevent_write retrun value = 0
05-27 18:33:27.505   536   560 D commservice260303: client datas send succeed,send finish
05-27 18:33:27.505 13911 14192 D Sentinelmode_1.2.5.17_sentry: <SentryImuClusterFgeSender>imu_status sent to Linux, frame=229950, tsNs=9874742, tsMs=9, intervalMs=41, ad=(-0.0010753572,-0.0014160352,-0.170084), gd=(-0.011377212,0.005649855,0.0018319635)
05-27 18:33:27.506 19196 19196 D AnwSdkService: onCreate
05-27 18:33:27.506 19196 19196 D AnwSdkService: run createMessageHandleThread
05-27 18:33:27.507   581   581 I SpiService: fgesysctrl_getGPIO_status success val=1
05-27 18:33:27.508 19196 19196 D AnwSdkService: run createAudioFocusListenerMessageHandleThread
05-27 18:33:27.508   481   598 I mcuc    : rev,n=1,6AA681C6E6000B8300E0000000000000000065
05-27 18:33:27.509   572   572 I Sensors : 230 AccelSensor: x:-0.165920,y:0.001220,z:-9.975940
05-27 18:33:27.509   351   373 D automotive.vehicle@2.0-adayo-datacomm-mcu: MCUDatacomm sendMessageFromVehicle prop: 0x83, areaId: 0x0, status: 0x0, timestamp: 0x0
05-27 18:33:27.509   351   373 D automotive.vehicle@2.0-adayo-datacomm-mcu: MCUDatacomm 1sendMessageFromVehicle ---> type = 7 
05-27 18:33:27.509   351   373 I automotive.vehicle@2.0-adayo-func-mcu: MCUFunc :sendMessageFromVehicle  msgBuff[0] = 131 
05-27 08:24:36.471   581   581 D spi_rst_gpio_get_output: GPIO 145 value: 1
05-27 08:24:36.471   581   581 D spidev_ioctl: gpio status=1)
05-27 18:33:27.509   351   373 I automotive.vehicle@2.0-adayo-func-mcu: MCUFunc :sendMessageFromVehicle  msgBuff[1] = 0 
05-27 18:33:27.509   351   373 I automotive.vehicle@2.0-adayo-func-mcu: MCUFunc :sendMessageFromVehicle  msgBuff[2] = 0 
05-27 18:33:27.509   351   373 I automotive.vehicle@2.0-adayo-func-mcu: MCUFunc :sendMessageFromVehicle  msgBuff[3] = 0 
05-27 18:33:27.509   351   373 I automotive.vehicle@2.0-adayo-func-mcu: MCUFunc :sendMessageFromVehicle  msgBuff[4] = 3 
05-27 18:33:27.509   351   373 I automotive.vehicle@2.0-adayo-func-mcu: MCUFunc :sendMessageFromVehicle  msgBuff[5] = 1 
05-27 18:33:27.509   351   373 I automotive.vehicle@2.0-adayo-func-mcu: MCUFunc :sendMessageFromVehicle  msgBuff[6] = 0 
05-27 18:33:27.509   351   373 I automotive.vehicle@2.0-adayo-func-mcu: MCUFunc :sendMessageFromVehicle  msgBuff[7] = 0 
05-27 18:33:27.510   351   373 I automotive.vehicle@2.0-adayo-func-mcu: MCUFunc :sendMessageFromVehicle  msgBuff[8] = 0 
05-27 18:33:27.510   351   373 I automotive.vehicle@2.0-adayo-func-mcu: MCUFunc :sendMessageFromVehicle  msgBuff[9] = 0 
05-27 18:33:27.510   351   373 I automotive.vehicle@2.0-adayo-func-mcu: MCUFunc :sendMessageFromVehicle  msgBuff[10] = 0 
05-27 18:33:27.510   351   373 I automotive.vehicle@2.0-adayo-func-mcu: MCUFunc :sendMessageFromVehicle  msgBuff[11] = 0 
05-27 18:33:27.510   351   373 I automotive.vehicle@2.0-adayo-func-mcu: MCUFunc :sendMessageFromVehicle  msgBuff[12] = 0 
05-27 18:33:27.510   351   373 I automotive.vehicle@2.0-adayo-func-mcu: MCUFunc :sendMessageFromVehicle  msgBuff[13] = 0 
05-27 18:33:27.510   351   373 I automotive.vehicle@2.0-adayo-func-mcu: MCUFunc :sendMessageFromVehicle  msgBuff[14] = 0 
05-27 18:33:27.510   351   373 I automotive.vehicle@2.0-adayo-func-mcu: MCUFunc :sendMessageFromVehicle  msgBuff[15] = 0 
05-27 18:33:27.510   351   373 I automotive.vehicle@2.0-adayo-func-mcu: MCUFunc :sendMessageFromVehicle  msgBuff[16] = 0 
05-27 18:33:27.510 19196 19196 I AnwSdkService: mhcilog1:
05-27 18:33:27.510 19196 19196 I AnwSdkService: mhcilog4:
05-27 18:33:27.511   481   598 I mcuc    : rev,n=2,6AA681C6E7000384150036
05-27 18:33:27.512   581   581 I SpiService: fgesysctrl_getGPIO_status success val=1
05-27 18:33:27.513   481   598 I mcuc    : rev,n=3,6AA681C6E8008C8305000055000000B000000000000100010000F7E3C2B168A59CC26BC268D768C26A84D1C26BB2CC18831A983400000000040000B3000000000000000000000000000000B44300000000000300000000000000AA000000E40701010000000000000000BB06050507EA051B000008009403CB00CC000000000000000000000000000000B500000000000000006E
05-27 18:33:27.513   351   373 D automotive.vehicle@2.0-adayo-datacomm-mcu: MCUDatacomm sendMessageFromVehicle prop: 0x83, areaId: 0x5, status: 0x0, timestamp: 0x0
05-27 18:33:27.513   299 30841 D EvsDriver: forwardFrame
05-27 18:33:27.513   351   373 D automotive.vehicle@2.0-adayo-datacomm-mcu: MCUDatacomm 1sendMessageFromVehicle ---> type = 7 
05-27 18:33:27.513   351   373 I automotive.vehicle@2.0-adayo-func-mcu: MCUFunc :sendMessageFromVehicle  msgBuff[0] = 131 
05-27 18:33:27.513   351   373 I automotive.vehicle@2.0-adayo-func-mcu: MCUFunc :sendMessageFromVehicle  msgBuff[1] = 5 
05-27 18:33:27.513   351   373 I automotive.vehicle@2.0-adayo-func-mcu: MCUFunc :sendMessageFromVehicle  msgBuff[2] = 0 
05-27 18:33:27.513   351   373 I automotive.vehicle@2.0-adayo-func-mcu: MCUFunc :sendMessageFromVehicle  msgBuff[3] = 0 
05-27 18:33:27.513   351   373 I automotive.vehicle@2.0-adayo-func-mcu: MCUFunc :sendMessageFromVehicle  msgBuff[4] = 85 
05-27 18:33:27.514   351   373 I automotive.vehicle@2.0-adayo-func-mcu: MCUFunc :sendMessageFromVehicle  msgBuff[5] = 0 
05-27 18:33:27.514   299 30844 D EvsDriver: forwardFrame
05-27 08:24:36.477   581   581 D spi_rst_gpio_get_output: GPIO 145 value: 1
05-27 08:24:36.477   581   581 D spidev_ioctl: gpio status=1)
05-27 18:33:27.514   299 30841 D EvsDriver: Delivered 0xb400007b7ca56a60 as id 0
05-27 18:33:27.515  1167  1167 D evsmanagerd: /dev/video4 forwarded the buffer #0 to 0xb4000074bf5f6850 from 0xb4000074bf5f41d0
05-27 18:33:27.515   299 30844 D EvsDriver: Delivered 0xb400007b7ca56900 as id 0
05-27 18:33:27.515  1167  1167 D evsmanagerd: /dev/video6 forwarded the buffer #0 to 0xb4000074bf5f5510 from 0xb4000074bf5f6d90
05-27 18:33:27.518 13911 14183 I SentryImuMcuAngleSender: 179.993rollDeg
05-27 18:33:27.518 13911 14183 I SentryImuMcuAngleSender: 1,0,0
05-27 08:24:36.484   581   581 D spi_rst_gpio_get_output: GPIO 145 value: 1
05-27 08:24:36.484   581   581 D spidev_ioctl: gpio status=1)
05-27 18:33:27.519 19196 19196 I ANWJNI_SECOND: +++ InitialCallback=====
05-27 18:33:27.520   581   581 I SpiService: fgesysctrl_getGPIO_status success val=1
05-27 18:33:27.520   299  1153 D EvsDriver: doneWithFrame
05-27 18:33:27.521 19196 19196 I ANWJNI_SECOND: --- InitialCallback(77)(78)
05-27 18:33:27.522 19196 19196 I ANWJNI_SECOND: --- InitialCallback(79)(80)
05-27 18:33:27.522 19196 19196 I ANWJNI_SECOND: --- InitialCallback:0
05-27 18:33:27.523 19196 19196 D AnwSdkService: onCreate:0,78,80
05-27 18:33:27.523 19196 19196 D AnwSdkService: pbap_socket_fd1 = 78
05-27 18:33:27.523 19196 19196 D AnwSdkService: run createPbapContactMessageHandleThread
05-27 18:33:27.524   299  1153 D EvsDriver: doneWithFrame
05-27 18:33:27.526   581   581 I SpiService: fgesysctrl_getGPIO_status success val=1
05-27 08:24:36.490   581   581 D spi_rst_gpio_get_output: GPIO 145 value: 1
05-27 08:24:36.490   581   581 D spidev_ioctl: gpio status=1)
05-27 18:33:27.531 19196 19196 D AnwSdkService: run createPbapParsedDataUpdateMessageHandleThread
05-27 18:33:27.531   581   581 I SpiService: fgesysctrl_getGPIO_status success val=0
05-27 18:33:27.532   481   597 I mcuc    : send SPI:6AA602C6E600028300CD6AA602C6E700028415B66AA602C6E800028305C6
05-27 08:24:36.496   581   581 D spi_rst_gpio_get_output: GPIO 145 value: 0
05-27 08:24:36.496   581   581 D spidev_ioctl: gpio status=0)
05-27 18:33:27.537 19196 19196 W ContextImpl: Calling a method in the system process without a qualified user: android.app.ContextImpl.startService:1863 android.content.ContextWrapper.startService:817 com.anwsdk.service.anwbtservice.onCreate:7516 android.app.ActivityThread.handleCreateService:4616 android.app.ActivityThread.-$$Nest$mhandleCreateService:0 
05-27 18:33:27.538 13911 14183 I SentryImuMcuAngleSender: 179.97899rollDeg
05-27 18:33:27.538 13911 14183 I SentryImuMcuAngleSender: 1,0,0
05-27 18:33:27.538 10188  6929 W ActivityManager: Unable to start service Intent { cmp=com.anwsdk.service/.HfpClientConnectionService } U=0: not found with resolvedType = null, flags = 268436480, userId = 0, callingUid = 1000
05-27 18:33:27.539 19196 19196 D AnwSdkService: 20210721 checking self APK rom size
05-27 18:33:27.539  1008 30856 D [OMXB]  : usingANWBuffer: handle:0xee746cb0, format:1, w:1920, h:1080
05-27 18:33:27.541   536   536 D commservice260303: msg.id = 1028,2
05-27 18:33:27.542   536   536 D commservice260303: i = 170, msgid = 8A000404
05-27 18:33:27.542   536   536 D commservice260303: msgid = -1979710460,did=138
05-27 18:33:27.542   536   536 D commservice260303: CommProtocolLibCmdBaseI2C::dataproc {"command":{"id":"imu_status","sub":""},"content":{"TimeStamp":9,"FrameCounter":229951,"GD_X":-0.01160607673227787,"GD_Y":0.005420989356935024,"GD_Z":0.0020608289632946253,"AD_X":7.341355085372925E-4,"AD_Y":0.0010241176933050156,"AD_Z":-0.17069339752197266,"TempDsp":0,"Status":0,"CalibState":1,"SigAmpInvalid":0}},-1979710460
05-27 18:33:27.542   536   536 D commservice260303: send2Cluster len:314, 7B22636F6D6D616E64223A7B226964223A22696D755F737461747573222C22737562223A22227D2C22636F6E74656E74223A7B2254696D655374616D70223A392C224672616D65436F756E746572223A3232393935312C2247445F58223A2D302E30313136303630373637333232373738372C2247445F59223A302E3030353432303938393335363933353032342C2247445F5A223A302E303032303630383238393633323934363235332C2241445F58223A372E333431333535303835333732393235452D342C2241445F59223A302E303031303234313137363933333035303135362C2241445F5A223A2D302E31373036393333393735323139373236362C2254656D70447370223A302C22537461747573223A302C2243616C69625374617465223A312C22536967416D70496E76616C6964223A307D7D, 138 
05-27 18:33:27.542   536   536 D commservice260303: Push Message into SendPool fn=1019282176
05-27 18:33:27.542   536   536 D commservice260303: ComProtocolLibSend2Cluster::send2ClusterRaw fn=1019282176 , len=330
05-27 18:33:27.542   536   536 D commservice260303: sendCmdToPort :330!!!
