05-27 18:33:27.254   351   516 D automotive.vehicle@2.0-adayo-func-bcm: BCMFunc sendMessageFromVehicle_l msgBuff[15]=0x1,start:0,len:8,temp:8,
05-27 18:33:27.254   351   516 D automotive.vehicle@2.0-adayo-func-bcm: BCMFunc sendMessageFromVehicle_l prop: 0x21400081 ,areaId: 0x0  SPLITE_BIT_DATA_INTEGER : 1
05-27 18:33:27.254   351   516 D automotive.vehicle@2.0-adayo-func-bcm: BCMFunc sendMessageFromVehicle_l id:557842561, area:0 not report! 
05-27 18:33:27.254   351   516 D automotive.vehicle@2.0-adayo-func-bcm: BCMFunc sendMessageFromVehicle_l dataType: 12,mByte=16,propid=0x214000a3
05-27 18:33:27.254   351   516 D automotive.vehicle@2.0-adayo-func-bcm: BCMFunc sendMessageFromVehicle_l msgBuff[16]=0x1,start:0,len:8,temp:8,
05-27 18:33:27.254   351   516 D automotive.vehicle@2.0-adayo-func-bcm: BCMFunc sendMessageFromVehicle_l prop: 0x214000a3 ,areaId: 0x0  SPLITE_BIT_DATA_INTEGER : 1
05-27 18:33:27.254   351   516 D automotive.vehicle@2.0-adayo-func-bcm: BCMFunc sendMessageFromVehicle_l id:557842595, area:0 not report! 
05-27 18:33:27.254   351   516 D automotive.vehicle@2.0-adayo-func-bcm: BCMFunc sendMessageFromVehicle_l dataType: 12,mByte=17,propid=0x2140007d
05-27 18:33:27.254   351   516 D automotive.vehicle@2.0-adayo-func-bcm: BCMFunc sendMessageFromVehicle_l msgBuff[17]=0x1,start:0,len:8,temp:8,
05-27 18:33:27.255   351   516 D automotive.vehicle@2.0-adayo-func-bcm: BCMFunc sendMessageFromVehicle_l prop: 0x2140007d ,areaId: 0x0  SPLITE_BIT_DATA_INTEGER : 1
05-27 18:33:27.255   351   516 D automotive.vehicle@2.0-adayo-func-bcm: BCMFunc sendMessageFromVehicle_l id:557842557, area:0 not report! 
05-27 18:33:27.255   351   516 D automotive.vehicle@2.0-adayo-func-bcm: BCMFunc sendMessageFromVehicle_l dataType: 12,mByte=18,propid=0x21400082
05-27 18:33:27.255   581   581 I SpiService: fgesysctrl_getGPIO_status success val=1
05-27 18:33:27.255   351   516 D automotive.vehicle@2.0-adayo-func-bcm: BCMFunc sendMessageFromVehicle_l msgBuff[18]=0x1,start:0,len:8,temp:8,
05-27 18:33:27.255   351   516 D automotive.vehicle@2.0-adayo-func-bcm: BCMFunc sendMessageFromVehicle_l prop: 0x21400082 ,areaId: 0x0  SPLITE_BIT_DATA_INTEGER : 1
05-27 18:33:27.255   351   516 D automotive.vehicle@2.0-adayo-func-bcm: BCMFunc sendMessageFromVehicle_l id:557842562, area:0 not report! 
05-27 18:33:27.255   351   516 D automotive.vehicle@2.0-adayo-func-bcm: BCMFunc sendMessageFromVehicle_l dataType: 12,mByte=19,propid=0x214000a4
05-27 18:33:27.255   351   516 D automotive.vehicle@2.0-adayo-func-bcm: BCMFunc sendMessageFromVehicle_l msgBuff[19]=0x1,start:0,len:8,temp:8,
05-27 18:33:27.255   351   516 D automotive.vehicle@2.0-adayo-func-bcm: BCMFunc sendMessageFromVehicle_l prop: 0x214000a4 ,areaId: 0x0  SPLITE_BIT_DATA_INTEGER : 1
05-27 18:33:27.255   351   516 D automotive.vehicle@2.0-adayo-func-bcm: BCMFunc sendMessageFromVehicle_l id:557842596, area:0 not report! 
05-27 18:33:27.255   351   516 D automotive.vehicle@2.0-adayo-func-bcm: BCMFunc sendMessageFromVehicle_l dataType: 12,mByte=20,propid=0x214000a5
05-27 18:33:27.255   351   516 D automotive.vehicle@2.0-adayo-func-bcm: BCMFunc sendMessageFromVehicle_l msgBuff[20]=0x0,start:0,len:8,temp:8,
05-27 18:33:27.255   351   516 D automotive.vehicle@2.0-adayo-func-bcm: BCMFunc sendMessageFromVehicle_l prop: 0x214000a5 ,areaId: 0x0  SPLITE_BIT_DATA_INTEGER : 0
05-27 18:33:27.255   351   516 D automotive.vehicle@2.0-adayo-func-bcm: BCMFunc sendMessageFromVehicle_l id:557842597, area:0 not report! 
05-27 18:33:27.255   351   516 D automotive.vehicle@2.0-adayo-func-bcm: BCMFunc sendMessageFromVehicle_l dataType: 12,mByte=21,propid=0x21400083
05-27 18:33:27.255   351   516 D automotive.vehicle@2.0-adayo-func-bcm: BCMFunc sendMessageFromVehicle_l msgBuff[21]=0x1,start:0,len:8,temp:8,
05-27 18:33:27.255   299  1163 D EvsDriver: doneWithFrame
05-27 18:33:27.255   351   516 D automotive.vehicle@2.0-adayo-func-bcm: BCMFunc sendMessageFromVehicle_l prop: 0x21400083 ,areaId: 0x0  SPLITE_BIT_DATA_INTEGER : 1
05-27 18:33:27.255   351   516 D automotive.vehicle@2.0-adayo-func-bcm: BCMFunc sendMessageFromVehicle_l id:557842563, area:0 not report! 
05-27 18:33:27.255   351   516 D automotive.vehicle@2.0-adayo-func-bcm: BCMFunc sendMessageFromVehicle_l dataType: 12,mByte=22,propid=0x214000a6
05-27 18:33:27.255   351   516 D automotive.vehicle@2.0-adayo-func-bcm: BCMFunc sendMessageFromVehicle_l msgBuff[22]=0x1,start:0,len:8,temp:8,
05-27 18:33:27.255   351   516 D automotive.vehicle@2.0-adayo-func-bcm: BCMFunc sendMessageFromVehicle_l prop: 0x214000a6 ,areaId: 0x0  SPLITE_BIT_DATA_INTEGER : 1
05-27 18:33:27.255   351   516 D automotive.vehicle@2.0-adayo-func-bcm: BCMFunc sendMessageFromVehicle_l id:557842598, area:0 not report! 
05-27 18:33:27.255   351   516 D automotive.vehicle@2.0-adayo-func-bcm: BCMFunc sendMessageFromVehicle_l dataType: 12,mByte=23,propid=0x2140007e
05-27 18:33:27.255   351   516 D automotive.vehicle@2.0-adayo-func-bcm: BCMFunc sendMessageFromVehicle_l msgBuff[23]=0x1,start:0,len:8,temp:8,
05-27 18:33:27.255   351   516 D automotive.vehicle@2.0-adayo-func-bcm: BCMFunc sendMessageFromVehicle_l prop: 0x2140007e ,areaId: 0x0  SPLITE_BIT_DATA_INTEGER : 1
05-27 18:33:27.255   351   516 D automotive.vehicle@2.0-adayo-func-bcm: BCMFunc sendMessageFromVehicle_l id:557842558, area:0 not report! 
05-27 08:24:36.225   581   581 D spi_rst_gpio_get_output: GPIO 145 value: 1
05-27 08:24:36.225   581   581 D spidev_ioctl: gpio status=1)
05-27 08:24:36.234   581   581 D spi_rst_gpio_get_output: GPIO 145 value: 1
05-27 08:24:36.234   581   581 D spidev_ioctl: gpio status=1)
05-27 08:24:36.239   581   581 D spi_rst_gpio_get_output: GPIO 145 value: 1
05-27 08:24:36.239   581   581 D spidev_ioctl: gpio status=1)
05-27 08:24:36.245   581   581 D spi_rst_gpio_get_output: GPIO 145 value: 0
05-27 08:24:36.245   581   581 D spidev_ioctl: gpio status=0)
05-27 18:33:27.255   351   516 D automotive.vehicle@2.0-adayo-func-bcm: BCMFunc sendMessageFromVehicle_l dataType: 12,mByte=24,propid=0x214000a7
05-27 18:33:27.255   351   516 D automotive.vehicle@2.0-adayo-func-bcm: BCMFunc sendMessageFromVehicle_l msgBuff[24]=0x1,start:0,len:8,temp:8,
05-27 18:33:27.255   351   516 D automotive.vehicle@2.0-adayo-func-bcm: BCMFunc sendMessageFromVehicle_l prop: 0x214000a7 ,areaId: 0x0  SPLITE_BIT_DATA_INTEGER : 1
05-27 18:33:27.255   351   516 D automotive.vehicle@2.0-adayo-func-bcm: BCMFunc sendMessageFromVehicle_l id:557842599, area:0 not report! 
05-27 18:33:27.255   351   516 D automotive.vehicle@2.0-adayo-func-bcm: BCMFunc sendMessageFromVehicle_l dataType: 12,mByte=25,propid=0x2140007f
05-27 18:33:27.255   351   516 D automotive.vehicle@2.0-adayo-func-bcm: BCMFunc sendMessageFromVehicle_l msgBuff[25]=0x1,start:0,len:8,temp:8,
05-27 18:33:27.256   351   516 D automotive.vehicle@2.0-adayo-func-bcm: BCMFunc sendMessageFromVehicle_l prop: 0x2140007f ,areaId: 0x0  SPLITE_BIT_DATA_INTEGER : 1
05-27 18:33:27.256   351   516 D automotive.vehicle@2.0-adayo-func-bcm: BCMFunc sendMessageFromVehicle_l id:557842559, area:0 not report! 
05-27 18:33:27.256   351   516 D automotive.vehicle@2.0-adayo-func-bcm: BCMFunc sendMessageFromVehicle_l dataType: 12,mByte=26,propid=0x214000a8
05-27 18:33:27.256   351   516 D automotive.vehicle@2.0-adayo-func-bcm: BCMFunc sendMessageFromVehicle_l msgBuff[26]=0x1,start:0,len:8,temp:8,
05-27 18:33:27.256   351   516 D automotive.vehicle@2.0-adayo-func-bcm: BCMFunc sendMessageFromVehicle_l prop: 0x214000a8 ,areaId: 0x0  SPLITE_BIT_DATA_INTEGER : 1
05-27 18:33:27.256   351   516 D automotive.vehicle@2.0-adayo-func-bcm: BCMFunc sendMessageFromVehicle_l id:557842600, area:0 not report! 
05-27 18:33:27.256   351   516 D automotive.vehicle@2.0-adayo-func-bcm: BCMFunc sendMessageFromVehicle_l dataType: 12,mByte=27,propid=0x214000a9
05-27 18:33:27.256   351   516 D automotive.vehicle@2.0-adayo-func-bcm: BCMFunc sendMessageFromVehicle_l msgBuff[27]=0x1,start:0,len:8,temp:8,
05-27 18:33:27.256   351   516 D automotive.vehicle@2.0-adayo-func-bcm: BCMFunc sendMessageFromVehicle_l prop: 0x214000a9 ,areaId: 0x0  SPLITE_BIT_DATA_INTEGER : 1
05-27 18:33:27.256   351   516 D automotive.vehicle@2.0-adayo-func-bcm: BCMFunc sendMessageFromVehicle_l id:557842601, area:0 not report! 
05-27 18:33:27.256   351   516 D automotive.vehicle@2.0-adayo-func-bcm: BCMFunc sendMessageFromVehicle_l dataType: 12,mByte=28,propid=0x214000aa
05-27 18:33:27.256   351   516 D automotive.vehicle@2.0-adayo-func-bcm: BCMFunc sendMessageFromVehicle_l msgBuff[28]=0x1,start:0,len:8,temp:8,
05-27 18:33:27.256   351   516 D automotive.vehicle@2.0-adayo-func-bcm: BCMFunc sendMessageFromVehicle_l prop: 0x214000aa ,areaId: 0x0  SPLITE_BIT_DATA_INTEGER : 1
05-27 18:33:27.256   351   516 D automotive.vehicle@2.0-adayo-func-bcm: BCMFunc sendMessageFromVehicle_l id:557842602, area:0 not report! 
05-27 18:33:27.256   351   516 D automotive.vehicle@2.0-adayo-func-bcm: BCMFunc sendMessageFromVehicle_l dataType: 12,mByte=29,propid=0x214000ab
05-27 18:33:27.256   351   516 D automotive.vehicle@2.0-adayo-func-bcm: BCMFunc sendMessageFromVehicle_l msgBuff[29]=0x1,start:0,len:8,temp:8,
05-27 18:33:27.256   351   516 D automotive.vehicle@2.0-adayo-func-bcm: BCMFunc sendMessageFromVehicle_l prop: 0x214000ab ,areaId: 0x0  SPLITE_BIT_DATA_INTEGER : 1
05-27 18:33:27.256   351   516 D automotive.vehicle@2.0-adayo-func-bcm: BCMFunc sendMessageFromVehicle_l id:557842603, area:0 not report! 
05-27 18:33:27.256   351   516 D automotive.vehicle@2.0-adayo-func-bcm: BCMFunc sendMessageFromVehicle_l dataType: 12,mByte=30,propid=0x214000ac
05-27 18:33:27.256   351   516 D automotive.vehicle@2.0-adayo-func-bcm: BCMFunc sendMessageFromVehicle_l msgBuff[30]=0x1,start:0,len:8,temp:8,
05-27 18:33:27.256   351   516 D automotive.vehicle@2.0-adayo-func-bcm: BCMFunc sendMessageFromVehicle_l prop: 0x214000ac ,areaId: 0x0  SPLITE_BIT_DATA_INTEGER : 1
05-27 18:33:27.256   351   516 D automotive.vehicle@2.0-adayo-func-bcm: BCMFunc sendMessageFromVehicle_l id:557842604, area:0 not report! 
05-27 18:33:27.256   351   516 D automotive.vehicle@2.0-adayo-func-bcm: BCMFunc sendMessageFromVehicle_l dataType: 12,mByte=31,propid=0x214000ad
05-27 18:33:27.256   351   516 D automotive.vehicle@2.0-adayo-func-bcm: BCMFunc sendMessageFromVehicle_l msgBuff[31]=0x1,start:0,len:8,temp:8,
05-27 18:33:27.256   351   516 D automotive.vehicle@2.0-adayo-func-bcm: BCMFunc sendMessageFromVehicle_l prop: 0x214000ad ,areaId: 0x0  SPLITE_BIT_DATA_INTEGER : 1
05-27 18:33:27.256   351   516 D automotive.vehicle@2.0-adayo-func-bcm: BCMFunc sendMessageFromVehicle_l id:557842605, area:0 not report! 
05-27 18:33:27.256   351   516 D automotive.vehicle@2.0-adayo-func-bcm: BCMFunc sendMessageFromVehicle_l dataType: 12,mByte=32,propid=0x214000ae
05-27 18:33:27.256   351   516 D automotive.vehicle@2.0-adayo-func-bcm: BCMFunc sendMessageFromVehicle_l msgBuff[32]=0x1,start:0,len:8,temp:8,
05-27 18:33:27.256   351   516 D automotive.vehicle@2.0-adayo-func-bcm: BCMFunc sendMessageFromVehicle_l prop: 0x214000ae ,areaId: 0x0  SPLITE_BIT_DATA_INTEGER : 1
05-27 18:33:27.257   351   516 D automotive.vehicle@2.0-adayo-func-bcm: BCMFunc sendMessageFromVehicle_l id:557842606, area:0 not report! 
05-27 18:33:27.257   351   516 D automotive.vehicle@2.0-adayo-func-bcm: BCMFunc sendMessageFromVehicle_l dataType: 12,mByte=33,propid=0x2140007a
05-27 18:33:27.257   351   516 D automotive.vehicle@2.0-adayo-func-bcm: BCMFunc sendMessageFromVehicle_l msgBuff[33]=0x1,start:0,len:8,temp:8,
05-27 18:33:27.257   351   516 D automotive.vehicle@2.0-adayo-func-bcm: BCMFunc sendMessageFromVehicle_l prop: 0x2140007a ,areaId: 0x0  SPLITE_BIT_DATA_INTEGER : 1
05-27 18:33:27.257   351   516 D automotive.vehicle@2.0-adayo-func-bcm: BCMFunc sendMessageFromVehicle_l id:557842554, area:0 not report! 
05-27 18:33:27.257  1041  1051 I ThermalCvtGovernor: soc(default) curTemp: 93594 tripTemp: 95000 setPollingDelay: 2000
05-27 18:33:27.257   351   516 D automotive.vehicle@2.0-adayo-func-bcm: BCMFunc sendMessageFromVehicle_l dataType: 12,mByte=34,propid=0x214000af
05-27 18:33:27.257   351   516 D automotive.vehicle@2.0-adayo-func-bcm: BCMFunc sendMessageFromVehicle_l msgBuff[34]=0x1,start:0,len:8,temp:8,
05-27 18:33:27.258   351   516 D automotive.vehicle@2.0-adayo-func-bcm: BCMFunc sendMessageFromVehicle_l prop: 0x214000af ,areaId: 0x0  SPLITE_BIT_DATA_INTEGER : 1
05-27 18:33:27.258   351   516 D automotive.vehicle@2.0-adayo-func-bcm: BCMFunc sendMessageFromVehicle_l id:557842607, area:0 not report! 
05-27 18:33:27.258   351   516 D automotive.vehicle@2.0-adayo-func-bcm: BCMFunc sendMessageFromVehicle_l dataType: 12,mByte=35,propid=0x21400079
05-27 18:33:27.258   351   351 D DefaultVehicleHal: setProperty setValues start
05-27 18:33:27.258   351   516 D automotive.vehicle@2.0-adayo-func-bcm: BCMFunc sendMessageFromVehicle_l msgBuff[35]=0x1,start:0,len:8,temp:8,
05-27 18:33:27.258   299 30841 D EvsDriver: Delivered 0xb400007b7ca56a60 as id 0
05-27 18:33:27.258   351   516 D automotive.vehicle@2.0-adayo-func-bcm: BCMFunc sendMessageFromVehicle_l prop: 0x21400079 ,areaId: 0x0  SPLITE_BIT_DATA_INTEGER : 1
05-27 18:33:27.258   351   351 D 2026-5-19:FakeVehicleHardware: setProperty FakeVehicleHardware  ID: 0x11500f31
05-27 18:33:27.258   351   516 D automotive.vehicle@2.0-adayo-func-bcm: BCMFunc sendMessageFromVehicle_l id:557842553, area:0 not report! 
05-27 18:33:27.258   351   351 D 2026-5-19:FakeVehicleHardware: setProperty id:0x11500f31,value:9874508
05-27 18:33:27.258  1167  1479 D evsmanagerd: /dev/video4 forwarded the buffer #0 to 0xb4000074bf5f6850 from 0xb4000074bf5f41d0
05-27 18:33:27.260   536   536 D commservice260303: msg.id = 1028,0
05-27 18:33:27.260   581   581 I SpiService: fgesysctrl_getGPIO_status success val=1
05-27 18:33:27.262   351   351 D DefaultVehicleHal: setProperty setValues end
05-27 18:33:27.263   536   536 D commservice260303: i = 170, msgid = 8A000404
05-27 18:33:27.263   351   368 D 2026-5-19:FakeVehicleHardware: setProperty FakeVehicleHardware  setValue START
05-27 18:33:27.263   536   536 D commservice260303: msgid = -1979710460,did=138
05-27 18:33:27.263   536   536 D commservice260303: CommProtocolLibCmdBaseI2C::dataproc {"command":{"id":"imu_status","sub":""},"content":{"TimeStamp":9,"FrameCounter":229944,"GD_X":-0.011300750076770782,"GD_Y":0.005039200186729431,"GD_Z":0.0019079053308814764,"AD_X":-0.004761233925819397,"AD_Y":0.0010568315628916025,"AD_Z":-0.16825485229492188,"TempDsp":0,"Status":0,"CalibState":1,"SigAmpInvalid":0}},-1979710460
05-27 18:33:27.263   351   368 D 2026-5-19:FakeVehicleHardware: setProperty FakeVehicleHardware  setValue end
05-27 18:33:27.263   536   536 D commservice260303: send2Cluster len:316, 7B22636F6D6D616E64223A7B226964223A22696D755F737461747573222C22737562223A22227D2C22636F6E74656E74223A7B2254696D655374616D70223A392C224672616D65436F756E746572223A3232393934342C2247445F58223A2D302E3031313330303735303037363737303738322C2247445F59223A302E3030353033393230303138363732393433312C2247445F5A223A302E303031393037393035333330383831343736342C2241445F58223A2D302E3030343736313233333932353831393339372C2241445F59223A302E303031303536383331353632383931363032352C2241445F5A223A2D302E31363832353438353232393439323138382C2254656D70447370223A302C22537461747573223A302C2243616C69625374617465223A312C22536967416D70496E76616C6964223A307D7D, 138 
05-27 18:33:27.263   536   536 D commservice260303: Push Message into SendPool fn=901841664
05-27 18:33:27.263   536   536 D commservice260303: ComProtocolLibSend2Cluster::send2ClusterRaw fn=901841664 , len=332
05-27 18:33:27.263   536   536 D commservice260303: sendCmdToPort :332!!!
05-27 18:33:27.263   299  1163 D EvsDriver: doneWithFrame
05-27 18:33:27.263   536   536 D commservice260303: send Cmd To Port ++++5AA501488A010003C1356A16C8777B22636F6D6D616E64223A7B226964223A22696D755F737461747573222C22737562223A22227D2C22636F6E74656E74223A7B2254696D655374616D70223A392C224672616D65436F756E746572223A3232393934342C2247445F58223A2D302E3031313330303735303037363737303738322C2247445F59223A302E3030353033393230303138363732393433312C2247445F5A223A302E303031393037393035333330383831343736342C2241445F58223A2D302E3030343736313233333932353831393339372C2241445F59223A302E303031303536383331353632383931363032352C2241445F5A223A2D302E31363832353438353232393439323138382C2254656D70447370223A302C22537461747573223A302C2243616C69625374617465223A312C22536967416D70496E76616C6964223A307D7D2B00
05-27 18:33:27.264   536   536 D commservice260303: bufferevent_write retrun value = 0
05-27 18:33:27.264   536   560 D commservice260303: client datas send succeed,send finish
05-27 18:33:27.265 13911 14192 D Sentinelmode_1.2.5.17_sentry: <SentryImuClusterFgeSender>imu_status sent to Linux, frame=229944, tsNs=9874492, tsMs=9, intervalMs=46, ad=(-0.004761234,0.0010568316,-0.16825485), gd=(-0.01130075,0.0050392,0.0019079053)
05-27 18:33:27.266 13911 14183 I SentryImuMcuAngleSender: 179.97197rollDeg
05-27 18:33:27.266 13911 14183 I SentryImuMcuAngleSender: 1,0,0
05-27 18:33:27.269   581   581 I SpiService: fgesysctrl_getGPIO_status success val=1
05-27 18:33:27.269  1008 30857 D [OMXB]  : usingANWBuffer: handle:0xee7406f0, format:1, w:1920, h:1080
05-27 18:33:27.271   566 11459 I gps_hdbd: nmea_cs <0> != calc_cs <8d>, return -1
05-27 18:33:27.275   581   581 I SpiService: fgesysctrl_getGPIO_status success val=1
05-27 18:33:27.277   283   307 I rvcservice: t.code = 3, t.value = 0
05-27 18:33:27.280   581   581 I SpiService: fgesysctrl_getGPIO_status success val=0
05-27 18:33:27.280   481   597 I mcuc    : send SPI:6AA602C6E300028900CA6AA602C6E400028900C9
05-27 18:33:27.280   299 30841 D EvsDriver: forwardFrame
05-27 18:33:27.282   299 30841 D EvsDriver: Delivered 0xb400007b7ca56a60 as id 0
05-27 18:33:27.282  1167  1479 D evsmanagerd: /dev/video4 forwarded the buffer #0 to 0xb4000074bf5f6850 from 0xb4000074bf5f41d0
05-27 18:33:27.282 30773 30781 I dvr_service_: [myNum:0][onFrameReceived] Received Surface:1 0
05-27 18:33:27.282 30773 30781 E dvr_service_: [myNum:0] Received S**** loss
05-27 18:33:27.283 30773 30786 I dvr_service_: CameraX 0  audioOK: 137583183,audios:2060
05-27 18:33:27.286 13911 14183 I SentryImuMcuAngleSender: 179.97197rollDeg
05-27 18:33:27.286 13911 14183 I SentryImuMcuAngleSender: 1,0,0
05-27 18:33:27.290   299 30844 D EvsDriver: forwardFrame
05-27 18:33:27.290   299  1163 D EvsDriver: doneWithFrame
05-27 18:33:27.291   299 30844 D EvsDriver: Delivered 0xb400007b7ca56900 as id 0
05-27 18:33:27.292  1167  1479 D evsmanagerd: /dev/video6 forwarded the buffer #0 to 0xb4000074bf5f5510 from 0xb4000074bf5f6d90
05-27 18:33:27.292 30773 30781 I dvr_service_: [myNum:1][onFrameReceived] Received Surface:1 0
05-27 18:33:27.292 30773 30781 E dvr_service_: [myNum:1] Received S**** loss
05-27 18:33:27.292   299  1163 D EvsDriver: doneWithFrame
05-27 18:33:27.294   581   581 I SpiService: fgesysctrl_getGPIO_status success val=1
05-27 08:24:36.259   581   581 D spi_rst_gpio_get_output: GPIO 145 value: 1
05-27 08:24:36.259   581   581 D spidev_ioctl: gpio status=1)
05-27 18:33:27.298   536   536 D commservice260303: msg.id = 1028,1
05-27 18:33:27.298   536   536 D commservice260303: i = 170, msgid = 8A000404
05-27 18:33:27.298   536   536 D commservice260303: msgid = -1979710460,did=138
05-27 18:33:27.298   536   536 D commservice260303: CommProtocolLibCmdBaseI2C::dataproc {"command":{"id":"imu_status","sub":""},"content":{"TimeStamp":9,"FrameCounter":229945,"GD_X":-0.011682018637657166,"GD_Y":0.004656890872865915,"GD_Z":0.0021378109231591225,"AD_X":-0.00292418897151947,"AD_Y":4.3226592242717743E-4,"AD_Z":-0.17069339752197266,"TempDsp":0,"Status":0,"CalibState":1,"SigAmpInvalid":0}},-1979710460
05-27 18:33:27.298   536   536 D commservice260303: send2Cluster len:315, 7B22636F6D6D616E64223A7B226964223A22696D755F737461747573222C22737562223A22227D2C22636F6E74656E74223A7B2254696D655374616D70223A392C224672616D65436F756E746572223A3232393934352C2247445F58223A2D302E3031313638323031383633373635373136362C2247445F59223A302E3030343635363839303837323836353931352C2247445F5A223A302E303032313337383130393233313539313232352C2241445F58223A2D302E30303239323431383839373135313934372C2241445F59223A342E33323236353932323432373137373433452D342C2241445F5A223A2D302E31373036393333393735323139373236362C2254656D70447370223A302C22537461747573223A302C2243616C69625374617465223A312C22536967416D70496E76616C6964223A307D7D, 138 
05-27 18:33:27.298   536   536 D commservice260303: Push Message into SendPool fn=918618880
05-27 18:33:27.298   536   536 D commservice260303: ComProtocolLibSend2Cluster::send2ClusterRaw fn=918618880 , len=331
05-27 18:33:27.298   536   536 D commservice260303: sendCmdToPort :331!!!
05-27 18:33:27.298   536   536 D commservice260303: send Cmd To Port ++++5AA501478A010003C1366A16C8777B22636F6D6D616E64223A7B226964223A22696D755F737461747573222C22737562223A22227D2C22636F6E74656E74223A7B2254696D655374616D70223A392C224672616D65436F756E746572223A3232393934352C2247445F58223A2D302E3031313638323031383633373635373136362C2247445F59223A302E3030343635363839303837323836353931352C2247445F5A223A302E303032313337383130393233313539313232352C2241445F58223A2D302E30303239323431383839373135313934372C2241445F59223A342E33323236353932323432373137373433452D342C2241445F5A223A2D302E31373036393333393735323139373236362C2254656D70447370223A302C22537461747573223A302C2243616C69625374617465223A312C22536967416D70496E76616C6964223A307D7DBDD8
05-27 18:33:27.298   536   536 D commservice260303: bufferevent_write retrun value = 0
05-27 18:33:27.298   536   560 D commservice260303: client datas send succeed,send finish
05-27 18:33:27.299 13911 14192 D Sentinelmode_1.2.5.17_sentry: <SentryImuClusterFgeSender>imu_status sent to Linux, frame=229945, tsNs=9874546, tsMs=9, intervalMs=33, ad=(-0.002924189,4.3226592E-4,-0.1706934), gd=(-0.011682019,0.004656891,0.002137811)
05-27 18:33:27.299 19196 19196 D CompatibilityChangeReporter: Compat change id reported: 171979766; UID 1000; state: ENABLED
05-27 18:33:27.300   581   581 I SpiService: fgesysctrl_getGPIO_status success val=1
05-27 18:33:27.300 30773 30785 I dvr_service_: [EncoderHandler::runMediaThread] runMediaThread started:1,state:1, cam2:started:1,state:1, lastSwitch:1, mIsMuxerStart:1,format:0,is_str_ing:0
05-27 08:24:36.262 19187 19187 I iowait  : 120ms [sync            ] sync
05-27 08:24:36.265   581   581 D spi_rst_gpio_get_output: GPIO 145 value: 1
05-27 08:24:36.265   581   581 D spidev_ioctl: gpio status=1)
05-27 18:33:27.305  1008 30856 D [OMXB]  : usingANWBuffer: handle:0xee744790, format:1, w:1920, h:1080
05-27 18:33:27.305   581   581 I SpiService: fgesysctrl_getGPIO_status success val=1
05-27 18:33:27.307 13911 14183 I SentryImuMcuAngleSender: 179.98248rollDeg
05-27 18:33:27.307 13911 14183 I SentryImuMcuAngleSender: 1,0,0
05-27 08:24:36.270   581   581 D spi_rst_gpio_get_output: GPIO 145 value: 1
05-27 08:24:36.270   581   581 D spidev_ioctl: gpio status=1)
05-27 18:33:27.311   581   581 I SpiService: fgesysctrl_getGPIO_status success val=1
05-27 08:24:36.276   581   581 D spi_rst_gpio_get_output: GPIO 145 value: 1
05-27 08:24:36.276   581   581 D spidev_ioctl: gpio status=1)
05-27 18:33:27.313   351   515 W automotive.vehicle@2.0-adayo-func-bcm: BCMFunc sendMessageFromClient_l sendMessage prop: 0x11500f31 not in table
05-27 18:33:27.313   572   622 I Sensors : 230 AccelSensor: x:-0.169580,y:0.003659,z:-9.975940
05-27 18:33:27.314 19196 19196 D CompatibilityInfo: applyToConfigurationCompat inoutConfig.densityDpi= 160
05-27 18:33:27.316   581   581 I SpiService: fgesysctrl_getGPIO_status success val=0
05-27 08:24:36.281   581   581 D spi_rst_gpio_get_output: GPIO 145 value: 0
05-27 08:24:36.281   581   581 D spidev_ioctl: gpio status=0)
05-27 08:24:36.295   581   581 D spi_rst_gpio_get_output: GPIO 145 value: 1
05-27 08:24:36.295   581   581 D spidev_ioctl: gpio status=1)
05-27 08:24:36.296 10047 10047 W         : AICWFDBG(LOGTRACE)	rwnx_send_msg (118)MM_GET_STA_INFO_CFM reqcfm:1 in_irq:0 in_softirq:0 in_atomic:0
05-27 08:24:36.296 10047 10047 W         : AICWFDBG(LOGTRACE)	rwnx_cmd_malloc get cmd_array[0]:000000004c96fbbb
05-27 08:24:36.297   354   354 W         : AICWFDBG(LOGDEBUG)	rwnx_rx_handle_msg msg->id:0x76
05-27 08:24:36.301   581   581 D spi_rst_gpio_get_output: GPIO 145 value: 1
05-27 08:24:36.301   581   581 D spidev_ioctl: gpio status=1)
05-27 08:24:36.302 10047 10047 W         : AICWFDBG(LOGTRACE)	rwnx_cmd_free cmd_array[0]:000000004c96fbbb
05-27 08:24:36.302 10047 10047 W         : AICWFDBG(LOGDEBUG)	rwnx_fill_station_info ModTx(2):5 TxIndex:9 ModRx(0):0 RxHTIndex:0 RxVHTIndex:0 RxHEIndex:0 RSSI:-40
05-27 08:24:36.307   581   581 D spi_rst_gpio_get_output: GPIO 145 value: 1
05-27 08:24:36.307   581   581 D spidev_ioctl: gpio status=1)
05-27 18:33:27.326   299 30841 D EvsDriver: forwardFrame
05-27 18:33:27.327   299 30844 D EvsDriver: forwardFrame
05-27 18:33:27.329  1008 30857 D [OMXB]  : usingANWBuffer: handle:0xee740e80, format:1, w:1920, h:1080
05-27 18:33:27.330   299 30841 D EvsDriver: Delivered 0xb400007b7ca56a60 as id 0
05-27 18:33:27.330 10188 11122 E WifiVendorHal: getWifiLinkLayerStats_1_6_Internal(l.1202) failed {.code = ERROR_UNKNOWN, .description = unknown error}
05-27 18:33:27.330  1167  1479 D evsmanagerd: /dev/video4 forwarded the buffer #0 to 0xb4000074bf5f6850 from 0xb4000074bf5f41d0
05-27 18:33:27.331   581   581 I SpiService: fgesysctrl_getGPIO_status success val=1
05-27 18:33:27.336   299  1163 D EvsDriver: doneWithFrame
05-27 08:24:36.312   581   581 D spi_rst_gpio_get_output: GPIO 145 value: 1
05-27 18:33:27.336  1167  1479 D evsmanagerd: /dev/video6 forwarded the buffer #0 to 0xb4000074bf5f5510 from 0xb4000074bf5f6d90
05-27 18:33:27.337   581   581 I SpiService: fgesysctrl_getGPIO_status success val=1
05-27 18:33:27.337   299 30844 D EvsDriver: Delivered 0xb400007b7ca56900 as id 0
05-27 18:33:27.340   536   536 D commservice260303: msg.id = 1028,0
05-27 18:33:27.340   536   536 D commservice260303: i = 170, msgid = 8A000404
05-27 18:33:27.340   536   536 D commservice260303: msgid = -1979710460,did=138
05-27 18:33:27.340   536   536 D commservice260303: CommProtocolLibCmdBaseI2C::dataproc {"command":{"id":"imu_status","sub":""},"content":{"TimeStamp":9,"FrameCounter":229946,"GD_X":-0.011910883709788322,"GD_Y":0.004809814505279064,"GD_Z":0.0017560218693688512,"AD_X":-0.004746928811073303,"AD_Y":0.0034681768156588078,"AD_Z":-0.17069339752197266,"TempDsp":0,"Status":0,"CalibState":1,"SigAmpInvalid":0}},-1979710460
05-27 18:33:27.340   536   536 D commservice260303: send2Cluster len:316, 7B22636F6D6D616E64223A7B226964223A22696D755F737461747573222C22737562223A22227D2C22636F6E74656E74223A7B2254696D655374616D70223A392C224672616D65436F756E746572223A3232393934362C2247445F58223A2D302E3031313931303838333730393738383332322C2247445F59223A302E3030343830393831343530353237393036342C2247445F5A223A302E303031373536303231383639333638383531322C2241445F58223A2D302E3030343734363932383831313037333330332C2241445F59223A302E303033343638313736383135363538383037382C2241445F5A223A2D302E31373036393333393735323139373236362C2254656D70447370223A302C22537461747573223A302C2243616C69625374617465223A312C22536967416D70496E76616C6964223A307D7D, 138 
05-27 18:33:27.340   536   536 D commservice260303: Push Message into SendPool fn=935396096
05-27 18:33:27.340   536   536 D commservice260303: ComProtocolLibSend2Cluster::send2ClusterRaw fn=935396096 , len=332
05-27 18:33:27.340   536   536 D commservice260303: sendCmdToPort :332!!!
05-27 18:33:27.340   536   536 D commservice260303: send Cmd To Port ++++5AA501488A010003C1376A16C8777B22636F6D6D616E64223A7B226964223A22696D755F737461747573222C22737562223A22227D2C22636F6E74656E74223A7B2254696D655374616D70223A392C224672616D65436F756E746572223A3232393934362C2247445F58223A2D302E3031313931303838333730393738383332322C2247445F59223A302E3030343830393831343530353237393036342C2247445F5A223A302E303031373536303231383639333638383531322C2241445F58223A2D302E3030343734363932383831313037333330332C2241445F59223A302E303033343638313736383135363538383037382C2241445F5A223A2D302E31373036393333393735323139373236362C2254656D70447370223A302C22537461747573223A302C2243616C69625374617465223A312C22536967416D70496E76616C6964223A307D7D9C3E
05-27 18:33:27.340   536   536 D commservice260303: bufferevent_write retrun value = 0
05-27 18:33:27.341   536   560 D commservice260303: client datas send succeed,send finish
05-27 18:33:27.341   299  1163 D EvsDriver: doneWithFrame
05-27 18:33:27.341 13911 14183 I SentryImuMcuAngleSender: 179.97899rollDeg
05-27 18:33:27.341 13911 14183 I SentryImuMcuAngleSender: 1,0,0
05-27 18:33:27.342 13911 14192 D Sentinelmode_1.2.5.17_sentry: <SentryImuClusterFgeSender>imu_status sent to Linux, frame=229946, tsNs=9874582, tsMs=9, intervalMs=43, ad=(-0.004746929,0.0034681768,-0.1706934), gd=(-0.011910884,0.0048098145,0.0017560219)
05-27 18:33:27.342   581   581 I SpiService: fgesysctrl_getGPIO_status success val=1
05-27 18:33:27.348   581   581 I SpiService: fgesysctrl_getGPIO_status success val=1
05-27 18:33:27.349   299 30841 D EvsDriver: forwardFrame
05-27 18:33:27.349   299 30844 D EvsDriver: forwardFrame
05-27 18:33:27.351   299 30841 D EvsDriver: Delivered 0xb400007b7ca56a60 as id 0
05-27 18:33:27.351  1167  1167 D evsmanagerd: /dev/video6 forwarded the buffer #0 to 0xb4000074bf5f5510 from 0xb4000074bf5f6d90
05-27 18:33:27.351  1167  1479 D evsmanagerd: /dev/video4 forwarded the buffer #0 to 0xb4000074bf5f6850 from 0xb4000074bf5f41d0
05-27 18:33:27.351   299 30844 D EvsDriver: Delivered 0xb400007b7ca56900 as id 0
05-27 18:33:27.353   581   581 I SpiService: fgesysctrl_getGPIO_status success val=1
05-27 18:33:27.354   299  1163 D EvsDriver: doneWithFrame
05-27 18:33:27.355   299  1163 D EvsDriver: doneWithFrame
05-27 08:24:36.312   581   581 D spidev_ioctl: gpio status=1)
05-27 08:24:36.318   581   581 D spi_rst_gpio_get_output: GPIO 145 value: 1
05-27 08:24:36.318   581   581 D spidev_ioctl: gpio status=1)
05-27 18:33:27.358 19196 19196 D adservices: Registering AdServices's TopicsManager.
05-27 18:33:27.359   581   581 I SpiService: fgesysctrl_getGPIO_status success val=0
05-27 08:24:36.323   581   581 D spi_rst_gpio_get_output: GPIO 145 value: 0
05-27 08:24:36.323   581   581 D spidev_ioctl: gpio status=0)
05-27 18:33:27.361 19196 19196 D CompatibilityInfo: applyToConfigurationCompat inoutConfig.densityDpi= 160
05-27 18:33:27.361   269   269 D libvintf: HalManifest::getHidlTransport(framework): Cannot find android.hardware.usb@1.0::IUsb/default
05-27 18:33:27.362 13911 14183 I SentryImuMcuAngleSender: 179.96848rollDeg
05-27 18:33:27.362 13911 14183 I SentryImuMcuAngleSender: 1,0,0
05-27 18:33:27.362   269   269 D libvintf: HalManifest::getHidlTransport(device): Cannot find android.hardware.usb@1.0::IUsb/default
05-27 18:33:27.362   269   269 I hwservicemanager: getTransport: Cannot find entry android.hardware.usb@1.0::IUsb/default in either framework or device VINTF manifest.
05-27 18:33:27.362 12348 12448 E ExtUsbManager: UsbHalController: android.hardware.usb.V1_0.IUsb getService failed!
05-27 18:33:27.362 12348 12448 E ExtUsbManager: java.util.NoSuchElementException
05-27 18:33:27.362 12348 12448 E ExtUsbManager: 	at android.os.HwBinder.getService(Native Method)
05-27 18:33:27.362 12348 12448 E ExtUsbManager: 	at android.os.HwBinder.getService(HwBinder.java:81)
05-27 18:33:27.362 12348 12448 E ExtUsbManager: 	at android.hardware.usb.V1_0.IUsb.getService(IUsb.java:74)
05-27 18:33:27.362 12348 12448 E ExtUsbManager: 	at android.hardware.usb.V1_0.IUsb.getService(IUsb.java:84)
05-27 18:33:27.362 12348 12448 E ExtUsbManager: 	at ts.car.usb.UsbHalController.createService(UsbHalController.java:37)
05-27 18:33:27.362 12348 12448 E ExtUsbManager: 	at ts.car.usb.UsbHalController.createService(UsbHalController.java:18)
05-27 18:33:27.362 12348 12448 E ExtUsbManager: 	at ts.car.usb.utils.AutoServiceConnector4Hidl.autoConnect(AutoServiceConnector4Hidl.java:47)
05-27 18:33:27.362 12348 12448 E ExtUsbManager: 	at ts.car.usb.utils.AutoServiceConnector4Hidl$$ExternalSyntheticLambda0.run(Unknown Source:2)
05-27 18:33:27.362 12348 12448 E ExtUsbManager: 	at android.os.Handler.handleCallback(Handler.java:942)
05-27 18:33:27.362 12348 12448 E ExtUsbManager: 	at android.os.Handler.dispatchMessage(Handler.java:99)
05-27 18:33:27.362 12348 12448 E ExtUsbManager: 	at android.os.Looper.loopOnce(Looper.java:201)
05-27 18:33:27.362 12348 12448 E ExtUsbManager: 	at android.os.Looper.loop(Looper.java:288)
05-27 18:33:27.362 12348 12448 E ExtUsbManager: 	at android.os.HandlerThread.run(HandlerThread.java:67)
05-27 18:33:27.363   269   269 D libvintf: HalManifest::getHidlTransport(framework): Cannot find vendor.ts.usbext@1.0::IUsbext/default
05-27 18:33:27.363   269   269 D libvintf: HalManifest::getHidlTransport(device): Cannot find vendor.ts.usbext@1.0::IUsbext/default
05-27 18:33:27.363   269   269 I hwservicemanager: getTransport: Cannot find entry vendor.ts.usbext@1.0::IUsbext/default in either framework or device VINTF manifest.
05-27 18:33:27.363 12348 12448 E ExtUsbManager: UsbHalExtController: vendor.ts.usbext.V1_0.IUsbext getService failed!
05-27 18:33:27.363 12348 12448 E ExtUsbManager: java.util.NoSuchElementException
05-27 18:33:27.363 12348 12448 E ExtUsbManager: 	at android.os.HwBinder.getService(Native Method)
05-27 18:33:27.363 12348 12448 E ExtUsbManager: 	at android.os.HwBinder.getService(HwBinder.java:81)
05-27 18:33:27.363 12348 12448 E ExtUsbManager: 	at vendor.ts.usbext.V1_0.IUsbext.getService(IUsbext.java:74)
05-27 18:33:27.363 12348 12448 E ExtUsbManager: 	at vendor.ts.usbext.V1_0.IUsbext.getService(IUsbext.java:84)
05-27 18:33:27.363 12348 12448 E ExtUsbManager: 	at ts.car.usb.UsbHalExtController.createService(UsbHalExtController.java:37)
05-27 18:33:27.363 12348 12448 E ExtUsbManager: 	at ts.car.usb.UsbHalExtController.createService(UsbHalExtController.java:18)
05-27 18:33:27.363 12348 12448 E ExtUsbManager: 	at ts.car.usb.utils.AutoServiceConnector4Hidl.autoConnect(AutoServiceConnector4Hidl.java:47)
05-27 18:33:27.363 12348 12448 E ExtUsbManager: 	at ts.car.usb.utils.AutoServiceConnector4Hidl$$ExternalSyntheticLambda0.run(Unknown Source:2)
05-27 18:33:27.363 12348 12448 E ExtUsbManager: 	at android.os.Handler.handleCallback(Handler.java:942)
05-27 18:33:27.363 12348 12448 E ExtUsbManager: 	at android.os.Handler.dispatchMessage(Handler.java:99)
05-27 18:33:27.363 12348 12448 E ExtUsbManager: 	at android.os.Looper.loopOnce(Looper.java:201)
05-27 18:33:27.363 12348 12448 E ExtUsbManager: 	at android.os.Looper.loop(Looper.java:288)
05-27 18:33:27.363 12348 12448 E ExtUsbManager: 	at android.os.HandlerThread.run(HandlerThread.java:67)
05-27 18:33:27.363   269   269 D libvintf: HalManifest::getHidlTransport(framework): Cannot find android.hardware.usb.gadget@1.0::IUsbGadget/default
05-27 18:33:27.363   269   269 D libvintf: HalManifest::getHidlTransport(device): Cannot find android.hardware.usb.gadget@1.0::IUsbGadget/default
05-27 18:33:27.364   269   269 I hwservicemanager: getTransport: Cannot find entry android.hardware.usb.gadget@1.0::IUsbGadget/default in either framework or device VINTF manifest.
05-27 18:33:27.364 12348 12448 E ExtUsbManager: UsbGadgetController: android.hardware.usb.gadget.V1_0.IUsbGadget getService failed!
05-27 18:33:27.364 12348 12448 E ExtUsbManager: java.util.NoSuchElementException
05-27 18:33:27.364 12348 12448 E ExtUsbManager: 	at android.os.HwBinder.getService(Native Method)
05-27 18:33:27.364 12348 12448 E ExtUsbManager: 	at android.os.HwBinder.getService(HwBinder.java:81)
05-27 18:33:27.364 12348 12448 E ExtUsbManager: 	at android.hardware.usb.gadget.V1_0.IUsbGadget.getService(IUsbGadget.java:74)
05-27 18:33:27.364 12348 12448 E ExtUsbManager: 	at android.hardware.usb.gadget.V1_0.IUsbGadget.getService(IUsbGadget.java:84)
05-27 18:33:27.364 12348 12448 E ExtUsbManager: 	at ts.car.usb.UsbGadgetController.createService(UsbGadgetController.java:36)
05-27 18:33:27.364 12348 12448 E ExtUsbManager: 	at ts.car.usb.UsbGadgetController.createService(UsbGadgetController.java:17)
05-27 18:33:27.364 12348 12448 E ExtUsbManager: 	at ts.car.usb.utils.AutoServiceConnector4Hidl.autoConnect(AutoServiceConnector4Hidl.java:47)
05-27 18:33:27.364 12348 12448 E ExtUsbManager: 	at ts.car.usb.utils.AutoServiceConnector4Hidl$$ExternalSyntheticLambda0.run(Unknown Source:2)
05-27 18:33:27.364 12348 12448 E ExtUsbManager: 	at android.os.Handler.handleCallback(Handler.java:942)
05-27 18:33:27.364 12348 12448 E ExtUsbManager: 	at android.os.Handler.dispatchMessage(Handler.java:99)
05-27 18:33:27.364 12348 12448 E ExtUsbManager: 	at android.os.Looper.loopOnce(Looper.java:201)
05-27 18:33:27.364 12348 12448 E ExtUsbManager: 	at android.os.Looper.loop(Looper.java:288)
05-27 18:33:27.364 12348 12448 E ExtUsbManager: 	at android.os.HandlerThread.run(HandlerThread.java:67)
05-27 18:33:27.366  1008 30856 D [OMXB]  : usingANWBuffer: handle:0xee742ed0, format:1, w:1920, h:1080
05-27 18:33:27.370 10188  6929 I DexManager: com.anwsdk.service loads from null-0 : 0 : /system/framework/javax.obex.jar
05-27 18:33:27.370 10188  6929 I DexManager: Could not find owning package for dex file: /system/framework/javax.obex.jar
05-27 18:33:27.373   581   581 I SpiService: fgesysctrl_getGPIO_status success val=1
05-27 08:24:36.337   581   581 D spi_rst_gpio_get_output: GPIO 145 value: 1
05-27 08:24:36.337   581   581 D spidev_ioctl: gpio status=1)
05-27 08:24:36.343   581   581 D spi_rst_gpio_get_output: GPIO 145 value: 1
05-27 08:24:36.343   581   581 D spidev_ioctl: gpio status=1)
05-27 18:33:27.377   283   307 I rvcservice: t.code = 7, t.value = 9874492
05-27 18:33:27.379   581   581 I SpiService: fgesysctrl_getGPIO_status success val=1
05-27 18:33:27.379   536   536 D commservice260303: msg.id = 1028,1
05-27 18:33:27.379   536   536 D commservice260303: i = 170, msgid = 8A000404
05-27 18:33:27.379   536   536 D commservice260303: msgid = -1979710460,did=138
05-27 18:33:27.379   536   536 D commservice260303: CommProtocolLibCmdBaseI2C::dataproc {"command":{"id":"imu_status","sub":""},"content":{"TimeStamp":9,"FrameCounter":229947,"GD_X":-0.011759000830352306,"GD_Y":0.005039200186729431,"GD_Z":0.0019848872907459736,"AD_X":-0.005341380834579468,"AD_Y":-2.0027952268719673E-4,"AD_Z":-0.16947364807128906,"TempDsp":0,"Status":0,"CalibState":1,"SigAmpInvalid":0}},-1979710460
05-27 18:33:27.379   536   536 D commservice260303: send2Cluster len:317, 7B22636F6D6D616E64223A7B226964223A22696D755F737461747573222C22737562223A22227D2C22636F6E74656E74223A7B2254696D655374616D70223A392C224672616D65436F756E746572223A3232393934372C2247445F58223A2D302E3031313735393030303833303335323330362C2247445F59223A302E3030353033393230303138363732393433312C2247445F5A223A302E303031393834383837323930373435393733362C2241445F58223A2D302E3030353334313338303833343537393436382C2241445F59223A2D322E30303237393532323638373139363733452D342C2241445F5A223A2D302E31363934373336343830373132383930362C2254656D70447370223A302C22537461747573223A302C2243616C69625374617465223A312C22536967416D70496E76616C6964223A307D7D, 138 
05-27 18:33:27.379   536   536 D commservice260303: Push Message into SendPool fn=952173312
05-27 18:33:27.379   536   536 D commservice260303: ComProtocolLibSend2Cluster::send2ClusterRaw fn=952173312 , len=333
05-27 18:33:27.379   536   536 D commservice260303: sendCmdToPort :333!!!
05-27 18:33:27.379   536   536 D commservice260303: send Cmd To Port ++++5AA501498A010003C1386A16C8777B22636F6D6D616E64223A7B226964223A22696D755F737461747573222C22737562223A22227D2C22636F6E74656E74223A7B2254696D655374616D70223A392C224672616D65436F756E746572223A3232393934372C2247445F58223A2D302E3031313735393030303833303335323330362C2247445F59223A302E3030353033393230303138363732393433312C2247445F5A223A302E303031393834383837323930373435393733362C2241445F58223A2D302E3030353334313338303833343537393436382C2241445F59223A2D322E30303237393532323638373139363733452D342C2241445F5A223A2D302E31363934373336343830373132383930362C2254656D70447370223A302C22537461747573223A302C2243616C69625374617465223A312C22536967416D70496E76616C6964223A307D7D9905
05-27 18:33:27.379   536   536 D commservice260303: bufferevent_write retrun value = 0
05-27 18:33:27.379   536   560 D commservice260303: client datas send succeed,send finish
05-27 18:33:27.380 13911 14192 D Sentinelmode_1.2.5.17_sentry: <SentryImuClusterFgeSender>imu_status sent to Linux, frame=229947, tsNs=9874618, tsMs=9, intervalMs=39, ad=(-0.005341381,-2.0027952E-4,-0.16947365), gd=(-0.011759001,0.0050392,0.0019848873)
05-27 18:33:27.381 13911 14183 I SentryImuMcuAngleSender: 179.986rollDeg
05-27 18:33:27.381 13911 14183 I SentryImuMcuAngleSender: 1,0,0
05-27 18:33:27.382   299 30844 D EvsDriver: forwardFrame
05-27 08:24:36.349   581   581 D spi_rst_gpio_get_output: GPIO 145 value: 1
05-27 08:24:36.349   581   581 D spidev_ioctl: gpio status=1)
05-27 18:33:27.383 19196 19196 W .service:remote: ClassLoaderContext shared library size mismatch. Expected=0, found=1 (PCL[] | PCL[]{PCL[/system/framework/javax.obex.jar*2267184930]})
05-27 18:33:27.383   299 30844 D EvsDriver: Delivered 0xb400007b7ca56900 as id 0
05-27 18:33:27.383  1167  1479 D evsmanagerd: /dev/video6 forwarded the buffer #0 to 0xb4000074bf5f5510 from 0xb4000074bf5f6d90
05-27 18:33:27.384   581   581 I SpiService: fgesysctrl_getGPIO_status success val=1
05-27 18:33:27.388   299  1163 D EvsDriver: doneWithFrame
05-27 18:33:27.390   581   581 I SpiService: fgesysctrl_getGPIO_status success val=1
05-27 08:24:36.355   581   581 D spi_rst_gpio_get_output: GPIO 145 value: 1
05-27 08:24:36.355   581   581 D spidev_ioctl: gpio status=1)
05-27 18:33:27.391   299 30841 D EvsDriver: forwardFrame
05-27 18:33:27.391   566 11459 I gps_hdbd: Received: '$GNGGA,004918.000,,,,,0,00,,,M,,M,,*62
'
05-27 18:33:27.392 10188  6929 I DexManager: com.anwsdk.service loads from com.anwsdk.service-1 : 0 : /system/app/BluetoothExt/BluetoothExt.apk
05-27 18:33:27.392   566 11459 I gps_hdbd: Received: '$GNGSA,A,1,,,,,,,,,,,,,,,,1*1D
'
05-27 18:33:27.393   299 30841 D EvsDriver: Delivered 0xb400007b7ca56a60 as id 0
05-27 18:33:27.393  1167  1479 D evsmanagerd: /dev/video4 forwarded the buffer #0 to 0xb4000074bf5f6850 from 0xb4000074bf5f41d0
05-27 18:33:27.395   299  1163 D EvsDriver: doneWithFrame
05-27 18:33:27.395   581   581 I SpiService: fgesysctrl_getGPIO_status success val=1
05-27 08:24:36.360   581   581 D spi_rst_gpio_get_output: GPIO 145 value: 1
05-27 08:24:36.360   581   581 D spidev_ioctl: gpio status=1)
05-27 18:33:27.398   566 11459 I gps_hdbd: Received: '$GNGSA,A,1,,,,,,,,,,,,,,,,3*1F
'
05-27 18:33:27.398   566 11459 I gps_hdbd: Received: '$GNGSA,A,1,,,,,,,,,,,,,,,,4*18
'
05-27 18:33:27.398   566 11459 I gps_hdbd: Received: '$BDGSV,1,1,00,1*75
'
05-27 18:33:27.401   581   581 I SpiService: fgesysctrl_getGPIO_status success val=0
05-27 18:33:27.402 13911 14183 I SentryImuMcuAngleSender: 179.98248rollDeg
05-27 18:33:27.402 13911 14183 I SentryImuMcuAngleSender: 1,0,0
05-27 18:33:27.402 19196 19196 D CompatibilityInfo: applyToConfigurationCompat inoutConfig.densityDpi= 160
05-27 18:33:27.403  1008 30857 D [OMXB]  : usingANWBuffer: handle:0xee740220, format:1, w:1920, h:1080
05-27 18:33:27.403   566 11459 I gps_hdbd: Received: '$BDGSV,1,1,00,5*71
'
05-27 08:24:36.365   581   581 D spi_rst_gpio_get_output: GPIO 145 value: 0
05-27 08:24:36.365   581   581 D spidev_ioctl: gpio status=0)
05-27 18:33:27.405   572   572 I Sensors : 230 GyroSensor: x:-0.012140,y:0.004734,z:0.001832
05-27 18:33:27.410   566 11459 I gps_hdbd: Received: '$GPGSV,1,1,01,199,42,165,,1*60
'
05-27 18:33:27.411   566 11459 I gps_hdbd: Received: '$GPGSV,1,1,00,8*6D
'
05-27 18:33:27.411   566 11459 I gps_hdbd: Received: '$GAGSV,1,1,00,7*73
'
05-27 18:33:27.413   481   598 I mcuc    : rev,n=1,6AA681C6E5000A8900A801040902123456ED
05-27 18:33:27.414  1121  1144 I tboxmids_ap: [2026-05-27 18:33:27.414] [MCU RX] src=MCU dst=ZMQ len=10 type=BINARY data=00 08 A8 01 04 09 02 12 34 56 
05-27 18:33:27.414   351   373 D automotive.vehicle@2.0-adayo-datacomm-mcu: MCUDatacomm sendMessageFromVehicle prop: 0x89, areaId: 0x0, status: 0xa8, timestamp: 0x1
05-27 18:33:27.414   351   373 D automotive.vehicle@2.0-adayo-datacomm-mcu: MCUDatacomm 1sendMessageFromVehicle ---> type = 12 
05-27 18:33:27.414  1083  1083 I MyAppLog: [2026-05-27 18:33:27.414 I tboxap mcuCommTboxmidsRecvCb:97] [Mcu] [mcuCommTboxmidsRecvCb] recv from tboxmids, size:10
05-27 18:33:27.414  1083  1083 I MyAppLog: [2026-05-27 18:33:27.414 I tboxap mcuCommTboxmidsRecvCb:98] [Mcu] [tboxmids -> tboxap]: :00 08 A8 01 04 09 02 12 34 56
05-27 18:33:27.414  1083  1083 I MyAppLog: [2026-05-27 18:33:27.414 I tboxap mcuPtlParseData:990] [Mcu] [Mcu  Parse]: (cmd):0902 (param):0902123456
05-27 18:33:27.414  1083  1083 W MyAppLog: [2026-05-27 18:33:27.414 W tboxap mcuParamDataRevPack:918] [Mcu] mcuParamDataRevPack start pack data!!!
05-27 18:33:27.415  1083  1083 W MyAppLog: [2026-05-27 18:33:27.414 W tboxap mcuHandlePowerReqInd:1739] [Mcu] [mcuHandlePowerReqInd] recv 0x0902 power req type:0x12
05-27 18:33:27.415   566 11459 I gps_hdbd: Received: '$GAGSV,1,1,00,1*75
'
05-27 18:33:27.415   581   581 I SpiService: fgesysctrl_getGPIO_status success val=1
05-27 08:24:36.380   581   581 D spi_rst_gpio_get_output: GPIO 145 value: 1
05-27 08:24:36.380   581   581 D spidev_ioctl: gpio status=1)
05-27 18:33:27.417   299 30841 D EvsDriver: forwardFrame
05-27 18:33:27.418   299 30841 D EvsDriver: Delivered 0xb400007b7ca56a60 as id 0
05-27 18:33:27.418  1167  1479 D evsmanagerd: /dev/video4 forwarded the buffer #0 to 0xb4000074bf5f6850 from 0xb4000074bf5f41d0
05-27 18:33:27.419   536   536 D commservice260303: msg.id = 1028,3
05-27 18:33:27.420   536   536 D commservice260303: i = 170, msgid = 8A000404
05-27 18:33:27.420   536   536 D commservice260303: msgid = -1979710460,did=138
05-27 18:33:27.420   536   536 D commservice260303: CommProtocolLibCmdBaseI2C::dataproc {"command":{"id":"imu_status","sub":""},"content":{"TimeStamp":9,"FrameCounter":229948,"GD_X":-0.012139749713242054,"GD_Y":0.004733873065561056,"GD_Z":0.0018319635419175029,"AD_X":-0.0035036802291870117,"AD_Y":0.002231309423223138,"AD_Z":-0.16825485229492188,"TempDsp":0,"Status":0,"CalibState":1,"SigAmpInvalid":0}},-1979710460
05-27 18:33:27.420   536   536 D commservice260303: send2Cluster len:316, 7B22636F6D6D616E64223A7B226964223A22696D755F737461747573222C22737562223A22227D2C22636F6E74656E74223A7B2254696D655374616D70223A392C224672616D65436F756E746572223A3232393934382C2247445F58223A2D302E3031323133393734393731333234323035342C2247445F59223A302E3030343733333837333036353536313035362C2247445F5A223A302E303031383331393633353431393137353032392C2241445F58223A2D302E303033353033363830323239313837303131372C2241445F59223A302E3030323233313330393432333232333133382C2241445F5A223A2D302E31363832353438353232393439323138382C2254656D70447370223A302C22537461747573223A302C2243616C69625374617465223A312C22536967416D70496E76616C6964223A307D7D, 138 
05-27 18:33:27.420   536   536 D commservice260303: Push Message into SendPool fn=968950528
05-27 18:33:27.420   536   536 D commservice260303: ComProtocolLibSend2Cluster::send2ClusterRaw fn=968950528 , len=332
05-27 18:33:27.420   536   536 D commservice260303: sendCmdToPort :332!!!
05-27 18:33:27.421   536   536 D commservice260303: send Cmd To Port ++++5AA501488A010003C1396A16C8777B22636F6D6D616E64223A7B226964223A22696D755F737461747573222C22737562223A22227D2C22636F6E74656E74223A7B2254696D655374616D70223A392C224672616D65436F756E746572223A3232393934382C2247445F58223A2D302E3031323133393734393731333234323035342C2247445F59223A302E3030343733333837333036353536313035362C2247445F5A223A302E303031383331393633353431393137353032392C2241445F58223A2D302E303033353033363830323239313837303131372C2241445F59223A302E3030323233313330393432333232333133382C2241445F5A223A2D302E31363832353438353232393439323138382C2254656D70447370223A302C22537461747573223A302C2243616C69625374617465223A312C22536967416D70496E76616C6964223A307D7DCCF4
05-27 18:33:27.421   536   536 D commservice260303: bufferevent_write retrun value = 0
05-27 18:33:27.421   581   581 I SpiService: fgesysctrl_getGPIO_status success val=1
05-27 18:33:27.421 13911 14192 D Sentinelmode_1.2.5.17_sentry: <SentryImuClusterFgeSender>imu_status sent to Linux, frame=229948, tsNs=9874655, tsMs=9, intervalMs=41, ad=(-0.0035036802,0.0022313094,-0.16825485), gd=(-0.01213975,0.004733873,0.0018319635)
05-27 18:33:27.421   536   560 D commservice260303: client datas send succeed,send finish
05-27 18:33:27.422   566 11459 I gps_hdbd: Received: '$GNRMC,004918.000,V,,,,,,,270526,120.0,E,N,V*41
'
05-27 18:33:27.422   566 11459 I gps_hdbd: RMC : CALL gnss_sv_status_cb, view_in_sat <1>
05-27 18:33:27.422   566 11459 I gps_hdbd: [reportSvStatus]--->PLATFORM_BSP::Enter
05-27 18:33:27.423   299 30844 D EvsDriver: forwardFrame
05-27 18:33:27.423 13911 14183 I SentryImuMcuAngleSender: 179.97197rollDeg
05-27 18:33:27.423 13911 14183 I SentryImuMcuAngleSender: 1,0,0
05-27 18:33:27.423   299  1163 D EvsDriver: doneWithFrame
05-27 18:33:27.423   566 11459 I gps_hdbd: hy abnormal deal:hy_cnr30_satellite_cnt=0
05-27 18:33:27.423   566 11459 D gps_hdbd: hy abnormal deal:hy_fixStatus_fail_count=0
05-27 18:33:27.424  1083  1083 W MyAppLog: [2026-05-27 18:33:27.422 W tboxap gpsSyncGpsInfoToDm:361] [Gps] [gpsSyncGpsInfoToDm] fix=0 mode=49 corner:0x01 alt=0.00 sat=0 hdop=0.00 pdop=0.00 vdop=0.00
05-27 18:33:27.424   566 11459 I gps_hdbd: Received: '$GNZDA,004918.000,27,05,2026,00,00*4A
'
05-27 08:24:36.385   581   581 D spi_rst_gpio_get_output: GPIO 145 value: 1
05-27 08:24:36.385   581   581 D spidev_ioctl: gpio status=1)
05-27 18:33:27.424   299 30844 D EvsDriver: Delivered 0xb400007b7ca56900 as id 0
05-27 18:33:27.424  1167  1479 D evsmanagerd: /dev/video6 forwarded the buffer #0 to 0xb4000074bf5f5510 from 0xb4000074bf5f6d90
05-27 18:33:27.425 19196 19196 D libEGL  : <.service:remote>[setCacheFilename]: file=/data/user_de/0/com.anwsdk.service/code_cache/com.android.opengl.shaders_cache
