05-27 08:24:40.113   581   581 D spi_rst_gpio_get_output: GPIO 145 value: 0
05-27 08:24:40.113   581   581 D spidev_ioctl: gpio status=0)
05-27 18:33:31.157   299  1153 D EvsDriver: doneWithFrame
05-27 18:33:31.158   299  1163 D EvsDriver: doneWithFrame
05-27 18:33:31.159  1008 30857 D [OMXB]  : usingANWBuffer: handle:0xee7442c0, format:1, w:1920, h:1080
05-27 18:33:31.165   581   581 I SpiService: fgesysctrl_getGPIO_status success val=1
05-27 08:24:40.129   581   581 D spi_rst_gpio_get_output: GPIO 145 value: 1
05-27 08:24:40.129   581   581 D spidev_ioctl: gpio status=1)
05-27 18:33:31.165  1083  1083 I MyAppLog: [2026-05-27 18:33:31.165 I tboxap mcuMainPeriodic100msTask:914] [Mcu] [mcuMainPeriodic100msTask] MCU version not ready, send 0x0981 item 0x01 retry:1
05-27 18:33:31.165  1083  1083 I MyAppLog: [2026-05-27 18:33:31.165 I tboxap mcuSendYadiTransfer:196] [Mcu] [mcuYadiSend]: :00 08 71 04 01 09 81 02 01 01
05-27 18:33:31.168   536   536 D commservice260303: msg.id = 1028,1
05-27 18:33:31.168   536   536 D commservice260303: i = 170, msgid = 8A000404
05-27 18:33:31.168   536   536 D commservice260303: msgid = -1979710460,did=138
05-27 18:33:31.168   536   536 D commservice260303: CommProtocolLibCmdBaseI2C::dataproc {"command":{"id":"imu_status","sub":""},"content":{"TimeStamp":9,"FrameCounter":230041,"GD_X":-0.012139749713242054,"GD_Y":0.00519212381914258,"GD_Z":0.0020608289632946253,"AD_X":-0.0035373270511627197,"AD_Y":-0.0027306757401674986,"AD_Z":-0.17191314697265625,"TempDsp":0,"Status":0,"CalibState":1,"SigAmpInvalid":0}},-1979710460
05-27 18:33:31.168   536   536 D commservice260303: send2Cluster len:317, 7B22636F6D6D616E64223A7B226964223A22696D755F737461747573222C22737562223A22227D2C22636F6E74656E74223A7B2254696D655374616D70223A392C224672616D65436F756E746572223A3233303034312C2247445F58223A2D302E3031323133393734393731333234323035342C2247445F59223A302E30303531393231323338313931343235382C2247445F5A223A302E303032303630383238393633323934363235332C2241445F58223A2D302E303033353337333237303531313632373139372C2241445F59223A2D302E303032373330363735373430313637343938362C2241445F5A223A2D302E31373139313331343639373236353632352C2254656D70447370223A302C22537461747573223A302C2243616C69625374617465223A312C22536967416D70496E76616C6964223A307D7D, 138 
05-27 18:33:31.168   536   536 D commservice260303: Push Message into SendPool fn=-1732181248
05-27 18:33:31.168   536   536 D commservice260303: ComProtocolLibSend2Cluster::send2ClusterRaw fn=-1732181248 , len=333
05-27 18:33:31.168   536   536 D commservice260303: sendCmdToPort :333!!!
05-27 18:33:31.168   536   536 D commservice260303: send Cmd To Port ++++5AA501498A010003C1986A16C87B7B22636F6D6D616E64223A7B226964223A22696D755F737461747573222C22737562223A22227D2C22636F6E74656E74223A7B2254696D655374616D70223A392C224672616D65436F756E746572223A3233303034312C2247445F58223A2D302E3031323133393734393731333234323035342C2247445F59223A302E30303531393231323338313931343235382C2247445F5A223A302E303032303630383238393633323934363235332C2241445F58223A2D302E303033353337333237303531313632373139372C2241445F59223A2D302E303032373330363735373430313637343938362C2241445F5A223A2D302E31373139313331343639373236353632352C2254656D70447370223A302C22537461747573223A302C2243616C69625374617465223A312C22536967416D70496E76616C6964223A307D7DAC06
05-27 18:33:31.168   536   536 D commservice260303: bufferevent_write retrun value = 0
05-27 18:33:31.169   536   560 D commservice260303: client datas send succeed,send finish
05-27 18:33:31.169 13911 14192 D Sentinelmode_1.2.5.17_sentry: <SentryImuClusterFgeSender>imu_status sent to Linux, frame=230041, tsNs=9878396, tsMs=9, intervalMs=45, ad=(-0.003537327,-0.0027306757,-0.17191315), gd=(-0.01213975,0.005192124,0.002060829)
05-27 18:33:31.169   481   599 I mcuc    : start timer OK = 27798 
05-27 18:33:31.170   581   581 I SpiService: fgesysctrl_getGPIO_status success val=1
05-27 18:33:31.171  1008 30856 D [OMXB]  : usingANWBuffer: handle:0xee743c90, format:1, w:1920, h:1080
05-27 08:24:40.135   581   581 D spi_rst_gpio_get_output: GPIO 145 value: 1
05-27 08:24:40.135   581   581 D spidev_ioctl: gpio status=1)
05-27 18:33:31.174 13911 14183 I SentryImuMcuAngleSender: 180.0rollDeg
05-27 18:33:31.174 13911 14183 I SentryImuMcuAngleSender: 1,0,0
05-27 18:33:31.174 19261 19261 D libEGL  : <.service:remote>[setCacheFilename]: file=/data/user_de/0/com.anwsdk.service/code_cache/com.android.opengl.shaders_cache
05-27 18:33:31.176   581   581 I SpiService: fgesysctrl_getGPIO_status success val=1
05-27 08:24:40.140   581   581 D spi_rst_gpio_get_output: GPIO 145 value: 1
05-27 08:24:40.140   581   581 D spidev_ioctl: gpio status=1)
05-27 08:24:40.146   581   581 D spi_rst_gpio_get_output: GPIO 145 value: 1
05-27 08:24:40.146   581   581 D spidev_ioctl: gpio status=1)
05-27 08:24:40.153   581   581 D spi_rst_gpio_get_output: GPIO 145 value: 0
05-27 08:24:40.153   581   581 D spidev_ioctl: gpio status=0)
05-27 18:33:31.179   299 30844 D EvsDriver: forwardFrame
05-27 18:33:31.179   299 30841 D EvsDriver: forwardFrame
05-27 18:33:31.181   581   581 I SpiService: fgesysctrl_getGPIO_status success val=1
05-27 18:33:31.182 10188 11505 E SSense.fps: We could not find the file :/sys/class/display/dispc0/frame_count
05-27 18:33:31.183  1167  1479 D evsmanagerd: /dev/video6 forwarded the buffer #0 to 0xb4000074bf5f5510 from 0xb4000074bf5f6d90
05-27 18:33:31.183   299 30844 D EvsDriver: Delivered 0xb400007b7ca56900 as id 0
05-27 18:33:31.184  1167  1479 D evsmanagerd: /dev/video4 forwarded the buffer #0 to 0xb4000074bf5f6850 from 0xb4000074bf5f41d0
05-27 18:33:31.184   283   307 I rvcservice: t.code = 7, t.value = 9878290
05-27 18:33:31.186   299 30841 D EvsDriver: Delivered 0xb400007b7ca56a60 as id 0
05-27 18:33:31.188 13911 14183 I SentryImuMcuAngleSender: [4, 18, 1, 0, 0],5
05-27 18:33:31.188 13911 14183 I McuCommManager: mcuCommSendcmd [4, 18, 1, 0, 0]
05-27 18:33:31.188   299  1163 D EvsDriver: doneWithFrame
05-27 18:33:31.188   581   581 I SpiService: fgesysctrl_getGPIO_status success val=0
05-27 18:33:31.188   481   597 I mcuc    : send SPI:6AA6016C9600F80901710401098102010100000000000000000000000000000000000000000000000000000000000000000000000000000000000000000000000000000000000000000000000000000000000000000000000000000000000000000000000000000000000000000000000000000000000000000000000000000000000000000000000000000000000000000000000000000000000000000000000000000000000000000000000000000000000000000000000000000000000000000000000000000000000000000000000000000000000000000000000000000000000000000000000000000000000000000000000000000000000000000000F7
05-27 18:33:31.190   299  1163 D EvsDriver: doneWithFrame
05-27 18:33:31.193 13911 14183 I SentryImuMcuAngleSender: true
05-27 18:33:31.193 13911 14183 W Sentinelmode_1.2.5.17_sentry: <SentryImuMcuAngleSender>MCU IMU send interval abnormal: 1002ms
05-27 18:33:31.195 13911 14183 I SentryImuMcuAngleSender: 179.98598rollDeg
05-27 18:33:31.195 13911 14183 I SentryImuMcuAngleSender: 1,0,0
05-27 18:33:31.197  1008 30857 D [OMXB]  : usingANWBuffer: handle:0xee7467e0, format:1, w:1920, h:1080
05-27 18:33:31.203   481   598 I mcuc    : rev,n=1,6AA681C6F9008C8305000055000000B000000000000100010000F80EC3B1D3A5E7C3D6C3D3D7B6C3D587A7C3D6B2D32F831FA66300000000040000B3000000000000000000000000000000B44300000000000300000000000000AA000000E40701010000000000000000BB06050507EA051B000008009403CB00CC000000000000000000000000000000B5000000000000000043
05-27 18:33:31.203   351   373 D automotive.vehicle@2.0-adayo-datacomm-mcu: MCUDatacomm sendMessageFromVehicle prop: 0x83, areaId: 0x5, status: 0x0, timestamp: 0x0
05-27 18:33:31.204   351   373 D automotive.vehicle@2.0-adayo-datacomm-mcu: MCUDatacomm 1sendMessageFromVehicle ---> type = 7 
05-27 18:33:31.204   351   373 I automotive.vehicle@2.0-adayo-func-mcu: MCUFunc :sendMessageFromVehicle  msgBuff[0] = 131 
05-27 18:33:31.204   351   373 I automotive.vehicle@2.0-adayo-func-mcu: MCUFunc :sendMessageFromVehicle  msgBuff[1] = 5 
05-27 18:33:31.204   351   373 I automotive.vehicle@2.0-adayo-func-mcu: MCUFunc :sendMessageFromVehicle  msgBuff[2] = 0 
05-27 18:33:31.204   351   373 I automotive.vehicle@2.0-adayo-func-mcu: MCUFunc :sendMessageFromVehicle  msgBuff[3] = 0 
05-27 18:33:31.204   351   373 I automotive.vehicle@2.0-adayo-func-mcu: MCUFunc :sendMessageFromVehicle  msgBuff[4] = 85 
05-27 18:33:31.204   351   373 I automotive.vehicle@2.0-adayo-func-mcu: MCUFunc :sendMessageFromVehicle  msgBuff[5] = 0 
05-27 18:33:31.205   581   581 I SpiService: fgesysctrl_getGPIO_status success val=1
05-27 18:33:31.206   481   598 I mcuc    : rev,n=2,6AA681C6FA009E8B30025501020403A0030000030100000100000000002901A100000000003B000202000002020002A208FA29018000028000038000048000A3058000068000070000080000000000A4000000000000000000000101000700A502000000000102000200FF0100A656DD01010101010000000101010000000A0A0A0000010101040402020000000000000000000000000000000000000000000000000000EE64
05-27 18:33:31.207 19261 19261 D NetworkSecurityConfig: No Network Security Config specified, using platform default
05-27 18:33:31.208   481   598 I mcuc    : rev,n=3,6AA681C6FB00388B31000000000000000000F1000208FA00000000F20004EBE000000000F30000000000000000F400000000000000000000000000000002F536
05-27 08:24:40.170   581   581 D spi_rst_gpio_get_output: GPIO 145 value: 1
05-27 08:24:40.170   581   581 D spidev_ioctl: gpio status=1)
05-27 18:33:31.209   536   536 D commservice260303: msg.id = 1028,0
05-27 18:33:31.209   536   536 D commservice260303: i = 170, msgid = 8A000404
05-27 18:33:31.209   536   536 D commservice260303: msgid = -1979710460,did=138
05-27 18:33:31.209   536   536 D commservice260303: CommProtocolLibCmdBaseI2C::dataproc {"command":{"id":"imu_status","sub":""},"content":{"TimeStamp":9,"FrameCounter":230042,"GD_X":-0.012063807807862759,"GD_Y":0.005420989356935024,"GD_Z":0.0019848872907459736,"AD_X":-0.0023161470890045166,"AD_Y":-2.7989502996206284E-4,"AD_Z":-0.16703414916992188,"TempDsp":0,"Status":0,"CalibState":1,"SigAmpInvalid":0}},-1979710460
05-27 18:33:31.209   536   536 D commservice260303: send2Cluster len:318, 7B22636F6D6D616E64223A7B226964223A22696D755F737461747573222C22737562223A22227D2C22636F6E74656E74223A7B2254696D655374616D70223A392C224672616D65436F756E746572223A3233303034322C2247445F58223A2D302E3031323036333830373830373836323735392C2247445F59223A302E3030353432303938393335363933353032342C2247445F5A223A302E303031393834383837323930373435393733362C2241445F58223A2D302E303032333136313437303839303034353136362C2241445F59223A2D322E37393839353032393936323036323834452D342C2241445F5A223A2D302E31363730333431343931363939323138382C2254656D70447370223A302C22537461747573223A302C2243616C69625374617465223A312C22536967416D70496E76616C6964223A307D7D, 138 
05-27 18:33:31.209   536   536 D commservice260303: Push Message into SendPool fn=-1715404032
05-27 18:33:31.209   536   536 D commservice260303: ComProtocolLibSend2Cluster::send2ClusterRaw fn=-1715404032 , len=334
05-27 18:33:31.209   536   536 D commservice260303: sendCmdToPort :334!!!
05-27 18:33:31.209   536   536 D commservice260303: send Cmd To Port ++++5AA5014A8A010003C1996A16C87B7B22636F6D6D616E64223A7B226964223A22696D755F737461747573222C22737562223A22227D2C22636F6E74656E74223A7B2254696D655374616D70223A392C224672616D65436F756E746572223A3233303034322C2247445F58223A2D302E3031323036333830373830373836323735392C2247445F59223A302E3030353432303938393335363933353032342C2247445F5A223A302E303031393834383837323930373435393733362C2241445F58223A2D302E303032333136313437303839303034353136362C2241445F59223A2D322E37393839353032393936323036323834452D342C2241445F5A223A2D302E31363730333431343931363939323138382C2254656D70447370223A302C22537461747573223A302C2243616C69625374617465223A312C22536967416D70496E76616C6964223A307D7D6425
05-27 18:33:31.210   536   536 D commservice260303: bufferevent_write retrun value = 0
05-27 08:24:40.175   581   581 D spi_rst_gpio_get_output: GPIO 145 value: 1
05-27 08:24:40.175   581   581 D spidev_ioctl: gpio status=1)
05-27 18:33:31.210 19261 19261 D NetworkSecurityConfig: No Network Security Config specified, using platform default
05-27 18:33:31.210   536   560 D commservice260303: client datas send succeed,send finish
05-27 18:33:31.210 13911 14192 D Sentinelmode_1.2.5.17_sentry: <SentryImuClusterFgeSender>imu_status sent to Linux, frame=230042, tsNs=9878450, tsMs=9, intervalMs=42, ad=(-0.002316147,-2.7989503E-4,-0.16703415), gd=(-0.012063808,0.0054209894,0.0019848873)
05-27 18:33:31.211   581   581 I SpiService: fgesysctrl_getGPIO_status success val=1
05-27 18:33:31.216 13911 14183 I SentryImuMcuAngleSender: 179.98598rollDeg
05-27 18:33:31.216 13911 14183 I SentryImuMcuAngleSender: 1,0,0
05-27 18:33:31.216   581   581 I SpiService: fgesysctrl_getGPIO_status success val=1
05-27 08:24:40.181   581   581 D spi_rst_gpio_get_output: GPIO 145 value: 1
05-27 08:24:40.181   581   581 D spidev_ioctl: gpio status=1)
05-27 18:33:31.217   299 30844 D EvsDriver: forwardFrame
05-27 18:33:31.218   299 30841 D EvsDriver: forwardFrame
05-27 18:33:31.218   299 30844 D EvsDriver: Delivered 0xb400007b7ca56900 as id 0
05-27 18:33:31.218  1167  1479 D evsmanagerd: /dev/video6 forwarded the buffer #0 to 0xb4000074bf5f5510 from 0xb4000074bf5f6d90
05-27 18:33:31.220  1167  1479 D evsmanagerd: /dev/video4 forwarded the buffer #0 to 0xb4000074bf5f6850 from 0xb4000074bf5f41d0
05-27 18:33:31.221   299 30841 D EvsDriver: Delivered 0xb400007b7ca56a60 as id 0
05-27 18:33:31.222   581   581 I SpiService: fgesysctrl_getGPIO_status success val=1
05-27 18:33:31.225   299  1163 D EvsDriver: doneWithFrame
05-27 18:33:31.226  1008 30856 D [OMXB]  : usingANWBuffer: handle:0xee746310, format:1, w:1920, h:1080
05-27 18:33:31.226   299  1153 D EvsDriver: doneWithFrame
05-27 18:33:31.228   581   581 I SpiService: fgesysctrl_getGPIO_status success val=0
05-27 18:33:31.228   481   597 I mcuc    : send SPI:6AA6006C9700050412010000E16AA602C6F900028305B56AA602C6FA00028B30816AA602C6FB00028B317F
05-27 18:33:31.236   572   622 I Sensors : 230 AccelSensor: x:-0.169580,y:0.004880,z:-9.973500
05-27 18:33:31.236 13911 14183 I SentryImuMcuAngleSender: 179.98598rollDeg
05-27 18:33:31.236 13911 14183 I SentryImuMcuAngleSender: 1,0,0
05-27 08:24:40.187   581   581 D spidev_ioctl: gpio status=1)
05-27 08:24:40.193   581   581 D spi_rst_gpio_get_output: GPIO 145 value: 0
05-27 08:24:40.193   581   581 D spidev_ioctl: gpio status=0)
05-27 18:33:31.238  1008 30857 D [OMXB]  : usingANWBuffer: handle:0xee743be0, format:1, w:1920, h:1080
05-27 18:33:31.239 30773 30789 I dvr_service_: Camera 1: MediaOK:138462910, frames:3170, isKeyFrame:0,pts:9875086504
05-27 18:33:31.240   481   598 I mcuc    : rev,n=1,6AA6826C960002090170
05-27 18:33:31.244   581   581 I SpiService: fgesysctrl_getGPIO_status success val=1
05-27 08:24:40.208   581   581 D spi_rst_gpio_get_output: GPIO 145 value: 1
05-27 08:24:40.208   581   581 D spidev_ioctl: gpio status=1)
05-27 18:33:31.247   299 30841 D EvsDriver: forwardFrame
05-27 18:33:31.249   536   536 D commservice260303: msg.id = 1028,0
05-27 18:33:31.249   536   536 D commservice260303: i = 170, msgid = 8A000404
05-27 18:33:31.249   536   536 D commservice260303: msgid = -1979710460,did=138
05-27 18:33:31.249   536   536 D commservice260303: CommProtocolLibCmdBaseI2C::dataproc {"command":{"id":"imu_status","sub":""},"content":{"TimeStamp":9,"FrameCounter":230043,"GD_X":-0.011910883709788322,"GD_Y":0.005345047451555729,"GD_Z":0.0016030981205403805,"AD_X":-0.0035361051559448242,"AD_Y":0.0021541554015129805,"AD_Z":-0.16825485229492188,"TempDsp":0,"Status":0,"CalibState":1,"SigAmpInvalid":0}},-1979710460
05-27 18:33:31.249   581   581 I SpiService: fgesysctrl_getGPIO_status success val=1
05-27 18:33:31.249   536   536 D commservice260303: send2Cluster len:317, 7B22636F6D6D616E64223A7B226964223A22696D755F737461747573222C22737562223A22227D2C22636F6E74656E74223A7B2254696D655374616D70223A392C224672616D65436F756E746572223A3233303034332C2247445F58223A2D302E3031313931303838333730393738383332322C2247445F59223A302E3030353334353034373435313535353732392C2247445F5A223A302E303031363033303938313230353430333830352C2241445F58223A2D302E303033353336313035313535393434383234322C2241445F59223A302E303032313534313535343031353132393830352C2241445F5A223A2D302E31363832353438353232393439323138382C2254656D70447370223A302C22537461747573223A302C2243616C69625374617465223A312C22536967416D70496E76616C6964223A307D7D, 138 
05-27 18:33:31.249   536   536 D commservice260303: Push Message into SendPool fn=-1698626816
05-27 18:33:31.249   536   536 D commservice260303: ComProtocolLibSend2Cluster::send2ClusterRaw fn=-1698626816 , len=333
05-27 18:33:31.249   536   536 D commservice260303: sendCmdToPort :333!!!
05-27 18:33:31.249   536   536 D commservice260303: send Cmd To Port ++++5AA501498A010003C19A6A16C87B7B22636F6D6D616E64223A7B226964223A22696D755F737461747573222C22737562223A22227D2C22636F6E74656E74223A7B2254696D655374616D70223A392C224672616D65436F756E746572223A3233303034332C2247445F58223A2D302E3031313931303838333730393738383332322C2247445F59223A302E3030353334353034373435313535353732392C2247445F5A223A302E303031363033303938313230353430333830352C2241445F58223A2D302E303033353336313035313535393434383234322C2241445F59223A302E303032313534313535343031353132393830352C2241445F5A223A2D302E31363832353438353232393439323138382C2254656D70447370223A302C22537461747573223A302C2243616C69625374617465223A312C22536967416D70496E76616C6964223A307D7D4C57
05-27 18:33:31.249   536   536 D commservice260303: bufferevent_write retrun value = 0
05-27 18:33:31.250   536   560 D commservice260303: client datas send succeed,send finish
05-27 18:33:31.250 13911 14192 D Sentinelmode_1.2.5.17_sentry: <SentryImuClusterFgeSender>imu_status sent to Linux, frame=230043, tsNs=9878486, tsMs=9, intervalMs=39, ad=(-0.0035361052,0.0021541554,-0.16825485), gd=(-0.011910884,0.0053450475,0.0016030981)
05-27 18:33:31.250   299 30841 D EvsDriver: Delivered 0xb400007b7ca56a60 as id 0
05-27 18:33:31.250  1167  1479 D evsmanagerd: /dev/video4 forwarded the buffer #0 to 0xb4000074bf5f6850 from 0xb4000074bf5f41d0
05-27 08:24:40.214   581   581 D spi_rst_gpio_get_output: GPIO 145 value: 1
05-27 08:24:40.214   581   581 D spidev_ioctl: gpio status=1)
05-27 18:33:31.254   299  1153 D EvsDriver: doneWithFrame
05-27 18:33:31.255   581   581 I SpiService: fgesysctrl_getGPIO_status success val=1
05-27 08:24:40.219   581   581 D spi_rst_gpio_get_output: GPIO 145 value: 1
05-27 08:24:40.219   581   581 D spidev_ioctl: gpio status=1)
05-27 18:33:31.256 19261 19261 I ANWJNI_SECOND: +++ JNI_OnLoad
05-27 08:24:40.225   581   581 D spi_rst_gpio_get_output: GPIO 145 value: 1
05-27 08:24:40.225   581   581 D spidev_ioctl: gpio status=1)
05-27 18:33:31.256 19261 19261 I ANWJNI_SECOND: +++ registerNativeMethods
05-27 18:33:31.256 19261 19261 I ANWJNI_SECOND: numMethods = 245
05-27 18:33:31.257 13911 14183 I SentryImuMcuAngleSender: 179.97546rollDeg
05-27 18:33:31.257 13911 14183 I SentryImuMcuAngleSender: 1,0,0
05-27 18:33:31.257 11344 11344 E SystemUI_NavBarFragment: SysUIConfig.icCarServiceConnected：false
05-27 18:33:31.258 19261 19261 I ANWJNI_SECOND: --- registerNativeMethods
05-27 18:33:31.258   299 30844 D EvsDriver: forwardFrame
05-27 18:33:31.259   299 30844 D EvsDriver: Delivered 0xb400007b7ca56900 as id 0
05-27 18:33:31.259 19261 19261 D ANWJNI_SECOND: (19261|0x5467E4F8)[BTAPP] read XML config file
05-27 18:33:31.259 19261 19261 D ANWJNI_SECOND: 
05-27 18:33:31.259 19261 19261 D ANWJNI_SECOND: (19261|0x5467E4F8)[BTAPP] run Read (/system/etc/bluetooth/btmonitor-config_second.xml) Start
05-27 18:33:31.259 19261 19261 D ANWJNI_SECOND: 
05-27 18:33:31.259  1167  1479 D evsmanagerd: /dev/video6 forwarded the buffer #0 to 0xb4000074bf5f5510 from 0xb4000074bf5f6d90
05-27 18:33:31.259 19261 19261 D ANWJNI_SECOND: (19261|0x5467E4F8)[BTAPP] run Read (btmonitor-config.xml) source_data != NULL
05-27 18:33:31.259 19261 19261 D ANWJNI_SECOND: 
05-27 18:33:31.259 19261 19261 D ANWJNI_SECOND: (19261|0x5467E4F8)[BTAPP] XML : find HID setting
05-27 18:33:31.259 19261 19261 D ANWJNI_SECOND: 
05-27 18:33:31.259 19261 19261 D ANWJNI_SECOND: (19261|0x5467E4F8)[BTAPP] HID set(close)
05-27 18:33:31.259 19261 19261 D ANWJNI_SECOND: 
05-27 18:33:31.260 19261 19261 D ANWJNI_SECOND: (19261|0x5467E4F8)[BTAPP] XML : find SPP setting
05-27 18:33:31.260 19261 19261 D ANWJNI_SECOND: 
05-27 18:33:31.260 19261 19261 D ANWJNI_SECOND: (19261|0x5467E4F8)[BTAPP] SPP set(close)
05-27 18:33:31.260 19261 19261 D ANWJNI_SECOND: 
05-27 18:33:31.260 19261 19261 D ANWJNI_SECOND: (19261|0x5467E4F8)[BTAPP] XML : find PINCode setting
05-27 18:33:31.260 19261 19261 D ANWJNI_SECOND: 
05-27 18:33:31.260 19261 19261 D ANWJNI_SECOND: (19261|0x5467E4F8)[BTAPP] PinCode set(close)
05-27 18:33:31.260 19261 19261 D ANWJNI_SECOND: 
05-27 18:33:31.260 19261 19261 D ANWJNI_SECOND: (19261|0x5467E4F8)[BTAPP] get setpincode data fail
05-27 18:33:31.260 19261 19261 D ANWJNI_SECOND: 
05-27 18:33:31.260 19261 19261 D ANWJNI_SECOND: (19261|0x5467E4F8)[BTAPP] get set_legacy_pin data fail
05-27 18:33:31.260 19261 19261 D ANWJNI_SECOND: 
05-27 18:33:31.260 19261 19261 D ANWJNI_SECOND: (19261|0x5467E4F8)[BTAPP] XML : find spp_uuid setting
05-27 18:33:31.260 19261 19261 D ANWJNI_SECOND: 
05-27 18:33:31.260 19261 19261 D ANWJNI_SECOND: (19261|0x5467E4F8)[BTAPP] XML : ca_spp_uuid len(32)
05-27 18:33:31.260 19261 19261 D ANWJNI_SECOND: 
05-27 18:33:31.260 19261 19261 D ANWJNI_SECOND: (19261|0x5467E4F8)[BTAPP] XML : SPP_UUID_fromXML len(16):(
05-27 18:33:31.260 19261 19261 D ANWJNI_SECOND: (19261|0x5467E4F8)[BTAPP] 0xfa 
05-27 18:33:31.260 19261 19261 D ANWJNI_SECOND: (19261|0x5467E4F8)[BTAPP] 0xeb 
05-27 18:33:31.260  1008 30856 D [OMXB]  : usingANWBuffer: handle:0xee742a00, format:1, w:1920, h:1080
05-27 18:33:31.260 19261 19261 D ANWJNI_SECOND: (19261|0x5467E4F8)[BTAPP] 0xdc 
05-27 18:33:31.260 19261 19261 D ANWJNI_SECOND: (19261|0x5467E4F8)[BTAPP] 0x12 
05-27 18:33:31.260 19261 19261 D ANWJNI_SECOND: (19261|0x5467E4F8)[BTAPP] 0x7 
05-27 18:33:31.260 19261 19261 D ANWJNI_SECOND: (19261|0x5467E4F8)[BTAPP] 0x2c 
05-27 18:33:31.260   581   581 I SpiService: fgesysctrl_getGPIO_status success val=1
05-27 18:33:31.260 19261 19261 D ANWJNI_SECOND: (19261|0x5467E4F8)[BTAPP] 0xb0 
05-27 18:33:31.260 19261 19261 D ANWJNI_SECOND: (19261|0x5467E4F8)[BTAPP] 0xa4 
05-27 18:33:31.260 19261 19261 D ANWJNI_SECOND: (19261|0x5467E4F8)[BTAPP] 0x10 
05-27 18:33:31.260 19261 19261 D ANWJNI_SECOND: (19261|0x5467E4F8)[BTAPP] 0xa 
05-27 18:33:31.261 19261 19261 D ANWJNI_SECOND: (19261|0x5467E4F8)[BTAPP] 0x5a 
05-27 18:33:31.261 19261 19261 D ANWJNI_SECOND: (19261|0x5467E4F8)[BTAPP] 0x61 
05-27 18:33:31.261 19261 19261 D ANWJNI_SECOND: (19261|0x5467E4F8)[BTAPP] 0x8d 
05-27 18:33:31.261 19261 19261 D ANWJNI_SECOND: (19261|0x5467E4F8)[BTAPP] 0xc9 
05-27 18:33:31.261 19261 19261 D ANWJNI_SECOND: (19261|0x5467E4F8)[BTAPP] 0x40 
05-27 18:33:31.261 19261 19261 D ANWJNI_SECOND: (19261|0x5467E4F8)[BTAPP] 0x1c 
05-27 18:33:31.261 19261 19261 D ANWJNI_SECOND: (19261|0x5467E4F8)[BTAPP] )
05-27 18:33:31.261 19261 19261 D ANWJNI_SECOND: 
05-27 18:33:31.261 19261 19261 D ANWJNI_SECOND: (19261|0x5467E4F8)[BTAPP] XML : find Apple spp_uuid setting
05-27 18:33:31.261 19261 19261 D ANWJNI_SECOND: 
05-27 18:33:31.261 19261 19261 D ANWJNI_SECOND: (19261|0x5467E4F8)[BTAPP] XML : Apple ca_spp_uuid len(32)
05-27 18:33:31.261 19261 19261 D ANWJNI_SECOND: 
05-27 18:33:31.261 19261 19261 D ANWJNI_SECOND: (19261|0x5467E4F8)[BTAPP] XML : Apple SPP_UUID_fromXML len(16):(
05-27 18:33:31.261 19261 19261 D ANWJNI_SECOND: (19261|0x5467E4F8)[BTAPP] 0x0 
05-27 18:33:31.261   299  1153 D EvsDriver: doneWithFrame
05-27 18:33:31.261 19261 19261 D ANWJNI_SECOND: (19261|0x5467E4F8)[BTAPP] 0x0 
05-27 18:33:31.261 19261 19261 D ANWJNI_SECOND: (19261|0x5467E4F8)[BTAPP] 0x0 
05-27 18:33:31.261 19261 19261 D ANWJNI_SECOND: (19261|0x5467E4F8)[BTAPP] 0x0 
05-27 18:33:31.261 19261 19261 D ANWJNI_SECOND: (19261|0x5467E4F8)[BTAPP] 0xde 
05-27 18:33:31.261 19261 19261 D ANWJNI_SECOND: (19261|0x5467E4F8)[BTAPP] 0xca 
05-27 18:33:31.261 19261 19261 D ANWJNI_SECOND: (19261|0x5467E4F8)[BTAPP] 0xfa 
05-27 18:33:31.261 19261 19261 D ANWJNI_SECOND: (19261|0x5467E4F8)[BTAPP] 0xde 
05-27 18:33:31.262 19261 19261 D ANWJNI_SECOND: (19261|0x5467E4F8)[BTAPP] 0xde 
05-27 18:33:31.262 19261 19261 D ANWJNI_SECOND: (19261|0x5467E4F8)[BTAPP] 0xca 
05-27 18:33:31.262 19261 19261 D ANWJNI_SECOND: (19261|0x5467E4F8)[BTAPP] 0xde 
05-27 18:33:31.262 19261 19261 D ANWJNI_SECOND: (19261|0x5467E4F8)[BTAPP] 0xaf 
05-27 18:33:31.262 19261 19261 D ANWJNI_SECOND: (19261|0x5467E4F8)[BTAPP] 0xde 
05-27 18:33:31.262 19261 19261 D ANWJNI_SECOND: (19261|0x5467E4F8)[BTAPP] 0xca 
05-27 18:33:31.262 19261 19261 D ANWJNI_SECOND: (19261|0x5467E4F8)[BTAPP] 0xca 
05-27 18:33:31.262 19261 19261 D ANWJNI_SECOND: (19261|0x5467E4F8)[BTAPP] 0xfe 
05-27 18:33:31.262 19261 19261 D ANWJNI_SECOND: (19261|0x5467E4F8)[BTAPP] )
05-27 18:33:31.262 19261 19261 D ANWJNI_SECOND: 
05-27 18:33:31.262 19261 19261 D ANWJNI_SECOND: (19261|0x5467E4F8)[BTAPP] XML : find calllogsize setting
05-27 18:33:31.262 19261 19261 D ANWJNI_SECOND: 
05-27 18:33:31.262 19261 19261 D ANWJNI_SECOND: (19261|0x5467E4F8)[BTAPP] XML : find ca_calllogsize(100)(100)
05-27 18:33:31.262 19261 19261 D ANWJNI_SECOND: 
05-27 18:33:31.262 19261 19261 D ANWJNI_SECOND: (19261|0x5467E4F8)[BTAPP] get contactssize data fail
05-27 18:33:31.262 19261 19261 D ANWJNI_SECOND: 
05-27 18:33:31.262 19261 19261 D ANWJNI_SECOND: (19261|0x5467E4F8)[BTAPP] get mincallsize data fail
05-27 18:33:31.262 19261 19261 D ANWJNI_SECOND: 
05-27 18:33:31.262 19261 19261 D ANWJNI_SECOND: (19261|0x5467E4F8)[BTAPP] XML : find voice setting
05-27 18:33:31.262 19261 19261 D ANWJNI_SECOND: 
05-27 18:33:31.262 19261 19261 D ANWJNI_SECOND: (19261|0x5467E4F8)[BTAPP] voice set(close)
05-27 18:33:31.262 19261 19261 D ANWJNI_SECOND: 
05-27 18:33:31.262 19261 19261 D ANWJNI_SECOND: (19261|0x5467E4F8)[BTAPP] XML : find voicedelay setting
05-27 18:33:31.262 19261 19261 D ANWJNI_SECOND: 
05-27 18:33:31.262 19261 19261 D ANWJNI_SECOND: (19261|0x5467E4F8)[BTAPP] voicedelay set(close)
05-27 18:33:31.262 19261 19261 D ANWJNI_SECOND: 
05-27 18:33:31.262 19261 19261 D ANWJNI_SECOND: (19261|0x5467E4F8)[BTAPP] get wechatvoice data fail
05-27 18:33:31.262 19261 19261 D ANWJNI_SECOND: 
05-27 18:33:31.263 19261 19261 D ANWJNI_SECOND: (19261|0x5467E4F8)[BTAPP] XML : pair any way
05-27 18:33:31.263 19261 19261 D ANWJNI_SECOND: 
05-27 18:33:31.263 19261 19261 D ANWJNI_SECOND: (19261|0x5467E4F8)[BTAPP] pairing need confirmation  accept
05-27 18:33:31.263 19261 19261 D ANWJNI_SECOND: 
05-27 18:33:31.263 19261 19261 D ANWJNI_SECOND: (19261|0x5467E4F8)[BTAPP] get use_combine data fail
05-27 18:33:31.263 19261 19261 D ANWJNI_SECOND: 
05-27 18:33:31.263 19261 19261 D ANWJNI_SECOND: (19261|0x5467E4F8)[BTAPP] XML : select pbap_photo or not
05-27 18:33:31.263 19261 19261 D ANWJNI_SECOND: 
05-27 18:33:31.263 19261 19261 D ANWJNI_SECOND: (19261|0x5467E4F8)[BTAPP] select pbap_photo
05-27 18:33:31.263 19261 19261 D ANWJNI_SECOND: 
05-27 18:33:31.263 19261 19261 D ANWJNI_SECOND: (19261|0x5467E4F8)[BTAPP] XML : select pbap_email or not
05-27 18:33:31.263 19261 19261 D ANWJNI_SECOND: 
05-27 18:33:31.263 19261 19261 D ANWJNI_SECOND: (19261|0x5467E4F8)[BTAPP] select pbap_email
05-27 18:33:31.263 19261 19261 D ANWJNI_SECOND: 
05-27 18:33:31.263 19261 19261 D ANWJNI_SECOND: (19261|0x5467E4F8)[BTAPP] XML : select pbap_adr or not
05-27 18:33:31.263 19261 19261 D ANWJNI_SECOND: 
05-27 18:33:31.263 19261 19261 D ANWJNI_SECOND: (19261|0x5467E4F8)[BTAPP] select pbap_adr
05-27 18:33:31.263 19261 19261 D ANWJNI_SECOND: 
05-27 18:33:31.263 19261 19261 D ANWJNI_SECOND: (19261|0x5467E4F8)[BTAPP] XML : select pbap_url or not
05-27 18:33:31.263 19261 19261 D ANWJNI_SECOND: 
05-27 18:33:31.263 19261 19261 D ANWJNI_SECOND: (19261|0x5467E4F8)[BTAPP] select pbap_url
05-27 18:33:31.263 19261 19261 D ANWJNI_SECOND: 
05-27 18:33:31.263 19261 19261 D ANWJNI_SECOND: (19261|0x5467E4F8)[BTAPP] get volume_control data fail
05-27 18:33:31.263 19261 19261 D ANWJNI_SECOND: 
05-27 18:33:31.263 19261 19261 D ANWJNI_SECOND: (19261|0x5467E4F8)[BTAPP] get carplay data fail
05-27 18:33:31.263 19261 19261 D ANWJNI_SECOND: 
05-27 18:33:31.263 19261 19261 D ANWJNI_SECOND: (19261|0x5467E4F8)[BTAPP] XML : select socket or not
05-27 18:33:31.263 19261 19261 D ANWJNI_SECOND: 
05-27 18:33:31.263 19261 19261 D ANWJNI_SECOND: (19261|0x5467E4F8)[BTAPP]  support socket
05-27 18:33:31.263 19261 19261 D ANWJNI_SECOND: 
05-27 08:24:40.236   581   581 D spidev_ioctl: gpio status=0)
05-27 18:33:31.263 19261 19261 D ANWJNI_SECOND: (19261|0x5467E4F8)[BTAPP] get androidauto data fail
05-27 18:33:31.263 19261 19261 D ANWJNI_SECOND: 
05-27 18:33:31.263 19261 19261 D ANWJNI_SECOND: (19261|0x5467E4F8)[BTAPP] get auto_transfer data fail
05-27 18:33:31.263 19261 19261 D ANWJNI_SECOND: 
05-27 18:33:31.263 19261 19261 D ANWJNI_SECOND: (19261|0x5467E4F8)[BTAPP] get audio_dsp_mute data fail
05-27 18:33:31.263 19261 19261 D ANWJNI_SECOND: 
05-27 18:33:31.264 19261 19261 D ANWJNI_SECOND: (19261|0x5467E4F8)[BTAPP] get audio_dsp_delay data fail
05-27 18:33:31.264 19261 19261 D ANWJNI_SECOND: 
05-27 18:33:31.264 19261 19261 D ANWJNI_SECOND: (19261|0x5467E4F8)[BTAPP] XML : hfp_audio_driver_open 
05-27 18:33:31.264 19261 19261 D ANWJNI_SECOND: 
05-27 18:33:31.264 19261 19261 D ANWJNI_SECOND: (19261|0x5467E4F8)[BTAPP] hfp audio driver close
05-27 18:33:31.264 19261 19261 D ANWJNI_SECOND: 
05-27 18:33:31.264 19261 19261 D ANWJNI_SECOND: (19261|0x5467E4F8)[BTAPP] XML : hfp_wbs_open_data 
05-27 18:33:31.264 19261 19261 D ANWJNI_SECOND: 
05-27 18:33:31.264 19261 19261 D ANWJNI_SECOND: (19261|0x5467E4F8)[BTAPP] hfp wbs enable
05-27 18:33:31.264 19261 19261 D ANWJNI_SECOND: 
05-27 18:33:31.264 19261 19261 D ANWJNI_SECOND: (19261|0x5467E4F8)[BTAPP] get avrcp_browsing_open data fail
05-27 18:33:31.264 19261 19261 D ANWJNI_SECOND: 
05-27 18:33:31.264 19261 19261 D ANWJNI_SECOND: (19261|0x5467E4F8)[BTAPP] get connect_special_profile_id data fail
05-27 18:33:31.264 19261 19261 D ANWJNI_SECOND: 
05-27 18:33:31.264 19261 19261 D ANWJNI_SECOND: (19261|0x5467E4F8)[BTAPP] XML : connect_single_profile 
05-27 18:33:31.264 19261 19261 D ANWJNI_SECOND: 
05-27 18:33:31.264 19261 19261 D ANWJNI_SECOND: (19261|0x5467E4F8)[BTAPP] connect_single_profile open
05-27 18:33:31.264 19261 19261 D ANWJNI_SECOND: 
05-27 18:33:31.264 19261 19261 D ANWJNI_SECOND: (19261|0x5467E4F8)[BTAPP] XML : find waveout_pre_buffer_count setting
05-27 18:33:31.264 19261 19261 D ANWJNI_SECOND: 
05-27 18:33:31.264 19261 19261 D ANWJNI_SECOND: (19261|0x5467E4F8)[BTAPP] XML : set waveout_pre_buffer_count success(101)
05-27 18:33:31.264 19261 19261 D ANWJNI_SECOND: 
05-27 18:33:31.264 19261 19261 D ANWJNI_SECOND: (19261|0x5467E4F8)[BTAPP] XML : find waveout_pre_buffer_count setting
05-27 18:33:31.264 19261 19261 D ANWJNI_SECOND: 
05-27 18:33:31.264 19261 19261 D ANWJNI_SECOND: (19261|0x5467E4F8)[BTAPP] XML : set local_music_pre_buffer_count success(40)
05-27 18:33:31.264 19261 19261 D ANWJNI_SECOND: 
05-27 18:33:31.264 19261 19261 D ANWJNI_SECOND: (19261|0x5467E4F8)[BTAPP] XML : inband_ring 
05-27 18:33:31.264 19261 19261 D ANWJNI_SECOND: 
05-27 18:33:31.264 19261 19261 D ANWJNI_SECOND: (19261|0x5467E4F8)[BTAPP] inband_ring open
05-27 18:33:31.264 19261 19261 D ANWJNI_SECOND: 
05-27 18:33:31.265 19261 19261 D ANWJNI_SECOND: (19261|0x5467E4F8)[BTAPP] XML : find map_download_max_size setting
05-27 18:33:31.265 19261 19261 D ANWJNI_SECOND: 
05-27 18:33:31.265 19261 19261 D ANWJNI_SECOND: (19261|0x5467E4F8)[BTAPP] XML : set map_download_max_size failed(20)
05-27 18:33:31.265 19261 19261 D ANWJNI_SECOND: 
05-27 18:33:31.265 19261 19261 D ANWJNI_SECOND: (19261|0x5467E4F8)[BTAPP] XML : stack debug
05-27 18:33:31.265 19261 19261 D ANWJNI_SECOND: 
05-27 18:33:31.265 19261 19261 D ANWJNI_SECOND: (19261|0x5467E4F8)[BTAPP] XML : stack debug open
05-27 18:33:31.265 19261 19261 D ANWJNI_SECOND: 
05-27 18:33:31.265 19261 19261 D ANWAPI_SECOND: (19261|0x5467E4F8)[BTAPI] >>>AnWBT_Usr_DebugLog
05-27 18:33:31.265 19261 19261 D ANWAPI_SECOND: (19261|0x5467E4F8)[BTAPI] <<<<AnWBT_Usr_DebugLog: ret=0
05-27 18:33:31.265 19261 19261 D ANWJNI_SECOND: (19261|0x5467E4F8)[BTAPP] XML : app debug
05-27 18:33:31.265 19261 19261 D ANWJNI_SECOND: 
05-27 18:33:31.265 19261 19261 D ANWJNI_SECOND: (19261|0x5467E4F8)[BTAPP] XML : app debug open
05-27 18:33:31.265 19261 19261 D ANWJNI_SECOND: 
05-27 18:33:31.265 19261 19261 D ANWJNI_SECOND: (19261|0x5467E4F8)[BTAPP] XML : api debug
05-27 18:33:31.265 19261 19261 D ANWJNI_SECOND: 
05-27 18:33:31.265 19261 19261 D ANWJNI_SECOND: (19261|0x5467E4F8)[BTAPP] XML : api debug open
05-27 18:33:31.265 19261 19261 D ANWJNI_SECOND: 
05-27 18:33:31.265 19261 19261 D ANWJNI_SECOND: (19261|0x5467E4F8)[BTAPP] XML : hfp debug
05-27 18:33:31.265 19261 19261 D ANWJNI_SECOND: 
05-27 18:33:31.265 19261 19261 D ANWJNI_SECOND: (19261|0x5467E4F8)[BTAPP] XML : hfp debug open
05-27 18:33:31.265 19261 19261 D ANWJNI_SECOND: 
05-27 18:33:31.265 19261 19261 D ANWJNI_SECOND: (19261|0x5467E4F8)[BTAPP] XML : a2dp debug
05-27 18:33:31.265 19261 19261 D ANWJNI_SECOND: 
05-27 18:33:31.265 19261 19261 D ANWJNI_SECOND: (19261|0x5467E4F8)[BTAPP] XML : a2dp debug open
05-27 18:33:31.265 19261 19261 D ANWJNI_SECOND: 
05-27 18:33:31.265 19261 19261 D ANWJNI_SECOND: (19261|0x5467E4F8)[BTAPP] XML : waveout debug
05-27 18:33:31.265 19261 19261 D ANWJNI_SECOND: 
05-27 18:33:31.266 19261 19261 D ANWJNI_SECOND: (19261|0x5467E4F8)[BTAPP] XML : waveout debug open
05-27 18:33:31.266 19261 19261 D ANWJNI_SECOND: 
05-27 18:33:31.266 19261 19261 D ANWJNI_SECOND: (19261|0x5467E4F8)[BTAPP] XML : avrcp debug
05-27 18:33:31.266 19261 19261 D ANWJNI_SECOND: 
05-27 18:33:31.266 19261 19261 D ANWJNI_SECOND: (19261|0x5467E4F8)[BTAPP] XML : avrcp debug open
05-27 18:33:31.266 19261 19261 D ANWJNI_SECOND: 
05-27 18:33:31.266 19261 19261 D ANWJNI_SECOND: (19261|0x5467E4F8)[BTAPP] XML : pbap debug
05-27 18:33:31.266 19261 19261 D ANWJNI_SECOND: 
05-27 18:33:31.266 19261 19261 D ANWJNI_SECOND: (19261|0x5467E4F8)[BTAPP] XML : pbap debug open
05-27 18:33:31.266 19261 19261 D ANWJNI_SECOND: 
05-27 18:33:31.266 19261 19261 D ANWJNI_SECOND: (19261|0x5467E4F8)[BTAPP] XML : map debug
05-27 18:33:31.266 19261 19261 D ANWJNI_SECOND: 
05-27 18:33:31.266   581   581 I SpiService: fgesysctrl_getGPIO_status success val=1
05-27 18:33:31.266 19261 19261 D ANWJNI_SECOND: (19261|0x5467E4F8)[BTAPP] XML : map debug open
05-27 18:33:31.266 19261 19261 D ANWJNI_SECOND: 
05-27 18:33:31.266 19261 19261 D ANWJNI_SECOND: (19261|0x5467E4F8)[BTAPP] get debug_iap data fail
05-27 18:33:31.266 19261 19261 D ANWJNI_SECOND: 
05-27 18:33:31.266 19261 19261 D ANWJNI_SECOND: (19261|0x5467E4F8)[BTAPP] XML : btsnoop
05-27 18:33:31.266 19261 19261 D ANWJNI_SECOND: 
05-27 18:33:31.266 19261 19261 D ANWJNI_SECOND: (19261|0x5467E4F8)[BTAPP] XML : btsnoop open
05-27 18:33:31.266 19261 19261 D ANWJNI_SECOND: 
05-27 18:33:31.266 19261 19261 D ANWJNI_SECOND: (19261|0x5467E4F8)[BTAPP] XML : file_path 
05-27 18:33:31.266 19261 19261 D ANWJNI_SECOND: 
05-27 18:33:31.266 19261 19261 D ANWJNI_SECOND: (19261|0x5467E4F8)[BTAPP] XML : file_path /data/misc/anw/ is exist,so break
05-27 18:33:31.266 19261 19261 D ANWJNI_SECOND: 
05-27 18:33:31.266 19261 19261 D ANW_AVRCP_SECOND: AnWBT_Set_Storage_Path path /data/misc/anw/
05-27 18:33:31.266 19261 19261 D ANWJNI_SECOND: (19261|0x5467E4F8)[BTAPP] XML : btsnoop_file_path 
05-27 18:33:31.266 19261 19261 D ANWJNI_SECOND: 
05-27 18:33:31.266 19261 19261 D ANWJNI_SECOND: (19261|0x5467E4F8)[BTAPP] XML : btsnoop_path /data/misc/anw/logs/ is exist,so break
05-27 18:33:31.266 19261 19261 D ANWJNI_SECOND: 
05-27 18:33:31.267 19261 19261 D ANWJNI_SECOND: (19261|0x5467E4F8)[BTAPP] XML : find btsnoop_file_size_MB setting
05-27 18:33:31.267 19261 19261 D ANWJNI_SECOND: 
05-27 18:33:31.267 19261 19261 D ANWJNI_SECOND: (19261|0x5467E4F8)[BTAPP] XML : find maxBtSnoopFileSize_MB(100)(100)
05-27 18:33:31.267 19261 19261 D ANWJNI_SECOND: 
05-27 18:33:31.267 19261 19261 D ANWJNI_SECOND: (19261|0x5467E4F8)[BTAPP] XML : find rfkillstate_path:/sys/class/gpio/gpio142/value
05-27 18:33:31.267 19261 19261 D ANWJNI_SECOND: 
05-27 18:33:31.267 19261 19261 D ANWAPI_SECOND: (19261|0x5467E4F8)[BTAPI] AnW_BT_SetRfkillStatePath
05-27 18:33:31.267 19261 19261 D ANWJNI_SECOND: (19261|0x5467E4F8)[BTAPP] get dump_pcm data fail
05-27 18:33:31.267 19261 19261 D ANWJNI_SECOND: 
05-27 18:33:31.267 19261 19261 D ANWJNI_SECOND: (19261|0x5467E4F8)[BTAPP] XML : accept_avrcp_ct_control
05-27 18:33:31.267 19261 19261 D ANWJNI_SECOND: 
05-27 18:33:31.267 19261 19261 D ANWJNI_SECOND: (19261|0x5467E4F8)[BTAPP] XML : accept_avrcp_ct_control close
05-27 18:33:31.267 19261 19261 D ANWJNI_SECOND: 
05-27 18:33:31.267 19261 19261 D ANWJNI_SECOND: (19261|0x5467E4F8)[BTAPP] XML : find maxHFPAGConnNum setting
05-27 18:33:31.267 19261 19261 D ANWJNI_SECOND: 
05-27 18:33:31.267 19261 19261 D ANWJNI_SECOND: (19261|0x5467E4F8)[BTAPP] XML : find maxHFPAGConnNum(2)(2)
05-27 18:33:31.267 19261 19261 D ANWJNI_SECOND: 
05-27 18:33:31.267 19261 19261 D ANWJNI_SECOND: (19261|0x5467E4F8)[BTAPP] XML : find maxHFPHFConnNum setting
05-27 18:33:31.267 19261 19261 D ANWJNI_SECOND: 
05-27 18:33:31.267 19261 19261 D ANWJNI_SECOND: (19261|0x5467E4F8)[BTAPP] XML : find maxHFPHFConnNum(0)(0)
05-27 18:33:31.267 19261 19261 D ANWJNI_SECOND: 
05-27 18:33:31.267 19261 19261 D ANWJNI_SECOND: (19261|0x5467E4F8)[BTAPP] XML : find maxPBAPConnNum setting
05-27 18:33:31.267 19261 19261 D ANWJNI_SECOND: 
05-27 18:33:31.267 19261 19261 D ANWJNI_SECOND: (19261|0x5467E4F8)[BTAPP] XML : find maxPBAPConnNum(0)(0)
05-27 18:33:31.267 19261 19261 D ANWJNI_SECOND: 
05-27 18:33:31.267 19261 19261 D ANWJNI_SECOND: (19261|0x5467E4F8)[BTAPP] XML : find maxMAPConnNum setting
05-27 18:33:31.267 19261 19261 D ANWJNI_SECOND: 
05-27 18:33:31.267 19261 19261 D ANWJNI_SECOND: (19261|0x5467E4F8)[BTAPP] XML : find maxMAPConnNum(0)(0)
05-27 18:33:31.267 19261 19261 D ANWJNI_SECOND: 
05-27 18:33:31.267 19261 19261 D ANWJNI_SECOND: (19261|0x5467E4F8)[BTAPP] XML : find maxA2DPSinkConnNum setting
05-27 18:33:31.267 19261 19261 D ANWJNI_SECOND: 
05-27 18:33:31.267 19261 19261 D ANWJNI_SECOND: (19261|0x5467E4F8)[BTAPP] XML : find maxA2DPSinkConnNum(0)(0)
05-27 18:33:31.267 19261 19261 D ANWJNI_SECOND: 
05-27 18:33:31.268 19261 19261 D ANWJNI_SECOND: (19261|0x5467E4F8)[BTAPP] XML : find maxA2DPSourceConnNum setting
05-27 18:33:31.268 19261 19261 D ANWJNI_SECOND: 
05-27 18:33:31.268 19261 19261 D ANWJNI_SECOND: (19261|0x5467E4F8)[BTAPP] XML : find maxA2DPSourceConnNum(2)(2)
05-27 18:33:31.268 19261 19261 D ANWJNI_SECOND: 
05-27 18:33:31.268 19261 19261 D ANWJNI_SECOND: (19261|0x5467E4F8)[BTAPP] XML : find maxAVRCPCTConnNum setting
05-27 18:33:31.268 19261 19261 D ANWJNI_SECOND: 
05-27 18:33:31.268 19261 19261 D ANWJNI_SECOND: (19261|0x5467E4F8)[BTAPP] XML : find (0)(0)
05-27 18:33:31.268 19261 19261 D ANWJNI_SECOND: 
05-27 18:33:31.268 19261 19261 D ANWJNI_SECOND: (19261|0x5467E4F8)[BTAPP] XML : find maxAVRCPTGConnNum setting
05-27 18:33:31.268 19261 19261 D ANWJNI_SECOND: 
05-27 18:33:31.268 19261 19261 D ANWJNI_SECOND: (19261|0x5467E4F8)[BTAPP] XML : find maxAVRCPTGConnNum(2)(2)
05-27 18:33:31.268 19261 19261 D ANWJNI_SECOND: 
05-27 18:33:31.268 19261 19261 D ANWJNI_SECOND: (19261|0x5467E4F8)[BTAPP] XML : find maxDeviceConnNum setting
05-27 18:33:31.268 19261 19261 D ANWJNI_SECOND: 
05-27 18:33:31.268 19261 19261 D ANWJNI_SECOND: (19261|0x5467E4F8)[BTAPP] XML : find maxDeviceConnNum(2)(2)
05-27 18:33:31.268 19261 19261 D ANWJNI_SECOND: 
05-27 18:33:31.268 19261 19261 D ANWJNI_SECOND: (19261|0x5467E4F8)[BTAPP] XML : find maxSCOConnNum setting
05-27 18:33:31.268 19261 19261 D ANWJNI_SECOND: 
05-27 18:33:31.268 19261 19261 D ANWJNI_SECOND: (19261|0x5467E4F8)[BTAPP] XML : find maxSCOConnNum(2)(2)
05-27 18:33:31.268 19261 19261 D ANWJNI_SECOND: 
05-27 18:33:31.268 19261 19261 D ANWJNI_SECOND: (19261|0x5467E4F8)[BTAPP] XML : find maxHFSCOConnNum setting
05-27 18:33:31.268 19261 19261 D ANWJNI_SECOND: 
05-27 18:33:31.268 19261 19261 D ANWJNI_SECOND: (19261|0x5467E4F8)[BTAPP] XML : find maxHFSCOConnNum(0)(0)
05-27 18:33:31.268 19261 19261 D ANWJNI_SECOND: 
05-27 18:33:31.268 19261 19261 D ANWJNI_SECOND: (19261|0x5467E4F8)[BTAPP] XML : find maxAGSCOConnNum setting
05-27 18:33:31.268 19261 19261 D ANWJNI_SECOND: 
05-27 18:33:31.268 19261 19261 D ANWJNI_SECOND: (19261|0x5467E4F8)[BTAPP] XML : find maxAGSCOConnNum(2)(2)
05-27 18:33:31.268 19261 19261 D ANWJNI_SECOND: 
05-27 18:33:31.268 19261 19261 D ANWJNI_SECOND: (19261|0x5467E4F8)[BTAPP] XML : find maxOppConnNum_data setting
05-27 18:33:31.268 19261 19261 D ANWJNI_SECOND: 
05-27 18:33:31.268 19261 19261 D ANWJNI_SECOND: (19261|0x5467E4F8)[BTAPP] XML : find maxOPPConnNum(0)(0)
05-27 18:33:31.268 19261 19261 D ANWJNI_SECOND: 
05-27 18:33:31.268 19261 19261 D ANWJNI_SECOND: (19261|0x5467E4F8)[BTAPP] XML : find maxHidHostConnNum_data setting
05-27 18:33:31.268 19261 19261 D ANWJNI_SECOND: 
05-27 18:33:31.268 19261 19261 D ANWJNI_SECOND: (19261|0x5467E4F8)[BTAPP] XML : find maxHidHostConnNum(0)(0)
05-27 18:33:31.268 19261 19261 D ANWJNI_SECOND: 
05-27 18:33:31.268 19261 19261 D ANWJNI_SECOND: (19261|0x5467E4F8)[BTAPP] XML : music_mode_auto_select
05-27 18:33:31.268 19261 19261 D ANWJNI_SECOND: 
05-27 18:33:31.268 19261 19261 D ANWJNI_SECOND: (19261|0x5467E4F8)[BTAPP] XML : music_mode_auto_select open
05-27 18:33:31.268 19261 19261 D ANWJNI_SECOND: 
05-27 18:33:31.269 19261 19261 D ANWJNI_SECOND: (19261|0x5467E4F8)[BTAPP] XML : BQB_test_setting
05-27 18:33:31.269 19261 19261 D ANWJNI_SECOND: 
05-27 18:33:31.269 19261 19261 D ANWJNI_SECOND: (19261|0x5467E4F8)[BTAPP] XML : BQB_test_setting close
05-27 18:33:31.269 19261 19261 D ANWJNI_SECOND: 
05-27 18:33:31.269 19261 19261 D ANWJNI_SECOND: (19261|0x5467E4F8)[BTAPP] XML : find aaudio_device_id setting
05-27 18:33:31.269 19261 19261 D ANWJNI_SECOND: 
05-27 18:33:31.269 19261 19261 D ANWJNI_SECOND: (19261|0x5467E4F8)[BTAPP] XML : find aaudio_device_id(16)(16)
05-27 18:33:31.269 19261 19261 D ANWJNI_SECOND: 
05-27 18:33:31.269 19261 19261 D ANWJNI_SECOND: (19261|0x5467E4F8)[BTAPP] XML : local_device_name_data 
05-27 18:33:31.269 19261 19261 D ANWJNI_SECOND: 
05-27 18:33:31.269 19261 19261 D ANWAPI_SECOND: (19261|0x5467E4F8)[BTAPI] AnWBT_Set_Local_Device_Before_Init LJ_FUJIA
05-27 18:33:31.269 19261 19261 D ANWJNI_SECOND: (19261|0x5467E4F8)[BTAPP] get a2dp_sink_pcm data fail
05-27 18:33:31.269 19261 19261 D ANWJNI_SECOND: 
05-27 18:33:31.269 19261 19261 D ANWJNI_SECOND: (19261|0x5467E4F8)[BTAPP] XML : master_device_file_path 
05-27 18:33:31.269 19261 19261 D ANWJNI_SECOND: 
05-27 18:33:31.269 19261 19261 D ANWJNI_SECOND: (19261|0x5467E4F8)[BTAPP] XML : master_device_file_path /anw/target_device_info is not exist
05-27 18:33:31.269 19261 19261 D ANWJNI_SECOND: 
05-27 18:33:31.269 19261 19261 D ANWJNI_SECOND: (19261|0x5467E4F8)[BTAPP] XML : read_rssi_switch
05-27 18:33:31.269 19261 19261 D ANWJNI_SECOND: 
05-27 18:33:31.269 19261 19261 D ANWJNI_SECOND: (19261|0x5467E4F8)[BTAPP] XML : read_rssi_switch close
05-27 18:33:31.269 19261 19261 D ANWJNI_SECOND: 
05-27 18:33:31.269 19261 19261 D ANWJNI_SECOND: (19261|0x5467E4F8)[BTAPP] XML : pbapClient_autoConnectAndDownload
05-27 18:33:31.269 19261 19261 D ANWJNI_SECOND: 
05-27 18:33:31.270 19261 19261 D ANWJNI_SECOND: (19261|0x5467E4F8)[BTAPP] XML : PBAP Client auto connect an download close
05-27 18:33:31.270 19261 19261 D ANWJNI_SECOND: 
05-27 18:33:31.270 19261 19261 D ANWJNI_SECOND: (19261|0x5467E4F8)[BTAPP] get callDisconnect_AutoDownloadCalllog data fail
05-27 18:33:31.270 19261 19261 D ANWJNI_SECOND: 
05-27 18:33:31.270 19261 19261 D ANWJNI_SECOND: (19261|0x5467E4F8)[BTAPP] XML : UART_path 
05-27 18:33:31.270 19261 19261 D ANWJNI_SECOND: 
05-27 18:33:31.270 19261 19261 D ANWJNI_SECOND: (19261|0x5467E4F8)[BTAPP] XML : UART_path:[/dev/ttyS3]
05-27 18:33:31.270 19261 19261 D ANWJNI_SECOND: 
05-27 18:33:31.270 19261 19261 D ANWJNI_SECOND: (19261|0x5467E4F8)[BTAPP] get BTADDR_path data fail
05-27 18:33:31.270 19261 19261 D ANWJNI_SECOND: 
05-27 18:33:31.270 19261 19261 D ANWJNI_SECOND: (19261|0x5467E4F8)[BTAPP] XML : BTADDR path not find
05-27 18:33:31.270 19261 19261 D ANWJNI_SECOND: 
05-27 18:33:31.270 19261 19261 D ANWJNI_SECOND: (19261|0x5467E4F8)[BTAPP] XML : find UART_baudRate_init(115200)
05-27 18:33:31.270 19261 19261 D ANWJNI_SECOND: 
05-27 18:33:31.270 19261 19261 D ANWJNI_SECOND: (19261|0x5467E4F8)[BTAPP] XML : find UART_baudRate_normal(3000000)
05-27 18:33:31.270 19261 19261 D ANWJNI_SECOND: 
05-27 18:33:31.270 19261 19261 D ANWJNI_SECOND: (19261|0x5467E4F8)[BTAPP] XML : AVRCP_ABSOLUTE_VOLUME
05-27 18:33:31.270 19261 19261 D ANWJNI_SECOND: 
05-27 18:33:31.270 19261 19261 D ANWJNI_SECOND: (19261|0x5467E4F8)[BTAPP] XML : avrcp absolute volume change open
05-27 18:33:31.270 19261 19261 D ANWJNI_SECOND: 
05-27 18:33:31.270 19261 19261 D ANWAPI_SECOND: (19261|0x5467E4F8)[BTAPI] AnWBT_Set_Avrcp_Absoulte_Volume_Change[1]
05-27 18:33:31.270 19261 19261 D ANWJNI_SECOND: (19261|0x5467E4F8)[BTAPP] get generate_random_address data fail
05-27 18:33:31.270 19261 19261 D ANWJNI_SECOND: 
05-27 18:33:31.270 19261 19261 D ANWJNI_SECOND: (19261|0x5467E4F8)[BTAPP] get reject_a2dp_avrcp data fail
05-27 18:33:31.270 19261 19261 D ANWJNI_SECOND: 
05-27 18:33:31.270 19261 19261 D ANWJNI_SECOND: (19261|0x5467E4F8)[BTAPP] XML : find connect_by_sdp_limit setting
05-27 18:33:31.270 19261 19261 D ANWJNI_SECOND: 
05-27 18:33:31.270 19261 19261 D ANWJNI_SECOND: (19261|0x5467E4F8)[BTAPP] connect_by_sdp_limit set(close)
05-27 18:33:31.270 19261 19261 D ANWJNI_SECOND: 
05-27 18:33:31.270 19261 19261 D ANWJNI_SECOND: (19261|0x5467E4F8)[BTAPP] XML : find hfpag_auto_select_main_device setting
05-27 18:33:31.270 19261 19261 D ANWJNI_SECOND: 
05-27 18:33:31.270 19261 19261 D ANWJNI_SECOND: (19261|0x5467E4F8)[BTAPP] hfpag_auto_select_main_device set(open)
05-27 18:33:31.270 19261 19261 D ANWJNI_SECOND: 
05-27 18:33:31.270 19261 19261 D ANWJNI_SECOND: (19261|0x5467E4F8)[BTAPP] XML : find waveout_file_size_MB setting
05-27 18:33:31.270 19261 19261 D ANWJNI_SECOND: 
05-27 18:33:31.270 19261 19261 D ANWJNI_SECOND: (19261|0x5467E4F8)[BTAPP] XML : find waveout_file_size_MB_data(50)
05-27 18:33:31.270 19261 19261 D ANWJNI_SECOND: 
05-27 18:33:31.271 19261 19261 D ANWJNI_SECOND: (19261|0x5467E4F8)[BTAPP] free source_data
05-27 18:33:31.271 19261 19261 D ANWJNI_SECOND: 
05-27 18:33:31.271 19261 19261 D ANWJNI_SECOND: (19261|0x5467E4F8)[BTAPP] Read XMLfile End
05-27 18:33:31.271 19261 19261 D ANWJNI_SECOND: 
05-27 18:33:31.271 19261 19261 D ANWJNI_SECOND: (19261|0x5467E4F8)[BTAPP] run Read (/system/etc/bluetooth/anw_AA_CP_setting.cfg) Start
05-27 18:33:31.271 19261 19261 D ANWJNI_SECOND: 
05-27 18:33:31.271 19261 19261 D ANWJNI_SECOND: (19261|0x5467E4F8)[BTAPP] open BT config file (/system/etc/bluetooth/anw_AA_CP_setting.cfg) failed.
05-27 18:33:31.271 19261 19261 D ANWJNI_SECOND: 
05-27 18:33:31.271 19261 19261 D ANWJNI_SECOND: (19261|0x5467E4F8)[BTAPP] run Read (/data/misc/anw//btmonitor_lastrecord) Start
05-27 18:33:31.271 19261 19261 D ANWJNI_SECOND: 
05-27 18:33:31.271 19261 19261 D ANWJNI_SECOND: (19261|0x5467E4F8)[BTAPP] open BT last record file (/data/misc/anw//btmonitor_lastrecord) success.
05-27 18:33:31.271 19261 19261 D ANWJNI_SECOND: 
05-27 18:33:31.271 19261 19261 D ANWJNI_SECOND: (19261|0x5467E4F8)[BTAPP] read last_connected_device last_scan_mode::3
05-27 18:33:31.271 19261 19261 D ANWJNI_SECOND: 
05-27 18:33:31.271 19261 19261 D ANWJNI_SECOND: 
05-27 18:33:31.271 19261 19261 D ANWJNI_SECOND: (19261|0x5467E4F8)[BTAPP] read last_scan_mode
05-27 18:33:31.271 19261 19261 D ANWJNI_SECOND: 
05-27 18:33:31.271 19261 19261 D ANWJNI_SECOND: (19261|0x5467E4F8)[BTAPP] last_scan_mode find,value is 3
05-27 18:33:31.271 19261 19261 D ANWJNI_SECOND: 
05-27 18:33:31.271 19261 19261 D ANWJNI_SECOND: (19261|0x5467E4F8)[BTAPP] read last_poweron_state
05-27 18:33:31.271 19261 19261 D ANWJNI_SECOND: 
05-27 18:33:31.271   581   581 I SpiService: fgesysctrl_getGPIO_status success val=0
05-27 18:33:31.271 19261 19261 I ANWJNI_SECOND: --- JNI_OnLoad
05-27 18:33:31.277 19261 19261 D AnwSdkService: onCreate
05-27 18:33:31.277 19261 19261 D AnwSdkService: run createMessageHandleThread
05-27 18:33:31.277 13911 14183 I SentryImuMcuAngleSender: 179.98598rollDeg
05-27 18:33:31.277 13911 14183 I SentryImuMcuAngleSender: 1,0,0
05-27 18:33:31.280   299 30841 D EvsDriver: forwardFrame
05-27 18:33:31.282  1167  1479 D evsmanagerd: /dev/video4 forwarded the buffer #0 to 0xb4000074bf5f6850 from 0xb4000074bf5f41d0
05-27 18:33:31.282 30773 30781 I dvr_service_: [myNum:0][onFrameReceived] Received Surface:1 0
05-27 18:33:31.282 30773 30781 E dvr_service_: [myNum:0] Received S**** loss
05-27 18:33:31.282   299 30841 D EvsDriver: Delivered 0xb400007b7ca56a60 as id 0
05-27 18:33:31.282 19261 19261 D AnwSdkService: run createAudioFocusListenerMessageHandleThread
05-27 18:33:31.282   299  1153 D EvsDriver: doneWithFrame
05-27 18:33:31.283   299 30844 D EvsDriver: forwardFrame
05-27 18:33:31.283 30773 30786 I dvr_service_: CameraX 0  audioOK: 141510603,audios:2070
05-27 18:33:31.284   299 30844 D EvsDriver: Delivered 0xb400007b7ca56900 as id 0
05-27 18:33:31.284  1167  1479 D evsmanagerd: /dev/video6 forwarded the buffer #0 to 0xb4000074bf5f5510 from 0xb4000074bf5f6d90
05-27 18:33:31.284 30773 30781 I dvr_service_: [myNum:1][onFrameReceived] Received Surface:1 0
05-27 18:33:31.284 30773 30781 E dvr_service_: [myNum:1] Received S**** loss
05-27 18:33:31.284   299  1153 D EvsDriver: doneWithFrame
05-27 18:33:31.285   283   307 I rvcservice: t.code = 3, t.value = 0
05-27 18:33:31.285 19261 19261 I AnwSdkService: mhcilog1:
05-27 18:33:31.285 19261 19261 I AnwSdkService: mhcilog4:
05-27 18:33:31.286  1008 30857 D [OMXB]  : usingANWBuffer: handle:0xee744790, format:1, w:1920, h:1080
05-27 18:33:31.286   581   581 I SpiService: fgesysctrl_getGPIO_status success val=1
