05-27 18:33:33.458   351   516 D automotive.vehicle@2.0-adayo-func-bcm: BCMFunc sendMessageFromVehicle_l dataType: 12,mByte=44,propid=0x214000e9
05-27 18:33:33.458   351   516 D automotive.vehicle@2.0-adayo-func-bcm: BCMFunc sendMessageFromVehicle_l msgBuff[44]=0x0,start:4,len:4,temp:4,
05-27 18:33:33.458   351   516 D automotive.vehicle@2.0-adayo-func-bcm: BCMFunc sendMessageFromVehicle_l prop: 0x214000e9 ,areaId: 0x0  SPLITE_BIT_DATA_INTEGER : 0
05-27 18:33:33.458   351   516 D automotive.vehicle@2.0-adayo-func-bcm: BCMFunc sendMessageFromVehicle_l id:557842665, area:0 not report! 
05-27 18:33:33.458   351   516 D automotive.vehicle@2.0-adayo-func-bcm: BCMFunc sendMessageFromVehicle_l dataType: 12,mByte=45,propid=0x214000ea
05-27 18:33:33.458   351   516 D automotive.vehicle@2.0-adayo-func-bcm: BCMFunc sendMessageFromVehicle_l msgBuff[45]=0x0,start:0,len:8,temp:8,
05-27 18:33:33.458   351   516 D automotive.vehicle@2.0-adayo-func-bcm: BCMFunc sendMessageFromVehicle_l prop: 0x214000ea ,areaId: 0x0  SPLITE_BIT_DATA_INTEGER : 0
05-27 18:33:33.458   351   516 D automotive.vehicle@2.0-adayo-func-bcm: BCMFunc sendMessageFromVehicle_l id:557842666, area:0 not report! 
05-27 18:33:33.458   351   516 D automotive.vehicle@2.0-adayo-func-bcm: BCMFunc sendMessageFromVehicle_l dataType: 12,mByte=46,propid=0x214000eb
05-27 18:33:33.458   351   516 D automotive.vehicle@2.0-adayo-func-bcm: BCMFunc sendMessageFromVehicle_l msgBuff[46]=0x0,start:0,len:8,temp:8,
05-27 18:33:33.458   351   516 D automotive.vehicle@2.0-adayo-func-bcm: BCMFunc sendMessageFromVehicle_l prop: 0x214000eb ,areaId: 0x0  SPLITE_BIT_DATA_INTEGER : 0
05-27 18:33:33.458   351   516 D automotive.vehicle@2.0-adayo-func-bcm: BCMFunc sendMessageFromVehicle_l id:557842667, area:0 not report! 
05-27 18:33:33.458   351   516 D automotive.vehicle@2.0-adayo-func-bcm: BCMFunc sendMessageFromVehicle_l dataType: 12,mByte=47,propid=0x214000ec
05-27 18:33:33.458   351   516 D automotive.vehicle@2.0-adayo-func-bcm: BCMFunc sendMessageFromVehicle_l msgBuff[47]=0x0,start:0,len:8,temp:8,
05-27 18:33:33.458   351   516 D automotive.vehicle@2.0-adayo-func-bcm: BCMFunc sendMessageFromVehicle_l prop: 0x214000ec ,areaId: 0x0  SPLITE_BIT_DATA_INTEGER : 0
05-27 18:33:33.458   351   516 D automotive.vehicle@2.0-adayo-func-bcm: BCMFunc sendMessageFromVehicle_l id:557842668, area:0 not report! 
05-27 18:33:33.458   351   516 D automotive.vehicle@2.0-adayo-func-bcm: BCMFunc sendMessageFromVehicle_l dataType: 12,mByte=48,propid=0x214000ed
05-27 18:33:33.458   351   516 D automotive.vehicle@2.0-adayo-func-bcm: BCMFunc sendMessageFromVehicle_l msgBuff[48]=0x0,start:0,len:4,temp:4,
05-27 18:33:33.458   351   516 D automotive.vehicle@2.0-adayo-func-bcm: BCMFunc sendMessageFromVehicle_l prop: 0x214000ed ,areaId: 0x0  SPLITE_BIT_DATA_INTEGER : 0
05-27 18:33:33.459   351   516 D automotive.vehicle@2.0-adayo-func-bcm: BCMFunc sendMessageFromVehicle_l id:557842669, area:0 not report! 
05-27 18:33:33.459   351   516 D automotive.vehicle@2.0-adayo-func-bcm: BCMFunc sendMessageFromVehicle_l dataType: 12,mByte=48,propid=0x214000ee
05-27 18:33:33.459   351   516 D automotive.vehicle@2.0-adayo-func-bcm: BCMFunc sendMessageFromVehicle_l msgBuff[48]=0x0,start:4,len:4,temp:4,
05-27 18:33:33.459   351   516 D automotive.vehicle@2.0-adayo-func-bcm: BCMFunc sendMessageFromVehicle_l prop: 0x214000ee ,areaId: 0x0  SPLITE_BIT_DATA_INTEGER : 0
05-27 18:33:33.459   351   516 D automotive.vehicle@2.0-adayo-func-bcm: BCMFunc sendMessageFromVehicle_l id:557842670, area:0 not report! 
05-27 18:33:33.459   351   516 D automotive.vehicle@2.0-adayo-func-bcm: BCMFunc sendMessageFromVehicle_l dataType: 12,mByte=49,propid=0x214000ef
05-27 18:33:33.459   351   516 D automotive.vehicle@2.0-adayo-func-bcm: BCMFunc sendMessageFromVehicle_l msgBuff[49]=0x0,start:0,len:8,temp:8,
05-27 18:33:33.459   351   516 D automotive.vehicle@2.0-adayo-func-bcm: BCMFunc sendMessageFromVehicle_l prop: 0x214000ef ,areaId: 0x0  SPLITE_BIT_DATA_INTEGER : 0
05-27 18:33:33.459   351   516 D automotive.vehicle@2.0-adayo-func-bcm: BCMFunc sendMessageFromVehicle_l id:557842671, area:0 not report! 
05-27 18:33:33.459   351   516 D automotive.vehicle@2.0-adayo-func-bcm: BCMFunc sendMessageFromVehicle_l dataType: 12,mByte=50,propid=0x21400108
05-27 18:33:33.459   351   516 D automotive.vehicle@2.0-adayo-func-bcm: BCMFunc sendMessageFromVehicle_l msgBuff[50]=0x0,start:5,len:1,temp:1,
05-27 18:33:33.459   351   516 D automotive.vehicle@2.0-adayo-func-bcm: BCMFunc sendMessageFromVehicle_l prop: 0x21400108 ,areaId: 0x0  SPLITE_BIT_DATA_INTEGER : 0
05-27 18:33:33.459   351   516 D automotive.vehicle@2.0-adayo-func-bcm: BCMFunc sendMessageFromVehicle_l id:557842696, area:0 not report! 
05-27 18:33:33.459   351   516 D automotive.vehicle@2.0-adayo-func-bcm: BCMFunc sendMessageFromVehicle_l dataType: 12,mByte=51,propid=0x21400109
05-27 18:33:33.459   351   516 D automotive.vehicle@2.0-adayo-func-bcm: BCMFunc sendMessageFromVehicle_l msgBuff[51]=0x0,start:5,len:1,temp:1,
05-27 18:33:33.459   351   516 D automotive.vehicle@2.0-adayo-func-bcm: BCMFunc sendMessageFromVehicle_l prop: 0x21400109 ,areaId: 0x0  SPLITE_BIT_DATA_INTEGER : 0
05-27 18:33:33.459   351   516 D automotive.vehicle@2.0-adayo-func-bcm: BCMFunc sendMessageFromVehicle_l id:557842697, area:0 not report! 
05-27 18:33:33.459   351   516 D automotive.vehicle@2.0-adayo-func-bcm: BCMFunc sendMessageFromVehicle_l dataType: 12,mByte=52,propid=0x21400105
05-27 18:33:33.459   351   516 D automotive.vehicle@2.0-adayo-func-bcm: BCMFunc sendMessageFromVehicle_l msgBuff[52]=0x0,start:3,len:3,temp:3,
05-27 18:33:33.459   351   516 D automotive.vehicle@2.0-adayo-func-bcm: BCMFunc sendMessageFromVehicle_l prop: 0x21400105 ,areaId: 0x0  SPLITE_BIT_DATA_INTEGER : 0
05-27 18:33:33.459   351   516 D automotive.vehicle@2.0-adayo-func-bcm: BCMFunc sendMessageFromVehicle_l id:557842693, area:0 not report! 
05-27 18:33:33.461   581   581 I SpiService: fgesysctrl_getGPIO_status success val=1
05-27 18:33:33.463   566 11459 I gps_hdbd: Received: '$GNTXT,INSTALL,0.00,0.00,0.00,0.00,0.00,0.00,0*20
'
05-27 18:33:33.466   581   581 I SpiService: fgesysctrl_getGPIO_status success val=1
05-27 18:33:33.466  1008 30857 D [OMXB]  : usingANWBuffer: handle:0xee742480, format:1, w:1920, h:1080
05-27 18:33:33.472   581   581 I SpiService: fgesysctrl_getGPIO_status success val=1
05-27 18:33:33.477   581   581 I SpiService: fgesysctrl_getGPIO_status success val=1
05-27 18:33:33.477 13911 14183 I SentryImuMcuAngleSender: 179.97197rollDeg
05-27 18:33:33.477 13911 14183 I SentryImuMcuAngleSender: 1,0,0
05-27 18:33:33.479   299 30844 D EvsDriver: forwardFrame
05-27 18:33:33.479   299 30841 D EvsDriver: forwardFrame
05-27 18:33:33.481   299 30841 D EvsDriver: Delivered 0xb400007b7ca56a60 as id 0
05-27 18:33:33.481  1167  1167 D evsmanagerd: /dev/video4 forwarded the buffer #0 to 0xb4000074bf5f6850 from 0xb4000074bf5f41d0
05-27 18:33:33.481  1167  1167 D evsmanagerd: /dev/video6 forwarded the buffer #0 to 0xb4000074bf5f5510 from 0xb4000074bf5f6d90
05-27 18:33:33.481   299 30844 D EvsDriver: Delivered 0xb400007b7ca56900 as id 0
05-27 18:33:33.481   536   536 D commservice260303: msg.id = 1028,0
05-27 18:33:33.481   536   536 D commservice260303: i = 170, msgid = 8A000404
05-27 18:33:33.481   536   536 D commservice260303: msgid = -1979710460,did=138
05-27 18:33:33.481   536   536 D commservice260303: CommProtocolLibCmdBaseI2C::dataproc {"command":{"id":"imu_status","sub":""},"content":{"TimeStamp":9,"FrameCounter":230098,"GD_X":-0.011834942735731602,"GD_Y":0.00519212381914258,"GD_Z":0.0019079053308814764,"AD_X":-0.0038198530673980713,"AD_Y":0.0020413261372596025,"AD_Z":-0.16825008392333984,"TempDsp":0,"Status":0,"CalibState":1,"SigAmpInvalid":0}},-1979710460
05-27 18:33:33.482   536   536 D commservice260303: send2Cluster len:316, 7B22636F6D6D616E64223A7B226964223A22696D755F737461747573222C22737562223A22227D2C22636F6E74656E74223A7B2254696D655374616D70223A392C224672616D65436F756E746572223A3233303039382C2247445F58223A2D302E3031313833343934323733353733313630322C2247445F59223A302E30303531393231323338313931343235382C2247445F5A223A302E303031393037393035333330383831343736342C2241445F58223A2D302E303033383139383533303637333938303731332C2241445F59223A302E303032303431333236313337323539363032352C2241445F5A223A2D302E31363832353030383339323333333938342C2254656D70447370223A302C22537461747573223A302C2243616C69625374617465223A312C22536967416D70496E76616C6964223A307D7D, 138 
05-27 18:33:33.482   536   536 D commservice260303: Push Message into SendPool fn=-759102720
05-27 18:33:33.482   536   536 D commservice260303: ComProtocolLibSend2Cluster::send2ClusterRaw fn=-759102720 , len=332
05-27 18:33:33.482   536   536 D commservice260303: sendCmdToPort :332!!!
05-27 18:33:33.482   536   536 D commservice260303: send Cmd To Port ++++5AA501488A010003C1D26A16C87D7B22636F6D6D616E64223A7B226964223A22696D755F737461747573222C22737562223A22227D2C22636F6E74656E74223A7B2254696D655374616D70223A392C224672616D65436F756E746572223A3233303039382C2247445F58223A2D302E3031313833343934323733353733313630322C2247445F59223A302E30303531393231323338313931343235382C2247445F5A223A302E303031393037393035333330383831343736342C2241445F58223A2D302E303033383139383533303637333938303731332C2241445F59223A302E303032303431333236313337323539363032352C2241445F5A223A2D302E31363832353030383339323333333938342C2254656D70447370223A302C22537461747573223A302C2243616C69625374617465223A312C22536967416D70496E76616C6964223A307D7D0D55
05-27 18:33:33.482   536   536 D commservice260303: bufferevent_write retrun value = 0
05-27 18:33:33.482   536   560 D commservice260303: client datas send succeed,send finish
05-27 18:33:33.483   572   622 I Sensors : 230 GyroSensor: x:-0.011835,y:0.005726,z:0.001985
05-27 18:33:33.483   581   581 I SpiService: fgesysctrl_getGPIO_status success val=1
05-27 18:33:33.483 13911 14192 D Sentinelmode_1.2.5.17_sentry: <SentryImuClusterFgeSender>imu_status sent to Linux, frame=230098, tsNs=9880720, tsMs=9, intervalMs=42, ad=(-0.003819853,0.0020413261,-0.16825008), gd=(-0.011834943,0.005192124,0.0019079053)
05-27 18:33:33.483   299  1163 D EvsDriver: doneWithFrame
05-27 18:33:33.483   299  1153 D EvsDriver: doneWithFrame
05-27 18:33:33.485  1008 30856 D [OMXB]  : usingANWBuffer: handle:0xee7454a0, format:1, w:1920, h:1080
05-27 18:33:33.488   581   581 I SpiService: fgesysctrl_getGPIO_status success val=0
05-27 18:33:33.489   481   597 I mcuc    : send SPI:6AA602C70800028900A4
05-27 18:33:33.493   283   307 I rvcservice: t.code = 4, t.value = 0
05-27 18:33:33.498 13911 14183 I SentryImuMcuAngleSender: 179.97899rollDeg
05-27 18:33:33.498 13911 14183 I SentryImuMcuAngleSender: 1,0,0
05-27 18:33:33.501   481   598 I mcuc    : rev,n=1,6AA681C709000A8900B80104092112345699
05-27 18:33:33.502   351   373 D automotive.vehicle@2.0-adayo-datacomm-mcu: MCUDatacomm sendMessageFromVehicle prop: 0x89, areaId: 0x0, status: 0xb8, timestamp: 0x1
05-27 18:33:33.502  1121  1144 I tboxmids_ap: [2026-05-27 18:33:33.502] [MCU RX] src=MCU dst=ZMQ len=10 type=BINARY data=00 08 B8 01 04 09 21 12 34 56 
05-27 18:33:33.502   351   373 D automotive.vehicle@2.0-adayo-datacomm-mcu: MCUDatacomm 1sendMessageFromVehicle ---> type = 12 
05-27 18:33:33.502  1083  1083 I MyAppLog: [2026-05-27 18:33:33.502 I tboxap mcuCommTboxmidsRecvCb:97] [Mcu] [mcuCommTboxmidsRecvCb] recv from tboxmids, size:10
05-27 18:33:33.502  1083  1083 I MyAppLog: [2026-05-27 18:33:33.502 I tboxap mcuCommTboxmidsRecvCb:98] [Mcu] [tboxmids -> tboxap]: :00 08 B8 01 04 09 21 12 34 56
05-27 18:33:33.502  1083  1083 I MyAppLog: [2026-05-27 18:33:33.502 I tboxap mcuPtlParseData:990] [Mcu] [Mcu  Parse]: (cmd):0921 (param):0921123456
05-27 18:33:33.503  1083  1083 W MyAppLog: [2026-05-27 18:33:33.502 W tboxap mcuParamDataRevPack:918] [Mcu] mcuParamDataRevPack start pack data!!!
05-27 18:33:33.503  1083  1083 W MyAppLog: [2026-05-27 18:33:33.502 W tboxap mcuHandleFaultCodeInd:1947] [Mcu] [mcuHandleFaultCodeInd] recv 0x0921 fault count:18 stored:2 firstCode:0x34
05-27 18:33:33.503  1083  1083 I MyAppLog: [2026-05-27 18:33:33.502 I tboxap mcuSendYadiTransfer:196] [Mcu] [mcuYadiSend]: :00 06 74 04 01 09 A1 01
05-27 18:33:33.503  1083  1083 W MyAppLog: [2026-05-27 18:33:33.502 W tboxap tsp_ExternalEvent:109] [Tsp] [tsp_ExternalEvent] recv ExternalEvent = 55, size:2
05-27 18:33:33.503   581   581 I SpiService: fgesysctrl_getGPIO_status success val=1
05-27 18:33:33.504  1008 30857 D [OMXB]  : usingANWBuffer: handle:0xee742270, format:1, w:1920, h:1080
05-27 18:33:33.505   481   599 I mcuc    : start timer OK = 27805 
05-27 18:33:33.508   581   581 I SpiService: fgesysctrl_getGPIO_status success val=1
05-27 18:33:33.511 30773 30788 I dvr_service_: [runShortMediaThread:298] cameraId:1 medias:300,audios:220,stateAudio:0,mShortState:0,warnEvent:0,state:1
05-27 18:33:33.513   581   581 I SpiService: fgesysctrl_getGPIO_status success val=1
05-27 18:33:33.515   299 30841 D EvsDriver: forwardFrame
05-27 18:33:33.515   299 30844 D EvsDriver: forwardFrame
05-27 18:33:33.518   299 30841 D EvsDriver: Delivered 0xb400007b7ca56a60 as id 0
05-27 18:33:33.518  1167  1184 D evsmanagerd: /dev/video4 forwarded the buffer #0 to 0xb4000074bf5f6850 from 0xb4000074bf5f41d0
05-27 18:33:33.518 13911 14183 I SentryImuMcuAngleSender: 179.97899rollDeg
05-27 18:33:33.519 13911 14183 I SentryImuMcuAngleSender: 1,0,0
05-27 18:33:33.519   581   581 I SpiService: fgesysctrl_getGPIO_status success val=1
05-27 18:33:33.519   299 30844 D EvsDriver: Delivered 0xb400007b7ca56900 as id 0
05-27 18:33:33.519  1167  1184 D evsmanagerd: /dev/video6 forwarded the buffer #0 to 0xb4000074bf5f5510 from 0xb4000074bf5f6d90
05-27 08:24:42.484   581   581 D spi_rst_gpio_get_output: GPIO 145 value: 1
05-27 08:24:42.484   581   581 D spidev_ioctl: gpio status=1)
05-27 18:33:33.523   536   536 D commservice260303: msg.id = 1028,1
05-27 18:33:33.523   536   536 D commservice260303: i = 170, msgid = 8A000404
05-27 18:33:33.523   536   536 D commservice260303: msgid = -1979710460,did=138
05-27 18:33:33.523   536   536 D commservice260303: CommProtocolLibCmdBaseI2C::dataproc {"command":{"id":"imu_status","sub":""},"content":{"TimeStamp":9,"FrameCounter":230099,"GD_X":-0.011910883709788322,"GD_Y":0.0059551820158958435,"GD_Z":0.0021378109231591225,"AD_X":-0.001394316554069519,"AD_Y":2.0633754320442677E-4,"AD_Z":-0.16946887969970703,"TempDsp":0,"Status":0,"CalibState":1,"SigAmpInvalid":0}},-1979710460
05-27 18:33:33.523   536   536 D commservice260303: send2Cluster len:317, 7B22636F6D6D616E64223A7B226964223A22696D755F737461747573222C22737562223A22227D2C22636F6E74656E74223A7B2254696D655374616D70223A392C224672616D65436F756E746572223A3233303039392C2247445F58223A2D302E3031313931303838333730393738383332322C2247445F59223A302E303035393535313832303135383935383433352C2247445F5A223A302E303032313337383130393233313539313232352C2241445F58223A2D302E3030313339343331363535343036393531392C2241445F59223A322E30363333373534333230343432363737452D342C2241445F5A223A2D302E31363934363838373936393937303730332C2254656D70447370223A302C22537461747573223A302C2243616C69625374617465223A312C22536967416D70496E76616C6964223A307D7D, 138 
05-27 18:33:33.523   536   536 D commservice260303: Push Message into SendPool fn=-742325504
05-27 18:33:33.524   536   536 D commservice260303: ComProtocolLibSend2Cluster::send2ClusterRaw fn=-742325504 , len=333
05-27 18:33:33.524   536   536 D commservice260303: sendCmdToPort :333!!!
05-27 18:33:33.524   299  1163 D EvsDriver: doneWithFrame
05-27 18:33:33.524   299  1153 D EvsDriver: doneWithFrame
05-27 18:33:33.524   536   536 D commservice260303: send Cmd To Port ++++5AA501498A010003C1D36A16C87D7B22636F6D6D616E64223A7B226964223A22696D755F737461747573222C22737562223A22227D2C22636F6E74656E74223A7B2254696D655374616D70223A392C224672616D65436F756E746572223A3233303039392C2247445F58223A2D302E3031313931303838333730393738383332322C2247445F59223A302E303035393535313832303135383935383433352C2247445F5A223A302E303032313337383130393233313539313232352C2241445F58223A2D302E3030313339343331363535343036393531392C2241445F59223A322E30363333373534333230343432363737452D342C2241445F5A223A2D302E31363934363838373936393937303730332C2254656D70447370223A302C22537461747573223A302C2243616C69625374617465223A312C22536967416D70496E76616C6964223A307D7D6A6A
05-27 18:33:33.524   536   536 D commservice260303: bufferevent_write retrun value = 0
05-27 18:33:33.524   536   560 D commservice260303: client datas send succeed,send finish
05-27 18:33:33.525   581   581 I SpiService: fgesysctrl_getGPIO_status success val=0
05-27 18:33:33.526   481   597 I mcuc    : send SPI:6AA602C70900028900A36AA6016C9D00F8090174040109A101000000000000000000000000000000000000000000000000000000000000000000000000000000000000000000000000000000000000000000000000000000000000000000000000000000000000000000000000000000000000000000000000000000000000000000000000000000000000000000000000000000000000000000000000000000000000000000000000000000000000000000000000000000000000000000000000000000000000000000000000000000000000000000000000000000000000000000000000000000000000000000000000000000000000000000000000000000000000000000000000D0
05-27 18:33:33.527 13911 14192 D Sentinelmode_1.2.5.17_sentry: <SentryImuClusterFgeSender>imu_status sent to Linux, frame=230099, tsNs=9880768, tsMs=9, intervalMs=41, ad=(-0.0013943166,2.0633754E-4,-0.16946888), gd=(-0.011910884,0.005955182,0.002137811)
05-27 08:24:42.490   581   581 D spi_rst_gpio_get_output: GPIO 145 value: 0
05-27 18:33:33.536  1008 30856 D [OMXB]  : usingANWBuffer: handle:0xee742ab0, format:1, w:1920, h:1080
05-27 18:33:33.538 13911 14183 I SentryImuMcuAngleSender: 179.98949rollDeg
05-27 18:33:33.538 13911 14183 I SentryImuMcuAngleSender: 1,0,0
05-27 18:33:33.541   581   581 I SpiService: fgesysctrl_getGPIO_status success val=1
05-27 18:33:33.545 19261 19290 D ANWAPI_SECOND: (19261|0x1B981CB0)[BTAPI] run AnWBT_WaitInitFinish
05-27 18:33:33.545 19261 19290 D ANWAPI_SECOND: (19261|0x1B981CB0)[BTAPI] bb_vendor(3)hcit_type(3)
05-27 18:33:33.545 19261 19290 D ANWAPI_SECOND: (19261|0x1B981CB0)[BTAPI] RTL8761, config_uart_path[/dev/ttyS3], baudrate_init(115200), baudrate_normal(3000000)
05-27 18:33:33.545 19261 19290 D ANWAPI_SECOND: (19261|0x1B981CB0)[BTAPI] RTL8761, config_BT_ADDR_path[]
05-27 18:33:33.545 19261 19290 D ANWAPI_SECOND: (19261|0x1B981CB0)[BTAPI] BTUart_Configure start
05-27 18:33:33.546 19261 19290 I ANWStack: [   9880796][ANWBT] Device name = /dev/ttyS3,baudrate_init =115200(115200),baudrate =3000000(3000000)
05-27 18:33:33.546 19261 19290 I ANWStack: 
05-27 18:33:33.546 19261 19290 I ANWStack: [   9880796][ANWBT] BTUart_StartUp  speed = 115200
05-27 18:33:33.546 19261 19290 I ANWStack: 
05-27 18:33:33.546 19261 19290 D ANWStack: Mac Address /data/vendor/bluetooth/btmac.txt open fail - No such file or directory
05-27 18:33:33.546 19261 19290 D ANWStack: Mac Address from file  /data/vendor/bluetooth/btmac.txt -  (1)
05-27 18:33:33.541 19261 19261 I auditd  : type=1400 audit(0.0:55116): avc: denied { read write } for comm="BTInit_Task" name="ttyS3" dev="tmpfs" ino=3005 scontext=u:r:system_app:s0 tcontext=u:object_r:serial_device:s0 tclass=chr_file permissive=1
05-27 18:33:33.541 19261 19261 I BTInit_Task: type=1400 audit(0.0:55116): avc: denied { read write } for name="ttyS3" dev="tmpfs" ino=3005 scontext=u:r:system_app:s0 tcontext=u:object_r:serial_device:s0 tclass=chr_file permissive=1
05-27 18:33:33.541 19261 19261 I auditd  : type=1400 audit(0.0:55117): avc: denied { open } for comm="BTInit_Task" path="/dev/ttyS3" dev="tmpfs" ino=3005 scontext=u:r:system_app:s0 tcontext=u:object_r:serial_device:s0 tclass=chr_file permissive=1
05-27 18:33:33.541 19261 19261 I BTInit_Task: type=1400 audit(0.0:55117): avc: denied { open } for path="/dev/ttyS3" dev="tmpfs" ino=3005 scontext=u:r:system_app:s0 tcontext=u:object_r:serial_device:s0 tclass=chr_file permissive=1
05-27 18:33:33.548   299 30841 D EvsDriver: forwardFrame
05-27 18:33:33.549  1008 30857 D [OMXB]  : usingANWBuffer: handle:0xee741c40, format:1, w:1920, h:1080
05-27 18:33:33.549   299 30844 D EvsDriver: forwardFrame
05-27 18:33:33.550 19261 19290 D ANWStack: rtk_8761C_init@1, fd 0x55
05-27 18:33:33.550 19261 19290 D ANWStack: type RTL_8761C, init speed 115200
05-27 18:33:33.545 19261 19261 I auditd  : type=1400 audit(0.0:55118): avc: denied { ioctl } for comm="BTInit_Task" path="/dev/ttyS3" dev="tmpfs" ino=3005 ioctlcmd=0x540b scontext=u:r:system_app:s0 tcontext=u:object_r:serial_device:s0 tclass=chr_file permissive=1
05-27 18:33:33.545 19261 19261 I BTInit_Task: type=1400 audit(0.0:55118): avc: denied { ioctl } for path="/dev/ttyS3" dev="tmpfs" ino=3005 ioctlcmd=0x540b scontext=u:r:system_app:s0 tcontext=u:object_r:serial_device:s0 tclass=chr_file permissive=1
05-27 18:33:33.550 19261 19290 D ANWStack: rtk_8761C_init@2, fd 0x55
05-27 18:33:33.551 19261 19290 D ANWStack: Realtek Bluetooth init uart with init speed:115200, type:HCI UART H4
05-27 18:33:33.551 19261 19290 D ANWStack: Realtek Bluetooth :Realtek hciattach version 3.1.d5a90fd.20250813-162457 
05-27 18:33:33.551 19261 19290 D ANWStack: 
05-27 18:33:33.551 19261 19290 D ANWStack: Realtek Bluetooth :Use epoll
05-27 18:33:33.551 19261 19290 D ANWStack: Realtek Bluetooth :Realtek H4 IC
05-27 18:33:33.552  1167  1184 D evsmanagerd: /dev/video4 forwarded the buffer #0 to 0xb4000074bf5f6850 from 0xb4000074bf5f41d0
05-27 18:33:33.552   581   581 I SpiService: fgesysctrl_getGPIO_status success val=1
05-27 18:33:33.552   299 30841 D EvsDriver: Delivered 0xb400007b7ca56a60 as id 0
05-27 18:33:33.553   299 30844 D EvsDriver: Delivered 0xb400007b7ca56900 as id 0
05-27 18:33:33.554  1167  1184 D evsmanagerd: /dev/video6 forwarded the buffer #0 to 0xb4000074bf5f5510 from 0xb4000074bf5f6d90
05-27 18:33:33.559   536  2579 D commservice260303: send heart beat package to Cluster
05-27 18:33:33.559   536  2579 D commservice260303: send2Cluster len:40, 7B22636F6D6D616E64223A7B226964223A22686561727462656174222C22737562223A22227D7D0A, 129 
05-27 18:33:33.559 13911 14183 I SentryImuMcuAngleSender: 179.98949rollDeg
05-27 18:33:33.559   581   581 I SpiService: fgesysctrl_getGPIO_status success val=1
05-27 18:33:33.559   536  2579 D commservice260303: Push Message into SendPool fn=-725548288
05-27 18:33:33.559 13911 14183 I SentryImuMcuAngleSender: 1,0,0
05-27 18:33:33.559   536  2579 D commservice260303: ComProtocolLibSend2Cluster::send2ClusterRaw fn=-725548288 , len=56
05-27 18:33:33.560   536  2579 D commservice260303: sendCmdToPort :56!!!
05-27 18:33:33.560   536  2579 D commservice260303: send Cmd To Port ++++5AA5003481010003C1D46A16C87D7B22636F6D6D616E64223A7B226964223A22686561727462656174222C22737562223A22227D7D0A2133
05-27 18:33:33.560   536  2579 D commservice260303: bufferevent_write retrun value = 0
05-27 18:33:33.560   536   560 D commservice260303: client datas send succeed,send finish
05-27 18:33:33.562   536   536 D commservice260303: msg.id = 1028,0
05-27 18:33:33.562   536   536 D commservice260303: i = 170, msgid = 8A000404
05-27 18:33:33.562   299  1163 D EvsDriver: doneWithFrame
05-27 18:33:33.562   536   536 D commservice260303: msgid = -1979710460,did=138
05-27 18:33:33.562   536   536 D commservice260303: CommProtocolLibCmdBaseI2C::dataproc {"command":{"id":"imu_status","sub":""},"content":{"TimeStamp":9,"FrameCounter":230100,"GD_X":-0.01160607673227787,"GD_Y":0.005420989356935024,"GD_Z":0.0019079053308814764,"AD_X":-1.82420015335083E-4,"AD_Y":-0.001010738662444055,"AD_Z":-0.16885852813720703,"TempDsp":0,"Status":0,"CalibState":1,"SigAmpInvalid":0}},-1979710460
05-27 18:33:33.562   299  1153 D EvsDriver: doneWithFrame
05-27 18:33:33.562   536   536 D commservice260303: send2Cluster len:314, 7B22636F6D6D616E64223A7B226964223A22696D755F737461747573222C22737562223A22227D2C22636F6E74656E74223A7B2254696D655374616D70223A392C224672616D65436F756E746572223A3233303130302C2247445F58223A2D302E30313136303630373637333232373738372C2247445F59223A302E3030353432303938393335363933353032342C2247445F5A223A302E303031393037393035333330383831343736342C2241445F58223A2D312E3832343230303135333335303833452D342C2241445F59223A2D302E3030313031303733383636323434343035352C2241445F5A223A2D302E31363838353835323831333732303730332C2254656D70447370223A302C22537461747573223A302C2243616C69625374617465223A312C22536967416D70496E76616C6964223A307D7D, 138 
05-27 18:33:33.562   536   536 D commservice260303: Push Message into SendPool fn=-708771072
05-27 18:33:33.562   536   536 D commservice260303: ComProtocolLibSend2Cluster::send2ClusterRaw fn=-708771072 , len=330
05-27 18:33:33.562   536   536 D commservice260303: sendCmdToPort :330!!!
05-27 18:33:33.562   536   536 D commservice260303: send Cmd To Port ++++5AA501468A010003C1D56A16C87D7B22636F6D6D616E64223A7B226964223A22696D755F737461747573222C22737562223A22227D2C22636F6E74656E74223A7B2254696D655374616D70223A392C224672616D65436F756E746572223A3233303130302C2247445F58223A2D302E30313136303630373637333232373738372C2247445F59223A302E3030353432303938393335363933353032342C2247445F5A223A302E303031393037393035333330383831343736342C2241445F58223A2D312E3832343230303135333335303833452D342C2241445F59223A2D302E3030313031303733383636323434343035352C2241445F5A223A2D302E31363838353835323831333732303730332C2254656D70447370223A302C22537461747573223A302C2243616C69625374617465223A312C22536967416D70496E76616C6964223A307D7DBB1B
05-27 18:33:33.562   536   536 D commservice260303: bufferevent_write retrun value = 0
05-27 18:33:33.562   536   560 D commservice260303: client datas send succeed,send finish
05-27 18:33:33.563 13911 14192 D Sentinelmode_1.2.5.17_sentry: <SentryImuClusterFgeSender>imu_status sent to Linux, frame=230100, tsNs=9880785, tsMs=9, intervalMs=38, ad=(-1.8242002E-4,-0.0010107387,-0.16885853), gd=(-0.011606077,0.0054209894,0.0019079053)
05-27 18:33:33.565   581   581 I SpiService: fgesysctrl_getGPIO_status success val=0
05-27 18:33:33.565   536   560 D commservice260303: recv len:91, 5AA500570100000039D76A16C87D7B22636F6D6D616E64223A7B226964223A22686561727462656174222C22737562223A22227D2C22726573706F6E65223A7B22636F6465223A302C226D657373616765223A226F6B227D7DDF59 from server
05-27 18:33:33.565   536  2578 D commservice260303: mcuDataAnalyzeHandle templen:91,len:91,pos:0, 5AA500570100000039D76A16C87D7B22636F6D6D616E64223A7B226964223A22686561727462656174222C22737562223A22227D2C22726573706F6E65223A7B22636F6465223A302C226D657373616765223A226F6B227D7DDF59 
05-27 18:33:33.565   536  2578 I commservice260303: checksumCal = 57177
05-27 18:33:33.565   536  2578 D commservice260303: Protocol_C2I_Commservice::dataproc {"command":{"id":"heartbeat","sub":""},"respone":{"code":0,"message":"ok"}},1
05-27 18:33:33.566   536  2578 D commservice260303: Protocol_C2I_Commservice::dataproc Receive a heartbeat command from Cluster, setTcpHeartbeat = EID_UID_HEARTBEAT
05-27 18:33:33.567  1008 30856 D [OMXB]  : usingANWBuffer: handle:0xee7406f0, format:1, w:1920, h:1080
05-27 18:33:33.579 13911 14183 I SentryImuMcuAngleSender: 179.97197rollDeg
05-27 18:33:33.579 13911 14183 I SentryImuMcuAngleSender: 1,0,0
05-27 18:33:33.580   481   598 I mcuc    : rev,n=1,6AA6826C9D0002090169
05-27 18:33:33.581   581   581 I SpiService: fgesysctrl_getGPIO_status success val=1
05-27 18:33:33.581   299 30844 D EvsDriver: forwardFrame
05-27 18:33:33.582   299 30844 D EvsDriver: Delivered 0xb400007b7ca56900 as id 0
05-27 18:33:33.582   299 30841 D EvsDriver: forwardFrame
05-27 18:33:33.582  1167  1184 D evsmanagerd: /dev/video6 forwarded the buffer #0 to 0xb4000074bf5f5510 from 0xb4000074bf5f6d90
05-27 18:33:33.583   299 30841 D EvsDriver: Delivered 0xb400007b7ca56a60 as id 0
05-27 18:33:33.584  1167  1184 D evsmanagerd: /dev/video4 forwarded the buffer #0 to 0xb4000074bf5f6850 from 0xb4000074bf5f41d0
05-27 18:33:33.585  1008 30857 D [OMXB]  : usingANWBuffer: handle:0xee7442c0, format:1, w:1920, h:1080
05-27 18:33:33.587   581   581 I SpiService: fgesysctrl_getGPIO_status success val=1
05-27 18:33:33.588   299  1153 D EvsDriver: doneWithFrame
05-27 18:33:33.588   299  1163 D EvsDriver: doneWithFrame
05-27 18:33:33.589   572   572 I Sensors : 230 AccelSensor: x:-0.165310,y:0.004880,z:-9.973500
05-27 18:33:33.593   581   581 I SpiService: fgesysctrl_getGPIO_status success val=1
05-27 18:33:33.593   283   307 I rvcservice: t.code = 3, t.value = 0
05-27 08:24:42.557   581   581 D spi_rst_gpio_get_output: GPIO 145 value: 1
05-27 18:33:33.598   581   581 I SpiService: fgesysctrl_getGPIO_status success val=1
05-27 18:33:33.599 13911 14183 I SentryImuMcuAngleSender: 179.97197rollDeg
05-27 18:33:33.599 13911 14183 I SentryImuMcuAngleSender: 1,0,0
05-27 18:33:33.601   536   536 D commservice260303: msg.id = 1028,0
05-27 18:33:33.601   536   536 D commservice260303: i = 170, msgid = 8A000404
05-27 18:33:33.601   536   536 D commservice260303: msgid = -1979710460,did=138
05-27 18:33:33.602   536   536 D commservice260303: CommProtocolLibCmdBaseI2C::dataproc {"command":{"id":"imu_status","sub":""},"content":{"TimeStamp":9,"FrameCounter":230101,"GD_X":-0.011453153565526009,"GD_Y":0.005268065724521875,"GD_Z":0.002213752595707774,"AD_X":4.002600908279419E-4,"AD_Y":0.002026037313044071,"AD_Z":-0.16825008392333984,"TempDsp":0,"Status":0,"CalibState":1,"SigAmpInvalid":0}},-1979710460
05-27 18:33:33.602   536   536 D commservice260303: send2Cluster len:313, 7B22636F6D6D616E64223A7B226964223A22696D755F737461747573222C22737562223A22227D2C22636F6E74656E74223A7B2254696D655374616D70223A392C224672616D65436F756E746572223A3233303130312C2247445F58223A2D302E3031313435333135333536353532363030392C2247445F59223A302E3030353236383036353732343532313837352C2247445F5A223A302E3030323231333735323539353730373737342C2241445F58223A342E303032363030393038323739343139452D342C2241445F59223A302E3030323032363033373331333034343037312C2241445F5A223A2D302E31363832353030383339323333333938342C2254656D70447370223A302C22537461747573223A302C2243616C69625374617465223A312C22536967416D70496E76616C6964223A307D7D, 138 
05-27 18:33:33.602   536   536 D commservice260303: Push Message into SendPool fn=-691993856
05-27 18:33:33.602   536   536 D commservice260303: ComProtocolLibSend2Cluster::send2ClusterRaw fn=-691993856 , len=329
05-27 18:33:33.602   536   536 D commservice260303: sendCmdToPort :329!!!
05-27 18:33:33.602   536   536 D commservice260303: send Cmd To Port ++++5AA501458A010003C1D66A16C87D7B22636F6D6D616E64223A7B226964223A22696D755F737461747573222C22737562223A22227D2C22636F6E74656E74223A7B2254696D655374616D70223A392C224672616D65436F756E746572223A3233303130312C2247445F58223A2D302E3031313435333135333536353532363030392C2247445F59223A302E3030353236383036353732343532313837352C2247445F5A223A302E3030323231333735323539353730373737342C2241445F58223A342E303032363030393038323739343139452D342C2241445F59223A302E3030323032363033373331333034343037312C2241445F5A223A2D302E31363832353030383339323333333938342C2254656D70447370223A302C22537461747573223A302C2243616C69625374617465223A312C22536967416D70496E76616C6964223A307D7DA2C6
05-27 18:33:33.602   536   536 D commservice260303: bufferevent_write retrun value = 0
05-27 18:33:33.602   536   560 D commservice260303: client datas send succeed,send finish
05-27 18:33:33.602 13911 14192 D Sentinelmode_1.2.5.17_sentry: <SentryImuClusterFgeSender>imu_status sent to Linux, frame=230101, tsNs=9880839, tsMs=9, intervalMs=40, ad=(4.002601E-4,0.0020260373,-0.16825008), gd=(-0.011453154,0.0052680657,0.0022137526)
05-27 18:33:33.604   581   581 I SpiService: fgesysctrl_getGPIO_status success val=0
05-27 08:24:42.568   581   581 D spi_rst_gpio_get_output: GPIO 145 value: 0
05-27 18:33:33.608  1008 30856 D [OMXB]  : usingANWBuffer: handle:0xee7444d0, format:1, w:1920, h:1080
05-27 18:33:33.612   299 30844 D EvsDriver: forwardFrame
05-27 18:33:33.614   299 30844 D EvsDriver: Delivered 0xb400007b7ca56900 as id 0
05-27 18:33:33.615  1167  1184 D evsmanagerd: /dev/video6 forwarded the buffer #0 to 0xb4000074bf5f5510 from 0xb4000074bf5f6d90
05-27 18:33:33.615 30773 30781 E dvr_service_: [myNum:1] Received S**** loss
05-27 18:33:33.615   299  1153 D EvsDriver: doneWithFrame
05-27 18:33:33.617 30773 30787 I dvr_service_: [runShortMediaThread:298] cameraId:0 medias:300,audios:220,stateAudio:0,mShortState:0,warnEvent:0,state:1
05-27 18:33:33.618   299 30841 D EvsDriver: forwardFrame
05-27 18:33:33.619   299 30841 D EvsDriver: Delivered 0xb400007b7ca56a60 as id 0
05-27 18:33:33.619 13911 14183 I SentryImuMcuAngleSender: 179.97197rollDeg
05-27 18:33:33.619 13911 14183 I SentryImuMcuAngleSender: 1,0,0
05-27 18:33:33.620   581   581 I SpiService: fgesysctrl_getGPIO_status success val=1
05-27 18:33:33.620  1167  1184 D evsmanagerd: /dev/video4 forwarded the buffer #0 to 0xb4000074bf5f6850 from 0xb4000074bf5f41d0
05-27 18:33:33.620 30773 30781 E dvr_service_: [myNum:0] Received S**** loss
05-27 18:33:33.620   299  1153 D EvsDriver: doneWithFrame
05-27 08:24:42.584   581   581 D spi_rst_gpio_get_output: GPIO 145 value: 1
05-27 18:33:33.622  1008 30857 D [OMXB]  : usingANWBuffer: handle:0xee742b60, format:1, w:1920, h:1080
05-27 18:33:33.625   581   581 I SpiService: fgesysctrl_getGPIO_status success val=1
05-27 08:24:42.590   581   581 D spidev_ioctl: gpio status=1)
05-27 18:33:33.630 30773 30785 I dvr_service_: [EncoderHandler::runMediaThread] runMediaThread started:1,state:1, cam2:started:1,state:1, lastSwitch:1, mIsMuxerStart:1,format:0,is_str_ing:0
05-27 18:33:33.631   581   581 I SpiService: fgesysctrl_getGPIO_status success val=1
05-27 08:24:42.595   581   581 D spi_rst_gpio_get_output: GPIO 145 value: 1
05-27 18:33:33.636   581   581 I SpiService: fgesysctrl_getGPIO_status success val=1
05-27 08:24:42.601   581   581 D spidev_ioctl: gpio status=1)
05-27 18:33:33.638  1008 30856 D [OMXB]  : usingANWBuffer: handle:0xee743190, format:1, w:1920, h:1080
05-27 18:33:33.640 13911 14183 I SentryImuMcuAngleSender: 179.97197rollDeg
05-27 18:33:33.640 13911 14183 I SentryImuMcuAngleSender: 1,0,0
05-27 18:33:33.642   581   581 I SpiService: fgesysctrl_getGPIO_status success val=1
05-27 18:33:33.644   536   536 D commservice260303: msg.id = 1028,0
05-27 18:33:33.644   536   536 D commservice260303: i = 170, msgid = 8A000404
05-27 18:33:33.644   536   536 D commservice260303: msgid = -1979710460,did=138
05-27 18:33:33.644   536   536 D commservice260303: CommProtocolLibCmdBaseI2C::dataproc {"command":{"id":"imu_status","sub":""},"content":{"TimeStamp":9,"FrameCounter":230102,"GD_X":-0.010766036808490753,"GD_Y":0.005802778527140617,"GD_Z":0.0018319635419175029,"AD_X":9.857714176177979E-4,"AD_Y":0.0020133608486503363,"AD_Z":-0.16825008392333984,"TempDsp":0,"Status":0,"CalibState":1,"SigAmpInvalid":0}},-1979710460
05-27 18:33:33.644   536   536 D commservice260303: send2Cluster len:315, 7B22636F6D6D616E64223A7B226964223A22696D755F737461747573222C22737562223A22227D2C22636F6E74656E74223A7B2254696D655374616D70223A392C224672616D65436F756E746572223A3233303130322C2247445F58223A2D302E3031303736363033363830383439303735332C2247445F59223A302E3030353830323737383532373134303631372C2247445F5A223A302E303031383331393633353431393137353032392C2241445F58223A392E383537373134313736313737393739452D342C2241445F59223A302E303032303133333630383438363530333336332C2241445F5A223A2D302E31363832353030383339323333333938342C2254656D70447370223A302C22537461747573223A302C2243616C69625374617465223A312C22536967416D70496E76616C6964223A307D7D, 138 
05-27 18:33:33.644   536   536 D commservice260303: Push Message into SendPool fn=-675216640
05-27 18:33:33.644   536   536 D commservice260303: ComProtocolLibSend2Cluster::send2ClusterRaw fn=-675216640 , len=331
05-27 18:33:33.644   536   536 D commservice260303: sendCmdToPort :331!!!
05-27 18:33:33.644   536   536 D commservice260303: send Cmd To Port ++++5AA501478A010003C1D76A16C87D7B22636F6D6D616E64223A7B226964223A22696D755F737461747573222C22737562223A22227D2C22636F6E74656E74223A7B2254696D655374616D70223A392C224672616D65436F756E746572223A3233303130322C2247445F58223A2D302E3031303736363033363830383439303735332C2247445F59223A302E3030353830323737383532373134303631372C2247445F5A223A302E303031383331393633353431393137353032392C2241445F58223A392E383537373134313736313737393739452D342C2241445F59223A302E303032303133333630383438363530333336332C2241445F5A223A2D302E31363832353030383339323333333938342C2254656D70447370223A302C22537461747573223A302C2243616C69625374617465223A312C22536967416D70496E76616C6964223A307D7D0E79
05-27 18:33:33.644   536   536 D commservice260303: bufferevent_write retrun value = 0
05-27 18:33:33.644   536   560 D commservice260303: client datas send succeed,send finish
05-27 18:33:33.644 13911 14192 D Sentinelmode_1.2.5.17_sentry: <SentryImuClusterFgeSender>imu_status sent to Linux, frame=230102, tsNs=9880875, tsMs=9, intervalMs=42, ad=(9.857714E-4,0.0020133608,-0.16825008), gd=(-0.010766037,0.0058027785,0.0018319635)
05-27 08:24:42.607   581   581 D spidev_ioctl: gpio status=1)
05-27 18:33:33.648   581   581 I SpiService: fgesysctrl_getGPIO_status success val=0
05-27 18:33:33.649   299 30844 D EvsDriver: forwardFrame
05-27 18:33:33.650   299 30844 D EvsDriver: Delivered 0xb400007b7ca56900 as id 0
05-27 18:33:33.650  1167  1167 D evsmanagerd: /dev/video6 forwarded the buffer #0 to 0xb4000074bf5f5510 from 0xb4000074bf5f6d90
05-27 18:33:33.652   299 30841 D EvsDriver: forwardFrame
05-27 18:33:33.653   299  1153 D EvsDriver: doneWithFrame
05-27 18:33:33.653   299 30841 D EvsDriver: Delivered 0xb400007b7ca56a60 as id 0
05-27 18:33:33.653  1167  1167 D evsmanagerd: /dev/video4 forwarded the buffer #0 to 0xb4000074bf5f6850 from 0xb4000074bf5f41d0
05-27 18:33:33.657   299  1153 D EvsDriver: doneWithFrame
05-27 18:33:33.657  1008 30857 D [OMXB]  : usingANWBuffer: handle:0xee746310, format:1, w:1920, h:1080
05-27 18:33:33.660   481   598 I mcuc    : rev,n=1,6AA681C70A008C8305000055000000B000000000000100010000F84BC4B1C6A650C4C8C4C6D822C4C7898DC4C8B2D7EA8328AFD800000000040000B3000000000000000000000000000000B44300000000000300000000000000AA000000E40701010000000000000000BB06050507EA051B000008009403CB00CC000000000000000000000000000000B500000000000000002E
05-27 18:33:33.660   351   373 D automotive.vehicle@2.0-adayo-datacomm-mcu: MCUDatacomm sendMessageFromVehicle prop: 0x83, areaId: 0x5, status: 0x0, timestamp: 0x0
05-27 18:33:33.660   351   373 D automotive.vehicle@2.0-adayo-datacomm-mcu: MCUDatacomm 1sendMessageFromVehicle ---> type = 7 
05-27 18:33:33.660   351   373 I automotive.vehicle@2.0-adayo-func-mcu: MCUFunc :sendMessageFromVehicle  msgBuff[0] = 131 
05-27 18:33:33.660   351   373 I automotive.vehicle@2.0-adayo-func-mcu: MCUFunc :sendMessageFromVehicle  msgBuff[1] = 5 
05-27 18:33:33.661   351   373 I automotive.vehicle@2.0-adayo-func-mcu: MCUFunc :sendMessageFromVehicle  msgBuff[2] = 0 
05-27 18:33:33.661   351   373 I automotive.vehicle@2.0-adayo-func-mcu: MCUFunc :sendMessageFromVehicle  msgBuff[3] = 0 
05-27 18:33:33.661   351   373 I automotive.vehicle@2.0-adayo-func-mcu: MCUFunc :sendMessageFromVehicle  msgBuff[4] = 85 
05-27 18:33:33.661   351   373 I automotive.vehicle@2.0-adayo-func-mcu: MCUFunc :sendMessageFromVehicle  msgBuff[5] = 0 
05-27 18:33:33.661 13911 14183 I SentryImuMcuAngleSender: 179.98248rollDeg
05-27 18:33:33.661 13911 14183 I SentryImuMcuAngleSender: 1,0,0
05-27 18:33:33.663   581   581 I SpiService: fgesysctrl_getGPIO_status success val=1
05-27 18:33:33.668   581   581 I SpiService: fgesysctrl_getGPIO_status success val=1
05-27 18:33:33.670   566 11459 I gps_hdbd: nmea_cs <0> != calc_cs <2c>, return -1
05-27 18:33:33.671  1008 30856 D [OMXB]  : usingANWBuffer: handle:0xee740bc0, format:1, w:1920, h:1080
05-27 18:33:33.674   581   581 I SpiService: fgesysctrl_getGPIO_status success val=1
05-27 08:24:42.639   581   581 D spidev_ioctl: gpio status=1)
05-27 18:33:33.678   572   622 I Sensors : 230 GyroSensor: x:-0.011530,y:0.005039,z:0.002367
05-27 18:33:33.679   581   581 I SpiService: fgesysctrl_getGPIO_status success val=1
05-27 08:24:42.644   581   581 D spidev_ioctl: gpio status=1)
05-27 18:33:33.681 13911 14183 I SentryImuMcuAngleSender: 179.99298rollDeg
05-27 18:33:33.681 13911 14183 I SentryImuMcuAngleSender: 1,0,0
05-27 18:33:33.683   536   536 D commservice260303: msg.id = 1028,0
05-27 18:33:33.683   536   536 D commservice260303: i = 170, msgid = 8A000404
05-27 18:33:33.683   536   536 D commservice260303: msgid = -1979710460,did=138
05-27 18:33:33.683   536   536 D commservice260303: CommProtocolLibCmdBaseI2C::dataproc {"command":{"id":"imu_status","sub":""},"content":{"TimeStamp":9,"FrameCounter":230103,"GD_X":-0.01153013575822115,"GD_Y":0.005039200186729431,"GD_Z":0.0023671966046094894,"AD_X":3.4481287002563477E-4,"AD_Y":-0.001631349790841341,"AD_Z":-0.16702938079833984,"TempDsp":0,"Status":0,"CalibState":1,"SigAmpInvalid":0}},-1979710460
05-27 18:33:33.683   536   536 D commservice260303: send2Cluster len:315, 7B22636F6D6D616E64223A7B226964223A22696D755F737461747573222C22737562223A22227D2C22636F6E74656E74223A7B2254696D655374616D70223A392C224672616D65436F756E746572223A3233303130332C2247445F58223A2D302E30313135333031333537353832323131352C2247445F59223A302E3030353033393230303138363732393433312C2247445F5A223A302E303032333637313936363034363039343839342C2241445F58223A332E34343831323837303032353633343737452D342C2241445F59223A2D302E3030313633313334393739303834313334312C2241445F5A223A2D302E31363730323933383037393833333938342C2254656D70447370223A302C22537461747573223A302C2243616C69625374617465223A312C22536967416D70496E76616C6964223A307D7D, 138 
05-27 18:33:33.683   536   536 D commservice260303: Push Message into SendPool fn=-658439424
05-27 18:33:33.683   536   536 D commservice260303: ComProtocolLibSend2Cluster::send2ClusterRaw fn=-658439424 , len=331
05-27 18:33:33.683   536   536 D commservice260303: sendCmdToPort :331!!!
05-27 18:33:33.683   536   536 D commservice260303: send Cmd To Port ++++5AA501478A010003C1D86A16C87D7B22636F6D6D616E64223A7B226964223A22696D755F737461747573222C22737562223A22227D2C22636F6E74656E74223A7B2254696D655374616D70223A392C224672616D65436F756E746572223A3233303130332C2247445F58223A2D302E30313135333031333537353832323131352C2247445F59223A302E3030353033393230303138363732393433312C2247445F5A223A302E303032333637313936363034363039343839342C2241445F58223A332E34343831323837303032353633343737452D342C2241445F59223A2D302E3030313633313334393739303834313334312C2241445F5A223A2D302E31363730323933383037393833333938342C2254656D70447370223A302C22537461747573223A302C2243616C69625374617465223A312C22536967416D70496E76616C6964223A307D7DCDE9
05-27 18:33:33.684   536   536 D commservice260303: bufferevent_write retrun value = 0
05-27 18:33:33.684   536   560 D commservice260303: client datas send succeed,send finish
05-27 18:33:33.684 13911 14192 D Sentinelmode_1.2.5.17_sentry: <SentryImuClusterFgeSender>imu_status sent to Linux, frame=230103, tsNs=9880928, tsMs=9, intervalMs=39, ad=(3.4481287E-4,-0.0016313498,-0.16702938), gd=(-0.011530136,0.0050392,0.0023671966)
05-27 18:33:33.685   299 30841 D EvsDriver: forwardFrame
05-27 18:33:33.685   581   581 I SpiService: fgesysctrl_getGPIO_status success val=1
05-27 18:33:33.685   299 30844 D EvsDriver: forwardFrame
05-27 18:33:33.687   299 30841 D EvsDriver: Delivered 0xb400007b7ca56a60 as id 0
05-27 08:24:42.656   581   581 D spi_rst_gpio_get_output: GPIO 145 value: 0
05-27 08:24:42.656   581   581 D spidev_ioctl: gpio status=0)
05-27 18:33:33.687  1167  1167 D evsmanagerd: /dev/video4 forwarded the buffer #0 to 0xb4000074bf5f6850 from 0xb4000074bf5f41d0
05-27 18:33:33.687  1167  1184 D evsmanagerd: /dev/video6 forwarded the buffer #0 to 0xb4000074bf5f5510 from 0xb4000074bf5f6d90
05-27 18:33:33.688   299 30844 D EvsDriver: Delivered 0xb400007b7ca56900 as id 0
05-27 18:33:33.691   581   581 I SpiService: fgesysctrl_getGPIO_status success val=0
05-27 18:33:33.691   481   597 I mcuc    : send SPI:6AA602C70A00028305A3
05-27 18:33:33.693   299  1153 D EvsDriver: doneWithFrame
05-27 18:33:33.694 15863 15925 D VersionPrinter: com.aispeech.lyra.daemon- VersionName:[8.0.1_260520.0.yadi_HuoXing] - append:[] - active:[]
05-27 18:33:33.695   299  1153 D EvsDriver: doneWithFrame
05-27 18:33:33.695   283   307 I rvcservice: t.code = 1, t.value = -167140
05-27 18:33:33.701 13911 14183 I SentryImuMcuAngleSender: 179.97546rollDeg
05-27 18:33:33.701 13911 14183 I SentryImuMcuAngleSender: 1,0,0
05-27 18:33:33.702  1008 30856 D [OMXB]  : usingANWBuffer: handle:0xee743240, format:1, w:1920, h:1080
05-27 18:33:33.706   581   581 I SpiService: fgesysctrl_getGPIO_status success val=1
05-27 08:24:42.671   581   581 D spi_rst_gpio_get_output: GPIO 145 value: 1
05-27 18:33:33.712   299 30844 D EvsDriver: forwardFrame
05-27 18:33:33.712   581   581 I SpiService: fgesysctrl_getGPIO_status success val=1
05-27 08:24:42.677   581   581 D spi_rst_gpio_get_output: GPIO 145 value: 1
05-27 08:24:42.677   581   581 D spidev_ioctl: gpio status=1)
05-27 18:33:33.714   299 30844 D EvsDriver: Delivered 0xb400007b7ca56900 as id 0
05-27 18:33:33.714  1167  1167 D evsmanagerd: /dev/video6 forwarded the buffer #0 to 0xb4000074bf5f5510 from 0xb4000074bf5f6d90
05-27 18:33:33.717  1008 30857 D [OMXB]  : usingANWBuffer: handle:0xee743c90, format:1, w:1920, h:1080
05-27 18:33:33.718   581   581 I SpiService: fgesysctrl_getGPIO_status success val=1
05-27 18:33:33.719   299  1153 D EvsDriver: doneWithFrame
05-27 18:33:33.720   299 30841 D EvsDriver: forwardFrame
05-27 18:33:33.720 30773 30789 I dvr_service_: Camera 1: MediaOK:144056993, frames:3230, isKeyFrame:0,pts:9880680587
05-27 08:24:42.682   581   581 D spi_rst_gpio_get_output: GPIO 145 value: 1
05-27 08:24:42.682   581   581 D spidev_ioctl: gpio status=1)
05-27 18:33:33.722 13911 14183 I SentryImuMcuAngleSender: 179.97899rollDeg
05-27 18:33:33.722 13911 14183 I SentryImuMcuAngleSender: 1,0,0
05-27 18:33:33.724   581   581 I SpiService: fgesysctrl_getGPIO_status success val=1
05-27 18:33:33.725 30773 30786 I dvr_service_: CameraX 0  audioOK: 144070603,audios:2110
05-27 18:33:33.726   536   536 D commservice260303: msg.id = 1028,0
05-27 18:33:33.726   536   536 D commservice260303: i = 170, msgid = 8A000404
05-27 18:33:33.726   536   536 D commservice260303: msgid = -1979710460,did=138
05-27 18:33:33.726   536   536 D commservice260303: CommProtocolLibCmdBaseI2C::dataproc {"command":{"id":"imu_status","sub":""},"content":{"TimeStamp":9,"FrameCounter":230104,"GD_X":-0.011377211660146713,"GD_Y":0.004809814505279064,"GD_Z":0.0019079053308814764,"AD_X":-2.8398633003234863E-4,"AD_Y":8.004780393093824E-4,"AD_Z":-0.17068862915039062,"TempDsp":0,"Status":0,"CalibState":1,"SigAmpInvalid":0}},-1979710460
05-27 18:33:33.726   536   536 D commservice260303: send2Cluster len:316, 7B22636F6D6D616E64223A7B226964223A22696D755F737461747573222C22737562223A22227D2C22636F6E74656E74223A7B2254696D655374616D70223A392C224672616D65436F756E746572223A3233303130342C2247445F58223A2D302E3031313337373231313636303134363731332C2247445F59223A302E3030343830393831343530353237393036342C2247445F5A223A302E303031393037393035333330383831343736342C2241445F58223A2D322E38333938363333303033323334383633452D342C2241445F59223A382E303034373830333933303933383234452D342C2241445F5A223A2D302E31373036383836323931353033393036322C2254656D70447370223A302C22537461747573223A302C2243616C69625374617465223A312C22536967416D70496E76616C6964223A307D7D, 138 
05-27 18:33:33.726   536   536 D commservice260303: Push Message into SendPool fn=-641662208
05-27 18:33:33.726   536   536 D commservice260303: ComProtocolLibSend2Cluster::send2ClusterRaw fn=-641662208 , len=332
05-27 18:33:33.726   536   536 D commservice260303: sendCmdToPort :332!!!
05-27 18:33:33.726   536   536 D commservice260303: send Cmd To Port ++++5AA501488A010003C1D96A16C87D7B22636F6D6D616E64223A7B226964223A22696D755F737461747573222C22737562223A22227D2C22636F6E74656E74223A7B2254696D655374616D70223A392C224672616D65436F756E746572223A3233303130342C2247445F58223A2D302E3031313337373231313636303134363731332C2247445F59223A302E3030343830393831343530353237393036342C2247445F5A223A302E303031393037393035333330383831343736342C2241445F58223A2D322E38333938363333303033323334383633452D342C2241445F59223A382E303034373830333933303933383234452D342C2241445F5A223A2D302E31373036383836323931353033393036322C2254656D70447370223A302C22537461747573223A302C2243616C69625374617465223A312C22536967416D70496E76616C6964223A307D7DA873
05-27 18:33:33.726   536   536 D commservice260303: bufferevent_write retrun value = 0
05-27 18:33:33.727   536   560 D commservice260303: client datas send succeed,send finish
05-27 18:33:33.727 13911 14192 D Sentinelmode_1.2.5.17_sentry: <SentryImuClusterFgeSender>imu_status sent to Linux, frame=230104, tsNs=9880964, tsMs=9, intervalMs=44, ad=(-2.8398633E-4,8.0047804E-4,-0.17068863), gd=(-0.011377212,0.0048098145,0.0019079053)
05-27 18:33:33.727   299 30841 D EvsDriver: Delivered 0xb400007b7ca56a60 as id 0
05-27 18:33:33.727  1167  1167 D evsmanagerd: /dev/video4 forwarded the buffer #0 to 0xb4000074bf5f6850 from 0xb4000074bf5f41d0
05-27 18:33:33.729   581   581 I SpiService: fgesysctrl_getGPIO_status success val=0
05-27 08:24:42.688   581   581 D spidev_ioctl: gpio status=1)
05-27 08:24:42.694   581   581 D spi_rst_gpio_get_output: GPIO 145 value: 0
05-27 08:24:42.694   581   581 D spidev_ioctl: gpio status=0)
05-27 18:33:33.735   299  1153 D EvsDriver: doneWithFrame
05-27 18:33:33.736  1008 30856 D [OMXB]  : usingANWBuffer: handle:0xee744160, format:1, w:1920, h:1080
05-27 18:33:33.737 30773 30789 I dvr_service_: Camera 0: MediaOK:144027719, frames:3260, isKeyFrame:0,pts:9880676900
05-27 18:33:33.742 13911 14183 I SentryImuMcuAngleSender: 179.98248rollDeg
05-27 18:33:33.742 13911 14183 I SentryImuMcuAngleSender: 1,0,0
05-27 18:33:33.743   299 30841 D EvsDriver: forwardFrame
05-27 18:33:33.744   581   581 I SpiService: fgesysctrl_getGPIO_status success val=1
05-27 18:33:33.745   299 30841 D EvsDriver: Delivered 0xb400007b7ca56a60 as id 0
05-27 18:33:33.745  1167  1167 D evsmanagerd: /dev/video4 forwarded the buffer #0 to 0xb4000074bf5f6850 from 0xb4000074bf5f41d0
