05-27 18:33:32.610 13911 14183 I SentryImuMcuAngleSender: 179.993rollDeg
05-27 18:33:32.610 13911 14183 I SentryImuMcuAngleSender: 1,0,0
05-27 08:24:41.574   581   581 D spi_rst_gpio_get_output: GPIO 145 value: 1
05-27 18:33:32.614   299 30844 D EvsDriver: forwardFrame
05-27 18:33:32.615   299 30844 D EvsDriver: Delivered 0xb400007b7ca56900 as id 0
05-27 18:33:32.615  1167  1479 D evsmanagerd: /dev/video6 forwarded the buffer #0 to 0xb4000074bf5f5510 from 0xb4000074bf5f6d90
05-27 18:33:32.615 30773 30773 E dvr_service_: [myNum:1] Received S**** loss
05-27 18:33:32.615   581   581 I SpiService: fgesysctrl_getGPIO_status success val=1
05-27 18:33:32.615   299  1153 D EvsDriver: doneWithFrame
05-27 18:33:32.615  1008 30857 D [OMXB]  : usingANWBuffer: handle:0xee7435b0, format:1, w:1920, h:1080
05-27 18:33:32.616   299 30841 D EvsDriver: forwardFrame
05-27 18:33:32.618   299 30841 D EvsDriver: Delivered 0xb400007b7ca56a60 as id 0
05-27 18:33:32.618  1167  1479 D evsmanagerd: /dev/video4 forwarded the buffer #0 to 0xb4000074bf5f6850 from 0xb4000074bf5f41d0
05-27 18:33:32.619 30773 30773 E dvr_service_: [myNum:0] Received S**** loss
05-27 18:33:32.619   299  1153 D EvsDriver: doneWithFrame
05-27 18:33:32.620   581   581 I SpiService: fgesysctrl_getGPIO_status success val=1
05-27 18:33:32.625   536   536 D commservice260303: msg.id = 1028,0
05-27 18:33:32.625   536   536 D commservice260303: i = 170, msgid = 8A000404
05-27 18:33:32.625   536   536 D commservice260303: msgid = -1979710460,did=138
05-27 18:33:32.625   536   536 D commservice260303: CommProtocolLibCmdBaseI2C::dataproc {"command":{"id":"imu_status","sub":""},"content":{"TimeStamp":9,"FrameCounter":230077,"GD_X":-0.011682018637657166,"GD_Y":0.005420989356935024,"GD_Z":0.0022902146447449923,"AD_X":-0.0030733495950698853,"AD_Y":-0.0016373181715607643,"AD_Z":-0.17191314697265625,"TempDsp":0,"Status":0,"CalibState":1,"SigAmpInvalid":0}},-1979710460
05-27 18:33:32.625   536   536 D commservice260303: send2Cluster len:318, 7B22636F6D6D616E64223A7B226964223A22696D755F737461747573222C22737562223A22227D2C22636F6E74656E74223A7B2254696D655374616D70223A392C224672616D65436F756E746572223A3233303037372C2247445F58223A2D302E3031313638323031383633373635373136362C2247445F59223A302E3030353432303938393335363933353032342C2247445F5A223A302E303032323930323134363434373434393932332C2241445F58223A2D302E303033303733333439353935303639383835332C2241445F59223A2D302E303031363337333138313731353630373634332C2241445F5A223A2D302E31373139313331343639373236353632352C2254656D70447370223A302C22537461747573223A302C2243616C69625374617465223A312C22536967416D70496E76616C6964223A307D7D, 138 
05-27 18:33:32.625   536   536 D commservice260303: Push Message into SendPool fn=-1111424256
05-27 18:33:32.625   536   536 D commservice260303: ComProtocolLibSend2Cluster::send2ClusterRaw fn=-1111424256 , len=334
05-27 18:33:32.626   536   536 D commservice260303: sendCmdToPort :334!!!
05-27 18:33:32.626   536   536 D commservice260303: send Cmd To Port ++++5AA5014A8A010003C1BD6A16C87C7B22636F6D6D616E64223A7B226964223A22696D755F737461747573222C22737562223A22227D2C22636F6E74656E74223A7B2254696D655374616D70223A392C224672616D65436F756E746572223A3233303037372C2247445F58223A2D302E3031313638323031383633373635373136362C2247445F59223A302E3030353432303938393335363933353032342C2247445F5A223A302E303032323930323134363434373434393932332C2241445F58223A2D302E303033303733333439353935303639383835332C2241445F59223A2D302E303031363337333138313731353630373634332C2241445F5A223A2D302E31373139313331343639373236353632352C2254656D70447370223A302C22537461747573223A302C2243616C69625374617465223A312C22536967416D70496E76616C6964223A307D7D6A1B
05-27 18:33:32.626   536   536 D commservice260303: bufferevent_write retrun value = 0
05-27 18:33:32.626   536   560 D commservice260303: client datas send succeed,send finish
05-27 18:33:32.626 13911 14192 D Sentinelmode_1.2.5.17_sentry: <SentryImuClusterFgeSender>imu_status sent to Linux, frame=230077, tsNs=9879858, tsMs=9, intervalMs=41, ad=(-0.0030733496,-0.0016373182,-0.17191315), gd=(-0.011682019,0.0054209894,0.0022902146)
05-27 18:33:32.626   581   581 I SpiService: fgesysctrl_getGPIO_status success val=1
05-27 18:33:32.630 13911 14183 I SentryImuMcuAngleSender: 179.993rollDeg
05-27 18:33:32.630 13911 14183 I SentryImuMcuAngleSender: 1,0,0
05-27 18:33:32.631   581   581 I SpiService: fgesysctrl_getGPIO_status success val=0
05-27 18:33:32.639  1008 30856 D [OMXB]  : usingANWBuffer: handle:0xee742ab0, format:1, w:1920, h:1080
05-27 18:33:32.645   581   581 I SpiService: fgesysctrl_getGPIO_status success val=1
05-27 18:33:32.646   481   598 I mcuc    : rev,n=1,6AA681C703000A8900B301040912123456B3
05-27 18:33:32.647  1121  1144 I tboxmids_ap: [2026-05-27 18:33:32.647] [MCU RX] src=MCU dst=ZMQ len=10 type=BINARY data=00 08 B3 01 04 09 12 12 34 56 
05-27 18:33:32.647   351   373 D automotive.vehicle@2.0-adayo-datacomm-mcu: MCUDatacomm sendMessageFromVehicle prop: 0x89, areaId: 0x0, status: 0xb3, timestamp: 0x1
05-27 18:33:32.647   351   373 D automotive.vehicle@2.0-adayo-datacomm-mcu: MCUDatacomm 1sendMessageFromVehicle ---> type = 12 
05-27 18:33:32.647  1083  1083 I MyAppLog: [2026-05-27 18:33:32.647 I tboxap mcuCommTboxmidsRecvCb:97] [Mcu] [mcuCommTboxmidsRecvCb] recv from tboxmids, size:10
05-27 18:33:32.647  1083  1083 I MyAppLog: [2026-05-27 18:33:32.647 I tboxap mcuCommTboxmidsRecvCb:98] [Mcu] [tboxmids -> tboxap]: :00 08 B3 01 04 09 12 12 34 56
05-27 18:33:32.647  1083  1083 W MyAppLog: [2026-05-27 18:33:32.647 W tboxap mcuYadiFrameParse:852] [Mcu] [mcuYadiFrameParse] cmd:0912(MCU_MAIN_BATT_DYNAMIC_IND) payload too short:5 < 36
05-27 18:33:32.647  1083  1083 W MyAppLog: [2026-05-27 18:33:32.647 W tboxap mcuPtlParseData:982] [Mcu] [mcuPtlParseData] invalid yadi frame, len:10
05-27 18:33:32.648   299 30844 D EvsDriver: forwardFrame
05-27 18:33:32.649   299 30844 D EvsDriver: Delivered 0xb400007b7ca56900 as id 0
05-27 18:33:32.649  1167  1479 D evsmanagerd: /dev/video6 forwarded the buffer #0 to 0xb4000074bf5f5510 from 0xb4000074bf5f6d90
05-27 18:33:32.650  1008 30857 D [OMXB]  : usingANWBuffer: handle:0xee740bc0, format:1, w:1920, h:1080
05-27 18:33:32.651 13911 14183 I SentryImuMcuAngleSender: 179.97197rollDeg
05-27 18:33:32.651 13911 14183 I SentryImuMcuAngleSender: 1,0,0
05-27 18:33:32.651   581   581 I SpiService: fgesysctrl_getGPIO_status success val=1
05-27 18:33:32.652   299  1153 D EvsDriver: doneWithFrame
05-27 18:33:32.657   581   581 I SpiService: fgesysctrl_getGPIO_status success val=1
05-27 18:33:32.657   299 30841 D EvsDriver: forwardFrame
05-27 18:33:32.659  1167  1479 D evsmanagerd: /dev/video4 forwarded the buffer #0 to 0xb4000074bf5f6850 from 0xb4000074bf5f41d0
05-27 18:33:32.659   299 30841 D EvsDriver: Delivered 0xb400007b7ca56a60 as id 0
05-27 18:33:32.662   299  1153 D EvsDriver: doneWithFrame
05-27 18:33:32.662   581   581 I SpiService: fgesysctrl_getGPIO_status success val=1
05-27 18:33:32.664 30773 30786 I dvr_service_: CameraX 1  audioOK: 142790603,audios:2090
05-27 18:33:32.666   536   536 D commservice260303: msg.id = 1028,0
05-27 18:33:32.666   536   536 D commservice260303: i = 170, msgid = 8A000404
05-27 18:33:32.666   536   536 D commservice260303: msgid = -1979710460,did=138
05-27 18:33:32.666   536   536 D commservice260303: CommProtocolLibCmdBaseI2C::dataproc {"command":{"id":"imu_status","sub":""},"content":{"TimeStamp":9,"FrameCounter":230078,"GD_X":-0.01153013575822115,"GD_Y":0.0057257963344454765,"GD_Z":0.00137423281557858,"AD_X":-0.0012604296207427979,"AD_Y":0.002014528727158904,"AD_Z":-0.16946887969970703,"TempDsp":0,"Status":0,"CalibState":1,"SigAmpInvalid":0}},-1979710460
05-27 18:33:32.667   536   536 D commservice260303: send2Cluster len:314, 7B22636F6D6D616E64223A7B226964223A22696D755F737461747573222C22737562223A22227D2C22636F6E74656E74223A7B2254696D655374616D70223A392C224672616D65436F756E746572223A3233303037382C2247445F58223A2D302E30313135333031333537353832323131352C2247445F59223A302E303035373235373936333334343435343736352C2247445F5A223A302E30303133373432333238313535373835382C2241445F58223A2D302E303031323630343239363230373432373937392C2241445F59223A302E3030323031343532383732373135383930342C2241445F5A223A2D302E31363934363838373936393937303730332C2254656D70447370223A302C22537461747573223A302C2243616C69625374617465223A312C22536967416D70496E76616C6964223A307D7D, 138 
05-27 18:33:32.667   536   536 D commservice260303: Push Message into SendPool fn=-1094647040
05-27 18:33:32.667   536   536 D commservice260303: ComProtocolLibSend2Cluster::send2ClusterRaw fn=-1094647040 , len=330
05-27 18:33:32.667   536   536 D commservice260303: sendCmdToPort :330!!!
05-27 18:33:32.667   536   536 D commservice260303: send Cmd To Port ++++5AA501468A010003C1BE6A16C87C7B22636F6D6D616E64223A7B226964223A22696D755F737461747573222C22737562223A22227D2C22636F6E74656E74223A7B2254696D655374616D70223A392C224672616D65436F756E746572223A3233303037382C2247445F58223A2D302E30313135333031333537353832323131352C2247445F59223A302E303035373235373936333334343435343736352C2247445F5A223A302E30303133373432333238313535373835382C2241445F58223A2D302E303031323630343239363230373432373937392C2241445F59223A302E3030323031343532383732373135383930342C2241445F5A223A2D302E31363934363838373936393937303730332C2254656D70447370223A302C22537461747573223A302C2243616C69625374617465223A312C22536967416D70496E76616C6964223A307D7D8269
05-27 18:33:32.667   536   536 D commservice260303: bufferevent_write retrun value = 0
05-27 18:33:32.667   536   560 D commservice260303: client datas send succeed,send finish
05-27 18:33:32.667 13911 14192 D Sentinelmode_1.2.5.17_sentry: <SentryImuClusterFgeSender>imu_status sent to Linux, frame=230078, tsNs=9879912, tsMs=9, intervalMs=41, ad=(-0.0012604296,0.0020145287,-0.16946888), gd=(-0.011530136,0.0057257963,0.0013742328)
05-27 18:33:32.668   581   581 I SpiService: fgesysctrl_getGPIO_status success val=1
05-27 18:33:32.671 13911 14183 I SentryImuMcuAngleSender: 179.97197rollDeg
05-27 18:33:32.671 13911 14183 I SentryImuMcuAngleSender: 1,0,0
05-27 18:33:32.673   581   581 I SpiService: fgesysctrl_getGPIO_status success val=0
05-27 18:33:32.673   481   597 I mcuc    : send SPI:6AA602C70300028900A9
05-27 18:33:32.679   299 30841 D EvsDriver: forwardFrame
05-27 18:33:32.681  1167  1479 D evsmanagerd: /dev/video4 forwarded the buffer #0 to 0xb4000074bf5f6850 from 0xb4000074bf5f41d0
05-27 18:33:32.681   299 30841 D EvsDriver: Delivered 0xb400007b7ca56a60 as id 0
05-27 18:33:32.686  1008 30856 D [OMXB]  : usingANWBuffer: handle:0xee7406f0, format:1, w:1920, h:1080
05-27 18:33:32.686   299  1153 D EvsDriver: doneWithFrame
05-27 18:33:32.688   581   581 I SpiService: fgesysctrl_getGPIO_status success val=1
05-27 18:33:32.690   299 30844 D EvsDriver: forwardFrame
05-27 18:33:32.691   283   307 I rvcservice: t.code = 0, t.value = 0
05-27 18:33:32.691   299 30844 D EvsDriver: Delivered 0xb400007b7ca56900 as id 0
05-27 18:33:32.691 13911 14183 I SentryImuMcuAngleSender: 179.97899rollDeg
05-27 18:33:32.691 13911 14183 I SentryImuMcuAngleSender: 1,0,0
05-27 18:33:32.691  1167  1479 D evsmanagerd: /dev/video6 forwarded the buffer #0 to 0xb4000074bf5f5510 from 0xb4000074bf5f6d90
05-27 18:33:32.694   581   581 I SpiService: fgesysctrl_getGPIO_status success val=1
05-27 18:33:32.695   299  1153 D EvsDriver: doneWithFrame
05-27 18:33:32.697   572   622 I Sensors : 230 GyroSensor: x:-0.011377,y:0.006261,z:0.001679
05-27 18:33:32.698  1008 30857 D [OMXB]  : usingANWBuffer: handle:0xee743240, format:1, w:1920, h:1080
05-27 18:33:32.699   581   581 I SpiService: fgesysctrl_getGPIO_status success val=1
05-27 18:33:32.705   581   581 I SpiService: fgesysctrl_getGPIO_status success val=1
05-27 18:33:32.705   536   536 D commservice260303: msg.id = 1028,0
05-27 18:33:32.705   536   536 D commservice260303: i = 170, msgid = 8A000404
05-27 18:33:32.705   536   536 D commservice260303: msgid = -1979710460,did=138
05-27 18:33:32.705   536   536 D commservice260303: CommProtocolLibCmdBaseI2C::dataproc {"command":{"id":"imu_status","sub":""},"content":{"TimeStamp":9,"FrameCounter":230079,"GD_X":-0.011377211660146713,"GD_Y":0.006261029280722141,"GD_Z":0.001679039909504354,"AD_X":-0.0012706518173217773,"AD_Y":1.8215971067547798E-4,"AD_Z":-0.16825008392333984,"TempDsp":0,"Status":0,"CalibState":1,"SigAmpInvalid":0}},-1979710460
05-27 18:33:32.705   536   536 D commservice260303: send2Cluster len:316, 7B22636F6D6D616E64223A7B226964223A22696D755F737461747573222C22737562223A22227D2C22636F6E74656E74223A7B2254696D655374616D70223A392C224672616D65436F756E746572223A3233303037392C2247445F58223A2D302E3031313337373231313636303134363731332C2247445F59223A302E3030363236313032393238303732323134312C2247445F5A223A302E3030313637393033393930393530343335342C2241445F58223A2D302E303031323730363531383137333231373737332C2241445F59223A312E38323135393731303637353437373938452D342C2241445F5A223A2D302E31363832353030383339323333333938342C2254656D70447370223A302C22537461747573223A302C2243616C69625374617465223A312C22536967416D70496E76616C6964223A307D7D, 138 
05-27 18:33:32.705   536   536 D commservice260303: Push Message into SendPool fn=-1077869824
05-27 18:33:32.705   536   536 D commservice260303: ComProtocolLibSend2Cluster::send2ClusterRaw fn=-1077869824 , len=332
05-27 18:33:32.705   536   536 D commservice260303: sendCmdToPort :332!!!
05-27 18:33:32.706   536   536 D commservice260303: send Cmd To Port ++++5AA501488A010003C1BF6A16C87C7B22636F6D6D616E64223A7B226964223A22696D755F737461747573222C22737562223A22227D2C22636F6E74656E74223A7B2254696D655374616D70223A392C224672616D65436F756E746572223A3233303037392C2247445F58223A2D302E3031313337373231313636303134363731332C2247445F59223A302E3030363236313032393238303732323134312C2247445F5A223A302E3030313637393033393930393530343335342C2241445F58223A2D302E303031323730363531383137333231373737332C2241445F59223A312E38323135393731303637353437373938452D342C2241445F5A223A2D302E31363832353030383339323333333938342C2254656D70447370223A302C22537461747573223A302C2243616C69625374617465223A312C22536967416D70496E76616C6964223A307D7DE6F5
05-27 18:33:32.706   536   536 D commservice260303: bufferevent_write retrun value = 0
05-27 18:33:32.706   536   560 D commservice260303: client datas send succeed,send finish
05-27 18:33:32.706 13911 14192 D Sentinelmode_1.2.5.17_sentry: <SentryImuClusterFgeSender>imu_status sent to Linux, frame=230079, tsNs=9879948, tsMs=9, intervalMs=38, ad=(-0.0012706518,1.8215971E-4,-0.16825008), gd=(-0.011377212,0.0062610293,0.0016790399)
05-27 18:33:32.710   581   581 I SpiService: fgesysctrl_getGPIO_status success val=0
05-27 18:33:32.711 13911 14183 I SentryImuMcuAngleSender: 179.98248rollDeg
05-27 18:33:32.711 13911 14183 I SentryImuMcuAngleSender: 1,0,0
05-27 18:33:32.716   299 30841 D EvsDriver: forwardFrame
05-27 18:33:32.719   299 30841 D EvsDriver: Delivered 0xb400007b7ca56a60 as id 0
05-27 18:33:32.719  1167  1479 D evsmanagerd: /dev/video4 forwarded the buffer #0 to 0xb4000074bf5f6850 from 0xb4000074bf5f41d0
05-27 18:33:32.719   299 30844 D EvsDriver: forwardFrame
05-27 18:33:32.721   299 30844 D EvsDriver: Delivered 0xb400007b7ca56900 as id 0
05-27 18:33:32.722  1167  1479 D evsmanagerd: /dev/video6 forwarded the buffer #0 to 0xb4000074bf5f5510 from 0xb4000074bf5f6d90
05-27 18:33:32.723   299  1153 D EvsDriver: doneWithFrame
05-27 18:33:32.725   581   581 I SpiService: fgesysctrl_getGPIO_status success val=1
05-27 18:33:32.725 30773 30785 I dvr_service_: [EncoderHandler::runMediaThread] runMediaThread started:1,state:1, cam2:started:1,state:1, lastSwitch:1, mIsMuxerStart:1,format:0,is_str_ing:0
05-27 18:33:32.726   481   598 I mcuc    : rev,n=1,6AA681C704000A8900B401040902123456C1
05-27 18:33:32.727   351   373 D automotive.vehicle@2.0-adayo-datacomm-mcu: MCUDatacomm sendMessageFromVehicle prop: 0x89, areaId: 0x0, status: 0xb4, timestamp: 0x1
05-27 18:33:32.727  1121  1144 I tboxmids_ap: [2026-05-27 18:33:32.726] [MCU RX] src=MCU dst=ZMQ len=10 type=BINARY data=00 08 B4 01 04 09 02 12 34 56 
05-27 18:33:32.727   351   373 D automotive.vehicle@2.0-adayo-datacomm-mcu: MCUDatacomm 1sendMessageFromVehicle ---> type = 12 
05-27 18:33:32.727   299  1153 D EvsDriver: doneWithFrame
05-27 18:33:32.729  1083  1083 I MyAppLog: [2026-05-27 18:33:32.727 I tboxap mcuCommTboxmidsRecvCb:97] [Mcu] [mcuCommTboxmidsRecvCb] recv from tboxmids, size:10
05-27 18:33:32.729  1083  1083 I MyAppLog: [2026-05-27 18:33:32.727 I tboxap mcuCommTboxmidsRecvCb:98] [Mcu] [tboxmids -> tboxap]: :00 08 B4 01 04 09 02 12 34 56
05-27 18:33:32.729  1083  1083 I MyAppLog: [2026-05-27 18:33:32.727 I tboxap mcuPtlParseData:990] [Mcu] [Mcu  Parse]: (cmd):0902 (param):0902123456
05-27 18:33:32.729  1083  1083 W MyAppLog: [2026-05-27 18:33:32.727 W tboxap mcuParamDataRevPack:918] [Mcu] mcuParamDataRevPack start pack data!!!
05-27 18:33:32.730  1083  1083 W MyAppLog: [2026-05-27 18:33:32.727 W tboxap mcuHandlePowerReqInd:1739] [Mcu] [mcuHandlePowerReqInd] recv 0x0902 power req type:0x12
05-27 18:33:32.731   581   581 I SpiService: fgesysctrl_getGPIO_status success val=1
05-27 18:33:32.731  1008 30856 D [OMXB]  : usingANWBuffer: handle:0xee7454a0, format:1, w:1920, h:1080
05-27 18:33:32.731 13911 14183 I SentryImuMcuAngleSender: 179.98247rollDeg
05-27 18:33:32.731 13911 14183 I SentryImuMcuAngleSender: 1,0,0
05-27 18:33:32.736   581   581 I SpiService: fgesysctrl_getGPIO_status success val=1
05-27 18:33:32.742   581   581 I SpiService: fgesysctrl_getGPIO_status success val=1
05-27 18:33:32.746   536   536 D commservice260303: msg.id = 1028,0
05-27 18:33:32.746   536   536 D commservice260303: i = 170, msgid = 8A000404
05-27 18:33:32.746   536   536 D commservice260303: msgid = -1979710460,did=138
05-27 18:33:32.746   536   536 D commservice260303: CommProtocolLibCmdBaseI2C::dataproc {"command":{"id":"imu_status","sub":""},"content":{"TimeStamp":9,"FrameCounter":230080,"GD_X":-0.012293193489313126,"GD_Y":0.005268065724521875,"GD_Z":0.0017560218693688512,"AD_X":-6.605684757232666E-5,"AD_Y":1.8129870295524597E-4,"AD_Z":-0.16825008392333984,"TempDsp":0,"Status":0,"CalibState":1,"SigAmpInvalid":0}},-1979710460
05-27 18:33:32.746   536   536 D commservice260303: send2Cluster len:316, 7B22636F6D6D616E64223A7B226964223A22696D755F737461747573222C22737562223A22227D2C22636F6E74656E74223A7B2254696D655374616D70223A392C224672616D65436F756E746572223A3233303038302C2247445F58223A2D302E3031323239333139333438393331333132362C2247445F59223A302E3030353236383036353732343532313837352C2247445F5A223A302E303031373536303231383639333638383531322C2241445F58223A2D362E363035363834373537323332363636452D352C2241445F59223A312E38313239383730323935353234353937452D342C2241445F5A223A2D302E31363832353030383339323333333938342C2254656D70447370223A302C22537461747573223A302C2243616C69625374617465223A312C22536967416D70496E76616C6964223A307D7D, 138 
05-27 18:33:32.746   536   536 D commservice260303: Push Message into SendPool fn=-1061092608
05-27 18:33:32.746   536   536 D commservice260303: ComProtocolLibSend2Cluster::send2ClusterRaw fn=-1061092608 , len=332
05-27 18:33:32.746   536   536 D commservice260303: sendCmdToPort :332!!!
05-27 18:33:32.746   536   536 D commservice260303: send Cmd To Port ++++5AA501488A010003C1C06A16C87C7B22636F6D6D616E64223A7B226964223A22696D755F737461747573222C22737562223A22227D2C22636F6E74656E74223A7B2254696D655374616D70223A392C224672616D65436F756E746572223A3233303038302C2247445F58223A2D302E3031323239333139333438393331333132362C2247445F59223A302E3030353236383036353732343532313837352C2247445F5A223A302E303031373536303231383639333638383531322C2241445F58223A2D362E363035363834373537323332363636452D352C2241445F59223A312E38313239383730323935353234353937452D342C2241445F5A223A2D302E31363832353030383339323333333938342C2254656D70447370223A302C22537461747573223A302C2243616C69625374617465223A312C22536967416D70496E76616C6964223A307D7D6F20
05-27 18:33:32.746   536   536 D commservice260303: bufferevent_write retrun value = 0
05-27 18:33:32.746   536   560 D commservice260303: client datas send succeed,send finish
05-27 18:33:32.746 13911 14192 D Sentinelmode_1.2.5.17_sentry: <SentryImuClusterFgeSender>imu_status sent to Linux, frame=230080, tsNs=9879983, tsMs=9, intervalMs=41, ad=(-6.605685E-5,1.812987E-4,-0.16825008), gd=(-0.0122931935,0.0052680657,0.0017560219)
05-27 18:33:32.747   299 30844 D EvsDriver: forwardFrame
05-27 18:33:32.748   581   581 I SpiService: fgesysctrl_getGPIO_status success val=1
05-27 18:33:32.748   299 30844 D EvsDriver: Delivered 0xb400007b7ca56900 as id 0
05-27 18:33:32.748  1167  1479 D evsmanagerd: /dev/video6 forwarded the buffer #0 to 0xb4000074bf5f5510 from 0xb4000074bf5f6d90
05-27 18:33:32.750  1008 30857 D [OMXB]  : usingANWBuffer: handle:0xee742270, format:1, w:1920, h:1080
05-27 18:33:32.751   299 30841 D EvsDriver: forwardFrame
05-27 18:33:32.752   299  1153 D EvsDriver: doneWithFrame
05-27 18:33:32.752 13911 14183 I SentryImuMcuAngleSender: 179.98248rollDeg
05-27 18:33:32.753 13911 14183 I SentryImuMcuAngleSender: 1,0,0
05-27 18:33:32.754   581   581 I SpiService: fgesysctrl_getGPIO_status success val=0
05-27 08:24:41.718   581   581 D spidev_ioctl: gpio status=0)
05-27 18:33:32.754   481   597 I mcuc    : send SPI:6AA602C70400028900A8
05-27 18:33:32.754   299 30841 D EvsDriver: Delivered 0xb400007b7ca56a60 as id 0
05-27 18:33:32.754  1167  1479 D evsmanagerd: /dev/video4 forwarded the buffer #0 to 0xb4000074bf5f6850 from 0xb4000074bf5f41d0
05-27 18:33:32.760   299  1153 D EvsDriver: doneWithFrame
05-27 18:33:32.769   581   581 I SpiService: fgesysctrl_getGPIO_status success val=1
05-27 18:33:32.771  1008 30856 D [OMXB]  : usingANWBuffer: handle:0xee742480, format:1, w:1920, h:1080
05-27 08:24:41.734   581   581 D spidev_ioctl: gpio status=1)
05-27 18:33:32.774 13911 14183 I SentryImuMcuAngleSender: 179.993rollDeg
05-27 18:33:32.774 13911 14183 I SentryImuMcuAngleSender: 1,0,0
05-27 18:33:32.775   581   581 I SpiService: fgesysctrl_getGPIO_status success val=1
05-27 08:24:41.739   581   581 D spidev_ioctl: gpio status=1)
05-27 18:33:32.779   299 30841 D EvsDriver: forwardFrame
05-27 18:33:32.780   581   581 I SpiService: fgesysctrl_getGPIO_status success val=1
05-27 18:33:32.780   299 30841 D EvsDriver: Delivered 0xb400007b7ca56a60 as id 0
05-27 18:33:32.780  1167  1479 D evsmanagerd: /dev/video4 forwarded the buffer #0 to 0xb4000074bf5f6850 from 0xb4000074bf5f41d0
05-27 18:33:32.780 30773 30781 E dvr_service_: [myNum:0] Received S**** loss
05-27 18:33:32.781   299  1153 D EvsDriver: doneWithFrame
05-27 18:33:32.786   581   581 I SpiService: fgesysctrl_getGPIO_status success val=1
05-27 18:33:32.786   536   536 D commservice260303: msg.id = 1028,0
05-27 18:33:32.786   536   536 D commservice260303: i = 170, msgid = 8A000404
05-27 18:33:32.786   536   536 D commservice260303: msgid = -1979710460,did=138
05-27 18:33:32.786   536   536 D commservice260303: CommProtocolLibCmdBaseI2C::dataproc {"command":{"id":"imu_status","sub":""},"content":{"TimeStamp":9,"FrameCounter":230081,"GD_X":-0.011300750076770782,"GD_Y":0.004809814505279064,"GD_Z":0.0026720035821199417,"AD_X":-0.0025158822536468506,"AD_Y":-0.0016412872355431318,"AD_Z":-0.16885852813720703,"TempDsp":0,"Status":0,"CalibState":1,"SigAmpInvalid":0}},-1979710460
05-27 18:33:32.786   536   536 D commservice260303: send2Cluster len:318, 7B22636F6D6D616E64223A7B226964223A22696D755F737461747573222C22737562223A22227D2C22636F6E74656E74223A7B2254696D655374616D70223A392C224672616D65436F756E746572223A3233303038312C2247445F58223A2D302E3031313330303735303037363737303738322C2247445F59223A302E3030343830393831343530353237393036342C2247445F5A223A302E303032363732303033353832313139393431372C2241445F58223A2D302E303032353135383832323533363436383530362C2241445F59223A2D302E303031363431323837323335353433313331382C2241445F5A223A2D302E31363838353835323831333732303730332C2254656D70447370223A302C22537461747573223A302C2243616C69625374617465223A312C22536967416D70496E76616C6964223A307D7D, 138 
05-27 18:33:32.786   536   536 D commservice260303: Push Message into SendPool fn=-1044315392
05-27 18:33:32.786   536   536 D commservice260303: ComProtocolLibSend2Cluster::send2ClusterRaw fn=-1044315392 , len=334
05-27 18:33:32.786   536   536 D commservice260303: sendCmdToPort :334!!!
05-27 18:33:32.786   536   536 D commservice260303: send Cmd To Port ++++5AA5014A8A010003C1C16A16C87C7B22636F6D6D616E64223A7B226964223A22696D755F737461747573222C22737562223A22227D2C22636F6E74656E74223A7B2254696D655374616D70223A392C224672616D65436F756E746572223A3233303038312C2247445F58223A2D302E3031313330303735303037363737303738322C2247445F59223A302E3030343830393831343530353237393036342C2247445F5A223A302E303032363732303033353832313139393431372C2241445F58223A2D302E303032353135383832323533363436383530362C2241445F59223A2D302E303031363431323837323335353433313331382C2241445F5A223A2D302E31363838353835323831333732303730332C2254656D70447370223A302C22537461747573223A302C2243616C69625374617465223A312C22536967416D70496E76616C6964223A307D7DD260
05-27 18:33:32.786   536   536 D commservice260303: bufferevent_write retrun value = 0
05-27 18:33:32.786   536   560 D commservice260303: client datas send succeed,send finish
05-27 18:33:32.786 13911 14192 D Sentinelmode_1.2.5.17_sentry: <SentryImuClusterFgeSender>imu_status sent to Linux, frame=230081, tsNs=9880019, tsMs=9, intervalMs=40, ad=(-0.0025158823,-0.0016412872,-0.16885853), gd=(-0.01130075,0.0048098145,0.0026720036)
05-27 18:33:32.789  1008 30857 D [OMXB]  : usingANWBuffer: handle:0xee741c40, format:1, w:1920, h:1080
05-27 18:33:32.790   299 30844 D EvsDriver: forwardFrame
05-27 18:33:32.791   283   307 I rvcservice: t.code = 3, t.value = 0
05-27 18:33:32.792   581   581 I SpiService: fgesysctrl_getGPIO_status success val=0
05-27 18:33:32.793   299 30844 D EvsDriver: Delivered 0xb400007b7ca56900 as id 0
05-27 18:33:32.794  1167  1479 D evsmanagerd: /dev/video6 forwarded the buffer #0 to 0xb4000074bf5f5510 from 0xb4000074bf5f6d90
05-27 18:33:32.794 30773 30781 E dvr_service_: [myNum:1] Received S**** loss
05-27 18:33:32.795   299  1153 D EvsDriver: doneWithFrame
05-27 18:33:32.795 13911 14183 I SentryImuMcuAngleSender: -179.99649rollDeg
05-27 18:33:32.795 13911 14183 I SentryImuMcuAngleSender: 1,0,0
05-27 18:33:32.804  1008 30856 D [OMXB]  : usingANWBuffer: handle:0xee743c90, format:1, w:1920, h:1080
05-27 18:33:32.804   572   572 I Sensors : 230 AccelSensor: x:-0.168360,y:-0.000610,z:-9.977160
05-27 18:33:32.807   581   581 I SpiService: fgesysctrl_getGPIO_status success val=1
05-27 08:24:41.771   581   581 D spidev_ioctl: gpio status=1)
05-27 18:33:32.812   581   581 I SpiService: fgesysctrl_getGPIO_status success val=1
05-27 08:24:41.777   581   581 D spidev_ioctl: gpio status=1)
05-27 18:33:32.814   299 30841 D EvsDriver: forwardFrame
05-27 18:33:32.815 13911 14183 I SentryImuMcuAngleSender: -179.99649rollDeg
05-27 18:33:32.815 13911 14183 I SentryImuMcuAngleSender: 1,0,0
05-27 18:33:32.816   299 30841 D EvsDriver: Delivered 0xb400007b7ca56a60 as id 0
05-27 18:33:32.816  1167  1479 D evsmanagerd: /dev/video4 forwarded the buffer #0 to 0xb4000074bf5f6850 from 0xb4000074bf5f41d0
05-27 18:33:32.817   299 30844 D EvsDriver: forwardFrame
05-27 18:33:32.818   581   581 I SpiService: fgesysctrl_getGPIO_status success val=1
05-27 18:33:32.818   299 30844 D EvsDriver: Delivered 0xb400007b7ca56900 as id 0
05-27 18:33:32.818  1167  1479 D evsmanagerd: /dev/video6 forwarded the buffer #0 to 0xb4000074bf5f5510 from 0xb4000074bf5f6d90
05-27 18:33:32.819   299  1153 D EvsDriver: doneWithFrame
05-27 18:33:32.820  1008 30857 D [OMXB]  : usingANWBuffer: handle:0xee7442c0, format:1, w:1920, h:1080
05-27 08:24:41.782   581   581 D spi_rst_gpio_get_output: GPIO 145 value: 1
05-27 08:24:41.782   581   581 D spidev_ioctl: gpio status=1)
05-27 18:33:32.823   299  1153 D EvsDriver: doneWithFrame
05-27 18:33:32.824   581   581 I SpiService: fgesysctrl_getGPIO_status success val=1
05-27 18:33:32.827   536   536 D commservice260303: msg.id = 1028,1
05-27 18:33:32.827   536   536 D commservice260303: i = 170, msgid = 8A000404
05-27 18:33:32.827   536   536 D commservice260303: msgid = -1979710460,did=138
05-27 18:33:32.827   536   536 D commservice260303: CommProtocolLibCmdBaseI2C::dataproc {"command":{"id":"imu_status","sub":""},"content":{"TimeStamp":9,"FrameCounter":230082,"GD_X":-0.011070843786001205,"GD_Y":0.005420989356935024,"GD_Z":0.0022902146447449923,"AD_X":-8.36402177810669E-5,"AD_Y":-0.004046761430799961,"AD_Z":-0.17190837860107422,"TempDsp":0,"Status":0,"CalibState":1,"SigAmpInvalid":0}},-1979710460
05-27 18:33:32.827   536   536 D commservice260303: send2Cluster len:315, 7B22636F6D6D616E64223A7B226964223A22696D755F737461747573222C22737562223A22227D2C22636F6E74656E74223A7B2254696D655374616D70223A392C224672616D65436F756E746572223A3233303038322C2247445F58223A2D302E3031313037303834333738363030313230352C2247445F59223A302E3030353432303938393335363933353032342C2247445F5A223A302E303032323930323134363434373434393932332C2241445F58223A2D382E3336343032313737383130363639452D352C2241445F59223A2D302E3030343034363736313433303739393936312C2241445F5A223A2D302E31373139303833373836303130373432322C2254656D70447370223A302C22537461747573223A302C2243616C69625374617465223A312C22536967416D70496E76616C6964223A307D7D, 138 
05-27 18:33:32.828   536   536 D commservice260303: Push Message into SendPool fn=-1027538176
05-27 18:33:32.828   536   536 D commservice260303: ComProtocolLibSend2Cluster::send2ClusterRaw fn=-1027538176 , len=331
05-27 18:33:32.828   536   536 D commservice260303: sendCmdToPort :331!!!
05-27 18:33:32.828   536   536 D commservice260303: send Cmd To Port ++++5AA501478A010003C1C26A16C87C7B22636F6D6D616E64223A7B226964223A22696D755F737461747573222C22737562223A22227D2C22636F6E74656E74223A7B2254696D655374616D70223A392C224672616D65436F756E746572223A3233303038322C2247445F58223A2D302E3031313037303834333738363030313230352C2247445F59223A302E3030353432303938393335363933353032342C2247445F5A223A302E303032323930323134363434373434393932332C2241445F58223A2D382E3336343032313737383130363639452D352C2241445F59223A2D302E3030343034363736313433303739393936312C2241445F5A223A2D302E31373139303833373836303130373432322C2254656D70447370223A302C22537461747573223A302C2243616C69625374617465223A312C22536967416D70496E76616C6964223A307D7D0485
05-27 18:33:32.828   536   536 D commservice260303: bufferevent_write retrun value = 0
05-27 18:33:32.829   536   560 D commservice260303: client datas send succeed,send finish
05-27 18:33:32.830 13911 14192 D Sentinelmode_1.2.5.17_sentry: <SentryImuClusterFgeSender>imu_status sent to Linux, frame=230082, tsNs=9880072, tsMs=9, intervalMs=43, ad=(-8.364022E-5,-0.0040467614,-0.17190838), gd=(-0.011070844,0.0054209894,0.0022902146)
05-27 18:33:32.831   581   581 I SpiService: fgesysctrl_getGPIO_status success val=0
05-27 18:33:32.830 13911 14131 D SVR_MNG_SvrMngProxy: getServer: mSvrManger is null
05-27 18:33:32.831 13911 14131 D SVR_MNG_SvrMngProxy: getNewStub: 
05-27 18:33:32.831 13911 14131 D SVR_MNG_SvrMngProxy: getNewStub: getSvrManagerService start
05-27 18:33:32.832 13911 14131 D SVR_MNG_SvrMngProxy: getNewStub: getSvrManagerService end
05-27 18:33:32.832 13911 14131 D SVR_MNG_SvrMngProxy: getServer: svrMngService doesn't start
05-27 18:33:32.836 13911 14183 I SentryImuMcuAngleSender: -179.993rollDeg
05-27 18:33:32.836 13911 14183 I SentryImuMcuAngleSender: 1,0,0
05-27 18:33:32.838  1008 30856 D [OMXB]  : usingANWBuffer: handle:0xee746310, format:1, w:1920, h:1080
05-27 18:33:32.843   299 30841 D EvsDriver: forwardFrame
05-27 18:33:32.844   299 30844 D EvsDriver: forwardFrame
05-27 18:33:32.845   299 30841 D EvsDriver: Delivered 0xb400007b7ca56a60 as id 0
05-27 18:33:32.846   581   581 I SpiService: fgesysctrl_getGPIO_status success val=1
05-27 18:33:32.846  1167  1167 D evsmanagerd: /dev/video4 forwarded the buffer #0 to 0xb4000074bf5f6850 from 0xb4000074bf5f41d0
05-27 18:33:32.846  1167  1479 D evsmanagerd: /dev/video6 forwarded the buffer #0 to 0xb4000074bf5f5510 from 0xb4000074bf5f6d90
05-27 18:33:32.849   299 30844 D EvsDriver: Delivered 0xb400007b7ca56900 as id 0
05-27 18:33:32.849   299  1153 D EvsDriver: doneWithFrame
05-27 18:33:32.851   581   581 I SpiService: fgesysctrl_getGPIO_status success val=1
05-27 18:33:32.853   299  1153 D EvsDriver: doneWithFrame
05-27 18:33:32.855 15858 15972 D MessageCenterService: 服务运行中
05-27 18:33:32.857 13911 14183 I SentryImuMcuAngleSender: 179.993rollDeg
05-27 18:33:32.857   581   581 I SpiService: fgesysctrl_getGPIO_status success val=1
05-27 18:33:32.857 13911 14183 I SentryImuMcuAngleSender: 1,0,0
05-27 18:33:32.861  1008 30857 D [OMXB]  : usingANWBuffer: handle:0xee742b60, format:1, w:1920, h:1080
05-27 18:33:32.863   581   581 I SpiService: fgesysctrl_getGPIO_status success val=1
05-27 18:33:32.866   536   536 D commservice260303: msg.id = 1028,1
05-27 18:33:32.867   536   536 D commservice260303: i = 170, msgid = 8A000404
05-27 18:33:32.867   536   536 D commservice260303: msgid = -1979710460,did=138
05-27 18:33:32.867   536   536 D commservice260303: CommProtocolLibCmdBaseI2C::dataproc {"command":{"id":"imu_status","sub":""},"content":{"TimeStamp":9,"FrameCounter":230083,"GD_X":-0.011682018637657166,"GD_Y":0.00549693126231432,"GD_Z":0.0020608289632946253,"AD_X":-0.0013181716203689575,"AD_Y":-3.798480611294508E-4,"AD_Z":-0.17129898071289062,"TempDsp":0,"Status":0,"CalibState":1,"SigAmpInvalid":0}},-1979710460
05-27 18:33:32.867   536   536 D commservice260303: send2Cluster len:316, 7B22636F6D6D616E64223A7B226964223A22696D755F737461747573222C22737562223A22227D2C22636F6E74656E74223A7B2254696D655374616D70223A392C224672616D65436F756E746572223A3233303038332C2247445F58223A2D302E3031313638323031383633373635373136362C2247445F59223A302E30303534393639333132363233313433322C2247445F5A223A302E303032303630383238393633323934363235332C2241445F58223A2D302E303031333138313731363230333638393537352C2241445F59223A2D332E373938343830363131323934353038452D342C2241445F5A223A2D302E31373132393839383037313238393036322C2254656D70447370223A302C22537461747573223A302C2243616C69625374617465223A312C22536967416D70496E76616C6964223A307D7D, 138 
05-27 18:33:32.867   536   536 D commservice260303: Push Message into SendPool fn=-1010760960
05-27 18:33:32.867   536   536 D commservice260303: ComProtocolLibSend2Cluster::send2ClusterRaw fn=-1010760960 , len=332
05-27 18:33:32.867   536   536 D commservice260303: sendCmdToPort :332!!!
05-27 18:33:32.867   536   536 D commservice260303: send Cmd To Port ++++5AA501488A010003C1C36A16C87C7B22636F6D6D616E64223A7B226964223A22696D755F737461747573222C22737562223A22227D2C22636F6E74656E74223A7B2254696D655374616D70223A392C224672616D65436F756E746572223A3233303038332C2247445F58223A2D302E3031313638323031383633373635373136362C2247445F59223A302E30303534393639333132363233313433322C2247445F5A223A302E303032303630383238393633323934363235332C2241445F58223A2D302E303031333138313731363230333638393537352C2241445F59223A2D332E373938343830363131323934353038452D342C2241445F5A223A2D302E31373132393839383037313238393036322C2254656D70447370223A302C22537461747573223A302C2243616C69625374617465223A312C22536967416D70496E76616C6964223A307D7D3672
05-27 18:33:32.867   536   536 D commservice260303: bufferevent_write retrun value = 0
05-27 18:33:32.867   536   560 D commservice260303: client datas send succeed,send finish
05-27 18:33:32.868 13911 14192 D Sentinelmode_1.2.5.17_sentry: <SentryImuClusterFgeSender>imu_status sent to Linux, frame=230083, tsNs=9880108, tsMs=9, intervalMs=38, ad=(-0.0013181716,-3.7984806E-4,-0.17129898), gd=(-0.011682019,0.0054969313,0.002060829)
05-27 18:33:32.868   581   581 I SpiService: fgesysctrl_getGPIO_status success val=1
05-27 18:33:32.874   581   581 I SpiService: fgesysctrl_getGPIO_status success val=0
05-27 08:24:41.839   581   581 D spidev_ioctl: gpio status=0)
05-27 18:33:32.877 13911 14183 I SentryImuMcuAngleSender: 179.98248rollDeg
05-27 18:33:32.877 13911 14183 I SentryImuMcuAngleSender: 1,0,0
05-27 18:33:32.882  1008 30856 D [OMXB]  : usingANWBuffer: handle:0xee742320, format:1, w:1920, h:1080
05-27 18:33:32.883   299 30841 D EvsDriver: forwardFrame
05-27 18:33:32.883   299 30844 D EvsDriver: forwardFrame
05-27 18:33:32.886   299 30844 D EvsDriver: Delivered 0xb400007b7ca56900 as id 0
05-27 18:33:32.886   299 30841 D EvsDriver: Delivered 0xb400007b7ca56a60 as id 0
05-27 18:33:32.886  1167  1167 D evsmanagerd: /dev/video6 forwarded the buffer #0 to 0xb4000074bf5f5510 from 0xb4000074bf5f6d90
05-27 18:33:32.886  1167  1479 D evsmanagerd: /dev/video4 forwarded the buffer #0 to 0xb4000074bf5f6850 from 0xb4000074bf5f41d0
05-27 18:33:32.889   581   581 I SpiService: fgesysctrl_getGPIO_status success val=1
05-27 18:33:32.890   299  1163 D EvsDriver: doneWithFrame
05-27 18:33:32.890   299  1153 D EvsDriver: doneWithFrame
05-27 18:33:32.892   283   307 I rvcservice: t.code = 4, t.value = 0
05-27 08:24:41.854   581   581 D spi_rst_gpio_get_output: GPIO 145 value: 1
05-27 08:24:41.854   581   581 D spidev_ioctl: gpio status=1)
05-27 18:33:32.895   572   572 I Sensors : 230 GyroSensor: x:-0.011988,y:0.006108,z:0.001679
05-27 18:33:32.896   581   581 I SpiService: fgesysctrl_getGPIO_status success val=1
05-27 18:33:32.898  1008 30857 D [OMXB]  : usingANWBuffer: handle:0xee742a00, format:1, w:1920, h:1080
05-27 18:33:32.898 13911 14183 I SentryImuMcuAngleSender: 179.986rollDeg
05-27 18:33:32.898 13911 14183 I SentryImuMcuAngleSender: 1,0,0
05-27 18:33:32.901   581   581 I SpiService: fgesysctrl_getGPIO_status success val=1
05-27 08:24:41.866   581   581 D spidev_ioctl: gpio status=1)
05-27 18:33:32.905   536   536 D commservice260303: msg.id = 1028,1
05-27 18:33:32.905   536   536 D commservice260303: i = 170, msgid = 8A000404
05-27 18:33:32.905   536   536 D commservice260303: msgid = -1979710460,did=138
05-27 18:33:32.905   536   536 D commservice260303: CommProtocolLibCmdBaseI2C::dataproc {"command":{"id":"imu_status","sub":""},"content":{"TimeStamp":9,"FrameCounter":230084,"GD_X":-0.011987865902483463,"GD_Y":0.006108105648308992,"GD_Z":0.001679039909504354,"AD_X":-0.002545580267906189,"AD_Y":-3.7905736826360226E-4,"AD_Z":-0.17068862915039062,"TempDsp":0,"Status":0,"CalibState":1,"SigAmpInvalid":0}},-1979710460
05-27 18:33:32.905   536   536 D commservice260303: send2Cluster len:316, 7B22636F6D6D616E64223A7B226964223A22696D755F737461747573222C22737562223A22227D2C22636F6E74656E74223A7B2254696D655374616D70223A392C224672616D65436F756E746572223A3233303038342C2247445F58223A2D302E3031313938373836353930323438333436332C2247445F59223A302E3030363130383130353634383330383939322C2247445F5A223A302E3030313637393033393930393530343335342C2241445F58223A2D302E3030323534353538303236373930363138392C2241445F59223A2D332E37393035373336383236333630323236452D342C2241445F5A223A2D302E31373036383836323931353033393036322C2254656D70447370223A302C22537461747573223A302C2243616C69625374617465223A312C22536967416D70496E76616C6964223A307D7D, 138 
05-27 18:33:32.905   536   536 D commservice260303: Push Message into SendPool fn=-993983744
05-27 18:33:32.905   536   536 D commservice260303: ComProtocolLibSend2Cluster::send2ClusterRaw fn=-993983744 , len=332
05-27 18:33:32.905   536   536 D commservice260303: sendCmdToPort :332!!!
05-27 18:33:32.906   536   536 D commservice260303: send Cmd To Port ++++5AA501488A010003C1C46A16C87C7B22636F6D6D616E64223A7B226964223A22696D755F737461747573222C22737562223A22227D2C22636F6E74656E74223A7B2254696D655374616D70223A392C224672616D65436F756E746572223A3233303038342C2247445F58223A2D302E3031313938373836353930323438333436332C2247445F59223A302E3030363130383130353634383330383939322C2247445F5A223A302E3030313637393033393930393530343335342C2241445F58223A2D302E3030323534353538303236373930363138392C2241445F59223A2D332E37393035373336383236333630323236452D342C2241445F5A223A2D302E31373036383836323931353033393036322C2254656D70447370223A302C22537461747573223A302C2243616C69625374617465223A312C22536967416D70496E76616C6964223A307D7D4FD0
05-27 18:33:32.906   536   536 D commservice260303: bufferevent_write retrun value = 0
05-27 18:33:32.906   536   560 D commservice260303: client datas send succeed,send finish
05-27 18:33:32.906 13911 14192 D Sentinelmode_1.2.5.17_sentry: <SentryImuClusterFgeSender>imu_status sent to Linux, frame=230084, tsNs=9880145, tsMs=9, intervalMs=39, ad=(-0.0025455803,-3.7905737E-4,-0.17068863), gd=(-0.011987866,0.0061081056,0.0016790399)
05-27 18:33:32.906   581   581 I SpiService: fgesysctrl_getGPIO_status success val=1
05-27 08:24:41.871   581   581 D spidev_ioctl: gpio status=1)
05-27 18:33:32.911   299 30844 D EvsDriver: forwardFrame
05-27 18:33:32.912   581   581 I SpiService: fgesysctrl_getGPIO_status success val=0
05-27 08:24:41.876   581   581 D spidev_ioctl: gpio status=0)
05-27 18:33:32.914   299 30844 D EvsDriver: Delivered 0xb400007b7ca56900 as id 0
05-27 18:33:32.914  1167  1479 D evsmanagerd: /dev/video6 forwarded the buffer #0 to 0xb4000074bf5f5510 from 0xb4000074bf5f6d90
05-27 18:33:32.917   299  1153 D EvsDriver: doneWithFrame
05-27 18:33:32.918 13911 14183 I SentryImuMcuAngleSender: 179.99298rollDeg
05-27 18:33:32.918 13911 14183 I SentryImuMcuAngleSender: 1,0,0
05-27 18:33:32.919   299 30841 D EvsDriver: forwardFrame
05-27 18:33:32.921   299 30841 D EvsDriver: Delivered 0xb400007b7ca56a60 as id 0
05-27 18:33:32.922  1167  1479 D evsmanagerd: /dev/video4 forwarded the buffer #0 to 0xb4000074bf5f6850 from 0xb4000074bf5f41d0
05-27 18:33:32.924   299  1153 D EvsDriver: doneWithFrame
05-27 18:33:32.926  1008 30857 D [OMXB]  : usingANWBuffer: handle:0xee744bb0, format:1, w:1920, h:1080
05-27 18:33:32.927   581   581 I SpiService: fgesysctrl_getGPIO_status success val=1
05-27 08:24:41.891   581   581 D spi_rst_gpio_get_output: GPIO 145 value: 1
05-27 08:24:41.891   581   581 D spidev_ioctl: gpio status=1)
05-27 18:33:32.930 30773 30789 I dvr_service_: Camera 1: MediaOK:143223574, frames:3210, isKeyFrame:0,pts:9879847168
05-27 18:33:32.932   581   581 I SpiService: fgesysctrl_getGPIO_status success val=1
05-27 08:24:41.897   581   581 D spidev_ioctl: gpio status=1)
05-27 18:33:32.938   581   581 I SpiService: fgesysctrl_getGPIO_status success val=1
05-27 18:33:32.938 13911 14183 I SentryImuMcuAngleSender: 179.986rollDeg
05-27 18:33:32.938 13911 14183 I SentryImuMcuAngleSender: 1,0,0
05-27 18:33:32.939   536   560 D commservice260303: recv len:77, 5AA500490600000039D66A16C87C7B22636F6D6D616E64223A7B226964223A226473695F6C7578222C22737562223A22227D2C22636F6E74656E74223A7B2276616C7565223A3230307D7DB17D from server
05-27 18:33:32.939   536  2578 D commservice260303: mcuDataAnalyzeHandle templen:77,len:77,pos:0, 5AA500490600000039D66A16C87C7B22636F6D6D616E64223A7B226964223A226473695F6C7578222C22737562223A22227D2C22636F6E74656E74223A7B2276616C7565223A3230307D7DB17D 
05-27 18:33:32.939   536  2578 I commservice260303: checksumCal = 45437
05-27 18:33:32.939   536  2578 D commservice260303: CommProtocolLibCmdBaseC2I::dataproc {"command":{"id":"dsi_lux","sub":""},"content":{"value":200}},6
05-27 18:33:32.939   536  2578 D commservice260303: mcuCommMessageManager::notifyMsgToClient hwbinder OK
05-27 18:33:32.939   536  2578 D commservice260303: McuProtocolLibSend2Service::send2Service ret=1
05-27 18:33:32.939 12246 12440 D ivicomm_CommManager: fgeComServiceCallback: {"command":{"id":"dsi_lux","sub":""},"content":{"value":200}}
05-27 18:33:32.939 12246 12440 D ivicomm_CallbackManager: registerCallback DSI_LUX: {"value":200} mCommStateCallbackMap size:4
05-27 18:33:32.940 11579 11719 D NSLogUtils_VehicleService: L2A comm state: id=dsi_lux, value=200
05-27 18:33:32.940 11344  6590 D SystemUI_SystemSettingsControllerService: onCommState: commandID = dsi_lux; value = 200
05-27 18:33:32.943   581   581 I SpiService: fgesysctrl_getGPIO_status success val=1
05-27 18:33:32.945   299 30841 D EvsDriver: forwardFrame
05-27 18:33:32.946   536   536 D commservice260303: msg.id = 1028,0
05-27 18:33:32.946   536   536 D commservice260303: i = 170, msgid = 8A000404
05-27 18:33:32.946   536   536 D commservice260303: msgid = -1979710460,did=138
05-27 18:33:32.946   536   536 D commservice260303: CommProtocolLibCmdBaseI2C::dataproc {"command":{"id":"imu_status","sub":""},"content":{"TimeStamp":9,"FrameCounter":230085,"GD_X":-0.011300750076770782,"GD_Y":0.006261029280722141,"GD_Z":0.0017560218693688512,"AD_X":-0.003756314516067505,"AD_Y":-3.7242332473397255E-4,"AD_Z":-0.16946887969970703,"TempDsp":0,"Status":0,"CalibState":1,"SigAmpInvalid":0}},-1979710460
05-27 18:33:32.946   536   536 D commservice260303: send2Cluster len:317, 7B22636F6D6D616E64223A7B226964223A22696D755F737461747573222C22737562223A22227D2C22636F6E74656E74223A7B2254696D655374616D70223A392C224672616D65436F756E746572223A3233303038352C2247445F58223A2D302E3031313330303735303037363737303738322C2247445F59223A302E3030363236313032393238303732323134312C2247445F5A223A302E303031373536303231383639333638383531322C2241445F58223A2D302E3030333735363331343531363036373530352C2241445F59223A2D332E37323432333332343733333937323535452D342C2241445F5A223A2D302E31363934363838373936393937303730332C2254656D70447370223A302C22537461747573223A302C2243616C69625374617465223A312C22536967416D70496E76616C6964223A307D7D, 138 
05-27 18:33:32.946   536   536 D commservice260303: Push Message into SendPool fn=-977206528
05-27 18:33:32.946   536   536 D commservice260303: ComProtocolLibSend2Cluster::send2ClusterRaw fn=-977206528 , len=333
05-27 18:33:32.946   536   536 D commservice260303: sendCmdToPort :333!!!
05-27 18:33:32.946   536   536 D commservice260303: send Cmd To Port ++++5AA501498A010003C1C56A16C87C7B22636F6D6D616E64223A7B226964223A22696D755F737461747573222C22737562223A22227D2C22636F6E74656E74223A7B2254696D655374616D70223A392C224672616D65436F756E746572223A3233303038352C2247445F58223A2D302E3031313330303735303037363737303738322C2247445F59223A302E3030363236313032393238303732323134312C2247445F5A223A302E303031373536303231383639333638383531322C2241445F58223A2D302E3030333735363331343531363036373530352C2241445F59223A2D332E37323432333332343733333937323535452D342C2241445F5A223A2D302E31363934363838373936393937303730332C2254656D70447370223A302C22537461747573223A302C2243616C69625374617465223A312C22536967416D70496E76616C6964223A307D7D2233
05-27 18:33:32.946   536   536 D commservice260303: bufferevent_write retrun value = 0
05-27 18:33:32.946   536   560 D commservice260303: client datas send succeed,send finish
05-27 18:33:32.947   299 30841 D EvsDriver: Delivered 0xb400007b7ca56a60 as id 0
05-27 18:33:32.947 13911 14192 D Sentinelmode_1.2.5.17_sentry: <SentryImuClusterFgeSender>imu_status sent to Linux, frame=230085, tsNs=9880179, tsMs=9, intervalMs=41, ad=(-0.0037563145,-3.7242332E-4,-0.16946888), gd=(-0.01130075,0.0062610293,0.0017560219)
05-27 18:33:32.947  1167  1479 D evsmanagerd: /dev/video4 forwarded the buffer #0 to 0xb4000074bf5f6850 from 0xb4000074bf5f41d0
05-27 18:33:32.947 30773 30781 E dvr_service_: [myNum:0] Received S**** loss
05-27 18:33:32.948   299  1153 D EvsDriver: doneWithFrame
05-27 18:33:32.948   581   581 I SpiService: fgesysctrl_getGPIO_status success val=1
05-27 18:33:32.949   299 30844 D EvsDriver: forwardFrame
05-27 18:33:32.951   299 30844 D EvsDriver: Delivered 0xb400007b7ca56900 as id 0
05-27 18:33:32.951  1167  1479 D evsmanagerd: /dev/video6 forwarded the buffer #0 to 0xb4000074bf5f5510 from 0xb4000074bf5f6d90
05-27 18:33:32.951 30773 30781 E dvr_service_: [myNum:1] Received S**** loss
05-27 18:33:32.951   299  1153 D EvsDriver: doneWithFrame
05-27 18:33:32.953  1008 30856 D [OMXB]  : usingANWBuffer: handle:0xee747180, format:1, w:1920, h:1080
05-27 18:33:32.954   581   581 I SpiService: fgesysctrl_getGPIO_status success val=0
05-27 18:33:32.955 30773 30789 I dvr_service_: Camera 0: MediaOK:143192552, frames:3240, isKeyFrame:0,pts:9879841733
05-27 08:24:41.918   581   581 D spidev_ioctl: gpio status=0)
05-27 18:33:32.959 13911 14183 I SentryImuMcuAngleSender: 179.97897rollDeg
05-27 18:33:32.959 13911 14183 I SentryImuMcuAngleSender: 1,0,0
05-27 18:33:32.967  1008 30857 D [OMXB]  : usingANWBuffer: handle:0xee743be0, format:1, w:1920, h:1080
05-27 18:33:32.968   581   581 I SpiService: fgesysctrl_getGPIO_status success val=1
05-27 18:33:32.974   581   581 I SpiService: fgesysctrl_getGPIO_status success val=1
05-27 08:24:41.938   581   581 D spidev_ioctl: gpio status=1)
05-27 18:33:32.979   581   581 I SpiService: fgesysctrl_getGPIO_status success val=1
05-27 18:33:32.979 13911 14183 I SentryImuMcuAngleSender: 179.96846rollDeg
05-27 18:33:32.979 13911 14183 I SentryImuMcuAngleSender: 1,0,0
05-27 08:24:41.944   581   581 D spidev_ioctl: gpio status=1)
05-27 18:33:32.981   299 30841 D EvsDriver: forwardFrame
05-27 18:33:32.982   299 30841 D EvsDriver: Delivered 0xb400007b7ca56a60 as id 0
05-27 18:33:32.982  1167  1479 D evsmanagerd: /dev/video4 forwarded the buffer #0 to 0xb4000074bf5f6850 from 0xb4000074bf5f41d0
05-27 18:33:32.983   299 30844 D EvsDriver: forwardFrame
05-27 18:33:32.985   299  1153 D EvsDriver: doneWithFrame
05-27 18:33:32.985   581   581 I SpiService: fgesysctrl_getGPIO_status success val=1
05-27 18:33:32.986   299 30844 D EvsDriver: Delivered 0xb400007b7ca56900 as id 0
05-27 18:33:32.986  1167  1479 D evsmanagerd: /dev/video6 forwarded the buffer #0 to 0xb4000074bf5f5510 from 0xb4000074bf5f6d90
05-27 18:33:32.986   536   536 D commservice260303: msg.id = 1028,0
05-27 18:33:32.986   536   536 D commservice260303: i = 170, msgid = 8A000404
05-27 18:33:32.986   536   536 D commservice260303: msgid = -1979710460,did=138
05-27 18:33:32.986   536   536 D commservice260303: CommProtocolLibCmdBaseI2C::dataproc {"command":{"id":"imu_status","sub":""},"content":{"TimeStamp":9,"FrameCounter":230086,"GD_X":-0.010994902811944485,"GD_Y":0.005039200186729431,"GD_Z":0.0022902146447449923,"AD_X":-0.0013253837823867798,"AD_Y":0.0020499115344136953,"AD_Z":-0.16885852813720703,"TempDsp":0,"Status":0,"CalibState":1,"SigAmpInvalid":0}},-1979710460
