05-27 08:24:40.251   581   581 D spi_rst_gpio_get_output: GPIO 145 value: 1
05-27 08:24:40.251   581   581 D spidev_ioctl: gpio status=1)
05-27 18:33:31.290   536   536 D commservice260303: msg.id = 1028,1
05-27 18:33:31.290   536   536 D commservice260303: i = 170, msgid = 8A000404
05-27 18:33:31.290   536   536 D commservice260303: msgid = -1979710460,did=138
05-27 18:33:31.290   536   536 D commservice260303: CommProtocolLibCmdBaseI2C::dataproc {"command":{"id":"imu_status","sub":""},"content":{"TimeStamp":9,"FrameCounter":230044,"GD_X":-0.011453153565526009,"GD_Y":0.005345047451555729,"GD_Z":0.0020608289632946253,"AD_X":-0.0035315752029418945,"AD_Y":-2.893849741667509E-4,"AD_Z":-0.16764259338378906,"TempDsp":0,"Status":0,"CalibState":1,"SigAmpInvalid":0}},-1979710460
05-27 18:33:31.290   536   536 D commservice260303: send2Cluster len:317, 7B22636F6D6D616E64223A7B226964223A22696D755F737461747573222C22737562223A22227D2C22636F6E74656E74223A7B2254696D655374616D70223A392C224672616D65436F756E746572223A3233303034342C2247445F58223A2D302E3031313435333135333536353532363030392C2247445F59223A302E3030353334353034373435313535353732392C2247445F5A223A302E303032303630383238393633323934363235332C2241445F58223A2D302E303033353331353735323032393431383934352C2241445F59223A2D322E383933383439373431363637353039452D342C2241445F5A223A2D302E31363736343235393333383337383930362C2254656D70447370223A302C22537461747573223A302C2243616C69625374617465223A312C22536967416D70496E76616C6964223A307D7D, 138 
05-27 18:33:31.290   536   536 D commservice260303: Push Message into SendPool fn=-1681849600
05-27 18:33:31.290   536   536 D commservice260303: ComProtocolLibSend2Cluster::send2ClusterRaw fn=-1681849600 , len=333
05-27 18:33:31.290   536   536 D commservice260303: sendCmdToPort :333!!!
05-27 18:33:31.290   536   536 D commservice260303: send Cmd To Port ++++5AA501498A010003C19B6A16C87B7B22636F6D6D616E64223A7B226964223A22696D755F737461747573222C22737562223A22227D2C22636F6E74656E74223A7B2254696D655374616D70223A392C224672616D65436F756E746572223A3233303034342C2247445F58223A2D302E3031313435333135333536353532363030392C2247445F59223A302E3030353334353034373435313535353732392C2247445F5A223A302E303032303630383238393633323934363235332C2241445F58223A2D302E303033353331353735323032393431383934352C2241445F59223A2D322E383933383439373431363637353039452D342C2241445F5A223A2D302E31363736343235393333383337383930362C2254656D70447370223A302C22537461747573223A302C2243616C69625374617465223A312C22536967416D70496E76616C6964223A307D7D500E
05-27 18:33:31.290   536   536 D commservice260303: bufferevent_write retrun value = 0
05-27 18:33:31.290   536   560 D commservice260303: client datas send succeed,send finish
05-27 18:33:31.290 13911 14192 D Sentinelmode_1.2.5.17_sentry: <SentryImuClusterFgeSender>imu_status sent to Linux, frame=230044, tsNs=9878521, tsMs=9, intervalMs=41, ad=(-0.0035315752,-2.8938497E-4,-0.1676426), gd=(-0.011453154,0.0053450475,0.002060829)
05-27 18:33:31.292   581   581 I SpiService: fgesysctrl_getGPIO_status success val=1
05-27 08:24:40.256   581   581 D spi_rst_gpio_get_output: GPIO 145 value: 1
05-27 08:24:40.256   581   581 D spidev_ioctl: gpio status=1)
05-27 18:33:31.295 19261 19261 I ANWJNI_SECOND: +++ InitialCallback=====
05-27 18:33:31.296 19261 19261 I ANWJNI_SECOND: --- InitialCallback(77)(78)
05-27 18:33:31.296 19261 19261 I ANWJNI_SECOND: --- InitialCallback(79)(80)
05-27 18:33:31.297 19261 19261 I ANWJNI_SECOND: --- InitialCallback:0
05-27 18:33:31.297 19261 19261 D AnwSdkService: onCreate:0,78,80
05-27 18:33:31.297 19261 19261 D AnwSdkService: pbap_socket_fd1 = 78
05-27 18:33:31.297 19261 19261 D AnwSdkService: run createPbapContactMessageHandleThread
05-27 18:33:31.297   581   581 I SpiService: fgesysctrl_getGPIO_status success val=1
05-27 18:33:31.297 13911 14183 I SentryImuMcuAngleSender: 179.97899rollDeg
05-27 18:33:31.297 13911 14183 I SentryImuMcuAngleSender: 1,0,0
05-27 18:33:31.298 19261 19261 D AnwSdkService: run createPbapParsedDataUpdateMessageHandleThread
05-27 18:33:31.300  1008 30856 D [OMXB]  : usingANWBuffer: handle:0xee740e80, format:1, w:1920, h:1080
05-27 08:24:40.262   581   581 D spi_rst_gpio_get_output: GPIO 145 value: 1
05-27 08:24:40.262   581   581 D spidev_ioctl: gpio status=1)
05-27 18:33:31.303   581   581 I SpiService: fgesysctrl_getGPIO_status success val=1
05-27 18:33:31.303 19261 19261 W ContextImpl: Calling a method in the system process without a qualified user: android.app.ContextImpl.startService:1863 android.content.ContextWrapper.startService:817 com.anwsdk.service.anwbtservice.onCreate:7516 android.app.ActivityThread.handleCreateService:4616 android.app.ActivityThread.-$$Nest$mhandleCreateService:0 
05-27 18:33:31.304 10188  6929 W ActivityManager: Unable to start service Intent { cmp=com.anwsdk.service/.HfpClientConnectionService } U=0: not found with resolvedType = null, flags = 268436480, userId = 0, callingUid = 1000
05-27 18:33:31.304 19261 19261 D AnwSdkService: 20210721 checking self APK rom size
05-27 08:24:40.267   581   581 D spi_rst_gpio_get_output: GPIO 145 value: 1
05-27 08:24:40.267   581   581 D spidev_ioctl: gpio status=1)
05-27 18:33:31.308   581   581 I SpiService: fgesysctrl_getGPIO_status success val=0
05-27 08:24:40.273   581   581 D spi_rst_gpio_get_output: GPIO 145 value: 0
05-27 08:24:40.273   581   581 D spidev_ioctl: gpio status=0)
05-27 18:33:31.310  1008 30857 D [OMXB]  : usingANWBuffer: handle:0xee743df0, format:1, w:1920, h:1080
05-27 18:33:31.316   299 30841 D EvsDriver: forwardFrame
05-27 18:33:31.317   299 30841 D EvsDriver: Delivered 0xb400007b7ca56a60 as id 0
05-27 18:33:31.317  1167  1479 D evsmanagerd: /dev/video4 forwarded the buffer #0 to 0xb4000074bf5f6850 from 0xb4000074bf5f41d0
05-27 18:33:31.317 13911 14183 I SentryImuMcuAngleSender: 179.96848rollDeg
05-27 18:33:31.317 13911 14183 I SentryImuMcuAngleSender: 1,0,0
05-27 18:33:31.319   299 30844 D EvsDriver: forwardFrame
05-27 18:33:31.320   299  1153 D EvsDriver: doneWithFrame
05-27 18:33:31.320   299 30844 D EvsDriver: Delivered 0xb400007b7ca56900 as id 0
05-27 18:33:31.320  1167  1479 D evsmanagerd: /dev/video6 forwarded the buffer #0 to 0xb4000074bf5f5510 from 0xb4000074bf5f6d90
05-27 18:33:31.323   581   581 I SpiService: fgesysctrl_getGPIO_status success val=1
05-27 18:33:31.323   299  1153 D EvsDriver: doneWithFrame
05-27 08:24:40.287   581   581 D spi_rst_gpio_get_output: GPIO 145 value: 1
05-27 08:24:40.287   581   581 D spidev_ioctl: gpio status=1)
05-27 08:24:40.293   581   581 D spi_rst_gpio_get_output: GPIO 145 value: 1
05-27 08:24:40.293   581   581 D spidev_ioctl: gpio status=1)
05-27 18:33:31.325   572   622 I Sensors : 230 GyroSensor: x:-0.011606,y:0.005497,z:0.002214
05-27 18:33:31.328   581   581 I SpiService: fgesysctrl_getGPIO_status success val=1
05-27 18:33:31.330   536   536 D commservice260303: msg.id = 1028,1
05-27 18:33:31.330   536   536 D commservice260303: i = 170, msgid = 8A000404
05-27 18:33:31.330   536   536 D commservice260303: msgid = -1979710460,did=138
05-27 18:33:31.330   536   536 D commservice260303: CommProtocolLibCmdBaseI2C::dataproc {"command":{"id":"imu_status","sub":""},"content":{"TimeStamp":9,"FrameCounter":230045,"GD_X":-0.01160607673227787,"GD_Y":0.00549693126231432,"GD_Z":0.002213752595707774,"AD_X":-0.0023090243339538574,"AD_Y":0.0021323147229850292,"AD_Z":-0.17191314697265625,"TempDsp":0,"Status":0,"CalibState":1,"SigAmpInvalid":0}},-1979710460
05-27 18:33:31.330   536   536 D commservice260303: send2Cluster len:314, 7B22636F6D6D616E64223A7B226964223A22696D755F737461747573222C22737562223A22227D2C22636F6E74656E74223A7B2254696D655374616D70223A392C224672616D65436F756E746572223A3233303034352C2247445F58223A2D302E30313136303630373637333232373738372C2247445F59223A302E30303534393639333132363233313433322C2247445F5A223A302E3030323231333735323539353730373737342C2241445F58223A2D302E303032333039303234333333393533383537342C2241445F59223A302E303032313332333134373232393835303239322C2241445F5A223A2D302E31373139313331343639373236353632352C2254656D70447370223A302C22537461747573223A302C2243616C69625374617465223A312C22536967416D70496E76616C6964223A307D7D, 138 
05-27 18:33:31.330   536   536 D commservice260303: Push Message into SendPool fn=-1665072384
05-27 18:33:31.330   536   536 D commservice260303: ComProtocolLibSend2Cluster::send2ClusterRaw fn=-1665072384 , len=330
05-27 18:33:31.330   536   536 D commservice260303: sendCmdToPort :330!!!
05-27 18:33:31.330   536   536 D commservice260303: send Cmd To Port ++++5AA501468A010003C19C6A16C87B7B22636F6D6D616E64223A7B226964223A22696D755F737461747573222C22737562223A22227D2C22636F6E74656E74223A7B2254696D655374616D70223A392C224672616D65436F756E746572223A3233303034352C2247445F58223A2D302E30313136303630373637333232373738372C2247445F59223A302E30303534393639333132363233313433322C2247445F5A223A302E3030323231333735323539353730373737342C2241445F58223A2D302E303032333039303234333333393533383537342C2241445F59223A302E303032313332333134373232393835303239322C2241445F5A223A2D302E31373139313331343639373236353632352C2254656D70447370223A302C22537461747573223A302C2243616C69625374617465223A312C22536967416D70496E76616C6964223A307D7D2172
05-27 18:33:31.331   536   536 D commservice260303: bufferevent_write retrun value = 0
05-27 18:33:31.331   536   560 D commservice260303: client datas send succeed,send finish
05-27 18:33:31.331 13911 14192 D Sentinelmode_1.2.5.17_sentry: <SentryImuClusterFgeSender>imu_status sent to Linux, frame=230045, tsNs=9878575, tsMs=9, intervalMs=40, ad=(-0.0023090243,0.0021323147,-0.17191315), gd=(-0.011606077,0.0054969313,0.0022137526)
05-27 18:33:31.334   581   581 I SpiService: fgesysctrl_getGPIO_status success val=1
05-27 08:24:40.298   581   581 D spi_rst_gpio_get_output: GPIO 145 value: 1
05-27 08:24:40.298   581   581 D spidev_ioctl: gpio status=1)
05-27 08:24:40.301     0     0 W         : c6 [    C6] Irq_monitor:Irq                                           IPI[1]occur        6989 times interval 1028 ms
05-27 18:33:31.338 13911 14183 I SentryImuMcuAngleSender: 179.97198rollDeg
05-27 18:33:31.338 13911 14183 I SentryImuMcuAngleSender: 1,0,0
05-27 18:33:31.339   581   581 I SpiService: fgesysctrl_getGPIO_status success val=1
05-27 08:24:40.304   581   581 D spi_rst_gpio_get_output: GPIO 145 value: 1
05-27 08:24:40.304   581   581 D spidev_ioctl: gpio status=1)
05-27 18:33:31.343  1008 30857 D [OMXB]  : usingANWBuffer: handle:0xee742ed0, format:1, w:1920, h:1080
05-27 08:24:40.309   581   581 D spi_rst_gpio_get_output: GPIO 145 value: 1
05-27 08:24:40.309   581   581 D spidev_ioctl: gpio status=1)
05-27 18:33:31.345   581   581 I SpiService: fgesysctrl_getGPIO_status success val=1
05-27 18:33:31.347   299 30844 D EvsDriver: forwardFrame
05-27 18:33:31.349 19261 19261 D AnwSdkService: apk rom size:40.90M
05-27 18:33:31.350   581   581 I SpiService: fgesysctrl_getGPIO_status success val=0
05-27 18:33:31.351  1167  1479 D evsmanagerd: /dev/video6 forwarded the buffer #0 to 0xb4000074bf5f5510 from 0xb4000074bf5f6d90
05-27 18:33:31.351   299 30844 D EvsDriver: Delivered 0xb400007b7ca56900 as id 0
05-27 18:33:31.352   299 30841 D EvsDriver: forwardFrame
05-27 18:33:31.353 19261 19261 D AnwSdkService: [android.permission.READ_EXTERNAL_STORAGE] permision is GRANTED
05-27 08:24:40.315   581   581 D spi_rst_gpio_get_output: GPIO 145 value: 0
05-27 08:24:40.315   581   581 D spidev_ioctl: gpio status=0)
05-27 18:33:31.355   299  1153 D EvsDriver: doneWithFrame
05-27 18:33:31.355   299 30841 D EvsDriver: Delivered 0xb400007b7ca56a60 as id 0
05-27 18:33:31.355  1167  1479 D evsmanagerd: /dev/video4 forwarded the buffer #0 to 0xb4000074bf5f6850 from 0xb4000074bf5f41d0
05-27 18:33:31.358  1008 30856 D [OMXB]  : usingANWBuffer: handle:0xee740220, format:1, w:1920, h:1080
05-27 18:33:31.359 13911 14183 I SentryImuMcuAngleSender: 179.97899rollDeg
05-27 18:33:31.360 13911 14183 I SentryImuMcuAngleSender: 1,0,0
05-27 08:24:40.330   581   581 D spi_rst_gpio_get_output: GPIO 145 value: 1
05-27 08:24:40.330   581   581 D spidev_ioctl: gpio status=1)
05-27 18:33:31.365   299  1153 D EvsDriver: doneWithFrame
05-27 18:33:31.366   581   581 I SpiService: fgesysctrl_getGPIO_status success val=1
05-27 18:33:31.366 19261 19261 D AnwSdkService: [android.permission.WRITE_EXTERNAL_STORAGE] permision is GRANTED
05-27 18:33:31.372   581   581 I SpiService: fgesysctrl_getGPIO_status success val=1
05-27 18:33:31.373   536   536 D commservice260303: msg.id = 1028,1
05-27 18:33:31.373   536   536 D commservice260303: i = 170, msgid = 8A000404
05-27 18:33:31.373   536   536 D commservice260303: msgid = -1979710460,did=138
05-27 18:33:31.373   536   536 D commservice260303: CommProtocolLibCmdBaseI2C::dataproc {"command":{"id":"imu_status","sub":""},"content":{"TimeStamp":9,"FrameCounter":230046,"GD_X":-0.011987865902483463,"GD_Y":0.006108105648308992,"GD_Z":0.0021378109231591225,"AD_X":-0.001099228858947754,"AD_Y":-3.0909711495041847E-4,"AD_Z":-0.16947364807128906,"TempDsp":0,"Status":0,"CalibState":1,"SigAmpInvalid":0}},-1979710460
05-27 18:33:31.373   536   536 D commservice260303: send2Cluster len:317, 7B22636F6D6D616E64223A7B226964223A22696D755F737461747573222C22737562223A22227D2C22636F6E74656E74223A7B2254696D655374616D70223A392C224672616D65436F756E746572223A3233303034362C2247445F58223A2D302E3031313938373836353930323438333436332C2247445F59223A302E3030363130383130353634383330383939322C2247445F5A223A302E303032313337383130393233313539313232352C2241445F58223A2D302E3030313039393232383835383934373735342C2241445F59223A2D332E30393039373131343935303431383437452D342C2241445F5A223A2D302E31363934373336343830373132383930362C2254656D70447370223A302C22537461747573223A302C2243616C69625374617465223A312C22536967416D70496E76616C6964223A307D7D, 138 
05-27 18:33:31.373   536   536 D commservice260303: Push Message into SendPool fn=-1648295168
05-27 18:33:31.373   536   536 D commservice260303: ComProtocolLibSend2Cluster::send2ClusterRaw fn=-1648295168 , len=333
05-27 18:33:31.373   269   269 D libvintf: HalManifest::getHidlTransport(framework): Cannot find android.hardware.usb@1.0::IUsb/default
05-27 18:33:31.373   536   536 D commservice260303: sendCmdToPort :333!!!
05-27 08:24:40.336   581   581 D spi_rst_gpio_get_output: GPIO 145 value: 1
05-27 18:33:31.373   536   536 D commservice260303: send Cmd To Port ++++5AA501498A010003C19D6A16C87B7B22636F6D6D616E64223A7B226964223A22696D755F737461747573222C22737562223A22227D2C22636F6E74656E74223A7B2254696D655374616D70223A392C224672616D65436F756E746572223A3233303034362C2247445F58223A2D302E3031313938373836353930323438333436332C2247445F59223A302E3030363130383130353634383330383939322C2247445F5A223A302E303032313337383130393233313539313232352C2241445F58223A2D302E3030313039393232383835383934373735342C2241445F59223A2D332E30393039373131343935303431383437452D342C2241445F5A223A2D302E31363934373336343830373132383930362C2254656D70447370223A302C22537461747573223A302C2243616C69625374617465223A312C22536967416D70496E76616C6964223A307D7DFC0F
05-27 18:33:31.374   536   536 D commservice260303: bufferevent_write retrun value = 0
05-27 18:33:31.374   269   269 D libvintf: HalManifest::getHidlTransport(device): Cannot find android.hardware.usb@1.0::IUsb/default
05-27 18:33:31.374   269   269 I hwservicemanager: getTransport: Cannot find entry android.hardware.usb@1.0::IUsb/default in either framework or device VINTF manifest.
05-27 18:33:31.374   536   560 D commservice260303: client datas send succeed,send finish
05-27 18:33:31.374 13911 14192 D Sentinelmode_1.2.5.17_sentry: <SentryImuClusterFgeSender>imu_status sent to Linux, frame=230046, tsNs=9878611, tsMs=9, intervalMs=44, ad=(-0.0010992289,-3.0909711E-4,-0.16947365), gd=(-0.011987866,0.0061081056,0.002137811)
05-27 18:33:31.374 12348 12448 E ExtUsbManager: UsbHalController: android.hardware.usb.V1_0.IUsb getService failed!
05-27 18:33:31.374 12348 12448 E ExtUsbManager: java.util.NoSuchElementException
05-27 18:33:31.374 12348 12448 E ExtUsbManager: 	at android.os.HwBinder.getService(Native Method)
05-27 18:33:31.374 12348 12448 E ExtUsbManager: 	at android.os.HwBinder.getService(HwBinder.java:81)
05-27 18:33:31.374 12348 12448 E ExtUsbManager: 	at android.hardware.usb.V1_0.IUsb.getService(IUsb.java:74)
05-27 18:33:31.374 12348 12448 E ExtUsbManager: 	at android.hardware.usb.V1_0.IUsb.getService(IUsb.java:84)
05-27 18:33:31.374 12348 12448 E ExtUsbManager: 	at ts.car.usb.UsbHalController.createService(UsbHalController.java:37)
05-27 18:33:31.374 12348 12448 E ExtUsbManager: 	at ts.car.usb.UsbHalController.createService(UsbHalController.java:18)
05-27 18:33:31.374 12348 12448 E ExtUsbManager: 	at ts.car.usb.utils.AutoServiceConnector4Hidl.autoConnect(AutoServiceConnector4Hidl.java:47)
05-27 18:33:31.374 12348 12448 E ExtUsbManager: 	at ts.car.usb.utils.AutoServiceConnector4Hidl$$ExternalSyntheticLambda0.run(Unknown Source:2)
05-27 18:33:31.374 12348 12448 E ExtUsbManager: 	at android.os.Handler.handleCallback(Handler.java:942)
05-27 18:33:31.374 12348 12448 E ExtUsbManager: 	at android.os.Handler.dispatchMessage(Handler.java:99)
05-27 18:33:31.374 12348 12448 E ExtUsbManager: 	at android.os.Looper.loopOnce(Looper.java:201)
05-27 18:33:31.374 12348 12448 E ExtUsbManager: 	at android.os.Looper.loop(Looper.java:288)
05-27 18:33:31.374 12348 12448 E ExtUsbManager: 	at android.os.HandlerThread.run(HandlerThread.java:67)
05-27 18:33:31.375   269   269 D libvintf: HalManifest::getHidlTransport(framework): Cannot find vendor.ts.usbext@1.0::IUsbext/default
05-27 18:33:31.375   269   269 D libvintf: HalManifest::getHidlTransport(device): Cannot find vendor.ts.usbext@1.0::IUsbext/default
05-27 18:33:31.375   269   269 I hwservicemanager: getTransport: Cannot find entry vendor.ts.usbext@1.0::IUsbext/default in either framework or device VINTF manifest.
05-27 18:33:31.376 12348 12448 E ExtUsbManager: UsbHalExtController: vendor.ts.usbext.V1_0.IUsbext getService failed!
05-27 18:33:31.376 12348 12448 E ExtUsbManager: java.util.NoSuchElementException
05-27 18:33:31.376 12348 12448 E ExtUsbManager: 	at android.os.HwBinder.getService(Native Method)
05-27 18:33:31.376 12348 12448 E ExtUsbManager: 	at android.os.HwBinder.getService(HwBinder.java:81)
05-27 18:33:31.376 12348 12448 E ExtUsbManager: 	at vendor.ts.usbext.V1_0.IUsbext.getService(IUsbext.java:74)
05-27 18:33:31.376 12348 12448 E ExtUsbManager: 	at vendor.ts.usbext.V1_0.IUsbext.getService(IUsbext.java:84)
05-27 18:33:31.376 12348 12448 E ExtUsbManager: 	at ts.car.usb.UsbHalExtController.createService(UsbHalExtController.java:37)
05-27 18:33:31.376 12348 12448 E ExtUsbManager: 	at ts.car.usb.UsbHalExtController.createService(UsbHalExtController.java:18)
05-27 18:33:31.376 12348 12448 E ExtUsbManager: 	at ts.car.usb.utils.AutoServiceConnector4Hidl.autoConnect(AutoServiceConnector4Hidl.java:47)
05-27 18:33:31.376 12348 12448 E ExtUsbManager: 	at ts.car.usb.utils.AutoServiceConnector4Hidl$$ExternalSyntheticLambda0.run(Unknown Source:2)
05-27 18:33:31.376 12348 12448 E ExtUsbManager: 	at android.os.Handler.handleCallback(Handler.java:942)
05-27 18:33:31.376 12348 12448 E ExtUsbManager: 	at android.os.Handler.dispatchMessage(Handler.java:99)
05-27 18:33:31.376 12348 12448 E ExtUsbManager: 	at android.os.Looper.loopOnce(Looper.java:201)
05-27 18:33:31.376 12348 12448 E ExtUsbManager: 	at android.os.Looper.loop(Looper.java:288)
05-27 18:33:31.376 12348 12448 E ExtUsbManager: 	at android.os.HandlerThread.run(HandlerThread.java:67)
05-27 18:33:31.376   269   269 D libvintf: HalManifest::getHidlTransport(framework): Cannot find android.hardware.usb.gadget@1.0::IUsbGadget/default
05-27 18:33:31.376   269   269 D libvintf: HalManifest::getHidlTransport(device): Cannot find android.hardware.usb.gadget@1.0::IUsbGadget/default
05-27 18:33:31.376   269   269 I hwservicemanager: getTransport: Cannot find entry android.hardware.usb.gadget@1.0::IUsbGadget/default in either framework or device VINTF manifest.
05-27 18:33:31.377 12348 12448 E ExtUsbManager: UsbGadgetController: android.hardware.usb.gadget.V1_0.IUsbGadget getService failed!
05-27 18:33:31.377 12348 12448 E ExtUsbManager: java.util.NoSuchElementException
05-27 18:33:31.377 12348 12448 E ExtUsbManager: 	at android.os.HwBinder.getService(Native Method)
05-27 18:33:31.377 12348 12448 E ExtUsbManager: 	at android.os.HwBinder.getService(HwBinder.java:81)
05-27 18:33:31.377 12348 12448 E ExtUsbManager: 	at android.hardware.usb.gadget.V1_0.IUsbGadget.getService(IUsbGadget.java:74)
05-27 18:33:31.377 12348 12448 E ExtUsbManager: 	at android.hardware.usb.gadget.V1_0.IUsbGadget.getService(IUsbGadget.java:84)
05-27 18:33:31.377 12348 12448 E ExtUsbManager: 	at ts.car.usb.UsbGadgetController.createService(UsbGadgetController.java:36)
05-27 18:33:31.377 12348 12448 E ExtUsbManager: 	at ts.car.usb.UsbGadgetController.createService(UsbGadgetController.java:17)
05-27 18:33:31.377 12348 12448 E ExtUsbManager: 	at ts.car.usb.utils.AutoServiceConnector4Hidl.autoConnect(AutoServiceConnector4Hidl.java:47)
05-27 18:33:31.377 12348 12448 E ExtUsbManager: 	at ts.car.usb.utils.AutoServiceConnector4Hidl$$ExternalSyntheticLambda0.run(Unknown Source:2)
05-27 18:33:31.377 12348 12448 E ExtUsbManager: 	at android.os.Handler.handleCallback(Handler.java:942)
05-27 18:33:31.377 12348 12448 E ExtUsbManager: 	at android.os.Handler.dispatchMessage(Handler.java:99)
05-27 18:33:31.377 12348 12448 E ExtUsbManager: 	at android.os.Looper.loopOnce(Looper.java:201)
05-27 18:33:31.377 12348 12448 E ExtUsbManager: 	at android.os.Looper.loop(Looper.java:288)
05-27 18:33:31.377 12348 12448 E ExtUsbManager: 	at android.os.HandlerThread.run(HandlerThread.java:67)
05-27 08:24:40.336   581   581 D spidev_ioctl: gpio status=1)
05-27 18:33:31.377   581   581 I SpiService: fgesysctrl_getGPIO_status success val=1
05-27 18:33:31.378 19261 19261 D AnwSdkService: onCreate end
05-27 18:33:31.379 19261 19261 D AnwSdkService: onBind
05-27 18:33:31.380 13911 14183 I SentryImuMcuAngleSender: 179.97899rollDeg
05-27 18:33:31.380 13911 14183 I SentryImuMcuAngleSender: 1,0,0
05-27 08:24:40.342   581   581 D spi_rst_gpio_get_output: GPIO 145 value: 1
05-27 08:24:40.342   581   581 D spidev_ioctl: gpio status=1)
05-27 08:24:40.348   581   581 D spi_rst_gpio_get_output: GPIO 145 value: 1
05-27 08:24:40.348   581   581 D spidev_ioctl: gpio status=1)
05-27 18:33:31.381  1008 30857 D [OMXB]  : usingANWBuffer: handle:0xee742cc0, format:1, w:1920, h:1080
05-27 18:33:31.382   299 30841 D EvsDriver: forwardFrame
05-27 18:33:31.382 13435 13435 D BtManager: onServiceConnected
05-27 18:33:31.384   581   581 I SpiService: fgesysctrl_getGPIO_status success val=1
05-27 18:33:31.385   299 30844 D EvsDriver: forwardFrame
05-27 18:33:31.385   283   307 I rvcservice: t.code = 2, t.value = 9973500
05-27 18:33:31.385   299 30841 D EvsDriver: Delivered 0xb400007b7ca56a60 as id 0
05-27 18:33:31.386  1167  1479 D evsmanagerd: /dev/video4 forwarded the buffer #0 to 0xb4000074bf5f6850 from 0xb4000074bf5f41d0
05-27 18:33:31.386 19261 19275 D AnwSdkService: GetPowerStatus = POWER_OFF
05-27 18:33:31.387 19261 19275 D AnwSdkService: ANWBT_GetBTPowerStatus() POWER_OFF
05-27 18:33:31.387   299 30844 D EvsDriver: Delivered 0xb400007b7ca56900 as id 0
05-27 18:33:31.388 19261 19275 D AnwSdkService: GetPowerStatus = POWER_OFF
05-27 18:33:31.388  1167  1479 D evsmanagerd: /dev/video6 forwarded the buffer #0 to 0xb4000074bf5f5510 from 0xb4000074bf5f6d90
05-27 18:33:31.389 13435 13435 D BtManager: ANWBT_BTPowerOn
05-27 18:33:31.389 13435 13435 D BtManager: ANWBT_GetBTPowerStatus
05-27 18:33:31.392   581   581 I SpiService: fgesysctrl_getGPIO_status success val=0
05-27 18:33:31.392   299  1153 D EvsDriver: doneWithFrame
05-27 18:33:31.393   299  1153 D EvsDriver: doneWithFrame
05-27 18:33:31.394   566 11459 I gps_hdbd: Received: '$GNGGA,004922.000,,,,,0,00,,,M,,M,,*6B
'
05-27 18:33:31.396  1008 30856 D [OMXB]  : usingANWBuffer: handle:0xee741da0, format:1, w:1920, h:1080
05-27 18:33:31.398 19261 19275 D AnwSdkService: GetPowerStatus = POWER_OFF
05-27 18:33:31.398 19261 19275 D AnwSdkService: ANWBT_GetBTPowerStatus() POWER_OFF
05-27 18:33:31.399 19261 19275 D AnwSdkService: GetPowerStatus = POWER_OFF
05-27 08:24:40.355   581   581 D spi_rst_gpio_get_output: GPIO 145 value: 0
05-27 08:24:40.355   581   581 D spidev_ioctl: gpio status=0)
05-27 18:33:31.400 19261 19275 D AnwSdkService: anw-update,bt_java_data:20260516
05-27 18:33:31.400 19261 19275 D AnwSdkService: ANWBT_BTPowerOn()
05-27 18:33:31.400   566 11459 I gps_hdbd: Received: '$GNGSA,A,1,,,,,,,,,,,,,,,,1*1D
'
05-27 18:33:31.400 13911 14183 I SentryImuMcuAngleSender: 179.97899rollDeg
05-27 18:33:31.400 13911 14183 I SentryImuMcuAngleSender: 1,0,0
05-27 18:33:31.401 19261 19275 D AnwSdkService: GetPowerStatus = POWER_OFF
05-27 18:33:31.401 19261 19275 D AnwSdkService: SetPowerStatus = POWER_ONING
05-27 18:33:31.402 19261 19287 I ANWJNI_SECOND: anw-update,bt_jni_data: 20260516
05-27 18:33:31.402 19261 19287 D ANWAPI_SECOND: (19261|0x1EC87CB0)[BTAPI] SDK >>>>AnWBT_Snoop_Open
05-27 18:33:31.403 19261 19287 D ANWJNI_SECOND: (19261|0x1EC87CB0)[BTAPP] PowOn_Thread
05-27 18:33:31.403 19261 19287 D ANWJNI_SECOND: 
05-27 08:24:40.373   581   581 D spi_rst_gpio_get_output: GPIO 145 value: 1
05-27 08:24:40.373   581   581 D spidev_ioctl: gpio status=1)
05-27 18:33:31.405 19261 19288 D ANWJNI_SECOND: (19261|0x1DB7DCB0)[BTAPP] BTPowerOn!!
05-27 18:33:31.405 19261 19288 D ANWJNI_SECOND: (19261|0x1DB7DCB0)[BTAPP] in thread_power_on_func,getpid()=19261, priority = 10
05-27 18:33:31.405 19261 19288 D ANWJNI_SECOND: 
05-27 18:33:31.406 19261 19288 D ANWJNI_SECOND: (19261|0x1DB7DCB0)[BTAPP] doPowerOn_Timeout_Thread_Create
05-27 18:33:31.406 19261 19288 D ANWJNI_SECOND: 
05-27 18:33:31.406 19261 19288 D ANWJNI_SECOND: (19261|0x1DB7DCB0)[BTAPP] AnWBT_SetInitialValue(hfphf:0)(hfpag:2)(pbap:0)(map:0)(a2dpsink:0)(a2dpsource:2)(avrcpct:0)(avrcttg:2)
05-27 18:33:31.406 19261 19288 D ANWJNI_SECOND: 
05-27 18:33:31.406 19261 19288 D ANWAPI_SECOND: (19261|0x1DB7DCB0)[BTAPI] SDK >>>>AnWBT_SetInitialValue devclass: 0x3c020c
05-27 18:33:31.406 19261 19288 D ANWAPI_SECOND: (19261|0x1DB7DCB0)[BTAPI] AnWBT_SetInitialValue avrcp_tg_attribute=6
05-27 18:33:31.406 19261 19288 D ANWAPI_SECOND: (19261|0x1DB7DCB0)[BTAPI] SDK <<<<AnWBT_SetInitialValue 0x0
05-27 18:33:31.406 19261 19288 D ANWAPI_SECOND: (19261|0x1DB7DCB0)[BTAPI] SDK >>>>AnWBT_HFP_Enable_WBS 1
05-27 18:33:31.406 19261 19288 D ANWAPI_SECOND: (19261|0x1DB7DCB0)[BTAPI] SDK <<<<AnWBT_HFP_Enable_WBS 0
05-27 18:33:31.407 19261 19288 D ANW_WAVEOUT_SECOND: (19261|0x1DB7DCB0)[WAVEOUT] init Audio PCM Thread Mute(800)(101)
05-27 18:33:31.407 19261 19288 D ANW_WAVEOUT_SECOND: 
05-27 18:33:31.407 19261 19288 D ANWAPI_SECOND: (19261|0x1DB7DCB0)[BTAPI] anw-update,bt_sdk_data:20260516-not_supportLea
05-27 18:33:31.407 19261 19288 D ANWAPI_SECOND: (19261|0x1DB7DCB0)[BTAPI] SDK >>>>AnWBT_Init
05-27 18:33:31.407 19261 19288 D ANWAPI_SECOND: (19261|0x1DB7DCB0)[BTAPI] AnWBTSDK_Version=0x0300002a
05-27 18:33:31.407 19261 19288 D ANWAPI_SECOND: (19261|0x1DB7DCB0)[BTAPI] >>>>AnWBT_EEPROM_Read 
05-27 18:33:31.407 19261 19288 D ANWAPI_SECOND: (19261|0x1DB7DCB0)[BTAPI] B:Rpaired_storage[0]name[]addr[00:00:00:00:00:00]linkkey[00:00:00:00:00:00:00:00:00:00:00:00:00:00:00:00]
05-27 18:33:31.407 19261 19288 D ANWAPI_SECOND: (19261|0x1DB7DCB0)[BTAPI] B:Rpaired_storage[1]name[]addr[00:00:00:00:00:00]linkkey[00:00:00:00:00:00:00:00:00:00:00:00:00:00:00:00]
05-27 18:33:31.407 19261 19288 D ANWAPI_SECOND: (19261|0x1DB7DCB0)[BTAPI] B:Rpaired_storage[2]name[]addr[00:00:00:00:00:00]linkkey[00:00:00:00:00:00:00:00:00:00:00:00:00:00:00:00]
05-27 18:33:31.407 19261 19288 D ANWAPI_SECOND: (19261|0x1DB7DCB0)[BTAPI] B:Rpaired_storage[3]name[]addr[00:00:00:00:00:00]linkkey[00:00:00:00:00:00:00:00:00:00:00:00:00:00:00:00]
05-27 18:33:31.407 19261 19288 D ANWAPI_SECOND: (19261|0x1DB7DCB0)[BTAPI] B:Rpaired_storage[4]name[]addr[00:00:00:00:00:00]linkkey[00:00:00:00:00:00:00:00:00:00:00:00:00:00:00:00]
05-27 18:33:31.407 19261 19288 D ANWAPI_SECOND: (19261|0x1DB7DCB0)[BTAPI] B:Rpaired_storage[5]name[]addr[00:00:00:00:00:00]linkkey[00:00:00:00:00:00:00:00:00:00:00:00:00:00:00:00]
05-27 18:33:31.407 19261 19288 D ANWAPI_SECOND: (19261|0x1DB7DCB0)[BTAPI] B:Rpaired_storage[6]name[]addr[00:00:00:00:00:00]linkkey[00:00:00:00:00:00:00:00:00:00:00:00:00:00:00:00]
05-27 18:33:31.407 19261 19288 D ANWAPI_SECOND: (19261|0x1DB7DCB0)[BTAPI] B:Rpaired_storage[7]name[]addr[00:00:00:00:00:00]linkkey[00:00:00:00:00:00:00:00:00:00:00:00:00:00:00:00]
05-27 18:33:31.407 19261 19288 D ANWAPI_SECOND: (19261|0x1DB7DCB0)[BTAPI] B:Rpaired_storage[8]name[]addr[00:00:00:00:00:00]linkkey[00:00:00:00:00:00:00:00:00:00:00:00:00:00:00:00]
05-27 18:33:31.407 19261 19288 D ANWAPI_SECOND: (19261|0x1DB7DCB0)[BTAPI] B:Rpaired_storage[9]name[]addr[00:00:00:00:00:00]linkkey[00:00:00:00:00:00:00:00:00:00:00:00:00:00:00:00]
05-27 18:33:31.408 19261 19288 D ANWAPI_SECOND: (19261|0x1DB7DCB0)[BTAPI] B:Rpaired_storage[10]name[]addr[00:00:00:00:00:00]linkkey[00:00:00:00:00:00:00:00:00:00:00:00:00:00:00:00]
05-27 18:33:31.408 19261 19288 D ANW_AVRCP_SECOND: AnWBT_ReadStorage =/data/misc/anw//anwbt_storage.bin
05-27 18:33:31.408 19261 19289 D ANWJNI_SECOND: (19261|0x1CA7FCB0)[BTAPP] doPowerOn_Timeout_Thread
05-27 18:33:31.408 19261 19289 D ANWJNI_SECOND: 
05-27 18:33:31.408 19261 19288 D ANW_AVRCP_SECOND: AnWBT_ReadStorage open anwbt_bt_storage success
05-27 18:33:31.408 19261 19288 D ANW_AVRCP_SECOND: 
05-27 18:33:31.408 19261 19288 D ANW_AVRCP_SECOND: read storage size=6600
05-27 18:33:31.408 19261 19288 D ANW_AVRCP_SECOND: 
05-27 18:33:31.408 19261 19288 D ANWAPI_SECOND: (19261|0x1DB7DCB0)[BTAPI] A:Readpaired_storage[0]name[]cod[0]support[0]addr[00:00:00:00:00:00]linkkey[00:00:00:00:00:00:00:00:00:00:00:00:00:00:00:00]
05-27 18:33:31.408 19261 19288 D ANWAPI_SECOND: (19261|0x1DB7DCB0)[BTAPI] A:Readpaired_storage[1]name[]cod[0]support[0]addr[00:00:00:00:00:00]linkkey[00:00:00:00:00:00:00:00:00:00:00:00:00:00:00:00]
05-27 18:33:31.408 19261 19288 D ANWAPI_SECOND: (19261|0x1DB7DCB0)[BTAPI] A:Readpaired_storage[2]name[]cod[0]support[0]addr[00:00:00:00:00:00]linkkey[00:00:00:00:00:00:00:00:00:00:00:00:00:00:00:00]
05-27 18:33:31.408 19261 19288 D ANWAPI_SECOND: (19261|0x1DB7DCB0)[BTAPI] A:Readpaired_storage[3]name[]cod[0]support[0]addr[00:00:00:00:00:00]linkkey[00:00:00:00:00:00:00:00:00:00:00:00:00:00:00:00]
05-27 18:33:31.408   566 11459 I gps_hdbd: Received: '$GNGSA,A,1,,,,,,,,,,,,,,,,3*1F
'
05-27 18:33:31.408 19261 19288 D ANWAPI_SECOND: (19261|0x1DB7DCB0)[BTAPI] A:Readpaired_storage[4]name[]cod[0]support[0]addr[00:00:00:00:00:00]linkkey[00:00:00:00:00:00:00:00:00:00:00:00:00:00:00:00]
05-27 18:33:31.409 19261 19288 D ANWAPI_SECOND: (19261|0x1DB7DCB0)[BTAPI] A:Readpaired_storage[5]name[]cod[0]support[0]addr[00:00:00:00:00:00]linkkey[00:00:00:00:00:00:00:00:00:00:00:00:00:00:00:00]
05-27 18:33:31.409 19261 19288 D ANWAPI_SECOND: (19261|0x1DB7DCB0)[BTAPI] A:Readpaired_storage[6]name[]cod[0]support[0]addr[00:00:00:00:00:00]linkkey[00:00:00:00:00:00:00:00:00:00:00:00:00:00:00:00]
05-27 18:33:31.409 19261 19288 D ANWAPI_SECOND: (19261|0x1DB7DCB0)[BTAPI] A:Readpaired_storage[7]name[]cod[0]support[0]addr[00:00:00:00:00:00]linkkey[00:00:00:00:00:00:00:00:00:00:00:00:00:00:00:00]
05-27 18:33:31.409 19261 19288 D ANWAPI_SECOND: (19261|0x1DB7DCB0)[BTAPI] A:Readpaired_storage[8]name[]cod[0]support[0]addr[00:00:00:00:00:00]linkkey[00:00:00:00:00:00:00:00:00:00:00:00:00:00:00:00]
05-27 18:33:31.409   581   581 I SpiService: fgesysctrl_getGPIO_status success val=1
05-27 18:33:31.409 19261 19288 D ANWAPI_SECOND: (19261|0x1DB7DCB0)[BTAPI] A:Readpaired_storage[9]name[]cod[0]support[0]addr[00:00:00:00:00:00]linkkey[00:00:00:00:00:00:00:00:00:00:00:00:00:00:00:00]
05-27 18:33:31.409 19261 19288 D ANWAPI_SECOND: (19261|0x1DB7DCB0)[BTAPI] A:Readpaired_storage[10]name[]cod[0]support[0]addr[00:00:00:00:00:00]linkkey[00:00:00:00:00:00:00:00:00:00:00:00:00:00:00:00]
05-27 18:33:31.409   566 11459 I gps_hdbd: Received: '$GNGSA,A,1,,,,,,,,,,,,,,,,4*18
'
05-27 18:33:31.409 19261 19288 D ANWAPI_SECOND: (19261|0x1DB7DCB0)[BTAPI] <<<<AnWBT_EEPROM_Read ret = 0
05-27 18:33:31.409 19261 19288 D ANWAPI_SECOND: (19261|0x1DB7DCB0)[BTAPI] local_name_set=0
05-27 18:33:31.409 19261 19288 D ANWAPI_SECOND: (19261|0x1DB7DCB0)[BTAPI] [Paired DevInf] Storage Write
05-27 18:33:31.409   566 11459 I gps_hdbd: Received: '$BDGSV,1,1,00,1*75
'
05-27 18:33:31.409 19261 19288 D ANW_AVRCP_SECOND: AnWBT_WriteStorage =/data/misc/anw//anwbt_storage.bin
05-27 18:33:31.410 19261 19288 D ANW_AVRCP_SECOND: AnWBT_WriteStorage open anwbt_bt_storage success
05-27 18:33:31.410 19261 19288 D ANW_AVRCP_SECOND: 
05-27 18:33:31.411   566 11459 I gps_hdbd: Received: '$BDGSV,1,1,00,5*71
'
05-27 18:33:31.412   566 11459 I gps_hdbd: Received: '$GPGSV,1,1,01,199,42,165,,1*60
'
05-27 18:33:31.413   536   536 D commservice260303: msg.id = 1028,1
05-27 18:33:31.413   536   536 D commservice260303: i = 170, msgid = 8A000404
05-27 18:33:31.413   536   536 D commservice260303: msgid = -1979710460,did=138
05-27 18:33:31.413   536   536 D commservice260303: CommProtocolLibCmdBaseI2C::dataproc {"command":{"id":"imu_status","sub":""},"content":{"TimeStamp":9,"FrameCounter":230047,"GD_X":-0.011759000830352306,"GD_Y":0.005573912989348173,"GD_Z":0.0019079053308814764,"AD_X":-0.0029293447732925415,"AD_Y":9.047177154570818E-4,"AD_Z":-0.17069339752197266,"TempDsp":0,"Status":0,"CalibState":1,"SigAmpInvalid":0}},-1979710460
05-27 18:33:31.413   536   536 D commservice260303: send2Cluster len:316, 7B22636F6D6D616E64223A7B226964223A22696D755F737461747573222C22737562223A22227D2C22636F6E74656E74223A7B2254696D655374616D70223A392C224672616D65436F756E746572223A3233303034372C2247445F58223A2D302E3031313735393030303833303335323330362C2247445F59223A302E3030353537333931323938393334383137332C2247445F5A223A302E303031393037393035333330383831343736342C2241445F58223A2D302E303032393239333434373733323932353431352C2241445F59223A392E303437313737313534353730383138452D342C2241445F5A223A2D302E31373036393333393735323139373236362C2254656D70447370223A302C22537461747573223A302C2243616C69625374617465223A312C22536967416D70496E76616C6964223A307D7D, 138 
05-27 18:33:31.413   536   536 D commservice260303: Push Message into SendPool fn=-1631517952
05-27 18:33:31.413   536   536 D commservice260303: ComProtocolLibSend2Cluster::send2ClusterRaw fn=-1631517952 , len=332
05-27 18:33:31.413   536   536 D commservice260303: sendCmdToPort :332!!!
05-27 18:33:31.413   536   536 D commservice260303: send Cmd To Port ++++5AA501488A010003C19E6A16C87B7B22636F6D6D616E64223A7B226964223A22696D755F737461747573222C22737562223A22227D2C22636F6E74656E74223A7B2254696D655374616D70223A392C224672616D65436F756E746572223A3233303034372C2247445F58223A2D302E3031313735393030303833303335323330362C2247445F59223A302E3030353537333931323938393334383137332C2247445F5A223A302E303031393037393035333330383831343736342C2241445F58223A2D302E303032393239333434373733323932353431352C2241445F59223A392E303437313737313534353730383138452D342C2241445F5A223A2D302E31373036393333393735323139373236362C2254656D70447370223A302C22537461747573223A302C2243616C69625374617465223A312C22536967416D70496E76616C6964223A307D7D2A91
05-27 18:33:31.413 13435 13435 I BtManager: ANWBT_BTPowerOn result = 0
05-27 18:33:31.413   536   536 D commservice260303: bufferevent_write retrun value = 0
05-27 18:33:31.413   536   560 D commservice260303: client datas send succeed,send finish
05-27 18:33:31.413 13435 13435 D BtManager: ret = 2
05-27 18:33:31.413 13911 14192 D Sentinelmode_1.2.5.17_sentry: <SentryImuClusterFgeSender>imu_status sent to Linux, frame=230047, tsNs=9878651, tsMs=9, intervalMs=39, ad=(-0.0029293448,9.047177E-4,-0.1706934), gd=(-0.011759001,0.005573913,0.0019079053)
05-27 18:33:31.414   581   581 I SpiService: fgesysctrl_getGPIO_status success val=1
05-27 18:33:31.416   299 30841 D EvsDriver: forwardFrame
05-27 18:33:31.417   299 30841 D EvsDriver: Delivered 0xb400007b7ca56a60 as id 0
05-27 08:24:40.379   581   581 D spi_rst_gpio_get_output: GPIO 145 value: 1
05-27 18:33:31.417  1167  1479 D evsmanagerd: /dev/video4 forwarded the buffer #0 to 0xb4000074bf5f6850 from 0xb4000074bf5f41d0
05-27 08:24:40.379   581   581 D spidev_ioctl: gpio status=1)
05-27 18:33:31.417   566 11459 I gps_hdbd: Received: '$GPGSV,1,1,00,8*6D
'
05-27 18:33:31.418   566 11459 I gps_hdbd: Received: '$GAGSV,1,1,00,7*73
'
05-27 18:33:31.419  1008 30857 D [OMXB]  : usingANWBuffer: handle:0xee7407a0, format:1, w:1920, h:1080
05-27 18:33:31.420   581   581 I SpiService: fgesysctrl_getGPIO_status success val=1
05-27 18:33:31.420   299 30844 D EvsDriver: forwardFrame
05-27 08:24:40.384   581   581 D spi_rst_gpio_get_output: GPIO 145 value: 1
05-27 08:24:40.384   581   581 D spidev_ioctl: gpio status=1)
05-27 18:33:31.421 13911 14183 I SentryImuMcuAngleSender: 179.97897rollDeg
05-27 18:33:31.421 13911 14183 I SentryImuMcuAngleSender: 1,0,0
05-27 18:33:31.422   299 30844 D EvsDriver: Delivered 0xb400007b7ca56900 as id 0
05-27 18:33:31.422  1167  1479 D evsmanagerd: /dev/video6 forwarded the buffer #0 to 0xb4000074bf5f5510 from 0xb4000074bf5f6d90
05-27 18:33:31.423   566 11459 I gps_hdbd: Received: '$GAGSV,1,1,00,1*75
'
05-27 18:33:31.424   299  1153 D EvsDriver: doneWithFrame
05-27 18:33:31.424 19261 19288 D ANW_AVRCP_SECOND: write storage size=6600
05-27 18:33:31.424 19261 19288 D ANW_AVRCP_SECOND: 
05-27 18:33:31.424 19261 19288 D ANWAPI_SECOND: (19261|0x1DB7DCB0)[BTAPI] >>>>AnWBT_EEPROM_Read 
05-27 18:33:31.424 19261 19288 D ANWAPI_SECOND: (19261|0x1DB7DCB0)[BTAPI] B:Rpaired_storage[0]name[]addr[00:00:00:00:00:00]linkkey[00:00:00:00:00:00:00:00:00:00:00:00:00:00:00:00]
05-27 18:33:31.424 19261 19288 D ANWAPI_SECOND: (19261|0x1DB7DCB0)[BTAPI] B:Rpaired_storage[1]name[]addr[00:00:00:00:00:00]linkkey[00:00:00:00:00:00:00:00:00:00:00:00:00:00:00:00]
05-27 18:33:31.424 19261 19288 D ANWAPI_SECOND: (19261|0x1DB7DCB0)[BTAPI] B:Rpaired_storage[2]name[]addr[00:00:00:00:00:00]linkkey[00:00:00:00:00:00:00:00:00:00:00:00:00:00:00:00]
05-27 18:33:31.425 19261 19288 D ANWAPI_SECOND: (19261|0x1DB7DCB0)[BTAPI] B:Rpaired_storage[3]name[]addr[00:00:00:00:00:00]linkkey[00:00:00:00:00:00:00:00:00:00:00:00:00:00:00:00]
05-27 18:33:31.425 19261 19288 D ANWAPI_SECOND: (19261|0x1DB7DCB0)[BTAPI] B:Rpaired_storage[4]name[]addr[00:00:00:00:00:00]linkkey[00:00:00:00:00:00:00:00:00:00:00:00:00:00:00:00]
05-27 18:33:31.425 19261 19288 D ANWAPI_SECOND: (19261|0x1DB7DCB0)[BTAPI] B:Rpaired_storage[5]name[]addr[00:00:00:00:00:00]linkkey[00:00:00:00:00:00:00:00:00:00:00:00:00:00:00:00]
05-27 18:33:31.425 19261 19288 D ANWAPI_SECOND: (19261|0x1DB7DCB0)[BTAPI] B:Rpaired_storage[6]name[]addr[00:00:00:00:00:00]linkkey[00:00:00:00:00:00:00:00:00:00:00:00:00:00:00:00]
05-27 18:33:31.425 19261 19288 D ANWAPI_SECOND: (19261|0x1DB7DCB0)[BTAPI] B:Rpaired_storage[7]name[]addr[00:00:00:00:00:00]linkkey[00:00:00:00:00:00:00:00:00:00:00:00:00:00:00:00]
05-27 08:24:40.390   581   581 D spi_rst_gpio_get_output: GPIO 145 value: 1
05-27 08:24:40.390   581   581 D spidev_ioctl: gpio status=1)
05-27 08:24:40.396   581   581 D spi_rst_gpio_get_output: GPIO 145 value: 0
05-27 08:24:40.396   581   581 D spidev_ioctl: gpio status=0)
05-27 18:33:31.425 19261 19288 D ANWAPI_SECOND: (19261|0x1DB7DCB0)[BTAPI] B:Rpaired_storage[8]name[]addr[00:00:00:00:00:00]linkkey[00:00:00:00:00:00:00:00:00:00:00:00:00:00:00:00]
05-27 18:33:31.426   581   581 I SpiService: fgesysctrl_getGPIO_status success val=1
05-27 18:33:31.426 19261 19288 D ANWAPI_SECOND: (19261|0x1DB7DCB0)[BTAPI] B:Rpaired_storage[9]name[]addr[00:00:00:00:00:00]linkkey[00:00:00:00:00:00:00:00:00:00:00:00:00:00:00:00]
05-27 18:33:31.426 19261 19288 D ANWAPI_SECOND: (19261|0x1DB7DCB0)[BTAPI] B:Rpaired_storage[10]name[]addr[00:00:00:00:00:00]linkkey[00:00:00:00:00:00:00:00:00:00:00:00:00:00:00:00]
05-27 18:33:31.426 19261 19288 D ANW_AVRCP_SECOND: AnWBT_ReadStorage =/data/misc/anw//anwbt_storage.bin
05-27 18:33:31.426 19261 19288 D ANW_AVRCP_SECOND: AnWBT_ReadStorage open anwbt_bt_storage success
05-27 18:33:31.426 19261 19288 D ANW_AVRCP_SECOND: 
05-27 18:33:31.426 19261 19288 D ANW_AVRCP_SECOND: read storage size=6600
05-27 18:33:31.426 19261 19288 D ANW_AVRCP_SECOND: 
05-27 18:33:31.426 19261 19288 D ANWAPI_SECOND: (19261|0x1DB7DCB0)[BTAPI] A:Readpaired_storage[0]name[]cod[0]support[0]addr[00:00:00:00:00:00]linkkey[00:00:00:00:00:00:00:00:00:00:00:00:00:00:00:00]
05-27 18:33:31.426 19261 19288 D ANWAPI_SECOND: (19261|0x1DB7DCB0)[BTAPI] A:Readpaired_storage[1]name[]cod[0]support[0]addr[00:00:00:00:00:00]linkkey[00:00:00:00:00:00:00:00:00:00:00:00:00:00:00:00]
05-27 18:33:31.427 19261 19288 D ANWAPI_SECOND: (19261|0x1DB7DCB0)[BTAPI] A:Readpaired_storage[2]name[]cod[0]support[0]addr[00:00:00:00:00:00]linkkey[00:00:00:00:00:00:00:00:00:00:00:00:00:00:00:00]
05-27 18:33:31.427 19261 19288 D ANWAPI_SECOND: (19261|0x1DB7DCB0)[BTAPI] A:Readpaired_storage[3]name[]cod[0]support[0]addr[00:00:00:00:00:00]linkkey[00:00:00:00:00:00:00:00:00:00:00:00:00:00:00:00]
05-27 18:33:31.427 19261 19288 D ANWAPI_SECOND: (19261|0x1DB7DCB0)[BTAPI] A:Readpaired_storage[4]name[]cod[0]support[0]addr[00:00:00:00:00:00]linkkey[00:00:00:00:00:00:00:00:00:00:00:00:00:00:00:00]
05-27 18:33:31.427 19261 19288 D ANWAPI_SECOND: (19261|0x1DB7DCB0)[BTAPI] A:Readpaired_storage[5]name[]cod[0]support[0]addr[00:00:00:00:00:00]linkkey[00:00:00:00:00:00:00:00:00:00:00:00:00:00:00:00]
05-27 18:33:31.427 19261 19288 D ANWAPI_SECOND: (19261|0x1DB7DCB0)[BTAPI] A:Readpaired_storage[6]name[]cod[0]support[0]addr[00:00:00:00:00:00]linkkey[00:00:00:00:00:00:00:00:00:00:00:00:00:00:00:00]
05-27 18:33:31.427 19261 19288 D ANWAPI_SECOND: (19261|0x1DB7DCB0)[BTAPI] A:Readpaired_storage[7]name[]cod[0]support[0]addr[00:00:00:00:00:00]linkkey[00:00:00:00:00:00:00:00:00:00:00:00:00:00:00:00]
05-27 18:33:31.427 19261 19288 D ANWAPI_SECOND: (19261|0x1DB7DCB0)[BTAPI] A:Readpaired_storage[8]name[]cod[0]support[0]addr[00:00:00:00:00:00]linkkey[00:00:00:00:00:00:00:00:00:00:00:00:00:00:00:00]
05-27 18:33:31.427 19261 19288 D ANWAPI_SECOND: (19261|0x1DB7DCB0)[BTAPI] A:Readpaired_storage[9]name[]cod[0]support[0]addr[00:00:00:00:00:00]linkkey[00:00:00:00:00:00:00:00:00:00:00:00:00:00:00:00]
05-27 18:33:31.427 19261 19288 D ANWAPI_SECOND: (19261|0x1DB7DCB0)[BTAPI] A:Readpaired_storage[10]name[]cod[0]support[0]addr[00:00:00:00:00:00]linkkey[00:00:00:00:00:00:00:00:00:00:00:00:00:00:00:00]
05-27 18:33:31.427 19261 19288 D ANWAPI_SECOND: (19261|0x1DB7DCB0)[BTAPI] <<<<AnWBT_EEPROM_Read ret = 0
05-27 18:33:31.427   299  1153 D EvsDriver: doneWithFrame
05-27 18:33:31.427 19261 19288 D ANWAPI_SECOND: (19261|0x1DB7DCB0)[BTAPI] >>>>AnWBT_EEPROM_Read 
05-27 18:33:31.427 19261 19288 D ANWAPI_SECOND: (19261|0x1DB7DCB0)[BTAPI] B:Rle_paired_storage[0]addr[00:00:00:00:00:00]linkkey[00:00:00:00:00:00:00:00:00:00:00:00:00:00:00:00]
05-27 18:33:31.428 19261 19288 D ANWAPI_SECOND: (19261|0x1DB7DCB0)[BTAPI] B:Rle_paired_storage[1]addr[00:00:00:00:00:00]linkkey[00:00:00:00:00:00:00:00:00:00:00:00:00:00:00:00]
05-27 18:33:31.428 19261 19288 D ANWAPI_SECOND: (19261|0x1DB7DCB0)[BTAPI] B:Rle_paired_storage[2]addr[00:00:00:00:00:00]linkkey[00:00:00:00:00:00:00:00:00:00:00:00:00:00:00:00]
05-27 18:33:31.428 19261 19288 D ANWAPI_SECOND: (19261|0x1DB7DCB0)[BTAPI] B:Rle_paired_storage[3]addr[00:00:00:00:00:00]linkkey[00:00:00:00:00:00:00:00:00:00:00:00:00:00:00:00]
05-27 18:33:31.428 19261 19288 D ANWAPI_SECOND: (19261|0x1DB7DCB0)[BTAPI] B:Rle_paired_storage[4]addr[00:00:00:00:00:00]linkkey[00:00:00:00:00:00:00:00:00:00:00:00:00:00:00:00]
05-27 18:33:31.428 19261 19288 D ANWAPI_SECOND: (19261|0x1DB7DCB0)[BTAPI] B:Rle_paired_storage[5]addr[00:00:00:00:00:00]linkkey[00:00:00:00:00:00:00:00:00:00:00:00:00:00:00:00]
05-27 18:33:31.428 19261 19288 D ANWAPI_SECOND: (19261|0x1DB7DCB0)[BTAPI] B:Rle_paired_storage[6]addr[00:00:00:00:00:00]linkkey[00:00:00:00:00:00:00:00:00:00:00:00:00:00:00:00]
05-27 18:33:31.428 19261 19288 D ANW_AVRCP_SECOND: AnWBT_ReadStorage =/data/misc/anw//anwble_storage.bin
05-27 18:33:31.429 19261 19288 D ANW_AVRCP_SECOND: AnWBT_ReadStorage open anwbt_bt_storage success
05-27 18:33:31.429 19261 19288 D ANW_AVRCP_SECOND: 
05-27 18:33:31.429 19261 19288 D ANW_AVRCP_SECOND: read storage size=1336
05-27 18:33:31.429 19261 19288 D ANW_AVRCP_SECOND: 
05-27 18:33:31.429 19261 19288 D ANWAPI_SECOND: (19261|0x1DB7DCB0)[BTAPI] A:Rle_paired_storage[0]addr[00:00:00:00:00:00]linkkey[00:00:00:00:00:00:00:00:00:00:00:00:00:00:00:00]
05-27 18:33:31.430 19261 19288 D ANWAPI_SECOND: (19261|0x1DB7DCB0)[BTAPI] A:Rle_paired_storage[1]addr[00:00:00:00:00:00]linkkey[00:00:00:00:00:00:00:00:00:00:00:00:00:00:00:00]
05-27 18:33:31.430 19261 19288 D ANWAPI_SECOND: (19261|0x1DB7DCB0)[BTAPI] A:Rle_paired_storage[2]addr[00:00:00:00:00:00]linkkey[00:00:00:00:00:00:00:00:00:00:00:00:00:00:00:00]
05-27 18:33:31.430 19261 19288 D ANWAPI_SECOND: (19261|0x1DB7DCB0)[BTAPI] A:Rle_paired_storage[3]addr[00:00:00:00:00:00]linkkey[00:00:00:00:00:00:00:00:00:00:00:00:00:00:00:00]
05-27 18:33:31.430 19261 19288 D ANWAPI_SECOND: (19261|0x1DB7DCB0)[BTAPI] A:Rle_paired_storage[4]addr[00:00:00:00:00:00]linkkey[00:00:00:00:00:00:00:00:00:00:00:00:00:00:00:00]
05-27 18:33:31.430 19261 19288 D ANWAPI_SECOND: (19261|0x1DB7DCB0)[BTAPI] A:Rle_paired_storage[5]addr[00:00:00:00:00:00]linkkey[00:00:00:00:00:00:00:00:00:00:00:00:00:00:00:00]
05-27 18:33:31.430 19261 19288 D ANWAPI_SECOND: (19261|0x1DB7DCB0)[BTAPI] A:Rle_paired_storage[6]addr[00:00:00:00:00:00]linkkey[00:00:00:00:00:00:00:00:00:00:00:00:00:00:00:00]
05-27 18:33:31.430 19261 19288 D ANWAPI_SECOND: (19261|0x1DB7DCB0)[BTAPI] <<<<AnWBT_EEPROM_Read ret = 0
05-27 18:33:31.430   566 11459 I gps_hdbd: Received: '$GNRMC,004922.000,V,,,,,,,270526,120.0,E,N,V*48
'
05-27 18:33:31.430 19261 19288 D ANWAPI_SECOND: (19261|0x1DB7DCB0)[BTAPI] btsdk_initial_param.flag=0x4000
05-27 18:33:31.430 19261 19288 D ANWAPI_SECOND: (19261|0x1DB7DCB0)[BTAPI] [Paired DevInf] Storage Write
05-27 18:33:31.430 19261 19288 D ANW_AVRCP_SECOND: AnWBT_WriteStorage =/data/misc/anw//anwbt_storage.bin
05-27 18:33:31.431   566 11459 I gps_hdbd: RMC : CALL gnss_sv_status_cb, view_in_sat <1>
05-27 18:33:31.431   566 11459 I gps_hdbd: [reportSvStatus]--->PLATFORM_BSP::Enter
05-27 18:33:31.431 19261 19288 D ANW_AVRCP_SECOND: AnWBT_WriteStorage open anwbt_bt_storage success
05-27 18:33:31.431 19261 19288 D ANW_AVRCP_SECOND: 
05-27 18:33:31.431   566 11459 I gps_hdbd: hy abnormal deal:hy_cnr30_satellite_cnt=0
05-27 18:33:31.431   566 11459 D gps_hdbd: hy abnormal deal:hy_fixStatus_fail_count=0
05-27 18:33:31.432   566 11459 I gps_hdbd: Received: '$GNZDA,004922.000,27,05,2026,00,00*43
'
05-27 18:33:31.432   581   581 I SpiService: fgesysctrl_getGPIO_status success val=0
05-27 18:33:31.435  1083  1083 W MyAppLog: [2026-05-27 18:33:31.433 W tboxap gpsSyncGpsInfoToDm:361] [Gps] [gpsSyncGpsInfoToDm] fix=0 mode=49 corner:0x01 alt=0.00 sat=0 hdop=0.00 pdop=0.00 vdop=0.00
05-27 18:33:31.437  6212  6256 D VersionPrinter: com.yadea.setting- VersionName:[1.0.012_2026_0526_1408] - append:[] - active:[]
05-27 18:33:31.439  1008 30856 D [OMXB]  : usingANWBuffer: handle:0xee746cb0, format:1, w:1920, h:1080
05-27 18:33:31.439 19261 19288 D ANW_AVRCP_SECOND: write storage size=6600
05-27 18:33:31.439 19261 19288 D ANW_AVRCP_SECOND: 
05-27 18:33:31.439 19261 19288 D ANWAPI_SECOND: (19261|0x1DB7DCB0)[BTAPI] >>>>AnWBT_EEPROM_Read 
05-27 18:33:31.439 19261 19288 D ANWAPI_SECOND: (19261|0x1DB7DCB0)[BTAPI] B:Rpaired_storage[0]name[]addr[00:00:00:00:00:00]linkkey[00:00:00:00:00:00:00:00:00:00:00:00:00:00:00:00]
05-27 18:33:31.439 19261 19288 D ANWAPI_SECOND: (19261|0x1DB7DCB0)[BTAPI] B:Rpaired_storage[1]name[]addr[00:00:00:00:00:00]linkkey[00:00:00:00:00:00:00:00:00:00:00:00:00:00:00:00]
05-27 18:33:31.439 19261 19288 D ANWAPI_SECOND: (19261|0x1DB7DCB0)[BTAPI] B:Rpaired_storage[2]name[]addr[00:00:00:00:00:00]linkkey[00:00:00:00:00:00:00:00:00:00:00:00:00:00:00:00]
05-27 18:33:31.439 19261 19288 D ANWAPI_SECOND: (19261|0x1DB7DCB0)[BTAPI] B:Rpaired_storage[3]name[]addr[00:00:00:00:00:00]linkkey[00:00:00:00:00:00:00:00:00:00:00:00:00:00:00:00]
05-27 18:33:31.439 19261 19288 D ANWAPI_SECOND: (19261|0x1DB7DCB0)[BTAPI] B:Rpaired_storage[4]name[]addr[00:00:00:00:00:00]linkkey[00:00:00:00:00:00:00:00:00:00:00:00:00:00:00:00]
05-27 18:33:31.439 19261 19288 D ANWAPI_SECOND: (19261|0x1DB7DCB0)[BTAPI] B:Rpaired_storage[5]name[]addr[00:00:00:00:00:00]linkkey[00:00:00:00:00:00:00:00:00:00:00:00:00:00:00:00]
05-27 18:33:31.439 19261 19288 D ANWAPI_SECOND: (19261|0x1DB7DCB0)[BTAPI] B:Rpaired_storage[6]name[]addr[00:00:00:00:00:00]linkkey[00:00:00:00:00:00:00:00:00:00:00:00:00:00:00:00]
05-27 18:33:31.439 19261 19288 D ANWAPI_SECOND: (19261|0x1DB7DCB0)[BTAPI] B:Rpaired_storage[7]name[]addr[00:00:00:00:00:00]linkkey[00:00:00:00:00:00:00:00:00:00:00:00:00:00:00:00]
05-27 18:33:31.440 19261 19288 D ANWAPI_SECOND: (19261|0x1DB7DCB0)[BTAPI] B:Rpaired_storage[8]name[]addr[00:00:00:00:00:00]linkkey[00:00:00:00:00:00:00:00:00:00:00:00:00:00:00:00]
05-27 18:33:31.440 19261 19288 D ANWAPI_SECOND: (19261|0x1DB7DCB0)[BTAPI] B:Rpaired_storage[9]name[]addr[00:00:00:00:00:00]linkkey[00:00:00:00:00:00:00:00:00:00:00:00:00:00:00:00]
05-27 18:33:31.440 19261 19288 D ANWAPI_SECOND: (19261|0x1DB7DCB0)[BTAPI] B:Rpaired_storage[10]name[]addr[00:00:00:00:00:00]linkkey[00:00:00:00:00:00:00:00:00:00:00:00:00:00:00:00]
05-27 18:33:31.440 19261 19288 D ANW_AVRCP_SECOND: AnWBT_ReadStorage =/data/misc/anw//anwbt_storage.bin
05-27 18:33:31.440 19261 19288 D ANW_AVRCP_SECOND: AnWBT_ReadStorage open anwbt_bt_storage success
05-27 18:33:31.440 19261 19288 D ANW_AVRCP_SECOND: 
05-27 18:33:31.440 19261 19288 D ANW_AVRCP_SECOND: read storage size=6600
05-27 18:33:31.440 19261 19288 D ANW_AVRCP_SECOND: 
05-27 18:33:31.440 19261 19288 D ANWAPI_SECOND: (19261|0x1DB7DCB0)[BTAPI] A:Readpaired_storage[0]name[]cod[0]support[0]addr[00:00:00:00:00:00]linkkey[00:00:00:00:00:00:00:00:00:00:00:00:00:00:00:00]
