05-27 18:33:34.985 19334 19334 D ANWJNI_SECOND: (19334|0x5467E4F8)[BTAPP] XML : waveout debug open
05-27 18:33:34.985 19334 19334 D ANWJNI_SECOND: 
05-27 18:33:34.985 19334 19334 D ANWJNI_SECOND: (19334|0x5467E4F8)[BTAPP] XML : avrcp debug
05-27 18:33:34.985 19334 19334 D ANWJNI_SECOND: 
05-27 18:33:34.985 19334 19334 D ANWJNI_SECOND: (19334|0x5467E4F8)[BTAPP] XML : avrcp debug open
05-27 18:33:34.985 19334 19334 D ANWJNI_SECOND: 
05-27 18:33:34.985 19334 19334 D ANWJNI_SECOND: (19334|0x5467E4F8)[BTAPP] XML : pbap debug
05-27 18:33:34.985 19334 19334 D ANWJNI_SECOND: 
05-27 18:33:34.985 19334 19334 D ANWJNI_SECOND: (19334|0x5467E4F8)[BTAPP] XML : pbap debug open
05-27 18:33:34.985 19334 19334 D ANWJNI_SECOND: 
05-27 18:33:34.986 19334 19334 D ANWJNI_SECOND: (19334|0x5467E4F8)[BTAPP] XML : map debug
05-27 18:33:34.986 19334 19334 D ANWJNI_SECOND: 
05-27 18:33:34.986 19334 19334 D ANWJNI_SECOND: (19334|0x5467E4F8)[BTAPP] XML : map debug open
05-27 18:33:34.986 19334 19334 D ANWJNI_SECOND: 
05-27 18:33:34.986 19334 19334 D ANWJNI_SECOND: (19334|0x5467E4F8)[BTAPP] get debug_iap data fail
05-27 18:33:34.986 19334 19334 D ANWJNI_SECOND: 
05-27 18:33:34.986 19334 19334 D ANWJNI_SECOND: (19334|0x5467E4F8)[BTAPP] XML : btsnoop
05-27 18:33:34.986 19334 19334 D ANWJNI_SECOND: 
05-27 18:33:34.986 19334 19334 D ANWJNI_SECOND: (19334|0x5467E4F8)[BTAPP] XML : btsnoop open
05-27 18:33:34.986 19334 19334 D ANWJNI_SECOND: 
05-27 18:33:34.986 19334 19334 D ANWJNI_SECOND: (19334|0x5467E4F8)[BTAPP] XML : file_path 
05-27 18:33:34.986 19334 19334 D ANWJNI_SECOND: 
05-27 18:33:34.986 19334 19334 D ANWJNI_SECOND: (19334|0x5467E4F8)[BTAPP] XML : file_path /data/misc/anw/ is exist,so break
05-27 18:33:34.986 19334 19334 D ANWJNI_SECOND: 
05-27 18:33:34.986 19334 19334 D ANW_AVRCP_SECOND: AnWBT_Set_Storage_Path path /data/misc/anw/
05-27 18:33:34.987 19334 19334 D ANWJNI_SECOND: (19334|0x5467E4F8)[BTAPP] XML : btsnoop_file_path 
05-27 18:33:34.987 19334 19334 D ANWJNI_SECOND: 
05-27 18:33:34.987 19334 19334 D ANWJNI_SECOND: (19334|0x5467E4F8)[BTAPP] XML : btsnoop_path /data/misc/anw/logs/ is exist,so break
05-27 18:33:34.987 19334 19334 D ANWJNI_SECOND: 
05-27 18:33:34.987 19334 19334 D ANWJNI_SECOND: (19334|0x5467E4F8)[BTAPP] XML : find btsnoop_file_size_MB setting
05-27 18:33:34.987 19334 19334 D ANWJNI_SECOND: 
05-27 18:33:34.987 19334 19334 D ANWJNI_SECOND: (19334|0x5467E4F8)[BTAPP] XML : find maxBtSnoopFileSize_MB(100)(100)
05-27 18:33:34.987 19334 19334 D ANWJNI_SECOND: 
05-27 18:33:34.987 19334 19334 D ANWJNI_SECOND: (19334|0x5467E4F8)[BTAPP] XML : find rfkillstate_path:/sys/class/gpio/gpio142/value
05-27 18:33:34.987 19334 19334 D ANWJNI_SECOND: 
05-27 18:33:34.987   299 30844 D EvsDriver: Delivered 0xb400007b7ca56900 as id 0
05-27 18:33:34.987 19334 19334 D ANWAPI_SECOND: (19334|0x5467E4F8)[BTAPI] AnW_BT_SetRfkillStatePath
05-27 18:33:34.987  1167  1184 D evsmanagerd: /dev/video6 forwarded the buffer #0 to 0xb4000074bf5f5510 from 0xb4000074bf5f6d90
05-27 18:33:34.987 19334 19334 D ANWJNI_SECOND: (19334|0x5467E4F8)[BTAPP] get dump_pcm data fail
05-27 18:33:34.987 19334 19334 D ANWJNI_SECOND: 
05-27 18:33:34.987 19334 19334 D ANWJNI_SECOND: (19334|0x5467E4F8)[BTAPP] XML : accept_avrcp_ct_control
05-27 18:33:34.987 19334 19334 D ANWJNI_SECOND: 
05-27 18:33:34.987 19334 19334 D ANWJNI_SECOND: (19334|0x5467E4F8)[BTAPP] XML : accept_avrcp_ct_control close
05-27 18:33:34.987 19334 19334 D ANWJNI_SECOND: 
05-27 18:33:34.987 19334 19334 D ANWJNI_SECOND: (19334|0x5467E4F8)[BTAPP] XML : find maxHFPAGConnNum setting
05-27 18:33:34.987 19334 19334 D ANWJNI_SECOND: 
05-27 08:24:43.959   581   581 D spi_rst_gpio_get_output: GPIO 145 value: 1
05-27 08:24:43.959   581   581 D spidev_ioctl: gpio status=1)
05-27 18:33:34.988 19334 19334 D ANWJNI_SECOND: (19334|0x5467E4F8)[BTAPP] XML : find maxHFPAGConnNum(2)(2)
05-27 18:33:34.988 19334 19334 D ANWJNI_SECOND: 
05-27 18:33:34.988 19334 19334 D ANWJNI_SECOND: (19334|0x5467E4F8)[BTAPP] XML : find maxHFPHFConnNum setting
05-27 18:33:34.988 19334 19334 D ANWJNI_SECOND: 
05-27 18:33:34.988 19334 19334 D ANWJNI_SECOND: (19334|0x5467E4F8)[BTAPP] XML : find maxHFPHFConnNum(0)(0)
05-27 18:33:34.988 19334 19334 D ANWJNI_SECOND: 
05-27 18:33:34.988 19334 19334 D ANWJNI_SECOND: (19334|0x5467E4F8)[BTAPP] XML : find maxPBAPConnNum setting
05-27 18:33:34.988 19334 19334 D ANWJNI_SECOND: 
05-27 18:33:34.988 19334 19334 D ANWJNI_SECOND: (19334|0x5467E4F8)[BTAPP] XML : find maxPBAPConnNum(0)(0)
05-27 18:33:34.988 19334 19334 D ANWJNI_SECOND: 
05-27 18:33:34.988 19334 19334 D ANWJNI_SECOND: (19334|0x5467E4F8)[BTAPP] XML : find maxMAPConnNum setting
05-27 18:33:34.988 19334 19334 D ANWJNI_SECOND: 
05-27 18:33:34.988 19334 19334 D ANWJNI_SECOND: (19334|0x5467E4F8)[BTAPP] XML : find maxMAPConnNum(0)(0)
05-27 18:33:34.988 19334 19334 D ANWJNI_SECOND: 
05-27 18:33:34.988 19334 19334 D ANWJNI_SECOND: (19334|0x5467E4F8)[BTAPP] XML : find maxA2DPSinkConnNum setting
05-27 18:33:34.988 19334 19334 D ANWJNI_SECOND: 
05-27 18:33:34.988 19334 19334 D ANWJNI_SECOND: (19334|0x5467E4F8)[BTAPP] XML : find maxA2DPSinkConnNum(0)(0)
05-27 18:33:34.988 19334 19334 D ANWJNI_SECOND: 
05-27 18:33:34.988 19334 19334 D ANWJNI_SECOND: (19334|0x5467E4F8)[BTAPP] XML : find maxA2DPSourceConnNum setting
05-27 18:33:34.988 19334 19334 D ANWJNI_SECOND: 
05-27 18:33:34.988 19334 19334 D ANWJNI_SECOND: (19334|0x5467E4F8)[BTAPP] XML : find maxA2DPSourceConnNum(2)(2)
05-27 18:33:34.988 19334 19334 D ANWJNI_SECOND: 
05-27 18:33:34.988 19334 19334 D ANWJNI_SECOND: (19334|0x5467E4F8)[BTAPP] XML : find maxAVRCPCTConnNum setting
05-27 18:33:34.988 19334 19334 D ANWJNI_SECOND: 
05-27 18:33:34.988 19334 19334 D ANWJNI_SECOND: (19334|0x5467E4F8)[BTAPP] XML : find (0)(0)
05-27 18:33:34.988 19334 19334 D ANWJNI_SECOND: 
05-27 18:33:34.988 19334 19334 D ANWJNI_SECOND: (19334|0x5467E4F8)[BTAPP] XML : find maxAVRCPTGConnNum setting
05-27 18:33:34.988 19334 19334 D ANWJNI_SECOND: 
05-27 18:33:34.988 19334 19334 D ANWJNI_SECOND: (19334|0x5467E4F8)[BTAPP] XML : find maxAVRCPTGConnNum(2)(2)
05-27 18:33:34.988 19334 19334 D ANWJNI_SECOND: 
05-27 18:33:34.988 19334 19334 D ANWJNI_SECOND: (19334|0x5467E4F8)[BTAPP] XML : find maxDeviceConnNum setting
05-27 18:33:34.988 19334 19334 D ANWJNI_SECOND: 
05-27 18:33:34.988   299 30841 D EvsDriver: Delivered 0xb400007b7ca56a60 as id 0
05-27 18:33:34.988 19334 19334 D ANWJNI_SECOND: (19334|0x5467E4F8)[BTAPP] XML : find maxDeviceConnNum(2)(2)
05-27 18:33:34.988 19334 19334 D ANWJNI_SECOND: 
05-27 18:33:34.988   299  1163 D EvsDriver: doneWithFrame
05-27 18:33:34.988 19334 19334 D ANWJNI_SECOND: (19334|0x5467E4F8)[BTAPP] XML : find maxSCOConnNum setting
05-27 18:33:34.988 19334 19334 D ANWJNI_SECOND: 
05-27 18:33:34.989 19334 19334 D ANWJNI_SECOND: (19334|0x5467E4F8)[BTAPP] XML : find maxSCOConnNum(2)(2)
05-27 18:33:34.989 19334 19334 D ANWJNI_SECOND: 
05-27 18:33:34.989 19334 19334 D ANWJNI_SECOND: (19334|0x5467E4F8)[BTAPP] XML : find maxHFSCOConnNum setting
05-27 18:33:34.989 19334 19334 D ANWJNI_SECOND: 
05-27 18:33:34.989 19334 19334 D ANWJNI_SECOND: (19334|0x5467E4F8)[BTAPP] XML : find maxHFSCOConnNum(0)(0)
05-27 18:33:34.989 19334 19334 D ANWJNI_SECOND: 
05-27 18:33:34.989 19334 19334 D ANWJNI_SECOND: (19334|0x5467E4F8)[BTAPP] XML : find maxAGSCOConnNum setting
05-27 18:33:34.989 19334 19334 D ANWJNI_SECOND: 
05-27 18:33:34.989 19334 19334 D ANWJNI_SECOND: (19334|0x5467E4F8)[BTAPP] XML : find maxAGSCOConnNum(2)(2)
05-27 18:33:34.989 19334 19334 D ANWJNI_SECOND: 
05-27 18:33:34.989 19334 19334 D ANWJNI_SECOND: (19334|0x5467E4F8)[BTAPP] XML : find maxOppConnNum_data setting
05-27 18:33:34.989 19334 19334 D ANWJNI_SECOND: 
05-27 18:33:34.989 19334 19334 D ANWJNI_SECOND: (19334|0x5467E4F8)[BTAPP] XML : find maxOPPConnNum(0)(0)
05-27 18:33:34.989 19334 19334 D ANWJNI_SECOND: 
05-27 18:33:34.989 19334 19334 D ANWJNI_SECOND: (19334|0x5467E4F8)[BTAPP] XML : find maxHidHostConnNum_data setting
05-27 18:33:34.989 19334 19334 D ANWJNI_SECOND: 
05-27 18:33:34.989 19334 19334 D ANWJNI_SECOND: (19334|0x5467E4F8)[BTAPP] XML : find maxHidHostConnNum(0)(0)
05-27 18:33:34.989 19334 19334 D ANWJNI_SECOND: 
05-27 18:33:34.989 19334 19334 D ANWJNI_SECOND: (19334|0x5467E4F8)[BTAPP] XML : music_mode_auto_select
05-27 18:33:34.989 19334 19334 D ANWJNI_SECOND: 
05-27 18:33:34.989 19334 19334 D ANWJNI_SECOND: (19334|0x5467E4F8)[BTAPP] XML : music_mode_auto_select open
05-27 18:33:34.989 19334 19334 D ANWJNI_SECOND: 
05-27 18:33:34.989 19334 19334 D ANWJNI_SECOND: (19334|0x5467E4F8)[BTAPP] XML : BQB_test_setting
05-27 18:33:34.989 19334 19334 D ANWJNI_SECOND: 
05-27 18:33:34.989 19334 19334 D ANWJNI_SECOND: (19334|0x5467E4F8)[BTAPP] XML : BQB_test_setting close
05-27 18:33:34.989 19334 19334 D ANWJNI_SECOND: 
05-27 18:33:34.990 19334 19334 D ANWJNI_SECOND: (19334|0x5467E4F8)[BTAPP] XML : find aaudio_device_id setting
05-27 18:33:34.990 19334 19334 D ANWJNI_SECOND: 
05-27 18:33:34.990 19334 19334 D ANWJNI_SECOND: (19334|0x5467E4F8)[BTAPP] XML : find aaudio_device_id(16)(16)
05-27 18:33:34.990 19334 19334 D ANWJNI_SECOND: 
05-27 18:33:34.990 19334 19334 D ANWJNI_SECOND: (19334|0x5467E4F8)[BTAPP] XML : local_device_name_data 
05-27 18:33:34.990 19334 19334 D ANWJNI_SECOND: 
05-27 18:33:34.990 19334 19334 D ANWAPI_SECOND: (19334|0x5467E4F8)[BTAPI] AnWBT_Set_Local_Device_Before_Init LJ_FUJIA
05-27 18:33:34.990 19334 19334 D ANWJNI_SECOND: (19334|0x5467E4F8)[BTAPP] get a2dp_sink_pcm data fail
05-27 18:33:34.990 19334 19334 D ANWJNI_SECOND: 
05-27 18:33:34.990 19334 19334 D ANWJNI_SECOND: (19334|0x5467E4F8)[BTAPP] XML : master_device_file_path 
05-27 18:33:34.990 19334 19334 D ANWJNI_SECOND: 
05-27 18:33:34.990 13911 14183 I SentryImuMcuAngleSender: 179.97197rollDeg
05-27 18:33:34.990 19334 19334 D ANWJNI_SECOND: (19334|0x5467E4F8)[BTAPP] XML : master_device_file_path /anw/target_device_info is not exist
05-27 18:33:34.990 19334 19334 D ANWJNI_SECOND: 
05-27 18:33:34.990 13911 14183 I SentryImuMcuAngleSender: 1,0,0
05-27 18:33:34.990 19334 19334 D ANWJNI_SECOND: (19334|0x5467E4F8)[BTAPP] XML : read_rssi_switch
05-27 18:33:34.990 19334 19334 D ANWJNI_SECOND: 
05-27 18:33:34.990 19334 19334 D ANWJNI_SECOND: (19334|0x5467E4F8)[BTAPP] XML : read_rssi_switch close
05-27 18:33:34.990 19334 19334 D ANWJNI_SECOND: 
05-27 18:33:34.990 19334 19334 D ANWJNI_SECOND: (19334|0x5467E4F8)[BTAPP] XML : pbapClient_autoConnectAndDownload
05-27 18:33:34.990 19334 19334 D ANWJNI_SECOND: 
05-27 18:33:34.991 19334 19334 D ANWJNI_SECOND: (19334|0x5467E4F8)[BTAPP] XML : PBAP Client auto connect an download close
05-27 18:33:34.991 19334 19334 D ANWJNI_SECOND: 
05-27 18:33:34.991 19334 19334 D ANWJNI_SECOND: (19334|0x5467E4F8)[BTAPP] get callDisconnect_AutoDownloadCalllog data fail
05-27 18:33:34.991 19334 19334 D ANWJNI_SECOND: 
05-27 08:24:43.965   581   581 D spi_rst_gpio_get_output: GPIO 145 value: 1
05-27 08:24:43.965   581   581 D spidev_ioctl: gpio status=1)
05-27 18:33:34.991 19334 19334 D ANWJNI_SECOND: (19334|0x5467E4F8)[BTAPP] XML : UART_path 
05-27 18:33:34.991 19334 19334 D ANWJNI_SECOND: 
05-27 18:33:34.991 19334 19334 D ANWJNI_SECOND: (19334|0x5467E4F8)[BTAPP] XML : UART_path:[/dev/ttyS3]
05-27 18:33:34.991 19334 19334 D ANWJNI_SECOND: 
05-27 18:33:34.991 19334 19334 D ANWJNI_SECOND: (19334|0x5467E4F8)[BTAPP] get BTADDR_path data fail
05-27 18:33:34.991 19334 19334 D ANWJNI_SECOND: 
05-27 18:33:34.991 19334 19334 D ANWJNI_SECOND: (19334|0x5467E4F8)[BTAPP] XML : BTADDR path not find
05-27 18:33:34.991 19334 19334 D ANWJNI_SECOND: 
05-27 18:33:34.991 19334 19334 D ANWJNI_SECOND: (19334|0x5467E4F8)[BTAPP] XML : find UART_baudRate_init(115200)
05-27 18:33:34.991 19334 19334 D ANWJNI_SECOND: 
05-27 18:33:34.991 19334 19334 D ANWJNI_SECOND: (19334|0x5467E4F8)[BTAPP] XML : find UART_baudRate_normal(3000000)
05-27 18:33:34.991 19334 19334 D ANWJNI_SECOND: 
05-27 18:33:34.991 19334 19334 D ANWJNI_SECOND: (19334|0x5467E4F8)[BTAPP] XML : AVRCP_ABSOLUTE_VOLUME
05-27 18:33:34.991 19334 19334 D ANWJNI_SECOND: 
05-27 18:33:34.991 19334 19334 D ANWJNI_SECOND: (19334|0x5467E4F8)[BTAPP] XML : avrcp absolute volume change open
05-27 18:33:34.991 19334 19334 D ANWJNI_SECOND: 
05-27 18:33:34.991 19334 19334 D ANWAPI_SECOND: (19334|0x5467E4F8)[BTAPI] AnWBT_Set_Avrcp_Absoulte_Volume_Change[1]
05-27 18:33:34.991 19334 19334 D ANWJNI_SECOND: (19334|0x5467E4F8)[BTAPP] get generate_random_address data fail
05-27 18:33:34.991 19334 19334 D ANWJNI_SECOND: 
05-27 18:33:34.991 19334 19334 D ANWJNI_SECOND: (19334|0x5467E4F8)[BTAPP] get reject_a2dp_avrcp data fail
05-27 18:33:34.991 19334 19334 D ANWJNI_SECOND: 
05-27 18:33:34.991 19334 19334 D ANWJNI_SECOND: (19334|0x5467E4F8)[BTAPP] XML : find connect_by_sdp_limit setting
05-27 18:33:34.991 19334 19334 D ANWJNI_SECOND: 
05-27 18:33:34.991 19334 19334 D ANWJNI_SECOND: (19334|0x5467E4F8)[BTAPP] connect_by_sdp_limit set(close)
05-27 18:33:34.991 19334 19334 D ANWJNI_SECOND: 
05-27 18:33:34.992 19334 19334 D ANWJNI_SECOND: (19334|0x5467E4F8)[BTAPP] XML : find hfpag_auto_select_main_device setting
05-27 18:33:34.992 19334 19334 D ANWJNI_SECOND: 
05-27 18:33:34.994 19334 19334 D ANWJNI_SECOND: (19334|0x5467E4F8)[BTAPP] hfpag_auto_select_main_device set(open)
05-27 18:33:34.994 19334 19334 D ANWJNI_SECOND: 
05-27 18:33:34.994 19334 19334 D ANWJNI_SECOND: (19334|0x5467E4F8)[BTAPP] XML : find waveout_file_size_MB setting
05-27 18:33:34.994 19334 19334 D ANWJNI_SECOND: 
05-27 18:33:34.994   581   581 I SpiService: fgesysctrl_getGPIO_status success val=1
05-27 18:33:34.994 19334 19334 D ANWJNI_SECOND: (19334|0x5467E4F8)[BTAPP] XML : find waveout_file_size_MB_data(50)
05-27 18:33:34.994 19334 19334 D ANWJNI_SECOND: 
05-27 18:33:34.995 19334 19334 D ANWJNI_SECOND: (19334|0x5467E4F8)[BTAPP] free source_data
05-27 18:33:34.995 19334 19334 D ANWJNI_SECOND: 
05-27 18:33:34.995 19334 19334 D ANWJNI_SECOND: (19334|0x5467E4F8)[BTAPP] Read XMLfile End
05-27 18:33:34.995 19334 19334 D ANWJNI_SECOND: 
05-27 18:33:34.995 19334 19334 D ANWJNI_SECOND: (19334|0x5467E4F8)[BTAPP] run Read (/system/etc/bluetooth/anw_AA_CP_setting.cfg) Start
05-27 18:33:34.995 19334 19334 D ANWJNI_SECOND: 
05-27 18:33:34.995 19334 19334 D ANWJNI_SECOND: (19334|0x5467E4F8)[BTAPP] open BT config file (/system/etc/bluetooth/anw_AA_CP_setting.cfg) failed.
05-27 18:33:34.995 19334 19334 D ANWJNI_SECOND: 
05-27 18:33:34.995 19334 19334 D ANWJNI_SECOND: (19334|0x5467E4F8)[BTAPP] run Read (/data/misc/anw//btmonitor_lastrecord) Start
05-27 18:33:34.995 19334 19334 D ANWJNI_SECOND: 
05-27 18:33:34.995 19334 19334 D ANWJNI_SECOND: (19334|0x5467E4F8)[BTAPP] open BT last record file (/data/misc/anw//btmonitor_lastrecord) success.
05-27 18:33:34.995 19334 19334 D ANWJNI_SECOND: 
05-27 18:33:34.995 19334 19334 D ANWJNI_SECOND: (19334|0x5467E4F8)[BTAPP] read last_connected_device last_scan_mode::3
05-27 18:33:34.995 19334 19334 D ANWJNI_SECOND: 
05-27 18:33:34.995 19334 19334 D ANWJNI_SECOND: 
05-27 18:33:34.995 19334 19334 D ANWJNI_SECOND: (19334|0x5467E4F8)[BTAPP] read last_scan_mode
05-27 18:33:34.995 19334 19334 D ANWJNI_SECOND: 
05-27 18:33:34.995 19334 19334 D ANWJNI_SECOND: (19334|0x5467E4F8)[BTAPP] last_scan_mode find,value is 3
05-27 18:33:34.995 19334 19334 D ANWJNI_SECOND: 
05-27 18:33:34.996 19334 19334 D ANWJNI_SECOND: (19334|0x5467E4F8)[BTAPP] read last_poweron_state
05-27 18:33:34.996 19334 19334 D ANWJNI_SECOND: 
05-27 18:33:34.996 19334 19334 I ANWJNI_SECOND: --- JNI_OnLoad
05-27 18:33:34.996   299  1163 D EvsDriver: doneWithFrame
05-27 18:33:34.999   283   307 I rvcservice: t.code = 7, t.value = 9882087
05-27 18:33:35.000   581   581 I SpiService: fgesysctrl_getGPIO_status success val=1
05-27 18:33:35.002 19334 19334 D AnwSdkService: onCreate
05-27 18:33:35.002 19334 19334 D AnwSdkService: run createMessageHandleThread
05-27 18:33:35.003 30773 30786 I dvr_service_: CameraX 0  audioOK: 145350603,audios:2130
05-27 18:33:35.004 19334 19334 D AnwSdkService: run createAudioFocusListenerMessageHandleThread
05-27 18:33:35.005 19334 19334 I AnwSdkService: mhcilog1:
05-27 18:33:35.006   581   581 I SpiService: fgesysctrl_getGPIO_status success val=1
05-27 18:33:35.006 19334 19334 I AnwSdkService: mhcilog4:
05-27 18:33:35.008  1008 30857 D [OMXB]  : usingANWBuffer: handle:0xee743be0, format:1, w:1920, h:1080
05-27 08:24:43.970   581   581 D spi_rst_gpio_get_output: GPIO 145 value: 1
05-27 08:24:43.970   581   581 D spidev_ioctl: gpio status=1)
05-27 18:33:35.011 13911 14183 I SentryImuMcuAngleSender: 179.97197rollDeg
05-27 18:33:35.011 13911 14183 I SentryImuMcuAngleSender: 1,0,0
05-27 18:33:35.012   581   581 I SpiService: fgesysctrl_getGPIO_status success val=1
05-27 08:24:43.976   581   581 D spi_rst_gpio_get_output: GPIO 145 value: 1
05-27 08:24:43.976   581   581 D spidev_ioctl: gpio status=1)
05-27 18:33:35.014   299 30844 D EvsDriver: forwardFrame
05-27 18:33:35.015   299 30841 D EvsDriver: forwardFrame
05-27 18:33:35.016  1167  1184 D evsmanagerd: /dev/video6 forwarded the buffer #0 to 0xb4000074bf5f5510 from 0xb4000074bf5f6d90
05-27 18:33:35.017   299 30841 D EvsDriver: Delivered 0xb400007b7ca56a60 as id 0
05-27 18:33:35.017 19334 19334 I ANWJNI_SECOND: +++ InitialCallback=====
05-27 18:33:35.017  1167  1184 D evsmanagerd: /dev/video4 forwarded the buffer #0 to 0xb4000074bf5f6850 from 0xb4000074bf5f41d0
05-27 18:33:35.017   581   581 I SpiService: fgesysctrl_getGPIO_status success val=0
05-27 18:33:35.018   299 30844 D EvsDriver: Delivered 0xb400007b7ca56900 as id 0
05-27 18:33:35.020   536   536 D commservice260303: msg.id = 1028,0
05-27 08:24:43.982   581   581 D spi_rst_gpio_get_output: GPIO 145 value: 0
05-27 18:33:35.020   536   536 D commservice260303: i = 170, msgid = 8A000404
05-27 18:33:35.020   536   536 D commservice260303: msgid = -1979710460,did=138
05-27 18:33:35.020   536   536 D commservice260303: CommProtocolLibCmdBaseI2C::dataproc {"command":{"id":"imu_status","sub":""},"content":{"TimeStamp":9,"FrameCounter":230136,"GD_X":-0.011682018637657166,"GD_Y":0.0051151420921087265,"GD_Z":0.0023671966046094894,"AD_X":-0.0035318881273269653,"AD_Y":-6.432521622627974E-4,"AD_Z":-0.1706838607788086,"TempDsp":0,"Status":0,"CalibState":1,"SigAmpInvalid":0}},-1979710460
05-27 18:33:35.020   536   536 D commservice260303: send2Cluster len:317, 7B22636F6D6D616E64223A7B226964223A22696D755F737461747573222C22737562223A22227D2C22636F6E74656E74223A7B2254696D655374616D70223A392C224672616D65436F756E746572223A3233303133362C2247445F58223A2D302E3031313638323031383633373635373136362C2247445F59223A302E303035313135313432303932313038373236352C2247445F5A223A302E303032333637313936363034363039343839342C2241445F58223A2D302E303033353331383838313237333236393635332C2241445F59223A2D362E343332353231363232363237393734452D342C2241445F5A223A2D302E313730363833383630373738383038362C2254656D70447370223A302C22537461747573223A302C2243616C69625374617465223A312C22536967416D70496E76616C6964223A307D7D, 138 
05-27 18:33:35.020   536   536 D commservice260303: Push Message into SendPool fn=-104791296
05-27 18:33:35.020   536   536 D commservice260303: ComProtocolLibSend2Cluster::send2ClusterRaw fn=-104791296 , len=333
05-27 18:33:35.020   536   536 D commservice260303: sendCmdToPort :333!!!
05-27 18:33:35.020   536   536 D commservice260303: send Cmd To Port ++++5AA501498A010003C1F96A16C87F7B22636F6D6D616E64223A7B226964223A22696D755F737461747573222C22737562223A22227D2C22636F6E74656E74223A7B2254696D655374616D70223A392C224672616D65436F756E746572223A3233303133362C2247445F58223A2D302E3031313638323031383633373635373136362C2247445F59223A302E303035313135313432303932313038373236352C2247445F5A223A302E303032333637313936363034363039343839342C2241445F58223A2D302E303033353331383838313237333236393635332C2241445F59223A2D362E343332353231363232363237393734452D342C2241445F5A223A2D302E313730363833383630373738383038362C2254656D70447370223A302C22537461747573223A302C2243616C69625374617465223A312C22536967416D70496E76616C6964223A307D7DB16D
05-27 18:33:35.020   536   536 D commservice260303: bufferevent_write retrun value = 0
05-27 18:33:35.021   536   560 D commservice260303: client datas send succeed,send finish
05-27 18:33:35.021   299  1163 D EvsDriver: doneWithFrame
05-27 18:33:35.021 13911 14192 D Sentinelmode_1.2.5.17_sentry: <SentryImuClusterFgeSender>imu_status sent to Linux, frame=230136, tsNs=9882265, tsMs=9, intervalMs=42, ad=(-0.0035318881,-6.4325216E-4,-0.17068386), gd=(-0.011682019,0.005115142,0.0023671966)
05-27 18:33:35.022 19334 19334 I ANWJNI_SECOND: --- InitialCallback(77)(78)
05-27 18:33:35.022 19334 19334 I ANWJNI_SECOND: --- InitialCallback(79)(80)
05-27 18:33:35.022 19334 19334 I ANWJNI_SECOND: --- InitialCallback:0
05-27 18:33:35.023 19334 19334 D AnwSdkService: onCreate:0,78,80
05-27 18:33:35.024 19334 19334 D AnwSdkService: pbap_socket_fd1 = 78
05-27 18:33:35.024 19334 19334 D AnwSdkService: run createPbapContactMessageHandleThread
05-27 08:24:43.982   581   581 D spidev_ioctl: gpio status=0)
05-27 18:33:35.027   299  1163 D EvsDriver: doneWithFrame
05-27 18:33:35.028 19334 19334 D AnwSdkService: run createPbapParsedDataUpdateMessageHandleThread
05-27 18:33:35.028  1008 30856 D [OMXB]  : usingANWBuffer: handle:0xee742cc0, format:1, w:1920, h:1080
05-27 18:33:35.031 13911 14183 I SentryImuMcuAngleSender: 179.986rollDeg
05-27 18:33:35.031 13911 14183 I SentryImuMcuAngleSender: 1,0,0
05-27 18:33:35.035 19334 19334 W ContextImpl: Calling a method in the system process without a qualified user: android.app.ContextImpl.startService:1863 android.content.ContextWrapper.startService:817 com.anwsdk.service.anwbtservice.onCreate:7516 android.app.ActivityThread.handleCreateService:4616 android.app.ActivityThread.-$$Nest$mhandleCreateService:0 
05-27 18:33:35.036   581   581 I SpiService: fgesysctrl_getGPIO_status success val=1
05-27 08:24:44.001   581   581 D spi_rst_gpio_get_output: GPIO 145 value: 1
05-27 08:24:44.001   581   581 D spidev_ioctl: gpio status=1)
05-27 18:33:35.038 10188  6929 W ActivityManager: Unable to start service Intent { cmp=com.anwsdk.service/.HfpClientConnectionService } U=0: not found with resolvedType = null, flags = 268436480, userId = 0, callingUid = 1000
05-27 18:33:35.038 19334 19334 D AnwSdkService: 20210721 checking self APK rom size
05-27 18:33:35.042   581   581 I SpiService: fgesysctrl_getGPIO_status success val=1
05-27 08:24:44.006   581   581 D spi_rst_gpio_get_output: GPIO 145 value: 1
05-27 08:24:44.006   581   581 D spidev_ioctl: gpio status=1)
05-27 18:33:35.047  1008 30857 D [OMXB]  : usingANWBuffer: handle:0xee7407a0, format:1, w:1920, h:1080
05-27 18:33:35.047   581   581 I SpiService: fgesysctrl_getGPIO_status success val=1
05-27 08:24:44.012   581   581 D spi_rst_gpio_get_output: GPIO 145 value: 1
05-27 08:24:44.012   581   581 D spidev_ioctl: gpio status=1)
05-27 18:33:35.051   572   622 I Sensors : 230 GyroSensor: x:-0.011377,y:0.005115,z:0.001908
05-27 18:33:35.051   299 30841 D EvsDriver: forwardFrame
05-27 18:33:35.051   299 30844 D EvsDriver: forwardFrame
05-27 18:33:35.052 13911 14183 I SentryImuMcuAngleSender: 180.0rollDeg
05-27 18:33:35.052 13911 14183 I SentryImuMcuAngleSender: 1,0,0
05-27 18:33:35.053   581   581 I SpiService: fgesysctrl_getGPIO_status success val=1
05-27 18:33:35.053   299 30841 D EvsDriver: Delivered 0xb400007b7ca56a60 as id 0
05-27 18:33:35.054  1167  1184 D evsmanagerd: /dev/video6 forwarded the buffer #0 to 0xb4000074bf5f5510 from 0xb4000074bf5f6d90
05-27 18:33:35.054  1167  1479 D evsmanagerd: /dev/video4 forwarded the buffer #0 to 0xb4000074bf5f6850 from 0xb4000074bf5f41d0
05-27 18:33:35.054   299 30844 D EvsDriver: Delivered 0xb400007b7ca56900 as id 0
05-27 08:24:44.018   581   581 D spi_rst_gpio_get_output: GPIO 145 value: 1
05-27 08:24:44.018   581   581 D spidev_ioctl: gpio status=1)
05-27 08:24:44.024   581   581 D spi_rst_gpio_get_output: GPIO 145 value: 0
05-27 08:24:44.024   581   581 D spidev_ioctl: gpio status=0)
05-27 18:33:35.059   536   536 D commservice260303: msg.id = 1028,1
05-27 18:33:35.059   581   581 I SpiService: fgesysctrl_getGPIO_status success val=0
05-27 18:33:35.059   536   536 D commservice260303: i = 170, msgid = 8A000404
05-27 18:33:35.059   536   536 D commservice260303: msgid = -1979710460,did=138
05-27 18:33:35.059   536   536 D commservice260303: CommProtocolLibCmdBaseI2C::dataproc {"command":{"id":"imu_status","sub":""},"content":{"TimeStamp":9,"FrameCounter":230137,"GD_X":-0.011377211660146713,"GD_Y":0.0051151420921087265,"GD_Z":0.0019079053308814764,"AD_X":-0.0017089694738388062,"AD_Y":-0.0042796144261956215,"AD_Z":-0.169464111328125,"TempDsp":0,"Status":0,"CalibState":1,"SigAmpInvalid":0}},-1979710460
05-27 18:33:35.059   536   536 D commservice260303: send2Cluster len:317, 7B22636F6D6D616E64223A7B226964223A22696D755F737461747573222C22737562223A22227D2C22636F6E74656E74223A7B2254696D655374616D70223A392C224672616D65436F756E746572223A3233303133372C2247445F58223A2D302E3031313337373231313636303134363731332C2247445F59223A302E303035313135313432303932313038373236352C2247445F5A223A302E303031393037393035333330383831343736342C2241445F58223A2D302E303031373038393639343733383338383036322C2241445F59223A2D302E303034323739363134343236313935363231352C2241445F5A223A2D302E3136393436343131313332383132352C2254656D70447370223A302C22537461747573223A302C2243616C69625374617465223A312C22536967416D70496E76616C6964223A307D7D, 138 
05-27 18:33:35.059   536   536 D commservice260303: Push Message into SendPool fn=-88014080
05-27 18:33:35.059   536   536 D commservice260303: ComProtocolLibSend2Cluster::send2ClusterRaw fn=-88014080 , len=333
05-27 18:33:35.059   536   536 D commservice260303: sendCmdToPort :333!!!
05-27 18:33:35.059   299  1163 D EvsDriver: doneWithFrame
05-27 18:33:35.059   299  1153 D EvsDriver: doneWithFrame
05-27 18:33:35.059   536   536 D commservice260303: send Cmd To Port ++++5AA501498A010003C1FA6A16C87F7B22636F6D6D616E64223A7B226964223A22696D755F737461747573222C22737562223A22227D2C22636F6E74656E74223A7B2254696D655374616D70223A392C224672616D65436F756E746572223A3233303133372C2247445F58223A2D302E3031313337373231313636303134363731332C2247445F59223A302E303035313135313432303932313038373236352C2247445F5A223A302E303031393037393035333330383831343736342C2241445F58223A2D302E303031373038393639343733383338383036322C2241445F59223A2D302E303034323739363134343236313935363231352C2241445F5A223A2D302E3136393436343131313332383132352C2254656D70447370223A302C22537461747573223A302C2243616C69625374617465223A312C22536967416D70496E76616C6964223A307D7DF72E
05-27 18:33:35.060   536   536 D commservice260303: bufferevent_write retrun value = 0
05-27 18:33:35.060   536   560 D commservice260303: client datas send succeed,send finish
05-27 18:33:35.063 13911 14192 D Sentinelmode_1.2.5.17_sentry: <SentryImuClusterFgeSender>imu_status sent to Linux, frame=230137, tsNs=9882301, tsMs=9, intervalMs=41, ad=(-0.0017089695,-0.0042796144,-0.16946411), gd=(-0.011377212,0.005115142,0.0019079053)
05-27 18:33:35.067  1008 30856 D [OMXB]  : usingANWBuffer: handle:0xee742a00, format:1, w:1920, h:1080
05-27 18:33:35.072 13911 14183 I SentryImuMcuAngleSender: 180.0rollDeg
05-27 18:33:35.072   481   598 I mcuc    : rev,n=1,6AA681C711000A8900B90104092012345691
05-27 18:33:35.072 13911 14183 I SentryImuMcuAngleSender: 1,0,0
05-27 18:33:35.072   351   373 D automotive.vehicle@2.0-adayo-datacomm-mcu: MCUDatacomm sendMessageFromVehicle prop: 0x89, areaId: 0x0, status: 0xb9, timestamp: 0x1
05-27 18:33:35.072   351   373 D automotive.vehicle@2.0-adayo-datacomm-mcu: MCUDatacomm 1sendMessageFromVehicle ---> type = 12 
05-27 18:33:35.072  1121  1144 I tboxmids_ap: [2026-05-27 18:33:35.072] [MCU RX] src=MCU dst=ZMQ len=10 type=BINARY data=00 08 B9 01 04 09 20 12 34 56 
05-27 18:33:35.074  1083  1083 I MyAppLog: [2026-05-27 18:33:35.073 I tboxap mcuCommTboxmidsRecvCb:97] [Mcu] [mcuCommTboxmidsRecvCb] recv from tboxmids, size:10
05-27 18:33:35.074  1083  1083 I MyAppLog: [2026-05-27 18:33:35.073 I tboxap mcuCommTboxmidsRecvCb:98] [Mcu] [tboxmids -> tboxap]: :00 08 B9 01 04 09 20 12 34 56
05-27 18:33:35.074  1083  1083 I MyAppLog: [2026-05-27 18:33:35.073 I tboxap mcuPtlParseData:990] [Mcu] [Mcu  Parse]: (cmd):0920 (param):0920123456
05-27 18:33:35.074  1083  1083 W MyAppLog: [2026-05-27 18:33:35.073 W tboxap mcuParamDataRevPack:918] [Mcu] mcuParamDataRevPack start pack data!!!
05-27 18:33:35.074  1083  1083 W MyAppLog: [2026-05-27 18:33:35.073 W tboxap mcuHandleTrigAlarmInd:1906] [Mcu] [mcuHandleTrigAlarmInd] trig alarm rpt, msgId:0x0200 alarmType:0x12 12VBatt:0x34
05-27 18:33:35.074  1083  1083 I MyAppLog: [2026-05-27 18:33:35.073 I tboxap mcuSendYadiTransfer:196] [Mcu] [mcuYadiSend]: :00 06 76 04 01 09 A0 01
05-27 18:33:35.074  1083  1083 W MyAppLog: [2026-05-27 18:33:35.073 W tboxap tsp_ExternalEvent:109] [Tsp] [tsp_ExternalEvent] recv ExternalEvent = 61, size:4
05-27 18:33:35.075   581   581 I SpiService: fgesysctrl_getGPIO_status success val=1
05-27 18:33:35.074  1083  1083 W MyAppLog: [2026-05-27 18:33:35.073 W tboxap tsp_TrigAlarmFilter:621] [Tsp] [tsp_TrigAlarmFilter] bit[1] check start: isActive:1 wasActive:1 lastReport:1779875391 delta:2624 severeCnt:0 severeDelta:-1
05-27 18:33:35.075  1083  1083 W MyAppLog: [2026-05-27 18:33:35.073 W tboxap tsp_TrigAlarmFilter:668] [Tsp] [tsp_TrigAlarmFilter] bit[1] check done: allow:0 outAlarmType:0x00 outBatt:0x00
05-27 18:33:35.075  1083  1083 W MyAppLog: [2026-05-27 18:33:35.073 W tboxap tsp_TrigAlarmFilter:621] [Tsp] [tsp_TrigAlarmFilter] bit[10] check start: isActive:1 wasActive:1 lastReport:1779875391 delta:2624 severeCnt:0 severeDelta:-1
05-27 18:33:35.075  1083  1083 W MyAppLog: [2026-05-27 18:33:35.073 W tboxap tsp_TrigAlarmFilter:668] [Tsp] [tsp_TrigAlarmFilter] bit[10] check done: allow:0 outAlarmType:0x00 outBatt:0x00
05-27 18:33:35.075  1083  1083 W MyAppLog: [2026-05-27 18:33:35.073 W tboxap tsp_TrigAlarmFilter:677] [Tsp] [tsp_TrigAlarmFilter] input alarmType:0x02 batt:0x04 output alarmType:0x00 batt:0x00 severeCnt:0
05-27 08:24:44.039   581   581 D spi_rst_gpio_get_output: GPIO 145 value: 1
05-27 08:24:44.039   581   581 D spidev_ioctl: gpio status=1)
05-27 18:33:35.077   481   599 I mcuc    : start timer OK = 27809 
05-27 18:33:35.079 19334 19334 D AnwSdkService: apk rom size:40.90M
05-27 18:33:35.080 19334 19334 D AnwSdkService: [android.permission.READ_EXTERNAL_STORAGE] permision is GRANTED
05-27 18:33:35.080   299 30844 D EvsDriver: forwardFrame
05-27 18:33:35.080   581   581 I SpiService: fgesysctrl_getGPIO_status success val=1
05-27 18:33:35.081 19334 19334 D AnwSdkService: [android.permission.WRITE_EXTERNAL_STORAGE] permision is GRANTED
05-27 18:33:35.081   299 30844 D EvsDriver: Delivered 0xb400007b7ca56900 as id 0
05-27 18:33:35.082  1167  1479 D evsmanagerd: /dev/video6 forwarded the buffer #0 to 0xb4000074bf5f5510 from 0xb4000074bf5f6d90
05-27 18:33:35.082   299 30841 D EvsDriver: forwardFrame
05-27 08:24:44.045   581   581 D spi_rst_gpio_get_output: GPIO 145 value: 1
05-27 08:24:44.045   581   581 D spidev_ioctl: gpio status=1)
05-27 18:33:35.085  1167  1479 D evsmanagerd: /dev/video4 forwarded the buffer #0 to 0xb4000074bf5f6850 from 0xb4000074bf5f41d0
05-27 18:33:35.087   581   581 I SpiService: fgesysctrl_getGPIO_status success val=1
05-27 18:33:35.088   299 30841 D EvsDriver: Delivered 0xb400007b7ca56a60 as id 0
05-27 18:33:35.088   299  1153 D EvsDriver: doneWithFrame
05-27 18:33:35.088  1008 30857 D [OMXB]  : usingANWBuffer: handle:0xee740dd0, format:1, w:1920, h:1080
05-27 18:33:35.088   299  1163 D EvsDriver: doneWithFrame
05-27 18:33:35.093 13911 14183 I SentryImuMcuAngleSender: 179.99298rollDeg
05-27 18:33:35.093 13911 14183 I SentryImuMcuAngleSender: 1,0,0
05-27 18:33:35.095   581   581 I SpiService: fgesysctrl_getGPIO_status success val=1
05-27 08:24:44.051   581   581 D spi_rst_gpio_get_output: GPIO 145 value: 1
05-27 08:24:44.051   581   581 D spidev_ioctl: gpio status=1)
05-27 08:24:44.060   581   581 D spi_rst_gpio_get_output: GPIO 145 value: 1
05-27 08:24:44.060   581   581 D spidev_ioctl: gpio status=1)
05-27 18:33:35.097 19334 19334 D AnwSdkService: onCreate end
05-27 18:33:35.098 19334 19334 D AnwSdkService: onBind
05-27 18:33:35.098   536   536 D commservice260303: msg.id = 1028,0
05-27 18:33:35.098   536   536 D commservice260303: i = 170, msgid = 8A000404
05-27 18:33:35.098   536   536 D commservice260303: msgid = -1979710460,did=138
05-27 18:33:35.098   536   536 D commservice260303: CommProtocolLibCmdBaseI2C::dataproc {"command":{"id":"imu_status","sub":""},"content":{"TimeStamp":9,"FrameCounter":230138,"GD_X":-0.012293193489313126,"GD_Y":0.006261029280722141,"GD_Z":0.0022902146447449923,"AD_X":-0.0029317140579223633,"AD_Y":-0.0018226825632154942,"AD_Z":-0.1682453155517578,"TempDsp":0,"Status":0,"CalibState":1,"SigAmpInvalid":0}},-1979710460
05-27 18:33:35.098   536   536 D commservice260303: send2Cluster len:317, 7B22636F6D6D616E64223A7B226964223A22696D755F737461747573222C22737562223A22227D2C22636F6E74656E74223A7B2254696D655374616D70223A392C224672616D65436F756E746572223A3233303133382C2247445F58223A2D302E3031323239333139333438393331333132362C2247445F59223A302E3030363236313032393238303732323134312C2247445F5A223A302E303032323930323134363434373434393932332C2241445F58223A2D302E303032393331373134303537393232333633332C2241445F59223A2D302E303031383232363832353633323135343934322C2241445F5A223A2D302E313638323435333135353531373537382C2254656D70447370223A302C22537461747573223A302C2243616C69625374617465223A312C22536967416D70496E76616C6964223A307D7D, 138 
05-27 18:33:35.098   536   536 D commservice260303: Push Message into SendPool fn=-71236864
05-27 18:33:35.098   536   536 D commservice260303: ComProtocolLibSend2Cluster::send2ClusterRaw fn=-71236864 , len=333
05-27 18:33:35.098   536   536 D commservice260303: sendCmdToPort :333!!!
05-27 18:33:35.098   536   536 D commservice260303: send Cmd To Port ++++5AA501498A010003C1FB6A16C87F7B22636F6D6D616E64223A7B226964223A22696D755F737461747573222C22737562223A22227D2C22636F6E74656E74223A7B2254696D655374616D70223A392C224672616D65436F756E746572223A3233303133382C2247445F58223A2D302E3031323239333139333438393331333132362C2247445F59223A302E3030363236313032393238303732323134312C2247445F5A223A302E303032323930323134363434373434393932332C2241445F58223A2D302E303032393331373134303537393232333633332C2241445F59223A2D302E303031383232363832353633323135343934322C2241445F5A223A2D302E313638323435333135353531373537382C2254656D70447370223A302C22537461747573223A302C2243616C69625374617465223A312C22536967416D70496E76616C6964223A307D7D4EE3
05-27 18:33:35.098   536   536 D commservice260303: bufferevent_write retrun value = 0
05-27 18:33:35.098   536   560 D commservice260303: client datas send succeed,send finish
05-27 18:33:35.099 13911 14192 D Sentinelmode_1.2.5.17_sentry: <SentryImuClusterFgeSender>imu_status sent to Linux, frame=230138, tsNs=9882338, tsMs=9, intervalMs=37, ad=(-0.002931714,-0.0018226826,-0.16824532), gd=(-0.0122931935,0.0062610293,0.0022902146)
05-27 18:33:35.099   283   307 I rvcservice: t.code = 3, t.value = 0
05-27 18:33:35.100 13435 13435 D BtManager: onServiceConnected
05-27 18:33:35.101 19334 19348 D AnwSdkService: GetPowerStatus = POWER_OFF
05-27 18:33:35.101   581   581 I SpiService: fgesysctrl_getGPIO_status success val=0
05-27 18:33:35.101 19334 19348 D AnwSdkService: ANWBT_GetBTPowerStatus() POWER_OFF
05-27 18:33:35.101 19334 19348 D AnwSdkService: GetPowerStatus = POWER_OFF
05-27 18:33:35.101   481   597 I mcuc    : send SPI:6AA602C711000289009B6AA6016CA100F8090176040109A001000000000000000000000000000000000000000000000000000000000000000000000000000000000000000000000000000000000000000000000000000000000000000000000000000000000000000000000000000000000000000000000000000000000000000000000000000000000000000000000000000000000000000000000000000000000000000000000000000000000000000000000000000000000000000000000000000000000000000000000000000000000000000000000000000000000000000000000000000000000000000000000000000000000000000000000000000000000000000000000000CB
05-27 18:33:35.101 13435 13435 D BtManager: ANWBT_BTPowerOn
05-27 18:33:35.101 13435 13435 D BtManager: ANWBT_GetBTPowerStatus
05-27 18:33:35.102 19334 19348 D AnwSdkService: GetPowerStatus = POWER_OFF
05-27 18:33:35.102 19334 19348 D AnwSdkService: ANWBT_GetBTPowerStatus() POWER_OFF
05-27 18:33:35.102 19334 19348 D AnwSdkService: GetPowerStatus = POWER_OFF
05-27 18:33:35.102 19334 19348 D AnwSdkService: anw-update,bt_java_data:20260516
05-27 18:33:35.102 19334 19348 D AnwSdkService: ANWBT_BTPowerOn()
05-27 18:33:35.103  1008 30856 D [OMXB]  : usingANWBuffer: handle:0xee743df0, format:1, w:1920, h:1080
05-27 18:33:35.103 19334 19348 D AnwSdkService: GetPowerStatus = POWER_OFF
05-27 18:33:35.103 19334 19348 D AnwSdkService: SetPowerStatus = POWER_ONING
05-27 08:24:44.066   581   581 D spi_rst_gpio_get_output: GPIO 145 value: 0
05-27 08:24:44.066   581   581 D spidev_ioctl: gpio status=0)
05-27 18:33:35.107 19334 19358 I ANWJNI_SECOND: anw-update,bt_jni_data: 20260516
05-27 18:33:35.107 19334 19358 D ANWAPI_SECOND: (19334|0x296DACB0)[BTAPI] SDK >>>>AnWBT_Snoop_Open
05-27 18:33:35.107 19334 19358 D ANWJNI_SECOND: (19334|0x296DACB0)[BTAPP] PowOn_Thread
05-27 18:33:35.107 19334 19358 D ANWJNI_SECOND: 
05-27 18:33:35.108 19334 19359 D ANWJNI_SECOND: (19334|0x295D0CB0)[BTAPP] BTPowerOn!!
05-27 18:33:35.108 19334 19359 D ANWJNI_SECOND: (19334|0x295D0CB0)[BTAPP] in thread_power_on_func,getpid()=19334, priority = 10
05-27 18:33:35.108 19334 19359 D ANWJNI_SECOND: 
05-27 18:33:35.108 19334 19359 D ANWJNI_SECOND: (19334|0x295D0CB0)[BTAPP] doPowerOn_Timeout_Thread_Create
05-27 18:33:35.108 19334 19359 D ANWJNI_SECOND: 
05-27 18:33:35.109 19334 19359 D ANWJNI_SECOND: (19334|0x295D0CB0)[BTAPP] AnWBT_SetInitialValue(hfphf:0)(hfpag:2)(pbap:0)(map:0)(a2dpsink:0)(a2dpsource:2)(avrcpct:0)(avrcttg:2)
05-27 18:33:35.109 19334 19359 D ANWJNI_SECOND: 
05-27 18:33:35.109 19334 19359 D ANWAPI_SECOND: (19334|0x295D0CB0)[BTAPI] SDK >>>>AnWBT_SetInitialValue devclass: 0x3c020c
05-27 18:33:35.110 13435 13435 I BtManager: ANWBT_BTPowerOn result = 0
05-27 18:33:35.110 13435 13435 D BtManager: ret = 2
05-27 18:33:35.111 19334 19359 D ANWAPI_SECOND: (19334|0x295D0CB0)[BTAPI] AnWBT_SetInitialValue avrcp_tg_attribute=6
05-27 18:33:35.111 19334 19359 D ANWAPI_SECOND: (19334|0x295D0CB0)[BTAPI] SDK <<<<AnWBT_SetInitialValue 0x0
05-27 18:33:35.111 19334 19360 D ANWJNI_SECOND: (19334|0x294D2CB0)[BTAPP] doPowerOn_Timeout_Thread
05-27 18:33:35.111 19334 19360 D ANWJNI_SECOND: 
05-27 18:33:35.112 19334 19359 D ANWAPI_SECOND: (19334|0x295D0CB0)[BTAPI] SDK >>>>AnWBT_HFP_Enable_WBS 1
05-27 18:33:35.112 19334 19359 D ANWAPI_SECOND: (19334|0x295D0CB0)[BTAPI] SDK <<<<AnWBT_HFP_Enable_WBS 0
05-27 18:33:35.112 19334 19359 D ANW_WAVEOUT_SECOND: (19334|0x295D0CB0)[WAVEOUT] init Audio PCM Thread Mute(800)(101)
05-27 18:33:35.112 19334 19359 D ANW_WAVEOUT_SECOND: 
05-27 18:33:35.112 19334 19359 D ANWAPI_SECOND: (19334|0x295D0CB0)[BTAPI] anw-update,bt_sdk_data:20260516-not_supportLea
05-27 18:33:35.112 19334 19359 D ANWAPI_SECOND: (19334|0x295D0CB0)[BTAPI] SDK >>>>AnWBT_Init
05-27 18:33:35.112 19334 19359 D ANWAPI_SECOND: (19334|0x295D0CB0)[BTAPI] AnWBTSDK_Version=0x0300002a
05-27 18:33:35.112 19334 19359 D ANWAPI_SECOND: (19334|0x295D0CB0)[BTAPI] >>>>AnWBT_EEPROM_Read 
05-27 18:33:35.112 19334 19359 D ANWAPI_SECOND: (19334|0x295D0CB0)[BTAPI] B:Rpaired_storage[0]name[]addr[00:00:00:00:00:00]linkkey[00:00:00:00:00:00:00:00:00:00:00:00:00:00:00:00]
05-27 18:33:35.112 19334 19359 D ANWAPI_SECOND: (19334|0x295D0CB0)[BTAPI] B:Rpaired_storage[1]name[]addr[00:00:00:00:00:00]linkkey[00:00:00:00:00:00:00:00:00:00:00:00:00:00:00:00]
05-27 18:33:35.112 19334 19359 D ANWAPI_SECOND: (19334|0x295D0CB0)[BTAPI] B:Rpaired_storage[2]name[]addr[00:00:00:00:00:00]linkkey[00:00:00:00:00:00:00:00:00:00:00:00:00:00:00:00]
05-27 18:33:35.112 19334 19359 D ANWAPI_SECOND: (19334|0x295D0CB0)[BTAPI] B:Rpaired_storage[3]name[]addr[00:00:00:00:00:00]linkkey[00:00:00:00:00:00:00:00:00:00:00:00:00:00:00:00]
05-27 18:33:35.112 19334 19359 D ANWAPI_SECOND: (19334|0x295D0CB0)[BTAPI] B:Rpaired_storage[4]name[]addr[00:00:00:00:00:00]linkkey[00:00:00:00:00:00:00:00:00:00:00:00:00:00:00:00]
05-27 18:33:35.112 19334 19359 D ANWAPI_SECOND: (19334|0x295D0CB0)[BTAPI] B:Rpaired_storage[5]name[]addr[00:00:00:00:00:00]linkkey[00:00:00:00:00:00:00:00:00:00:00:00:00:00:00:00]
05-27 18:33:35.112 19334 19359 D ANWAPI_SECOND: (19334|0x295D0CB0)[BTAPI] B:Rpaired_storage[6]name[]addr[00:00:00:00:00:00]linkkey[00:00:00:00:00:00:00:00:00:00:00:00:00:00:00:00]
05-27 18:33:35.112 19334 19359 D ANWAPI_SECOND: (19334|0x295D0CB0)[BTAPI] B:Rpaired_storage[7]name[]addr[00:00:00:00:00:00]linkkey[00:00:00:00:00:00:00:00:00:00:00:00:00:00:00:00]
05-27 18:33:35.112 19334 19359 D ANWAPI_SECOND: (19334|0x295D0CB0)[BTAPI] B:Rpaired_storage[8]name[]addr[00:00:00:00:00:00]linkkey[00:00:00:00:00:00:00:00:00:00:00:00:00:00:00:00]
05-27 18:33:35.113 19334 19359 D ANWAPI_SECOND: (19334|0x295D0CB0)[BTAPI] B:Rpaired_storage[9]name[]addr[00:00:00:00:00:00]linkkey[00:00:00:00:00:00:00:00:00:00:00:00:00:00:00:00]
05-27 18:33:35.113 19334 19359 D ANWAPI_SECOND: (19334|0x295D0CB0)[BTAPI] B:Rpaired_storage[10]name[]addr[00:00:00:00:00:00]linkkey[00:00:00:00:00:00:00:00:00:00:00:00:00:00:00:00]
05-27 18:33:35.113 19334 19359 D ANW_AVRCP_SECOND: AnWBT_ReadStorage =/data/misc/anw//anwbt_storage.bin
05-27 18:33:35.113 19334 19359 D ANW_AVRCP_SECOND: AnWBT_ReadStorage open anwbt_bt_storage success
05-27 18:33:35.113 19334 19359 D ANW_AVRCP_SECOND: 
05-27 18:33:35.113 19334 19359 D ANW_AVRCP_SECOND: read storage size=6600
05-27 18:33:35.113 19334 19359 D ANW_AVRCP_SECOND: 
05-27 18:33:35.113 19334 19359 D ANWAPI_SECOND: (19334|0x295D0CB0)[BTAPI] A:Readpaired_storage[0]name[]cod[0]support[0]addr[00:00:00:00:00:00]linkkey[00:00:00:00:00:00:00:00:00:00:00:00:00:00:00:00]
05-27 18:33:35.113 19334 19359 D ANWAPI_SECOND: (19334|0x295D0CB0)[BTAPI] A:Readpaired_storage[1]name[]cod[0]support[0]addr[00:00:00:00:00:00]linkkey[00:00:00:00:00:00:00:00:00:00:00:00:00:00:00:00]
05-27 18:33:35.113 19334 19359 D ANWAPI_SECOND: (19334|0x295D0CB0)[BTAPI] A:Readpaired_storage[2]name[]cod[0]support[0]addr[00:00:00:00:00:00]linkkey[00:00:00:00:00:00:00:00:00:00:00:00:00:00:00:00]
05-27 18:33:35.113 19334 19359 D ANWAPI_SECOND: (19334|0x295D0CB0)[BTAPI] A:Readpaired_storage[3]name[]cod[0]support[0]addr[00:00:00:00:00:00]linkkey[00:00:00:00:00:00:00:00:00:00:00:00:00:00:00:00]
05-27 18:33:35.113 19334 19359 D ANWAPI_SECOND: (19334|0x295D0CB0)[BTAPI] A:Readpaired_storage[4]name[]cod[0]support[0]addr[00:00:00:00:00:00]linkkey[00:00:00:00:00:00:00:00:00:00:00:00:00:00:00:00]
05-27 18:33:35.113 19334 19359 D ANWAPI_SECOND: (19334|0x295D0CB0)[BTAPI] A:Readpaired_storage[5]name[]cod[0]support[0]addr[00:00:00:00:00:00]linkkey[00:00:00:00:00:00:00:00:00:00:00:00:00:00:00:00]
05-27 18:33:35.113 19334 19359 D ANWAPI_SECOND: (19334|0x295D0CB0)[BTAPI] A:Readpaired_storage[6]name[]cod[0]support[0]addr[00:00:00:00:00:00]linkkey[00:00:00:00:00:00:00:00:00:00:00:00:00:00:00:00]
05-27 18:33:35.113 19334 19359 D ANWAPI_SECOND: (19334|0x295D0CB0)[BTAPI] A:Readpaired_storage[7]name[]cod[0]support[0]addr[00:00:00:00:00:00]linkkey[00:00:00:00:00:00:00:00:00:00:00:00:00:00:00:00]
05-27 18:33:35.113 19334 19359 D ANWAPI_SECOND: (19334|0x295D0CB0)[BTAPI] A:Readpaired_storage[8]name[]cod[0]support[0]addr[00:00:00:00:00:00]linkkey[00:00:00:00:00:00:00:00:00:00:00:00:00:00:00:00]
05-27 18:33:35.113 19334 19359 D ANWAPI_SECOND: (19334|0x295D0CB0)[BTAPI] A:Readpaired_storage[9]name[]cod[0]support[0]addr[00:00:00:00:00:00]linkkey[00:00:00:00:00:00:00:00:00:00:00:00:00:00:00:00]
05-27 18:33:35.113 19334 19359 D ANWAPI_SECOND: (19334|0x295D0CB0)[BTAPI] A:Readpaired_storage[10]name[]cod[0]support[0]addr[00:00:00:00:00:00]linkkey[00:00:00:00:00:00:00:00:00:00:00:00:00:00:00:00]
05-27 18:33:35.113 19334 19359 D ANWAPI_SECOND: (19334|0x295D0CB0)[BTAPI] <<<<AnWBT_EEPROM_Read ret = 0
05-27 18:33:35.113   299 30841 D EvsDriver: forwardFrame
05-27 18:33:35.114 19334 19359 D ANWAPI_SECOND: (19334|0x295D0CB0)[BTAPI] local_name_set=0
05-27 18:33:35.114 13911 14183 I SentryImuMcuAngleSender: 179.97897rollDeg
05-27 18:33:35.114 19334 19359 D ANWAPI_SECOND: (19334|0x295D0CB0)[BTAPI] [Paired DevInf] Storage Write
05-27 18:33:35.114 13911 14183 I SentryImuMcuAngleSender: 1,0,0
05-27 18:33:35.114 19334 19359 D ANW_AVRCP_SECOND: AnWBT_WriteStorage =/data/misc/anw//anwbt_storage.bin
05-27 18:33:35.114 19334 19359 D ANW_AVRCP_SECOND: AnWBT_WriteStorage open anwbt_bt_storage success
05-27 18:33:35.114 19334 19359 D ANW_AVRCP_SECOND: 
05-27 18:33:35.115   299 30841 D EvsDriver: Delivered 0xb400007b7ca56a60 as id 0
05-27 18:33:35.115  1167  1479 D evsmanagerd: /dev/video4 forwarded the buffer #0 to 0xb4000074bf5f6850 from 0xb4000074bf5f41d0
05-27 18:33:35.115 30773 30773 E dvr_service_: [myNum:0] Received S**** loss
05-27 18:33:35.116   299  1163 D EvsDriver: doneWithFrame
05-27 18:33:35.116   581   581 I SpiService: fgesysctrl_getGPIO_status success val=1
05-27 08:24:44.081   581   581 D spi_rst_gpio_get_output: GPIO 145 value: 1
05-27 08:24:44.081   581   581 D spidev_ioctl: gpio status=1)
05-27 18:33:35.119   299 30844 D EvsDriver: forwardFrame
05-27 18:33:35.120   299 30844 D EvsDriver: Delivered 0xb400007b7ca56900 as id 0
05-27 18:33:35.120  1167  1479 D evsmanagerd: /dev/video6 forwarded the buffer #0 to 0xb4000074bf5f5510 from 0xb4000074bf5f6d90
05-27 18:33:35.120 30773 30773 E dvr_service_: [myNum:1] Received S**** loss
05-27 18:33:35.121   299  1163 D EvsDriver: doneWithFrame
05-27 18:33:35.121   581   581 I SpiService: fgesysctrl_getGPIO_status success val=1
05-27 18:33:35.124  1008 30857 D [OMXB]  : usingANWBuffer: handle:0xee7467e0, format:1, w:1920, h:1080
05-27 08:24:44.086   581   581 D spi_rst_gpio_get_output: GPIO 145 value: 1
05-27 08:24:44.086   581   581 D spidev_ioctl: gpio status=1)
05-27 18:33:35.127   581   581 I SpiService: fgesysctrl_getGPIO_status success val=1
05-27 18:33:35.128 19334 19359 D ANW_AVRCP_SECOND: write storage size=6600
05-27 18:33:35.128 19334 19359 D ANW_AVRCP_SECOND: 
05-27 18:33:35.128 19334 19359 D ANWAPI_SECOND: (19334|0x295D0CB0)[BTAPI] >>>>AnWBT_EEPROM_Read 
05-27 18:33:35.128 19334 19359 D ANWAPI_SECOND: (19334|0x295D0CB0)[BTAPI] B:Rpaired_storage[0]name[]addr[00:00:00:00:00:00]linkkey[00:00:00:00:00:00:00:00:00:00:00:00:00:00:00:00]
05-27 18:33:35.128 19334 19359 D ANWAPI_SECOND: (19334|0x295D0CB0)[BTAPI] B:Rpaired_storage[1]name[]addr[00:00:00:00:00:00]linkkey[00:00:00:00:00:00:00:00:00:00:00:00:00:00:00:00]
05-27 18:33:35.128 19334 19359 D ANWAPI_SECOND: (19334|0x295D0CB0)[BTAPI] B:Rpaired_storage[2]name[]addr[00:00:00:00:00:00]linkkey[00:00:00:00:00:00:00:00:00:00:00:00:00:00:00:00]
05-27 18:33:35.128 19334 19359 D ANWAPI_SECOND: (19334|0x295D0CB0)[BTAPI] B:Rpaired_storage[3]name[]addr[00:00:00:00:00:00]linkkey[00:00:00:00:00:00:00:00:00:00:00:00:00:00:00:00]
05-27 18:33:35.128 19334 19359 D ANWAPI_SECOND: (19334|0x295D0CB0)[BTAPI] B:Rpaired_storage[4]name[]addr[00:00:00:00:00:00]linkkey[00:00:00:00:00:00:00:00:00:00:00:00:00:00:00:00]
05-27 18:33:35.128 19334 19359 D ANWAPI_SECOND: (19334|0x295D0CB0)[BTAPI] B:Rpaired_storage[5]name[]addr[00:00:00:00:00:00]linkkey[00:00:00:00:00:00:00:00:00:00:00:00:00:00:00:00]
05-27 18:33:35.129 19334 19359 D ANWAPI_SECOND: (19334|0x295D0CB0)[BTAPI] B:Rpaired_storage[6]name[]addr[00:00:00:00:00:00]linkkey[00:00:00:00:00:00:00:00:00:00:00:00:00:00:00:00]
05-27 18:33:35.129 19334 19359 D ANWAPI_SECOND: (19334|0x295D0CB0)[BTAPI] B:Rpaired_storage[7]name[]addr[00:00:00:00:00:00]linkkey[00:00:00:00:00:00:00:00:00:00:00:00:00:00:00:00]
05-27 18:33:35.129 19334 19359 D ANWAPI_SECOND: (19334|0x295D0CB0)[BTAPI] B:Rpaired_storage[8]name[]addr[00:00:00:00:00:00]linkkey[00:00:00:00:00:00:00:00:00:00:00:00:00:00:00:00]
05-27 18:33:35.129 19334 19359 D ANWAPI_SECOND: (19334|0x295D0CB0)[BTAPI] B:Rpaired_storage[9]name[]addr[00:00:00:00:00:00]linkkey[00:00:00:00:00:00:00:00:00:00:00:00:00:00:00:00]
05-27 18:33:35.129 19334 19359 D ANWAPI_SECOND: (19334|0x295D0CB0)[BTAPI] B:Rpaired_storage[10]name[]addr[00:00:00:00:00:00]linkkey[00:00:00:00:00:00:00:00:00:00:00:00:00:00:00:00]
05-27 18:33:35.129 19334 19359 D ANW_AVRCP_SECOND: AnWBT_ReadStorage =/data/misc/anw//anwbt_storage.bin
05-27 18:33:35.129 19334 19359 D ANW_AVRCP_SECOND: AnWBT_ReadStorage open anwbt_bt_storage success
05-27 18:33:35.129 19334 19359 D ANW_AVRCP_SECOND: 
05-27 18:33:35.129 19334 19359 D ANW_AVRCP_SECOND: read storage size=6600
05-27 18:33:35.129 19334 19359 D ANW_AVRCP_SECOND: 
05-27 18:33:35.129 19334 19359 D ANWAPI_SECOND: (19334|0x295D0CB0)[BTAPI] A:Readpaired_storage[0]name[]cod[0]support[0]addr[00:00:00:00:00:00]linkkey[00:00:00:00:00:00:00:00:00:00:00:00:00:00:00:00]
05-27 18:33:35.129 19334 19359 D ANWAPI_SECOND: (19334|0x295D0CB0)[BTAPI] A:Readpaired_storage[1]name[]cod[0]support[0]addr[00:00:00:00:00:00]linkkey[00:00:00:00:00:00:00:00:00:00:00:00:00:00:00:00]
05-27 18:33:35.129 19334 19359 D ANWAPI_SECOND: (19334|0x295D0CB0)[BTAPI] A:Readpaired_storage[2]name[]cod[0]support[0]addr[00:00:00:00:00:00]linkkey[00:00:00:00:00:00:00:00:00:00:00:00:00:00:00:00]
05-27 18:33:35.129 19334 19359 D ANWAPI_SECOND: (19334|0x295D0CB0)[BTAPI] A:Readpaired_storage[3]name[]cod[0]support[0]addr[00:00:00:00:00:00]linkkey[00:00:00:00:00:00:00:00:00:00:00:00:00:00:00:00]
05-27 18:33:35.129 19334 19359 D ANWAPI_SECOND: (19334|0x295D0CB0)[BTAPI] A:Readpaired_storage[4]name[]cod[0]support[0]addr[00:00:00:00:00:00]linkkey[00:00:00:00:00:00:00:00:00:00:00:00:00:00:00:00]
05-27 18:33:35.129 19334 19359 D ANWAPI_SECOND: (19334|0x295D0CB0)[BTAPI] A:Readpaired_storage[5]name[]cod[0]support[0]addr[00:00:00:00:00:00]linkkey[00:00:00:00:00:00:00:00:00:00:00:00:00:00:00:00]
05-27 18:33:35.129 19334 19359 D ANWAPI_SECOND: (19334|0x295D0CB0)[BTAPI] A:Readpaired_storage[6]name[]cod[0]support[0]addr[00:00:00:00:00:00]linkkey[00:00:00:00:00:00:00:00:00:00:00:00:00:00:00:00]
