05-27 08:24:42.873   581   581 D spi_rst_gpio_get_output: GPIO 145 value: 1
05-27 08:24:42.873   581   581 D spidev_ioctl: gpio status=1)
05-27 18:33:33.913  1167  1167 D evsmanagerd: /dev/video4 forwarded the buffer #0 to 0xb4000074bf5f6850 from 0xb4000074bf5f41d0
05-27 18:33:33.913   581   581 I SpiService: fgesysctrl_getGPIO_status success val=1
05-27 18:33:33.915   299  1153 D EvsDriver: doneWithFrame
05-27 08:24:42.878   581   581 D spi_rst_gpio_get_output: GPIO 145 value: 1
05-27 08:24:42.878   581   581 D spidev_ioctl: gpio status=1)
05-27 18:33:33.919   581   581 I SpiService: fgesysctrl_getGPIO_status success val=1
05-27 18:33:33.919   299 30844 D EvsDriver: forwardFrame
05-27 08:24:42.884   581   581 D spi_rst_gpio_get_output: GPIO 145 value: 1
05-27 08:24:42.884   581   581 D spidev_ioctl: gpio status=1)
05-27 18:33:33.921   299 30844 D EvsDriver: Delivered 0xb400007b7ca56900 as id 0
05-27 18:33:33.922  1167  1167 D evsmanagerd: /dev/video6 forwarded the buffer #0 to 0xb4000074bf5f5510 from 0xb4000074bf5f6d90
05-27 18:33:33.924 30773 30786 I dvr_service_: CameraX 1  audioOK: 144070603,audios:2110
05-27 18:33:33.925   581   581 I SpiService: fgesysctrl_getGPIO_status success val=1
05-27 18:33:33.925   299  1153 D EvsDriver: doneWithFrame
05-27 18:33:33.927 13911 14183 I SentryImuMcuAngleSender: 179.96497rollDeg
05-27 18:33:33.927 13911 14183 I SentryImuMcuAngleSender: 1,0,0
05-27 18:33:33.927   536   536 D commservice260303: msg.id = 1028,2
05-27 18:33:33.928   566 11459 I gps_hdbd: nmea_cs <0> != calc_cs <9a>, return -1
05-27 18:33:33.928   536   536 D commservice260303: i = 170, msgid = 8A000404
05-27 18:33:33.928   536   536 D commservice260303: msgid = -1979710460,did=138
05-27 18:33:33.928   536   536 D commservice260303: CommProtocolLibCmdBaseI2C::dataproc {"command":{"id":"imu_status","sub":""},"content":{"TimeStamp":9,"FrameCounter":230109,"GD_X":-0.01153013575822115,"GD_Y":0.00519212381914258,"GD_Z":0.0023671966046094894,"AD_X":-3.1401216983795166E-4,"AD_Y":0.0032305698841810226,"AD_Z":-0.1712942123413086,"TempDsp":0,"Status":0,"CalibState":1,"SigAmpInvalid":0}},-1979710460
05-27 18:33:33.928   536   536 D commservice260303: send2Cluster len:314, 7B22636F6D6D616E64223A7B226964223A22696D755F737461747573222C22737562223A22227D2C22636F6E74656E74223A7B2254696D655374616D70223A392C224672616D65436F756E746572223A3233303130392C2247445F58223A2D302E30313135333031333537353832323131352C2247445F59223A302E30303531393231323338313931343235382C2247445F5A223A302E303032333637313936363034363039343839342C2241445F58223A2D332E31343031323136393833373935313636452D342C2241445F59223A302E303033323330353639383834313831303232362C2241445F5A223A2D302E313731323934323132333431333038362C2254656D70447370223A302C22537461747573223A302C2243616C69625374617465223A312C22536967416D70496E76616C6964223A307D7D, 138 
05-27 18:33:33.928   536   536 D commservice260303: Push Message into SendPool fn=-557776128
05-27 08:24:42.889   581   581 D spi_rst_gpio_get_output: GPIO 145 value: 1
05-27 08:24:42.889   581   581 D spidev_ioctl: gpio status=1)
05-27 18:33:33.928   536   536 D commservice260303: ComProtocolLibSend2Cluster::send2ClusterRaw fn=-557776128 , len=330
05-27 18:33:33.928   536   536 D commservice260303: sendCmdToPort :330!!!
05-27 18:33:33.928   536   536 D commservice260303: send Cmd To Port ++++5AA501468A010003C1DE6A16C87D7B22636F6D6D616E64223A7B226964223A22696D755F737461747573222C22737562223A22227D2C22636F6E74656E74223A7B2254696D655374616D70223A392C224672616D65436F756E746572223A3233303130392C2247445F58223A2D302E30313135333031333537353832323131352C2247445F59223A302E30303531393231323338313931343235382C2247445F5A223A302E303032333637313936363034363039343839342C2241445F58223A2D332E31343031323136393833373935313636452D342C2241445F59223A302E303033323330353639383834313831303232362C2241445F5A223A2D302E313731323934323132333431333038362C2254656D70447370223A302C22537461747573223A302C2243616C69625374617465223A312C22536967416D70496E76616C6964223A307D7D59CE
05-27 18:33:33.928   536   536 D commservice260303: bufferevent_write retrun value = 0
05-27 18:33:33.929   536   560 D commservice260303: client datas send succeed,send finish
05-27 18:33:33.929 13911 14192 D Sentinelmode_1.2.5.17_sentry: <SentryImuClusterFgeSender>imu_status sent to Linux, frame=230109, tsNs=9881160, tsMs=9, intervalMs=40, ad=(-3.1401217E-4,0.00323057,-0.17129421), gd=(-0.011530136,0.005192124,0.0023671966)
05-27 18:33:33.930   581   581 I SpiService: fgesysctrl_getGPIO_status success val=1
05-27 08:24:42.895   581   581 D spi_rst_gpio_get_output: GPIO 145 value: 1
05-27 08:24:42.895   581   581 D spidev_ioctl: gpio status=1)
05-27 18:33:33.934  1008 30856 D [OMXB]  : usingANWBuffer: handle:0xee746cb0, format:1, w:1920, h:1080
05-27 18:33:33.936   581   581 I SpiService: fgesysctrl_getGPIO_status success val=0
05-27 08:24:42.901   581   581 D spi_rst_gpio_get_output: GPIO 145 value: 0
05-27 08:24:42.901   581   581 D spidev_ioctl: gpio status=0)
05-27 18:33:33.941   536   560 D commservice260303: recv len:77, 5AA500490600000039D86A16C87D7B22636F6D6D616E64223A7B226964223A226473695F6C7578222C22737562223A22227D2C22636F6E74656E74223A7B2276616C7565223A3230307D7D3578 from server
05-27 18:33:33.941   536  2578 D commservice260303: mcuDataAnalyzeHandle templen:77,len:77,pos:0, 5AA500490600000039D86A16C87D7B22636F6D6D616E64223A7B226964223A226473695F6C7578222C22737562223A22227D2C22636F6E74656E74223A7B2276616C7565223A3230307D7D3578 
05-27 18:33:33.941   536  2578 I commservice260303: checksumCal = 13688
05-27 18:33:33.941   536  2578 D commservice260303: CommProtocolLibCmdBaseC2I::dataproc {"command":{"id":"dsi_lux","sub":""},"content":{"value":200}},6
05-27 18:33:33.942   536  2578 D commservice260303: mcuCommMessageManager::notifyMsgToClient hwbinder OK
05-27 18:33:33.942   536  2578 D commservice260303: McuProtocolLibSend2Service::send2Service ret=1
05-27 18:33:33.942 12246 12440 D ivicomm_CommManager: fgeComServiceCallback: {"command":{"id":"dsi_lux","sub":""},"content":{"value":200}}
05-27 18:33:33.943 12246 12440 D ivicomm_CallbackManager: registerCallback DSI_LUX: {"value":200} mCommStateCallbackMap size:4
05-27 18:33:33.943 11579 11719 D NSLogUtils_VehicleService: L2A comm state: id=dsi_lux, value=200
05-27 18:33:33.944 11344  6590 D SystemUI_SystemSettingsControllerService: onCommState: commandID = dsi_lux; value = 200
05-27 18:33:33.946   299 30844 D EvsDriver: forwardFrame
05-27 18:33:33.946   299 30841 D EvsDriver: forwardFrame
05-27 18:33:33.947 13911 14183 I SentryImuMcuAngleSender: 179.97197rollDeg
05-27 18:33:33.947 13911 14183 I SentryImuMcuAngleSender: 1,0,0
05-27 18:33:33.949   299 30841 D EvsDriver: Delivered 0xb400007b7ca56a60 as id 0
05-27 18:33:33.949   299 30844 D EvsDriver: Delivered 0xb400007b7ca56900 as id 0
05-27 18:33:33.949  1167  1167 D evsmanagerd: /dev/video6 forwarded the buffer #0 to 0xb4000074bf5f5510 from 0xb4000074bf5f6d90
05-27 18:33:33.949  1167  1184 D evsmanagerd: /dev/video4 forwarded the buffer #0 to 0xb4000074bf5f6850 from 0xb4000074bf5f41d0
05-27 18:33:33.949 30773 30781 E dvr_service_: [myNum:1] Received S**** loss
05-27 18:33:33.949 30773 30773 E dvr_service_: [myNum:0] Received S**** loss
05-27 18:33:33.949   299  1153 D EvsDriver: doneWithFrame
05-27 18:33:33.950   299  1153 D EvsDriver: doneWithFrame
05-27 18:33:33.950   581   581 I SpiService: fgesysctrl_getGPIO_status success val=1
05-27 18:33:33.951  1008 30857 D [OMXB]  : usingANWBuffer: handle:0xee742ab0, format:1, w:1920, h:1080
05-27 08:24:42.915   581   581 D spi_rst_gpio_get_output: GPIO 145 value: 1
05-27 08:24:42.915   581   581 D spidev_ioctl: gpio status=1)
05-27 18:33:33.956   581   581 I SpiService: fgesysctrl_getGPIO_status success val=1
05-27 08:24:42.921   581   581 D spi_rst_gpio_get_output: GPIO 145 value: 1
05-27 08:24:42.921   581   581 D spidev_ioctl: gpio status=1)
05-27 18:33:33.961   581   581 I SpiService: fgesysctrl_getGPIO_status success val=1
05-27 18:33:33.962 15863 16069 D AIN-HttpHealthPolicy: call() called start, host=www.jd.com
05-27 18:33:33.964 10046 19328 D resolv  : GetAddrInfoHandler::run: {103 786535 103 983143 1000 0}
05-27 18:33:33.964 10046 19328 D resolv  : resolv_getaddrinfo: explore_fqdn(): ai_family=0 ai_socktype=1 ai_protocol=6
05-27 18:33:33.965 10046 19329 D resolv  : doQuery: (1, 1)
05-27 18:33:33.965 10046 19329 D resolv  : res_nmkquery: (QUERY, IN, A)
05-27 18:33:33.965 10046 19329 D resolv  : res_nsend
05-27 18:33:33.965 10046 19329 I resolv  : resolv_cache_lookup: lookup
05-27 18:33:33.965 10046 19329 I resolv  : resolv_cache_lookup: FOUND IN CACHE entry=0xb4000072a5468850
05-27 18:33:33.965 10046 19329 D resolv  : doQuery: rcode=0, ancount=4
05-27 18:33:33.966 15863 16069 D TrafficStats: tagSocket(219) with statsTag=0xffffffff, statsUid=-1
05-27 08:24:42.926   581   581 D spi_rst_gpio_get_output: GPIO 145 value: 1
05-27 08:24:42.926   581   581 D spidev_ioctl: gpio status=1)
05-27 18:33:33.966  1008 30856 D [OMXB]  : usingANWBuffer: handle:0xee742a00, format:1, w:1920, h:1080
05-27 18:33:33.967   536   536 D commservice260303: msg.id = 1028,0
05-27 18:33:33.961   581   581 I auditd  : type=1400 audit(0.0:55120): avc: denied { read write } for comm="spi@1.0-service" name="spidev2.0" dev="tmpfs" ino=23621 scontext=u:r:hal_spi_default:s0 tcontext=u:object_r:spi_consumerir_device:s0 tclass=chr_file permissive=1
05-27 18:33:33.961   581   581 I spi@1.0-service: type=1400 audit(0.0:55120): avc: denied { read write } for name="spidev2.0" dev="tmpfs" ino=23621 scontext=u:r:hal_spi_default:s0 tcontext=u:object_r:spi_consumerir_device:s0 tclass=chr_file permissive=1
05-27 08:24:42.932   581   581 E audit   : rate limit exceeded
05-27 08:24:42.932   581   581 D spi_rst_gpio_get_output: GPIO 145 value: 1
05-27 08:24:42.932   581   581 D spidev_ioctl: gpio status=1)
05-27 18:33:33.969   536   536 D commservice260303: i = 170, msgid = 8A000404
05-27 18:33:33.969   536   536 D commservice260303: msgid = -1979710460,did=138
05-27 18:33:33.969   536   536 D commservice260303: CommProtocolLibCmdBaseI2C::dataproc {"command":{"id":"imu_status","sub":""},"content":{"TimeStamp":9,"FrameCounter":230110,"GD_X":-0.011910883709788322,"GD_Y":0.004963258747011423,"GD_Z":0.002443138277158141,"AD_X":-0.0015452802181243896,"AD_Y":0.0013784063048660755,"AD_Z":-0.168853759765625,"TempDsp":0,"Status":0,"CalibState":1,"SigAmpInvalid":0}},-1979710460
05-27 18:33:33.969   536   536 D commservice260303: send2Cluster len:314, 7B22636F6D6D616E64223A7B226964223A22696D755F737461747573222C22737562223A22227D2C22636F6E74656E74223A7B2254696D655374616D70223A392C224672616D65436F756E746572223A3233303131302C2247445F58223A2D302E3031313931303838333730393738383332322C2247445F59223A302E3030343936333235383734373031313432332C2247445F5A223A302E3030323434333133383237373135383134312C2241445F58223A2D302E303031353435323830323138313234333839362C2241445F59223A302E303031333738343036333034383636303735352C2241445F5A223A2D302E3136383835333735393736353632352C2254656D70447370223A302C22537461747573223A302C2243616C69625374617465223A312C22536967416D70496E76616C6964223A307D7D, 138 
05-27 18:33:33.969   536   536 D commservice260303: Push Message into SendPool fn=-540998912
05-27 18:33:33.970   536   536 D commservice260303: ComProtocolLibSend2Cluster::send2ClusterRaw fn=-540998912 , len=330
05-27 18:33:33.970   536   536 D commservice260303: sendCmdToPort :330!!!
05-27 18:33:33.970   536   536 D commservice260303: send Cmd To Port ++++5AA501468A010003C1DF6A16C87D7B22636F6D6D616E64223A7B226964223A22696D755F737461747573222C22737562223A22227D2C22636F6E74656E74223A7B2254696D655374616D70223A392C224672616D65436F756E746572223A3233303131302C2247445F58223A2D302E3031313931303838333730393738383332322C2247445F59223A302E3030343936333235383734373031313432332C2247445F5A223A302E3030323434333133383237373135383134312C2241445F58223A2D302E303031353435323830323138313234333839362C2241445F59223A302E303031333738343036333034383636303735352C2241445F5A223A2D302E3136383835333735393736353632352C2254656D70447370223A302C22537461747573223A302C2243616C69625374617465223A312C22536967416D70496E76616C6964223A307D7DAAD9
05-27 18:33:33.970   536   536 D commservice260303: bufferevent_write retrun value = 0
05-27 18:33:33.970   536   560 D commservice260303: client datas send succeed,send finish
05-27 18:33:33.970 13911 14183 I SentryImuMcuAngleSender: 179.97546rollDeg
05-27 18:33:33.970 13911 14183 I SentryImuMcuAngleSender: 1,0,0
05-27 18:33:33.971 13911 14192 D Sentinelmode_1.2.5.17_sentry: <SentryImuClusterFgeSender>imu_status sent to Linux, frame=230110, tsNs=9881213, tsMs=9, intervalMs=42, ad=(-0.0015452802,0.0013784063,-0.16885376), gd=(-0.011910884,0.0049632587,0.0024431383)
05-27 18:33:33.973   581   581 I SpiService: fgesysctrl_getGPIO_status success val=0
05-27 08:24:42.938   581   581 D spi_rst_gpio_get_output: GPIO 145 value: 0
05-27 08:24:42.938   581   581 D spidev_ioctl: gpio status=0)
05-27 18:33:33.981   572   572 I Sensors : 230 AccelSensor: x:-0.167749,y:0.004880,z:-9.973500
05-27 18:33:33.981  1008 30857 D [OMXB]  : usingANWBuffer: handle:0xee740220, format:1, w:1920, h:1080
05-27 18:33:33.983   299 30844 D EvsDriver: forwardFrame
05-27 18:33:33.985   299 30841 D EvsDriver: forwardFrame
05-27 18:33:33.987   299 30844 D EvsDriver: Delivered 0xb400007b7ca56900 as id 0
05-27 18:33:33.988  1167  1167 D evsmanagerd: /dev/video6 forwarded the buffer #0 to 0xb4000074bf5f5510 from 0xb4000074bf5f6d90
05-27 18:33:33.988  1167  1184 D evsmanagerd: /dev/video4 forwarded the buffer #0 to 0xb4000074bf5f6850 from 0xb4000074bf5f41d0
05-27 18:33:33.988   299 30841 D EvsDriver: Delivered 0xb400007b7ca56a60 as id 0
05-27 08:24:42.953   581   581 D spi_rst_gpio_get_output: GPIO 145 value: 1
05-27 08:24:42.953   581   581 D spidev_ioctl: gpio status=1)
05-27 18:33:33.989   581   581 I SpiService: fgesysctrl_getGPIO_status success val=1
05-27 18:33:33.992 13911 14183 I SentryImuMcuAngleSender: 179.97197rollDeg
05-27 18:33:33.992 13911 14183 I SentryImuMcuAngleSender: 1,0,0
05-27 08:24:42.960   581   581 D spi_rst_gpio_get_output: GPIO 145 value: 1
05-27 08:24:42.960   581   581 D spidev_ioctl: gpio status=1)
05-27 18:33:33.994   299  1153 D EvsDriver: doneWithFrame
05-27 18:33:33.995   581   581 I SpiService: fgesysctrl_getGPIO_status success val=1
05-27 18:33:33.996   283   307 I rvcservice: t.code = 2, t.value = 9975939
05-27 18:33:33.996   299  1163 D EvsDriver: doneWithFrame
05-27 18:33:34.001  1008 30856 D [OMXB]  : usingANWBuffer: handle:0xee744bb0, format:1, w:1920, h:1080
05-27 18:33:34.001   581   581 I SpiService: fgesysctrl_getGPIO_status success val=1
05-27 08:24:42.966   581   581 D spi_rst_gpio_get_output: GPIO 145 value: 1
05-27 08:24:42.966   581   581 D spidev_ioctl: gpio status=1)
05-27 18:33:34.007   581   581 I SpiService: fgesysctrl_getGPIO_status success val=1
05-27 08:24:42.971   581   581 D spi_rst_gpio_get_output: GPIO 145 value: 1
05-27 08:24:42.971   581   581 D spidev_ioctl: gpio status=1)
05-27 18:33:34.009   536   536 D commservice260303: msg.id = 1028,1
05-27 18:33:34.009   536   536 D commservice260303: i = 170, msgid = 8A000404
05-27 18:33:34.009   536   536 D commservice260303: msgid = -1979710460,did=138
05-27 18:33:34.009   536   536 D commservice260303: CommProtocolLibCmdBaseI2C::dataproc {"command":{"id":"imu_status","sub":""},"content":{"TimeStamp":9,"FrameCounter":230111,"GD_X":-0.011453153565526009,"GD_Y":0.0056498548947274685,"GD_Z":0.002443138277158141,"AD_X":-0.0015516430139541626,"AD_Y":0.0019750564824789762,"AD_Z":-0.1682453155517578,"TempDsp":0,"Status":0,"CalibState":1,"SigAmpInvalid":0}},-1979710460
05-27 18:33:34.010   536   536 D commservice260303: send2Cluster len:316, 7B22636F6D6D616E64223A7B226964223A22696D755F737461747573222C22737562223A22227D2C22636F6E74656E74223A7B2254696D655374616D70223A392C224672616D65436F756E746572223A3233303131312C2247445F58223A2D302E3031313435333135333536353532363030392C2247445F59223A302E303035363439383534383934373237343638352C2247445F5A223A302E3030323434333133383237373135383134312C2241445F58223A2D302E303031353531363433303133393534313632362C2241445F59223A302E303031393735303536343832343738393736322C2241445F5A223A2D302E313638323435333135353531373537382C2254656D70447370223A302C22537461747573223A302C2243616C69625374617465223A312C22536967416D70496E76616C6964223A307D7D, 138 
05-27 18:33:34.010   536   536 D commservice260303: Push Message into SendPool fn=-524221696
05-27 18:33:34.010   536   536 D commservice260303: ComProtocolLibSend2Cluster::send2ClusterRaw fn=-524221696 , len=332
05-27 18:33:34.010   536   536 D commservice260303: sendCmdToPort :332!!!
05-27 18:33:34.010   536   536 D commservice260303: send Cmd To Port ++++5AA501488A010003C1E06A16C87E7B22636F6D6D616E64223A7B226964223A22696D755F737461747573222C22737562223A22227D2C22636F6E74656E74223A7B2254696D655374616D70223A392C224672616D65436F756E746572223A3233303131312C2247445F58223A2D302E3031313435333135333536353532363030392C2247445F59223A302E303035363439383534383934373237343638352C2247445F5A223A302E3030323434333133383237373135383134312C2241445F58223A2D302E303031353531363433303133393534313632362C2241445F59223A302E303031393735303536343832343738393736322C2241445F5A223A2D302E313638323435333135353531373537382C2254656D70447370223A302C22537461747573223A302C2243616C69625374617465223A312C22536967416D70496E76616C6964223A307D7D625B
05-27 18:33:34.010   536   536 D commservice260303: bufferevent_write retrun value = 0
05-27 18:33:34.010   536   560 D commservice260303: client datas send succeed,send finish
05-27 18:33:34.011 13911 14192 D Sentinelmode_1.2.5.17_sentry: <SentryImuClusterFgeSender>imu_status sent to Linux, frame=230111, tsNs=9881249, tsMs=9, intervalMs=40, ad=(-0.001551643,0.0019750565,-0.16824532), gd=(-0.011453154,0.005649855,0.0024431383)
05-27 18:33:34.012   581   581 I SpiService: fgesysctrl_getGPIO_status success val=1
05-27 18:33:34.013 13911 14183 I SentryImuMcuAngleSender: 179.97197rollDeg
05-27 18:33:34.013 13911 14183 I SentryImuMcuAngleSender: 1,0,0
05-27 08:24:42.977   581   581 D spi_rst_gpio_get_output: GPIO 145 value: 1
05-27 08:24:42.977   581   581 D spidev_ioctl: gpio status=1)
05-27 18:33:34.015   299 30844 D EvsDriver: forwardFrame
05-27 18:33:34.015   299 30841 D EvsDriver: forwardFrame
05-27 18:33:34.017   299 30841 D EvsDriver: Delivered 0xb400007b7ca56a60 as id 0
05-27 18:33:34.017   299 30844 D EvsDriver: Delivered 0xb400007b7ca56900 as id 0
05-27 18:33:34.017  1167  1184 D evsmanagerd: /dev/video4 forwarded the buffer #0 to 0xb4000074bf5f6850 from 0xb4000074bf5f41d0
05-27 18:33:34.017  1167  1167 D evsmanagerd: /dev/video6 forwarded the buffer #0 to 0xb4000074bf5f5510 from 0xb4000074bf5f6d90
05-27 18:33:34.018   581   581 I SpiService: fgesysctrl_getGPIO_status success val=0
05-27 18:33:34.020   299  1163 D EvsDriver: doneWithFrame
05-27 18:33:34.021  1008 30857 D [OMXB]  : usingANWBuffer: handle:0xee744630, format:1, w:1920, h:1080
05-27 08:24:42.982   581   581 D spi_rst_gpio_get_output: GPIO 145 value: 0
05-27 08:24:42.982   581   581 D spidev_ioctl: gpio status=0)
05-27 18:33:34.021   299  1163 D EvsDriver: doneWithFrame
05-27 18:33:34.033 13911 14183 I SentryImuMcuAngleSender: 179.96846rollDeg
05-27 18:33:34.033 13911 14183 I SentryImuMcuAngleSender: 1,0,0
05-27 18:33:34.034   581   581 I SpiService: fgesysctrl_getGPIO_status success val=1
05-27 08:24:42.998   581   581 D spi_rst_gpio_get_output: GPIO 145 value: 1
05-27 08:24:42.998   581   581 D spidev_ioctl: gpio status=1)
05-27 18:33:34.039   581   581 I SpiService: fgesysctrl_getGPIO_status success val=1
05-27 18:33:34.040  1008 30856 D [OMXB]  : usingANWBuffer: handle:0xee7467e0, format:1, w:1920, h:1080
05-27 08:24:43.004   581   581 D spi_rst_gpio_get_output: GPIO 145 value: 1
05-27 08:24:43.004   581   581 D spidev_ioctl: gpio status=1)
05-27 18:33:34.042   299 30841 D EvsDriver: forwardFrame
05-27 18:33:34.043   299 30844 D EvsDriver: forwardFrame
05-27 18:33:34.043   299 30841 D EvsDriver: Delivered 0xb400007b7ca56a60 as id 0
05-27 18:33:34.044  1167  1167 D evsmanagerd: /dev/video4 forwarded the buffer #0 to 0xb4000074bf5f6850 from 0xb4000074bf5f41d0
05-27 18:33:34.044   536   536 W commservice260303: [FgeComService::getAQConnectStatus:378]
05-27 18:33:34.044   536   536 W commservice260303: [mcuCommFunctionTcp::getAQConnectStatus:406] 1
05-27 18:33:34.044   536   536 W commservice260303: [FgeComService::getAQConnectStatus:380] status:1
05-27 18:33:34.044   581   581 I SpiService: fgesysctrl_getGPIO_status success val=1
05-27 08:24:43.009   581   581 D spi_rst_gpio_get_output: GPIO 145 value: 1
05-27 08:24:43.009   581   581 D spidev_ioctl: gpio status=1)
05-27 18:33:34.045 12246 12246 E ivicomm_CommManager: getA2lConnectStatus aqConnectStatus:1
05-27 18:33:34.046 12246 12246 D ivicomm_ConnectStateManager: notifyState newState=1curState=1
05-27 18:33:34.046   299  1163 D EvsDriver: doneWithFrame
05-27 18:33:34.046   299 30844 D EvsDriver: Delivered 0xb400007b7ca56900 as id 0
05-27 18:33:34.047  1167  1167 D evsmanagerd: /dev/video6 forwarded the buffer #0 to 0xb4000074bf5f5510 from 0xb4000074bf5f6d90
05-27 18:33:34.050   536   536 D commservice260303: msg.id = 1028,1
05-27 18:33:34.051   536   536 D commservice260303: i = 170, msgid = 8A000404
05-27 08:24:43.017   581   581 D spi_rst_gpio_get_output: GPIO 145 value: 1
05-27 08:24:43.017   581   581 D spidev_ioctl: gpio status=1)
05-27 18:33:34.051   536   536 D commservice260303: msgid = -1979710460,did=138
05-27 18:33:34.051   536   536 D commservice260303: CommProtocolLibCmdBaseI2C::dataproc {"command":{"id":"imu_status","sub":""},"content":{"TimeStamp":9,"FrameCounter":230112,"GD_X":-0.011682018637657166,"GD_Y":0.004656890872865915,"GD_Z":0.002213752595707774,"AD_X":-3.4332275390625E-4,"AD_Y":0.0031772982329130173,"AD_Z":-0.1670246124267578,"TempDsp":0,"Status":0,"CalibState":1,"SigAmpInvalid":0}},-1979710460
05-27 18:33:34.051   299  1163 D EvsDriver: doneWithFrame
05-27 18:33:34.051   536   536 D commservice260303: send2Cluster len:312, 7B22636F6D6D616E64223A7B226964223A22696D755F737461747573222C22737562223A22227D2C22636F6E74656E74223A7B2254696D655374616D70223A392C224672616D65436F756E746572223A3233303131322C2247445F58223A2D302E3031313638323031383633373635373136362C2247445F59223A302E3030343635363839303837323836353931352C2247445F5A223A302E3030323231333735323539353730373737342C2241445F58223A2D332E34333332323735333930363235452D342C2241445F59223A302E303033313737323938323332393133303137332C2241445F5A223A2D302E313637303234363132343236373537382C2254656D70447370223A302C22537461747573223A302C2243616C69625374617465223A312C22536967416D70496E76616C6964223A307D7D, 138 
05-27 18:33:34.051   536   536 D commservice260303: Push Message into SendPool fn=-507444480
05-27 18:33:34.051   536   536 D commservice260303: ComProtocolLibSend2Cluster::send2ClusterRaw fn=-507444480 , len=328
05-27 18:33:34.051   536   536 D commservice260303: sendCmdToPort :328!!!
05-27 18:33:34.051   536   536 D commservice260303: send Cmd To Port ++++5AA501448A010003C1E16A16C87E7B22636F6D6D616E64223A7B226964223A22696D755F737461747573222C22737562223A22227D2C22636F6E74656E74223A7B2254696D655374616D70223A392C224672616D65436F756E746572223A3233303131322C2247445F58223A2D302E3031313638323031383633373635373136362C2247445F59223A302E3030343635363839303837323836353931352C2247445F5A223A302E3030323231333735323539353730373737342C2241445F58223A2D332E34333332323735333930363235452D342C2241445F59223A302E303033313737323938323332393133303137332C2241445F5A223A2D302E313637303234363132343236373537382C2254656D70447370223A302C22537461747573223A302C2243616C69625374617465223A312C22536967416D70496E76616C6964223A307D7D5133
05-27 18:33:34.052   536   536 D commservice260303: bufferevent_write retrun value = 0
05-27 18:33:34.052   536   560 D commservice260303: client datas send succeed,send finish
05-27 18:33:34.053   581   581 I SpiService: fgesysctrl_getGPIO_status success val=1
05-27 18:33:34.053 13911 14183 I SentryImuMcuAngleSender: 179.96495rollDeg
05-27 18:33:34.053 13911 14183 I SentryImuMcuAngleSender: 1,0,0
05-27 18:33:34.053 13911 14192 D Sentinelmode_1.2.5.17_sentry: <SentryImuClusterFgeSender>imu_status sent to Linux, frame=230112, tsNs=9881285, tsMs=9, intervalMs=43, ad=(-3.4332275E-4,0.0031772982,-0.16702461), gd=(-0.011682019,0.004656891,0.0022137526)
05-27 18:33:34.058   581   581 I SpiService: fgesysctrl_getGPIO_status success val=0
05-27 08:24:43.023   581   581 D spi_rst_gpio_get_output: GPIO 145 value: 0
05-27 08:24:43.023   581   581 D spidev_ioctl: gpio status=0)
05-27 18:33:34.064  1008 30857 D [OMXB]  : usingANWBuffer: handle:0xee740dd0, format:1, w:1920, h:1080
05-27 18:33:34.070   572   572 I Sensors : 230 GyroSensor: x:-0.011071,y:0.005497,z:0.001756
05-27 18:33:34.073   581   581 I SpiService: fgesysctrl_getGPIO_status success val=1
05-27 18:33:34.073 13911 14183 I SentryImuMcuAngleSender: 179.96844rollDeg
05-27 18:33:34.073 13911 14183 I SentryImuMcuAngleSender: 1,0,0
05-27 08:24:43.038   581   581 D spi_rst_gpio_get_output: GPIO 145 value: 1
05-27 08:24:43.038   581   581 D spidev_ioctl: gpio status=1)
05-27 18:33:34.079   581   581 I SpiService: fgesysctrl_getGPIO_status success val=1
05-27 18:33:34.079   299 30841 D EvsDriver: forwardFrame
05-27 18:33:34.080   299 30844 D EvsDriver: forwardFrame
05-27 18:33:34.080  1008 30856 D [OMXB]  : usingANWBuffer: handle:0xee746ec0, format:1, w:1920, h:1080
05-27 08:24:43.043   581   581 D spi_rst_gpio_get_output: GPIO 145 value: 1
05-27 08:24:43.043   581   581 D spidev_ioctl: gpio status=1)
05-27 18:33:34.081   299 30841 D EvsDriver: Delivered 0xb400007b7ca56a60 as id 0
05-27 18:33:34.081  1167  1167 D evsmanagerd: /dev/video4 forwarded the buffer #0 to 0xb4000074bf5f6850 from 0xb4000074bf5f41d0
05-27 18:33:34.081  1167  1184 D evsmanagerd: /dev/video6 forwarded the buffer #0 to 0xb4000074bf5f5510 from 0xb4000074bf5f6d90
05-27 18:33:34.081   299 30844 D EvsDriver: Delivered 0xb400007b7ca56900 as id 0
05-27 18:33:34.081 30773 30789 I dvr_service_: Camera 0: MediaOK:144463844, frames:3270, isKeyFrame:0,pts:9881113025
05-27 18:33:34.085   581   581 I SpiService: fgesysctrl_getGPIO_status success val=1
05-27 18:33:34.085   299  1163 D EvsDriver: doneWithFrame
05-27 18:33:34.085   299  1153 D EvsDriver: doneWithFrame
05-27 08:24:43.050   581   581 D spi_rst_gpio_get_output: GPIO 145 value: 1
05-27 08:24:43.050   581   581 D spidev_ioctl: gpio status=1)
05-27 18:33:34.090   536   536 D commservice260303: msg.id = 1028,1
05-27 08:24:43.056   581   581 D spi_rst_gpio_get_output: GPIO 145 value: 1
05-27 08:24:43.056   581   581 D spidev_ioctl: gpio status=1)
05-27 18:33:34.090   536   536 D commservice260303: i = 170, msgid = 8A000404
05-27 18:33:34.090   536   536 D commservice260303: msgid = -1979710460,did=138
05-27 18:33:34.090   536   536 D commservice260303: CommProtocolLibCmdBaseI2C::dataproc {"command":{"id":"imu_status","sub":""},"content":{"TimeStamp":9,"FrameCounter":230113,"GD_X":-0.011070843786001205,"GD_Y":0.00549693126231432,"GD_Z":0.0017560218693688512,"AD_X":-0.0015677958726882935,"AD_Y":0.002548840129747987,"AD_Z":-0.16458415985107422,"TempDsp":0,"Status":0,"CalibState":1,"SigAmpInvalid":0}},-1979710460
05-27 18:33:34.090   536   536 D commservice260303: send2Cluster len:315, 7B22636F6D6D616E64223A7B226964223A22696D755F737461747573222C22737562223A22227D2C22636F6E74656E74223A7B2254696D655374616D70223A392C224672616D65436F756E746572223A3233303131332C2247445F58223A2D302E3031313037303834333738363030313230352C2247445F59223A302E30303534393639333132363233313433322C2247445F5A223A302E303031373536303231383639333638383531322C2241445F58223A2D302E303031353637373935383732363838323933352C2241445F59223A302E3030323534383834303132393734373938372C2241445F5A223A2D302E31363435383431353938353130373432322C2254656D70447370223A302C22537461747573223A302C2243616C69625374617465223A312C22536967416D70496E76616C6964223A307D7D, 138 
05-27 18:33:34.090   536   536 D commservice260303: Push Message into SendPool fn=-490667264
05-27 18:33:34.090   536   536 D commservice260303: ComProtocolLibSend2Cluster::send2ClusterRaw fn=-490667264 , len=331
05-27 18:33:34.090   536   536 D commservice260303: sendCmdToPort :331!!!
05-27 18:33:34.090   536   536 D commservice260303: send Cmd To Port ++++5AA501478A010003C1E26A16C87E7B22636F6D6D616E64223A7B226964223A22696D755F737461747573222C22737562223A22227D2C22636F6E74656E74223A7B2254696D655374616D70223A392C224672616D65436F756E746572223A3233303131332C2247445F58223A2D302E3031313037303834333738363030313230352C2247445F59223A302E30303534393639333132363233313433322C2247445F5A223A302E303031373536303231383639333638383531322C2241445F58223A2D302E303031353637373935383732363838323933352C2241445F59223A302E3030323534383834303132393734373938372C2241445F5A223A2D302E31363435383431353938353130373432322C2254656D70447370223A302C22537461747573223A302C2243616C69625374617465223A312C22536967416D70496E76616C6964223A307D7D3AC8
05-27 18:33:34.091   536   536 D commservice260303: bufferevent_write retrun value = 0
05-27 18:33:34.091   536   560 D commservice260303: client datas send succeed,send finish
05-27 18:33:34.091 13911 14192 D Sentinelmode_1.2.5.17_sentry: <SentryImuClusterFgeSender>imu_status sent to Linux, frame=230113, tsNs=9881321, tsMs=9, intervalMs=37, ad=(-0.0015677959,0.0025488401,-0.16458416), gd=(-0.011070844,0.0054969313,0.0017560219)
05-27 18:33:34.091   581   581 I SpiService: fgesysctrl_getGPIO_status success val=1
05-27 18:33:34.093 13911 14183 I SentryImuMcuAngleSender: 179.97195rollDeg
05-27 18:33:34.093 13911 14183 I SentryImuMcuAngleSender: 1,0,0
05-27 18:33:34.096   283   307 I rvcservice: t.code = 3, t.value = 0
05-27 18:33:34.097   581   581 I SpiService: fgesysctrl_getGPIO_status success val=1
05-27 18:33:34.099 15863 16069 D AIN-HttpHealthPolicy: response: 200, cost=136
05-27 18:33:34.099 15863 16068 D AIN-PingWorker: updateHost: result=true,host=www.jd.com,delay=136
05-27 18:33:34.099 15863 16068 D AIN-NetCheckerOutputer: onHealthy
05-27 18:33:34.099 15863 16068 D AIN-ServiceHub: getService with: name = service_tracker
05-27 18:33:34.100  1008 30857 D [OMXB]  : usingANWBuffer: handle:0xee747180, format:1, w:1920, h:1080
05-27 08:24:43.062   581   581 D spi_rst_gpio_get_output: GPIO 145 value: 1
05-27 08:24:43.062   581   581 D spidev_ioctl: gpio status=1)
05-27 18:33:34.103   581   581 I SpiService: fgesysctrl_getGPIO_status success val=0
05-27 08:24:43.067   581   581 D spi_rst_gpio_get_output: GPIO 145 value: 0
05-27 08:24:43.067   581   581 D spidev_ioctl: gpio status=0)
05-27 08:24:43.074     0     0 E         : c1 [    C1] |__c2e     mmc1:  519    0    0    0    0    0    0    0    0    0    0    0    0    0
05-27 08:24:43.074     0     0 E         : c1 [    C1] |__d2e     mmc1:  176    0    0    0    0    0    0    0    0    0    0    0    0    0
05-27 08:24:43.074     0     0 E         : c1 [    C1] |__blocks  mmc1:    0  146   23    4    3    0    0    0    0    0    0    0    0    0
05-27 08:24:43.074     0     0 E         : c1 [    C1] |__speed   mmc1: r= 0.0 M/s, w= 0.0 M/s, r_blk= 0, w_blk= 0
05-27 18:33:34.113 13911 14183 I SentryImuMcuAngleSender: 179.96846rollDeg
05-27 18:33:34.113 13911 14183 I SentryImuMcuAngleSender: 1,0,0
05-27 18:33:34.117   481   598 I mcuc    : rev,n=1,6AA681C70C001B8900580600030E3031323334353637383941424344454647000000B0
05-27 18:33:34.117   299 30841 D EvsDriver: forwardFrame
05-27 18:33:34.117   351   373 D automotive.vehicle@2.0-adayo-datacomm-mcu: MCUDatacomm sendMessageFromVehicle prop: 0x89, areaId: 0x0, status: 0x58, timestamp: 0x6
05-27 18:33:34.117   351   373 D automotive.vehicle@2.0-adayo-datacomm-mcu: MCUDatacomm 1sendMessageFromVehicle ---> type = 3 
05-27 18:33:34.117   351   373 D automotive.vehicle@2.0-adayo-func-bcm: sendMessageFromVehicle sendMessageFromVehicle
05-27 18:33:34.117   299 30844 D EvsDriver: forwardFrame
05-27 18:33:34.118   581   581 I SpiService: fgesysctrl_getGPIO_status success val=1
05-27 18:33:34.118   351   516 D automotive.vehicle@2.0-adayo-func-bcm: jjfan1 ______procotolSize :1
05-27 18:33:34.118   351   516 D automotive.vehicle@2.0-adayo-func-bcm: BCMFunc sendMessageFromVehicle_l dataType: 13,mByte=7,propid=0x2110001a
05-27 18:33:34.118   351   516 D automotive.vehicle@2.0-adayo-func-bcm: BCMFunc VEHICLE_VIN_CODE111 0x2110001a 
05-27 18:33:34.118   351   516 E automotive.vehicle@2.0-adayo-func-bcm: byteArrayToASCIIString, index 7 hex: 30, ascii: 0
05-27 18:33:34.118   351   516 E automotive.vehicle@2.0-adayo-func-bcm: byteArrayToASCIIString, index 8 hex: 31, ascii: 01
05-27 18:33:34.118   351   516 E automotive.vehicle@2.0-adayo-func-bcm: byteArrayToASCIIString, index 9 hex: 32, ascii: 012
05-27 18:33:34.118   351   516 E automotive.vehicle@2.0-adayo-func-bcm: byteArrayToASCIIString, index 10 hex: 33, ascii: 0123
05-27 18:33:34.118   351   516 E automotive.vehicle@2.0-adayo-func-bcm: byteArrayToASCIIString, index 11 hex: 34, ascii: 01234
05-27 18:33:34.118   351   516 E automotive.vehicle@2.0-adayo-func-bcm: byteArrayToASCIIString, index 12 hex: 35, ascii: 012345
05-27 18:33:34.118   351   516 E automotive.vehicle@2.0-adayo-func-bcm: byteArrayToASCIIString, index 13 hex: 36, ascii: 0123456
05-27 18:33:34.118   351   516 E automotive.vehicle@2.0-adayo-func-bcm: byteArrayToASCIIString, index 14 hex: 37, ascii: 01234567
05-27 18:33:34.118   351   516 E automotive.vehicle@2.0-adayo-func-bcm: byteArrayToASCIIString, index 15 hex: 38, ascii: 012345678
05-27 18:33:34.118   351   516 E automotive.vehicle@2.0-adayo-func-bcm: byteArrayToASCIIString, index 16 hex: 39, ascii: 0123456789
05-27 18:33:34.119   351   516 E automotive.vehicle@2.0-adayo-func-bcm: byteArrayToASCIIString, index 17 hex: 41, ascii: 0123456789A
05-27 18:33:34.119   351   516 E automotive.vehicle@2.0-adayo-func-bcm: byteArrayToASCIIString, index 18 hex: 42, ascii: 0123456789AB
05-27 18:33:34.119   351   516 E automotive.vehicle@2.0-adayo-func-bcm: byteArrayToASCIIString, index 19 hex: 43, ascii: 0123456789ABC
05-27 18:33:34.119   351   516 E automotive.vehicle@2.0-adayo-func-bcm: byteArrayToASCIIString, index 20 hex: 44, ascii: 0123456789ABCD
05-27 18:33:34.119   351   516 E automotive.vehicle@2.0-adayo-func-bcm: byteArrayToASCIIString, index 21 hex: 45, ascii: 0123456789ABCDE
05-27 18:33:34.119   351   516 E automotive.vehicle@2.0-adayo-func-bcm: byteArrayToASCIIString, index 22 hex: 46, ascii: 0123456789ABCDEF
05-27 18:33:34.119   351   516 E automotive.vehicle@2.0-adayo-func-bcm: byteArrayToASCIIString, index 23 hex: 47, ascii: 0123456789ABCDEFG
05-27 18:33:34.119   351   516 D automotive.vehicle@2.0-adayo-func-bcm: BCMFunc VEHICLE_VIN_CODE222 0x2110001a ,value:0123456789ABCDEFG
05-27 18:33:34.119   351   516 D automotive.vehicle@2.0-adayo-func-bcm: BCMFunc sendMessageFromVehicle_l id:554696730, area:0 not report! 
05-27 18:33:34.119   299 30841 D EvsDriver: Delivered 0xb400007b7ca56a60 as id 0
05-27 18:33:34.119   299 30844 D EvsDriver: Delivered 0xb400007b7ca56900 as id 0
05-27 18:33:34.119  1167  1167 D evsmanagerd: /dev/video4 forwarded the buffer #0 to 0xb4000074bf5f6850 from 0xb4000074bf5f41d0
05-27 18:33:34.119  1167  1184 D evsmanagerd: /dev/video6 forwarded the buffer #0 to 0xb4000074bf5f5510 from 0xb4000074bf5f6d90
05-27 18:33:34.120 30773 30781 E dvr_service_: [myNum:1] Received S**** loss
05-27 18:33:34.120 30773 30773 E dvr_service_: [myNum:0] Received S**** loss
05-27 18:33:34.120   299  1153 D EvsDriver: doneWithFrame
05-27 18:33:34.120   299  1163 D EvsDriver: doneWithFrame
05-27 08:24:43.082   581   581 D spi_rst_gpio_get_output: GPIO 145 value: 1
05-27 08:24:43.082   581   581 D spidev_ioctl: gpio status=1)
05-27 18:33:34.123   581   581 I SpiService: fgesysctrl_getGPIO_status success val=1
05-27 18:33:34.125  1008 30857 D [OMXB]  : usingANWBuffer: handle:0xee742690, format:1, w:1920, h:1080
05-27 08:24:43.088   581   581 D spi_rst_gpio_get_output: GPIO 145 value: 1
05-27 08:24:43.088   581   581 D spidev_ioctl: gpio status=1)
05-27 18:33:34.125 30773 30789 I dvr_service_: Camera 1: MediaOK:144485871, frames:3240, isKeyFrame:0,pts:9881109465
05-27 18:33:34.129   581   581 I SpiService: fgesysctrl_getGPIO_status success val=1
05-27 18:33:34.130   536   536 D commservice260303: msg.id = 1028,0
05-27 18:33:34.130   536   536 D commservice260303: i = 170, msgid = 8A000404
05-27 18:33:34.130   536   536 D commservice260303: msgid = -1979710460,did=138
05-27 18:33:34.130   536   536 D commservice260303: CommProtocolLibCmdBaseI2C::dataproc {"command":{"id":"imu_status","sub":""},"content":{"TimeStamp":9,"FrameCounter":230114,"GD_X":-0.011834942735731602,"GD_Y":0.00549693126231432,"GD_Z":0.0019848872907459736,"AD_X":-0.001585647463798523,"AD_Y":0.0019184350967407227,"AD_Z":-0.1670246124267578,"TempDsp":0,"Status":0,"CalibState":1,"SigAmpInvalid":0}},-1979710460
05-27 18:33:34.130   536   536 D commservice260303: send2Cluster len:314, 7B22636F6D6D616E64223A7B226964223A22696D755F737461747573222C22737562223A22227D2C22636F6E74656E74223A7B2254696D655374616D70223A392C224672616D65436F756E746572223A3233303131342C2247445F58223A2D302E3031313833343934323733353733313630322C2247445F59223A302E30303534393639333132363233313433322C2247445F5A223A302E303031393834383837323930373435393733362C2241445F58223A2D302E3030313538353634373436333739383532332C2241445F59223A302E303031393138343335303936373430373232372C2241445F5A223A2D302E313637303234363132343236373537382C2254656D70447370223A302C22537461747573223A302C2243616C69625374617465223A312C22536967416D70496E76616C6964223A307D7D, 138 
05-27 18:33:34.130   536   536 D commservice260303: Push Message into SendPool fn=-473890048
05-27 18:33:34.130   536   536 D commservice260303: ComProtocolLibSend2Cluster::send2ClusterRaw fn=-473890048 , len=330
05-27 18:33:34.130   536   536 D commservice260303: sendCmdToPort :330!!!
05-27 18:33:34.131   536   536 D commservice260303: send Cmd To Port ++++5AA501468A010003C1E36A16C87E7B22636F6D6D616E64223A7B226964223A22696D755F737461747573222C22737562223A22227D2C22636F6E74656E74223A7B2254696D655374616D70223A392C224672616D65436F756E746572223A3233303131342C2247445F58223A2D302E3031313833343934323733353733313630322C2247445F59223A302E30303534393639333132363233313433322C2247445F5A223A302E303031393834383837323930373435393733362C2241445F58223A2D302E3030313538353634373436333739383532332C2241445F59223A302E303031393138343335303936373430373232372C2241445F5A223A2D302E313637303234363132343236373537382C2254656D70447370223A302C22537461747573223A302C2243616C69625374617465223A312C22536967416D70496E76616C6964223A307D7DE8B2
05-27 18:33:34.131   536   536 D commservice260303: bufferevent_write retrun value = 0
05-27 18:33:34.131   536   560 D commservice260303: client datas send succeed,send finish
05-27 18:33:34.131 13911 14192 D Sentinelmode_1.2.5.17_sentry: <SentryImuClusterFgeSender>imu_status sent to Linux, frame=230114, tsNs=9881374, tsMs=9, intervalMs=41, ad=(-0.0015856475,0.0019184351,-0.16702461), gd=(-0.011834943,0.0054969313,0.0019848873)
05-27 08:24:43.094   581   581 D spi_rst_gpio_get_output: GPIO 145 value: 1
05-27 08:24:43.094   581   581 D spidev_ioctl: gpio status=1)
05-27 18:33:34.133 13911 14183 I SentryImuMcuAngleSender: 179.97197rollDeg
05-27 18:33:34.133 13911 14183 I SentryImuMcuAngleSender: 1,0,0
05-27 18:33:34.135   581   581 I SpiService: fgesysctrl_getGPIO_status success val=1
05-27 08:24:43.099   581   581 D spi_rst_gpio_get_output: GPIO 145 value: 1
05-27 08:24:43.099   581   581 D spidev_ioctl: gpio status=1)
05-27 18:33:34.138  1008 30856 D [OMXB]  : usingANWBuffer: handle:0xee741da0, format:1, w:1920, h:1080
05-27 18:33:34.140   581   581 I SpiService: fgesysctrl_getGPIO_status success val=1
05-27 08:24:43.105   581   581 D spi_rst_gpio_get_output: GPIO 145 value: 1
05-27 08:24:43.105   581   581 D spidev_ioctl: gpio status=1)
05-27 18:33:34.141 15863 15863 D AIN-NaviLocationPresenter: ACC is OFF, skip upload location
05-27 18:33:34.144   299 30844 D EvsDriver: forwardFrame
05-27 18:33:34.146   299 30844 D EvsDriver: Delivered 0xb400007b7ca56900 as id 0
05-27 18:33:34.146   581   581 I SpiService: fgesysctrl_getGPIO_status success val=0
05-27 18:33:34.146  1167  1184 D evsmanagerd: /dev/video6 forwarded the buffer #0 to 0xb4000074bf5f5510 from 0xb4000074bf5f6d90
05-27 18:33:34.146   481   597 I mcuc    : send SPI:6AA602C70C00028900A0
05-27 08:24:43.110   581   581 D spi_rst_gpio_get_output: GPIO 145 value: 0
05-27 08:24:43.110   581   581 D spidev_ioctl: gpio status=0)
05-27 18:33:34.150   299  1163 D EvsDriver: doneWithFrame
05-27 18:33:34.151   299 30841 D EvsDriver: forwardFrame
05-27 18:33:34.153 13911 14183 I SentryImuMcuAngleSender: 179.97897rollDeg
05-27 18:33:34.153 13911 14183 I SentryImuMcuAngleSender: 1,0,0
05-27 18:33:34.154   299 30841 D EvsDriver: Delivered 0xb400007b7ca56a60 as id 0
05-27 18:33:34.154  1167  1184 D evsmanagerd: /dev/video4 forwarded the buffer #0 to 0xb4000074bf5f6850 from 0xb4000074bf5f41d0
05-27 18:33:34.158   299  1163 D EvsDriver: doneWithFrame
05-27 18:33:34.161  1008 30857 D [OMXB]  : usingANWBuffer: handle:0xee743df0, format:1, w:1920, h:1080
05-27 18:33:34.162   581   581 I SpiService: fgesysctrl_getGPIO_status success val=1
05-27 08:24:43.126   581   581 D spi_rst_gpio_get_output: GPIO 145 value: 1
05-27 08:24:43.126   581   581 D spidev_ioctl: gpio status=1)
05-27 18:33:34.168   581   581 I SpiService: fgesysctrl_getGPIO_status success val=1
05-27 08:24:43.132   581   581 D spi_rst_gpio_get_output: GPIO 145 value: 1
05-27 08:24:43.132   581   581 D spidev_ioctl: gpio status=1)
05-27 18:33:34.170   536   536 D commservice260303: msg.id = 1028,1
05-27 18:33:34.170   536   536 D commservice260303: i = 170, msgid = 8A000404
05-27 18:33:34.170   536   536 D commservice260303: msgid = -1979710460,did=138
05-27 18:33:34.170   536   536 D commservice260303: CommProtocolLibCmdBaseI2C::dataproc {"command":{"id":"imu_status","sub":""},"content":{"TimeStamp":9,"FrameCounter":230115,"GD_X":-0.011377211660146713,"GD_Y":0.005345047451555729,"GD_Z":0.0019848872907459736,"AD_X":-0.0028052181005477905,"AD_Y":6.938069127500057E-4,"AD_Z":-0.169464111328125,"TempDsp":0,"Status":0,"CalibState":1,"SigAmpInvalid":0}},-1979710460
05-27 18:33:34.170   536   536 D commservice260303: send2Cluster len:314, 7B22636F6D6D616E64223A7B226964223A22696D755F737461747573222C22737562223A22227D2C22636F6E74656E74223A7B2254696D655374616D70223A392C224672616D65436F756E746572223A3233303131352C2247445F58223A2D302E3031313337373231313636303134363731332C2247445F59223A302E3030353334353034373435313535353732392C2247445F5A223A302E303031393834383837323930373435393733362C2241445F58223A2D302E303032383035323138313030353437373930352C2241445F59223A362E393338303639313237353030303537452D342C2241445F5A223A2D302E3136393436343131313332383132352C2254656D70447370223A302C22537461747573223A302C2243616C69625374617465223A312C22536967416D70496E76616C6964223A307D7D, 138 
05-27 18:33:34.170   536   536 D commservice260303: Push Message into SendPool fn=-457112832
05-27 18:33:34.170   536   536 D commservice260303: ComProtocolLibSend2Cluster::send2ClusterRaw fn=-457112832 , len=330
05-27 18:33:34.170   536   536 D commservice260303: sendCmdToPort :330!!!
05-27 18:33:34.170   536   536 D commservice260303: send Cmd To Port ++++5AA501468A010003C1E46A16C87E7B22636F6D6D616E64223A7B226964223A22696D755F737461747573222C22737562223A22227D2C22636F6E74656E74223A7B2254696D655374616D70223A392C224672616D65436F756E746572223A3233303131352C2247445F58223A2D302E3031313337373231313636303134363731332C2247445F59223A302E3030353334353034373435313535353732392C2247445F5A223A302E303031393834383837323930373435393733362C2241445F58223A2D302E303032383035323138313030353437373930352C2241445F59223A362E393338303639313237353030303537452D342C2241445F5A223A2D302E3136393436343131313332383132352C2254656D70447370223A302C22537461747573223A302C2243616C69625374617465223A312C22536967416D70496E76616C6964223A307D7D4C5E
05-27 18:33:34.170   536   536 D commservice260303: bufferevent_write retrun value = 0
05-27 18:33:34.170   536   560 D commservice260303: client datas send succeed,send finish
05-27 18:33:34.171 13911 14192 D Sentinelmode_1.2.5.17_sentry: <SentryImuClusterFgeSender>imu_status sent to Linux, frame=230115, tsNs=9881409, tsMs=9, intervalMs=39, ad=(-0.002805218,6.938069E-4,-0.16946411), gd=(-0.011377212,0.0053450475,0.0019848873)
05-27 18:33:34.172 13549 13549 I ADAYO_LOG_: handleMessage(UsbFunc.java:352)copyQnx = 0
05-27 18:33:34.172 13549 13549 I ADAYO_LOG_: handleMessage(UsbFunc.java:404)copyState = 2
05-27 18:33:34.173   581   581 I SpiService: fgesysctrl_getGPIO_status success val=1
05-27 18:33:34.173 13911 14183 I SentryImuMcuAngleSender: 179.97899rollDeg
05-27 18:33:34.173 13911 14183 I SentryImuMcuAngleSender: 1,0,0
05-27 18:33:34.176  1008 30856 D [OMXB]  : usingANWBuffer: handle:0xee741ae0, format:1, w:1920, h:1080
05-27 08:24:43.138   581   581 D spi_rst_gpio_get_output: GPIO 145 value: 1
05-27 08:24:43.138   581   581 D spidev_ioctl: gpio status=1)
05-27 18:33:34.177   572   622 I Sensors : 230 AccelSensor: x:-0.166530,y:0.003659,z:-9.974720
05-27 18:33:34.177   299 30841 D EvsDriver: forwardFrame
05-27 18:33:34.179   581   581 I SpiService: fgesysctrl_getGPIO_status success val=1
05-27 18:33:34.180   299 30841 D EvsDriver: Delivered 0xb400007b7ca56a60 as id 0
05-27 18:33:34.180  1167  1184 D evsmanagerd: /dev/video4 forwarded the buffer #0 to 0xb4000074bf5f6850 from 0xb4000074bf5f41d0
05-27 08:24:43.144   581   581 D spi_rst_gpio_get_output: GPIO 145 value: 1
05-27 08:24:43.144   581   581 D spidev_ioctl: gpio status=1)
05-27 18:33:34.184   299 30844 D EvsDriver: forwardFrame
05-27 18:33:34.185   581   581 I SpiService: fgesysctrl_getGPIO_status success val=1
05-27 18:33:34.186   299  1163 D EvsDriver: doneWithFrame
05-27 08:24:43.150   581   581 D spi_rst_gpio_get_output: GPIO 145 value: 1
05-27 08:24:43.150   581   581 D spidev_ioctl: gpio status=1)
05-27 18:33:34.189  1077  1077 D TboxPowerHelperZmq: lease keepalive owner=tbox_ap_1122_14296_54645e6d req=2806016758563997621
05-27 18:33:34.190   299 30844 D EvsDriver: Delivered 0xb400007b7ca56900 as id 0
05-27 18:33:34.191  1167  1184 D evsmanagerd: /dev/video6 forwarded the buffer #0 to 0xb4000074bf5f5510 from 0xb4000074bf5f6d90
05-27 18:33:34.192   581   581 I SpiService: fgesysctrl_getGPIO_status success val=0
05-27 18:33:34.192   481   597 I mcuc    : send SPI:6AA6006C9E00020601ED
05-27 08:24:43.156   581   581 D spi_rst_gpio_get_output: GPIO 145 value: 0
05-27 08:24:43.156   581   581 D spidev_ioctl: gpio status=0)
05-27 18:33:34.193 13911 14183 I SentryImuMcuAngleSender: 179.97899rollDeg
05-27 18:33:34.193   299  1163 D EvsDriver: doneWithFrame
05-27 18:33:34.193 13911 14183 I SentryImuMcuAngleSender: 1,0,0
05-27 18:33:34.196   283   307 I rvcservice: t.code = 0, t.value = 4880
05-27 18:33:34.197 13911 14183 I SentryImuMcuAngleSender: [4, 18, 1, 0, 0],5
05-27 18:33:34.198 13911 14183 I McuCommManager: mcuCommSendcmd [4, 18, 1, 0, 0]
05-27 18:33:34.198 13911 14183 I SentryImuMcuAngleSender: true
05-27 18:33:34.198 13911 14183 W Sentinelmode_1.2.5.17_sentry: <SentryImuMcuAngleSender>MCU IMU send interval abnormal: 1002ms
05-27 18:33:34.201  1008 30857 D [OMXB]  : usingANWBuffer: handle:0xee7454a0, format:1, w:1920, h:1080
05-27 18:33:34.207   581   581 I SpiService: fgesysctrl_getGPIO_status success val=1
05-27 08:24:43.172   581   581 D spi_rst_gpio_get_output: GPIO 145 value: 1
05-27 08:24:43.172   581   581 D spidev_ioctl: gpio status=1)
05-27 18:33:34.209   536   536 D commservice260303: msg.id = 1028,0
05-27 18:33:34.210   536   536 D commservice260303: i = 170, msgid = 8A000404
05-27 18:33:34.210   536   536 D commservice260303: msgid = -1979710460,did=138
05-27 18:33:34.210   536   536 D commservice260303: CommProtocolLibCmdBaseI2C::dataproc {"command":{"id":"imu_status","sub":""},"content":{"TimeStamp":9,"FrameCounter":230116,"GD_X":-0.011834942735731602,"GD_Y":0.006185087841004133,"GD_Z":0.0023671966046094894,"AD_X":-3.7942826747894287E-4,"AD_Y":0.003122851485386491,"AD_Z":-0.169464111328125,"TempDsp":0,"Status":0,"CalibState":1,"SigAmpInvalid":0}},-1979710460
05-27 18:33:34.210  1008 30856 D [OMXB]  : usingANWBuffer: handle:0xee743be0, format:1, w:1920, h:1080
05-27 18:33:34.210   536   536 D commservice260303: send2Cluster len:314, 7B22636F6D6D616E64223A7B226964223A22696D755F737461747573222C22737562223A22227D2C22636F6E74656E74223A7B2254696D655374616D70223A392C224672616D65436F756E746572223A3233303131362C2247445F58223A2D302E3031313833343934323733353733313630322C2247445F59223A302E3030363138353038373834313030343133332C2247445F5A223A302E303032333637313936363034363039343839342C2241445F58223A2D332E37393432383236373437383934323837452D342C2241445F59223A302E3030333132323835313438353338363439312C2241445F5A223A2D302E3136393436343131313332383132352C2254656D70447370223A302C22537461747573223A302C2243616C69625374617465223A312C22536967416D70496E76616C6964223A307D7D, 138 
05-27 18:33:34.210   536   536 D commservice260303: Push Message into SendPool fn=-440335616
05-27 18:33:34.210   536   536 D commservice260303: ComProtocolLibSend2Cluster::send2ClusterRaw fn=-440335616 , len=330
05-27 18:33:34.210   536   536 D commservice260303: sendCmdToPort :330!!!
05-27 18:33:34.210   536   536 D commservice260303: send Cmd To Port ++++5AA501468A010003C1E56A16C87E7B22636F6D6D616E64223A7B226964223A22696D755F737461747573222C22737562223A22227D2C22636F6E74656E74223A7B2254696D655374616D70223A392C224672616D65436F756E746572223A3233303131362C2247445F58223A2D302E3031313833343934323733353733313630322C2247445F59223A302E3030363138353038373834313030343133332C2247445F5A223A302E303032333637313936363034363039343839342C2241445F58223A2D332E37393432383236373437383934323837452D342C2241445F59223A302E3030333132323835313438353338363439312C2241445F5A223A2D302E3136393436343131313332383132352C2254656D70447370223A302C22537461747573223A302C2243616C69625374617465223A312C22536967416D70496E76616C6964223A307D7DB57F
