05-27 18:33:30.556   536   536 D commservice260303: send2Cluster len:317, 7B22636F6D6D616E64223A7B226964223A22696D755F737461747573222C22737562223A22227D2C22636F6E74656E74223A7B2254696D655374616D70223A392C224672616D65436F756E746572223A3233303032362C2247445F58223A2D302E3031323239333139333438393331333132362C2247445F59223A302E3030353830323737383532373134303631372C2247445F5A223A302E303031393037393035333330383831343736342C2241445F58223A2D302E3030333533373232323734333033343336332C2241445F59223A2D332E32303039373139383730393834353534452D342C2241445F5A223A2D302E31363934373336343830373132383930362C2254656D70447370223A302C22537461747573223A302C2243616C69625374617465223A312C22536967416D70496E76616C6964223A307D7D, 138 
05-27 18:33:30.556   536   536 D commservice260303: Push Message into SendPool fn=-1983839488
05-27 18:33:30.556   581   581 I SpiService: fgesysctrl_getGPIO_status success val=1
05-27 18:33:30.556   536   536 D commservice260303: ComProtocolLibSend2Cluster::send2ClusterRaw fn=-1983839488 , len=333
05-27 18:33:30.556   536   536 D commservice260303: sendCmdToPort :333!!!
05-27 18:33:30.556   536   536 D commservice260303: send Cmd To Port ++++5AA501498A010003C1896A16C87A7B22636F6D6D616E64223A7B226964223A22696D755F737461747573222C22737562223A22227D2C22636F6E74656E74223A7B2254696D655374616D70223A392C224672616D65436F756E746572223A3233303032362C2247445F58223A2D302E3031323239333139333438393331333132362C2247445F59223A302E3030353830323737383532373134303631372C2247445F5A223A302E303031393037393035333330383831343736342C2241445F58223A2D302E3030333533373232323734333033343336332C2241445F59223A2D332E32303039373139383730393834353534452D342C2241445F5A223A2D302E31363934373336343830373132383930362C2254656D70447370223A302C22537461747573223A302C2243616C69625374617465223A312C22536967416D70496E76616C6964223A307D7DC043
05-27 18:33:30.556   536   536 D commservice260303: bufferevent_write retrun value = 0
05-27 18:33:30.556   536   560 D commservice260303: client datas send succeed,send finish
05-27 18:33:30.556 13911 14192 D Sentinelmode_1.2.5.17_sentry: <SentryImuClusterFgeSender>imu_status sent to Linux, frame=230026, tsNs=9877790, tsMs=9, intervalMs=41, ad=(-0.0035372227,-3.200972E-4,-0.16947365), gd=(-0.0122931935,0.0058027785,0.0019079053)
05-27 08:24:39.520   581   581 D spi_rst_gpio_get_output: GPIO 145 value: 1
05-27 08:24:39.520   581   581 D spidev_ioctl: gpio status=1)
05-27 18:33:30.561 13911 14183 I SentryImuMcuAngleSender: 179.993rollDeg
05-27 18:33:30.561 13911 14183 I SentryImuMcuAngleSender: 1,0,0
05-27 18:33:30.561   581   581 I SpiService: fgesysctrl_getGPIO_status success val=1
05-27 08:24:39.526   581   581 D spi_rst_gpio_get_output: GPIO 145 value: 1
05-27 08:24:39.526   581   581 D spidev_ioctl: gpio status=1)
05-27 18:33:30.567   581   581 I SpiService: fgesysctrl_getGPIO_status success val=1
05-27 08:24:39.531   581   581 D spi_rst_gpio_get_output: GPIO 145 value: 1
05-27 08:24:39.531   581   581 D spidev_ioctl: gpio status=1)
05-27 18:33:30.572   581   581 I SpiService: fgesysctrl_getGPIO_status success val=0
05-27 08:24:39.536   581   581 D spi_rst_gpio_get_output: GPIO 145 value: 0
05-27 08:24:39.536   581   581 D spidev_ioctl: gpio status=0)
05-27 18:33:30.582 13911 14183 I SentryImuMcuAngleSender: 179.99649rollDeg
05-27 18:33:30.582 13911 14183 I SentryImuMcuAngleSender: 1,0,0
05-27 18:33:30.583   283   307 I rvcservice: t.code = 7, t.value = 9877726
05-27 18:33:30.586   581   581 I SpiService: fgesysctrl_getGPIO_status success val=1
05-27 08:24:39.550   581   581 D spi_rst_gpio_get_output: GPIO 145 value: 1
05-27 08:24:39.550   581   581 D spidev_ioctl: gpio status=1)
05-27 18:33:30.590   299 30844 D EvsDriver: forwardFrame
05-27 18:33:30.590   299 30841 D EvsDriver: forwardFrame
05-27 18:33:30.591   299 30844 D EvsDriver: Delivered 0xb400007b7ca56900 as id 0
05-27 18:33:30.591   299 30841 D EvsDriver: Delivered 0xb400007b7ca56a60 as id 0
05-27 18:33:30.591  1167  1167 D evsmanagerd: /dev/video6 forwarded the buffer #0 to 0xb4000074bf5f5510 from 0xb4000074bf5f6d90
05-27 18:33:30.591  1167  1479 D evsmanagerd: /dev/video4 forwarded the buffer #0 to 0xb4000074bf5f6850 from 0xb4000074bf5f41d0
05-27 18:33:30.591   581   581 I SpiService: fgesysctrl_getGPIO_status success val=1
05-27 08:24:39.556   581   581 D spi_rst_gpio_get_output: GPIO 145 value: 1
05-27 08:24:39.556   581   581 D spidev_ioctl: gpio status=1)
05-27 18:33:30.594   299  1153 D EvsDriver: doneWithFrame
05-27 18:33:30.594   299  1163 D EvsDriver: doneWithFrame
05-27 18:33:30.596   536   536 D commservice260303: msg.id = 1028,0
05-27 18:33:30.596   536   536 D commservice260303: i = 170, msgid = 8A000404
05-27 18:33:30.596   536   536 D commservice260303: msgid = -1979710460,did=138
05-27 18:33:30.596   536   536 D commservice260303: CommProtocolLibCmdBaseI2C::dataproc {"command":{"id":"imu_status","sub":""},"content":{"TimeStamp":9,"FrameCounter":230027,"GD_X":-0.01221725158393383,"GD_Y":0.005420989356935024,"GD_Z":0.0019079053308814764,"AD_X":-0.0023205578327178955,"AD_Y":-0.002738978248089552,"AD_Z":-0.17130374908447266,"TempDsp":0,"Status":0,"CalibState":1,"SigAmpInvalid":0}},-1979710460
05-27 18:33:30.596   536   536 D commservice260303: send2Cluster len:316, 7B22636F6D6D616E64223A7B226964223A22696D755F737461747573222C22737562223A22227D2C22636F6E74656E74223A7B2254696D655374616D70223A392C224672616D65436F756E746572223A3233303032372C2247445F58223A2D302E30313232313732353135383339333338332C2247445F59223A302E3030353432303938393335363933353032342C2247445F5A223A302E303031393037393035333330383831343736342C2241445F58223A2D302E303032333230353537383332373137383935352C2241445F59223A2D302E3030323733383937383234383038393535322C2241445F5A223A2D302E31373133303337343930383434373236362C2254656D70447370223A302C22537461747573223A302C2243616C69625374617465223A312C22536967416D70496E76616C6964223A307D7D, 138 
05-27 18:33:30.596   536   536 D commservice260303: Push Message into SendPool fn=-1967062272
05-27 18:33:30.596   536   536 D commservice260303: ComProtocolLibSend2Cluster::send2ClusterRaw fn=-1967062272 , len=332
05-27 18:33:30.596   536   536 D commservice260303: sendCmdToPort :332!!!
05-27 18:33:30.596   536   536 D commservice260303: send Cmd To Port ++++5AA501488A010003C18A6A16C87A7B22636F6D6D616E64223A7B226964223A22696D755F737461747573222C22737562223A22227D2C22636F6E74656E74223A7B2254696D655374616D70223A392C224672616D65436F756E746572223A3233303032372C2247445F58223A2D302E30313232313732353135383339333338332C2247445F59223A302E3030353432303938393335363933353032342C2247445F5A223A302E303031393037393035333330383831343736342C2241445F58223A2D302E303032333230353537383332373137383935352C2241445F59223A2D302E3030323733383937383234383038393535322C2241445F5A223A2D302E31373133303337343930383434373236362C2254656D70447370223A302C22537461747573223A302C2243616C69625374617465223A312C22536967416D70496E76616C6964223A307D7D55D5
05-27 18:33:30.596   536   536 D commservice260303: bufferevent_write retrun value = 0
05-27 18:33:30.597   536   560 D commservice260303: client datas send succeed,send finish
05-27 18:33:30.597 13911 14192 D Sentinelmode_1.2.5.17_sentry: <SentryImuClusterFgeSender>imu_status sent to Linux, frame=230027, tsNs=9877845, tsMs=9, intervalMs=40, ad=(-0.0023205578,-0.0027389782,-0.17130375), gd=(-0.012217252,0.0054209894,0.0019079053)
05-27 18:33:30.597   581   581 I SpiService: fgesysctrl_getGPIO_status success val=1
05-27 08:24:39.562   581   581 D spi_rst_gpio_get_output: GPIO 145 value: 1
05-27 08:24:39.562   581   581 D spidev_ioctl: gpio status=1)
05-27 18:33:30.602   581   581 I SpiService: fgesysctrl_getGPIO_status success val=1
05-27 18:33:30.603 13911 14183 I SentryImuMcuAngleSender: 180.0rollDeg
05-27 18:33:30.603 13911 14183 I SentryImuMcuAngleSender: 1,0,0
05-27 08:24:39.567   581   581 D spi_rst_gpio_get_output: GPIO 145 value: 1
05-27 08:24:39.567   581   581 D spidev_ioctl: gpio status=1)
05-27 18:33:30.608   581   581 I SpiService: fgesysctrl_getGPIO_status success val=0
05-27 08:24:39.572   581   581 D spi_rst_gpio_get_output: GPIO 145 value: 0
05-27 08:24:39.573   581   581 D spidev_ioctl: gpio status=0)
05-27 18:33:30.611 30773 30787 I dvr_service_: [runShortMediaThread:298] cameraId:0 medias:300,audios:220,stateAudio:0,mShortState:0,warnEvent:0,state:1
05-27 18:33:30.615   299 30844 D EvsDriver: forwardFrame
05-27 18:33:30.615   299 30844 D EvsDriver: Delivered 0xb400007b7ca56900 as id 0
05-27 18:33:30.616   299 30841 D EvsDriver: forwardFrame
05-27 18:33:30.616  1167  1479 D evsmanagerd: /dev/video6 forwarded the buffer #0 to 0xb4000074bf5f5510 from 0xb4000074bf5f6d90
05-27 18:33:30.616 30773 30773 E dvr_service_: [myNum:1] Received S**** loss
05-27 18:33:30.616   299  1163 D EvsDriver: doneWithFrame
05-27 18:33:30.616   299 30841 D EvsDriver: Delivered 0xb400007b7ca56a60 as id 0
05-27 18:33:30.616  1167  1479 D evsmanagerd: /dev/video4 forwarded the buffer #0 to 0xb4000074bf5f6850 from 0xb4000074bf5f41d0
05-27 18:33:30.617 30773 30773 E dvr_service_: [myNum:0] Received S**** loss
05-27 18:33:30.617   299  1163 D EvsDriver: doneWithFrame
05-27 18:33:30.622   581   581 I SpiService: fgesysctrl_getGPIO_status success val=1
05-27 18:33:30.624 13911 14183 I SentryImuMcuAngleSender: 180.0rollDeg
05-27 18:33:30.624 13911 14183 I SentryImuMcuAngleSender: 1,0,0
05-27 08:24:39.587   581   581 D spi_rst_gpio_get_output: GPIO 145 value: 1
05-27 08:24:39.587   581   581 D spidev_ioctl: gpio status=1)
05-27 18:33:30.628   581   581 I SpiService: fgesysctrl_getGPIO_status success val=1
05-27 08:24:39.592   581   581 D spi_rst_gpio_get_output: GPIO 145 value: 1
05-27 08:24:39.592   581   581 D spidev_ioctl: gpio status=1)
05-27 18:33:30.633   581   581 I SpiService: fgesysctrl_getGPIO_status success val=1
05-27 18:33:30.636   536   536 D commservice260303: msg.id = 1028,0
05-27 18:33:30.636   536   536 D commservice260303: i = 170, msgid = 8A000404
05-27 18:33:30.636   536   536 D commservice260303: msgid = -1979710460,did=138
05-27 18:33:30.636   536   536 D commservice260303: CommProtocolLibCmdBaseI2C::dataproc {"command":{"id":"imu_status","sub":""},"content":{"TimeStamp":9,"FrameCounter":230028,"GD_X":-0.012063807807862759,"GD_Y":0.004963258747011423,"GD_Z":0.002213752595707774,"AD_X":-0.001114487648010254,"AD_Y":9.26189823076129E-4,"AD_Z":-0.16825485229492188,"TempDsp":0,"Status":0,"CalibState":1,"SigAmpInvalid":0}},-1979710460
05-27 18:33:30.636   536   536 D commservice260303: send2Cluster len:313, 7B22636F6D6D616E64223A7B226964223A22696D755F737461747573222C22737562223A22227D2C22636F6E74656E74223A7B2254696D655374616D70223A392C224672616D65436F756E746572223A3233303032382C2247445F58223A2D302E3031323036333830373830373836323735392C2247445F59223A302E3030343936333235383734373031313432332C2247445F5A223A302E3030323231333735323539353730373737342C2241445F58223A2D302E3030313131343438373634383031303235342C2241445F59223A392E3236313839383233303736313239452D342C2241445F5A223A2D302E31363832353438353232393439323138382C2254656D70447370223A302C22537461747573223A302C2243616C69625374617465223A312C22536967416D70496E76616C6964223A307D7D, 138 
05-27 18:33:30.636   536   536 D commservice260303: Push Message into SendPool fn=-1950285056
05-27 18:33:30.636   536   536 D commservice260303: ComProtocolLibSend2Cluster::send2ClusterRaw fn=-1950285056 , len=329
05-27 18:33:30.636   536   536 D commservice260303: sendCmdToPort :329!!!
05-27 18:33:30.636   536   536 D commservice260303: send Cmd To Port ++++5AA501458A010003C18B6A16C87A7B22636F6D6D616E64223A7B226964223A22696D755F737461747573222C22737562223A22227D2C22636F6E74656E74223A7B2254696D655374616D70223A392C224672616D65436F756E746572223A3233303032382C2247445F58223A2D302E3031323036333830373830373836323735392C2247445F59223A302E3030343936333235383734373031313432332C2247445F5A223A302E3030323231333735323539353730373737342C2241445F58223A2D302E3030313131343438373634383031303235342C2241445F59223A392E3236313839383233303736313239452D342C2241445F5A223A2D302E31363832353438353232393439323138382C2254656D70447370223A302C22537461747573223A302C2243616C69625374617465223A312C22536967416D70496E76616C6964223A307D7D5EFD
05-27 18:33:30.636   536   536 D commservice260303: bufferevent_write retrun value = 0
05-27 18:33:30.636   536   560 D commservice260303: client datas send succeed,send finish
05-27 18:33:30.637 13911 14192 D Sentinelmode_1.2.5.17_sentry: <SentryImuClusterFgeSender>imu_status sent to Linux, frame=230028, tsNs=9877879, tsMs=9, intervalMs=40, ad=(-0.0011144876,9.261898E-4,-0.16825485), gd=(-0.012063808,0.0049632587,0.0022137526)
05-27 08:24:39.598   581   581 D spi_rst_gpio_get_output: GPIO 145 value: 1
05-27 08:24:39.598   581   581 D spidev_ioctl: gpio status=1)
05-27 18:33:30.639   581   581 I SpiService: fgesysctrl_getGPIO_status success val=1
05-27 08:24:39.603   581   581 D spi_rst_gpio_get_output: GPIO 145 value: 1
05-27 08:24:39.603   581   581 D spidev_ioctl: gpio status=1)
05-27 18:33:30.644   581   581 I SpiService: fgesysctrl_getGPIO_status success val=1
05-27 08:24:39.609   581   581 D spi_rst_gpio_get_output: GPIO 145 value: 1
05-27 08:24:39.609   581   581 D spidev_ioctl: gpio status=1)
05-27 18:33:30.645 13911 14183 I SentryImuMcuAngleSender: 179.97897rollDeg
05-27 18:33:30.645 13911 14183 I SentryImuMcuAngleSender: 1,0,0
05-27 18:33:30.646   572   622 I Sensors : 230 AccelSensor: x:-0.169580,y:0.005490,z:-9.972281
05-27 18:33:30.649   299 30844 D EvsDriver: forwardFrame
05-27 18:33:30.649   299 30841 D EvsDriver: forwardFrame
05-27 18:33:30.650   299 30841 D EvsDriver: Delivered 0xb400007b7ca56a60 as id 0
05-27 18:33:30.650   299 30844 D EvsDriver: Delivered 0xb400007b7ca56900 as id 0
05-27 18:33:30.650   581   581 I SpiService: fgesysctrl_getGPIO_status success val=0
05-27 18:33:30.650  1167  1479 D evsmanagerd: /dev/video4 forwarded the buffer #0 to 0xb4000074bf5f6850 from 0xb4000074bf5f41d0
05-27 18:33:30.650  1167  1167 D evsmanagerd: /dev/video6 forwarded the buffer #0 to 0xb4000074bf5f5510 from 0xb4000074bf5f6d90
05-27 18:33:30.652   299  1163 D EvsDriver: doneWithFrame
05-27 18:33:30.653   299  1163 D EvsDriver: doneWithFrame
05-27 08:24:39.614   581   581 D spi_rst_gpio_get_output: GPIO 145 value: 0
05-27 08:24:39.614   581   581 D spidev_ioctl: gpio status=0)
05-27 18:33:30.664   581   581 I SpiService: fgesysctrl_getGPIO_status success val=1
05-27 08:24:39.629   581   581 D spi_rst_gpio_get_output: GPIO 145 value: 1
05-27 08:24:39.629   581   581 D spidev_ioctl: gpio status=1)
05-27 18:33:30.665 13911 14183 I SentryImuMcuAngleSender: 179.97897rollDeg
05-27 18:33:30.665 13911 14183 I SentryImuMcuAngleSender: 1,0,0
05-27 18:33:30.669   581   581 I SpiService: fgesysctrl_getGPIO_status success val=1
05-27 08:24:39.634   581   581 D spi_rst_gpio_get_output: GPIO 145 value: 1
05-27 08:24:39.634   581   581 D spidev_ioctl: gpio status=1)
05-27 18:33:30.675   581   581 I SpiService: fgesysctrl_getGPIO_status success val=1
05-27 18:33:30.676   536   536 D commservice260303: msg.id = 1028,1
05-27 18:33:30.676   536   536 D commservice260303: i = 170, msgid = 8A000404
05-27 18:33:30.676   536   536 D commservice260303: msgid = -1979710460,did=138
05-27 18:33:30.677   536   536 D commservice260303: CommProtocolLibCmdBaseI2C::dataproc {"command":{"id":"imu_status","sub":""},"content":{"TimeStamp":9,"FrameCounter":230029,"GD_X":-0.011682018637657166,"GD_Y":0.0051151420921087265,"GD_Z":0.0020608289632946253,"AD_X":-0.0041579753160476685,"AD_Y":9.146628435701132E-4,"AD_Z":-0.16825485229492188,"TempDsp":0,"Status":0,"CalibState":1,"SigAmpInvalid":0}},-1979710460
05-27 18:33:30.677   536   536 D commservice260303: send2Cluster len:317, 7B22636F6D6D616E64223A7B226964223A22696D755F737461747573222C22737562223A22227D2C22636F6E74656E74223A7B2254696D655374616D70223A392C224672616D65436F756E746572223A3233303032392C2247445F58223A2D302E3031313638323031383633373635373136362C2247445F59223A302E303035313135313432303932313038373236352C2247445F5A223A302E303032303630383238393633323934363235332C2241445F58223A2D302E303034313537393735333136303437363638352C2241445F59223A392E313436363238343335373031313332452D342C2241445F5A223A2D302E31363832353438353232393439323138382C2254656D70447370223A302C22537461747573223A302C2243616C69625374617465223A312C22536967416D70496E76616C6964223A307D7D, 138 
05-27 08:24:39.639   581   581 D spi_rst_gpio_get_output: GPIO 145 value: 1
05-27 08:24:39.639   581   581 D spidev_ioctl: gpio status=1)
05-27 18:33:30.677   536   536 D commservice260303: Push Message into SendPool fn=-1933507840
05-27 18:33:30.677   536   536 D commservice260303: ComProtocolLibSend2Cluster::send2ClusterRaw fn=-1933507840 , len=333
05-27 18:33:30.677   536   536 D commservice260303: sendCmdToPort :333!!!
05-27 18:33:30.677   536   536 D commservice260303: send Cmd To Port ++++5AA501498A010003C18C6A16C87A7B22636F6D6D616E64223A7B226964223A22696D755F737461747573222C22737562223A22227D2C22636F6E74656E74223A7B2254696D655374616D70223A392C224672616D65436F756E746572223A3233303032392C2247445F58223A2D302E3031313638323031383633373635373136362C2247445F59223A302E303035313135313432303932313038373236352C2247445F5A223A302E303032303630383238393633323934363235332C2241445F58223A2D302E303034313537393735333136303437363638352C2241445F59223A392E313436363238343335373031313332452D342C2241445F5A223A2D302E31363832353438353232393439323138382C2254656D70447370223A302C22537461747573223A302C2243616C69625374617465223A312C22536967416D70496E76616C6964223A307D7D4E12
05-27 18:33:30.677   536   536 D commservice260303: bufferevent_write retrun value = 0
05-27 18:33:30.677   536   560 D commservice260303: client datas send succeed,send finish
05-27 18:33:30.677 13911 14192 D Sentinelmode_1.2.5.17_sentry: <SentryImuClusterFgeSender>imu_status sent to Linux, frame=230029, tsNs=9877915, tsMs=9, intervalMs=41, ad=(-0.0041579753,9.1466284E-4,-0.16825485), gd=(-0.011682019,0.005115142,0.002060829)
05-27 18:33:30.680   581   581 I SpiService: fgesysctrl_getGPIO_status success val=1
05-27 08:24:39.644   581   581 D spi_rst_gpio_get_output: GPIO 145 value: 1
05-27 08:24:39.644   581   581 D spidev_ioctl: gpio status=1)
05-27 18:33:30.683   283   307 I rvcservice: t.code = 3, t.value = 0
05-27 18:33:30.684   299 30844 D EvsDriver: forwardFrame
05-27 18:33:30.684   299 30841 D EvsDriver: forwardFrame
05-27 18:33:30.685 13911 14183 I SentryImuMcuAngleSender: 179.97899rollDeg
05-27 18:33:30.685 13911 14183 I SentryImuMcuAngleSender: 1,0,0
05-27 18:33:30.685   581   581 I SpiService: fgesysctrl_getGPIO_status success val=1
05-27 18:33:30.685   299 30844 D EvsDriver: Delivered 0xb400007b7ca56900 as id 0
05-27 18:33:30.685  1167  1479 D evsmanagerd: /dev/video6 forwarded the buffer #0 to 0xb4000074bf5f5510 from 0xb4000074bf5f6d90
05-27 18:33:30.686   299 30841 D EvsDriver: Delivered 0xb400007b7ca56a60 as id 0
05-27 18:33:30.686  1167  1479 D evsmanagerd: /dev/video4 forwarded the buffer #0 to 0xb4000074bf5f6850 from 0xb4000074bf5f41d0
05-27 18:33:30.688   299  1163 D EvsDriver: doneWithFrame
05-27 18:33:30.688   299  1153 D EvsDriver: doneWithFrame
05-27 08:24:39.650   581   581 D spi_rst_gpio_get_output: GPIO 145 value: 1
05-27 08:24:39.650   581   581 D spidev_ioctl: gpio status=1)
05-27 18:33:30.691   581   581 I SpiService: fgesysctrl_getGPIO_status success val=0
05-27 08:24:39.655   581   581 D spi_rst_gpio_get_output: GPIO 145 value: 0
05-27 08:24:39.656   581   581 D spidev_ioctl: gpio status=0)
05-27 18:33:30.705   581   581 I SpiService: fgesysctrl_getGPIO_status success val=1
05-27 18:33:30.706 13911 14183 I SentryImuMcuAngleSender: 179.98248rollDeg
05-27 18:33:30.706 13911 14183 I SentryImuMcuAngleSender: 1,0,0
05-27 08:24:39.670   581   581 D spi_rst_gpio_get_output: GPIO 145 value: 1
05-27 08:24:39.670   581   581 D spidev_ioctl: gpio status=1)
05-27 18:33:30.711   581   581 I SpiService: fgesysctrl_getGPIO_status success val=1
05-27 08:24:39.675   581   581 D spi_rst_gpio_get_output: GPIO 145 value: 1
05-27 08:24:39.675   581   581 D spidev_ioctl: gpio status=1)
05-27 18:33:30.714   299 30841 D EvsDriver: forwardFrame
05-27 18:33:30.714   299 30844 D EvsDriver: forwardFrame
05-27 18:33:30.716   299 30841 D EvsDriver: Delivered 0xb400007b7ca56a60 as id 0
05-27 18:33:30.716   299 30844 D EvsDriver: Delivered 0xb400007b7ca56900 as id 0
05-27 18:33:30.716  1167  1167 D evsmanagerd: /dev/video6 forwarded the buffer #0 to 0xb4000074bf5f5510 from 0xb4000074bf5f6d90
05-27 18:33:30.716  1167  1479 D evsmanagerd: /dev/video4 forwarded the buffer #0 to 0xb4000074bf5f6850 from 0xb4000074bf5f41d0
05-27 18:33:30.716   581   581 I SpiService: fgesysctrl_getGPIO_status success val=1
05-27 08:24:39.681   581   581 D spi_rst_gpio_get_output: GPIO 145 value: 1
05-27 08:24:39.681   581   581 D spidev_ioctl: gpio status=1)
05-27 18:33:30.718   536   536 D commservice260303: msg.id = 1028,1
05-27 18:33:30.718   536   536 D commservice260303: i = 170, msgid = 8A000404
05-27 18:33:30.718   536   536 D commservice260303: msgid = -1979710460,did=138
05-27 18:33:30.718   536   536 D commservice260303: CommProtocolLibCmdBaseI2C::dataproc {"command":{"id":"imu_status","sub":""},"content":{"TimeStamp":9,"FrameCounter":230030,"GD_X":-0.011682018637657166,"GD_Y":0.004580949433147907,"GD_Z":0.0021378109231591225,"AD_X":-0.004151836037635803,"AD_Y":3.0200276523828506E-4,"AD_Z":-0.17130374908447266,"TempDsp":0,"Status":0,"CalibState":1,"SigAmpInvalid":0}},-1979710460
05-27 18:33:30.718   536   536 D commservice260303: send2Cluster len:316, 7B22636F6D6D616E64223A7B226964223A22696D755F737461747573222C22737562223A22227D2C22636F6E74656E74223A7B2254696D655374616D70223A392C224672616D65436F756E746572223A3233303033302C2247445F58223A2D302E3031313638323031383633373635373136362C2247445F59223A302E3030343538303934393433333134373930372C2247445F5A223A302E303032313337383130393233313539313232352C2241445F58223A2D302E3030343135313833363033373633353830332C2241445F59223A332E30323030323736353233383238353036452D342C2241445F5A223A2D302E31373133303337343930383434373236362C2254656D70447370223A302C22537461747573223A302C2243616C69625374617465223A312C22536967416D70496E76616C6964223A307D7D, 138 
05-27 18:33:30.718   536   536 D commservice260303: Push Message into SendPool fn=-1916730624
05-27 18:33:30.718   536   536 D commservice260303: ComProtocolLibSend2Cluster::send2ClusterRaw fn=-1916730624 , len=332
05-27 18:33:30.718   536   536 D commservice260303: sendCmdToPort :332!!!
05-27 18:33:30.718   536   536 D commservice260303: send Cmd To Port ++++5AA501488A010003C18D6A16C87A7B22636F6D6D616E64223A7B226964223A22696D755F737461747573222C22737562223A22227D2C22636F6E74656E74223A7B2254696D655374616D70223A392C224672616D65436F756E746572223A3233303033302C2247445F58223A2D302E3031313638323031383633373635373136362C2247445F59223A302E3030343538303934393433333134373930372C2247445F5A223A302E303032313337383130393233313539313232352C2241445F58223A2D302E3030343135313833363033373633353830332C2241445F59223A332E30323030323736353233383238353036452D342C2241445F5A223A2D302E31373133303337343930383434373236362C2254656D70447370223A302C22537461747573223A302C2243616C69625374617465223A312C22536967416D70496E76616C6964223A307D7D64E7
05-27 18:33:30.718   299  1163 D EvsDriver: doneWithFrame
05-27 18:33:30.718   536   536 D commservice260303: bufferevent_write retrun value = 0
05-27 18:33:30.718 13911 14192 D Sentinelmode_1.2.5.17_sentry: <SentryImuClusterFgeSender>imu_status sent to Linux, frame=230030, tsNs=9877951, tsMs=9, intervalMs=41, ad=(-0.004151836,3.0200277E-4,-0.17130375), gd=(-0.011682019,0.0045809494,0.002137811)
05-27 18:33:30.718   299  1153 D EvsDriver: doneWithFrame
05-27 18:33:30.718   536   560 D commservice260303: client datas send succeed,send finish
05-27 18:33:30.722   581   581 I SpiService: fgesysctrl_getGPIO_status success val=1
05-27 08:24:39.687   581   581 D spi_rst_gpio_get_output: GPIO 145 value: 1
05-27 08:24:39.687   581   581 D spidev_ioctl: gpio status=1)
05-27 18:33:30.727 13911 14183 I SentryImuMcuAngleSender: 179.98949rollDeg
05-27 18:33:30.727 13911 14183 I SentryImuMcuAngleSender: 1,0,0
05-27 18:33:30.728   581   581 I SpiService: fgesysctrl_getGPIO_status success val=1
05-27 08:24:39.692   581   581 D spi_rst_gpio_get_output: GPIO 145 value: 1
05-27 08:24:39.692   581   581 D spidev_ioctl: gpio status=1)
05-27 18:33:30.733   581   581 I SpiService: fgesysctrl_getGPIO_status success val=0
05-27 18:33:30.735   572   572 I Sensors : 230 GyroSensor: x:-0.011759,y:0.005039,z:0.002214
05-27 08:24:39.698   581   581 D spi_rst_gpio_get_output: GPIO 145 value: 0
05-27 08:24:39.698   581   581 D spidev_ioctl: gpio status=0)
05-27 18:33:30.747   581   581 I SpiService: fgesysctrl_getGPIO_status success val=1
05-27 18:33:30.747 13911 14183 I SentryImuMcuAngleSender: 179.986rollDeg
05-27 18:33:30.747 13911 14183 I SentryImuMcuAngleSender: 1,0,0
05-27 08:24:39.712   581   581 D spi_rst_gpio_get_output: GPIO 145 value: 1
05-27 08:24:39.712   581   581 D spidev_ioctl: gpio status=1)
05-27 18:33:30.750   299 30844 D EvsDriver: forwardFrame
05-27 18:33:30.750   299 30841 D EvsDriver: forwardFrame
05-27 18:33:30.751   299 30844 D EvsDriver: Delivered 0xb400007b7ca56900 as id 0
05-27 18:33:30.751  1167  1167 D evsmanagerd: /dev/video6 forwarded the buffer #0 to 0xb4000074bf5f5510 from 0xb4000074bf5f6d90
05-27 18:33:30.752  1167  1167 D evsmanagerd: /dev/video4 forwarded the buffer #0 to 0xb4000074bf5f6850 from 0xb4000074bf5f41d0
05-27 18:33:30.752   299 30841 D EvsDriver: Delivered 0xb400007b7ca56a60 as id 0
05-27 18:33:30.753   581   581 I SpiService: fgesysctrl_getGPIO_status success val=1
05-27 08:24:39.717   581   581 D spi_rst_gpio_get_output: GPIO 145 value: 1
05-27 18:33:30.753   299  1163 D EvsDriver: doneWithFrame
05-27 08:24:39.717   581   581 D spidev_ioctl: gpio status=1)
05-27 18:33:30.754   299  1163 D EvsDriver: doneWithFrame
05-27 18:33:30.758   536   536 D commservice260303: msg.id = 1028,0
05-27 18:33:30.758   536   536 D commservice260303: i = 170, msgid = 8A000404
05-27 18:33:30.758   536   536 D commservice260303: msgid = -1979710460,did=138
05-27 18:33:30.758   536   536 D commservice260303: CommProtocolLibCmdBaseI2C::dataproc {"command":{"id":"imu_status","sub":""},"content":{"TimeStamp":9,"FrameCounter":230031,"GD_X":-0.011070843786001205,"GD_Y":0.005420989356935024,"GD_Z":0.002443138277158141,"AD_X":1.0538101196289062E-4,"AD_Y":-0.001518336357548833,"AD_Z":-0.17069339752197266,"TempDsp":0,"Status":0,"CalibState":1,"SigAmpInvalid":0}},-1979710460
05-27 18:33:30.758   536   536 D commservice260303: send2Cluster len:315, 7B22636F6D6D616E64223A7B226964223A22696D755F737461747573222C22737562223A22227D2C22636F6E74656E74223A7B2254696D655374616D70223A392C224672616D65436F756E746572223A3233303033312C2247445F58223A2D302E3031313037303834333738363030313230352C2247445F59223A302E3030353432303938393335363933353032342C2247445F5A223A302E3030323434333133383237373135383134312C2241445F58223A312E30353338313031313936323839303632452D342C2241445F59223A2D302E3030313531383333363335373534383833332C2241445F5A223A2D302E31373036393333393735323139373236362C2254656D70447370223A302C22537461747573223A302C2243616C69625374617465223A312C22536967416D70496E76616C6964223A307D7D, 138 
05-27 18:33:30.758   536   536 D commservice260303: Push Message into SendPool fn=-1899953408
05-27 18:33:30.758   536   536 D commservice260303: ComProtocolLibSend2Cluster::send2ClusterRaw fn=-1899953408 , len=331
05-27 18:33:30.758   536   536 D commservice260303: sendCmdToPort :331!!!
05-27 18:33:30.758   536   536 D commservice260303: send Cmd To Port ++++5AA501478A010003C18E6A16C87A7B22636F6D6D616E64223A7B226964223A22696D755F737461747573222C22737562223A22227D2C22636F6E74656E74223A7B2254696D655374616D70223A392C224672616D65436F756E746572223A3233303033312C2247445F58223A2D302E3031313037303834333738363030313230352C2247445F59223A302E3030353432303938393335363933353032342C2247445F5A223A302E3030323434333133383237373135383134312C2241445F58223A312E30353338313031313936323839303632452D342C2241445F59223A2D302E3030313531383333363335373534383833332C2241445F5A223A2D302E31373036393333393735323139373236362C2254656D70447370223A302C22537461747573223A302C2243616C69625374617465223A312C22536967416D70496E76616C6964223A307D7D8B3B
05-27 18:33:30.758   536   536 D commservice260303: bufferevent_write retrun value = 0
05-27 18:33:30.758   581   581 I SpiService: fgesysctrl_getGPIO_status success val=1
05-27 18:33:30.758   536   560 D commservice260303: client datas send succeed,send finish
05-27 18:33:30.758 13911 14192 D Sentinelmode_1.2.5.17_sentry: <SentryImuClusterFgeSender>imu_status sent to Linux, frame=230031, tsNs=9878004, tsMs=9, intervalMs=40, ad=(1.0538101E-4,-0.0015183364,-0.1706934), gd=(-0.011070844,0.0054209894,0.0024431383)
05-27 08:24:39.723   581   581 D spi_rst_gpio_get_output: GPIO 145 value: 1
05-27 08:24:39.723   581   581 D spidev_ioctl: gpio status=1)
05-27 18:33:30.763   581   581 I SpiService: fgesysctrl_getGPIO_status success val=1
05-27 08:24:39.728   581   581 D spi_rst_gpio_get_output: GPIO 145 value: 1
05-27 08:24:39.728   581   581 D spidev_ioctl: gpio status=1)
05-27 18:33:30.767 13911 14183 I SentryImuMcuAngleSender: 179.993rollDeg
05-27 18:33:30.767 13911 14183 I SentryImuMcuAngleSender: 1,0,0
05-27 18:33:30.769   581   581 I SpiService: fgesysctrl_getGPIO_status success val=1
05-27 08:24:39.733   581   581 D spi_rst_gpio_get_output: GPIO 145 value: 1
05-27 08:24:39.733   581   581 D spidev_ioctl: gpio status=1)
05-27 18:33:30.774   581   581 I SpiService: fgesysctrl_getGPIO_status success val=0
05-27 08:24:39.739   581   581 D spi_rst_gpio_get_output: GPIO 145 value: 0
05-27 08:24:39.739   581   581 D spidev_ioctl: gpio status=0)
05-27 18:33:30.780 19196 19233 D ANWStack: Realtek Bluetooth :01 01 10 00
05-27 18:33:30.780   299 30841 D EvsDriver: forwardFrame
05-27 18:33:30.781   299 30841 D EvsDriver: Delivered 0xb400007b7ca56a60 as id 0
05-27 18:33:30.781  1167  1167 D evsmanagerd: /dev/video4 forwarded the buffer #0 to 0xb4000074bf5f6850 from 0xb4000074bf5f41d0
05-27 18:33:30.781 30773 30781 E dvr_service_: [myNum:0] Received S**** loss
05-27 18:33:30.782   299  1163 D EvsDriver: doneWithFrame
05-27 18:33:30.784   283   307 I rvcservice: t.code = 2, t.value = 9973500
05-27 18:33:30.787 13911 14183 I SentryImuMcuAngleSender: -179.99649rollDeg
05-27 18:33:30.788 13911 14183 I SentryImuMcuAngleSender: 1,0,0
05-27 18:33:30.788   581   581 I SpiService: fgesysctrl_getGPIO_status success val=1
05-27 08:24:39.752   581   581 D spi_rst_gpio_get_output: GPIO 145 value: 1
05-27 08:24:39.752   581   581 D spidev_ioctl: gpio status=1)
05-27 18:33:30.790   299 30844 D EvsDriver: forwardFrame
05-27 18:33:30.791   299 30844 D EvsDriver: Delivered 0xb400007b7ca56900 as id 0
05-27 18:33:30.791  1167  1167 D evsmanagerd: /dev/video6 forwarded the buffer #0 to 0xb4000074bf5f5510 from 0xb4000074bf5f6d90
05-27 18:33:30.791 30773 30781 E dvr_service_: [myNum:1] Received S**** loss
05-27 18:33:30.791   299  1163 D EvsDriver: doneWithFrame
05-27 18:33:30.793   581   581 I SpiService: fgesysctrl_getGPIO_status success val=1
05-27 08:24:39.758   581   581 D spi_rst_gpio_get_output: GPIO 145 value: 1
05-27 08:24:39.758   581   581 D spidev_ioctl: gpio status=1)
05-27 18:33:30.797   536   536 D commservice260303: msg.id = 1028,1
05-27 18:33:30.797   536   536 D commservice260303: i = 170, msgid = 8A000404
05-27 18:33:30.797   536   536 D commservice260303: msgid = -1979710460,did=138
05-27 18:33:30.797   536   536 D commservice260303: CommProtocolLibCmdBaseI2C::dataproc {"command":{"id":"imu_status","sub":""},"content":{"TimeStamp":9,"FrameCounter":230032,"GD_X":-0.011147825978696346,"GD_Y":0.004428025335073471,"GD_Z":0.002213752595707774,"AD_X":-0.0023417919874191284,"AD_Y":-0.002719090785831213,"AD_Z":-0.16947364807128906,"TempDsp":0,"Status":0,"CalibState":1,"SigAmpInvalid":0}},-1979710460
05-27 18:33:30.797   536   536 D commservice260303: send2Cluster len:316, 7B22636F6D6D616E64223A7B226964223A22696D755F737461747573222C22737562223A22227D2C22636F6E74656E74223A7B2254696D655374616D70223A392C224672616D65436F756E746572223A3233303033322C2247445F58223A2D302E3031313134373832353937383639363334362C2247445F59223A302E3030343432383032353333353037333437312C2247445F5A223A302E3030323231333735323539353730373737342C2241445F58223A2D302E303032333431373931393837343139313238342C2241445F59223A2D302E3030323731393039303738353833313231332C2241445F5A223A2D302E31363934373336343830373132383930362C2254656D70447370223A302C22537461747573223A302C2243616C69625374617465223A312C22536967416D70496E76616C6964223A307D7D, 138 
05-27 18:33:30.797   536   536 D commservice260303: Push Message into SendPool fn=-1883176192
05-27 18:33:30.797   536   536 D commservice260303: ComProtocolLibSend2Cluster::send2ClusterRaw fn=-1883176192 , len=332
05-27 18:33:30.797   536   536 D commservice260303: sendCmdToPort :332!!!
05-27 18:33:30.797   536   536 D commservice260303: send Cmd To Port ++++5AA501488A010003C18F6A16C87A7B22636F6D6D616E64223A7B226964223A22696D755F737461747573222C22737562223A22227D2C22636F6E74656E74223A7B2254696D655374616D70223A392C224672616D65436F756E746572223A3233303033322C2247445F58223A2D302E3031313134373832353937383639363334362C2247445F59223A302E3030343432383032353333353037333437312C2247445F5A223A302E3030323231333735323539353730373737342C2241445F58223A2D302E303032333431373931393837343139313238342C2241445F59223A2D302E3030323731393039303738353833313231332C2241445F5A223A2D302E31363934373336343830373132383930362C2254656D70447370223A302C22537461747573223A302C2243616C69625374617465223A312C22536967416D70496E76616C6964223A307D7DCD3C
05-27 18:33:30.798   536   536 D commservice260303: bufferevent_write retrun value = 0
05-27 18:33:30.798   536   560 D commservice260303: client datas send succeed,send finish
05-27 18:33:30.798 13911 14192 D Sentinelmode_1.2.5.17_sentry: <SentryImuClusterFgeSender>imu_status sent to Linux, frame=230032, tsNs=9878040, tsMs=9, intervalMs=39, ad=(-0.002341792,-0.0027190908,-0.16947365), gd=(-0.011147826,0.0044280253,0.0022137526)
05-27 18:33:30.798   581   581 I SpiService: fgesysctrl_getGPIO_status success val=1
05-27 08:24:39.763   581   581 D spi_rst_gpio_get_output: GPIO 145 value: 1
05-27 08:24:39.763   581   581 D spidev_ioctl: gpio status=1)
05-27 18:33:30.801 15863 16069 D AIN-HttpHealthPolicy: call() called start, host=www.12306.cn
05-27 18:33:30.802 10046 19259 D resolv  : GetAddrInfoHandler::run: {103 786535 103 983143 1000 0}
05-27 18:33:30.802 10046 19259 D resolv  : resolv_getaddrinfo: explore_fqdn(): ai_family=0 ai_socktype=1 ai_protocol=6
05-27 18:33:30.803 10046 19260 D resolv  : doQuery: (1, 1)
05-27 18:33:30.803 10046 19260 D resolv  : res_nmkquery: (QUERY, IN, A)
05-27 18:33:30.803 10046 19260 D resolv  : res_nsend
05-27 18:33:30.803 10046 19260 I resolv  : resolv_cache_lookup: lookup
05-27 18:33:30.803 10046 19260 I resolv  : resolv_cache_lookup: FOUND IN CACHE entry=0xb4000072a546c090
05-27 18:33:30.803 10046 19260 D resolv  : doQuery: rcode=0, ancount=3
05-27 18:33:30.804   581   581 I SpiService: fgesysctrl_getGPIO_status success val=1
05-27 18:33:30.804 15863 16069 D TrafficStats: tagSocket(188) with statsTag=0xffffffff, statsUid=-1
05-27 08:24:39.768   581   581 D spi_rst_gpio_get_output: GPIO 145 value: 1
05-27 08:24:39.768   581   581 D spidev_ioctl: gpio status=1)
05-27 18:33:30.807 13911 14183 I SentryImuMcuAngleSender: 180.0rollDeg
05-27 18:33:30.807 13911 14183 I SentryImuMcuAngleSender: 1,0,0
05-27 18:33:30.809   581   581 I SpiService: fgesysctrl_getGPIO_status success val=1
05-27 08:24:39.774   581   581 D spi_rst_gpio_get_output: GPIO 145 value: 1
05-27 08:24:39.774   581   581 D spidev_ioctl: gpio status=1)
05-27 18:33:30.813   299 30841 D EvsDriver: forwardFrame
05-27 18:33:30.814   299 30844 D EvsDriver: forwardFrame
05-27 18:33:30.815   581   581 I SpiService: fgesysctrl_getGPIO_status success val=0
05-27 18:33:30.815   299 30841 D EvsDriver: Delivered 0xb400007b7ca56a60 as id 0
05-27 18:33:30.815   299 30844 D EvsDriver: Delivered 0xb400007b7ca56900 as id 0
05-27 18:33:30.815  1167  1479 D evsmanagerd: /dev/video6 forwarded the buffer #0 to 0xb4000074bf5f5510 from 0xb4000074bf5f6d90
05-27 18:33:30.815  1167  1167 D evsmanagerd: /dev/video4 forwarded the buffer #0 to 0xb4000074bf5f6850 from 0xb4000074bf5f41d0
05-27 08:24:39.779   581   581 D spi_rst_gpio_get_output: GPIO 145 value: 0
05-27 08:24:39.779   581   581 D spidev_ioctl: gpio status=0)
05-27 18:33:30.818   299  1163 D EvsDriver: doneWithFrame
05-27 18:33:30.818   299  1153 D EvsDriver: doneWithFrame
05-27 18:33:30.825 13911 14131 D SVR_MNG_SvrMngProxy: getServer: mSvrManger is null
05-27 18:33:30.825 13911 14131 D SVR_MNG_SvrMngProxy: getNewStub: 
05-27 18:33:30.825 13911 14131 D SVR_MNG_SvrMngProxy: getNewStub: getSvrManagerService start
05-27 18:33:30.825 13911 14131 D SVR_MNG_SvrMngProxy: getNewStub: getSvrManagerService end
05-27 18:33:30.825 13911 14131 D SVR_MNG_SvrMngProxy: getServer: svrMngService doesn't start
05-27 18:33:30.828 13911 14183 I SentryImuMcuAngleSender: 179.986rollDeg
05-27 18:33:30.828 13911 14183 I SentryImuMcuAngleSender: 1,0,0
05-27 08:24:39.793   581   581 D spi_rst_gpio_get_output: GPIO 145 value: 1
05-27 08:24:39.793   581   581 D spidev_ioctl: gpio status=1)
05-27 18:33:30.829   581   581 I SpiService: fgesysctrl_getGPIO_status success val=1
05-27 18:33:30.834   581   581 I SpiService: fgesysctrl_getGPIO_status success val=1
05-27 08:24:39.799   581   581 D spi_rst_gpio_get_output: GPIO 145 value: 1
05-27 08:24:39.799   581   581 D spidev_ioctl: gpio status=1)
05-27 18:33:30.838   536   536 D commservice260303: msg.id = 1028,0
05-27 18:33:30.838   536   536 D commservice260303: i = 170, msgid = 8A000404
05-27 18:33:30.838   536   536 D commservice260303: msgid = -1979710460,did=138
05-27 18:33:30.838   536   536 D commservice260303: CommProtocolLibCmdBaseI2C::dataproc {"command":{"id":"imu_status","sub":""},"content":{"TimeStamp":9,"FrameCounter":230033,"GD_X":-0.011759000830352306,"GD_Y":0.005420989356935024,"GD_Z":0.0019848872907459736,"AD_X":-0.004168123006820679,"AD_Y":-2.733131404966116E-4,"AD_Z":-0.17130374908447266,"TempDsp":0,"Status":0,"CalibState":1,"SigAmpInvalid":0}},-1979710460
05-27 18:33:30.838   536   536 D commservice260303: send2Cluster len:316, 7B22636F6D6D616E64223A7B226964223A22696D755F737461747573222C22737562223A22227D2C22636F6E74656E74223A7B2254696D655374616D70223A392C224672616D65436F756E746572223A3233303033332C2247445F58223A2D302E3031313735393030303833303335323330362C2247445F59223A302E3030353432303938393335363933353032342C2247445F5A223A302E303031393834383837323930373435393733362C2241445F58223A2D302E3030343136383132333030363832303637392C2241445F59223A2D322E373333313331343034393636313136452D342C2241445F5A223A2D302E31373133303337343930383434373236362C2254656D70447370223A302C22537461747573223A302C2243616C69625374617465223A312C22536967416D70496E76616C6964223A307D7D, 138 
05-27 18:33:30.838   536   536 D commservice260303: Push Message into SendPool fn=-1866398976
05-27 18:33:30.838   536   536 D commservice260303: ComProtocolLibSend2Cluster::send2ClusterRaw fn=-1866398976 , len=332
05-27 18:33:30.838   536   536 D commservice260303: sendCmdToPort :332!!!
05-27 18:33:30.838   536   536 D commservice260303: send Cmd To Port ++++5AA501488A010003C1906A16C87A7B22636F6D6D616E64223A7B226964223A22696D755F737461747573222C22737562223A22227D2C22636F6E74656E74223A7B2254696D655374616D70223A392C224672616D65436F756E746572223A3233303033332C2247445F58223A2D302E3031313735393030303833303335323330362C2247445F59223A302E3030353432303938393335363933353032342C2247445F5A223A302E303031393834383837323930373435393733362C2241445F58223A2D302E3030343136383132333030363832303637392C2241445F59223A2D322E373333313331343034393636313136452D342C2241445F5A223A2D302E31373133303337343930383434373236362C2254656D70447370223A302C22537461747573223A302C2243616C69625374617465223A312C22536967416D70496E76616C6964223A307D7D76F0
05-27 18:33:30.838   536   536 D commservice260303: bufferevent_write retrun value = 0
05-27 18:33:30.838   536   560 D commservice260303: client datas send succeed,send finish
05-27 18:33:30.838 13911 14192 D Sentinelmode_1.2.5.17_sentry: <SentryImuClusterFgeSender>imu_status sent to Linux, frame=230033, tsNs=9878076, tsMs=9, intervalMs=41, ad=(-0.004168123,-2.7331314E-4,-0.17130375), gd=(-0.011759001,0.0054209894,0.0019848873)
05-27 18:33:30.833   536   536 I auditd  : type=1400 audit(0.0:55075): avc: denied { write } for comm="fgecomservice@1" path="socket:[34776]" dev="sockfs" ino=34776 scontext=u:r:hal_fgecomservice_default:s0 tcontext=u:r:hal_fgecomservice_default:s0 tclass=vsock_socket permissive=1
05-27 18:33:30.833   536   536 I fgecomservice@1: type=1400 audit(0.0:55075): avc: denied { write } for path="socket:[34776]" dev="sockfs" ino=34776 scontext=u:r:hal_fgecomservice_default:s0 tcontext=u:r:hal_fgecomservice_default:s0 tclass=vsock_socket permissive=1
05-27 08:24:39.804   581   581 D spi_rst_gpio_get_output: GPIO 145 value: 1
05-27 08:24:39.804   581   581 D spidev_ioctl: gpio status=1)
05-27 18:33:30.839   581   581 I SpiService: fgesysctrl_getGPIO_status success val=1
05-27 18:33:30.842   572   572 I Sensors : 230 AccelSensor: x:-0.170800,y:0.002440,z:-9.977160
05-27 18:33:30.845   581   581 I SpiService: fgesysctrl_getGPIO_status success val=1
05-27 18:33:30.847   536   560 D commservice260303: recv len:87, 5AA500530600000039D26A16C87A7B22636F6D6D616E64223A7B226964223A2268656172745F42656174222C22737562223A22227D2C22636F6E74656E74223A7B2274797065223A322C2276616C7565223A307D7DF7A7 from server
05-27 18:33:30.841   536   536 I auditd  : type=1400 audit(0.0:55076): avc: denied { getattr } for comm="fgecomservice@1" path="socket:[34776]" dev="sockfs" ino=34776 scontext=u:r:hal_fgecomservice_default:s0 tcontext=u:r:hal_fgecomservice_default:s0 tclass=vsock_socket permissive=1
05-27 18:33:30.841   536   536 I fgecomservice@1: type=1400 audit(0.0:55076): avc: denied { getattr } for path="socket:[34776]" dev="sockfs" ino=34776 scontext=u:r:hal_fgecomservice_default:s0 tcontext=u:r:hal_fgecomservice_default:s0 tclass=vsock_socket permissive=1
05-27 18:33:30.847   536  2578 I commservice260303: checksumCal = 63399
05-27 18:33:30.841   536   536 I auditd  : type=1400 audit(0.0:55077): avc: denied { read } for comm="fgecomservice@1" path="socket:[34776]" dev="sockfs" ino=34776 scontext=u:r:hal_fgecomservice_default:s0 tcontext=u:r:hal_fgecomservice_default:s0 tclass=vsock_socket permissive=1
05-27 18:33:30.841   536   536 I fgecomservice@1: type=1400 audit(0.0:55077): avc: denied { read } for path="socket:[34776]" dev="sockfs" ino=34776 scontext=u:r:hal_fgecomservice_default:s0 tcontext=u:r:hal_fgecomservice_default:s0 tclass=vsock_socket permissive=1
05-27 18:33:30.847   536  2578 D commservice260303: CommProtocolLibCmdBaseC2I::dataproc {"command":{"id":"heart_Beat","sub":""},"content":{"type":2,"value":0}},6
05-27 18:33:30.847   536  2578 D commservice260303: mcuCommMessageManager::notifyMsgToClient hwbinder OK
05-27 18:33:30.847   536  2578 D commservice260303: McuProtocolLibSend2Service::send2Service ret=1
05-27 18:33:30.847 12246 12440 D ivicomm_CommManager: fgeComServiceCallback: {"command":{"id":"heart_Beat","sub":""},"content":{"type":2,"value":0}}
05-27 18:33:30.847 12246 12440 D ivicomm_ConnectStateManager: registerCallback HEART_BEAT: {"type":2,"value":0}
05-27 18:33:30.847 12246 12440 D ivicomm_ConnectStateManager: notifyState newState=0curState=0
05-27 18:33:30.848 13911 14183 I SentryImuMcuAngleSender: 179.986rollDeg
05-27 18:33:30.848 13911 14183 I SentryImuMcuAngleSender: 1,0,0
05-27 08:24:39.809   581   581 D spi_rst_gpio_get_output: GPIO 145 value: 1
05-27 08:24:39.809   581   581 D spidev_ioctl: gpio status=1)
05-27 18:33:30.850   299 30841 D EvsDriver: forwardFrame
05-27 18:33:30.850   581   581 I SpiService: fgesysctrl_getGPIO_status success val=0
05-27 18:33:30.851   299 30841 D EvsDriver: Delivered 0xb400007b7ca56a60 as id 0
05-27 18:33:30.851  1167  1479 D evsmanagerd: /dev/video4 forwarded the buffer #0 to 0xb4000074bf5f6850 from 0xb4000074bf5f41d0
05-27 18:33:30.852   299 30844 D EvsDriver: forwardFrame
05-27 08:24:39.815   581   581 D spi_rst_gpio_get_output: GPIO 145 value: 0
05-27 08:24:39.815   581   581 D spidev_ioctl: gpio status=0)
05-27 18:33:30.853   299 30844 D EvsDriver: Delivered 0xb400007b7ca56900 as id 0
05-27 18:33:30.853  1167  1479 D evsmanagerd: /dev/video6 forwarded the buffer #0 to 0xb4000074bf5f5510 from 0xb4000074bf5f6d90
05-27 18:33:30.855   299  1153 D EvsDriver: doneWithFrame
05-27 18:33:30.856   299  1163 D EvsDriver: doneWithFrame
05-27 18:33:30.864   581   581 I SpiService: fgesysctrl_getGPIO_status success val=1
05-27 08:24:39.829   581   581 D spi_rst_gpio_get_output: GPIO 145 value: 1
05-27 08:24:39.829   581   581 D spidev_ioctl: gpio status=1)
05-27 18:33:30.868 13911 14183 I SentryImuMcuAngleSender: 179.97899rollDeg
05-27 18:33:30.868 13911 14183 I SentryImuMcuAngleSender: 1,0,0
05-27 18:33:30.869 10188  6929 I ActivityManager: Death received in com.android.server.am.ActivityManagerService$AppDeathRecipient@872e5c6 for thread android.os.BinderProxy@8125987, proc:ProcessRecord{6d6eb33 19196:com.anwsdk.service:remote/1000}
05-27 18:33:30.869 10188  6929 I ActivityManager: Process com.anwsdk.service:remote (pid 19196) has died: cch CACC
05-27 18:33:30.869 10188  6929 I am_proc_died: [0,19196,com.anwsdk.service:remote,900,17]
05-27 18:33:30.869 10188  6929 I ActivityManager: app ProcessRecord{6d6eb33 19196:com.anwsdk.service:remote/1000} mThread:android.app.IApplicationThread$Stub$Proxy@c8170b4 mDeathRecipient:com.android.server.am.ActivityManagerService$AppDeathRecipient@872e5c6 has been unlinked.
05-27 18:33:30.869 10188 10678 I libprocessgroup: Successfully killed process cgroup uid 1000 pid 19196 in 0ms
05-27 18:33:30.869 10188  6929 W ActivityManager: Scheduling restart of crashed service com.anwsdk.service/.anwbtservice in 0ms for persistent
05-27 18:33:30.869 10188  6929 I am_schedule_service_restart: [0,com.anwsdk.service/.anwbtservice,0]
05-27 18:33:30.869 10188  6929 I ActivityManager: note: ProcessRecord{6d6eb33 19196:com.anwsdk.service:remote/1000} died, saving the exit info
05-27 18:33:30.869 13435 13435 D BtManager: onServiceDisconnected
05-27 18:33:30.869 10188 10680 I ActivityManager: Update process exit info for com.anwsdk.service(19196/u1000)
05-27 18:33:30.870   581   581 I SpiService: fgesysctrl_getGPIO_status success val=1
05-27 18:33:30.870 10188  6929 D ActivityTaskManager: put all activities to cleanup list, wpc=ProcessRecord{6d6eb33 0:com.anwsdk.service:remote/1000} mHasActivities=false activeActivitySize=0
05-27 18:33:30.871 10041 10041 I Zygote  : Process 19196 exited cleanly (1)
05-27 18:33:30.871 10188 10188 D JobScheduler.Quota: Processing event 31 for <0>com.anwsdk.service
05-27 18:33:30.871 10188 10660 I ActivityManager: com.anwsdk.service is exempt from freezer
05-27 18:33:30.872 10188 10660 D CompatibilityChangeReporter: Compat change id reported: 135634846; UID 1000; state: DISABLED
05-27 18:33:30.872 10188 10660 D CompatibilityChangeReporter: Compat change id reported: 177438394; UID 1000; state: DISABLED
05-27 18:33:30.872 10188 10660 D CompatibilityChangeReporter: Compat change id reported: 135772972; UID 1000; state: DISABLED
05-27 18:33:30.873 10188 10660 D CompatibilityChangeReporter: Compat change id reported: 135754954; UID 1000; state: ENABLED
05-27 08:24:39.834   581   581 D spi_rst_gpio_get_output: GPIO 145 value: 1
05-27 08:24:39.834   581   581 D spidev_ioctl: gpio status=1)
05-27 18:33:30.873 10188 10660 D ActivityManager: ProcessRecord{2ac04dd 0:com.anwsdk.service:remote/1000} setPendingStart=true callers=com.android.server.am.ProcessList.startProcessLocked:1922 com.android.server.am.UnisocProcessList.startProcessLocked:320 com.android.server.am.ProcessList.startProcessLocked:2391 com.android.server.am.ProcessList.startProcessLocked:2534 com.android.server.am.ActivityManagerService.startProcessLocked:2890 com.android.server.am.ActiveServices.bringUpServiceLocked:4326 com.android.server.am.ActiveServices.performServiceRestartLocked:4104 com.android.server.am.ActiveServices$ServiceRestarter.run:3320 android.os.Handler.handleCallback:942 android.os.Handler.dispatchMessage:99 
05-27 18:33:30.873 10188 10660 I ActivityManager: Posting procStart msg for 0:com.anwsdk.service:remote/1000
05-27 18:33:30.873 10188 10661 D ActivityManager: asking zygote to start proc:ProcessRecord{2ac04dd 0:com.anwsdk.service:remote/1000}
05-27 18:33:30.874 10188 10661 D Prefork : startResult is empty and running normal execution.
05-27 18:33:30.875 10188 10678 I ActivityManager: Got SIGCHLD from zygote: pid=19196, uid=1000, status=100
05-27 18:33:30.875 10188 10680 I ActivityManager: zygote: proc died: pid=19196 uid=1000, status=256
05-27 18:33:30.875 10188 10680 E UnisocStabilityCollection: getKill:true,cur=1,killType=3 ,name=proc_died:1000, reason=proc_died
05-27 18:33:30.875 10188 10680 E UnisocStabilityCollection: getKill sum:29
05-27 18:33:30.875   581   581 I SpiService: fgesysctrl_getGPIO_status success val=1
05-27 08:24:39.840   581   581 D spi_rst_gpio_get_output: GPIO 145 value: 1
05-27 08:24:39.840   581   581 D spidev_ioctl: gpio status=1)
05-27 18:33:30.879   536   536 D commservice260303: msg.id = 1028,1
05-27 18:33:30.879   536   536 D commservice260303: i = 170, msgid = 8A000404
05-27 18:33:30.879   536   536 D commservice260303: msgid = -1979710460,did=138
05-27 18:33:30.879   536   536 D commservice260303: CommProtocolLibCmdBaseI2C::dataproc {"command":{"id":"imu_status","sub":""},"content":{"TimeStamp":9,"FrameCounter":230034,"GD_X":-0.010994902811944485,"GD_Y":0.005268065724521875,"GD_Z":0.0028249274473637342,"AD_X":-0.00476546585559845,"AD_Y":9.441678412258625E-4,"AD_Z":-0.17374324798583984,"TempDsp":0,"Status":0,"CalibState":1,"SigAmpInvalid":0}},-1979710460
