05-27 18:38:30.756   536   536 D commservice260303: send Cmd To Port ++++5AA5014A8A010003DF096A16C9A67B22636F6D6D616E64223A7B226964223A22696D755F737461747573222C22737562223A22227D2C22636F6E74656E74223A7B2254696D655374616D70223A31302C224672616D65436F756E746572223A3233373432382C2247445F58223A2D302E3031313037303834333738363030313230352C2247445F59223A302E303035313135313432303932313038373236352C2247445F5A223A302E3030323531393037393934393730363739332C2241445F58223A2D342E34353837323534353234323330393537452D342C2241445F59223A302E303032353036363939313830323330343938332C2241445F5A223A2D302E31363730343336383539313330383539342C2254656D70447370223A302C22537461747573223A302C2243616C69625374617465223A312C22536967416D70496E76616C6964223A307D7DB392
05-27 18:38:30.756   536   536 D commservice260303: bufferevent_write retrun value = 0
05-27 18:38:30.756   536   560 D commservice260303: client datas send succeed,send finish
05-27 18:38:30.756 13911 14192 D Sentinelmode_1.2.5.17_sentry: <SentryImuClusterFgeSender>imu_status sent to Linux, frame=237428, tsNs=10178002, tsMs=10, intervalMs=39, ad=(-4.4587255E-4,0.0025066992,-0.16704369), gd=(-0.011070844,0.005115142,0.00251908)
05-27 18:38:30.756   283   307 I rvcservice: t.code = 4, t.value = 0
05-27 18:38:30.760  1008 30856 D [OMXB]  : usingANWBuffer: handle:0xee7469f0, format:1, w:1920, h:1080
05-27 18:38:30.763   581   581 I SpiService: fgesysctrl_getGPIO_status success val=1
05-27 08:29:39.728   581   581 D spi_rst_gpio_get_output: GPIO 145 value: 1
05-27 18:38:30.765 13911 14183 I SentryImuMcuAngleSender: 179.97197rollDeg
05-27 08:29:39.728   581   581 D spidev_ioctl: gpio status=1)
05-27 18:38:30.765 13911 14183 I SentryImuMcuAngleSender: 1,0,0
05-27 18:38:30.769   581   581 I SpiService: fgesysctrl_getGPIO_status success val=1
05-27 08:29:39.734   581   581 D spi_rst_gpio_get_output: GPIO 145 value: 1
05-27 08:29:39.734   581   581 D spidev_ioctl: gpio status=1)
05-27 18:38:30.774  1008 30857 D [OMXB]  : usingANWBuffer: handle:0xee7412a0, format:1, w:1920, h:1080
05-27 18:38:30.774   581   581 I SpiService: fgesysctrl_getGPIO_status success val=1
05-27 18:38:30.775   299 30844 D EvsDriver: forwardFrame
05-27 18:38:30.777  1167  1167 D evsmanagerd: /dev/video6 forwarded the buffer #0 to 0xb4000074bf5f5510 from 0xb4000074bf5f6d90
05-27 18:38:30.777 30773 30773 E dvr_service_: [myNum:1] Received S**** loss
05-27 18:38:30.778   299 30844 D EvsDriver: Delivered 0xb400007b7ca56900 as id 0
05-27 18:38:30.778   299  1163 D EvsDriver: doneWithFrame
05-27 08:29:39.739   581   581 D spi_rst_gpio_get_output: GPIO 145 value: 1
05-27 08:29:39.739   581   581 D spidev_ioctl: gpio status=1)
05-27 18:38:30.780   581   581 I SpiService: fgesysctrl_getGPIO_status success val=1
05-27 08:29:39.744   581   581 D spi_rst_gpio_get_output: GPIO 145 value: 1
05-27 08:29:39.744   581   581 D spidev_ioctl: gpio status=1)
05-27 18:38:30.782   299 30841 D EvsDriver: forwardFrame
05-27 18:38:30.784   299 30841 D EvsDriver: Delivered 0xb400007b7ca56a60 as id 0
05-27 18:38:30.784  1167  1167 D evsmanagerd: /dev/video4 forwarded the buffer #0 to 0xb4000074bf5f6850 from 0xb4000074bf5f41d0
05-27 18:38:30.784 30773 30773 E dvr_service_: [myNum:0] Received S**** loss
05-27 18:38:30.785   299  1163 D EvsDriver: doneWithFrame
05-27 18:38:30.785   581   581 I SpiService: fgesysctrl_getGPIO_status success val=0
05-27 18:38:30.785 13911 14183 I SentryImuMcuAngleSender: 179.97546rollDeg
05-27 18:38:30.786 13911 14183 I SentryImuMcuAngleSender: 1,0,0
05-27 08:29:39.750   581   581 D spi_rst_gpio_get_output: GPIO 145 value: 0
05-27 08:29:39.750   581   581 D spidev_ioctl: gpio status=0)
05-27 18:38:30.794   536   536 D commservice260303: msg.id = 1028,0
05-27 18:38:30.794   536   536 D commservice260303: i = 170, msgid = 8A000404
05-27 18:38:30.794   536   536 D commservice260303: msgid = -1979710460,did=138
05-27 18:38:30.794   536   536 D commservice260303: CommProtocolLibCmdBaseI2C::dataproc {"command":{"id":"imu_status","sub":""},"content":{"TimeStamp":10,"FrameCounter":237429,"GD_X":-0.013056771829724312,"GD_Y":0.005802778527140617,"GD_Z":0.0019848872907459736,"AD_X":-0.0022797584533691406,"AD_Y":6.0864491388201714E-5,"AD_Z":-0.16582298278808594,"TempDsp":0,"Status":0,"CalibState":1,"SigAmpInvalid":0}},-1979710460
05-27 18:38:30.795   536   536 D commservice260303: send2Cluster len:318, 7B22636F6D6D616E64223A7B226964223A22696D755F737461747573222C22737562223A22227D2C22636F6E74656E74223A7B2254696D655374616D70223A31302C224672616D65436F756E746572223A3233373432392C2247445F58223A2D302E3031333035363737313832393732343331322C2247445F59223A302E3030353830323737383532373134303631372C2247445F5A223A302E303031393834383837323930373435393733362C2241445F58223A2D302E303032323739373538343533333639313430362C2241445F59223A362E30383634343931333838323031373134452D352C2241445F5A223A2D302E31363538323239383237383830383539342C2254656D70447370223A302C22537461747573223A302C2243616C69625374617465223A312C22536967416D70496E76616C6964223A307D7D, 138 
05-27 18:38:30.795   536   536 D commservice260303: Push Message into SendPool fn=182387456
05-27 18:38:30.795   536   536 D commservice260303: ComProtocolLibSend2Cluster::send2ClusterRaw fn=182387456 , len=334
05-27 18:38:30.795   536   536 D commservice260303: sendCmdToPort :334!!!
05-27 18:38:30.795   536   536 D commservice260303: send Cmd To Port ++++5AA5014A8A010003DF0A6A16C9A67B22636F6D6D616E64223A7B226964223A22696D755F737461747573222C22737562223A22227D2C22636F6E74656E74223A7B2254696D655374616D70223A31302C224672616D65436F756E746572223A3233373432392C2247445F58223A2D302E3031333035363737313832393732343331322C2247445F59223A302E3030353830323737383532373134303631372C2247445F5A223A302E303031393834383837323930373435393733362C2241445F58223A2D302E303032323739373538343533333639313430362C2241445F59223A362E30383634343931333838323031373134452D352C2241445F5A223A2D302E31363538323239383237383830383539342C2254656D70447370223A302C22537461747573223A302C2243616C69625374617465223A312C22536967416D70496E76616C6964223A307D7DB9FE
05-27 18:38:30.795   536   536 D commservice260303: bufferevent_write retrun value = 0
05-27 18:38:30.795   536   560 D commservice260303: client datas send succeed,send finish
05-27 18:38:30.795 13911 14192 D Sentinelmode_1.2.5.17_sentry: <SentryImuClusterFgeSender>imu_status sent to Linux, frame=237429, tsNs=10178038, tsMs=10, intervalMs=39, ad=(-0.0022797585,6.086449E-5,-0.16582298), gd=(-0.013056772,0.0058027785,0.0019848873)
05-27 18:38:30.799  1008 30857 D [OMXB]  : usingANWBuffer: handle:0xee747180, format:1, w:1920, h:1080
05-27 18:38:30.800   581   581 I SpiService: fgesysctrl_getGPIO_status success val=1
05-27 08:29:39.764   581   581 D spi_rst_gpio_get_output: GPIO 145 value: 1
05-27 08:29:39.764   581   581 D spidev_ioctl: gpio status=1)
05-27 18:38:30.805 13911 14183 I SentryImuMcuAngleSender: 179.98598rollDeg
05-27 18:38:30.805 13911 14183 I SentryImuMcuAngleSender: 1,0,0
05-27 18:38:30.806   581   581 I SpiService: fgesysctrl_getGPIO_status success val=1
05-27 18:38:30.806   572   622 I Sensors : 230 GyroSensor: x:-0.012217,y:0.005726,z:0.001908
05-27 18:38:30.808   299 30841 D EvsDriver: forwardFrame
05-27 08:29:39.770   581   581 D spi_rst_gpio_get_output: GPIO 145 value: 1
05-27 08:29:39.770   581   581 D spidev_ioctl: gpio status=1)
05-27 18:38:30.809   299 30841 D EvsDriver: Delivered 0xb400007b7ca56a60 as id 0
05-27 18:38:30.810  1167  1167 D evsmanagerd: /dev/video4 forwarded the buffer #0 to 0xb4000074bf5f6850 from 0xb4000074bf5f41d0
05-27 18:38:30.812   581   581 I SpiService: fgesysctrl_getGPIO_status success val=1
05-27 18:38:30.813   299  1163 D EvsDriver: doneWithFrame
05-27 08:29:39.776   581   581 D spi_rst_gpio_get_output: GPIO 145 value: 1
05-27 08:29:39.776   581   581 D spidev_ioctl: gpio status=1)
05-27 18:38:30.813   299 30844 D EvsDriver: forwardFrame
05-27 18:38:30.815  1167  1167 D evsmanagerd: /dev/video6 forwarded the buffer #0 to 0xb4000074bf5f5510 from 0xb4000074bf5f6d90
05-27 18:38:30.815   299 30844 D EvsDriver: Delivered 0xb400007b7ca56900 as id 0
05-27 18:38:30.817   581   581 I SpiService: fgesysctrl_getGPIO_status success val=1
05-27 18:38:30.818   299  1163 D EvsDriver: doneWithFrame
05-27 08:29:39.782   581   581 D spi_rst_gpio_get_output: GPIO 145 value: 1
05-27 08:29:39.782   581   581 D spidev_ioctl: gpio status=1)
05-27 18:38:30.823   581   581 I SpiService: fgesysctrl_getGPIO_status success val=1
05-27 18:38:30.823  1008 30856 D [OMXB]  : usingANWBuffer: handle:0xee741400, format:1, w:1920, h:1080
05-27 08:29:39.788   581   581 D spi_rst_gpio_get_output: GPIO 145 value: 1
05-27 08:29:39.788   581   581 D spidev_ioctl: gpio status=1)
05-27 18:38:30.826 13911 14183 I SentryImuMcuAngleSender: -179.99298rollDeg
05-27 18:38:30.826 13911 14183 I SentryImuMcuAngleSender: 1,0,0
05-27 18:38:30.828   581   581 I SpiService: fgesysctrl_getGPIO_status success val=0
05-27 08:29:39.793   581   581 D spi_rst_gpio_get_output: GPIO 145 value: 0
05-27 08:29:39.793   581   581 D spidev_ioctl: gpio status=0)
05-27 18:38:30.836   536   536 D commservice260303: msg.id = 1028,1
05-27 18:38:30.836   536   536 D commservice260303: i = 170, msgid = 8A000404
05-27 18:38:30.836   536   536 D commservice260303: msgid = -1979710460,did=138
05-27 18:38:30.836   536   536 D commservice260303: CommProtocolLibCmdBaseI2C::dataproc {"command":{"id":"imu_status","sub":""},"content":{"TimeStamp":10,"FrameCounter":237430,"GD_X":-0.011453153565526009,"GD_Y":0.0057257963344454765,"GD_Z":0.0019848872907459736,"AD_X":-0.0016742199659347534,"AD_Y":-0.003581905970349908,"AD_Z":-0.16704368591308594,"TempDsp":0,"Status":0,"CalibState":1,"SigAmpInvalid":0}},-1979710460
05-27 18:38:30.837   536   536 D commservice260303: send2Cluster len:319, 7B22636F6D6D616E64223A7B226964223A22696D755F737461747573222C22737562223A22227D2C22636F6E74656E74223A7B2254696D655374616D70223A31302C224672616D65436F756E746572223A3233373433302C2247445F58223A2D302E3031313435333135333536353532363030392C2247445F59223A302E303035373235373936333334343435343736352C2247445F5A223A302E303031393834383837323930373435393733362C2241445F58223A2D302E303031363734323139393635393334373533342C2241445F59223A2D302E3030333538313930353937303334393930382C2241445F5A223A2D302E31363730343336383539313330383539342C2254656D70447370223A302C22537461747573223A302C2243616C69625374617465223A312C22536967416D70496E76616C6964223A307D7D, 138 
05-27 18:38:30.837   536   536 D commservice260303: Push Message into SendPool fn=199164672
05-27 18:38:30.837   536   536 D commservice260303: ComProtocolLibSend2Cluster::send2ClusterRaw fn=199164672 , len=335
05-27 18:38:30.837   536   536 D commservice260303: sendCmdToPort :335!!!
05-27 18:38:30.837   536   536 D commservice260303: send Cmd To Port ++++5AA5014B8A010003DF0B6A16C9A67B22636F6D6D616E64223A7B226964223A22696D755F737461747573222C22737562223A22227D2C22636F6E74656E74223A7B2254696D655374616D70223A31302C224672616D65436F756E746572223A3233373433302C2247445F58223A2D302E3031313435333135333536353532363030392C2247445F59223A302E303035373235373936333334343435343736352C2247445F5A223A302E303031393834383837323930373435393733362C2241445F58223A2D302E303031363734323139393635393334373533342C2241445F59223A2D302E3030333538313930353937303334393930382C2241445F5A223A2D302E31363730343336383539313330383539342C2254656D70447370223A302C22537461747573223A302C2243616C69625374617465223A312C22536967416D70496E76616C6964223A307D7DBDB8
05-27 18:38:30.837   536   536 D commservice260303: bufferevent_write retrun value = 0
05-27 18:38:30.837   536   560 D commservice260303: client datas send succeed,send finish
05-27 18:38:30.838 13911 14192 D Sentinelmode_1.2.5.17_sentry: <SentryImuClusterFgeSender>imu_status sent to Linux, frame=237430, tsNs=10178073, tsMs=10, intervalMs=42, ad=(-0.00167422,-0.003581906,-0.16704369), gd=(-0.011453154,0.0057257963,0.0019848873)
05-27 18:38:30.839   299 30844 D EvsDriver: forwardFrame
05-27 18:38:30.839   299 30841 D EvsDriver: forwardFrame
05-27 18:38:30.842   299 30841 D EvsDriver: Delivered 0xb400007b7ca56a60 as id 0
05-27 18:38:30.842  1167  1167 D evsmanagerd: /dev/video4 forwarded the buffer #0 to 0xb4000074bf5f6850 from 0xb4000074bf5f41d0
05-27 18:38:30.842   299 30844 D EvsDriver: Delivered 0xb400007b7ca56900 as id 0
05-27 18:38:30.843   581   581 I SpiService: fgesysctrl_getGPIO_status success val=1
05-27 18:38:30.843  1167  1479 D evsmanagerd: /dev/video6 forwarded the buffer #0 to 0xb4000074bf5f5510 from 0xb4000074bf5f6d90
05-27 08:29:39.807   581   581 D spi_rst_gpio_get_output: GPIO 145 value: 1
05-27 08:29:39.807   581   581 D spidev_ioctl: gpio status=1)
05-27 18:38:30.845   299  1153 D EvsDriver: doneWithFrame
05-27 18:38:30.845   299  1163 D EvsDriver: doneWithFrame
05-27 18:38:30.846 13911 14183 I SentryImuMcuAngleSender: 180.0rollDeg
05-27 18:38:30.846 13911 14183 I SentryImuMcuAngleSender: 1,0,0
05-27 18:38:30.849   581   581 I SpiService: fgesysctrl_getGPIO_status success val=1
05-27 18:38:30.851  1008 30857 D [OMXB]  : usingANWBuffer: handle:0xee746c00, format:1, w:1920, h:1080
05-27 08:29:39.814   581   581 D spi_rst_gpio_get_output: GPIO 145 value: 1
05-27 08:29:39.814   581   581 D spidev_ioctl: gpio status=1)
05-27 18:38:30.855   581   581 I SpiService: fgesysctrl_getGPIO_status success val=1
05-27 08:29:39.819   581   581 D spi_rst_gpio_get_output: GPIO 145 value: 1
05-27 08:29:39.819   581   581 D spidev_ioctl: gpio status=1)
05-27 18:38:30.857   283   307 I rvcservice: t.code = 3, t.value = 0
05-27 18:38:30.861   581   581 I SpiService: fgesysctrl_getGPIO_status success val=1
05-27 08:29:39.825   581   581 D spi_rst_gpio_get_output: GPIO 145 value: 1
05-27 08:29:39.825   581   581 D spidev_ioctl: gpio status=1)
05-27 18:38:30.866   581   581 I SpiService: fgesysctrl_getGPIO_status success val=1
05-27 18:38:30.866 13911 14183 I SentryImuMcuAngleSender: 179.99649rollDeg
05-27 18:38:30.866 13911 14183 I SentryImuMcuAngleSender: 1,0,0
05-27 08:29:39.831   581   581 D spi_rst_gpio_get_output: GPIO 145 value: 1
05-27 08:29:39.831   581   581 D spidev_ioctl: gpio status=1)
05-27 18:38:30.871  1008 30856 D [OMXB]  : usingANWBuffer: handle:0xee7432f0, format:1, w:1920, h:1080
05-27 18:38:30.871   581   581 I SpiService: fgesysctrl_getGPIO_status success val=0
05-27 08:29:39.836   581   581 D spi_rst_gpio_get_output: GPIO 145 value: 0
05-27 08:29:39.836   581   581 D spidev_ioctl: gpio status=0)
05-27 18:38:30.875   299 30841 D EvsDriver: forwardFrame
05-27 18:38:30.876   299 30844 D EvsDriver: forwardFrame
05-27 18:38:30.877   536   536 D commservice260303: msg.id = 1028,1
05-27 18:38:30.878   536   536 D commservice260303: i = 170, msgid = 8A000404
05-27 18:38:30.878   536   536 D commservice260303: msgid = -1979710460,did=138
05-27 18:38:30.878   536   536 D commservice260303: CommProtocolLibCmdBaseI2C::dataproc {"command":{"id":"imu_status","sub":""},"content":{"TimeStamp":10,"FrameCounter":237431,"GD_X":-0.011682018637657166,"GD_Y":0.0057257963344454765,"GD_Z":0.0019848872907459736,"AD_X":-0.0016819536685943604,"AD_Y":-0.0017378149786964059,"AD_Z":-0.17070293426513672,"TempDsp":0,"Status":0,"CalibState":1,"SigAmpInvalid":0}},-1979710460
05-27 18:38:30.878   536   536 D commservice260303: send2Cluster len:320, 7B22636F6D6D616E64223A7B226964223A22696D755F737461747573222C22737562223A22227D2C22636F6E74656E74223A7B2254696D655374616D70223A31302C224672616D65436F756E746572223A3233373433312C2247445F58223A2D302E3031313638323031383633373635373136362C2247445F59223A302E303035373235373936333334343435343736352C2247445F5A223A302E303031393834383837323930373435393733362C2241445F58223A2D302E303031363831393533363638353934333630342C2241445F59223A2D302E303031373337383134393738363936343035392C2241445F5A223A2D302E31373037303239333432363531333637322C2254656D70447370223A302C22537461747573223A302C2243616C69625374617465223A312C22536967416D70496E76616C6964223A307D7D, 138 
05-27 18:38:30.878   299 30844 D EvsDriver: Delivered 0xb400007b7ca56900 as id 0
05-27 18:38:30.878   536   536 D commservice260303: Push Message into SendPool fn=215941888
05-27 18:38:30.878   536   536 D commservice260303: ComProtocolLibSend2Cluster::send2ClusterRaw fn=215941888 , len=336
05-27 18:38:30.878   536   536 D commservice260303: sendCmdToPort :336!!!
05-27 18:38:30.878   536   536 D commservice260303: send Cmd To Port ++++5AA5014C8A010003DF0C6A16C9A67B22636F6D6D616E64223A7B226964223A22696D755F737461747573222C22737562223A22227D2C22636F6E74656E74223A7B2254696D655374616D70223A31302C224672616D65436F756E746572223A3233373433312C2247445F58223A2D302E3031313638323031383633373635373136362C2247445F59223A302E303035373235373936333334343435343736352C2247445F5A223A302E303031393834383837323930373435393733362C2241445F58223A2D302E303031363831393533363638353934333630342C2241445F59223A2D302E303031373337383134393738363936343035392C2241445F5A223A2D302E31373037303239333432363531333637322C2254656D70447370223A302C22537461747573223A302C2243616C69625374617465223A312C22536967416D70496E76616C6964223A307D7D1FAE
05-27 18:38:30.879  1167  1184 D evsmanagerd: /dev/video6 forwarded the buffer #0 to 0xb4000074bf5f5510 from 0xb4000074bf5f6d90
05-27 18:38:30.881   536   536 D commservice260303: bufferevent_write retrun value = 0
05-27 18:38:30.881   536   560 D commservice260303: client datas send succeed,send finish
05-27 18:38:30.882 13911 14192 D Sentinelmode_1.2.5.17_sentry: <SentryImuClusterFgeSender>imu_status sent to Linux, frame=237431, tsNs=10178109, tsMs=10, intervalMs=45, ad=(-0.0016819537,-0.001737815,-0.17070293), gd=(-0.011682019,0.0057257963,0.0019848873)
05-27 18:38:30.883   299 30841 D EvsDriver: Delivered 0xb400007b7ca56a60 as id 0
05-27 18:38:30.883  1167  1184 D evsmanagerd: /dev/video4 forwarded the buffer #0 to 0xb4000074bf5f6850 from 0xb4000074bf5f41d0
05-27 18:38:30.884   299  1163 D EvsDriver: doneWithFrame
05-27 18:38:30.886   581   581 I SpiService: fgesysctrl_getGPIO_status success val=1
05-27 18:38:30.889 13911 14183 I SentryImuMcuAngleSender: 179.993rollDeg
05-27 18:38:30.889   299  1163 D EvsDriver: doneWithFrame
05-27 18:38:30.889 13911 14183 I SentryImuMcuAngleSender: 1,0,0
05-27 08:29:39.851   581   581 D spi_rst_gpio_get_output: GPIO 145 value: 1
05-27 08:29:39.851   581   581 D spidev_ioctl: gpio status=1)
05-27 18:38:30.890  1008 30857 D [OMXB]  : usingANWBuffer: handle:0xee741e50, format:1, w:1920, h:1080
05-27 18:38:30.892   581   581 I SpiService: fgesysctrl_getGPIO_status success val=1
05-27 08:29:39.856   581   581 D spi_rst_gpio_get_output: GPIO 145 value: 1
05-27 08:29:39.856   581   581 D spidev_ioctl: gpio status=1)
05-27 18:38:30.896  1083  1083 I MyAppLog: [2026-05-27 18:38:30.895 I tboxap mcuSendYadiTransfer:196] [Mcu] [mcuYadiSend]: :00 08 F9 04 01 09 81 02 01 01
05-27 18:38:30.898   581   581 I SpiService: fgesysctrl_getGPIO_status success val=1
05-27 18:38:30.899   481   599 I mcuc    : start timer OK = 28660 
05-27 08:29:39.862   581   581 D spi_rst_gpio_get_output: GPIO 145 value: 1
05-27 08:29:39.862   581   581 D spidev_ioctl: gpio status=1)
05-27 18:38:30.903   581   581 I SpiService: fgesysctrl_getGPIO_status success val=1
05-27 08:29:39.868   581   581 D spi_rst_gpio_get_output: GPIO 145 value: 1
05-27 08:29:39.868   581   581 D spidev_ioctl: gpio status=1)
05-27 18:38:30.907   299 30844 D EvsDriver: forwardFrame
05-27 18:38:30.908   299 30841 D EvsDriver: forwardFrame
05-27 18:38:30.909   581   581 I SpiService: fgesysctrl_getGPIO_status success val=0
05-27 18:38:30.909  1167  1184 D evsmanagerd: /dev/video6 forwarded the buffer #0 to 0xb4000074bf5f5510 from 0xb4000074bf5f6d90
05-27 18:38:30.909 13911 14183 I SentryImuMcuAngleSender: 180.0rollDeg
05-27 18:38:30.909   481   597 I mcuc    : send SPI:6AA6016FF400F80901F904010981020101000000000000000000000000000000000000000000000000000000000000000000000000000000000000000000000000000000000000000000000000000000000000000000000000000000000000000000000000000000000000000000000000000000000000000000000000000000000000000000000000000000000000000000000000000000000000000000000000000000000000000000000000000000000000000000000000000000000000000000000000000000000000000000000000000000000000000000000000000000000000000000000000000000000000000000000000000000000000000000000E
05-27 18:38:30.909 13911 14183 I SentryImuMcuAngleSender: 1,0,0
05-27 18:38:30.910   299 30844 D EvsDriver: Delivered 0xb400007b7ca56900 as id 0
05-27 18:38:30.912  1167  1184 D evsmanagerd: /dev/video4 forwarded the buffer #0 to 0xb4000074bf5f6850 from 0xb4000074bf5f41d0
05-27 18:38:30.912   299  1163 D EvsDriver: doneWithFrame
05-27 18:38:30.912   572   622 I Sensors : 230 AccelSensor: x:-0.168360,y:-0.001220,z:-9.978380
05-27 18:38:30.912   299 30841 D EvsDriver: Delivered 0xb400007b7ca56a60 as id 0
05-27 08:29:39.873   581   581 D spi_rst_gpio_get_output: GPIO 145 value: 0
05-27 08:29:39.873   581   581 D spidev_ioctl: gpio status=0)
05-27 18:38:30.917   536   536 D commservice260303: msg.id = 1028,0
05-27 18:38:30.917   536   536 D commservice260303: i = 170, msgid = 8A000404
05-27 18:38:30.917   536   536 D commservice260303: msgid = -1979710460,did=138
05-27 18:38:30.917   536   536 D commservice260303: CommProtocolLibCmdBaseI2C::dataproc {"command":{"id":"imu_status","sub":""},"content":{"TimeStamp":10,"FrameCounter":237432,"GD_X":-0.011377211660146713,"GD_Y":0.0059551820158958435,"GD_Z":0.0020608289632946253,"AD_X":-0.001695886254310608,"AD_Y":-0.0035458989441394806,"AD_Z":-0.1731433868408203,"TempDsp":0,"Status":0,"CalibState":1,"SigAmpInvalid":0}},-1979710460
05-27 18:38:30.917   536   536 D commservice260303: send2Cluster len:318, 7B22636F6D6D616E64223A7B226964223A22696D755F737461747573222C22737562223A22227D2C22636F6E74656E74223A7B2254696D655374616D70223A31302C224672616D65436F756E746572223A3233373433322C2247445F58223A2D302E3031313337373231313636303134363731332C2247445F59223A302E303035393535313832303135383935383433352C2247445F5A223A302E303032303630383238393633323934363235332C2241445F58223A2D302E3030313639353838363235343331303630382C2241445F59223A2D302E303033353435383938393434313339343830362C2241445F5A223A2D302E313733313433333836383430383230332C2254656D70447370223A302C22537461747573223A302C2243616C69625374617465223A312C22536967416D70496E76616C6964223A307D7D, 138 
05-27 18:38:30.917   536   536 D commservice260303: Push Message into SendPool fn=232719104
05-27 18:38:30.917   536   536 D commservice260303: ComProtocolLibSend2Cluster::send2ClusterRaw fn=232719104 , len=334
05-27 18:38:30.917   536   536 D commservice260303: sendCmdToPort :334!!!
05-27 18:38:30.917   536   536 D commservice260303: send Cmd To Port ++++5AA5014A8A010003DF0D6A16C9A67B22636F6D6D616E64223A7B226964223A22696D755F737461747573222C22737562223A22227D2C22636F6E74656E74223A7B2254696D655374616D70223A31302C224672616D65436F756E746572223A3233373433322C2247445F58223A2D302E3031313337373231313636303134363731332C2247445F59223A302E303035393535313832303135383935383433352C2247445F5A223A302E303032303630383238393633323934363235332C2241445F58223A2D302E3030313639353838363235343331303630382C2241445F59223A2D302E303033353435383938393434313339343830362C2241445F5A223A2D302E313733313433333836383430383230332C2254656D70447370223A302C22537461747573223A302C2243616C69625374617465223A312C22536967416D70496E76616C6964223A307D7D8831
05-27 18:38:30.917   299  1163 D EvsDriver: doneWithFrame
05-27 18:38:30.917   536   536 D commservice260303: bufferevent_write retrun value = 0
05-27 18:38:30.917   536   560 D commservice260303: client datas send succeed,send finish
05-27 18:38:30.917 13911 14192 D Sentinelmode_1.2.5.17_sentry: <SentryImuClusterFgeSender>imu_status sent to Linux, frame=237432, tsNs=10178163, tsMs=10, intervalMs=35, ad=(-0.0016958863,-0.003545899,-0.17314339), gd=(-0.011377212,0.005955182,0.002060829)
05-27 18:38:30.918  1008 30856 D [OMXB]  : usingANWBuffer: handle:0xee743ea0, format:1, w:1920, h:1080
05-27 18:38:30.922   481   598 I mcuc    : rev,n=1,6AA681CD02000A89004A0104092012345609
05-27 18:38:30.922  1121  1144 I tboxmids_ap: [2026-05-27 18:38:30.922] [MCU RX] src=MCU dst=ZMQ len=10 type=BINARY data=00 08 4A 01 04 09 20 12 34 56 
05-27 18:38:30.923   351   373 D automotive.vehicle@2.0-adayo-datacomm-mcu: MCUDatacomm sendMessageFromVehicle prop: 0x89, areaId: 0x0, status: 0x4a, timestamp: 0x1
05-27 18:38:30.923   351   373 D automotive.vehicle@2.0-adayo-datacomm-mcu: MCUDatacomm 1sendMessageFromVehicle ---> type = 12 
05-27 18:38:30.924  1083  1083 I MyAppLog: [2026-05-27 18:38:30.923 I tboxap mcuCommTboxmidsRecvCb:97] [Mcu] [mcuCommTboxmidsRecvCb] recv from tboxmids, size:10
05-27 18:38:30.924  1083  1083 I MyAppLog: [2026-05-27 18:38:30.923 I tboxap mcuCommTboxmidsRecvCb:98] [Mcu] [tboxmids -> tboxap]: :00 08 4A 01 04 09 20 12 34 56
05-27 18:38:30.925  1083  1083 I MyAppLog: [2026-05-27 18:38:30.923 I tboxap mcuPtlParseData:990] [Mcu] [Mcu  Parse]: (cmd):0920 (param):0920123456
05-27 18:38:30.925   581   581 I SpiService: fgesysctrl_getGPIO_status success val=1
05-27 18:38:30.925  1083  1083 W MyAppLog: [2026-05-27 18:38:30.923 W tboxap mcuParamDataRevPack:918] [Mcu] mcuParamDataRevPack start pack data!!!
05-27 18:38:30.925  1083  1083 W MyAppLog: [2026-05-27 18:38:30.923 W tboxap mcuHandleTrigAlarmInd:1906] [Mcu] [mcuHandleTrigAlarmInd] trig alarm rpt, msgId:0x0200 alarmType:0x12 12VBatt:0x34
05-27 18:38:30.926  1083  1083 I MyAppLog: [2026-05-27 18:38:30.924 I tboxap mcuSendYadiTransfer:196] [Mcu] [mcuYadiSend]: :00 06 FA 04 01 09 A0 01
05-27 18:38:30.926  1083  1083 W MyAppLog: [2026-05-27 18:38:30.924 W tboxap tsp_ExternalEvent:109] [Tsp] [tsp_ExternalEvent] recv ExternalEvent = 61, size:4
05-27 18:38:30.926  1083  1083 W MyAppLog: [2026-05-27 18:38:30.924 W tboxap tsp_TrigAlarmFilter:621] [Tsp] [tsp_TrigAlarmFilter] bit[1] check start: isActive:1 wasActive:1 lastReport:1779875391 delta:2919 severeCnt:0 severeDelta:-1
05-27 18:38:30.926  1083  1083 W MyAppLog: [2026-05-27 18:38:30.924 W tboxap tsp_TrigAlarmFilter:668] [Tsp] [tsp_TrigAlarmFilter] bit[1] check done: allow:0 outAlarmType:0x00 outBatt:0x00
05-27 18:38:30.926  1083  1083 W MyAppLog: [2026-05-27 18:38:30.924 W tboxap tsp_TrigAlarmFilter:621] [Tsp] [tsp_TrigAlarmFilter] bit[10] check start: isActive:1 wasActive:1 lastReport:1779875391 delta:2919 severeCnt:0 severeDelta:-1
05-27 18:38:30.926  1083  1083 W MyAppLog: [2026-05-27 18:38:30.924 W tboxap tsp_TrigAlarmFilter:668] [Tsp] [tsp_TrigAlarmFilter] bit[10] check done: allow:0 outAlarmType:0x00 outBatt:0x00
05-27 18:38:30.926  1083  1083 W MyAppLog: [2026-05-27 18:38:30.924 W tboxap tsp_TrigAlarmFilter:677] [Tsp] [tsp_TrigAlarmFilter] input alarmType:0x02 batt:0x04 output alarmType:0x00 batt:0x00 severeCnt:0
05-27 18:38:30.927   481   599 I mcuc    : start timer OK = 28661 
05-27 08:29:39.889   581   581 D spi_rst_gpio_get_output: GPIO 145 value: 1
05-27 08:29:39.889   581   581 D spidev_ioctl: gpio status=1)
05-27 18:38:30.930 13911 14183 I SentryImuMcuAngleSender: -179.993rollDeg
05-27 18:38:30.930 13911 14183 I SentryImuMcuAngleSender: 1,0,0
05-27 18:38:30.930   581   581 I SpiService: fgesysctrl_getGPIO_status success val=1
05-27 08:29:39.895   581   581 D spi_rst_gpio_get_output: GPIO 145 value: 1
05-27 08:29:39.895   581   581 D spidev_ioctl: gpio status=1)
05-27 18:38:30.936   581   581 I SpiService: fgesysctrl_getGPIO_status success val=1
05-27 08:29:39.901   581   581 D spi_rst_gpio_get_output: GPIO 145 value: 1
05-27 08:29:39.901   581   581 D spidev_ioctl: gpio status=1)
05-27 18:38:30.941   581   581 I SpiService: fgesysctrl_getGPIO_status success val=1
05-27 18:38:30.942  1008 30857 D [OMXB]  : usingANWBuffer: handle:0xee740e80, format:1, w:1920, h:1080
05-27 08:29:39.906   581   581 D spi_rst_gpio_get_output: GPIO 145 value: 1
05-27 08:29:39.906   581   581 D spidev_ioctl: gpio status=1)
05-27 18:38:30.946   299 30844 D EvsDriver: forwardFrame
05-27 18:38:30.946   299 30841 D EvsDriver: forwardFrame
05-27 18:38:30.947   581   581 I SpiService: fgesysctrl_getGPIO_status success val=1
05-27 08:29:39.912   581   581 D spi_rst_gpio_get_output: GPIO 145 value: 1
05-27 08:29:39.912   581   581 D spidev_ioctl: gpio status=1)
05-27 18:38:30.949   299 30844 D EvsDriver: Delivered 0xb400007b7ca56900 as id 0
05-27 18:38:30.949  1167  1184 D evsmanagerd: /dev/video6 forwarded the buffer #0 to 0xb4000074bf5f5510 from 0xb4000074bf5f6d90
05-27 18:38:30.949 30773 30782 E dvr_service_: [myNum:1] Received S**** loss
05-27 18:38:30.950   299  1163 D EvsDriver: doneWithFrame
05-27 18:38:30.951 13911 14183 I SentryImuMcuAngleSender: -179.98248rollDeg
05-27 18:38:30.951 13911 14183 I SentryImuMcuAngleSender: 1,0,0
05-27 18:38:30.951  1167  1184 D evsmanagerd: /dev/video4 forwarded the buffer #0 to 0xb4000074bf5f6850 from 0xb4000074bf5f41d0
05-27 18:38:30.951   299 30841 D EvsDriver: Delivered 0xb400007b7ca56a60 as id 0
05-27 18:38:30.951 30773 30782 E dvr_service_: [myNum:0] Received S**** loss
05-27 18:38:30.952   299  1163 D EvsDriver: doneWithFrame
05-27 18:38:30.953   581   581 I SpiService: fgesysctrl_getGPIO_status success val=0
05-27 18:38:30.953   481   597 I mcuc    : send SPI:6AA602CD0200028900A46AA6016FF500F80901FA040109A001000000000000000000000000000000000000000000000000000000000000000000000000000000000000000000000000000000000000000000000000000000000000000000000000000000000000000000000000000000000000000000000000000000000000000000000000000000000000000000000000000000000000000000000000000000000000000000000000000000000000000000000000000000000000000000000000000000000000000000000000000000000000000000000000000000000000000000000000000000000000000000000000000000000000000000000000000000000000000000000000F0
05-27 18:38:30.956   536   536 D commservice260303: msg.id = 1028,0
05-27 18:38:30.956   536   536 D commservice260303: i = 170, msgid = 8A000404
05-27 18:38:30.956   536   536 D commservice260303: msgid = -1979710460,did=138
05-27 18:38:30.956   536   536 D commservice260303: CommProtocolLibCmdBaseI2C::dataproc {"command":{"id":"imu_status","sub":""},"content":{"TimeStamp":10,"FrameCounter":237433,"GD_X":-0.011987865902483463,"GD_Y":0.0059551820158958435,"GD_Z":0.0017560218693688512,"AD_X":-0.004129767417907715,"AD_Y":-0.00534487422555685,"AD_Z":-0.17070293426513672,"TempDsp":0,"Status":0,"CalibState":1,"SigAmpInvalid":0}},-1979710460
05-27 18:38:30.957   536   536 D commservice260303: send2Cluster len:317, 7B22636F6D6D616E64223A7B226964223A22696D755F737461747573222C22737562223A22227D2C22636F6E74656E74223A7B2254696D655374616D70223A31302C224672616D65436F756E746572223A3233373433332C2247445F58223A2D302E3031313938373836353930323438333436332C2247445F59223A302E303035393535313832303135383935383433352C2247445F5A223A302E303031373536303231383639333638383531322C2241445F58223A2D302E3030343132393736373431373930373731352C2241445F59223A2D302E30303533343438373432323535353638352C2241445F5A223A2D302E31373037303239333432363531333637322C2254656D70447370223A302C22537461747573223A302C2243616C69625374617465223A312C22536967416D70496E76616C6964223A307D7D, 138 
05-27 18:38:30.957   536   536 D commservice260303: Push Message into SendPool fn=249496320
05-27 18:38:30.957   536   536 D commservice260303: ComProtocolLibSend2Cluster::send2ClusterRaw fn=249496320 , len=333
05-27 18:38:30.957   536   536 D commservice260303: sendCmdToPort :333!!!
05-27 18:38:30.957   536   536 D commservice260303: send Cmd To Port ++++5AA501498A010003DF0E6A16C9A67B22636F6D6D616E64223A7B226964223A22696D755F737461747573222C22737562223A22227D2C22636F6E74656E74223A7B2254696D655374616D70223A31302C224672616D65436F756E746572223A3233373433332C2247445F58223A2D302E3031313938373836353930323438333436332C2247445F59223A302E303035393535313832303135383935383433352C2247445F5A223A302E303031373536303231383639333638383531322C2241445F58223A2D302E3030343132393736373431373930373731352C2241445F59223A2D302E30303533343438373432323535353638352C2241445F5A223A2D302E31373037303239333432363531333637322C2254656D70447370223A302C22537461747573223A302C2243616C69625374617465223A312C22536967416D70496E76616C6964223A307D7D7EC9
05-27 18:38:30.957   536   536 D commservice260303: bufferevent_write retrun value = 0
05-27 18:38:30.957   536   560 D commservice260303: client datas send succeed,send finish
05-27 08:29:39.918   581   581 D spi_rst_gpio_get_output: GPIO 145 value: 0
05-27 08:29:39.918   581   581 D spidev_ioctl: gpio status=0)
05-27 18:38:30.957   283   307 I rvcservice: t.code = 1, t.value = -168360
05-27 18:38:30.958 13911 14192 D Sentinelmode_1.2.5.17_sentry: <SentryImuClusterFgeSender>imu_status sent to Linux, frame=237433, tsNs=10178199, tsMs=10, intervalMs=40, ad=(-0.0041297674,-0.005344874,-0.17070293), gd=(-0.011987866,0.005955182,0.0017560219)
05-27 18:38:30.962  1008 30856 D [OMXB]  : usingANWBuffer: handle:0xee7433a0, format:1, w:1920, h:1080
05-27 18:38:30.963 30773 30789 I dvr_service_: Camera 0: MediaOK:80897383, frames:1920, isKeyFrame:0,pts:10177801346
05-27 18:38:30.964   481   598 I mcuc    : rev,n=1,6AA6826FF4000209010F
05-27 18:38:30.967   581   581 I SpiService: fgesysctrl_getGPIO_status success val=1
05-27 08:29:39.932   581   581 D spi_rst_gpio_get_output: GPIO 145 value: 1
05-27 08:29:39.932   581   581 D spidev_ioctl: gpio status=1)
05-27 18:38:30.971 13911 14183 I SentryImuMcuAngleSender: 180.0rollDeg
05-27 18:38:30.971 13911 14183 I SentryImuMcuAngleSender: 1,0,0
05-27 18:38:30.973   581   581 I SpiService: fgesysctrl_getGPIO_status success val=1
05-27 08:29:39.938   581   581 D spi_rst_gpio_get_output: GPIO 145 value: 1
05-27 08:29:39.938   581   581 D spidev_ioctl: gpio status=1)
05-27 18:38:30.977  1008 30857 D [OMXB]  : usingANWBuffer: handle:0xee7427f0, format:1, w:1920, h:1080
05-27 18:38:30.979   581   581 I SpiService: fgesysctrl_getGPIO_status success val=1
05-27 08:29:39.943   581   581 D spi_rst_gpio_get_output: GPIO 145 value: 1
05-27 08:29:39.943   581   581 D spidev_ioctl: gpio status=1)
05-27 18:38:30.983   299 30844 D EvsDriver: forwardFrame
05-27 18:38:30.984   299 30841 D EvsDriver: forwardFrame
05-27 18:38:30.986   581   581 I SpiService: fgesysctrl_getGPIO_status success val=1
05-27 18:38:30.986  1167  1184 D evsmanagerd: /dev/video6 forwarded the buffer #0 to 0xb4000074bf5f5510 from 0xb4000074bf5f6d90
05-27 18:38:30.988  1167  1184 D evsmanagerd: /dev/video4 forwarded the buffer #0 to 0xb4000074bf5f6850 from 0xb4000074bf5f41d0
05-27 18:38:30.988   299 30841 D EvsDriver: Delivered 0xb400007b7ca56a60 as id 0
05-27 08:29:39.950   581   581 D spi_rst_gpio_get_output: GPIO 145 value: 1
05-27 08:29:39.950   581   581 D spidev_ioctl: gpio status=1)
05-27 18:38:30.990   299 30844 D EvsDriver: Delivered 0xb400007b7ca56900 as id 0
05-27 18:38:30.990   299  1163 D EvsDriver: doneWithFrame
05-27 18:38:30.992   581   581 I SpiService: fgesysctrl_getGPIO_status success val=0
05-27 18:38:30.992 13911 14183 I SentryImuMcuAngleSender: 179.98949rollDeg
05-27 18:38:30.992 13911 14183 I SentryImuMcuAngleSender: 1,0,0
05-27 08:29:39.956   581   581 D spi_rst_gpio_get_output: GPIO 145 value: 0
05-27 08:29:39.956   581   581 D spidev_ioctl: gpio status=0)
05-27 18:38:30.993 15863 16069 D AIN-HttpHealthPolicy: call() called start, host=www.163.com
05-27 18:38:30.995   299  1163 D EvsDriver: doneWithFrame
05-27 18:38:30.996 10046 25090 D resolv  : GetAddrInfoHandler::run: {103 786535 103 983143 1000 0}
05-27 18:38:30.996   536   536 D commservice260303: msg.id = 1028,1
05-27 18:38:30.996   536   536 D commservice260303: i = 170, msgid = 8A000404
05-27 18:38:30.996   536   536 D commservice260303: msgid = -1979710460,did=138
05-27 18:38:30.996   536   536 D commservice260303: CommProtocolLibCmdBaseI2C::dataproc {"command":{"id":"imu_status","sub":""},"content":{"TimeStamp":10,"FrameCounter":237434,"GD_X":-0.012139749713242054,"GD_Y":0.004809814505279064,"GD_Z":0.0017560218693688512,"AD_X":-0.0029104650020599365,"AD_Y":-4.562836838886142E-4,"AD_Z":-0.17070293426513672,"TempDsp":0,"Status":0,"CalibState":1,"SigAmpInvalid":0}},-1979710460
05-27 18:38:30.997   536   536 D commservice260303: send2Cluster len:318, 7B22636F6D6D616E64223A7B226964223A22696D755F737461747573222C22737562223A22227D2C22636F6E74656E74223A7B2254696D655374616D70223A31302C224672616D65436F756E746572223A3233373433342C2247445F58223A2D302E3031323133393734393731333234323035342C2247445F59223A302E3030343830393831343530353237393036342C2247445F5A223A302E303031373536303231383639333638383531322C2241445F58223A2D302E303032393130343635303032303539393336352C2241445F59223A2D342E353632383336383338383836313432452D342C2241445F5A223A2D302E31373037303239333432363531333637322C2254656D70447370223A302C22537461747573223A302C2243616C69625374617465223A312C22536967416D70496E76616C6964223A307D7D, 138 
05-27 18:38:30.997   536   536 D commservice260303: Push Message into SendPool fn=266273536
05-27 18:38:30.997   536   536 D commservice260303: ComProtocolLibSend2Cluster::send2ClusterRaw fn=266273536 , len=334
05-27 18:38:30.997   536   536 D commservice260303: sendCmdToPort :334!!!
05-27 18:38:30.997   536   536 D commservice260303: send Cmd To Port ++++5AA5014A8A010003DF0F6A16C9A67B22636F6D6D616E64223A7B226964223A22696D755F737461747573222C22737562223A22227D2C22636F6E74656E74223A7B2254696D655374616D70223A31302C224672616D65436F756E746572223A3233373433342C2247445F58223A2D302E3031323133393734393731333234323035342C2247445F59223A302E3030343830393831343530353237393036342C2247445F5A223A302E303031373536303231383639333638383531322C2241445F58223A2D302E303032393130343635303032303539393336352C2241445F59223A2D342E353632383336383338383836313432452D342C2241445F5A223A2D302E31373037303239333432363531333637322C2254656D70447370223A302C22537461747573223A302C2243616C69625374617465223A312C22536967416D70496E76616C6964223A307D7D0984
05-27 18:38:30.998  1008 30856 D [OMXB]  : usingANWBuffer: handle:0xee743b30, format:1, w:1920, h:1080
05-27 18:38:30.998 10046 25090 D resolv  : resolv_getaddrinfo: explore_fqdn(): ai_family=0 ai_socktype=1 ai_protocol=6
05-27 18:38:30.998   536   536 D commservice260303: bufferevent_write retrun value = 0
05-27 18:38:30.998   536   560 D commservice260303: client datas send succeed,send finish
05-27 18:38:30.998 13911 14192 D Sentinelmode_1.2.5.17_sentry: <SentryImuClusterFgeSender>imu_status sent to Linux, frame=237434, tsNs=10178235, tsMs=10, intervalMs=41, ad=(-0.002910465,-4.5628368E-4,-0.17070293), gd=(-0.01213975,0.0048098145,0.0017560219)
05-27 18:38:31.000 10046 25091 D resolv  : doQuery: (1, 1)
05-27 18:38:31.000 10046 25091 D resolv  : res_nmkquery: (QUERY, IN, A)
05-27 18:38:31.000 10046 25091 D resolv  : res_nsend
05-27 18:38:31.000 10046 25091 I resolv  : resolv_cache_lookup: lookup
05-27 18:38:31.000 10046 25091 I resolv  : resolv_cache_lookup: FOUND IN CACHE entry=0xb400007295472cc0
05-27 18:38:31.000 10046 25091 D resolv  : doQuery: rcode=0, ancount=4
05-27 18:38:31.001   572   622 I Sensors : 230 GyroSensor: x:-0.012064,y:0.005192,z:0.002138
05-27 18:38:31.002 15863 16069 D TrafficStats: tagSocket(166) with statsTag=0xffffffff, statsUid=-1
05-27 18:38:31.006   581   581 I SpiService: fgesysctrl_getGPIO_status success val=1
05-27 18:38:31.008   481   598 I mcuc    : rev,n=1,6AA681CD03000A89004B0104091312345614
05-27 18:38:31.008  1121  1144 I tboxmids_ap: [2026-05-27 18:38:31.008] [MCU RX] src=MCU dst=ZMQ len=10 type=BINARY data=00 08 4B 01 04 09 13 12 34 56 
05-27 18:38:31.008   481   598 I mcuc    : rev,n=2,6AA6826FF5000209010E
05-27 18:38:31.008   351   373 D automotive.vehicle@2.0-adayo-datacomm-mcu: MCUDatacomm sendMessageFromVehicle prop: 0x89, areaId: 0x0, status: 0x4b, timestamp: 0x1
05-27 18:38:31.008   351   373 D automotive.vehicle@2.0-adayo-datacomm-mcu: MCUDatacomm 1sendMessageFromVehicle ---> type = 12 
05-27 08:29:39.971   581   581 D spi_rst_gpio_get_output: GPIO 145 value: 1
05-27 08:29:39.971   581   581 D spidev_ioctl: gpio status=1)
05-27 18:38:31.009  1083  1083 I MyAppLog: [2026-05-27 18:38:31.008 I tboxap mcuCommTboxmidsRecvCb:97] [Mcu] [mcuCommTboxmidsRecvCb] recv from tboxmids, size:10
05-27 18:38:31.009  1083  1083 I MyAppLog: [2026-05-27 18:38:31.008 I tboxap mcuCommTboxmidsRecvCb:98] [Mcu] [tboxmids -> tboxap]: :00 08 4B 01 04 09 13 12 34 56
05-27 18:38:31.009  1083  1083 W MyAppLog: [2026-05-27 18:38:31.009 W tboxap mcuYadiFrameParse:852] [Mcu] [mcuYadiFrameParse] cmd:0913(MCU_SEC_BATT1_DYNAMIC_IND) payload too short:5 < 36
05-27 18:38:31.009  1083  1083 W MyAppLog: [2026-05-27 18:38:31.009 W tboxap mcuPtlParseData:982] [Mcu] [mcuPtlParseData] invalid yadi frame, len:10
05-27 18:38:31.012   581   581 I SpiService: fgesysctrl_getGPIO_status success val=1
05-27 18:38:31.012 13911 14183 I SentryImuMcuAngleSender: 179.986rollDeg
05-27 18:38:31.012 13911 14183 I SentryImuMcuAngleSender: 1,0,0
05-27 08:29:39.976   581   581 D spi_rst_gpio_get_output: GPIO 145 value: 1
05-27 08:29:39.976   581   581 D spidev_ioctl: gpio status=1)
05-27 18:38:31.015   299 30841 D EvsDriver: forwardFrame
05-27 18:38:31.017   299 30841 D EvsDriver: Delivered 0xb400007b7ca56a60 as id 0
05-27 18:38:31.017   581   581 I SpiService: fgesysctrl_getGPIO_status success val=1
05-27 18:38:31.017  1167  1184 D evsmanagerd: /dev/video4 forwarded the buffer #0 to 0xb4000074bf5f6850 from 0xb4000074bf5f41d0
05-27 18:38:31.020   299  1163 D EvsDriver: doneWithFrame
05-27 18:38:31.021  1008 30857 D [OMXB]  : usingANWBuffer: handle:0xee742ab0, format:1, w:1920, h:1080
05-27 18:38:31.022   299 30844 D EvsDriver: forwardFrame
05-27 18:38:31.023   581   581 I SpiService: fgesysctrl_getGPIO_status success val=1
05-27 08:29:39.982   581   581 D spi_rst_gpio_get_output: GPIO 145 value: 1
05-27 08:29:39.982   581   581 D spidev_ioctl: gpio status=1)
05-27 08:29:39.987   581   581 D spi_rst_gpio_get_output: GPIO 145 value: 1
05-27 08:29:39.987   581   581 D spidev_ioctl: gpio status=1)
05-27 18:38:31.023   299 30844 D EvsDriver: Delivered 0xb400007b7ca56900 as id 0
05-27 18:38:31.023  1167  1184 D evsmanagerd: /dev/video6 forwarded the buffer #0 to 0xb4000074bf5f5510 from 0xb4000074bf5f6d90
05-27 18:38:31.026   299  1163 D EvsDriver: doneWithFrame
05-27 18:38:31.029   581   581 I SpiService: fgesysctrl_getGPIO_status success val=1
05-27 08:29:39.993   581   581 D spi_rst_gpio_get_output: GPIO 145 value: 1
05-27 08:29:39.993   581   581 D spidev_ioctl: gpio status=1)
05-27 18:38:31.033 13911 14183 I SentryImuMcuAngleSender: 179.97899rollDeg
05-27 18:38:31.033 13911 14183 I SentryImuMcuAngleSender: 1,0,0
05-27 18:38:31.034   581   581 I SpiService: fgesysctrl_getGPIO_status success val=0
05-27 18:38:31.034   481   597 I mcuc    : send SPI:6AA602CD0300028900A3
05-27 18:38:31.036   536   536 D commservice260303: msg.id = 1028,0
05-27 18:38:31.036   536   536 D commservice260303: i = 170, msgid = 8A000404
05-27 18:38:31.036   536   536 D commservice260303: msgid = -1979710460,did=138
05-27 18:38:31.036   536   536 D commservice260303: CommProtocolLibCmdBaseI2C::dataproc {"command":{"id":"imu_status","sub":""},"content":{"TimeStamp":10,"FrameCounter":237435,"GD_X":-0.012370175682008266,"GD_Y":0.004963258747011423,"GD_Z":0.0020608289632946253,"AD_X":-0.005339294672012329,"AD_Y":0.0013686588499695063,"AD_Z":-0.17131328582763672,"TempDsp":0,"Status":0,"CalibState":1,"SigAmpInvalid":0}},-1979710460
05-27 18:38:31.036   536   536 D commservice260303: send2Cluster len:317, 7B22636F6D6D616E64223A7B226964223A22696D755F737461747573222C22737562223A22227D2C22636F6E74656E74223A7B2254696D655374616D70223A31302C224672616D65436F756E746572223A3233373433352C2247445F58223A2D302E3031323337303137353638323030383236362C2247445F59223A302E3030343936333235383734373031313432332C2247445F5A223A302E303032303630383238393633323934363235332C2241445F58223A2D302E3030353333393239343637323031323332392C2241445F59223A302E303031333638363538383439393639353036332C2241445F5A223A2D302E31373133313332383538323736333637322C2254656D70447370223A302C22537461747573223A302C2243616C69625374617465223A312C22536967416D70496E76616C6964223A307D7D, 138 
05-27 18:38:31.036   536   536 D commservice260303: Push Message into SendPool fn=283050752
05-27 18:38:31.036   536   536 D commservice260303: ComProtocolLibSend2Cluster::send2ClusterRaw fn=283050752 , len=333
05-27 18:38:31.036   536   536 D commservice260303: sendCmdToPort :333!!!
05-27 18:38:31.037   536   536 D commservice260303: send Cmd To Port ++++5AA501498A010003DF106A16C9A77B22636F6D6D616E64223A7B226964223A22696D755F737461747573222C22737562223A22227D2C22636F6E74656E74223A7B2254696D655374616D70223A31302C224672616D65436F756E746572223A3233373433352C2247445F58223A2D302E3031323337303137353638323030383236362C2247445F59223A302E3030343936333235383734373031313432332C2247445F5A223A302E303032303630383238393633323934363235332C2241445F58223A2D302E3030353333393239343637323031323332392C2241445F59223A302E303031333638363538383439393639353036332C2241445F5A223A2D302E31373133313332383538323736333637322C2254656D70447370223A302C22537461747573223A302C2243616C69625374617465223A312C22536967416D70496E76616C6964223A307D7D0295
05-27 18:38:31.037   536   536 D commservice260303: bufferevent_write retrun value = 0
05-27 18:38:31.037   536   560 D commservice260303: client datas send succeed,send finish
05-27 08:29:39.998   581   581 D spi_rst_gpio_get_output: GPIO 145 value: 0
05-27 08:29:39.999   581   581 D spidev_ioctl: gpio status=0)
05-27 18:38:31.038 13911 14192 D Sentinelmode_1.2.5.17_sentry: <SentryImuClusterFgeSender>imu_status sent to Linux, frame=237435, tsNs=10178270, tsMs=10, intervalMs=39, ad=(-0.0053392947,0.0013686588,-0.17131329), gd=(-0.012370176,0.0049632587,0.002060829)
05-27 18:38:31.041   299 30844 D EvsDriver: forwardFrame
05-27 18:38:31.042   299 30844 D EvsDriver: Delivered 0xb400007b7ca56900 as id 0
05-27 18:38:31.043  1167  1184 D evsmanagerd: /dev/video6 forwarded the buffer #0 to 0xb4000074bf5f5510 from 0xb4000074bf5f6d90
05-27 18:38:31.043   299 30841 D EvsDriver: forwardFrame
05-27 18:38:31.044 30773 30786 I dvr_service_: CameraX 1  audioOK: 81216000,audios:1270
05-27 18:38:31.046  1167  1184 D evsmanagerd: /dev/video4 forwarded the buffer #0 to 0xb4000074bf5f6850 from 0xb4000074bf5f41d0
05-27 18:38:31.046   299 30841 D EvsDriver: Delivered 0xb400007b7ca56a60 as id 0
05-27 18:38:31.046   481   598 I mcuc    : rev,n=1,6AA681CD04003589009C0600030000000000000000640064006410100000000000000000000000000000000000000000000000000000000000000000FF
05-27 18:38:31.047   351   373 D automotive.vehicle@2.0-adayo-datacomm-mcu: MCUDatacomm sendMessageFromVehicle prop: 0x89, areaId: 0x0, status: 0x9c, timestamp: 0x6
05-27 18:38:31.047   351   373 D automotive.vehicle@2.0-adayo-datacomm-mcu: MCUDatacomm 1sendMessageFromVehicle ---> type = 3 
05-27 18:38:31.047   351   373 D automotive.vehicle@2.0-adayo-func-bcm: sendMessageFromVehicle sendMessageFromVehicle
05-27 18:38:31.047   351   516 D automotive.vehicle@2.0-adayo-func-bcm: jjfan1 ______procotolSize :45
05-27 18:38:31.047   351   516 D automotive.vehicle@2.0-adayo-func-bcm: BCMFunc sendMessageFromVehicle_l dataType: 12,mByte=8,propid=0x21600001
05-27 18:38:31.047   351   516 D automotive.vehicle@2.0-adayo-func-bcm: BCMFunc sendMessageFromVehicle_l msgBuff[8]=0x0,start:2,len:11,temp:6,
05-27 18:38:31.047   351   516 D automotive.vehicle@2.0-adayo-func-bcm: BCMFunc sendMessageFromVehicle_l msgBuff[7]=0x0,start:0,len:5,temp:5,
05-27 18:38:31.047   351   516 D automotive.vehicle@2.0-adayo-func-bcm: BCMFunc sendMessageFromVehicle_l prop: 0x21600001 , SPLITE_BIT_DATA_INTEGER1 data:0
05-27 18:38:31.047   351   516 D automotive.vehicle@2.0-adayo-func-bcm: BCMFunc sendMessageFromVehicle_l prop: 0x21600001 , SPLITE_BIT_DATA_INTEGER4 procotol.calc[0]:0.100000,procotol.calc[1]:0.000000
05-27 18:38:31.047   351   516 D automotive.vehicle@2.0-adayo-func-bcm: BCMFunc sendMessageFromVehicle_l prop: 0x21600001 ,areaId: 0x0  SPLITE_BIT_DATA_INTEGER : 0.000000,calc[0]:0.100000,calc[1]:0.000000
05-27 18:38:31.047   351   516 D automotive.vehicle@2.0-adayo-func-bcm: BCMFunc sendMessageFromVehicle_l id:559939585, area:0 not report! 
05-27 18:38:31.047   351   516 D automotive.vehicle@2.0-adayo-func-bcm: BCMFunc sendMessageFromVehicle_l dataType: 12,mByte=9,propid=0x2140004d
05-27 18:38:31.047   351   516 D automotive.vehicle@2.0-adayo-func-bcm: BCMFunc sendMessageFromVehicle_l msgBuff[9]=0x0,start:0,len:3,temp:3,
05-27 18:38:31.047   351   516 D automotive.vehicle@2.0-adayo-func-bcm: BCMFunc sendMessageFromVehicle_l prop: 0x2140004d ,areaId: 0x0  SPLITE_BIT_DATA_INTEGER : 0
05-27 18:38:31.047   351   516 D automotive.vehicle@2.0-adayo-func-bcm: BCMFunc sendMessageFromVehicle_l id:557842509, area:0 not report! 
05-27 18:38:31.047   351   516 D automotive.vehicle@2.0-adayo-func-bcm: BCMFunc sendMessageFromVehicle_l dataType: 12,mByte=10,propid=0x21400009
05-27 18:38:31.047   351   516 D automotive.vehicle@2.0-adayo-func-bcm: BCMFunc sendMessageFromVehicle_l msgBuff[10]=0x0,start:0,len:3,temp:3,
05-27 18:38:31.047   351   516 D automotive.vehicle@2.0-adayo-func-bcm: BCMFunc sendMessageFromVehicle_l prop: 0x21400009 ,areaId: 0x0  SPLITE_BIT_DATA_INTEGER : 0
05-27 18:38:31.047   351   516 D automotive.vehicle@2.0-adayo-func-bcm: BCMFunc sendMessageFromVehicle_l id:557842441, area:0 not report! 
05-27 18:38:31.047   351   516 D automotive.vehicle@2.0-adayo-func-bcm: BCMFunc sendMessageFromVehicle_l dataType: 12,mByte=10,propid=0x2140000a
05-27 18:38:31.047   351   516 D automotive.vehicle@2.0-adayo-func-bcm: BCMFunc sendMessageFromVehicle_l msgBuff[10]=0x0,start:4,len:3,temp:3,
05-27 18:38:31.047   351   516 D automotive.vehicle@2.0-adayo-func-bcm: BCMFunc sendMessageFromVehicle_l prop: 0x2140000a ,areaId: 0x0  SPLITE_BIT_DATA_INTEGER : 0
05-27 18:38:31.047   351   516 D automotive.vehicle@2.0-adayo-func-bcm: BCMFunc sendMessageFromVehicle_l id:557842442, area:0 not report! 
05-27 18:38:31.047   351   516 D automotive.vehicle@2.0-adayo-func-bcm: BCMFunc sendMessageFromVehicle_l dataType: 12,mByte=11,propid=0x21400096
05-27 18:38:31.047   351   516 D automotive.vehicle@2.0-adayo-func-bcm: BCMFunc sendMessageFromVehicle_l msgBuff[11]=0x0,start:0,len:8,temp:8,
