05-27 18:38:30.128 12348 12448 E ExtUsbManager: 	at ts.car.usb.utils.AutoServiceConnector4Hidl$$ExternalSyntheticLambda0.run(Unknown Source:2)
05-27 18:38:30.128 12348 12448 E ExtUsbManager: 	at android.os.Handler.handleCallback(Handler.java:942)
05-27 18:38:30.128 12348 12448 E ExtUsbManager: 	at android.os.Handler.dispatchMessage(Handler.java:99)
05-27 18:38:30.128 12348 12448 E ExtUsbManager: 	at android.os.Looper.loopOnce(Looper.java:201)
05-27 18:38:30.128 12348 12448 E ExtUsbManager: 	at android.os.Looper.loop(Looper.java:288)
05-27 18:38:30.128 12348 12448 E ExtUsbManager: 	at android.os.HandlerThread.run(HandlerThread.java:67)
05-27 18:38:30.128   572   622 I Sensors : 230 AccelSensor: x:-0.166530,y:0.002440,z:-9.975330
05-27 18:38:30.128   269   269 D libvintf: HalManifest::getHidlTransport(framework): Cannot find android.hardware.usb.gadget@1.0::IUsbGadget/default
05-27 18:38:30.128   269   269 D libvintf: HalManifest::getHidlTransport(device): Cannot find android.hardware.usb.gadget@1.0::IUsbGadget/default
05-27 18:38:30.128   269   269 I hwservicemanager: getTransport: Cannot find entry android.hardware.usb.gadget@1.0::IUsbGadget/default in either framework or device VINTF manifest.
05-27 18:38:30.128 12348 12448 E ExtUsbManager: UsbGadgetController: android.hardware.usb.gadget.V1_0.IUsbGadget getService failed!
05-27 18:38:30.128 12348 12448 E ExtUsbManager: java.util.NoSuchElementException
05-27 18:38:30.128 12348 12448 E ExtUsbManager: 	at android.os.HwBinder.getService(Native Method)
05-27 18:38:30.128 12348 12448 E ExtUsbManager: 	at android.os.HwBinder.getService(HwBinder.java:81)
05-27 18:38:30.128 12348 12448 E ExtUsbManager: 	at android.hardware.usb.gadget.V1_0.IUsbGadget.getService(IUsbGadget.java:74)
05-27 18:38:30.128 12348 12448 E ExtUsbManager: 	at android.hardware.usb.gadget.V1_0.IUsbGadget.getService(IUsbGadget.java:84)
05-27 18:38:30.128 12348 12448 E ExtUsbManager: 	at ts.car.usb.UsbGadgetController.createService(UsbGadgetController.java:36)
05-27 18:38:30.128 12348 12448 E ExtUsbManager: 	at ts.car.usb.UsbGadgetController.createService(UsbGadgetController.java:17)
05-27 18:38:30.128 12348 12448 E ExtUsbManager: 	at ts.car.usb.utils.AutoServiceConnector4Hidl.autoConnect(AutoServiceConnector4Hidl.java:47)
05-27 18:38:30.128 12348 12448 E ExtUsbManager: 	at ts.car.usb.utils.AutoServiceConnector4Hidl$$ExternalSyntheticLambda0.run(Unknown Source:2)
05-27 18:38:30.128 12348 12448 E ExtUsbManager: 	at android.os.Handler.handleCallback(Handler.java:942)
05-27 18:38:30.128 12348 12448 E ExtUsbManager: 	at android.os.Handler.dispatchMessage(Handler.java:99)
05-27 18:38:30.128 12348 12448 E ExtUsbManager: 	at android.os.Looper.loopOnce(Looper.java:201)
05-27 18:38:30.128 12348 12448 E ExtUsbManager: 	at android.os.Looper.loop(Looper.java:288)
05-27 18:38:30.128 12348 12448 E ExtUsbManager: 	at android.os.HandlerThread.run(HandlerThread.java:67)
05-27 18:38:30.130   581   581 I SpiService: fgesysctrl_getGPIO_status success val=1
05-27 08:29:39.095   581   581 D spi_rst_gpio_get_output: GPIO 145 value: 1
05-27 08:29:39.095   581   581 D spidev_ioctl: gpio status=1)
05-27 18:38:30.133 13911 14183 I SentryImuMcuAngleSender: 179.986rollDeg
05-27 18:38:30.133 13911 14183 I SentryImuMcuAngleSender: 1,0,0
05-27 18:38:30.136   581   581 I SpiService: fgesysctrl_getGPIO_status success val=0
05-27 08:29:39.100   581   581 D spi_rst_gpio_get_output: GPIO 145 value: 0
05-27 08:29:39.100   581   581 D spidev_ioctl: gpio status=0)
05-27 18:38:30.137   299 30841 D EvsDriver: forwardFrame
05-27 18:38:30.137   299 30844 D EvsDriver: forwardFrame
05-27 18:38:30.138   299 30841 D EvsDriver: Delivered 0xb400007b7ca56a60 as id 0
05-27 18:38:30.138  1167  1167 D evsmanagerd: /dev/video4 forwarded the buffer #0 to 0xb4000074bf5f6850 from 0xb4000074bf5f41d0
05-27 18:38:30.139  1167  1167 D evsmanagerd: /dev/video6 forwarded the buffer #0 to 0xb4000074bf5f5510 from 0xb4000074bf5f6d90
05-27 18:38:30.139   299 30844 D EvsDriver: Delivered 0xb400007b7ca56900 as id 0
05-27 18:38:30.140  1008 30856 D [OMXB]  : usingANWBuffer: handle:0xee742cc0, format:1, w:1920, h:1080
05-27 18:38:30.141   299  1153 D EvsDriver: doneWithFrame
05-27 18:38:30.145   299  1153 D EvsDriver: doneWithFrame
05-27 18:38:30.150   536   536 D commservice260303: msg.id = 1028,1
05-27 18:38:30.150   536   536 D commservice260303: i = 170, msgid = 8A000404
05-27 18:38:30.150   536   536 D commservice260303: msgid = -1979710460,did=138
05-27 18:38:30.150   536   536 D commservice260303: CommProtocolLibCmdBaseI2C::dataproc {"command":{"id":"imu_status","sub":""},"content":{"TimeStamp":10,"FrameCounter":237413,"GD_X":-0.011834942735731602,"GD_Y":0.0048857564106583595,"GD_Z":0.002443138277158141,"AD_X":1.7668306827545166E-4,"AD_Y":3.2093608751893044E-5,"AD_Z":-0.17009353637695312,"TempDsp":0,"Status":0,"CalibState":1,"SigAmpInvalid":0}},-1979710460
05-27 18:38:30.150   536   536 D commservice260303: send2Cluster len:317, 7B22636F6D6D616E64223A7B226964223A22696D755F737461747573222C22737562223A22227D2C22636F6E74656E74223A7B2254696D655374616D70223A31302C224672616D65436F756E746572223A3233373431332C2247445F58223A2D302E3031313833343934323733353733313630322C2247445F59223A302E303034383835373536343130363538333539352C2247445F5A223A302E3030323434333133383237373135383134312C2241445F58223A312E37363638333036383237353435313636452D342C2241445F59223A332E32303933363038373531383933303434452D352C2241445F5A223A2D302E31373030393335333633373639353331322C2254656D70447370223A302C22537461747573223A302C2243616C69625374617465223A312C22536967416D70496E76616C6964223A307D7D, 138 
05-27 18:38:30.150   581   581 I SpiService: fgesysctrl_getGPIO_status success val=1
05-27 18:38:30.150   536   536 D commservice260303: Push Message into SendPool fn=-86113536
05-27 18:38:30.150   536   536 D commservice260303: ComProtocolLibSend2Cluster::send2ClusterRaw fn=-86113536 , len=333
05-27 18:38:30.150   536   536 D commservice260303: sendCmdToPort :333!!!
05-27 18:38:30.150   536   536 D commservice260303: send Cmd To Port ++++5AA501498A010003DEFA6A16C9A67B22636F6D6D616E64223A7B226964223A22696D755F737461747573222C22737562223A22227D2C22636F6E74656E74223A7B2254696D655374616D70223A31302C224672616D65436F756E746572223A3233373431332C2247445F58223A2D302E3031313833343934323733353733313630322C2247445F59223A302E303034383835373536343130363538333539352C2247445F5A223A302E3030323434333133383237373135383134312C2241445F58223A312E37363638333036383237353435313636452D342C2241445F59223A332E32303933363038373531383933303434452D352C2241445F5A223A2D302E31373030393335333633373639353331322C2254656D70447370223A302C22537461747573223A302C2243616C69625374617465223A312C22536967416D70496E76616C6964223A307D7D6DCF
05-27 18:38:30.150   536   536 D commservice260303: bufferevent_write retrun value = 0
05-27 18:38:30.150   536   560 D commservice260303: client datas send succeed,send finish
05-27 18:38:30.150 13911 14192 D Sentinelmode_1.2.5.17_sentry: <SentryImuClusterFgeSender>imu_status sent to Linux, frame=237413, tsNs=10177378, tsMs=10, intervalMs=41, ad=(1.7668307E-4,3.209361E-5,-0.17009354), gd=(-0.011834943,0.0048857564,0.0024431383)
05-27 08:29:39.115   581   581 D spi_rst_gpio_get_output: GPIO 145 value: 1
05-27 08:29:39.115   581   581 D spidev_ioctl: gpio status=1)
05-27 18:38:30.153 13911 14183 I SentryImuMcuAngleSender: 179.993rollDeg
05-27 18:38:30.153 13911 14183 I SentryImuMcuAngleSender: 1,0,0
05-27 18:38:30.155   283   307 I rvcservice: t.code = 3, t.value = 0
05-27 18:38:30.156   581   581 I SpiService: fgesysctrl_getGPIO_status success val=1
05-27 08:29:39.120   581   581 D spi_rst_gpio_get_output: GPIO 145 value: 1
05-27 08:29:39.120   581   581 D spidev_ioctl: gpio status=1)
05-27 18:38:30.161   581   581 I SpiService: fgesysctrl_getGPIO_status success val=1
05-27 08:29:39.126   581   581 D spi_rst_gpio_get_output: GPIO 145 value: 1
05-27 08:29:39.126   581   581 D spidev_ioctl: gpio status=1)
05-27 18:38:30.167   581   581 I SpiService: fgesysctrl_getGPIO_status success val=1
05-27 08:29:39.131   581   581 D spi_rst_gpio_get_output: GPIO 145 value: 1
05-27 08:29:39.131   581   581 D spidev_ioctl: gpio status=1)
05-27 18:38:30.169  1008 30857 D [OMXB]  : usingANWBuffer: handle:0xee743be0, format:1, w:1920, h:1080
05-27 18:38:30.173   581   581 I SpiService: fgesysctrl_getGPIO_status success val=1
05-27 18:38:30.174 13911 14183 I SentryImuMcuAngleSender: 179.993rollDeg
05-27 18:38:30.174 13911 14183 I SentryImuMcuAngleSender: 1,0,0
05-27 08:29:39.137   581   581 D spi_rst_gpio_get_output: GPIO 145 value: 1
05-27 08:29:39.137   581   581 D spidev_ioctl: gpio status=1)
05-27 18:38:30.179   581   581 I SpiService: fgesysctrl_getGPIO_status success val=0
05-27 08:29:39.144   581   581 D spi_rst_gpio_get_output: GPIO 145 value: 0
05-27 08:29:39.144   581   581 D spidev_ioctl: gpio status=0)
05-27 18:38:30.185   299 30844 D EvsDriver: forwardFrame
05-27 18:38:30.185   299 30841 D EvsDriver: forwardFrame
05-27 18:38:30.186   299 30841 D EvsDriver: Delivered 0xb400007b7ca56a60 as id 0
05-27 18:38:30.187  1167  1167 D evsmanagerd: /dev/video4 forwarded the buffer #0 to 0xb4000074bf5f6850 from 0xb4000074bf5f41d0
05-27 18:38:30.187  1167  1167 D evsmanagerd: /dev/video6 forwarded the buffer #0 to 0xb4000074bf5f5510 from 0xb4000074bf5f6d90
05-27 18:38:30.187   299 30844 D EvsDriver: Delivered 0xb400007b7ca56900 as id 0
05-27 18:38:30.189   299  1153 D EvsDriver: doneWithFrame
05-27 18:38:30.190   536   536 D commservice260303: msg.id = 1028,0
05-27 18:38:30.190   536   536 D commservice260303: i = 170, msgid = 8A000404
05-27 18:38:30.190   536   536 D commservice260303: msgid = -1979710460,did=138
05-27 18:38:30.190   536   536 D commservice260303: CommProtocolLibCmdBaseI2C::dataproc {"command":{"id":"imu_status","sub":""},"content":{"TimeStamp":10,"FrameCounter":237414,"GD_X":-0.01221725158393383,"GD_Y":0.004809814505279064,"GD_Z":0.0016030981205403805,"AD_X":-0.004079386591911316,"AD_Y":-0.001175509300082922,"AD_Z":-0.17070293426513672,"TempDsp":0,"Status":0,"CalibState":1,"SigAmpInvalid":0}},-1979710460
05-27 18:38:30.190   536   536 D commservice260303: send2Cluster len:316, 7B22636F6D6D616E64223A7B226964223A22696D755F737461747573222C22737562223A22227D2C22636F6E74656E74223A7B2254696D655374616D70223A31302C224672616D65436F756E746572223A3233373431342C2247445F58223A2D302E30313232313732353135383339333338332C2247445F59223A302E3030343830393831343530353237393036342C2247445F5A223A302E303031363033303938313230353430333830352C2241445F58223A2D302E3030343037393338363539313931313331362C2241445F59223A2D302E3030313137353530393330303038323932322C2241445F5A223A2D302E31373037303239333432363531333637322C2254656D70447370223A302C22537461747573223A302C2243616C69625374617465223A312C22536967416D70496E76616C6964223A307D7D, 138 
05-27 18:38:30.190   536   536 D commservice260303: Push Message into SendPool fn=-69336320
05-27 18:38:30.190   536   536 D commservice260303: ComProtocolLibSend2Cluster::send2ClusterRaw fn=-69336320 , len=332
05-27 18:38:30.190   536   536 D commservice260303: sendCmdToPort :332!!!
05-27 18:38:30.190   536   536 D commservice260303: send Cmd To Port ++++5AA501488A010003DEFB6A16C9A67B22636F6D6D616E64223A7B226964223A22696D755F737461747573222C22737562223A22227D2C22636F6E74656E74223A7B2254696D655374616D70223A31302C224672616D65436F756E746572223A3233373431342C2247445F58223A2D302E30313232313732353135383339333338332C2247445F59223A302E3030343830393831343530353237393036342C2247445F5A223A302E303031363033303938313230353430333830352C2241445F58223A2D302E3030343037393338363539313931313331362C2241445F59223A2D302E3030313137353530393330303038323932322C2241445F5A223A2D302E31373037303239333432363531333637322C2254656D70447370223A302C22537461747573223A302C2243616C69625374617465223A312C22536967416D70496E76616C6964223A307D7DC0EE
05-27 18:38:30.190   536   536 D commservice260303: bufferevent_write retrun value = 0
05-27 18:38:30.190   536   560 D commservice260303: client datas send succeed,send finish
05-27 18:38:30.191 13911 14192 D Sentinelmode_1.2.5.17_sentry: <SentryImuClusterFgeSender>imu_status sent to Linux, frame=237414, tsNs=10177432, tsMs=10, intervalMs=40, ad=(-0.0040793866,-0.0011755093,-0.17070293), gd=(-0.012217252,0.0048098145,0.0016030981)
05-27 18:38:30.191   299  1153 D EvsDriver: doneWithFrame
05-27 18:38:30.192  1008 30856 D [OMXB]  : usingANWBuffer: handle:0xee740430, format:1, w:1920, h:1080
05-27 18:38:30.194   581   581 I SpiService: fgesysctrl_getGPIO_status success val=1
05-27 18:38:30.195 13911 14183 I SentryImuMcuAngleSender: 179.993rollDeg
05-27 18:38:30.195 13911 14183 I SentryImuMcuAngleSender: 1,0,0
05-27 08:29:39.158   581   581 D spi_rst_gpio_get_output: GPIO 145 value: 1
05-27 08:29:39.158   581   581 D spidev_ioctl: gpio status=1)
05-27 18:38:30.199   581   581 I SpiService: fgesysctrl_getGPIO_status success val=1
05-27 08:29:39.164   581   581 D spi_rst_gpio_get_output: GPIO 145 value: 1
05-27 08:29:39.164   581   581 D spidev_ioctl: gpio status=1)
05-27 18:38:30.205   581   581 I SpiService: fgesysctrl_getGPIO_status success val=1
05-27 08:29:39.169   581   581 D spi_rst_gpio_get_output: GPIO 145 value: 1
05-27 08:29:39.169   581   581 D spidev_ioctl: gpio status=1)
05-27 18:38:30.210   581   581 I SpiService: fgesysctrl_getGPIO_status success val=1
05-27 18:38:30.211   299 30844 D EvsDriver: forwardFrame
05-27 18:38:30.211   299 30841 D EvsDriver: forwardFrame
05-27 18:38:30.214   299 30841 D EvsDriver: Delivered 0xb400007b7ca56a60 as id 0
05-27 18:38:30.214  1167  1167 D evsmanagerd: /dev/video4 forwarded the buffer #0 to 0xb4000074bf5f6850 from 0xb4000074bf5f41d0
05-27 18:38:30.215  1167  1167 D evsmanagerd: /dev/video6 forwarded the buffer #0 to 0xb4000074bf5f5510 from 0xb4000074bf5f6d90
05-27 18:38:30.215   299 30844 D EvsDriver: Delivered 0xb400007b7ca56900 as id 0
05-27 18:38:30.215 13911 14183 I SentryImuMcuAngleSender: 180.0rollDeg
05-27 08:29:39.175   581   581 D spi_rst_gpio_get_output: GPIO 145 value: 1
05-27 08:29:39.175   581   581 D spidev_ioctl: gpio status=1)
05-27 18:38:30.215 13911 14183 I SentryImuMcuAngleSender: 1,0,0
05-27 18:38:30.216   581   581 I SpiService: fgesysctrl_getGPIO_status success val=0
05-27 18:38:30.216   481   597 I mcuc    : send SPI:6AA6006FF10002060197
05-27 18:38:30.216   299  1153 D EvsDriver: doneWithFrame
05-27 08:29:39.181   581   581 D spi_rst_gpio_get_output: GPIO 145 value: 0
05-27 18:38:30.216   572   622 I Sensors : 230 GyroSensor: x:-0.012217,y:0.005421,z:0.002138
05-27 08:29:39.181   581   581 D spidev_ioctl: gpio status=0)
05-27 18:38:30.218   299  1163 D EvsDriver: doneWithFrame
05-27 18:38:30.224  1008 30857 D [OMXB]  : usingANWBuffer: handle:0xee7404e0, format:1, w:1920, h:1080
05-27 18:38:30.231   581   581 I SpiService: fgesysctrl_getGPIO_status success val=1
05-27 18:38:30.232   536   536 D commservice260303: msg.id = 1028,1
05-27 18:38:30.232   536   536 D commservice260303: i = 170, msgid = 8A000404
05-27 18:38:30.232   536   536 D commservice260303: msgid = -1979710460,did=138
05-27 18:38:30.232   536   536 D commservice260303: CommProtocolLibCmdBaseI2C::dataproc {"command":{"id":"imu_status","sub":""},"content":{"TimeStamp":10,"FrameCounter":237415,"GD_X":-0.01221725158393383,"GD_Y":0.005420989356935024,"GD_Z":0.0021378109231591225,"AD_X":-0.0040755122900009155,"AD_Y":-0.002380393911153078,"AD_Z":-0.16826915740966797,"TempDsp":0,"Status":0,"CalibState":1,"SigAmpInvalid":0}},-1979710460
05-27 18:38:30.232   536   536 D commservice260303: send2Cluster len:317, 7B22636F6D6D616E64223A7B226964223A22696D755F737461747573222C22737562223A22227D2C22636F6E74656E74223A7B2254696D655374616D70223A31302C224672616D65436F756E746572223A3233373431352C2247445F58223A2D302E30313232313732353135383339333338332C2247445F59223A302E3030353432303938393335363933353032342C2247445F5A223A302E303032313337383130393233313539313232352C2241445F58223A2D302E303034303735353132323930303030393135352C2241445F59223A2D302E3030323338303339333931313135333037382C2241445F5A223A2D302E31363832363931353734303936363739372C2254656D70447370223A302C22537461747573223A302C2243616C69625374617465223A312C22536967416D70496E76616C6964223A307D7D, 138 
05-27 18:38:30.232   536   536 D commservice260303: Push Message into SendPool fn=-52559104
05-27 18:38:30.232   536   536 D commservice260303: ComProtocolLibSend2Cluster::send2ClusterRaw fn=-52559104 , len=333
05-27 18:38:30.232   536   536 D commservice260303: sendCmdToPort :333!!!
05-27 18:38:30.233   536   536 D commservice260303: send Cmd To Port ++++5AA501498A010003DEFC6A16C9A67B22636F6D6D616E64223A7B226964223A22696D755F737461747573222C22737562223A22227D2C22636F6E74656E74223A7B2254696D655374616D70223A31302C224672616D65436F756E746572223A3233373431352C2247445F58223A2D302E30313232313732353135383339333338332C2247445F59223A302E3030353432303938393335363933353032342C2247445F5A223A302E303032313337383130393233313539313232352C2241445F58223A2D302E303034303735353132323930303030393135352C2241445F59223A2D302E3030323338303339333931313135333037382C2241445F5A223A2D302E31363832363931353734303936363739372C2254656D70447370223A302C22537461747573223A302C2243616C69625374617465223A312C22536967416D70496E76616C6964223A307D7D2D75
05-27 18:38:30.233   536   536 D commservice260303: bufferevent_write retrun value = 0
05-27 08:29:39.195   581   581 D spi_rst_gpio_get_output: GPIO 145 value: 1
05-27 08:29:39.195   581   581 D spidev_ioctl: gpio status=1)
05-27 18:38:30.233   536   560 D commservice260303: client datas send succeed,send finish
05-27 18:38:30.233 13911 14192 D Sentinelmode_1.2.5.17_sentry: <SentryImuClusterFgeSender>imu_status sent to Linux, frame=237415, tsNs=10177467, tsMs=10, intervalMs=43, ad=(-0.0040755123,-0.002380394,-0.16826916), gd=(-0.012217252,0.0054209894,0.002137811)
05-27 18:38:30.235 13911 14183 I SentryImuMcuAngleSender: -179.99298rollDeg
05-27 18:38:30.235 13911 14183 I SentryImuMcuAngleSender: 1,0,0
05-27 18:38:30.237   581   581 I SpiService: fgesysctrl_getGPIO_status success val=1
05-27 08:29:39.201   581   581 D spi_rst_gpio_get_output: GPIO 145 value: 1
05-27 08:29:39.201   581   581 D spidev_ioctl: gpio status=1)
05-27 08:29:39.204     0     0 I         : c5 [    C5] io insert-issue:  535   24    4    0    1    0    0    0    0    0    0    0
05-27 08:29:39.204     0     0 I         : c5 [    C5] |_i2i       sda[  8- 8192ms]:  124   18    4    0    1    0    0    0    0    0    0    0
05-27 08:29:39.204     0     0 I         : c5 [    C5] |_i2i    others[  8- 8192ms]:  411    6    0    0    0    0    0    0    0    0    0    0
05-27 08:29:39.204     0     0 I         : c5 [    C5] io issue-comp:  451   56   45   11    1    0    0    0    0    0    0    0
05-27 08:29:39.204     0     0 I         : c5 [    C5] |_i2c       sda[  8- 8192ms]:  119   22    5    0    1    0    0    0    0    0    0    0
05-27 08:29:39.204     0     0 I         : c5 [    C5] |_i2c    others[  8- 8192ms]:  332   34   40   11    0    0    0    0    0    0    0    0
05-27 18:38:30.242   581   581 I SpiService: fgesysctrl_getGPIO_status success val=1
05-27 18:38:30.243   299 30841 D EvsDriver: forwardFrame
05-27 18:38:30.244  1167  1167 D evsmanagerd: /dev/video4 forwarded the buffer #0 to 0xb4000074bf5f6850 from 0xb4000074bf5f41d0
05-27 18:38:30.244   299 30841 D EvsDriver: Delivered 0xb400007b7ca56a60 as id 0
05-27 08:29:39.207   581   581 D spi_rst_gpio_get_output: GPIO 145 value: 1
05-27 08:29:39.207   581   581 D spidev_ioctl: gpio status=1)
05-27 18:38:30.246  1008 30856 D [OMXB]  : usingANWBuffer: handle:0xee743710, format:1, w:1920, h:1080
05-27 18:38:30.247   299  1163 D EvsDriver: doneWithFrame
05-27 08:29:39.213   581   581 D spi_rst_gpio_get_output: GPIO 145 value: 1
05-27 08:29:39.213   581   581 D spidev_ioctl: gpio status=1)
05-27 18:38:30.248   581   581 I SpiService: fgesysctrl_getGPIO_status success val=1
05-27 18:38:30.254   581   581 I SpiService: fgesysctrl_getGPIO_status success val=1
05-27 08:29:39.218   581   581 D spi_rst_gpio_get_output: GPIO 145 value: 1
05-27 08:29:39.218   581   581 D spidev_ioctl: gpio status=1)
05-27 18:38:30.255   299 30844 D EvsDriver: forwardFrame
05-27 18:38:30.255   283   307 I rvcservice: t.code = 7, t.value = 10177328
05-27 18:38:30.255 13911 14183 I SentryImuMcuAngleSender: -179.99298rollDeg
05-27 18:38:30.255 13911 14183 I SentryImuMcuAngleSender: 1,0,0
05-27 18:38:30.257   299 30844 D EvsDriver: Delivered 0xb400007b7ca56900 as id 0
05-27 18:38:30.257  1167  1167 D evsmanagerd: /dev/video6 forwarded the buffer #0 to 0xb4000074bf5f5510 from 0xb4000074bf5f6d90
05-27 18:38:30.260   581   581 I SpiService: fgesysctrl_getGPIO_status success val=0
05-27 18:38:30.261   299  1163 D EvsDriver: doneWithFrame
05-27 08:29:39.224   581   581 D spi_rst_gpio_get_output: GPIO 145 value: 0
05-27 08:29:39.224   581   581 D spidev_ioctl: gpio status=0)
05-27 18:38:30.270  1008 30857 D [OMXB]  : usingANWBuffer: handle:0xee740bc0, format:1, w:1920, h:1080
05-27 18:38:30.273   536   536 D commservice260303: msg.id = 1028,1
05-27 18:38:30.273   536   536 D commservice260303: i = 170, msgid = 8A000404
05-27 18:38:30.273   536   536 D commservice260303: msgid = -1979710460,did=138
05-27 18:38:30.273   536   536 D commservice260303: CommProtocolLibCmdBaseI2C::dataproc {"command":{"id":"imu_status","sub":""},"content":{"TimeStamp":10,"FrameCounter":237416,"GD_X":-0.011834942735731602,"GD_Y":0.005039200186729431,"GD_Z":0.0021378109231591225,"AD_X":-0.002244710922241211,"AD_Y":-0.0035775185097008944,"AD_Z":-0.16765689849853516,"TempDsp":0,"Status":0,"CalibState":1,"SigAmpInvalid":0}},-1979710460
05-27 18:38:30.273   536   536 D commservice260303: send2Cluster len:318, 7B22636F6D6D616E64223A7B226964223A22696D755F737461747573222C22737562223A22227D2C22636F6E74656E74223A7B2254696D655374616D70223A31302C224672616D65436F756E746572223A3233373431362C2247445F58223A2D302E3031313833343934323733353733313630322C2247445F59223A302E3030353033393230303138363732393433312C2247445F5A223A302E303032313337383130393233313539313232352C2241445F58223A2D302E3030323234343731303932323234313231312C2241445F59223A2D302E303033353737353138353039373030383934342C2241445F5A223A2D302E31363736353638393834393835333531362C2254656D70447370223A302C22537461747573223A302C2243616C69625374617465223A312C22536967416D70496E76616C6964223A307D7D, 138 
05-27 18:38:30.273   536   536 D commservice260303: Push Message into SendPool fn=-35781888
05-27 18:38:30.273   536   536 D commservice260303: ComProtocolLibSend2Cluster::send2ClusterRaw fn=-35781888 , len=334
05-27 18:38:30.273   536   536 D commservice260303: sendCmdToPort :334!!!
05-27 18:38:30.273   536   536 D commservice260303: send Cmd To Port ++++5AA5014A8A010003DEFD6A16C9A67B22636F6D6D616E64223A7B226964223A22696D755F737461747573222C22737562223A22227D2C22636F6E74656E74223A7B2254696D655374616D70223A31302C224672616D65436F756E746572223A3233373431362C2247445F58223A2D302E3031313833343934323733353733313630322C2247445F59223A302E3030353033393230303138363732393433312C2247445F5A223A302E303032313337383130393233313539313232352C2241445F58223A2D302E3030323234343731303932323234313231312C2241445F59223A2D302E303033353737353138353039373030383934342C2241445F5A223A2D302E31363736353638393834393835333531362C2254656D70447370223A302C22537461747573223A302C2243616C69625374617465223A312C22536967416D70496E76616C6964223A307D7D0155
05-27 18:38:30.274   581   581 I SpiService: fgesysctrl_getGPIO_status success val=1
05-27 18:38:30.274   536   536 D commservice260303: bufferevent_write retrun value = 0
05-27 18:38:30.274   536   560 D commservice260303: client datas send succeed,send finish
05-27 18:38:30.275 13911 14192 D Sentinelmode_1.2.5.17_sentry: <SentryImuClusterFgeSender>imu_status sent to Linux, frame=237416, tsNs=10177503, tsMs=10, intervalMs=41, ad=(-0.002244711,-0.0035775185,-0.1676569), gd=(-0.011834943,0.0050392,0.002137811)
05-27 18:38:30.275   299 30841 D EvsDriver: forwardFrame
05-27 18:38:30.276 13911 14183 I SentryImuMcuAngleSender: 179.99649rollDeg
05-27 18:38:30.276   299 30841 D EvsDriver: Delivered 0xb400007b7ca56a60 as id 0
05-27 08:29:39.239   581   581 D spi_rst_gpio_get_output: GPIO 145 value: 1
05-27 08:29:39.239   581   581 D spidev_ioctl: gpio status=1)
05-27 18:38:30.276  1167  1167 D evsmanagerd: /dev/video4 forwarded the buffer #0 to 0xb4000074bf5f6850 from 0xb4000074bf5f41d0
05-27 18:38:30.276 30773 30773 I dvr_service_: [myNum:0][onFrameReceived] Received Surface:1 0
05-27 18:38:30.276 30773 30773 E dvr_service_: [myNum:0] Received S**** loss
05-27 18:38:30.277   299  1163 D EvsDriver: doneWithFrame
05-27 18:38:30.277 13911 14183 I SentryImuMcuAngleSender: 1,0,0
05-27 18:38:30.279   581   581 I SpiService: fgesysctrl_getGPIO_status success val=1
05-27 18:38:30.279   299 30844 D EvsDriver: forwardFrame
05-27 08:29:39.244   581   581 D spi_rst_gpio_get_output: GPIO 145 value: 1
05-27 08:29:39.244   581   581 D spidev_ioctl: gpio status=1)
05-27 18:38:30.281  1167  1167 D evsmanagerd: /dev/video6 forwarded the buffer #0 to 0xb4000074bf5f5510 from 0xb4000074bf5f6d90
05-27 18:38:30.281   299 30844 D EvsDriver: Delivered 0xb400007b7ca56900 as id 0
05-27 18:38:30.281 30773 30773 I dvr_service_: [myNum:1][onFrameReceived] Received Surface:1 0
05-27 18:38:30.281 30773 30773 E dvr_service_: [myNum:1] Received S**** loss
05-27 18:38:30.282   299  1163 D EvsDriver: doneWithFrame
05-27 18:38:30.285   581   581 I SpiService: fgesysctrl_getGPIO_status success val=1
05-27 08:29:39.249   581   581 D spi_rst_gpio_get_output: GPIO 145 value: 1
05-27 08:29:39.249   581   581 D spidev_ioctl: gpio status=1)
05-27 18:38:30.290   581   581 I SpiService: fgesysctrl_getGPIO_status success val=1
05-27 08:29:39.255   581   581 D spi_rst_gpio_get_output: GPIO 145 value: 1
05-27 08:29:39.255   581   581 D spidev_ioctl: gpio status=1)
05-27 18:38:30.296   581   581 I SpiService: fgesysctrl_getGPIO_status success val=1
05-27 08:29:39.260   581   581 D spi_rst_gpio_get_output: GPIO 145 value: 1
05-27 08:29:39.260   581   581 D spidev_ioctl: gpio status=1)
05-27 18:38:30.297 13911 14183 I SentryImuMcuAngleSender: 179.986rollDeg
05-27 18:38:30.297 13911 14183 I SentryImuMcuAngleSender: 1,0,0
05-27 18:38:30.298  1008 30856 D [OMXB]  : usingANWBuffer: handle:0xee743500, format:1, w:1920, h:1080
05-27 18:38:30.301   581   581 I SpiService: fgesysctrl_getGPIO_status success val=0
05-27 08:29:39.266   581   581 D spi_rst_gpio_get_output: GPIO 145 value: 0
05-27 08:29:39.266   581   581 D spidev_ioctl: gpio status=0)
05-27 18:38:30.304   299 30841 D EvsDriver: forwardFrame
05-27 18:38:30.307  1167  1167 D evsmanagerd: /dev/video4 forwarded the buffer #0 to 0xb4000074bf5f6850 from 0xb4000074bf5f41d0
05-27 18:38:30.307   299 30841 D EvsDriver: Delivered 0xb400007b7ca56a60 as id 0
05-27 18:38:30.313   299  1163 D EvsDriver: doneWithFrame
05-27 18:38:30.314   536   536 D commservice260303: msg.id = 1028,1
05-27 18:38:30.314   536   536 D commservice260303: i = 170, msgid = 8A000404
05-27 18:38:30.314   536   536 D commservice260303: msgid = -1979710460,did=138
05-27 18:38:30.314   536   536 D commservice260303: CommProtocolLibCmdBaseI2C::dataproc {"command":{"id":"imu_status","sub":""},"content":{"TimeStamp":10,"FrameCounter":237417,"GD_X":-0.010994902811944485,"GD_Y":0.005345047451555729,"GD_Z":0.001679039909504354,"AD_X":-0.002858474850654602,"AD_Y":6.964881904423237E-4,"AD_Z":-0.1731433868408203,"TempDsp":0,"Status":0,"CalibState":1,"SigAmpInvalid":0}},-1979710460
05-27 18:38:30.314   536   536 D commservice260303: send2Cluster len:314, 7B22636F6D6D616E64223A7B226964223A22696D755F737461747573222C22737562223A22227D2C22636F6E74656E74223A7B2254696D655374616D70223A31302C224672616D65436F756E746572223A3233373431372C2247445F58223A2D302E3031303939343930323831313934343438352C2247445F59223A302E3030353334353034373435313535353732392C2247445F5A223A302E3030313637393033393930393530343335342C2241445F58223A2D302E3030323835383437343835303635343630322C2241445F59223A362E393634383831393034343233323337452D342C2241445F5A223A2D302E313733313433333836383430383230332C2254656D70447370223A302C22537461747573223A302C2243616C69625374617465223A312C22536967416D70496E76616C6964223A307D7D, 138 
05-27 18:38:30.314   536   536 D commservice260303: Push Message into SendPool fn=-19004672
05-27 18:38:30.314   536   536 D commservice260303: ComProtocolLibSend2Cluster::send2ClusterRaw fn=-19004672 , len=330
05-27 18:38:30.314   536   536 D commservice260303: sendCmdToPort :330!!!
05-27 18:38:30.314   536   536 D commservice260303: send Cmd To Port ++++5AA501468A010003DEFE6A16C9A67B22636F6D6D616E64223A7B226964223A22696D755F737461747573222C22737562223A22227D2C22636F6E74656E74223A7B2254696D655374616D70223A31302C224672616D65436F756E746572223A3233373431372C2247445F58223A2D302E3031303939343930323831313934343438352C2247445F59223A302E3030353334353034373435313535353732392C2247445F5A223A302E3030313637393033393930393530343335342C2241445F58223A2D302E3030323835383437343835303635343630322C2241445F59223A362E393634383831393034343233323337452D342C2241445F5A223A2D302E313733313433333836383430383230332C2254656D70447370223A302C22537461747573223A302C2243616C69625374617465223A312C22536967416D70496E76616C6964223A307D7DDE6C
05-27 18:38:30.314   536   536 D commservice260303: bufferevent_write retrun value = 0
05-27 18:38:30.314   536   560 D commservice260303: client datas send succeed,send finish
05-27 18:38:30.314 13911 14192 D Sentinelmode_1.2.5.17_sentry: <SentryImuClusterFgeSender>imu_status sent to Linux, frame=237417, tsNs=10177556, tsMs=10, intervalMs=40, ad=(-0.0028584749,6.964882E-4,-0.17314339), gd=(-0.010994903,0.0053450475,0.0016790399)
05-27 18:38:30.316   299 30844 D EvsDriver: forwardFrame
05-27 18:38:30.317   299 30844 D EvsDriver: Delivered 0xb400007b7ca56900 as id 0
05-27 18:38:30.318  1167  1167 D evsmanagerd: /dev/video6 forwarded the buffer #0 to 0xb4000074bf5f5510 from 0xb4000074bf5f6d90
05-27 18:38:30.318 13911 14183 I SentryImuMcuAngleSender: 179.98248rollDeg
05-27 18:38:30.318 13911 14183 I SentryImuMcuAngleSender: 1,0,0
05-27 18:38:30.318   581   581 I SpiService: fgesysctrl_getGPIO_status success val=1
05-27 08:29:39.282   581   581 D spi_rst_gpio_get_output: GPIO 145 value: 1
05-27 08:29:39.282   581   581 D spidev_ioctl: gpio status=1)
05-27 08:29:39.286     1     1 I init    : starting service 'trace_resource'...
05-27 08:29:39.288   581   581 D spi_rst_gpio_get_output: GPIO 145 value: 1
05-27 08:29:39.288   581   581 D spidev_ioctl: gpio status=1)
05-27 18:38:30.320  1008 30857 D [OMXB]  : usingANWBuffer: handle:0xee742480, format:1, w:1920, h:1080
05-27 18:38:30.323   581   581 I SpiService: fgesysctrl_getGPIO_status success val=1
05-27 18:38:30.323   572   572 I Sensors : 230 AccelSensor: x:-0.168360,y:0.004880,z:-9.975940
05-27 18:38:30.324   299  1163 D EvsDriver: doneWithFrame
05-27 18:38:30.329   581   581 I SpiService: fgesysctrl_getGPIO_status success val=1
05-27 08:29:39.294   581   581 D spi_rst_gpio_get_output: GPIO 145 value: 1
05-27 08:29:39.294   581   581 D spidev_ioctl: gpio status=1)
05-27 18:38:30.335   581   581 I SpiService: fgesysctrl_getGPIO_status success val=0
05-27 08:29:39.299   581   581 D spi_rst_gpio_get_output: GPIO 145 value: 0
05-27 08:29:39.299   581   581 D spidev_ioctl: gpio status=0)
05-27 18:38:30.338 13911 14183 I SentryImuMcuAngleSender: 179.97197rollDeg
05-27 18:38:30.338 13911 14183 I SentryImuMcuAngleSender: 1,0,0
05-27 18:38:30.338   299 30841 D EvsDriver: forwardFrame
05-27 18:38:30.340   299 30841 D EvsDriver: Delivered 0xb400007b7ca56a60 as id 0
05-27 18:38:30.340  1167  1167 D evsmanagerd: /dev/video4 forwarded the buffer #0 to 0xb4000074bf5f6850 from 0xb4000074bf5f41d0
05-27 18:38:30.340   299 30844 D EvsDriver: forwardFrame
05-27 08:29:39.304     1     1 I init    : Service 'trace_resource' (pid 25081) exited with status 127
05-27 08:29:39.304     1     1 I init    : Sending signal 9 to service 'trace_resource' (pid 25081) process group...
05-27 08:29:39.304     1     1 I libprocessgroup: Successfully killed process cgroup uid 0 pid 25081 in 0ms
05-27 18:38:30.342  1167  1167 D evsmanagerd: /dev/video6 forwarded the buffer #0 to 0xb4000074bf5f5510 from 0xb4000074bf5f6d90
05-27 18:38:30.342   299 30844 D EvsDriver: Delivered 0xb400007b7ca56900 as id 0
05-27 18:38:30.346   299  1163 D EvsDriver: doneWithFrame
05-27 18:38:30.346   299  1163 D EvsDriver: doneWithFrame
05-27 18:38:30.350   581   581 I SpiService: fgesysctrl_getGPIO_status success val=1
05-27 08:29:39.315   581   581 D spi_rst_gpio_get_output: GPIO 145 value: 1
05-27 08:29:39.315   581   581 D spidev_ioctl: gpio status=1)
05-27 18:38:30.355   536   536 D commservice260303: msg.id = 1028,2
05-27 18:38:30.355   536   536 D commservice260303: i = 170, msgid = 8A000404
05-27 18:38:30.355   536   536 D commservice260303: msgid = -1979710460,did=138
05-27 18:38:30.355   536   536 D commservice260303: CommProtocolLibCmdBaseI2C::dataproc {"command":{"id":"imu_status","sub":""},"content":{"TimeStamp":10,"FrameCounter":237418,"GD_X":-0.011834942735731602,"GD_Y":0.005039200186729431,"GD_Z":0.0019079053308814764,"AD_X":-0.0010364353656768799,"AD_Y":0.0025101476348936558,"AD_Z":-0.16704368591308594,"TempDsp":0,"Status":0,"CalibState":1,"SigAmpInvalid":0}},-1979710460
05-27 18:38:30.355   536   536 D commservice260303: send2Cluster len:318, 7B22636F6D6D616E64223A7B226964223A22696D755F737461747573222C22737562223A22227D2C22636F6E74656E74223A7B2254696D655374616D70223A31302C224672616D65436F756E746572223A3233373431382C2247445F58223A2D302E3031313833343934323733353733313630322C2247445F59223A302E3030353033393230303138363732393433312C2247445F5A223A302E303031393037393035333330383831343736342C2241445F58223A2D302E303031303336343335333635363736383739392C2241445F59223A302E303032353130313437363334383933363535382C2241445F5A223A2D302E31363730343336383539313330383539342C2254656D70447370223A302C22537461747573223A302C2243616C69625374617465223A312C22536967416D70496E76616C6964223A307D7D, 138 
05-27 18:38:30.355   536   536 D commservice260303: Push Message into SendPool fn=-2227456
05-27 18:38:30.355   536   536 D commservice260303: ComProtocolLibSend2Cluster::send2ClusterRaw fn=-2227456 , len=334
05-27 18:38:30.355   536   536 D commservice260303: sendCmdToPort :334!!!
05-27 18:38:30.355   536   536 D commservice260303: send Cmd To Port ++++5AA5014A8A010003DEFF6A16C9A67B22636F6D6D616E64223A7B226964223A22696D755F737461747573222C22737562223A22227D2C22636F6E74656E74223A7B2254696D655374616D70223A31302C224672616D65436F756E746572223A3233373431382C2247445F58223A2D302E3031313833343934323733353733313630322C2247445F59223A302E3030353033393230303138363732393433312C2247445F5A223A302E303031393037393035333330383831343736342C2241445F58223A2D302E303031303336343335333635363736383739392C2241445F59223A302E303032353130313437363334383933363535382C2241445F5A223A2D302E31363730343336383539313330383539342C2254656D70447370223A302C22537461747573223A302C2243616C69625374617465223A312C22536967416D70496E76616C6964223A307D7D88DD
05-27 18:38:30.355   536   536 D commservice260303: bufferevent_write retrun value = 0
05-27 18:38:30.356   536   560 D commservice260303: client datas send succeed,send finish
05-27 18:38:30.356   283   307 I rvcservice: t.code = 3, t.value = 0
05-27 18:38:30.356   581   581 I SpiService: fgesysctrl_getGPIO_status success val=1
05-27 18:38:30.356 13911 14192 D Sentinelmode_1.2.5.17_sentry: <SentryImuClusterFgeSender>imu_status sent to Linux, frame=237418, tsNs=10177593, tsMs=10, intervalMs=42, ad=(-0.0010364354,0.0025101476,-0.16704369), gd=(-0.011834943,0.0050392,0.0019079053)
05-27 08:29:39.320   581   581 D spi_rst_gpio_get_output: GPIO 145 value: 1
05-27 08:29:39.320   581   581 D spidev_ioctl: gpio status=1)
05-27 18:38:30.358 13911 14183 I SentryImuMcuAngleSender: 179.97197rollDeg
05-27 18:38:30.359 13911 14183 I SentryImuMcuAngleSender: 1,0,0
05-27 18:38:30.361   581   581 I SpiService: fgesysctrl_getGPIO_status success val=1
05-27 18:38:30.363  1008 30856 D [OMXB]  : usingANWBuffer: handle:0xee7440b0, format:1, w:1920, h:1080
05-27 08:29:39.326   581   581 D spi_rst_gpio_get_output: GPIO 145 value: 1
05-27 08:29:39.326   581   581 D spidev_ioctl: gpio status=1)
05-27 18:38:30.368   581   581 I SpiService: fgesysctrl_getGPIO_status success val=1
05-27 08:29:39.333   581   581 D spi_rst_gpio_get_output: GPIO 145 value: 1
05-27 08:29:39.333   581   581 D spidev_ioctl: gpio status=1)
05-27 18:38:30.374   581   581 I SpiService: fgesysctrl_getGPIO_status success val=1
05-27 18:38:30.376   299 30841 D EvsDriver: forwardFrame
05-27 18:38:30.376   299 30844 D EvsDriver: forwardFrame
05-27 08:29:39.339   581   581 D spi_rst_gpio_get_output: GPIO 145 value: 1
05-27 08:29:39.339   581   581 D spidev_ioctl: gpio status=1)
05-27 18:38:30.378 13911 14183 I SentryImuMcuAngleSender: 179.96495rollDeg
05-27 18:38:30.379  1167  1479 D evsmanagerd: /dev/video6 forwarded the buffer #0 to 0xb4000074bf5f5510 from 0xb4000074bf5f6d90
05-27 18:38:30.379  1167  1167 D evsmanagerd: /dev/video4 forwarded the buffer #0 to 0xb4000074bf5f6850 from 0xb4000074bf5f41d0
05-27 18:38:30.380   581   581 I SpiService: fgesysctrl_getGPIO_status success val=0
05-27 18:38:30.380   299 30844 D EvsDriver: Delivered 0xb400007b7ca56900 as id 0
05-27 18:38:30.380   299 30841 D EvsDriver: Delivered 0xb400007b7ca56a60 as id 0
05-27 08:29:39.345   581   581 D spi_rst_gpio_get_output: GPIO 145 value: 0
05-27 08:29:39.345   581   581 D spidev_ioctl: gpio status=0)
05-27 18:38:30.381 13911 14183 I SentryImuMcuAngleSender: 1,0,0
05-27 18:38:30.382   299  1163 D EvsDriver: doneWithFrame
05-27 18:38:30.385  1008 30857 D [OMXB]  : usingANWBuffer: handle:0xee7416c0, format:1, w:1920, h:1080
05-27 18:38:30.386   299  1163 D EvsDriver: doneWithFrame
05-27 18:38:30.389   566 11459 I gps_hdbd: Received: '$GNGGA,005421.000,,,,,0,00,,,M,,M,,*64
'
05-27 18:38:30.394   536   536 D commservice260303: msg.id = 1028,0
05-27 18:38:30.394   536   536 D commservice260303: i = 170, msgid = 8A000404
05-27 18:38:30.394   536   536 D commservice260303: msgid = -1979710460,did=138
05-27 18:38:30.394   536   536 D commservice260303: CommProtocolLibCmdBaseI2C::dataproc {"command":{"id":"imu_status","sub":""},"content":{"TimeStamp":10,"FrameCounter":237419,"GD_X":-0.011759000830352306,"GD_Y":0.005345047451555729,"GD_Z":0.0019079053308814764,"AD_X":-0.004691943526268005,"AD_Y":0.0043152752332389355,"AD_Z":-0.16887283325195312,"TempDsp":0,"Status":0,"CalibState":1,"SigAmpInvalid":0}},-1979710460
05-27 18:38:30.395   536   536 D commservice260303: send2Cluster len:317, 7B22636F6D6D616E64223A7B226964223A22696D755F737461747573222C22737562223A22227D2C22636F6E74656E74223A7B2254696D655374616D70223A31302C224672616D65436F756E746572223A3233373431392C2247445F58223A2D302E3031313735393030303833303335323330362C2247445F59223A302E3030353334353034373435313535353732392C2247445F5A223A302E303031393037393035333330383831343736342C2241445F58223A2D302E3030343639313934333532363236383030352C2241445F59223A302E303034333135323735323333323338393335352C2241445F5A223A2D302E31363838373238333332353139353331322C2254656D70447370223A302C22537461747573223A302C2243616C69625374617465223A312C22536967416D70496E76616C6964223A307D7D, 138 
05-27 18:38:30.395   536   536 D commservice260303: Push Message into SendPool fn=14615296
05-27 18:38:30.395   536   536 D commservice260303: ComProtocolLibSend2Cluster::send2ClusterRaw fn=14615296 , len=333
05-27 18:38:30.395   536   536 D commservice260303: sendCmdToPort :333!!!
05-27 18:38:30.395   536   536 D commservice260303: send Cmd To Port ++++5AA501498A010003DF006A16C9A67B22636F6D6D616E64223A7B226964223A22696D755F737461747573222C22737562223A22227D2C22636F6E74656E74223A7B2254696D655374616D70223A31302C224672616D65436F756E746572223A3233373431392C2247445F58223A2D302E3031313735393030303833303335323330362C2247445F59223A302E3030353334353034373435313535353732392C2247445F5A223A302E303031393037393035333330383831343736342C2241445F58223A2D302E3030343639313934333532363236383030352C2241445F59223A302E303034333135323735323333323338393335352C2241445F5A223A2D302E31363838373238333332353139353331322C2254656D70447370223A302C22537461747573223A302C2243616C69625374617465223A312C22536967416D70496E76616C6964223A307D7DDCF4
05-27 18:38:30.395   536   536 D commservice260303: bufferevent_write retrun value = 0
05-27 18:38:30.395   536   560 D commservice260303: client datas send succeed,send finish
05-27 18:38:30.395   566 11459 I gps_hdbd: Received: '$GNGSA,A,1,,,,,,,,,,,,,,,,1*1D
'
05-27 18:38:30.397   581   581 I SpiService: fgesysctrl_getGPIO_status success val=1
05-27 08:29:39.361   581   581 D spi_rst_gpio_get_output: GPIO 145 value: 1
05-27 08:29:39.361   581   581 D spidev_ioctl: gpio status=1)
05-27 18:38:30.398 13911 14192 D Sentinelmode_1.2.5.17_sentry: <SentryImuClusterFgeSender>imu_status sent to Linux, frame=237419, tsNs=10177630, tsMs=10, intervalMs=41, ad=(-0.0046919435,0.0043152752,-0.16887283), gd=(-0.011759001,0.0053450475,0.0019079053)
05-27 18:38:30.398   566 11459 I gps_hdbd: Received: '$GNGSA,A,1,,,,,,,,,,,,,,,,3*1F
'
05-27 18:38:30.401   566 11459 I gps_hdbd: Received: '$GNGSA,A,1,,,,,,,,,,,,,,,,4*18
'
05-27 18:38:30.401   566 11459 I gps_hdbd: Received: '$BDGSV,1,1,00,1*75
'
05-27 18:38:30.402 13911 14183 I SentryImuMcuAngleSender: 179.96146rollDeg
05-27 18:38:30.402 13911 14183 I SentryImuMcuAngleSender: 1,0,0
05-27 18:38:30.402   581   581 I SpiService: fgesysctrl_getGPIO_status success val=1
05-27 08:29:39.367   581   581 D spi_rst_gpio_get_output: GPIO 145 value: 1
05-27 08:29:39.367   581   581 D spidev_ioctl: gpio status=1)
05-27 18:38:30.403   299 30844 D EvsDriver: forwardFrame
05-27 18:38:30.405  1167  1167 D evsmanagerd: /dev/video6 forwarded the buffer #0 to 0xb4000074bf5f5510 from 0xb4000074bf5f6d90
05-27 18:38:30.405   299 30844 D EvsDriver: Delivered 0xb400007b7ca56900 as id 0
05-27 18:38:30.406  1008 30856 D [OMXB]  : usingANWBuffer: handle:0xee744790, format:1, w:1920, h:1080
05-27 08:29:39.372   581   581 D spi_rst_gpio_get_output: GPIO 145 value: 1
05-27 08:29:39.372   581   581 D spidev_ioctl: gpio status=1)
05-27 18:38:30.407   299  1163 D EvsDriver: doneWithFrame
05-27 18:38:30.408   581   581 I SpiService: fgesysctrl_getGPIO_status success val=1
05-27 18:38:30.410   566 11459 I gps_hdbd: Received: '$BDGSV,1,1,00,5*71
'
05-27 18:38:30.411   566 11459 I gps_hdbd: Received: '$GPGSV,1,1,01,199,42,165,,1*60
'
05-27 18:38:30.413   299 30841 D EvsDriver: forwardFrame
05-27 18:38:30.413   566 11459 I gps_hdbd: Received: '$GPGSV,1,1,00,8*6D
'
05-27 18:38:30.413   581   581 I SpiService: fgesysctrl_getGPIO_status success val=1
05-27 18:38:30.414   566 11459 I gps_hdbd: Received: '$GAGSV,1,1,00,7*73
'
05-27 18:38:30.414   572   622 I Sensors : 230 GyroSensor: x:-0.012064,y:0.004963,z:0.001908
05-27 18:38:30.416   299 30841 D EvsDriver: Delivered 0xb400007b7ca56a60 as id 0
05-27 18:38:30.416  1167  1167 D evsmanagerd: /dev/video4 forwarded the buffer #0 to 0xb4000074bf5f6850 from 0xb4000074bf5f41d0
05-27 08:29:39.378   581   581 D spi_rst_gpio_get_output: GPIO 145 value: 1
05-27 08:29:39.378   581   581 D spidev_ioctl: gpio status=1)
05-27 18:38:30.418   299  1163 D EvsDriver: doneWithFrame
05-27 18:38:30.419   581   581 I SpiService: fgesysctrl_getGPIO_status success val=1
05-27 18:38:30.419   566 11459 I gps_hdbd: Received: '$GAGSV,1,1,00,1*75
'
05-27 08:29:39.383   581   581 D spi_rst_gpio_get_output: GPIO 145 value: 1
05-27 08:29:39.383   581   581 D spidev_ioctl: gpio status=1)
05-27 18:38:30.422 13911 14183 I SentryImuMcuAngleSender: 179.97897rollDeg
05-27 18:38:30.423 13911 14183 I SentryImuMcuAngleSender: 1,0,0
05-27 18:38:30.423 30773 30786 I dvr_service_: CameraX 1  audioOK: 80576000,audios:1260
05-27 18:38:30.424   581   581 I SpiService: fgesysctrl_getGPIO_status success val=0
05-27 08:29:39.389   581   581 D spi_rst_gpio_get_output: GPIO 145 value: 0
05-27 08:29:39.389   581   581 D spidev_ioctl: gpio status=0)
05-27 18:38:30.426   566 11459 I gps_hdbd: Received: '$GNRMC,005421.000,V,,,,,,,270526,120.0,E,N,V*47
'
05-27 08:29:39.396   278   278 I logd    : logdr: UID=0 GID=0 PID=25082 b tail=0 logMask=bf pid=0 start=0ns deadline=0ns
05-27 18:38:30.434  1083  1083 W MyAppLog: [2026-05-27 18:38:30.433 W tboxap gpsSyncGpsInfoToDm:361] [Gps] [gpsSyncGpsInfoToDm] fix=0 mode=49 corner:0x01 alt=0.00 sat=0 hdop=0.00 pdop=0.00 vdop=0.00
05-27 18:38:30.434   536   536 D commservice260303: msg.id = 1028,0
05-27 18:38:30.434   566 11459 I gps_hdbd: RMC : CALL gnss_sv_status_cb, view_in_sat <1>
05-27 18:38:30.434   536   536 D commservice260303: i = 170, msgid = 8A000404
05-27 18:38:30.434   536   536 D commservice260303: msgid = -1979710460,did=138
05-27 18:38:30.434   536   536 D commservice260303: CommProtocolLibCmdBaseI2C::dataproc {"command":{"id":"imu_status","sub":""},"content":{"TimeStamp":10,"FrameCounter":237420,"GD_X":-0.012063807807862759,"GD_Y":0.004963258747011423,"GD_Z":0.0019079053308814764,"AD_X":-0.004070118069648743,"AD_Y":0.0012504183687269688,"AD_Z":-0.16826915740966797,"TempDsp":0,"Status":0,"CalibState":1,"SigAmpInvalid":0}},-1979710460
05-27 18:38:30.434   536   536 D commservice260303: send2Cluster len:317, 7B22636F6D6D616E64223A7B226964223A22696D755F737461747573222C22737562223A22227D2C22636F6E74656E74223A7B2254696D655374616D70223A31302C224672616D65436F756E746572223A3233373432302C2247445F58223A2D302E3031323036333830373830373836323735392C2247445F59223A302E3030343936333235383734373031313432332C2247445F5A223A302E303031393037393035333330383831343736342C2241445F58223A2D302E3030343037303131383036393634383734332C2241445F59223A302E303031323530343138333638373236393638382C2241445F5A223A2D302E31363832363931353734303936363739372C2254656D70447370223A302C22537461747573223A302C2243616C69625374617465223A312C22536967416D70496E76616C6964223A307D7D, 138 
05-27 18:38:30.434   566 11459 I gps_hdbd: [reportSvStatus]--->PLATFORM_BSP::Enter
05-27 18:38:30.434   536   536 D commservice260303: Push Message into SendPool fn=31392512
05-27 18:38:30.434   536   536 D commservice260303: ComProtocolLibSend2Cluster::send2ClusterRaw fn=31392512 , len=333
05-27 18:38:30.434   536   536 D commservice260303: sendCmdToPort :333!!!
05-27 18:38:30.434   536   536 D commservice260303: send Cmd To Port ++++5AA501498A010003DF016A16C9A67B22636F6D6D616E64223A7B226964223A22696D755F737461747573222C22737562223A22227D2C22636F6E74656E74223A7B2254696D655374616D70223A31302C224672616D65436F756E746572223A3233373432302C2247445F58223A2D302E3031323036333830373830373836323735392C2247445F59223A302E3030343936333235383734373031313432332C2247445F5A223A302E303031393037393035333330383831343736342C2241445F58223A2D302E3030343037303131383036393634383734332C2241445F59223A302E303031323530343138333638373236393638382C2241445F5A223A2D302E31363832363931353734303936363739372C2254656D70447370223A302C22537461747573223A302C2243616C69625374617465223A312C22536967416D70496E76616C6964223A307D7D7466
05-27 18:38:30.434   536   536 D commservice260303: bufferevent_write retrun value = 0
05-27 18:38:30.435   536   560 D commservice260303: client datas send succeed,send finish
05-27 18:38:30.435 13911 14192 D Sentinelmode_1.2.5.17_sentry: <SentryImuClusterFgeSender>imu_status sent to Linux, frame=237420, tsNs=10177665, tsMs=10, intervalMs=38, ad=(-0.004070118,0.0012504184,-0.16826916), gd=(-0.012063808,0.0049632587,0.0019079053)
05-27 18:38:30.435   566 11459 I gps_hdbd: hy abnormal deal:hy_cnr30_satellite_cnt=0
05-27 18:38:30.435   566 11459 D gps_hdbd: hy abnormal deal:hy_fixStatus_fail_count=0
05-27 18:38:30.436   566 11459 I gps_hdbd: Received: '$GNZDA,005421.000,27,05,2026,00,00*4C
'
05-27 18:38:30.438   581   581 I SpiService: fgesysctrl_getGPIO_status success val=1
05-27 08:29:39.403   581   581 D spi_rst_gpio_get_output: GPIO 145 value: 1
05-27 08:29:39.403   581   581 D spidev_ioctl: gpio status=1)
05-27 08:29:39.405     0     0 W         : c6 [    C6] Irq_monitor:Irq                                           IPI[1]occur        5787 times interval 1020 ms
05-27 18:38:30.439   481   598 I mcuc    : rev,n=1,6AA681CCFF000A890048010409211234560E
05-27 18:38:30.439   351   373 D automotive.vehicle@2.0-adayo-datacomm-mcu: MCUDatacomm sendMessageFromVehicle prop: 0x89, areaId: 0x0, status: 0x48, timestamp: 0x1
05-27 18:38:30.439   351   373 D automotive.vehicle@2.0-adayo-datacomm-mcu: MCUDatacomm 1sendMessageFromVehicle ---> type = 12 
05-27 18:38:30.439   299 30841 D EvsDriver: forwardFrame
05-27 18:38:30.439  1121  1144 I tboxmids_ap: [2026-05-27 18:38:30.439] [MCU RX] src=MCU dst=ZMQ len=10 type=BINARY data=00 08 48 01 04 09 21 12 34 56 
05-27 18:38:30.440  1167  1167 D evsmanagerd: /dev/video4 forwarded the buffer #0 to 0xb4000074bf5f6850 from 0xb4000074bf5f41d0
05-27 18:38:30.441   299 30841 D EvsDriver: Delivered 0xb400007b7ca56a60 as id 0
05-27 18:38:30.441   299 30844 D EvsDriver: forwardFrame
05-27 18:38:30.441 30773 30782 E dvr_service_: [myNum:0] Received S**** loss
05-27 18:38:30.441  1083  1083 I MyAppLog: [2026-05-27 18:38:30.440 I tboxap mcuCommTboxmidsRecvCb:97] [Mcu] [mcuCommTboxmidsRecvCb] recv from tboxmids, size:10
05-27 18:38:30.441  1083  1083 I MyAppLog: [2026-05-27 18:38:30.440 I tboxap mcuCommTboxmidsRecvCb:98] [Mcu] [tboxmids -> tboxap]: :00 08 48 01 04 09 21 12 34 56
05-27 18:38:30.441   299  1163 D EvsDriver: doneWithFrame
05-27 18:38:30.441  1083  1083 I MyAppLog: [2026-05-27 18:38:30.440 I tboxap mcuPtlParseData:990] [Mcu] [Mcu  Parse]: (cmd):0921 (param):0921123456
05-27 18:38:30.441  1083  1083 W MyAppLog: [2026-05-27 18:38:30.440 W tboxap mcuParamDataRevPack:918] [Mcu] mcuParamDataRevPack start pack data!!!
05-27 18:38:30.442  1083  1083 W MyAppLog: [2026-05-27 18:38:30.440 W tboxap mcuHandleFaultCodeInd:1947] [Mcu] [mcuHandleFaultCodeInd] recv 0x0921 fault count:18 stored:2 firstCode:0x34
05-27 18:38:30.442  1083  1083 I MyAppLog: [2026-05-27 18:38:30.440 I tboxap mcuSendYadiTransfer:196] [Mcu] [mcuYadiSend]: :00 06 F8 04 01 09 A1 01
