05-27 08:29:40.155   581   581 D spidev_ioctl: gpio status=1)
05-27 18:38:31.193   536  2578 D commservice260303: McuProtocolLibSend2Service::send2Service ret=1
05-27 18:38:31.193 12246 12440 D ivicomm_CommManager: fgeComServiceCallback: {"command":{"id":"heart_Beat","sub":""},"content":{"type":2,"value":0}}
05-27 18:38:31.193 12246 12440 D ivicomm_ConnectStateManager: registerCallback HEART_BEAT: {"type":2,"value":0}
05-27 18:38:31.193 12246 12440 D ivicomm_ConnectStateManager: notifyState newState=0curState=0
05-27 08:29:40.161   581   581 D spi_rst_gpio_get_output: GPIO 145 value: 0
05-27 08:29:40.161   581   581 D spidev_ioctl: gpio status=0)
05-27 18:38:31.197   581   581 I SpiService: fgesysctrl_getGPIO_status success val=0
05-27 18:38:31.197   572   572 I Sensors : 230 GyroSensor: x:-0.010842,y:0.005650,z:0.002214
05-27 18:38:31.199   536   536 D commservice260303: msg.id = 1028,0
05-27 18:38:31.199   536   536 D commservice260303: i = 170, msgid = 8A000404
05-27 18:38:31.199   536   536 D commservice260303: msgid = -1979710460,did=138
05-27 18:38:31.199   536   536 D commservice260303: CommProtocolLibCmdBaseI2C::dataproc {"command":{"id":"imu_status","sub":""},"content":{"TimeStamp":10,"FrameCounter":237439,"GD_X":-0.011070843786001205,"GD_Y":0.005268065724521875,"GD_Z":0.0022902146447449923,"AD_X":-0.002903670072555542,"AD_Y":0.001976903760805726,"AD_Z":-0.17070293426513672,"TempDsp":0,"Status":0,"CalibState":1,"SigAmpInvalid":0}},-1979710460
05-27 18:38:31.199   536   536 D commservice260303: send2Cluster len:316, 7B22636F6D6D616E64223A7B226964223A22696D755F737461747573222C22737562223A22227D2C22636F6E74656E74223A7B2254696D655374616D70223A31302C224672616D65436F756E746572223A3233373433392C2247445F58223A2D302E3031313037303834333738363030313230352C2247445F59223A302E3030353236383036353732343532313837352C2247445F5A223A302E303032323930323134363434373434393932332C2241445F58223A2D302E3030323930333637303037323535353534322C2241445F59223A302E3030313937363930333736303830353732362C2241445F5A223A2D302E31373037303239333432363531333637322C2254656D70447370223A302C22537461747573223A302C2243616C69625374617465223A312C22536967416D70496E76616C6964223A307D7D, 138 
05-27 18:38:31.199   536   536 D commservice260303: Push Message into SendPool fn=350159616
05-27 18:38:31.199   536   536 D commservice260303: ComProtocolLibSend2Cluster::send2ClusterRaw fn=350159616 , len=332
05-27 18:38:31.199   536   536 D commservice260303: sendCmdToPort :332!!!
05-27 18:38:31.199   536   536 D commservice260303: send Cmd To Port ++++5AA501488A010003DF146A16C9A77B22636F6D6D616E64223A7B226964223A22696D755F737461747573222C22737562223A22227D2C22636F6E74656E74223A7B2254696D655374616D70223A31302C224672616D65436F756E746572223A3233373433392C2247445F58223A2D302E3031313037303834333738363030313230352C2247445F59223A302E3030353236383036353732343532313837352C2247445F5A223A302E303032323930323134363434373434393932332C2241445F58223A2D302E3030323930333637303037323535353534322C2241445F59223A302E3030313937363930333736303830353732362C2241445F5A223A2D302E31373037303239333432363531333637322C2254656D70447370223A302C22537461747573223A302C2243616C69625374617465223A312C22536967416D70496E76616C6964223A307D7D9BDB
05-27 18:38:31.199   536   536 D commservice260303: bufferevent_write retrun value = 0
05-27 18:38:31.199   536   560 D commservice260303: client datas send succeed,send finish
05-27 18:38:31.199 13911 14183 I SentryImuMcuAngleSender: 179.986rollDeg
05-27 18:38:31.199 13911 14183 I SentryImuMcuAngleSender: 1,0,0
05-27 18:38:31.200 13911 14192 D Sentinelmode_1.2.5.17_sentry: <SentryImuClusterFgeSender>imu_status sent to Linux, frame=237439, tsNs=10178431, tsMs=10, intervalMs=40, ad=(-0.00290367,0.0019769038,-0.17070293), gd=(-0.011070844,0.0052680657,0.0022902146)
05-27 18:38:31.208   299 30841 D EvsDriver: forwardFrame
05-27 18:38:31.210  1167  1479 D evsmanagerd: /dev/video4 forwarded the buffer #0 to 0xb4000074bf5f6850 from 0xb4000074bf5f41d0
05-27 18:38:31.210   299 30841 D EvsDriver: Delivered 0xb400007b7ca56a60 as id 0
05-27 18:38:31.211   581   581 I SpiService: fgesysctrl_getGPIO_status success val=1
05-27 18:38:31.212   299  1163 D EvsDriver: doneWithFrame
05-27 18:38:31.212   299 30844 D EvsDriver: forwardFrame
05-27 08:29:40.175   581   581 D spi_rst_gpio_get_output: GPIO 145 value: 1
05-27 08:29:40.175   581   581 D spidev_ioctl: gpio status=1)
05-27 18:38:31.213   299 30844 D EvsDriver: Delivered 0xb400007b7ca56900 as id 0
05-27 18:38:31.213  1167  1479 D evsmanagerd: /dev/video6 forwarded the buffer #0 to 0xb4000074bf5f5510 from 0xb4000074bf5f6d90
05-27 18:38:31.215   299  1163 D EvsDriver: doneWithFrame
05-27 18:38:31.216   581   581 I SpiService: fgesysctrl_getGPIO_status success val=1
05-27 08:29:40.181   581   581 D spi_rst_gpio_get_output: GPIO 145 value: 1
05-27 08:29:40.181   581   581 D spidev_ioctl: gpio status=1)
05-27 18:38:31.219 13911 14183 I SentryImuMcuAngleSender: 179.986rollDeg
05-27 18:38:31.219 13911 14183 I SentryImuMcuAngleSender: 1,0,0
05-27 18:38:31.222   581   581 I SpiService: fgesysctrl_getGPIO_status success val=1
05-27 18:38:31.222 30773 30788 I dvr_service_: [runShortMediaThread:298] cameraId:1 medias:300,audios:220,stateAudio:0,mShortState:0,warnEvent:0,state:1
05-27 18:38:31.223  1008 30856 D [OMXB]  : usingANWBuffer: handle:0xee7404e0, format:1, w:1920, h:1080
05-27 08:29:40.186   581   581 D spi_rst_gpio_get_output: GPIO 145 value: 1
05-27 08:29:40.186   581   581 D spidev_ioctl: gpio status=1)
05-27 18:38:31.227   581   581 I SpiService: fgesysctrl_getGPIO_status success val=1
05-27 08:29:40.192   581   581 D spi_rst_gpio_get_output: GPIO 145 value: 1
05-27 08:29:40.192   581   581 D spidev_ioctl: gpio status=1)
05-27 18:38:31.233   581   581 I SpiService: fgesysctrl_getGPIO_status success val=1
05-27 08:29:40.197   581   581 D spi_rst_gpio_get_output: GPIO 145 value: 1
05-27 08:29:40.197   581   581 D spidev_ioctl: gpio status=1)
05-27 18:38:31.238   536   536 D commservice260303: msg.id = 1028,1
05-27 18:38:31.238   536   536 D commservice260303: i = 170, msgid = 8A000404
05-27 18:38:31.238   536   536 D commservice260303: msgid = -1979710460,did=138
05-27 18:38:31.238   536   536 D commservice260303: CommProtocolLibCmdBaseI2C::dataproc {"command":{"id":"imu_status","sub":""},"content":{"TimeStamp":10,"FrameCounter":237440,"GD_X":-0.010613113641738892,"GD_Y":0.004656890872865915,"GD_Z":0.002443138277158141,"AD_X":-0.002909347414970398,"AD_Y":0.001360559370368719,"AD_Z":-0.16765213012695312,"TempDsp":0,"Status":0,"CalibState":1,"SigAmpInvalid":0}},-1979710460
05-27 18:38:31.238   536   536 D commservice260303: send2Cluster len:315, 7B22636F6D6D616E64223A7B226964223A22696D755F737461747573222C22737562223A22227D2C22636F6E74656E74223A7B2254696D655374616D70223A31302C224672616D65436F756E746572223A3233373434302C2247445F58223A2D302E3031303631333131333634313733383839322C2247445F59223A302E3030343635363839303837323836353931352C2247445F5A223A302E3030323434333133383237373135383134312C2241445F58223A2D302E3030323930393334373431343937303339382C2241445F59223A302E3030313336303535393337303336383731392C2241445F5A223A2D302E31363736353231333031323639353331322C2254656D70447370223A302C22537461747573223A302C2243616C69625374617465223A312C22536967416D70496E76616C6964223A307D7D, 138 
05-27 18:38:31.238   581   581 I SpiService: fgesysctrl_getGPIO_status success val=0
05-27 18:38:31.238   536   536 D commservice260303: Push Message into SendPool fn=366936832
05-27 18:38:31.239   536   536 D commservice260303: ComProtocolLibSend2Cluster::send2ClusterRaw fn=366936832 , len=331
05-27 18:38:31.239   536   536 D commservice260303: sendCmdToPort :331!!!
05-27 18:38:31.239   536   536 D commservice260303: send Cmd To Port ++++5AA501478A010003DF156A16C9A77B22636F6D6D616E64223A7B226964223A22696D755F737461747573222C22737562223A22227D2C22636F6E74656E74223A7B2254696D655374616D70223A31302C224672616D65436F756E746572223A3233373434302C2247445F58223A2D302E3031303631333131333634313733383839322C2247445F59223A302E3030343635363839303837323836353931352C2247445F5A223A302E3030323434333133383237373135383134312C2241445F58223A2D302E3030323930393334373431343937303339382C2241445F59223A302E3030313336303535393337303336383731392C2241445F5A223A2D302E31363736353231333031323639353331322C2254656D70447370223A302C22537461747573223A302C2243616C69625374617465223A312C22536967416D70496E76616C6964223A307D7D2013
05-27 18:38:31.239   536   536 D commservice260303: bufferevent_write retrun value = 0
05-27 18:38:31.239 13911 14183 I SentryImuMcuAngleSender: 179.97897rollDeg
05-27 18:38:31.239 13911 14183 I SentryImuMcuAngleSender: 1,0,0
05-27 18:38:31.239   536   560 D commservice260303: client datas send succeed,send finish
05-27 18:38:31.239 13911 14192 D Sentinelmode_1.2.5.17_sentry: <SentryImuClusterFgeSender>imu_status sent to Linux, frame=237440, tsNs=10178484, tsMs=10, intervalMs=40, ad=(-0.0029093474,0.0013605594,-0.16765213), gd=(-0.010613114,0.004656891,0.0024431383)
05-27 08:29:40.203   581   581 D spi_rst_gpio_get_output: GPIO 145 value: 0
05-27 08:29:40.203   581   581 D spidev_ioctl: gpio status=0)
05-27 18:38:31.242  1008 30857 D [OMXB]  : usingANWBuffer: handle:0xee740590, format:1, w:1920, h:1080
05-27 18:38:31.245   299 30841 D EvsDriver: forwardFrame
05-27 18:38:31.247   299 30841 D EvsDriver: Delivered 0xb400007b7ca56a60 as id 0
05-27 18:38:31.247  1167  1479 D evsmanagerd: /dev/video4 forwarded the buffer #0 to 0xb4000074bf5f6850 from 0xb4000074bf5f41d0
05-27 18:38:31.250   299  1163 D EvsDriver: doneWithFrame
05-27 18:38:31.251   299 30844 D EvsDriver: forwardFrame
05-27 18:38:31.252   299 30844 D EvsDriver: Delivered 0xb400007b7ca56900 as id 0
05-27 18:38:31.252  1167  1479 D evsmanagerd: /dev/video6 forwarded the buffer #0 to 0xb4000074bf5f5510 from 0xb4000074bf5f6d90
05-27 18:38:31.252   581   581 I SpiService: fgesysctrl_getGPIO_status success val=1
05-27 08:29:40.217   581   581 D spi_rst_gpio_get_output: GPIO 145 value: 1
05-27 08:29:40.217   581   581 D spidev_ioctl: gpio status=1)
05-27 18:38:31.256   299  1163 D EvsDriver: doneWithFrame
05-27 18:38:31.258   581   581 I SpiService: fgesysctrl_getGPIO_status success val=1
05-27 18:38:31.258   283   307 I rvcservice: t.code = 3, t.value = 0
05-27 18:38:31.260 13911 14183 I SentryImuMcuAngleSender: 179.97897rollDeg
05-27 18:38:31.260 13911 14183 I SentryImuMcuAngleSender: 1,0,0
05-27 08:29:40.223   581   581 D spi_rst_gpio_get_output: GPIO 145 value: 1
05-27 08:29:40.223   581   581 D spidev_ioctl: gpio status=1)
05-27 18:38:31.264   581   581 I SpiService: fgesysctrl_getGPIO_status success val=1
05-27 18:38:31.264  1008 30856 D [OMXB]  : usingANWBuffer: handle:0xee743500, format:1, w:1920, h:1080
05-27 08:29:40.228   581   581 D spi_rst_gpio_get_output: GPIO 145 value: 1
05-27 08:29:40.228   581   581 D spidev_ioctl: gpio status=1)
05-27 18:38:31.269   581   581 I SpiService: fgesysctrl_getGPIO_status success val=1
05-27 08:29:40.234   581   581 D spi_rst_gpio_get_output: GPIO 145 value: 1
05-27 08:29:40.234   581   581 D spidev_ioctl: gpio status=1)
05-27 18:38:31.274   581   581 I SpiService: fgesysctrl_getGPIO_status success val=0
05-27 08:29:40.239   581   581 D spi_rst_gpio_get_output: GPIO 145 value: 0
05-27 08:29:40.239   581   581 D spidev_ioctl: gpio status=0)
05-27 18:38:31.277   299 30841 D EvsDriver: forwardFrame
05-27 18:38:31.277   299 30844 D EvsDriver: forwardFrame
05-27 18:38:31.279  1167  1479 D evsmanagerd: /dev/video6 forwarded the buffer #0 to 0xb4000074bf5f5510 from 0xb4000074bf5f6d90
05-27 18:38:31.279  1167  1479 D evsmanagerd: /dev/video4 forwarded the buffer #0 to 0xb4000074bf5f6850 from 0xb4000074bf5f41d0
05-27 18:38:31.279   299 30841 D EvsDriver: Delivered 0xb400007b7ca56a60 as id 0
05-27 18:38:31.279 30773 30773 I dvr_service_: [myNum:1][onFrameReceived] Received Surface:1 0
05-27 18:38:31.279 30773 30773 E dvr_service_: [myNum:1] Received S**** loss
05-27 18:38:31.279   299 30844 D EvsDriver: Delivered 0xb400007b7ca56900 as id 0
05-27 18:38:31.280 30773 30782 I dvr_service_: [myNum:0][onFrameReceived] Received Surface:1 0
05-27 18:38:31.280   536   560 D commservice260303: recv len:77, 5AA50049060000003B956A16C9A77B22636F6D6D616E64223A7B226964223A226473695F6C7578222C22737562223A22227D2C22636F6E74656E74223A7B2276616C7565223A3230307D7DFCE3 from server
05-27 18:38:31.280 30773 30782 E dvr_service_: [myNum:0] Received S**** loss
05-27 18:38:31.280   536  2578 D commservice260303: mcuDataAnalyzeHandle templen:77,len:77,pos:0, 5AA50049060000003B956A16C9A77B22636F6D6D616E64223A7B226964223A226473695F6C7578222C22737562223A22227D2C22636F6E74656E74223A7B2276616C7565223A3230307D7DFCE3 
05-27 18:38:31.280   536  2578 I commservice260303: checksumCal = 64739
05-27 18:38:31.280   299  1163 D EvsDriver: doneWithFrame
05-27 18:38:31.280   536  2578 D commservice260303: CommProtocolLibCmdBaseC2I::dataproc {"command":{"id":"dsi_lux","sub":""},"content":{"value":200}},6
05-27 18:38:31.280   299  1153 D EvsDriver: doneWithFrame
05-27 18:38:31.280   536  2578 D commservice260303: mcuCommMessageManager::notifyMsgToClient hwbinder OK
05-27 18:38:31.280   536  2578 D commservice260303: McuProtocolLibSend2Service::send2Service ret=1
05-27 18:38:31.280 13911 14183 I SentryImuMcuAngleSender: 179.97197rollDeg
05-27 18:38:31.280 13911 14183 I SentryImuMcuAngleSender: 1,0,0
05-27 18:38:31.281 12246 12440 D ivicomm_CommManager: fgeComServiceCallback: {"command":{"id":"dsi_lux","sub":""},"content":{"value":200}}
05-27 18:38:31.281   536   536 D commservice260303: msg.id = 1028,0
05-27 18:38:31.281   536   536 D commservice260303: i = 170, msgid = 8A000404
05-27 18:38:31.281   536   536 D commservice260303: msgid = -1979710460,did=138
05-27 18:38:31.281   536   536 D commservice260303: CommProtocolLibCmdBaseI2C::dataproc {"command":{"id":"imu_status","sub":""},"content":{"TimeStamp":10,"FrameCounter":237441,"GD_X":-0.010841978713870049,"GD_Y":0.004963258747011423,"GD_Z":0.002519079949706793,"AD_X":-0.002299472689628601,"AD_Y":0.0025686335284262896,"AD_Z":-0.16704368591308594,"TempDsp":0,"Status":0,"CalibState":1,"SigAmpInvalid":0}},-1979710460
05-27 18:38:31.281   536   536 D commservice260303: send2Cluster len:316, 7B22636F6D6D616E64223A7B226964223A22696D755F737461747573222C22737562223A22227D2C22636F6E74656E74223A7B2254696D655374616D70223A31302C224672616D65436F756E746572223A3233373434312C2247445F58223A2D302E3031303834313937383731333837303034392C2247445F59223A302E3030343936333235383734373031313432332C2247445F5A223A302E3030323531393037393934393730363739332C2241445F58223A2D302E3030323239393437323638393632383630312C2241445F59223A302E303032353638363333353238343236323839362C2241445F5A223A2D302E31363730343336383539313330383539342C2254656D70447370223A302C22537461747573223A302C2243616C69625374617465223A312C22536967416D70496E76616C6964223A307D7D, 138 
05-27 18:38:31.281   536   536 D commservice260303: Push Message into SendPool fn=383714048
05-27 18:38:31.281   536   536 D commservice260303: ComProtocolLibSend2Cluster::send2ClusterRaw fn=383714048 , len=332
05-27 18:38:31.281 12246 12440 D ivicomm_CallbackManager: registerCallback DSI_LUX: {"value":200} mCommStateCallbackMap size:4
05-27 18:38:31.281   536   536 D commservice260303: sendCmdToPort :332!!!
05-27 18:38:31.282   536   536 D commservice260303: send Cmd To Port ++++5AA501488A010003DF166A16C9A77B22636F6D6D616E64223A7B226964223A22696D755F737461747573222C22737562223A22227D2C22636F6E74656E74223A7B2254696D655374616D70223A31302C224672616D65436F756E746572223A3233373434312C2247445F58223A2D302E3031303834313937383731333837303034392C2247445F59223A302E3030343936333235383734373031313432332C2247445F5A223A302E3030323531393037393934393730363739332C2241445F58223A2D302E3030323239393437323638393632383630312C2241445F59223A302E303032353638363333353238343236323839362C2241445F5A223A2D302E31363730343336383539313330383539342C2254656D70447370223A302C22537461747573223A302C2243616C69625374617465223A312C22536967416D70496E76616C6964223A307D7D49A0
05-27 18:38:31.282   536   536 D commservice260303: bufferevent_write retrun value = 0
05-27 18:38:31.282   536   560 D commservice260303: client datas send succeed,send finish
05-27 18:38:31.282 11579 11719 D NSLogUtils_VehicleService: L2A comm state: id=dsi_lux, value=200
05-27 18:38:31.283 11344  6590 D SystemUI_SystemSettingsControllerService: onCommState: commandID = dsi_lux; value = 200
05-27 18:38:31.277 25082 25082 I auditd  : type=1400 audit(0.0:58571): avc: denied { append } for comm="logcat" path="/mnt/log_data/AndroidLog/logcat/logcat_2026_05_27_18_38_29_113-46.txt" dev="vda93" ino=180279 scontext=u:r:logpersist:s0 tcontext=u:object_r:log_data_file:s0 tclass=file permissive=1
05-27 18:38:31.277 25082 25082 I logcat  : type=1400 audit(0.0:58571): avc: denied { append } for path="/mnt/log_data/AndroidLog/logcat/logcat_2026_05_27_18_38_29_113-46.txt" dev="vda93" ino=180279 scontext=u:r:logpersist:s0 tcontext=u:object_r:log_data_file:s0 tclass=file permissive=1
05-27 18:38:31.284 13911 14192 D Sentinelmode_1.2.5.17_sentry: <SentryImuClusterFgeSender>imu_status sent to Linux, frame=237441, tsNs=10178519, tsMs=10, intervalMs=45, ad=(-0.0022994727,0.0025686335,-0.16704369), gd=(-0.010841979,0.0049632587,0.00251908)
05-27 18:38:31.288   581   581 I SpiService: fgesysctrl_getGPIO_status success val=1
05-27 08:29:40.253   581   581 D spi_rst_gpio_get_output: GPIO 145 value: 1
05-27 08:29:40.253   581   581 D spidev_ioctl: gpio status=1)
05-27 18:38:31.289 15286 24010 D okhttp.TaskRunner: Q10007 scheduled after   0 µs: OkHttp ConnectionPool
05-27 18:38:31.289 15286 21720 D okhttp.TaskRunner: Q10007 starting              : OkHttp ConnectionPool
05-27 18:38:31.290 15286 21720 D okhttp.TaskRunner: Q10007 run again after 245 s : OkHttp ConnectionPool
05-27 18:38:31.290 15286 21720 D okhttp.TaskRunner: Q10007 finished run in 382 µs: OkHttp ConnectionPool
05-27 18:38:31.294   581   581 I SpiService: fgesysctrl_getGPIO_status success val=1
05-27 08:29:40.258   581   581 D spi_rst_gpio_get_output: GPIO 145 value: 1
05-27 08:29:40.258   581   581 D spidev_ioctl: gpio status=1)
05-27 18:38:31.299   581   581 I SpiService: fgesysctrl_getGPIO_status success val=1
05-27 08:29:40.264   581   581 D spi_rst_gpio_get_output: GPIO 145 value: 1
05-27 08:29:40.264   581   581 D spidev_ioctl: gpio status=1)
05-27 18:38:31.301 13911 14183 I SentryImuMcuAngleSender: 179.97197rollDeg
05-27 18:38:31.301 13911 14183 I SentryImuMcuAngleSender: 1,0,0
05-27 18:38:31.304   572   572 I Sensors : 230 AccelSensor: x:-0.164700,y:0.003050,z:-9.978380
05-27 18:38:31.305   581   581 I SpiService: fgesysctrl_getGPIO_status success val=1
05-27 08:29:40.269   581   581 D spi_rst_gpio_get_output: GPIO 145 value: 1
05-27 08:29:40.269   581   581 D spidev_ioctl: gpio status=1)
05-27 18:38:31.305  1008 30857 D [OMXB]  : usingANWBuffer: handle:0xee744790, format:1, w:1920, h:1080
05-27 18:38:31.310   581   581 I SpiService: fgesysctrl_getGPIO_status success val=1
05-27 08:29:40.275   581   581 D spi_rst_gpio_get_output: GPIO 145 value: 1
05-27 08:29:40.275   581   581 D spidev_ioctl: gpio status=1)
05-27 18:38:31.313   299 30841 D EvsDriver: forwardFrame
05-27 18:38:31.313   299 30844 D EvsDriver: forwardFrame
05-27 18:38:31.315   299 30841 D EvsDriver: Delivered 0xb400007b7ca56a60 as id 0
05-27 08:29:40.280   581   581 D spi_rst_gpio_get_output: GPIO 145 value: 1
05-27 18:38:31.316   581   581 I SpiService: fgesysctrl_getGPIO_status success val=1
05-27 18:38:31.316  1167  1479 D evsmanagerd: /dev/video4 forwarded the buffer #0 to 0xb4000074bf5f6850 from 0xb4000074bf5f41d0
05-27 18:38:31.316   299 30844 D EvsDriver: Delivered 0xb400007b7ca56900 as id 0
05-27 18:38:31.316  1167  1479 D evsmanagerd: /dev/video6 forwarded the buffer #0 to 0xb4000074bf5f5510 from 0xb4000074bf5f6d90
05-27 18:38:31.320   536   536 D commservice260303: msg.id = 1028,1
05-27 18:38:31.320   536   536 D commservice260303: i = 170, msgid = 8A000404
05-27 18:38:31.320   536   536 D commservice260303: msgid = -1979710460,did=138
05-27 18:38:31.320   536   536 D commservice260303: CommProtocolLibCmdBaseI2C::dataproc {"command":{"id":"imu_status","sub":""},"content":{"TimeStamp":10,"FrameCounter":237442,"GD_X":-0.011300750076770782,"GD_Y":0.00549693126231432,"GD_Z":0.002519079949706793,"AD_X":0.0019466131925582886,"AD_Y":7.288071792572737E-4,"AD_Z":-0.1731433868408203,"TempDsp":0,"Status":0,"CalibState":1,"SigAmpInvalid":0}},-1979710460
05-27 18:38:31.320   536   536 D commservice260303: send2Cluster len:313, 7B22636F6D6D616E64223A7B226964223A22696D755F737461747573222C22737562223A22227D2C22636F6E74656E74223A7B2254696D655374616D70223A31302C224672616D65436F756E746572223A3233373434322C2247445F58223A2D302E3031313330303735303037363737303738322C2247445F59223A302E30303534393639333132363233313433322C2247445F5A223A302E3030323531393037393934393730363739332C2241445F58223A302E303031393436363133313932353538323838362C2241445F59223A372E323838303731373932353732373337452D342C2241445F5A223A2D302E313733313433333836383430383230332C2254656D70447370223A302C22537461747573223A302C2243616C69625374617465223A312C22536967416D70496E76616C6964223A307D7D, 138 
05-27 18:38:31.320   536   536 D commservice260303: Push Message into SendPool fn=400491264
05-27 18:38:31.320   536   536 D commservice260303: ComProtocolLibSend2Cluster::send2ClusterRaw fn=400491264 , len=329
05-27 18:38:31.320   536   536 D commservice260303: sendCmdToPort :329!!!
05-27 18:38:31.320   536   536 D commservice260303: send Cmd To Port ++++5AA501458A010003DF176A16C9A77B22636F6D6D616E64223A7B226964223A22696D755F737461747573222C22737562223A22227D2C22636F6E74656E74223A7B2254696D655374616D70223A31302C224672616D65436F756E746572223A3233373434322C2247445F58223A2D302E3031313330303735303037363737303738322C2247445F59223A302E30303534393639333132363233313433322C2247445F5A223A302E3030323531393037393934393730363739332C2241445F58223A302E303031393436363133313932353538323838362C2241445F59223A372E323838303731373932353732373337452D342C2241445F5A223A2D302E313733313433333836383430383230332C2254656D70447370223A302C22537461747573223A302C2243616C69625374617465223A312C22536967416D70496E76616C6964223A307D7D9F43
05-27 18:38:31.320   299  1163 D EvsDriver: doneWithFrame
05-27 18:38:31.321   536   536 D commservice260303: bufferevent_write retrun value = 0
05-27 08:29:40.280   581   581 D spidev_ioctl: gpio status=1)
05-27 08:29:40.286   581   581 D spi_rst_gpio_get_output: GPIO 145 value: 0
05-27 08:29:40.286   581   581 D spidev_ioctl: gpio status=0)
05-27 18:38:31.321   299  1153 D EvsDriver: doneWithFrame
05-27 18:38:31.321   536   560 D commservice260303: client datas send succeed,send finish
05-27 18:38:31.321   581   581 I SpiService: fgesysctrl_getGPIO_status success val=0
05-27 18:38:31.328 13911 14192 D Sentinelmode_1.2.5.17_sentry: <SentryImuClusterFgeSender>imu_status sent to Linux, frame=237442, tsNs=10178555, tsMs=10, intervalMs=43, ad=(0.0019466132,7.288072E-4,-0.17314339), gd=(-0.01130075,0.0054969313,0.00251908)
05-27 18:38:31.328 13911 14183 I SentryImuMcuAngleSender: 179.98248rollDeg
05-27 18:38:31.328 13911 14183 I SentryImuMcuAngleSender: 1,0,0
05-27 18:38:31.335  1008 30856 D [OMXB]  : usingANWBuffer: handle:0xee744210, format:1, w:1920, h:1080
05-27 18:38:31.335 10188 11505 I liblog  : 1
05-27 18:38:31.335 10188 11505 E SSense.fps: We could not find the file :/sys/class/display/dispc0/frame_count
05-27 18:38:31.337   581   581 I SpiService: fgesysctrl_getGPIO_status success val=1
05-27 18:38:31.338   299 30841 D EvsDriver: forwardFrame
05-27 18:38:31.340   299 30844 D EvsDriver: forwardFrame
05-27 18:38:31.341  1167  1184 D evsmanagerd: /dev/video4 forwarded the buffer #0 to 0xb4000074bf5f6850 from 0xb4000074bf5f41d0
05-27 18:38:31.342  1167  1479 D evsmanagerd: /dev/video6 forwarded the buffer #0 to 0xb4000074bf5f5510 from 0xb4000074bf5f6d90
05-27 08:29:40.301   581   581 D spi_rst_gpio_get_output: GPIO 145 value: 1
05-27 08:29:40.301   581   581 D spidev_ioctl: gpio status=1)
05-27 18:38:31.343   581   581 I SpiService: fgesysctrl_getGPIO_status success val=1
05-27 08:29:40.307   581   581 D spi_rst_gpio_get_output: GPIO 145 value: 1
05-27 08:29:40.307   581   581 D spidev_ioctl: gpio status=1)
05-27 18:38:31.346   299 30844 D EvsDriver: Delivered 0xb400007b7ca56900 as id 0
05-27 18:38:31.346   299  1153 D EvsDriver: doneWithFrame
05-27 18:38:31.348 30773 30787 I dvr_service_: [runShortMediaThread:298] cameraId:0 medias:300,audios:220,stateAudio:0,mShortState:0,warnEvent:0,state:1
05-27 18:38:31.348   299 30841 D EvsDriver: Delivered 0xb400007b7ca56a60 as id 0
05-27 18:38:31.348   299  1153 D EvsDriver: doneWithFrame
05-27 18:38:31.349   581   581 I SpiService: fgesysctrl_getGPIO_status success val=1
05-27 18:38:31.349 13911 14183 I SentryImuMcuAngleSender: 179.986rollDeg
05-27 18:38:31.349 13911 14183 I SentryImuMcuAngleSender: 1,0,0
05-27 08:29:40.314   581   581 D spi_rst_gpio_get_output: GPIO 145 value: 1
05-27 08:29:40.314   581   581 D spidev_ioctl: gpio status=1)
05-27 18:38:31.355   581   581 I SpiService: fgesysctrl_getGPIO_status success val=0
05-27 08:29:40.320   581   581 D spi_rst_gpio_get_output: GPIO 145 value: 0
05-27 08:29:40.320   581   581 D spidev_ioctl: gpio status=0)
05-27 18:38:31.358   283   307 I rvcservice: t.code = 4, t.value = 0
05-27 18:38:31.363 10188 11122 E WifiVendorHal: getWifiLinkLayerStats_1_6_Internal(l.1202) failed {.code = ERROR_UNKNOWN, .description = unknown error}
05-27 08:29:40.329 10047 10047 W         : AICWFDBG(LOGTRACE)	rwnx_send_msg (118)MM_GET_STA_INFO_CFM reqcfm:1 in_irq:0 in_softirq:0 in_atomic:0
05-27 08:29:40.329 10047 10047 W         : AICWFDBG(LOGTRACE)	rwnx_cmd_malloc get cmd_array[0]:000000004c96fbbb
05-27 08:29:40.329   354   354 W         : AICWFDBG(LOGDEBUG)	rwnx_rx_handle_msg msg->id:0x76
05-27 08:29:40.330 10047 10047 W         : AICWFDBG(LOGTRACE)	rwnx_cmd_free cmd_array[0]:000000004c96fbbb
05-27 08:29:40.330 10047 10047 W         : AICWFDBG(LOGDEBUG)	rwnx_fill_station_info ModTx(2):5 TxIndex:8 ModRx(0):0 RxHTIndex:0 RxVHTIndex:0 RxHEIndex:0 RSSI:-41
05-27 18:38:31.368  1008 30857 D [OMXB]  : usingANWBuffer: handle:0xee7440b0, format:1, w:1920, h:1080
05-27 18:38:31.369   536   536 D commservice260303: msg.id = 1028,1
05-27 18:38:31.369   536   536 D commservice260303: i = 170, msgid = 8A000404
05-27 18:38:31.369   536   536 D commservice260303: msgid = -1979710460,did=138
05-27 18:38:31.369   536   536 D commservice260303: CommProtocolLibCmdBaseI2C::dataproc {"command":{"id":"imu_status","sub":""},"content":{"TimeStamp":10,"FrameCounter":237443,"GD_X":-0.011682018637657166,"GD_Y":0.004963258747011423,"GD_Z":0.0016030981205403805,"AD_X":0.0019080042839050293,"AD_Y":0.0013332595117390156,"AD_Z":-0.1719226837158203,"TempDsp":0,"Status":0,"CalibState":1,"SigAmpInvalid":0}},-1979710460
05-27 18:38:31.369   536   536 D commservice260303: send2Cluster len:316, 7B22636F6D6D616E64223A7B226964223A22696D755F737461747573222C22737562223A22227D2C22636F6E74656E74223A7B2254696D655374616D70223A31302C224672616D65436F756E746572223A3233373434332C2247445F58223A2D302E3031313638323031383633373635373136362C2247445F59223A302E3030343936333235383734373031313432332C2247445F5A223A302E303031363033303938313230353430333830352C2241445F58223A302E303031393038303034323833393035303239332C2241445F59223A302E303031333333323539353131373339303135362C2241445F5A223A2D302E313731393232363833373135383230332C2254656D70447370223A302C22537461747573223A302C2243616C69625374617465223A312C22536967416D70496E76616C6964223A307D7D, 138 
05-27 18:38:31.369   536   536 D commservice260303: Push Message into SendPool fn=417268480
05-27 18:38:31.369   536   536 D commservice260303: ComProtocolLibSend2Cluster::send2ClusterRaw fn=417268480 , len=332
05-27 18:38:31.369   536   536 D commservice260303: sendCmdToPort :332!!!
05-27 18:38:31.369   536   536 D commservice260303: send Cmd To Port ++++5AA501488A010003DF186A16C9A77B22636F6D6D616E64223A7B226964223A22696D755F737461747573222C22737562223A22227D2C22636F6E74656E74223A7B2254696D655374616D70223A31302C224672616D65436F756E746572223A3233373434332C2247445F58223A2D302E3031313638323031383633373635373136362C2247445F59223A302E3030343936333235383734373031313432332C2247445F5A223A302E303031363033303938313230353430333830352C2241445F58223A302E303031393038303034323833393035303239332C2241445F59223A302E303031333333323539353131373339303135362C2241445F5A223A2D302E313731393232363833373135383230332C2254656D70447370223A302C22537461747573223A302C2243616C69625374617465223A312C22536967416D70496E76616C6964223A307D7D75FC
05-27 18:38:31.369   536   536 D commservice260303: bufferevent_write retrun value = 0
05-27 18:38:31.369   536   560 D commservice260303: client datas send succeed,send finish
05-27 18:38:31.370   581   581 I SpiService: fgesysctrl_getGPIO_status success val=1
05-27 18:38:31.370 13911 14183 I SentryImuMcuAngleSender: 179.97899rollDeg
05-27 18:38:31.370 13911 14183 I SentryImuMcuAngleSender: 1,0,0
05-27 18:38:31.370 13911 14192 D Sentinelmode_1.2.5.17_sentry: <SentryImuClusterFgeSender>imu_status sent to Linux, frame=237443, tsNs=10178608, tsMs=10, intervalMs=43, ad=(0.0019080043,0.0013332595,-0.17192268), gd=(-0.011682019,0.0049632587,0.0016030981)
05-27 08:29:40.334   581   581 D spi_rst_gpio_get_output: GPIO 145 value: 1
05-27 08:29:40.334   581   581 D spidev_ioctl: gpio status=1)
05-27 18:38:31.375   581   581 I SpiService: fgesysctrl_getGPIO_status success val=1
05-27 08:29:40.340   581   581 D spi_rst_gpio_get_output: GPIO 145 value: 1
05-27 08:29:40.340   581   581 D spidev_ioctl: gpio status=1)
05-27 18:38:31.378   299 30841 D EvsDriver: forwardFrame
05-27 18:38:31.378   299 30844 D EvsDriver: forwardFrame
05-27 18:38:31.379   299 30841 D EvsDriver: Delivered 0xb400007b7ca56a60 as id 0
05-27 18:38:31.380  1167  1479 D evsmanagerd: /dev/video4 forwarded the buffer #0 to 0xb4000074bf5f6850 from 0xb4000074bf5f41d0
05-27 18:38:31.381   581   581 I SpiService: fgesysctrl_getGPIO_status success val=1
05-27 18:38:31.381   299 30844 D EvsDriver: Delivered 0xb400007b7ca56900 as id 0
05-27 18:38:31.381  1167  1479 D evsmanagerd: /dev/video6 forwarded the buffer #0 to 0xb4000074bf5f5510 from 0xb4000074bf5f6d90
05-27 08:29:40.345   581   581 D spi_rst_gpio_get_output: GPIO 145 value: 1
05-27 08:29:40.345   581   581 D spidev_ioctl: gpio status=1)
05-27 18:38:31.385   299  1153 D EvsDriver: doneWithFrame
05-27 18:38:31.385   299  1163 D EvsDriver: doneWithFrame
05-27 18:38:31.386   581   581 I SpiService: fgesysctrl_getGPIO_status success val=1
05-27 08:29:40.351   581   581 D spi_rst_gpio_get_output: GPIO 145 value: 1
05-27 08:29:40.351   581   581 D spidev_ioctl: gpio status=1)
05-27 18:38:31.390  1008 30856 D [OMXB]  : usingANWBuffer: handle:0xee7416c0, format:1, w:1920, h:1080
05-27 18:38:31.390 13911 14183 I SentryImuMcuAngleSender: 179.97197rollDeg
05-27 18:38:31.390 13911 14183 I SentryImuMcuAngleSender: 1,0,0
05-27 18:38:31.391   566 11459 I gps_hdbd: Received: '$GNGGA,005422.000,,,,,0,00,,,M,,M,,*67
'
05-27 18:38:31.392   581   581 I SpiService: fgesysctrl_getGPIO_status success val=1
05-27 08:29:40.356   581   581 D spi_rst_gpio_get_output: GPIO 145 value: 1
05-27 08:29:40.356   581   581 D spidev_ioctl: gpio status=1)
05-27 18:38:31.397   581   581 I SpiService: fgesysctrl_getGPIO_status success val=0
05-27 18:38:31.397   566 11459 I gps_hdbd: Received: '$GNGSA,A,1,,,,,,,,,,,,,,,,1*1D
'
05-27 18:38:31.398   572   622 I Sensors : 230 GyroSensor: x:-0.011377,y:0.005345,z:0.001221
05-27 08:29:40.362   581   581 D spi_rst_gpio_get_output: GPIO 145 value: 0
05-27 08:29:40.362   581   581 D spidev_ioctl: gpio status=0)
05-27 18:38:31.403   566 11459 I gps_hdbd: Received: '$GNGSA,A,1,,,,,,,,,,,,,,,,3*1F
'
05-27 18:38:31.404   566 11459 I gps_hdbd: Received: '$GNGSA,A,1,,,,,,,,,,,,,,,,4*18
'
05-27 18:38:31.404   566 11459 I gps_hdbd: Received: '$BDGSV,1,1,00,1*75
'
05-27 18:38:31.406   299 30844 D EvsDriver: forwardFrame
05-27 18:38:31.406   299 30841 D EvsDriver: forwardFrame
05-27 18:38:31.408   299 30841 D EvsDriver: Delivered 0xb400007b7ca56a60 as id 0
05-27 18:38:31.408  1167  1184 D evsmanagerd: /dev/video4 forwarded the buffer #0 to 0xb4000074bf5f6850 from 0xb4000074bf5f41d0
05-27 18:38:31.409   566 11459 I gps_hdbd: Received: '$BDGSV,1,1,00,5*71
'
05-27 18:38:31.412   566 11459 I gps_hdbd: Received: '$GPGSV,1,1,01,199,42,165,,1*60
'
05-27 18:38:31.412   581   581 I SpiService: fgesysctrl_getGPIO_status success val=1
05-27 08:29:40.376   581   581 D spi_rst_gpio_get_output: GPIO 145 value: 1
05-27 18:38:31.413   299  1153 D EvsDriver: doneWithFrame
05-27 08:29:40.376   581   581 D spidev_ioctl: gpio status=1)
05-27 18:38:31.415   566 11459 I gps_hdbd: Received: '$GPGSV,1,1,00,8*6D
'
05-27 18:38:31.416   566 11459 I gps_hdbd: Received: '$GAGSV,1,1,00,7*73
'
05-27 18:38:31.417   536   536 D commservice260303: msg.id = 1028,0
05-27 18:38:31.417   536   536 D commservice260303: i = 170, msgid = 8A000404
05-27 18:38:31.417   536   536 D commservice260303: msgid = -1979710460,did=138
05-27 18:38:31.417   536   536 D commservice260303: CommProtocolLibCmdBaseI2C::dataproc {"command":{"id":"imu_status","sub":""},"content":{"TimeStamp":10,"FrameCounter":237444,"GD_X":-0.011377211660146713,"GD_Y":0.005345047451555729,"GD_Z":0.0012207889230921865,"AD_X":5.252659320831299E-5,"AD_Y":0.0013211488258093596,"AD_Z":-0.17070293426513672,"TempDsp":0,"Status":0,"CalibState":1,"SigAmpInvalid":0}},-1979710460
05-27 18:38:31.417   536   536 D commservice260303: send2Cluster len:316, 7B22636F6D6D616E64223A7B226964223A22696D755F737461747573222C22737562223A22227D2C22636F6E74656E74223A7B2254696D655374616D70223A31302C224672616D65436F756E746572223A3233373434342C2247445F58223A2D302E3031313337373231313636303134363731332C2247445F59223A302E3030353334353034373435313535353732392C2247445F5A223A302E303031323230373838393233303932313836352C2241445F58223A352E323532363539333230383331323939452D352C2241445F59223A302E303031333231313438383235383039333539362C2241445F5A223A2D302E31373037303239333432363531333637322C2254656D70447370223A302C22537461747573223A302C2243616C69625374617465223A312C22536967416D70496E76616C6964223A307D7D, 138 
05-27 18:38:31.417   536   536 D commservice260303: Push Message into SendPool fn=434045696
05-27 18:38:31.417   536   536 D commservice260303: ComProtocolLibSend2Cluster::send2ClusterRaw fn=434045696 , len=332
05-27 18:38:31.417   536   536 D commservice260303: sendCmdToPort :332!!!
05-27 18:38:31.417   536   536 D commservice260303: send Cmd To Port ++++5AA501488A010003DF196A16C9A77B22636F6D6D616E64223A7B226964223A22696D755F737461747573222C22737562223A22227D2C22636F6E74656E74223A7B2254696D655374616D70223A31302C224672616D65436F756E746572223A3233373434342C2247445F58223A2D302E3031313337373231313636303134363731332C2247445F59223A302E3030353334353034373435313535353732392C2247445F5A223A302E303031323230373838393233303932313836352C2241445F58223A352E323532363539333230383331323939452D352C2241445F59223A302E303031333231313438383235383039333539362C2241445F5A223A2D302E31373037303239333432363531333637322C2254656D70447370223A302C22537461747573223A302C2243616C69625374617465223A312C22536967416D70496E76616C6964223A307D7DD553
05-27 18:38:31.417   536   536 D commservice260303: bufferevent_write retrun value = 0
05-27 18:38:31.417   536   560 D commservice260303: client datas send succeed,send finish
05-27 18:38:31.417   581   581 I SpiService: fgesysctrl_getGPIO_status success val=1
05-27 18:38:31.417 13911 14192 D Sentinelmode_1.2.5.17_sentry: <SentryImuClusterFgeSender>imu_status sent to Linux, frame=237444, tsNs=10178649, tsMs=10, intervalMs=47, ad=(5.2526593E-5,0.0013211488,-0.17070293), gd=(-0.011377212,0.0053450475,0.0012207889)
05-27 18:38:31.420   566 11459 I gps_hdbd: Received: '$GAGSV,1,1,00,1*75
'
05-27 08:29:40.382   581   581 D spi_rst_gpio_get_output: GPIO 145 value: 1
05-27 08:29:40.382   581   581 D spidev_ioctl: gpio status=1)
05-27 18:38:31.422   299 30844 D EvsDriver: Delivered 0xb400007b7ca56900 as id 0
05-27 18:38:31.422  1167  1184 D evsmanagerd: /dev/video6 forwarded the buffer #0 to 0xb4000074bf5f5510 from 0xb4000074bf5f6d90
05-27 18:38:31.423   581   581 I SpiService: fgesysctrl_getGPIO_status success val=1
05-27 18:38:31.423  1008 30857 D [OMXB]  : usingANWBuffer: handle:0xee7435b0, format:1, w:1920, h:1080
05-27 18:38:31.424 13911 14183 I SentryImuMcuAngleSender: 179.97899rollDeg
05-27 18:38:31.424 13911 14183 I SentryImuMcuAngleSender: 1,0,0
05-27 08:29:40.387   581   581 D spi_rst_gpio_get_output: GPIO 145 value: 1
05-27 08:29:40.387   581   581 D spidev_ioctl: gpio status=1)
05-27 18:38:31.426   299  1153 D EvsDriver: doneWithFrame
05-27 18:38:31.428   566 11459 I gps_hdbd: Received: '$GNRMC,005422.000,V,,,,,,,270526,120.0,E,N,V*44
'
05-27 08:29:40.393   581   581 D spi_rst_gpio_get_output: GPIO 145 value: 1
05-27 08:29:40.393   581   581 D spidev_ioctl: gpio status=1)
05-27 18:38:31.428   581   581 I SpiService: fgesysctrl_getGPIO_status success val=1
05-27 18:38:31.429   566 11459 I gps_hdbd: RMC : CALL gnss_sv_status_cb, view_in_sat <1>
05-27 18:38:31.429   566 11459 I gps_hdbd: [reportSvStatus]--->PLATFORM_BSP::Enter
05-27 18:38:31.429  1083  1083 W MyAppLog: [2026-05-27 18:38:31.428 W tboxap gpsSyncGpsInfoToDm:361] [Gps] [gpsSyncGpsInfoToDm] fix=0 mode=49 corner:0x01 alt=0.00 sat=0 hdop=0.00 pdop=0.00 vdop=0.00
05-27 18:38:31.433   566 11459 I gps_hdbd: hy abnormal deal:hy_cnr30_satellite_cnt=0
05-27 18:38:31.433   566 11459 D gps_hdbd: hy abnormal deal:hy_fixStatus_fail_count=0
05-27 18:38:31.433   566 11459 I gps_hdbd: Received: '$GNZDA,005422.000,27,05,2026,00,00*4F
'
05-27 18:38:31.434   581   581 I SpiService: fgesysctrl_getGPIO_status success val=1
05-27 08:29:40.398   581   581 D spi_rst_gpio_get_output: GPIO 145 value: 1
05-27 08:29:40.398   581   581 D spidev_ioctl: gpio status=1)
05-27 18:38:31.439   581   581 I SpiService: fgesysctrl_getGPIO_status success val=0
05-27 08:29:40.404   581   581 D spi_rst_gpio_get_output: GPIO 145 value: 0
05-27 08:29:40.404   581   581 D spidev_ioctl: gpio status=0)
05-27 18:38:31.443   299 30844 D EvsDriver: forwardFrame
05-27 18:38:31.444 13911 14183 I SentryImuMcuAngleSender: 179.986rollDeg
05-27 18:38:31.444   299 30841 D EvsDriver: forwardFrame
05-27 18:38:31.445 13911 14183 I SentryImuMcuAngleSender: 1,0,0
05-27 18:38:31.446  1167  1184 D evsmanagerd: /dev/video6 forwarded the buffer #0 to 0xb4000074bf5f5510 from 0xb4000074bf5f6d90
05-27 18:38:31.446  1167  1479 D evsmanagerd: /dev/video4 forwarded the buffer #0 to 0xb4000074bf5f6850 from 0xb4000074bf5f41d0
05-27 18:38:31.446   299 30844 D EvsDriver: Delivered 0xb400007b7ca56900 as id 0
05-27 18:38:31.446   299 30841 D EvsDriver: Delivered 0xb400007b7ca56a60 as id 0
05-27 18:38:31.446 30773 30782 E dvr_service_: [myNum:1] Received S**** loss
05-27 18:38:31.447 30773 30773 E dvr_service_: [myNum:0] Received S**** loss
05-27 18:38:31.447   299  1153 D EvsDriver: doneWithFrame
05-27 18:38:31.447   299  1153 D EvsDriver: doneWithFrame
05-27 18:38:31.449   566 11459 I gps_hdbd: Received: '$GNINS,1,1,TYPE,I,V,005422.000,18773000,FUS,-14,0,0,0,MOT,V,1,PATT,0.00,0.00,0.00,VEL,0.000,0.000,0.000,POS,40.0001330924,116.0001570688,84.176,IIA,1,0.00,0.00,0.00,BGA,0.31,-0.66,-0.13,0.000,0.000,0.000,IGA,0,-1,0,0,-2,98,VG,16c2ff1*2E
'
05-27 18:38:31.453   581   581 I SpiService: fgesysctrl_getGPIO_status success val=1
05-27 18:38:31.454   566 11459 I gps_hdbd: Received: '$GNINS,CARSPEED,ADR_STATUS,0,Pulse_count,0,1,0,0,18773000,101580,0.000,0.000,0.000*01
'
05-27 08:29:40.418   581   581 D spi_rst_gpio_get_output: GPIO 145 value: 1
05-27 08:29:40.418   581   581 D spidev_ioctl: gpio status=1)
05-27 18:38:31.457  1008 30856 D [OMXB]  : usingANWBuffer: handle:0xee742a00, format:1, w:1920, h:1080
05-27 18:38:31.457   536   536 D commservice260303: msg.id = 1028,0
05-27 18:38:31.457   536   536 D commservice260303: i = 170, msgid = 8A000404
05-27 18:38:31.457   536   536 D commservice260303: msgid = -1979710460,did=138
05-27 18:38:31.457   536   536 D commservice260303: CommProtocolLibCmdBaseI2C::dataproc {"command":{"id":"imu_status","sub":""},"content":{"TimeStamp":10,"FrameCounter":237445,"GD_X":-0.012139749713242054,"GD_Y":0.005420989356935024,"GD_Z":0.0011448472505435348,"AD_X":-0.0011710971593856812,"AD_Y":1.016370952129364E-4,"AD_Z":-0.16948318481445312,"TempDsp":0,"Status":0,"CalibState":1,"SigAmpInvalid":0}},-1979710460
05-27 18:38:31.457   536   536 D commservice260303: send2Cluster len:317, 7B22636F6D6D616E64223A7B226964223A22696D755F737461747573222C22737562223A22227D2C22636F6E74656E74223A7B2254696D655374616D70223A31302C224672616D65436F756E746572223A3233373434352C2247445F58223A2D302E3031323133393734393731333234323035342C2247445F59223A302E3030353432303938393335363933353032342C2247445F5A223A302E303031313434383437323530353433353334382C2241445F58223A2D302E303031313731303937313539333835363831322C2241445F59223A312E303136333730393532313239333634452D342C2241445F5A223A2D302E31363934383331383438313434353331322C2254656D70447370223A302C22537461747573223A302C2243616C69625374617465223A312C22536967416D70496E76616C6964223A307D7D, 138 
05-27 18:38:31.457   536   536 D commservice260303: Push Message into SendPool fn=450822912
05-27 18:38:31.457   536   536 D commservice260303: ComProtocolLibSend2Cluster::send2ClusterRaw fn=450822912 , len=333
05-27 18:38:31.457   536   536 D commservice260303: sendCmdToPort :333!!!
05-27 18:38:31.457   536   536 D commservice260303: send Cmd To Port ++++5AA501498A010003DF1A6A16C9A77B22636F6D6D616E64223A7B226964223A22696D755F737461747573222C22737562223A22227D2C22636F6E74656E74223A7B2254696D655374616D70223A31302C224672616D65436F756E746572223A3233373434352C2247445F58223A2D302E3031323133393734393731333234323035342C2247445F59223A302E3030353432303938393335363933353032342C2247445F5A223A302E303031313434383437323530353433353334382C2241445F58223A2D302E303031313731303937313539333835363831322C2241445F59223A312E303136333730393532313239333634452D342C2241445F5A223A2D302E31363934383331383438313434353331322C2254656D70447370223A302C22537461747573223A302C2243616C69625374617465223A312C22536967416D70496E76616C6964223A307D7D66C8
05-27 18:38:31.457   536   536 D commservice260303: bufferevent_write retrun value = 0
05-27 18:38:31.457   536   560 D commservice260303: client datas send succeed,send finish
05-27 18:38:31.458 13911 14192 D Sentinelmode_1.2.5.17_sentry: <SentryImuClusterFgeSender>imu_status sent to Linux, frame=237445, tsNs=10178670, tsMs=10, intervalMs=41, ad=(-0.0011710972,1.01637095E-4,-0.16948318), gd=(-0.01213975,0.0054209894,0.0011448473)
05-27 18:38:31.459   581   581 I SpiService: fgesysctrl_getGPIO_status success val=1
05-27 18:38:31.459   283   307 I rvcservice: t.code = 3, t.value = 0
05-27 18:38:31.462   566 11459 I gps_hdbd: Received: '$GNTXT,04,01,04,INS,V,1,,,,FLG,1,000000,1,0,1,0,0,Con,0*71
'
05-27 08:29:40.423   581   581 D spi_rst_gpio_get_output: GPIO 145 value: 1
05-27 08:29:40.423   581   581 D spidev_ioctl: gpio status=1)
05-27 18:38:31.464   581   581 I SpiService: fgesysctrl_getGPIO_status success val=1
05-27 18:38:31.465 13911 14183 I SentryImuMcuAngleSender: 179.986rollDeg
05-27 08:29:40.429   581   581 D spi_rst_gpio_get_output: GPIO 145 value: 1
05-27 18:38:31.465 13911 14183 I SentryImuMcuAngleSender: 1,0,0
05-27 08:29:40.429   581   581 D spidev_ioctl: gpio status=1)
05-27 08:29:40.429     0     0 W         : c6 [    C6] Irq_monitor:Irq                                           IPI[1]occur        6929 times interval 1028 ms
05-27 18:38:31.466   566 11459 I gps_hdbd: Received: '$GNTXT,INSTALL,0.00,0.00,0.00,0.00,0.00,0.00,0*20
'
05-27 18:38:31.470   581   581 I SpiService: fgesysctrl_getGPIO_status success val=1
05-27 08:29:40.435   581   581 D spi_rst_gpio_get_output: GPIO 145 value: 1
05-27 08:29:40.435   581   581 D spidev_ioctl: gpio status=1)
05-27 18:38:31.473   299 30841 D EvsDriver: forwardFrame
05-27 18:38:31.474   299 30841 D EvsDriver: Delivered 0xb400007b7ca56a60 as id 0
05-27 18:38:31.474  1167  1184 D evsmanagerd: /dev/video4 forwarded the buffer #0 to 0xb4000074bf5f6850 from 0xb4000074bf5f41d0
05-27 18:38:31.476   299 30844 D EvsDriver: forwardFrame
05-27 18:38:31.476   581   581 I SpiService: fgesysctrl_getGPIO_status success val=1
05-27 18:38:31.476   299  1153 D EvsDriver: doneWithFrame
05-27 08:29:40.440   581   581 D spi_rst_gpio_get_output: GPIO 145 value: 1
05-27 08:29:40.440   581   581 D spidev_ioctl: gpio status=1)
05-27 18:38:31.477   299 30844 D EvsDriver: Delivered 0xb400007b7ca56900 as id 0
05-27 18:38:31.477  1167  1184 D evsmanagerd: /dev/video6 forwarded the buffer #0 to 0xb4000074bf5f5510 from 0xb4000074bf5f6d90
05-27 18:38:31.479  1008 30857 D [OMXB]  : usingANWBuffer: handle:0xee742ed0, format:1, w:1920, h:1080
05-27 18:38:31.481   299  1153 D EvsDriver: doneWithFrame
05-27 18:38:31.481   581   581 I SpiService: fgesysctrl_getGPIO_status success val=0
05-27 08:29:40.446   581   581 D spi_rst_gpio_get_output: GPIO 145 value: 0
05-27 08:29:40.446   581   581 D spidev_ioctl: gpio status=0)
05-27 18:38:31.486 13911 14183 I SentryImuMcuAngleSender: 179.97546rollDeg
05-27 18:38:31.488 13911 14183 I SentryImuMcuAngleSender: 1,0,0
05-27 18:38:31.496   581   581 I SpiService: fgesysctrl_getGPIO_status success val=1
05-27 08:29:40.460   581   581 D spi_rst_gpio_get_output: GPIO 145 value: 1
05-27 08:29:40.460   581   581 D spidev_ioctl: gpio status=1)
05-27 18:38:31.497   536   536 D commservice260303: msg.id = 1028,0
05-27 18:38:31.497   536   536 D commservice260303: i = 170, msgid = 8A000404
05-27 18:38:31.497   536   536 D commservice260303: msgid = -1979710460,did=138
05-27 18:38:31.497   536   536 D commservice260303: CommProtocolLibCmdBaseI2C::dataproc {"command":{"id":"imu_status","sub":""},"content":{"TimeStamp":10,"FrameCounter":237446,"GD_X":-0.011682018637657166,"GD_Y":0.006565836723893881,"GD_Z":0.0020608289632946253,"AD_X":-0.006615743041038513,"AD_Y":0.0019353905227035284,"AD_Z":-0.16887283325195312,"TempDsp":0,"Status":0,"CalibState":1,"SigAmpInvalid":0}},-1979710460
05-27 18:38:31.498   536   536 D commservice260303: send2Cluster len:317, 7B22636F6D6D616E64223A7B226964223A22696D755F737461747573222C22737562223A22227D2C22636F6E74656E74223A7B2254696D655374616D70223A31302C224672616D65436F756E746572223A3233373434362C2247445F58223A2D302E3031313638323031383633373635373136362C2247445F59223A302E3030363536353833363732333839333838312C2247445F5A223A302E303032303630383238393633323934363235332C2241445F58223A2D302E3030363631353734333034313033383531332C2241445F59223A302E303031393335333930353232373033353238342C2241445F5A223A2D302E31363838373238333332353139353331322C2254656D70447370223A302C22537461747573223A302C2243616C69625374617465223A312C22536967416D70496E76616C6964223A307D7D, 138 
05-27 18:38:31.498   536   536 D commservice260303: Push Message into SendPool fn=467600128
05-27 18:38:31.498   536   536 D commservice260303: ComProtocolLibSend2Cluster::send2ClusterRaw fn=467600128 , len=333
05-27 18:38:31.498   536   536 D commservice260303: sendCmdToPort :333!!!
05-27 18:38:31.498   536   536 D commservice260303: send Cmd To Port ++++5AA501498A010003DF1B6A16C9A77B22636F6D6D616E64223A7B226964223A22696D755F737461747573222C22737562223A22227D2C22636F6E74656E74223A7B2254696D655374616D70223A31302C224672616D65436F756E746572223A3233373434362C2247445F58223A2D302E3031313638323031383633373635373136362C2247445F59223A302E3030363536353833363732333839333838312C2247445F5A223A302E303032303630383238393633323934363235332C2241445F58223A2D302E3030363631353734333034313033383531332C2241445F59223A302E303031393335333930353232373033353238342C2241445F5A223A2D302E31363838373238333332353139353331322C2254656D70447370223A302C22537461747573223A302C2243616C69625374617465223A312C22536967416D70496E76616C6964223A307D7D272A
05-27 18:38:31.498   536   536 D commservice260303: bufferevent_write retrun value = 0
05-27 18:38:31.498   536   560 D commservice260303: client datas send succeed,send finish
05-27 18:38:31.498 13911 14192 D Sentinelmode_1.2.5.17_sentry: <SentryImuClusterFgeSender>imu_status sent to Linux, frame=237446, tsNs=10178733, tsMs=10, intervalMs=40, ad=(-0.006615743,0.0019353905,-0.16887283), gd=(-0.011682019,0.0065658367,0.002060829)
05-27 18:38:31.500   572   622 I Sensors : 230 AccelSensor: x:-0.170800,y:0.003659,z:-9.972281
05-27 18:38:31.501   581   581 I SpiService: fgesysctrl_getGPIO_status success val=1
05-27 18:38:31.504  1008 30856 D [OMXB]  : usingANWBuffer: handle:0xee742270, format:1, w:1920, h:1080
05-27 08:29:40.466   581   581 D spi_rst_gpio_get_output: GPIO 145 value: 1
05-27 08:29:40.466   581   581 D spidev_ioctl: gpio status=1)
05-27 18:38:31.507   299 30841 D EvsDriver: forwardFrame
05-27 18:38:31.508 13911 14183 I SentryImuMcuAngleSender: 179.97897rollDeg
05-27 18:38:31.509 13911 14183 I SentryImuMcuAngleSender: 1,0,0
05-27 18:38:31.509   581   581 I SpiService: fgesysctrl_getGPIO_status success val=1
05-27 18:38:31.510   299 30844 D EvsDriver: forwardFrame
05-27 18:38:31.510 30773 30789 I dvr_service_: Camera 0: MediaOK:81408307, frames:1930, isKeyFrame:0,pts:10178312270
05-27 18:38:31.512   299 30841 D EvsDriver: Delivered 0xb400007b7ca56a60 as id 0
05-27 18:38:31.512  1167  1184 D evsmanagerd: /dev/video4 forwarded the buffer #0 to 0xb4000074bf5f6850 from 0xb4000074bf5f41d0
05-27 08:29:40.474   581   581 D spi_rst_gpio_get_output: GPIO 145 value: 1
05-27 08:29:40.474   581   581 D spidev_ioctl: gpio status=1)
05-27 18:38:31.517  1167  1479 D evsmanagerd: /dev/video6 forwarded the buffer #0 to 0xb4000074bf5f5510 from 0xb4000074bf5f6d90
05-27 18:38:31.517   581   581 I SpiService: fgesysctrl_getGPIO_status success val=1
05-27 18:38:31.517   299  1153 D EvsDriver: doneWithFrame
05-27 08:29:40.482   581   581 D spi_rst_gpio_get_output: GPIO 145 value: 1
05-27 08:29:40.482   581   581 D spidev_ioctl: gpio status=1)
05-27 18:38:31.521   299 30844 D EvsDriver: Delivered 0xb400007b7ca56900 as id 0
05-27 18:38:31.523   581   581 I SpiService: fgesysctrl_getGPIO_status success val=0
