05-27 18:38:38.793   536   536 D commservice260303: send2Cluster len:314, 7B22636F6D6D616E64223A7B226964223A22696D755F737461747573222C22737562223A22227D2C22636F6E74656E74223A7B2254696D655374616D70223A31302C224672616D65436F756E746572223A3233373632362C2247445F58223A2D302E3031313938373836353930323438333436332C2247445F59223A302E3030363130383130353634383330383939322C2247445F5A223A302E303032313337383130393233313539313232352C2241445F58223A2D302E3030353031393937373638383738393336382C2241445F59223A392E3833323932343639373534383135452D342C2241445F5A223A2D302E313639343738343136343432383731312C2254656D70447370223A302C22537461747573223A302C2243616C69625374617465223A312C22536967416D70496E76616C6964223A307D7D, 138 
05-27 18:38:38.794   536   536 D commservice260303: Push Message into SendPool fn=-740359424
05-27 18:38:38.794   536   536 D commservice260303: ComProtocolLibSend2Cluster::send2ClusterRaw fn=-740359424 , len=330
05-27 18:38:38.794   536   536 D commservice260303: sendCmdToPort :330!!!
05-27 18:38:38.794   536   536 D commservice260303: send Cmd To Port ++++5AA501468A010003DFD36A16C9AE7B22636F6D6D616E64223A7B226964223A22696D755F737461747573222C22737562223A22227D2C22636F6E74656E74223A7B2254696D655374616D70223A31302C224672616D65436F756E746572223A3233373632362C2247445F58223A2D302E3031313938373836353930323438333436332C2247445F59223A302E3030363130383130353634383330383939322C2247445F5A223A302E303032313337383130393233313539313232352C2241445F58223A2D302E3030353031393937373638383738393336382C2241445F59223A392E3833323932343639373534383135452D342C2241445F5A223A2D302E313639343738343136343432383731312C2254656D70447370223A302C22537461747573223A302C2243616C69625374617465223A312C22536967416D70496E76616C6964223A307D7DD45D
05-27 18:38:38.794   536   536 D commservice260303: bufferevent_write retrun value = 0
05-27 18:38:38.794   536   560 D commservice260303: client datas send succeed,send finish
05-27 18:38:38.794 13911 14192 D Sentinelmode_1.2.5.17_sentry: <SentryImuClusterFgeSender>imu_status sent to Linux, frame=237626, tsNs=10186043, tsMs=10, intervalMs=40, ad=(-0.0050199777,9.832925E-4,-0.16947842), gd=(-0.011987866,0.0061081056,0.002137811)
05-27 08:29:47.755   581   581 D spi_rst_gpio_get_output: GPIO 145 value: 1
05-27 08:29:47.755   581   581 D spidev_ioctl: gpio status=1)
05-27 08:29:47.760   581   581 D spi_rst_gpio_get_output: GPIO 145 value: 1
05-27 08:29:47.761   581   581 D spidev_ioctl: gpio status=1)
05-27 18:38:38.796   581   581 I SpiService: fgesysctrl_getGPIO_status success val=1
05-27 18:38:38.799  1008 30857 D [OMXB]  : usingANWBuffer: handle:0xee7412a0, format:1, w:1920, h:1080
05-27 18:38:38.793  1008  1008 I auditd  : type=1400 audit(0.0:58674): avc: denied { call } for comm="OMXCallbackDisp" scontext=u:r:mediacodec:s0 tcontext=u:r:adayo_dvr_service:s0 tclass=binder permissive=1
05-27 18:38:38.793  1008  1008 I OMXCallbackDisp: type=1400 audit(0.0:58674): avc: denied { call } for scontext=u:r:mediacodec:s0 tcontext=u:r:adayo_dvr_service:s0 tclass=binder permissive=1
05-27 18:38:38.800 13911 14183 I SentryImuMcuAngleSender: 179.97899rollDeg
05-27 18:38:38.800 13911 14183 I SentryImuMcuAngleSender: 1,0,0
05-27 18:38:38.802   581   581 I SpiService: fgesysctrl_getGPIO_status success val=1
05-27 08:29:47.767   581   581 D spi_rst_gpio_get_output: GPIO 145 value: 1
05-27 08:29:47.767   581   581 D spidev_ioctl: gpio status=1)
05-27 18:38:38.807 13911 14147 I SVR_MNG_BaseProxy: isBinderActive: clientBinder is null
05-27 18:38:38.807 13911 14147 D SVR_MNG_SvrMngProxy: getServer: mSvrManger is null
05-27 18:38:38.807 13911 14147 D SVR_MNG_SvrMngProxy: getNewStub: 
05-27 18:38:38.807 13911 14147 D SVR_MNG_SvrMngProxy: getNewStub: getSvrManagerService start
05-27 18:38:38.807 13911 14147 D SVR_MNG_SvrMngProxy: getNewStub: getSvrManagerService end
05-27 18:38:38.808 13911 14147 D SVR_MNG_SvrMngProxy: getServer: svrMngService doesn't start
05-27 18:38:38.808 13911 14147 D SVR_MNG_SvrMngProxy: getClientBinder: binderName = com.incall.network.NETWORK_SERVICE
05-27 18:38:38.808 13911 14147 I SVR_MNG_BaseProxy: getInterface: mInterface = null
05-27 18:38:38.808 13911 14147 I SVR_MNG_BaseProxy: isBinderActive: clientBinder is null
05-27 18:38:38.808 13911 14147 I SVR_MNG_BaseProxy: isBinderActive: clientBinder is null
05-27 18:38:38.808 13911 14147 D SVR_MNG_SvrMngProxy: getServer: mSvrManger is null
05-27 18:38:38.808 13911 14147 D SVR_MNG_SvrMngProxy: getNewStub: 
05-27 18:38:38.808 13911 14147 D SVR_MNG_SvrMngProxy: getNewStub: getSvrManagerService start
05-27 18:38:38.808   581   581 I SpiService: fgesysctrl_getGPIO_status success val=1
05-27 18:38:38.808 13911 14147 D SVR_MNG_SvrMngProxy: getNewStub: getSvrManagerService end
05-27 18:38:38.808 13911 14147 D SVR_MNG_SvrMngProxy: getServer: svrMngService doesn't start
05-27 18:38:38.808 13911 14147 D SVR_MNG_SvrMngProxy: getClientBinder: binderName = com.incall.network.NETWORK_SERVICE
05-27 18:38:38.808 13911 14147 I SVR_MNG_BaseProxy: getInterface: mInterface = null
05-27 18:38:38.808 13911 14147 I SVR_MNG_BaseProxy: isBinderActive: clientBinder is null
05-27 18:38:38.808 13911 14147 I PicketModeManager: getProfileDetail: ["{\"name\":\"sentryModeSwitchSts\",\"value\":2,\"timeStamp\":\"1670000000000\"}","{\"name\":\"SentryModeSensitivity\",\"value\":-1,\"timeStamp\":\"1779878318786\"}"]
05-27 18:38:38.809 13911 14147 D Sentinelmode_1.2.5.17_sentry: <PicketModeManager>queryGuardInfo = {access_token=null, lastSyncTimeStramp=1779878318786, profileDetail=["{\"name\":\"sentryModeSwitchSts\",\"value\":2,\"timeStamp\":\"1670000000000\"}","{\"name\":\"SentryModeSensitivity\",\"value\":-1,\"timeStamp\":\"1779878318786\"}"], sign=sign, nonce=xccDfxhNRE}
05-27 18:38:38.809 13911 14147 I SVR_MNG_BaseProxy: isBinderActive: clientBinder is null
05-27 18:38:38.809 13911 14147 D SVR_MNG_SvrMngProxy: getServer: mSvrManger is null
05-27 18:38:38.809 13911 14147 D SVR_MNG_SvrMngProxy: getNewStub: 
05-27 18:38:38.809 13911 14147 D SVR_MNG_SvrMngProxy: getNewStub: getSvrManagerService start
05-27 08:29:47.773   581   581 D spi_rst_gpio_get_output: GPIO 145 value: 1
05-27 08:29:47.773   581   581 D spidev_ioctl: gpio status=1)
05-27 18:38:38.809 13911 14147 D SVR_MNG_SvrMngProxy: getNewStub: getSvrManagerService end
05-27 18:38:38.809 13911 14147 D SVR_MNG_SvrMngProxy: getServer: svrMngService doesn't start
05-27 18:38:38.809 13911 14147 D SVR_MNG_SvrMngProxy: getClientBinder: binderName = com.incall.network.NETWORK_SERVICE
05-27 18:38:38.809 13911 14147 I SVR_MNG_BaseProxy: getInterface: mInterface = null
05-27 18:38:38.809 13911 14147 I SVR_MNG_BaseProxy: isBinderActive: clientBinder is null
05-27 18:38:38.809 13911 14147 E Sentinelmode_1.2.5.17_sentry: <PicketModeManager>updateProfileCallBack onError:2817---Remote Service Exception
05-27 18:38:38.809 13911 14147 D Sentinelmode_1.2.5.17_sentry: <PicketModeManager>consumeMsg result = 1000
05-27 18:38:38.809 13911 14147 I SVR_MNG_BaseProxy: isBinderActive: clientBinder is null
05-27 18:38:38.809 13911 14147 D SVR_MNG_SvrMngProxy: getServer: mSvrManger is null
05-27 18:38:38.809 13911 14147 D SVR_MNG_SvrMngProxy: getNewStub: 
05-27 18:38:38.809 13911 14147 D SVR_MNG_SvrMngProxy: getNewStub: getSvrManagerService start
05-27 18:38:38.810 13911 14147 I service_manager_stats: [100,104,54211]
05-27 18:38:38.810 13911 14147 D SVR_MNG_SvrMngProxy: getNewStub: getSvrManagerService end
05-27 18:38:38.810 13911 14147 D SVR_MNG_SvrMngProxy: getServer: svrMngService doesn't start
05-27 18:38:38.810 13911 14147 D SVR_MNG_SvrMngProxy: getClientBinder: binderName = com.incall.network.NETWORK_SERVICE
05-27 18:38:38.810 13911 14147 I SVR_MNG_BaseProxy: getInterface: mInterface = null
05-27 18:38:38.810 13911 14147 I SVR_MNG_BaseProxy: isBinderActive: clientBinder is null
05-27 18:38:38.810 13911 14147 I SVR_MNG_BaseProxy: isBinderActive: clientBinder is null
05-27 18:38:38.810 13911 14147 D SVR_MNG_SvrMngProxy: getServer: mSvrManger is null
05-27 18:38:38.810 13911 14147 D SVR_MNG_SvrMngProxy: getNewStub: 
05-27 18:38:38.810 13911 14147 D SVR_MNG_SvrMngProxy: getNewStub: getSvrManagerService start
05-27 18:38:38.810 13911 14147 D SVR_MNG_SvrMngProxy: getNewStub: getSvrManagerService end
05-27 18:38:38.810 13911 14147 D SVR_MNG_SvrMngProxy: getServer: svrMngService doesn't start
05-27 18:38:38.810 13911 14147 D SVR_MNG_SvrMngProxy: getClientBinder: binderName = com.incall.network.NETWORK_SERVICE
05-27 18:38:38.810 13911 14147 I SVR_MNG_BaseProxy: getInterface: mInterface = null
05-27 18:38:38.810 13911 14147 I SVR_MNG_BaseProxy: isBinderActive: clientBinder is null
05-27 18:38:38.810 13911 14147 I SVR_MNG_BaseProxy: isBinderActive: clientBinder is null
05-27 18:38:38.810 13911 14147 D SVR_MNG_SvrMngProxy: getServer: mSvrManger is null
05-27 18:38:38.810 13911 14147 D SVR_MNG_SvrMngProxy: getNewStub: 
05-27 18:38:38.810 13911 14147 D SVR_MNG_SvrMngProxy: getNewStub: getSvrManagerService start
05-27 18:38:38.811 13911 14147 D SVR_MNG_SvrMngProxy: getNewStub: getSvrManagerService end
05-27 18:38:38.811 13911 14147 D SVR_MNG_SvrMngProxy: getServer: svrMngService doesn't start
05-27 18:38:38.811 13911 14147 D SVR_MNG_SvrMngProxy: getClientBinder: binderName = com.incall.network.NETWORK_SERVICE
05-27 18:38:38.811 13911 14147 I SVR_MNG_BaseProxy: getInterface: mInterface = null
05-27 18:38:38.811 13911 14147 I SVR_MNG_BaseProxy: isBinderActive: clientBinder is null
05-27 18:38:38.811 13911 14147 E Sentinelmode_1.2.5.17_sentry: <PicketModeManager>consumeProfileCallBack onError:2817---Remote Service Exception
05-27 18:38:38.811 13911 14147 I Sentinelmode_1.2.5.17_sentry: <SentinelCarServiceManager>[SentryTrace] getBCM_Status: bodyMix unavailable, fallback=2
05-27 18:38:38.811 13911 14147 D Sentinelmode_1.2.5.17_sentry: <PicketModeManager>BCM_Status1:2
05-27 18:38:38.811 13911 14147 I Sentinelmode_1.2.5.17_sentry: <SentinelCarServiceManager>[SentryTrace] getBCM_Status: bodyMix unavailable, fallback=2
05-27 18:38:38.811 13911 14147 I DvrLog_Ser->: (DvrLocalServiceManager.java:setGardModeStatus)1979 setGardModeStatus state = 2
05-27 18:38:38.811 13911 14147 I Sentinelmode_1.2.5.17_sentry: <SentinelCarServiceManager>[SentryTrace] getBmcValue: bodyMix unavailable, fallback=3 (powerUp ok)
05-27 18:38:38.811 13911 14147 I Sentinelmode_1.2.5.17_sentry: <SentinelCarServiceManager>[SentryTrace] getBmcValue: bodyMix unavailable, fallback=3 (powerUp ok)
05-27 18:38:38.811 13911 14147 I Sentinelmode_1.2.5.17_sentry: <PicketModeManager>[SentryTrace] powerUp ok -> GARD_MODE_STATE=3
05-27 18:38:38.812 13911 14147 I Sentinelmode_1.2.5.17_sentry: <PicketModeManager>onSettingsPutInt：true name:persist.gard.mode value:3
05-27 18:38:38.812 13911 14147 D Sentinelmode_1.2.5.17_sentry: <PicketModeManager>gardMode SettingsObserver onChange  option persist.gard.mode
05-27 18:38:38.812 13911 14147 I Sentinelmode_1.2.5.17_sentry: <PicketModeManager>[SentryTrace] mode_status=3
05-27 18:38:38.813 13911 14147 D SensorManager: unregisterListenerImpl sensor = {Sensor name="ASM330LHH 3-axis Accelerometer Sensor", vendor="STMicroelectronics", version=1, type=1, maxRange=78.4532, resolution=9.35235E-6, power=0.6, minDelay=2000}, listener = com.incall.sentinelmode.manager.PicketModeManager$2@dd928ed
05-27 18:38:38.813  1008 30856 D [OMXB]  : usingANWBuffer: handle:0xee743240, format:1, w:1920, h:1080
05-27 18:38:38.813 13911 14147 I Sentinelmode_1.2.5.17_sentry: <TlvManager>toCloud_SentryModePerHourMile:12
05-27 18:38:38.813 13911 14147 I Sentinelmode_1.2.5.17_sentry: <TlvManager>toCloud_GuardModeLeftTime:43200
05-27 18:38:38.813 13911 14147 I Sentinelmode_1.2.5.17_sentry: <PicketModeManager>onGradModeStatusChanage: mode_status = 3
05-27 18:38:38.813 13911 14147 I Sentinelmode_1.2.5.17_sentry: <PicketModeManager>onGradModeStatusChanage: isStop = false
05-27 18:38:38.813 13911 14147 I Sentinelmode_1.2.5.17_sentry: <TlvManager>toCloud_sentryModeSwitchSts:4
05-27 18:38:38.813 13911 14147 I Sentinelmode_1.2.5.17_sentry: <TlvManager>toCloud_SendEvent:1
05-27 18:38:38.813 13911 14148 I Sentinelmode_1.2.5.17_sentry: <PicketModeManager>setSentryModeAlarm：9:3
05-27 18:38:38.813   581   581 I SpiService: fgesysctrl_getGPIO_status success val=0
05-27 18:38:38.814   481   597 I mcuc    : send SPI:6AA602CD2B000289007B
05-27 18:38:38.814   299 30841 D EvsDriver: forwardFrame
05-27 18:38:38.815  1167  1184 D evsmanagerd: /dev/video4 forwarded the buffer #0 to 0xb4000074bf5f6850 from 0xb4000074bf5f41d0
05-27 08:29:47.778   581   581 D spi_rst_gpio_get_output: GPIO 145 value: 0
05-27 08:29:47.778   581   581 D spidev_ioctl: gpio status=0)
05-27 18:38:38.816 13911 14147 I Sentinelmode_1.2.5.17_sentry: <PicketModeManager>onSettingsPutInt：true name:persist.gard.ar.type value:1
05-27 18:38:38.817 13911 14148 I Sentinelmode_1.2.5.17_sentry: <PicketModeManager>setSentryModeAlarm：12:1
05-27 18:38:38.817 13911 14147 I Sentinelmode_1.2.5.17_sentry: <TlvManager>toCloud_RequestGuard isSuccess :1 errorCode : 1310
05-27 18:38:38.817   299 30844 D EvsDriver: forwardFrame
05-27 18:38:38.818   299 30841 D EvsDriver: Delivered 0xb400007b7ca56a60 as id 0
05-27 18:38:38.818   299 30844 D EvsDriver: Delivered 0xb400007b7ca56900 as id 0
05-27 18:38:38.818   299  1163 D EvsDriver: doneWithFrame
05-27 18:38:38.818  1167  1184 D evsmanagerd: /dev/video6 forwarded the buffer #0 to 0xb4000074bf5f5510 from 0xb4000074bf5f6d90
05-27 18:38:38.818 13911 14147 I Sentinelmode_1.2.5.17_sentry: <PicketModeManager>onSettingsPutInt：true name:persist.gard.sum.up.show value:0
05-27 18:38:38.819 13911 14147 D Sentinelmode_1.2.5.17_sentry: <PicketModeManager>shakeLevel2:1
05-27 18:38:38.819 13911 14147 I Sentinelmode_1.2.5.17_sentry: <TlvManager>toCloud_GuardSensitivityLocalChange1
05-27 18:38:38.820 13911 14183 I SentryImuMcuAngleSender: 179.98598rollDeg
05-27 18:38:38.820 13911 14183 I SentryImuMcuAngleSender: 1,0,0
05-27 18:38:38.826   299  1163 D EvsDriver: doneWithFrame
05-27 18:38:38.828   581   581 I SpiService: fgesysctrl_getGPIO_status success val=1
05-27 08:29:47.793   581   581 D spi_rst_gpio_get_output: GPIO 145 value: 1
05-27 08:29:47.793   581   581 D spidev_ioctl: gpio status=1)
05-27 08:29:47.793 11926 11926 I iowait  : 1016ms [kworker/u16:2   ] kworker/u16:2
05-27 18:38:38.834   536   536 D commservice260303: msg.id = 1028,1
05-27 18:38:38.834   536   536 D commservice260303: i = 170, msgid = 8A000404
05-27 18:38:38.834   536   536 D commservice260303: msgid = -1979710460,did=138
05-27 18:38:38.834   536   536 D commservice260303: CommProtocolLibCmdBaseI2C::dataproc {"command":{"id":"imu_status","sub":""},"content":{"TimeStamp":10,"FrameCounter":237627,"GD_X":-0.012446117587387562,"GD_Y":0.005345047451555729,"GD_Z":0.001679039909504354,"AD_X":-0.008037462830543518,"AD_Y":-0.002666202839463949,"AD_Z":-0.16826438903808594,"TempDsp":0,"Status":0,"CalibState":1,"SigAmpInvalid":0}},-1979710460
05-27 18:38:38.834   536   536 D commservice260303: send2Cluster len:316, 7B22636F6D6D616E64223A7B226964223A22696D755F737461747573222C22737562223A22227D2C22636F6E74656E74223A7B2254696D655374616D70223A31302C224672616D65436F756E746572223A3233373632372C2247445F58223A2D302E3031323434363131373538373338373536322C2247445F59223A302E3030353334353034373435313535353732392C2247445F5A223A302E3030313637393033393930393530343335342C2241445F58223A2D302E3030383033373436323833303534333531382C2241445F59223A2D302E3030323636363230323833393436333934392C2241445F5A223A2D302E31363832363433383930333830383539342C2254656D70447370223A302C22537461747573223A302C2243616C69625374617465223A312C22536967416D70496E76616C6964223A307D7D, 138 
05-27 18:38:38.834   536   536 D commservice260303: Push Message into SendPool fn=-723582208
05-27 18:38:38.834   536   536 D commservice260303: ComProtocolLibSend2Cluster::send2ClusterRaw fn=-723582208 , len=332
05-27 18:38:38.834   536   536 D commservice260303: sendCmdToPort :332!!!
05-27 18:38:38.834   536   536 D commservice260303: send Cmd To Port ++++5AA501488A010003DFD46A16C9AE7B22636F6D6D616E64223A7B226964223A22696D755F737461747573222C22737562223A22227D2C22636F6E74656E74223A7B2254696D655374616D70223A31302C224672616D65436F756E746572223A3233373632372C2247445F58223A2D302E3031323434363131373538373338373536322C2247445F59223A302E3030353334353034373435313535353732392C2247445F5A223A302E3030313637393033393930393530343335342C2241445F58223A2D302E3030383033373436323833303534333531382C2241445F59223A2D302E3030323636363230323833393436333934392C2241445F5A223A2D302E31363832363433383930333830383539342C2254656D70447370223A302C22537461747573223A302C2243616C69625374617465223A312C22536967416D70496E76616C6964223A307D7D994F
05-27 18:38:38.834   536   536 D commservice260303: bufferevent_write retrun value = 0
05-27 18:38:38.834   581   581 I SpiService: fgesysctrl_getGPIO_status success val=1
05-27 18:38:38.834   536   560 D commservice260303: client datas send succeed,send finish
05-27 18:38:38.834 13911 14192 D Sentinelmode_1.2.5.17_sentry: <SentryImuClusterFgeSender>imu_status sent to Linux, frame=237627, tsNs=10186078, tsMs=10, intervalMs=40, ad=(-0.008037463,-0.0026662028,-0.16826439), gd=(-0.012446118,0.0053450475,0.0016790399)
05-27 08:29:47.799   581   581 D spi_rst_gpio_get_output: GPIO 145 value: 1
05-27 08:29:47.799   581   581 D spidev_ioctl: gpio status=1)
05-27 18:38:38.838   299 30841 D EvsDriver: forwardFrame
05-27 18:38:38.839 13911 14147 I SVR_MNG_BaseProxy: isBinderActive: clientBinder is null
05-27 18:38:38.839 13911 14147 D SVR_MNG_SvrMngProxy: getServer: mSvrManger is null
05-27 18:38:38.839   299 30841 D EvsDriver: Delivered 0xb400007b7ca56a60 as id 0
05-27 18:38:38.839 13911 14147 D SVR_MNG_SvrMngProxy: getNewStub: 
05-27 18:38:38.839  1167  1184 D evsmanagerd: /dev/video4 forwarded the buffer #0 to 0xb4000074bf5f6850 from 0xb4000074bf5f41d0
05-27 18:38:38.840   581   581 I SpiService: fgesysctrl_getGPIO_status success val=1
05-27 18:38:38.840 13911 14147 D SVR_MNG_SvrMngProxy: getNewStub: getSvrManagerService start
05-27 18:38:38.840 13911 14183 I SentryImuMcuAngleSender: 180.0rollDeg
05-27 18:38:38.840 13911 14183 I SentryImuMcuAngleSender: 1,0,0
05-27 18:38:38.841 13911 14147 D SVR_MNG_SvrMngProxy: getNewStub: getSvrManagerService end
05-27 18:38:38.841 13911 14147 D SVR_MNG_SvrMngProxy: getServer: svrMngService doesn't start
05-27 18:38:38.841 13911 14147 D SVR_MNG_SvrMngProxy: getClientBinder: binderName = com.incall.network.NETWORK_SERVICE
05-27 18:38:38.841 13911 14147 I SVR_MNG_BaseProxy: getInterface: mInterface = null
05-27 18:38:38.841 13911 14147 I SVR_MNG_BaseProxy: isBinderActive: clientBinder is null
05-27 18:38:38.841 13911 14147 I SVR_MNG_BaseProxy: isBinderActive: clientBinder is null
05-27 18:38:38.841 13911 14147 D SVR_MNG_SvrMngProxy: getServer: mSvrManger is null
05-27 18:38:38.841 13911 14147 D SVR_MNG_SvrMngProxy: getNewStub: 
05-27 18:38:38.841 13911 14147 D SVR_MNG_SvrMngProxy: getNewStub: getSvrManagerService start
05-27 08:29:47.804   581   581 D spi_rst_gpio_get_output: GPIO 145 value: 1
05-27 08:29:47.804   581   581 D spidev_ioctl: gpio status=1)
05-27 18:38:38.841 13911 14147 D SVR_MNG_SvrMngProxy: getNewStub: getSvrManagerService end
05-27 18:38:38.841   299  1163 D EvsDriver: doneWithFrame
05-27 18:38:38.842 13911 14147 D SVR_MNG_SvrMngProxy: getServer: svrMngService doesn't start
05-27 18:38:38.842 13911 14147 D SVR_MNG_SvrMngProxy: getClientBinder: binderName = com.incall.network.NETWORK_SERVICE
05-27 18:38:38.842 13911 14147 I SVR_MNG_BaseProxy: getInterface: mInterface = null
05-27 18:38:38.842 13911 14147 I SVR_MNG_BaseProxy: isBinderActive: clientBinder is null
05-27 18:38:38.842  1008 30857 D [OMXB]  : usingANWBuffer: handle:0xee746c00, format:1, w:1920, h:1080
05-27 18:38:38.843   299 30844 D EvsDriver: forwardFrame
05-27 18:38:38.845   299 30844 D EvsDriver: Delivered 0xb400007b7ca56900 as id 0
05-27 18:38:38.845  1167  1184 D evsmanagerd: /dev/video6 forwarded the buffer #0 to 0xb4000074bf5f5510 from 0xb4000074bf5f6d90
05-27 18:38:38.846   572   572 I Sensors : 230 GyroSensor: x:-0.012293,y:0.005192,z:0.002443
05-27 18:38:38.848 13911 14147 I PicketModeManager: getProfileDetail: ["{\"name\":\"sentryModeSwitchSts\",\"value\":3,\"timeStamp\":\"1670000000000\"}","{\"name\":\"SentryModeSensitivity\",\"value\":-1,\"timeStamp\":\"1779878318819\"}"]
05-27 08:29:47.814   581   581 D spi_rst_gpio_get_output: GPIO 145 value: 1
05-27 08:29:47.814   581   581 D spidev_ioctl: gpio status=1)
05-27 18:38:38.850 13911 14147 D Sentinelmode_1.2.5.17_sentry: <PicketModeManager>queryGuardInfo = {access_token=null, lastSyncTimeStramp=1779878318819, profileDetail=["{\"name\":\"sentryModeSwitchSts\",\"value\":3,\"timeStamp\":\"1670000000000\"}","{\"name\":\"SentryModeSensitivity\",\"value\":-1,\"timeStamp\":\"1779878318819\"}"], sign=sign, nonce=yjhEjZ24X5}
05-27 18:38:38.850   581   581 I SpiService: fgesysctrl_getGPIO_status success val=1
05-27 18:38:38.850 13911 14147 I SVR_MNG_BaseProxy: isBinderActive: clientBinder is null
05-27 18:38:38.850 13911 14147 D SVR_MNG_SvrMngProxy: getServer: mSvrManger is null
05-27 18:38:38.850 13911 14147 D SVR_MNG_SvrMngProxy: getNewStub: 
05-27 18:38:38.850 13911 14147 D SVR_MNG_SvrMngProxy: getNewStub: getSvrManagerService start
05-27 18:38:38.850   299  1163 D EvsDriver: doneWithFrame
05-27 18:38:38.851 13911 14147 D SVR_MNG_SvrMngProxy: getNewStub: getSvrManagerService end
05-27 18:38:38.851 13911 14147 D SVR_MNG_SvrMngProxy: getServer: svrMngService doesn't start
05-27 18:38:38.851 13911 14147 D SVR_MNG_SvrMngProxy: getClientBinder: binderName = com.incall.network.NETWORK_SERVICE
05-27 18:38:38.852 13911 14147 I SVR_MNG_BaseProxy: getInterface: mInterface = null
05-27 18:38:38.852 13911 14147 I SVR_MNG_BaseProxy: isBinderActive: clientBinder is null
05-27 18:38:38.852 13911 14147 E Sentinelmode_1.2.5.17_sentry: <PicketModeManager>updateProfileCallBack onError:2817---Remote Service Exception
05-27 18:38:38.852 13911 14147 D Sentinelmode_1.2.5.17_sentry: <PicketModeManager>consumeMsg result = 1000
05-27 18:38:38.852 13911 14147 I SVR_MNG_BaseProxy: isBinderActive: clientBinder is null
05-27 18:38:38.852 13911 14147 D SVR_MNG_SvrMngProxy: getServer: mSvrManger is null
05-27 18:38:38.852 13911 14147 D SVR_MNG_SvrMngProxy: getNewStub: 
05-27 18:38:38.852 13911 14147 D SVR_MNG_SvrMngProxy: getNewStub: getSvrManagerService start
05-27 18:38:38.855 13911 14147 D SVR_MNG_SvrMngProxy: getNewStub: getSvrManagerService end
05-27 18:38:38.856   581   581 I SpiService: fgesysctrl_getGPIO_status success val=0
05-27 18:38:38.859 13911 14147 D SVR_MNG_SvrMngProxy: getServer: svrMngService doesn't start
05-27 18:38:38.859 13911 14147 D SVR_MNG_SvrMngProxy: getClientBinder: binderName = com.incall.network.NETWORK_SERVICE
05-27 18:38:38.859 13911 14147 I SVR_MNG_BaseProxy: getInterface: mInterface = null
05-27 18:38:38.859 13911 14147 I SVR_MNG_BaseProxy: isBinderActive: clientBinder is null
05-27 18:38:38.859 13911 14147 I SVR_MNG_BaseProxy: isBinderActive: clientBinder is null
05-27 18:38:38.859 13911 14147 D SVR_MNG_SvrMngProxy: getServer: mSvrManger is null
05-27 18:38:38.859 13911 14147 D SVR_MNG_SvrMngProxy: getNewStub: 
05-27 18:38:38.859 13911 14147 D SVR_MNG_SvrMngProxy: getNewStub: getSvrManagerService start
05-27 18:38:38.860 13911 14183 I SentryImuMcuAngleSender: 179.986rollDeg
05-27 18:38:38.860 13911 14183 I SentryImuMcuAngleSender: 1,0,0
05-27 18:38:38.860 13911 14147 D SVR_MNG_SvrMngProxy: getNewStub: getSvrManagerService end
05-27 18:38:38.860 13911 14147 D SVR_MNG_SvrMngProxy: getServer: svrMngService doesn't start
05-27 18:38:38.860 13911 14147 D SVR_MNG_SvrMngProxy: getClientBinder: binderName = com.incall.network.NETWORK_SERVICE
05-27 18:38:38.860 13911 14147 I SVR_MNG_BaseProxy: getInterface: mInterface = null
05-27 18:38:38.860 13911 14147 I SVR_MNG_BaseProxy: isBinderActive: clientBinder is null
05-27 18:38:38.861 13911 14147 I SVR_MNG_BaseProxy: isBinderActive: clientBinder is null
05-27 18:38:38.861 13911 14147 D SVR_MNG_SvrMngProxy: getServer: mSvrManger is null
05-27 18:38:38.861 13911 14147 D SVR_MNG_SvrMngProxy: getNewStub: 
05-27 18:38:38.861 13911 14147 D SVR_MNG_SvrMngProxy: getNewStub: getSvrManagerService start
05-27 08:29:47.820   581   581 D spi_rst_gpio_get_output: GPIO 145 value: 0
05-27 08:29:47.820   581   581 D spidev_ioctl: gpio status=0)
05-27 18:38:38.861  1008 30856 D [OMXB]  : usingANWBuffer: handle:0xee741e50, format:1, w:1920, h:1080
05-27 18:38:38.861 13911 14147 D SVR_MNG_SvrMngProxy: getNewStub: getSvrManagerService end
05-27 18:38:38.861 13911 14147 D SVR_MNG_SvrMngProxy: getServer: svrMngService doesn't start
05-27 18:38:38.862 13911 14147 D SVR_MNG_SvrMngProxy: getClientBinder: binderName = com.incall.network.NETWORK_SERVICE
05-27 18:38:38.862 13911 14147 I SVR_MNG_BaseProxy: getInterface: mInterface = null
05-27 18:38:38.862 13911 14147 I SVR_MNG_BaseProxy: isBinderActive: clientBinder is null
05-27 18:38:38.862 13911 14147 E Sentinelmode_1.2.5.17_sentry: <PicketModeManager>consumeProfileCallBack onError:2817---Remote Service Exception
05-27 18:38:38.862 13911 14147 I Sentinelmode_1.2.5.17_sentry: <SentinelCarServiceManager>[SentryTrace] getBCM_Status: bodyMix unavailable, fallback=2
05-27 18:38:38.862 13911 14147 D Sentinelmode_1.2.5.17_sentry: <PicketModeManager>BCM_Status1:2
05-27 18:38:38.862 13911 14147 I Sentinelmode_1.2.5.17_sentry: <SentinelCarServiceManager>[SentryTrace] getBCM_Status: bodyMix unavailable, fallback=2
05-27 18:38:38.862 13911 14147 I Sentinelmode_1.2.5.17_sentry: <SentinelCarServiceManager>[SentryTrace] getBCM_Status: bodyMix unavailable, fallback=2
05-27 18:38:38.862 13911 14147 D Sentinelmode_1.2.5.17_sentry: <PicketModeManager>getshakeLevel:1BCM_Status:2
05-27 18:38:38.862 13911 14147 I Sentinelmode_1.2.5.17_sentry: <PicketModeManager>onPowerValueChanage:PowerValue100 充电状态:0 开关状态:3 BCM:2
05-27 18:38:38.862 10902 30784 W AudioFlinger: RecordThread: buffer overflow
05-27 18:38:38.862 13911 14147 I Sentinelmode_1.2.5.17_sentry: <PicketModeManager>getDvrEnableState=true (MMKV DVR_ENABLE_STATE)
05-27 18:38:38.862 13911 14147 I Sentinelmode_1.2.5.17_sentry: <PicketModeManager>getRemoteOpen isRemoteOpen = false
05-27 18:38:38.863 13911 14147 I Sentinelmode_1.2.5.17_sentry: <PicketModeManager>Camera error
05-27 18:38:38.863 13911 14147 I Sentinelmode_1.2.5.17_sentry: <TlvManager>toCloud_SendEvent:14
05-27 18:38:38.863 13911 14147 I Sentinelmode_1.2.5.17_sentry: <PicketModeManager>gardMode stopGardMode 
05-27 18:38:38.863 13911 14147 I Sentinelmode_1.2.5.17_sentry: <PicketModeManager>setSentryModeAlarm：8:0
05-27 18:38:38.863 13911 14163 I Sentinelmode_1.2.5.17_sentry: <SentryMcuTriggerStatus>MCU 0x04 0x13 trigger=false payload=[4, 19, 0]
05-27 18:38:38.863 13911 14163 I McuCommManager: mcuCommSendcmd [4, 19, 0]
05-27 18:38:38.863 13911 14147 I Sentinelmode_1.2.5.17_sentry: <PicketModeManager>onSettingsPutInt：true name:persist.gard.mode value:0
05-27 18:38:38.864 13911 14147 I Sentinelmode_1.2.5.17_sentry: <PicketModeManager>onSettingsPutInt：true name:persist.gard.ar.type value:14
05-27 18:38:38.864 13911 14147 I DvrLog_Ser->: (DvrLocalServiceManager.java:setGardModeStatus)1979 setGardModeStatus state = 3
05-27 18:38:38.864 13911 14147 I DvrLog_Ser->: (ShowSystemDialog.java:excludeErrorIndex)1523 showDialog i = 1
05-27 18:38:38.865 13911 14147 I DvrLog_Ser->: (DvrLocalServiceManager.java:setGardModeStatus)1985 startRecord currentErrorState = 1001
05-27 18:38:38.865 13911 14147 I DvrLog_Ser->: (ShowSystemDialog.java:showDialogByOrder)327 isBootComplete = false
05-27 18:38:38.865 13911 14147 I DvrLog_Ser->: (DvrManagerAIDL.java:notifyDeviceValue)228 key = RECORD_ERROR value = 6
05-27 18:38:38.866  8307  8307 I DvrLog->: (:accept)3 key = RECORD_ERROR value = 6
05-27 18:38:38.866 13911 14147 D Sentinelmode_1.2.5.17_sentry: <PicketModeManager>gardMode SettingsObserver onChange  option persist.gard.mode
05-27 18:38:38.866 13911 14147 I Sentinelmode_1.2.5.17_sentry: <PicketModeManager>[SentryTrace] mode_status=0
05-27 18:38:38.866 13911 14147 D SensorManager: unregisterListenerImpl sensor = {Sensor name="ASM330LHH 3-axis Accelerometer Sensor", vendor="STMicroelectronics", version=1, type=1, maxRange=78.4532, resolution=9.35235E-6, power=0.6, minDelay=2000}, listener = com.incall.sentinelmode.manager.PicketModeManager$2@dd928ed
05-27 18:38:38.866 13911 14147 I Sentinelmode_1.2.5.17_sentry: <TlvManager>toCloud_SentryModePerHourMile:12
05-27 18:38:38.866 13911 14147 I Sentinelmode_1.2.5.17_sentry: <TlvManager>toCloud_GuardModeLeftTime:43200
05-27 18:38:38.866 13911 14147 I Sentinelmode_1.2.5.17_sentry: <PicketModeManager>onGradModeStatusChanage: mode_status = 0
05-27 18:38:38.867 13911 14163 I Sentinelmode_1.2.5.17_sentry: <SentryMcuTriggerStatus>MCU 0x04 0x13 trigger=false payload=[4, 19, 0]
05-27 18:38:38.867 13911 14163 I McuCommManager: mcuCommSendcmd [4, 19, 0]
05-27 18:38:38.867 13911 14147 I Sentinelmode_1.2.5.17_sentry: <PicketModeManager>统计站岗时长:last_duration = 0synctime = 0 isFirstClose = false errNum = 0
05-27 18:38:38.867 13911 14147 I Sentinelmode_1.2.5.17_sentry: <PicketModeManager>onSettingsPutLong：true name:persist.gard.run.time value:0
05-27 18:38:38.867 13911 14147 D Sentinelmode_1.2.5.17_sentry: <PicketModeManager>mode_entrance_status:14 reqError = 1317
05-27 18:38:38.867 13911 14147 I Sentinelmode_1.2.5.17_sentry: <TlvManager>toCloud_RequestGuard isSuccess :2 errorCode : 1317
05-27 18:38:38.867 13911 14147 I Sentinelmode_1.2.5.17_sentry: <TlvManager>toCloud_sentryModeSwitchSts:0
05-27 18:38:38.867 13911 14147 D SentinelCarServiceManager: removeALLMessage
05-27 18:38:38.867 13911 14148 I Sentinelmode_1.2.5.17_sentry: <PicketModeManager>setSentryModeAlarm：9:0
05-27 18:38:38.868 13911 14148 I Sentinelmode_1.2.5.17_sentry: <PicketModeManager>setSentryModeAlarm：12:0
05-27 18:38:38.868 13911 14147 I Sentinelmode_1.2.5.17_sentry: <PicketModeManager>onSettingsPutInt：true name:persist.gard.sum.up.show value:1
05-27 18:38:38.868 13911 14147 D Sentinelmode_1.2.5.17_sentry: <PicketModeManager>shakeLevel2:1
05-27 18:38:38.868 13911 14147 I Sentinelmode_1.2.5.17_sentry: <TlvManager>toCloud_GuardSensitivityLocalChange1
05-27 18:38:38.871   581   581 I SpiService: fgesysctrl_getGPIO_status success val=1
05-27 08:29:47.836   581   581 D spi_rst_gpio_get_output: GPIO 145 value: 1
05-27 08:29:47.836   581   581 D spidev_ioctl: gpio status=1)
05-27 18:38:38.874   536   536 D commservice260303: msg.id = 1028,0
05-27 18:38:38.874   536   536 D commservice260303: i = 170, msgid = 8A000404
05-27 18:38:38.874   536   536 D commservice260303: msgid = -1979710460,did=138
05-27 18:38:38.874   536   536 D commservice260303: CommProtocolLibCmdBaseI2C::dataproc {"command":{"id":"imu_status","sub":""},"content":{"TimeStamp":10,"FrameCounter":237628,"GD_X":-0.011834942735731602,"GD_Y":0.005573912989348173,"GD_Z":0.0022902146447449923,"AD_X":-0.004362896084785461,"AD_Y":3.836131654679775E-4,"AD_Z":-0.16826438903808594,"TempDsp":0,"Status":0,"CalibState":1,"SigAmpInvalid":0}},-1979710460
05-27 18:38:38.874   536   536 D commservice260303: send2Cluster len:316, 7B22636F6D6D616E64223A7B226964223A22696D755F737461747573222C22737562223A22227D2C22636F6E74656E74223A7B2254696D655374616D70223A31302C224672616D65436F756E746572223A3233373632382C2247445F58223A2D302E3031313833343934323733353733313630322C2247445F59223A302E3030353537333931323938393334383137332C2247445F5A223A302E303032323930323134363434373434393932332C2241445F58223A2D302E3030343336323839363038343738353436312C2241445F59223A332E383336313331363534363739373735452D342C2241445F5A223A2D302E31363832363433383930333830383539342C2254656D70447370223A302C22537461747573223A302C2243616C69625374617465223A312C22536967416D70496E76616C6964223A307D7D, 138 
05-27 18:38:38.874   536   536 D commservice260303: Push Message into SendPool fn=-706804992
05-27 18:38:38.874   536   536 D commservice260303: ComProtocolLibSend2Cluster::send2ClusterRaw fn=-706804992 , len=332
05-27 18:38:38.874   536   536 D commservice260303: sendCmdToPort :332!!!
05-27 18:38:38.874   536   536 D commservice260303: send Cmd To Port ++++5AA501488A010003DFD56A16C9AE7B22636F6D6D616E64223A7B226964223A22696D755F737461747573222C22737562223A22227D2C22636F6E74656E74223A7B2254696D655374616D70223A31302C224672616D65436F756E746572223A3233373632382C2247445F58223A2D302E3031313833343934323733353733313630322C2247445F59223A302E3030353537333931323938393334383137332C2247445F5A223A302E303032323930323134363434373434393932332C2241445F58223A2D302E3030343336323839363038343738353436312C2241445F59223A332E383336313331363534363739373735452D342C2241445F5A223A2D302E31363832363433383930333830383539342C2254656D70447370223A302C22537461747573223A302C2243616C69625374617465223A312C22536967416D70496E76616C6964223A307D7D4915
05-27 18:38:38.874   536   536 D commservice260303: bufferevent_write retrun value = 0
05-27 18:38:38.874   536   560 D commservice260303: client datas send succeed,send finish
05-27 18:38:38.874 13911 14192 D Sentinelmode_1.2.5.17_sentry: <SentryImuClusterFgeSender>imu_status sent to Linux, frame=237628, tsNs=10186114, tsMs=10, intervalMs=40, ad=(-0.004362896,3.8361317E-4,-0.16826439), gd=(-0.011834943,0.005573913,0.0022902146)
05-27 18:38:38.874   299 30841 D EvsDriver: forwardFrame
05-27 18:38:38.876   299 30841 D EvsDriver: Delivered 0xb400007b7ca56a60 as id 0
05-27 18:38:38.876   299 30844 D EvsDriver: forwardFrame
05-27 18:38:38.876  1167  1184 D evsmanagerd: /dev/video4 forwarded the buffer #0 to 0xb4000074bf5f6850 from 0xb4000074bf5f41d0
05-27 18:38:38.877   299 30844 D EvsDriver: Delivered 0xb400007b7ca56900 as id 0
05-27 18:38:38.877   581   581 I SpiService: fgesysctrl_getGPIO_status success val=1
05-27 18:38:38.877  1167  1184 D evsmanagerd: /dev/video6 forwarded the buffer #0 to 0xb4000074bf5f5510 from 0xb4000074bf5f6d90
05-27 18:38:38.879   299  1163 D EvsDriver: doneWithFrame
05-27 18:38:38.880   283   307 I rvcservice: t.code = 3, t.value = 0
05-27 18:38:38.880   299  1163 D EvsDriver: doneWithFrame
05-27 18:38:38.880 13911 14183 I SentryImuMcuAngleSender: 179.98248rollDeg
05-27 18:38:38.881 13911 14183 I SentryImuMcuAngleSender: 1,0,0
05-27 18:38:38.881  1008 30857 D [OMXB]  : usingANWBuffer: handle:0xee744210, format:1, w:1920, h:1080
05-27 18:38:38.881 30773 30785 I dvr_service_: [EncoderHandler::runMediaThread] runMediaThread started:1,state:1, cam2:started:1,state:1, lastSwitch:1, mIsMuxerStart:1,format:0,is_str_ing:0
05-27 08:29:47.842   581   581 D spi_rst_gpio_get_output: GPIO 145 value: 1
05-27 08:29:47.842   581   581 D spidev_ioctl: gpio status=1)
05-27 08:29:47.848   581   581 D spi_rst_gpio_get_output: GPIO 145 value: 1
05-27 08:29:47.848   581   581 D spidev_ioctl: gpio status=1)
05-27 18:38:38.883   581   581 I SpiService: fgesysctrl_getGPIO_status success val=1
05-27 18:38:38.889   581   581 I SpiService: fgesysctrl_getGPIO_status success val=1
05-27 18:38:38.890 13911 14147 I SVR_MNG_BaseProxy: isBinderActive: clientBinder is null
05-27 18:38:38.890 13911 14147 D SVR_MNG_SvrMngProxy: getServer: mSvrManger is null
05-27 18:38:38.890 13911 14147 D SVR_MNG_SvrMngProxy: getNewStub: 
05-27 18:38:38.890 13911 14147 D SVR_MNG_SvrMngProxy: getNewStub: getSvrManagerService start
05-27 18:38:38.891 13911 14147 D SVR_MNG_SvrMngProxy: getNewStub: getSvrManagerService end
05-27 18:38:38.891 13911 14147 D SVR_MNG_SvrMngProxy: getServer: svrMngService doesn't start
05-27 18:38:38.891 13911 14147 D SVR_MNG_SvrMngProxy: getClientBinder: binderName = com.incall.network.NETWORK_SERVICE
05-27 18:38:38.891 13911 14147 I SVR_MNG_BaseProxy: getInterface: mInterface = null
05-27 18:38:38.891 13911 14147 I SVR_MNG_BaseProxy: isBinderActive: clientBinder is null
05-27 18:38:38.891 13911 14147 I SVR_MNG_BaseProxy: isBinderActive: clientBinder is null
05-27 18:38:38.891 13911 14147 D SVR_MNG_SvrMngProxy: getServer: mSvrManger is null
05-27 18:38:38.891 13911 14147 D SVR_MNG_SvrMngProxy: getNewStub: 
05-27 18:38:38.891 13911 14147 D SVR_MNG_SvrMngProxy: getNewStub: getSvrManagerService start
05-27 18:38:38.892 13911 14147 D SVR_MNG_SvrMngProxy: getNewStub: getSvrManagerService end
05-27 18:38:38.892 13911 14147 D SVR_MNG_SvrMngProxy: getServer: svrMngService doesn't start
05-27 18:38:38.892 13911 14147 D SVR_MNG_SvrMngProxy: getClientBinder: binderName = com.incall.network.NETWORK_SERVICE
05-27 18:38:38.892 13911 14147 I SVR_MNG_BaseProxy: getInterface: mInterface = null
05-27 18:38:38.892 13911 14147 I SVR_MNG_BaseProxy: isBinderActive: clientBinder is null
05-27 18:38:38.893 13911 14147 I PicketModeManager: getProfileDetail: ["{\"name\":\"sentryModeSwitchSts\",\"value\":0,\"timeStamp\":\"1670000000000\"}","{\"name\":\"SentryModeSensitivity\",\"value\":-1,\"timeStamp\":\"1779878318868\"}"]
05-27 08:29:47.854   581   581 D spi_rst_gpio_get_output: GPIO 145 value: 1
05-27 08:29:47.854   581   581 D spidev_ioctl: gpio status=1)
05-27 18:38:38.893 13911 14147 D Sentinelmode_1.2.5.17_sentry: <PicketModeManager>queryGuardInfo = {access_token=null, lastSyncTimeStramp=1779878318868, profileDetail=["{\"name\":\"sentryModeSwitchSts\",\"value\":0,\"timeStamp\":\"1670000000000\"}","{\"name\":\"SentryModeSensitivity\",\"value\":-1,\"timeStamp\":\"1779878318868\"}"], sign=sign, nonce=Kj4gECTTIM}
05-27 18:38:38.893 13911 14147 I SVR_MNG_BaseProxy: isBinderActive: clientBinder is null
05-27 18:38:38.893 13911 14147 D SVR_MNG_SvrMngProxy: getServer: mSvrManger is null
05-27 18:38:38.893 13911 14147 D SVR_MNG_SvrMngProxy: getNewStub: 
05-27 18:38:38.893 13911 14147 D SVR_MNG_SvrMngProxy: getNewStub: getSvrManagerService start
05-27 18:38:38.893 13911 14147 D SVR_MNG_SvrMngProxy: getNewStub: getSvrManagerService end
05-27 18:38:38.893 13911 14147 D SVR_MNG_SvrMngProxy: getServer: svrMngService doesn't start
05-27 18:38:38.893 13911 14147 D SVR_MNG_SvrMngProxy: getClientBinder: binderName = com.incall.network.NETWORK_SERVICE
05-27 18:38:38.893 13911 14147 I SVR_MNG_BaseProxy: getInterface: mInterface = null
05-27 18:38:38.893 13911 14147 I SVR_MNG_BaseProxy: isBinderActive: clientBinder is null
05-27 18:38:38.893 13911 14147 E Sentinelmode_1.2.5.17_sentry: <PicketModeManager>updateProfileCallBack onError:2817---Remote Service Exception
05-27 18:38:38.893 13911 14147 D Sentinelmode_1.2.5.17_sentry: <PicketModeManager>consumeMsg result = 1000
05-27 18:38:38.893 13911 14147 I SVR_MNG_BaseProxy: isBinderActive: clientBinder is null
05-27 18:38:38.894 13911 14147 D SVR_MNG_SvrMngProxy: getServer: mSvrManger is null
05-27 18:38:38.894 13911 14147 D SVR_MNG_SvrMngProxy: getNewStub: 
05-27 18:38:38.894 13911 14147 D SVR_MNG_SvrMngProxy: getNewStub: getSvrManagerService start
05-27 18:38:38.894 13911 14147 D SVR_MNG_SvrMngProxy: getNewStub: getSvrManagerService end
05-27 18:38:38.894 13911 14147 D SVR_MNG_SvrMngProxy: getServer: svrMngService doesn't start
05-27 18:38:38.894 13911 14147 D SVR_MNG_SvrMngProxy: getClientBinder: binderName = com.incall.network.NETWORK_SERVICE
05-27 18:38:38.894 13911 14147 I SVR_MNG_BaseProxy: getInterface: mInterface = null
05-27 18:38:38.894 13911 14147 I SVR_MNG_BaseProxy: isBinderActive: clientBinder is null
05-27 18:38:38.894 13911 14147 I SVR_MNG_BaseProxy: isBinderActive: clientBinder is null
05-27 18:38:38.894 13911 14147 D SVR_MNG_SvrMngProxy: getServer: mSvrManger is null
05-27 18:38:38.894   581   581 I SpiService: fgesysctrl_getGPIO_status success val=0
05-27 18:38:38.894 13911 14147 D SVR_MNG_SvrMngProxy: getNewStub: 
05-27 18:38:38.894 13911 14147 D SVR_MNG_SvrMngProxy: getNewStub: getSvrManagerService start
05-27 18:38:38.895   481   597 I mcuc    : send SPI:6AA600700B00030413006B6AA600700C00030413006A
05-27 18:38:38.895 13911 14147 D SVR_MNG_SvrMngProxy: getNewStub: getSvrManagerService end
05-27 18:38:38.895 13911 14147 D SVR_MNG_SvrMngProxy: getServer: svrMngService doesn't start
05-27 18:38:38.895 13911 14147 D SVR_MNG_SvrMngProxy: getClientBinder: binderName = com.incall.network.NETWORK_SERVICE
05-27 18:38:38.895 13911 14147 I SVR_MNG_BaseProxy: getInterface: mInterface = null
05-27 18:38:38.895 13911 14147 I SVR_MNG_BaseProxy: isBinderActive: clientBinder is null
05-27 18:38:38.895 13911 14147 I SVR_MNG_BaseProxy: isBinderActive: clientBinder is null
05-27 18:38:38.895 13911 14147 D SVR_MNG_SvrMngProxy: getServer: mSvrManger is null
05-27 18:38:38.895 13911 14147 D SVR_MNG_SvrMngProxy: getNewStub: 
05-27 18:38:38.895 13911 14147 D SVR_MNG_SvrMngProxy: getNewStub: getSvrManagerService start
05-27 18:38:38.895 13911 14147 D SVR_MNG_SvrMngProxy: getNewStub: getSvrManagerService end
05-27 18:38:38.895 13911 14147 D SVR_MNG_SvrMngProxy: getServer: svrMngService doesn't start
05-27 18:38:38.895 13911 14147 D SVR_MNG_SvrMngProxy: getClientBinder: binderName = com.incall.network.NETWORK_SERVICE
05-27 18:38:38.896 13911 14147 I SVR_MNG_BaseProxy: getInterface: mInterface = null
05-27 18:38:38.896 13911 14147 I SVR_MNG_BaseProxy: isBinderActive: clientBinder is null
05-27 18:38:38.896 13911 14147 E Sentinelmode_1.2.5.17_sentry: <PicketModeManager>consumeProfileCallBack onError:2817---Remote Service Exception
05-27 18:38:38.896 13911 14147 I Sentinelmode_1.2.5.17_sentry: <SentinelCarServiceManager>[SentryTrace] getBCM_Status: bodyMix unavailable, fallback=2
05-27 18:38:38.896 13911 14147 D Sentinelmode_1.2.5.17_sentry: <PicketModeManager>BCM_Status1:2
05-27 18:38:38.896 13911 14147 I Sentinelmode_1.2.5.17_sentry: <SentinelCarServiceManager>[SentryTrace] getBCM_Status: bodyMix unavailable, fallback=2
05-27 08:29:47.859   581   581 D spi_rst_gpio_get_output: GPIO 145 value: 0
05-27 08:29:47.859   581   581 D spidev_ioctl: gpio status=0)
05-27 18:38:38.896 13911 14147 I DvrLog_Ser->: (DvrLocalServiceManager.java:setGardModeStatus)1979 setGardModeStatus state = 0
05-27 18:38:38.896 13911 14147 I Sentinelmode_1.2.5.17_sentry: <PicketModeManager>onSettingsPutInt：true name:SENTRY_DELAY_RECORD_NOTIFY value:-1
05-27 18:38:38.896 13911 14147 I Sentinelmode_1.2.5.17_sentry: <PicketModeManager>[SentryDvr] SENTRY_DELAY_RECORD_NOTIFY -> -1 (gard mode off)
05-27 18:38:38.903 13911 14183 I SentryImuMcuAngleSender: 179.98598rollDeg
05-27 18:38:38.903 13911 14183 I SentryImuMcuAngleSender: 1,0,0
05-27 18:38:38.904   299 30844 D EvsDriver: forwardFrame
05-27 18:38:38.906   299 30844 D EvsDriver: Delivered 0xb400007b7ca56900 as id 0
05-27 18:38:38.906  1167  1184 D evsmanagerd: /dev/video6 forwarded the buffer #0 to 0xb4000074bf5f5510 from 0xb4000074bf5f6d90
05-27 18:38:38.908 10188 11001 I commit_sys_config_file: [settings-0-0,8]
05-27 18:38:38.909  1008 30856 D [OMXB]  : usingANWBuffer: handle:0xee7435b0, format:1, w:1920, h:1080
05-27 18:38:38.909   581   581 I SpiService: fgesysctrl_getGPIO_status success val=1
05-27 08:29:47.873   581   581 D spi_rst_gpio_get_output: GPIO 145 value: 1
05-27 08:29:47.873   581   581 D spidev_ioctl: gpio status=1)
05-27 18:38:38.909   299  1163 D EvsDriver: doneWithFrame
05-27 18:38:38.911   299 30841 D EvsDriver: forwardFrame
05-27 18:38:38.915   581   581 I SpiService: fgesysctrl_getGPIO_status success val=1
05-27 18:38:38.915  1167  1184 D evsmanagerd: /dev/video4 forwarded the buffer #0 to 0xb4000074bf5f6850 from 0xb4000074bf5f41d0
05-27 18:38:38.915   299 30841 D EvsDriver: Delivered 0xb400007b7ca56a60 as id 0
05-27 08:29:47.879   581   581 D spi_rst_gpio_get_output: GPIO 145 value: 1
05-27 08:29:47.879   581   581 D spidev_ioctl: gpio status=1)
05-27 18:38:38.917   536   536 D commservice260303: msg.id = 1028,1
05-27 18:38:38.917   536   536 D commservice260303: i = 170, msgid = 8A000404
05-27 18:38:38.917   536   536 D commservice260303: msgid = -1979710460,did=138
05-27 18:38:38.917   536   536 D commservice260303: CommProtocolLibCmdBaseI2C::dataproc {"command":{"id":"imu_status","sub":""},"content":{"TimeStamp":10,"FrameCounter":237629,"GD_X":-0.01091896090656519,"GD_Y":0.005268065724521875,"GD_Z":0.0019079053308814764,"AD_X":-0.0019272267818450928,"AD_Y":-0.0014403224922716618,"AD_Z":-0.17070293426513672,"TempDsp":0,"Status":0,"CalibState":1,"SigAmpInvalid":0}},-1979710460
05-27 18:38:38.917   536   536 D commservice260303: send2Cluster len:318, 7B22636F6D6D616E64223A7B226964223A22696D755F737461747573222C22737562223A22227D2C22636F6E74656E74223A7B2254696D655374616D70223A31302C224672616D65436F756E746572223A3233373632392C2247445F58223A2D302E30313039313839363039303635363531392C2247445F59223A302E3030353236383036353732343532313837352C2247445F5A223A302E303031393037393035333330383831343736342C2241445F58223A2D302E303031393237323236373831383435303932382C2241445F59223A2D302E303031343430333232343932323731363631382C2241445F5A223A2D302E31373037303239333432363531333637322C2254656D70447370223A302C22537461747573223A302C2243616C69625374617465223A312C22536967416D70496E76616C6964223A307D7D, 138 
05-27 18:38:38.917   536   536 D commservice260303: Push Message into SendPool fn=-690027776
05-27 18:38:38.917   536   536 D commservice260303: ComProtocolLibSend2Cluster::send2ClusterRaw fn=-690027776 , len=334
05-27 18:38:38.917   536   536 D commservice260303: sendCmdToPort :334!!!
05-27 18:38:38.918   536   536 D commservice260303: send Cmd To Port ++++5AA5014A8A010003DFD66A16C9AE7B22636F6D6D616E64223A7B226964223A22696D755F737461747573222C22737562223A22227D2C22636F6E74656E74223A7B2254696D655374616D70223A31302C224672616D65436F756E746572223A3233373632392C2247445F58223A2D302E30313039313839363039303635363531392C2247445F59223A302E3030353236383036353732343532313837352C2247445F5A223A302E303031393037393035333330383831343736342C2241445F58223A2D302E303031393237323236373831383435303932382C2241445F59223A2D302E303031343430333232343932323731363631382C2241445F5A223A2D302E31373037303239333432363531333637322C2254656D70447370223A302C22537461747573223A302C2243616C69625374617465223A312C22536967416D70496E76616C6964223A307D7D8F49
05-27 18:38:38.918   536   536 D commservice260303: bufferevent_write retrun value = 0
05-27 18:38:38.918   536   560 D commservice260303: client datas send succeed,send finish
05-27 18:38:38.919   299  1163 D EvsDriver: doneWithFrame
05-27 18:38:38.919 13911 14192 D Sentinelmode_1.2.5.17_sentry: <SentryImuClusterFgeSender>imu_status sent to Linux, frame=237629, tsNs=10186150, tsMs=10, intervalMs=44, ad=(-0.0019272268,-0.0014403225,-0.17070293), gd=(-0.010918961,0.0052680657,0.0019079053)
05-27 18:38:38.921   581   581 I SpiService: fgesysctrl_getGPIO_status success val=1
05-27 08:29:47.885   581   581 D spi_rst_gpio_get_output: GPIO 145 value: 1
05-27 08:29:47.885   581   581 D spidev_ioctl: gpio status=1)
05-27 18:38:38.923 13911 14183 I SentryImuMcuAngleSender: 179.993rollDeg
05-27 18:38:38.923 13911 14183 I SentryImuMcuAngleSender: 1,0,0
05-27 18:38:38.926   581   581 I SpiService: fgesysctrl_getGPIO_status success val=1
05-27 18:38:38.927  1008 30857 D [OMXB]  : usingANWBuffer: handle:0xee7428a0, format:1, w:1920, h:1080
05-27 08:29:47.891   581   581 D spi_rst_gpio_get_output: GPIO 145 value: 1
05-27 08:29:47.891   581   581 D spidev_ioctl: gpio status=1)
05-27 18:38:38.932   581   581 I SpiService: fgesysctrl_getGPIO_status success val=1
05-27 08:29:47.897   581   581 D spi_rst_gpio_get_output: GPIO 145 value: 1
05-27 08:29:47.897   581   581 D spidev_ioctl: gpio status=1)
05-27 18:38:38.938   581   581 I SpiService: fgesysctrl_getGPIO_status success val=0
05-27 18:38:38.939   299 30841 D EvsDriver: forwardFrame
05-27 18:38:38.940   299 30841 D EvsDriver: Delivered 0xb400007b7ca56a60 as id 0
05-27 18:38:38.941  1167  1184 D evsmanagerd: /dev/video4 forwarded the buffer #0 to 0xb4000074bf5f6850 from 0xb4000074bf5f41d0
05-27 18:38:38.941 30773 30782 E dvr_service_: [myNum:0] Received S**** loss
05-27 18:38:38.941   299 30844 D EvsDriver: forwardFrame
05-27 08:29:47.902   581   581 D spi_rst_gpio_get_output: GPIO 145 value: 0
05-27 08:29:47.902   581   581 D spidev_ioctl: gpio status=0)
05-27 18:38:38.941   299  1163 D EvsDriver: doneWithFrame
05-27 18:38:38.943  1167  1184 D evsmanagerd: /dev/video6 forwarded the buffer #0 to 0xb4000074bf5f5510 from 0xb4000074bf5f6d90
05-27 18:38:38.943   299 30844 D EvsDriver: Delivered 0xb400007b7ca56900 as id 0
05-27 18:38:38.943 13911 14183 I SentryImuMcuAngleSender: 179.98949rollDeg
05-27 18:38:38.943 13911 14183 I SentryImuMcuAngleSender: 1,0,0
05-27 18:38:38.943 30773 30782 E dvr_service_: [myNum:1] Received S**** loss
05-27 18:38:38.944   299  1163 D EvsDriver: doneWithFrame
05-27 18:38:38.945  1008 30856 D [OMXB]  : usingANWBuffer: handle:0xee744bb0, format:1, w:1920, h:1080
05-27 18:38:38.952   581   581 I SpiService: fgesysctrl_getGPIO_status success val=1
05-27 18:38:38.952   572   622 I Sensors : 230 AccelSensor: x:-0.170800,y:0.001829,z:-9.974720
05-27 08:29:47.916   581   581 D spi_rst_gpio_get_output: GPIO 145 value: 1
05-27 08:29:47.916   581   581 D spidev_ioctl: gpio status=1)
05-27 18:38:38.954   536   536 D commservice260303: msg.id = 1028,1
05-27 18:38:38.954   536   536 D commservice260303: i = 170, msgid = 8A000404
05-27 18:38:38.954   536   536 D commservice260303: msgid = -1979710460,did=138
05-27 18:38:38.954   536   536 D commservice260303: CommProtocolLibCmdBaseI2C::dataproc {"command":{"id":"imu_status","sub":""},"content":{"TimeStamp":10,"FrameCounter":237630,"GD_X":-0.010690094903111458,"GD_Y":0.004963258747011423,"GD_Z":0.00259606190957129,"AD_X":-0.004350841045379639,"AD_Y":-8.209500228986144E-4,"AD_Z":-0.16948318481445312,"TempDsp":0,"Status":0,"CalibState":1,"SigAmpInvalid":0}},-1979710460
05-27 18:38:38.954   536   536 D commservice260303: send2Cluster len:315, 7B22636F6D6D616E64223A7B226964223A22696D755F737461747573222C22737562223A22227D2C22636F6E74656E74223A7B2254696D655374616D70223A31302C224672616D65436F756E746572223A3233373633302C2247445F58223A2D302E3031303639303039343930333131313435382C2247445F59223A302E3030343936333235383734373031313432332C2247445F5A223A302E30303235393630363139303935373132392C2241445F58223A2D302E3030343335303834313034353337393633392C2241445F59223A2D382E323039353030323238393836313434452D342C2241445F5A223A2D302E31363934383331383438313434353331322C2254656D70447370223A302C22537461747573223A302C2243616C69625374617465223A312C22536967416D70496E76616C6964223A307D7D, 138 
