05-27 18:38:32.455   581   581 I SpiService: fgesysctrl_getGPIO_status success val=1
05-27 18:38:32.455 15863 15863 D AIN-NaviLocationPresenter: ACC is OFF, skip upload location
05-27 08:29:41.419   581   581 D spi_rst_gpio_get_output: GPIO 145 value: 1
05-27 18:38:32.458 13911 14183 I SentryImuMcuAngleSender: 179.97197rollDeg
05-27 18:38:32.458 13911 14183 I SentryImuMcuAngleSender: 1,0,0
05-27 18:38:32.458   566 11459 I gps_hdbd: Received: '$GNTXT,04,01,04,INS,V,1,,,,FLG,1,000000,1,0,1,0,0,Con,0*71
'
05-27 18:38:32.459 10046 10046 I netd    : tetherGetStats() -> {[]} <1.19ms>
05-27 18:38:32.460   536   536 W commservice260303: [FgeComService::getAQConnectStatus:378]
05-27 18:38:32.460   536   536 W commservice260303: [mcuCommFunctionTcp::getAQConnectStatus:406] 1
05-27 18:38:32.460   536   536 W commservice260303: [FgeComService::getAQConnectStatus:380] status:1
05-27 18:38:32.460 12246 12246 E ivicomm_CommManager: getA2lConnectStatus aqConnectStatus:1
05-27 18:38:32.460 12246 12246 D ivicomm_ConnectStateManager: notifyState newState=1curState=1
05-27 18:38:32.460 10188 11090 I netstats_mobile_sample: [0,0,0,0,0,0,0,0,0,0,0,0,1779878312466]
05-27 18:38:32.460   581   581 I SpiService: fgesysctrl_getGPIO_status success val=0
05-27 18:38:32.461 10188 11090 I netstats_wifi_sample: [43173746,184463,6972822,63604,43173746,184463,6972822,63604,43325190,220841,6761802,62491,1779878312466]
05-27 18:38:32.462 10046 10046 I netd    : bandwidthSetGlobalAlert(2097152) <0.29ms>
05-27 18:38:32.463   283   307 I rvcservice: t.code = 2, t.value = 9975939
05-27 18:38:32.464   566 11459 I gps_hdbd: Received: '$GNTXT,INSTALL,0.00,0.00,0.00,0.00,0.00,0.00,0*20
'
05-27 18:38:32.470   536   536 D commservice260303: msg.id = 1028,1
05-27 18:38:32.470   536   536 D commservice260303: i = 170, msgid = 8A000404
05-27 18:38:32.470   536   536 D commservice260303: msgid = -1979710460,did=138
05-27 18:38:32.470   566  1171 I gps_hdbd: [gps_upgrade_thread 3506]Enter
05-27 18:38:32.470   536   536 D commservice260303: CommProtocolLibCmdBaseI2C::dataproc {"command":{"id":"imu_status","sub":""},"content":{"TimeStamp":10,"FrameCounter":237470,"GD_X":-0.011759000830352306,"GD_Y":0.005039200186729431,"GD_Z":0.0023671966046094894,"AD_X":-0.0029305964708328247,"AD_Y":0.002527545439079404,"AD_Z":-0.16826438903808594,"TempDsp":0,"Status":0,"CalibState":1,"SigAmpInvalid":0}},-1979710460
05-27 18:38:32.470   536   536 D commservice260303: send2Cluster len:317, 7B22636F6D6D616E64223A7B226964223A22696D755F737461747573222C22737562223A22227D2C22636F6E74656E74223A7B2254696D655374616D70223A31302C224672616D65436F756E746572223A3233373437302C2247445F58223A2D302E3031313735393030303833303335323330362C2247445F59223A302E3030353033393230303138363732393433312C2247445F5A223A302E303032333637313936363034363039343839342C2241445F58223A2D302E303032393330353936343730383332383234372C2241445F59223A302E3030323532373534353433393037393430342C2241445F5A223A2D302E31363832363433383930333830383539342C2254656D70447370223A302C22537461747573223A302C2243616C69625374617465223A312C22536967416D70496E76616C6964223A307D7D, 138 
05-27 18:38:32.470   536   536 D commservice260303: Push Message into SendPool fn=887030528
05-27 18:38:32.470   536   536 D commservice260303: ComProtocolLibSend2Cluster::send2ClusterRaw fn=887030528 , len=333
05-27 18:38:32.470   536   536 D commservice260303: sendCmdToPort :333!!!
05-27 18:38:32.470   536   536 D commservice260303: send Cmd To Port ++++5AA501498A010003DF346A16C9A87B22636F6D6D616E64223A7B226964223A22696D755F737461747573222C22737562223A22227D2C22636F6E74656E74223A7B2254696D655374616D70223A31302C224672616D65436F756E746572223A3233373437302C2247445F58223A2D302E3031313735393030303833303335323330362C2247445F59223A302E3030353033393230303138363732393433312C2247445F5A223A302E303032333637313936363034363039343839342C2241445F58223A2D302E303032393330353936343730383332383234372C2241445F59223A302E3030323532373534353433393037393430342C2241445F5A223A2D302E31363832363433383930333830383539342C2254656D70447370223A302C22537461747573223A302C2243616C69625374617465223A312C22536967416D70496E76616C6964223A307D7D71FE
05-27 18:38:32.470   536   536 D commservice260303: bufferevent_write retrun value = 0
05-27 18:38:32.470   536   560 D commservice260303: client datas send succeed,send finish
05-27 18:38:32.470 13911 14192 D Sentinelmode_1.2.5.17_sentry: <SentryImuClusterFgeSender>imu_status sent to Linux, frame=237470, tsNs=10179715, tsMs=10, intervalMs=42, ad=(-0.0029305965,0.0025275454,-0.16826439), gd=(-0.011759001,0.0050392,0.0023671966)
05-27 18:38:32.471   566  1171 I gps_hdbd: [gps_upgrade_thread 3535] sys.gps.update:0 ,file:not ,upgrate_ing:0
05-27 18:38:32.475   581   581 I SpiService: fgesysctrl_getGPIO_status success val=1
05-27 18:38:32.478   299 30844 D EvsDriver: forwardFrame
05-27 18:38:32.479   299 30841 D EvsDriver: forwardFrame
05-27 18:38:32.479 13911 14183 I SentryImuMcuAngleSender: 179.993rollDeg
05-27 18:38:32.479 13911 14183 I SentryImuMcuAngleSender: 1,0,0
05-27 18:38:32.479   299 30844 D EvsDriver: Delivered 0xb400007b7ca56900 as id 0
05-27 18:38:32.480  1167  1479 D evsmanagerd: /dev/video6 forwarded the buffer #0 to 0xb4000074bf5f5510 from 0xb4000074bf5f6d90
05-27 18:38:32.480   299 30841 D EvsDriver: Delivered 0xb400007b7ca56a60 as id 0
05-27 18:38:32.480   581   581 I SpiService: fgesysctrl_getGPIO_status success val=1
05-27 18:38:32.480  1167  1479 D evsmanagerd: /dev/video4 forwarded the buffer #0 to 0xb4000074bf5f6850 from 0xb4000074bf5f41d0
05-27 18:38:32.481   572   622 I Sensors : 230 AccelSensor: x:-0.168969,y:-0.001220,z:-9.976550
05-27 18:38:32.482   299  1163 D EvsDriver: doneWithFrame
05-27 18:38:32.482   299  1153 D EvsDriver: doneWithFrame
05-27 18:38:32.486   581   581 I SpiService: fgesysctrl_getGPIO_status success val=1
05-27 18:38:32.489  1008 30856 D [OMXB]  : usingANWBuffer: handle:0xee7435b0, format:1, w:1920, h:1080
05-27 18:38:32.491   581   581 I SpiService: fgesysctrl_getGPIO_status success val=1
05-27 18:38:32.496   581   581 I SpiService: fgesysctrl_getGPIO_status success val=1
05-27 18:38:32.499 13911 14183 I SentryImuMcuAngleSender: 180.0rollDeg
05-27 18:38:32.499 13911 14183 I SentryImuMcuAngleSender: 1,0,0
05-27 18:38:32.502   581   581 I SpiService: fgesysctrl_getGPIO_status success val=0
05-27 18:38:32.503   299 30841 D EvsDriver: forwardFrame
05-27 18:38:32.503   299 30844 D EvsDriver: forwardFrame
05-27 18:38:32.505   299 30844 D EvsDriver: Delivered 0xb400007b7ca56900 as id 0
05-27 18:38:32.505  1167  1184 D evsmanagerd: /dev/video6 forwarded the buffer #0 to 0xb4000074bf5f5510 from 0xb4000074bf5f6d90
05-27 18:38:32.505  1167  1479 D evsmanagerd: /dev/video4 forwarded the buffer #0 to 0xb4000074bf5f6850 from 0xb4000074bf5f41d0
05-27 18:38:32.505   299 30841 D EvsDriver: Delivered 0xb400007b7ca56a60 as id 0
05-27 18:38:32.508   299  1153 D EvsDriver: doneWithFrame
05-27 18:38:32.509   299  1163 D EvsDriver: doneWithFrame
05-27 18:38:32.510   536   536 D commservice260303: msg.id = 1028,0
05-27 18:38:32.510   536   536 D commservice260303: i = 170, msgid = 8A000404
05-27 18:38:32.510   536   536 D commservice260303: msgid = -1979710460,did=138
05-27 18:38:32.511   536   536 D commservice260303: CommProtocolLibCmdBaseI2C::dataproc {"command":{"id":"imu_status","sub":""},"content":{"TimeStamp":10,"FrameCounter":237471,"GD_X":-0.011910883709788322,"GD_Y":0.005420989356935024,"GD_Z":0.002443138277158141,"AD_X":-0.0023188143968582153,"AD_Y":-0.0023408792912960052,"AD_Z":-0.17070293426513672,"TempDsp":0,"Status":0,"CalibState":1,"SigAmpInvalid":0}},-1979710460
05-27 18:38:32.511   536   536 D commservice260303: send2Cluster len:318, 7B22636F6D6D616E64223A7B226964223A22696D755F737461747573222C22737562223A22227D2C22636F6E74656E74223A7B2254696D655374616D70223A31302C224672616D65436F756E746572223A3233373437312C2247445F58223A2D302E3031313931303838333730393738383332322C2247445F59223A302E3030353432303938393335363933353032342C2247445F5A223A302E3030323434333133383237373135383134312C2241445F58223A2D302E303032333138383134333936383538323135332C2241445F59223A2D302E303032333430383739323931323936303035322C2241445F5A223A2D302E31373037303239333432363531333637322C2254656D70447370223A302C22537461747573223A302C2243616C69625374617465223A312C22536967416D70496E76616C6964223A307D7D, 138 
05-27 18:38:32.511   536   536 D commservice260303: Push Message into SendPool fn=903807744
05-27 18:38:32.511   536   536 D commservice260303: ComProtocolLibSend2Cluster::send2ClusterRaw fn=903807744 , len=334
05-27 18:38:32.511   536   536 D commservice260303: sendCmdToPort :334!!!
05-27 18:38:32.511   536   536 D commservice260303: send Cmd To Port ++++5AA5014A8A010003DF356A16C9A87B22636F6D6D616E64223A7B226964223A22696D755F737461747573222C22737562223A22227D2C22636F6E74656E74223A7B2254696D655374616D70223A31302C224672616D65436F756E746572223A3233373437312C2247445F58223A2D302E3031313931303838333730393738383332322C2247445F59223A302E3030353432303938393335363933353032342C2247445F5A223A302E3030323434333133383237373135383134312C2241445F58223A2D302E303032333138383134333936383538323135332C2241445F59223A2D302E303032333430383739323931323936303035322C2241445F5A223A2D302E31373037303239333432363531333637322C2254656D70447370223A302C22537461747573223A302C2243616C69625374617465223A312C22536967416D70496E76616C6964223A307D7DEFDD
05-27 18:38:32.512   536   536 D commservice260303: bufferevent_write retrun value = 0
05-27 18:38:32.512   536   560 D commservice260303: client datas send succeed,send finish
05-27 18:38:32.512 13911 14192 D Sentinelmode_1.2.5.17_sentry: <SentryImuClusterFgeSender>imu_status sent to Linux, frame=237471, tsNs=10179749, tsMs=10, intervalMs=42, ad=(-0.0023188144,-0.0023408793,-0.17070293), gd=(-0.011910884,0.0054209894,0.0024431383)
05-27 18:38:32.514  1008 30857 D [OMXB]  : usingANWBuffer: handle:0xee742270, format:1, w:1920, h:1080
05-27 18:38:32.517   581   581 I SpiService: fgesysctrl_getGPIO_status success val=1
05-27 18:38:32.517 30773 30789 I dvr_service_: Camera 1: Buffer reuse stats - Total: 200300, Reused: 99429, New: 100871, Rate: 49.6%
05-27 18:38:32.520 13911 14183 I SentryImuMcuAngleSender: 179.97899rollDeg
05-27 18:38:32.520 13911 14183 I SentryImuMcuAngleSender: 1,0,0
05-27 18:38:32.522   581   581 I SpiService: fgesysctrl_getGPIO_status success val=1
05-27 18:38:32.527  1008 30856 D [OMXB]  : usingANWBuffer: handle:0xee743df0, format:1, w:1920, h:1080
05-27 18:38:32.527 30773 30789 I dvr_service_: Camera 0: Buffer reuse stats - Total: 200300, Reused: 99068, New: 101232, Rate: 49.5%
05-27 18:38:32.527 13549 13549 I ADAYO_LOG_: handleMessage(UsbFunc.java:352)copyQnx = 0
05-27 18:38:32.527 13549 13549 I ADAYO_LOG_: handleMessage(UsbFunc.java:404)copyState = 2
05-27 18:38:32.528   581   581 I SpiService: fgesysctrl_getGPIO_status success val=1
05-27 18:38:32.533   581   581 I SpiService: fgesysctrl_getGPIO_status success val=1
05-27 18:38:32.539   581   581 I SpiService: fgesysctrl_getGPIO_status success val=1
05-27 18:38:32.541 13911 14183 I SentryImuMcuAngleSender: 179.97197rollDeg
05-27 18:38:32.541 13911 14183 I SentryImuMcuAngleSender: 1,0,0
05-27 18:38:32.541   299 30841 D EvsDriver: forwardFrame
05-27 18:38:32.541   299 30844 D EvsDriver: forwardFrame
05-27 08:29:41.509   581   581 D spi_rst_gpio_get_output: GPIO 145 value: 0
05-27 08:29:41.509   581   581 D spidev_ioctl: gpio status=0)
05-27 18:38:32.544   299 30844 D EvsDriver: Delivered 0xb400007b7ca56900 as id 0
05-27 18:38:32.544  1167  1184 D evsmanagerd: /dev/video6 forwarded the buffer #0 to 0xb4000074bf5f5510 from 0xb4000074bf5f6d90
05-27 18:38:32.544  1167  1479 D evsmanagerd: /dev/video4 forwarded the buffer #0 to 0xb4000074bf5f6850 from 0xb4000074bf5f41d0
05-27 18:38:32.544   299 30841 D EvsDriver: Delivered 0xb400007b7ca56a60 as id 0
05-27 18:38:32.544   581   581 I SpiService: fgesysctrl_getGPIO_status success val=0
05-27 18:38:32.544   536   760 I commservice260303: [mcuCommFunctionTcp::ProtocolCheckConnectTimeOutProc:613] keyID:256,tcpEvent:5,tcpcount:0,heartbeat:1,noHeartBeatNumber:0,endispatch:0,strState:0
05-27 18:38:32.544   536   760 D commservice260303: ProtocolCheckConnectTimeOutProc,629,clear heartbeat
05-27 18:38:32.547 30773 30785 I dvr_service_: [EncoderHandler::runMediaThread] runMediaThread started:1,state:1, cam2:started:1,state:1, lastSwitch:1, mIsMuxerStart:1,format:0,is_str_ing:0
05-27 18:38:32.549   299  1153 D EvsDriver: doneWithFrame
05-27 18:38:32.550   299  1163 D EvsDriver: doneWithFrame
05-27 18:38:32.550   536   536 D commservice260303: msg.id = 1028,0
05-27 18:38:32.550  1008 30857 D [OMXB]  : usingANWBuffer: handle:0xee744fd0, format:1, w:1920, h:1080
05-27 18:38:32.550   536   536 D commservice260303: i = 170, msgid = 8A000404
05-27 18:38:32.550   536   536 D commservice260303: msgid = -1979710460,did=138
05-27 18:38:32.550   536   536 D commservice260303: CommProtocolLibCmdBaseI2C::dataproc {"command":{"id":"imu_status","sub":""},"content":{"TimeStamp":10,"FrameCounter":237472,"GD_X":-0.011682018637657166,"GD_Y":0.0057257963344454765,"GD_Z":0.001679039909504354,"AD_X":-5.05596399307251E-4,"AD_Y":0.0025266027078032494,"AD_Z":-0.16704368591308594,"TempDsp":0,"Status":0,"CalibState":1,"SigAmpInvalid":0}},-1979710460
05-27 18:38:32.551   536   536 D commservice260303: send2Cluster len:316, 7B22636F6D6D616E64223A7B226964223A22696D755F737461747573222C22737562223A22227D2C22636F6E74656E74223A7B2254696D655374616D70223A31302C224672616D65436F756E746572223A3233373437322C2247445F58223A2D302E3031313638323031383633373635373136362C2247445F59223A302E303035373235373936333334343435343736352C2247445F5A223A302E3030313637393033393930393530343335342C2241445F58223A2D352E3035353936333939333037323531452D342C2241445F59223A302E303032353236363032373037383033323439342C2241445F5A223A2D302E31363730343336383539313330383539342C2254656D70447370223A302C22537461747573223A302C2243616C69625374617465223A312C22536967416D70496E76616C6964223A307D7D, 138 
05-27 18:38:32.551   536   536 D commservice260303: Push Message into SendPool fn=920584960
05-27 18:38:32.551   536   536 D commservice260303: ComProtocolLibSend2Cluster::send2ClusterRaw fn=920584960 , len=332
05-27 18:38:32.551   536   536 D commservice260303: sendCmdToPort :332!!!
05-27 18:38:32.552   536   536 D commservice260303: send Cmd To Port ++++5AA501488A010003DF366A16C9A87B22636F6D6D616E64223A7B226964223A22696D755F737461747573222C22737562223A22227D2C22636F6E74656E74223A7B2254696D655374616D70223A31302C224672616D65436F756E746572223A3233373437322C2247445F58223A2D302E3031313638323031383633373635373136362C2247445F59223A302E303035373235373936333334343435343736352C2247445F5A223A302E3030313637393033393930393530343335342C2241445F58223A2D352E3035353936333939333037323531452D342C2241445F59223A302E303032353236363032373037383033323439342C2241445F5A223A2D302E31363730343336383539313330383539342C2254656D70447370223A302C22537461747573223A302C2243616C69625374617465223A312C22536967416D70496E76616C6964223A307D7DDEA2
05-27 18:38:32.552   536   536 D commservice260303: bufferevent_write retrun value = 0
05-27 18:38:32.552   536   560 D commservice260303: client datas send succeed,send finish
05-27 18:38:32.552 13911 14192 D Sentinelmode_1.2.5.17_sentry: <SentryImuClusterFgeSender>imu_status sent to Linux, frame=237472, tsNs=10179785, tsMs=10, intervalMs=40, ad=(-5.055964E-4,0.0025266027,-0.16704369), gd=(-0.011682019,0.0057257963,0.0016790399)
05-27 18:38:32.559   581   581 I SpiService: fgesysctrl_getGPIO_status success val=1
05-27 18:38:32.561 13911 14183 I SentryImuMcuAngleSender: 179.97897rollDeg
05-27 18:38:32.561 13911 14183 I SentryImuMcuAngleSender: 1,0,0
05-27 18:38:32.563   283   307 I rvcservice: t.code = 3, t.value = 0
05-27 18:38:32.565   581   581 I SpiService: fgesysctrl_getGPIO_status success val=1
05-27 18:38:32.570   581   581 I SpiService: fgesysctrl_getGPIO_status success val=1
05-27 18:38:32.570   299 30841 D EvsDriver: forwardFrame
05-27 18:38:32.571   572   572 I Sensors : 230 GyroSensor: x:-0.012293,y:0.005726,z:0.001756
05-27 18:38:32.572   299 30841 D EvsDriver: Delivered 0xb400007b7ca56a60 as id 0
05-27 18:38:32.572  1167  1184 D evsmanagerd: /dev/video4 forwarded the buffer #0 to 0xb4000074bf5f6850 from 0xb4000074bf5f41d0
05-27 18:38:32.575   299  1163 D EvsDriver: doneWithFrame
05-27 18:38:32.575   581   581 I SpiService: fgesysctrl_getGPIO_status success val=1
05-27 18:38:32.580   299 30844 D EvsDriver: forwardFrame
05-27 18:38:32.581   581   581 I SpiService: fgesysctrl_getGPIO_status success val=1
05-27 18:38:32.581   299 30844 D EvsDriver: Delivered 0xb400007b7ca56900 as id 0
05-27 18:38:32.581 13911 14183 I SentryImuMcuAngleSender: 179.98247rollDeg
05-27 18:38:32.581  1167  1184 D evsmanagerd: /dev/video6 forwarded the buffer #0 to 0xb4000074bf5f5510 from 0xb4000074bf5f6d90
05-27 18:38:32.581 13911 14183 I SentryImuMcuAngleSender: 1,0,0
05-27 18:38:32.583   299  1163 D EvsDriver: doneWithFrame
05-27 18:38:32.584  1008 30856 D [OMXB]  : usingANWBuffer: handle:0xee743190, format:1, w:1920, h:1080
05-27 18:38:32.586   581   581 I SpiService: fgesysctrl_getGPIO_status success val=0
05-27 18:38:32.591   536   536 D commservice260303: msg.id = 1028,1
05-27 18:38:32.591   536   536 D commservice260303: i = 170, msgid = 8A000404
05-27 18:38:32.591   536   536 D commservice260303: msgid = -1979710460,did=138
05-27 18:38:32.591   536   536 D commservice260303: CommProtocolLibCmdBaseI2C::dataproc {"command":{"id":"imu_status","sub":""},"content":{"TimeStamp":10,"FrameCounter":237473,"GD_X":-0.012293193489313126,"GD_Y":0.0057257963344454765,"GD_Z":0.0017560218693688512,"AD_X":-0.004160031676292419,"AD_Y":6.908681243658066E-4,"AD_Z":-0.16643333435058594,"TempDsp":0,"Status":0,"CalibState":1,"SigAmpInvalid":0}},-1979710460
05-27 18:38:32.591   536   536 D commservice260303: send2Cluster len:317, 7B22636F6D6D616E64223A7B226964223A22696D755F737461747573222C22737562223A22227D2C22636F6E74656E74223A7B2254696D655374616D70223A31302C224672616D65436F756E746572223A3233373437332C2247445F58223A2D302E3031323239333139333438393331333132362C2247445F59223A302E303035373235373936333334343435343736352C2247445F5A223A302E303031373536303231383639333638383531322C2241445F58223A2D302E3030343136303033313637363239323431392C2241445F59223A362E393038363831323433363538303636452D342C2241445F5A223A2D302E31363634333333333433353035383539342C2254656D70447370223A302C22537461747573223A302C2243616C69625374617465223A312C22536967416D70496E76616C6964223A307D7D, 138 
05-27 18:38:32.591   536   536 D commservice260303: Push Message into SendPool fn=937362176
05-27 18:38:32.591   536   536 D commservice260303: ComProtocolLibSend2Cluster::send2ClusterRaw fn=937362176 , len=333
05-27 18:38:32.592   536   536 D commservice260303: sendCmdToPort :333!!!
05-27 18:38:32.592   536   536 D commservice260303: send Cmd To Port ++++5AA501498A010003DF376A16C9A87B22636F6D6D616E64223A7B226964223A22696D755F737461747573222C22737562223A22227D2C22636F6E74656E74223A7B2254696D655374616D70223A31302C224672616D65436F756E746572223A3233373437332C2247445F58223A2D302E3031323239333139333438393331333132362C2247445F59223A302E303035373235373936333334343435343736352C2247445F5A223A302E303031373536303231383639333638383531322C2241445F58223A2D302E3030343136303033313637363239323431392C2241445F59223A362E393038363831323433363538303636452D342C2241445F5A223A2D302E31363634333333333433353035383539342C2254656D70447370223A302C22537461747573223A302C2243616C69625374617465223A312C22536967416D70496E76616C6964223A307D7D37B0
05-27 18:38:32.592   536   536 D commservice260303: bufferevent_write retrun value = 0
05-27 18:38:32.592   536   560 D commservice260303: client datas send succeed,send finish
05-27 18:38:32.592 13911 14192 D Sentinelmode_1.2.5.17_sentry: <SentryImuClusterFgeSender>imu_status sent to Linux, frame=237473, tsNs=10179821, tsMs=10, intervalMs=40, ad=(-0.0041600317,6.908681E-4,-0.16643333), gd=(-0.0122931935,0.0057257963,0.0017560219)
05-27 18:38:32.601   581   581 I SpiService: fgesysctrl_getGPIO_status success val=1
05-27 18:38:32.602 13911 14183 I SentryImuMcuAngleSender: 179.98598rollDeg
05-27 18:38:32.602 13911 14183 I SentryImuMcuAngleSender: 1,0,0
05-27 18:38:32.605   299 30841 D EvsDriver: forwardFrame
05-27 18:38:32.605   299 30844 D EvsDriver: forwardFrame
05-27 18:38:32.606   299 30844 D EvsDriver: Delivered 0xb400007b7ca56900 as id 0
05-27 18:38:32.606   299 30841 D EvsDriver: Delivered 0xb400007b7ca56a60 as id 0
05-27 18:38:32.606  1167  1479 D evsmanagerd: /dev/video6 forwarded the buffer #0 to 0xb4000074bf5f5510 from 0xb4000074bf5f6d90
05-27 18:38:32.606  1167  1184 D evsmanagerd: /dev/video4 forwarded the buffer #0 to 0xb4000074bf5f6850 from 0xb4000074bf5f41d0
05-27 18:38:32.606   581   581 I SpiService: fgesysctrl_getGPIO_status success val=1
05-27 18:38:32.606 30773 30773 E dvr_service_: [myNum:0] Received S**** loss
05-27 18:38:32.606 30773 30782 E dvr_service_: [myNum:1] Received S**** loss
05-27 18:38:32.607   299  1163 D EvsDriver: doneWithFrame
05-27 18:38:32.607   299  1153 D EvsDriver: doneWithFrame
05-27 18:38:32.611  1008 30857 D [OMXB]  : usingANWBuffer: handle:0xee742060, format:1, w:1920, h:1080
05-27 18:38:32.612   581   581 I SpiService: fgesysctrl_getGPIO_status success val=1
05-27 18:38:32.617   581   581 I SpiService: fgesysctrl_getGPIO_status success val=1
05-27 18:38:32.622 13911 14183 I SentryImuMcuAngleSender: 179.993rollDeg
05-27 18:38:32.622 13911 14183 I SentryImuMcuAngleSender: 1,0,0
05-27 18:38:32.622   581   581 I SpiService: fgesysctrl_getGPIO_status success val=0
05-27 18:38:32.631   536   536 D commservice260303: msg.id = 1028,1
05-27 18:38:32.631   536   536 D commservice260303: i = 170, msgid = 8A000404
05-27 18:38:32.631   536   536 D commservice260303: msgid = -1979710460,did=138
05-27 18:38:32.631   536   536 D commservice260303: CommProtocolLibCmdBaseI2C::dataproc {"command":{"id":"imu_status","sub":""},"content":{"TimeStamp":10,"FrameCounter":237474,"GD_X":-0.012139749713242054,"GD_Y":0.004809814505279064,"GD_Z":0.0019848872907459736,"AD_X":-5.137771368026733E-4,"AD_Y":8.41252040117979E-5,"AD_Z":-0.16704368591308594,"TempDsp":0,"Status":0,"CalibState":1,"SigAmpInvalid":0}},-1979710460
05-27 18:38:32.632   536   536 D commservice260303: send2Cluster len:315, 7B22636F6D6D616E64223A7B226964223A22696D755F737461747573222C22737562223A22227D2C22636F6E74656E74223A7B2254696D655374616D70223A31302C224672616D65436F756E746572223A3233373437342C2247445F58223A2D302E3031323133393734393731333234323035342C2247445F59223A302E3030343830393831343530353237393036342C2247445F5A223A302E303031393834383837323930373435393733362C2241445F58223A2D352E313337373731333638303236373333452D342C2241445F59223A382E3431323532303430313137393739452D352C2241445F5A223A2D302E31363730343336383539313330383539342C2254656D70447370223A302C22537461747573223A302C2243616C69625374617465223A312C22536967416D70496E76616C6964223A307D7D, 138 
05-27 18:38:32.632   536   536 D commservice260303: Push Message into SendPool fn=954139392
05-27 18:38:32.632   536   536 D commservice260303: ComProtocolLibSend2Cluster::send2ClusterRaw fn=954139392 , len=331
05-27 18:38:32.632   536   536 D commservice260303: sendCmdToPort :331!!!
05-27 18:38:32.632   536   536 D commservice260303: send Cmd To Port ++++5AA501478A010003DF386A16C9A87B22636F6D6D616E64223A7B226964223A22696D755F737461747573222C22737562223A22227D2C22636F6E74656E74223A7B2254696D655374616D70223A31302C224672616D65436F756E746572223A3233373437342C2247445F58223A2D302E3031323133393734393731333234323035342C2247445F59223A302E3030343830393831343530353237393036342C2247445F5A223A302E303031393834383837323930373435393733362C2241445F58223A2D352E313337373731333638303236373333452D342C2241445F59223A382E3431323532303430313137393739452D352C2241445F5A223A2D302E31363730343336383539313330383539342C2254656D70447370223A302C22537461747573223A302C2243616C69625374617465223A312C22536967416D70496E76616C6964223A307D7D728F
05-27 18:38:32.632   536   536 D commservice260303: bufferevent_write retrun value = 0
05-27 18:38:32.632   536   560 D commservice260303: client datas send succeed,send finish
05-27 18:38:32.632 13911 14192 D Sentinelmode_1.2.5.17_sentry: <SentryImuClusterFgeSender>imu_status sent to Linux, frame=237474, tsNs=10179874, tsMs=10, intervalMs=40, ad=(-5.1377714E-4,8.4125204E-5,-0.16704369), gd=(-0.01213975,0.0048098145,0.0019848873)
05-27 18:38:32.634  1008 30856 D [OMXB]  : usingANWBuffer: handle:0xee744160, format:1, w:1920, h:1080
05-27 18:38:32.635 30773 30789 I dvr_service_: Camera 0: MediaOK:82567082, frames:1950, isKeyFrame:0,pts:10179471045
05-27 18:38:32.637   581   581 I SpiService: fgesysctrl_getGPIO_status success val=1
05-27 18:38:32.642 13911 14183 I SentryImuMcuAngleSender: 179.98248rollDeg
05-27 18:38:32.642 13911 14183 I SentryImuMcuAngleSender: 1,0,0
05-27 18:38:32.642   581   581 I SpiService: fgesysctrl_getGPIO_status success val=1
05-27 18:38:32.648   581   581 I SpiService: fgesysctrl_getGPIO_status success val=1
05-27 18:38:32.648  1008 30857 D [OMXB]  : usingANWBuffer: handle:0xee740bc0, format:1, w:1920, h:1080
05-27 18:38:32.652   299 30844 D EvsDriver: forwardFrame
05-27 18:38:32.652   299 30841 D EvsDriver: forwardFrame
05-27 18:38:32.654   299 30844 D EvsDriver: Delivered 0xb400007b7ca56900 as id 0
05-27 18:38:32.655   581   581 I SpiService: fgesysctrl_getGPIO_status success val=1
05-27 18:38:32.655   299 30841 D EvsDriver: Delivered 0xb400007b7ca56a60 as id 0
05-27 18:38:32.655  1167  1479 D evsmanagerd: /dev/video6 forwarded the buffer #0 to 0xb4000074bf5f5510 from 0xb4000074bf5f6d90
05-27 18:38:32.655  1167  1184 D evsmanagerd: /dev/video4 forwarded the buffer #0 to 0xb4000074bf5f6850 from 0xb4000074bf5f41d0
05-27 18:38:32.660 11344 11344 E SystemUI_NavBarFragment: SysUIConfig.icCarServiceConnected：false
05-27 18:38:32.661   299  1153 D EvsDriver: doneWithFrame
05-27 18:38:32.661   581   581 I SpiService: fgesysctrl_getGPIO_status success val=1
05-27 18:38:32.664   299  1153 D EvsDriver: doneWithFrame
05-27 18:38:32.664   283   307 I rvcservice: t.code = 0, t.value = 3659
05-27 18:38:32.664 13911 14183 I SentryImuMcuAngleSender: [4, 18, 1, 0, 0],5
05-27 18:38:32.665 13911 14183 I McuCommManager: mcuCommSendcmd [4, 18, 1, 0, 0]
05-27 18:38:32.666 13911 14183 I SentryImuMcuAngleSender: true
05-27 18:38:32.666 13911 14183 W Sentinelmode_1.2.5.17_sentry: <SentryImuMcuAngleSender>MCU IMU send interval abnormal: 1004ms
05-27 18:38:32.666 13911 14183 I SentryImuMcuAngleSender: 179.993rollDeg
05-27 18:38:32.666 13911 14183 I SentryImuMcuAngleSender: 1,0,0
05-27 18:38:32.667   581   581 I SpiService: fgesysctrl_getGPIO_status success val=0
05-27 18:38:32.667   481   597 I mcuc    : send SPI:6AA6006FF9000504120100007C
05-27 18:38:32.671  1008 30856 D [OMXB]  : usingANWBuffer: handle:0xee7412a0, format:1, w:1920, h:1080
05-27 18:38:32.672   536   536 D commservice260303: msg.id = 1028,1
05-27 18:38:32.672   536   536 D commservice260303: i = 170, msgid = 8A000404
05-27 18:38:32.672   536   536 D commservice260303: msgid = -1979710460,did=138
05-27 18:38:32.672   536   536 D commservice260303: CommProtocolLibCmdBaseI2C::dataproc {"command":{"id":"imu_status","sub":""},"content":{"TimeStamp":10,"FrameCounter":237475,"GD_X":-0.011377211660146713,"GD_Y":0.0064898948185145855,"GD_Z":0.0022902146447449923,"AD_X":-0.002956956624984741,"AD_Y":-0.00113354017958045,"AD_Z":-0.17070293426513672,"TempDsp":0,"Status":0,"CalibState":1,"SigAmpInvalid":0}},-1979710460
05-27 18:38:32.672   536   536 D commservice260303: send2Cluster len:317, 7B22636F6D6D616E64223A7B226964223A22696D755F737461747573222C22737562223A22227D2C22636F6E74656E74223A7B2254696D655374616D70223A31302C224672616D65436F756E746572223A3233373437352C2247445F58223A2D302E3031313337373231313636303134363731332C2247445F59223A302E303036343839383934383138353134353835352C2247445F5A223A302E303032323930323134363434373434393932332C2241445F58223A2D302E3030323935363935363632343938343734312C2241445F59223A2D302E30303131333335343031373935383034352C2241445F5A223A2D302E31373037303239333432363531333637322C2254656D70447370223A302C22537461747573223A302C2243616C69625374617465223A312C22536967416D70496E76616C6964223A307D7D, 138 
05-27 18:38:32.672   536   536 D commservice260303: Push Message into SendPool fn=970916608
05-27 18:38:32.672   536   536 D commservice260303: ComProtocolLibSend2Cluster::send2ClusterRaw fn=970916608 , len=333
05-27 18:38:32.672   536   536 D commservice260303: sendCmdToPort :333!!!
05-27 18:38:32.672   536   536 D commservice260303: send Cmd To Port ++++5AA501498A010003DF396A16C9A87B22636F6D6D616E64223A7B226964223A22696D755F737461747573222C22737562223A22227D2C22636F6E74656E74223A7B2254696D655374616D70223A31302C224672616D65436F756E746572223A3233373437352C2247445F58223A2D302E3031313337373231313636303134363731332C2247445F59223A302E303036343839383934383138353134353835352C2247445F5A223A302E303032323930323134363434373434393932332C2241445F58223A2D302E3030323935363935363632343938343734312C2241445F59223A2D302E30303131333335343031373935383034352C2241445F5A223A2D302E31373037303239333432363531333637322C2254656D70447370223A302C22537461747573223A302C2243616C69625374617465223A312C22536967416D70496E76616C6964223A307D7DD455
05-27 18:38:32.672   536   536 D commservice260303: bufferevent_write retrun value = 0
05-27 18:38:32.672   536   560 D commservice260303: client datas send succeed,send finish
05-27 18:38:32.672 13911 14192 D Sentinelmode_1.2.5.17_sentry: <SentryImuClusterFgeSender>imu_status sent to Linux, frame=237475, tsNs=10179911, tsMs=10, intervalMs=40, ad=(-0.0029569566,-0.0011335402,-0.17070293), gd=(-0.011377212,0.006489895,0.0022902146)
05-27 18:38:32.677   572   622 I Sensors : 230 AccelSensor: x:-0.172019,y:0.001220,z:-9.977160
05-27 18:38:32.682   581   581 I SpiService: fgesysctrl_getGPIO_status success val=1
05-27 18:38:32.684   299 30841 D EvsDriver: forwardFrame
05-27 18:38:32.684   299 30844 D EvsDriver: forwardFrame
05-27 18:38:32.686 13911 14183 I SentryImuMcuAngleSender: 179.993rollDeg
05-27 18:38:32.686 13911 14183 I SentryImuMcuAngleSender: 1,0,0
05-27 18:38:32.687   299 30841 D EvsDriver: Delivered 0xb400007b7ca56a60 as id 0
05-27 18:38:32.687   299 30844 D EvsDriver: Delivered 0xb400007b7ca56900 as id 0
05-27 18:38:32.687  1167  1184 D evsmanagerd: /dev/video4 forwarded the buffer #0 to 0xb4000074bf5f6850 from 0xb4000074bf5f41d0
05-27 18:38:32.687  1167  1479 D evsmanagerd: /dev/video6 forwarded the buffer #0 to 0xb4000074bf5f5510 from 0xb4000074bf5f6d90
05-27 18:38:32.687   581   581 I SpiService: fgesysctrl_getGPIO_status success val=1
05-27 18:38:32.691   299  1163 D EvsDriver: doneWithFrame
05-27 18:38:32.691   299  1153 D EvsDriver: doneWithFrame
05-27 18:38:32.693   581   581 I SpiService: fgesysctrl_getGPIO_status success val=1
05-27 18:38:32.698   581   581 I SpiService: fgesysctrl_getGPIO_status success val=1
05-27 08:29:41.663   581   581 D spi_rst_gpio_get_output: GPIO 145 value: 1
05-27 18:38:32.704   581   581 I SpiService: fgesysctrl_getGPIO_status success val=1
05-27 08:29:41.668   581   581 D spi_rst_gpio_get_output: GPIO 145 value: 1
05-27 08:29:41.668   581   581 D spidev_ioctl: gpio status=1)
05-27 18:38:32.707 13911 14183 I SentryImuMcuAngleSender: 179.993rollDeg
05-27 18:38:32.707 13911 14183 I SentryImuMcuAngleSender: 1,0,0
05-27 18:38:32.708   299 30841 D EvsDriver: forwardFrame
05-27 18:38:32.708   299 30844 D EvsDriver: forwardFrame
05-27 18:38:32.709   299 30841 D EvsDriver: Delivered 0xb400007b7ca56a60 as id 0
05-27 18:38:32.709  1167  1479 D evsmanagerd: /dev/video4 forwarded the buffer #0 to 0xb4000074bf5f6850 from 0xb4000074bf5f41d0
05-27 18:38:32.710   581   581 I SpiService: fgesysctrl_getGPIO_status success val=0
05-27 18:38:32.710   299 30844 D EvsDriver: Delivered 0xb400007b7ca56900 as id 0
05-27 18:38:32.711  1167  1479 D evsmanagerd: /dev/video6 forwarded the buffer #0 to 0xb4000074bf5f5510 from 0xb4000074bf5f6d90
05-27 18:38:32.711   299  1153 D EvsDriver: doneWithFrame
05-27 08:29:41.674   581   581 D spi_rst_gpio_get_output: GPIO 145 value: 0
05-27 08:29:41.674   581   581 D spidev_ioctl: gpio status=0)
05-27 18:38:32.714   299  1153 D EvsDriver: doneWithFrame
05-27 18:38:32.714  1008 30857 D [OMXB]  : usingANWBuffer: handle:0xee742950, format:1, w:1920, h:1080
05-27 18:38:32.716   536   536 D commservice260303: msg.id = 1028,2
05-27 18:38:32.716   536   536 D commservice260303: i = 170, msgid = 8A000404
05-27 18:38:32.717   536   536 D commservice260303: msgid = -1979710460,did=138
05-27 18:38:32.717   536   536 D commservice260303: CommProtocolLibCmdBaseI2C::dataproc {"command":{"id":"imu_status","sub":""},"content":{"TimeStamp":10,"FrameCounter":237476,"GD_X":-0.011300750076770782,"GD_Y":0.00549693126231432,"GD_Z":0.00259606190957129,"AD_X":-0.005989134311676025,"AD_Y":-0.0011260716710239649,"AD_Z":-0.16948318481445312,"TempDsp":0,"Status":0,"CalibState":1,"SigAmpInvalid":0}},-1979710460
05-27 18:38:32.717   536   536 D commservice260303: send2Cluster len:315, 7B22636F6D6D616E64223A7B226964223A22696D755F737461747573222C22737562223A22227D2C22636F6E74656E74223A7B2254696D655374616D70223A31302C224672616D65436F756E746572223A3233373437362C2247445F58223A2D302E3031313330303735303037363737303738322C2247445F59223A302E30303534393639333132363233313433322C2247445F5A223A302E30303235393630363139303935373132392C2241445F58223A2D302E3030353938393133343331313637363032352C2241445F59223A2D302E303031313236303731363731303233393634392C2241445F5A223A2D302E31363934383331383438313434353331322C2254656D70447370223A302C22537461747573223A302C2243616C69625374617465223A312C22536967416D70496E76616C6964223A307D7D, 138 
05-27 18:38:32.717   536   536 D commservice260303: Push Message into SendPool fn=987693824
05-27 18:38:32.717   536   536 D commservice260303: ComProtocolLibSend2Cluster::send2ClusterRaw fn=987693824 , len=331
05-27 18:38:32.717   536   536 D commservice260303: sendCmdToPort :331!!!
05-27 18:38:32.717   536   536 D commservice260303: send Cmd To Port ++++5AA501478A010003DF3A6A16C9A87B22636F6D6D616E64223A7B226964223A22696D755F737461747573222C22737562223A22227D2C22636F6E74656E74223A7B2254696D655374616D70223A31302C224672616D65436F756E746572223A3233373437362C2247445F58223A2D302E3031313330303735303037363737303738322C2247445F59223A302E30303534393639333132363233313433322C2247445F5A223A302E30303235393630363139303935373132392C2241445F58223A2D302E3030353938393133343331313637363032352C2241445F59223A2D302E303031313236303731363731303233393634392C2241445F5A223A2D302E31363934383331383438313434353331322C2254656D70447370223A302C22537461747573223A302C2243616C69625374617465223A312C22536967416D70496E76616C6964223A307D7DFEBD
05-27 18:38:32.717   536   536 D commservice260303: bufferevent_write retrun value = 0
05-27 18:38:32.718   536   560 D commservice260303: client datas send succeed,send finish
05-27 18:38:32.718 13911 14192 D Sentinelmode_1.2.5.17_sentry: <SentryImuClusterFgeSender>imu_status sent to Linux, frame=237476, tsNs=10179945, tsMs=10, intervalMs=46, ad=(-0.0059891343,-0.0011260717,-0.16948318), gd=(-0.01130075,0.0054969313,0.002596062)
05-27 18:38:32.725 13911 14131 D SVR_MNG_SvrMngProxy: getServer: mSvrManger is null
05-27 18:38:32.726 13911 14131 D SVR_MNG_SvrMngProxy: getNewStub: 
05-27 18:38:32.726 13911 14131 D SVR_MNG_SvrMngProxy: getNewStub: getSvrManagerService start
05-27 18:38:32.728   581   581 I SpiService: fgesysctrl_getGPIO_status success val=1
05-27 18:38:32.728 30773 30789 I dvr_service_: Camera 1: MediaOK:82601105, frames:1950, isKeyFrame:0,pts:10179509357
05-27 08:29:41.692   581   581 D spi_rst_gpio_get_output: GPIO 145 value: 1
05-27 08:29:41.692   581   581 D spidev_ioctl: gpio status=1)
05-27 18:38:32.729 13911 14131 D SVR_MNG_SvrMngProxy: getNewStub: getSvrManagerService end
05-27 18:38:32.729 13911 14131 D SVR_MNG_SvrMngProxy: getServer: svrMngService doesn't start
05-27 18:38:32.729 13911 14183 I SentryImuMcuAngleSender: 179.99298rollDeg
05-27 18:38:32.729 13911 14183 I SentryImuMcuAngleSender: 1,0,0
05-27 18:38:32.731 25122 25122 I ADAYO_LOG_TRACE_KERNEL: execute interrupt
05-27 18:38:32.734   581   581 I SpiService: fgesysctrl_getGPIO_status success val=1
05-27 18:38:32.737  1008 30856 D [OMXB]  : usingANWBuffer: handle:0xee747180, format:1, w:1920, h:1080
05-27 08:29:41.698   581   581 D spi_rst_gpio_get_output: GPIO 145 value: 1
05-27 08:29:41.698   581   581 D spidev_ioctl: gpio status=1)
05-27 18:38:32.739   581   581 I SpiService: fgesysctrl_getGPIO_status success val=1
05-27 08:29:41.704   581   581 D spi_rst_gpio_get_output: GPIO 145 value: 1
05-27 08:29:41.704   581   581 D spidev_ioctl: gpio status=1)
05-27 18:38:32.743   299 30841 D EvsDriver: forwardFrame
05-27 18:38:32.744   299 30844 D EvsDriver: forwardFrame
05-27 18:38:32.745   581   581 I SpiService: fgesysctrl_getGPIO_status success val=1
05-27 18:38:32.746   299 30841 D EvsDriver: Delivered 0xb400007b7ca56a60 as id 0
05-27 18:38:32.746  1167  1479 D evsmanagerd: /dev/video4 forwarded the buffer #0 to 0xb4000074bf5f6850 from 0xb4000074bf5f41d0
05-27 08:29:41.710   581   581 D spi_rst_gpio_get_output: GPIO 145 value: 1
05-27 08:29:41.710   581   581 D spidev_ioctl: gpio status=1)
05-27 18:38:32.748 25123 25123 I ADAYO_LOG_TRACE_KERNEL: execute end
05-27 18:38:32.749  1167  1479 D evsmanagerd: /dev/video6 forwarded the buffer #0 to 0xb4000074bf5f5510 from 0xb4000074bf5f6d90
05-27 18:38:32.750   299 30844 D EvsDriver: Delivered 0xb400007b7ca56900 as id 0
05-27 18:38:32.751   581   581 I SpiService: fgesysctrl_getGPIO_status success val=0
05-27 18:38:32.752 13911 14183 I SentryImuMcuAngleSender: 179.98248rollDeg
05-27 18:38:32.752 13911 14183 I SentryImuMcuAngleSender: 1,0,0
05-27 18:38:32.752   299  1153 D EvsDriver: doneWithFrame
05-27 18:38:32.754 13911 13911 I Sentinelmode_1.2.5.17_sentry: <SentinelCarServiceManager>sensorType:291504647
05-27 18:38:32.755   299  1153 D EvsDriver: doneWithFrame
05-27 18:38:32.756   536   536 D commservice260303: msg.id = 1028,0
05-27 18:38:32.756   536   536 D commservice260303: i = 170, msgid = 8A000404
05-27 18:38:32.756   536   536 D commservice260303: msgid = -1979710460,did=138
05-27 18:38:32.756   536   536 D commservice260303: CommProtocolLibCmdBaseI2C::dataproc {"command":{"id":"imu_status","sub":""},"content":{"TimeStamp":10,"FrameCounter":237477,"GD_X":-0.011453153565526009,"GD_Y":0.0051151420921087265,"GD_Z":0.0019848872907459736,"AD_X":-0.0029265135526657104,"AD_Y":9.466265328228474E-5,"AD_Z":-0.16826438903808594,"TempDsp":0,"Status":0,"CalibState":1,"SigAmpInvalid":0}},-1979710460
05-27 18:38:32.756   536   536 D commservice260303: send2Cluster len:318, 7B22636F6D6D616E64223A7B226964223A22696D755F737461747573222C22737562223A22227D2C22636F6E74656E74223A7B2254696D655374616D70223A31302C224672616D65436F756E746572223A3233373437372C2247445F58223A2D302E3031313435333135333536353532363030392C2247445F59223A302E303035313135313432303932313038373236352C2247445F5A223A302E303031393834383837323930373435393733362C2241445F58223A2D302E303032393236353133353532363635373130342C2241445F59223A392E343636323635333238323238343734452D352C2241445F5A223A2D302E31363832363433383930333830383539342C2254656D70447370223A302C22537461747573223A302C2243616C69625374617465223A312C22536967416D70496E76616C6964223A307D7D, 138 
05-27 18:38:32.756   536   536 D commservice260303: Push Message into SendPool fn=1004471040
05-27 18:38:32.756   536   536 D commservice260303: ComProtocolLibSend2Cluster::send2ClusterRaw fn=1004471040 , len=334
05-27 18:38:32.756   536   536 D commservice260303: sendCmdToPort :334!!!
05-27 18:38:32.756   536   536 D commservice260303: send Cmd To Port ++++5AA5014A8A010003DF3B6A16C9A87B22636F6D6D616E64223A7B226964223A22696D755F737461747573222C22737562223A22227D2C22636F6E74656E74223A7B2254696D655374616D70223A31302C224672616D65436F756E746572223A3233373437372C2247445F58223A2D302E3031313435333135333536353532363030392C2247445F59223A302E303035313135313432303932313038373236352C2247445F5A223A302E303031393834383837323930373435393733362C2241445F58223A2D302E303032393236353133353532363635373130342C2241445F59223A392E343636323635333238323238343734452D352C2241445F5A223A2D302E31363832363433383930333830383539342C2254656D70447370223A302C22537461747573223A302C2243616C69625374617465223A312C22536967416D70496E76616C6964223A307D7D7C99
05-27 18:38:32.756   536   536 D commservice260303: bufferevent_write retrun value = 0
05-27 18:38:32.756   536   560 D commservice260303: client datas send succeed,send finish
05-27 18:38:32.758 13911 14192 D Sentinelmode_1.2.5.17_sentry: <SentryImuClusterFgeSender>imu_status sent to Linux, frame=237477, tsNs=10179999, tsMs=10, intervalMs=39, ad=(-0.0029265136,9.466265E-5,-0.16826439), gd=(-0.011453154,0.005115142,0.0019848873)
05-27 08:29:41.716   581   581 D spi_rst_gpio_get_output: GPIO 145 value: 0
05-27 08:29:41.716   581   581 D spidev_ioctl: gpio status=0)
05-27 08:29:41.721     1     1 I init    : Service 'trace_kernel' (pid 25097) exited with status 0
05-27 08:29:41.721     1     1 I init    : Sending signal 9 to service 'trace_kernel' (pid 25097) process group...
05-27 08:29:41.722     1     1 I libprocessgroup: Successfully killed process cgroup uid 0 pid 25097 in 0ms
05-27 18:38:32.760  1008 30857 D [OMXB]  : usingANWBuffer: handle:0xee740d20, format:1, w:1920, h:1080
05-27 18:38:32.761 25024 25053 D ANWStack: Realtek Bluetooth :01 01 10 00
05-27 18:38:32.764   283   307 I rvcservice: t.code = 3, t.value = 0
05-27 18:38:32.766   581   581 I SpiService: fgesysctrl_getGPIO_status success val=1
05-27 18:38:32.767   572   622 I Sensors : 230 GyroSensor: x:-0.011148,y:0.005192,z:0.002214
05-27 08:29:41.731   581   581 D spi_rst_gpio_get_output: GPIO 145 value: 1
05-27 08:29:41.731   581   581 D spidev_ioctl: gpio status=1)
05-27 18:38:32.771   299 30844 D EvsDriver: forwardFrame
05-27 18:38:32.772   299 30841 D EvsDriver: forwardFrame
05-27 18:38:32.772   581   581 I SpiService: fgesysctrl_getGPIO_status success val=1
05-27 18:38:32.773 13911 14183 I SentryImuMcuAngleSender: 179.97546rollDeg
05-27 18:38:32.773 13911 14183 I SentryImuMcuAngleSender: 1,0,0
05-27 18:38:32.774   299 30841 D EvsDriver: Delivered 0xb400007b7ca56a60 as id 0
05-27 18:38:32.774  1167  1479 D evsmanagerd: /dev/video4 forwarded the buffer #0 to 0xb4000074bf5f6850 from 0xb4000074bf5f41d0
05-27 08:29:41.737   581   581 D spi_rst_gpio_get_output: GPIO 145 value: 1
05-27 08:29:41.737   581   581 D spidev_ioctl: gpio status=1)
05-27 18:38:32.774 30773 30773 E dvr_service_: [myNum:0] Received S**** loss
05-27 18:38:32.774   299  1153 D EvsDriver: doneWithFrame
05-27 18:38:32.774   299 30844 D EvsDriver: Delivered 0xb400007b7ca56900 as id 0
05-27 18:38:32.774  1167  1479 D evsmanagerd: /dev/video6 forwarded the buffer #0 to 0xb4000074bf5f5510 from 0xb4000074bf5f6d90
05-27 18:38:32.775 30773 30773 E dvr_service_: [myNum:1] Received S**** loss
05-27 18:38:32.775   299  1153 D EvsDriver: doneWithFrame
05-27 18:38:32.778   581   581 I SpiService: fgesysctrl_getGPIO_status success val=1
05-27 08:29:41.743   581   581 D spi_rst_gpio_get_output: GPIO 145 value: 1
05-27 08:29:41.743   581   581 D spidev_ioctl: gpio status=1)
05-27 18:38:32.783   581   581 I SpiService: fgesysctrl_getGPIO_status success val=1
05-27 08:29:41.748   581   581 D spi_rst_gpio_get_output: GPIO 145 value: 1
05-27 08:29:41.748   581   581 D spidev_ioctl: gpio status=1)
05-27 18:38:32.786  1008 30856 D [OMXB]  : usingANWBuffer: handle:0xee740590, format:1, w:1920, h:1080
05-27 18:38:32.789   581   581 I SpiService: fgesysctrl_getGPIO_status success val=0
05-27 08:29:41.754   581   581 D spi_rst_gpio_get_output: GPIO 145 value: 0
05-27 08:29:41.754   581   581 D spidev_ioctl: gpio status=0)
05-27 18:38:32.794 13911 14183 I SentryImuMcuAngleSender: 179.97195rollDeg
05-27 18:38:32.794 13911 14183 I SentryImuMcuAngleSender: 1,0,0
05-27 18:38:32.796   536   536 D commservice260303: msg.id = 1028,1
05-27 18:38:32.796   536   536 D commservice260303: i = 170, msgid = 8A000404
05-27 18:38:32.796   536   536 D commservice260303: msgid = -1979710460,did=138
05-27 18:38:32.796   536   536 D commservice260303: CommProtocolLibCmdBaseI2C::dataproc {"command":{"id":"imu_status","sub":""},"content":{"TimeStamp":10,"FrameCounter":237478,"GD_X":-0.01091896090656519,"GD_Y":0.00549693126231432,"GD_Z":0.0022902146447449923,"AD_X":-0.002925887703895569,"AD_Y":0.0025203723926097155,"AD_Z":-0.16582298278808594,"TempDsp":0,"Status":0,"CalibState":1,"SigAmpInvalid":0}},-1979710460
05-27 18:38:32.796   536   536 D commservice260303: send2Cluster len:315, 7B22636F6D6D616E64223A7B226964223A22696D755F737461747573222C22737562223A22227D2C22636F6E74656E74223A7B2254696D655374616D70223A31302C224672616D65436F756E746572223A3233373437382C2247445F58223A2D302E30313039313839363039303635363531392C2247445F59223A302E30303534393639333132363233313433322C2247445F5A223A302E303032323930323134363434373434393932332C2241445F58223A2D302E3030323932353838373730333839353536392C2241445F59223A302E303032353230333732333932363039373135352C2241445F5A223A2D302E31363538323239383237383830383539342C2254656D70447370223A302C22537461747573223A302C2243616C69625374617465223A312C22536967416D70496E76616C6964223A307D7D, 138 
05-27 18:38:32.796   536   536 D commservice260303: Push Message into SendPool fn=1021248256
05-27 18:38:32.796   536   536 D commservice260303: ComProtocolLibSend2Cluster::send2ClusterRaw fn=1021248256 , len=331
05-27 18:38:32.796   536   536 D commservice260303: sendCmdToPort :331!!!
05-27 18:38:32.796   536   536 D commservice260303: send Cmd To Port ++++5AA501478A010003DF3C6A16C9A87B22636F6D6D616E64223A7B226964223A22696D755F737461747573222C22737562223A22227D2C22636F6E74656E74223A7B2254696D655374616D70223A31302C224672616D65436F756E746572223A3233373437382C2247445F58223A2D302E30313039313839363039303635363531392C2247445F59223A302E30303534393639333132363233313433322C2247445F5A223A302E303032323930323134363434373434393932332C2241445F58223A2D302E3030323932353838373730333839353536392C2241445F59223A302E303032353230333732333932363039373135352C2241445F5A223A2D302E31363538323239383237383830383539342C2254656D70447370223A302C22537461747573223A302C2243616C69625374617465223A312C22536967416D70496E76616C6964223A307D7DB21B
05-27 18:38:32.796   536   536 D commservice260303: bufferevent_write retrun value = 0
05-27 18:38:32.797   536   560 D commservice260303: client datas send succeed,send finish
05-27 18:38:32.797 13911 14192 D Sentinelmode_1.2.5.17_sentry: <SentryImuClusterFgeSender>imu_status sent to Linux, frame=237478, tsNs=10180035, tsMs=10, intervalMs=39, ad=(-0.0029258877,0.0025203724,-0.16582298), gd=(-0.010918961,0.0054969313,0.0022902146)
05-27 18:38:32.803   581   581 I SpiService: fgesysctrl_getGPIO_status success val=1
05-27 08:29:41.767   581   581 D spi_rst_gpio_get_output: GPIO 145 value: 1
05-27 08:29:41.767   581   581 D spidev_ioctl: gpio status=1)
05-27 18:38:32.807   299 30844 D EvsDriver: forwardFrame
05-27 18:38:32.807   299 30841 D EvsDriver: forwardFrame
05-27 18:38:32.808   299 30841 D EvsDriver: Delivered 0xb400007b7ca56a60 as id 0
05-27 18:38:32.808  1167  1479 D evsmanagerd: /dev/video4 forwarded the buffer #0 to 0xb4000074bf5f6850 from 0xb4000074bf5f41d0
05-27 08:29:41.773   581   581 D spi_rst_gpio_get_output: GPIO 145 value: 1
05-27 08:29:41.773   581   581 D spidev_ioctl: gpio status=1)
05-27 18:38:32.808   581   581 I SpiService: fgesysctrl_getGPIO_status success val=1
05-27 18:38:32.809  1167  1479 D evsmanagerd: /dev/video6 forwarded the buffer #0 to 0xb4000074bf5f5510 from 0xb4000074bf5f6d90
05-27 18:38:32.809   299 30844 D EvsDriver: Delivered 0xb400007b7ca56900 as id 0
05-27 18:38:32.810   299  1153 D EvsDriver: doneWithFrame
05-27 18:38:32.811   299  1153 D EvsDriver: doneWithFrame
05-27 08:29:41.779   581   581 D spi_rst_gpio_get_output: GPIO 145 value: 1
05-27 08:29:41.779   581   581 D spidev_ioctl: gpio status=1)
05-27 08:29:41.786   581   581 D spi_rst_gpio_get_output: GPIO 145 value: 1
05-27 08:29:41.786   581   581 D spidev_ioctl: gpio status=1)
05-27 18:38:32.813  1008 30857 D [OMXB]  : usingANWBuffer: handle:0xee7469f0, format:1, w:1920, h:1080
05-27 18:38:32.815   581   581 I SpiService: fgesysctrl_getGPIO_status success val=1
05-27 18:38:32.815 13911 14183 I SentryImuMcuAngleSender: 179.98598rollDeg
05-27 18:38:32.815 13911 14183 I SentryImuMcuAngleSender: 1,0,0
05-27 18:38:32.822   581   581 I SpiService: fgesysctrl_getGPIO_status success val=1
05-27 18:38:32.827   581   581 I SpiService: fgesysctrl_getGPIO_status success val=1
05-27 08:29:41.792   581   581 D spi_rst_gpio_get_output: GPIO 145 value: 1
05-27 08:29:41.792   581   581 D spidev_ioctl: gpio status=1)
05-27 18:38:32.832  1008 30856 D [OMXB]  : usingANWBuffer: handle:0xee742cc0, format:1, w:1920, h:1080
05-27 18:38:32.833   581   581 I SpiService: fgesysctrl_getGPIO_status success val=0
05-27 18:38:32.836 13911 14183 I SentryImuMcuAngleSender: 179.98949rollDeg
05-27 18:38:32.836 13911 14183 I SentryImuMcuAngleSender: 1,0,0
05-27 18:38:32.837   536   536 D commservice260303: msg.id = 1028,2
05-27 18:38:32.837   536   536 D commservice260303: i = 170, msgid = 8A000404
05-27 18:38:32.837   536   536 D commservice260303: msgid = -1979710460,did=138
05-27 18:38:32.837   536   536 D commservice260303: CommProtocolLibCmdBaseI2C::dataproc {"command":{"id":"imu_status","sub":""},"content":{"TimeStamp":10,"FrameCounter":237479,"GD_X":-0.010690094903111458,"GD_Y":0.004505007527768612,"GD_Z":0.0022902146447449923,"AD_X":-4.97281551361084E-4,"AD_Y":-5.279666511341929E-4,"AD_Z":-0.16765213012695312,"TempDsp":0,"Status":0,"CalibState":1,"SigAmpInvalid":0}},-1979710460
