--------- beginning of main
05-27 18:38:29.168   536   536 D commservice260303: msg.id = 1028,0
05-27 18:38:29.168   536   536 D commservice260303: i = 170, msgid = 8A000404
05-27 18:38:29.168   536   536 D commservice260303: msgid = -1979710460,did=138
05-27 18:38:29.168   536   536 D commservice260303: CommProtocolLibCmdBaseI2C::dataproc {"command":{"id":"imu_status","sub":""},"content":{"TimeStamp":10,"FrameCounter":237389,"GD_X":-0.011834942735731602,"GD_Y":0.004656890872865915,"GD_Z":0.002519079949706793,"AD_X":-0.0011087656021118164,"AD_Y":-2.5274232029914856E-5,"AD_Z":-0.16948318481445312,"TempDsp":0,"Status":0,"CalibState":1,"SigAmpInvalid":0}},-1979710460
05-27 18:38:29.169   536   536 D commservice260303: send2Cluster len:318, 7B22636F6D6D616E64223A7B226964223A22696D755F737461747573222C22737562223A22227D2C22636F6E74656E74223A7B2254696D655374616D70223A31302C224672616D65436F756E746572223A3233373338392C2247445F58223A2D302E3031313833343934323733353733313630322C2247445F59223A302E3030343635363839303837323836353931352C2247445F5A223A302E3030323531393037393934393730363739332C2241445F58223A2D302E303031313038373635363032313131383136342C2241445F59223A2D322E35323734323332303239393134383536452D352C2241445F5A223A2D302E31363934383331383438313434353331322C2254656D70447370223A302C22537461747573223A302C2243616C69625374617465223A312C22536967416D70496E76616C6964223A307D7D, 138 
05-27 18:38:29.169   536   536 D commservice260303: Push Message into SendPool fn=-505543936
05-27 18:38:29.169   536   536 D commservice260303: ComProtocolLibSend2Cluster::send2ClusterRaw fn=-505543936 , len=334
05-27 18:38:29.169   536   536 D commservice260303: sendCmdToPort :334!!!
05-27 18:38:29.169   536   536 D commservice260303: send Cmd To Port ++++5AA5014A8A010003DEE16A16C9A57B22636F6D6D616E64223A7B226964223A22696D755F737461747573222C22737562223A22227D2C22636F6E74656E74223A7B2254696D655374616D70223A31302C224672616D65436F756E746572223A3233373338392C2247445F58223A2D302E3031313833343934323733353733313630322C2247445F59223A302E3030343635363839303837323836353931352C2247445F5A223A302E3030323531393037393934393730363739332C2241445F58223A2D302E303031313038373635363032313131383136342C2241445F59223A2D322E35323734323332303239393134383536452D352C2241445F5A223A2D302E31363934383331383438313434353331322C2254656D70447370223A302C22537461747573223A302C2243616C69625374617465223A312C22536967416D70496E76616C6964223A307D7DAEAE
05-27 18:38:29.169   536   536 D commservice260303: bufferevent_write retrun value = 0
05-27 18:38:29.169 13911 14192 D Sentinelmode_1.2.5.17_sentry: <SentryImuClusterFgeSender>imu_status sent to Linux, frame=237389, tsNs=10176415, tsMs=10, intervalMs=39, ad=(-0.0011087656,-2.5274232E-5,-0.16948318), gd=(-0.011834943,0.004656891,0.00251908)
05-27 18:38:29.169   536   560 D commservice260303: client datas send succeed,send finish
05-27 18:38:29.171   581   581 I SpiService: fgesysctrl_getGPIO_status success val=1
05-27 18:38:29.174 25024 25024 W ziparchive: Unable to open '/system_ext/framework/unisoc-framework.dm': No such file or directory
05-27 18:38:29.174 25024 25024 W ziparchive: Unable to open '/system_ext/framework/unisoc-framework.dm': No such file or directory
05-27 18:38:29.175 13911 14183 I SentryImuMcuAngleSender: 179.986rollDeg
05-27 18:38:29.175 13911 14183 I SentryImuMcuAngleSender: 1,0,0
05-27 18:38:29.176   299 30844 D EvsDriver: forwardFrame
05-27 18:38:29.177   299 30841 D EvsDriver: forwardFrame
05-27 18:38:29.178   581   581 I SpiService: fgesysctrl_getGPIO_status success val=1
05-27 18:38:29.178   299 30844 D EvsDriver: Delivered 0xb400007b7ca56900 as id 0
05-27 18:38:29.178  1167  1479 D evsmanagerd: /dev/video6 forwarded the buffer #0 to 0xb4000074bf5f5510 from 0xb4000074bf5f6d90
05-27 18:38:29.180  1167  1479 D evsmanagerd: /dev/video4 forwarded the buffer #0 to 0xb4000074bf5f6850 from 0xb4000074bf5f41d0
--------- beginning of kernel
05-27 08:29:38.190 11060 11060 E Time_printk_thread: 2026-05-27 18:38:29
05-27 18:38:29.180   299 30841 D EvsDriver: Delivered 0xb400007b7ca56a60 as id 0
05-27 08:29:38.192   581   581 D spi_rst_gpio_get_output: GPIO 145 value: 1
--------- beginning of events
05-27 18:38:29.183 25024 25024 I service_manager_slow: [10,activity]
05-27 18:38:29.184   581   581 I SpiService: fgesysctrl_getGPIO_status success val=1
05-27 18:38:29.184   299  1153 D EvsDriver: doneWithFrame
05-27 18:38:29.185   299  1153 D EvsDriver: doneWithFrame
05-27 18:38:29.186  1008 30857 D [OMXB]  : usingANWBuffer: handle:0xee743ea0, format:1, w:1920, h:1080
05-27 18:38:29.187 10188 10922 I am_proc_bound: [0,25024,com.anwsdk.service:remote]
05-27 18:38:29.188 30773 30786 I dvr_service_: CameraX 0  audioOK: 79296000,audios:1240
05-27 18:38:29.190   581   581 I SpiService: fgesysctrl_getGPIO_status success val=1
05-27 08:29:38.192   581   581 D spidev_ioctl: gpio status=1)
05-27 08:29:38.198   581   581 D spi_rst_gpio_get_output: GPIO 145 value: 1
05-27 08:29:38.198   581   581 D spidev_ioctl: gpio status=1)
05-27 08:29:38.204   581   581 D spi_rst_gpio_get_output: GPIO 145 value: 0
05-27 08:29:38.204   581   581 D spidev_ioctl: gpio status=0)
05-27 08:29:38.219   581   581 D spi_rst_gpio_get_output: GPIO 145 value: 1
05-27 08:29:38.219   581   581 D spidev_ioctl: gpio status=1)
05-27 08:29:38.225   581   581 D spi_rst_gpio_get_output: GPIO 145 value: 1
05-27 08:29:38.225   581   581 D spidev_ioctl: gpio status=1)
05-27 08:29:38.231   581   581 D spi_rst_gpio_get_output: GPIO 145 value: 1
05-27 08:29:38.231   581   581 D spidev_ioctl: gpio status=1)
05-27 08:29:38.236   581   581 D spi_rst_gpio_get_output: GPIO 145 value: 1
05-27 08:29:38.236   581   581 D spidev_ioctl: gpio status=1)
05-27 08:29:38.242   581   581 D spi_rst_gpio_get_output: GPIO 145 value: 0
05-27 08:29:38.242   581   581 D spidev_ioctl: gpio status=0)
05-27 08:29:38.257   581   581 D spi_rst_gpio_get_output: GPIO 145 value: 1
05-27 08:29:38.257   581   581 D spidev_ioctl: gpio status=1)
05-27 08:29:38.263   581   581 D spi_rst_gpio_get_output: GPIO 145 value: 1
05-27 08:29:38.263   581   581 D spidev_ioctl: gpio status=1)
05-27 08:29:38.268   581   581 D spi_rst_gpio_get_output: GPIO 145 value: 1
05-27 08:29:38.268   581   581 D spidev_ioctl: gpio status=1)
05-27 08:29:38.275   581   581 D spi_rst_gpio_get_output: GPIO 145 value: 1
05-27 08:29:38.275   581   581 D spidev_ioctl: gpio status=1)
05-27 08:29:38.281   581   581 D spi_rst_gpio_get_output: GPIO 145 value: 1
05-27 18:38:29.190 10188 10922 I am_create_service: [0,208025669,.anwbtservice,1000,25024]
05-27 08:29:38.281   581   581 D spidev_ioctl: gpio status=1)
05-27 18:38:29.195   581   581 I SpiService: fgesysctrl_getGPIO_status success val=1
05-27 18:38:29.196 13911 14183 I SentryImuMcuAngleSender: 179.98248rollDeg
05-27 18:38:29.196 13911 14183 I SentryImuMcuAngleSender: 1,0,0
05-27 18:38:29.201   581   581 I SpiService: fgesysctrl_getGPIO_status success val=0
05-27 18:38:29.207   299 30841 D EvsDriver: forwardFrame
05-27 18:38:29.208   299 30844 D EvsDriver: forwardFrame
05-27 18:38:29.209  1167  1479 D evsmanagerd: /dev/video4 forwarded the buffer #0 to 0xb4000074bf5f6850 from 0xb4000074bf5f41d0
05-27 18:38:29.210   299 30841 D EvsDriver: Delivered 0xb400007b7ca56a60 as id 0
05-27 18:38:29.210   536   536 D commservice260303: msg.id = 1028,1
05-27 18:38:29.210   536   536 D commservice260303: i = 170, msgid = 8A000404
05-27 18:38:29.210   536   536 D commservice260303: msgid = -1979710460,did=138
05-27 18:38:29.210   536   536 D commservice260303: CommProtocolLibCmdBaseI2C::dataproc {"command":{"id":"imu_status","sub":""},"content":{"TimeStamp":10,"FrameCounter":237390,"GD_X":-0.011910883709788322,"GD_Y":0.005039200186729431,"GD_Z":0.0023671966046094894,"AD_X":-0.0035522282123565674,"AD_Y":-2.6799505576491356E-5,"AD_Z":-0.16704368591308594,"TempDsp":0,"Status":0,"CalibState":1,"SigAmpInvalid":0}},-1979710460
05-27 18:38:29.210   536   536 D commservice260303: send2Cluster len:319, 7B22636F6D6D616E64223A7B226964223A22696D755F737461747573222C22737562223A22227D2C22636F6E74656E74223A7B2254696D655374616D70223A31302C224672616D65436F756E746572223A3233373339302C2247445F58223A2D302E3031313931303838333730393738383332322C2247445F59223A302E3030353033393230303138363732393433312C2247445F5A223A302E303032333637313936363034363039343839342C2241445F58223A2D302E303033353532323238323132333536353637342C2241445F59223A2D322E36373939353035353736343931333536452D352C2241445F5A223A2D302E31363730343336383539313330383539342C2254656D70447370223A302C22537461747573223A302C2243616C69625374617465223A312C22536967416D70496E76616C6964223A307D7D, 138 
05-27 18:38:29.210   536   536 D commservice260303: Push Message into SendPool fn=-488766720
05-27 18:38:29.210   536   536 D commservice260303: ComProtocolLibSend2Cluster::send2ClusterRaw fn=-488766720 , len=335
05-27 18:38:29.210   536   536 D commservice260303: sendCmdToPort :335!!!
05-27 18:38:29.210   536   536 D commservice260303: send Cmd To Port ++++5AA5014B8A010003DEE26A16C9A57B22636F6D6D616E64223A7B226964223A22696D755F737461747573222C22737562223A22227D2C22636F6E74656E74223A7B2254696D655374616D70223A31302C224672616D65436F756E746572223A3233373339302C2247445F58223A2D302E3031313931303838333730393738383332322C2247445F59223A302E3030353033393230303138363732393433312C2247445F5A223A302E303032333637313936363034363039343839342C2241445F58223A2D302E303033353532323238323132333536353637342C2241445F59223A2D322E36373939353035353736343931333536452D352C2241445F5A223A2D302E31363730343336383539313330383539342C2254656D70447370223A302C22537461747573223A302C2243616C69625374617465223A312C22536967416D70496E76616C6964223A307D7D1966
05-27 18:38:29.210   536   536 D commservice260303: bufferevent_write retrun value = 0
05-27 18:38:29.210   536   560 D commservice260303: client datas send succeed,send finish
05-27 18:38:29.211 13911 14192 D Sentinelmode_1.2.5.17_sentry: <SentryImuClusterFgeSender>imu_status sent to Linux, frame=237390, tsNs=10176451, tsMs=10, intervalMs=41, ad=(-0.0035522282,-2.6799506E-5,-0.16704369), gd=(-0.011910884,0.0050392,0.0023671966)
05-27 18:38:29.211   299 30844 D EvsDriver: Delivered 0xb400007b7ca56900 as id 0
05-27 18:38:29.211  1167  1479 D evsmanagerd: /dev/video6 forwarded the buffer #0 to 0xb4000074bf5f5510 from 0xb4000074bf5f6d90
05-27 18:38:29.214   299  1153 D EvsDriver: doneWithFrame
05-27 18:38:29.214   299  1153 D EvsDriver: doneWithFrame
05-27 18:38:29.215  1008 30857 D [OMXB]  : usingANWBuffer: handle:0xee742cc0, format:1, w:1920, h:1080
05-27 18:38:29.216 30773 30789 I dvr_service_: Camera 1: MediaOK:79368379, frames:1880, isKeyFrame:0,pts:10176276631
05-27 18:38:29.216   581   581 I SpiService: fgesysctrl_getGPIO_status success val=1
05-27 18:38:29.217 13911 14183 I SentryImuMcuAngleSender: 179.98598rollDeg
05-27 18:38:29.217 13911 14183 I SentryImuMcuAngleSender: 1,0,0
05-27 18:38:29.222   581   581 I SpiService: fgesysctrl_getGPIO_status success val=1
05-27 18:38:29.228   581   581 I SpiService: fgesysctrl_getGPIO_status success val=1
05-27 18:38:29.232  1008 30856 D [OMXB]  : usingANWBuffer: handle:0xee746ec0, format:1, w:1920, h:1080
05-27 18:38:29.234   581   581 I SpiService: fgesysctrl_getGPIO_status success val=1
05-27 18:38:29.237   572   572 I Sensors : 230 GyroSensor: x:-0.011301,y:0.005268,z:0.001679
05-27 18:38:29.238 13911 14183 I SentryImuMcuAngleSender: 179.986rollDeg
05-27 18:38:29.238 13911 14183 I SentryImuMcuAngleSender: 1,0,0
05-27 18:38:29.238 25024 25024 D CompatibilityChangeReporter: Compat change id reported: 171979766; UID 1000; state: ENABLED
05-27 18:38:29.239   581   581 I SpiService: fgesysctrl_getGPIO_status success val=0
05-27 18:38:29.244   299 30844 D EvsDriver: forwardFrame
05-27 18:38:29.245   299 30841 D EvsDriver: forwardFrame
05-27 18:38:29.248   299 30841 D EvsDriver: Delivered 0xb400007b7ca56a60 as id 0
05-27 18:38:29.248  1167  1479 D evsmanagerd: /dev/video4 forwarded the buffer #0 to 0xb4000074bf5f6850 from 0xb4000074bf5f41d0
05-27 18:38:29.248  1167  1167 D evsmanagerd: /dev/video6 forwarded the buffer #0 to 0xb4000074bf5f5510 from 0xb4000074bf5f6d90
05-27 18:38:29.248   299 30844 D EvsDriver: Delivered 0xb400007b7ca56900 as id 0
05-27 18:38:29.251   536   536 D commservice260303: msg.id = 1028,0
05-27 18:38:29.251   536   536 D commservice260303: i = 170, msgid = 8A000404
05-27 18:38:29.251   536   536 D commservice260303: msgid = -1979710460,did=138
05-27 18:38:29.251   536   536 D commservice260303: CommProtocolLibCmdBaseI2C::dataproc {"command":{"id":"imu_status","sub":""},"content":{"TimeStamp":10,"FrameCounter":237391,"GD_X":-0.011300750076770782,"GD_Y":0.005268065724521875,"GD_Z":0.001679039909504354,"AD_X":-0.005364865064620972,"AD_Y":0.0011890768073499203,"AD_Z":-0.1719226837158203,"TempDsp":0,"Status":0,"CalibState":1,"SigAmpInvalid":0}},-1979710460
05-27 18:38:29.251   536   536 D commservice260303: send2Cluster len:315, 7B22636F6D6D616E64223A7B226964223A22696D755F737461747573222C22737562223A22227D2C22636F6E74656E74223A7B2254696D655374616D70223A31302C224672616D65436F756E746572223A3233373339312C2247445F58223A2D302E3031313330303735303037363737303738322C2247445F59223A302E3030353236383036353732343532313837352C2247445F5A223A302E3030313637393033393930393530343335342C2241445F58223A2D302E3030353336343836353036343632303937322C2241445F59223A302E303031313839303736383037333439393230332C2241445F5A223A2D302E313731393232363833373135383230332C2254656D70447370223A302C22537461747573223A302C2243616C69625374617465223A312C22536967416D70496E76616C6964223A307D7D, 138 
05-27 18:38:29.251   536   536 D commservice260303: Push Message into SendPool fn=-471989504
05-27 18:38:29.251   536   536 D commservice260303: ComProtocolLibSend2Cluster::send2ClusterRaw fn=-471989504 , len=331
05-27 18:38:29.251   536   536 D commservice260303: sendCmdToPort :331!!!
05-27 18:38:29.251   536   536 D commservice260303: send Cmd To Port ++++5AA501478A010003DEE36A16C9A57B22636F6D6D616E64223A7B226964223A22696D755F737461747573222C22737562223A22227D2C22636F6E74656E74223A7B2254696D655374616D70223A31302C224672616D65436F756E746572223A3233373339312C2247445F58223A2D302E3031313330303735303037363737303738322C2247445F59223A302E3030353236383036353732343532313837352C2247445F5A223A302E3030313637393033393930393530343335342C2241445F58223A2D302E3030353336343836353036343632303937322C2241445F59223A302E303031313839303736383037333439393230332C2241445F5A223A2D302E313731393232363833373135383230332C2254656D70447370223A302C22537461747573223A302C2243616C69625374617465223A312C22536967416D70496E76616C6964223A307D7D845A
05-27 18:38:29.251   536   536 D commservice260303: bufferevent_write retrun value = 0
05-27 18:38:29.251   283   307 I rvcservice: t.code = 2, t.value = 9971670
05-27 18:38:29.251   299  1153 D EvsDriver: doneWithFrame
05-27 18:38:29.251   299  1163 D EvsDriver: doneWithFrame
05-27 18:38:29.251   536   560 D commservice260303: client datas send succeed,send finish
05-27 18:38:29.254   581   581 I SpiService: fgesysctrl_getGPIO_status success val=1
05-27 18:38:29.255  1008 30857 D [OMXB]  : usingANWBuffer: handle:0xee740d20, format:1, w:1920, h:1080
05-27 18:38:29.256   481   598 I mcuc    : rev,n=1,6AA681CCF8000B8300E000000000000000004D
05-27 18:38:29.256   351   373 D automotive.vehicle@2.0-adayo-datacomm-mcu: MCUDatacomm sendMessageFromVehicle prop: 0x83, areaId: 0x0, status: 0x0, timestamp: 0x0
05-27 18:38:29.256   351   373 D automotive.vehicle@2.0-adayo-datacomm-mcu: MCUDatacomm 1sendMessageFromVehicle ---> type = 7 
05-27 18:38:29.256 13911 14192 D Sentinelmode_1.2.5.17_sentry: <SentryImuClusterFgeSender>imu_status sent to Linux, frame=237391, tsNs=10176487, tsMs=10, intervalMs=41, ad=(-0.005364865,0.0011890768,-0.17192268), gd=(-0.01130075,0.0052680657,0.0016790399)
05-27 18:38:29.256   351   373 I automotive.vehicle@2.0-adayo-func-mcu: MCUFunc :sendMessageFromVehicle  msgBuff[0] = 131 
05-27 18:38:29.256   351   373 I automotive.vehicle@2.0-adayo-func-mcu: MCUFunc :sendMessageFromVehicle  msgBuff[1] = 0 
05-27 18:38:29.256   351   373 I automotive.vehicle@2.0-adayo-func-mcu: MCUFunc :sendMessageFromVehicle  msgBuff[2] = 0 
05-27 18:38:29.256   351   373 I automotive.vehicle@2.0-adayo-func-mcu: MCUFunc :sendMessageFromVehicle  msgBuff[3] = 0 
05-27 18:38:29.256   351   373 I automotive.vehicle@2.0-adayo-func-mcu: MCUFunc :sendMessageFromVehicle  msgBuff[4] = 3 
05-27 18:38:29.256   351   373 I automotive.vehicle@2.0-adayo-func-mcu: MCUFunc :sendMessageFromVehicle  msgBuff[5] = 1 
05-27 18:38:29.256   351   373 I automotive.vehicle@2.0-adayo-func-mcu: MCUFunc :sendMessageFromVehicle  msgBuff[6] = 0 
05-27 18:38:29.256   351   373 I automotive.vehicle@2.0-adayo-func-mcu: MCUFunc :sendMessageFromVehicle  msgBuff[7] = 0 
05-27 18:38:29.256   351   373 I automotive.vehicle@2.0-adayo-func-mcu: MCUFunc :sendMessageFromVehicle  msgBuff[8] = 0 
05-27 18:38:29.256   351   373 I automotive.vehicle@2.0-adayo-func-mcu: MCUFunc :sendMessageFromVehicle  msgBuff[9] = 0 
05-27 18:38:29.257   351   373 I automotive.vehicle@2.0-adayo-func-mcu: MCUFunc :sendMessageFromVehicle  msgBuff[10] = 0 
05-27 18:38:29.257   351   373 I automotive.vehicle@2.0-adayo-func-mcu: MCUFunc :sendMessageFromVehicle  msgBuff[11] = 0 
05-27 18:38:29.257   351   373 I automotive.vehicle@2.0-adayo-func-mcu: MCUFunc :sendMessageFromVehicle  msgBuff[12] = 0 
05-27 18:38:29.257   351   373 I automotive.vehicle@2.0-adayo-func-mcu: MCUFunc :sendMessageFromVehicle  msgBuff[13] = 0 
05-27 18:38:29.257   351   373 I automotive.vehicle@2.0-adayo-func-mcu: MCUFunc :sendMessageFromVehicle  msgBuff[14] = 0 
05-27 18:38:29.257   351   373 I automotive.vehicle@2.0-adayo-func-mcu: MCUFunc :sendMessageFromVehicle  msgBuff[15] = 0 
05-27 18:38:29.257   351   373 I automotive.vehicle@2.0-adayo-func-mcu: MCUFunc :sendMessageFromVehicle  msgBuff[16] = 0 
05-27 18:38:29.258   481   598 I mcuc    : rev,n=2,6AA681CCF900038415001E
05-27 18:38:29.259 13911 14183 I SentryImuMcuAngleSender: 179.97197rollDeg
05-27 18:38:29.259 13911 14183 I SentryImuMcuAngleSender: 1,0,0
05-27 18:38:29.260   581   581 I SpiService: fgesysctrl_getGPIO_status success val=1
05-27 18:38:29.261   481   598 I mcuc    : rev,n=3,6AA681CCFA008C8305000055000000B00000000000010001000009F535B1BDC0D135BF35BDF3A235BE6B7B35BFB20CBC8590197C00000000040000B3000000000000000000000000000000B44300000000000300000000000000AA000000E40701010000000000000000BB06050507EA051B000008009403CB00CC000000000000000000000000000000B50000000000000000F1
05-27 18:38:29.261   351   373 D automotive.vehicle@2.0-adayo-datacomm-mcu: MCUDatacomm sendMessageFromVehicle prop: 0x83, areaId: 0x5, status: 0x0, timestamp: 0x0
05-27 18:38:29.261   351   373 D automotive.vehicle@2.0-adayo-datacomm-mcu: MCUDatacomm 1sendMessageFromVehicle ---> type = 7 
05-27 18:38:29.261   351   373 I automotive.vehicle@2.0-adayo-func-mcu: MCUFunc :sendMessageFromVehicle  msgBuff[0] = 131 
05-27 18:38:29.261   351   373 I automotive.vehicle@2.0-adayo-func-mcu: MCUFunc :sendMessageFromVehicle  msgBuff[1] = 5 
05-27 18:38:29.261   351   373 I automotive.vehicle@2.0-adayo-func-mcu: MCUFunc :sendMessageFromVehicle  msgBuff[2] = 0 
05-27 18:38:29.262   351   373 I automotive.vehicle@2.0-adayo-func-mcu: MCUFunc :sendMessageFromVehicle  msgBuff[3] = 0 
05-27 18:38:29.262   351   373 I automotive.vehicle@2.0-adayo-func-mcu: MCUFunc :sendMessageFromVehicle  msgBuff[4] = 85 
05-27 18:38:29.262   351   373 I automotive.vehicle@2.0-adayo-func-mcu: MCUFunc :sendMessageFromVehicle  msgBuff[5] = 0 
05-27 18:38:29.263 15112 16863 D okhttp.TaskRunner: Q10000 scheduled after   0 µs: OkHttp ConnectionPool
05-27 18:38:29.263   481   598 I mcuc    : rev,n=4,6AA681CCFB009E8B30028601020403A0030000030100000100000000002901A100000000003B000202000002020002A208FA29018000028000038000048000A3058000068000070000080000000000A4000000000000000000000101000700A5020000000A0102000200FF0100A687DD01010101010000000101010000000A0A0A0000010101040402020000000000000000000000000000000000000000000000000000EEF1
05-27 18:38:29.265 15112 24946 D okhttp.TaskRunner: Q10000 starting              : OkHttp ConnectionPool
05-27 18:38:29.265 15112 24946 D okhttp.TaskRunner: Q10000 run again after 293 s : OkHttp ConnectionPool
05-27 18:38:29.265 15112 24946 D okhttp.TaskRunner: Q10000 finished run in 549 µs: OkHttp ConnectionPool
05-27 18:38:29.265 25024 25024 D CompatibilityInfo: applyToConfigurationCompat inoutConfig.densityDpi= 160
--------- beginning of system
05-27 18:38:29.266 10188 10922 D NetworkPolicy: Blocked state of 10080: {blocked=NONE,allowed=FOREGROUND|METERED_FOREGROUND,effective=NONE}
05-27 18:38:29.266   581   581 I SpiService: fgesysctrl_getGPIO_status success val=1
05-27 18:38:29.272   581   581 I SpiService: fgesysctrl_getGPIO_status success val=1
05-27 18:38:29.277   581   581 I SpiService: fgesysctrl_getGPIO_status success val=0
05-27 18:38:29.277   481   597 I mcuc    : send SPI:6AA602CCF800028300B56AA602CCF9000284159E6AA602CCFA00028305AE6AA602CCFB00028B307A
05-27 18:38:29.278 13911 14183 I SentryImuMcuAngleSender: 179.97195rollDeg
05-27 08:29:38.287   581   581 D spi_rst_gpio_get_output: GPIO 145 value: 0
05-27 08:29:38.287   581   581 D spidev_ioctl: gpio status=0)
05-27 08:29:38.302   581   581 D spi_rst_gpio_get_output: GPIO 145 value: 1
05-27 08:29:38.302   581   581 D spidev_ioctl: gpio status=1)
05-27 08:29:38.308   581   581 D spi_rst_gpio_get_output: GPIO 145 value: 1
05-27 08:29:38.308   581   581 D spidev_ioctl: gpio status=1)
05-27 08:29:38.314   581   581 D spi_rst_gpio_get_output: GPIO 145 value: 1
05-27 08:29:38.314   581   581 D spidev_ioctl: gpio status=1)
05-27 08:29:38.320   581   581 D spi_rst_gpio_get_output: GPIO 145 value: 1
05-27 08:29:38.320   581   581 D spidev_ioctl: gpio status=1)
05-27 08:29:38.326   581   581 D spi_rst_gpio_get_output: GPIO 145 value: 0
05-27 08:29:38.326   581   581 D spidev_ioctl: gpio status=0)
05-27 08:29:38.341   581   581 D spi_rst_gpio_get_output: GPIO 145 value: 1
05-27 08:29:38.341   581   581 D spidev_ioctl: gpio status=1)
05-27 08:29:38.346   581   581 D spi_rst_gpio_get_output: GPIO 145 value: 1
05-27 08:29:38.346   581   581 D spidev_ioctl: gpio status=1)
05-27 08:29:38.352   581   581 D spi_rst_gpio_get_output: GPIO 145 value: 1
05-27 08:29:38.352   581   581 D spidev_ioctl: gpio status=1)
05-27 08:29:38.357   581   581 D spi_rst_gpio_get_output: GPIO 145 value: 1
05-27 08:29:38.357   581   581 D spidev_ioctl: gpio status=1)
05-27 08:29:38.363   581   581 D spi_rst_gpio_get_output: GPIO 145 value: 1
05-27 18:38:29.278 13911 14183 I SentryImuMcuAngleSender: 1,0,0
05-27 08:29:38.363   581   581 D spidev_ioctl: gpio status=1)
05-27 18:38:29.280  1008 30856 D [OMXB]  : usingANWBuffer: handle:0xee744fd0, format:1, w:1920, h:1080
05-27 08:29:38.368   581   581 D spi_rst_gpio_get_output: GPIO 145 value: 0
05-27 08:29:38.368   581   581 D spidev_ioctl: gpio status=0)
05-27 08:29:38.384   581   581 D spi_rst_gpio_get_output: GPIO 145 value: 1
05-27 08:29:38.384   581   581 D spidev_ioctl: gpio status=1)
05-27 08:29:38.385     0     0 W         : c6 [    C6] Irq_monitor:Irq                                           IPI[1]occur        6875 times interval 1032 ms
05-27 08:29:38.389   581   581 D spi_rst_gpio_get_output: GPIO 145 value: 1
05-27 08:29:38.389   581   581 D spidev_ioctl: gpio status=1)
05-27 08:29:38.395   581   581 D spi_rst_gpio_get_output: GPIO 145 value: 1
05-27 18:38:29.284   299 30844 D EvsDriver: forwardFrame
05-27 18:38:29.285   299 30841 D EvsDriver: forwardFrame
05-27 18:38:29.287  1167  1167 D evsmanagerd: /dev/video6 forwarded the buffer #0 to 0xb4000074bf5f5510 from 0xb4000074bf5f6d90
05-27 18:38:29.288   299 30844 D EvsDriver: Delivered 0xb400007b7ca56900 as id 0
05-27 08:29:38.395   581   581 D spidev_ioctl: gpio status=1)
05-27 18:38:29.288 30773 30782 I dvr_service_: [myNum:1][onFrameReceived] Received Surface:1 0
05-27 18:38:29.288 30773 30782 E dvr_service_: [myNum:1] Received S**** loss
05-27 08:29:38.400   581   581 D spi_rst_gpio_get_output: GPIO 145 value: 1
05-27 08:29:38.400   581   581 D spidev_ioctl: gpio status=1)
05-27 08:29:38.406   581   581 D spi_rst_gpio_get_output: GPIO 145 value: 0
05-27 18:38:29.288   299  1163 D EvsDriver: doneWithFrame
05-27 08:29:38.406   581   581 D spidev_ioctl: gpio status=0)
05-27 18:38:29.290   536   536 D commservice260303: msg.id = 1028,1
05-27 08:29:38.421   581   581 D spi_rst_gpio_get_output: GPIO 145 value: 1
05-27 18:38:29.290   536   536 D commservice260303: i = 170, msgid = 8A000404
05-27 08:29:38.421   581   581 D spidev_ioctl: gpio status=1)
05-27 18:38:29.290   536   536 D commservice260303: msgid = -1979710460,did=138
05-27 18:38:29.290   536   536 D commservice260303: CommProtocolLibCmdBaseI2C::dataproc {"command":{"id":"imu_status","sub":""},"content":{"TimeStamp":10,"FrameCounter":237392,"GD_X":-0.011759000830352306,"GD_Y":0.005039200186729431,"GD_Z":0.002213752595707774,"AD_X":-0.0029218047857284546,"AD_Y":0.0023943509440869093,"AD_Z":-0.16582298278808594,"TempDsp":0,"Status":0,"CalibState":1,"SigAmpInvalid":0}},-1979710460
05-27 18:38:29.290   536   536 D commservice260303: send2Cluster len:317, 7B22636F6D6D616E64223A7B226964223A22696D755F737461747573222C22737562223A22227D2C22636F6E74656E74223A7B2254696D655374616D70223A31302C224672616D65436F756E746572223A3233373339322C2247445F58223A2D302E3031313735393030303833303335323330362C2247445F59223A302E3030353033393230303138363732393433312C2247445F5A223A302E3030323231333735323539353730373737342C2241445F58223A2D302E303032393231383034373835373238343534362C2241445F59223A302E303032333934333530393434303836393039332C2241445F5A223A2D302E31363538323239383237383830383539342C2254656D70447370223A302C22537461747573223A302C2243616C69625374617465223A312C22536967416D70496E76616C6964223A307D7D, 138 
05-27 18:38:29.290   536   536 D commservice260303: Push Message into SendPool fn=-455212288
05-27 18:38:29.290   536   536 D commservice260303: ComProtocolLibSend2Cluster::send2ClusterRaw fn=-455212288 , len=333
05-27 18:38:29.290   536   536 D commservice260303: sendCmdToPort :333!!!
05-27 18:38:29.290   536   536 D commservice260303: send Cmd To Port ++++5AA501498A010003DEE46A16C9A57B22636F6D6D616E64223A7B226964223A22696D755F737461747573222C22737562223A22227D2C22636F6E74656E74223A7B2254696D655374616D70223A31302C224672616D65436F756E746572223A3233373339322C2247445F58223A2D302E3031313735393030303833303335323330362C2247445F59223A302E3030353033393230303138363732393433312C2247445F5A223A302E3030323231333735323539353730373737342C2241445F58223A2D302E303032393231383034373835373238343534362C2241445F59223A302E303032333934333530393434303836393039332C2241445F5A223A2D302E31363538323239383237383830383539342C2254656D70447370223A302C22537461747573223A302C2243616C69625374617465223A312C22536967416D70496E76616C6964223A307D7DD7A1
05-27 18:38:29.290   536   536 D commservice260303: bufferevent_write retrun value = 0
05-27 18:38:29.290   536   560 D commservice260303: client datas send succeed,send finish
05-27 18:38:29.290 13911 14192 D Sentinelmode_1.2.5.17_sentry: <SentryImuClusterFgeSender>imu_status sent to Linux, frame=237392, tsNs=10176524, tsMs=10, intervalMs=39, ad=(-0.0029218048,0.002394351,-0.16582298), gd=(-0.011759001,0.0050392,0.0022137526)
05-27 18:38:29.290   299 30841 D EvsDriver: Delivered 0xb400007b7ca56a60 as id 0
05-27 18:38:29.291  1167  1167 D evsmanagerd: /dev/video4 forwarded the buffer #0 to 0xb4000074bf5f6850 from 0xb4000074bf5f41d0
05-27 18:38:29.291 30773 30782 I dvr_service_: [myNum:0][onFrameReceived] Received Surface:1 0
05-27 18:38:29.291 30773 30782 E dvr_service_: [myNum:0] Received S**** loss
05-27 18:38:29.291   299  1163 D EvsDriver: doneWithFrame
05-27 18:38:29.293   581   581 I SpiService: fgesysctrl_getGPIO_status success val=1
05-27 18:38:29.295  1008 30857 D [OMXB]  : usingANWBuffer: handle:0xee7412a0, format:1, w:1920, h:1080
05-27 18:38:29.296   536   560 D commservice260303: recv len:77, 5AA50049060000003B926A16C9A57B22636F6D6D616E64223A7B226964223A226473695F6C7578222C22737562223A22227D2C22636F6E74656E74223A7B2276616C7565223A3230307D7DFCA7 from server
05-27 18:38:29.296   536  2578 D commservice260303: mcuDataAnalyzeHandle templen:77,len:77,pos:0, 5AA50049060000003B926A16C9A57B22636F6D6D616E64223A7B226964223A226473695F6C7578222C22737562223A22227D2C22636F6E74656E74223A7B2276616C7565223A3230307D7DFCA7 
05-27 18:38:29.296   536  2578 I commservice260303: checksumCal = 64679
05-27 08:29:38.426   581   581 D spi_rst_gpio_get_output: GPIO 145 value: 1
05-27 18:38:29.296   536  2578 D commservice260303: CommProtocolLibCmdBaseC2I::dataproc {"command":{"id":"dsi_lux","sub":""},"content":{"value":200}},6
05-27 08:29:38.426   581   581 D spidev_ioctl: gpio status=1)
05-27 08:29:38.432   581   581 D spi_rst_gpio_get_output: GPIO 145 value: 1
05-27 18:38:29.297   536  2578 D commservice260303: mcuCommMessageManager::notifyMsgToClient hwbinder OK
05-27 08:29:38.432   581   581 D spidev_ioctl: gpio status=1)
05-27 08:29:38.437   581   581 D spi_rst_gpio_get_output: GPIO 145 value: 1
05-27 08:29:38.437   581   581 D spidev_ioctl: gpio status=1)
05-27 08:29:38.443   581   581 D spi_rst_gpio_get_output: GPIO 145 value: 1
05-27 08:29:38.443   581   581 D spidev_ioctl: gpio status=1)
05-27 08:29:38.448   581   581 D spi_rst_gpio_get_output: GPIO 145 value: 0
05-27 08:29:38.448   581   581 D spidev_ioctl: gpio status=0)
05-27 08:29:38.463   581   581 D spi_rst_gpio_get_output: GPIO 145 value: 1
05-27 08:29:38.463   581   581 D spidev_ioctl: gpio status=1)
05-27 18:38:29.297   536  2578 D commservice260303: McuProtocolLibSend2Service::send2Service ret=1
05-27 08:29:38.469   581   581 D spi_rst_gpio_get_output: GPIO 145 value: 1
05-27 08:29:38.469   581   581 D spidev_ioctl: gpio status=1)
05-27 18:38:29.297 12246 12440 D ivicomm_CommManager: fgeComServiceCallback: {"command":{"id":"dsi_lux","sub":""},"content":{"value":200}}
05-27 18:38:29.297 12246 12440 D ivicomm_CallbackManager: registerCallback DSI_LUX: {"value":200} mCommStateCallbackMap size:4
05-27 18:38:29.298 11579 11719 D NSLogUtils_VehicleService: L2A comm state: id=dsi_lux, value=200
05-27 08:29:38.475   581   581 D spi_rst_gpio_get_output: GPIO 145 value: 1
05-27 18:38:29.298 13911 14183 I SentryImuMcuAngleSender: 179.97197rollDeg
05-27 08:29:38.475   581   581 D spidev_ioctl: gpio status=1)
05-27 18:38:29.298 13911 14183 I SentryImuMcuAngleSender: 1,0,0
05-27 08:29:38.481   581   581 D spi_rst_gpio_get_output: GPIO 145 value: 1
05-27 08:29:38.481   581   581 D spidev_ioctl: gpio status=1)
05-27 08:29:38.487   581   581 D spi_rst_gpio_get_output: GPIO 145 value: 0
05-27 08:29:38.488   581   581 D spidev_ioctl: gpio status=0)
05-27 08:29:38.502   581   581 D spi_rst_gpio_get_output: GPIO 145 value: 1
05-27 08:29:38.502   581   581 D spidev_ioctl: gpio status=1)
05-27 08:29:38.508   581   581 D spi_rst_gpio_get_output: GPIO 145 value: 1
05-27 08:29:38.508   581   581 D spidev_ioctl: gpio status=1)
05-27 08:29:38.515   581   581 D spi_rst_gpio_get_output: GPIO 145 value: 1
05-27 08:29:38.515   581   581 D spidev_ioctl: gpio status=1)
05-27 08:29:38.522   581   581 D spi_rst_gpio_get_output: GPIO 145 value: 1
05-27 08:29:38.522   581   581 D spidev_ioctl: gpio status=1)
05-27 08:29:38.527   581   581 D spi_rst_gpio_get_output: GPIO 145 value: 0
05-27 08:29:38.527   581   581 D spidev_ioctl: gpio status=0)
05-27 08:29:38.543   581   581 D spi_rst_gpio_get_output: GPIO 145 value: 1
05-27 08:29:38.543   581   581 D spidev_ioctl: gpio status=1)
05-27 08:29:38.548   581   581 D spi_rst_gpio_get_output: GPIO 145 value: 1
05-27 08:29:38.548   581   581 D spidev_ioctl: gpio status=1)
05-27 08:29:38.554   581   581 D spi_rst_gpio_get_output: GPIO 145 value: 1
05-27 08:29:38.554   581   581 D spidev_ioctl: gpio status=1)
05-27 08:29:38.560   581   581 D spi_rst_gpio_get_output: GPIO 145 value: 1
05-27 08:29:38.561   581   581 D spidev_ioctl: gpio status=1)
05-27 08:29:38.566   581   581 D spi_rst_gpio_get_output: GPIO 145 value: 0
05-27 08:29:38.566   581   581 D spidev_ioctl: gpio status=0)
05-27 08:29:38.581   581   581 D spi_rst_gpio_get_output: GPIO 145 value: 1
05-27 08:29:38.581   581   581 D spidev_ioctl: gpio status=1)
05-27 08:29:38.587   581   581 D spi_rst_gpio_get_output: GPIO 145 value: 1
05-27 08:29:38.587   581   581 D spidev_ioctl: gpio status=1)
05-27 08:29:38.592   581   581 D spi_rst_gpio_get_output: GPIO 145 value: 1
05-27 08:29:38.592   581   581 D spidev_ioctl: gpio status=1)
05-27 08:29:38.598   581   581 D spi_rst_gpio_get_output: GPIO 145 value: 1
05-27 08:29:38.598   581   581 D spidev_ioctl: gpio status=1)
05-27 18:38:29.298 11344  6590 D SystemUI_SystemSettingsControllerService: onCommState: commandID = dsi_lux; value = 200
05-27 18:38:29.298   581   581 I SpiService: fgesysctrl_getGPIO_status success val=1
05-27 18:38:29.298 25024 25024 D adservices: Registering AdServices's TopicsManager.
05-27 18:38:29.302 25024 25024 D CompatibilityInfo: applyToConfigurationCompat inoutConfig.densityDpi= 160
05-27 18:38:29.304   581   581 I SpiService: fgesysctrl_getGPIO_status success val=1
05-27 18:38:29.304   299 30841 D EvsDriver: forwardFrame
05-27 18:38:29.304   299 30844 D EvsDriver: forwardFrame
05-27 18:38:29.306   299 30844 D EvsDriver: Delivered 0xb400007b7ca56900 as id 0
05-27 18:38:29.306  1167  1167 D evsmanagerd: /dev/video6 forwarded the buffer #0 to 0xb4000074bf5f5510 from 0xb4000074bf5f6d90
05-27 18:38:29.306   299 30841 D EvsDriver: Delivered 0xb400007b7ca56a60 as id 0
05-27 18:38:29.307  1167  1479 D evsmanagerd: /dev/video4 forwarded the buffer #0 to 0xb4000074bf5f6850 from 0xb4000074bf5f41d0
05-27 18:38:29.311   581   581 I SpiService: fgesysctrl_getGPIO_status success val=1
05-27 18:38:29.312   299  1163 D EvsDriver: doneWithFrame
05-27 18:38:29.313   299  1163 D EvsDriver: doneWithFrame
05-27 18:38:29.317   581   581 I SpiService: fgesysctrl_getGPIO_status success val=1
05-27 18:38:29.318 13911 14183 I SentryImuMcuAngleSender: 179.97197rollDeg
05-27 18:38:29.319 13911 14183 I SentryImuMcuAngleSender: 1,0,0
05-27 18:38:29.320 10188 10922 I DexManager: com.anwsdk.service loads from null-0 : 0 : /system/framework/javax.obex.jar
05-27 18:38:29.320 10188 10922 I DexManager: Could not find owning package for dex file: /system/framework/javax.obex.jar
05-27 18:38:29.322   581   581 I SpiService: fgesysctrl_getGPIO_status success val=0
05-27 18:38:29.324  1008 30856 D [OMXB]  : usingANWBuffer: handle:0xee7427f0, format:1, w:1920, h:1080
05-27 18:38:29.330   536   536 D commservice260303: msg.id = 1028,0
05-27 18:38:29.331   536   536 D commservice260303: i = 170, msgid = 8A000404
05-27 18:38:29.331   536   536 D commservice260303: msgid = -1979710460,did=138
05-27 18:38:29.331   536   536 D commservice260303: CommProtocolLibCmdBaseI2C::dataproc {"command":{"id":"imu_status","sub":""},"content":{"TimeStamp":10,"FrameCounter":237393,"GD_X":-0.01221725158393383,"GD_Y":0.004963258747011423,"GD_Z":0.002443138277158141,"AD_X":-0.0041406601667404175,"AD_Y":0.002371839014813304,"AD_Z":-0.17070293426513672,"TempDsp":0,"Status":0,"CalibState":1,"SigAmpInvalid":0}},-1979710460
05-27 08:29:38.603   581   581 D spi_rst_gpio_get_output: GPIO 145 value: 1
05-27 18:38:29.331   536   536 D commservice260303: send2Cluster len:315, 7B22636F6D6D616E64223A7B226964223A22696D755F737461747573222C22737562223A22227D2C22636F6E74656E74223A7B2254696D655374616D70223A31302C224672616D65436F756E746572223A3233373339332C2247445F58223A2D302E30313232313732353135383339333338332C2247445F59223A302E3030343936333235383734373031313432332C2247445F5A223A302E3030323434333133383237373135383134312C2241445F58223A2D302E303034313430363630313636373430343137352C2241445F59223A302E3030323337313833393031343831333330342C2241445F5A223A2D302E31373037303239333432363531333637322C2254656D70447370223A302C22537461747573223A302C2243616C69625374617465223A312C22536967416D70496E76616C6964223A307D7D, 138 
05-27 08:29:38.603   581   581 D spidev_ioctl: gpio status=1)
05-27 08:29:38.609   581   581 D spi_rst_gpio_get_output: GPIO 145 value: 0
05-27 18:38:29.331   536   536 D commservice260303: Push Message into SendPool fn=-438435072
05-27 08:29:38.609   581   581 D spidev_ioctl: gpio status=0)
05-27 18:38:29.331   536   536 D commservice260303: ComProtocolLibSend2Cluster::send2ClusterRaw fn=-438435072 , len=331
05-27 08:29:38.625   581   581 D spi_rst_gpio_get_output: GPIO 145 value: 1
05-27 18:38:29.331   536   536 D commservice260303: sendCmdToPort :331!!!
05-27 18:38:29.331   536   536 D commservice260303: send Cmd To Port ++++5AA501478A010003DEE56A16C9A57B22636F6D6D616E64223A7B226964223A22696D755F737461747573222C22737562223A22227D2C22636F6E74656E74223A7B2254696D655374616D70223A31302C224672616D65436F756E746572223A3233373339332C2247445F58223A2D302E30313232313732353135383339333338332C2247445F59223A302E3030343936333235383734373031313432332C2247445F5A223A302E3030323434333133383237373135383134312C2241445F58223A2D302E303034313430363630313636373430343137352C2241445F59223A302E3030323337313833393031343831333330342C2241445F5A223A2D302E31373037303239333432363531333637322C2254656D70447370223A302C22537461747573223A302C2243616C69625374617465223A312C22536967416D70496E76616C6964223A307D7D3322
05-27 18:38:29.331   536   536 D commservice260303: bufferevent_write retrun value = 0
05-27 18:38:29.332   536   560 D commservice260303: client datas send succeed,send finish
05-27 18:38:29.332 13911 14192 D Sentinelmode_1.2.5.17_sentry: <SentryImuClusterFgeSender>imu_status sent to Linux, frame=237393, tsNs=10176576, tsMs=10, intervalMs=42, ad=(-0.00414066,0.002371839,-0.17070293), gd=(-0.012217252,0.0049632587,0.0024431383)
05-27 08:29:38.625   581   581 D spidev_ioctl: gpio status=1)
05-27 18:38:29.336 25024 25024 W .service:remote: ClassLoaderContext shared library size mismatch. Expected=0, found=1 (PCL[] | PCL[]{PCL[/system/framework/javax.obex.jar*2267184930]})
05-27 08:29:38.631   581   581 D spi_rst_gpio_get_output: GPIO 145 value: 1
05-27 08:29:38.631   581   581 D spidev_ioctl: gpio status=1)
05-27 08:29:38.636   581   581 D spi_rst_gpio_get_output: GPIO 145 value: 1
05-27 08:29:38.636   581   581 D spidev_ioctl: gpio status=1)
05-27 08:29:38.642   581   581 D spi_rst_gpio_get_output: GPIO 145 value: 1
05-27 08:29:38.642   581   581 D spidev_ioctl: gpio status=1)
05-27 08:29:38.648   581   581 D spi_rst_gpio_get_output: GPIO 145 value: 0
05-27 08:29:38.648   581   581 D spidev_ioctl: gpio status=0)
05-27 08:29:38.663   581   581 D spi_rst_gpio_get_output: GPIO 145 value: 1
05-27 08:29:38.663   581   581 D spidev_ioctl: gpio status=1)
05-27 08:29:38.669   581   581 D spi_rst_gpio_get_output: GPIO 145 value: 1
05-27 08:29:38.669   581   581 D spidev_ioctl: gpio status=1)
05-27 08:29:38.675   581   581 D spi_rst_gpio_get_output: GPIO 145 value: 1
05-27 08:29:38.675   581   581 D spidev_ioctl: gpio status=1)
05-27 08:29:38.681   581   581 D spi_rst_gpio_get_output: GPIO 145 value: 1
05-27 08:29:38.681   581   581 D spidev_ioctl: gpio status=1)
05-27 08:29:38.686   581   581 D spi_rst_gpio_get_output: GPIO 145 value: 1
05-27 08:29:38.686   581   581 D spidev_ioctl: gpio status=1)
05-27 08:29:38.692   581   581 D spi_rst_gpio_get_output: GPIO 145 value: 0
05-27 08:29:38.692   581   581 D spidev_ioctl: gpio status=0)
05-27 08:29:38.708   581   581 D spi_rst_gpio_get_output: GPIO 145 value: 1
05-27 08:29:38.708   581   581 D spidev_ioctl: gpio status=1)
05-27 08:29:38.714   581   581 D spi_rst_gpio_get_output: GPIO 145 value: 1
05-27 08:29:38.714   581   581 D spidev_ioctl: gpio status=1)
05-27 08:29:38.720   581   581 D spi_rst_gpio_get_output: GPIO 145 value: 1
05-27 08:29:38.720   581   581 D spidev_ioctl: gpio status=1)
05-27 08:29:38.726   581   581 D spi_rst_gpio_get_output: GPIO 145 value: 1
05-27 08:29:38.726   581   581 D spidev_ioctl: gpio status=1)
05-27 08:29:38.732   581   581 D spi_rst_gpio_get_output: GPIO 145 value: 0
05-27 08:29:38.732   581   581 D spidev_ioctl: gpio status=0)
05-27 08:29:38.744   280   280 W logd    : Skipping entries from slow reader, pid 19225, fd 17, from LogBuffer::Prune()
05-27 08:29:38.746   581   581 D spi_rst_gpio_get_output: GPIO 145 value: 1
05-27 08:29:38.747   581   581 D spidev_ioctl: gpio status=1)
05-27 08:29:38.752   581   581 D spi_rst_gpio_get_output: GPIO 145 value: 1
05-27 08:29:38.752   581   581 D spidev_ioctl: gpio status=1)
05-27 08:29:38.758   581   581 D spi_rst_gpio_get_output: GPIO 145 value: 1
05-27 08:29:38.758   581   581 D spidev_ioctl: gpio status=1)
05-27 08:29:38.764   581   581 D spi_rst_gpio_get_output: GPIO 145 value: 1
05-27 08:29:38.764   581   581 D spidev_ioctl: gpio status=1)
05-27 08:29:38.769   581   581 D spi_rst_gpio_get_output: GPIO 145 value: 1
05-27 08:29:38.769   581   581 D spidev_ioctl: gpio status=1)
05-27 18:38:29.337  1008 30857 D [OMXB]  : usingANWBuffer: handle:0xee743be0, format:1, w:1920, h:1080
05-27 18:38:29.338   581   581 I SpiService: fgesysctrl_getGPIO_status success val=1
05-27 18:38:29.338 13911 14183 I SentryImuMcuAngleSender: 179.97197rollDeg
05-27 18:38:29.339 13911 14183 I SentryImuMcuAngleSender: 1,0,0
05-27 18:38:29.341   299 30841 D EvsDriver: forwardFrame
05-27 18:38:29.344   581   581 I SpiService: fgesysctrl_getGPIO_status success val=1
05-27 18:38:29.344   572   572 I Sensors : 230 AccelSensor: x:-0.173239,y:0.004880,z:-9.977160
05-27 18:38:29.344   299 30841 D EvsDriver: Delivered 0xb400007b7ca56a60 as id 0
05-27 18:38:29.344  1167  1167 D evsmanagerd: /dev/video4 forwarded the buffer #0 to 0xb4000074bf5f6850 from 0xb4000074bf5f41d0
05-27 18:38:29.346   299 30844 D EvsDriver: forwardFrame
05-27 18:38:29.347 10188 10922 I DexManager: com.anwsdk.service loads from com.anwsdk.service-1 : 0 : /system/app/BluetoothExt/BluetoothExt.apk
05-27 18:38:29.349   299 30844 D EvsDriver: Delivered 0xb400007b7ca56900 as id 0
05-27 18:38:29.349  1167  1167 D evsmanagerd: /dev/video6 forwarded the buffer #0 to 0xb4000074bf5f5510 from 0xb4000074bf5f6d90
05-27 18:38:29.349   581   581 I SpiService: fgesysctrl_getGPIO_status success val=1
05-27 18:38:29.350   299  1163 D EvsDriver: doneWithFrame
05-27 18:38:29.351   283   307 I rvcservice: t.code = 3, t.value = 0
05-27 18:38:29.352   299  1163 D EvsDriver: doneWithFrame
05-27 18:38:29.355   581   581 I SpiService: fgesysctrl_getGPIO_status success val=1
05-27 18:38:29.359 13911 14183 I SentryImuMcuAngleSender: 179.97198rollDeg
05-27 18:38:29.359 13911 14183 I SentryImuMcuAngleSender: 1,0,0
05-27 18:38:29.359  1008 30856 D [OMXB]  : usingANWBuffer: handle:0xee7421c0, format:1, w:1920, h:1080
05-27 18:38:29.361   581   581 I SpiService: fgesysctrl_getGPIO_status success val=0
05-27 18:38:29.367 25024 25024 D CompatibilityInfo: applyToConfigurationCompat inoutConfig.densityDpi= 160
05-27 18:38:29.371   536   536 D commservice260303: msg.id = 1028,0
05-27 18:38:29.371   536   536 D commservice260303: i = 170, msgid = 8A000404
05-27 18:38:29.371   536   536 D commservice260303: msgid = -1979710460,did=138
05-27 18:38:29.371   536   536 D commservice260303: CommProtocolLibCmdBaseI2C::dataproc {"command":{"id":"imu_status","sub":""},"content":{"TimeStamp":10,"FrameCounter":237394,"GD_X":-0.011070843786001205,"GD_Y":0.004656890872865915,"GD_Z":0.0019079053308814764,"AD_X":-0.0065571218729019165,"AD_Y":0.0011404454708099365,"AD_Z":-0.17070293426513672,"TempDsp":0,"Status":0,"CalibState":1,"SigAmpInvalid":0}},-1979710460
05-27 18:38:29.371   536   536 D commservice260303: send2Cluster len:318, 7B22636F6D6D616E64223A7B226964223A22696D755F737461747573222C22737562223A22227D2C22636F6E74656E74223A7B2254696D655374616D70223A31302C224672616D65436F756E746572223A3233373339342C2247445F58223A2D302E3031313037303834333738363030313230352C2247445F59223A302E3030343635363839303837323836353931352C2247445F5A223A302E303031393037393035333330383831343736342C2241445F58223A2D302E303036353537313231383732393031393136352C2241445F59223A302E303031313430343435343730383039393336352C2241445F5A223A2D302E31373037303239333432363531333637322C2254656D70447370223A302C22537461747573223A302C2243616C69625374617465223A312C22536967416D70496E76616C6964223A307D7D, 138 
05-27 18:38:29.371   536   536 D commservice260303: Push Message into SendPool fn=-421657856
05-27 18:38:29.371   536   536 D commservice260303: ComProtocolLibSend2Cluster::send2ClusterRaw fn=-421657856 , len=334
05-27 18:38:29.371   536   536 D commservice260303: sendCmdToPort :334!!!
05-27 18:38:29.371   299 30844 D EvsDriver: forwardFrame
05-27 18:38:29.371   536   536 D commservice260303: send Cmd To Port ++++5AA5014A8A010003DEE66A16C9A57B22636F6D6D616E64223A7B226964223A22696D755F737461747573222C22737562223A22227D2C22636F6E74656E74223A7B2254696D655374616D70223A31302C224672616D65436F756E746572223A3233373339342C2247445F58223A2D302E3031313037303834333738363030313230352C2247445F59223A302E3030343635363839303837323836353931352C2247445F5A223A302E303031393037393035333330383831343736342C2241445F58223A2D302E303036353537313231383732393031393136352C2241445F59223A302E303031313430343435343730383039393336352C2241445F5A223A2D302E31373037303239333432363531333637322C2254656D70447370223A302C22537461747573223A302C2243616C69625374617465223A312C22536967416D70496E76616C6964223A307D7D3834
05-27 18:38:29.372   536   536 D commservice260303: bufferevent_write retrun value = 0
05-27 18:38:29.372   536   560 D commservice260303: client datas send succeed,send finish
05-27 18:38:29.372 13911 14192 D Sentinelmode_1.2.5.17_sentry: <SentryImuClusterFgeSender>imu_status sent to Linux, frame=237394, tsNs=10176612, tsMs=10, intervalMs=39, ad=(-0.006557122,0.0011404455,-0.17070293), gd=(-0.011070844,0.004656891,0.0019079053)
05-27 18:38:29.373  1167  1167 D evsmanagerd: /dev/video6 forwarded the buffer #0 to 0xb4000074bf5f5510 from 0xb4000074bf5f6d90
05-27 18:38:29.373   299 30844 D EvsDriver: Delivered 0xb400007b7ca56900 as id 0
05-27 18:38:29.376  1008 30857 D [OMXB]  : usingANWBuffer: handle:0xee740bc0, format:1, w:1920, h:1080
05-27 18:38:29.376   581   581 I SpiService: fgesysctrl_getGPIO_status success val=1
05-27 18:38:29.376   299  1163 D EvsDriver: doneWithFrame
05-27 18:38:29.380 13911 14183 I SentryImuMcuAngleSender: 179.97899rollDeg
05-27 18:38:29.381 13911 14183 I SentryImuMcuAngleSender: 1,0,0
05-27 18:38:29.382   581   581 I SpiService: fgesysctrl_getGPIO_status success val=1
05-27 18:38:29.382   299 30841 D EvsDriver: forwardFrame
05-27 18:38:29.383   299 30841 D EvsDriver: Delivered 0xb400007b7ca56a60 as id 0
05-27 18:38:29.383  1167  1167 D evsmanagerd: /dev/video4 forwarded the buffer #0 to 0xb4000074bf5f6850 from 0xb4000074bf5f41d0
05-27 18:38:29.384 25024 25024 D libEGL  : <.service:remote>[setCacheFilename]: file=/data/user_de/0/com.anwsdk.service/code_cache/com.android.opengl.shaders_cache
05-27 18:38:29.385   299  1163 D EvsDriver: doneWithFrame
05-27 18:38:29.387   581   581 I SpiService: fgesysctrl_getGPIO_status success val=1
05-27 18:38:29.389   566 11459 I gps_hdbd: Received: '$GNGGA,005420.000,,,,,0,00,,,M,,M,,*65
'
05-27 08:29:38.776   581   581 D spi_rst_gpio_get_output: GPIO 145 value: 0
05-27 18:38:29.393   581   581 I SpiService: fgesysctrl_getGPIO_status success val=1
05-27 08:29:38.776   581   581 D spidev_ioctl: gpio status=0)
05-27 18:38:29.394   566 11459 I gps_hdbd: Received: '$GNGSA,A,1,,,,,,,,,,,,,,,,1*1D
'
05-27 18:38:29.395   566 11459 I gps_hdbd: Received: '$GNGSA,A,1,,,,,,,,,,,,,,,,3*1F
'
05-27 18:38:29.398   581   581 I SpiService: fgesysctrl_getGPIO_status success val=1
05-27 18:38:29.399 25024 25024 D NetworkSecurityConfig: No Network Security Config specified, using platform default
05-27 18:38:29.400 13911 14183 I SentryImuMcuAngleSender: 179.986rollDeg
05-27 18:38:29.400 13911 14183 I SentryImuMcuAngleSender: 1,0,0
05-27 18:38:29.400   566 11459 I gps_hdbd: Received: '$GNGSA,A,1,,,,,,,,,,,,,,,,4*18
'
05-27 18:38:29.400 25024 25024 D NetworkSecurityConfig: No Network Security Config specified, using platform default
05-27 18:38:29.401   566 11459 I gps_hdbd: Received: '$BDGSV,1,1,00,1*75
'
05-27 18:38:29.404   581   581 I SpiService: fgesysctrl_getGPIO_status success val=0
05-27 18:38:29.405  1041  1051 I ThermalCvtGovernor: soc(default) curTemp: 89658 tripTemp: 95000 setPollingDelay: 4000
05-27 18:38:29.405   299 30844 D EvsDriver: forwardFrame
05-27 18:38:29.406   566 11459 I gps_hdbd: Received: '$BDGSV,1,1,00,5*71
'
05-27 18:38:29.406   566 11459 I gps_hdbd: Received: '$GPGSV,1,1,01,199,42,165,,1*60
'
05-27 18:38:29.407   299 30844 D EvsDriver: Delivered 0xb400007b7ca56900 as id 0
05-27 18:38:29.407  1167  1167 D evsmanagerd: /dev/video6 forwarded the buffer #0 to 0xb4000074bf5f5510 from 0xb4000074bf5f6d90
05-27 18:38:29.407   299 30841 D EvsDriver: forwardFrame
05-27 18:38:29.408  1008 30856 D [OMXB]  : usingANWBuffer: handle:0xee740430, format:1, w:1920, h:1080
05-27 18:38:29.411   299  1163 D EvsDriver: doneWithFrame
05-27 18:38:29.412   566 11459 I gps_hdbd: Received: '$GPGSV,1,1,00,8*6D
'
05-27 18:38:29.413   536   536 D commservice260303: msg.id = 1028,1
05-27 18:38:29.413   536   536 D commservice260303: i = 170, msgid = 8A000404
05-27 18:38:29.413   536   536 D commservice260303: msgid = -1979710460,did=138
05-27 18:38:29.413   536   536 D commservice260303: CommProtocolLibCmdBaseI2C::dataproc {"command":{"id":"imu_status","sub":""},"content":{"TimeStamp":10,"FrameCounter":237395,"GD_X":-0.011910883709788322,"GD_Y":0.004733873065561056,"GD_Z":0.0019079053308814764,"AD_X":-0.0047137439250946045,"AD_Y":5.301916971802711E-4,"AD_Z":-0.16765689849853516,"TempDsp":0,"Status":0,"CalibState":1,"SigAmpInvalid":0}},-1979710460
