05-27 08:29:45.441   581   581 D spi_rst_gpio_get_output: GPIO 145 value: 1
05-27 08:29:45.441   581   581 D spidev_ioctl: gpio status=1)
05-27 18:38:36.478   299  1153 D EvsDriver: doneWithFrame
05-27 18:38:36.479   536   536 D commservice260303: msg.id = 1028,0
05-27 18:38:36.480   536   536 D commservice260303: i = 170, msgid = 8A000404
05-27 18:38:36.480   536   536 D commservice260303: msgid = -1979710460,did=138
05-27 18:38:36.480   536   536 D commservice260303: CommProtocolLibCmdBaseI2C::dataproc {"command":{"id":"imu_status","sub":""},"content":{"TimeStamp":10,"FrameCounter":237569,"GD_X":-0.011300750076770782,"GD_Y":0.0056498548947274685,"GD_Z":0.0018319635419175029,"AD_X":-0.004386380314826965,"AD_Y":-0.002438037423416972,"AD_Z":-0.16948318481445312,"TempDsp":0,"Status":0,"CalibState":1,"SigAmpInvalid":0}},-1979710460
05-27 18:38:36.480   536   536 D commservice260303: send2Cluster len:318, 7B22636F6D6D616E64223A7B226964223A22696D755F737461747573222C22737562223A22227D2C22636F6E74656E74223A7B2254696D655374616D70223A31302C224672616D65436F756E746572223A3233373536392C2247445F58223A2D302E3031313330303735303037363737303738322C2247445F59223A302E303035363439383534383934373237343638352C2247445F5A223A302E303031383331393633353431393137353032392C2241445F58223A2D302E3030343338363338303331343832363936352C2241445F59223A2D302E3030323433383033373432333431363937322C2241445F5A223A2D302E31363934383331383438313434353331322C2254656D70447370223A302C22537461747573223A302C2243616C69625374617465223A312C22536967416D70496E76616C6964223A307D7D, 138 
05-27 18:38:36.480   536   536 D commservice260303: Push Message into SendPool fn=-1713437952
05-27 18:38:36.480   536   536 D commservice260303: ComProtocolLibSend2Cluster::send2ClusterRaw fn=-1713437952 , len=334
05-27 18:38:36.480   536   536 D commservice260303: sendCmdToPort :334!!!
05-27 18:38:36.480   536   536 D commservice260303: send Cmd To Port ++++5AA5014A8A010003DF996A16C9AC7B22636F6D6D616E64223A7B226964223A22696D755F737461747573222C22737562223A22227D2C22636F6E74656E74223A7B2254696D655374616D70223A31302C224672616D65436F756E746572223A3233373536392C2247445F58223A2D302E3031313330303735303037363737303738322C2247445F59223A302E303035363439383534383934373237343638352C2247445F5A223A302E303031383331393633353431393137353032392C2241445F58223A2D302E3030343338363338303331343832363936352C2241445F59223A2D302E3030323433383033373432333431363937322C2241445F5A223A2D302E31363934383331383438313434353331322C2254656D70447370223A302C22537461747573223A302C2243616C69625374617465223A312C22536967416D70496E76616C6964223A307D7DC638
05-27 18:38:36.480   536   536 D commservice260303: bufferevent_write retrun value = 0
05-27 18:38:36.481   536   560 D commservice260303: client datas send succeed,send finish
05-27 08:29:45.447   581   581 D spi_rst_gpio_get_output: GPIO 145 value: 1
05-27 08:29:45.447   581   581 D spidev_ioctl: gpio status=1)
05-27 18:38:36.481   299 30844 D EvsDriver: forwardFrame
05-27 18:38:36.482 13911 14192 D Sentinelmode_1.2.5.17_sentry: <SentryImuClusterFgeSender>imu_status sent to Linux, frame=237569, tsNs=10183724, tsMs=10, intervalMs=42, ad=(-0.0043863803,-0.0024380374,-0.16948318), gd=(-0.01130075,0.005649855,0.0018319635)
05-27 18:38:36.483   581   581 I SpiService: fgesysctrl_getGPIO_status success val=1
05-27 18:38:36.483   299 30844 D EvsDriver: Delivered 0xb400007b7ca56900 as id 0
05-27 18:38:36.483  1167  1479 D evsmanagerd: /dev/video6 forwarded the buffer #0 to 0xb4000074bf5f5510 from 0xb4000074bf5f6d90
05-27 18:38:36.486   299  1153 D EvsDriver: doneWithFrame
05-27 18:38:36.488   581   581 I SpiService: fgesysctrl_getGPIO_status success val=1
05-27 08:29:45.453   581   581 D spi_rst_gpio_get_output: GPIO 145 value: 1
05-27 08:29:45.453   581   581 D spidev_ioctl: gpio status=1)
05-27 18:38:36.493   572   572 I Sensors : 230 GyroSensor: x:-0.011530,y:0.005345,z:0.001985
05-27 18:38:36.494   581   581 I SpiService: fgesysctrl_getGPIO_status success val=1
05-27 08:29:45.459   581   581 D spi_rst_gpio_get_output: GPIO 145 value: 1
05-27 08:29:45.459   581   581 D spidev_ioctl: gpio status=1)
05-27 08:29:45.464   581   581 D spi_rst_gpio_get_output: GPIO 145 value: 0
05-27 08:29:45.464   581   581 D spidev_ioctl: gpio status=0)
05-27 18:38:36.495 13911 14183 I SentryImuMcuAngleSender: 179.97197rollDeg
05-27 18:38:36.495 13911 14183 I SentryImuMcuAngleSender: 1,0,0
05-27 18:38:36.496  1008 30856 D [OMXB]  : usingANWBuffer: handle:0xee740dd0, format:1, w:1920, h:1080
05-27 18:38:36.497 30773 30789 I dvr_service_: Camera 0: MediaOK:86534006, frames:2040, isKeyFrame:0,pts:10183437969
05-27 18:38:36.500   581   581 I SpiService: fgesysctrl_getGPIO_status success val=0
05-27 18:38:36.503  1008 30857 D [OMXB]  : usingANWBuffer: handle:0xee744160, format:1, w:1920, h:1080
05-27 18:38:36.505   299 30841 D EvsDriver: forwardFrame
05-27 18:38:36.506   299 30844 D EvsDriver: forwardFrame
05-27 18:38:36.507  1167  1479 D evsmanagerd: /dev/video4 forwarded the buffer #0 to 0xb4000074bf5f6850 from 0xb4000074bf5f41d0
05-27 18:38:36.507   299 30841 D EvsDriver: Delivered 0xb400007b7ca56a60 as id 0
05-27 18:38:36.509  1167  1479 D evsmanagerd: /dev/video6 forwarded the buffer #0 to 0xb4000074bf5f5510 from 0xb4000074bf5f6d90
05-27 18:38:36.509   299 30844 D EvsDriver: Delivered 0xb400007b7ca56900 as id 0
05-27 18:38:36.510   299  1153 D EvsDriver: doneWithFrame
05-27 08:29:45.479   581   581 D spi_rst_gpio_get_output: GPIO 145 value: 1
05-27 08:29:45.479   581   581 D spidev_ioctl: gpio status=1)
05-27 18:38:36.514   581   581 I SpiService: fgesysctrl_getGPIO_status success val=1
05-27 18:38:36.515   299  1153 D EvsDriver: doneWithFrame
05-27 18:38:36.515 13911 14183 I SentryImuMcuAngleSender: 179.97197rollDeg
05-27 18:38:36.516 13911 14183 I SentryImuMcuAngleSender: 1,0,0
05-27 18:38:36.519   536   536 D commservice260303: msg.id = 1028,0
05-27 18:38:36.519   536   536 D commservice260303: i = 170, msgid = 8A000404
05-27 18:38:36.519   536   536 D commservice260303: msgid = -1979710460,did=138
05-27 18:38:36.519   536   536 D commservice260303: CommProtocolLibCmdBaseI2C::dataproc {"command":{"id":"imu_status","sub":""},"content":{"TimeStamp":10,"FrameCounter":237570,"GD_X":-0.011070843786001205,"GD_Y":0.00519212381914258,"GD_Z":0.001679039909504354,"AD_X":-0.004367560148239136,"AD_Y":0.003644784679636359,"AD_Z":-0.16704368591308594,"TempDsp":0,"Status":0,"CalibState":1,"SigAmpInvalid":0}},-1979710460
05-27 18:38:36.519   536   536 D commservice260303: send2Cluster len:314, 7B22636F6D6D616E64223A7B226964223A22696D755F737461747573222C22737562223A22227D2C22636F6E74656E74223A7B2254696D655374616D70223A31302C224672616D65436F756E746572223A3233373537302C2247445F58223A2D302E3031313037303834333738363030313230352C2247445F59223A302E30303531393231323338313931343235382C2247445F5A223A302E3030313637393033393930393530343335342C2241445F58223A2D302E3030343336373536303134383233393133362C2241445F59223A302E3030333634343738343637393633363335392C2241445F5A223A2D302E31363730343336383539313330383539342C2254656D70447370223A302C22537461747573223A302C2243616C69625374617465223A312C22536967416D70496E76616C6964223A307D7D, 138 
05-27 18:38:36.519   536   536 D commservice260303: Push Message into SendPool fn=-1696660736
05-27 18:38:36.519   536   536 D commservice260303: ComProtocolLibSend2Cluster::send2ClusterRaw fn=-1696660736 , len=330
05-27 18:38:36.519   536   536 D commservice260303: sendCmdToPort :330!!!
05-27 18:38:36.519   536   536 D commservice260303: send Cmd To Port ++++5AA501468A010003DF9A6A16C9AC7B22636F6D6D616E64223A7B226964223A22696D755F737461747573222C22737562223A22227D2C22636F6E74656E74223A7B2254696D655374616D70223A31302C224672616D65436F756E746572223A3233373537302C2247445F58223A2D302E3031313037303834333738363030313230352C2247445F59223A302E30303531393231323338313931343235382C2247445F5A223A302E3030313637393033393930393530343335342C2241445F58223A2D302E3030343336373536303134383233393133362C2241445F59223A302E3030333634343738343637393633363335392C2241445F5A223A2D302E31363730343336383539313330383539342C2254656D70447370223A302C22537461747573223A302C2243616C69625374617465223A312C22536967416D70496E76616C6964223A307D7D068C
05-27 18:38:36.520   536   536 D commservice260303: bufferevent_write retrun value = 0
05-27 18:38:36.520   536   560 D commservice260303: client datas send succeed,send finish
05-27 18:38:36.520 13911 14192 D Sentinelmode_1.2.5.17_sentry: <SentryImuClusterFgeSender>imu_status sent to Linux, frame=237570, tsNs=10183765, tsMs=10, intervalMs=38, ad=(-0.00436756,0.0036447847,-0.16704369), gd=(-0.011070844,0.005192124,0.0016790399)
05-27 18:38:36.520   581   581 I SpiService: fgesysctrl_getGPIO_status success val=1
05-27 08:29:45.485   581   581 D spi_rst_gpio_get_output: GPIO 145 value: 1
05-27 08:29:45.485   581   581 D spidev_ioctl: gpio status=1)
05-27 18:38:36.526   581   581 I SpiService: fgesysctrl_getGPIO_status success val=1
05-27 18:38:36.528  1008 30856 D [OMXB]  : usingANWBuffer: handle:0xee743be0, format:1, w:1920, h:1080
05-27 08:29:45.490   581   581 D spi_rst_gpio_get_output: GPIO 145 value: 1
05-27 08:29:45.490   581   581 D spidev_ioctl: gpio status=1)
05-27 18:38:36.531   581   581 I SpiService: fgesysctrl_getGPIO_status success val=1
05-27 18:38:36.532 13549 13549 I ADAYO_LOG_: handleMessage(UsbFunc.java:352)copyQnx = 0
05-27 18:38:36.532 13549 13549 I ADAYO_LOG_: handleMessage(UsbFunc.java:404)copyState = 2
05-27 08:29:45.496   581   581 D spi_rst_gpio_get_output: GPIO 145 value: 1
05-27 08:29:45.496   581   581 D spidev_ioctl: gpio status=1)
05-27 18:38:36.536 13911 14183 I SentryImuMcuAngleSender: 179.95796rollDeg
05-27 18:38:36.536 13911 14183 I SentryImuMcuAngleSender: 1,0,0
05-27 18:38:36.536   299 30844 D EvsDriver: forwardFrame
05-27 18:38:36.537   581   581 I SpiService: fgesysctrl_getGPIO_status success val=0
05-27 18:38:36.539   299 30844 D EvsDriver: Delivered 0xb400007b7ca56900 as id 0
05-27 18:38:36.539  1167  1479 D evsmanagerd: /dev/video6 forwarded the buffer #0 to 0xb4000074bf5f5510 from 0xb4000074bf5f6d90
05-27 08:29:45.502   581   581 D spi_rst_gpio_get_output: GPIO 145 value: 0
05-27 08:29:45.502   581   581 D spidev_ioctl: gpio status=0)
05-27 18:38:36.541   299 30841 D EvsDriver: forwardFrame
05-27 18:38:36.541   299  1153 D EvsDriver: doneWithFrame
05-27 18:38:36.544   536   760 I commservice260303: [mcuCommFunctionTcp::ProtocolCheckConnectTimeOutProc:613] keyID:256,tcpEvent:5,tcpcount:0,heartbeat:1,noHeartBeatNumber:0,endispatch:0,strState:0
05-27 18:38:36.544  1167  1479 D evsmanagerd: /dev/video4 forwarded the buffer #0 to 0xb4000074bf5f6850 from 0xb4000074bf5f41d0
05-27 18:38:36.544   536   760 D commservice260303: ProtocolCheckConnectTimeOutProc,629,clear heartbeat
05-27 18:38:36.544   351   351 D DefaultVehicleHal: setProperty setValues start
05-27 18:38:36.544   351   351 D 2026-5-19:FakeVehicleHardware: setProperty FakeVehicleHardware  ID: 0x11500f31
05-27 18:38:36.545   351   351 D 2026-5-19:FakeVehicleHardware: setProperty id:0x11500f31,value:10183795
05-27 18:38:36.545   351   368 D 2026-5-19:FakeVehicleHardware: setProperty FakeVehicleHardware  setValue START
05-27 18:38:36.545   351   351 D DefaultVehicleHal: setProperty setValues end
05-27 18:38:36.545   351   368 D 2026-5-19:FakeVehicleHardware: setProperty FakeVehicleHardware  setValue end
05-27 18:38:36.546   299 30841 D EvsDriver: Delivered 0xb400007b7ca56a60 as id 0
05-27 18:38:36.547   299  1153 D EvsDriver: doneWithFrame
05-27 18:38:36.552   581   581 I SpiService: fgesysctrl_getGPIO_status success val=1
05-27 08:29:45.517   581   581 D spi_rst_gpio_get_output: GPIO 145 value: 1
05-27 08:29:45.517   581   581 D spidev_ioctl: gpio status=1)
05-27 18:38:36.552   481   598 I mcuc    : rev,n=1,6AA681CD20000A89005801040914123456E9
05-27 18:38:36.553  1121  1144 I tboxmids_ap: [2026-05-27 18:38:36.553] [MCU RX] src=MCU dst=ZMQ len=10 type=BINARY data=00 08 58 01 04 09 14 12 34 56 
05-27 18:38:36.553   351   373 D automotive.vehicle@2.0-adayo-datacomm-mcu: MCUDatacomm sendMessageFromVehicle prop: 0x89, areaId: 0x0, status: 0x58, timestamp: 0x1
05-27 18:38:36.553   351   373 D automotive.vehicle@2.0-adayo-datacomm-mcu: MCUDatacomm 1sendMessageFromVehicle ---> type = 12 
05-27 18:38:36.553  1083  1083 I MyAppLog: [2026-05-27 18:38:36.553 I tboxap mcuCommTboxmidsRecvCb:97] [Mcu] [mcuCommTboxmidsRecvCb] recv from tboxmids, size:10
05-27 18:38:36.554  1083  1083 I MyAppLog: [2026-05-27 18:38:36.553 I tboxap mcuCommTboxmidsRecvCb:98] [Mcu] [tboxmids -> tboxap]: :00 08 58 01 04 09 14 12 34 56
05-27 18:38:36.554  1083  1083 W MyAppLog: [2026-05-27 18:38:36.553 W tboxap mcuYadiFrameParse:852] [Mcu] [mcuYadiFrameParse] cmd:0914(MCU_SEC_BATT2_DYNAMIC_IND) payload too short:5 < 36
05-27 18:38:36.554  1083  1083 W MyAppLog: [2026-05-27 18:38:36.553 W tboxap mcuPtlParseData:982] [Mcu] [mcuPtlParseData] invalid yadi frame, len:10
05-27 18:38:36.556 13911 14183 I SentryImuMcuAngleSender: 179.95796rollDeg
05-27 18:38:36.556 13911 14183 I SentryImuMcuAngleSender: 1,0,0
05-27 18:38:36.557  1008 30857 D [OMXB]  : usingANWBuffer: handle:0xee742ed0, format:1, w:1920, h:1080
05-27 18:38:36.557   581   581 I SpiService: fgesysctrl_getGPIO_status success val=1
05-27 18:38:36.560   536   536 D commservice260303: msg.id = 1028,1
05-27 18:38:36.561   536   536 D commservice260303: i = 170, msgid = 8A000404
05-27 18:38:36.561   536   536 D commservice260303: msgid = -1979710460,did=138
05-27 18:38:36.561   536   536 D commservice260303: CommProtocolLibCmdBaseI2C::dataproc {"command":{"id":"imu_status","sub":""},"content":{"TimeStamp":10,"FrameCounter":237571,"GD_X":-0.012446117587387562,"GD_Y":0.0056498548947274685,"GD_Z":0.0021378109231591225,"AD_X":-7.165372371673584E-4,"AD_Y":0.004833422135561705,"AD_Z":-0.17009353637695312,"TempDsp":0,"Status":0,"CalibState":1,"SigAmpInvalid":0}},-1979710460
05-27 18:38:36.561   536   536 D commservice260303: send2Cluster len:317, 7B22636F6D6D616E64223A7B226964223A22696D755F737461747573222C22737562223A22227D2C22636F6E74656E74223A7B2254696D655374616D70223A31302C224672616D65436F756E746572223A3233373537312C2247445F58223A2D302E3031323434363131373538373338373536322C2247445F59223A302E303035363439383534383934373237343638352C2247445F5A223A302E303032313337383130393233313539313232352C2241445F58223A2D372E313635333732333731363733353834452D342C2241445F59223A302E3030343833333432323133353536313730352C2241445F5A223A2D302E31373030393335333633373639353331322C2254656D70447370223A302C22537461747573223A302C2243616C69625374617465223A312C22536967416D70496E76616C6964223A307D7D, 138 
05-27 18:38:36.561   536   536 D commservice260303: Push Message into SendPool fn=-1679883520
05-27 18:38:36.561   536   536 D commservice260303: ComProtocolLibSend2Cluster::send2ClusterRaw fn=-1679883520 , len=333
05-27 18:38:36.561   536   536 D commservice260303: sendCmdToPort :333!!!
05-27 18:38:36.561   536   536 D commservice260303: send Cmd To Port ++++5AA501498A010003DF9B6A16C9AC7B22636F6D6D616E64223A7B226964223A22696D755F737461747573222C22737562223A22227D2C22636F6E74656E74223A7B2254696D655374616D70223A31302C224672616D65436F756E746572223A3233373537312C2247445F58223A2D302E3031323434363131373538373338373536322C2247445F59223A302E303035363439383534383934373237343638352C2247445F5A223A302E303032313337383130393233313539313232352C2241445F58223A2D372E313635333732333731363733353834452D342C2241445F59223A302E3030343833333432323133353536313730352C2241445F5A223A2D302E31373030393335333633373639353331322C2254656D70447370223A302C22537461747573223A302C2243616C69625374617465223A312C22536967416D70496E76616C6964223A307D7DB5D6
05-27 08:29:45.522   581   581 D spi_rst_gpio_get_output: GPIO 145 value: 1
05-27 08:29:45.522   581   581 D spidev_ioctl: gpio status=1)
05-27 08:29:45.528   581   581 D spi_rst_gpio_get_output: GPIO 145 value: 1
05-27 08:29:45.528   581   581 D spidev_ioctl: gpio status=1)
05-27 18:38:36.562   536   536 D commservice260303: bufferevent_write retrun value = 0
05-27 18:38:36.562   536   560 D commservice260303: client datas send succeed,send finish
05-27 18:38:36.562 13911 14192 D Sentinelmode_1.2.5.17_sentry: <SentryImuClusterFgeSender>imu_status sent to Linux, frame=237571, tsNs=10183796, tsMs=10, intervalMs=43, ad=(-7.1653724E-4,0.004833422,-0.17009354), gd=(-0.012446118,0.005649855,0.002137811)
05-27 18:38:36.563   581   581 I SpiService: fgesysctrl_getGPIO_status success val=1
05-27 18:38:36.569   581   581 I SpiService: fgesysctrl_getGPIO_status success val=1
05-27 18:38:36.569   299 30841 D EvsDriver: forwardFrame
05-27 08:29:45.533   581   581 D spi_rst_gpio_get_output: GPIO 145 value: 1
05-27 08:29:45.533   581   581 D spidev_ioctl: gpio status=1)
05-27 18:38:36.571   299 30841 D EvsDriver: Delivered 0xb400007b7ca56a60 as id 0
05-27 18:38:36.571  1167  1479 D evsmanagerd: /dev/video4 forwarded the buffer #0 to 0xb4000074bf5f6850 from 0xb4000074bf5f41d0
05-27 18:38:36.572   283   307 I rvcservice: t.code = 3, t.value = 0
05-27 18:38:36.574   581   581 I SpiService: fgesysctrl_getGPIO_status success val=0
05-27 18:38:36.574   299  1153 D EvsDriver: doneWithFrame
05-27 18:38:36.574   481   597 I mcuc    : send SPI:6AA602CD200002890086
05-27 18:38:36.575  1008 30856 D [OMXB]  : usingANWBuffer: handle:0xee7440b0, format:1, w:1920, h:1080
05-27 18:38:36.577   299 30844 D EvsDriver: forwardFrame
05-27 08:29:45.539   581   581 D spi_rst_gpio_get_output: GPIO 145 value: 0
05-27 08:29:45.539   581   581 D spidev_ioctl: gpio status=0)
05-27 08:29:45.553     0     0 W         : c6 [    C6] Irq_monitor:Irq                                           IPI[1]occur        7726 times interval 1028 ms
05-27 08:29:45.554   581   581 D spi_rst_gpio_get_output: GPIO 145 value: 1
05-27 08:29:45.554   581   581 D spidev_ioctl: gpio status=1)
05-27 18:38:36.577 13911 14183 I SentryImuMcuAngleSender: 179.96146rollDeg
05-27 18:38:36.577 13911 14183 I SentryImuMcuAngleSender: 1,0,0
05-27 18:38:36.579  1167  1479 D evsmanagerd: /dev/video6 forwarded the buffer #0 to 0xb4000074bf5f5510 from 0xb4000074bf5f6d90
05-27 18:38:36.579   299 30844 D EvsDriver: Delivered 0xb400007b7ca56900 as id 0
05-27 18:38:36.589   299  1153 D EvsDriver: doneWithFrame
05-27 18:38:36.590   581   581 I SpiService: fgesysctrl_getGPIO_status success val=1
05-27 18:38:36.595   351   515 W automotive.vehicle@2.0-adayo-func-bcm: BCMFunc sendMessageFromClient_l sendMessage prop: 0x11500f31 not in table
05-27 18:38:36.595 10188 23768 I ActivityManager: Death received in com.android.server.am.ActivityManagerService$AppDeathRecipient@b7bbfea for thread android.os.BinderProxy@12632db, proc:ProcessRecord{c9878c7 25124:com.anwsdk.service:remote/1000}
05-27 18:38:36.595   581   581 I SpiService: fgesysctrl_getGPIO_status success val=1
05-27 18:38:36.595 13435 13435 D BtManager: onServiceDisconnected
05-27 18:38:36.595 10188 23768 I ActivityManager: Process com.anwsdk.service:remote (pid 25124) has died: cch CACC
05-27 18:38:36.596 10188 23768 I am_proc_died: [0,25124,com.anwsdk.service:remote,900,17]
05-27 18:38:36.596 10188 10678 I libprocessgroup: Successfully killed process cgroup uid 1000 pid 25124 in 0ms
05-27 18:38:36.596 10188 23768 I ActivityManager: app ProcessRecord{c9878c7 25124:com.anwsdk.service:remote/1000} mThread:android.app.IApplicationThread$Stub$Proxy@1249178 mDeathRecipient:com.android.server.am.ActivityManagerService$AppDeathRecipient@b7bbfea has been unlinked.
05-27 18:38:36.597 10041 10041 I Zygote  : Process 25124 exited cleanly (1)
05-27 18:38:36.598 10188 23768 W ActivityManager: Scheduling restart of crashed service com.anwsdk.service/.anwbtservice in 0ms for persistent
05-27 18:38:36.598 10188 23768 I am_schedule_service_restart: [0,com.anwsdk.service/.anwbtservice,0]
05-27 18:38:36.598 13911 14183 I SentryImuMcuAngleSender: 179.97197rollDeg
05-27 18:38:36.598 13911 14183 I SentryImuMcuAngleSender: 1,0,0
05-27 18:38:36.598 10188 23768 I ActivityManager: note: ProcessRecord{c9878c7 25124:com.anwsdk.service:remote/1000} died, saving the exit info
05-27 18:38:36.598 10188 10680 I ActivityManager: Update process exit info for com.anwsdk.service(25124/u1000)
05-27 18:38:36.598 10188 23768 D ActivityTaskManager: put all activities to cleanup list, wpc=ProcessRecord{c9878c7 0:com.anwsdk.service:remote/1000} mHasActivities=false activeActivitySize=0
05-27 08:29:45.560   581   581 D spi_rst_gpio_get_output: GPIO 145 value: 1
05-27 08:29:45.560   581   581 D spidev_ioctl: gpio status=1)
05-27 18:38:36.599  1008 30857 D [OMXB]  : usingANWBuffer: handle:0xee740d20, format:1, w:1920, h:1080
05-27 08:29:45.566   581   581 D spi_rst_gpio_get_output: GPIO 145 value: 1
05-27 08:29:45.566   581   581 D spidev_ioctl: gpio status=1)
05-27 08:29:45.572   581   581 D spi_rst_gpio_get_output: GPIO 145 value: 1
05-27 08:29:45.572   581   581 D spidev_ioctl: gpio status=1)
05-27 18:38:36.601  1167  1167 I auditd  : type=1400 audit(0.0:58636): avc: denied { call } for comm="binder:1167_3" scontext=u:r:evsmanagerd:s0 tcontext=u:r:adayo_dvr_service:s0 tclass=binder permissive=1
05-27 18:38:36.601  1167  1167 I binder:1167_3: type=1400 audit(0.0:58636): avc: denied { call } for scontext=u:r:evsmanagerd:s0 tcontext=u:r:adayo_dvr_service:s0 tclass=binder permissive=1
05-27 18:38:36.600   572   572 I Sensors : 230 AccelSensor: x:-0.168969,y:0.003050,z:-9.973500
05-27 18:38:36.601   581   581 I SpiService: fgesysctrl_getGPIO_status success val=1
05-27 18:38:36.602   594   594 E vendor.sprd.hardware.memtrack-service: MemTrack_DEBUG--Open mali gpu_memory failed
05-27 18:38:36.602 10188 10678 I ActivityManager: Got SIGCHLD from zygote: pid=25124, uid=1000, status=100
05-27 18:38:36.602   536   536 D commservice260303: msg.id = 1028,1
05-27 18:38:36.602 10188 10680 I ActivityManager: zygote: proc died: pid=25124 uid=1000, status=256
05-27 18:38:36.602   536   536 D commservice260303: i = 170, msgid = 8A000404
05-27 18:38:36.602   536   536 D commservice260303: msgid = -1979710460,did=138
05-27 18:38:36.602   536   536 D commservice260303: CommProtocolLibCmdBaseI2C::dataproc {"command":{"id":"imu_status","sub":""},"content":{"TimeStamp":10,"FrameCounter":237572,"GD_X":-0.01091896090656519,"GD_Y":0.006108105648308992,"GD_Z":0.0022902146447449923,"AD_X":-0.0031563788652420044,"AD_Y":0.0023727507796138525,"AD_Z":-0.16826438903808594,"TempDsp":0,"Status":0,"CalibState":1,"SigAmpInvalid":0}},-1979710460
05-27 18:38:36.603 10188 10680 E UnisocStabilityCollection: getKill:true,cur=0,killType=3 ,name=proc_died:1000, reason=proc_died
05-27 18:38:36.603 10188 10680 E UnisocStabilityCollection: getKill sum:15
05-27 18:38:36.603   536   536 D commservice260303: send2Cluster len:317, 7B22636F6D6D616E64223A7B226964223A22696D755F737461747573222C22737562223A22227D2C22636F6E74656E74223A7B2254696D655374616D70223A31302C224672616D65436F756E746572223A3233373537322C2247445F58223A2D302E30313039313839363039303635363531392C2247445F59223A302E3030363130383130353634383330383939322C2247445F5A223A302E303032323930323134363434373434393932332C2241445F58223A2D302E303033313536333738383635323432303034342C2241445F59223A302E303032333732373530373739363133383532352C2241445F5A223A2D302E31363832363433383930333830383539342C2254656D70447370223A302C22537461747573223A302C2243616C69625374617465223A312C22536967416D70496E76616C6964223A307D7D, 138 
05-27 18:38:36.603   536   536 D commservice260303: Push Message into SendPool fn=-1663106304
05-27 18:38:36.603   536   536 D commservice260303: ComProtocolLibSend2Cluster::send2ClusterRaw fn=-1663106304 , len=333
05-27 18:38:36.603   536   536 D commservice260303: sendCmdToPort :333!!!
05-27 18:38:36.603   536   536 D commservice260303: send Cmd To Port ++++5AA501498A010003DF9C6A16C9AC7B22636F6D6D616E64223A7B226964223A22696D755F737461747573222C22737562223A22227D2C22636F6E74656E74223A7B2254696D655374616D70223A31302C224672616D65436F756E746572223A3233373537322C2247445F58223A2D302E30313039313839363039303635363531392C2247445F59223A302E3030363130383130353634383330383939322C2247445F5A223A302E303032323930323134363434373434393932332C2241445F58223A2D302E303033313536333738383635323432303034342C2241445F59223A302E303032333732373530373739363133383532352C2241445F5A223A2D302E31363832363433383930333830383539342C2254656D70447370223A302C22537461747573223A302C2243616C69625374617465223A312C22536967416D70496E76616C6964223A307D7DC915
05-27 18:38:36.603   536   536 D commservice260303: bufferevent_write retrun value = 0
05-27 18:38:36.603   536   560 D commservice260303: client datas send succeed,send finish
05-27 18:38:36.603 13911 14192 D Sentinelmode_1.2.5.17_sentry: <SentryImuClusterFgeSender>imu_status sent to Linux, frame=237572, tsNs=10183832, tsMs=10, intervalMs=41, ad=(-0.0031563789,0.0023727508,-0.16826439), gd=(-0.010918961,0.0061081056,0.0022902146)
05-27 18:38:36.603 10188 10660 I ActivityManager: com.anwsdk.service is exempt from freezer
05-27 18:38:36.604 10188 10660 D CompatibilityChangeReporter: Compat change id reported: 135634846; UID 1000; state: DISABLED
05-27 18:38:36.604 10188 10660 D CompatibilityChangeReporter: Compat change id reported: 177438394; UID 1000; state: DISABLED
05-27 18:38:36.604 10188 10660 D CompatibilityChangeReporter: Compat change id reported: 135772972; UID 1000; state: DISABLED
05-27 18:38:36.604 10188 10660 D CompatibilityChangeReporter: Compat change id reported: 135754954; UID 1000; state: ENABLED
05-27 18:38:36.604   299 30844 D EvsDriver: forwardFrame
05-27 18:38:36.605 10188 10660 D ActivityManager: ProcessRecord{bb4b051 0:com.anwsdk.service:remote/1000} setPendingStart=true callers=com.android.server.am.ProcessList.startProcessLocked:1922 com.android.server.am.UnisocProcessList.startProcessLocked:320 com.android.server.am.ProcessList.startProcessLocked:2391 com.android.server.am.ProcessList.startProcessLocked:2534 com.android.server.am.ActivityManagerService.startProcessLocked:2890 com.android.server.am.ActiveServices.bringUpServiceLocked:4326 com.android.server.am.ActiveServices.performServiceRestartLocked:4104 com.android.server.am.ActiveServices$ServiceRestarter.run:3320 android.os.Handler.handleCallback:942 android.os.Handler.dispatchMessage:99 
05-27 18:38:36.605   299 30841 D EvsDriver: forwardFrame
05-27 18:38:36.606 10188 10660 I ActivityManager: Posting procStart msg for 0:com.anwsdk.service:remote/1000
05-27 18:38:36.606 10188 10661 D ActivityManager: asking zygote to start proc:ProcessRecord{bb4b051 0:com.anwsdk.service:remote/1000}
05-27 18:38:36.607 10188 10661 D Prefork : startResult is empty and running normal execution.
05-27 18:38:36.607   581   581 I SpiService: fgesysctrl_getGPIO_status success val=1
05-27 18:38:36.607  1167  1479 D evsmanagerd: /dev/video6 forwarded the buffer #0 to 0xb4000074bf5f5510 from 0xb4000074bf5f6d90
05-27 18:38:36.608   299 30841 D EvsDriver: Delivered 0xb400007b7ca56a60 as id 0
05-27 18:38:36.608  1167  1184 D evsmanagerd: /dev/video4 forwarded the buffer #0 to 0xb4000074bf5f6850 from 0xb4000074bf5f41d0
05-27 18:38:36.608   299 30844 D EvsDriver: Delivered 0xb400007b7ca56900 as id 0
05-27 18:38:36.608 30773 30773 E dvr_service_: [myNum:1] Received S**** loss
05-27 18:38:36.608 30773 30782 E dvr_service_: [myNum:0] Received S**** loss
05-27 18:38:36.609   299  1163 D EvsDriver: doneWithFrame
05-27 08:29:45.577   581   581 D spi_rst_gpio_get_output: GPIO 145 value: 1
05-27 08:29:45.577   581   581 D spidev_ioctl: gpio status=1)
05-27 18:38:36.613   299  1153 D EvsDriver: doneWithFrame
05-27 18:38:36.613   581   581 I SpiService: fgesysctrl_getGPIO_status success val=1
05-27 18:38:36.614  1008 30856 D [OMXB]  : usingANWBuffer: handle:0xee744fd0, format:1, w:1920, h:1080
05-27 18:38:36.618   581   581 I SpiService: fgesysctrl_getGPIO_status success val=1
05-27 18:38:36.620 13911 14183 I SentryImuMcuAngleSender: 179.97197rollDeg
05-27 18:38:36.620 13911 14183 I SentryImuMcuAngleSender: 1,0,0
05-27 08:29:45.583   581   581 D spi_rst_gpio_get_output: GPIO 145 value: 1
05-27 08:29:45.583   581   581 D spidev_ioctl: gpio status=1)
05-27 18:38:36.623 10041 10041 D Zygote  : Forked child process 25179
05-27 18:38:36.624   581   581 I SpiService: fgesysctrl_getGPIO_status success val=0
05-27 18:38:36.624 10188 10661 I am_proc_start: [0,25179,1000,com.anwsdk.service:remote,service,{com.anwsdk.service/com.anwsdk.service.anwbtservice}]
05-27 18:38:36.617   581   581 I spi@1.0-service: type=1400 audit(0.0:58637): avc: denied { read write } for name="spidev2.0" dev="tmpfs" ino=23621 scontext=u:r:hal_spi_default:s0 tcontext=u:object_r:spi_consumerir_device:s0 tclass=chr_file permissive=1
05-27 18:38:36.617   581   581 I auditd  : type=1400 audit(0.0:58638): avc: denied { open } for comm="spi@1.0-service" path="/dev/spidev2.0" dev="tmpfs" ino=23621 scontext=u:r:hal_spi_default:s0 tcontext=u:object_r:spi_consumerir_device:s0 tclass=chr_file permissive=1
05-27 18:38:36.617   581   581 I spi@1.0-service: type=1400 audit(0.0:58638): avc: denied { open } for path="/dev/spidev2.0" dev="tmpfs" ino=23621 scontext=u:r:hal_spi_default:s0 tcontext=u:object_r:spi_consumerir_device:s0 tclass=chr_file permissive=1
05-27 18:38:36.617   581   581 I auditd  : type=1400 audit(0.0:58639): avc: denied { ioctl } for comm="spi@1.0-service" path="/dev/spidev2.0" dev="tmpfs" ino=23621 ioctlcmd=0x6b06 scontext=u:r:hal_spi_default:s0 tcontext=u:object_r:spi_consumerir_device:s0 tclass=chr_file permissive=1
05-27 18:38:36.617   581   581 I spi@1.0-service: type=1400 audit(0.0:58639): avc: denied { ioctl } for path="/dev/spidev2.0" dev="tmpfs" ino=23621 ioctlcmd=0x6b06 scontext=u:r:hal_spi_default:s0 tcontext=u:object_r:spi_consumerir_device:s0 tclass=chr_file permissive=1
05-27 08:29:45.588   581   581 D spidev_ioctl: gpio status=0)
05-27 18:38:36.624 10188 10661 I ActivityManager: Start proc 25179:com.anwsdk.service:remote/1000 for service {com.anwsdk.service/com.anwsdk.service.anwbtservice}
05-27 18:38:36.624 10188 10661 D ActivityManager: ProcessRecord{bb4b051 25179:com.anwsdk.service:remote/1000} setPendingStart=false callers=com.android.server.am.ProcessList.handleProcessStartedLocked:2646 com.android.server.am.UnisocProcessList.handleProcessStartedLocked:377 com.android.server.am.ProcessList.handleProcessStartedLocked:2585 com.android.server.am.ProcessList.lambda$handleProcessStart$1$com-android-server-am-ProcessList:1993 com.android.server.am.ProcessList$$ExternalSyntheticLambda1.run:22 com.android.server.am.ProcessList.handleProcessStart:2016 com.android.server.am.ProcessList.lambda$startProcessLocked$0$com-android-server-am-ProcessList:1950 com.android.server.am.ProcessList$$ExternalSyntheticLambda5.run:22 android.os.Handler.handleCallback:942 android.os.Handler.dispatchMessage:99 
05-27 18:38:36.627 10188 10659 I am_pss  : [13911,1000,com.adayo.app.dvrlocalservice,52085760,46768128,459776,164204544,0,3,19]
05-27 18:38:36.628 10188 10188 D JobScheduler.Quota: Processing event 31 for <0>com.anwsdk.service
05-27 18:38:36.629 25179 25179 I Zygote  : seccomp disabled by setenforce 0
05-27 18:38:36.635 25179 25179 I .service:remote: Late-enabling -Xcheck:jni
05-27 18:38:36.636  1008 30856 D [OMXB]  : usingANWBuffer: handle:0xee7404e0, format:1, w:1920, h:1080
05-27 18:38:36.629  1008  1008 I auditd  : type=1400 audit(0.0:58640): avc: denied { call } for comm="OMXCallbackDisp" scontext=u:r:mediacodec:s0 tcontext=u:r:adayo_dvr_service:s0 tclass=binder permissive=1
05-27 18:38:36.629  1008  1008 I OMXCallbackDisp: type=1400 audit(0.0:58640): avc: denied { call } for scontext=u:r:mediacodec:s0 tcontext=u:r:adayo_dvr_service:s0 tclass=binder permissive=1
05-27 08:29:45.601 30840 30840 W audit   : audit_lost=33345 audit_rate_limit=5 audit_backlog_limit=64
05-27 08:29:45.601 30840 30840 E audit   : rate limit exceeded
05-27 18:38:36.639   581   581 I SpiService: fgesysctrl_getGPIO_status success val=1
05-27 18:38:36.640   299 30844 D EvsDriver: forwardFrame
05-27 08:29:45.603   581   581 D spi_rst_gpio_get_output: GPIO 145 value: 1
05-27 08:29:45.603   581   581 D spidev_ioctl: gpio status=1)
05-27 18:38:36.642 13911 14183 I SentryImuMcuAngleSender: 179.99298rollDeg
05-27 18:38:36.643 13911 14183 I SentryImuMcuAngleSender: 1,0,0
05-27 18:38:36.644   299 30841 D EvsDriver: forwardFrame
05-27 18:38:36.644  1167  1479 D evsmanagerd: /dev/video6 forwarded the buffer #0 to 0xb4000074bf5f5510 from 0xb4000074bf5f6d90
05-27 18:38:36.645   581   581 I SpiService: fgesysctrl_getGPIO_status success val=1
05-27 18:38:36.646   299 30841 D EvsDriver: Delivered 0xb400007b7ca56a60 as id 0
05-27 18:38:36.646  1167  1479 D evsmanagerd: /dev/video4 forwarded the buffer #0 to 0xb4000074bf5f6850 from 0xb4000074bf5f41d0
05-27 18:38:36.647   536   536 D commservice260303: msg.id = 1028,2
05-27 18:38:36.647   536   536 D commservice260303: i = 170, msgid = 8A000404
05-27 18:38:36.647   536   536 D commservice260303: msgid = -1979710460,did=138
05-27 18:38:36.647   536   536 D commservice260303: CommProtocolLibCmdBaseI2C::dataproc {"command":{"id":"imu_status","sub":""},"content":{"TimeStamp":10,"FrameCounter":237573,"GD_X":-0.011453153565526009,"GD_Y":0.005420989356935024,"GD_Z":0.0020608289632946253,"AD_X":-0.004372686147689819,"AD_Y":-0.0012794374488294125,"AD_Z":-0.16643333435058594,"TempDsp":0,"Status":0,"CalibState":1,"SigAmpInvalid":0}},-1979710460
05-27 18:38:36.647   536   536 D commservice260303: send2Cluster len:318, 7B22636F6D6D616E64223A7B226964223A22696D755F737461747573222C22737562223A22227D2C22636F6E74656E74223A7B2254696D655374616D70223A31302C224672616D65436F756E746572223A3233373537332C2247445F58223A2D302E3031313435333135333536353532363030392C2247445F59223A302E3030353432303938393335363933353032342C2247445F5A223A302E303032303630383238393633323934363235332C2241445F58223A2D302E3030343337323638363134373638393831392C2241445F59223A2D302E303031323739343337343438383239343132352C2241445F5A223A2D302E31363634333333333433353035383539342C2254656D70447370223A302C22537461747573223A302C2243616C69625374617465223A312C22536967416D70496E76616C6964223A307D7D, 138 
05-27 18:38:36.648   536   536 D commservice260303: Push Message into SendPool fn=-1646329088
05-27 18:38:36.648   536   536 D commservice260303: ComProtocolLibSend2Cluster::send2ClusterRaw fn=-1646329088 , len=334
05-27 18:38:36.648   536   536 D commservice260303: sendCmdToPort :334!!!
05-27 18:38:36.648   536   536 D commservice260303: send Cmd To Port ++++5AA5014A8A010003DF9D6A16C9AC7B22636F6D6D616E64223A7B226964223A22696D755F737461747573222C22737562223A22227D2C22636F6E74656E74223A7B2254696D655374616D70223A31302C224672616D65436F756E746572223A3233373537332C2247445F58223A2D302E3031313435333135333536353532363030392C2247445F59223A302E3030353432303938393335363933353032342C2247445F5A223A302E303032303630383238393633323934363235332C2241445F58223A2D302E3030343337323638363134373638393831392C2241445F59223A2D302E303031323739343337343438383239343132352C2241445F5A223A2D302E31363634333333333433353035383539342C2254656D70447370223A302C22537461747573223A302C2243616C69625374617465223A312C22536967416D70496E76616C6964223A307D7D5C00
05-27 18:38:36.648   536   536 D commservice260303: bufferevent_write retrun value = 0
05-27 18:38:36.650   536   560 D commservice260303: client datas send succeed,send finish
05-27 18:38:36.651   299 30844 D EvsDriver: Delivered 0xb400007b7ca56900 as id 0
05-27 18:38:36.651 13911 14192 D Sentinelmode_1.2.5.17_sentry: <SentryImuClusterFgeSender>imu_status sent to Linux, frame=237573, tsNs=10183886, tsMs=10, intervalMs=47, ad=(-0.004372686,-0.0012794374,-0.16643333), gd=(-0.011453154,0.0054209894,0.002060829)
05-27 18:38:36.651   299  1153 D EvsDriver: doneWithFrame
05-27 18:38:36.652   299  1163 D EvsDriver: doneWithFrame
05-27 18:38:36.652   581   581 I SpiService: fgesysctrl_getGPIO_status success val=1
05-27 08:29:45.610   581   581 D spi_rst_gpio_get_output: GPIO 145 value: 1
05-27 08:29:45.610   581   581 D spidev_ioctl: gpio status=1)
05-27 08:29:45.616   581   581 D spi_rst_gpio_get_output: GPIO 145 value: 1
05-27 08:29:45.616   581   581 D spidev_ioctl: gpio status=1)
05-27 18:38:36.657   581   581 I SpiService: fgesysctrl_getGPIO_status success val=1
05-27 08:29:45.622   581   581 D spi_rst_gpio_get_output: GPIO 145 value: 1
05-27 08:29:45.622   581   581 D spidev_ioctl: gpio status=1)
05-27 18:38:36.661  1008 30857 D [OMXB]  : usingANWBuffer: handle:0xee743b30, format:1, w:1920, h:1080
05-27 18:38:36.663   581   581 I SpiService: fgesysctrl_getGPIO_status success val=0
05-27 18:38:36.664 13911 14183 I SentryImuMcuAngleSender: 179.99298rollDeg
05-27 18:38:36.664 13911 14183 I SentryImuMcuAngleSender: 1,0,0
05-27 08:29:45.628   581   581 D spi_rst_gpio_get_output: GPIO 145 value: 0
05-27 08:29:45.628   581   581 D spidev_ioctl: gpio status=0)
05-27 18:38:36.666 11344 11344 E SystemUI_NavBarFragment: SysUIConfig.icCarServiceConnected：false
05-27 18:38:36.669 13911 14183 I SentryImuMcuAngleSender: [4, 18, 1, 0, 0],5
05-27 18:38:36.670 13911 14183 I McuCommManager: mcuCommSendcmd [4, 18, 1, 0, 0]
05-27 18:38:36.671 13911 14183 I SentryImuMcuAngleSender: true
05-27 18:38:36.671 13911 14183 W Sentinelmode_1.2.5.17_sentry: <SentryImuMcuAngleSender>MCU IMU send interval abnormal: 1001ms
05-27 18:38:36.672   283   307 I rvcservice: t.code = 7, t.value = 10183779
05-27 18:38:36.673   299 30841 D EvsDriver: forwardFrame
05-27 18:38:36.675  1167  1479 D evsmanagerd: /dev/video4 forwarded the buffer #0 to 0xb4000074bf5f6850 from 0xb4000074bf5f41d0
05-27 18:38:36.675   299 30841 D EvsDriver: Delivered 0xb400007b7ca56a60 as id 0
05-27 18:38:36.677   299  1163 D EvsDriver: doneWithFrame
05-27 18:38:36.677   581   581 I SpiService: fgesysctrl_getGPIO_status success val=1
05-27 18:38:36.679  1008 30856 D [OMXB]  : usingANWBuffer: handle:0xee747180, format:1, w:1920, h:1080
05-27 18:38:36.679   481   598 I mcuc    : rev,n=1,6AA681CD21000B8300E0000000000000000023
05-27 18:38:36.680   351   373 D automotive.vehicle@2.0-adayo-datacomm-mcu: MCUDatacomm sendMessageFromVehicle prop: 0x83, areaId: 0x0, status: 0x0, timestamp: 0x0
05-27 18:38:36.680   351   373 D automotive.vehicle@2.0-adayo-datacomm-mcu: MCUDatacomm 1sendMessageFromVehicle ---> type = 7 
05-27 18:38:36.680   351   373 I automotive.vehicle@2.0-adayo-func-mcu: MCUFunc :sendMessageFromVehicle  msgBuff[0] = 131 
05-27 18:38:36.680   351   373 I automotive.vehicle@2.0-adayo-func-mcu: MCUFunc :sendMessageFromVehicle  msgBuff[1] = 0 
05-27 18:38:36.680   351   373 I automotive.vehicle@2.0-adayo-func-mcu: MCUFunc :sendMessageFromVehicle  msgBuff[2] = 0 
05-27 18:38:36.680   351   373 I automotive.vehicle@2.0-adayo-func-mcu: MCUFunc :sendMessageFromVehicle  msgBuff[3] = 0 
05-27 18:38:36.680   351   373 I automotive.vehicle@2.0-adayo-func-mcu: MCUFunc :sendMessageFromVehicle  msgBuff[4] = 3 
05-27 18:38:36.680   351   373 I automotive.vehicle@2.0-adayo-func-mcu: MCUFunc :sendMessageFromVehicle  msgBuff[5] = 1 
05-27 18:38:36.680   351   373 I automotive.vehicle@2.0-adayo-func-mcu: MCUFunc :sendMessageFromVehicle  msgBuff[6] = 0 
05-27 18:38:36.680   351   373 I automotive.vehicle@2.0-adayo-func-mcu: MCUFunc :sendMessageFromVehicle  msgBuff[7] = 0 
05-27 18:38:36.680   351   373 I automotive.vehicle@2.0-adayo-func-mcu: MCUFunc :sendMessageFromVehicle  msgBuff[8] = 0 
05-27 18:38:36.680   351   373 I automotive.vehicle@2.0-adayo-func-mcu: MCUFunc :sendMessageFromVehicle  msgBuff[9] = 0 
05-27 18:38:36.680   351   373 I automotive.vehicle@2.0-adayo-func-mcu: MCUFunc :sendMessageFromVehicle  msgBuff[10] = 0 
05-27 18:38:36.680   351   373 I automotive.vehicle@2.0-adayo-func-mcu: MCUFunc :sendMessageFromVehicle  msgBuff[11] = 0 
05-27 18:38:36.680   351   373 I automotive.vehicle@2.0-adayo-func-mcu: MCUFunc :sendMessageFromVehicle  msgBuff[12] = 0 
05-27 18:38:36.680   351   373 I automotive.vehicle@2.0-adayo-func-mcu: MCUFunc :sendMessageFromVehicle  msgBuff[13] = 0 
05-27 18:38:36.680   351   373 I automotive.vehicle@2.0-adayo-func-mcu: MCUFunc :sendMessageFromVehicle  msgBuff[14] = 0 
05-27 18:38:36.680   351   373 I automotive.vehicle@2.0-adayo-func-mcu: MCUFunc :sendMessageFromVehicle  msgBuff[15] = 0 
05-27 18:38:36.680   351   373 I automotive.vehicle@2.0-adayo-func-mcu: MCUFunc :sendMessageFromVehicle  msgBuff[16] = 0 
05-27 18:38:36.680   299 30844 D EvsDriver: forwardFrame
05-27 08:29:45.642   581   581 D spi_rst_gpio_get_output: GPIO 145 value: 1
05-27 08:29:45.642   581   581 D spidev_ioctl: gpio status=1)
05-27 18:38:36.682   481   598 I mcuc    : rev,n=2,6AA681CD220003841500F4
05-27 18:38:36.682   299 30844 D EvsDriver: Delivered 0xb400007b7ca56900 as id 0
05-27 18:38:36.682  1167  1479 D evsmanagerd: /dev/video6 forwarded the buffer #0 to 0xb4000074bf5f5510 from 0xb4000074bf5f6d90
05-27 18:38:36.683   536   536 D commservice260303: msg.id = 1028,0
05-27 18:38:36.683   536   536 D commservice260303: i = 170, msgid = 8A000404
05-27 18:38:36.683   536   536 D commservice260303: msgid = -1979710460,did=138
05-27 18:38:36.683   536   536 D commservice260303: CommProtocolLibCmdBaseI2C::dataproc {"command":{"id":"imu_status","sub":""},"content":{"TimeStamp":10,"FrameCounter":237574,"GD_X":-0.011070843786001205,"GD_Y":0.005573912989348173,"GD_Z":0.0019848872907459736,"AD_X":-0.003147304058074951,"AD_Y":-0.0012709484435617924,"AD_Z":-0.16643333435058594,"TempDsp":0,"Status":0,"CalibState":1,"SigAmpInvalid":0}},-1979710460
05-27 18:38:36.683   581   581 I SpiService: fgesysctrl_getGPIO_status success val=1
05-27 18:38:36.683   536   536 D commservice260303: send2Cluster len:318, 7B22636F6D6D616E64223A7B226964223A22696D755F737461747573222C22737562223A22227D2C22636F6E74656E74223A7B2254696D655374616D70223A31302C224672616D65436F756E746572223A3233373537342C2247445F58223A2D302E3031313037303834333738363030313230352C2247445F59223A302E3030353537333931323938393334383137332C2247445F5A223A302E303031393834383837323930373435393733362C2241445F58223A2D302E3030333134373330343035383037343935312C2241445F59223A2D302E303031323730393438343433353631373932342C2241445F5A223A2D302E31363634333333333433353035383539342C2254656D70447370223A302C22537461747573223A302C2243616C69625374617465223A312C22536967416D70496E76616C6964223A307D7D, 138 
05-27 18:38:36.683   536   536 D commservice260303: Push Message into SendPool fn=-1629551872
05-27 18:38:36.683   536   536 D commservice260303: ComProtocolLibSend2Cluster::send2ClusterRaw fn=-1629551872 , len=334
05-27 18:38:36.683   536   536 D commservice260303: sendCmdToPort :334!!!
05-27 18:38:36.683   536   536 D commservice260303: send Cmd To Port ++++5AA5014A8A010003DF9E6A16C9AC7B22636F6D6D616E64223A7B226964223A22696D755F737461747573222C22737562223A22227D2C22636F6E74656E74223A7B2254696D655374616D70223A31302C224672616D65436F756E746572223A3233373537342C2247445F58223A2D302E3031313037303834333738363030313230352C2247445F59223A302E3030353537333931323938393334383137332C2247445F5A223A302E303031393834383837323930373435393733362C2241445F58223A2D302E3030333134373330343035383037343935312C2241445F59223A2D302E303031323730393438343433353631373932342C2241445F5A223A2D302E31363634333333333433353035383539342C2254656D70447370223A302C22537461747573223A302C2243616C69625374617465223A312C22536967416D70496E76616C6964223A307D7D98B4
05-27 18:38:36.683   536   536 D commservice260303: bufferevent_write retrun value = 0
05-27 18:38:36.684 13911 14192 D Sentinelmode_1.2.5.17_sentry: <SentryImuClusterFgeSender>imu_status sent to Linux, frame=237574, tsNs=10183921, tsMs=10, intervalMs=33, ad=(-0.003147304,-0.0012709484,-0.16643333), gd=(-0.011070844,0.005573913,0.0019848873)
05-27 18:38:36.684   481   598 I mcuc    : rev,n=3,6AA681CD23008C8305000055000000B0000000000001000100000A9C38B191C1EA38953891F4C6389471293895B21AEA85AB35D900000000040000B3000000000000000000000000000000B44300000000000300000000000000AA000000E40701010000000000000000BB06050507EA051B000008009403CB00CC000000000000000000000000000000B5000000000000000023
05-27 18:38:36.684   536   560 D commservice260303: client datas send succeed,send finish
05-27 18:38:36.684   351   373 D automotive.vehicle@2.0-adayo-datacomm-mcu: MCUDatacomm sendMessageFromVehicle prop: 0x83, areaId: 0x5, status: 0x0, timestamp: 0x0
05-27 18:38:36.684   351   373 D automotive.vehicle@2.0-adayo-datacomm-mcu: MCUDatacomm 1sendMessageFromVehicle ---> type = 7 
05-27 18:38:36.684   351   373 I automotive.vehicle@2.0-adayo-func-mcu: MCUFunc :sendMessageFromVehicle  msgBuff[0] = 131 
05-27 18:38:36.684   351   373 I automotive.vehicle@2.0-adayo-func-mcu: MCUFunc :sendMessageFromVehicle  msgBuff[1] = 5 
05-27 18:38:36.684   351   373 I automotive.vehicle@2.0-adayo-func-mcu: MCUFunc :sendMessageFromVehicle  msgBuff[2] = 0 
05-27 18:38:36.684   351   373 I automotive.vehicle@2.0-adayo-func-mcu: MCUFunc :sendMessageFromVehicle  msgBuff[3] = 0 
05-27 18:38:36.684   351   373 I automotive.vehicle@2.0-adayo-func-mcu: MCUFunc :sendMessageFromVehicle  msgBuff[4] = 85 
05-27 18:38:36.684   351   373 I automotive.vehicle@2.0-adayo-func-mcu: MCUFunc :sendMessageFromVehicle  msgBuff[5] = 0 
05-27 18:38:36.685   299  1163 D EvsDriver: doneWithFrame
05-27 18:38:36.689   572   572 I Sensors : 230 GyroSensor: x:-0.011530,y:0.005574,z:0.002290
05-27 18:38:36.689   581   581 I SpiService: fgesysctrl_getGPIO_status success val=1
05-27 08:29:45.648   581   581 D spi_rst_gpio_get_output: GPIO 145 value: 1
05-27 08:29:45.648   581   581 D spidev_ioctl: gpio status=1)
05-27 08:29:45.654   581   581 D spi_rst_gpio_get_output: GPIO 145 value: 1
05-27 08:29:45.654   581   581 D spidev_ioctl: gpio status=1)
05-27 18:38:36.691 13911 14183 I SentryImuMcuAngleSender: 179.99298rollDeg
05-27 18:38:36.691 13911 14183 I SentryImuMcuAngleSender: 1,0,0
05-27 18:38:36.692 25179 25179 D .service:remote: Received session metadata: 4776602626249019770
05-27 18:38:36.694   581   581 I SpiService: fgesysctrl_getGPIO_status success val=1
05-27 08:29:45.659   581   581 D spi_rst_gpio_get_output: GPIO 145 value: 1
05-27 08:29:45.659   581   581 D spidev_ioctl: gpio status=1)
05-27 18:38:36.700   581   581 I SpiService: fgesysctrl_getGPIO_status success val=0
05-27 18:38:36.700   481   597 I mcuc    : send SPI:6AA6007005000504120100006F6AA602CD21000283008B6AA602CD2200028415746AA602CD230002830584
05-27 08:29:45.664   581   581 D spi_rst_gpio_get_output: GPIO 145 value: 0
05-27 08:29:45.665   581   581 D spidev_ioctl: gpio status=0)
05-27 18:38:36.709  1008 30857 D [OMXB]  : usingANWBuffer: handle:0xee742060, format:1, w:1920, h:1080
05-27 18:38:36.709   299 30841 D EvsDriver: forwardFrame
05-27 18:38:36.709 30773 30789 I dvr_service_: Camera 1: Buffer reuse stats - Total: 200400, Reused: 99477, New: 100923, Rate: 49.6%
05-27 18:38:36.710   299 30844 D EvsDriver: forwardFrame
05-27 18:38:36.711 13911 14183 I SentryImuMcuAngleSender: 179.993rollDeg
05-27 18:38:36.712 13911 14183 I SentryImuMcuAngleSender: 1,0,0
05-27 18:38:36.712  1116  1135 I adbd    : jdwp connection from 25179
05-27 18:38:36.713  1167  1479 D evsmanagerd: /dev/video4 forwarded the buffer #0 to 0xb4000074bf5f6850 from 0xb4000074bf5f41d0
05-27 18:38:36.713  1167  1184 D evsmanagerd: /dev/video6 forwarded the buffer #0 to 0xb4000074bf5f5510 from 0xb4000074bf5f6d90
05-27 18:38:36.714   299 30841 D EvsDriver: Delivered 0xb400007b7ca56a60 as id 0
05-27 18:38:36.714   299 30844 D EvsDriver: Delivered 0xb400007b7ca56900 as id 0
05-27 18:38:36.717   581   581 I SpiService: fgesysctrl_getGPIO_status success val=1
05-27 18:38:36.718   299  1163 D EvsDriver: doneWithFrame
05-27 18:38:36.719   299  1163 D EvsDriver: doneWithFrame
05-27 08:29:45.682   581   581 D spi_rst_gpio_get_output: GPIO 145 value: 1
05-27 08:29:45.682   581   581 D spidev_ioctl: gpio status=1)
05-27 18:38:36.723   536   536 D commservice260303: msg.id = 1028,0
05-27 18:38:36.723   536   536 D commservice260303: i = 170, msgid = 8A000404
05-27 18:38:36.724   536   536 D commservice260303: msgid = -1979710460,did=138
05-27 18:38:36.724   536   536 D commservice260303: CommProtocolLibCmdBaseI2C::dataproc {"command":{"id":"imu_status","sub":""},"content":{"TimeStamp":10,"FrameCounter":237575,"GD_X":-0.012063807807862759,"GD_Y":0.0051151420921087265,"GD_Z":0.0028249274473637342,"AD_X":-0.00314544141292572,"AD_Y":-0.0012625539675354958,"AD_Z":-0.16948318481445312,"TempDsp":0,"Status":0,"CalibState":1,"SigAmpInvalid":0}},-1979710460
05-27 18:38:36.724   536   536 D commservice260303: send2Cluster len:318, 7B22636F6D6D616E64223A7B226964223A22696D755F737461747573222C22737562223A22227D2C22636F6E74656E74223A7B2254696D655374616D70223A31302C224672616D65436F756E746572223A3233373537352C2247445F58223A2D302E3031323036333830373830373836323735392C2247445F59223A302E303035313135313432303932313038373236352C2247445F5A223A302E303032383234393237343437333633373334322C2241445F58223A2D302E30303331343534343134313239323537322C2241445F59223A2D302E303031323632353533393637353335343935382C2241445F5A223A2D302E31363934383331383438313434353331322C2254656D70447370223A302C22537461747573223A302C2243616C69625374617465223A312C22536967416D70496E76616C6964223A307D7D, 138 
05-27 18:38:36.724   536   536 D commservice260303: Push Message into SendPool fn=-1612774656
05-27 18:38:36.724   536   536 D commservice260303: ComProtocolLibSend2Cluster::send2ClusterRaw fn=-1612774656 , len=334
05-27 18:38:36.724   536   536 D commservice260303: sendCmdToPort :334!!!
05-27 18:38:36.724   536   536 D commservice260303: send Cmd To Port ++++5AA5014A8A010003DF9F6A16C9AC7B22636F6D6D616E64223A7B226964223A22696D755F737461747573222C22737562223A22227D2C22636F6E74656E74223A7B2254696D655374616D70223A31302C224672616D65436F756E746572223A3233373537352C2247445F58223A2D302E3031323036333830373830373836323735392C2247445F59223A302E303035313135313432303932313038373236352C2247445F5A223A302E303032383234393237343437333633373334322C2241445F58223A2D302E30303331343534343134313239323537322C2241445F59223A2D302E303031323632353533393637353335343935382C2241445F5A223A2D302E31363934383331383438313434353331322C2254656D70447370223A302C22537461747573223A302C2243616C69625374617465223A312C22536967416D70496E76616C6964223A307D7DC270
