05-27 18:38:32.837   536   536 D commservice260303: send2Cluster len:316, 7B22636F6D6D616E64223A7B226964223A22696D755F737461747573222C22737562223A22227D2C22636F6E74656E74223A7B2254696D655374616D70223A31302C224672616D65436F756E746572223A3233373437392C2247445F58223A2D302E3031303639303039343930333131313435382C2247445F59223A302E3030343530353030373532373736383631322C2247445F5A223A302E303032323930323134363434373434393932332C2241445F58223A2D342E3937323831353531333631303834452D342C2241445F59223A2D352E323739363636353131333431393239452D342C2241445F5A223A2D302E31363736353231333031323639353331322C2254656D70447370223A302C22537461747573223A302C2243616C69625374617465223A312C22536967416D70496E76616C6964223A307D7D, 138 
05-27 18:38:32.837   536   536 D commservice260303: Push Message into SendPool fn=1038025472
05-27 18:38:32.837   536   536 D commservice260303: ComProtocolLibSend2Cluster::send2ClusterRaw fn=1038025472 , len=332
05-27 18:38:32.837   536   536 D commservice260303: sendCmdToPort :332!!!
05-27 18:38:32.837   536   536 D commservice260303: send Cmd To Port ++++5AA501488A010003DF3D6A16C9A87B22636F6D6D616E64223A7B226964223A22696D755F737461747573222C22737562223A22227D2C22636F6E74656E74223A7B2254696D655374616D70223A31302C224672616D65436F756E746572223A3233373437392C2247445F58223A2D302E3031303639303039343930333131313435382C2247445F59223A302E3030343530353030373532373736383631322C2247445F5A223A302E303032323930323134363434373434393932332C2241445F58223A2D342E3937323831353531333631303834452D342C2241445F59223A2D352E323739363636353131333431393239452D342C2241445F5A223A2D302E31363736353231333031323639353331322C2254656D70447370223A302C22537461747573223A302C2243616C69625374617465223A312C22536967416D70496E76616C6964223A307D7DD6BD
05-27 18:38:32.837   536   536 D commservice260303: bufferevent_write retrun value = 0
05-27 18:38:32.837   536   560 D commservice260303: client datas send succeed,send finish
05-27 18:38:32.837 13911 14192 D Sentinelmode_1.2.5.17_sentry: <SentryImuClusterFgeSender>imu_status sent to Linux, frame=237479, tsNs=10180071, tsMs=10, intervalMs=41, ad=(-4.9728155E-4,-5.2796665E-4,-0.16765213), gd=(-0.010690095,0.0045050075,0.0022902146)
05-27 08:29:41.798   581   581 D spi_rst_gpio_get_output: GPIO 145 value: 0
05-27 08:29:41.798   581   581 D spidev_ioctl: gpio status=0)
05-27 18:38:32.844   299 30841 D EvsDriver: forwardFrame
05-27 18:38:32.845   299 30844 D EvsDriver: forwardFrame
05-27 18:38:32.846   299 30844 D EvsDriver: Delivered 0xb400007b7ca56900 as id 0
05-27 18:38:32.846  1167  1479 D evsmanagerd: /dev/video6 forwarded the buffer #0 to 0xb4000074bf5f5510 from 0xb4000074bf5f6d90
05-27 18:38:32.847   299 30841 D EvsDriver: Delivered 0xb400007b7ca56a60 as id 0
05-27 18:38:32.847  1167  1479 D evsmanagerd: /dev/video4 forwarded the buffer #0 to 0xb4000074bf5f6850 from 0xb4000074bf5f41d0
05-27 08:29:41.813   581   581 D spi_rst_gpio_get_output: GPIO 145 value: 1
05-27 08:29:41.813   581   581 D spidev_ioctl: gpio status=1)
05-27 18:38:32.848   481   598 I mcuc    : rev,n=1,6AA681CD0D000A89004E010409001234561A
05-27 18:38:32.848   581   581 I SpiService: fgesysctrl_getGPIO_status success val=1
05-27 18:38:32.848   351   373 D automotive.vehicle@2.0-adayo-datacomm-mcu: MCUDatacomm sendMessageFromVehicle prop: 0x89, areaId: 0x0, status: 0x4e, timestamp: 0x1
05-27 18:38:32.848   351   373 D automotive.vehicle@2.0-adayo-datacomm-mcu: MCUDatacomm 1sendMessageFromVehicle ---> type = 12 
05-27 18:38:32.849  1121  1144 I tboxmids_ap: [2026-05-27 18:38:32.848] [MCU RX] src=MCU dst=ZMQ len=10 type=BINARY data=00 08 4E 01 04 09 00 12 34 56 
05-27 18:38:32.849   299  1153 D EvsDriver: doneWithFrame
05-27 18:38:32.850   299  1163 D EvsDriver: doneWithFrame
05-27 18:38:32.850  1008 30857 D [OMXB]  : usingANWBuffer: handle:0xee741e50, format:1, w:1920, h:1080
05-27 18:38:32.852  1083  1083 I MyAppLog: [2026-05-27 18:38:32.850 I tboxap mcuCommTboxmidsRecvCb:97] [Mcu] [mcuCommTboxmidsRecvCb] recv from tboxmids, size:10
05-27 18:38:32.852  1083  1083 I MyAppLog: [2026-05-27 18:38:32.850 I tboxap mcuCommTboxmidsRecvCb:98] [Mcu] [tboxmids -> tboxap]: :00 08 4E 01 04 09 00 12 34 56
05-27 18:38:32.852  1083  1083 I MyAppLog: [2026-05-27 18:38:32.850 I tboxap mcuPtlParseData:990] [Mcu] [Mcu  Parse]: (cmd):0900 (param):0900123456
05-27 18:38:32.852  1083  1083 W MyAppLog: [2026-05-27 18:38:32.850 W tboxap mcuParamDataRevPack:918] [Mcu] mcuParamDataRevPack start pack data!!!
05-27 18:38:32.852  1083  1083 I MyAppLog: [2026-05-27 18:38:32.850 I tboxap MCU_HANDSHAKE_IND_McuInd:317] [Mcu] [MCU_HANDSHAKE_IND_McuInd] wakeReason:0x12 -> loginReason:0x08 protoVer:0x34
05-27 18:38:32.852  1083  1083 W MyAppLog: [2026-05-27 18:38:32.850 W tboxap mcuHandleHandshakeInd:1654] [Mcu] [mcuHandleHandshakeInd] recv 0x0900 handshake response wakeReason:0x12 protoVer:0x34
05-27 18:38:32.854   581   581 I SpiService: fgesysctrl_getGPIO_status success val=1
05-27 18:38:32.857 13911 14183 I SentryImuMcuAngleSender: 179.99298rollDeg
05-27 08:29:41.818   581   581 D spi_rst_gpio_get_output: GPIO 145 value: 1
05-27 08:29:41.818   581   581 D spidev_ioctl: gpio status=1)
05-27 18:38:32.857 13911 14183 I SentryImuMcuAngleSender: 1,0,0
05-27 18:38:32.860   581   581 I SpiService: fgesysctrl_getGPIO_status success val=1
05-27 08:29:41.824   581   581 D spi_rst_gpio_get_output: GPIO 145 value: 1
05-27 08:29:41.824   581   581 D spidev_ioctl: gpio status=1)
05-27 18:38:32.864   283   307 I rvcservice: t.code = 7, t.value = 10179981
05-27 18:38:32.865   581   581 I SpiService: fgesysctrl_getGPIO_status success val=1
05-27 08:29:41.830   581   581 D spi_rst_gpio_get_output: GPIO 145 value: 1
05-27 08:29:41.830   581   581 D spidev_ioctl: gpio status=1)
05-27 18:38:32.870   581   581 I SpiService: fgesysctrl_getGPIO_status success val=0
05-27 18:38:32.871   481   597 I mcuc    : send SPI:6AA602CD0D0002890099
05-27 08:29:41.835   581   581 D spi_rst_gpio_get_output: GPIO 145 value: 0
05-27 08:29:41.835   581   581 D spidev_ioctl: gpio status=0)
05-27 18:38:32.875 10188 23768 I ActivityManager: Death received in com.android.server.am.ActivityManagerService$AppDeathRecipient@a7f0648 for thread android.os.BinderProxy@fafcce1, proc:ProcessRecord{e9aebd7 25024:com.anwsdk.service:remote/1000}
05-27 18:38:32.875   572   622 I Sensors : 230 AccelSensor: x:-0.169580,y:0.002440,z:-9.972281
05-27 18:38:32.875 10188 23768 I ActivityManager: Process com.anwsdk.service:remote (pid 25024) has died: cch CACC
05-27 18:38:32.875 10188 23768 I am_proc_died: [0,25024,com.anwsdk.service:remote,900,17]
05-27 18:38:32.875 10188 10678 I libprocessgroup: Successfully killed process cgroup uid 1000 pid 25024 in 0ms
05-27 18:38:32.875 10188 23768 I ActivityManager: app ProcessRecord{e9aebd7 25024:com.anwsdk.service:remote/1000} mThread:android.app.IApplicationThread$Stub$Proxy@54cfa06 mDeathRecipient:com.android.server.am.ActivityManagerService$AppDeathRecipient@a7f0648 has been unlinked.
05-27 18:38:32.875   299 30844 D EvsDriver: forwardFrame
05-27 18:38:32.876   536   536 D commservice260303: msg.id = 1028,0
05-27 18:38:32.876   536   536 D commservice260303: i = 170, msgid = 8A000404
05-27 18:38:32.876   536   536 D commservice260303: msgid = -1979710460,did=138
05-27 18:38:32.876   536   536 D commservice260303: CommProtocolLibCmdBaseI2C::dataproc {"command":{"id":"imu_status","sub":""},"content":{"TimeStamp":10,"FrameCounter":237480,"GD_X":-0.011223767884075642,"GD_Y":0.0059551820158958435,"GD_Z":0.0019848872907459736,"AD_X":-0.0029576122760772705,"AD_Y":8.965819142758846E-5,"AD_Z":-0.16704368591308594,"TempDsp":0,"Status":0,"CalibState":1,"SigAmpInvalid":0}},-1979710460
05-27 18:38:32.876   536   536 D commservice260303: send2Cluster len:318, 7B22636F6D6D616E64223A7B226964223A22696D755F737461747573222C22737562223A22227D2C22636F6E74656E74223A7B2254696D655374616D70223A31302C224672616D65436F756E746572223A3233373438302C2247445F58223A2D302E3031313232333736373838343037353634322C2247445F59223A302E303035393535313832303135383935383433352C2247445F5A223A302E303031393834383837323930373435393733362C2241445F58223A2D302E303032393537363132323736303737323730352C2241445F59223A382E393635383139313432373538383436452D352C2241445F5A223A2D302E31363730343336383539313330383539342C2254656D70447370223A302C22537461747573223A302C2243616C69625374617465223A312C22536967416D70496E76616C6964223A307D7D, 138 
05-27 18:38:32.876   536   536 D commservice260303: Push Message into SendPool fn=1054802688
05-27 08:29:41.839   622   622 W audit   : audit_lost=33327 audit_rate_limit=5 audit_backlog_limit=64
05-27 08:29:41.839   622   622 E audit   : rate limit exceeded
05-27 18:38:32.876   536   536 D commservice260303: ComProtocolLibSend2Cluster::send2ClusterRaw fn=1054802688 , len=334
05-27 18:38:32.876 10188 23768 W ActivityManager: Scheduling restart of crashed service com.anwsdk.service/.anwbtservice in 0ms for persistent
05-27 18:38:32.876   536   536 D commservice260303: sendCmdToPort :334!!!
05-27 18:38:32.876 10188 23768 I am_schedule_service_restart: [0,com.anwsdk.service/.anwbtservice,0]
05-27 18:38:32.876   536   536 D commservice260303: send Cmd To Port ++++5AA5014A8A010003DF3E6A16C9A87B22636F6D6D616E64223A7B226964223A22696D755F737461747573222C22737562223A22227D2C22636F6E74656E74223A7B2254696D655374616D70223A31302C224672616D65436F756E746572223A3233373438302C2247445F58223A2D302E3031313232333736373838343037353634322C2247445F59223A302E303035393535313832303135383935383433352C2247445F5A223A302E303031393834383837323930373435393733362C2241445F58223A2D302E303032393537363132323736303737323730352C2241445F59223A382E393635383139313432373538383436452D352C2241445F5A223A2D302E31363730343336383539313330383539342C2254656D70447370223A302C22537461747573223A302C2243616C69625374617465223A312C22536967416D70496E76616C6964223A307D7D85B0
05-27 18:38:32.876   536   536 D commservice260303: bufferevent_write retrun value = 0
05-27 18:38:32.876 10188 23768 I ActivityManager: note: ProcessRecord{e9aebd7 25024:com.anwsdk.service:remote/1000} died, saving the exit info
05-27 18:38:32.876   536   560 D commservice260303: client datas send succeed,send finish
05-27 18:38:32.876 13911 14192 D Sentinelmode_1.2.5.17_sentry: <SentryImuClusterFgeSender>imu_status sent to Linux, frame=237480, tsNs=10180125, tsMs=10, intervalMs=39, ad=(-0.0029576123,8.965819E-5,-0.16704369), gd=(-0.011223768,0.005955182,0.0019848873)
05-27 18:38:32.876 10188 10680 I ActivityManager: Update process exit info for com.anwsdk.service(25024/u1000)
05-27 18:38:32.877   299 30841 D EvsDriver: forwardFrame
05-27 18:38:32.877   299 30844 D EvsDriver: Delivered 0xb400007b7ca56900 as id 0
05-27 18:38:32.877  1167  1479 D evsmanagerd: /dev/video6 forwarded the buffer #0 to 0xb4000074bf5f5510 from 0xb4000074bf5f6d90
05-27 18:38:32.877 10188 23768 D ActivityTaskManager: put all activities to cleanup list, wpc=ProcessRecord{e9aebd7 0:com.anwsdk.service:remote/1000} mHasActivities=false activeActivitySize=0
05-27 18:38:32.877 13435 13435 I liblog  : 5
05-27 18:38:32.877 13435 13435 D BtManager: onServiceDisconnected
05-27 18:38:32.878 13911 14183 I SentryImuMcuAngleSender: 179.98598rollDeg
05-27 18:38:32.878 13911 14183 I SentryImuMcuAngleSender: 1,0,0
05-27 18:38:32.878 10041 10041 I Zygote  : Process 25024 exited cleanly (1)
05-27 18:38:32.880   299 30841 D EvsDriver: Delivered 0xb400007b7ca56a60 as id 0
05-27 18:38:32.880  1167  1479 D evsmanagerd: /dev/video4 forwarded the buffer #0 to 0xb4000074bf5f6850 from 0xb4000074bf5f41d0
05-27 18:38:32.880 10188 10660 I ActivityManager: com.anwsdk.service is exempt from freezer
05-27 18:38:32.880 10188 10188 D JobScheduler.Quota: Processing event 31 for <0>com.anwsdk.service
05-27 18:38:32.880 10188 10660 D CompatibilityChangeReporter: Compat change id reported: 135634846; UID 1000; state: DISABLED
05-27 18:38:32.880 10188 10660 D CompatibilityChangeReporter: Compat change id reported: 177438394; UID 1000; state: DISABLED
05-27 18:38:32.880 10188 10660 D CompatibilityChangeReporter: Compat change id reported: 135772972; UID 1000; state: DISABLED
05-27 18:38:32.880 10188 10660 D CompatibilityChangeReporter: Compat change id reported: 135754954; UID 1000; state: ENABLED
05-27 18:38:32.881 10188 10660 D ActivityManager: ProcessRecord{c9878c7 0:com.anwsdk.service:remote/1000} setPendingStart=true callers=com.android.server.am.ProcessList.startProcessLocked:1922 com.android.server.am.UnisocProcessList.startProcessLocked:320 com.android.server.am.ProcessList.startProcessLocked:2391 com.android.server.am.ProcessList.startProcessLocked:2534 com.android.server.am.ActivityManagerService.startProcessLocked:2890 com.android.server.am.ActiveServices.bringUpServiceLocked:4326 com.android.server.am.ActiveServices.performServiceRestartLocked:4104 com.android.server.am.ActiveServices$ServiceRestarter.run:3320 android.os.Handler.handleCallback:942 android.os.Handler.dispatchMessage:99 
05-27 18:38:32.881 10188 10660 I ActivityManager: Posting procStart msg for 0:com.anwsdk.service:remote/1000
05-27 18:38:32.881 10188 10661 D ActivityManager: asking zygote to start proc:ProcessRecord{c9878c7 0:com.anwsdk.service:remote/1000}
05-27 18:38:32.881  1008 30856 D [OMXB]  : usingANWBuffer: handle:0xee740e80, format:1, w:1920, h:1080
05-27 18:38:32.881   299  1153 D EvsDriver: doneWithFrame
05-27 18:38:32.883 10188 10661 D Prefork : startResult is empty and running normal execution.
05-27 18:38:32.884   299  1153 D EvsDriver: doneWithFrame
05-27 18:38:32.885   581   581 I SpiService: fgesysctrl_getGPIO_status success val=1
05-27 08:29:41.850   581   581 D spi_rst_gpio_get_output: GPIO 145 value: 1
05-27 08:29:41.850   581   581 D spidev_ioctl: gpio status=1)
05-27 18:38:32.889 10188 10678 I ActivityManager: Got SIGCHLD from zygote: pid=25024, uid=1000, status=100
05-27 08:29:41.856   581   581 D spi_rst_gpio_get_output: GPIO 145 value: 1
05-27 18:38:32.890 10188 10680 I ActivityManager: zygote: proc died: pid=25024 uid=1000, status=256
05-27 18:38:32.890 10188 10680 E UnisocStabilityCollection: getKill:true,cur=0,killType=3 ,name=proc_died:1000, reason=proc_died
05-27 18:38:32.890 10188 10680 E UnisocStabilityCollection: getKill sum:14
05-27 18:38:32.891   581   581 I SpiService: fgesysctrl_getGPIO_status success val=1
05-27 08:29:41.856   581   581 D spidev_ioctl: gpio status=1)
05-27 18:38:32.897 13911 14183 I SentryImuMcuAngleSender: 179.98248rollDeg
05-27 18:38:32.897 13911 14183 I SentryImuMcuAngleSender: 1,0,0
05-27 18:38:32.897   581   581 I SpiService: fgesysctrl_getGPIO_status success val=1
05-27 18:38:32.899 15858 15972 D MessageCenterService: 服务运行中
05-27 08:29:41.862   581   581 D spi_rst_gpio_get_output: GPIO 145 value: 1
05-27 08:29:41.862   581   581 D spidev_ioctl: gpio status=1)
05-27 18:38:32.903   581   581 I SpiService: fgesysctrl_getGPIO_status success val=1
05-27 18:38:32.904   299 30841 D EvsDriver: forwardFrame
05-27 18:38:32.904   299 30841 D EvsDriver: Delivered 0xb400007b7ca56a60 as id 0
05-27 18:38:32.905  1167  1479 D evsmanagerd: /dev/video4 forwarded the buffer #0 to 0xb4000074bf5f6850 from 0xb4000074bf5f41d0
05-27 08:29:41.868   581   581 D spi_rst_gpio_get_output: GPIO 145 value: 1
05-27 08:29:41.868   581   581 D spidev_ioctl: gpio status=1)
05-27 18:38:32.905 10041 10041 D Zygote  : Forked child process 25124
05-27 18:38:32.905  1008 30857 D [OMXB]  : usingANWBuffer: handle:0xee742b60, format:1, w:1920, h:1080
05-27 18:38:32.905 10188 10661 I am_proc_start: [0,25124,1000,com.anwsdk.service:remote,service,{com.anwsdk.service/com.anwsdk.service.anwbtservice}]
05-27 18:38:32.905 10188 10661 I ActivityManager: Start proc 25124:com.anwsdk.service:remote/1000 for service {com.anwsdk.service/com.anwsdk.service.anwbtservice}
05-27 18:38:32.906 10188 10661 D ActivityManager: ProcessRecord{c9878c7 25124:com.anwsdk.service:remote/1000} setPendingStart=false callers=com.android.server.am.ProcessList.handleProcessStartedLocked:2646 com.android.server.am.UnisocProcessList.handleProcessStartedLocked:377 com.android.server.am.ProcessList.handleProcessStartedLocked:2585 com.android.server.am.ProcessList.lambda$handleProcessStart$1$com-android-server-am-ProcessList:1993 com.android.server.am.ProcessList$$ExternalSyntheticLambda1.run:22 com.android.server.am.ProcessList.handleProcessStart:2016 com.android.server.am.ProcessList.lambda$startProcessLocked$0$com-android-server-am-ProcessList:1950 com.android.server.am.ProcessList$$ExternalSyntheticLambda5.run:22 android.os.Handler.handleCallback:942 android.os.Handler.dispatchMessage:99 
05-27 08:29:41.873   581   581 D spi_rst_gpio_get_output: GPIO 145 value: 1
05-27 08:29:41.873   581   581 D spidev_ioctl: gpio status=1)
05-27 18:38:32.908   581   581 I SpiService: fgesysctrl_getGPIO_status success val=1
05-27 18:38:32.909   299  1153 D EvsDriver: doneWithFrame
05-27 18:38:32.913   299 30844 D EvsDriver: forwardFrame
05-27 18:38:32.915   581   581 I SpiService: fgesysctrl_getGPIO_status success val=0
05-27 18:38:32.915  1167  1479 D evsmanagerd: /dev/video6 forwarded the buffer #0 to 0xb4000074bf5f5510 from 0xb4000074bf5f6d90
05-27 18:38:32.915   299 30844 D EvsDriver: Delivered 0xb400007b7ca56900 as id 0
05-27 18:38:32.916   536   536 D commservice260303: msg.id = 1028,0
05-27 18:38:32.916   536   536 D commservice260303: i = 170, msgid = 8A000404
05-27 18:38:32.916   536   536 D commservice260303: msgid = -1979710460,did=138
05-27 18:38:32.916   536   536 D commservice260303: CommProtocolLibCmdBaseI2C::dataproc {"command":{"id":"imu_status","sub":""},"content":{"TimeStamp":10,"FrameCounter":237481,"GD_X":-0.011759000830352306,"GD_Y":0.004352083895355463,"GD_Z":0.0016030981205403805,"AD_X":-0.0029532313346862793,"AD_Y":0.0013028148096054792,"AD_Z":-0.16948318481445312,"TempDsp":0,"Status":0,"CalibState":1,"SigAmpInvalid":0}},-1979710460
05-27 18:38:32.916   536   536 D commservice260303: send2Cluster len:318, 7B22636F6D6D616E64223A7B226964223A22696D755F737461747573222C22737562223A22227D2C22636F6E74656E74223A7B2254696D655374616D70223A31302C224672616D65436F756E746572223A3233373438312C2247445F58223A2D302E3031313735393030303833303335323330362C2247445F59223A302E3030343335323038333839353335353436332C2247445F5A223A302E303031363033303938313230353430333830352C2241445F58223A2D302E303032393533323331333334363836323739332C2241445F59223A302E303031333032383134383039363035343739322C2241445F5A223A2D302E31363934383331383438313434353331322C2254656D70447370223A302C22537461747573223A302C2243616C69625374617465223A312C22536967416D70496E76616C6964223A307D7D, 138 
05-27 18:38:32.916   536   536 D commservice260303: Push Message into SendPool fn=1071579904
05-27 18:38:32.916   536   536 D commservice260303: ComProtocolLibSend2Cluster::send2ClusterRaw fn=1071579904 , len=334
05-27 18:38:32.916   536   536 D commservice260303: sendCmdToPort :334!!!
05-27 18:38:32.916   536   536 D commservice260303: send Cmd To Port ++++5AA5014A8A010003DF3F6A16C9A87B22636F6D6D616E64223A7B226964223A22696D755F737461747573222C22737562223A22227D2C22636F6E74656E74223A7B2254696D655374616D70223A31302C224672616D65436F756E746572223A3233373438312C2247445F58223A2D302E3031313735393030303833303335323330362C2247445F59223A302E3030343335323038333839353335353436332C2247445F5A223A302E303031363033303938313230353430333830352C2241445F58223A2D302E303032393533323331333334363836323739332C2241445F59223A302E303031333032383134383039363035343739322C2241445F5A223A2D302E31363934383331383438313434353331322C2254656D70447370223A302C22537461747573223A302C2243616C69625374617465223A312C22536967416D70496E76616C6964223A307D7DF899
05-27 18:38:32.916   536   536 D commservice260303: bufferevent_write retrun value = 0
05-27 18:38:32.916   536   560 D commservice260303: client datas send succeed,send finish
05-27 18:38:32.916 13911 14192 D Sentinelmode_1.2.5.17_sentry: <SentryImuClusterFgeSender>imu_status sent to Linux, frame=237481, tsNs=10180159, tsMs=10, intervalMs=40, ad=(-0.0029532313,0.0013028148,-0.16948318), gd=(-0.011759001,0.004352084,0.0016030981)
05-27 08:29:41.879   581   581 D spi_rst_gpio_get_output: GPIO 145 value: 0
05-27 08:29:41.879   581   581 D spidev_ioctl: gpio status=0)
05-27 18:38:32.918 13911 14183 I SentryImuMcuAngleSender: 179.97899rollDeg
05-27 18:38:32.918 13911 14183 I SentryImuMcuAngleSender: 1,0,0
05-27 18:38:32.919   299  1153 D EvsDriver: doneWithFrame
05-27 18:38:32.921 25124 25124 I Zygote  : seccomp disabled by setenforce 0
05-27 18:38:32.921  1083  1083 I MyAppLog: [2026-05-27 18:38:32.920 I tboxap mcuMainPeriodic100msTask:914] [Mcu] [mcuMainPeriodic100msTask] MCU version not ready, send 0x0981 item 0x01 retry:1
05-27 18:38:32.921  1083  1083 I MyAppLog: [2026-05-27 18:38:32.921 I tboxap mcuSendYadiTransfer:196] [Mcu] [mcuYadiSend]: :00 08 FC 04 01 09 81 02 01 01
05-27 18:38:32.925   481   599 I mcuc    : start timer OK = 28666 
05-27 18:38:32.928  1008 30856 D [OMXB]  : usingANWBuffer: handle:0xee746c00, format:1, w:1920, h:1080
05-27 18:38:32.929   581   581 I SpiService: fgesysctrl_getGPIO_status success val=1
05-27 18:38:32.931 25124 25124 I .service:remote: Late-enabling -Xcheck:jni
05-27 08:29:41.894   581   581 D spi_rst_gpio_get_output: GPIO 145 value: 1
05-27 08:29:41.894   581   581 D spidev_ioctl: gpio status=1)
05-27 18:38:32.935   581   581 I SpiService: fgesysctrl_getGPIO_status success val=1
05-27 08:29:41.899   581   581 D spi_rst_gpio_get_output: GPIO 145 value: 1
05-27 08:29:41.899   581   581 D spidev_ioctl: gpio status=1)
05-27 18:38:32.938   299 30841 D EvsDriver: forwardFrame
05-27 18:38:32.938 13911 14183 I SentryImuMcuAngleSender: 179.98598rollDeg
05-27 18:38:32.939 13911 14183 I SentryImuMcuAngleSender: 1,0,0
05-27 18:38:32.939   299 30841 D EvsDriver: Delivered 0xb400007b7ca56a60 as id 0
05-27 18:38:32.939  1167  1479 D evsmanagerd: /dev/video4 forwarded the buffer #0 to 0xb4000074bf5f6850 from 0xb4000074bf5f41d0
05-27 18:38:32.939 30773 30773 E dvr_service_: [myNum:0] Received S**** loss
05-27 18:38:32.940   299  1153 D EvsDriver: doneWithFrame
05-27 18:38:32.940   581   581 I SpiService: fgesysctrl_getGPIO_status success val=1
05-27 08:29:41.905   581   581 D spi_rst_gpio_get_output: GPIO 145 value: 1
05-27 08:29:41.905   581   581 D spidev_ioctl: gpio status=1)
05-27 18:38:32.941   299 30844 D EvsDriver: forwardFrame
05-27 18:38:32.943   299 30844 D EvsDriver: Delivered 0xb400007b7ca56900 as id 0
05-27 18:38:32.944  1167  1479 D evsmanagerd: /dev/video6 forwarded the buffer #0 to 0xb4000074bf5f5510 from 0xb4000074bf5f6d90
05-27 18:38:32.944 30773 30773 E dvr_service_: [myNum:1] Received S**** loss
05-27 18:38:32.945   299  1153 D EvsDriver: doneWithFrame
05-27 18:38:32.946   581   581 I SpiService: fgesysctrl_getGPIO_status success val=1
05-27 08:29:41.910   581   581 D spi_rst_gpio_get_output: GPIO 145 value: 1
05-27 08:29:41.910   581   581 D spidev_ioctl: gpio status=1)
05-27 18:38:32.951   581   581 I SpiService: fgesysctrl_getGPIO_status success val=0
05-27 18:38:32.951   481   597 I mcuc    : send SPI:6AA6016FFA00F80901FC040109810201010000000000000000000000000000000000000000000000000000000000000000000000000000000000000000000000000000000000000000000000000000000000000000000000000000000000000000000000000000000000000000000000000000000000000000000000000000000000000000000000000000000000000000000000000000000000000000000000000000000000000000000000000000000000000000000000000000000000000000000000000000000000000000000000000000000000000000000000000000000000000000000000000000000000000000000000000000000000000000000005
05-27 08:29:41.916   581   581 D spi_rst_gpio_get_output: GPIO 145 value: 0
05-27 08:29:41.916   581   581 D spidev_ioctl: gpio status=0)
05-27 18:38:32.956   536   536 D commservice260303: msg.id = 1028,0
05-27 18:38:32.956   536   536 D commservice260303: i = 170, msgid = 8A000404
05-27 18:38:32.956   536   536 D commservice260303: msgid = -1979710460,did=138
05-27 18:38:32.956   536   536 D commservice260303: CommProtocolLibCmdBaseI2C::dataproc {"command":{"id":"imu_status","sub":""},"content":{"TimeStamp":10,"FrameCounter":237482,"GD_X":-0.011682018637657166,"GD_Y":0.004963258747011423,"GD_Z":0.0017560218693688512,"AD_X":-0.0017399787902832031,"AD_Y":0.0012986287474632263,"AD_Z":-0.16826438903808594,"TempDsp":0,"Status":0,"CalibState":1,"SigAmpInvalid":0}},-1979710460
05-27 18:38:32.956   536   536 D commservice260303: send2Cluster len:318, 7B22636F6D6D616E64223A7B226964223A22696D755F737461747573222C22737562223A22227D2C22636F6E74656E74223A7B2254696D655374616D70223A31302C224672616D65436F756E746572223A3233373438322C2247445F58223A2D302E3031313638323031383633373635373136362C2247445F59223A302E3030343936333235383734373031313432332C2247445F5A223A302E303031373536303231383639333638383531322C2241445F58223A2D302E303031373339393738373930323833323033312C2241445F59223A302E303031323938363238373437343633323236332C2241445F5A223A2D302E31363832363433383930333830383539342C2254656D70447370223A302C22537461747573223A302C2243616C69625374617465223A312C22536967416D70496E76616C6964223A307D7D, 138 
05-27 18:38:32.956   536   536 D commservice260303: Push Message into SendPool fn=1088357120
05-27 18:38:32.956   536   536 D commservice260303: ComProtocolLibSend2Cluster::send2ClusterRaw fn=1088357120 , len=334
05-27 18:38:32.956   536   536 D commservice260303: sendCmdToPort :334!!!
05-27 18:38:32.956   536   536 D commservice260303: send Cmd To Port ++++5AA5014A8A010003DF406A16C9A87B22636F6D6D616E64223A7B226964223A22696D755F737461747573222C22737562223A22227D2C22636F6E74656E74223A7B2254696D655374616D70223A31302C224672616D65436F756E746572223A3233373438322C2247445F58223A2D302E3031313638323031383633373635373136362C2247445F59223A302E3030343936333235383734373031313432332C2247445F5A223A302E303031373536303231383639333638383531322C2241445F58223A2D302E303031373339393738373930323833323033312C2241445F59223A302E303031323938363238373437343633323236332C2241445F5A223A2D302E31363832363433383930333830383539342C2254656D70447370223A302C22537461747573223A302C2243616C69625374617465223A312C22536967416D70496E76616C6964223A307D7DD98C
05-27 18:38:32.956   536   536 D commservice260303: bufferevent_write retrun value = 0
05-27 18:38:32.956   536   560 D commservice260303: client datas send succeed,send finish
05-27 18:38:32.957 13911 14192 D Sentinelmode_1.2.5.17_sentry: <SentryImuClusterFgeSender>imu_status sent to Linux, frame=237482, tsNs=10180195, tsMs=10, intervalMs=40, ad=(-0.0017399788,0.0012986287,-0.16826439), gd=(-0.011682019,0.0049632587,0.0017560219)
05-27 18:38:32.957  1008 30857 D [OMXB]  : usingANWBuffer: handle:0xee7433a0, format:1, w:1920, h:1080
05-27 18:38:32.959 13911 14183 I SentryImuMcuAngleSender: 179.97897rollDeg
05-27 18:38:32.959 13911 14183 I SentryImuMcuAngleSender: 1,0,0
05-27 18:38:32.962   572   572 I Sensors : 230 GyroSensor: x:-0.011148,y:0.005650,z:0.002214
05-27 18:38:32.963 30773 30786 I dvr_service_: CameraX 1  audioOK: 83136000,audios:1300
05-27 18:38:32.964   481   598 I mcuc    : rev,n=1,6AA681CD0E008C8305000055000000B0000000000001000100000A4C37B128C163372A3728F43937296E51372AB213D5859E27AE00000000040000B3000000000000000000000000000000B44300000000000300000000000000AA000000E40701010000000000000000BB06050507EA051B000008009403CB00CC000000000000000000000000000000B50000000000000000F1
05-27 18:38:32.964   283   307 I rvcservice: t.code = 3, t.value = 0
05-27 18:38:32.965   351   373 D automotive.vehicle@2.0-adayo-datacomm-mcu: MCUDatacomm sendMessageFromVehicle prop: 0x83, areaId: 0x5, status: 0x0, timestamp: 0x0
05-27 18:38:32.965   351   373 D automotive.vehicle@2.0-adayo-datacomm-mcu: MCUDatacomm 1sendMessageFromVehicle ---> type = 7 
05-27 18:38:32.965   351   373 I automotive.vehicle@2.0-adayo-func-mcu: MCUFunc :sendMessageFromVehicle  msgBuff[0] = 131 
05-27 18:38:32.965   351   373 I automotive.vehicle@2.0-adayo-func-mcu: MCUFunc :sendMessageFromVehicle  msgBuff[1] = 5 
05-27 18:38:32.965   351   373 I automotive.vehicle@2.0-adayo-func-mcu: MCUFunc :sendMessageFromVehicle  msgBuff[2] = 0 
05-27 18:38:32.965   351   373 I automotive.vehicle@2.0-adayo-func-mcu: MCUFunc :sendMessageFromVehicle  msgBuff[3] = 0 
05-27 18:38:32.965   351   373 I automotive.vehicle@2.0-adayo-func-mcu: MCUFunc :sendMessageFromVehicle  msgBuff[4] = 85 
05-27 18:38:32.965   351   373 I automotive.vehicle@2.0-adayo-func-mcu: MCUFunc :sendMessageFromVehicle  msgBuff[5] = 0 
05-27 18:38:32.965   581   581 I SpiService: fgesysctrl_getGPIO_status success val=1
05-27 08:29:41.930   581   581 D spi_rst_gpio_get_output: GPIO 145 value: 1
05-27 08:29:41.930   581   581 D spidev_ioctl: gpio status=1)
05-27 18:38:32.971   581   581 I SpiService: fgesysctrl_getGPIO_status success val=1
05-27 18:38:32.971   299 30841 D EvsDriver: forwardFrame
05-27 08:29:41.935   581   581 D spi_rst_gpio_get_output: GPIO 145 value: 1
05-27 08:29:41.935   581   581 D spidev_ioctl: gpio status=1)
05-27 08:29:41.941   581   581 D spi_rst_gpio_get_output: GPIO 145 value: 1
05-27 08:29:41.941   581   581 D spidev_ioctl: gpio status=1)
05-27 18:38:32.973   299 30841 D EvsDriver: Delivered 0xb400007b7ca56a60 as id 0
05-27 18:38:32.973  1167  1479 D evsmanagerd: /dev/video4 forwarded the buffer #0 to 0xb4000074bf5f6850 from 0xb4000074bf5f41d0
05-27 18:38:32.973 25124 25124 D .service:remote: Received session metadata: 3417823115759462161
05-27 18:38:32.976   581   581 I SpiService: fgesysctrl_getGPIO_status success val=1
05-27 18:38:32.977   299 30844 D EvsDriver: forwardFrame
05-27 18:38:32.977   299  1153 D EvsDriver: doneWithFrame
05-27 18:38:32.978   299 30844 D EvsDriver: Delivered 0xb400007b7ca56900 as id 0
05-27 18:38:32.979  1167  1479 D evsmanagerd: /dev/video6 forwarded the buffer #0 to 0xb4000074bf5f5510 from 0xb4000074bf5f6d90
05-27 18:38:32.979  1008 30856 D [OMXB]  : usingANWBuffer: handle:0xee743870, format:1, w:1920, h:1080
05-27 18:38:32.980 13911 14183 I SentryImuMcuAngleSender: 179.97197rollDeg
05-27 18:38:32.980 13911 14183 I SentryImuMcuAngleSender: 1,0,0
05-27 18:38:32.982   581   581 I SpiService: fgesysctrl_getGPIO_status success val=1
05-27 18:38:32.984   299  1153 D EvsDriver: doneWithFrame
05-27 08:29:41.946   581   581 D spi_rst_gpio_get_output: GPIO 145 value: 1
05-27 08:29:41.947   581   581 D spidev_ioctl: gpio status=1)
05-27 18:38:32.987   581   581 I SpiService: fgesysctrl_getGPIO_status success val=1
05-27 08:29:41.952   581   581 D spi_rst_gpio_get_output: GPIO 145 value: 1
05-27 08:29:41.952   581   581 D spidev_ioctl: gpio status=1)
05-27 18:38:32.993   581   581 I SpiService: fgesysctrl_getGPIO_status success val=0
05-27 18:38:32.993   481   597 I mcuc    : send SPI:6AA602CD0E0002830599
05-27 18:38:32.995  1116  1135 I adbd    : jdwp connection from 25124
05-27 18:38:32.995   536   536 D commservice260303: msg.id = 1028,0
05-27 18:38:32.995   536   536 D commservice260303: i = 170, msgid = 8A000404
05-27 18:38:32.996   536   536 D commservice260303: msgid = -1979710460,did=138
05-27 18:38:32.996   536   536 D commservice260303: CommProtocolLibCmdBaseI2C::dataproc {"command":{"id":"imu_status","sub":""},"content":{"TimeStamp":10,"FrameCounter":237483,"GD_X":-0.011070843786001205,"GD_Y":0.0057257963344454765,"GD_Z":0.0023671966046094894,"AD_X":-0.0035681724548339844,"AD_Y":0.0031115624587982893,"AD_Z":-0.16948318481445312,"TempDsp":0,"Status":0,"CalibState":1,"SigAmpInvalid":0}},-1979710460
05-27 18:38:32.996   536   536 D commservice260303: send2Cluster len:319, 7B22636F6D6D616E64223A7B226964223A22696D755F737461747573222C22737562223A22227D2C22636F6E74656E74223A7B2254696D655374616D70223A31302C224672616D65436F756E746572223A3233373438332C2247445F58223A2D302E3031313037303834333738363030313230352C2247445F59223A302E303035373235373936333334343435343736352C2247445F5A223A302E303032333637313936363034363039343839342C2241445F58223A2D302E303033353638313732343534383333393834342C2241445F59223A302E303033313131353632343538373938323839332C2241445F5A223A2D302E31363934383331383438313434353331322C2254656D70447370223A302C22537461747573223A302C2243616C69625374617465223A312C22536967416D70496E76616C6964223A307D7D, 138 
05-27 18:38:32.996   536   536 D commservice260303: Push Message into SendPool fn=1105134336
05-27 18:38:32.996   536   536 D commservice260303: ComProtocolLibSend2Cluster::send2ClusterRaw fn=1105134336 , len=335
05-27 18:38:32.996   536   536 D commservice260303: sendCmdToPort :335!!!
05-27 18:38:32.996   536   536 D commservice260303: send Cmd To Port ++++5AA5014B8A010003DF416A16C9A87B22636F6D6D616E64223A7B226964223A22696D755F737461747573222C22737562223A22227D2C22636F6E74656E74223A7B2254696D655374616D70223A31302C224672616D65436F756E746572223A3233373438332C2247445F58223A2D302E3031313037303834333738363030313230352C2247445F59223A302E303035373235373936333334343435343736352C2247445F5A223A302E303032333637313936363034363039343839342C2241445F58223A2D302E303033353638313732343534383333393834342C2241445F59223A302E303033313131353632343538373938323839332C2241445F5A223A2D302E31363934383331383438313434353331322C2254656D70447370223A302C22537461747573223A302C2243616C69625374617465223A312C22536967416D70496E76616C6964223A307D7D7128
05-27 18:38:32.996   536   536 D commservice260303: bufferevent_write retrun value = 0
05-27 18:38:32.996   536   560 D commservice260303: client datas send succeed,send finish
05-27 08:29:41.957   581   581 D spi_rst_gpio_get_output: GPIO 145 value: 0
05-27 08:29:41.957   581   581 D spidev_ioctl: gpio status=0)
05-27 18:38:32.996 13911 14192 D Sentinelmode_1.2.5.17_sentry: <SentryImuClusterFgeSender>imu_status sent to Linux, frame=237483, tsNs=10180231, tsMs=10, intervalMs=40, ad=(-0.0035681725,0.0031115625,-0.16948318), gd=(-0.011070844,0.0057257963,0.0023671966)
05-27 18:38:33.001 13911 14183 I SentryImuMcuAngleSender: 179.97899rollDeg
05-27 18:38:33.001 13911 14183 I SentryImuMcuAngleSender: 1,0,0
05-27 18:38:33.006   481   598 I mcuc    : rev,n=1,6AA6826FFA0002090109
05-27 18:38:33.007  1008 30857 D [OMXB]  : usingANWBuffer: handle:0xee744210, format:1, w:1920, h:1080
05-27 18:38:33.007   581   581 I SpiService: fgesysctrl_getGPIO_status success val=1
05-27 18:38:33.008   299 30841 D EvsDriver: forwardFrame
05-27 08:29:41.972   581   581 D spi_rst_gpio_get_output: GPIO 145 value: 1
05-27 08:29:41.972   581   581 D spidev_ioctl: gpio status=1)
05-27 18:38:33.009   299 30841 D EvsDriver: Delivered 0xb400007b7ca56a60 as id 0
05-27 18:38:33.009  1167  1479 D evsmanagerd: /dev/video4 forwarded the buffer #0 to 0xb4000074bf5f6850 from 0xb4000074bf5f41d0
05-27 18:38:33.011 25124 25124 W ziparchive: Unable to open '/system_ext/framework/unisoc-framework.dm': No such file or directory
05-27 18:38:33.012 25124 25124 W ziparchive: Unable to open '/system_ext/framework/unisoc-framework.dm': No such file or directory
05-27 18:38:33.013   581   581 I SpiService: fgesysctrl_getGPIO_status success val=1
05-27 18:38:33.013   299 30844 D EvsDriver: forwardFrame
05-27 18:38:33.015   299  1153 D EvsDriver: doneWithFrame
05-27 18:38:33.016   299 30844 D EvsDriver: Delivered 0xb400007b7ca56900 as id 0
05-27 18:38:33.016  1167  1479 D evsmanagerd: /dev/video6 forwarded the buffer #0 to 0xb4000074bf5f5510 from 0xb4000074bf5f6d90
05-27 08:29:41.978   581   581 D spi_rst_gpio_get_output: GPIO 145 value: 1
05-27 08:29:41.978   581   581 D spidev_ioctl: gpio status=1)
05-27 08:29:41.984   581   581 D spi_rst_gpio_get_output: GPIO 145 value: 1
05-27 08:29:41.984   581   581 D spidev_ioctl: gpio status=1)
05-27 18:38:33.019   581   581 I SpiService: fgesysctrl_getGPIO_status success val=1
05-27 18:38:33.020   299  1153 D EvsDriver: doneWithFrame
05-27 18:38:33.022 25124 25124 I service_manager_slow: [13,activity]
05-27 18:38:33.021 13911 14183 I SentryImuMcuAngleSender: 179.98598rollDeg
05-27 18:38:33.022 13911 14183 I SentryImuMcuAngleSender: 1,0,0
05-27 18:38:33.023 30773 30786 I dvr_service_: CameraX 0  audioOK: 83136000,audios:1300
05-27 18:38:33.024 10188 23768 I am_proc_bound: [0,25124,com.anwsdk.service:remote]
05-27 18:38:33.025   581   581 I SpiService: fgesysctrl_getGPIO_status success val=1
05-27 18:38:33.026 10188 23768 I am_create_service: [0,208025669,.anwbtservice,1000,25124]
05-27 18:38:33.028  1008 30856 D [OMXB]  : usingANWBuffer: handle:0xee743df0, format:1, w:1920, h:1080
05-27 08:29:41.989   581   581 D spi_rst_gpio_get_output: GPIO 145 value: 1
05-27 08:29:41.989   581   581 D spidev_ioctl: gpio status=1)
05-27 18:38:33.030   581   581 I SpiService: fgesysctrl_getGPIO_status success val=1
05-27 18:38:33.032 25124 25124 D CompatibilityChangeReporter: Compat change id reported: 171979766; UID 1000; state: ENABLED
05-27 08:29:41.995   581   581 D spi_rst_gpio_get_output: GPIO 145 value: 1
05-27 08:29:41.995   581   581 D spidev_ioctl: gpio status=1)
05-27 18:38:33.035   536   536 D commservice260303: msg.id = 1028,0
05-27 18:38:33.035   536   536 D commservice260303: i = 170, msgid = 8A000404
05-27 18:38:33.035   536   536 D commservice260303: msgid = -1979710460,did=138
05-27 18:38:33.035   536   536 D commservice260303: CommProtocolLibCmdBaseI2C::dataproc {"command":{"id":"imu_status","sub":""},"content":{"TimeStamp":10,"FrameCounter":237484,"GD_X":-0.011834942735731602,"GD_Y":0.004656890872865915,"GD_Z":0.0019079053308814764,"AD_X":-0.002957075834274292,"AD_Y":5.7453522458672523E-5,"AD_Z":-0.16826438903808594,"TempDsp":0,"Status":0,"CalibState":1,"SigAmpInvalid":0}},-1979710460
05-27 18:38:33.035   536   536 D commservice260303: send2Cluster len:317, 7B22636F6D6D616E64223A7B226964223A22696D755F737461747573222C22737562223A22227D2C22636F6E74656E74223A7B2254696D655374616D70223A31302C224672616D65436F756E746572223A3233373438342C2247445F58223A2D302E3031313833343934323733353733313630322C2247445F59223A302E3030343635363839303837323836353931352C2247445F5A223A302E303031393037393035333330383831343736342C2241445F58223A2D302E3030323935373037353833343237343239322C2241445F59223A352E37343533353232343538363732353233452D352C2241445F5A223A2D302E31363832363433383930333830383539342C2254656D70447370223A302C22537461747573223A302C2243616C69625374617465223A312C22536967416D70496E76616C6964223A307D7D, 138 
05-27 18:38:33.035   536   536 D commservice260303: Push Message into SendPool fn=1121911552
05-27 18:38:33.035   536   536 D commservice260303: ComProtocolLibSend2Cluster::send2ClusterRaw fn=1121911552 , len=333
05-27 18:38:33.035   536   536 D commservice260303: sendCmdToPort :333!!!
05-27 18:38:33.035   536   536 D commservice260303: send Cmd To Port ++++5AA501498A010003DF426A16C9A97B22636F6D6D616E64223A7B226964223A22696D755F737461747573222C22737562223A22227D2C22636F6E74656E74223A7B2254696D655374616D70223A31302C224672616D65436F756E746572223A3233373438342C2247445F58223A2D302E3031313833343934323733353733313630322C2247445F59223A302E3030343635363839303837323836353931352C2247445F5A223A302E303031393037393035333330383831343736342C2241445F58223A2D302E3030323935373037353833343237343239322C2241445F59223A352E37343533353232343538363732353233452D352C2241445F5A223A2D302E31363832363433383930333830383539342C2254656D70447370223A302C22537461747573223A302C2243616C69625374617465223A312C22536967416D70496E76616C6964223A307D7D57FC
05-27 18:38:33.036   536   536 D commservice260303: bufferevent_write retrun value = 0
05-27 18:38:33.036   581   581 I SpiService: fgesysctrl_getGPIO_status success val=0
05-27 18:38:33.036 13911 14192 D Sentinelmode_1.2.5.17_sentry: <SentryImuClusterFgeSender>imu_status sent to Linux, frame=237484, tsNs=10180284, tsMs=10, intervalMs=39, ad=(-0.0029570758,5.7453522E-5,-0.16826439), gd=(-0.011834943,0.004656891,0.0019079053)
05-27 18:38:33.036   536   560 D commservice260303: client datas send succeed,send finish
05-27 08:29:42.000   581   581 D spi_rst_gpio_get_output: GPIO 145 value: 0
05-27 08:29:42.000   581   581 D spidev_ioctl: gpio status=0)
05-27 18:38:33.038 25124 25124 D CompatibilityInfo: applyToConfigurationCompat inoutConfig.densityDpi= 160
05-27 18:38:33.040   299 30844 D EvsDriver: forwardFrame
05-27 18:38:33.042 13911 14183 I SentryImuMcuAngleSender: 179.98598rollDeg
05-27 18:38:33.042 13911 14183 I SentryImuMcuAngleSender: 1,0,0
05-27 18:38:33.042  1167  1479 D evsmanagerd: /dev/video6 forwarded the buffer #0 to 0xb4000074bf5f5510 from 0xb4000074bf5f6d90
05-27 18:38:33.043   299 30841 D EvsDriver: forwardFrame
05-27 08:29:42.016   581   581 D spi_rst_gpio_get_output: GPIO 145 value: 1
05-27 08:29:42.016   581   581 D spidev_ioctl: gpio status=1)
05-27 18:38:33.047  1167  1479 D evsmanagerd: /dev/video4 forwarded the buffer #0 to 0xb4000074bf5f6850 from 0xb4000074bf5f41d0
05-27 18:38:33.047   299 30841 D EvsDriver: Delivered 0xb400007b7ca56a60 as id 0
05-27 18:38:33.049   299 30844 D EvsDriver: Delivered 0xb400007b7ca56900 as id 0
05-27 18:38:33.051   299  1153 D EvsDriver: doneWithFrame
05-27 18:38:33.051   581   581 I SpiService: fgesysctrl_getGPIO_status success val=1
05-27 18:38:33.055   299  1153 D EvsDriver: doneWithFrame
05-27 18:38:33.057   581   581 I SpiService: fgesysctrl_getGPIO_status success val=1
05-27 08:29:42.021   581   581 D spi_rst_gpio_get_output: GPIO 145 value: 1
05-27 08:29:42.021   581   581 D spidev_ioctl: gpio status=1)
05-27 18:38:33.062  1008 30857 D [OMXB]  : usingANWBuffer: handle:0xee7421c0, format:1, w:1920, h:1080
05-27 18:38:33.062 13911 14183 I SentryImuMcuAngleSender: 179.97899rollDeg
05-27 18:38:33.063   581   581 I SpiService: fgesysctrl_getGPIO_status success val=1
05-27 18:38:33.063 13911 14183 I SentryImuMcuAngleSender: 1,0,0
05-27 08:29:42.027   581   581 D spi_rst_gpio_get_output: GPIO 145 value: 1
05-27 08:29:42.027   581   581 D spidev_ioctl: gpio status=1)
05-27 18:38:33.065   283   307 I rvcservice: t.code = 2, t.value = 9974109
05-27 18:38:33.068   581   581 I SpiService: fgesysctrl_getGPIO_status success val=1
05-27 08:29:42.033   581   581 D spi_rst_gpio_get_output: GPIO 145 value: 1
05-27 08:29:42.033   581   581 D spidev_ioctl: gpio status=1)
05-27 18:38:33.070   572   622 I Sensors : 230 AccelSensor: x:-0.170800,y:0.003659,z:-9.974720
05-27 18:38:33.071   299 30841 D EvsDriver: forwardFrame
05-27 18:38:33.072 25124 25124 D adservices: Registering AdServices's TopicsManager.
05-27 18:38:33.074   581   581 I SpiService: fgesysctrl_getGPIO_status success val=1
05-27 18:38:33.074   299 30841 D EvsDriver: Delivered 0xb400007b7ca56a60 as id 0
05-27 18:38:33.074  1167  1479 D evsmanagerd: /dev/video4 forwarded the buffer #0 to 0xb4000074bf5f6850 from 0xb4000074bf5f41d0
05-27 08:29:42.038   581   581 D spi_rst_gpio_get_output: GPIO 145 value: 1
05-27 08:29:42.038   581   581 D spidev_ioctl: gpio status=1)
05-27 18:38:33.077   299  1153 D EvsDriver: doneWithFrame
05-27 18:38:33.077   299 30844 D EvsDriver: forwardFrame
05-27 18:38:33.077   536   536 D commservice260303: msg.id = 1028,0
05-27 18:38:33.077   536   536 D commservice260303: i = 170, msgid = 8A000404
05-27 18:38:33.077   536   536 D commservice260303: msgid = -1979710460,did=138
05-27 18:38:33.077   536   536 D commservice260303: CommProtocolLibCmdBaseI2C::dataproc {"command":{"id":"imu_status","sub":""},"content":{"TimeStamp":10,"FrameCounter":237485,"GD_X":-0.01153013575822115,"GD_Y":0.005039200186729431,"GD_Z":0.0019079053308814764,"AD_X":-0.004170060157775879,"AD_Y":0.0012688797432929277,"AD_Z":-0.16948318481445312,"TempDsp":0,"Status":0,"CalibState":1,"SigAmpInvalid":0}},-1979710460
05-27 18:38:33.077   536   536 D commservice260303: send2Cluster len:316, 7B22636F6D6D616E64223A7B226964223A22696D755F737461747573222C22737562223A22227D2C22636F6E74656E74223A7B2254696D655374616D70223A31302C224672616D65436F756E746572223A3233373438352C2247445F58223A2D302E30313135333031333537353832323131352C2247445F59223A302E3030353033393230303138363732393433312C2247445F5A223A302E303031393037393035333330383831343736342C2241445F58223A2D302E3030343137303036303135373737353837392C2241445F59223A302E303031323638383739373433323932393237372C2241445F5A223A2D302E31363934383331383438313434353331322C2254656D70447370223A302C22537461747573223A302C2243616C69625374617465223A312C22536967416D70496E76616C6964223A307D7D, 138 
05-27 18:38:33.077   536   536 D commservice260303: Push Message into SendPool fn=1138688768
05-27 18:38:33.077   536   536 D commservice260303: ComProtocolLibSend2Cluster::send2ClusterRaw fn=1138688768 , len=332
05-27 18:38:33.077   536   536 D commservice260303: sendCmdToPort :332!!!
05-27 18:38:33.078   536   536 D commservice260303: send Cmd To Port ++++5AA501488A010003DF436A16C9A97B22636F6D6D616E64223A7B226964223A22696D755F737461747573222C22737562223A22227D2C22636F6E74656E74223A7B2254696D655374616D70223A31302C224672616D65436F756E746572223A3233373438352C2247445F58223A2D302E30313135333031333537353832323131352C2247445F59223A302E3030353033393230303138363732393433312C2247445F5A223A302E303031393037393035333330383831343736342C2241445F58223A2D302E3030343137303036303135373737353837392C2241445F59223A302E303031323638383739373433323932393237372C2241445F5A223A2D302E31363934383331383438313434353331322C2254656D70447370223A302C22537461747573223A302C2243616C69625374617465223A312C22536967416D70496E76616C6964223A307D7D3F6E
05-27 18:38:33.078   536   536 D commservice260303: bufferevent_write retrun value = 0
05-27 18:38:33.078 13911 14192 D Sentinelmode_1.2.5.17_sentry: <SentryImuClusterFgeSender>imu_status sent to Linux, frame=237485, tsNs=10180320, tsMs=10, intervalMs=43, ad=(-0.00417006,0.0012688797,-0.16948318), gd=(-0.011530136,0.0050392,0.0019079053)
05-27 18:38:33.078   299 30844 D EvsDriver: Delivered 0xb400007b7ca56900 as id 0
05-27 18:38:33.078  1167  1479 D evsmanagerd: /dev/video6 forwarded the buffer #0 to 0xb4000074bf5f5510 from 0xb4000074bf5f6d90
05-27 18:38:33.078   536   560 D commservice260303: client datas send succeed,send finish
05-27 18:38:33.082 13911 14183 I SentryImuMcuAngleSender: 179.97899rollDeg
05-27 18:38:33.082 13911 14183 I SentryImuMcuAngleSender: 1,0,0
05-27 18:38:33.082   581   581 I SpiService: fgesysctrl_getGPIO_status success val=0
05-27 18:38:33.083   299  1153 D EvsDriver: doneWithFrame
05-27 18:38:33.085  1008 30856 D [OMXB]  : usingANWBuffer: handle:0xee742ab0, format:1, w:1920, h:1080
05-27 18:38:33.085 25124 25124 D CompatibilityInfo: applyToConfigurationCompat inoutConfig.densityDpi= 160
05-27 08:29:42.047   581   581 D spi_rst_gpio_get_output: GPIO 145 value: 0
05-27 08:29:42.047   581   581 D spidev_ioctl: gpio status=0)
05-27 18:38:33.096   481   598 I mcuc    : rev,n=1,6AA681CD0F000A89004F0104090312345614
05-27 18:38:33.096   351   373 D automotive.vehicle@2.0-adayo-datacomm-mcu: MCUDatacomm sendMessageFromVehicle prop: 0x89, areaId: 0x0, status: 0x4f, timestamp: 0x1
05-27 18:38:33.096  1121  1144 I tboxmids_ap: [2026-05-27 18:38:33.096] [MCU RX] src=MCU dst=ZMQ len=10 type=BINARY data=00 08 4F 01 04 09 03 12 34 56 
05-27 18:38:33.096   351   373 D automotive.vehicle@2.0-adayo-datacomm-mcu: MCUDatacomm 1sendMessageFromVehicle ---> type = 12 
05-27 18:38:33.097  1008 30857 D [OMXB]  : usingANWBuffer: handle:0xee7404e0, format:1, w:1920, h:1080
05-27 18:38:33.097  1083  1083 I MyAppLog: [2026-05-27 18:38:33.097 I tboxap mcuCommTboxmidsRecvCb:97] [Mcu] [mcuCommTboxmidsRecvCb] recv from tboxmids, size:10
05-27 18:38:33.098  1083  1083 I MyAppLog: [2026-05-27 18:38:33.097 I tboxap mcuCommTboxmidsRecvCb:98] [Mcu] [tboxmids -> tboxap]: :00 08 4F 01 04 09 03 12 34 56
05-27 18:38:33.098  1083  1083 I MyAppLog: [2026-05-27 18:38:33.097 I tboxap mcuPtlParseData:990] [Mcu] [Mcu  Parse]: (cmd):0903 (param):0903123456
05-27 18:38:33.098  1083  1083 W MyAppLog: [2026-05-27 18:38:33.097 W tboxap mcuParamDataRevPack:918] [Mcu] mcuParamDataRevPack start pack data!!!
05-27 18:38:33.098  1083  1083 W MyAppLog: [2026-05-27 18:38:33.097 W tboxap mcuHandlePowerResultInd:1777] [Mcu] [mcuHandlePowerResultInd] recv 0x0903 power result type:0x12 result:0x34
05-27 18:38:33.098   581   581 I SpiService: fgesysctrl_getGPIO_status success val=1
05-27 08:29:42.063   581   581 D spi_rst_gpio_get_output: GPIO 145 value: 1
05-27 08:29:42.063   581   581 D spidev_ioctl: gpio status=1)
05-27 18:38:33.103 13911 14183 I SentryImuMcuAngleSender: 179.97897rollDeg
05-27 18:38:33.103 13911 14183 I SentryImuMcuAngleSender: 1,0,0
05-27 18:38:33.104   581   581 I SpiService: fgesysctrl_getGPIO_status success val=1
05-27 08:29:42.068   581   581 D spi_rst_gpio_get_output: GPIO 145 value: 1
05-27 08:29:42.068   581   581 D spidev_ioctl: gpio status=1)
05-27 18:38:33.106 10188 23768 I DexManager: com.anwsdk.service loads from null-0 : 0 : /system/framework/javax.obex.jar
05-27 18:38:33.106 10188 23768 I DexManager: Could not find owning package for dex file: /system/framework/javax.obex.jar
05-27 18:38:33.109   581   581 I SpiService: fgesysctrl_getGPIO_status success val=1
05-27 18:38:33.110 25124 25124 W .service:remote: ClassLoaderContext shared library size mismatch. Expected=0, found=1 (PCL[] | PCL[]{PCL[/system/framework/javax.obex.jar*2267184930]})
05-27 18:38:33.110   299 30841 D EvsDriver: forwardFrame
05-27 18:38:33.112   299 30841 D EvsDriver: Delivered 0xb400007b7ca56a60 as id 0
05-27 18:38:33.112  1167  1479 D evsmanagerd: /dev/video4 forwarded the buffer #0 to 0xb4000074bf5f6850 from 0xb4000074bf5f41d0
05-27 18:38:33.112 30773 30782 E dvr_service_: [myNum:0] Received S**** loss
05-27 18:38:33.112   299 30844 D EvsDriver: forwardFrame
05-27 18:38:33.112   299  1153 D EvsDriver: doneWithFrame
05-27 18:38:33.114   299 30844 D EvsDriver: Delivered 0xb400007b7ca56900 as id 0
05-27 18:38:33.114  1167  1479 D evsmanagerd: /dev/video6 forwarded the buffer #0 to 0xb4000074bf5f5510 from 0xb4000074bf5f6d90
05-27 18:38:33.114 30773 30782 E dvr_service_: [myNum:1] Received S**** loss
05-27 08:29:42.074   581   581 D spi_rst_gpio_get_output: GPIO 145 value: 1
05-27 08:29:42.074   581   581 D spidev_ioctl: gpio status=1)
05-27 18:38:33.114   299  1153 D EvsDriver: doneWithFrame
05-27 18:38:33.115   581   581 I SpiService: fgesysctrl_getGPIO_status success val=1
05-27 18:38:33.116 10188 23768 I DexManager: com.anwsdk.service loads from com.anwsdk.service-1 : 0 : /system/app/BluetoothExt/BluetoothExt.apk
05-27 18:38:33.116   536   536 D commservice260303: msg.id = 1028,0
