05-27 18:38:35.155   536   536 D commservice260303: i = 170, msgid = 8A000404
05-27 18:38:35.155   536   536 D commservice260303: msgid = -1979710460,did=138
05-27 18:38:35.156   536   536 D commservice260303: CommProtocolLibCmdBaseI2C::dataproc {"command":{"id":"imu_status","sub":""},"content":{"TimeStamp":10,"FrameCounter":237536,"GD_X":-0.011300750076770782,"GD_Y":0.0056498548947274685,"GD_Z":0.0021378109231591225,"AD_X":-0.0029110461473464966,"AD_Y":-0.0011708596721291542,"AD_Z":-0.16704368591308594,"TempDsp":0,"Status":0,"CalibState":1,"SigAmpInvalid":0}},-1979710460
05-27 18:38:35.156   536   536 D commservice260303: send2Cluster len:320, 7B22636F6D6D616E64223A7B226964223A22696D755F737461747573222C22737562223A22227D2C22636F6E74656E74223A7B2254696D655374616D70223A31302C224672616D65436F756E746572223A3233373533362C2247445F58223A2D302E3031313330303735303037363737303738322C2247445F59223A302E303035363439383534383934373237343638352C2247445F5A223A302E303032313337383130393233313539313232352C2241445F58223A2D302E303032393131303436313437333436343936362C2241445F59223A2D302E303031313730383539363732313239313534322C2241445F5A223A2D302E31363730343336383539313330383539342C2254656D70447370223A302C22537461747573223A302C2243616C69625374617465223A312C22536967416D70496E76616C6964223A307D7D, 138 
05-27 18:38:35.156   536   536 D commservice260303: Push Message into SendPool fn=2011104000
05-27 18:38:35.156   536   536 D commservice260303: ComProtocolLibSend2Cluster::send2ClusterRaw fn=2011104000 , len=336
05-27 18:38:35.156   536   536 D commservice260303: sendCmdToPort :336!!!
05-27 18:38:35.156   536   536 D commservice260303: send Cmd To Port ++++5AA5014C8A010003DF776A16C9AB7B22636F6D6D616E64223A7B226964223A22696D755F737461747573222C22737562223A22227D2C22636F6E74656E74223A7B2254696D655374616D70223A31302C224672616D65436F756E746572223A3233373533362C2247445F58223A2D302E3031313330303735303037363737303738322C2247445F59223A302E303035363439383534383934373237343638352C2247445F5A223A302E303032313337383130393233313539313232352C2241445F58223A2D302E303032393131303436313437333436343936362C2241445F59223A2D302E303031313730383539363732313239313534322C2241445F5A223A2D302E31363730343336383539313330383539342C2254656D70447370223A302C22537461747573223A302C2243616C69625374617465223A312C22536967416D70496E76616C6964223A307D7DBE74
05-27 18:38:35.157   536   536 D commservice260303: bufferevent_write retrun value = 0
05-27 18:38:35.157   536   560 D commservice260303: client datas send succeed,send finish
05-27 18:38:35.157 13911 14192 D Sentinelmode_1.2.5.17_sentry: <SentryImuClusterFgeSender>imu_status sent to Linux, frame=237536, tsNs=10182388, tsMs=10, intervalMs=49, ad=(-0.0029110461,-0.0011708597,-0.16704369), gd=(-0.01130075,0.005649855,0.002137811)
05-27 18:38:35.161   581   581 I SpiService: fgesysctrl_getGPIO_status success val=1
05-27 08:29:44.125   581   581 D spi_rst_gpio_get_output: GPIO 145 value: 1
05-27 08:29:44.125   581   581 D spidev_ioctl: gpio status=1)
05-27 18:38:35.162 13911 14183 I SentryImuMcuAngleSender: 179.97899rollDeg
05-27 18:38:35.162 13911 14183 I SentryImuMcuAngleSender: 1,0,0
05-27 18:38:35.166   581   581 I SpiService: fgesysctrl_getGPIO_status success val=1
05-27 08:29:44.131   581   581 D spi_rst_gpio_get_output: GPIO 145 value: 1
05-27 08:29:44.131   581   581 D spidev_ioctl: gpio status=1)
05-27 18:38:35.169   283   307 I rvcservice: t.code = 4, t.value = 0
05-27 18:38:35.171   581   581 I SpiService: fgesysctrl_getGPIO_status success val=1
05-27 08:29:44.136   581   581 D spi_rst_gpio_get_output: GPIO 145 value: 1
05-27 08:29:44.136   581   581 D spidev_ioctl: gpio status=1)
05-27 18:38:35.175  1008 30856 D [OMXB]  : usingANWBuffer: handle:0xee7412a0, format:1, w:1920, h:1080
05-27 18:38:35.177   581   581 I SpiService: fgesysctrl_getGPIO_status success val=1
05-27 18:38:35.178   299 30841 D EvsDriver: forwardFrame
05-27 18:38:35.179   299 30844 D EvsDriver: forwardFrame
05-27 18:38:35.180   299 30841 D EvsDriver: Delivered 0xb400007b7ca56a60 as id 0
05-27 18:38:35.180  1167  1479 D evsmanagerd: /dev/video4 forwarded the buffer #0 to 0xb4000074bf5f6850 from 0xb4000074bf5f41d0
05-27 18:38:35.181   299 30844 D EvsDriver: Delivered 0xb400007b7ca56900 as id 0
05-27 18:38:35.181  1167  1479 D evsmanagerd: /dev/video6 forwarded the buffer #0 to 0xb4000074bf5f5510 from 0xb4000074bf5f6d90
05-27 08:29:44.141   581   581 D spi_rst_gpio_get_output: GPIO 145 value: 1
05-27 08:29:44.141   581   581 D spidev_ioctl: gpio status=1)
05-27 18:38:35.182 13911 14183 I SentryImuMcuAngleSender: 179.97548rollDeg
05-27 18:38:35.183   581   581 I SpiService: fgesysctrl_getGPIO_status success val=1
05-27 18:38:35.184 13911 14183 I SentryImuMcuAngleSender: 1,0,0
05-27 18:38:35.184   299  1153 D EvsDriver: doneWithFrame
05-27 18:38:35.184   299  1163 D EvsDriver: doneWithFrame
05-27 08:29:44.147   581   581 D spi_rst_gpio_get_output: GPIO 145 value: 1
05-27 08:29:44.148   581   581 D spidev_ioctl: gpio status=1)
05-27 18:38:35.187   536   536 D commservice260303: msg.id = 1028,1
05-27 18:38:35.187   536   536 D commservice260303: i = 170, msgid = 8A000404
05-27 18:38:35.188   536   536 D commservice260303: msgid = -1979710460,did=138
05-27 18:38:35.188   536   536 D commservice260303: CommProtocolLibCmdBaseI2C::dataproc {"command":{"id":"imu_status","sub":""},"content":{"TimeStamp":10,"FrameCounter":237537,"GD_X":-0.011377211660146713,"GD_Y":0.006261029280722141,"GD_Z":0.002213752595707774,"AD_X":-0.002911120653152466,"AD_Y":0.001869455212727189,"AD_Z":-0.1719226837158203,"TempDsp":0,"Status":0,"CalibState":1,"SigAmpInvalid":0}},-1979710460
05-27 18:38:35.188   536   536 D commservice260303: send2Cluster len:314, 7B22636F6D6D616E64223A7B226964223A22696D755F737461747573222C22737562223A22227D2C22636F6E74656E74223A7B2254696D655374616D70223A31302C224672616D65436F756E746572223A3233373533372C2247445F58223A2D302E3031313337373231313636303134363731332C2247445F59223A302E3030363236313032393238303732323134312C2247445F5A223A302E3030323231333735323539353730373737342C2241445F58223A2D302E3030323931313132303635333135323436362C2241445F59223A302E3030313836393435353231323732373138392C2241445F5A223A2D302E313731393232363833373135383230332C2254656D70447370223A302C22537461747573223A302C2243616C69625374617465223A312C22536967416D70496E76616C6964223A307D7D, 138 
05-27 18:38:35.188   536   536 D commservice260303: Push Message into SendPool fn=2027881216
05-27 18:38:35.188   536   536 D commservice260303: ComProtocolLibSend2Cluster::send2ClusterRaw fn=2027881216 , len=330
05-27 18:38:35.188   536   536 D commservice260303: sendCmdToPort :330!!!
05-27 18:38:35.188   536   536 D commservice260303: send Cmd To Port ++++5AA501468A010003DF786A16C9AB7B22636F6D6D616E64223A7B226964223A22696D755F737461747573222C22737562223A22227D2C22636F6E74656E74223A7B2254696D655374616D70223A31302C224672616D65436F756E746572223A3233373533372C2247445F58223A2D302E3031313337373231313636303134363731332C2247445F59223A302E3030363236313032393238303732323134312C2247445F5A223A302E3030323231333735323539353730373737342C2241445F58223A2D302E3030323931313132303635333135323436362C2241445F59223A302E3030313836393435353231323732373138392C2241445F5A223A2D302E313731393232363833373135383230332C2254656D70447370223A302C22537461747573223A302C2243616C69625374617465223A312C22536967416D70496E76616C6964223A307D7DC514
05-27 18:38:35.188   536   536 D commservice260303: bufferevent_write retrun value = 0
05-27 18:38:35.188   536   560 D commservice260303: client datas send succeed,send finish
05-27 18:38:35.189 13911 14192 D Sentinelmode_1.2.5.17_sentry: <SentryImuClusterFgeSender>imu_status sent to Linux, frame=237537, tsNs=10182424, tsMs=10, intervalMs=32, ad=(-0.0029111207,0.0018694552,-0.17192268), gd=(-0.011377212,0.0062610293,0.0022137526)
05-27 18:38:35.189   581   581 I SpiService: fgesysctrl_getGPIO_status success val=0
05-27 18:38:35.192  1008 30857 D [OMXB]  : usingANWBuffer: handle:0xee7442c0, format:1, w:1920, h:1080
05-27 08:29:44.154   581   581 D spi_rst_gpio_get_output: GPIO 145 value: 0
05-27 08:29:44.154   581   581 D spidev_ioctl: gpio status=0)
05-27 18:38:35.201   481   598 I mcuc    : rev,n=1,6AA6826FFF0002090104
05-27 18:38:35.203   581   581 I SpiService: fgesysctrl_getGPIO_status success val=1
05-27 18:38:35.203   481   598 I mcuc    : rev,n=2,6AA681CD17000A89005201040930123456DC
05-27 18:38:35.204  1121  1144 I tboxmids_ap: [2026-05-27 18:38:35.204] [MCU RX] src=MCU dst=ZMQ len=10 type=BINARY data=00 08 52 01 04 09 30 12 34 56 
05-27 18:38:35.204   351   373 D automotive.vehicle@2.0-adayo-datacomm-mcu: MCUDatacomm sendMessageFromVehicle prop: 0x89, areaId: 0x0, status: 0x52, timestamp: 0x1
05-27 18:38:35.204   351   373 D automotive.vehicle@2.0-adayo-datacomm-mcu: MCUDatacomm 1sendMessageFromVehicle ---> type = 12 
05-27 18:38:35.204 13911 14183 I SentryImuMcuAngleSender: 179.98949rollDeg
05-27 18:38:35.204 13911 14183 I SentryImuMcuAngleSender: 1,0,0
05-27 18:38:35.204  1083  1083 I MyAppLog: [2026-05-27 18:38:35.204 I tboxap mcuCommTboxmidsRecvCb:97] [Mcu] [mcuCommTboxmidsRecvCb] recv from tboxmids, size:10
05-27 18:38:35.204  1083  1083 I MyAppLog: [2026-05-27 18:38:35.204 I tboxap mcuCommTboxmidsRecvCb:98] [Mcu] [tboxmids -> tboxap]: :00 08 52 01 04 09 30 12 34 56
05-27 18:38:35.204  1083  1083 W MyAppLog: [2026-05-27 18:38:35.204 W tboxap mcuYadiFrameParse:852] [Mcu] [mcuYadiFrameParse] cmd:0930(MCU_REMOTE_CTRL_RSP_IND) payload too short:5 < 8
05-27 18:38:35.204  1083  1083 W MyAppLog: [2026-05-27 18:38:35.204 W tboxap mcuPtlParseData:982] [Mcu] [mcuPtlParseData] invalid yadi frame, len:10
05-27 08:29:44.168   581   581 D spi_rst_gpio_get_output: GPIO 145 value: 1
05-27 08:29:44.168   581   581 D spidev_ioctl: gpio status=1)
05-27 18:38:35.205   299 30841 D EvsDriver: forwardFrame
05-27 18:38:35.206   299 30841 D EvsDriver: Delivered 0xb400007b7ca56a60 as id 0
05-27 18:38:35.206  1167  1184 D evsmanagerd: /dev/video4 forwarded the buffer #0 to 0xb4000074bf5f6850 from 0xb4000074bf5f41d0
05-27 18:38:35.206   299 30844 D EvsDriver: forwardFrame
05-27 18:38:35.208   299 30844 D EvsDriver: Delivered 0xb400007b7ca56900 as id 0
05-27 18:38:35.208  1167  1184 D evsmanagerd: /dev/video6 forwarded the buffer #0 to 0xb4000074bf5f5510 from 0xb4000074bf5f6d90
05-27 18:38:35.209   581   581 I SpiService: fgesysctrl_getGPIO_status success val=1
05-27 08:29:44.173   581   581 D spi_rst_gpio_get_output: GPIO 145 value: 1
05-27 08:29:44.173   581   581 D spidev_ioctl: gpio status=1)
05-27 18:38:35.209   299  1153 D EvsDriver: doneWithFrame
05-27 18:38:35.213   299  1153 D EvsDriver: doneWithFrame
05-27 18:38:35.215   581   581 I SpiService: fgesysctrl_getGPIO_status success val=1
05-27 08:29:44.180   581   581 D spi_rst_gpio_get_output: GPIO 145 value: 1
05-27 08:29:44.180   581   581 D spidev_ioctl: gpio status=1)
05-27 18:38:35.221   581   581 I SpiService: fgesysctrl_getGPIO_status success val=1
05-27 18:38:35.224 13911 14183 I SentryImuMcuAngleSender: 179.99298rollDeg
05-27 18:38:35.224 13911 14183 I SentryImuMcuAngleSender: 1,0,0
05-27 08:29:44.186   581   581 D spi_rst_gpio_get_output: GPIO 145 value: 1
05-27 08:29:44.186   581   581 D spidev_ioctl: gpio status=1)
05-27 18:38:35.226  1008 30857 D [OMXB]  : usingANWBuffer: handle:0xee7427f0, format:1, w:1920, h:1080
05-27 18:38:35.226   572   572 I Sensors : 230 AccelSensor: x:-0.167140,y:0.003050,z:-9.972281
05-27 18:38:35.227   581   581 I SpiService: fgesysctrl_getGPIO_status success val=0
05-27 18:38:35.227   481   597 I mcuc    : send SPI:6AA602CD17000289008F
05-27 08:29:44.191   581   581 D spi_rst_gpio_get_output: GPIO 145 value: 0
05-27 08:29:44.191   581   581 D spidev_ioctl: gpio status=0)
05-27 18:38:35.230   536   536 D commservice260303: msg.id = 1028,2
05-27 18:38:35.230   536   536 D commservice260303: i = 170, msgid = 8A000404
05-27 18:38:35.230   536   536 D commservice260303: msgid = -1979710460,did=138
05-27 18:38:35.230   536   536 D commservice260303: CommProtocolLibCmdBaseI2C::dataproc {"command":{"id":"imu_status","sub":""},"content":{"TimeStamp":10,"FrameCounter":237538,"GD_X":-0.01153013575822115,"GD_Y":0.004656890872865915,"GD_Z":0.0019079053308814764,"AD_X":-4.841536283493042E-4,"AD_Y":6.529057864099741E-4,"AD_Z":-0.16704368591308594,"TempDsp":0,"Status":0,"CalibState":1,"SigAmpInvalid":0}},-1979710460
05-27 18:38:35.230   536   536 D commservice260303: send2Cluster len:315, 7B22636F6D6D616E64223A7B226964223A22696D755F737461747573222C22737562223A22227D2C22636F6E74656E74223A7B2254696D655374616D70223A31302C224672616D65436F756E746572223A3233373533382C2247445F58223A2D302E30313135333031333537353832323131352C2247445F59223A302E3030343635363839303837323836353931352C2247445F5A223A302E303031393037393035333330383831343736342C2241445F58223A2D342E383431353336323833343933303432452D342C2241445F59223A362E353239303537383634303939373431452D342C2241445F5A223A2D302E31363730343336383539313330383539342C2254656D70447370223A302C22537461747573223A302C2243616C69625374617465223A312C22536967416D70496E76616C6964223A307D7D, 138 
05-27 18:38:35.230   536   536 D commservice260303: Push Message into SendPool fn=2044658432
05-27 18:38:35.230   536   536 D commservice260303: ComProtocolLibSend2Cluster::send2ClusterRaw fn=2044658432 , len=331
05-27 18:38:35.230   536   536 D commservice260303: sendCmdToPort :331!!!
05-27 18:38:35.230   536   536 D commservice260303: send Cmd To Port ++++5AA501478A010003DF796A16C9AB7B22636F6D6D616E64223A7B226964223A22696D755F737461747573222C22737562223A22227D2C22636F6E74656E74223A7B2254696D655374616D70223A31302C224672616D65436F756E746572223A3233373533382C2247445F58223A2D302E30313135333031333537353832323131352C2247445F59223A302E3030343635363839303837323836353931352C2247445F5A223A302E303031393037393035333330383831343736342C2241445F58223A2D342E383431353336323833343933303432452D342C2241445F59223A362E353239303537383634303939373431452D342C2241445F5A223A2D302E31363730343336383539313330383539342C2254656D70447370223A302C22537461747573223A302C2243616C69625374617465223A312C22536967416D70496E76616C6964223A307D7D70EB
05-27 18:38:35.231   536   536 D commservice260303: bufferevent_write retrun value = 0
05-27 18:38:35.231   536   560 D commservice260303: client datas send succeed,send finish
05-27 18:38:35.231 13911 14192 D Sentinelmode_1.2.5.17_sentry: <SentryImuClusterFgeSender>imu_status sent to Linux, frame=237538, tsNs=10182477, tsMs=10, intervalMs=43, ad=(-4.8415363E-4,6.529058E-4,-0.16704369), gd=(-0.011530136,0.004656891,0.0019079053)
05-27 18:38:35.239   299 30841 D EvsDriver: forwardFrame
05-27 18:38:35.240   299 30841 D EvsDriver: Delivered 0xb400007b7ca56a60 as id 0
05-27 18:38:35.240  1167  1184 D evsmanagerd: /dev/video4 forwarded the buffer #0 to 0xb4000074bf5f6850 from 0xb4000074bf5f41d0
05-27 18:38:35.241   581   581 I SpiService: fgesysctrl_getGPIO_status success val=1
05-27 18:38:35.242   299  1153 D EvsDriver: doneWithFrame
05-27 18:38:35.243  1008 30856 D [OMXB]  : usingANWBuffer: handle:0xee744790, format:1, w:1920, h:1080
05-27 18:38:35.243 30773 30789 I dvr_service_: Camera 0: MediaOK:85265483, frames:2010, isKeyFrame:0,pts:10182169446
05-27 18:38:35.244 13911 14183 I SentryImuMcuAngleSender: 179.98248rollDeg
05-27 18:38:35.244 13911 14183 I SentryImuMcuAngleSender: 1,0,0
05-27 08:29:44.206   581   581 D spi_rst_gpio_get_output: GPIO 145 value: 1
05-27 08:29:44.206   581   581 D spidev_ioctl: gpio status=1)
05-27 18:38:35.246   299 30844 D EvsDriver: forwardFrame
05-27 18:38:35.247   581   581 I SpiService: fgesysctrl_getGPIO_status success val=1
05-27 18:38:35.247   299 30844 D EvsDriver: Delivered 0xb400007b7ca56900 as id 0
05-27 18:38:35.247  1167  1184 D evsmanagerd: /dev/video6 forwarded the buffer #0 to 0xb4000074bf5f5510 from 0xb4000074bf5f6d90
05-27 08:29:44.212   581   581 D spi_rst_gpio_get_output: GPIO 145 value: 1
05-27 08:29:44.212   581   581 D spidev_ioctl: gpio status=1)
05-27 18:38:35.251   299  1153 D EvsDriver: doneWithFrame
05-27 18:38:35.253   581   581 I SpiService: fgesysctrl_getGPIO_status success val=1
05-27 08:29:44.218   581   581 D spi_rst_gpio_get_output: GPIO 145 value: 1
05-27 08:29:44.218   581   581 D spidev_ioctl: gpio status=1)
05-27 18:38:35.259   581   581 I SpiService: fgesysctrl_getGPIO_status success val=1
05-27 08:29:44.223   581   581 D spi_rst_gpio_get_output: GPIO 145 value: 1
05-27 08:29:44.223   581   581 D spidev_ioctl: gpio status=1)
05-27 18:38:35.261 30773 30785 I dvr_service_: [EncoderHandler::runMediaThread] runMediaThread started:1,state:1, cam2:started:1,state:1, lastSwitch:1, mIsMuxerStart:1,format:0,is_str_ing:0
05-27 18:38:35.264   581   581 I SpiService: fgesysctrl_getGPIO_status success val=1
05-27 18:38:35.265 13911 14183 I SentryImuMcuAngleSender: 179.99298rollDeg
05-27 18:38:35.265 13911 14183 I SentryImuMcuAngleSender: 1,0,0
05-27 08:29:44.228   581   581 D spidev_ioctl: gpio status=1)
05-27 18:38:35.265  1008 30857 D [OMXB]  : usingANWBuffer: handle:0xee743500, format:1, w:1920, h:1080
05-27 18:38:35.269   283   307 I rvcservice: t.code = 3, t.value = 0
05-27 18:38:35.270   581   581 I SpiService: fgesysctrl_getGPIO_status success val=0
05-27 18:38:35.271   536   536 D commservice260303: msg.id = 1028,1
05-27 18:38:35.271   536   536 D commservice260303: i = 170, msgid = 8A000404
05-27 18:38:35.271   536   536 D commservice260303: msgid = -1979710460,did=138
05-27 18:38:35.271   536   536 D commservice260303: CommProtocolLibCmdBaseI2C::dataproc {"command":{"id":"imu_status","sub":""},"content":{"TimeStamp":10,"FrameCounter":237539,"GD_X":-0.011453153565526009,"GD_Y":0.004963258747011423,"GD_Z":0.00259606190957129,"AD_X":-0.002319931983947754,"AD_Y":-0.0011688622180372477,"AD_Z":-0.16826438903808594,"TempDsp":0,"Status":0,"CalibState":1,"SigAmpInvalid":0}},-1979710460
05-27 18:38:35.271   536   536 D commservice260303: send2Cluster len:316, 7B22636F6D6D616E64223A7B226964223A22696D755F737461747573222C22737562223A22227D2C22636F6E74656E74223A7B2254696D655374616D70223A31302C224672616D65436F756E746572223A3233373533392C2247445F58223A2D302E3031313435333135333536353532363030392C2247445F59223A302E3030343936333235383734373031313432332C2247445F5A223A302E30303235393630363139303935373132392C2241445F58223A2D302E3030323331393933313938333934373735342C2241445F59223A2D302E303031313638383632323138303337323437372C2241445F5A223A2D302E31363832363433383930333830383539342C2254656D70447370223A302C22537461747573223A302C2243616C69625374617465223A312C22536967416D70496E76616C6964223A307D7D, 138 
05-27 18:38:35.271   536   536 D commservice260303: Push Message into SendPool fn=2061435648
05-27 18:38:35.271   536   536 D commservice260303: ComProtocolLibSend2Cluster::send2ClusterRaw fn=2061435648 , len=332
05-27 18:38:35.271   536   536 D commservice260303: sendCmdToPort :332!!!
05-27 18:38:35.271   536   536 D commservice260303: send Cmd To Port ++++5AA501488A010003DF7A6A16C9AB7B22636F6D6D616E64223A7B226964223A22696D755F737461747573222C22737562223A22227D2C22636F6E74656E74223A7B2254696D655374616D70223A31302C224672616D65436F756E746572223A3233373533392C2247445F58223A2D302E3031313435333135333536353532363030392C2247445F59223A302E3030343936333235383734373031313432332C2247445F5A223A302E30303235393630363139303935373132392C2241445F58223A2D302E3030323331393933313938333934373735342C2241445F59223A2D302E303031313638383632323138303337323437372C2241445F5A223A2D302E31363832363433383930333830383539342C2254656D70447370223A302C22537461747573223A302C2243616C69625374617465223A312C22536967416D70496E76616C6964223A307D7D549B
05-27 18:38:35.271   536   536 D commservice260303: bufferevent_write retrun value = 0
05-27 18:38:35.271   536   560 D commservice260303: client datas send succeed,send finish
05-27 18:38:35.271 13911 14192 D Sentinelmode_1.2.5.17_sentry: <SentryImuClusterFgeSender>imu_status sent to Linux, frame=237539, tsNs=10182513, tsMs=10, intervalMs=40, ad=(-0.002319932,-0.0011688622,-0.16826439), gd=(-0.011453154,0.0049632587,0.002596062)
05-27 08:29:44.235   581   581 D spi_rst_gpio_get_output: GPIO 145 value: 0
05-27 08:29:44.235   581   581 D spidev_ioctl: gpio status=0)
05-27 18:38:35.275   299 30844 D EvsDriver: forwardFrame
05-27 18:38:35.276   299 30841 D EvsDriver: forwardFrame
05-27 18:38:35.278   299 30844 D EvsDriver: Delivered 0xb400007b7ca56900 as id 0
05-27 18:38:35.278   299 30841 D EvsDriver: Delivered 0xb400007b7ca56a60 as id 0
05-27 18:38:35.278  1167  1479 D evsmanagerd: /dev/video4 forwarded the buffer #0 to 0xb4000074bf5f6850 from 0xb4000074bf5f41d0
05-27 18:38:35.278  1167  1184 D evsmanagerd: /dev/video6 forwarded the buffer #0 to 0xb4000074bf5f5510 from 0xb4000074bf5f6d90
05-27 18:38:35.279 30773 30782 I dvr_service_: [myNum:1][onFrameReceived] Received Surface:1 0
05-27 18:38:35.279 30773 30773 I dvr_service_: [myNum:0][onFrameReceived] Received Surface:1 0
05-27 18:38:35.279 30773 30782 E dvr_service_: [myNum:1] Received S**** loss
05-27 18:38:35.279 30773 30773 E dvr_service_: [myNum:0] Received S**** loss
05-27 18:38:35.279   299  1153 D EvsDriver: doneWithFrame
05-27 18:38:35.279   299  1163 D EvsDriver: doneWithFrame
05-27 18:38:35.281  1008 30856 D [OMXB]  : usingANWBuffer: handle:0xee742060, format:1, w:1920, h:1080
05-27 18:38:35.285   581   581 I SpiService: fgesysctrl_getGPIO_status success val=1
05-27 18:38:35.286 13911 14183 I SentryImuMcuAngleSender: 179.98598rollDeg
05-27 18:38:35.286 13911 14183 I SentryImuMcuAngleSender: 1,0,0
05-27 08:29:44.250   581   581 D spi_rst_gpio_get_output: GPIO 145 value: 1
05-27 08:29:44.250   581   581 D spidev_ioctl: gpio status=1)
05-27 18:38:35.291   581   581 I SpiService: fgesysctrl_getGPIO_status success val=1
05-27 08:29:44.256   581   581 D spi_rst_gpio_get_output: GPIO 145 value: 1
05-27 08:29:44.256   581   581 D spidev_ioctl: gpio status=1)
05-27 18:38:35.295  1008 30857 D [OMXB]  : usingANWBuffer: handle:0xee740220, format:1, w:1920, h:1080
05-27 18:38:35.295 30773 30789 I dvr_service_: Camera 1: MediaOK:85358218, frames:2010, isKeyFrame:0,pts:10182266470
05-27 18:38:35.297   581   581 I SpiService: fgesysctrl_getGPIO_status success val=1
05-27 08:29:44.261   581   581 D spi_rst_gpio_get_output: GPIO 145 value: 1
05-27 08:29:44.261   581   581 D spidev_ioctl: gpio status=1)
05-27 18:38:35.302   581   581 I SpiService: fgesysctrl_getGPIO_status success val=1
05-27 08:29:44.267   581   581 D spi_rst_gpio_get_output: GPIO 145 value: 1
05-27 08:29:44.267   581   581 D spidev_ioctl: gpio status=1)
05-27 18:38:35.306 13911 14183 I SentryImuMcuAngleSender: 179.99298rollDeg
05-27 18:38:35.306 13911 14183 I SentryImuMcuAngleSender: 1,0,0
05-27 18:38:35.308   581   581 I SpiService: fgesysctrl_getGPIO_status success val=1
05-27 08:29:44.272   581   581 D spi_rst_gpio_get_output: GPIO 145 value: 1
05-27 08:29:44.272   581   581 D spidev_ioctl: gpio status=1)
05-27 18:38:35.309   536   536 D commservice260303: msg.id = 1028,1
05-27 18:38:35.309   536   536 D commservice260303: i = 170, msgid = 8A000404
05-27 18:38:35.309   536   536 D commservice260303: msgid = -1979710460,did=138
05-27 18:38:35.309   536   536 D commservice260303: CommProtocolLibCmdBaseI2C::dataproc {"command":{"id":"imu_status","sub":""},"content":{"TimeStamp":10,"FrameCounter":237540,"GD_X":-0.01160607673227787,"GD_Y":0.0051151420921087265,"GD_Z":0.0020608289632946253,"AD_X":-0.0011067390441894531,"AD_Y":-0.0011650219094008207,"AD_Z":-0.16826438903808594,"TempDsp":0,"Status":0,"CalibState":1,"SigAmpInvalid":0}},-1979710460
05-27 18:38:35.309   536   536 D commservice260303: send2Cluster len:319, 7B22636F6D6D616E64223A7B226964223A22696D755F737461747573222C22737562223A22227D2C22636F6E74656E74223A7B2254696D655374616D70223A31302C224672616D65436F756E746572223A3233373534302C2247445F58223A2D302E30313136303630373637333232373738372C2247445F59223A302E303035313135313432303932313038373236352C2247445F5A223A302E303032303630383238393633323934363235332C2241445F58223A2D302E303031313036373339303434313839343533312C2241445F59223A2D302E303031313635303231393039343030383230372C2241445F5A223A2D302E31363832363433383930333830383539342C2254656D70447370223A302C22537461747573223A302C2243616C69625374617465223A312C22536967416D70496E76616C6964223A307D7D, 138 
05-27 18:38:35.309   536   536 D commservice260303: Push Message into SendPool fn=2078212864
05-27 18:38:35.309   536   536 D commservice260303: ComProtocolLibSend2Cluster::send2ClusterRaw fn=2078212864 , len=335
05-27 18:38:35.309   536   536 D commservice260303: sendCmdToPort :335!!!
05-27 18:38:35.309   536   536 D commservice260303: send Cmd To Port ++++5AA5014B8A010003DF7B6A16C9AB7B22636F6D6D616E64223A7B226964223A22696D755F737461747573222C22737562223A22227D2C22636F6E74656E74223A7B2254696D655374616D70223A31302C224672616D65436F756E746572223A3233373534302C2247445F58223A2D302E30313136303630373637333232373738372C2247445F59223A302E303035313135313432303932313038373236352C2247445F5A223A302E303032303630383238393633323934363235332C2241445F58223A2D302E303031313036373339303434313839343533312C2241445F59223A2D302E303031313635303231393039343030383230372C2241445F5A223A2D302E31363832363433383930333830383539342C2254656D70447370223A302C22537461747573223A302C2243616C69625374617465223A312C22536967416D70496E76616C6964223A307D7DBC4D
05-27 18:38:35.309   536   536 D commservice260303: bufferevent_write retrun value = 0
05-27 18:38:35.310   536   560 D commservice260303: client datas send succeed,send finish
05-27 18:38:35.310 13911 14192 D Sentinelmode_1.2.5.17_sentry: <SentryImuClusterFgeSender>imu_status sent to Linux, frame=237540, tsNs=10182548, tsMs=10, intervalMs=38, ad=(-0.001106739,-0.0011650219,-0.16826439), gd=(-0.011606077,0.005115142,0.002060829)
05-27 18:38:35.311   299 30841 D EvsDriver: forwardFrame
05-27 18:38:35.312   299 30844 D EvsDriver: forwardFrame
05-27 18:38:35.313   299 30841 D EvsDriver: Delivered 0xb400007b7ca56a60 as id 0
05-27 18:38:35.313   299 30844 D EvsDriver: Delivered 0xb400007b7ca56900 as id 0
05-27 18:38:35.313  1167  1479 D evsmanagerd: /dev/video6 forwarded the buffer #0 to 0xb4000074bf5f5510 from 0xb4000074bf5f6d90
05-27 18:38:35.313  1167  1184 D evsmanagerd: /dev/video4 forwarded the buffer #0 to 0xb4000074bf5f6850 from 0xb4000074bf5f41d0
05-27 18:38:35.313   581   581 I SpiService: fgesysctrl_getGPIO_status success val=0
05-27 08:29:44.278   581   581 D spi_rst_gpio_get_output: GPIO 145 value: 0
05-27 08:29:44.278   581   581 D spidev_ioctl: gpio status=0)
05-27 18:38:35.315   299  1163 D EvsDriver: doneWithFrame
05-27 18:38:35.315   299  1153 D EvsDriver: doneWithFrame
05-27 18:38:35.316   572   622 I Sensors : 230 GyroSensor: x:-0.011301,y:0.005192,z:0.001908
05-27 18:38:35.320  1008 30856 D [OMXB]  : usingANWBuffer: handle:0xee743710, format:1, w:1920, h:1080
05-27 18:38:35.326 13911 14183 I SentryImuMcuAngleSender: 179.99298rollDeg
05-27 18:38:35.327 13911 14183 I SentryImuMcuAngleSender: 1,0,0
05-27 18:38:35.329   581   581 I SpiService: fgesysctrl_getGPIO_status success val=1
05-27 08:29:44.293     1     1 I init    : starting service 'trace_resource'...
05-27 08:29:44.293   581   581 D spi_rst_gpio_get_output: GPIO 145 value: 1
05-27 08:29:44.293   581   581 D spidev_ioctl: gpio status=1)
05-27 18:38:35.330   481   598 I mcuc    : rev,n=1,6AA681CD18000A89005301040911123456F9
05-27 18:38:35.330   351   373 D automotive.vehicle@2.0-adayo-datacomm-mcu: MCUDatacomm sendMessageFromVehicle prop: 0x89, areaId: 0x0, status: 0x53, timestamp: 0x1
05-27 18:38:35.330   351   373 D automotive.vehicle@2.0-adayo-datacomm-mcu: MCUDatacomm 1sendMessageFromVehicle ---> type = 12 
05-27 18:38:35.330  1121  1144 I tboxmids_ap: [2026-05-27 18:38:35.330] [MCU RX] src=MCU dst=ZMQ len=10 type=BINARY data=00 08 53 01 04 09 11 12 34 56 
05-27 18:38:35.331  1083  1083 I MyAppLog: [2026-05-27 18:38:35.330 I tboxap mcuCommTboxmidsRecvCb:97] [Mcu] [mcuCommTboxmidsRecvCb] recv from tboxmids, size:10
05-27 18:38:35.331  1083  1083 I MyAppLog: [2026-05-27 18:38:35.330 I tboxap mcuCommTboxmidsRecvCb:98] [Mcu] [tboxmids -> tboxap]: :00 08 53 01 04 09 11 12 34 56
05-27 18:38:35.331  1083  1083 W MyAppLog: [2026-05-27 18:38:35.330 W tboxap mcuYadiFrameParse:852] [Mcu] [mcuYadiFrameParse] cmd:0911(MCU_VHL_DYNAMIC_DATA_IND) payload too short:5 < 54
05-27 18:38:35.331  1083  1083 W MyAppLog: [2026-05-27 18:38:35.330 W tboxap mcuPtlParseData:982] [Mcu] [mcuPtlParseData] invalid yadi frame, len:10
05-27 08:29:44.297 25167 25167 W audit   : audit_lost=33344 audit_rate_limit=5 audit_backlog_limit=64
05-27 08:29:44.297 25167 25167 E audit   : rate limit exceeded
05-27 18:38:35.334   581   581 I SpiService: fgesysctrl_getGPIO_status success val=1
05-27 08:29:44.299   581   581 D spi_rst_gpio_get_output: GPIO 145 value: 1
05-27 08:29:44.299   581   581 D spidev_ioctl: gpio status=1)
05-27 18:38:35.339  1008 30857 D [OMXB]  : usingANWBuffer: handle:0xee740590, format:1, w:1920, h:1080
05-27 18:38:35.340   581   581 I SpiService: fgesysctrl_getGPIO_status success val=1
05-27 08:29:44.305   581   581 D spi_rst_gpio_get_output: GPIO 145 value: 1
05-27 08:29:44.305   581   581 D spidev_ioctl: gpio status=1)
05-27 08:29:44.311   581   581 D spi_rst_gpio_get_output: GPIO 145 value: 0
05-27 08:29:44.311   581   581 D spidev_ioctl: gpio status=0)
05-27 18:38:35.344   299 30844 D EvsDriver: forwardFrame
05-27 18:38:35.346 13911 14183 I SentryImuMcuAngleSender: 179.98598rollDeg
05-27 18:38:35.346 13911 14183 I SentryImuMcuAngleSender: 1,0,0
05-27 18:38:35.346   581   581 I SpiService: fgesysctrl_getGPIO_status success val=0
05-27 18:38:35.347   481   597 I mcuc    : send SPI:6AA602CD18000289008E
05-27 18:38:35.349   536   536 D commservice260303: msg.id = 1028,1
05-27 18:38:35.349   536   536 D commservice260303: i = 170, msgid = 8A000404
05-27 18:38:35.349   536   536 D commservice260303: msgid = -1979710460,did=138
05-27 18:38:35.349   536   536 D commservice260303: CommProtocolLibCmdBaseI2C::dataproc {"command":{"id":"imu_status","sub":""},"content":{"TimeStamp":10,"FrameCounter":237541,"GD_X":-0.011147825978696346,"GD_Y":0.004963258747011423,"GD_Z":0.0017560218693688512,"AD_X":-0.0029418617486953735,"AD_Y":5.809776484966278E-5,"AD_Z":-0.16582298278808594,"TempDsp":0,"Status":0,"CalibState":1,"SigAmpInvalid":0}},-1979710460
05-27 18:38:35.349   536   536 D commservice260303: send2Cluster len:317, 7B22636F6D6D616E64223A7B226964223A22696D755F737461747573222C22737562223A22227D2C22636F6E74656E74223A7B2254696D655374616D70223A31302C224672616D65436F756E746572223A3233373534312C2247445F58223A2D302E3031313134373832353937383639363334362C2247445F59223A302E3030343936333235383734373031313432332C2247445F5A223A302E303031373536303231383639333638383531322C2241445F58223A2D302E303032393431383631373438363935333733352C2241445F59223A352E383039373736343834393636323738452D352C2241445F5A223A2D302E31363538323239383237383830383539342C2254656D70447370223A302C22537461747573223A302C2243616C69625374617465223A312C22536967416D70496E76616C6964223A307D7D, 138 
05-27 18:38:35.349   536   536 D commservice260303: Push Message into SendPool fn=2094990080
05-27 18:38:35.349   536   536 D commservice260303: ComProtocolLibSend2Cluster::send2ClusterRaw fn=2094990080 , len=333
05-27 18:38:35.349   536   536 D commservice260303: sendCmdToPort :333!!!
05-27 18:38:35.349   536   536 D commservice260303: send Cmd To Port ++++5AA501498A010003DF7C6A16C9AB7B22636F6D6D616E64223A7B226964223A22696D755F737461747573222C22737562223A22227D2C22636F6E74656E74223A7B2254696D655374616D70223A31302C224672616D65436F756E746572223A3233373534312C2247445F58223A2D302E3031313134373832353937383639363334362C2247445F59223A302E3030343936333235383734373031313432332C2247445F5A223A302E303031373536303231383639333638383531322C2241445F58223A2D302E303032393431383631373438363935333733352C2241445F59223A352E383039373736343834393636323738452D352C2241445F5A223A2D302E31363538323239383237383830383539342C2254656D70447370223A302C22537461747573223A302C2243616C69625374617465223A312C22536967416D70496E76616C6964223A307D7D1B66
05-27 18:38:35.350   536   536 D commservice260303: bufferevent_write retrun value = 0
05-27 18:38:35.350   536   560 D commservice260303: client datas send succeed,send finish
05-27 18:38:35.350   299 30841 D EvsDriver: forwardFrame
05-27 18:38:35.351   299 30844 D EvsDriver: Delivered 0xb400007b7ca56900 as id 0
05-27 18:38:35.352  1167  1479 D evsmanagerd: /dev/video6 forwarded the buffer #0 to 0xb4000074bf5f5510 from 0xb4000074bf5f6d90
05-27 18:38:35.352  1167  1184 D evsmanagerd: /dev/video4 forwarded the buffer #0 to 0xb4000074bf5f6850 from 0xb4000074bf5f41d0
05-27 18:38:35.354   299 30841 D EvsDriver: Delivered 0xb400007b7ca56a60 as id 0
05-27 18:38:35.354   299  1153 D EvsDriver: doneWithFrame
05-27 08:29:44.318     1     1 I init    : Service 'trace_resource' (pid 25167) exited with status 127
05-27 18:38:35.355 13911 14192 D Sentinelmode_1.2.5.17_sentry: <SentryImuClusterFgeSender>imu_status sent to Linux, frame=237541, tsNs=10182584, tsMs=10, intervalMs=40, ad=(-0.0029418617,5.8097765E-5,-0.16582298), gd=(-0.011147826,0.0049632587,0.0017560219)
05-27 18:38:35.357   299  1153 D EvsDriver: doneWithFrame
05-27 08:29:44.319     1     1 I libprocessgroup: Successfully killed process cgroup uid 0 pid 25167 in 0ms
05-27 18:38:35.360  1008 30856 D [OMXB]  : usingANWBuffer: handle:0xee740d20, format:1, w:1920, h:1080
05-27 18:38:35.362   581   581 I SpiService: fgesysctrl_getGPIO_status success val=1
05-27 08:29:44.327   581   581 D spi_rst_gpio_get_output: GPIO 145 value: 1
05-27 08:29:44.327   581   581 D spidev_ioctl: gpio status=1)
05-27 18:38:35.367 13911 14183 I SentryImuMcuAngleSender: 179.98598rollDeg
05-27 18:38:35.367 13911 14183 I SentryImuMcuAngleSender: 1,0,0
05-27 18:38:35.367   581   581 I SpiService: fgesysctrl_getGPIO_status success val=1
05-27 08:29:44.332   581   581 D spi_rst_gpio_get_output: GPIO 145 value: 1
05-27 08:29:44.332   581   581 D spidev_ioctl: gpio status=1)
05-27 18:38:35.370   283   307 I rvcservice: t.code = 1, t.value = -168360
05-27 18:38:35.372  1008 30857 D [OMXB]  : usingANWBuffer: handle:0xee741e50, format:1, w:1920, h:1080
05-27 18:38:35.373   581   581 I SpiService: fgesysctrl_getGPIO_status success val=1
05-27 18:38:35.375   299 30844 D EvsDriver: forwardFrame
05-27 18:38:35.375   299 30841 D EvsDriver: forwardFrame
05-27 18:38:35.376   299 30844 D EvsDriver: Delivered 0xb400007b7ca56900 as id 0
05-27 18:38:35.376  1167  1184 D evsmanagerd: /dev/video6 forwarded the buffer #0 to 0xb4000074bf5f5510 from 0xb4000074bf5f6d90
05-27 18:38:35.376  1167  1479 D evsmanagerd: /dev/video4 forwarded the buffer #0 to 0xb4000074bf5f6850 from 0xb4000074bf5f41d0
05-27 08:29:44.337   581   581 D spi_rst_gpio_get_output: GPIO 145 value: 1
05-27 08:29:44.337   581   581 D spidev_ioctl: gpio status=1)
05-27 18:38:35.377   299 30841 D EvsDriver: Delivered 0xb400007b7ca56a60 as id 0
05-27 18:38:35.379   581   581 I SpiService: fgesysctrl_getGPIO_status success val=1
05-27 18:38:35.379   299  1153 D EvsDriver: doneWithFrame
05-27 18:38:35.379   299  1163 D EvsDriver: doneWithFrame
05-27 08:29:44.343   581   581 D spi_rst_gpio_get_output: GPIO 145 value: 1
05-27 08:29:44.343   581   581 D spidev_ioctl: gpio status=1)
05-27 08:29:44.349   581   581 D spi_rst_gpio_get_output: GPIO 145 value: 1
05-27 08:29:44.350   581   581 D spidev_ioctl: gpio status=1)
05-27 18:38:35.385   581   581 I SpiService: fgesysctrl_getGPIO_status success val=1
05-27 18:38:35.386 13911 14183 I SentryImuMcuAngleSender: 179.98598rollDeg
05-27 18:38:35.386 13911 14183 I SentryImuMcuAngleSender: 1,0,0
05-27 18:38:35.390   536   536 D commservice260303: msg.id = 1028,0
05-27 18:38:35.390   536   536 D commservice260303: i = 170, msgid = 8A000404
05-27 18:38:35.390   536   536 D commservice260303: msgid = -1979710460,did=138
05-27 18:38:35.390   536   536 D commservice260303: CommProtocolLibCmdBaseI2C::dataproc {"command":{"id":"imu_status","sub":""},"content":{"TimeStamp":10,"FrameCounter":237542,"GD_X":-0.011834942735731602,"GD_Y":0.005345047451555729,"GD_Z":0.0023671966046094894,"AD_X":-0.0017243623733520508,"AD_Y":5.797599442303181E-5,"AD_Z":-0.16399383544921875,"TempDsp":0,"Status":0,"CalibState":1,"SigAmpInvalid":0}},-1979710460
05-27 18:38:35.390   536   536 D commservice260303: send2Cluster len:317, 7B22636F6D6D616E64223A7B226964223A22696D755F737461747573222C22737562223A22227D2C22636F6E74656E74223A7B2254696D655374616D70223A31302C224672616D65436F756E746572223A3233373534322C2247445F58223A2D302E3031313833343934323733353733313630322C2247445F59223A302E3030353334353034373435313535353732392C2247445F5A223A302E303032333637313936363034363039343839342C2241445F58223A2D302E303031373234333632333733333532303530382C2241445F59223A352E373937353939343432333033313831452D352C2241445F5A223A2D302E31363339393338333534343932313837352C2254656D70447370223A302C22537461747573223A302C2243616C69625374617465223A312C22536967416D70496E76616C6964223A307D7D, 138 
05-27 18:38:35.390   536   536 D commservice260303: Push Message into SendPool fn=2111767296
05-27 18:38:35.390   536   536 D commservice260303: ComProtocolLibSend2Cluster::send2ClusterRaw fn=2111767296 , len=333
05-27 18:38:35.390   536   536 D commservice260303: sendCmdToPort :333!!!
05-27 18:38:35.390   536   536 D commservice260303: send Cmd To Port ++++5AA501498A010003DF7D6A16C9AB7B22636F6D6D616E64223A7B226964223A22696D755F737461747573222C22737562223A22227D2C22636F6E74656E74223A7B2254696D655374616D70223A31302C224672616D65436F756E746572223A3233373534322C2247445F58223A2D302E3031313833343934323733353733313630322C2247445F59223A302E3030353334353034373435313535353732392C2247445F5A223A302E303032333637313936363034363039343839342C2241445F58223A2D302E303031373234333632333733333532303530382C2241445F59223A352E373937353939343432333033313831452D352C2241445F5A223A2D302E31363339393338333534343932313837352C2254656D70447370223A302C22537461747573223A302C2243616C69625374617465223A312C22536967416D70496E76616C6964223A307D7D3E3A
05-27 18:38:35.390   536   536 D commservice260303: bufferevent_write retrun value = 0
05-27 18:38:35.390   536   560 D commservice260303: client datas send succeed,send finish
05-27 18:38:35.390 13911 14192 D Sentinelmode_1.2.5.17_sentry: <SentryImuClusterFgeSender>imu_status sent to Linux, frame=237542, tsNs=10182620, tsMs=10, intervalMs=41, ad=(-0.0017243624,5.7975994E-5,-0.16399384), gd=(-0.011834943,0.0053450475,0.0023671966)
05-27 18:38:35.391   581   581 I SpiService: fgesysctrl_getGPIO_status success val=0
05-27 08:29:44.356   581   581 D spi_rst_gpio_get_output: GPIO 145 value: 0
05-27 08:29:44.356   581   581 D spidev_ioctl: gpio status=0)
05-27 18:38:35.394   566 11459 I gps_hdbd: Received: '$GNGGA,005426.000,,,,,0,00,,,M,,M,,*63
'
05-27 18:38:35.395   566 11459 I gps_hdbd: Received: '$GNGSA,A,1,,,,,,,,,,,,,,,,1*1D
'
05-27 18:38:35.397  1008 30857 D [OMXB]  : usingANWBuffer: handle:0xee7433a0, format:1, w:1920, h:1080
05-27 18:38:35.400   566 11459 I gps_hdbd: Received: '$GNGSA,A,1,,,,,,,,,,,,,,,,3*1F
'
05-27 18:38:35.401   566 11459 I gps_hdbd: Received: '$GNGSA,A,1,,,,,,,,,,,,,,,,4*18
'
05-27 18:38:35.402   566 11459 I gps_hdbd: Received: '$BDGSV,1,1,00,1*75
'
05-27 18:38:35.405   566 11459 I gps_hdbd: Received: '$BDGSV,1,1,00,5*71
'
05-27 18:38:35.405   581   581 I SpiService: fgesysctrl_getGPIO_status success val=1
05-27 18:38:35.406 13911 14183 I SentryImuMcuAngleSender: 179.99298rollDeg
05-27 18:38:35.406 13911 14183 I SentryImuMcuAngleSender: 1,0,0
05-27 08:29:44.370   581   581 D spi_rst_gpio_get_output: GPIO 145 value: 1
05-27 08:29:44.370   581   581 D spidev_ioctl: gpio status=1)
05-27 18:38:35.411   581   581 I SpiService: fgesysctrl_getGPIO_status success val=1
05-27 18:38:35.411   566 11459 I gps_hdbd: Received: '$GPGSV,1,1,01,199,42,165,,1*60
'
05-27 18:38:35.412   566 11459 I gps_hdbd: Received: '$GPGSV,1,1,00,8*6D
'
05-27 18:38:35.412   566 11459 I gps_hdbd: Received: '$GAGSV,1,1,00,7*73
'
05-27 18:38:35.412   299 30844 D EvsDriver: forwardFrame
05-27 18:38:35.413   299 30841 D EvsDriver: forwardFrame
05-27 08:29:44.376   581   581 D spi_rst_gpio_get_output: GPIO 145 value: 1
05-27 08:29:44.376   581   581 D spidev_ioctl: gpio status=1)
05-27 18:38:35.414   299 30844 D EvsDriver: Delivered 0xb400007b7ca56900 as id 0
05-27 18:38:35.415  1167  1479 D evsmanagerd: /dev/video6 forwarded the buffer #0 to 0xb4000074bf5f5510 from 0xb4000074bf5f6d90
05-27 18:38:35.415   299 30841 D EvsDriver: Delivered 0xb400007b7ca56a60 as id 0
05-27 18:38:35.416  1167  1479 D evsmanagerd: /dev/video4 forwarded the buffer #0 to 0xb4000074bf5f6850 from 0xb4000074bf5f41d0
05-27 18:38:35.417   581   581 I SpiService: fgesysctrl_getGPIO_status success val=1
05-27 18:38:35.419   566 11459 I gps_hdbd: Received: '$GAGSV,1,1,00,1*75
'
05-27 18:38:35.419   299  1163 D EvsDriver: doneWithFrame
05-27 18:38:35.420   299  1153 D EvsDriver: doneWithFrame
05-27 08:29:44.381   581   581 D spi_rst_gpio_get_output: GPIO 145 value: 1
05-27 08:29:44.381   581   581 D spidev_ioctl: gpio status=1)
05-27 18:38:35.423   581   581 I SpiService: fgesysctrl_getGPIO_status success val=1
05-27 18:38:35.425   566 11459 I gps_hdbd: Received: '$GNRMC,005426.000,V,,,,,,,270526,120.0,E,N,V*40
'
05-27 08:29:44.388   581   581 D spi_rst_gpio_get_output: GPIO 145 value: 1
05-27 18:38:35.425   566 11459 I gps_hdbd: RMC : CALL gnss_sv_status_cb, view_in_sat <1>
05-27 08:29:44.388   581   581 D spidev_ioctl: gpio status=1)
05-27 18:38:35.425   566 11459 I gps_hdbd: [reportSvStatus]--->PLATFORM_BSP::Enter
05-27 18:38:35.426   566 11459 I gps_hdbd: hy abnormal deal:hy_cnr30_satellite_cnt=0
05-27 18:38:35.426   566 11459 D gps_hdbd: hy abnormal deal:hy_fixStatus_fail_count=0
05-27 18:38:35.426   566 11459 I gps_hdbd: Received: '$GNZDA,005426.000,27,05,2026,00,00*4B
'
05-27 18:38:35.426  1083  1083 W MyAppLog: [2026-05-27 18:38:35.426 W tboxap gpsSyncGpsInfoToDm:361] [Gps] [gpsSyncGpsInfoToDm] fix=0 mode=49 corner:0x01 alt=0.00 sat=0 hdop=0.00 pdop=0.00 vdop=0.00
05-27 18:38:35.427 13911 14183 I SentryImuMcuAngleSender: 179.99298rollDeg
05-27 18:38:35.427 13911 14183 I SentryImuMcuAngleSender: 1,0,0
05-27 18:38:35.427  1008 30856 D [OMXB]  : usingANWBuffer: handle:0xee740e80, format:1, w:1920, h:1080
05-27 18:38:35.429   572   572 I Sensors : 230 AccelSensor: x:-0.165310,y:0.003050,z:-9.969840
05-27 18:38:35.429   581   581 I SpiService: fgesysctrl_getGPIO_status success val=1
05-27 18:38:35.430   536   536 D commservice260303: msg.id = 1028,0
05-27 18:38:35.430   536   536 D commservice260303: i = 170, msgid = 8A000404
05-27 18:38:35.430   536   536 D commservice260303: msgid = -1979710460,did=138
05-27 18:38:35.430   536   536 D commservice260303: CommProtocolLibCmdBaseI2C::dataproc {"command":{"id":"imu_status","sub":""},"content":{"TimeStamp":10,"FrameCounter":237543,"GD_X":-0.011910883709788322,"GD_Y":0.0051151420921087265,"GD_Z":0.0023671966046094894,"AD_X":0.0019112974405288696,"AD_Y":-0.0011516110971570015,"AD_Z":-0.16399383544921875,"TempDsp":0,"Status":0,"CalibState":1,"SigAmpInvalid":0}},-1979710460
05-27 18:38:35.430   536   536 D commservice260303: send2Cluster len:319, 7B22636F6D6D616E64223A7B226964223A22696D755F737461747573222C22737562223A22227D2C22636F6E74656E74223A7B2254696D655374616D70223A31302C224672616D65436F756E746572223A3233373534332C2247445F58223A2D302E3031313931303838333730393738383332322C2247445F59223A302E303035313135313432303932313038373236352C2247445F5A223A302E303032333637313936363034363039343839342C2241445F58223A302E303031393131323937343430353238383639362C2241445F59223A2D302E303031313531363131303937313537303031352C2241445F5A223A2D302E31363339393338333534343932313837352C2254656D70447370223A302C22537461747573223A302C2243616C69625374617465223A312C22536967416D70496E76616C6964223A307D7D, 138 
05-27 18:38:35.430   536   536 D commservice260303: Push Message into SendPool fn=2128544512
05-27 18:38:35.430   536   536 D commservice260303: ComProtocolLibSend2Cluster::send2ClusterRaw fn=2128544512 , len=335
05-27 18:38:35.430   536   536 D commservice260303: sendCmdToPort :335!!!
05-27 18:38:35.430  1008 30857 D [OMXB]  : usingANWBuffer: handle:0xee742270, format:1, w:1920, h:1080
05-27 18:38:35.430   536   536 D commservice260303: send Cmd To Port ++++5AA5014B8A010003DF7E6A16C9AB7B22636F6D6D616E64223A7B226964223A22696D755F737461747573222C22737562223A22227D2C22636F6E74656E74223A7B2254696D655374616D70223A31302C224672616D65436F756E746572223A3233373534332C2247445F58223A2D302E3031313931303838333730393738383332322C2247445F59223A302E303035313135313432303932313038373236352C2247445F5A223A302E303032333637313936363034363039343839342C2241445F58223A302E303031393131323937343430353238383639362C2241445F59223A2D302E303031313531363131303937313537303031352C2241445F5A223A2D302E31363339393338333534343932313837352C2254656D70447370223A302C22537461747573223A302C2243616C69625374617465223A312C22536967416D70496E76616C6964223A307D7DCD91
05-27 18:38:35.430   536   560 D commservice260303: client datas send succeed,send finish
05-27 18:38:35.430   536   536 D commservice260303: bufferevent_write retrun value = 0
05-27 18:38:35.431 13911 14192 D Sentinelmode_1.2.5.17_sentry: <SentryImuClusterFgeSender>imu_status sent to Linux, frame=237543, tsNs=10182656, tsMs=10, intervalMs=41, ad=(0.0019112974,-0.0011516111,-0.16399384), gd=(-0.011910884,0.005115142,0.0023671966)
05-27 08:29:44.394   581   581 D spi_rst_gpio_get_output: GPIO 145 value: 1
05-27 08:29:44.394   581   581 D spidev_ioctl: gpio status=1)
05-27 18:38:35.435   581   581 I SpiService: fgesysctrl_getGPIO_status success val=0
05-27 08:29:44.399   581   581 D spi_rst_gpio_get_output: GPIO 145 value: 0
05-27 08:29:44.399   581   581 D spidev_ioctl: gpio status=0)
05-27 18:38:35.439   299 30844 D EvsDriver: forwardFrame
05-27 18:38:35.439   299 30841 D EvsDriver: forwardFrame
05-27 18:38:35.440   299 30844 D EvsDriver: Delivered 0xb400007b7ca56900 as id 0
05-27 18:38:35.440  1167  1479 D evsmanagerd: /dev/video6 forwarded the buffer #0 to 0xb4000074bf5f5510 from 0xb4000074bf5f6d90
05-27 18:38:35.440 30773 30773 E dvr_service_: [myNum:1] Received S**** loss
05-27 18:38:35.441   299 30841 D EvsDriver: Delivered 0xb400007b7ca56a60 as id 0
05-27 18:38:35.441  1167  1184 D evsmanagerd: /dev/video4 forwarded the buffer #0 to 0xb4000074bf5f6850 from 0xb4000074bf5f41d0
05-27 18:38:35.441 30773 30773 E dvr_service_: [myNum:0] Received S**** loss
05-27 18:38:35.441   299  1163 D EvsDriver: doneWithFrame
05-27 18:38:35.444   299  1153 D EvsDriver: doneWithFrame
05-27 18:38:35.446   566 11459 I gps_hdbd: Received: '$GNINS,1,1,TYPE,I,V,005426.000,18777000,FUS,-2,0,0,0,MOT,V,1,PATT,0.00,0.00,0.00,VEL,0.000,0.000,0.000,POS,40.0001330924,116.0001570688,84.176,IIA,1,0.00,0.00,0.00,BGA,0.31,-0.66,-0.13,0.000,0.000,0.000,IGA,0,-1,0,0,-2,98,VG,16c2ff1*19
'
05-27 18:38:35.447 13911 14183 I SentryImuMcuAngleSender: 179.98247rollDeg
05-27 18:38:35.447 13911 14183 I SentryImuMcuAngleSender: 1,0,0
05-27 18:38:35.447   481   598 I mcuc    : rev,n=1,6AA681CD19008C8305000055000000B0000000000001000100000A8238B11BC1BE381C381BF498381B7037381CB2189085A7312400000000040000B3000000000000000000000000000000B44300000000000300000000000000AA000000E40701010000000000000000BB06050507EA051B000008009403CB00CC000000000000000000000000000000B5000000000000000004
05-27 18:38:35.447   351   373 D automotive.vehicle@2.0-adayo-datacomm-mcu: MCUDatacomm sendMessageFromVehicle prop: 0x83, areaId: 0x5, status: 0x0, timestamp: 0x0
05-27 18:38:35.447   351   373 D automotive.vehicle@2.0-adayo-datacomm-mcu: MCUDatacomm 1sendMessageFromVehicle ---> type = 7 
05-27 18:38:35.447   351   373 I automotive.vehicle@2.0-adayo-func-mcu: MCUFunc :sendMessageFromVehicle  msgBuff[0] = 131 
05-27 18:38:35.447   351   373 I automotive.vehicle@2.0-adayo-func-mcu: MCUFunc :sendMessageFromVehicle  msgBuff[1] = 5 
05-27 18:38:35.447   351   373 I automotive.vehicle@2.0-adayo-func-mcu: MCUFunc :sendMessageFromVehicle  msgBuff[2] = 0 
05-27 18:38:35.447   351   373 I automotive.vehicle@2.0-adayo-func-mcu: MCUFunc :sendMessageFromVehicle  msgBuff[3] = 0 
05-27 18:38:35.447   351   373 I automotive.vehicle@2.0-adayo-func-mcu: MCUFunc :sendMessageFromVehicle  msgBuff[4] = 85 
05-27 18:38:35.447   351   373 I automotive.vehicle@2.0-adayo-func-mcu: MCUFunc :sendMessageFromVehicle  msgBuff[5] = 0 
05-27 18:38:35.449   481   598 I mcuc    : rev,n=2,6AA681CD1A009E8B30028701020403A0030000030100000100000000002901A100000000003B000202000002020002A208FA29018000028000038000048000A3058000068000070000080000000000A4000000000000000000000101000700A502000000060102000200FF0100A688DD01010101010000000101010000000A0A0A0000010101040402020000000000000000000000000000000000000000000000000000EED3
05-27 18:38:35.449   581   581 I SpiService: fgesysctrl_getGPIO_status success val=1
05-27 08:29:44.414   581   581 D spi_rst_gpio_get_output: GPIO 145 value: 1
05-27 08:29:44.414   581   581 D spidev_ioctl: gpio status=1)
05-27 18:38:35.454   581   581 I SpiService: fgesysctrl_getGPIO_status success val=1
05-27 18:38:35.456  1008 30856 D [OMXB]  : usingANWBuffer: handle:0xee743df0, format:1, w:1920, h:1080
05-27 08:29:44.419   581   581 D spi_rst_gpio_get_output: GPIO 145 value: 1
05-27 08:29:44.419   581   581 D spidev_ioctl: gpio status=1)
05-27 18:38:35.458   566 11459 I gps_hdbd: Received: '$GNINS,CARSPEED,ADR_STATUS,0,Pulse_count,0,1,0,0,18777000,101620,0.000,0.000,0.000*0C
'
05-27 18:38:35.460   581   581 I SpiService: fgesysctrl_getGPIO_status success val=1
05-27 08:29:44.424   581   581 D spi_rst_gpio_get_output: GPIO 145 value: 1
05-27 08:29:44.424   581   581 D spidev_ioctl: gpio status=1)
05-27 18:38:35.461 25124 25154 D ANWAPI_SECOND: (25124|0x1CF0BCB0)[BTAPI] run AnWBT_WaitInitFinish
05-27 18:38:35.461 25124 25154 D ANWAPI_SECOND: (25124|0x1CF0BCB0)[BTAPI] bb_vendor(3)hcit_type(3)
05-27 18:38:35.461 25124 25154 D ANWAPI_SECOND: (25124|0x1CF0BCB0)[BTAPI] RTL8761, config_uart_path[/dev/ttyS3], baudrate_init(115200), baudrate_normal(3000000)
05-27 18:38:35.461 25124 25154 D ANWAPI_SECOND: (25124|0x1CF0BCB0)[BTAPI] RTL8761, config_BT_ADDR_path[]
