05-27 18:38:35.461 25124 25154 D ANWAPI_SECOND: (25124|0x1CF0BCB0)[BTAPI] BTUart_Configure start
05-27 18:38:35.462 25124 25154 I ANWStack: [  10182712][ANWBT] Device name = /dev/ttyS3,baudrate_init =115200(115200),baudrate =3000000(3000000)
05-27 18:38:35.462 25124 25154 I ANWStack: 
05-27 18:38:35.457 25124 25124 I auditd  : type=1400 audit(0.0:58631): avc: denied { read write } for comm="BTInit_Task" name="ttyS3" dev="tmpfs" ino=3005 scontext=u:r:system_app:s0 tcontext=u:object_r:serial_device:s0 tclass=chr_file permissive=1
05-27 18:38:35.457 25124 25124 I BTInit_Task: type=1400 audit(0.0:58631): avc: denied { read write } for name="ttyS3" dev="tmpfs" ino=3005 scontext=u:r:system_app:s0 tcontext=u:object_r:serial_device:s0 tclass=chr_file permissive=1
05-27 18:38:35.457 25124 25124 I auditd  : type=1400 audit(0.0:58632): avc: denied { open } for comm="BTInit_Task" path="/dev/ttyS3" dev="tmpfs" ino=3005 scontext=u:r:system_app:s0 tcontext=u:object_r:serial_device:s0 tclass=chr_file permissive=1
05-27 18:38:35.457 25124 25124 I BTInit_Task: type=1400 audit(0.0:58632): avc: denied { open } for path="/dev/ttyS3" dev="tmpfs" ino=3005 scontext=u:r:system_app:s0 tcontext=u:object_r:serial_device:s0 tclass=chr_file permissive=1
05-27 08:29:44.429 25154 25154 E sprd_serial 20230000.serial: request TX DMA channel failed, ret = -19
05-27 08:29:44.429 25154 25154 E sprd_serial 20230000.serial: request RX DMA channel failed, ret = -19
05-27 08:29:44.430   581   581 D spi_rst_gpio_get_output: GPIO 145 value: 1
05-27 08:29:44.430   581   581 D spidev_ioctl: gpio status=1)
05-27 18:38:35.462 25124 25154 I ANWStack: [  10182713][ANWBT] BTUart_StartUp  speed = 115200
05-27 18:38:35.462 25124 25154 I ANWStack: 
05-27 18:38:35.463 25124 25154 D ANWStack: Mac Address /data/vendor/bluetooth/btmac.txt open fail - No such file or directory
05-27 18:38:35.463 25124 25154 D ANWStack: Mac Address from file  /data/vendor/bluetooth/btmac.txt -  (1)
05-27 18:38:35.463   566 11459 I gps_hdbd: Received: '$GNTXT,04,01,04,INS,V,1,,,,FLG,1,000000,1,0,1,0,0,Con,0*71
'
05-27 18:38:35.463   566 11459 I gps_hdbd: Received: '$GNTXT,INSTALL,0.00,0.00,0.00,0.00,0.00,0.00,0*20
'
05-27 18:38:35.464 25124 25154 D ANWStack: rtk_8761C_init@1, fd 0x55
05-27 18:38:35.464 25124 25154 D ANWStack: type RTL_8761C, init speed 115200
05-27 18:38:35.465 25124 25154 D ANWStack: rtk_8761C_init@2, fd 0x55
05-27 18:38:35.465 25124 25154 D ANWStack: Realtek Bluetooth init uart with init speed:115200, type:HCI UART H4
05-27 18:38:35.465   581   581 I SpiService: fgesysctrl_getGPIO_status success val=1
05-27 18:38:35.466 25124 25154 D ANWStack: Realtek Bluetooth :Realtek hciattach version 3.1.d5a90fd.20250813-162457 
05-27 18:38:35.466 25124 25154 D ANWStack: 
05-27 18:38:35.466 25124 25154 D ANWStack: Realtek Bluetooth :Use epoll
05-27 18:38:35.466 25124 25154 D ANWStack: Realtek Bluetooth :Realtek H4 IC
05-27 18:38:35.467 13911 14183 I SentryImuMcuAngleSender: 179.98247rollDeg
05-27 18:38:35.467 13911 14183 I SentryImuMcuAngleSender: 1,0,0
05-27 18:38:35.457 25124 25124 I auditd  : type=1400 audit(0.0:58633): avc: denied { ioctl } for comm="BTInit_Task" path="/dev/ttyS3" dev="tmpfs" ino=3005 ioctlcmd=0x540b scontext=u:r:system_app:s0 tcontext=u:object_r:serial_device:s0 tclass=chr_file permissive=1
05-27 18:38:35.457 25124 25124 I BTInit_Task: type=1400 audit(0.0:58633): avc: denied { ioctl } for path="/dev/ttyS3" dev="tmpfs" ino=3005 ioctlcmd=0x540b scontext=u:r:system_app:s0 tcontext=u:object_r:serial_device:s0 tclass=chr_file permissive=1
05-27 18:38:35.470   283   307 I rvcservice: t.code = 3, t.value = 0
05-27 18:38:35.470   536   536 D commservice260303: msg.id = 1028,0
05-27 18:38:35.470   536   536 D commservice260303: i = 170, msgid = 8A000404
05-27 18:38:35.470   536   536 D commservice260303: msgid = -1979710460,did=138
05-27 18:38:35.470   536   536 D commservice260303: CommProtocolLibCmdBaseI2C::dataproc {"command":{"id":"imu_status","sub":""},"content":{"TimeStamp":10,"FrameCounter":237544,"GD_X":-0.01091896090656519,"GD_Y":0.005573912989348173,"GD_Z":0.0019079053308814764,"AD_X":0.0012878179550170898,"AD_Y":6.758777890354395E-4,"AD_Z":-0.16460323333740234,"TempDsp":0,"Status":0,"CalibState":1,"SigAmpInvalid":0}},-1979710460
05-27 18:38:35.470  1008 30857 D [OMXB]  : usingANWBuffer: handle:0xee7435b0, format:1, w:1920, h:1080
05-27 18:38:35.470   536   536 D commservice260303: send2Cluster len:315, 7B22636F6D6D616E64223A7B226964223A22696D755F737461747573222C22737562223A22227D2C22636F6E74656E74223A7B2254696D655374616D70223A31302C224672616D65436F756E746572223A3233373534342C2247445F58223A2D302E30313039313839363039303635363531392C2247445F59223A302E3030353537333931323938393334383137332C2247445F5A223A302E303031393037393035333330383831343736342C2241445F58223A302E303031323837383137393535303137303839382C2241445F59223A362E373538373737383930333534333935452D342C2241445F5A223A2D302E31363436303332333333333734303233342C2254656D70447370223A302C22537461747573223A302C2243616C69625374617465223A312C22536967416D70496E76616C6964223A307D7D, 138 
05-27 18:38:35.470   536   536 D commservice260303: Push Message into SendPool fn=2145321728
05-27 18:38:35.470   536   536 D commservice260303: ComProtocolLibSend2Cluster::send2ClusterRaw fn=2145321728 , len=331
05-27 18:38:35.470   536   536 D commservice260303: sendCmdToPort :331!!!
05-27 18:38:35.470   536   536 D commservice260303: send Cmd To Port ++++5AA501478A010003DF7F6A16C9AB7B22636F6D6D616E64223A7B226964223A22696D755F737461747573222C22737562223A22227D2C22636F6E74656E74223A7B2254696D655374616D70223A31302C224672616D65436F756E746572223A3233373534342C2247445F58223A2D302E30313039313839363039303635363531392C2247445F59223A302E3030353537333931323938393334383137332C2247445F5A223A302E303031393037393035333330383831343736342C2241445F58223A302E303031323837383137393535303137303839382C2241445F59223A362E373538373737383930333534333935452D342C2241445F5A223A2D302E31363436303332333333333734303233342C2254656D70447370223A302C22537461747573223A302C2243616C69625374617465223A312C22536967416D70496E76616C6964223A307D7D6D6E
05-27 18:38:35.471   536   536 D commservice260303: bufferevent_write retrun value = 0
05-27 18:38:35.471 13911 14192 D Sentinelmode_1.2.5.17_sentry: <SentryImuClusterFgeSender>imu_status sent to Linux, frame=237544, tsNs=10182719, tsMs=10, intervalMs=40, ad=(0.001287818,6.758778E-4,-0.16460323), gd=(-0.010918961,0.005573913,0.0019079053)
05-27 18:38:35.471   581   581 I SpiService: fgesysctrl_getGPIO_status success val=1
05-27 18:38:35.471   566  1171 I gps_hdbd: [gps_upgrade_thread 3506]Enter
05-27 18:38:35.471   566  1171 I gps_hdbd: [gps_upgrade_thread 3535] sys.gps.update:0 ,file:not ,upgrate_ing:0
05-27 08:29:44.436   581   581 D spi_rst_gpio_get_output: GPIO 145 value: 1
05-27 08:29:44.436   581   581 D spidev_ioctl: gpio status=1)
05-27 18:38:35.473   536   560 D commservice260303: client datas send succeed,send finish
05-27 18:38:35.474   299 30844 D EvsDriver: forwardFrame
05-27 18:38:35.475   299 30841 D EvsDriver: forwardFrame
05-27 18:38:35.476   299 30844 D EvsDriver: Delivered 0xb400007b7ca56900 as id 0
05-27 18:38:35.476  1167  1184 D evsmanagerd: /dev/video6 forwarded the buffer #0 to 0xb4000074bf5f5510 from 0xb4000074bf5f6d90
05-27 18:38:35.477   581   581 I SpiService: fgesysctrl_getGPIO_status success val=0
05-27 18:38:35.477   481   597 I mcuc    : send SPI:6AA602CD19000283058E6AA602CD1A00028B305A
05-27 08:29:44.441   581   581 D spi_rst_gpio_get_output: GPIO 145 value: 0
05-27 08:29:44.441   581   581 D spidev_ioctl: gpio status=0)
05-27 18:38:35.477   299 30841 D EvsDriver: Delivered 0xb400007b7ca56a60 as id 0
05-27 18:38:35.477  1167  1184 D evsmanagerd: /dev/video4 forwarded the buffer #0 to 0xb4000074bf5f6850 from 0xb4000074bf5f41d0
05-27 18:38:35.478   299  1153 D EvsDriver: doneWithFrame
05-27 18:38:35.482   299  1153 D EvsDriver: doneWithFrame
05-27 18:38:35.488 13911 14183 I SentryImuMcuAngleSender: 179.97197rollDeg
05-27 18:38:35.488 13911 14183 I SentryImuMcuAngleSender: 1,0,0
05-27 18:38:35.492   581   581 I SpiService: fgesysctrl_getGPIO_status success val=1
05-27 08:29:44.457   581   581 D spi_rst_gpio_get_output: GPIO 145 value: 1
05-27 08:29:44.457   581   581 D spidev_ioctl: gpio status=1)
05-27 18:38:35.497   581   581 I SpiService: fgesysctrl_getGPIO_status success val=1
05-27 18:38:35.497  1008 30856 D [OMXB]  : usingANWBuffer: handle:0xee742ab0, format:1, w:1920, h:1080
05-27 08:29:44.462   581   581 D spi_rst_gpio_get_output: GPIO 145 value: 1
05-27 08:29:44.462   581   581 D spidev_ioctl: gpio status=1)
05-27 18:38:35.503   581   581 I SpiService: fgesysctrl_getGPIO_status success val=1
05-27 08:29:44.467   581   581 D spi_rst_gpio_get_output: GPIO 145 value: 1
05-27 08:29:44.467   581   581 D spidev_ioctl: gpio status=1)
05-27 18:38:35.508   581   581 I SpiService: fgesysctrl_getGPIO_status success val=1
05-27 08:29:44.473   581   581 D spi_rst_gpio_get_output: GPIO 145 value: 1
05-27 08:29:44.473   581   581 D spidev_ioctl: gpio status=1)
05-27 18:38:35.509 13911 14183 I SentryImuMcuAngleSender: 179.97546rollDeg
05-27 18:38:35.509 13911 14183 I SentryImuMcuAngleSender: 1,0,0
05-27 18:38:35.510   536   536 D commservice260303: msg.id = 1028,0
05-27 18:38:35.510   536   536 D commservice260303: i = 170, msgid = 8A000404
05-27 18:38:35.510   536   536 D commservice260303: msgid = -1979710460,did=138
05-27 18:38:35.510   536   536 D commservice260303: CommProtocolLibCmdBaseI2C::dataproc {"command":{"id":"imu_status","sub":""},"content":{"TimeStamp":10,"FrameCounter":237545,"GD_X":-0.011147825978696346,"GD_Y":0.004963258747011423,"GD_Z":0.002443138277158141,"AD_X":-0.003600671887397766,"AD_Y":0.0018784238491207361,"AD_Z":-0.16460323333740234,"TempDsp":0,"Status":0,"CalibState":1,"SigAmpInvalid":0}},-1979710460
05-27 18:38:35.510   299 30844 D EvsDriver: forwardFrame
05-27 18:38:35.510   299 30841 D EvsDriver: forwardFrame
05-27 18:38:35.510   536   536 D commservice260303: send2Cluster len:316, 7B22636F6D6D616E64223A7B226964223A22696D755F737461747573222C22737562223A22227D2C22636F6E74656E74223A7B2254696D655374616D70223A31302C224672616D65436F756E746572223A3233373534352C2247445F58223A2D302E3031313134373832353937383639363334362C2247445F59223A302E3030343936333235383734373031313432332C2247445F5A223A302E3030323434333133383237373135383134312C2241445F58223A2D302E3030333630303637313838373339373736362C2241445F59223A302E303031383738343233383439313230373336312C2241445F5A223A2D302E31363436303332333333333734303233342C2254656D70447370223A302C22537461747573223A302C2243616C69625374617465223A312C22536967416D70496E76616C6964223A307D7D, 138 
05-27 18:38:35.510   536   536 D commservice260303: Push Message into SendPool fn=-2132868352
05-27 18:38:35.510   536   536 D commservice260303: ComProtocolLibSend2Cluster::send2ClusterRaw fn=-2132868352 , len=332
05-27 18:38:35.510   536   536 D commservice260303: sendCmdToPort :332!!!
05-27 18:38:35.510   536   536 D commservice260303: send Cmd To Port ++++5AA501488A010003DF806A16C9AB7B22636F6D6D616E64223A7B226964223A22696D755F737461747573222C22737562223A22227D2C22636F6E74656E74223A7B2254696D655374616D70223A31302C224672616D65436F756E746572223A3233373534352C2247445F58223A2D302E3031313134373832353937383639363334362C2247445F59223A302E3030343936333235383734373031313432332C2247445F5A223A302E3030323434333133383237373135383134312C2241445F58223A2D302E3030333630303637313838373339373736362C2241445F59223A302E303031383738343233383439313230373336312C2241445F5A223A2D302E31363436303332333333333734303233342C2254656D70447370223A302C22537461747573223A302C2243616C69625374617465223A312C22536967416D70496E76616C6964223A307D7D17F1
05-27 18:38:35.510   536   536 D commservice260303: bufferevent_write retrun value = 0
05-27 18:38:35.511 13911 14192 D Sentinelmode_1.2.5.17_sentry: <SentryImuClusterFgeSender>imu_status sent to Linux, frame=237545, tsNs=10182744, tsMs=10, intervalMs=40, ad=(-0.003600672,0.0018784238,-0.16460323), gd=(-0.011147826,0.0049632587,0.0024431383)
05-27 18:38:35.512   572   572 I Sensors : 230 GyroSensor: x:-0.010995,y:0.005115,z:0.002214
05-27 18:38:35.512   299 30841 D EvsDriver: Delivered 0xb400007b7ca56a60 as id 0
05-27 18:38:35.512   299 30844 D EvsDriver: Delivered 0xb400007b7ca56900 as id 0
05-27 18:38:35.512  1167  1479 D evsmanagerd: /dev/video6 forwarded the buffer #0 to 0xb4000074bf5f5510 from 0xb4000074bf5f6d90
05-27 18:38:35.512  1167  1184 D evsmanagerd: /dev/video4 forwarded the buffer #0 to 0xb4000074bf5f6850 from 0xb4000074bf5f41d0
05-27 18:38:35.512  1008 30857 D [OMXB]  : usingANWBuffer: handle:0xee743870, format:1, w:1920, h:1080
05-27 18:38:35.512   536   560 D commservice260303: client datas send succeed,send finish
05-27 18:38:35.514   581   581 I SpiService: fgesysctrl_getGPIO_status success val=0
05-27 18:38:35.516   299  1153 D EvsDriver: doneWithFrame
05-27 08:29:44.479   581   581 D spi_rst_gpio_get_output: GPIO 145 value: 0
05-27 08:29:44.479   581   581 D spidev_ioctl: gpio status=0)
05-27 18:38:35.517   299  1153 D EvsDriver: doneWithFrame
05-27 18:38:35.525 30773 30786 I dvr_service_: CameraX 1  audioOK: 85696000,audios:1340
05-27 18:38:35.529   581   581 I SpiService: fgesysctrl_getGPIO_status success val=1
05-27 18:38:35.529 13911 14183 I SentryImuMcuAngleSender: 179.97197rollDeg
05-27 18:38:35.529 13911 14183 I SentryImuMcuAngleSender: 1,0,0
05-27 08:29:44.494   581   581 D spi_rst_gpio_get_output: GPIO 145 value: 1
05-27 08:29:44.494   581   581 D spidev_ioctl: gpio status=1)
05-27 18:38:35.534   581   581 I SpiService: fgesysctrl_getGPIO_status success val=1
05-27 08:29:44.499   581   581 D spi_rst_gpio_get_output: GPIO 145 value: 1
05-27 08:29:44.499   581   581 D spidev_ioctl: gpio status=1)
05-27 18:38:35.540  1008 30857 D [OMXB]  : usingANWBuffer: handle:0xee7469f0, format:1, w:1920, h:1080
05-27 18:38:35.540   581   581 I SpiService: fgesysctrl_getGPIO_status success val=1
05-27 18:38:35.540   299 30841 D EvsDriver: forwardFrame
05-27 18:38:35.540   299 30844 D EvsDriver: forwardFrame
05-27 08:29:44.504   581   581 D spi_rst_gpio_get_output: GPIO 145 value: 1
05-27 08:29:44.504   581   581 D spidev_ioctl: gpio status=1)
05-27 18:38:35.542   299 30844 D EvsDriver: Delivered 0xb400007b7ca56900 as id 0
05-27 18:38:35.542  1167  1184 D evsmanagerd: /dev/video6 forwarded the buffer #0 to 0xb4000074bf5f5510 from 0xb4000074bf5f6d90
05-27 18:38:35.542  1167  1184 D evsmanagerd: /dev/video4 forwarded the buffer #0 to 0xb4000074bf5f6850 from 0xb4000074bf5f41d0
05-27 18:38:35.544   299 30841 D EvsDriver: Delivered 0xb400007b7ca56a60 as id 0
05-27 18:38:35.546   581   581 I SpiService: fgesysctrl_getGPIO_status success val=1
05-27 08:29:44.511   581   581 D spi_rst_gpio_get_output: GPIO 145 value: 1
05-27 08:29:44.511   581   581 D spidev_ioctl: gpio status=1)
05-27 18:38:35.549   299  1153 D EvsDriver: doneWithFrame
05-27 18:38:35.549   299  1163 D EvsDriver: doneWithFrame
05-27 18:38:35.552   536   536 D commservice260303: msg.id = 1028,1
05-27 18:38:35.552   536   536 D commservice260303: i = 170, msgid = 8A000404
05-27 18:38:35.553   581   581 I SpiService: fgesysctrl_getGPIO_status success val=1
05-27 18:38:35.553 13911 14183 I SentryImuMcuAngleSender: 179.98248rollDeg
05-27 18:38:35.553 13911 14183 I SentryImuMcuAngleSender: 1,0,0
05-27 18:38:35.553   536   536 D commservice260303: msgid = -1979710460,did=138
05-27 18:38:35.553   536   536 D commservice260303: CommProtocolLibCmdBaseI2C::dataproc {"command":{"id":"imu_status","sub":""},"content":{"TimeStamp":10,"FrameCounter":237546,"GD_X":-0.011223767884075642,"GD_Y":0.006565836723893881,"GD_Z":0.0021378109231591225,"AD_X":-0.0035836994647979736,"AD_Y":-5.70383039303124E-4,"AD_Z":-0.16704368591308594,"TempDsp":0,"Status":0,"CalibState":1,"SigAmpInvalid":0}},-1979710460
05-27 18:38:35.553   536   536 D commservice260303: send2Cluster len:317, 7B22636F6D6D616E64223A7B226964223A22696D755F737461747573222C22737562223A22227D2C22636F6E74656E74223A7B2254696D655374616D70223A31302C224672616D65436F756E746572223A3233373534362C2247445F58223A2D302E3031313232333736373838343037353634322C2247445F59223A302E3030363536353833363732333839333838312C2247445F5A223A302E303032313337383130393233313539313232352C2241445F58223A2D302E303033353833363939343634373937393733362C2241445F59223A2D352E3730333833303339333033313234452D342C2241445F5A223A2D302E31363730343336383539313330383539342C2254656D70447370223A302C22537461747573223A302C2243616C69625374617465223A312C22536967416D70496E76616C6964223A307D7D, 138 
05-27 18:38:35.553   536   536 D commservice260303: Push Message into SendPool fn=-2116091136
05-27 18:38:35.553   536   536 D commservice260303: ComProtocolLibSend2Cluster::send2ClusterRaw fn=-2116091136 , len=333
05-27 18:38:35.553   536   536 D commservice260303: sendCmdToPort :333!!!
05-27 18:38:35.553   536   536 D commservice260303: send Cmd To Port ++++5AA501498A010003DF816A16C9AB7B22636F6D6D616E64223A7B226964223A22696D755F737461747573222C22737562223A22227D2C22636F6E74656E74223A7B2254696D655374616D70223A31302C224672616D65436F756E746572223A3233373534362C2247445F58223A2D302E3031313232333736373838343037353634322C2247445F59223A302E3030363536353833363732333839333838312C2247445F5A223A302E303032313337383130393233313539313232352C2241445F58223A2D302E303033353833363939343634373937393733362C2241445F59223A2D352E3730333833303339333033313234452D342C2241445F5A223A2D302E31363730343336383539313330383539342C2254656D70447370223A302C22537461747573223A302C2243616C69625374617465223A312C22536967416D70496E76616C6964223A307D7DB24B
05-27 18:38:35.554   536   536 D commservice260303: bufferevent_write retrun value = 0
05-27 18:38:35.554   536   560 D commservice260303: client datas send succeed,send finish
05-27 18:38:35.554 13911 14192 D Sentinelmode_1.2.5.17_sentry: <SentryImuClusterFgeSender>imu_status sent to Linux, frame=237546, tsNs=10182798, tsMs=10, intervalMs=43, ad=(-0.0035836995,-5.7038304E-4,-0.16704369), gd=(-0.011223768,0.0065658367,0.002137811)
05-27 08:29:44.517   581   581 D spi_rst_gpio_get_output: GPIO 145 value: 1
05-27 08:29:44.517   581   581 D spidev_ioctl: gpio status=1)
05-27 18:38:35.558   536  2579 D commservice260303: send heart beat package to Cluster
05-27 18:38:35.559   536  2579 D commservice260303: send2Cluster len:40, 7B22636F6D6D616E64223A7B226964223A22686561727462656174222C22737562223A22227D7D0A, 129 
05-27 18:38:35.559   536  2579 D commservice260303: Push Message into SendPool fn=-2099313920
05-27 18:38:35.559   536  2579 D commservice260303: ComProtocolLibSend2Cluster::send2ClusterRaw fn=-2099313920 , len=56
05-27 18:38:35.559   536  2579 D commservice260303: sendCmdToPort :56!!!
05-27 18:38:35.559   536  2579 D commservice260303: send Cmd To Port ++++5AA5003481010003DF826A16C9AB7B22636F6D6D616E64223A7B226964223A22686561727462656174222C22737562223A22227D7D0AB29C
05-27 18:38:35.559   581   581 I SpiService: fgesysctrl_getGPIO_status success val=0
05-27 18:38:35.559   536  2579 D commservice260303: bufferevent_write retrun value = 0
05-27 18:38:35.559   536   560 D commservice260303: client datas send succeed,send finish
05-27 08:29:44.523   581   581 D spi_rst_gpio_get_output: GPIO 145 value: 0
05-27 08:29:44.523   581   581 D spidev_ioctl: gpio status=0)
05-27 08:29:44.525     0     0 W         : c6 [    C6] Irq_monitor:Irq                                           IPI[1]occur        8075 times interval 1028 ms
05-27 18:38:35.562   536   560 D commservice260303: recv len:91, 5AA50057010000003B9B6A16C9AB7B22636F6D6D616E64223A7B226964223A22686561727462656174222C22737562223A22227D2C22726573706F6E65223A7B22636F6465223A302C226D657373616765223A226F6B227D7DC5DA from server
05-27 18:38:35.557   536   536 I auditd  : type=1400 audit(0.0:58634): avc: denied { getattr } for comm="fgecomservice@1" path="socket:[34776]" dev="sockfs" ino=34776 scontext=u:r:hal_fgecomservice_default:s0 tcontext=u:r:hal_fgecomservice_default:s0 tclass=vsock_socket permissive=1
05-27 18:38:35.557   536   536 I fgecomservice@1: type=1400 audit(0.0:58634): avc: denied { getattr } for path="socket:[34776]" dev="sockfs" ino=34776 scontext=u:r:hal_fgecomservice_default:s0 tcontext=u:r:hal_fgecomservice_default:s0 tclass=vsock_socket permissive=1
05-27 18:38:35.562  1008 30856 D [OMXB]  : usingANWBuffer: handle:0xee742ed0, format:1, w:1920, h:1080
05-27 18:38:35.557   536   536 I auditd  : type=1400 audit(0.0:58635): avc: denied { read } for comm="fgecomservice@1" path="socket:[34776]" dev="sockfs" ino=34776 scontext=u:r:hal_fgecomservice_default:s0 tcontext=u:r:hal_fgecomservice_default:s0 tclass=vsock_socket permissive=1
05-27 18:38:35.557   536   536 I fgecomservice@1: type=1400 audit(0.0:58635): avc: denied { read } for path="socket:[34776]" dev="sockfs" ino=34776 scontext=u:r:hal_fgecomservice_default:s0 tcontext=u:r:hal_fgecomservice_default:s0 tclass=vsock_socket permissive=1
05-27 18:38:35.563   536  2578 D commservice260303: mcuDataAnalyzeHandle templen:91,len:91,pos:0, 5AA50057010000003B9B6A16C9AB7B22636F6D6D616E64223A7B226964223A22686561727462656174222C22737562223A22227D2C22726573706F6E65223A7B22636F6465223A302C226D657373616765223A226F6B227D7DC5DA 
05-27 18:38:35.563   536  2578 I commservice260303: checksumCal = 50650
05-27 18:38:35.563   536  2578 D commservice260303: Protocol_C2I_Commservice::dataproc {"command":{"id":"heartbeat","sub":""},"respone":{"code":0,"message":"ok"}},1
05-27 18:38:35.563   536  2578 D commservice260303: Protocol_C2I_Commservice::dataproc Receive a heartbeat command from Cluster, setTcpHeartbeat = EID_UID_HEARTBEAT
05-27 18:38:35.569   299 30844 D EvsDriver: forwardFrame
05-27 18:38:35.569   299 30841 D EvsDriver: forwardFrame
05-27 18:38:35.570   283   307 I rvcservice: t.code = 0, t.value = 0
05-27 18:38:35.571   299 30844 D EvsDriver: Delivered 0xb400007b7ca56900 as id 0
05-27 18:38:35.571  1167  1184 D evsmanagerd: /dev/video6 forwarded the buffer #0 to 0xb4000074bf5f5510 from 0xb4000074bf5f6d90
05-27 18:38:35.574  1167  1184 D evsmanagerd: /dev/video4 forwarded the buffer #0 to 0xb4000074bf5f6850 from 0xb4000074bf5f41d0
05-27 18:38:35.574 13911 14183 I SentryImuMcuAngleSender: 179.97897rollDeg
05-27 18:38:35.574 13911 14183 I SentryImuMcuAngleSender: 1,0,0
05-27 18:38:35.574   299 30841 D EvsDriver: Delivered 0xb400007b7ca56a60 as id 0
05-27 18:38:35.574   581   581 I SpiService: fgesysctrl_getGPIO_status success val=1
05-27 18:38:35.575   299  1153 D EvsDriver: doneWithFrame
05-27 08:29:44.539   581   581 D spi_rst_gpio_get_output: GPIO 145 value: 1
05-27 08:29:44.539   581   581 D spidev_ioctl: gpio status=1)
05-27 18:38:35.577  1008 30857 D [OMXB]  : usingANWBuffer: handle:0xee743be0, format:1, w:1920, h:1080
05-27 18:38:35.578   299  1153 D EvsDriver: doneWithFrame
05-27 18:38:35.581   581   581 I SpiService: fgesysctrl_getGPIO_status success val=1
05-27 18:38:35.584 30773 30786 I dvr_service_: CameraX 0  audioOK: 85696000,audios:1340
05-27 08:29:44.546   581   581 D spi_rst_gpio_get_output: GPIO 145 value: 1
05-27 08:29:44.546   581   581 D spidev_ioctl: gpio status=1)
05-27 18:38:35.587   581   581 I SpiService: fgesysctrl_getGPIO_status success val=1
05-27 08:29:44.551   581   581 D spi_rst_gpio_get_output: GPIO 145 value: 1
05-27 08:29:44.551   581   581 D spidev_ioctl: gpio status=1)
05-27 18:38:35.592   581   581 I SpiService: fgesysctrl_getGPIO_status success val=1
05-27 08:29:44.557   581   581 D spi_rst_gpio_get_output: GPIO 145 value: 1
05-27 08:29:44.557   581   581 D spidev_ioctl: gpio status=1)
05-27 18:38:35.593   536   536 D commservice260303: msg.id = 1028,0
05-27 18:38:35.593   536   536 D commservice260303: i = 170, msgid = 8A000404
05-27 18:38:35.593   536   536 D commservice260303: msgid = -1979710460,did=138
05-27 18:38:35.593   536   536 D commservice260303: CommProtocolLibCmdBaseI2C::dataproc {"command":{"id":"imu_status","sub":""},"content":{"TimeStamp":10,"FrameCounter":237547,"GD_X":-0.01153013575822115,"GD_Y":0.0057257963344454765,"GD_Z":0.0023671966046094894,"AD_X":-0.002970278263092041,"AD_Y":0.004292582627385855,"AD_Z":-0.16216278076171875,"TempDsp":0,"Status":0,"CalibState":1,"SigAmpInvalid":0}},-1979710460
05-27 18:38:35.593   536   536 D commservice260303: send2Cluster len:316, 7B22636F6D6D616E64223A7B226964223A22696D755F737461747573222C22737562223A22227D2C22636F6E74656E74223A7B2254696D655374616D70223A31302C224672616D65436F756E746572223A3233373534372C2247445F58223A2D302E30313135333031333537353832323131352C2247445F59223A302E303035373235373936333334343435343736352C2247445F5A223A302E303032333637313936363034363039343839342C2241445F58223A2D302E3030323937303237383236333039323034312C2241445F59223A302E3030343239323538323632373338353835352C2241445F5A223A2D302E31363231363237383037363137313837352C2254656D70447370223A302C22537461747573223A302C2243616C69625374617465223A312C22536967416D70496E76616C6964223A307D7D, 138 
05-27 18:38:35.594   536   536 D commservice260303: Push Message into SendPool fn=-2082536704
05-27 18:38:35.594   536   536 D commservice260303: ComProtocolLibSend2Cluster::send2ClusterRaw fn=-2082536704 , len=332
05-27 18:38:35.594   536   536 D commservice260303: sendCmdToPort :332!!!
05-27 18:38:35.594   536   536 D commservice260303: send Cmd To Port ++++5AA501488A010003DF836A16C9AB7B22636F6D6D616E64223A7B226964223A22696D755F737461747573222C22737562223A22227D2C22636F6E74656E74223A7B2254696D655374616D70223A31302C224672616D65436F756E746572223A3233373534372C2247445F58223A2D302E30313135333031333537353832323131352C2247445F59223A302E303035373235373936333334343435343736352C2247445F5A223A302E303032333637313936363034363039343839342C2241445F58223A2D302E3030323937303237383236333039323034312C2241445F59223A302E3030343239323538323632373338353835352C2241445F5A223A2D302E31363231363237383037363137313837352C2254656D70447370223A302C22537461747573223A302C2243616C69625374617465223A312C22536967416D70496E76616C6964223A307D7D2312
05-27 18:38:35.594   536   536 D commservice260303: bufferevent_write retrun value = 0
05-27 18:38:35.594   536   560 D commservice260303: client datas send succeed,send finish
05-27 18:38:35.594 13911 14183 I SentryImuMcuAngleSender: 179.96143rollDeg
05-27 18:38:35.594 13911 14183 I SentryImuMcuAngleSender: 1,0,0
05-27 18:38:35.594 13911 14192 D Sentinelmode_1.2.5.17_sentry: <SentryImuClusterFgeSender>imu_status sent to Linux, frame=237547, tsNs=10182834, tsMs=10, intervalMs=40, ad=(-0.0029702783,0.0042925826,-0.16216278), gd=(-0.011530136,0.0057257963,0.0023671966)
05-27 18:38:35.598   581   581 I SpiService: fgesysctrl_getGPIO_status success val=0
05-27 08:29:44.562   581   581 D spi_rst_gpio_get_output: GPIO 145 value: 0
05-27 08:29:44.562   581   581 D spidev_ioctl: gpio status=0)
05-27 18:38:35.602  1008 30857 D [OMXB]  : usingANWBuffer: handle:0xee7428a0, format:1, w:1920, h:1080
05-27 18:38:35.613   299 30844 D EvsDriver: forwardFrame
05-27 18:38:35.613   299 30841 D EvsDriver: forwardFrame
05-27 18:38:35.613   581   581 I SpiService: fgesysctrl_getGPIO_status success val=1
05-27 18:38:35.614   299 30844 D EvsDriver: Delivered 0xb400007b7ca56900 as id 0
05-27 18:38:35.615  1167  1184 D evsmanagerd: /dev/video6 forwarded the buffer #0 to 0xb4000074bf5f5510 from 0xb4000074bf5f6d90
05-27 18:38:35.615 30773 30782 E dvr_service_: [myNum:1] Received S**** loss
05-27 18:38:35.615 13911 14183 I SentryImuMcuAngleSender: 179.96143rollDeg
05-27 18:38:35.615 13911 14183 I SentryImuMcuAngleSender: 1,0,0
05-27 18:38:35.615   299  1153 D EvsDriver: doneWithFrame
05-27 18:38:35.615   299 30841 D EvsDriver: Delivered 0xb400007b7ca56a60 as id 0
05-27 18:38:35.615  1167  1184 D evsmanagerd: /dev/video4 forwarded the buffer #0 to 0xb4000074bf5f6850 from 0xb4000074bf5f41d0
05-27 18:38:35.616 30773 30782 E dvr_service_: [myNum:0] Received S**** loss
05-27 18:38:35.616   299  1153 D EvsDriver: doneWithFrame
05-27 08:29:44.577   581   581 D spi_rst_gpio_get_output: GPIO 145 value: 1
05-27 18:38:35.617  1008 30856 D [OMXB]  : usingANWBuffer: handle:0xee746c00, format:1, w:1920, h:1080
05-27 08:29:44.577   581   581 D spidev_ioctl: gpio status=1)
05-27 18:38:35.618   572   572 I Sensors : 230 AccelSensor: x:-0.167749,y:0.005490,z:-9.972281
05-27 18:38:35.619   581   581 I SpiService: fgesysctrl_getGPIO_status success val=1
05-27 08:29:44.583   581   581 D spi_rst_gpio_get_output: GPIO 145 value: 1
05-27 08:29:44.583   581   581 D spidev_ioctl: gpio status=1)
05-27 18:38:35.624   581   581 I SpiService: fgesysctrl_getGPIO_status success val=1
05-27 08:29:44.589   581   581 D spi_rst_gpio_get_output: GPIO 145 value: 1
05-27 08:29:44.589   581   581 D spidev_ioctl: gpio status=1)
05-27 18:38:35.630   581   581 I SpiService: fgesysctrl_getGPIO_status success val=1
05-27 18:38:35.631  1008 30857 D [OMXB]  : usingANWBuffer: handle:0xee743ea0, format:1, w:1920, h:1080
05-27 18:38:35.631 30773 30789 I dvr_service_: Camera 1: MediaOK:85765269, frames:2020, isKeyFrame:0,pts:10182673521
05-27 08:29:44.594   581   581 D spi_rst_gpio_get_output: GPIO 145 value: 1
05-27 08:29:44.594   581   581 D spidev_ioctl: gpio status=1)
05-27 18:38:35.633   536   536 D commservice260303: msg.id = 1028,1
05-27 18:38:35.633   536   536 D commservice260303: i = 170, msgid = 8A000404
05-27 18:38:35.633   536   536 D commservice260303: msgid = -1979710460,did=138
05-27 18:38:35.633   536   536 D commservice260303: CommProtocolLibCmdBaseI2C::dataproc {"command":{"id":"imu_status","sub":""},"content":{"TimeStamp":10,"FrameCounter":237548,"GD_X":-0.011300750076770782,"GD_Y":0.0056498548947274685,"GD_Z":0.0015271564479917288,"AD_X":-0.001147150993347168,"AD_Y":0.0030486113391816616,"AD_Z":-0.16704368591308594,"TempDsp":0,"Status":0,"CalibState":1,"SigAmpInvalid":0}},-1979710460
05-27 18:38:35.634   536   536 D commservice260303: send2Cluster len:318, 7B22636F6D6D616E64223A7B226964223A22696D755F737461747573222C22737562223A22227D2C22636F6E74656E74223A7B2254696D655374616D70223A31302C224672616D65436F756E746572223A3233373534382C2247445F58223A2D302E3031313330303735303037363737303738322C2247445F59223A302E303035363439383534383934373237343638352C2247445F5A223A302E303031353237313536343437393931373238382C2241445F58223A2D302E3030313134373135303939333334373136382C2241445F59223A302E303033303438363131333339313831363631362C2241445F5A223A2D302E31363730343336383539313330383539342C2254656D70447370223A302C22537461747573223A302C2243616C69625374617465223A312C22536967416D70496E76616C6964223A307D7D, 138 
05-27 18:38:35.634   536   536 D commservice260303: Push Message into SendPool fn=-2065759488
05-27 18:38:35.634   536   536 D commservice260303: ComProtocolLibSend2Cluster::send2ClusterRaw fn=-2065759488 , len=334
05-27 18:38:35.634   536   536 D commservice260303: sendCmdToPort :334!!!
05-27 18:38:35.634   536   536 D commservice260303: send Cmd To Port ++++5AA5014A8A010003DF846A16C9AB7B22636F6D6D616E64223A7B226964223A22696D755F737461747573222C22737562223A22227D2C22636F6E74656E74223A7B2254696D655374616D70223A31302C224672616D65436F756E746572223A3233373534382C2247445F58223A2D302E3031313330303735303037363737303738322C2247445F59223A302E303035363439383534383934373237343638352C2247445F5A223A302E303031353237313536343437393931373238382C2241445F58223A2D302E3030313134373135303939333334373136382C2241445F59223A302E303033303438363131333339313831363631362C2241445F5A223A2D302E31363730343336383539313330383539342C2254656D70447370223A302C22537461747573223A302C2243616C69625374617465223A312C22536967416D70496E76616C6964223A307D7D967F
05-27 18:38:35.634   536   536 D commservice260303: bufferevent_write retrun value = 0
05-27 18:38:35.634   536   560 D commservice260303: client datas send succeed,send finish
05-27 18:38:35.634 13911 14192 D Sentinelmode_1.2.5.17_sentry: <SentryImuClusterFgeSender>imu_status sent to Linux, frame=237548, tsNs=10182869, tsMs=10, intervalMs=40, ad=(-0.001147151,0.0030486113,-0.16704369), gd=(-0.01130075,0.005649855,0.0015271564)
05-27 18:38:35.636 13911 14183 I SentryImuMcuAngleSender: 179.96846rollDeg
05-27 18:38:35.636 13911 14183 I SentryImuMcuAngleSender: 1,0,0
05-27 18:38:35.636   581   581 I SpiService: fgesysctrl_getGPIO_status success val=0
05-27 08:29:44.601   581   581 D spi_rst_gpio_get_output: GPIO 145 value: 0
05-27 08:29:44.601   581   581 D spidev_ioctl: gpio status=0)
05-27 18:38:35.647  1008 30856 D [OMXB]  : usingANWBuffer: handle:0xee7421c0, format:1, w:1920, h:1080
05-27 18:38:35.649   299 30844 D EvsDriver: forwardFrame
05-27 18:38:35.650   299 30841 D EvsDriver: forwardFrame
05-27 18:38:35.652   299 30844 D EvsDriver: Delivered 0xb400007b7ca56900 as id 0
05-27 18:38:35.652   581   581 I SpiService: fgesysctrl_getGPIO_status success val=1
05-27 18:38:35.652  1167  1184 D evsmanagerd: /dev/video6 forwarded the buffer #0 to 0xb4000074bf5f5510 from 0xb4000074bf5f6d90
05-27 08:29:44.616   581   581 D spi_rst_gpio_get_output: GPIO 145 value: 1
05-27 08:29:44.616   581   581 D spidev_ioctl: gpio status=1)
05-27 18:38:35.656  1167  1184 D evsmanagerd: /dev/video4 forwarded the buffer #0 to 0xb4000074bf5f6850 from 0xb4000074bf5f41d0
05-27 18:38:35.656   299 30841 D EvsDriver: Delivered 0xb400007b7ca56a60 as id 0
05-27 18:38:35.656   299  1153 D EvsDriver: doneWithFrame
05-27 18:38:35.657 13911 14183 I SentryImuMcuAngleSender: 179.99298rollDeg
05-27 18:38:35.657 13911 14183 I SentryImuMcuAngleSender: 1,0,0
05-27 18:38:35.658   581   581 I SpiService: fgesysctrl_getGPIO_status success val=1
05-27 08:29:44.623   581   581 D spi_rst_gpio_get_output: GPIO 145 value: 1
05-27 08:29:44.623   581   581 D spidev_ioctl: gpio status=1)
05-27 18:38:35.662   299  1153 D EvsDriver: doneWithFrame
05-27 18:38:35.665 11344 11344 E SystemUI_NavBarFragment: SysUIConfig.icCarServiceConnected：false
05-27 18:38:35.665   581   581 I SpiService: fgesysctrl_getGPIO_status success val=1
05-27 18:38:35.665  1008 30857 D [OMXB]  : usingANWBuffer: handle:0xee743500, format:1, w:1920, h:1080
05-27 18:38:35.667 13911 14183 I SentryImuMcuAngleSender: [4, 18, 1, 0, 0],5
05-27 18:38:35.667 13911 14183 I McuCommManager: mcuCommSendcmd [4, 18, 1, 0, 0]
05-27 18:38:35.668 13911 14183 I SentryImuMcuAngleSender: true
05-27 18:38:35.668 13911 14183 W Sentinelmode_1.2.5.17_sentry: <SentryImuMcuAngleSender>MCU IMU send interval abnormal: 1001ms
05-27 08:29:44.629   581   581 D spi_rst_gpio_get_output: GPIO 145 value: 1
05-27 08:29:44.629   581   581 D spidev_ioctl: gpio status=1)
05-27 18:38:35.670   283   307 I rvcservice: t.code = 3, t.value = 0
05-27 18:38:35.670   581   581 I SpiService: fgesysctrl_getGPIO_status success val=1
05-27 18:38:35.671   299 30844 D EvsDriver: forwardFrame
05-27 18:38:35.673   299 30844 D EvsDriver: Delivered 0xb400007b7ca56900 as id 0
05-27 18:38:35.673   299 30841 D EvsDriver: forwardFrame
05-27 08:29:44.635   581   581 D spi_rst_gpio_get_output: GPIO 145 value: 1
05-27 08:29:44.635   581   581 D spidev_ioctl: gpio status=1)
05-27 18:38:35.674  1167  1479 D evsmanagerd: /dev/video6 forwarded the buffer #0 to 0xb4000074bf5f5510 from 0xb4000074bf5f6d90
05-27 18:38:35.674   536   536 D commservice260303: msg.id = 1028,1
05-27 18:38:35.674   536   536 D commservice260303: i = 170, msgid = 8A000404
05-27 18:38:35.674   536   536 D commservice260303: msgid = -1979710460,did=138
05-27 18:38:35.674   536   536 D commservice260303: CommProtocolLibCmdBaseI2C::dataproc {"command":{"id":"imu_status","sub":""},"content":{"TimeStamp":10,"FrameCounter":237549,"GD_X":-0.011147825978696346,"GD_Y":0.00519212381914258,"GD_Z":0.002519079949706793,"AD_X":5.431473255157471E-5,"AD_Y":-0.0012204181402921677,"AD_Z":-0.16460323333740234,"TempDsp":0,"Status":0,"CalibState":1,"SigAmpInvalid":0}},-1979710460
05-27 18:38:35.675   536   536 D commservice260303: send2Cluster len:315, 7B22636F6D6D616E64223A7B226964223A22696D755F737461747573222C22737562223A22227D2C22636F6E74656E74223A7B2254696D655374616D70223A31302C224672616D65436F756E746572223A3233373534392C2247445F58223A2D302E3031313134373832353937383639363334362C2247445F59223A302E30303531393231323338313931343235382C2247445F5A223A302E3030323531393037393934393730363739332C2241445F58223A352E343331343733323535313537343731452D352C2241445F59223A2D302E303031323230343138313430323932313637372C2241445F5A223A2D302E31363436303332333333333734303233342C2254656D70447370223A302C22537461747573223A302C2243616C69625374617465223A312C22536967416D70496E76616C6964223A307D7D, 138 
05-27 18:38:35.675   536   536 D commservice260303: Push Message into SendPool fn=-2048982272
05-27 08:29:44.642   581   581 D spi_rst_gpio_get_output: GPIO 145 value: 1
05-27 08:29:44.642   581   581 D spidev_ioctl: gpio status=1)
05-27 18:38:35.675   536   536 D commservice260303: ComProtocolLibSend2Cluster::send2ClusterRaw fn=-2048982272 , len=331
05-27 08:29:44.648   581   581 D spi_rst_gpio_get_output: GPIO 145 value: 0
05-27 08:29:44.648   581   581 D spidev_ioctl: gpio status=0)
05-27 18:38:35.675   536   536 D commservice260303: sendCmdToPort :331!!!
05-27 18:38:35.675   536   536 D commservice260303: send Cmd To Port ++++5AA501478A010003DF856A16C9AB7B22636F6D6D616E64223A7B226964223A22696D755F737461747573222C22737562223A22227D2C22636F6E74656E74223A7B2254696D655374616D70223A31302C224672616D65436F756E746572223A3233373534392C2247445F58223A2D302E3031313134373832353937383639363334362C2247445F59223A302E30303531393231323338313931343235382C2247445F5A223A302E3030323531393037393934393730363739332C2241445F58223A352E343331343733323535313537343731452D352C2241445F59223A2D302E303031323230343138313430323932313637372C2241445F5A223A2D302E31363436303332333333333734303233342C2254656D70447370223A302C22537461747573223A302C2243616C69625374617465223A312C22536967416D70496E76616C6964223A307D7D9760
05-27 18:38:35.675   299 30841 D EvsDriver: Delivered 0xb400007b7ca56a60 as id 0
05-27 18:38:35.675   536   536 D commservice260303: bufferevent_write retrun value = 0
05-27 18:38:35.675   536   560 D commservice260303: client datas send succeed,send finish
05-27 18:38:35.676  1167  1479 D evsmanagerd: /dev/video4 forwarded the buffer #0 to 0xb4000074bf5f6850 from 0xb4000074bf5f41d0
05-27 18:38:35.677   581   581 I SpiService: fgesysctrl_getGPIO_status success val=1
05-27 18:38:35.678 13911 14192 D Sentinelmode_1.2.5.17_sentry: <SentryImuClusterFgeSender>imu_status sent to Linux, frame=237549, tsNs=10182905, tsMs=10, intervalMs=43, ad=(5.4314733E-5,-0.0012204181,-0.16460323), gd=(-0.011147826,0.005192124,0.00251908)
05-27 18:38:35.681   299  1153 D EvsDriver: doneWithFrame
05-27 18:38:35.682   299  1163 D EvsDriver: doneWithFrame
05-27 18:38:35.683 13911 14183 I SentryImuMcuAngleSender: 179.99298rollDeg
05-27 18:38:35.683 13911 14183 I SentryImuMcuAngleSender: 1,0,0
05-27 18:38:35.683   581   581 I SpiService: fgesysctrl_getGPIO_status success val=0
05-27 18:38:35.683   481   597 I mcuc    : send SPI:6AA60070000005041201000074
05-27 18:38:35.688  1008 30856 D [OMXB]  : usingANWBuffer: handle:0xee744210, format:1, w:1920, h:1080
05-27 18:38:35.689 30773 30789 I dvr_service_: Camera 0: MediaOK:85706170, frames:2020, isKeyFrame:0,pts:10182610133
05-27 18:38:35.698   581   581 I SpiService: fgesysctrl_getGPIO_status success val=1
05-27 08:29:44.662   581   581 D spi_rst_gpio_get_output: GPIO 145 value: 1
05-27 08:29:44.662   581   581 D spidev_ioctl: gpio status=1)
05-27 18:38:35.702   299 30844 D EvsDriver: forwardFrame
05-27 18:38:35.703   299 30841 D EvsDriver: forwardFrame
05-27 18:38:35.704   581   581 I SpiService: fgesysctrl_getGPIO_status success val=1
05-27 18:38:35.704 13911 14183 I SentryImuMcuAngleSender: 179.96848rollDeg
05-27 18:38:35.704 13911 14183 I SentryImuMcuAngleSender: 1,0,0
05-27 18:38:35.705   299 30844 D EvsDriver: Delivered 0xb400007b7ca56900 as id 0
05-27 18:38:35.705  1167  1479 D evsmanagerd: /dev/video6 forwarded the buffer #0 to 0xb4000074bf5f5510 from 0xb4000074bf5f6d90
05-27 18:38:35.705  1167  1184 D evsmanagerd: /dev/video4 forwarded the buffer #0 to 0xb4000074bf5f6850 from 0xb4000074bf5f41d0
05-27 18:38:35.705   299 30841 D EvsDriver: Delivered 0xb400007b7ca56a60 as id 0
05-27 08:29:44.668   581   581 D spi_rst_gpio_get_output: GPIO 145 value: 1
05-27 08:29:44.668   581   581 D spidev_ioctl: gpio status=1)
05-27 18:38:35.707   572   572 I Sensors : 230 GyroSensor: x:-0.011530,y:0.005345,z:0.001679
05-27 18:38:35.708   299  1153 D EvsDriver: doneWithFrame
05-27 18:38:35.708   299  1163 D EvsDriver: doneWithFrame
05-27 18:38:35.709   581   581 I SpiService: fgesysctrl_getGPIO_status success val=1
05-27 08:29:44.674   581   581 D spi_rst_gpio_get_output: GPIO 145 value: 1
05-27 08:29:44.674   581   581 D spidev_ioctl: gpio status=1)
05-27 18:38:35.714   536   536 D commservice260303: msg.id = 1028,1
05-27 18:38:35.714   536   536 D commservice260303: i = 170, msgid = 8A000404
05-27 18:38:35.714   536   536 D commservice260303: msgid = -1979710460,did=138
05-27 18:38:35.714   536   536 D commservice260303: CommProtocolLibCmdBaseI2C::dataproc {"command":{"id":"imu_status","sub":""},"content":{"TimeStamp":10,"FrameCounter":237550,"GD_X":-0.01153013575822115,"GD_Y":0.005345047451555729,"GD_Z":0.001679039909504354,"AD_X":-0.0017976611852645874,"AD_Y":0.004849966615438461,"AD_Z":-0.1749734878540039,"TempDsp":0,"Status":0,"CalibState":1,"SigAmpInvalid":0}},-1979710460
05-27 18:38:35.714   536   536 D commservice260303: send2Cluster len:314, 7B22636F6D6D616E64223A7B226964223A22696D755F737461747573222C22737562223A22227D2C22636F6E74656E74223A7B2254696D655374616D70223A31302C224672616D65436F756E746572223A3233373535302C2247445F58223A2D302E30313135333031333537353832323131352C2247445F59223A302E3030353334353034373435313535353732392C2247445F5A223A302E3030313637393033393930393530343335342C2241445F58223A2D302E303031373937363631313835323634353837342C2241445F59223A302E3030343834393936363631353433383436312C2241445F5A223A2D302E313734393733343837383534303033392C2254656D70447370223A302C22537461747573223A302C2243616C69625374617465223A312C22536967416D70496E76616C6964223A307D7D, 138 
05-27 18:38:35.714   536   536 D commservice260303: Push Message into SendPool fn=-2032205056
05-27 18:38:35.714   536   536 D commservice260303: ComProtocolLibSend2Cluster::send2ClusterRaw fn=-2032205056 , len=330
05-27 18:38:35.714   536   536 D commservice260303: sendCmdToPort :330!!!
05-27 18:38:35.714   536   536 D commservice260303: send Cmd To Port ++++5AA501468A010003DF866A16C9AB7B22636F6D6D616E64223A7B226964223A22696D755F737461747573222C22737562223A22227D2C22636F6E74656E74223A7B2254696D655374616D70223A31302C224672616D65436F756E746572223A3233373535302C2247445F58223A2D302E30313135333031333537353832323131352C2247445F59223A302E3030353334353034373435313535353732392C2247445F5A223A302E3030313637393033393930393530343335342C2241445F58223A2D302E303031373937363631313835323634353837342C2241445F59223A302E3030343834393936363631353433383436312C2241445F5A223A2D302E313734393733343837383534303033392C2254656D70447370223A302C22537461747573223A302C2243616C69625374617465223A312C22536967416D70496E76616C6964223A307D7DE3D2
05-27 18:38:35.714   536   536 D commservice260303: bufferevent_write retrun value = 0
05-27 18:38:35.714   536   560 D commservice260303: client datas send succeed,send finish
05-27 18:38:35.714  1008 30857 D [OMXB]  : usingANWBuffer: handle:0xee743190, format:1, w:1920, h:1080
05-27 18:38:35.715 13911 14192 D Sentinelmode_1.2.5.17_sentry: <SentryImuClusterFgeSender>imu_status sent to Linux, frame=237550, tsNs=10182958, tsMs=10, intervalMs=37, ad=(-0.0017976612,0.0048499666,-0.17497349), gd=(-0.011530136,0.0053450475,0.0016790399)
05-27 18:38:35.715   581   581 I SpiService: fgesysctrl_getGPIO_status success val=1
05-27 08:29:44.679   581   581 D spi_rst_gpio_get_output: GPIO 145 value: 1
05-27 08:29:44.679   581   581 D spidev_ioctl: gpio status=1)
05-27 18:38:35.720   581   581 I SpiService: fgesysctrl_getGPIO_status success val=0
05-27 08:29:44.685   581   581 D spi_rst_gpio_get_output: GPIO 145 value: 0
05-27 08:29:44.685   581   581 D spidev_ioctl: gpio status=0)
05-27 18:38:35.725 13911 14183 I SentryImuMcuAngleSender: 179.95798rollDeg
05-27 18:38:35.725 13911 14183 I SentryImuMcuAngleSender: 1,0,0
05-27 18:38:35.733  1008 30856 D [OMXB]  : usingANWBuffer: handle:0xee740dd0, format:1, w:1920, h:1080
05-27 18:38:35.735 13911 14131 D SVR_MNG_SvrMngProxy: getServer: mSvrManger is null
05-27 18:38:35.735 13911 14131 D SVR_MNG_SvrMngProxy: getNewStub: 
05-27 18:38:35.735 13911 14131 D SVR_MNG_SvrMngProxy: getNewStub: getSvrManagerService start
05-27 18:38:35.735   581   581 I SpiService: fgesysctrl_getGPIO_status success val=1
05-27 18:38:35.736 13911 14131 D SVR_MNG_SvrMngProxy: getNewStub: getSvrManagerService end
05-27 18:38:35.736 13911 14131 D SVR_MNG_SvrMngProxy: getServer: svrMngService doesn't start
05-27 08:29:44.700   581   581 D spi_rst_gpio_get_output: GPIO 145 value: 1
05-27 08:29:44.700   581   581 D spidev_ioctl: gpio status=1)
05-27 18:38:35.741   581   581 I SpiService: fgesysctrl_getGPIO_status success val=1
05-27 18:38:35.741   299 30844 D EvsDriver: forwardFrame
05-27 18:38:35.743   299 30844 D EvsDriver: Delivered 0xb400007b7ca56900 as id 0
05-27 18:38:35.743  1167  1479 D evsmanagerd: /dev/video6 forwarded the buffer #0 to 0xb4000074bf5f5510 from 0xb4000074bf5f6d90
05-27 08:29:44.706   581   581 D spi_rst_gpio_get_output: GPIO 145 value: 1
05-27 08:29:44.706   581   581 D spidev_ioctl: gpio status=1)
05-27 18:38:35.746   299 30841 D EvsDriver: forwardFrame
05-27 18:38:35.746   299  1163 D EvsDriver: doneWithFrame
05-27 18:38:35.747   581   581 I SpiService: fgesysctrl_getGPIO_status success val=1
05-27 18:38:35.747   299 30841 D EvsDriver: Delivered 0xb400007b7ca56a60 as id 0
05-27 18:38:35.748  1167  1479 D evsmanagerd: /dev/video4 forwarded the buffer #0 to 0xb4000074bf5f6850 from 0xb4000074bf5f41d0
05-27 18:38:35.746 13911 14183 I SentryImuMcuAngleSender: 179.96497rollDeg
05-27 18:38:35.748 13911 14183 I SentryImuMcuAngleSender: 1,0,0
05-27 08:29:44.712   581   581 D spi_rst_gpio_get_output: GPIO 145 value: 1
05-27 08:29:44.712   581   581 D spidev_ioctl: gpio status=1)
05-27 18:38:35.752   299  1163 D EvsDriver: doneWithFrame
05-27 18:38:35.753   581   581 I SpiService: fgesysctrl_getGPIO_status success val=1
05-27 18:38:35.755   536   536 D commservice260303: msg.id = 1028,0
05-27 18:38:35.755   536   536 D commservice260303: i = 170, msgid = 8A000404
05-27 18:38:35.755   536   536 D commservice260303: msgid = -1979710460,did=138
05-27 18:38:35.755   536   536 D commservice260303: CommProtocolLibCmdBaseI2C::dataproc {"command":{"id":"imu_status","sub":""},"content":{"TimeStamp":10,"FrameCounter":237551,"GD_X":-0.012370175682008266,"GD_Y":0.006108105648308992,"GD_Z":0.0021378109231591225,"AD_X":-5.891919136047363E-4,"AD_Y":0.001174652948975563,"AD_Z":-0.16765213012695312,"TempDsp":0,"Status":0,"CalibState":1,"SigAmpInvalid":0}},-1979710460
05-27 18:38:35.755   536   536 D commservice260303: send2Cluster len:316, 7B22636F6D6D616E64223A7B226964223A22696D755F737461747573222C22737562223A22227D2C22636F6E74656E74223A7B2254696D655374616D70223A31302C224672616D65436F756E746572223A3233373535312C2247445F58223A2D302E3031323337303137353638323030383236362C2247445F59223A302E3030363130383130353634383330383939322C2247445F5A223A302E303032313337383130393233313539313232352C2241445F58223A2D352E383931393139313336303437333633452D342C2241445F59223A302E3030313137343635323934383937353536332C2241445F5A223A2D302E31363736353231333031323639353331322C2254656D70447370223A302C22537461747573223A302C2243616C69625374617465223A312C22536967416D70496E76616C6964223A307D7D, 138 
05-27 18:38:35.755   536   536 D commservice260303: Push Message into SendPool fn=-2015427840
05-27 18:38:35.755   536   536 D commservice260303: ComProtocolLibSend2Cluster::send2ClusterRaw fn=-2015427840 , len=332
05-27 18:38:35.755   536   536 D commservice260303: sendCmdToPort :332!!!
05-27 18:38:35.755   536   536 D commservice260303: send Cmd To Port ++++5AA501488A010003DF876A16C9AB7B22636F6D6D616E64223A7B226964223A22696D755F737461747573222C22737562223A22227D2C22636F6E74656E74223A7B2254696D655374616D70223A31302C224672616D65436F756E746572223A3233373535312C2247445F58223A2D302E3031323337303137353638323030383236362C2247445F59223A302E3030363130383130353634383330383939322C2247445F5A223A302E303032313337383130393233313539313232352C2241445F58223A2D352E383931393139313336303437333633452D342C2241445F59223A302E3030313137343635323934383937353536332C2241445F5A223A2D302E31363736353231333031323639353331322C2254656D70447370223A302C22537461747573223A302C2243616C69625374617465223A312C22536967416D70496E76616C6964223A307D7DE23D
05-27 18:38:35.755   536   536 D commservice260303: bufferevent_write retrun value = 0
05-27 18:38:35.755   536   560 D commservice260303: client datas send succeed,send finish
05-27 18:38:35.756 13911 14192 D Sentinelmode_1.2.5.17_sentry: <SentryImuClusterFgeSender>imu_status sent to Linux, frame=237551, tsNs=10182996, tsMs=10, intervalMs=41, ad=(-5.891919E-4,0.001174653,-0.16765213), gd=(-0.012370176,0.0061081056,0.002137811)
05-27 08:29:44.717   581   581 D spi_rst_gpio_get_output: GPIO 145 value: 1
05-27 08:29:44.717   581   581 D spidev_ioctl: gpio status=1)
05-27 18:38:35.758   581   581 I SpiService: fgesysctrl_getGPIO_status success val=0
05-27 18:38:35.759  1008 30856 D [OMXB]  : usingANWBuffer: handle:0xee742a00, format:1, w:1920, h:1080
05-27 08:29:44.723   581   581 D spi_rst_gpio_get_output: GPIO 145 value: 0
05-27 08:29:44.723   581   581 D spidev_ioctl: gpio status=0)
05-27 18:38:35.768 13911 14183 I SentryImuMcuAngleSender: 179.98248rollDeg
05-27 18:38:35.768 13911 14183 I SentryImuMcuAngleSender: 1,0,0
05-27 18:38:35.770   283   307 I rvcservice: t.code = 4, t.value = 0
05-27 18:38:35.773   581   581 I SpiService: fgesysctrl_getGPIO_status success val=1
05-27 18:38:35.775  1008 30857 D [OMXB]  : usingANWBuffer: handle:0xee744fd0, format:1, w:1920, h:1080
05-27 08:29:44.737   581   581 D spi_rst_gpio_get_output: GPIO 145 value: 1
05-27 08:29:44.737   581   581 D spidev_ioctl: gpio status=1)
05-27 18:38:35.777   299 30844 D EvsDriver: forwardFrame
