05-27 18:38:35.778   581   581 I SpiService: fgesysctrl_getGPIO_status success val=1
05-27 18:38:35.779   299 30844 D EvsDriver: Delivered 0xb400007b7ca56900 as id 0
05-27 18:38:35.779  1167  1479 D evsmanagerd: /dev/video6 forwarded the buffer #0 to 0xb4000074bf5f5510 from 0xb4000074bf5f6d90
05-27 18:38:35.779 30773 30773 E dvr_service_: [myNum:1] Received S**** loss
05-27 18:38:35.779   299  1163 D EvsDriver: doneWithFrame
05-27 18:38:35.779   299 30841 D EvsDriver: forwardFrame
05-27 18:38:35.781   299 30841 D EvsDriver: Delivered 0xb400007b7ca56a60 as id 0
05-27 18:38:35.781  1167  1479 D evsmanagerd: /dev/video4 forwarded the buffer #0 to 0xb4000074bf5f6850 from 0xb4000074bf5f41d0
05-27 18:38:35.781 30773 30773 E dvr_service_: [myNum:0] Received S**** loss
05-27 08:29:44.743   581   581 D spi_rst_gpio_get_output: GPIO 145 value: 1
05-27 08:29:44.743   581   581 D spidev_ioctl: gpio status=1)
05-27 18:38:35.781   299  1163 D EvsDriver: doneWithFrame
05-27 18:38:35.784   581   581 I SpiService: fgesysctrl_getGPIO_status success val=1
05-27 08:29:44.748   581   581 D spi_rst_gpio_get_output: GPIO 145 value: 1
05-27 08:29:44.748   581   581 D spidev_ioctl: gpio status=1)
05-27 18:38:35.788 13911 14183 I SentryImuMcuAngleSender: 179.97546rollDeg
05-27 18:38:35.788 13911 14183 I SentryImuMcuAngleSender: 1,0,0
05-27 18:38:35.789  1008 30856 D [OMXB]  : usingANWBuffer: handle:0xee7440b0, format:1, w:1920, h:1080
05-27 18:38:35.789   581   581 I SpiService: fgesysctrl_getGPIO_status success val=1
05-27 08:29:44.754   581   581 D spi_rst_gpio_get_output: GPIO 145 value: 1
05-27 08:29:44.754   581   581 D spidev_ioctl: gpio status=1)
05-27 18:38:35.794   536   536 D commservice260303: msg.id = 1028,1
05-27 18:38:35.794   536   536 D commservice260303: i = 170, msgid = 8A000404
05-27 18:38:35.794   536   536 D commservice260303: msgid = -1979710460,did=138
05-27 18:38:35.794   536   536 D commservice260303: CommProtocolLibCmdBaseI2C::dataproc {"command":{"id":"imu_status","sub":""},"content":{"TimeStamp":10,"FrameCounter":237552,"GD_X":-0.012139749713242054,"GD_Y":0.006032164208590984,"GD_Z":0.0018319635419175029,"AD_X":-0.004853665828704834,"AD_Y":0.0017788324039429426,"AD_Z":-0.17009353637695312,"TempDsp":0,"Status":0,"CalibState":1,"SigAmpInvalid":0}},-1979710460
05-27 18:38:35.794   536   536 D commservice260303: send2Cluster len:317, 7B22636F6D6D616E64223A7B226964223A22696D755F737461747573222C22737562223A22227D2C22636F6E74656E74223A7B2254696D655374616D70223A31302C224672616D65436F756E746572223A3233373535322C2247445F58223A2D302E3031323133393734393731333234323035342C2247445F59223A302E3030363033323136343230383539303938342C2247445F5A223A302E303031383331393633353431393137353032392C2241445F58223A2D302E3030343835333636353832383730343833342C2241445F59223A302E303031373738383332343033393432393432362C2241445F5A223A2D302E31373030393335333633373639353331322C2254656D70447370223A302C22537461747573223A302C2243616C69625374617465223A312C22536967416D70496E76616C6964223A307D7D, 138 
05-27 18:38:35.794   536   536 D commservice260303: Push Message into SendPool fn=-1998650624
05-27 18:38:35.795   536   536 D commservice260303: ComProtocolLibSend2Cluster::send2ClusterRaw fn=-1998650624 , len=333
05-27 18:38:35.795   536   536 D commservice260303: sendCmdToPort :333!!!
05-27 18:38:35.795   536   536 D commservice260303: send Cmd To Port ++++5AA501498A010003DF886A16C9AB7B22636F6D6D616E64223A7B226964223A22696D755F737461747573222C22737562223A22227D2C22636F6E74656E74223A7B2254696D655374616D70223A31302C224672616D65436F756E746572223A3233373535322C2247445F58223A2D302E3031323133393734393731333234323035342C2247445F59223A302E3030363033323136343230383539303938342C2247445F5A223A302E303031383331393633353431393137353032392C2241445F58223A2D302E3030343835333636353832383730343833342C2241445F59223A302E303031373738383332343033393432393432362C2241445F5A223A2D302E31373030393335333633373639353331322C2254656D70447370223A302C22537461747573223A302C2243616C69625374617465223A312C22536967416D70496E76616C6964223A307D7DB93D
05-27 18:38:35.795   536   536 D commservice260303: bufferevent_write retrun value = 0
05-27 18:38:35.795   581   581 I SpiService: fgesysctrl_getGPIO_status success val=1
05-27 18:38:35.795   536   560 D commservice260303: client datas send succeed,send finish
05-27 18:38:35.795 13911 14192 D Sentinelmode_1.2.5.17_sentry: <SentryImuClusterFgeSender>imu_status sent to Linux, frame=237552, tsNs=10183030, tsMs=10, intervalMs=40, ad=(-0.004853666,0.0017788324,-0.17009354), gd=(-0.01213975,0.006032164,0.0018319635)
05-27 08:29:44.759   581   581 D spi_rst_gpio_get_output: GPIO 145 value: 1
05-27 08:29:44.759   581   581 D spidev_ioctl: gpio status=1)
05-27 18:38:35.800   581   581 I SpiService: fgesysctrl_getGPIO_status success val=1
05-27 08:29:44.765   581   581 D spi_rst_gpio_get_output: GPIO 145 value: 1
05-27 08:29:44.765   581   581 D spidev_ioctl: gpio status=1)
05-27 18:38:35.802   299 30841 D EvsDriver: forwardFrame
05-27 18:38:35.802   299 30844 D EvsDriver: forwardFrame
05-27 18:38:35.805   299 30841 D EvsDriver: Delivered 0xb400007b7ca56a60 as id 0
05-27 18:38:35.805   299 30844 D EvsDriver: Delivered 0xb400007b7ca56900 as id 0
05-27 18:38:35.806  1167  1184 D evsmanagerd: /dev/video4 forwarded the buffer #0 to 0xb4000074bf5f6850 from 0xb4000074bf5f41d0
05-27 18:38:35.806  1167  1479 D evsmanagerd: /dev/video6 forwarded the buffer #0 to 0xb4000074bf5f5510 from 0xb4000074bf5f6d90
05-27 18:38:35.806   581   581 I SpiService: fgesysctrl_getGPIO_status success val=0
05-27 18:38:35.808 13911 14183 I SentryImuMcuAngleSender: 179.97197rollDeg
05-27 18:38:35.809   299  1163 D EvsDriver: doneWithFrame
05-27 08:29:44.770   581   581 D spi_rst_gpio_get_output: GPIO 145 value: 0
05-27 08:29:44.770   581   581 D spidev_ioctl: gpio status=0)
05-27 18:38:35.811 13911 14183 I SentryImuMcuAngleSender: 1,0,0
05-27 18:38:35.811   299  1163 D EvsDriver: doneWithFrame
05-27 18:38:35.814  1008 30857 D [OMXB]  : usingANWBuffer: handle:0xee744160, format:1, w:1920, h:1080
05-27 18:38:35.814   572   622 I Sensors : 230 AccelSensor: x:-0.168360,y:0.004880,z:-9.971060
05-27 18:38:35.821   581   581 I SpiService: fgesysctrl_getGPIO_status success val=1
05-27 08:29:44.786   581   581 D spi_rst_gpio_get_output: GPIO 145 value: 1
05-27 08:29:44.786   581   581 D spidev_ioctl: gpio status=1)
05-27 18:38:35.827   581   581 I SpiService: fgesysctrl_getGPIO_status success val=1
05-27 08:29:44.792   581   581 D spi_rst_gpio_get_output: GPIO 145 value: 1
05-27 08:29:44.792   581   581 D spidev_ioctl: gpio status=1)
05-27 18:38:35.832 13911 14183 I SentryImuMcuAngleSender: 179.97195rollDeg
05-27 18:38:35.832 13911 14183 I SentryImuMcuAngleSender: 1,0,0
05-27 18:38:35.833  1008 30856 D [OMXB]  : usingANWBuffer: handle:0xee7432f0, format:1, w:1920, h:1080
05-27 18:38:35.833   581   581 I SpiService: fgesysctrl_getGPIO_status success val=1
05-27 18:38:35.835   536   536 D commservice260303: msg.id = 1028,1
05-27 18:38:35.835   536   536 D commservice260303: i = 170, msgid = 8A000404
05-27 18:38:35.835   536   536 D commservice260303: msgid = -1979710460,did=138
05-27 18:38:35.835   536   536 D commservice260303: CommProtocolLibCmdBaseI2C::dataproc {"command":{"id":"imu_status","sub":""},"content":{"TimeStamp":10,"FrameCounter":237553,"GD_X":-0.011223767884075642,"GD_Y":0.0057257963344454765,"GD_Z":0.0021378109231591225,"AD_X":6.262362003326416E-4,"AD_Y":-0.001282003242522478,"AD_Z":-0.16704368591308594,"TempDsp":0,"Status":0,"CalibState":1,"SigAmpInvalid":0}},-1979710460
05-27 18:38:35.836   536   536 D commservice260303: send2Cluster len:317, 7B22636F6D6D616E64223A7B226964223A22696D755F737461747573222C22737562223A22227D2C22636F6E74656E74223A7B2254696D655374616D70223A31302C224672616D65436F756E746572223A3233373535332C2247445F58223A2D302E3031313232333736373838343037353634322C2247445F59223A302E303035373235373936333334343435343736352C2247445F5A223A302E303032313337383130393233313539313232352C2241445F58223A362E323632333632303033333236343136452D342C2241445F59223A2D302E3030313238323030333234323532323437382C2241445F5A223A2D302E31363730343336383539313330383539342C2254656D70447370223A302C22537461747573223A302C2243616C69625374617465223A312C22536967416D70496E76616C6964223A307D7D, 138 
05-27 18:38:35.836   536   536 D commservice260303: Push Message into SendPool fn=-1981873408
05-27 18:38:35.836   536   536 D commservice260303: ComProtocolLibSend2Cluster::send2ClusterRaw fn=-1981873408 , len=333
05-27 18:38:35.836   536   536 D commservice260303: sendCmdToPort :333!!!
05-27 18:38:35.836   536   536 D commservice260303: send Cmd To Port ++++5AA501498A010003DF896A16C9AB7B22636F6D6D616E64223A7B226964223A22696D755F737461747573222C22737562223A22227D2C22636F6E74656E74223A7B2254696D655374616D70223A31302C224672616D65436F756E746572223A3233373535332C2247445F58223A2D302E3031313232333736373838343037353634322C2247445F59223A302E303035373235373936333334343435343736352C2247445F5A223A302E303032313337383130393233313539313232352C2241445F58223A362E323632333632303033333236343136452D342C2241445F59223A2D302E3030313238323030333234323532323437382C2241445F5A223A2D302E31363730343336383539313330383539342C2254656D70447370223A302C22537461747573223A302C2243616C69625374617465223A312C22536967416D70496E76616C6964223A307D7D2CC2
05-27 18:38:35.836   536   536 D commservice260303: bufferevent_write retrun value = 0
05-27 18:38:35.836   536   560 D commservice260303: client datas send succeed,send finish
05-27 18:38:35.836 13911 14192 D Sentinelmode_1.2.5.17_sentry: <SentryImuClusterFgeSender>imu_status sent to Linux, frame=237553, tsNs=10183083, tsMs=10, intervalMs=41, ad=(6.262362E-4,-0.0012820032,-0.16704369), gd=(-0.011223768,0.0057257963,0.002137811)
05-27 08:29:44.798   581   581 D spi_rst_gpio_get_output: GPIO 145 value: 1
05-27 08:29:44.798   581   581 D spidev_ioctl: gpio status=1)
05-27 18:38:35.838   581   581 I SpiService: fgesysctrl_getGPIO_status success val=1
05-27 08:29:44.803   581   581 D spi_rst_gpio_get_output: GPIO 145 value: 1
05-27 08:29:44.803   581   581 D spidev_ioctl: gpio status=1)
05-27 18:38:35.842   299 30841 D EvsDriver: forwardFrame
05-27 18:38:35.842   299 30844 D EvsDriver: forwardFrame
05-27 08:29:44.809   581   581 D spi_rst_gpio_get_output: GPIO 145 value: 0
05-27 08:29:44.809   581   581 D spidev_ioctl: gpio status=0)
05-27 18:38:35.844   581   581 I SpiService: fgesysctrl_getGPIO_status success val=0
05-27 18:38:35.845   299 30844 D EvsDriver: Delivered 0xb400007b7ca56900 as id 0
05-27 18:38:35.845  1167  1479 D evsmanagerd: /dev/video6 forwarded the buffer #0 to 0xb4000074bf5f5510 from 0xb4000074bf5f6d90
05-27 18:38:35.845  1167  1184 D evsmanagerd: /dev/video4 forwarded the buffer #0 to 0xb4000074bf5f6850 from 0xb4000074bf5f41d0
05-27 18:38:35.845   299 30841 D EvsDriver: Delivered 0xb400007b7ca56a60 as id 0
05-27 18:38:35.848  1008 30857 D [OMXB]  : usingANWBuffer: handle:0xee740d20, format:1, w:1920, h:1080
05-27 18:38:35.849   299  1153 D EvsDriver: doneWithFrame
05-27 18:38:35.850   299  1163 D EvsDriver: doneWithFrame
05-27 18:38:35.853 13911 14183 I SentryImuMcuAngleSender: -179.99298rollDeg
05-27 18:38:35.853 13911 14183 I SentryImuMcuAngleSender: 1,0,0
05-27 18:38:35.862   581   581 I SpiService: fgesysctrl_getGPIO_status success val=1
05-27 08:29:44.827   581   581 D spi_rst_gpio_get_output: GPIO 145 value: 1
05-27 08:29:44.827   581   581 D spidev_ioctl: gpio status=1)
05-27 18:38:35.868   581   581 I SpiService: fgesysctrl_getGPIO_status success val=1
05-27 08:29:44.833   581   581 D spi_rst_gpio_get_output: GPIO 145 value: 1
05-27 08:29:44.833   581   581 D spidev_ioctl: gpio status=1)
05-27 18:38:35.870   283   307 I rvcservice: t.code = 3, t.value = 0
05-27 18:38:35.873 13911 14183 I SentryImuMcuAngleSender: -179.99298rollDeg
05-27 18:38:35.873 13911 14183 I SentryImuMcuAngleSender: 1,0,0
05-27 18:38:35.874  1008 30856 D [OMXB]  : usingANWBuffer: handle:0xee7404e0, format:1, w:1920, h:1080
05-27 18:38:35.874   581   581 I SpiService: fgesysctrl_getGPIO_status success val=1
05-27 18:38:35.875   536   536 D commservice260303: msg.id = 1028,1
05-27 18:38:35.875   536   536 D commservice260303: i = 170, msgid = 8A000404
05-27 18:38:35.875   536   536 D commservice260303: msgid = -1979710460,did=138
05-27 18:38:35.875   536   536 D commservice260303: CommProtocolLibCmdBaseI2C::dataproc {"command":{"id":"imu_status","sub":""},"content":{"TimeStamp":10,"FrameCounter":237554,"GD_X":-0.011300750076770782,"GD_Y":0.004656890872865915,"GD_Z":0.00259606190957129,"AD_X":-0.001825973391532898,"AD_Y":-0.003698822343721986,"AD_Z":-0.16704368591308594,"TempDsp":0,"Status":0,"CalibState":1,"SigAmpInvalid":0}},-1979710460
05-27 18:38:35.876   536   536 D commservice260303: send2Cluster len:315, 7B22636F6D6D616E64223A7B226964223A22696D755F737461747573222C22737562223A22227D2C22636F6E74656E74223A7B2254696D655374616D70223A31302C224672616D65436F756E746572223A3233373535342C2247445F58223A2D302E3031313330303735303037363737303738322C2247445F59223A302E3030343635363839303837323836353931352C2247445F5A223A302E30303235393630363139303935373132392C2241445F58223A2D302E3030313832353937333339313533323839382C2241445F59223A2D302E3030333639383832323334333732313938362C2241445F5A223A2D302E31363730343336383539313330383539342C2254656D70447370223A302C22537461747573223A302C2243616C69625374617465223A312C22536967416D70496E76616C6964223A307D7D, 138 
05-27 18:38:35.876   536   536 D commservice260303: Push Message into SendPool fn=-1965096192
05-27 18:38:35.876   536   536 D commservice260303: ComProtocolLibSend2Cluster::send2ClusterRaw fn=-1965096192 , len=331
05-27 18:38:35.876   536   536 D commservice260303: sendCmdToPort :331!!!
05-27 18:38:35.876   536   536 D commservice260303: send Cmd To Port ++++5AA501478A010003DF8A6A16C9AB7B22636F6D6D616E64223A7B226964223A22696D755F737461747573222C22737562223A22227D2C22636F6E74656E74223A7B2254696D655374616D70223A31302C224672616D65436F756E746572223A3233373535342C2247445F58223A2D302E3031313330303735303037363737303738322C2247445F59223A302E3030343635363839303837323836353931352C2247445F5A223A302E30303235393630363139303935373132392C2241445F58223A2D302E3030313832353937333339313533323839382C2241445F59223A2D302E3030333639383832323334333732313938362C2241445F5A223A2D302E31363730343336383539313330383539342C2254656D70447370223A302C22537461747573223A302C2243616C69625374617465223A312C22536967416D70496E76616C6964223A307D7D2E3E
05-27 18:38:35.876   536   536 D commservice260303: bufferevent_write retrun value = 0
05-27 18:38:35.876   536   560 D commservice260303: client datas send succeed,send finish
05-27 18:38:35.876 13911 14192 D Sentinelmode_1.2.5.17_sentry: <SentryImuClusterFgeSender>imu_status sent to Linux, frame=237554, tsNs=10183119, tsMs=10, intervalMs=40, ad=(-0.0018259734,-0.0036988223,-0.16704369), gd=(-0.01130075,0.004656891,0.002596062)
05-27 08:29:44.838   581   581 D spi_rst_gpio_get_output: GPIO 145 value: 1
05-27 08:29:44.838   581   581 D spidev_ioctl: gpio status=1)
05-27 18:38:35.879   299 30841 D EvsDriver: forwardFrame
05-27 18:38:35.879   581   581 I SpiService: fgesysctrl_getGPIO_status success val=1
05-27 18:38:35.880   299 30844 D EvsDriver: forwardFrame
05-27 08:29:44.844   581   581 D spi_rst_gpio_get_output: GPIO 145 value: 1
05-27 08:29:44.844   581   581 D spidev_ioctl: gpio status=1)
05-27 18:38:35.881   299 30841 D EvsDriver: Delivered 0xb400007b7ca56a60 as id 0
05-27 18:38:35.882  1167  1184 D evsmanagerd: /dev/video4 forwarded the buffer #0 to 0xb4000074bf5f6850 from 0xb4000074bf5f41d0
05-27 18:38:35.882   299 30844 D EvsDriver: Delivered 0xb400007b7ca56900 as id 0
05-27 18:38:35.882  1167  1184 D evsmanagerd: /dev/video6 forwarded the buffer #0 to 0xb4000074bf5f5510 from 0xb4000074bf5f6d90
05-27 18:38:35.886   581   581 I SpiService: fgesysctrl_getGPIO_status success val=1
05-27 18:38:35.887   299  1163 D EvsDriver: doneWithFrame
05-27 18:38:35.887   299  1153 D EvsDriver: doneWithFrame
05-27 08:29:44.851   581   581 D spi_rst_gpio_get_output: GPIO 145 value: 1
05-27 08:29:44.851   581   581 D spidev_ioctl: gpio status=1)
05-27 18:38:35.892   581   581 I SpiService: fgesysctrl_getGPIO_status success val=0
05-27 08:29:44.857   581   581 D spi_rst_gpio_get_output: GPIO 145 value: 0
05-27 08:29:44.857   581   581 D spidev_ioctl: gpio status=0)
05-27 18:38:35.894  1008 30857 D [OMXB]  : usingANWBuffer: handle:0xee743b30, format:1, w:1920, h:1080
05-27 18:38:35.894 13911 14183 I SentryImuMcuAngleSender: 179.99298rollDeg
05-27 18:38:35.894 13911 14183 I SentryImuMcuAngleSender: 1,0,0
05-27 18:38:35.904   572   622 I Sensors : 230 GyroSensor: x:-0.011301,y:0.005345,z:0.002596
05-27 18:38:35.906   299 30841 D EvsDriver: forwardFrame
05-27 18:38:35.906   299 30844 D EvsDriver: forwardFrame
05-27 18:38:35.908   581   581 I SpiService: fgesysctrl_getGPIO_status success val=1
05-27 18:38:35.909   299 30841 D EvsDriver: Delivered 0xb400007b7ca56a60 as id 0
05-27 18:38:35.909  1167  1184 D evsmanagerd: /dev/video4 forwarded the buffer #0 to 0xb4000074bf5f6850 from 0xb4000074bf5f41d0
05-27 08:29:44.873   581   581 D spi_rst_gpio_get_output: GPIO 145 value: 1
05-27 08:29:44.873   581   581 D spidev_ioctl: gpio status=1)
05-27 18:38:35.909  1167  1479 D evsmanagerd: /dev/video6 forwarded the buffer #0 to 0xb4000074bf5f5510 from 0xb4000074bf5f6d90
05-27 18:38:35.909   299 30844 D EvsDriver: Delivered 0xb400007b7ca56900 as id 0
05-27 18:38:35.910 10188 23768 D NetworkPolicy: Blocked state of 10080: {blocked=NONE,allowed=FOREGROUND|METERED_FOREGROUND,effective=NONE}
05-27 18:38:35.911 10188 23768 D NetworkPolicy: Blocked state of 10080: {blocked=NONE,allowed=FOREGROUND|METERED_FOREGROUND,effective=NONE}
05-27 18:38:35.913   299  1153 D EvsDriver: doneWithFrame
05-27 18:38:35.914   299  1153 D EvsDriver: doneWithFrame
05-27 18:38:35.914   581   581 I SpiService: fgesysctrl_getGPIO_status success val=1
05-27 18:38:35.914  1008 30856 D [OMXB]  : usingANWBuffer: handle:0xee747180, format:1, w:1920, h:1080
05-27 18:38:35.915 13911 14183 I SentryImuMcuAngleSender: 179.986rollDeg
05-27 18:38:35.915 13911 14183 I SentryImuMcuAngleSender: 1,0,0
05-27 18:38:35.915   536   536 D commservice260303: msg.id = 1028,0
05-27 18:38:35.916   536   536 D commservice260303: i = 170, msgid = 8A000404
05-27 18:38:35.916   536   536 D commservice260303: msgid = -1979710460,did=138
05-27 18:38:35.916   536   536 D commservice260303: CommProtocolLibCmdBaseI2C::dataproc {"command":{"id":"imu_status","sub":""},"content":{"TimeStamp":10,"FrameCounter":237555,"GD_X":-0.011300750076770782,"GD_Y":0.005345047451555729,"GD_Z":0.00259606190957129,"AD_X":-0.0054761916399002075,"AD_Y":-3.413413651287556E-5,"AD_Z":-0.17070293426513672,"TempDsp":0,"Status":0,"CalibState":1,"SigAmpInvalid":0}},-1979710460
05-27 18:38:35.916   536   536 D commservice260303: send2Cluster len:316, 7B22636F6D6D616E64223A7B226964223A22696D755F737461747573222C22737562223A22227D2C22636F6E74656E74223A7B2254696D655374616D70223A31302C224672616D65436F756E746572223A3233373535352C2247445F58223A2D302E3031313330303735303037363737303738322C2247445F59223A302E3030353334353034373435313535353732392C2247445F5A223A302E30303235393630363139303935373132392C2241445F58223A2D302E303035343736313931363339393030323037352C2241445F59223A2D332E343133343133363531323837353536452D352C2241445F5A223A2D302E31373037303239333432363531333637322C2254656D70447370223A302C22537461747573223A302C2243616C69625374617465223A312C22536967416D70496E76616C6964223A307D7D, 138 
05-27 18:38:35.916   536   536 D commservice260303: Push Message into SendPool fn=-1948318976
05-27 18:38:35.916   536   536 D commservice260303: ComProtocolLibSend2Cluster::send2ClusterRaw fn=-1948318976 , len=332
05-27 18:38:35.916   536   536 D commservice260303: sendCmdToPort :332!!!
05-27 18:38:35.916   536   536 D commservice260303: send Cmd To Port ++++5AA501488A010003DF8B6A16C9AB7B22636F6D6D616E64223A7B226964223A22696D755F737461747573222C22737562223A22227D2C22636F6E74656E74223A7B2254696D655374616D70223A31302C224672616D65436F756E746572223A3233373535352C2247445F58223A2D302E3031313330303735303037363737303738322C2247445F59223A302E3030353334353034373435313535353732392C2247445F5A223A302E30303235393630363139303935373132392C2241445F58223A2D302E303035343736313931363339393030323037352C2241445F59223A2D332E343133343133363531323837353536452D352C2241445F5A223A2D302E31373037303239333432363531333637322C2254656D70447370223A302C22537461747573223A302C2243616C69625374617465223A312C22536967416D70496E76616C6964223A307D7DD578
05-27 18:38:35.916   536   536 D commservice260303: bufferevent_write retrun value = 0
05-27 18:38:35.916   536   560 D commservice260303: client datas send succeed,send finish
05-27 18:38:35.916 13911 14192 D Sentinelmode_1.2.5.17_sentry: <SentryImuClusterFgeSender>imu_status sent to Linux, frame=237555, tsNs=10183155, tsMs=10, intervalMs=40, ad=(-0.0054761916,-3.4134137E-5,-0.17070293), gd=(-0.01130075,0.0053450475,0.002596062)
05-27 08:29:44.879   581   581 D spi_rst_gpio_get_output: GPIO 145 value: 1
05-27 08:29:44.879   581   581 D spidev_ioctl: gpio status=1)
05-27 18:38:35.920   581   581 I SpiService: fgesysctrl_getGPIO_status success val=1
05-27 08:29:44.885   581   581 D spi_rst_gpio_get_output: GPIO 145 value: 1
05-27 08:29:44.885   581   581 D spidev_ioctl: gpio status=1)
05-27 18:38:35.927   581   581 I SpiService: fgesysctrl_getGPIO_status success val=1
05-27 08:29:44.891   581   581 D spi_rst_gpio_get_output: GPIO 145 value: 1
05-27 08:29:44.891   581   581 D spidev_ioctl: gpio status=1)
05-27 18:38:35.931  1008 30857 D [OMXB]  : usingANWBuffer: handle:0xee744790, format:1, w:1920, h:1080
05-27 18:38:35.933   581   581 I SpiService: fgesysctrl_getGPIO_status success val=0
05-27 08:29:44.897   581   581 D spi_rst_gpio_get_output: GPIO 145 value: 0
05-27 08:29:44.897   581   581 D spidev_ioctl: gpio status=0)
05-27 18:38:35.936 13911 14183 I SentryImuMcuAngleSender: 179.986rollDeg
05-27 18:38:35.936 13911 14183 I SentryImuMcuAngleSender: 1,0,0
05-27 18:38:35.943   299 30841 D EvsDriver: forwardFrame
05-27 18:38:35.943   299 30844 D EvsDriver: forwardFrame
05-27 18:38:35.945   299 30841 D EvsDriver: Delivered 0xb400007b7ca56a60 as id 0
05-27 18:38:35.945   299 30844 D EvsDriver: Delivered 0xb400007b7ca56900 as id 0
05-27 18:38:35.946  1167  1184 D evsmanagerd: /dev/video4 forwarded the buffer #0 to 0xb4000074bf5f6850 from 0xb4000074bf5f41d0
05-27 18:38:35.946  1167  1479 D evsmanagerd: /dev/video6 forwarded the buffer #0 to 0xb4000074bf5f5510 from 0xb4000074bf5f6d90
05-27 18:38:35.946 30773 30782 E dvr_service_: [myNum:1] Received S**** loss
05-27 18:38:35.946 30773 30773 E dvr_service_: [myNum:0] Received S**** loss
05-27 18:38:35.946   299  1153 D EvsDriver: doneWithFrame
05-27 18:38:35.946   299  1163 D EvsDriver: doneWithFrame
05-27 18:38:35.947   581   581 I SpiService: fgesysctrl_getGPIO_status success val=1
05-27 18:38:35.948  1008 30856 D [OMXB]  : usingANWBuffer: handle:0xee746310, format:1, w:1920, h:1080
05-27 08:29:44.912   581   581 D spi_rst_gpio_get_output: GPIO 145 value: 1
05-27 08:29:44.912   581   581 D spidev_ioctl: gpio status=1)
05-27 18:38:35.949   481   598 I mcuc    : rev,n=1,6AA681CD1B000A89005401040921123456E5
05-27 18:38:35.949   351   373 D automotive.vehicle@2.0-adayo-datacomm-mcu: MCUDatacomm sendMessageFromVehicle prop: 0x89, areaId: 0x0, status: 0x54, timestamp: 0x1
05-27 18:38:35.949   351   373 D automotive.vehicle@2.0-adayo-datacomm-mcu: MCUDatacomm 1sendMessageFromVehicle ---> type = 12 
05-27 18:38:35.950  1121  1144 I tboxmids_ap: [2026-05-27 18:38:35.950] [MCU RX] src=MCU dst=ZMQ len=10 type=BINARY data=00 08 54 01 04 09 21 12 34 56 
05-27 18:38:35.952  1083  1083 I MyAppLog: [2026-05-27 18:38:35.951 I tboxap mcuCommTboxmidsRecvCb:97] [Mcu] [mcuCommTboxmidsRecvCb] recv from tboxmids, size:10
05-27 18:38:35.952  1083  1083 I MyAppLog: [2026-05-27 18:38:35.951 I tboxap mcuCommTboxmidsRecvCb:98] [Mcu] [tboxmids -> tboxap]: :00 08 54 01 04 09 21 12 34 56
05-27 18:38:35.952  1083  1083 I MyAppLog: [2026-05-27 18:38:35.951 I tboxap mcuPtlParseData:990] [Mcu] [Mcu  Parse]: (cmd):0921 (param):0921123456
05-27 18:38:35.952  1083  1083 W MyAppLog: [2026-05-27 18:38:35.951 W tboxap mcuParamDataRevPack:918] [Mcu] mcuParamDataRevPack start pack data!!!
05-27 18:38:35.952  1083  1083 W MyAppLog: [2026-05-27 18:38:35.951 W tboxap mcuHandleFaultCodeInd:1947] [Mcu] [mcuHandleFaultCodeInd] recv 0x0921 fault count:18 stored:2 firstCode:0x34
05-27 18:38:35.952  1083  1083 I MyAppLog: [2026-05-27 18:38:35.951 I tboxap mcuSendYadiTransfer:196] [Mcu] [mcuYadiSend]: :00 06 FF 04 01 09 A1 01
05-27 18:38:35.952  1083  1083 W MyAppLog: [2026-05-27 18:38:35.951 W tboxap tsp_ExternalEvent:109] [Tsp] [tsp_ExternalEvent] recv ExternalEvent = 55, size:2
05-27 18:38:35.953   581   581 I SpiService: fgesysctrl_getGPIO_status success val=1
05-27 18:38:35.954   536   536 D commservice260303: msg.id = 1028,0
05-27 18:38:35.954   536   536 D commservice260303: i = 170, msgid = 8A000404
05-27 18:38:35.954   536   536 D commservice260303: msgid = -1979710460,did=138
05-27 18:38:35.955   536   536 D commservice260303: CommProtocolLibCmdBaseI2C::dataproc {"command":{"id":"imu_status","sub":""},"content":{"TimeStamp":10,"FrameCounter":237556,"GD_X":-0.011759000830352306,"GD_Y":0.00519212381914258,"GD_Z":0.002213752595707774,"AD_X":-0.003032997250556946,"AD_Y":-0.0012490770313888788,"AD_Z":-0.17070293426513672,"TempDsp":0,"Status":0,"CalibState":1,"SigAmpInvalid":0}},-1979710460
05-27 18:38:35.955   536   536 D commservice260303: send2Cluster len:316, 7B22636F6D6D616E64223A7B226964223A22696D755F737461747573222C22737562223A22227D2C22636F6E74656E74223A7B2254696D655374616D70223A31302C224672616D65436F756E746572223A3233373535362C2247445F58223A2D302E3031313735393030303833303335323330362C2247445F59223A302E30303531393231323338313931343235382C2247445F5A223A302E3030323231333735323539353730373737342C2241445F58223A2D302E3030333033323939373235303535363934362C2241445F59223A2D302E303031323439303737303331333838383738382C2241445F5A223A2D302E31373037303239333432363531333637322C2254656D70447370223A302C22537461747573223A302C2243616C69625374617465223A312C22536967416D70496E76616C6964223A307D7D, 138 
05-27 18:38:35.955   536   536 D commservice260303: Push Message into SendPool fn=-1931541760
05-27 18:38:35.955   536   536 D commservice260303: ComProtocolLibSend2Cluster::send2ClusterRaw fn=-1931541760 , len=332
05-27 18:38:35.955   536   536 D commservice260303: sendCmdToPort :332!!!
05-27 18:38:35.955   536   536 D commservice260303: send Cmd To Port ++++5AA501488A010003DF8C6A16C9AB7B22636F6D6D616E64223A7B226964223A22696D755F737461747573222C22737562223A22227D2C22636F6E74656E74223A7B2254696D655374616D70223A31302C224672616D65436F756E746572223A3233373535362C2247445F58223A2D302E3031313735393030303833303335323330362C2247445F59223A302E30303531393231323338313931343235382C2247445F5A223A302E3030323231333735323539353730373737342C2241445F58223A2D302E3030333033323939373235303535363934362C2241445F59223A2D302E303031323439303737303331333838383738382C2241445F5A223A2D302E31373037303239333432363531333637322C2254656D70447370223A302C22537461747573223A302C2243616C69625374617465223A312C22536967416D70496E76616C6964223A307D7DC5DF
05-27 18:38:35.955   536   536 D commservice260303: bufferevent_write retrun value = 0
05-27 18:38:35.955   536   560 D commservice260303: client datas send succeed,send finish
05-27 18:38:35.956   481   599 I mcuc    : start timer OK = 28673 
05-27 18:38:35.956 13911 14192 D Sentinelmode_1.2.5.17_sentry: <SentryImuClusterFgeSender>imu_status sent to Linux, frame=237556, tsNs=10183190, tsMs=10, intervalMs=40, ad=(-0.0030329973,-0.001249077,-0.17070293), gd=(-0.011759001,0.005192124,0.0022137526)
05-27 18:38:35.956 13911 14183 I SentryImuMcuAngleSender: 179.993rollDeg
05-27 18:38:35.956 13911 14183 I SentryImuMcuAngleSender: 1,0,0
05-27 08:29:44.918   581   581 D spi_rst_gpio_get_output: GPIO 145 value: 1
05-27 08:29:44.918   581   581 D spidev_ioctl: gpio status=1)
05-27 18:38:35.958   581   581 I SpiService: fgesysctrl_getGPIO_status success val=1
05-27 08:29:44.923   581   581 D spi_rst_gpio_get_output: GPIO 145 value: 1
05-27 08:29:44.923   581   581 D spidev_ioctl: gpio status=1)
05-27 18:38:35.962  1008 30857 D [OMXB]  : usingANWBuffer: handle:0xee742060, format:1, w:1920, h:1080
05-27 18:38:35.964   581   581 I SpiService: fgesysctrl_getGPIO_status success val=1
05-27 08:29:44.929   581   581 D spi_rst_gpio_get_output: GPIO 145 value: 1
05-27 08:29:44.929   581   581 D spidev_ioctl: gpio status=1)
05-27 18:38:35.970   581   581 I SpiService: fgesysctrl_getGPIO_status success val=1
05-27 18:38:35.971   283   307 I rvcservice: t.code = 3, t.value = 0
05-27 08:29:44.934   581   581 D spi_rst_gpio_get_output: GPIO 145 value: 1
05-27 08:29:44.934   581   581 D spidev_ioctl: gpio status=1)
05-27 18:38:35.975   581   581 I SpiService: fgesysctrl_getGPIO_status success val=0
05-27 18:38:35.975   481   597 I mcuc    : send SPI:6AA602CD1B000289008B6AA601700100F80901FF040109A101000000000000000000000000000000000000000000000000000000000000000000000000000000000000000000000000000000000000000000000000000000000000000000000000000000000000000000000000000000000000000000000000000000000000000000000000000000000000000000000000000000000000000000000000000000000000000000000000000000000000000000000000000000000000000000000000000000000000000000000000000000000000000000000000000000000000000000000000000000000000000000000000000000000000000000000000000000000000000000000000DD
05-27 18:38:35.977  1008 30856 D [OMXB]  : usingANWBuffer: handle:0xee7427f0, format:1, w:1920, h:1080
05-27 18:38:35.977 13911 14183 I SentryImuMcuAngleSender: 179.98598rollDeg
05-27 08:29:44.940   581   581 D spi_rst_gpio_get_output: GPIO 145 value: 0
05-27 08:29:44.940   581   581 D spidev_ioctl: gpio status=0)
05-27 18:38:35.977 13911 14183 I SentryImuMcuAngleSender: 1,0,0
05-27 18:38:35.980   299 30841 D EvsDriver: forwardFrame
05-27 18:38:35.980   299 30844 D EvsDriver: forwardFrame
05-27 18:38:35.982   299 30844 D EvsDriver: Delivered 0xb400007b7ca56900 as id 0
05-27 18:38:35.982  1167  1184 D evsmanagerd: /dev/video4 forwarded the buffer #0 to 0xb4000074bf5f6850 from 0xb4000074bf5f41d0
05-27 18:38:35.983  1167  1479 D evsmanagerd: /dev/video6 forwarded the buffer #0 to 0xb4000074bf5f5510 from 0xb4000074bf5f6d90
05-27 18:38:35.983   299 30841 D EvsDriver: Delivered 0xb400007b7ca56a60 as id 0
05-27 18:38:35.986   299  1163 D EvsDriver: doneWithFrame
05-27 18:38:35.990   299  1163 D EvsDriver: doneWithFrame
05-27 18:38:35.990   581   581 I SpiService: fgesysctrl_getGPIO_status success val=1
05-27 08:29:44.955   581   581 D spi_rst_gpio_get_output: GPIO 145 value: 1
05-27 08:29:44.955   581   581 D spidev_ioctl: gpio status=1)
05-27 18:38:35.994   536   536 D commservice260303: msg.id = 1028,0
05-27 18:38:35.994   536   536 D commservice260303: i = 170, msgid = 8A000404
05-27 18:38:35.994   536   536 D commservice260303: msgid = -1979710460,did=138
05-27 18:38:35.994   536   536 D commservice260303: CommProtocolLibCmdBaseI2C::dataproc {"command":{"id":"imu_status","sub":""},"content":{"TimeStamp":10,"FrameCounter":237557,"GD_X":-0.011453153565526009,"GD_Y":0.005573912989348173,"GD_Z":0.0021378109231591225,"AD_X":-0.0024183690547943115,"AD_Y":-2.539367415010929E-5,"AD_Z":-0.16765213012695312,"TempDsp":0,"Status":0,"CalibState":1,"SigAmpInvalid":0}},-1979710460
05-27 18:38:35.994   536   536 D commservice260303: send2Cluster len:318, 7B22636F6D6D616E64223A7B226964223A22696D755F737461747573222C22737562223A22227D2C22636F6E74656E74223A7B2254696D655374616D70223A31302C224672616D65436F756E746572223A3233373535372C2247445F58223A2D302E3031313435333135333536353532363030392C2247445F59223A302E3030353537333931323938393334383137332C2247445F5A223A302E303032313337383130393233313539313232352C2241445F58223A2D302E303032343138333639303534373934333131352C2241445F59223A2D322E353339333637343135303130393239452D352C2241445F5A223A2D302E31363736353231333031323639353331322C2254656D70447370223A302C22537461747573223A302C2243616C69625374617465223A312C22536967416D70496E76616C6964223A307D7D, 138 
05-27 18:38:35.994   536   536 D commservice260303: Push Message into SendPool fn=-1914764544
05-27 18:38:35.994   536   536 D commservice260303: ComProtocolLibSend2Cluster::send2ClusterRaw fn=-1914764544 , len=334
05-27 18:38:35.995   536   536 D commservice260303: sendCmdToPort :334!!!
05-27 18:38:35.995   536   536 D commservice260303: send Cmd To Port ++++5AA5014A8A010003DF8D6A16C9AB7B22636F6D6D616E64223A7B226964223A22696D755F737461747573222C22737562223A22227D2C22636F6E74656E74223A7B2254696D655374616D70223A31302C224672616D65436F756E746572223A3233373535372C2247445F58223A2D302E3031313435333135333536353532363030392C2247445F59223A302E3030353537333931323938393334383137332C2247445F5A223A302E303032313337383130393233313539313232352C2241445F58223A2D302E303032343138333639303534373934333131352C2241445F59223A2D322E353339333637343135303130393239452D352C2241445F5A223A2D302E31363736353231333031323639353331322C2254656D70447370223A302C22537461747573223A302C2243616C69625374617465223A312C22536967416D70496E76616C6964223A307D7D756D
05-27 18:38:35.995   536   536 D commservice260303: bufferevent_write retrun value = 0
05-27 18:38:35.995   536   560 D commservice260303: client datas send succeed,send finish
05-27 18:38:35.995 13911 14192 D Sentinelmode_1.2.5.17_sentry: <SentryImuClusterFgeSender>imu_status sent to Linux, frame=237557, tsNs=10183244, tsMs=10, intervalMs=39, ad=(-0.002418369,-2.5393674E-5,-0.16765213), gd=(-0.011453154,0.005573913,0.002137811)
05-27 18:38:35.996  1008 30857 D [OMXB]  : usingANWBuffer: handle:0xee740590, format:1, w:1920, h:1080
05-27 18:38:35.996   581   581 I SpiService: fgesysctrl_getGPIO_status success val=1
05-27 08:29:44.960   581   581 D spi_rst_gpio_get_output: GPIO 145 value: 1
05-27 08:29:44.960   581   581 D spidev_ioctl: gpio status=1)
05-27 18:38:35.997 13911 14183 I SentryImuMcuAngleSender: 179.97197rollDeg
05-27 18:38:35.997 13911 14183 I SentryImuMcuAngleSender: 1,0,0
05-27 18:38:36.001   581   581 I SpiService: fgesysctrl_getGPIO_status success val=1
05-27 08:29:44.966   581   581 D spi_rst_gpio_get_output: GPIO 145 value: 1
05-27 08:29:44.966   581   581 D spidev_ioctl: gpio status=1)
05-27 18:38:36.007   581   581 I SpiService: fgesysctrl_getGPIO_status success val=1
05-27 18:38:36.008   299 30841 D EvsDriver: forwardFrame
05-27 18:38:36.009   299 30844 D EvsDriver: forwardFrame
05-27 08:29:44.971   581   581 D spi_rst_gpio_get_output: GPIO 145 value: 1
05-27 08:29:44.971   581   581 D spidev_ioctl: gpio status=1)
05-27 18:38:36.010   299 30841 D EvsDriver: Delivered 0xb400007b7ca56a60 as id 0
05-27 18:38:36.010  1167  1479 D evsmanagerd: /dev/video4 forwarded the buffer #0 to 0xb4000074bf5f6850 from 0xb4000074bf5f41d0
05-27 18:38:36.011  1167  1479 D evsmanagerd: /dev/video6 forwarded the buffer #0 to 0xb4000074bf5f5510 from 0xb4000074bf5f6d90
05-27 18:38:36.011   299 30844 D EvsDriver: Delivered 0xb400007b7ca56900 as id 0
05-27 18:38:36.011   572   622 I Sensors : 230 AccelSensor: x:-0.167749,y:0.006710,z:-9.973500
05-27 18:38:36.013   581   581 I SpiService: fgesysctrl_getGPIO_status success val=0
05-27 18:38:36.015   299  1153 D EvsDriver: doneWithFrame
05-27 08:29:44.978   581   581 D spi_rst_gpio_get_output: GPIO 145 value: 0
05-27 08:29:44.978   581   581 D spidev_ioctl: gpio status=0)
05-27 18:38:36.015   299  1163 D EvsDriver: doneWithFrame
05-27 18:38:36.020 13911 14183 I SentryImuMcuAngleSender: 179.96146rollDeg
05-27 18:38:36.020 13911 14183 I SentryImuMcuAngleSender: 1,0,0
05-27 18:38:36.021  1982  1982 E health_guardian: UID for PID 11579 is 1000
05-27 18:38:36.021  1982  1982 E health_guardian: The 1000 process is system app,I refused to kill it,try next one!
05-27 18:38:36.021  1982  1982 E health_guardian: UID for PID 13435 is 1000
05-27 18:38:36.021  1982  1982 E health_guardian: The 1000 process is system app,I refused to kill it,try next one!
05-27 18:38:36.021  1982  1982 E health_guardian: UID for PID 6212 is 1000
05-27 18:38:36.021  1982  1982 E health_guardian: The 1000 process is system app,I refused to kill it,try next one!
05-27 18:38:36.023  1008 30857 D [OMXB]  : usingANWBuffer: handle:0xee7416c0, format:1, w:1920, h:1080
05-27 18:38:36.024 30773 30789 I dvr_service_: Camera 1: MediaOK:86200354, frames:2030, isKeyFrame:0,pts:10183108606
05-27 18:38:36.029   481   598 I mcuc    : rev,n=1,6AA681CD1C000A89005501040912123456F2
05-27 18:38:36.029   481   598 I mcuc    : rev,n=2,6AA68270010002090101
05-27 18:38:36.029   351   373 D automotive.vehicle@2.0-adayo-datacomm-mcu: MCUDatacomm sendMessageFromVehicle prop: 0x89, areaId: 0x0, status: 0x55, timestamp: 0x1
05-27 18:38:36.030   351   373 D automotive.vehicle@2.0-adayo-datacomm-mcu: MCUDatacomm 1sendMessageFromVehicle ---> type = 12 
05-27 18:38:36.030   581   581 I SpiService: fgesysctrl_getGPIO_status success val=1
05-27 18:38:36.030  1121  1144 I tboxmids_ap: [2026-05-27 18:38:36.030] [MCU RX] src=MCU dst=ZMQ len=10 type=BINARY data=00 08 55 01 04 09 12 12 34 56 
05-27 18:38:36.031  1083  1083 I MyAppLog: [2026-05-27 18:38:36.031 I tboxap mcuCommTboxmidsRecvCb:97] [Mcu] [mcuCommTboxmidsRecvCb] recv from tboxmids, size:10
05-27 18:38:36.031  1083  1083 I MyAppLog: [2026-05-27 18:38:36.031 I tboxap mcuCommTboxmidsRecvCb:98] [Mcu] [tboxmids -> tboxap]: :00 08 55 01 04 09 12 12 34 56
05-27 18:38:36.031  1083  1083 W MyAppLog: [2026-05-27 18:38:36.031 W tboxap mcuYadiFrameParse:852] [Mcu] [mcuYadiFrameParse] cmd:0912(MCU_MAIN_BATT_DYNAMIC_IND) payload too short:5 < 36
05-27 18:38:36.031  1083  1083 W MyAppLog: [2026-05-27 18:38:36.031 W tboxap mcuPtlParseData:982] [Mcu] [mcuPtlParseData] invalid yadi frame, len:10
05-27 08:29:44.994   581   581 D spi_rst_gpio_get_output: GPIO 145 value: 1
05-27 08:29:44.994   581   581 D spidev_ioctl: gpio status=1)
05-27 18:38:36.035   581   581 I SpiService: fgesysctrl_getGPIO_status success val=1
05-27 18:38:36.035   536   536 D commservice260303: msg.id = 1028,1
05-27 18:38:36.035   536   536 D commservice260303: i = 170, msgid = 8A000404
05-27 18:38:36.035   536   536 D commservice260303: msgid = -1979710460,did=138
05-27 18:38:36.035   536   536 D commservice260303: CommProtocolLibCmdBaseI2C::dataproc {"command":{"id":"imu_status","sub":""},"content":{"TimeStamp":10,"FrameCounter":237558,"GD_X":-0.011682018637657166,"GD_Y":0.00549693126231432,"GD_Z":0.0020608289632946253,"AD_X":-0.0024283230304718018,"AD_Y":0.002994081238284707,"AD_Z":-0.16460323333740234,"TempDsp":0,"Status":0,"CalibState":1,"SigAmpInvalid":0}},-1979710460
05-27 18:38:36.036   536   536 D commservice260303: send2Cluster len:316, 7B22636F6D6D616E64223A7B226964223A22696D755F737461747573222C22737562223A22227D2C22636F6E74656E74223A7B2254696D655374616D70223A31302C224672616D65436F756E746572223A3233373535382C2247445F58223A2D302E3031313638323031383633373635373136362C2247445F59223A302E30303534393639333132363233313433322C2247445F5A223A302E303032303630383238393633323934363235332C2241445F58223A2D302E303032343238333233303330343731383031382C2241445F59223A302E3030323939343038313233383238343730372C2241445F5A223A2D302E31363436303332333333333734303233342C2254656D70447370223A302C22537461747573223A302C2243616C69625374617465223A312C22536967416D70496E76616C6964223A307D7D, 138 
05-27 18:38:36.036   536   536 D commservice260303: Push Message into SendPool fn=-1897987328
05-27 18:38:36.036   536   536 D commservice260303: ComProtocolLibSend2Cluster::send2ClusterRaw fn=-1897987328 , len=332
05-27 18:38:36.036   536   536 D commservice260303: sendCmdToPort :332!!!
05-27 18:38:36.036   536   536 D commservice260303: send Cmd To Port ++++5AA501488A010003DF8E6A16C9AC7B22636F6D6D616E64223A7B226964223A22696D755F737461747573222C22737562223A22227D2C22636F6E74656E74223A7B2254696D655374616D70223A31302C224672616D65436F756E746572223A3233373535382C2247445F58223A2D302E3031313638323031383633373635373136362C2247445F59223A302E30303534393639333132363233313433322C2247445F5A223A302E303032303630383238393633323934363235332C2241445F58223A2D302E303032343238333233303330343731383031382C2241445F59223A302E3030323939343038313233383238343730372C2241445F5A223A2D302E31363436303332333333333734303233342C2254656D70447370223A302C22537461747573223A302C2243616C69625374617465223A312C22536967416D70496E76616C6964223A307D7D6F14
05-27 18:38:36.036   536   536 D commservice260303: bufferevent_write retrun value = 0
05-27 18:38:36.036   536   560 D commservice260303: client datas send succeed,send finish
05-27 18:38:36.036 13911 14192 D Sentinelmode_1.2.5.17_sentry: <SentryImuClusterFgeSender>imu_status sent to Linux, frame=237558, tsNs=10183279, tsMs=10, intervalMs=41, ad=(-0.002428323,0.0029940812,-0.16460323), gd=(-0.011682019,0.0054969313,0.002060829)
05-27 18:38:36.036   299 30844 D EvsDriver: forwardFrame
05-27 08:29:45.000   581   581 D spi_rst_gpio_get_output: GPIO 145 value: 1
05-27 08:29:45.000   581   581 D spidev_ioctl: gpio status=1)
05-27 18:38:36.037   299 30844 D EvsDriver: Delivered 0xb400007b7ca56900 as id 0
05-27 18:38:36.037  1167  1479 D evsmanagerd: /dev/video6 forwarded the buffer #0 to 0xb4000074bf5f5510 from 0xb4000074bf5f6d90
05-27 18:38:36.037  1008 30856 D [OMXB]  : usingANWBuffer: handle:0xee740bc0, format:1, w:1920, h:1080
05-27 18:38:36.039   299 30841 D EvsDriver: forwardFrame
05-27 18:38:36.040 13911 14183 I SentryImuMcuAngleSender: 179.96844rollDeg
05-27 18:38:36.040 13911 14183 I SentryImuMcuAngleSender: 1,0,0
05-27 18:38:36.041   299  1153 D EvsDriver: doneWithFrame
05-27 18:38:36.041   581   581 I SpiService: fgesysctrl_getGPIO_status success val=1
05-27 18:38:36.041   299 30841 D EvsDriver: Delivered 0xb400007b7ca56a60 as id 0
05-27 18:38:36.041  1167  1479 D evsmanagerd: /dev/video4 forwarded the buffer #0 to 0xb4000074bf5f6850 from 0xb4000074bf5f41d0
05-27 18:38:36.044   299  1153 D EvsDriver: doneWithFrame
05-27 08:29:45.005   581   581 D spi_rst_gpio_get_output: GPIO 145 value: 1
05-27 08:29:45.005   581   581 D spidev_ioctl: gpio status=1)
05-27 18:38:36.046   581   581 I SpiService: fgesysctrl_getGPIO_status success val=1
05-27 08:29:45.011   581   581 D spi_rst_gpio_get_output: GPIO 145 value: 1
05-27 08:29:45.011   581   581 D spidev_ioctl: gpio status=1)
05-27 18:38:36.052   581   581 I SpiService: fgesysctrl_getGPIO_status success val=0
05-27 18:38:36.052   481   597 I mcuc    : send SPI:6AA602CD1C000289008A
05-27 08:29:45.016   581   581 D spi_rst_gpio_get_output: GPIO 145 value: 0
05-27 08:29:45.016   581   581 D spidev_ioctl: gpio status=0)
05-27 18:38:36.061 13911 14183 I SentryImuMcuAngleSender: 179.98598rollDeg
05-27 18:38:36.061 13911 14183 I SentryImuMcuAngleSender: 1,0,0
05-27 18:38:36.065  1008 30857 D [OMXB]  : usingANWBuffer: handle:0xee741e50, format:1, w:1920, h:1080
05-27 18:38:36.066   581   581 I SpiService: fgesysctrl_getGPIO_status success val=1
05-27 08:29:45.031   581   581 D spi_rst_gpio_get_output: GPIO 145 value: 1
05-27 08:29:45.031   581   581 D spidev_ioctl: gpio status=1)
05-27 18:38:36.071   299 30844 D EvsDriver: forwardFrame
05-27 18:38:36.071   283   307 I rvcservice: t.code = 7, t.value = 10183208
05-27 18:38:36.072   581   581 I SpiService: fgesysctrl_getGPIO_status success val=1
05-27 18:38:36.072   299 30844 D EvsDriver: Delivered 0xb400007b7ca56900 as id 0
05-27 18:38:36.072  1167  1479 D evsmanagerd: /dev/video6 forwarded the buffer #0 to 0xb4000074bf5f5510 from 0xb4000074bf5f6d90
05-27 08:29:45.036   581   581 D spi_rst_gpio_get_output: GPIO 145 value: 1
05-27 08:29:45.036   581   581 D spidev_ioctl: gpio status=1)
05-27 18:38:36.075   299  1153 D EvsDriver: doneWithFrame
05-27 18:38:36.076   536   536 D commservice260303: msg.id = 1028,1
05-27 18:38:36.076   536   536 D commservice260303: i = 170, msgid = 8A000404
05-27 18:38:36.076   536   536 D commservice260303: msgid = -1979710460,did=138
05-27 18:38:36.076   299 30841 D EvsDriver: forwardFrame
05-27 18:38:36.076   536   536 D commservice260303: CommProtocolLibCmdBaseI2C::dataproc {"command":{"id":"imu_status","sub":""},"content":{"TimeStamp":10,"FrameCounter":237559,"GD_X":-0.01091896090656519,"GD_Y":0.005420989356935024,"GD_Z":0.0020608289632946253,"AD_X":6.066113710403442E-4,"AD_Y":-6.63585145957768E-4,"AD_Z":-0.16216278076171875,"TempDsp":0,"Status":0,"CalibState":1,"SigAmpInvalid":0}},-1979710460
05-27 18:38:36.076   536   536 D commservice260303: send2Cluster len:314, 7B22636F6D6D616E64223A7B226964223A22696D755F737461747573222C22737562223A22227D2C22636F6E74656E74223A7B2254696D655374616D70223A31302C224672616D65436F756E746572223A3233373535392C2247445F58223A2D302E30313039313839363039303635363531392C2247445F59223A302E3030353432303938393335363933353032342C2247445F5A223A302E303032303630383238393633323934363235332C2241445F58223A362E303636313133373130343033343432452D342C2241445F59223A2D362E3633353835313435393537373638452D342C2241445F5A223A2D302E31363231363237383037363137313837352C2254656D70447370223A302C22537461747573223A302C2243616C69625374617465223A312C22536967416D70496E76616C6964223A307D7D, 138 
05-27 18:38:36.076   536   536 D commservice260303: Push Message into SendPool fn=-1881210112
05-27 18:38:36.076   536   536 D commservice260303: ComProtocolLibSend2Cluster::send2ClusterRaw fn=-1881210112 , len=330
05-27 18:38:36.076   536   536 D commservice260303: sendCmdToPort :330!!!
05-27 18:38:36.076   536   536 D commservice260303: send Cmd To Port ++++5AA501468A010003DF8F6A16C9AC7B22636F6D6D616E64223A7B226964223A22696D755F737461747573222C22737562223A22227D2C22636F6E74656E74223A7B2254696D655374616D70223A31302C224672616D65436F756E746572223A3233373535392C2247445F58223A2D302E30313039313839363039303635363531392C2247445F59223A302E3030353432303938393335363933353032342C2247445F5A223A302E303032303630383238393633323934363235332C2241445F58223A362E303636313133373130343033343432452D342C2241445F59223A2D362E3633353835313435393537373638452D342C2241445F5A223A2D302E31363231363237383037363137313837352C2254656D70447370223A302C22537461747573223A302C2243616C69625374617465223A312C22536967416D70496E76616C6964223A307D7DD920
05-27 18:38:36.076   536   536 D commservice260303: bufferevent_write retrun value = 0
05-27 18:38:36.076   536   560 D commservice260303: client datas send succeed,send finish
05-27 18:38:36.077 13911 14192 D Sentinelmode_1.2.5.17_sentry: <SentryImuClusterFgeSender>imu_status sent to Linux, frame=237559, tsNs=10183315, tsMs=10, intervalMs=41, ad=(6.066114E-4,-6.6358515E-4,-0.16216278), gd=(-0.010918961,0.0054209894,0.002060829)
05-27 18:38:36.077   299 30841 D EvsDriver: Delivered 0xb400007b7ca56a60 as id 0
05-27 18:38:36.077   581   581 I SpiService: fgesysctrl_getGPIO_status success val=1
05-27 18:38:36.077  1167  1479 D evsmanagerd: /dev/video4 forwarded the buffer #0 to 0xb4000074bf5f6850 from 0xb4000074bf5f41d0
05-27 08:29:45.042   581   581 D spi_rst_gpio_get_output: GPIO 145 value: 1
05-27 08:29:45.042   581   581 D spidev_ioctl: gpio status=1)
05-27 18:38:36.081  1008 30856 D [OMXB]  : usingANWBuffer: handle:0xee740220, format:1, w:1920, h:1080
05-27 18:38:36.082 30773 30789 I dvr_service_: Camera 0: MediaOK:86101720, frames:2030, isKeyFrame:0,pts:10183005683
05-27 18:38:36.083 13911 14183 I SentryImuMcuAngleSender: 179.98949rollDeg
05-27 18:38:36.083   581   581 I SpiService: fgesysctrl_getGPIO_status success val=1
05-27 18:38:36.083   299  1153 D EvsDriver: doneWithFrame
05-27 18:38:36.084 13911 14183 I SentryImuMcuAngleSender: 1,0,0
05-27 08:29:45.048   581   581 D spi_rst_gpio_get_output: GPIO 145 value: 1
05-27 08:29:45.048   581   581 D spidev_ioctl: gpio status=1)
05-27 18:38:36.089   581   581 I SpiService: fgesysctrl_getGPIO_status success val=0
05-27 08:29:45.054   581   581 D spi_rst_gpio_get_output: GPIO 145 value: 0
05-27 08:29:45.054   581   581 D spidev_ioctl: gpio status=0)
05-27 18:38:36.095  1008 30857 D [OMXB]  : usingANWBuffer: handle:0xee740e80, format:1, w:1920, h:1080
05-27 18:38:36.100   572   622 I Sensors : 230 GyroSensor: x:-0.011530,y:0.004657,z:0.002138
05-27 18:38:36.104   581   581 I SpiService: fgesysctrl_getGPIO_status success val=1
05-27 18:38:36.104 13911 14183 I SentryImuMcuAngleSender: 180.0rollDeg
05-27 18:38:36.104 13911 14183 I SentryImuMcuAngleSender: 1,0,0
05-27 08:29:45.068   581   581 D spi_rst_gpio_get_output: GPIO 145 value: 1
05-27 08:29:45.068   581   581 D spidev_ioctl: gpio status=1)
05-27 18:38:36.107   299 30844 D EvsDriver: forwardFrame
05-27 18:38:36.107   299 30841 D EvsDriver: forwardFrame
05-27 18:38:36.109   299 30844 D EvsDriver: Delivered 0xb400007b7ca56900 as id 0
05-27 18:38:36.109   581   581 I SpiService: fgesysctrl_getGPIO_status success val=1
05-27 18:38:36.109  1167  1184 D evsmanagerd: /dev/video4 forwarded the buffer #0 to 0xb4000074bf5f6850 from 0xb4000074bf5f41d0
05-27 18:38:36.109  1167  1479 D evsmanagerd: /dev/video6 forwarded the buffer #0 to 0xb4000074bf5f5510 from 0xb4000074bf5f6d90
05-27 18:38:36.109   299 30841 D EvsDriver: Delivered 0xb400007b7ca56a60 as id 0
05-27 18:38:36.109 30773 30773 E dvr_service_: [myNum:1] Received S**** loss
05-27 18:38:36.109 30773 30782 E dvr_service_: [myNum:0] Received S**** loss
05-27 18:38:36.110   299  1153 D EvsDriver: doneWithFrame
05-27 18:38:36.110   299  1163 D EvsDriver: doneWithFrame
05-27 18:38:36.110  1008 30856 D [OMXB]  : usingANWBuffer: handle:0xee743710, format:1, w:1920, h:1080
05-27 08:29:45.074   581   581 D spi_rst_gpio_get_output: GPIO 145 value: 1
05-27 08:29:45.074   581   581 D spidev_ioctl: gpio status=1)
05-27 18:38:36.114   581   581 I SpiService: fgesysctrl_getGPIO_status success val=1
05-27 18:38:36.116   536   536 D commservice260303: msg.id = 1028,0
05-27 18:38:36.116   536   536 D commservice260303: i = 170, msgid = 8A000404
05-27 18:38:36.116   536   536 D commservice260303: msgid = -1979710460,did=138
