05-27 18:38:36.724   536   536 D commservice260303: bufferevent_write retrun value = 0
05-27 18:38:36.725   581   581 I SpiService: fgesysctrl_getGPIO_status success val=1
05-27 08:29:45.689   581   581 D spi_rst_gpio_get_output: GPIO 145 value: 1
05-27 18:38:36.725   536   560 D commservice260303: client datas send succeed,send finish
05-27 08:29:45.689   581   581 D spidev_ioctl: gpio status=1)
05-27 18:38:36.726 13911 14192 D Sentinelmode_1.2.5.17_sentry: <SentryImuClusterFgeSender>imu_status sent to Linux, frame=237575, tsNs=10183957, tsMs=10, intervalMs=42, ad=(-0.0031454414,-0.001262554,-0.16948318), gd=(-0.012063808,0.005115142,0.0028249274)
05-27 18:38:36.730   581   581 I SpiService: fgesysctrl_getGPIO_status success val=1
05-27 18:38:36.731 13911 14183 I SentryImuMcuAngleSender: 179.993rollDeg
05-27 18:38:36.731 13911 14183 I SentryImuMcuAngleSender: 1,0,0
05-27 08:29:45.695   581   581 D spi_rst_gpio_get_output: GPIO 145 value: 1
05-27 08:29:45.695   581   581 D spidev_ioctl: gpio status=1)
05-27 18:38:36.735 25179 25179 W ziparchive: Unable to open '/system_ext/framework/unisoc-framework.dm': No such file or directory
05-27 18:38:36.736 25179 25179 W ziparchive: Unable to open '/system_ext/framework/unisoc-framework.dm': No such file or directory
05-27 18:38:36.736   581   581 I SpiService: fgesysctrl_getGPIO_status success val=1
05-27 08:29:45.700   581   581 D spi_rst_gpio_get_output: GPIO 145 value: 1
05-27 08:29:45.700   581   581 D spidev_ioctl: gpio status=1)
05-27 18:38:36.737 13911 14131 D SVR_MNG_SvrMngProxy: getServer: mSvrManger is null
05-27 18:38:36.737 13911 14131 D SVR_MNG_SvrMngProxy: getNewStub: 
05-27 18:38:36.737 13911 14131 D SVR_MNG_SvrMngProxy: getNewStub: getSvrManagerService start
05-27 18:38:36.737 13911 14131 D SVR_MNG_SvrMngProxy: getNewStub: getSvrManagerService end
05-27 18:38:36.737 13911 14131 D SVR_MNG_SvrMngProxy: getServer: svrMngService doesn't start
05-27 18:38:36.738   299 30841 D EvsDriver: forwardFrame
05-27 18:38:36.738   299 30844 D EvsDriver: forwardFrame
05-27 18:38:36.739   299 30841 D EvsDriver: Delivered 0xb400007b7ca56a60 as id 0
05-27 18:38:36.739  1167  1184 D evsmanagerd: /dev/video4 forwarded the buffer #0 to 0xb4000074bf5f6850 from 0xb4000074bf5f41d0
05-27 18:38:36.740   299 30844 D EvsDriver: Delivered 0xb400007b7ca56900 as id 0
05-27 18:38:36.740  1167  1184 D evsmanagerd: /dev/video6 forwarded the buffer #0 to 0xb4000074bf5f5510 from 0xb4000074bf5f6d90
05-27 18:38:36.741 10188 23768 I am_proc_bound: [0,25179,com.anwsdk.service:remote]
05-27 18:38:36.743   299  1163 D EvsDriver: doneWithFrame
05-27 18:38:36.744   581   581 I SpiService: fgesysctrl_getGPIO_status success val=0
05-27 18:38:36.745   299  1153 D EvsDriver: doneWithFrame
05-27 18:38:36.745  1008 30856 D [OMXB]  : usingANWBuffer: handle:0xee743190, format:1, w:1920, h:1080
05-27 08:29:45.708   581   581 D spi_rst_gpio_get_output: GPIO 145 value: 0
05-27 08:29:45.708   581   581 D spidev_ioctl: gpio status=0)
05-27 18:38:36.752 13911 14183 I SentryImuMcuAngleSender: 179.98598rollDeg
05-27 18:38:36.752 10188 23768 I am_create_service: [0,208025669,.anwbtservice,1000,25179]
05-27 18:38:36.757 13911 14183 I SentryImuMcuAngleSender: 1,0,0
05-27 08:29:45.723   581   581 D spi_rst_gpio_get_output: GPIO 145 value: 1
05-27 08:29:45.724   581   581 D spidev_ioctl: gpio status=1)
05-27 08:29:45.729   581   581 D spi_rst_gpio_get_output: GPIO 145 value: 1
05-27 08:29:45.729   581   581 D spidev_ioctl: gpio status=1)
05-27 18:38:36.758  1008 30857 D [OMXB]  : usingANWBuffer: handle:0xee7421c0, format:1, w:1920, h:1080
05-27 18:38:36.759   581   581 I SpiService: fgesysctrl_getGPIO_status success val=1
05-27 18:38:36.762 25179 25179 D CompatibilityChangeReporter: Compat change id reported: 171979766; UID 1000; state: ENABLED
05-27 18:38:36.763   536   536 D commservice260303: msg.id = 1028,0
05-27 18:38:36.763   536   536 D commservice260303: i = 170, msgid = 8A000404
05-27 18:38:36.763   536   536 D commservice260303: msgid = -1979710460,did=138
05-27 18:38:36.763   536   536 D commservice260303: CommProtocolLibCmdBaseI2C::dataproc {"command":{"id":"imu_status","sub":""},"content":{"TimeStamp":10,"FrameCounter":237576,"GD_X":-0.010841978713870049,"GD_Y":0.005268065724521875,"GD_Z":0.001679039909504354,"AD_X":-0.005561605095863342,"AD_Y":0.0011768057011067867,"AD_Z":-0.16460323333740234,"TempDsp":0,"Status":0,"CalibState":1,"SigAmpInvalid":0}},-1979710460
05-27 18:38:36.763   536   536 D commservice260303: send2Cluster len:316, 7B22636F6D6D616E64223A7B226964223A22696D755F737461747573222C22737562223A22227D2C22636F6E74656E74223A7B2254696D655374616D70223A31302C224672616D65436F756E746572223A3233373537362C2247445F58223A2D302E3031303834313937383731333837303034392C2247445F59223A302E3030353236383036353732343532313837352C2247445F5A223A302E3030313637393033393930393530343335342C2241445F58223A2D302E3030353536313630353039353836333334322C2241445F59223A302E303031313736383035373031313036373836372C2241445F5A223A2D302E31363436303332333333333734303233342C2254656D70447370223A302C22537461747573223A302C2243616C69625374617465223A312C22536967416D70496E76616C6964223A307D7D, 138 
05-27 18:38:36.763   536   536 D commservice260303: Push Message into SendPool fn=-1595997440
05-27 18:38:36.763   536   536 D commservice260303: ComProtocolLibSend2Cluster::send2ClusterRaw fn=-1595997440 , len=332
05-27 18:38:36.763   536   536 D commservice260303: sendCmdToPort :332!!!
05-27 18:38:36.763   536   536 D commservice260303: send Cmd To Port ++++5AA501488A010003DFA06A16C9AC7B22636F6D6D616E64223A7B226964223A22696D755F737461747573222C22737562223A22227D2C22636F6E74656E74223A7B2254696D655374616D70223A31302C224672616D65436F756E746572223A3233373537362C2247445F58223A2D302E3031303834313937383731333837303034392C2247445F59223A302E3030353236383036353732343532313837352C2247445F5A223A302E3030313637393033393930393530343335342C2241445F58223A2D302E3030353536313630353039353836333334322C2241445F59223A302E303031313736383035373031313036373836372C2241445F5A223A2D302E31363436303332333333333734303233342C2254656D70447370223A302C22537461747573223A302C2243616C69625374617465223A312C22536967416D70496E76616C6964223A307D7D8993
05-27 18:38:36.763   536   536 D commservice260303: bufferevent_write retrun value = 0
05-27 18:38:36.763   536   560 D commservice260303: client datas send succeed,send finish
05-27 18:38:36.763 13911 14192 D Sentinelmode_1.2.5.17_sentry: <SentryImuClusterFgeSender>imu_status sent to Linux, frame=237576, tsNs=10184010, tsMs=10, intervalMs=38, ad=(-0.005561605,0.0011768057,-0.16460323), gd=(-0.010841979,0.0052680657,0.0016790399)
05-27 18:38:36.764   581   581 I SpiService: fgesysctrl_getGPIO_status success val=1
05-27 18:38:36.768 25179 25179 D CompatibilityInfo: applyToConfigurationCompat inoutConfig.densityDpi= 160
05-27 18:38:36.770   581   581 I SpiService: fgesysctrl_getGPIO_status success val=1
05-27 18:38:36.770   299 30844 D EvsDriver: forwardFrame
05-27 18:38:36.771   299 30841 D EvsDriver: forwardFrame
05-27 08:29:45.734   581   581 D spi_rst_gpio_get_output: GPIO 145 value: 1
05-27 08:29:45.734   581   581 D spidev_ioctl: gpio status=1)
05-27 18:38:36.772   299 30844 D EvsDriver: Delivered 0xb400007b7ca56900 as id 0
05-27 18:38:36.772   283   307 I rvcservice: t.code = 3, t.value = 0
05-27 18:38:36.773   299 30841 D EvsDriver: Delivered 0xb400007b7ca56a60 as id 0
05-27 18:38:36.773  1167  1184 D evsmanagerd: /dev/video6 forwarded the buffer #0 to 0xb4000074bf5f5510 from 0xb4000074bf5f6d90
05-27 18:38:36.773  1167  1479 D evsmanagerd: /dev/video4 forwarded the buffer #0 to 0xb4000074bf5f6850 from 0xb4000074bf5f41d0
05-27 18:38:36.773 30773 30782 E dvr_service_: [myNum:0] Received S**** loss
05-27 18:38:36.773 30773 30773 E dvr_service_: [myNum:1] Received S**** loss
05-27 18:38:36.773   299  1163 D EvsDriver: doneWithFrame
05-27 18:38:36.773   299  1153 D EvsDriver: doneWithFrame
05-27 18:38:36.775   581   581 I SpiService: fgesysctrl_getGPIO_status success val=1
05-27 08:29:45.740   581   581 D spi_rst_gpio_get_output: GPIO 145 value: 1
05-27 08:29:45.740   581   581 D spidev_ioctl: gpio status=1)
05-27 18:38:36.778 13911 14183 I SentryImuMcuAngleSender: 179.97897rollDeg
05-27 18:38:36.778 13911 14183 I SentryImuMcuAngleSender: 1,0,0
05-27 18:38:36.781   581   581 I SpiService: fgesysctrl_getGPIO_status success val=0
05-27 08:29:45.745   581   581 D spi_rst_gpio_get_output: GPIO 145 value: 0
05-27 08:29:45.745   581   581 D spidev_ioctl: gpio status=0)
05-27 18:38:36.787  1008 30856 D [OMXB]  : usingANWBuffer: handle:0xee743df0, format:1, w:1920, h:1080
05-27 18:38:36.789 25179 25179 D adservices: Registering AdServices's TopicsManager.
05-27 18:38:36.794 25179 25179 D CompatibilityInfo: applyToConfigurationCompat inoutConfig.densityDpi= 160
05-27 18:38:36.795   581   581 I SpiService: fgesysctrl_getGPIO_status success val=1
05-27 18:38:36.795   572   572 I Sensors : 230 AccelSensor: x:-0.169580,y:0.003050,z:-9.973500
05-27 08:29:45.760   581   581 D spi_rst_gpio_get_output: GPIO 145 value: 1
05-27 08:29:45.760   581   581 D spidev_ioctl: gpio status=1)
05-27 18:38:36.798 13911 14183 I SentryImuMcuAngleSender: 179.98248rollDeg
05-27 18:38:36.798 13911 14183 I SentryImuMcuAngleSender: 1,0,0
05-27 18:38:36.800   581   581 I SpiService: fgesysctrl_getGPIO_status success val=1
05-27 08:29:45.765   581   581 D spi_rst_gpio_get_output: GPIO 145 value: 1
05-27 08:29:45.765   581   581 D spidev_ioctl: gpio status=1)
05-27 18:38:36.801 10188 23768 I DexManager: com.anwsdk.service loads from null-0 : 0 : /system/framework/javax.obex.jar
05-27 18:38:36.801 10188 23768 I DexManager: Could not find owning package for dex file: /system/framework/javax.obex.jar
05-27 18:38:36.802  1008 30857 D [OMXB]  : usingANWBuffer: handle:0xee7432f0, format:1, w:1920, h:1080
05-27 18:38:36.802   536   536 D commservice260303: msg.id = 1028,0
05-27 18:38:36.802   536   536 D commservice260303: i = 170, msgid = 8A000404
05-27 18:38:36.802   536   536 D commservice260303: msgid = -1979710460,did=138
05-27 18:38:36.802   536   536 D commservice260303: CommProtocolLibCmdBaseI2C::dataproc {"command":{"id":"imu_status","sub":""},"content":{"TimeStamp":10,"FrameCounter":237577,"GD_X":-0.011682018637657166,"GD_Y":0.005420989356935024,"GD_Z":0.0023671966046094894,"AD_X":-0.00312119722366333,"AD_Y":5.663202609866858E-4,"AD_Z":-0.16826438903808594,"TempDsp":0,"Status":0,"CalibState":1,"SigAmpInvalid":0}},-1979710460
05-27 18:38:36.803   536   536 D commservice260303: send2Cluster len:315, 7B22636F6D6D616E64223A7B226964223A22696D755F737461747573222C22737562223A22227D2C22636F6E74656E74223A7B2254696D655374616D70223A31302C224672616D65436F756E746572223A3233373537372C2247445F58223A2D302E3031313638323031383633373635373136362C2247445F59223A302E3030353432303938393335363933353032342C2247445F5A223A302E303032333637313936363034363039343839342C2241445F58223A2D302E30303331323131393732323336363333332C2241445F59223A352E363633323032363039383636383538452D342C2241445F5A223A2D302E31363832363433383930333830383539342C2254656D70447370223A302C22537461747573223A302C2243616C69625374617465223A312C22536967416D70496E76616C6964223A307D7D, 138 
05-27 18:38:36.803   536   536 D commservice260303: Push Message into SendPool fn=-1579220224
05-27 18:38:36.803   536   536 D commservice260303: ComProtocolLibSend2Cluster::send2ClusterRaw fn=-1579220224 , len=331
05-27 18:38:36.803   536   536 D commservice260303: sendCmdToPort :331!!!
05-27 18:38:36.803   536   536 D commservice260303: send Cmd To Port ++++5AA501478A010003DFA16A16C9AC7B22636F6D6D616E64223A7B226964223A22696D755F737461747573222C22737562223A22227D2C22636F6E74656E74223A7B2254696D655374616D70223A31302C224672616D65436F756E746572223A3233373537372C2247445F58223A2D302E3031313638323031383633373635373136362C2247445F59223A302E3030353432303938393335363933353032342C2247445F5A223A302E303032333637313936363034363039343839342C2241445F58223A2D302E30303331323131393732323336363333332C2241445F59223A352E363633323032363039383636383538452D342C2241445F5A223A2D302E31363832363433383930333830383539342C2254656D70447370223A302C22537461747573223A302C2243616C69625374617465223A312C22536967416D70496E76616C6964223A307D7D2699
05-27 18:38:36.803   536   536 D commservice260303: bufferevent_write retrun value = 0
05-27 18:38:36.803   536   560 D commservice260303: client datas send succeed,send finish
05-27 18:38:36.803 13911 14192 D Sentinelmode_1.2.5.17_sentry: <SentryImuClusterFgeSender>imu_status sent to Linux, frame=237577, tsNs=10184046, tsMs=10, intervalMs=40, ad=(-0.0031211972,5.6632026E-4,-0.16826439), gd=(-0.011682019,0.0054209894,0.0023671966)
05-27 18:38:36.804 30773 30786 I dvr_service_: CameraX 1  audioOK: 86976000,audios:1360
05-27 18:38:36.806   581   581 I SpiService: fgesysctrl_getGPIO_status success val=1
05-27 18:38:36.806   299 30844 D EvsDriver: forwardFrame
05-27 18:38:36.806   299 30841 D EvsDriver: forwardFrame
05-27 18:38:36.808   299 30844 D EvsDriver: Delivered 0xb400007b7ca56900 as id 0
05-27 18:38:36.808   299 30841 D EvsDriver: Delivered 0xb400007b7ca56a60 as id 0
05-27 18:38:36.808  1167  1184 D evsmanagerd: /dev/video4 forwarded the buffer #0 to 0xb4000074bf5f6850 from 0xb4000074bf5f41d0
05-27 18:38:36.808  1167  1479 D evsmanagerd: /dev/video6 forwarded the buffer #0 to 0xb4000074bf5f5510 from 0xb4000074bf5f6d90
05-27 08:29:45.770   581   581 D spi_rst_gpio_get_output: GPIO 145 value: 1
05-27 08:29:45.770   581   581 D spidev_ioctl: gpio status=1)
05-27 18:38:36.812   581   581 I SpiService: fgesysctrl_getGPIO_status success val=1
05-27 18:38:36.812   299  1153 D EvsDriver: doneWithFrame
05-27 18:38:36.812   299  1163 D EvsDriver: doneWithFrame
05-27 18:38:36.817   581   581 I SpiService: fgesysctrl_getGPIO_status success val=1
05-27 18:38:36.818 25179 25179 W .service:remote: ClassLoaderContext shared library size mismatch. Expected=0, found=1 (PCL[] | PCL[]{PCL[/system/framework/javax.obex.jar*2267184930]})
05-27 18:38:36.819 13911 14183 I SentryImuMcuAngleSender: 179.99298rollDeg
05-27 18:38:36.819 13911 14183 I SentryImuMcuAngleSender: 1,0,0
05-27 08:29:45.776   581   581 D spi_rst_gpio_get_output: GPIO 145 value: 1
05-27 08:29:45.776   581   581 D spidev_ioctl: gpio status=1)
05-27 08:29:45.782   581   581 D spi_rst_gpio_get_output: GPIO 145 value: 1
05-27 08:29:45.782   581   581 D spidev_ioctl: gpio status=1)
05-27 18:38:36.823   581   581 I SpiService: fgesysctrl_getGPIO_status success val=1
05-27 08:29:45.787   581   581 D spi_rst_gpio_get_output: GPIO 145 value: 1
05-27 08:29:45.787   581   581 D spidev_ioctl: gpio status=1)
05-27 18:38:36.825 10188 23768 I DexManager: com.anwsdk.service loads from com.anwsdk.service-1 : 0 : /system/app/BluetoothExt/BluetoothExt.apk
05-27 18:38:36.827  1008 30856 D [OMXB]  : usingANWBuffer: handle:0xee746c00, format:1, w:1920, h:1080
05-27 18:38:36.827 30773 30789 I dvr_service_: Camera 0: Buffer reuse stats - Total: 200400, Reused: 99118, New: 101282, Rate: 49.5%
05-27 18:38:36.828   581   581 I SpiService: fgesysctrl_getGPIO_status success val=0
05-27 08:29:45.793   581   581 D spi_rst_gpio_get_output: GPIO 145 value: 0
05-27 08:29:45.793   581   581 D spidev_ioctl: gpio status=0)
05-27 18:38:36.836 25179 25179 D CompatibilityInfo: applyToConfigurationCompat inoutConfig.densityDpi= 160
05-27 18:38:36.840 13911 14183 I SentryImuMcuAngleSender: 179.99298rollDeg
05-27 18:38:36.840 13911 14183 I SentryImuMcuAngleSender: 1,0,0
05-27 18:38:36.843   299 30841 D EvsDriver: forwardFrame
05-27 18:38:36.843   299 30844 D EvsDriver: forwardFrame
05-27 18:38:36.843   581   581 I SpiService: fgesysctrl_getGPIO_status success val=1
05-27 18:38:36.844   536   536 D commservice260303: msg.id = 1028,0
05-27 18:38:36.844   536   536 D commservice260303: i = 170, msgid = 8A000404
05-27 18:38:36.844   536   536 D commservice260303: msgid = -1979710460,did=138
05-27 18:38:36.844  1167  1184 D evsmanagerd: /dev/video6 forwarded the buffer #0 to 0xb4000074bf5f5510 from 0xb4000074bf5f6d90
05-27 18:38:36.844   299 30841 D EvsDriver: Delivered 0xb400007b7ca56a60 as id 0
05-27 18:38:36.844   299 30844 D EvsDriver: Delivered 0xb400007b7ca56900 as id 0
05-27 18:38:36.844  1167  1479 D evsmanagerd: /dev/video4 forwarded the buffer #0 to 0xb4000074bf5f6850 from 0xb4000074bf5f41d0
05-27 18:38:36.844   536   536 D commservice260303: CommProtocolLibCmdBaseI2C::dataproc {"command":{"id":"imu_status","sub":""},"content":{"TimeStamp":10,"FrameCounter":237578,"GD_X":-0.011223767884075642,"GD_Y":0.004809814505279064,"GD_Z":0.00259606190957129,"AD_X":-6.873905658721924E-4,"AD_Y":-0.0012548614758998156,"AD_Z":-0.16582298278808594,"TempDsp":0,"Status":0,"CalibState":1,"SigAmpInvalid":0}},-1979710460
05-27 18:38:36.844   536   536 D commservice260303: send2Cluster len:316, 7B22636F6D6D616E64223A7B226964223A22696D755F737461747573222C22737562223A22227D2C22636F6E74656E74223A7B2254696D655374616D70223A31302C224672616D65436F756E746572223A3233373537382C2247445F58223A2D302E3031313232333736373838343037353634322C2247445F59223A302E3030343830393831343530353237393036342C2247445F5A223A302E30303235393630363139303935373132392C2241445F58223A2D362E383733393035363538373231393234452D342C2241445F59223A2D302E303031323534383631343735383939383135362C2241445F5A223A2D302E31363538323239383237383830383539342C2254656D70447370223A302C22537461747573223A302C2243616C69625374617465223A312C22536967416D70496E76616C6964223A307D7D, 138 
05-27 18:38:36.844   536   536 D commservice260303: Push Message into SendPool fn=-1562443008
05-27 18:38:36.844   536   536 D commservice260303: ComProtocolLibSend2Cluster::send2ClusterRaw fn=-1562443008 , len=332
05-27 18:38:36.844   536   536 D commservice260303: sendCmdToPort :332!!!
05-27 18:38:36.844   536   536 D commservice260303: send Cmd To Port ++++5AA501488A010003DFA26A16C9AC7B22636F6D6D616E64223A7B226964223A22696D755F737461747573222C22737562223A22227D2C22636F6E74656E74223A7B2254696D655374616D70223A31302C224672616D65436F756E746572223A3233373537382C2247445F58223A2D302E3031313232333736373838343037353634322C2247445F59223A302E3030343830393831343530353237393036342C2247445F5A223A302E30303235393630363139303935373132392C2241445F58223A2D362E383733393035363538373231393234452D342C2241445F59223A2D302E303031323534383631343735383939383135362C2241445F5A223A2D302E31363538323239383237383830383539342C2254656D70447370223A302C22537461747573223A302C2243616C69625374617465223A312C22536967416D70496E76616C6964223A307D7DAF82
05-27 18:38:36.845   536   536 D commservice260303: bufferevent_write retrun value = 0
05-27 18:38:36.845   536   560 D commservice260303: client datas send succeed,send finish
05-27 18:38:36.845 13911 14192 D Sentinelmode_1.2.5.17_sentry: <SentryImuClusterFgeSender>imu_status sent to Linux, frame=237578, tsNs=10184082, tsMs=10, intervalMs=42, ad=(-6.8739057E-4,-0.0012548615,-0.16582298), gd=(-0.011223768,0.0048098145,0.002596062)
05-27 18:38:36.846   299  1163 D EvsDriver: doneWithFrame
05-27 18:38:36.848   299  1163 D EvsDriver: doneWithFrame
05-27 18:38:36.849   581   581 I SpiService: fgesysctrl_getGPIO_status success val=1
05-27 18:38:36.854 25179 25179 D libEGL  : <.service:remote>[setCacheFilename]: file=/data/user_de/0/com.anwsdk.service/code_cache/com.android.opengl.shaders_cache
05-27 18:38:36.855   581   581 I SpiService: fgesysctrl_getGPIO_status success val=1
05-27 08:29:45.819   581   581 D spi_rst_gpio_get_output: GPIO 145 value: 1
05-27 08:29:45.819   581   581 D spidev_ioctl: gpio status=1)
05-27 18:38:36.860   581   581 I SpiService: fgesysctrl_getGPIO_status success val=1
05-27 18:38:36.860 13911 14183 I SentryImuMcuAngleSender: 179.98949rollDeg
05-27 18:38:36.861 13911 14183 I SentryImuMcuAngleSender: 1,0,0
05-27 08:29:45.825   581   581 D spi_rst_gpio_get_output: GPIO 145 value: 1
05-27 08:29:45.825   581   581 D spidev_ioctl: gpio status=1)
05-27 18:38:36.863 30773 30786 I dvr_service_: CameraX 0  audioOK: 86976000,audios:1360
05-27 18:38:36.866   581   581 I SpiService: fgesysctrl_getGPIO_status success val=0
05-27 08:29:45.830   581   581 D spi_rst_gpio_get_output: GPIO 145 value: 0
05-27 08:29:45.830   581   581 D spidev_ioctl: gpio status=0)
05-27 18:38:36.868 25179 25179 D NetworkSecurityConfig: No Network Security Config specified, using platform default
05-27 18:38:36.870 25179 25179 D NetworkSecurityConfig: No Network Security Config specified, using platform default
05-27 18:38:36.873   283   307 I rvcservice: t.code = 2, t.value = 9975939
05-27 18:38:36.873  1008 30856 D [OMXB]  : usingANWBuffer: handle:0xee744790, format:1, w:1920, h:1080
05-27 18:38:36.877   299 30841 D EvsDriver: forwardFrame
05-27 18:38:36.878   481   598 I mcuc    : rev,n=1,6AA681CD24000A89005901040902123456F6
05-27 18:38:36.879   351   373 D automotive.vehicle@2.0-adayo-datacomm-mcu: MCUDatacomm sendMessageFromVehicle prop: 0x89, areaId: 0x0, status: 0x59, timestamp: 0x1
05-27 18:38:36.879  1121  1144 I tboxmids_ap: [2026-05-27 18:38:36.879] [MCU RX] src=MCU dst=ZMQ len=10 type=BINARY data=00 08 59 01 04 09 02 12 34 56 
05-27 18:38:36.879   351   373 D automotive.vehicle@2.0-adayo-datacomm-mcu: MCUDatacomm 1sendMessageFromVehicle ---> type = 12 
05-27 18:38:36.880  1083  1083 I MyAppLog: [2026-05-27 18:38:36.879 I tboxap mcuCommTboxmidsRecvCb:97] [Mcu] [mcuCommTboxmidsRecvCb] recv from tboxmids, size:10
05-27 18:38:36.880   299 30841 D EvsDriver: Delivered 0xb400007b7ca56a60 as id 0
05-27 18:38:36.880  1167  1479 D evsmanagerd: /dev/video4 forwarded the buffer #0 to 0xb4000074bf5f6850 from 0xb4000074bf5f41d0
05-27 18:38:36.880  1083  1083 I MyAppLog: [2026-05-27 18:38:36.879 I tboxap mcuCommTboxmidsRecvCb:98] [Mcu] [tboxmids -> tboxap]: :00 08 59 01 04 09 02 12 34 56
05-27 18:38:36.880  1083  1083 I MyAppLog: [2026-05-27 18:38:36.879 I tboxap mcuPtlParseData:990] [Mcu] [Mcu  Parse]: (cmd):0902 (param):0902123456
05-27 18:38:36.880  1083  1083 W MyAppLog: [2026-05-27 18:38:36.879 W tboxap mcuParamDataRevPack:918] [Mcu] mcuParamDataRevPack start pack data!!!
05-27 18:38:36.880  1083  1083 W MyAppLog: [2026-05-27 18:38:36.879 W tboxap mcuHandlePowerReqInd:1739] [Mcu] [mcuHandlePowerReqInd] recv 0x0902 power req type:0x12
05-27 18:38:36.880   581   581 I SpiService: fgesysctrl_getGPIO_status success val=1
05-27 18:38:36.881 13911 14183 I SentryImuMcuAngleSender: 179.99298rollDeg
05-27 18:38:36.881 13911 14183 I SentryImuMcuAngleSender: 1,0,0
05-27 18:38:36.883   299 30844 D EvsDriver: forwardFrame
05-27 18:38:36.883   299  1163 D EvsDriver: doneWithFrame
05-27 08:29:45.845   581   581 D spi_rst_gpio_get_output: GPIO 145 value: 1
05-27 08:29:45.845   581   581 D spidev_ioctl: gpio status=1)
05-27 18:38:36.886   572   572 I Sensors : 230 GyroSensor: x:-0.010995,y:0.005192,z:0.001832
05-27 18:38:36.886   581   581 I SpiService: fgesysctrl_getGPIO_status success val=1
05-27 18:38:36.887   536   536 D commservice260303: msg.id = 1028,1
05-27 18:38:36.887   536   536 D commservice260303: i = 170, msgid = 8A000404
05-27 18:38:36.887   536   536 D commservice260303: msgid = -1979710460,did=138
05-27 18:38:36.887   536   536 D commservice260303: CommProtocolLibCmdBaseI2C::dataproc {"command":{"id":"imu_status","sub":""},"content":{"TimeStamp":10,"FrameCounter":237579,"GD_X":-0.010994902811944485,"GD_Y":0.004733873065561056,"GD_Z":0.0019079053308814764,"AD_X":0.001119852066040039,"AD_Y":-0.0012484933249652386,"AD_Z":-0.1670389175415039,"TempDsp":0,"Status":0,"CalibState":1,"SigAmpInvalid":0}},-1979710460
05-27 18:38:36.887   536   536 D commservice260303: send2Cluster len:316, 7B22636F6D6D616E64223A7B226964223A22696D755F737461747573222C22737562223A22227D2C22636F6E74656E74223A7B2254696D655374616D70223A31302C224672616D65436F756E746572223A3233373537392C2247445F58223A2D302E3031303939343930323831313934343438352C2247445F59223A302E3030343733333837333036353536313035362C2247445F5A223A302E303031393037393035333330383831343736342C2241445F58223A302E3030313131393835323036363034303033392C2241445F59223A2D302E303031323438343933333234393635323338362C2241445F5A223A2D302E313637303338393137353431353033392C2254656D70447370223A302C22537461747573223A302C2243616C69625374617465223A312C22536967416D70496E76616C6964223A307D7D, 138 
05-27 18:38:36.887   536   536 D commservice260303: Push Message into SendPool fn=-1545665792
05-27 18:38:36.887   536   536 D commservice260303: ComProtocolLibSend2Cluster::send2ClusterRaw fn=-1545665792 , len=332
05-27 18:38:36.887   536   536 D commservice260303: sendCmdToPort :332!!!
05-27 18:38:36.887   536   536 D commservice260303: send Cmd To Port ++++5AA501488A010003DFA36A16C9AC7B22636F6D6D616E64223A7B226964223A22696D755F737461747573222C22737562223A22227D2C22636F6E74656E74223A7B2254696D655374616D70223A31302C224672616D65436F756E746572223A3233373537392C2247445F58223A2D302E3031303939343930323831313934343438352C2247445F59223A302E3030343733333837333036353536313035362C2247445F5A223A302E303031393037393035333330383831343736342C2241445F58223A302E3030313131393835323036363034303033392C2241445F59223A2D302E303031323438343933333234393635323338362C2241445F5A223A2D302E313637303338393137353431353033392C2254656D70447370223A302C22537461747573223A302C2243616C69625374617465223A312C22536967416D70496E76616C6964223A307D7DACCD
05-27 18:38:36.887   536   536 D commservice260303: bufferevent_write retrun value = 0
05-27 18:38:36.887   536   560 D commservice260303: client datas send succeed,send finish
05-27 18:38:36.887  1167  1479 D evsmanagerd: /dev/video6 forwarded the buffer #0 to 0xb4000074bf5f5510 from 0xb4000074bf5f6d90
05-27 18:38:36.888   299 30844 D EvsDriver: Delivered 0xb400007b7ca56900 as id 0
05-27 08:29:45.850   581   581 D spi_rst_gpio_get_output: GPIO 145 value: 1
05-27 08:29:45.850   581   581 D spidev_ioctl: gpio status=1)
05-27 18:38:36.888 13911 14192 D Sentinelmode_1.2.5.17_sentry: <SentryImuClusterFgeSender>imu_status sent to Linux, frame=237579, tsNs=10184118, tsMs=10, intervalMs=42, ad=(0.0011198521,-0.0012484933,-0.16703892), gd=(-0.010994903,0.004733873,0.0019079053)
05-27 18:38:36.890   299  1163 D EvsDriver: doneWithFrame
05-27 18:38:36.892   581   581 I SpiService: fgesysctrl_getGPIO_status success val=1
05-27 08:29:45.856   581   581 D spi_rst_gpio_get_output: GPIO 145 value: 1
05-27 08:29:45.856   581   581 D spidev_ioctl: gpio status=1)
05-27 18:38:36.896  1008 30857 D [OMXB]  : usingANWBuffer: handle:0xee740e80, format:1, w:1920, h:1080
05-27 08:29:45.862   581   581 D spi_rst_gpio_get_output: GPIO 145 value: 1
05-27 08:29:45.862   581   581 D spidev_ioctl: gpio status=1)
05-27 18:38:36.898   581   581 I SpiService: fgesysctrl_getGPIO_status success val=1
05-27 18:38:36.902 13911 14183 I SentryImuMcuAngleSender: 179.98949rollDeg
05-27 18:38:36.902 13911 14183 I SentryImuMcuAngleSender: 1,0,0
05-27 18:38:36.903   581   581 I SpiService: fgesysctrl_getGPIO_status success val=1
05-27 08:29:45.868   581   581 D spi_rst_gpio_get_output: GPIO 145 value: 1
05-27 08:29:45.868   581   581 D spidev_ioctl: gpio status=1)
05-27 18:38:36.906   299 30841 D EvsDriver: forwardFrame
05-27 18:38:36.908  1167  1479 D evsmanagerd: /dev/video4 forwarded the buffer #0 to 0xb4000074bf5f6850 from 0xb4000074bf5f41d0
05-27 18:38:36.909   299 30841 D EvsDriver: Delivered 0xb400007b7ca56a60 as id 0
05-27 18:38:36.909   581   581 I SpiService: fgesysctrl_getGPIO_status success val=0
05-27 18:38:36.910   481   597 I mcuc    : send SPI:6AA602CD240002890082
05-27 18:38:36.912   299  1163 D EvsDriver: doneWithFrame
05-27 18:38:36.912  1008 30856 D [OMXB]  : usingANWBuffer: handle:0xee7428a0, format:1, w:1920, h:1080
05-27 08:29:45.874   581   581 D spi_rst_gpio_get_output: GPIO 145 value: 0
05-27 08:29:45.874   581   581 D spidev_ioctl: gpio status=0)
05-27 18:38:36.914 25179 25179 I ANWJNI_SECOND: +++ JNI_OnLoad
05-27 18:38:36.914 25179 25179 I ANWJNI_SECOND: +++ registerNativeMethods
05-27 18:38:36.914 25179 25179 I ANWJNI_SECOND: numMethods = 245
05-27 18:38:36.915   299 30844 D EvsDriver: forwardFrame
05-27 18:38:36.916 25179 25179 I ANWJNI_SECOND: --- registerNativeMethods
05-27 18:38:36.916   299 30844 D EvsDriver: Delivered 0xb400007b7ca56900 as id 0
05-27 18:38:36.916  1167  1479 D evsmanagerd: /dev/video6 forwarded the buffer #0 to 0xb4000074bf5f5510 from 0xb4000074bf5f6d90
05-27 18:38:36.917 25179 25179 D ANWJNI_SECOND: (25179|0x5467E4F8)[BTAPP] read XML config file
05-27 18:38:36.917 25179 25179 D ANWJNI_SECOND: 
05-27 18:38:36.917 25179 25179 D ANWJNI_SECOND: (25179|0x5467E4F8)[BTAPP] run Read (/system/etc/bluetooth/btmonitor-config_second.xml) Start
05-27 18:38:36.917 25179 25179 D ANWJNI_SECOND: 
05-27 18:38:36.918 25179 25179 D ANWJNI_SECOND: (25179|0x5467E4F8)[BTAPP] run Read (btmonitor-config.xml) source_data != NULL
05-27 18:38:36.918 25179 25179 D ANWJNI_SECOND: 
05-27 18:38:36.918 25179 25179 D ANWJNI_SECOND: (25179|0x5467E4F8)[BTAPP] XML : find HID setting
05-27 18:38:36.918 25179 25179 D ANWJNI_SECOND: 
05-27 18:38:36.918 25179 25179 D ANWJNI_SECOND: (25179|0x5467E4F8)[BTAPP] HID set(close)
05-27 18:38:36.918 25179 25179 D ANWJNI_SECOND: 
05-27 18:38:36.918 25179 25179 D ANWJNI_SECOND: (25179|0x5467E4F8)[BTAPP] XML : find SPP setting
05-27 18:38:36.918 25179 25179 D ANWJNI_SECOND: 
05-27 18:38:36.918 25179 25179 D ANWJNI_SECOND: (25179|0x5467E4F8)[BTAPP] SPP set(close)
05-27 18:38:36.918 25179 25179 D ANWJNI_SECOND: 
05-27 18:38:36.918 30773 30789 I dvr_service_: Camera 1: MediaOK:87028903, frames:2050, isKeyFrame:0,pts:10183937155
05-27 18:38:36.918 25179 25179 D ANWJNI_SECOND: (25179|0x5467E4F8)[BTAPP] XML : find PINCode setting
05-27 18:38:36.918 25179 25179 D ANWJNI_SECOND: 
05-27 18:38:36.918 25179 25179 D ANWJNI_SECOND: (25179|0x5467E4F8)[BTAPP] PinCode set(close)
05-27 18:38:36.918 25179 25179 D ANWJNI_SECOND: 
05-27 18:38:36.918 25179 25179 D ANWJNI_SECOND: (25179|0x5467E4F8)[BTAPP] get setpincode data fail
05-27 18:38:36.918 25179 25179 D ANWJNI_SECOND: 
05-27 18:38:36.918 25179 25179 D ANWJNI_SECOND: (25179|0x5467E4F8)[BTAPP] get set_legacy_pin data fail
05-27 18:38:36.918 25179 25179 D ANWJNI_SECOND: 
05-27 18:38:36.918 25179 25179 D ANWJNI_SECOND: (25179|0x5467E4F8)[BTAPP] XML : find spp_uuid setting
05-27 18:38:36.918 25179 25179 D ANWJNI_SECOND: 
05-27 18:38:36.918 25179 25179 D ANWJNI_SECOND: (25179|0x5467E4F8)[BTAPP] XML : ca_spp_uuid len(32)
05-27 18:38:36.918 25179 25179 D ANWJNI_SECOND: 
05-27 18:38:36.919 25179 25179 D ANWJNI_SECOND: (25179|0x5467E4F8)[BTAPP] XML : SPP_UUID_fromXML len(16):(
05-27 18:38:36.919 25179 25179 D ANWJNI_SECOND: (25179|0x5467E4F8)[BTAPP] 0xfa 
05-27 18:38:36.919 25179 25179 D ANWJNI_SECOND: (25179|0x5467E4F8)[BTAPP] 0xeb 
05-27 18:38:36.919 25179 25179 D ANWJNI_SECOND: (25179|0x5467E4F8)[BTAPP] 0xdc 
05-27 18:38:36.919 25179 25179 D ANWJNI_SECOND: (25179|0x5467E4F8)[BTAPP] 0x12 
05-27 18:38:36.919 25179 25179 D ANWJNI_SECOND: (25179|0x5467E4F8)[BTAPP] 0x7 
05-27 18:38:36.919 25179 25179 D ANWJNI_SECOND: (25179|0x5467E4F8)[BTAPP] 0x2c 
05-27 18:38:36.919   299  1163 D EvsDriver: doneWithFrame
05-27 18:38:36.919 25179 25179 D ANWJNI_SECOND: (25179|0x5467E4F8)[BTAPP] 0xb0 
05-27 18:38:36.919 25179 25179 D ANWJNI_SECOND: (25179|0x5467E4F8)[BTAPP] 0xa4 
05-27 18:38:36.919 25179 25179 D ANWJNI_SECOND: (25179|0x5467E4F8)[BTAPP] 0x10 
05-27 18:38:36.919 25179 25179 D ANWJNI_SECOND: (25179|0x5467E4F8)[BTAPP] 0xa 
05-27 18:38:36.919 25179 25179 D ANWJNI_SECOND: (25179|0x5467E4F8)[BTAPP] 0x5a 
05-27 18:38:36.919 25179 25179 D ANWJNI_SECOND: (25179|0x5467E4F8)[BTAPP] 0x61 
05-27 18:38:36.919 25179 25179 D ANWJNI_SECOND: (25179|0x5467E4F8)[BTAPP] 0x8d 
05-27 18:38:36.919 25179 25179 D ANWJNI_SECOND: (25179|0x5467E4F8)[BTAPP] 0xc9 
05-27 18:38:36.919 25179 25179 D ANWJNI_SECOND: (25179|0x5467E4F8)[BTAPP] 0x40 
05-27 18:38:36.919 25179 25179 D ANWJNI_SECOND: (25179|0x5467E4F8)[BTAPP] 0x1c 
05-27 18:38:36.919 25179 25179 D ANWJNI_SECOND: (25179|0x5467E4F8)[BTAPP] )
05-27 18:38:36.919 25179 25179 D ANWJNI_SECOND: 
05-27 18:38:36.919 25179 25179 D ANWJNI_SECOND: (25179|0x5467E4F8)[BTAPP] XML : find Apple spp_uuid setting
05-27 18:38:36.919 25179 25179 D ANWJNI_SECOND: 
05-27 18:38:36.919 25179 25179 D ANWJNI_SECOND: (25179|0x5467E4F8)[BTAPP] XML : Apple ca_spp_uuid len(32)
05-27 18:38:36.919 25179 25179 D ANWJNI_SECOND: 
05-27 18:38:36.920 25179 25179 D ANWJNI_SECOND: (25179|0x5467E4F8)[BTAPP] XML : Apple SPP_UUID_fromXML len(16):(
05-27 18:38:36.920 25179 25179 D ANWJNI_SECOND: (25179|0x5467E4F8)[BTAPP] 0x0 
05-27 18:38:36.920 25179 25179 D ANWJNI_SECOND: (25179|0x5467E4F8)[BTAPP] 0x0 
05-27 18:38:36.920 25179 25179 D ANWJNI_SECOND: (25179|0x5467E4F8)[BTAPP] 0x0 
05-27 18:38:36.920 25179 25179 D ANWJNI_SECOND: (25179|0x5467E4F8)[BTAPP] 0x0 
05-27 18:38:36.920 25179 25179 D ANWJNI_SECOND: (25179|0x5467E4F8)[BTAPP] 0xde 
05-27 18:38:36.920 25179 25179 D ANWJNI_SECOND: (25179|0x5467E4F8)[BTAPP] 0xca 
05-27 18:38:36.920 25179 25179 D ANWJNI_SECOND: (25179|0x5467E4F8)[BTAPP] 0xfa 
05-27 18:38:36.920 25179 25179 D ANWJNI_SECOND: (25179|0x5467E4F8)[BTAPP] 0xde 
05-27 18:38:36.920 25179 25179 D ANWJNI_SECOND: (25179|0x5467E4F8)[BTAPP] 0xde 
05-27 18:38:36.920 25179 25179 D ANWJNI_SECOND: (25179|0x5467E4F8)[BTAPP] 0xca 
05-27 18:38:36.920 25179 25179 D ANWJNI_SECOND: (25179|0x5467E4F8)[BTAPP] 0xde 
05-27 18:38:36.920 25179 25179 D ANWJNI_SECOND: (25179|0x5467E4F8)[BTAPP] 0xaf 
05-27 18:38:36.921 25179 25179 D ANWJNI_SECOND: (25179|0x5467E4F8)[BTAPP] 0xde 
05-27 18:38:36.921 25179 25179 D ANWJNI_SECOND: (25179|0x5467E4F8)[BTAPP] 0xca 
05-27 18:38:36.921 25179 25179 D ANWJNI_SECOND: (25179|0x5467E4F8)[BTAPP] 0xca 
05-27 18:38:36.921 25179 25179 D ANWJNI_SECOND: (25179|0x5467E4F8)[BTAPP] 0xfe 
05-27 18:38:36.922 25179 25179 D ANWJNI_SECOND: (25179|0x5467E4F8)[BTAPP] )
05-27 18:38:36.922 25179 25179 D ANWJNI_SECOND: 
05-27 18:38:36.922 25179 25179 D ANWJNI_SECOND: (25179|0x5467E4F8)[BTAPP] XML : find calllogsize setting
05-27 18:38:36.922 25179 25179 D ANWJNI_SECOND: 
05-27 18:38:36.922 25179 25179 D ANWJNI_SECOND: (25179|0x5467E4F8)[BTAPP] XML : find ca_calllogsize(100)(100)
05-27 18:38:36.922 25179 25179 D ANWJNI_SECOND: 
05-27 18:38:36.922 25179 25179 D ANWJNI_SECOND: (25179|0x5467E4F8)[BTAPP] get contactssize data fail
05-27 18:38:36.922 25179 25179 D ANWJNI_SECOND: 
05-27 18:38:36.922 25179 25179 D ANWJNI_SECOND: (25179|0x5467E4F8)[BTAPP] get mincallsize data fail
05-27 18:38:36.922 25179 25179 D ANWJNI_SECOND: 
05-27 18:38:36.922 25179 25179 D ANWJNI_SECOND: (25179|0x5467E4F8)[BTAPP] XML : find voice setting
05-27 18:38:36.922 25179 25179 D ANWJNI_SECOND: 
05-27 18:38:36.922 25179 25179 D ANWJNI_SECOND: (25179|0x5467E4F8)[BTAPP] voice set(close)
05-27 18:38:36.922 25179 25179 D ANWJNI_SECOND: 
05-27 18:38:36.922 13911 14183 I SentryImuMcuAngleSender: 179.97897rollDeg
05-27 18:38:36.922 25179 25179 D ANWJNI_SECOND: (25179|0x5467E4F8)[BTAPP] XML : find voicedelay setting
05-27 18:38:36.922 25179 25179 D ANWJNI_SECOND: 
05-27 18:38:36.922 13911 14183 I SentryImuMcuAngleSender: 1,0,0
05-27 18:38:36.922 25179 25179 D ANWJNI_SECOND: (25179|0x5467E4F8)[BTAPP] voicedelay set(close)
05-27 18:38:36.922 25179 25179 D ANWJNI_SECOND: 
05-27 18:38:36.922 25179 25179 D ANWJNI_SECOND: (25179|0x5467E4F8)[BTAPP] get wechatvoice data fail
05-27 18:38:36.922 25179 25179 D ANWJNI_SECOND: 
05-27 18:38:36.922 25179 25179 D ANWJNI_SECOND: (25179|0x5467E4F8)[BTAPP] XML : pair any way
05-27 18:38:36.922 25179 25179 D ANWJNI_SECOND: 
05-27 18:38:36.922 25179 25179 D ANWJNI_SECOND: (25179|0x5467E4F8)[BTAPP] pairing need confirmation  accept
05-27 18:38:36.922 25179 25179 D ANWJNI_SECOND: 
05-27 18:38:36.922 25179 25179 D ANWJNI_SECOND: (25179|0x5467E4F8)[BTAPP] get use_combine data fail
05-27 18:38:36.922 25179 25179 D ANWJNI_SECOND: 
05-27 18:38:36.922 25179 25179 D ANWJNI_SECOND: (25179|0x5467E4F8)[BTAPP] XML : select pbap_photo or not
05-27 18:38:36.922 25179 25179 D ANWJNI_SECOND: 
05-27 18:38:36.923 25179 25179 D ANWJNI_SECOND: (25179|0x5467E4F8)[BTAPP] select pbap_photo
05-27 18:38:36.923 25179 25179 D ANWJNI_SECOND: 
05-27 18:38:36.923 25179 25179 D ANWJNI_SECOND: (25179|0x5467E4F8)[BTAPP] XML : select pbap_email or not
05-27 18:38:36.923 25179 25179 D ANWJNI_SECOND: 
05-27 18:38:36.923 25179 25179 D ANWJNI_SECOND: (25179|0x5467E4F8)[BTAPP] select pbap_email
05-27 18:38:36.923 25179 25179 D ANWJNI_SECOND: 
05-27 18:38:36.923 25179 25179 D ANWJNI_SECOND: (25179|0x5467E4F8)[BTAPP] XML : select pbap_adr or not
05-27 18:38:36.923 25179 25179 D ANWJNI_SECOND: 
05-27 18:38:36.923 25179 25179 D ANWJNI_SECOND: (25179|0x5467E4F8)[BTAPP] select pbap_adr
05-27 18:38:36.923 25179 25179 D ANWJNI_SECOND: 
05-27 18:38:36.923 25179 25179 D ANWJNI_SECOND: (25179|0x5467E4F8)[BTAPP] XML : select pbap_url or not
05-27 18:38:36.923 25179 25179 D ANWJNI_SECOND: 
05-27 18:38:36.923 25179 25179 D ANWJNI_SECOND: (25179|0x5467E4F8)[BTAPP] select pbap_url
05-27 18:38:36.923 25179 25179 D ANWJNI_SECOND: 
05-27 18:38:36.923 25179 25179 D ANWJNI_SECOND: (25179|0x5467E4F8)[BTAPP] get volume_control data fail
05-27 18:38:36.923 25179 25179 D ANWJNI_SECOND: 
05-27 08:29:45.889   581   581 D spi_rst_gpio_get_output: GPIO 145 value: 1
05-27 08:29:45.889   581   581 D spidev_ioctl: gpio status=1)
05-27 18:38:36.923 25179 25179 D ANWJNI_SECOND: (25179|0x5467E4F8)[BTAPP] get carplay data fail
05-27 18:38:36.923 25179 25179 D ANWJNI_SECOND: 
05-27 18:38:36.923 25179 25179 D ANWJNI_SECOND: (25179|0x5467E4F8)[BTAPP] XML : select socket or not
05-27 18:38:36.923 25179 25179 D ANWJNI_SECOND: 
05-27 18:38:36.923 25179 25179 D ANWJNI_SECOND: (25179|0x5467E4F8)[BTAPP]  support socket
05-27 18:38:36.923 25179 25179 D ANWJNI_SECOND: 
05-27 18:38:36.923 25179 25179 D ANWJNI_SECOND: (25179|0x5467E4F8)[BTAPP] get androidauto data fail
05-27 18:38:36.923 25179 25179 D ANWJNI_SECOND: 
05-27 18:38:36.923 25179 25179 D ANWJNI_SECOND: (25179|0x5467E4F8)[BTAPP] get auto_transfer data fail
05-27 18:38:36.923 25179 25179 D ANWJNI_SECOND: 
05-27 18:38:36.923 25179 25179 D ANWJNI_SECOND: (25179|0x5467E4F8)[BTAPP] get audio_dsp_mute data fail
05-27 18:38:36.923 25179 25179 D ANWJNI_SECOND: 
05-27 18:38:36.923 25179 25179 D ANWJNI_SECOND: (25179|0x5467E4F8)[BTAPP] get audio_dsp_delay data fail
05-27 18:38:36.923 25179 25179 D ANWJNI_SECOND: 
05-27 18:38:36.923 25179 25179 D ANWJNI_SECOND: (25179|0x5467E4F8)[BTAPP] XML : hfp_audio_driver_open 
05-27 18:38:36.923 25179 25179 D ANWJNI_SECOND: 
05-27 18:38:36.923 25179 25179 D ANWJNI_SECOND: (25179|0x5467E4F8)[BTAPP] hfp audio driver close
05-27 18:38:36.923 25179 25179 D ANWJNI_SECOND: 
05-27 18:38:36.924 25179 25179 D ANWJNI_SECOND: (25179|0x5467E4F8)[BTAPP] XML : hfp_wbs_open_data 
05-27 18:38:36.924 25179 25179 D ANWJNI_SECOND: 
05-27 18:38:36.924 25179 25179 D ANWJNI_SECOND: (25179|0x5467E4F8)[BTAPP] hfp wbs enable
05-27 18:38:36.924 25179 25179 D ANWJNI_SECOND: 
05-27 18:38:36.924 25179 25179 D ANWJNI_SECOND: (25179|0x5467E4F8)[BTAPP] get avrcp_browsing_open data fail
05-27 18:38:36.924 25179 25179 D ANWJNI_SECOND: 
05-27 18:38:36.924 25179 25179 D ANWJNI_SECOND: (25179|0x5467E4F8)[BTAPP] get connect_special_profile_id data fail
05-27 18:38:36.924 25179 25179 D ANWJNI_SECOND: 
05-27 18:38:36.924 25179 25179 D ANWJNI_SECOND: (25179|0x5467E4F8)[BTAPP] XML : connect_single_profile 
05-27 18:38:36.924 25179 25179 D ANWJNI_SECOND: 
05-27 18:38:36.924 25179 25179 D ANWJNI_SECOND: (25179|0x5467E4F8)[BTAPP] connect_single_profile open
05-27 18:38:36.924 25179 25179 D ANWJNI_SECOND: 
05-27 18:38:36.924 25179 25179 D ANWJNI_SECOND: (25179|0x5467E4F8)[BTAPP] XML : find waveout_pre_buffer_count setting
05-27 18:38:36.924 25179 25179 D ANWJNI_SECOND: 
05-27 18:38:36.924 25179 25179 D ANWJNI_SECOND: (25179|0x5467E4F8)[BTAPP] XML : set waveout_pre_buffer_count success(101)
05-27 18:38:36.924 25179 25179 D ANWJNI_SECOND: 
05-27 18:38:36.924 25179 25179 D ANWJNI_SECOND: (25179|0x5467E4F8)[BTAPP] XML : find waveout_pre_buffer_count setting
05-27 18:38:36.924 25179 25179 D ANWJNI_SECOND: 
05-27 18:38:36.924 25179 25179 D ANWJNI_SECOND: (25179|0x5467E4F8)[BTAPP] XML : set local_music_pre_buffer_count success(40)
05-27 18:38:36.924 25179 25179 D ANWJNI_SECOND: 
05-27 18:38:36.924 25179 25179 D ANWJNI_SECOND: (25179|0x5467E4F8)[BTAPP] XML : inband_ring 
05-27 18:38:36.924 25179 25179 D ANWJNI_SECOND: 
05-27 18:38:36.924 25179 25179 D ANWJNI_SECOND: (25179|0x5467E4F8)[BTAPP] inband_ring open
05-27 18:38:36.924 25179 25179 D ANWJNI_SECOND: 
05-27 18:38:36.924   581   581 I SpiService: fgesysctrl_getGPIO_status success val=1
05-27 18:38:36.924 25179 25179 D ANWJNI_SECOND: (25179|0x5467E4F8)[BTAPP] XML : find map_download_max_size setting
05-27 18:38:36.924 25179 25179 D ANWJNI_SECOND: 
05-27 18:38:36.925 25179 25179 D ANWJNI_SECOND: (25179|0x5467E4F8)[BTAPP] XML : set map_download_max_size failed(20)
05-27 18:38:36.925 25179 25179 D ANWJNI_SECOND: 
05-27 18:38:36.925 25179 25179 D ANWJNI_SECOND: (25179|0x5467E4F8)[BTAPP] XML : stack debug
05-27 18:38:36.925 25179 25179 D ANWJNI_SECOND: 
05-27 18:38:36.925 25179 25179 D ANWJNI_SECOND: (25179|0x5467E4F8)[BTAPP] XML : stack debug open
05-27 18:38:36.925 25179 25179 D ANWJNI_SECOND: 
05-27 18:38:36.925 25179 25179 D ANWAPI_SECOND: (25179|0x5467E4F8)[BTAPI] >>>AnWBT_Usr_DebugLog
05-27 18:38:36.925 25179 25179 D ANWAPI_SECOND: (25179|0x5467E4F8)[BTAPI] <<<<AnWBT_Usr_DebugLog: ret=0
05-27 18:38:36.925 25179 25179 D ANWJNI_SECOND: (25179|0x5467E4F8)[BTAPP] XML : app debug
05-27 18:38:36.925 25179 25179 D ANWJNI_SECOND: 
05-27 18:38:36.925 25179 25179 D ANWJNI_SECOND: (25179|0x5467E4F8)[BTAPP] XML : app debug open
05-27 18:38:36.925 25179 25179 D ANWJNI_SECOND: 
05-27 18:38:36.925 25179 25179 D ANWJNI_SECOND: (25179|0x5467E4F8)[BTAPP] XML : api debug
05-27 18:38:36.925 25179 25179 D ANWJNI_SECOND: 
05-27 18:38:36.925   536   536 D commservice260303: msg.id = 1028,0
05-27 18:38:36.925 25179 25179 D ANWJNI_SECOND: (25179|0x5467E4F8)[BTAPP] XML : api debug open
05-27 18:38:36.925 25179 25179 D ANWJNI_SECOND: 
05-27 18:38:36.925   536   536 D commservice260303: i = 170, msgid = 8A000404
05-27 18:38:36.925   536   536 D commservice260303: msgid = -1979710460,did=138
05-27 18:38:36.925   536   536 D commservice260303: CommProtocolLibCmdBaseI2C::dataproc {"command":{"id":"imu_status","sub":""},"content":{"TimeStamp":10,"FrameCounter":237580,"GD_X":-0.01221725158393383,"GD_Y":0.005573912989348173,"GD_Z":0.0022902146447449923,"AD_X":-0.0019504725933074951,"AD_Y":0.0011849245056509972,"AD_Z":-0.1652078628540039,"TempDsp":0,"Status":0,"CalibState":1,"SigAmpInvalid":0}},-1979710460
05-27 18:38:36.925 25179 25179 D ANWJNI_SECOND: (25179|0x5467E4F8)[BTAPP] XML : hfp debug
05-27 18:38:36.925 25179 25179 D ANWJNI_SECOND: 
05-27 18:38:36.925 25179 25179 D ANWJNI_SECOND: (25179|0x5467E4F8)[BTAPP] XML : hfp debug open
05-27 18:38:36.925 25179 25179 D ANWJNI_SECOND: 
05-27 18:38:36.925   536   536 D commservice260303: send2Cluster len:316, 7B22636F6D6D616E64223A7B226964223A22696D755F737461747573222C22737562223A22227D2C22636F6E74656E74223A7B2254696D655374616D70223A31302C224672616D65436F756E746572223A3233373538302C2247445F58223A2D302E30313232313732353135383339333338332C2247445F59223A302E3030353537333931323938393334383137332C2247445F5A223A302E303032323930323134363434373434393932332C2241445F58223A2D302E303031393530343732353933333037343935312C2241445F59223A302E303031313834393234353035363530393937322C2241445F5A223A2D302E313635323037383632383534303033392C2254656D70447370223A302C22537461747573223A302C2243616C69625374617465223A312C22536967416D70496E76616C6964223A307D7D, 138 
05-27 18:38:36.926 25179 25179 D ANWJNI_SECOND: (25179|0x5467E4F8)[BTAPP] XML : a2dp debug
05-27 18:38:36.926 25179 25179 D ANWJNI_SECOND: 
05-27 18:38:36.926   536   536 D commservice260303: Push Message into SendPool fn=-1528888576
05-27 18:38:36.926   536   536 D commservice260303: ComProtocolLibSend2Cluster::send2ClusterRaw fn=-1528888576 , len=332
05-27 18:38:36.926 25179 25179 D ANWJNI_SECOND: (25179|0x5467E4F8)[BTAPP] XML : a2dp debug open
05-27 18:38:36.926 25179 25179 D ANWJNI_SECOND: 
05-27 18:38:36.926   536   536 D commservice260303: sendCmdToPort :332!!!
05-27 18:38:36.926 25179 25179 D ANWJNI_SECOND: (25179|0x5467E4F8)[BTAPP] XML : waveout debug
05-27 18:38:36.926 25179 25179 D ANWJNI_SECOND: 
05-27 18:38:36.926   536   536 D commservice260303: send Cmd To Port ++++5AA501488A010003DFA46A16C9AC7B22636F6D6D616E64223A7B226964223A22696D755F737461747573222C22737562223A22227D2C22636F6E74656E74223A7B2254696D655374616D70223A31302C224672616D65436F756E746572223A3233373538302C2247445F58223A2D302E30313232313732353135383339333338332C2247445F59223A302E3030353537333931323938393334383137332C2247445F5A223A302E303032323930323134363434373434393932332C2241445F58223A2D302E303031393530343732353933333037343935312C2241445F59223A302E303031313834393234353035363530393937322C2241445F5A223A2D302E313635323037383632383534303033392C2254656D70447370223A302C22537461747573223A302C2243616C69625374617465223A312C22536967416D70496E76616C6964223A307D7DEA78
05-27 18:38:36.926 25179 25179 D ANWJNI_SECOND: (25179|0x5467E4F8)[BTAPP] XML : waveout debug open
05-27 18:38:36.926 25179 25179 D ANWJNI_SECOND: 
05-27 18:38:36.926 25179 25179 D ANWJNI_SECOND: (25179|0x5467E4F8)[BTAPP] XML : avrcp debug
05-27 18:38:36.926 25179 25179 D ANWJNI_SECOND: 
05-27 18:38:36.926   536   536 D commservice260303: bufferevent_write retrun value = 0
05-27 18:38:36.926 25179 25179 D ANWJNI_SECOND: (25179|0x5467E4F8)[BTAPP] XML : avrcp debug open
05-27 18:38:36.926 25179 25179 D ANWJNI_SECOND: 
05-27 18:38:36.926 25179 25179 D ANWJNI_SECOND: (25179|0x5467E4F8)[BTAPP] XML : pbap debug
05-27 18:38:36.926 25179 25179 D ANWJNI_SECOND: 
05-27 18:38:36.926   536   560 D commservice260303: client datas send succeed,send finish
05-27 18:38:36.926 25179 25179 D ANWJNI_SECOND: (25179|0x5467E4F8)[BTAPP] XML : pbap debug open
05-27 18:38:36.926 25179 25179 D ANWJNI_SECOND: 
05-27 18:38:36.926 25179 25179 D ANWJNI_SECOND: (25179|0x5467E4F8)[BTAPP] XML : map debug
05-27 18:38:36.926 25179 25179 D ANWJNI_SECOND: 
05-27 18:38:36.926 25179 25179 D ANWJNI_SECOND: (25179|0x5467E4F8)[BTAPP] XML : map debug open
05-27 18:38:36.926 25179 25179 D ANWJNI_SECOND: 
05-27 18:38:36.926 13911 14192 D Sentinelmode_1.2.5.17_sentry: <SentryImuClusterFgeSender>imu_status sent to Linux, frame=237580, tsNs=10184171, tsMs=10, intervalMs=39, ad=(-0.0019504726,0.0011849245,-0.16520786), gd=(-0.012217252,0.005573913,0.0022902146)
05-27 18:38:36.926 25179 25179 D ANWJNI_SECOND: (25179|0x5467E4F8)[BTAPP] get debug_iap data fail
05-27 18:38:36.926 25179 25179 D ANWJNI_SECOND: 
05-27 18:38:36.926 25179 25179 D ANWJNI_SECOND: (25179|0x5467E4F8)[BTAPP] XML : btsnoop
05-27 18:38:36.926 25179 25179 D ANWJNI_SECOND: 
05-27 18:38:36.926 25179 25179 D ANWJNI_SECOND: (25179|0x5467E4F8)[BTAPP] XML : btsnoop open
05-27 18:38:36.926 25179 25179 D ANWJNI_SECOND: 
05-27 18:38:36.926 25179 25179 D ANWJNI_SECOND: (25179|0x5467E4F8)[BTAPP] XML : file_path 
05-27 18:38:36.926 25179 25179 D ANWJNI_SECOND: 
05-27 18:38:36.927 25179 25179 D ANWJNI_SECOND: (25179|0x5467E4F8)[BTAPP] XML : file_path /data/misc/anw/ is exist,so break
05-27 18:38:36.927 25179 25179 D ANWJNI_SECOND: 
05-27 18:38:36.927 25179 25179 D ANW_AVRCP_SECOND: AnWBT_Set_Storage_Path path /data/misc/anw/
05-27 18:38:36.927 25179 25179 D ANWJNI_SECOND: (25179|0x5467E4F8)[BTAPP] XML : btsnoop_file_path 
05-27 18:38:36.927 25179 25179 D ANWJNI_SECOND: 
05-27 18:38:36.927 25179 25179 D ANWJNI_SECOND: (25179|0x5467E4F8)[BTAPP] XML : btsnoop_path /data/misc/anw/logs/ is exist,so break
05-27 18:38:36.927 25179 25179 D ANWJNI_SECOND: 
05-27 18:38:36.927 25179 25179 D ANWJNI_SECOND: (25179|0x5467E4F8)[BTAPP] XML : find btsnoop_file_size_MB setting
05-27 18:38:36.927 25179 25179 D ANWJNI_SECOND: 
05-27 18:38:36.927 25179 25179 D ANWJNI_SECOND: (25179|0x5467E4F8)[BTAPP] XML : find maxBtSnoopFileSize_MB(100)(100)
05-27 18:38:36.927 25179 25179 D ANWJNI_SECOND: 
05-27 18:38:36.927 25179 25179 D ANWJNI_SECOND: (25179|0x5467E4F8)[BTAPP] XML : find rfkillstate_path:/sys/class/gpio/gpio142/value
05-27 18:38:36.927 25179 25179 D ANWJNI_SECOND: 
05-27 18:38:36.927 25179 25179 D ANWAPI_SECOND: (25179|0x5467E4F8)[BTAPI] AnW_BT_SetRfkillStatePath
05-27 18:38:36.927 25179 25179 D ANWJNI_SECOND: (25179|0x5467E4F8)[BTAPP] get dump_pcm data fail
05-27 18:38:36.927 25179 25179 D ANWJNI_SECOND: 
05-27 18:38:36.927 25179 25179 D ANWJNI_SECOND: (25179|0x5467E4F8)[BTAPP] XML : accept_avrcp_ct_control
05-27 18:38:36.927 25179 25179 D ANWJNI_SECOND: 
05-27 18:38:36.927 25179 25179 D ANWJNI_SECOND: (25179|0x5467E4F8)[BTAPP] XML : accept_avrcp_ct_control close
05-27 18:38:36.927 25179 25179 D ANWJNI_SECOND: 
05-27 18:38:36.928 25179 25179 D ANWJNI_SECOND: (25179|0x5467E4F8)[BTAPP] XML : find maxHFPAGConnNum setting
05-27 18:38:36.928 25179 25179 D ANWJNI_SECOND: 
05-27 18:38:36.928 25179 25179 D ANWJNI_SECOND: (25179|0x5467E4F8)[BTAPP] XML : find maxHFPAGConnNum(2)(2)
05-27 18:38:36.928 25179 25179 D ANWJNI_SECOND: 
05-27 18:38:36.928 25179 25179 D ANWJNI_SECOND: (25179|0x5467E4F8)[BTAPP] XML : find maxHFPHFConnNum setting
05-27 18:38:36.928 25179 25179 D ANWJNI_SECOND: 
05-27 18:38:36.928 25179 25179 D ANWJNI_SECOND: (25179|0x5467E4F8)[BTAPP] XML : find maxHFPHFConnNum(0)(0)
05-27 18:38:36.928 25179 25179 D ANWJNI_SECOND: 
05-27 18:38:36.928 25179 25179 D ANWJNI_SECOND: (25179|0x5467E4F8)[BTAPP] XML : find maxPBAPConnNum setting
05-27 18:38:36.928 25179 25179 D ANWJNI_SECOND: 
05-27 18:38:36.928 25179 25179 D ANWJNI_SECOND: (25179|0x5467E4F8)[BTAPP] XML : find maxPBAPConnNum(0)(0)
05-27 18:38:36.928 25179 25179 D ANWJNI_SECOND: 
05-27 18:38:36.928 25179 25179 D ANWJNI_SECOND: (25179|0x5467E4F8)[BTAPP] XML : find maxMAPConnNum setting
05-27 18:38:36.928 25179 25179 D ANWJNI_SECOND: 
05-27 18:38:36.928 25179 25179 D ANWJNI_SECOND: (25179|0x5467E4F8)[BTAPP] XML : find maxMAPConnNum(0)(0)
05-27 18:38:36.928 25179 25179 D ANWJNI_SECOND: 
05-27 18:38:36.928 25179 25179 D ANWJNI_SECOND: (25179|0x5467E4F8)[BTAPP] XML : find maxA2DPSinkConnNum setting
05-27 18:38:36.928 25179 25179 D ANWJNI_SECOND: 
