05-27 18:38:37.336   536   536 D commservice260303: msgid = -1979710460,did=138
05-27 18:38:37.336   536   536 D commservice260303: CommProtocolLibCmdBaseI2C::dataproc {"command":{"id":"imu_status","sub":""},"content":{"TimeStamp":10,"FrameCounter":237590,"GD_X":-0.011834942735731602,"GD_Y":0.0059551820158958435,"GD_Z":0.001679039909504354,"AD_X":-0.004359424114227295,"AD_Y":-5.9990910813212395E-5,"AD_Z":-0.1694784164428711,"TempDsp":0,"Status":0,"CalibState":1,"SigAmpInvalid":0}},-1979710460
05-27 18:38:37.336   536   536 D commservice260303: send2Cluster len:317, 7B22636F6D6D616E64223A7B226964223A22696D755F737461747573222C22737562223A22227D2C22636F6E74656E74223A7B2254696D655374616D70223A31302C224672616D65436F756E746572223A3233373539302C2247445F58223A2D302E3031313833343934323733353733313630322C2247445F59223A302E303035393535313832303135383935383433352C2247445F5A223A302E3030313637393033393930393530343335342C2241445F58223A2D302E3030343335393432343131343232373239352C2241445F59223A2D352E39393930393130383133323132333935452D352C2241445F5A223A2D302E313639343738343136343432383731312C2254656D70447370223A302C22537461747573223A302C2243616C69625374617465223A312C22536967416D70496E76616C6964223A307D7D, 138 
05-27 18:38:37.336   536   536 D commservice260303: Push Message into SendPool fn=-1361116416
05-27 18:38:37.336   536   536 D commservice260303: ComProtocolLibSend2Cluster::send2ClusterRaw fn=-1361116416 , len=333
05-27 18:38:37.336   536   536 D commservice260303: sendCmdToPort :333!!!
05-27 18:38:37.336   536   536 D commservice260303: send Cmd To Port ++++5AA501498A010003DFAE6A16C9AD7B22636F6D6D616E64223A7B226964223A22696D755F737461747573222C22737562223A22227D2C22636F6E74656E74223A7B2254696D655374616D70223A31302C224672616D65436F756E746572223A3233373539302C2247445F58223A2D302E3031313833343934323733353733313630322C2247445F59223A302E303035393535313832303135383935383433352C2247445F5A223A302E3030313637393033393930393530343335342C2241445F58223A2D302E3030343335393432343131343232373239352C2241445F59223A2D352E39393930393130383133323132333935452D352C2241445F5A223A2D302E313639343738343136343432383731312C2254656D70447370223A302C22537461747573223A302C2243616C69625374617465223A312C22536967416D70496E76616C6964223A307D7D0463
05-27 18:38:37.336   536   536 D commservice260303: bufferevent_write retrun value = 0
05-27 18:38:37.336   536   560 D commservice260303: client datas send succeed,send finish
05-27 08:29:46.298   581   581 D spi_rst_gpio_get_output: GPIO 145 value: 1
05-27 08:29:46.298   581   581 D spidev_ioctl: gpio status=1)
05-27 18:38:37.337 13911 14183 I SentryImuMcuAngleSender: 179.986rollDeg
05-27 18:38:37.337 13911 14183 I SentryImuMcuAngleSender: 1,0,0
05-27 18:38:37.339   581   581 I SpiService: fgesysctrl_getGPIO_status success val=0
05-27 18:38:37.339   299 30844 D EvsDriver: forwardFrame
05-27 18:38:37.340   299 30844 D EvsDriver: Delivered 0xb400007b7ca56900 as id 0
05-27 18:38:37.340  1167  1184 D evsmanagerd: /dev/video6 forwarded the buffer #0 to 0xb4000074bf5f5510 from 0xb4000074bf5f6d90
05-27 18:38:37.340   299 30841 D EvsDriver: forwardFrame
05-27 18:38:37.340  1008 30857 D [OMXB]  : usingANWBuffer: handle:0xee742a00, format:1, w:1920, h:1080
05-27 08:29:46.302 25082 25082 I iowait  : 239   50   30    0    0    0    0    0    0    0    0    0
05-27 08:29:46.303   581   581 D spi_rst_gpio_get_output: GPIO 145 value: 0
05-27 08:29:46.303   581   581 D spidev_ioctl: gpio status=0)
05-27 18:38:37.341   299 30841 D EvsDriver: Delivered 0xb400007b7ca56a60 as id 0
05-27 18:38:37.341  1167  1184 D evsmanagerd: /dev/video4 forwarded the buffer #0 to 0xb4000074bf5f6850 from 0xb4000074bf5f41d0
05-27 18:38:37.342 13911 14192 D Sentinelmode_1.2.5.17_sentry: <SentryImuClusterFgeSender>imu_status sent to Linux, frame=237590, tsNs=10184581, tsMs=10, intervalMs=46, ad=(-0.004359424,-5.999091E-5,-0.16947842), gd=(-0.011834943,0.005955182,0.0016790399)
05-27 18:38:37.348   299  1163 D EvsDriver: doneWithFrame
05-27 18:38:37.351   299  1163 D EvsDriver: doneWithFrame
05-27 08:29:46.320   581   581 D spi_rst_gpio_get_output: GPIO 145 value: 1
05-27 08:29:46.320   581   581 D spidev_ioctl: gpio status=1)
05-27 18:38:37.354  1083  1083 I MyAppLog: [2026-05-27 18:38:37.352 I tboxap mcuSendYadiTransfer:196] [Mcu] [mcuYadiSend]: :00 08 02 04 01 09 81 02 01 01
05-27 18:38:37.356   581   581 I SpiService: fgesysctrl_getGPIO_status success val=1
05-27 18:38:37.357   481   598 I mcuc    : rev,n=1,6AA681CD26006B8900A40600030A4000003419400000000040000005354000000000400059231C40000040000000000000000000000000000000000001000000000000000000000000000000000000000000000000000000000000000000000000000000000000000000000000000000000001
05-27 18:38:37.357   481   599 I mcuc    : start timer OK = 28678 
05-27 18:38:37.358   351   373 D automotive.vehicle@2.0-adayo-datacomm-mcu: MCUDatacomm sendMessageFromVehicle prop: 0x89, areaId: 0x0, status: 0xa4, timestamp: 0x6
05-27 18:38:37.358   351   373 D automotive.vehicle@2.0-adayo-datacomm-mcu: MCUDatacomm 1sendMessageFromVehicle ---> type = 3 
05-27 18:38:37.358   351   373 D automotive.vehicle@2.0-adayo-func-bcm: sendMessageFromVehicle sendMessageFromVehicle
05-27 18:38:37.358   351   516 D automotive.vehicle@2.0-adayo-func-bcm: jjfan1 ______procotolSize :38
05-27 18:38:37.358   351   516 D automotive.vehicle@2.0-adayo-func-bcm: BCMFunc sendMessageFromVehicle_l dataType: 12,mByte=7,propid=0x2140006b
05-27 18:38:37.358   351   516 D automotive.vehicle@2.0-adayo-func-bcm: BCMFunc sendMessageFromVehicle_l msgBuff[7]=0x40,start:0,len:6,temp:6,
05-27 18:38:37.358   351   516 D automotive.vehicle@2.0-adayo-func-bcm: BCMFunc sendMessageFromVehicle_l prop: 0x2140006b ,areaId: 0x0  SPLITE_BIT_DATA_INTEGER : 0
05-27 18:38:37.358   351   516 D automotive.vehicle@2.0-adayo-func-bcm: BCMFunc sendMessageFromVehicle_l id:557842539, area:0 not report! 
05-27 18:38:37.358   351   516 D automotive.vehicle@2.0-adayo-func-bcm: BCMFunc sendMessageFromVehicle_l dataType: 12,mByte=7,propid=0x2140006c
05-27 18:38:37.358   351   516 D automotive.vehicle@2.0-adayo-func-bcm: BCMFunc sendMessageFromVehicle_l msgBuff[7]=0x40,start:6,len:2,temp:2,
05-27 18:38:37.358   351   516 D automotive.vehicle@2.0-adayo-func-bcm: BCMFunc sendMessageFromVehicle_l prop: 0x2140006c ,areaId: 0x0  SPLITE_BIT_DATA_INTEGER : 1
05-27 18:38:37.358   351   516 D automotive.vehicle@2.0-adayo-func-bcm: BCMFunc sendMessageFromVehicle_l id:557842540, area:0 not report! 
05-27 18:38:37.358   351   516 D automotive.vehicle@2.0-adayo-func-bcm: BCMFunc sendMessageFromVehicle_l dataType: 12,mByte=11,propid=0x2140004a
05-27 18:38:37.358   351   516 D automotive.vehicle@2.0-adayo-func-bcm: BCMFunc sendMessageFromVehicle_l msgBuff[11]=0x19,start:0,len:32,temp:8,
05-27 18:38:37.358   351   516 D automotive.vehicle@2.0-adayo-func-bcm: BCMFunc sendMessageFromVehicle_l msgBuff[10]=0x34,start:0,len:24,temp:8,
05-27 18:38:37.358   351   516 D automotive.vehicle@2.0-adayo-func-bcm: BCMFunc sendMessageFromVehicle_l msgBuff[9]=0x0,start:0,len:16,temp:8,
05-27 18:38:37.358   351   516 D automotive.vehicle@2.0-adayo-func-bcm: BCMFunc sendMessageFromVehicle_l msgBuff[8]=0x0,start:0,len:8,temp:8,
05-27 18:38:37.358   351   516 D automotive.vehicle@2.0-adayo-func-bcm: BCMFunc sendMessageFromVehicle_l prop: 0x2140004a ,areaId: 0x0  SPLITE_BIT_DATA_INTEGER : 13337
05-27 18:38:37.358   351   516 D automotive.vehicle@2.0-adayo-func-bcm: BCMFunc sendMessageFromVehicle_l id:557842506, area:0 not report! 
05-27 18:38:37.358   351   516 D automotive.vehicle@2.0-adayo-func-bcm: BCMFunc sendMessageFromVehicle_l dataType: 12,mByte=12,propid=0x2140006d
05-27 18:38:37.358   351   516 D automotive.vehicle@2.0-adayo-func-bcm: BCMFunc sendMessageFromVehicle_l msgBuff[12]=0x40,start:0,len:6,temp:6,
05-27 18:38:37.358   351   516 D automotive.vehicle@2.0-adayo-func-bcm: BCMFunc sendMessageFromVehicle_l prop: 0x2140006d ,areaId: 0x0  SPLITE_BIT_DATA_INTEGER : 0
05-27 18:38:37.358   351   516 D automotive.vehicle@2.0-adayo-func-bcm: BCMFunc sendMessageFromVehicle_l id:557842541, area:0 not report! 
05-27 18:38:37.358   351   516 D automotive.vehicle@2.0-adayo-func-bcm: BCMFunc sendMessageFromVehicle_l dataType: 12,mByte=12,propid=0x2140006e
05-27 18:38:37.358   351   516 D automotive.vehicle@2.0-adayo-func-bcm: BCMFunc sendMessageFromVehicle_l msgBuff[12]=0x40,start:6,len:2,temp:2,
05-27 18:38:37.358   351   516 D automotive.vehicle@2.0-adayo-func-bcm: BCMFunc sendMessageFromVehicle_l prop: 0x2140006e ,areaId: 0x0  SPLITE_BIT_DATA_INTEGER : 1
05-27 18:38:37.358   351   516 D automotive.vehicle@2.0-adayo-func-bcm: BCMFunc sendMessageFromVehicle_l id:557842542, area:0 not report! 
05-27 18:38:37.358   351   516 D automotive.vehicle@2.0-adayo-func-bcm: BCMFunc sendMessageFromVehicle_l dataType: 12,mByte=16,propid=0x21600040
05-27 18:38:37.358   351   516 D automotive.vehicle@2.0-adayo-func-bcm: BCMFunc sendMessageFromVehicle_l msgBuff[16]=0x0,start:0,len:32,temp:8,
05-27 18:38:37.358   351   516 D automotive.vehicle@2.0-adayo-func-bcm: BCMFunc sendMessageFromVehicle_l msgBuff[15]=0x0,start:0,len:24,temp:8,
05-27 18:38:37.358   351   516 D automotive.vehicle@2.0-adayo-func-bcm: BCMFunc sendMessageFromVehicle_l msgBuff[14]=0x0,start:0,len:16,temp:8,
05-27 18:38:37.358   351   516 D automotive.vehicle@2.0-adayo-func-bcm: BCMFunc sendMessageFromVehicle_l msgBuff[13]=0x0,start:0,len:8,temp:8,
05-27 18:38:37.358   351   516 D automotive.vehicle@2.0-adayo-func-bcm: BCMFunc sendMessageFromVehicle_l prop: 0x21600040 , SPLITE_BIT_DATA_INTEGER1 data:0
05-27 18:38:37.358   351   516 D automotive.vehicle@2.0-adayo-func-bcm: BCMFunc sendMessageFromVehicle_l prop: 0x21600040 , SPLITE_BIT_DATA_INTEGER4 procotol.calc[0]:0.100000,procotol.calc[1]:0.000000
05-27 18:38:37.358   351   516 D automotive.vehicle@2.0-adayo-func-bcm: BCMFunc sendMessageFromVehicle_l prop: 0x21600040 ,areaId: 0x0  SPLITE_BIT_DATA_INTEGER : 0.000000,calc[0]:0.100000,calc[1]:0.000000
05-27 18:38:37.358   351   516 D automotive.vehicle@2.0-adayo-func-bcm: BCMFunc sendMessageFromVehicle_l id:559939648, area:0 not report! 
05-27 18:38:37.358   351   516 D automotive.vehicle@2.0-adayo-func-bcm: BCMFunc sendMessageFromVehicle_l dataType: 12,mByte=17,propid=0x2140006f
05-27 18:38:37.359   351   516 D automotive.vehicle@2.0-adayo-func-bcm: BCMFunc sendMessageFromVehicle_l msgBuff[17]=0x40,start:0,len:6,temp:6,
05-27 18:38:37.359   351   516 D automotive.vehicle@2.0-adayo-func-bcm: BCMFunc sendMessageFromVehicle_l prop: 0x2140006f ,areaId: 0x0  SPLITE_BIT_DATA_INTEGER : 0
05-27 18:38:37.359   351   516 D automotive.vehicle@2.0-adayo-func-bcm: BCMFunc sendMessageFromVehicle_l id:557842543, area:0 not report! 
05-27 18:38:37.359   351   516 D automotive.vehicle@2.0-adayo-func-bcm: BCMFunc sendMessageFromVehicle_l dataType: 12,mByte=17,propid=0x21400070
05-27 18:38:37.359   351   516 D automotive.vehicle@2.0-adayo-func-bcm: BCMFunc sendMessageFromVehicle_l msgBuff[17]=0x40,start:6,len:2,temp:2,
05-27 18:38:37.359   351   516 D automotive.vehicle@2.0-adayo-func-bcm: BCMFunc sendMessageFromVehicle_l prop: 0x21400070 ,areaId: 0x0  SPLITE_BIT_DATA_INTEGER : 1
05-27 18:38:37.359   351   516 D automotive.vehicle@2.0-adayo-func-bcm: BCMFunc sendMessageFromVehicle_l id:557842544, area:0 not report! 
05-27 18:38:37.359   351   516 D automotive.vehicle@2.0-adayo-func-bcm: BCMFunc sendMessageFromVehicle_l dataType: 12,mByte=21,propid=0x2160004c
05-27 18:38:37.359   351   516 D automotive.vehicle@2.0-adayo-func-bcm: BCMFunc sendMessageFromVehicle_l msgBuff[21]=0x35,start:0,len:32,temp:8,
05-27 18:38:37.359   351   516 D automotive.vehicle@2.0-adayo-func-bcm: BCMFunc sendMessageFromVehicle_l msgBuff[20]=0x5,start:0,len:24,temp:8,
05-27 18:38:37.359   351   516 D automotive.vehicle@2.0-adayo-func-bcm: BCMFunc sendMessageFromVehicle_l msgBuff[19]=0x0,start:0,len:16,temp:8,
05-27 18:38:37.359   351   516 D automotive.vehicle@2.0-adayo-func-bcm: BCMFunc sendMessageFromVehicle_l msgBuff[18]=0x0,start:0,len:8,temp:8,
05-27 18:38:37.359   351   516 D automotive.vehicle@2.0-adayo-func-bcm: BCMFunc sendMessageFromVehicle_l prop: 0x2160004c , SPLITE_BIT_DATA_INTEGER1 data:1333
05-27 18:38:37.359   351   516 D automotive.vehicle@2.0-adayo-func-bcm: BCMFunc sendMessageFromVehicle_l prop: 0x2160004c , SPLITE_BIT_DATA_INTEGER4 procotol.calc[0]:0.100000,procotol.calc[1]:0.000000
05-27 18:38:37.359   351   516 D automotive.vehicle@2.0-adayo-func-bcm: BCMFunc sendMessageFromVehicle_l prop: 0x2160004c ,areaId: 0x0  SPLITE_BIT_DATA_INTEGER : 133.300003,calc[0]:0.100000,calc[1]:0.000000
05-27 18:38:37.359   351   516 D automotive.vehicle@2.0-adayo-func-bcm: BCMFunc sendMessageFromVehicle_l id:559939660, area:0 not report! 
05-27 18:38:37.359   351   516 D automotive.vehicle@2.0-adayo-func-bcm: BCMFunc sendMessageFromVehicle_l dataType: 12,mByte=22,propid=0x21400071
05-27 18:38:37.359   351   516 D automotive.vehicle@2.0-adayo-func-bcm: BCMFunc sendMessageFromVehicle_l msgBuff[22]=0x40,start:0,len:6,temp:6,
05-27 18:38:37.359   351   516 D automotive.vehicle@2.0-adayo-func-bcm: BCMFunc sendMessageFromVehicle_l prop: 0x21400071 ,areaId: 0x0  SPLITE_BIT_DATA_INTEGER : 0
05-27 18:38:37.359   351   516 D automotive.vehicle@2.0-adayo-func-bcm: BCMFunc sendMessageFromVehicle_l id:557842545, area:0 not report! 
05-27 18:38:37.359   351   516 D automotive.vehicle@2.0-adayo-func-bcm: BCMFunc sendMessageFromVehicle_l dataType: 12,mByte=22,propid=0x21400072
05-27 08:29:46.326   581   581 D spi_rst_gpio_get_output: GPIO 145 value: 1
05-27 08:29:46.326   581   581 D spidev_ioctl: gpio status=1)
05-27 18:38:37.359   351   516 D automotive.vehicle@2.0-adayo-func-bcm: BCMFunc sendMessageFromVehicle_l msgBuff[22]=0x40,start:6,len:2,temp:2,
05-27 08:29:46.332   581   581 D spi_rst_gpio_get_output: GPIO 145 value: 1
05-27 18:38:37.359   351   516 D automotive.vehicle@2.0-adayo-func-bcm: BCMFunc sendMessageFromVehicle_l prop: 0x21400072 ,areaId: 0x0  SPLITE_BIT_DATA_INTEGER : 1
05-27 18:38:37.359   351   516 D automotive.vehicle@2.0-adayo-func-bcm: BCMFunc sendMessageFromVehicle_l id:557842546, area:0 not report! 
05-27 18:38:37.359   351   516 D automotive.vehicle@2.0-adayo-func-bcm: BCMFunc sendMessageFromVehicle_l dataType: 12,mByte=24,propid=0x21400050
05-27 18:38:37.359   351   516 D automotive.vehicle@2.0-adayo-func-bcm: BCMFunc sendMessageFromVehicle_l msgBuff[24]=0x0,start:0,len:16,temp:8,
05-27 18:38:37.359   351   516 D automotive.vehicle@2.0-adayo-func-bcm: BCMFunc sendMessageFromVehicle_l msgBuff[23]=0x0,start:0,len:8,temp:8,
05-27 18:38:37.359   351   516 D automotive.vehicle@2.0-adayo-func-bcm: BCMFunc sendMessageFromVehicle_l prop: 0x21400050 ,areaId: 0x0  SPLITE_BIT_DATA_INTEGER : 0
05-27 18:38:37.359   351   516 D automotive.vehicle@2.0-adayo-func-bcm: BCMFunc sendMessageFromVehicle_l id:557842512, area:0 not report! 
05-27 18:38:37.359   351   516 D automotive.vehicle@2.0-adayo-func-bcm: BCMFunc sendMessageFromVehicle_l dataType: 12,mByte=25,propid=0x21400051
05-27 18:38:37.359   351   516 D automotive.vehicle@2.0-adayo-func-bcm: BCMFunc sendMessageFromVehicle_l msgBuff[25]=0x0,start:0,len:8,temp:8,
05-27 08:29:46.332   581   581 D spidev_ioctl: gpio status=1)
05-27 18:38:37.359   351   516 D automotive.vehicle@2.0-adayo-func-bcm: BCMFunc sendMessageFromVehicle_l prop: 0x21400051 ,areaId: 0x0  SPLITE_BIT_DATA_INTEGER : 0
05-27 18:38:37.359   351   516 D automotive.vehicle@2.0-adayo-func-bcm: BCMFunc sendMessageFromVehicle_l id:557842513, area:0 not report! 
05-27 18:38:37.359   351   516 D automotive.vehicle@2.0-adayo-func-bcm: BCMFunc sendMessageFromVehicle_l dataType: 12,mByte=26,propid=0x21400052
05-27 18:38:37.359   351   516 D automotive.vehicle@2.0-adayo-func-bcm: BCMFunc sendMessageFromVehicle_l msgBuff[26]=0x0,start:0,len:8,temp:8,
05-27 18:38:37.359   351   516 D automotive.vehicle@2.0-adayo-func-bcm: BCMFunc sendMessageFromVehicle_l prop: 0x21400052 ,areaId: 0x0  SPLITE_BIT_DATA_INTEGER : 0
05-27 18:38:37.359   351   516 D automotive.vehicle@2.0-adayo-func-bcm: BCMFunc sendMessageFromVehicle_l id:557842514, area:0 not report! 
05-27 18:38:37.359   351   516 D automotive.vehicle@2.0-adayo-func-bcm: BCMFunc sendMessageFromVehicle_l dataType: 12,mByte=27,propid=0x21400073
05-27 18:38:37.360   351   516 D automotive.vehicle@2.0-adayo-func-bcm: BCMFunc sendMessageFromVehicle_l msgBuff[27]=0x40,start:0,len:6,temp:6,
05-27 18:38:37.360   351   516 D automotive.vehicle@2.0-adayo-func-bcm: BCMFunc sendMessageFromVehicle_l prop: 0x21400073 ,areaId: 0x0  SPLITE_BIT_DATA_INTEGER : 0
05-27 18:38:37.360   351   516 D automotive.vehicle@2.0-adayo-func-bcm: BCMFunc sendMessageFromVehicle_l id:557842547, area:0 not report! 
05-27 18:38:37.360   351   516 D automotive.vehicle@2.0-adayo-func-bcm: BCMFunc sendMessageFromVehicle_l dataType: 12,mByte=27,propid=0x21400074
05-27 18:38:37.360   351   516 D automotive.vehicle@2.0-adayo-func-bcm: BCMFunc sendMessageFromVehicle_l msgBuff[27]=0x40,start:6,len:2,temp:2,
05-27 18:38:37.360   351   516 D automotive.vehicle@2.0-adayo-func-bcm: BCMFunc sendMessageFromVehicle_l prop: 0x21400074 ,areaId: 0x0  SPLITE_BIT_DATA_INTEGER : 1
05-27 18:38:37.360   351   516 D automotive.vehicle@2.0-adayo-func-bcm: BCMFunc sendMessageFromVehicle_l id:557842548, area:0 not report! 
05-27 18:38:37.360   351   516 D automotive.vehicle@2.0-adayo-func-bcm: BCMFunc sendMessageFromVehicle_l dataType: 12,mByte=29,propid=0x21400053
05-27 18:38:37.360   351   516 D automotive.vehicle@2.0-adayo-func-bcm: BCMFunc sendMessageFromVehicle_l msgBuff[29]=0x59,start:0,len:16,temp:8,
05-27 18:38:37.360   351   516 D automotive.vehicle@2.0-adayo-func-bcm: BCMFunc sendMessageFromVehicle_l msgBuff[28]=0x0,start:0,len:8,temp:8,
05-27 18:38:37.360   351   516 D automotive.vehicle@2.0-adayo-func-bcm: BCMFunc sendMessageFromVehicle_l prop: 0x21400053 ,areaId: 0x0  SPLITE_BIT_DATA_INTEGER : 89
05-27 18:38:37.360   351   516 D automotive.vehicle@2.0-adayo-func-bcm: BCMFunc sendMessageFromVehicle_l id:557842515, area:0 not report! 
05-27 18:38:37.360   351   516 D automotive.vehicle@2.0-adayo-func-bcm: BCMFunc sendMessageFromVehicle_l dataType: 12,mByte=30,propid=0x21400054
05-27 18:38:37.360   351   516 D automotive.vehicle@2.0-adayo-func-bcm: BCMFunc sendMessageFromVehicle_l msgBuff[30]=0x23,start:0,len:8,temp:8,
05-27 18:38:37.360   351   516 D automotive.vehicle@2.0-adayo-func-bcm: BCMFunc sendMessageFromVehicle_l prop: 0x21400054 ,areaId: 0x0  SPLITE_BIT_DATA_INTEGER : 35
05-27 18:38:37.360   351   516 D automotive.vehicle@2.0-adayo-func-bcm: BCMFunc sendMessageFromVehicle_l id:557842516, area:0 not report! 
05-27 18:38:37.360   351   516 D automotive.vehicle@2.0-adayo-func-bcm: BCMFunc sendMessageFromVehicle_l dataType: 12,mByte=31,propid=0x21400055
05-27 18:38:37.360   351   516 D automotive.vehicle@2.0-adayo-func-bcm: BCMFunc sendMessageFromVehicle_l msgBuff[31]=0x1c,start:0,len:8,temp:8,
05-27 18:38:37.360 13911 14183 I SentryImuMcuAngleSender: 179.993rollDeg
05-27 18:38:37.360   351   516 D automotive.vehicle@2.0-adayo-func-bcm: BCMFunc sendMessageFromVehicle_l prop: 0x21400055 ,areaId: 0x0  SPLITE_BIT_DATA_INTEGER : 28
05-27 18:38:37.360   351   516 D automotive.vehicle@2.0-adayo-func-bcm: BCMFunc sendMessageFromVehicle_l id:557842517, area:0 not report! 
05-27 18:38:37.360 13911 14183 I SentryImuMcuAngleSender: 1,0,0
05-27 18:38:37.360   351   516 D automotive.vehicle@2.0-adayo-func-bcm: BCMFunc sendMessageFromVehicle_l dataType: 12,mByte=32,propid=0x21400075
05-27 18:38:37.360   351   516 D automotive.vehicle@2.0-adayo-func-bcm: BCMFunc sendMessageFromVehicle_l msgBuff[32]=0x40,start:0,len:6,temp:6,
05-27 18:38:37.360   351   516 D automotive.vehicle@2.0-adayo-func-bcm: BCMFunc sendMessageFromVehicle_l prop: 0x21400075 ,areaId: 0x0  SPLITE_BIT_DATA_INTEGER : 0
05-27 18:38:37.360   351   516 D automotive.vehicle@2.0-adayo-func-bcm: BCMFunc sendMessageFromVehicle_l id:557842549, area:0 not report! 
05-27 18:38:37.360   351   516 D automotive.vehicle@2.0-adayo-func-bcm: BCMFunc sendMessageFromVehicle_l dataType: 12,mByte=32,propid=0x21400076
05-27 18:38:37.360   351   516 D automotive.vehicle@2.0-adayo-func-bcm: BCMFunc sendMessageFromVehicle_l msgBuff[32]=0x40,start:6,len:2,temp:2,
05-27 18:38:37.360   351   516 D automotive.vehicle@2.0-adayo-func-bcm: BCMFunc sendMessageFromVehicle_l prop: 0x21400076 ,areaId: 0x0  SPLITE_BIT_DATA_INTEGER : 1
05-27 18:38:37.360   351   516 D automotive.vehicle@2.0-adayo-func-bcm: BCMFunc sendMessageFromVehicle_l id:557842550, area:0 not report! 
05-27 18:38:37.360   351   516 D automotive.vehicle@2.0-adayo-func-bcm: BCMFunc sendMessageFromVehicle_l dataType: 12,mByte=34,propid=0x2140004b
05-27 18:38:37.360   351   516 D automotive.vehicle@2.0-adayo-func-bcm: BCMFunc sendMessageFromVehicle_l msgBuff[34]=0x0,start:0,len:16,temp:8,
05-27 18:38:37.360   351   516 D automotive.vehicle@2.0-adayo-func-bcm: BCMFunc sendMessageFromVehicle_l msgBuff[33]=0x0,start:0,len:8,temp:8,
05-27 18:38:37.360   351   516 D automotive.vehicle@2.0-adayo-func-bcm: BCMFunc sendMessageFromVehicle_l prop: 0x2140004b ,areaId: 0x0  SPLITE_BIT_DATA_INTEGER : 0
05-27 18:38:37.360   351   516 D automotive.vehicle@2.0-adayo-func-bcm: BCMFunc sendMessageFromVehicle_l id:557842507, area:0 not report! 
05-27 18:38:37.360   351   516 D automotive.vehicle@2.0-adayo-func-bcm: BCMFunc sendMessageFromVehicle_l dataType: 12,mByte=35,propid=0x21400077
05-27 18:38:37.360   351   516 D automotive.vehicle@2.0-adayo-func-bcm: BCMFunc sendMessageFromVehicle_l msgBuff[35]=0x40,start:0,len:6,temp:6,
05-27 18:38:37.360   351   516 D automotive.vehicle@2.0-adayo-func-bcm: BCMFunc sendMessageFromVehicle_l prop: 0x21400077 ,areaId: 0x0  SPLITE_BIT_DATA_INTEGER : 0
05-27 18:38:37.360   351   516 D automotive.vehicle@2.0-adayo-func-bcm: BCMFunc sendMessageFromVehicle_l id:557842551, area:0 not report! 
05-27 18:38:37.360   351   516 D automotive.vehicle@2.0-adayo-func-bcm: BCMFunc sendMessageFromVehicle_l dataType: 12,mByte=35,propid=0x21400078
05-27 18:38:37.360   351   516 D automotive.vehicle@2.0-adayo-func-bcm: BCMFunc sendMessageFromVehicle_l msgBuff[35]=0x40,start:6,len:2,temp:2,
05-27 18:38:37.361   351   516 D automotive.vehicle@2.0-adayo-func-bcm: BCMFunc sendMessageFromVehicle_l prop: 0x21400078 ,areaId: 0x0  SPLITE_BIT_DATA_INTEGER : 1
05-27 18:38:37.361   351   516 D automotive.vehicle@2.0-adayo-func-bcm: BCMFunc sendMessageFromVehicle_l id:557842552, area:0 not report! 
05-27 18:38:37.361   351   516 D automotive.vehicle@2.0-adayo-func-bcm: BCMFunc sendMessageFromVehicle_l dataType: 12,mByte=37,propid=0x2140004c
05-27 18:38:37.361   351   516 D automotive.vehicle@2.0-adayo-func-bcm: BCMFunc sendMessageFromVehicle_l msgBuff[37]=0x0,start:0,len:16,temp:8,
05-27 18:38:37.361   351   516 D automotive.vehicle@2.0-adayo-func-bcm: BCMFunc sendMessageFromVehicle_l msgBuff[36]=0x0,start:0,len:8,temp:8,
05-27 18:38:37.361   351   516 D automotive.vehicle@2.0-adayo-func-bcm: BCMFunc sendMessageFromVehicle_l prop: 0x2140004c ,areaId: 0x0  SPLITE_BIT_DATA_INTEGER : 0
05-27 18:38:37.361   351   516 D automotive.vehicle@2.0-adayo-func-bcm: BCMFunc sendMessageFromVehicle_l id:557842508, area:0 not report! 
05-27 18:38:37.361   351   516 D automotive.vehicle@2.0-adayo-func-bcm: BCMFunc sendMessageFromVehicle_l dataType: 12,mByte=38,propid=0x2140009b
05-27 18:38:37.361   351   516 D automotive.vehicle@2.0-adayo-func-bcm: BCMFunc sendMessageFromVehicle_l msgBuff[38]=0x0,start:0,len:8,temp:8,
05-27 18:38:37.361   351   516 D automotive.vehicle@2.0-adayo-func-bcm: BCMFunc sendMessageFromVehicle_l prop: 0x2140009b ,areaId: 0x0  SPLITE_BIT_DATA_INTEGER : 0
05-27 18:38:37.361   351   516 D automotive.vehicle@2.0-adayo-func-bcm: BCMFunc sendMessageFromVehicle_l id:557842587, area:0 not report! 
05-27 18:38:37.361   351   516 D automotive.vehicle@2.0-adayo-func-bcm: BCMFunc sendMessageFromVehicle_l dataType: 12,mByte=39,propid=0x2140009c
05-27 18:38:37.361   351   516 D automotive.vehicle@2.0-adayo-func-bcm: BCMFunc sendMessageFromVehicle_l msgBuff[39]=0x0,start:0,len:8,temp:8,
05-27 18:38:37.361   351   516 D automotive.vehicle@2.0-adayo-func-bcm: BCMFunc sendMessageFromVehicle_l prop: 0x2140009c ,areaId: 0x0  SPLITE_BIT_DATA_INTEGER : 0
05-27 18:38:37.361   351   516 D automotive.vehicle@2.0-adayo-func-bcm: BCMFunc sendMessageFromVehicle_l id:557842588, area:0 not report! 
05-27 18:38:37.361   351   516 D automotive.vehicle@2.0-adayo-func-bcm: BCMFunc sendMessageFromVehicle_l dataType: 12,mByte=40,propid=0x2140009d
05-27 18:38:37.361   351   516 D automotive.vehicle@2.0-adayo-func-bcm: BCMFunc sendMessageFromVehicle_l msgBuff[40]=0x0,start:0,len:8,temp:8,
05-27 18:38:37.361   351   516 D automotive.vehicle@2.0-adayo-func-bcm: BCMFunc sendMessageFromVehicle_l prop: 0x2140009d ,areaId: 0x0  SPLITE_BIT_DATA_INTEGER : 0
05-27 18:38:37.361   351   516 D automotive.vehicle@2.0-adayo-func-bcm: BCMFunc sendMessageFromVehicle_l id:557842589, area:0 not report! 
05-27 18:38:37.361   351   516 D automotive.vehicle@2.0-adayo-func-bcm: BCMFunc sendMessageFromVehicle_l dataType: 12,mByte=41,propid=0x2140009e
05-27 18:38:37.361   351   516 D automotive.vehicle@2.0-adayo-func-bcm: BCMFunc sendMessageFromVehicle_l msgBuff[41]=0x0,start:0,len:8,temp:8,
05-27 18:38:37.361   351   516 D automotive.vehicle@2.0-adayo-func-bcm: BCMFunc sendMessageFromVehicle_l prop: 0x2140009e ,areaId: 0x0  SPLITE_BIT_DATA_INTEGER : 0
05-27 18:38:37.361   351   516 D automotive.vehicle@2.0-adayo-func-bcm: BCMFunc sendMessageFromVehicle_l id:557842590, area:0 not report! 
05-27 18:38:37.361   351   516 D automotive.vehicle@2.0-adayo-func-bcm: BCMFunc sendMessageFromVehicle_l dataType: 12,mByte=43,propid=0x2160009f
05-27 18:38:37.361   351   516 D automotive.vehicle@2.0-adayo-func-bcm: BCMFunc sendMessageFromVehicle_l msgBuff[43]=0x0,start:0,len:16,temp:8,
05-27 18:38:37.361   351   516 D automotive.vehicle@2.0-adayo-func-bcm: BCMFunc sendMessageFromVehicle_l msgBuff[42]=0x0,start:0,len:8,temp:8,
05-27 18:38:37.361   351   516 D automotive.vehicle@2.0-adayo-func-bcm: BCMFunc sendMessageFromVehicle_l prop: 0x2160009f , SPLITE_BIT_DATA_INTEGER1 data:0
05-27 18:38:37.361   351   516 D automotive.vehicle@2.0-adayo-func-bcm: BCMFunc sendMessageFromVehicle_l prop: 0x2160009f , SPLITE_BIT_DATA_INTEGER4 procotol.calc[0]:0.100000,procotol.calc[1]:0.000000
05-27 18:38:37.361   351   516 D automotive.vehicle@2.0-adayo-func-bcm: BCMFunc sendMessageFromVehicle_l prop: 0x2160009f ,areaId: 0x0  SPLITE_BIT_DATA_INTEGER : 0.000000,calc[0]:0.100000,calc[1]:0.000000
05-27 18:38:37.361   351   516 D automotive.vehicle@2.0-adayo-func-bcm: BCMFunc sendMessageFromVehicle_l id:559939743, area:0 not report! 
05-27 18:38:37.361   351   516 D automotive.vehicle@2.0-adayo-func-bcm: BCMFunc sendMessageFromVehicle_l dataType: 12,mByte=45,propid=0x216000f3
05-27 18:38:37.361   351   516 D automotive.vehicle@2.0-adayo-func-bcm: BCMFunc sendMessageFromVehicle_l msgBuff[45]=0x0,start:0,len:16,temp:8,
05-27 18:38:37.361   351   516 D automotive.vehicle@2.0-adayo-func-bcm: BCMFunc sendMessageFromVehicle_l msgBuff[44]=0x0,start:0,len:8,temp:8,
05-27 18:38:37.361   351   516 D automotive.vehicle@2.0-adayo-func-bcm: BCMFunc sendMessageFromVehicle_l prop: 0x216000f3 , SPLITE_BIT_DATA_INTEGER1 data:0
05-27 18:38:37.361   351   516 D automotive.vehicle@2.0-adayo-func-bcm: BCMFunc sendMessageFromVehicle_l prop: 0x216000f3 , SPLITE_BIT_DATA_INTEGER4 procotol.calc[0]:0.100000,procotol.calc[1]:0.000000
05-27 18:38:37.361   351   516 D automotive.vehicle@2.0-adayo-func-bcm: BCMFunc sendMessageFromVehicle_l prop: 0x216000f3 ,areaId: 0x0  SPLITE_BIT_DATA_INTEGER : 0.000000,calc[0]:0.100000,calc[1]:0.000000
05-27 18:38:37.361   351   516 D automotive.vehicle@2.0-adayo-func-bcm: BCMFunc sendMessageFromVehicle_l id:559939827, area:0 not report! 
05-27 18:38:37.361   351   516 D automotive.vehicle@2.0-adayo-func-bcm: BCMFunc sendMessageFromVehicle_l dataType: 12,mByte=47,propid=0x214000f4
05-27 18:38:37.361   581   581 I SpiService: fgesysctrl_getGPIO_status success val=1
05-27 18:38:37.361   351   516 D automotive.vehicle@2.0-adayo-func-bcm: BCMFunc sendMessageFromVehicle_l msgBuff[47]=0x0,start:0,len:16,temp:8,
05-27 18:38:37.361 30773 30787 I dvr_service_: [runShortMediaThread:298] cameraId:0 medias:300,audios:220,stateAudio:0,mShortState:0,warnEvent:0,state:1
05-27 18:38:37.361   351   516 D automotive.vehicle@2.0-adayo-func-bcm: BCMFunc sendMessageFromVehicle_l msgBuff[46]=0x0,start:0,len:8,temp:8,
05-27 18:38:37.361   351   516 D automotive.vehicle@2.0-adayo-func-bcm: BCMFunc sendMessageFromVehicle_l prop: 0x214000f4 ,areaId: 0x0  SPLITE_BIT_DATA_INTEGER : 0
05-27 18:38:37.361   351   516 D automotive.vehicle@2.0-adayo-func-bcm: BCMFunc sendMessageFromVehicle_l id:557842676, area:0 not report! 
05-27 18:38:37.361   351   516 D automotive.vehicle@2.0-adayo-func-bcm: BCMFunc sendMessageFromVehicle_l dataType: 12,mByte=48,propid=0x214000fe
05-27 18:38:37.362   351   516 D automotive.vehicle@2.0-adayo-func-bcm: BCMFunc sendMessageFromVehicle_l msgBuff[48]=0x0,start:0,len:8,temp:8,
05-27 18:38:37.362   351   516 D automotive.vehicle@2.0-adayo-func-bcm: BCMFunc sendMessageFromVehicle_l prop: 0x214000fe ,areaId: 0x0  SPLITE_BIT_DATA_INTEGER : 0
05-27 18:38:37.362   351   516 D automotive.vehicle@2.0-adayo-func-bcm: BCMFunc sendMessageFromVehicle_l id:557842686, area:0 not report! 
05-27 18:38:37.362   351   516 D automotive.vehicle@2.0-adayo-func-bcm: BCMFunc sendMessageFromVehicle_l dataType: 12,mByte=49,propid=0x21400100
05-27 18:38:37.362   351   516 D automotive.vehicle@2.0-adayo-func-bcm: BCMFunc sendMessageFromVehicle_l msgBuff[49]=0x0,start:0,len:8,temp:8,
05-27 18:38:37.362   351   516 D automotive.vehicle@2.0-adayo-func-bcm: BCMFunc sendMessageFromVehicle_l prop: 0x21400100 ,areaId: 0x0  SPLITE_BIT_DATA_INTEGER : 0
05-27 18:38:37.362   351   516 D automotive.vehicle@2.0-adayo-func-bcm: BCMFunc sendMessageFromVehicle_l id:557842688, area:0 not report! 
05-27 18:38:37.362   351   516 D automotive.vehicle@2.0-adayo-func-bcm: BCMFunc sendMessageFromVehicle_l dataType: 12,mByte=50,propid=0x214000fa
05-27 18:38:37.362   351   516 D automotive.vehicle@2.0-adayo-func-bcm: BCMFunc sendMessageFromVehicle_l msgBuff[50]=0x0,start:0,len:8,temp:8,
05-27 18:38:37.362   351   516 D automotive.vehicle@2.0-adayo-func-bcm: BCMFunc sendMessageFromVehicle_l prop: 0x214000fa ,areaId: 0x0  SPLITE_BIT_DATA_INTEGER : 0
05-27 18:38:37.362   351   516 D automotive.vehicle@2.0-adayo-func-bcm: BCMFunc sendMessageFromVehicle_l id:557842682, area:0 not report! 
05-27 18:38:37.362   351   516 D automotive.vehicle@2.0-adayo-func-bcm: BCMFunc sendMessageFromVehicle_l dataType: 12,mByte=51,propid=0x214000fb
05-27 18:38:37.362   351   516 D automotive.vehicle@2.0-adayo-func-bcm: BCMFunc sendMessageFromVehicle_l msgBuff[51]=0x0,start:0,len:8,temp:8,
05-27 18:38:37.362   351   516 D automotive.vehicle@2.0-adayo-func-bcm: BCMFunc sendMessageFromVehicle_l prop: 0x214000fb ,areaId: 0x0  SPLITE_BIT_DATA_INTEGER : 0
05-27 18:38:37.362   351   516 D automotive.vehicle@2.0-adayo-func-bcm: BCMFunc sendMessageFromVehicle_l id:557842683, area:0 not report! 
05-27 18:38:37.362   351   516 D automotive.vehicle@2.0-adayo-func-bcm: BCMFunc sendMessageFromVehicle_l dataType: 12,mByte=52,propid=0x214000fc
05-27 18:38:37.362   351   516 D automotive.vehicle@2.0-adayo-func-bcm: BCMFunc sendMessageFromVehicle_l msgBuff[52]=0x0,start:0,len:8,temp:8,
05-27 08:29:46.337   581   581 D spi_rst_gpio_get_output: GPIO 145 value: 1
05-27 08:29:46.337   581   581 D spidev_ioctl: gpio status=1)
05-27 18:38:37.362   351   516 D automotive.vehicle@2.0-adayo-func-bcm: BCMFunc sendMessageFromVehicle_l prop: 0x214000fc ,areaId: 0x0  SPLITE_BIT_DATA_INTEGER : 0
05-27 18:38:37.362   351   516 D automotive.vehicle@2.0-adayo-func-bcm: BCMFunc sendMessageFromVehicle_l id:557842684, area:0 not report! 
05-27 18:38:37.362   351   516 D automotive.vehicle@2.0-adayo-func-bcm: BCMFunc sendMessageFromVehicle_l dataType: 12,mByte=53,propid=0x21400106
05-27 18:38:37.362   351   516 D automotive.vehicle@2.0-adayo-func-bcm: BCMFunc sendMessageFromVehicle_l msgBuff[53]=0x1,start:0,len:8,temp:8,
05-27 18:38:37.362   351   516 D automotive.vehicle@2.0-adayo-func-bcm: BCMFunc sendMessageFromVehicle_l prop: 0x21400106 ,areaId: 0x0  SPLITE_BIT_DATA_INTEGER : 1
05-27 18:38:37.362   351   516 D automotive.vehicle@2.0-adayo-func-bcm: BCMFunc sendMessageFromVehicle_l id:557842694, area:0 not report! 
05-27 18:38:37.367  1008 30856 D [OMXB]  : usingANWBuffer: handle:0xee744fd0, format:1, w:1920, h:1080
05-27 18:38:37.367   581   581 I SpiService: fgesysctrl_getGPIO_status success val=1
05-27 18:38:37.372   581   581 I SpiService: fgesysctrl_getGPIO_status success val=1
05-27 18:38:37.374   283   307 I rvcservice: t.code = 3, t.value = 0
05-27 18:38:37.375   299 30841 D EvsDriver: forwardFrame
05-27 18:38:37.375   299 30844 D EvsDriver: forwardFrame
05-27 18:38:37.376   299 30844 D EvsDriver: Delivered 0xb400007b7ca56900 as id 0
05-27 18:38:37.376  1167  1184 D evsmanagerd: /dev/video6 forwarded the buffer #0 to 0xb4000074bf5f5510 from 0xb4000074bf5f6d90
05-27 18:38:37.376   536   536 D commservice260303: msg.id = 1028,1
05-27 18:38:37.377   536   536 D commservice260303: i = 170, msgid = 8A000404
05-27 18:38:37.377   536   536 D commservice260303: msgid = -1979710460,did=138
05-27 18:38:37.377   536   536 D commservice260303: CommProtocolLibCmdBaseI2C::dataproc {"command":{"id":"imu_status","sub":""},"content":{"TimeStamp":10,"FrameCounter":237591,"GD_X":-0.012139749713242054,"GD_Y":0.006032164208590984,"GD_Z":0.0017560218693688512,"AD_X":-0.003740862011909485,"AD_Y":-0.0018791543552652001,"AD_Z":-0.16826438903808594,"TempDsp":0,"Status":0,"CalibState":1,"SigAmpInvalid":0}},-1979710460
05-27 18:38:37.377   536   536 D commservice260303: send2Cluster len:318, 7B22636F6D6D616E64223A7B226964223A22696D755F737461747573222C22737562223A22227D2C22636F6E74656E74223A7B2254696D655374616D70223A31302C224672616D65436F756E746572223A3233373539312C2247445F58223A2D302E3031323133393734393731333234323035342C2247445F59223A302E3030363033323136343230383539303938342C2247445F5A223A302E303031373536303231383639333638383531322C2241445F58223A2D302E3030333734303836323031313930393438352C2241445F59223A2D302E303031383739313534333535323635323030312C2241445F5A223A2D302E31363832363433383930333830383539342C2254656D70447370223A302C22537461747573223A302C2243616C69625374617465223A312C22536967416D70496E76616C6964223A307D7D, 138 
05-27 18:38:37.377   536   536 D commservice260303: Push Message into SendPool fn=-1344339200
05-27 18:38:37.377   536   536 D commservice260303: ComProtocolLibSend2Cluster::send2ClusterRaw fn=-1344339200 , len=334
05-27 18:38:37.377   536   536 D commservice260303: sendCmdToPort :334!!!
05-27 18:38:37.377   536   536 D commservice260303: send Cmd To Port ++++5AA5014A8A010003DFAF6A16C9AD7B22636F6D6D616E64223A7B226964223A22696D755F737461747573222C22737562223A22227D2C22636F6E74656E74223A7B2254696D655374616D70223A31302C224672616D65436F756E746572223A3233373539312C2247445F58223A2D302E3031323133393734393731333234323035342C2247445F59223A302E3030363033323136343230383539303938342C2247445F5A223A302E303031373536303231383639333638383531322C2241445F58223A2D302E3030333734303836323031313930393438352C2241445F59223A2D302E303031383739313534333535323635323030312C2241445F5A223A2D302E31363832363433383930333830383539342C2254656D70447370223A302C22537461747573223A302C2243616C69625374617465223A312C22536967416D70496E76616C6964223A307D7D0677
05-27 18:38:37.377   536   536 D commservice260303: bufferevent_write retrun value = 0
05-27 18:38:37.377   536   560 D commservice260303: client datas send succeed,send finish
05-27 18:38:37.377   299 30841 D EvsDriver: Delivered 0xb400007b7ca56a60 as id 0
05-27 18:38:37.377 13911 14192 D Sentinelmode_1.2.5.17_sentry: <SentryImuClusterFgeSender>imu_status sent to Linux, frame=237591, tsNs=10184618, tsMs=10, intervalMs=35, ad=(-0.003740862,-0.0018791544,-0.16826439), gd=(-0.01213975,0.006032164,0.0017560219)
05-27 18:38:37.377  1167  1184 D evsmanagerd: /dev/video4 forwarded the buffer #0 to 0xb4000074bf5f6850 from 0xb4000074bf5f41d0
05-27 18:38:37.378   581   581 I SpiService: fgesysctrl_getGPIO_status success val=0
05-27 18:38:37.378   481   597 I mcuc    : send SPI:6AA602CD2600028900806AA601700600F80901020401098102010100000000000000000000000000000000000000000000000000000000000000000000000000000000000000000000000000000000000000000000000000000000000000000000000000000000000000000000000000000000000000000000000000000000000000000000000000000000000000000000000000000000000000000000000000000000000000000000000000000000000000000000000000000000000000000000000000000000000000000000000000000000000000000000000000000000000000000000000000000000000000000000000000000000000000000000000000000000000000000000F2
05-27 18:38:37.378 10188 11122 E WifiVendorHal: getWifiLinkLayerStats_1_6_Internal(l.1202) failed {.code = ERROR_UNKNOWN, .description = unknown error}
05-27 18:38:37.381   299  1163 D EvsDriver: doneWithFrame
05-27 18:38:37.382   299  1153 D EvsDriver: doneWithFrame
05-27 08:29:46.342   581   581 D spi_rst_gpio_get_output: GPIO 145 value: 0
05-27 08:29:46.342   581   581 D spidev_ioctl: gpio status=0)
05-27 08:29:46.345 10047 10047 W         : AICWFDBG(LOGTRACE)	rwnx_send_msg (118)MM_GET_STA_INFO_CFM reqcfm:1 in_irq:0 in_softirq:0 in_atomic:0
05-27 08:29:46.345 10047 10047 W         : AICWFDBG(LOGTRACE)	rwnx_cmd_malloc get cmd_array[0]:000000004c96fbbb
05-27 08:29:46.346   354   354 W         : AICWFDBG(LOGDEBUG)	rwnx_rx_handle_msg msg->id:0x76
05-27 08:29:46.346 10047 10047 W         : AICWFDBG(LOGTRACE)	rwnx_cmd_free cmd_array[0]:000000004c96fbbb
05-27 08:29:46.346 10047 10047 W         : AICWFDBG(LOGDEBUG)	rwnx_fill_station_info ModTx(2):5 TxIndex:8 ModRx(2):5 RxHTIndex:10 RxVHTIndex:8 RxHEIndex:11 RSSI:-41
05-27 18:38:37.386 13911 14183 I SentryImuMcuAngleSender: 179.99649rollDeg
05-27 18:38:37.387 13911 14183 I SentryImuMcuAngleSender: 1,0,0
05-27 18:38:37.390   572   622 I Sensors : 230 AccelSensor: x:-0.170800,y:0.001220,z:-9.971060
05-27 18:38:37.391   566 11459 I gps_hdbd: Received: '$GNGGA,005428.000,,,,,0,00,,,M,,M,,*6D
'
05-27 18:38:37.393   566 11459 I gps_hdbd: Received: '$GNGSA,A,1,,,,,,,,,,,,,,,,1*1D
'
05-27 18:38:37.396   581   581 I SpiService: fgesysctrl_getGPIO_status success val=1
05-27 08:29:46.361   581   581 D spi_rst_gpio_get_output: GPIO 145 value: 1
05-27 08:29:46.361   581   581 D spidev_ioctl: gpio status=1)
05-27 18:38:37.397   566 11459 I gps_hdbd: Received: '$GNGSA,A,1,,,,,,,,,,,,,,,,3*1F
'
05-27 18:38:37.398   566 11459 I gps_hdbd: Received: '$GNGSA,A,1,,,,,,,,,,,,,,,,4*18
'
05-27 18:38:37.399  1008 30857 D [OMXB]  : usingANWBuffer: handle:0xee743be0, format:1, w:1920, h:1080
05-27 18:38:37.399   566 11459 I gps_hdbd: Received: '$BDGSV,1,1,00,1*75
'
05-27 18:38:37.399 30773 30789 I dvr_service_: Camera 1: MediaOK:87436133, frames:2060, isKeyFrame:0,pts:10184344385
05-27 18:38:37.402   581   581 I SpiService: fgesysctrl_getGPIO_status success val=1
05-27 18:38:37.404   566 11459 I gps_hdbd: Received: '$BDGSV,1,1,00,5*71
'
05-27 08:29:46.367   581   581 D spi_rst_gpio_get_output: GPIO 145 value: 1
05-27 08:29:46.367   581   581 D spidev_ioctl: gpio status=1)
05-27 18:38:37.407  1041  1051 I ThermalCvtGovernor: soc(default) curTemp: 92856 tripTemp: 95000 setPollingDelay: 2000
05-27 18:38:37.407 13911 14183 I SentryImuMcuAngleSender: 179.99298rollDeg
05-27 18:38:37.408 13911 14183 I SentryImuMcuAngleSender: 1,0,0
05-27 18:38:37.408   581   581 I SpiService: fgesysctrl_getGPIO_status success val=1
05-27 18:38:37.409   566 11459 I gps_hdbd: Received: '$GPGSV,1,1,01,199,42,165,,1*60
'
05-27 08:29:46.372   581   581 D spi_rst_gpio_get_output: GPIO 145 value: 1
05-27 08:29:46.372   581   581 D spidev_ioctl: gpio status=1)
05-27 18:38:37.409   566 11459 I gps_hdbd: Received: '$GPGSV,1,1,00,8*6D
'
05-27 18:38:37.409   566 11459 I gps_hdbd: Received: '$GAGSV,1,1,00,7*73
'
05-27 18:38:37.410   299 30844 D EvsDriver: forwardFrame
05-27 18:38:37.412   299 30844 D EvsDriver: Delivered 0xb400007b7ca56900 as id 0
05-27 18:38:37.412  1167  1184 D evsmanagerd: /dev/video6 forwarded the buffer #0 to 0xb4000074bf5f5510 from 0xb4000074bf5f6d90
05-27 18:38:37.414   581   581 I SpiService: fgesysctrl_getGPIO_status success val=1
05-27 18:38:37.414   299 30841 D EvsDriver: forwardFrame
05-27 18:38:37.415   566 11459 I gps_hdbd: Received: '$GAGSV,1,1,00,1*75
'
05-27 08:29:46.378   581   581 D spi_rst_gpio_get_output: GPIO 145 value: 1
05-27 08:29:46.378   581   581 D spidev_ioctl: gpio status=1)
05-27 08:29:46.381 11060 11060 E Time_printk_thread: 2026-05-27 18:38:37
05-27 18:38:37.416   299 30841 D EvsDriver: Delivered 0xb400007b7ca56a60 as id 0
05-27 18:38:37.416  1167  1184 D evsmanagerd: /dev/video4 forwarded the buffer #0 to 0xb4000074bf5f6850 from 0xb4000074bf5f41d0
05-27 18:38:37.416   299  1153 D EvsDriver: doneWithFrame
05-27 18:38:37.417   566 11459 I gps_hdbd: Received: '$GNRMC,005428.000,V,,,,,,,270526,120.0,E,N,V*4E
'
05-27 18:38:37.417   566 11459 I gps_hdbd: RMC : CALL gnss_sv_status_cb, view_in_sat <1>
05-27 18:38:37.418   566 11459 I gps_hdbd: [reportSvStatus]--->PLATFORM_BSP::Enter
05-27 18:38:37.418   566 11459 I gps_hdbd: hy abnormal deal:hy_cnr30_satellite_cnt=0
05-27 18:38:37.418   566 11459 D gps_hdbd: hy abnormal deal:hy_fixStatus_fail_count=0
05-27 18:38:37.420   536   536 D commservice260303: msg.id = 1028,1
05-27 18:38:37.420   536   536 D commservice260303: i = 170, msgid = 8A000404
05-27 18:38:37.420   299  1153 D EvsDriver: doneWithFrame
05-27 18:38:37.420   536   536 D commservice260303: msgid = -1979710460,did=138
05-27 18:38:37.420   581   581 I SpiService: fgesysctrl_getGPIO_status success val=0
05-27 18:38:37.420   536   536 D commservice260303: CommProtocolLibCmdBaseI2C::dataproc {"command":{"id":"imu_status","sub":""},"content":{"TimeStamp":10,"FrameCounter":237592,"GD_X":-0.011453153565526009,"GD_Y":0.00519212381914258,"GD_Z":0.002213752595707774,"AD_X":-0.0043400973081588745,"AD_Y":-0.0012604952789843082,"AD_Z":-0.16643333435058594,"TempDsp":0,"Status":0,"CalibState":1,"SigAmpInvalid":0}},-1979710460
05-27 18:38:37.419  1008 30856 D [OMXB]  : usingANWBuffer: handle:0xee7416c0, format:1, w:1920, h:1080
05-27 18:38:37.420   536   536 D commservice260303: send2Cluster len:317, 7B22636F6D6D616E64223A7B226964223A22696D755F737461747573222C22737562223A22227D2C22636F6E74656E74223A7B2254696D655374616D70223A31302C224672616D65436F756E746572223A3233373539322C2247445F58223A2D302E3031313435333135333536353532363030392C2247445F59223A302E30303531393231323338313931343235382C2247445F5A223A302E3030323231333735323539353730373737342C2241445F58223A2D302E303034333430303937333038313538383734352C2241445F59223A2D302E303031323630343935323738393834333038322C2241445F5A223A2D302E31363634333333333433353035383539342C2254656D70447370223A302C22537461747573223A302C2243616C69625374617465223A312C22536967416D70496E76616C6964223A307D7D, 138 
05-27 18:38:37.420  1083  1083 W MyAppLog: [2026-05-27 18:38:37.420 W tboxap gpsSyncGpsInfoToDm:361] [Gps] [gpsSyncGpsInfoToDm] fix=0 mode=49 corner:0x01 alt=0.00 sat=0 hdop=0.00 pdop=0.00 vdop=0.00
05-27 08:29:46.385   581   581 D spi_rst_gpio_get_output: GPIO 145 value: 0
05-27 08:29:46.385   581   581 D spidev_ioctl: gpio status=0)
05-27 18:38:37.424   566 11459 I gps_hdbd: Received: '$GNZDA,005428.000,27,05,2026,00,00*45
'
05-27 18:38:37.428 13911 14183 I SentryImuMcuAngleSender: 179.99298rollDeg
05-27 18:38:37.430   536   536 D commservice260303: Push Message into SendPool fn=-1327561984
05-27 18:38:37.430   536   536 D commservice260303: ComProtocolLibSend2Cluster::send2ClusterRaw fn=-1327561984 , len=333
05-27 18:38:37.430   536   536 D commservice260303: sendCmdToPort :333!!!
05-27 18:38:37.431   536   536 D commservice260303: send Cmd To Port ++++5AA501498A010003DFB06A16C9AD7B22636F6D6D616E64223A7B226964223A22696D755F737461747573222C22737562223A22227D2C22636F6E74656E74223A7B2254696D655374616D70223A31302C224672616D65436F756E746572223A3233373539322C2247445F58223A2D302E3031313435333135333536353532363030392C2247445F59223A302E30303531393231323338313931343235382C2247445F5A223A302E3030323231333735323539353730373737342C2241445F58223A2D302E303034333430303937333038313538383734352C2241445F59223A2D302E303031323630343935323738393834333038322C2241445F5A223A2D302E31363634333333333433353035383539342C2254656D70447370223A302C22537461747573223A302C2243616C69625374617465223A312C22536967416D70496E76616C6964223A307D7D1DC7
05-27 18:38:37.431   536   536 D commservice260303: bufferevent_write retrun value = 0
05-27 18:38:37.431   536   560 D commservice260303: client datas send succeed,send finish
05-27 18:38:37.435   481   598 I mcuc    : rev,n=1,6AA682700600020901FC
05-27 18:38:37.436   581   581 I SpiService: fgesysctrl_getGPIO_status success val=1
05-27 18:38:37.436 13911 14192 D Sentinelmode_1.2.5.17_sentry: <SentryImuClusterFgeSender>imu_status sent to Linux, frame=237592, tsNs=10184655, tsMs=10, intervalMs=54, ad=(-0.0043400973,-0.0012604953,-0.16643333), gd=(-0.011453154,0.005192124,0.0022137526)
05-27 08:29:46.400   581   581 D spi_rst_gpio_get_output: GPIO 145 value: 1
05-27 18:38:37.437 13911 14183 I SentryImuMcuAngleSender: 1,0,0
05-27 08:29:46.400   581   581 D spidev_ioctl: gpio status=1)
05-27 18:38:37.441   581   581 I SpiService: fgesysctrl_getGPIO_status success val=1
05-27 18:38:37.444   566 11459 I gps_hdbd: Received: '$GNINS,1,1,TYPE,I,V,005428.000,18779000,FUS,-6,0,0,0,MOT,V,1,PATT,0.00,0.00,0.00,VEL,0.000,0.000,0.000,POS,40.0001330924,116.0001570688,84.176,IIA,1,0.00,0.00,0.00,BGA,0.31,-0.66,-0.13,0.000,0.000,0.000,IGA,0,-1,0,0,-2,98,VG,16c2ff1*1D
'
05-27 18:38:37.444  1008 30857 D [OMXB]  : usingANWBuffer: handle:0xee744160, format:1, w:1920, h:1080
05-27 18:38:37.444   299 30844 D EvsDriver: forwardFrame
05-27 08:29:46.406   581   581 D spi_rst_gpio_get_output: GPIO 145 value: 1
05-27 08:29:46.406   581   581 D spidev_ioctl: gpio status=1)
05-27 18:38:37.446   299 30844 D EvsDriver: Delivered 0xb400007b7ca56900 as id 0
05-27 18:38:37.446  1167  1184 D evsmanagerd: /dev/video6 forwarded the buffer #0 to 0xb4000074bf5f5510 from 0xb4000074bf5f6d90
05-27 18:38:37.446 30773 30773 E dvr_service_: [myNum:1] Received S**** loss
05-27 18:38:37.446   299  1153 D EvsDriver: doneWithFrame
05-27 18:38:37.446   581   581 I SpiService: fgesysctrl_getGPIO_status success val=1
05-27 18:38:37.448 15863 16069 D AIN-HttpHealthPolicy: response: 405, cost=134
05-27 18:38:37.448 15863 16068 D AIN-PingWorker: updateHost: result=true,host=weixin.qq.com,delay=134
05-27 18:38:37.448 15863 16068 D AIN-NetCheckerOutputer: onHealthy
05-27 18:38:37.448 15863 16068 D AIN-ServiceHub: getService with: name = service_tracker
05-27 08:29:46.411   581   581 D spi_rst_gpio_get_output: GPIO 145 value: 1
05-27 08:29:46.411   581   581 D spidev_ioctl: gpio status=1)
05-27 18:38:37.449   299 30841 D EvsDriver: forwardFrame
05-27 18:38:37.451  1167  1184 D evsmanagerd: /dev/video4 forwarded the buffer #0 to 0xb4000074bf5f6850 from 0xb4000074bf5f41d0
05-27 18:38:37.451   299 30841 D EvsDriver: Delivered 0xb400007b7ca56a60 as id 0
05-27 18:38:37.451 30773 30773 E dvr_service_: [myNum:0] Received S**** loss
05-27 18:38:37.451   299  1153 D EvsDriver: doneWithFrame
05-27 18:38:37.452   581   581 I SpiService: fgesysctrl_getGPIO_status success val=1
05-27 08:29:46.417   581   581 D spi_rst_gpio_get_output: GPIO 145 value: 1
05-27 08:29:46.417   581   581 D spidev_ioctl: gpio status=1)
05-27 18:38:37.455   566 11459 I gps_hdbd: Received: '$GNINS,CARSPEED,ADR_STATUS,0,Pulse_count,0,1,0,0,18779000,101640,0.000,0.000,0.000*04
'
05-27 18:38:37.456 13911 14183 I SentryImuMcuAngleSender: 179.993rollDeg
05-27 18:38:37.456 13911 14183 I SentryImuMcuAngleSender: 1,0,0
05-27 18:38:37.457   581   581 I SpiService: fgesysctrl_getGPIO_status success val=0
05-27 18:38:37.458   536   536 D commservice260303: msg.id = 1028,1
05-27 18:38:37.458   536   536 D commservice260303: i = 170, msgid = 8A000404
05-27 18:38:37.458   536   536 D commservice260303: msgid = -1979710460,did=138
05-27 18:38:37.459   536   536 D commservice260303: CommProtocolLibCmdBaseI2C::dataproc {"command":{"id":"imu_status","sub":""},"content":{"TimeStamp":10,"FrameCounter":237593,"GD_X":-0.011453153565526009,"GD_Y":0.005268065724521875,"GD_Z":0.0023671966046094894,"AD_X":-0.0031199604272842407,"AD_Y":-0.0012563334312289953,"AD_Z":-0.16887283325195312,"TempDsp":0,"Status":0,"CalibState":1,"SigAmpInvalid":0}},-1979710460
05-27 18:38:37.459   536   536 D commservice260303: send2Cluster len:319, 7B22636F6D6D616E64223A7B226964223A22696D755F737461747573222C22737562223A22227D2C22636F6E74656E74223A7B2254696D655374616D70223A31302C224672616D65436F756E746572223A3233373539332C2247445F58223A2D302E3031313435333135333536353532363030392C2247445F59223A302E3030353236383036353732343532313837352C2247445F5A223A302E303032333637313936363034363039343839342C2241445F58223A2D302E303033313139393630343237323834323430372C2241445F59223A2D302E303031323536333333343331323238393935332C2241445F5A223A2D302E31363838373238333332353139353331322C2254656D70447370223A302C22537461747573223A302C2243616C69625374617465223A312C22536967416D70496E76616C6964223A307D7D, 138 
05-27 18:38:37.459   536   536 D commservice260303: Push Message into SendPool fn=-1310784768
05-27 18:38:37.459   536   536 D commservice260303: ComProtocolLibSend2Cluster::send2ClusterRaw fn=-1310784768 , len=335
05-27 18:38:37.459   536   536 D commservice260303: sendCmdToPort :335!!!
