05-27 18:38:37.459   536   536 D commservice260303: send Cmd To Port ++++5AA5014B8A010003DFB16A16C9AD7B22636F6D6D616E64223A7B226964223A22696D755F737461747573222C22737562223A22227D2C22636F6E74656E74223A7B2254696D655374616D70223A31302C224672616D65436F756E746572223A3233373539332C2247445F58223A2D302E3031313435333135333536353532363030392C2247445F59223A302E3030353236383036353732343532313837352C2247445F5A223A302E303032333637313936363034363039343839342C2241445F58223A2D302E303033313139393630343237323834323430372C2241445F59223A2D302E303031323536333333343331323238393935332C2241445F5A223A2D302E31363838373238333332353139353331322C2254656D70447370223A302C22537461747573223A302C2243616C69625374617465223A312C22536967416D70496E76616C6964223A307D7D1402
05-27 18:38:37.459   536   536 D commservice260303: bufferevent_write retrun value = 0
05-27 18:38:37.459 13911 14192 D Sentinelmode_1.2.5.17_sentry: <SentryImuClusterFgeSender>imu_status sent to Linux, frame=237593, tsNs=10184689, tsMs=10, intervalMs=28, ad=(-0.0031199604,-0.0012563334,-0.16887283), gd=(-0.011453154,0.0052680657,0.0023671966)
05-27 18:38:37.459   536   560 D commservice260303: client datas send succeed,send finish
05-27 18:38:37.461   566 11459 I gps_hdbd: Received: '$GNTXT,04,01,04,INS,V,1,,,,FLG,1,000000,1,0,1,0,0,Con,0*71
'
05-27 18:38:37.462   566 11459 I gps_hdbd: Received: '$GNTXT,INSTALL,0.00,0.00,0.00,0.00,0.00,0.00,0*20
'
05-27 08:29:46.422   581   581 D spi_rst_gpio_get_output: GPIO 145 value: 0
05-27 08:29:46.422   581   581 D spidev_ioctl: gpio status=0)
05-27 08:29:46.423 11926 11926 I iowait  : 120ms [kworker/u16:2   ] kworker/u16:2
05-27 18:38:37.468  1008 30856 D [OMXB]  : usingANWBuffer: handle:0xee747180, format:1, w:1920, h:1080
05-27 18:38:37.472   581   581 I SpiService: fgesysctrl_getGPIO_status success val=1
05-27 08:29:46.436   581   581 D spi_rst_gpio_get_output: GPIO 145 value: 1
05-27 08:29:46.436   581   581 D spidev_ioctl: gpio status=1)
05-27 18:38:37.474   283   307 I rvcservice: t.code = 2, t.value = 9975939
05-27 18:38:37.474   299 30844 D EvsDriver: forwardFrame
05-27 18:38:37.475   572   572 I Sensors : 230 GyroSensor: x:-0.011071,y:0.005268,z:0.002596
05-27 18:38:37.476   299 30841 D EvsDriver: forwardFrame
05-27 18:38:37.476 13911 14183 I SentryImuMcuAngleSender: 179.97546rollDeg
05-27 18:38:37.476   299 30844 D EvsDriver: Delivered 0xb400007b7ca56900 as id 0
05-27 18:38:37.477 13911 14183 I SentryImuMcuAngleSender: 1,0,0
05-27 18:38:37.477  1167  1184 D evsmanagerd: /dev/video6 forwarded the buffer #0 to 0xb4000074bf5f5510 from 0xb4000074bf5f6d90
05-27 18:38:37.477   581   581 I SpiService: fgesysctrl_getGPIO_status success val=1
05-27 18:38:37.478   299 30841 D EvsDriver: Delivered 0xb400007b7ca56a60 as id 0
05-27 18:38:37.479  1167  1184 D evsmanagerd: /dev/video4 forwarded the buffer #0 to 0xb4000074bf5f6850 from 0xb4000074bf5f41d0
05-27 18:38:37.480   299  1153 D EvsDriver: doneWithFrame
05-27 08:29:46.442   581   581 D spi_rst_gpio_get_output: GPIO 145 value: 1
05-27 08:29:46.442   581   581 D spidev_ioctl: gpio status=1)
05-27 18:38:37.483   581   581 I SpiService: fgesysctrl_getGPIO_status success val=1
05-27 08:29:46.448   581   581 D spi_rst_gpio_get_output: GPIO 145 value: 1
05-27 08:29:46.448   581   581 D spidev_ioctl: gpio status=1)
05-27 18:38:37.484   299  1153 D EvsDriver: doneWithFrame
05-27 18:38:37.486 30773 30786 I dvr_service_: CameraX 1  audioOK: 87616000,audios:1370
05-27 18:38:37.489   581   581 I SpiService: fgesysctrl_getGPIO_status success val=1
05-27 18:38:37.493  1008 30857 D [OMXB]  : usingANWBuffer: handle:0xee7469f0, format:1, w:1920, h:1080
05-27 08:29:46.454   581   581 D spi_rst_gpio_get_output: GPIO 145 value: 1
05-27 08:29:46.454   581   581 D spidev_ioctl: gpio status=1)
05-27 18:38:37.494   581   581 I SpiService: fgesysctrl_getGPIO_status success val=1
05-27 18:38:37.496 13911 14183 I SentryImuMcuAngleSender: 179.986rollDeg
05-27 18:38:37.496 13911 14183 I SentryImuMcuAngleSender: 1,0,0
05-27 08:29:46.459   581   581 D spi_rst_gpio_get_output: GPIO 145 value: 1
05-27 08:29:46.459   581   581 D spidev_ioctl: gpio status=1)
05-27 18:38:37.498   536   536 D commservice260303: msg.id = 1028,0
05-27 18:38:37.498   536   536 D commservice260303: i = 170, msgid = 8A000404
05-27 18:38:37.498   536   536 D commservice260303: msgid = -1979710460,did=138
05-27 18:38:37.498   536   536 D commservice260303: CommProtocolLibCmdBaseI2C::dataproc {"command":{"id":"imu_status","sub":""},"content":{"TimeStamp":10,"FrameCounter":237594,"GD_X":-0.011377211660146713,"GD_Y":0.004963258747011423,"GD_Z":0.002443138277158141,"AD_X":-6.991922855377197E-4,"AD_Y":-4.596333019435406E-5,"AD_Z":-0.1706981658935547,"TempDsp":0,"Status":0,"CalibState":1,"SigAmpInvalid":0}},-1979710460
05-27 18:38:37.498   536   536 D commservice260303: send2Cluster len:315, 7B22636F6D6D616E64223A7B226964223A22696D755F737461747573222C22737562223A22227D2C22636F6E74656E74223A7B2254696D655374616D70223A31302C224672616D65436F756E746572223A3233373539342C2247445F58223A2D302E3031313337373231313636303134363731332C2247445F59223A302E3030343936333235383734373031313432332C2247445F5A223A302E3030323434333133383237373135383134312C2241445F58223A2D362E393931393232383535333737313937452D342C2241445F59223A2D342E353936333333303139343335343036452D352C2241445F5A223A2D302E313730363938313635383933353534372C2254656D70447370223A302C22537461747573223A302C2243616C69625374617465223A312C22536967416D70496E76616C6964223A307D7D, 138 
05-27 18:38:37.499   536   536 D commservice260303: Push Message into SendPool fn=-1294007552
05-27 18:38:37.499   536   536 D commservice260303: ComProtocolLibSend2Cluster::send2ClusterRaw fn=-1294007552 , len=331
05-27 18:38:37.499   536   536 D commservice260303: sendCmdToPort :331!!!
05-27 18:38:37.499   536   536 D commservice260303: send Cmd To Port ++++5AA501478A010003DFB26A16C9AD7B22636F6D6D616E64223A7B226964223A22696D755F737461747573222C22737562223A22227D2C22636F6E74656E74223A7B2254696D655374616D70223A31302C224672616D65436F756E746572223A3233373539342C2247445F58223A2D302E3031313337373231313636303134363731332C2247445F59223A302E3030343936333235383734373031313432332C2247445F5A223A302E3030323434333133383237373135383134312C2241445F58223A2D362E393931393232383535333737313937452D342C2241445F59223A2D342E353936333333303139343335343036452D352C2241445F5A223A2D302E313730363938313635383933353534372C2254656D70447370223A302C22537461747573223A302C2243616C69625374617465223A312C22536967416D70496E76616C6964223A307D7D3949
05-27 18:38:37.499   536   536 D commservice260303: bufferevent_write retrun value = 0
05-27 18:38:37.499   536   560 D commservice260303: client datas send succeed,send finish
05-27 18:38:37.499 13911 14192 D Sentinelmode_1.2.5.17_sentry: <SentryImuClusterFgeSender>imu_status sent to Linux, frame=237594, tsNs=10184741, tsMs=10, intervalMs=40, ad=(-6.991923E-4,-4.596333E-5,-0.17069817), gd=(-0.011377212,0.0049632587,0.0024431383)
05-27 18:38:37.500   581   581 I SpiService: fgesysctrl_getGPIO_status success val=1
05-27 18:38:37.503   299 30841 D EvsDriver: forwardFrame
05-27 08:29:46.464   581   581 D spi_rst_gpio_get_output: GPIO 145 value: 1
05-27 08:29:46.464   581   581 D spidev_ioctl: gpio status=1)
05-27 18:38:37.505   299 30841 D EvsDriver: Delivered 0xb400007b7ca56a60 as id 0
05-27 18:38:37.505   581   581 I SpiService: fgesysctrl_getGPIO_status success val=0
05-27 18:38:37.505   299 30844 D EvsDriver: forwardFrame
05-27 18:38:37.505  1167  1184 D evsmanagerd: /dev/video4 forwarded the buffer #0 to 0xb4000074bf5f6850 from 0xb4000074bf5f41d0
05-27 08:29:46.470   581   581 D spi_rst_gpio_get_output: GPIO 145 value: 0
05-27 08:29:46.470   581   581 D spidev_ioctl: gpio status=0)
05-27 18:38:37.510   299  1153 D EvsDriver: doneWithFrame
05-27 18:38:37.510   299 30844 D EvsDriver: Delivered 0xb400007b7ca56900 as id 0
05-27 18:38:37.510  1167  1184 D evsmanagerd: /dev/video6 forwarded the buffer #0 to 0xb4000074bf5f5510 from 0xb4000074bf5f6d90
05-27 18:38:37.514   299  1153 D EvsDriver: doneWithFrame
05-27 18:38:37.516 13911 14183 I SentryImuMcuAngleSender: 179.98248rollDeg
05-27 18:38:37.516 13911 14183 I SentryImuMcuAngleSender: 1,0,0
05-27 18:38:37.519  1008 30856 D [OMXB]  : usingANWBuffer: handle:0xee742ed0, format:1, w:1920, h:1080
05-27 18:38:37.520   581   581 I SpiService: fgesysctrl_getGPIO_status success val=1
05-27 08:29:46.485   581   581 D spi_rst_gpio_get_output: GPIO 145 value: 1
05-27 08:29:46.485   581   581 D spidev_ioctl: gpio status=1)
05-27 18:38:37.525   581   581 I SpiService: fgesysctrl_getGPIO_status success val=1
05-27 08:29:46.490   581   581 D spi_rst_gpio_get_output: GPIO 145 value: 1
05-27 08:29:46.490   581   581 D spidev_ioctl: gpio status=1)
05-27 18:38:37.531   581   581 I SpiService: fgesysctrl_getGPIO_status success val=1
05-27 08:29:46.495   581   581 D spi_rst_gpio_get_output: GPIO 145 value: 1
05-27 08:29:46.495   581   581 D spidev_ioctl: gpio status=1)
05-27 18:38:37.534  1008 30857 D [OMXB]  : usingANWBuffer: handle:0xee743500, format:1, w:1920, h:1080
05-27 18:38:37.536   581   581 I SpiService: fgesysctrl_getGPIO_status success val=1
05-27 18:38:37.536 13911 14183 I SentryImuMcuAngleSender: 179.97197rollDeg
05-27 18:38:37.536 13911 14183 I SentryImuMcuAngleSender: 1,0,0
05-27 08:29:46.501   581   581 D spi_rst_gpio_get_output: GPIO 145 value: 1
05-27 08:29:46.501   581   581 D spidev_ioctl: gpio status=1)
05-27 18:38:37.538   536   536 D commservice260303: msg.id = 1028,1
05-27 18:38:37.539   536   536 D commservice260303: i = 170, msgid = 8A000404
05-27 18:38:37.539   536   536 D commservice260303: msgid = -1979710460,did=138
05-27 18:38:37.539   536   536 D commservice260303: CommProtocolLibCmdBaseI2C::dataproc {"command":{"id":"imu_status","sub":""},"content":{"TimeStamp":10,"FrameCounter":237595,"GD_X":-0.01153013575822115,"GD_Y":0.004809814505279064,"GD_Z":0.0023671966046094894,"AD_X":-0.003141045570373535,"AD_Y":0.002384624443948269,"AD_Z":-0.1676473617553711,"TempDsp":0,"Status":0,"CalibState":1,"SigAmpInvalid":0}},-1979710460
05-27 18:38:37.539   536   536 D commservice260303: send2Cluster len:314, 7B22636F6D6D616E64223A7B226964223A22696D755F737461747573222C22737562223A22227D2C22636F6E74656E74223A7B2254696D655374616D70223A31302C224672616D65436F756E746572223A3233373539352C2247445F58223A2D302E30313135333031333537353832323131352C2247445F59223A302E3030343830393831343530353237393036342C2247445F5A223A302E303032333637313936363034363039343839342C2241445F58223A2D302E3030333134313034353537303337333533352C2241445F59223A302E3030323338343632343434333934383236392C2241445F5A223A2D302E313637363437333631373535333731312C2254656D70447370223A302C22537461747573223A302C2243616C69625374617465223A312C22536967416D70496E76616C6964223A307D7D, 138 
05-27 18:38:37.539   536   536 D commservice260303: Push Message into SendPool fn=-1277230336
05-27 18:38:37.539   536   536 D commservice260303: ComProtocolLibSend2Cluster::send2ClusterRaw fn=-1277230336 , len=330
05-27 18:38:37.539   536   536 D commservice260303: sendCmdToPort :330!!!
05-27 18:38:37.539   536   536 D commservice260303: send Cmd To Port ++++5AA501468A010003DFB36A16C9AD7B22636F6D6D616E64223A7B226964223A22696D755F737461747573222C22737562223A22227D2C22636F6E74656E74223A7B2254696D655374616D70223A31302C224672616D65436F756E746572223A3233373539352C2247445F58223A2D302E30313135333031333537353832323131352C2247445F59223A302E3030343830393831343530353237393036342C2247445F5A223A302E303032333637313936363034363039343839342C2241445F58223A2D302E3030333134313034353537303337333533352C2241445F59223A302E3030323338343632343434333934383236392C2241445F5A223A2D302E313637363437333631373535333731312C2254656D70447370223A302C22537461747573223A302C2243616C69625374617465223A312C22536967416D70496E76616C6964223A307D7D7307
05-27 18:38:37.539   536   536 D commservice260303: bufferevent_write retrun value = 0
05-27 18:38:37.539   536   560 D commservice260303: client datas send succeed,send finish
05-27 18:38:37.539 13911 14192 D Sentinelmode_1.2.5.17_sentry: <SentryImuClusterFgeSender>imu_status sent to Linux, frame=237595, tsNs=10184777, tsMs=10, intervalMs=40, ad=(-0.0031410456,0.0023846244,-0.16764736), gd=(-0.011530136,0.0048098145,0.0023671966)
05-27 18:38:37.542   581   581 I SpiService: fgesysctrl_getGPIO_status success val=0
05-27 18:38:37.542 30773 30786 I dvr_service_: CameraX 0  audioOK: 87616000,audios:1370
05-27 18:38:37.543   299 30841 D EvsDriver: forwardFrame
05-27 18:38:37.544   299 30841 D EvsDriver: Delivered 0xb400007b7ca56a60 as id 0
05-27 18:38:37.544  1167  1184 D evsmanagerd: /dev/video4 forwarded the buffer #0 to 0xb4000074bf5f6850 from 0xb4000074bf5f41d0
05-27 18:38:37.547  1008 30856 D [OMXB]  : usingANWBuffer: handle:0xee742b60, format:1, w:1920, h:1080
05-27 18:38:37.547   299  1153 D EvsDriver: doneWithFrame
05-27 08:29:46.506   581   581 D spi_rst_gpio_get_output: GPIO 145 value: 0
05-27 08:29:46.506   581   581 D spidev_ioctl: gpio status=0)
05-27 18:38:37.549   299 30844 D EvsDriver: forwardFrame
05-27 18:38:37.550   299 30844 D EvsDriver: Delivered 0xb400007b7ca56900 as id 0
05-27 18:38:37.550  1167  1184 D evsmanagerd: /dev/video6 forwarded the buffer #0 to 0xb4000074bf5f5510 from 0xb4000074bf5f6d90
05-27 18:38:37.555   299  1153 D EvsDriver: doneWithFrame
05-27 18:38:37.556   581   581 I SpiService: fgesysctrl_getGPIO_status success val=1
05-27 08:29:46.520   581   581 D spi_rst_gpio_get_output: GPIO 145 value: 1
05-27 08:29:46.520   581   581 D spidev_ioctl: gpio status=1)
05-27 18:38:37.557 13911 14183 I SentryImuMcuAngleSender: 179.98248rollDeg
05-27 18:38:37.557 13911 14183 I SentryImuMcuAngleSender: 1,0,0
05-27 18:38:37.558   536  2579 D commservice260303: send heart beat package to Cluster
05-27 18:38:37.558   536  2579 D commservice260303: send2Cluster len:40, 7B22636F6D6D616E64223A7B226964223A22686561727462656174222C22737562223A22227D7D0A, 129 
05-27 18:38:37.558   536  2579 D commservice260303: Push Message into SendPool fn=-1260453120
05-27 18:38:37.558   536  2579 D commservice260303: ComProtocolLibSend2Cluster::send2ClusterRaw fn=-1260453120 , len=56
05-27 18:38:37.558   536  2579 D commservice260303: sendCmdToPort :56!!!
05-27 18:38:37.558   536  2579 D commservice260303: send Cmd To Port ++++5AA5003481010003DFB46A16C9AD7B22636F6D6D616E64223A7B226964223A22686561727462656174222C22737562223A22227D7D0A6CB1
05-27 18:38:37.558   536  2579 D commservice260303: bufferevent_write retrun value = 0
05-27 18:38:37.559   536   560 D commservice260303: client datas send succeed,send finish
05-27 18:38:37.561   581   581 I SpiService: fgesysctrl_getGPIO_status success val=1
05-27 08:29:46.526   581   581 D spi_rst_gpio_get_output: GPIO 145 value: 1
05-27 08:29:46.526   581   581 D spidev_ioctl: gpio status=1)
05-27 18:38:37.565   536   560 D commservice260303: recv len:91, 5AA50057010000003B9F6A16C9AD7B22636F6D6D616E64223A7B226964223A22686561727462656174222C22737562223A22227D2C22726573706F6E65223A7B22636F6465223A302C226D657373616765223A226F6B227D7DCE6D from server
05-27 18:38:37.565   536  2578 D commservice260303: mcuDataAnalyzeHandle templen:91,len:91,pos:0, 5AA50057010000003B9F6A16C9AD7B22636F6D6D616E64223A7B226964223A22686561727462656174222C22737562223A22227D2C22726573706F6E65223A7B22636F6465223A302C226D657373616765223A226F6B227D7DCE6D 
05-27 18:38:37.565   536  2578 I commservice260303: checksumCal = 52845
05-27 18:38:37.565   536  2578 D commservice260303: Protocol_C2I_Commservice::dataproc {"command":{"id":"heartbeat","sub":""},"respone":{"code":0,"message":"ok"}},1
05-27 18:38:37.565   536  2578 D commservice260303: Protocol_C2I_Commservice::dataproc Receive a heartbeat command from Cluster, setTcpHeartbeat = EID_UID_HEARTBEAT
05-27 18:38:37.567   581   581 I SpiService: fgesysctrl_getGPIO_status success val=1
05-27 08:29:46.531   581   581 D spi_rst_gpio_get_output: GPIO 145 value: 1
05-27 08:29:46.531   581   581 D spidev_ioctl: gpio status=1)
05-27 18:38:37.572   581   581 I SpiService: fgesysctrl_getGPIO_status success val=1
05-27 08:29:46.536   581   581 D spi_rst_gpio_get_output: GPIO 145 value: 1
05-27 08:29:46.537   581   581 D spidev_ioctl: gpio status=1)
05-27 18:38:37.574   299 30841 D EvsDriver: forwardFrame
05-27 18:38:37.574   283   307 I rvcservice: t.code = 3, t.value = 0
05-27 18:38:37.575   299 30844 D EvsDriver: forwardFrame
05-27 18:38:37.576   299 30841 D EvsDriver: Delivered 0xb400007b7ca56a60 as id 0
05-27 18:38:37.576   299 30844 D EvsDriver: Delivered 0xb400007b7ca56900 as id 0
05-27 18:38:37.576  1167  1184 D evsmanagerd: /dev/video4 forwarded the buffer #0 to 0xb4000074bf5f6850 from 0xb4000074bf5f41d0
05-27 18:38:37.576  1167  1479 D evsmanagerd: /dev/video6 forwarded the buffer #0 to 0xb4000074bf5f5510 from 0xb4000074bf5f6d90
05-27 18:38:37.578   581   581 I SpiService: fgesysctrl_getGPIO_status success val=1
05-27 18:38:37.578 13911 14183 I SentryImuMcuAngleSender: 179.97899rollDeg
05-27 18:38:37.578 13911 14183 I SentryImuMcuAngleSender: 1,0,0
05-27 18:38:37.581   299  1163 D EvsDriver: doneWithFrame
05-27 18:38:37.581   299  1153 D EvsDriver: doneWithFrame
05-27 18:38:37.582   572   622 I Sensors : 230 AccelSensor: x:-0.169580,y:0.004270,z:-9.974720
05-27 18:38:37.582   536   536 D commservice260303: msg.id = 1028,1
05-27 18:38:37.582   536   536 D commservice260303: i = 170, msgid = 8A000404
05-27 18:38:37.582   536   536 D commservice260303: msgid = -1979710460,did=138
05-27 18:38:37.582   536   536 D commservice260303: CommProtocolLibCmdBaseI2C::dataproc {"command":{"id":"imu_status","sub":""},"content":{"TimeStamp":10,"FrameCounter":237596,"GD_X":-0.011300750076770782,"GD_Y":0.004580949433147907,"GD_Z":0.0018319635419175029,"AD_X":-0.003139287233352661,"AD_Y":0.0011589259374886751,"AD_Z":-0.1694784164428711,"TempDsp":0,"Status":0,"CalibState":1,"SigAmpInvalid":0}},-1979710460
05-27 18:38:37.582   536   536 D commservice260303: send2Cluster len:316, 7B22636F6D6D616E64223A7B226964223A22696D755F737461747573222C22737562223A22227D2C22636F6E74656E74223A7B2254696D655374616D70223A31302C224672616D65436F756E746572223A3233373539362C2247445F58223A2D302E3031313330303735303037363737303738322C2247445F59223A302E3030343538303934393433333134373930372C2247445F5A223A302E303031383331393633353431393137353032392C2241445F58223A2D302E3030333133393238373233333335323636312C2241445F59223A302E303031313538393235393337343838363735312C2241445F5A223A2D302E313639343738343136343432383731312C2254656D70447370223A302C22537461747573223A302C2243616C69625374617465223A312C22536967416D70496E76616C6964223A307D7D, 138 
05-27 18:38:37.582   536   536 D commservice260303: Push Message into SendPool fn=-1243675904
05-27 18:38:37.582   536   536 D commservice260303: ComProtocolLibSend2Cluster::send2ClusterRaw fn=-1243675904 , len=332
05-27 18:38:37.582   536   536 D commservice260303: sendCmdToPort :332!!!
05-27 18:38:37.582   536   536 D commservice260303: send Cmd To Port ++++5AA501488A010003DFB56A16C9AD7B22636F6D6D616E64223A7B226964223A22696D755F737461747573222C22737562223A22227D2C22636F6E74656E74223A7B2254696D655374616D70223A31302C224672616D65436F756E746572223A3233373539362C2247445F58223A2D302E3031313330303735303037363737303738322C2247445F59223A302E3030343538303934393433333134373930372C2247445F5A223A302E303031383331393633353431393137353032392C2241445F58223A2D302E3030333133393238373233333335323636312C2241445F59223A302E303031313538393235393337343838363735312C2241445F5A223A2D302E313639343738343136343432383731312C2254656D70447370223A302C22537461747573223A302C2243616C69625374617465223A312C22536967416D70496E76616C6964223A307D7DC179
05-27 18:38:37.582   536   536 D commservice260303: bufferevent_write retrun value = 0
05-27 08:29:46.542   581   581 D spi_rst_gpio_get_output: GPIO 145 value: 1
05-27 08:29:46.542   581   581 D spidev_ioctl: gpio status=1)
05-27 18:38:37.583   536   560 D commservice260303: client datas send succeed,send finish
05-27 08:29:46.548   581   581 D spi_rst_gpio_get_output: GPIO 145 value: 0
05-27 18:38:37.583 13911 14192 D Sentinelmode_1.2.5.17_sentry: <SentryImuClusterFgeSender>imu_status sent to Linux, frame=237596, tsNs=10184813, tsMs=10, intervalMs=44, ad=(-0.0031392872,0.0011589259,-0.16947842), gd=(-0.01130075,0.0045809494,0.0018319635)
05-27 18:38:37.584   581   581 I SpiService: fgesysctrl_getGPIO_status success val=0
05-27 08:29:46.548   581   581 D spidev_ioctl: gpio status=0)
05-27 18:38:37.589  1008 30857 D [OMXB]  : usingANWBuffer: handle:0xee743b30, format:1, w:1920, h:1080
05-27 18:38:37.598   581   581 I SpiService: fgesysctrl_getGPIO_status success val=1
05-27 18:38:37.598 13911 14183 I SentryImuMcuAngleSender: 179.98598rollDeg
05-27 18:38:37.598 13911 14183 I SentryImuMcuAngleSender: 1,0,0
05-27 08:29:46.562   581   581 D spi_rst_gpio_get_output: GPIO 145 value: 1
05-27 08:29:46.562   581   581 D spidev_ioctl: gpio status=1)
05-27 18:38:37.603   581   581 I SpiService: fgesysctrl_getGPIO_status success val=1
05-27 18:38:37.605  1008 30856 D [OMXB]  : usingANWBuffer: handle:0xee7404e0, format:1, w:1920, h:1080
05-27 08:29:46.568   581   581 D spi_rst_gpio_get_output: GPIO 145 value: 1
05-27 08:29:46.568   581   581 D spidev_ioctl: gpio status=1)
05-27 18:38:37.609   581   581 I SpiService: fgesysctrl_getGPIO_status success val=1
05-27 08:29:46.573   581   581 D spi_rst_gpio_get_output: GPIO 145 value: 1
05-27 08:29:46.573   581   581 D spidev_ioctl: gpio status=1)
05-27 08:29:46.573     0     0 W         : c6 [    C6] Irq_monitor:Irq                                           IPI[1]occur        7514 times interval 1024 ms
05-27 18:38:37.613   299 30841 D EvsDriver: forwardFrame
05-27 18:38:37.613   299 30844 D EvsDriver: forwardFrame
05-27 18:38:37.614   299 30841 D EvsDriver: Delivered 0xb400007b7ca56a60 as id 0
05-27 18:38:37.614   299 30844 D EvsDriver: Delivered 0xb400007b7ca56900 as id 0
05-27 18:38:37.614  1167  1184 D evsmanagerd: /dev/video6 forwarded the buffer #0 to 0xb4000074bf5f5510 from 0xb4000074bf5f6d90
05-27 18:38:37.614  1167  1479 D evsmanagerd: /dev/video4 forwarded the buffer #0 to 0xb4000074bf5f6850 from 0xb4000074bf5f41d0
05-27 18:38:37.614   581   581 I SpiService: fgesysctrl_getGPIO_status success val=1
05-27 18:38:37.614 30773 30782 E dvr_service_: [myNum:1] Received S**** loss
05-27 18:38:37.614 30773 30773 E dvr_service_: [myNum:0] Received S**** loss
05-27 18:38:37.615   299  1153 D EvsDriver: doneWithFrame
05-27 18:38:37.615   299  1153 D EvsDriver: doneWithFrame
05-27 08:29:46.579   581   581 D spi_rst_gpio_get_output: GPIO 145 value: 1
05-27 08:29:46.579   581   581 D spidev_ioctl: gpio status=1)
05-27 18:38:37.619 13911 14183 I SentryImuMcuAngleSender: 179.98949rollDeg
05-27 18:38:37.619 13911 14183 I SentryImuMcuAngleSender: 1,0,0
05-27 18:38:37.619   536   536 D commservice260303: msg.id = 1028,1
05-27 18:38:37.620   536   536 D commservice260303: i = 170, msgid = 8A000404
05-27 18:38:37.620   536   536 D commservice260303: msgid = -1979710460,did=138
05-27 18:38:37.620   536   536 D commservice260303: CommProtocolLibCmdBaseI2C::dataproc {"command":{"id":"imu_status","sub":""},"content":{"TimeStamp":10,"FrameCounter":237597,"GD_X":-0.011147825978696346,"GD_Y":0.005573912989348173,"GD_Z":0.002213752595707774,"AD_X":-0.0013182759284973145,"AD_Y":-6.734853377565742E-4,"AD_Z":-0.1658182144165039,"TempDsp":0,"Status":0,"CalibState":1,"SigAmpInvalid":0}},-1979710460
05-27 18:38:37.620   536   536 D commservice260303: send2Cluster len:316, 7B22636F6D6D616E64223A7B226964223A22696D755F737461747573222C22737562223A22227D2C22636F6E74656E74223A7B2254696D655374616D70223A31302C224672616D65436F756E746572223A3233373539372C2247445F58223A2D302E3031313134373832353937383639363334362C2247445F59223A302E3030353537333931323938393334383137332C2247445F5A223A302E3030323231333735323539353730373737342C2241445F58223A2D302E303031333138323735393238343937333134352C2241445F59223A2D362E373334383533333737353635373432452D342C2241445F5A223A2D302E313635383138323134343136353033392C2254656D70447370223A302C22537461747573223A302C2243616C69625374617465223A312C22536967416D70496E76616C6964223A307D7D, 138 
05-27 18:38:37.620   581   581 I SpiService: fgesysctrl_getGPIO_status success val=1
05-27 18:38:37.620   536   536 D commservice260303: Push Message into SendPool fn=-1226898688
05-27 18:38:37.620   536   536 D commservice260303: ComProtocolLibSend2Cluster::send2ClusterRaw fn=-1226898688 , len=332
05-27 18:38:37.620   536   536 D commservice260303: sendCmdToPort :332!!!
05-27 18:38:37.620   536   536 D commservice260303: send Cmd To Port ++++5AA501488A010003DFB66A16C9AD7B22636F6D6D616E64223A7B226964223A22696D755F737461747573222C22737562223A22227D2C22636F6E74656E74223A7B2254696D655374616D70223A31302C224672616D65436F756E746572223A3233373539372C2247445F58223A2D302E3031313134373832353937383639363334362C2247445F59223A302E3030353537333931323938393334383137332C2247445F5A223A302E3030323231333735323539353730373737342C2241445F58223A2D302E303031333138323735393238343937333134352C2241445F59223A2D362E373334383533333737353635373432452D342C2241445F5A223A2D302E313635383138323134343136353033392C2254656D70447370223A302C22537461747573223A302C2243616C69625374617465223A312C22536967416D70496E76616C6964223A307D7DDD88
05-27 18:38:37.620   536   536 D commservice260303: bufferevent_write retrun value = 0
05-27 18:38:37.620   536   560 D commservice260303: client datas send succeed,send finish
05-27 18:38:37.620 13911 14192 D Sentinelmode_1.2.5.17_sentry: <SentryImuClusterFgeSender>imu_status sent to Linux, frame=237597, tsNs=10184866, tsMs=10, intervalMs=37, ad=(-0.0013182759,-6.7348534E-4,-0.16581821), gd=(-0.011147826,0.005573913,0.0022137526)
05-27 08:29:46.584   581   581 D spi_rst_gpio_get_output: GPIO 145 value: 1
05-27 08:29:46.584   581   581 D spidev_ioctl: gpio status=1)
05-27 18:38:37.625   581   581 I SpiService: fgesysctrl_getGPIO_status success val=0
05-27 08:29:46.590   581   581 D spi_rst_gpio_get_output: GPIO 145 value: 0
05-27 08:29:46.590   581   581 D spidev_ioctl: gpio status=0)
05-27 18:38:37.631  1008 30857 D [OMXB]  : usingANWBuffer: handle:0xee740430, format:1, w:1920, h:1080
05-27 18:38:37.639 13911 14183 I SentryImuMcuAngleSender: 179.98598rollDeg
05-27 18:38:37.639   581   581 I SpiService: fgesysctrl_getGPIO_status success val=1
05-27 18:38:37.639 13911 14183 I SentryImuMcuAngleSender: 1,0,0
05-27 08:29:46.604   581   581 D spi_rst_gpio_get_output: GPIO 145 value: 1
05-27 08:29:46.604   581   581 D spidev_ioctl: gpio status=1)
05-27 18:38:37.645   581   581 I SpiService: fgesysctrl_getGPIO_status success val=1
05-27 08:29:46.609   581   581 D spi_rst_gpio_get_output: GPIO 145 value: 1
05-27 08:29:46.609   581   581 D spidev_ioctl: gpio status=1)
05-27 18:38:37.650   581   581 I SpiService: fgesysctrl_getGPIO_status success val=1
05-27 18:38:37.650   299 30844 D EvsDriver: forwardFrame
05-27 18:38:37.651   299 30841 D EvsDriver: forwardFrame
05-27 18:38:37.651   299 30844 D EvsDriver: Delivered 0xb400007b7ca56900 as id 0
05-27 18:38:37.651  1167  1479 D evsmanagerd: /dev/video6 forwarded the buffer #0 to 0xb4000074bf5f5510 from 0xb4000074bf5f6d90
05-27 18:38:37.652   299 30841 D EvsDriver: Delivered 0xb400007b7ca56a60 as id 0
05-27 18:38:37.653  1167  1479 D evsmanagerd: /dev/video4 forwarded the buffer #0 to 0xb4000074bf5f6850 from 0xb4000074bf5f41d0
05-27 08:29:46.615   581   581 D spi_rst_gpio_get_output: GPIO 145 value: 1
05-27 08:29:46.615   581   581 D spidev_ioctl: gpio status=1)
05-27 18:38:37.655   299  1153 D EvsDriver: doneWithFrame
05-27 18:38:37.655   299  1163 D EvsDriver: doneWithFrame
05-27 18:38:37.655   581   581 I SpiService: fgesysctrl_getGPIO_status success val=1
05-27 08:29:46.620   581   581 D spi_rst_gpio_get_output: GPIO 145 value: 1
05-27 08:29:46.620   581   581 D spidev_ioctl: gpio status=1)
05-27 18:38:37.657  1008 30856 D [OMXB]  : usingANWBuffer: handle:0xee742060, format:1, w:1920, h:1080
05-27 18:38:37.659 13911 14183 I SentryImuMcuAngleSender: 179.98598rollDeg
05-27 18:38:37.660 13911 14183 I SentryImuMcuAngleSender: 1,0,0
05-27 18:38:37.660   536   536 D commservice260303: msg.id = 1028,0
05-27 18:38:37.660   536   536 D commservice260303: i = 170, msgid = 8A000404
05-27 18:38:37.660   536   536 D commservice260303: msgid = -1979710460,did=138
05-27 18:38:37.660   536   536 D commservice260303: CommProtocolLibCmdBaseI2C::dataproc {"command":{"id":"imu_status","sub":""},"content":{"TimeStamp":10,"FrameCounter":237598,"GD_X":-0.011759000830352306,"GD_Y":0.004733873065561056,"GD_Z":0.0020608289632946253,"AD_X":-0.004359632730484009,"AD_Y":-6.257020868360996E-5,"AD_Z":-0.1670389175415039,"TempDsp":0,"Status":0,"CalibState":1,"SigAmpInvalid":0}},-1979710460
05-27 18:38:37.660   536   536 D commservice260303: send2Cluster len:316, 7B22636F6D6D616E64223A7B226964223A22696D755F737461747573222C22737562223A22227D2C22636F6E74656E74223A7B2254696D655374616D70223A31302C224672616D65436F756E746572223A3233373539382C2247445F58223A2D302E3031313735393030303833303335323330362C2247445F59223A302E3030343733333837333036353536313035362C2247445F5A223A302E303032303630383238393633323934363235332C2241445F58223A2D302E3030343335393633323733303438343030392C2241445F59223A2D362E323537303230383638333630393936452D352C2241445F5A223A2D302E313637303338393137353431353033392C2254656D70447370223A302C22537461747573223A302C2243616C69625374617465223A312C22536967416D70496E76616C6964223A307D7D, 138 
05-27 18:38:37.660   536   536 D commservice260303: Push Message into SendPool fn=-1210121472
05-27 18:38:37.660   536   536 D commservice260303: ComProtocolLibSend2Cluster::send2ClusterRaw fn=-1210121472 , len=332
05-27 18:38:37.660   536   536 D commservice260303: sendCmdToPort :332!!!
05-27 18:38:37.660   536   536 D commservice260303: send Cmd To Port ++++5AA501488A010003DFB76A16C9AD7B22636F6D6D616E64223A7B226964223A22696D755F737461747573222C22737562223A22227D2C22636F6E74656E74223A7B2254696D655374616D70223A31302C224672616D65436F756E746572223A3233373539382C2247445F58223A2D302E3031313735393030303833303335323330362C2247445F59223A302E3030343733333837333036353536313035362C2247445F5A223A302E303032303630383238393633323934363235332C2241445F58223A2D302E3030343335393633323733303438343030392C2241445F59223A2D362E323537303230383638333630393936452D352C2241445F5A223A2D302E313637303338393137353431353033392C2254656D70447370223A302C22537461747573223A302C2243616C69625374617465223A312C22536967416D70496E76616C6964223A307D7D71FD
05-27 18:38:37.660   536   536 D commservice260303: bufferevent_write retrun value = 0
05-27 18:38:37.660   536   560 D commservice260303: client datas send succeed,send finish
05-27 18:38:37.660 13911 14192 D Sentinelmode_1.2.5.17_sentry: <SentryImuClusterFgeSender>imu_status sent to Linux, frame=237598, tsNs=10184902, tsMs=10, intervalMs=40, ad=(-0.0043596327,-6.257021E-5,-0.16703892), gd=(-0.011759001,0.004733873,0.002060829)
05-27 18:38:37.661   581   581 I SpiService: fgesysctrl_getGPIO_status success val=1
05-27 08:29:46.625   581   581 D spi_rst_gpio_get_output: GPIO 145 value: 1
05-27 08:29:46.625   581   581 D spidev_ioctl: gpio status=1)
05-27 18:38:37.666   581   581 I SpiService: fgesysctrl_getGPIO_status success val=0
05-27 18:38:37.666 11344 11344 E SystemUI_NavBarFragment: SysUIConfig.icCarServiceConnected：false
05-27 08:29:46.631   581   581 D spi_rst_gpio_get_output: GPIO 145 value: 0
05-27 08:29:46.631   581   581 D spidev_ioctl: gpio status=0)
05-27 18:38:37.669   572   572 I Sensors : 230 GyroSensor: x:-0.011377,y:0.004963,z:0.001908
05-27 18:38:37.671 13911 14183 I SentryImuMcuAngleSender: [4, 18, 1, 0, 0],5
05-27 18:38:37.671 13911 14183 I McuCommManager: mcuCommSendcmd [4, 18, 1, 0, 0]
05-27 18:38:37.672 13911 14183 I SentryImuMcuAngleSender: true
05-27 18:38:37.672 13911 14183 W Sentinelmode_1.2.5.17_sentry: <SentryImuMcuAngleSender>MCU IMU send interval abnormal: 1003ms
05-27 18:38:37.674   283   307 I rvcservice: t.code = 3, t.value = 0
05-27 18:38:37.676   299 30841 D EvsDriver: forwardFrame
05-27 18:38:37.676   299 30844 D EvsDriver: forwardFrame
05-27 18:38:37.678   299 30841 D EvsDriver: Delivered 0xb400007b7ca56a60 as id 0
05-27 18:38:37.679   299 30844 D EvsDriver: Delivered 0xb400007b7ca56900 as id 0
05-27 18:38:37.679  1167  1479 D evsmanagerd: /dev/video4 forwarded the buffer #0 to 0xb4000074bf5f6850 from 0xb4000074bf5f41d0
05-27 18:38:37.679  1167  1184 D evsmanagerd: /dev/video6 forwarded the buffer #0 to 0xb4000074bf5f5510 from 0xb4000074bf5f6d90
05-27 18:38:37.679 13911 14183 I SentryImuMcuAngleSender: 179.97897rollDeg
05-27 18:38:37.679 13911 14183 I SentryImuMcuAngleSender: 1,0,0
05-27 18:38:37.681   581   581 I SpiService: fgesysctrl_getGPIO_status success val=1
05-27 18:38:37.681   299  1163 D EvsDriver: doneWithFrame
05-27 18:38:37.682   299  1163 D EvsDriver: doneWithFrame
05-27 08:29:46.646   581   581 D spi_rst_gpio_get_output: GPIO 145 value: 1
05-27 08:29:46.646   581   581 D spidev_ioctl: gpio status=1)
05-27 18:38:37.687   581   581 I SpiService: fgesysctrl_getGPIO_status success val=1
05-27 08:29:46.651   581   581 D spi_rst_gpio_get_output: GPIO 145 value: 1
05-27 08:29:46.651   581   581 D spidev_ioctl: gpio status=1)
05-27 18:38:37.692   581   581 I SpiService: fgesysctrl_getGPIO_status success val=1
05-27 08:29:46.657   581   581 D spi_rst_gpio_get_output: GPIO 145 value: 1
05-27 08:29:46.657   581   581 D spidev_ioctl: gpio status=1)
05-27 18:38:37.693  1008 30857 D [OMXB]  : usingANWBuffer: handle:0xee740d20, format:1, w:1920, h:1080
05-27 18:38:37.698   581   581 I SpiService: fgesysctrl_getGPIO_status success val=1
05-27 18:38:37.699 13911 14183 I SentryImuMcuAngleSender: 179.97197rollDeg
05-27 18:38:37.699 13911 14183 I SentryImuMcuAngleSender: 1,0,0
05-27 18:38:37.699   536   536 D commservice260303: msg.id = 1028,0
05-27 18:38:37.699   536   536 D commservice260303: i = 170, msgid = 8A000404
05-27 18:38:37.699   536   536 D commservice260303: msgid = -1979710460,did=138
05-27 18:38:37.699   536   536 D commservice260303: CommProtocolLibCmdBaseI2C::dataproc {"command":{"id":"imu_status","sub":""},"content":{"TimeStamp":10,"FrameCounter":237599,"GD_X":-0.011147825978696346,"GD_Y":0.0048857564106583595,"GD_Z":0.0019848872907459736,"AD_X":-7.083266973495483E-4,"AD_Y":0.0023661593440920115,"AD_Z":-0.1670389175415039,"TempDsp":0,"Status":0,"CalibState":1,"SigAmpInvalid":0}},-1979710460
05-27 18:38:37.699   536   536 D commservice260303: send2Cluster len:317, 7B22636F6D6D616E64223A7B226964223A22696D755F737461747573222C22737562223A22227D2C22636F6E74656E74223A7B2254696D655374616D70223A31302C224672616D65436F756E746572223A3233373539392C2247445F58223A2D302E3031313134373832353937383639363334362C2247445F59223A302E303034383835373536343130363538333539352C2247445F5A223A302E303031393834383837323930373435393733362C2241445F58223A2D372E303833323636393733343935343833452D342C2241445F59223A302E303032333636313539333434303932303131352C2241445F5A223A2D302E313637303338393137353431353033392C2254656D70447370223A302C22537461747573223A302C2243616C69625374617465223A312C22536967416D70496E76616C6964223A307D7D, 138 
05-27 18:38:37.699   536   536 D commservice260303: Push Message into SendPool fn=-1193344256
05-27 18:38:37.699   536   536 D commservice260303: ComProtocolLibSend2Cluster::send2ClusterRaw fn=-1193344256 , len=333
05-27 18:38:37.699   536   536 D commservice260303: sendCmdToPort :333!!!
05-27 18:38:37.700   536   536 D commservice260303: send Cmd To Port ++++5AA501498A010003DFB86A16C9AD7B22636F6D6D616E64223A7B226964223A22696D755F737461747573222C22737562223A22227D2C22636F6E74656E74223A7B2254696D655374616D70223A31302C224672616D65436F756E746572223A3233373539392C2247445F58223A2D302E3031313134373832353937383639363334362C2247445F59223A302E303034383835373536343130363538333539352C2247445F5A223A302E303031393834383837323930373435393733362C2241445F58223A2D372E303833323636393733343935343833452D342C2241445F59223A302E303032333636313539333434303932303131352C2241445F5A223A2D302E313637303338393137353431353033392C2254656D70447370223A302C22537461747573223A302C2243616C69625374617465223A312C22536967416D70496E76616C6964223A307D7D382A
05-27 18:38:37.700   536   536 D commservice260303: bufferevent_write retrun value = 0
05-27 18:38:37.700   536   560 D commservice260303: client datas send succeed,send finish
05-27 18:38:37.700 13911 14192 D Sentinelmode_1.2.5.17_sentry: <SentryImuClusterFgeSender>imu_status sent to Linux, frame=237599, tsNs=10184937, tsMs=10, intervalMs=40, ad=(-7.083267E-4,0.0023661593,-0.16703892), gd=(-0.011147826,0.0048857564,0.0019848873)
05-27 08:29:46.662   581   581 D spi_rst_gpio_get_output: GPIO 145 value: 1
05-27 08:29:46.662   581   581 D spidev_ioctl: gpio status=1)
05-27 18:38:37.703   581   581 I SpiService: fgesysctrl_getGPIO_status success val=1
05-27 08:29:46.668   581   581 D spi_rst_gpio_get_output: GPIO 145 value: 1
05-27 08:29:46.668   581   581 D spidev_ioctl: gpio status=1)
05-27 18:38:37.708   299 30844 D EvsDriver: forwardFrame
05-27 08:29:46.673   581   581 D spi_rst_gpio_get_output: GPIO 145 value: 0
05-27 18:38:37.709   581   581 I SpiService: fgesysctrl_getGPIO_status success val=0
05-27 08:29:46.673   581   581 D spidev_ioctl: gpio status=0)
05-27 18:38:37.709   481   597 I mcuc    : send SPI:6AA6007007000504120100006D
05-27 18:38:37.709   299 30844 D EvsDriver: Delivered 0xb400007b7ca56900 as id 0
05-27 18:38:37.709  1167  1184 D evsmanagerd: /dev/video6 forwarded the buffer #0 to 0xb4000074bf5f5510 from 0xb4000074bf5f6d90
05-27 18:38:37.711   299  1163 D EvsDriver: doneWithFrame
05-27 18:38:37.713  1008 30856 D [OMXB]  : usingANWBuffer: handle:0xee742ab0, format:1, w:1920, h:1080
05-27 18:38:37.717   299 30841 D EvsDriver: forwardFrame
05-27 18:38:37.718   299 30841 D EvsDriver: Delivered 0xb400007b7ca56a60 as id 0
05-27 18:38:37.718  1167  1184 D evsmanagerd: /dev/video4 forwarded the buffer #0 to 0xb4000074bf5f6850 from 0xb4000074bf5f41d0
05-27 18:38:37.719 13911 14183 I SentryImuMcuAngleSender: 179.96497rollDeg
05-27 18:38:37.719 13911 14183 I SentryImuMcuAngleSender: 1,0,0
05-27 18:38:37.720   299  1163 D EvsDriver: doneWithFrame
05-27 18:38:37.721   481   598 I mcuc    : rev,n=1,6AA681CD27001B8900A50600030E303132333435363738394142434445464700000042
05-27 18:38:37.721   351   373 D automotive.vehicle@2.0-adayo-datacomm-mcu: MCUDatacomm sendMessageFromVehicle prop: 0x89, areaId: 0x0, status: 0xa5, timestamp: 0x6
05-27 18:38:37.721   351   373 D automotive.vehicle@2.0-adayo-datacomm-mcu: MCUDatacomm 1sendMessageFromVehicle ---> type = 3 
05-27 18:38:37.721   351   373 D automotive.vehicle@2.0-adayo-func-bcm: sendMessageFromVehicle sendMessageFromVehicle
05-27 18:38:37.721   351   516 D automotive.vehicle@2.0-adayo-func-bcm: jjfan1 ______procotolSize :1
05-27 18:38:37.721   351   516 D automotive.vehicle@2.0-adayo-func-bcm: BCMFunc sendMessageFromVehicle_l dataType: 13,mByte=7,propid=0x2110001a
05-27 18:38:37.721   351   516 D automotive.vehicle@2.0-adayo-func-bcm: BCMFunc VEHICLE_VIN_CODE111 0x2110001a 
05-27 18:38:37.721   351   516 E automotive.vehicle@2.0-adayo-func-bcm: byteArrayToASCIIString, index 7 hex: 30, ascii: 0
05-27 18:38:37.721   351   516 E automotive.vehicle@2.0-adayo-func-bcm: byteArrayToASCIIString, index 8 hex: 31, ascii: 01
05-27 18:38:37.721   351   516 E automotive.vehicle@2.0-adayo-func-bcm: byteArrayToASCIIString, index 9 hex: 32, ascii: 012
05-27 18:38:37.722   351   516 E automotive.vehicle@2.0-adayo-func-bcm: byteArrayToASCIIString, index 10 hex: 33, ascii: 0123
05-27 18:38:37.722   351   516 E automotive.vehicle@2.0-adayo-func-bcm: byteArrayToASCIIString, index 11 hex: 34, ascii: 01234
05-27 18:38:37.722   351   516 E automotive.vehicle@2.0-adayo-func-bcm: byteArrayToASCIIString, index 12 hex: 35, ascii: 012345
05-27 18:38:37.722   351   516 E automotive.vehicle@2.0-adayo-func-bcm: byteArrayToASCIIString, index 13 hex: 36, ascii: 0123456
05-27 18:38:37.722   351   516 E automotive.vehicle@2.0-adayo-func-bcm: byteArrayToASCIIString, index 14 hex: 37, ascii: 01234567
05-27 18:38:37.722   351   516 E automotive.vehicle@2.0-adayo-func-bcm: byteArrayToASCIIString, index 15 hex: 38, ascii: 012345678
05-27 18:38:37.722   351   516 E automotive.vehicle@2.0-adayo-func-bcm: byteArrayToASCIIString, index 16 hex: 39, ascii: 0123456789
05-27 18:38:37.722   351   516 E automotive.vehicle@2.0-adayo-func-bcm: byteArrayToASCIIString, index 17 hex: 41, ascii: 0123456789A
05-27 18:38:37.722   351   516 E automotive.vehicle@2.0-adayo-func-bcm: byteArrayToASCIIString, index 18 hex: 42, ascii: 0123456789AB
05-27 18:38:37.722   351   516 E automotive.vehicle@2.0-adayo-func-bcm: byteArrayToASCIIString, index 19 hex: 43, ascii: 0123456789ABC
05-27 18:38:37.722   351   516 E automotive.vehicle@2.0-adayo-func-bcm: byteArrayToASCIIString, index 20 hex: 44, ascii: 0123456789ABCD
05-27 18:38:37.722   351   516 E automotive.vehicle@2.0-adayo-func-bcm: byteArrayToASCIIString, index 21 hex: 45, ascii: 0123456789ABCDE
05-27 18:38:37.722   351   516 E automotive.vehicle@2.0-adayo-func-bcm: byteArrayToASCIIString, index 22 hex: 46, ascii: 0123456789ABCDEF
05-27 18:38:37.722   351   516 E automotive.vehicle@2.0-adayo-func-bcm: byteArrayToASCIIString, index 23 hex: 47, ascii: 0123456789ABCDEFG
05-27 18:38:37.722   351   516 D automotive.vehicle@2.0-adayo-func-bcm: BCMFunc VEHICLE_VIN_CODE222 0x2110001a ,value:0123456789ABCDEFG
05-27 18:38:37.722   351   516 D automotive.vehicle@2.0-adayo-func-bcm: BCMFunc sendMessageFromVehicle_l id:554696730, area:0 not report! 
05-27 18:38:37.723   581   581 I SpiService: fgesysctrl_getGPIO_status success val=1
05-27 08:29:46.687   581   581 D spi_rst_gpio_get_output: GPIO 145 value: 1
05-27 08:29:46.687   581   581 D spidev_ioctl: gpio status=1)
05-27 18:38:37.728   581   581 I SpiService: fgesysctrl_getGPIO_status success val=1
05-27 08:29:46.693   581   581 D spi_rst_gpio_get_output: GPIO 145 value: 1
05-27 08:29:46.693   581   581 D spidev_ioctl: gpio status=1)
05-27 18:38:37.734   581   581 I SpiService: fgesysctrl_getGPIO_status success val=1
05-27 08:29:46.698   581   581 D spi_rst_gpio_get_output: GPIO 145 value: 1
05-27 08:29:46.698   581   581 D spidev_ioctl: gpio status=1)
05-27 18:38:37.739 13911 14131 D SVR_MNG_SvrMngProxy: getServer: mSvrManger is null
05-27 18:38:37.739 13911 14131 D SVR_MNG_SvrMngProxy: getNewStub: 
05-27 18:38:37.739 13911 14131 D SVR_MNG_SvrMngProxy: getNewStub: getSvrManagerService start
05-27 18:38:37.739 13911 14183 I SentryImuMcuAngleSender: 179.96848rollDeg
05-27 18:38:37.739 13911 14183 I SentryImuMcuAngleSender: 1,0,0
05-27 18:38:37.739 13911 14131 D SVR_MNG_SvrMngProxy: getNewStub: getSvrManagerService end
05-27 18:38:37.739   581   581 I SpiService: fgesysctrl_getGPIO_status success val=1
05-27 18:38:37.739 13911 14131 D SVR_MNG_SvrMngProxy: getServer: svrMngService doesn't start
05-27 18:38:37.740   536   536 D commservice260303: msg.id = 1028,0
05-27 18:38:37.740   536   536 D commservice260303: i = 170, msgid = 8A000404
05-27 18:38:37.740   536   536 D commservice260303: msgid = -1979710460,did=138
05-27 18:38:37.740   536   536 D commservice260303: CommProtocolLibCmdBaseI2C::dataproc {"command":{"id":"imu_status","sub":""},"content":{"TimeStamp":10,"FrameCounter":237600,"GD_X":-0.011910883709788322,"GD_Y":0.0059551820158958435,"GD_Z":0.0017560218693688512,"AD_X":-0.0019356608390808105,"AD_Y":0.0029557731468230486,"AD_Z":-0.1700887680053711,"TempDsp":0,"Status":0,"CalibState":1,"SigAmpInvalid":0}},-1979710460
05-27 18:38:37.740   536   536 D commservice260303: send2Cluster len:318, 7B22636F6D6D616E64223A7B226964223A22696D755F737461747573222C22737562223A22227D2C22636F6E74656E74223A7B2254696D655374616D70223A31302C224672616D65436F756E746572223A3233373630302C2247445F58223A2D302E3031313931303838333730393738383332322C2247445F59223A302E303035393535313832303135383935383433352C2247445F5A223A302E303031373536303231383639333638383531322C2241445F58223A2D302E303031393335363630383339303830383130352C2241445F59223A302E303032393535373733313436383233303438362C2241445F5A223A2D302E313730303838373638303035333731312C2254656D70447370223A302C22537461747573223A302C2243616C69625374617465223A312C22536967416D70496E76616C6964223A307D7D, 138 
05-27 18:38:37.740   536   536 D commservice260303: Push Message into SendPool fn=-1176567040
05-27 18:38:37.740   536   536 D commservice260303: ComProtocolLibSend2Cluster::send2ClusterRaw fn=-1176567040 , len=334
05-27 18:38:37.740   536   536 D commservice260303: sendCmdToPort :334!!!
05-27 18:38:37.740   536   536 D commservice260303: send Cmd To Port ++++5AA5014A8A010003DFB96A16C9AD7B22636F6D6D616E64223A7B226964223A22696D755F737461747573222C22737562223A22227D2C22636F6E74656E74223A7B2254696D655374616D70223A31302C224672616D65436F756E746572223A3233373630302C2247445F58223A2D302E3031313931303838333730393738383332322C2247445F59223A302E303035393535313832303135383935383433352C2247445F5A223A302E303031373536303231383639333638383531322C2241445F58223A2D302E303031393335363630383339303830383130352C2241445F59223A302E303032393535373733313436383233303438362C2241445F5A223A2D302E313730303838373638303035333731312C2254656D70447370223A302C22537461747573223A302C2243616C69625374617465223A312C22536967416D70496E76616C6964223A307D7D4EFE
05-27 18:38:37.740   536   536 D commservice260303: bufferevent_write retrun value = 0
05-27 18:38:37.740   536   560 D commservice260303: client datas send succeed,send finish
05-27 18:38:37.740 13911 14192 D Sentinelmode_1.2.5.17_sentry: <SentryImuClusterFgeSender>imu_status sent to Linux, frame=237600, tsNs=10184973, tsMs=10, intervalMs=40, ad=(-0.0019356608,0.0029557731,-0.17008877), gd=(-0.011910884,0.005955182,0.0017560219)
05-27 08:29:46.704   581   581 D spi_rst_gpio_get_output: GPIO 145 value: 1
05-27 08:29:46.704   581   581 D spidev_ioctl: gpio status=1)
05-27 18:38:37.741  1008 30857 D [OMXB]  : usingANWBuffer: handle:0xee7442c0, format:1, w:1920, h:1080
05-27 18:38:37.743   299 30841 D EvsDriver: forwardFrame
05-27 18:38:37.744   581   581 I SpiService: fgesysctrl_getGPIO_status success val=1
05-27 18:38:37.744   299 30841 D EvsDriver: Delivered 0xb400007b7ca56a60 as id 0
05-27 18:38:37.745  1167  1184 D evsmanagerd: /dev/video4 forwarded the buffer #0 to 0xb4000074bf5f6850 from 0xb4000074bf5f41d0
05-27 08:29:46.709   581   581 D spi_rst_gpio_get_output: GPIO 145 value: 1
05-27 08:29:46.709   581   581 D spidev_ioctl: gpio status=1)
05-27 18:38:37.745   299 30844 D EvsDriver: forwardFrame
05-27 18:38:37.746   299 30844 D EvsDriver: Delivered 0xb400007b7ca56900 as id 0
05-27 18:38:37.746  1167  1184 D evsmanagerd: /dev/video6 forwarded the buffer #0 to 0xb4000074bf5f5510 from 0xb4000074bf5f6d90
05-27 18:38:37.747   299  1163 D EvsDriver: doneWithFrame
05-27 08:29:46.715   581   581 D spi_rst_gpio_get_output: GPIO 145 value: 0
05-27 18:38:37.749   299  1163 D EvsDriver: doneWithFrame
05-27 18:38:37.750   581   581 I SpiService: fgesysctrl_getGPIO_status success val=0
05-27 18:38:37.750   481   597 I mcuc    : send SPI:6AA602CD27000289007F
05-27 08:29:46.734   581   581 D spidev_ioctl: gpio status=1)
05-27 18:38:37.775   299 30841 D EvsDriver: Delivered 0xb400007b7ca56a60 as id 0
05-27 18:38:37.775   299 30844 D EvsDriver: Delivered 0xb400007b7ca56900 as id 0
05-27 18:38:37.769  1167  1167 I auditd  : type=1400 audit(0.0:58665): avc: denied { call } for comm="binder:1167_1" scontext=u:r:evsmanagerd:s0 tcontext=u:r:adayo_dvr_service:s0 tclass=binder permissive=1
05-27 18:38:37.769  1167  1167 I binder:1167_1: type=1400 audit(0.0:58665): avc: denied { call } for scontext=u:r:evsmanagerd:s0 tcontext=u:r:adayo_dvr_service:s0 tclass=binder permissive=1
05-27 18:38:37.775  1167  1184 D evsmanagerd: /dev/video6 forwarded the buffer #0 to 0xb4000074bf5f5510 from 0xb4000074bf5f6d90
05-27 18:38:37.775  1167  1479 D evsmanagerd: /dev/video4 forwarded the buffer #0 to 0xb4000074bf5f6850 from 0xb4000074bf5f41d0
05-27 18:38:37.775 30773 30782 E dvr_service_: [myNum:1] Received S**** loss
05-27 18:38:37.775   581   581 I SpiService: fgesysctrl_getGPIO_status success val=1
05-27 18:38:37.775 30773 30773 E dvr_service_: [myNum:0] Received S**** loss
05-27 18:38:37.775   299  1153 D EvsDriver: doneWithFrame
05-27 18:38:37.775   299  1163 D EvsDriver: doneWithFrame
05-27 18:38:37.776   572   622 I Sensors : 230 AccelSensor: x:-0.170190,y:0.000610,z:-9.973500
05-27 08:29:46.740   581   581 D spi_rst_gpio_get_output: GPIO 145 value: 1
05-27 08:29:46.740   581   581 D spidev_ioctl: gpio status=1)
05-27 18:38:37.780 13911 14183 I SentryImuMcuAngleSender: 179.99649rollDeg
05-27 18:38:37.780 13911 14183 I SentryImuMcuAngleSender: 1,0,0
05-27 18:38:37.780   536   536 D commservice260303: msg.id = 1028,1
05-27 18:38:37.780   536   536 D commservice260303: i = 170, msgid = 8A000404
05-27 18:38:37.780   536   536 D commservice260303: msgid = -1979710460,did=138
05-27 18:38:37.780   536   536 D commservice260303: CommProtocolLibCmdBaseI2C::dataproc {"command":{"id":"imu_status","sub":""},"content":{"TimeStamp":10,"FrameCounter":237601,"GD_X":-0.011300750076770782,"GD_Y":0.005268065724521875,"GD_Z":0.0018319635419175029,"AD_X":-0.0037575215101242065,"AD_Y":-0.0019166221609339118,"AD_Z":-0.1682596206665039,"TempDsp":0,"Status":0,"CalibState":1,"SigAmpInvalid":0}},-1979710460
05-27 18:38:37.780   536   536 D commservice260303: send2Cluster len:318, 7B22636F6D6D616E64223A7B226964223A22696D755F737461747573222C22737562223A22227D2C22636F6E74656E74223A7B2254696D655374616D70223A31302C224672616D65436F756E746572223A3233373630312C2247445F58223A2D302E3031313330303735303037363737303738322C2247445F59223A302E3030353236383036353732343532313837352C2247445F5A223A302E303031383331393633353431393137353032392C2241445F58223A2D302E303033373537353231353130313234323036352C2241445F59223A2D302E303031393136363232313630393333393131382C2241445F5A223A2D302E313638323539363230363636353033392C2254656D70447370223A302C22537461747573223A302C2243616C69625374617465223A312C22536967416D70496E76616C6964223A307D7D, 138 
05-27 18:38:37.781   536   536 D commservice260303: Push Message into SendPool fn=-1159789824
