05-27 08:29:47.658   581   581 D spidev_ioctl: gpio status=0)
05-27 18:38:38.698 13911 14147 I Sentinelmode_1.2.5.17_sentry: <SentryModeAuto>[SentryTrace] schedule shouldActivate=true inRepeat=true inWindow=true locationBlocked=false
05-27 18:38:38.699 13911 14147 I Sentinelmode_1.2.5.17_sentry: <PicketModeManager>getDvrEnableState=true (MMKV DVR_ENABLE_STATE)
05-27 18:38:38.699 13911 14147 I Sentinelmode_1.2.5.17_sentry: <SentryModeAuto>[SentryTrace] start gard GARD_MODE_STATE=15
05-27 18:38:38.700 13911 14147 I Sentinelmode_1.2.5.17_sentry: <PicketModeManager>onSettingsPutInt：true name:persist.gard.mode value:15
05-27 18:38:38.700 13911 14147 I Sentinelmode_1.2.5.17_sentry: <PicketModeManager>[SentryTrace] mode_status=15
05-27 18:38:38.700 13911 14183 I SentryImuMcuAngleSender: 179.97899rollDeg
05-27 18:38:38.700 13911 14183 I SentryImuMcuAngleSender: 1,0,0
05-27 18:38:38.701 13911 14147 D SensorManager: unregisterListenerImpl sensor = {Sensor name="ASM330LHH 3-axis Accelerometer Sensor", vendor="STMicroelectronics", version=1, type=1, maxRange=78.4532, resolution=9.35235E-6, power=0.6, minDelay=2000}, listener = com.incall.sentinelmode.manager.PicketModeManager$2@dd928ed
05-27 18:38:38.701 13911 14147 I Sentinelmode_1.2.5.17_sentry: <PicketModeManager>getDvrEnableState=true (MMKV DVR_ENABLE_STATE)
05-27 18:38:38.701 13911 14147 I Sentinelmode_1.2.5.17_sentry: <PicketModeManager>getRemoteOpen isRemoteOpen = false
05-27 18:38:38.702  1008 30856 D [OMXB]  : usingANWBuffer: handle:0xee740590, format:1, w:1920, h:1080
05-27 18:38:38.702 13911 14147 W Sentinelmode_1.2.5.17_sentry: <PicketModeManager>[SentryTrace] mode15 camera fault, continue to mode2 (LGRD may fail until camera ok)
05-27 18:38:38.705 13911 14147 I Sentinelmode_1.2.5.17_sentry: <PicketModeManager>onSettingsPutInt：true name:persist.gard.mode value:2
05-27 18:38:38.705 13911 14147 I Sentinelmode_1.2.5.17_sentry: <PicketModeManager>[SentryTrace] mode15 -> mode2 starting
05-27 18:38:38.705 13911 14147 I Sentinelmode_1.2.5.17_sentry: <TlvManager>toCloud_SentryModePerHourMile:12
05-27 18:38:38.705 13911 14147 I Sentinelmode_1.2.5.17_sentry: <TlvManager>toCloud_GuardModeLeftTime:43200
05-27 18:38:38.705 13911 14147 I Sentinelmode_1.2.5.17_sentry: <PicketModeManager>onGradModeStatusChanage: mode_status = 2
05-27 18:38:38.705 13911 14147 D Sentinelmode_1.2.5.17_sentry: <PicketModeManager>noticeSensorWithPowerUp GardMode() = 2
05-27 18:38:38.705 13911 14147 I Sentinelmode_1.2.5.17_sentry: <SentinelCarServiceManager>[SentryTrace] getBmcValue: bodyMix unavailable, fallback=3 (powerUp ok)
05-27 18:38:38.705 13911 14148 I Sentinelmode_1.2.5.17_sentry: <PicketModeManager>setSentryModeAlarm：9:2
05-27 18:38:38.706 13911 14148 I Sentinelmode_1.2.5.17_sentry: <PicketModeManager>setSentryModeAlarm：12:1
05-27 18:38:38.707 13911 14147 I Sentinelmode_1.2.5.17_sentry: <PicketModeManager>onSettingsPutInt：true name:persist.gard.sum.up.show value:0
05-27 18:38:38.708 13911 14147 D Sentinelmode_1.2.5.17_sentry: <PicketModeManager>shakeLevel2:1
05-27 18:38:38.708 13911 14147 I Sentinelmode_1.2.5.17_sentry: <TlvManager>toCloud_GuardSensitivityLocalChange1
05-27 18:38:38.709   581   581 I SpiService: fgesysctrl_getGPIO_status success val=1
05-27 18:38:38.710   299 30844 D EvsDriver: forwardFrame
05-27 18:38:38.712   299 30841 D EvsDriver: forwardFrame
05-27 18:38:38.712   536   536 D commservice260303: msg.id = 1028,1
05-27 18:38:38.712   536   536 D commservice260303: i = 170, msgid = 8A000404
05-27 18:38:38.712   536   536 D commservice260303: msgid = -1979710460,did=138
05-27 18:38:38.712   536   536 D commservice260303: CommProtocolLibCmdBaseI2C::dataproc {"command":{"id":"imu_status","sub":""},"content":{"TimeStamp":10,"FrameCounter":237624,"GD_X":-0.011147825978696346,"GD_Y":0.0056498548947274685,"GD_Z":0.0022902146447449923,"AD_X":-0.0032113492488861084,"AD_Y":-2.2677890956401825E-4,"AD_Z":-0.17191791534423828,"TempDsp":0,"Status":0,"CalibState":1,"SigAmpInvalid":0}},-1979710460
05-27 08:29:47.673   581   581 D spi_rst_gpio_get_output: GPIO 145 value: 1
05-27 08:29:47.673   581   581 D spidev_ioctl: gpio status=1)
05-27 18:38:38.712   299 30844 D EvsDriver: Delivered 0xb400007b7ca56900 as id 0
05-27 18:38:38.712   536   536 D commservice260303: send2Cluster len:320, 7B22636F6D6D616E64223A7B226964223A22696D755F737461747573222C22737562223A22227D2C22636F6E74656E74223A7B2254696D655374616D70223A31302C224672616D65436F756E746572223A3233373632342C2247445F58223A2D302E3031313134373832353937383639363334362C2247445F59223A302E303035363439383534383934373237343638352C2247445F5A223A302E303032323930323134363434373434393932332C2241445F58223A2D302E303033323131333439323438383836313038342C2241445F59223A2D322E32363737383930393536343031383235452D342C2241445F5A223A2D302E31373139313739313533343432333832382C2254656D70447370223A302C22537461747573223A302C2243616C69625374617465223A312C22536967416D70496E76616C6964223A307D7D, 138 
05-27 18:38:38.712   536   536 D commservice260303: Push Message into SendPool fn=-773913856
05-27 18:38:38.712   536   536 D commservice260303: ComProtocolLibSend2Cluster::send2ClusterRaw fn=-773913856 , len=336
05-27 18:38:38.712   536   536 D commservice260303: sendCmdToPort :336!!!
05-27 18:38:38.712   536   536 D commservice260303: send Cmd To Port ++++5AA5014C8A010003DFD16A16C9AE7B22636F6D6D616E64223A7B226964223A22696D755F737461747573222C22737562223A22227D2C22636F6E74656E74223A7B2254696D655374616D70223A31302C224672616D65436F756E746572223A3233373632342C2247445F58223A2D302E3031313134373832353937383639363334362C2247445F59223A302E303035363439383534383934373237343638352C2247445F5A223A302E303032323930323134363434373434393932332C2241445F58223A2D302E303033323131333439323438383836313038342C2241445F59223A2D322E32363737383930393536343031383235452D342C2241445F5A223A2D302E31373139313739313533343432333832382C2254656D70447370223A302C22537461747573223A302C2243616C69625374617465223A312C22536967416D70496E76616C6964223A307D7DEE78
05-27 18:38:38.713   536   536 D commservice260303: bufferevent_write retrun value = 0
05-27 18:38:38.713   536   560 D commservice260303: client datas send succeed,send finish
05-27 18:38:38.713  1167  1479 D evsmanagerd: /dev/video6 forwarded the buffer #0 to 0xb4000074bf5f5510 from 0xb4000074bf5f6d90
05-27 18:38:38.713 13911 14192 D Sentinelmode_1.2.5.17_sentry: <SentryImuClusterFgeSender>imu_status sent to Linux, frame=237624, tsNs=10185954, tsMs=10, intervalMs=41, ad=(-0.0032113492,-2.2677891E-4,-0.17191792), gd=(-0.011147826,0.005649855,0.0022902146)
05-27 18:38:38.713   299 30841 D EvsDriver: Delivered 0xb400007b7ca56a60 as id 0
05-27 18:38:38.713  1167  1479 D evsmanagerd: /dev/video4 forwarded the buffer #0 to 0xb4000074bf5f6850 from 0xb4000074bf5f41d0
05-27 18:38:38.715   581   581 I SpiService: fgesysctrl_getGPIO_status success val=1
05-27 08:29:47.679   581   581 D spi_rst_gpio_get_output: GPIO 145 value: 1
05-27 08:29:47.679   581   581 D spidev_ioctl: gpio status=1)
05-27 18:38:38.717   299  1153 D EvsDriver: doneWithFrame
05-27 18:38:38.717   299  1163 D EvsDriver: doneWithFrame
05-27 18:38:38.719  1008 30857 D [OMXB]  : usingANWBuffer: handle:0xee740e80, format:1, w:1920, h:1080
05-27 18:38:38.720 13911 14183 I SentryImuMcuAngleSender: 179.986rollDeg
05-27 18:38:38.720 13911 14183 I SentryImuMcuAngleSender: 1,0,0
05-27 18:38:38.721   581   581 I SpiService: fgesysctrl_getGPIO_status success val=1
05-27 08:29:47.685   581   581 D spi_rst_gpio_get_output: GPIO 145 value: 1
05-27 08:29:47.685   581   581 D spidev_ioctl: gpio status=1)
05-27 18:38:38.727   581   581 I SpiService: fgesysctrl_getGPIO_status success val=1
05-27 08:29:47.691   581   581 D spi_rst_gpio_get_output: GPIO 145 value: 1
05-27 08:29:47.691   581   581 D spidev_ioctl: gpio status=1)
05-27 08:29:47.697   581   581 D spi_rst_gpio_get_output: GPIO 145 value: 0
05-27 08:29:47.697   581   581 D spidev_ioctl: gpio status=0)
05-27 18:38:38.733   581   581 I SpiService: fgesysctrl_getGPIO_status success val=0
05-27 18:38:38.738 13911 14147 I SVR_MNG_BaseProxy: isBinderActive: clientBinder is null
05-27 18:38:38.738 13911 14147 D SVR_MNG_SvrMngProxy: getServer: mSvrManger is null
05-27 18:38:38.738 13911 14147 D SVR_MNG_SvrMngProxy: getNewStub: 
05-27 18:38:38.738 13911 14147 D SVR_MNG_SvrMngProxy: getNewStub: getSvrManagerService start
05-27 18:38:38.739 13911 14147 D SVR_MNG_SvrMngProxy: getNewStub: getSvrManagerService end
05-27 18:38:38.739 13911 14147 D SVR_MNG_SvrMngProxy: getServer: svrMngService doesn't start
05-27 18:38:38.739 13911 14147 D SVR_MNG_SvrMngProxy: getClientBinder: binderName = com.incall.network.NETWORK_SERVICE
05-27 18:38:38.739 13911 14147 I SVR_MNG_BaseProxy: getInterface: mInterface = null
05-27 18:38:38.739 13911 14147 I SVR_MNG_BaseProxy: isBinderActive: clientBinder is null
05-27 18:38:38.739 13911 14147 I SVR_MNG_BaseProxy: isBinderActive: clientBinder is null
05-27 18:38:38.739 13911 14147 D SVR_MNG_SvrMngProxy: getServer: mSvrManger is null
05-27 18:38:38.740 13911 14147 D SVR_MNG_SvrMngProxy: getNewStub: 
05-27 18:38:38.740 13911 14147 D SVR_MNG_SvrMngProxy: getNewStub: getSvrManagerService start
05-27 18:38:38.740 13911 14147 D SVR_MNG_SvrMngProxy: getNewStub: getSvrManagerService end
05-27 18:38:38.740 13911 14147 D SVR_MNG_SvrMngProxy: getServer: svrMngService doesn't start
05-27 18:38:38.740 13911 14147 D SVR_MNG_SvrMngProxy: getClientBinder: binderName = com.incall.network.NETWORK_SERVICE
05-27 18:38:38.740 13911 14147 I SVR_MNG_BaseProxy: getInterface: mInterface = null
05-27 18:38:38.740 13911 14147 I SVR_MNG_BaseProxy: isBinderActive: clientBinder is null
05-27 18:38:38.740 13911 14183 I SentryImuMcuAngleSender: 179.98248rollDeg
05-27 18:38:38.740 13911 14183 I SentryImuMcuAngleSender: 1,0,0
05-27 18:38:38.740 13911 14131 D SVR_MNG_SvrMngProxy: getServer: mSvrManger is null
05-27 18:38:38.740 13911 14131 D SVR_MNG_SvrMngProxy: getNewStub: 
05-27 18:38:38.740   299 30841 D EvsDriver: forwardFrame
05-27 18:38:38.740 13911 14131 D SVR_MNG_SvrMngProxy: getNewStub: getSvrManagerService start
05-27 18:38:38.741 13911 14131 D SVR_MNG_SvrMngProxy: getNewStub: getSvrManagerService end
05-27 18:38:38.741 13911 14131 D SVR_MNG_SvrMngProxy: getServer: svrMngService doesn't start
05-27 18:38:38.741 13911 14147 I PicketModeManager: getProfileDetail: ["{\"name\":\"sentryModeSwitchSts\",\"value\":2,\"timeStamp\":\"1670000000000\"}","{\"name\":\"SentryModeSensitivity\",\"value\":-1,\"timeStamp\":\"1779878318708\"}"]
05-27 18:38:38.741 13911 14147 D Sentinelmode_1.2.5.17_sentry: <PicketModeManager>queryGuardInfo = {access_token=null, lastSyncTimeStramp=1779878318708, profileDetail=["{\"name\":\"sentryModeSwitchSts\",\"value\":2,\"timeStamp\":\"1670000000000\"}","{\"name\":\"SentryModeSensitivity\",\"value\":-1,\"timeStamp\":\"1779878318708\"}"], sign=sign, nonce=ScPsvHHJc0}
05-27 18:38:38.741 13911 14147 I SVR_MNG_BaseProxy: isBinderActive: clientBinder is null
05-27 18:38:38.742  1008 30856 D [OMXB]  : usingANWBuffer: handle:0xee7433a0, format:1, w:1920, h:1080
05-27 18:38:38.742 13911 14147 D SVR_MNG_SvrMngProxy: getServer: mSvrManger is null
05-27 18:38:38.742 13911 14147 D SVR_MNG_SvrMngProxy: getNewStub: 
05-27 18:38:38.742 13911 14147 D SVR_MNG_SvrMngProxy: getNewStub: getSvrManagerService start
05-27 18:38:38.743   299 30841 D EvsDriver: Delivered 0xb400007b7ca56a60 as id 0
05-27 18:38:38.743  1167  1184 D evsmanagerd: /dev/video4 forwarded the buffer #0 to 0xb4000074bf5f6850 from 0xb4000074bf5f41d0
05-27 18:38:38.743 13911 14147 D SVR_MNG_SvrMngProxy: getNewStub: getSvrManagerService end
05-27 18:38:38.743 13911 14147 D SVR_MNG_SvrMngProxy: getServer: svrMngService doesn't start
05-27 18:38:38.743 13911 14147 D SVR_MNG_SvrMngProxy: getClientBinder: binderName = com.incall.network.NETWORK_SERVICE
05-27 18:38:38.743 13911 14147 I SVR_MNG_BaseProxy: getInterface: mInterface = null
05-27 18:38:38.743 13911 14147 I SVR_MNG_BaseProxy: isBinderActive: clientBinder is null
05-27 18:38:38.743 13911 14147 E Sentinelmode_1.2.5.17_sentry: <PicketModeManager>updateProfileCallBack onError:2817---Remote Service Exception
05-27 18:38:38.743 13911 14147 D Sentinelmode_1.2.5.17_sentry: <PicketModeManager>consumeMsg result = 1000
05-27 18:38:38.743 13911 14147 I SVR_MNG_BaseProxy: isBinderActive: clientBinder is null
05-27 18:38:38.743 13911 14147 D SVR_MNG_SvrMngProxy: getServer: mSvrManger is null
05-27 18:38:38.743 13911 14147 D SVR_MNG_SvrMngProxy: getNewStub: 
05-27 18:38:38.743 13911 14147 D SVR_MNG_SvrMngProxy: getNewStub: getSvrManagerService start
05-27 18:38:38.744   299 30844 D EvsDriver: forwardFrame
05-27 18:38:38.746   299 30844 D EvsDriver: Delivered 0xb400007b7ca56900 as id 0
05-27 18:38:38.746  1167  1184 D evsmanagerd: /dev/video6 forwarded the buffer #0 to 0xb4000074bf5f5510 from 0xb4000074bf5f6d90
05-27 18:38:38.748   581   581 I SpiService: fgesysctrl_getGPIO_status success val=1
05-27 18:38:38.750   299  1153 D EvsDriver: doneWithFrame
05-27 18:38:38.750   299  1163 D EvsDriver: doneWithFrame
05-27 08:29:47.713   581   581 D spidev_ioctl: gpio status=1)
05-27 18:38:38.753 13911 14147 I service_manager_slow: [10,com.incall.SVR_MNG_SERVICE]
05-27 18:38:38.753 13911 14147 D SVR_MNG_SvrMngProxy: getNewStub: getSvrManagerService end
05-27 18:38:38.753 13911 14147 D SVR_MNG_SvrMngProxy: getServer: svrMngService doesn't start
05-27 18:38:38.753 13911 14147 D SVR_MNG_SvrMngProxy: getClientBinder: binderName = com.incall.network.NETWORK_SERVICE
05-27 18:38:38.754   536   536 D commservice260303: msg.id = 1028,1
05-27 18:38:38.754   536   536 D commservice260303: i = 170, msgid = 8A000404
05-27 18:38:38.754   536   536 D commservice260303: msgid = -1979710460,did=138
05-27 18:38:38.754   536   536 D commservice260303: CommProtocolLibCmdBaseI2C::dataproc {"command":{"id":"imu_status","sub":""},"content":{"TimeStamp":10,"FrameCounter":237625,"GD_X":-0.01160607673227787,"GD_Y":0.0059551820158958435,"GD_Z":0.0019079053308814764,"AD_X":-0.004426345229148865,"AD_Y":3.832422662526369E-4,"AD_Z":-0.1670389175415039,"TempDsp":0,"Status":0,"CalibState":1,"SigAmpInvalid":0}},-1979710460
05-27 18:38:38.754   536   536 D commservice260303: send2Cluster len:315, 7B22636F6D6D616E64223A7B226964223A22696D755F737461747573222C22737562223A22227D2C22636F6E74656E74223A7B2254696D655374616D70223A31302C224672616D65436F756E746572223A3233373632352C2247445F58223A2D302E30313136303630373637333232373738372C2247445F59223A302E303035393535313832303135383935383433352C2247445F5A223A302E303031393037393035333330383831343736342C2241445F58223A2D302E3030343432363334353232393134383836352C2241445F59223A332E383332343232363632353236333639452D342C2241445F5A223A2D302E313637303338393137353431353033392C2254656D70447370223A302C22537461747573223A302C2243616C69625374617465223A312C22536967416D70496E76616C6964223A307D7D, 138 
05-27 18:38:38.754   536   536 D commservice260303: Push Message into SendPool fn=-757136640
05-27 18:38:38.754   536   536 D commservice260303: ComProtocolLibSend2Cluster::send2ClusterRaw fn=-757136640 , len=331
05-27 18:38:38.754   536   536 D commservice260303: sendCmdToPort :331!!!
05-27 18:38:38.754   536   536 D commservice260303: send Cmd To Port ++++5AA501478A010003DFD26A16C9AE7B22636F6D6D616E64223A7B226964223A22696D755F737461747573222C22737562223A22227D2C22636F6E74656E74223A7B2254696D655374616D70223A31302C224672616D65436F756E746572223A3233373632352C2247445F58223A2D302E30313136303630373637333232373738372C2247445F59223A302E303035393535313832303135383935383433352C2247445F5A223A302E303031393037393035333330383831343736342C2241445F58223A2D302E3030343432363334353232393134383836352C2241445F59223A332E383332343232363632353236333639452D342C2241445F5A223A2D302E313637303338393137353431353033392C2254656D70447370223A302C22537461747573223A302C2243616C69625374617465223A312C22536967416D70496E76616C6964223A307D7D40E0
05-27 18:38:38.754   581   581 I SpiService: fgesysctrl_getGPIO_status success val=1
05-27 18:38:38.754   536   536 D commservice260303: bufferevent_write retrun value = 0
05-27 18:38:38.754   536   560 D commservice260303: client datas send succeed,send finish
05-27 18:38:38.755 13911 14192 D Sentinelmode_1.2.5.17_sentry: <SentryImuClusterFgeSender>imu_status sent to Linux, frame=237625, tsNs=10185989, tsMs=10, intervalMs=41, ad=(-0.004426345,3.8324227E-4,-0.16703892), gd=(-0.011606077,0.005955182,0.0019079053)
05-27 08:29:47.719   581   581 D spi_rst_gpio_get_output: GPIO 145 value: 1
05-27 08:29:47.719   581   581 D spidev_ioctl: gpio status=1)
05-27 18:38:38.756 13911 14147 I SVR_MNG_BaseProxy: getInterface: mInterface = null
05-27 18:38:38.756 13911 14147 I SVR_MNG_BaseProxy: isBinderActive: clientBinder is null
05-27 18:38:38.756 13911 14147 I SVR_MNG_BaseProxy: isBinderActive: clientBinder is null
05-27 18:38:38.756 13911 14147 D SVR_MNG_SvrMngProxy: getServer: mSvrManger is null
05-27 18:38:38.756 13911 14147 D SVR_MNG_SvrMngProxy: getNewStub: 
05-27 18:38:38.756 13911 14147 D SVR_MNG_SvrMngProxy: getNewStub: getSvrManagerService start
05-27 18:38:38.757 13911 14147 D SVR_MNG_SvrMngProxy: getNewStub: getSvrManagerService end
05-27 18:38:38.757 13911 14147 D SVR_MNG_SvrMngProxy: getServer: svrMngService doesn't start
05-27 18:38:38.757   572   622 I Sensors : 230 AccelSensor: x:-0.170800,y:0.003659,z:-9.974720
05-27 18:38:38.757 13911 14147 D SVR_MNG_SvrMngProxy: getClientBinder: binderName = com.incall.network.NETWORK_SERVICE
05-27 18:38:38.757 13911 14147 I SVR_MNG_BaseProxy: getInterface: mInterface = null
05-27 18:38:38.757 13911 14147 I SVR_MNG_BaseProxy: isBinderActive: clientBinder is null
05-27 18:38:38.757 13911 14147 I SVR_MNG_BaseProxy: isBinderActive: clientBinder is null
05-27 18:38:38.757 13911 14147 D SVR_MNG_SvrMngProxy: getServer: mSvrManger is null
05-27 18:38:38.757 13911 14147 D SVR_MNG_SvrMngProxy: getNewStub: 
05-27 18:38:38.757 13911 14147 D SVR_MNG_SvrMngProxy: getNewStub: getSvrManagerService start
05-27 18:38:38.757 13911 14147 D SVR_MNG_SvrMngProxy: getNewStub: getSvrManagerService end
05-27 18:38:38.758 13911 14147 D SVR_MNG_SvrMngProxy: getServer: svrMngService doesn't start
05-27 18:38:38.758 13911 14147 D SVR_MNG_SvrMngProxy: getClientBinder: binderName = com.incall.network.NETWORK_SERVICE
05-27 18:38:38.758 13911 14147 I SVR_MNG_BaseProxy: getInterface: mInterface = null
05-27 18:38:38.758 13911 14147 I SVR_MNG_BaseProxy: isBinderActive: clientBinder is null
05-27 18:38:38.758 13911 14147 E Sentinelmode_1.2.5.17_sentry: <PicketModeManager>consumeProfileCallBack onError:2817---Remote Service Exception
05-27 18:38:38.758 13911 14147 I Sentinelmode_1.2.5.17_sentry: <SentinelCarServiceManager>[SentryTrace] getBCM_Status: bodyMix unavailable, fallback=2
05-27 18:38:38.758 13911 14147 D Sentinelmode_1.2.5.17_sentry: <PicketModeManager>BCM_Status1:2
05-27 18:38:38.758 13911 14147 I Sentinelmode_1.2.5.17_sentry: <SentinelCarServiceManager>[SentryTrace] getBCM_Status: bodyMix unavailable, fallback=2
05-27 18:38:38.758 13911 14147 I DvrLog_Ser->: (DvrLocalServiceManager.java:setGardModeStatus)1979 setGardModeStatus state = 2
05-27 18:38:38.758 13911 14147 D Sentinelmode_1.2.5.17_sentry: <PicketModeManager>gardMode SettingsObserver onChange  option persist.gard.mode
05-27 18:38:38.758 13911 14147 I Sentinelmode_1.2.5.17_sentry: <PicketModeManager>[SentryTrace] mode_status=2
05-27 18:38:38.758 13911 14147 D SensorManager: unregisterListenerImpl sensor = {Sensor name="ASM330LHH 3-axis Accelerometer Sensor", vendor="STMicroelectronics", version=1, type=1, maxRange=78.4532, resolution=9.35235E-6, power=0.6, minDelay=2000}, listener = com.incall.sentinelmode.manager.PicketModeManager$2@dd928ed
05-27 18:38:38.758 13911 14147 I Sentinelmode_1.2.5.17_sentry: <TlvManager>toCloud_SentryModePerHourMile:12
05-27 18:38:38.759 13911 14147 I Sentinelmode_1.2.5.17_sentry: <TlvManager>toCloud_GuardModeLeftTime:43200
05-27 18:38:38.759 13911 14147 I Sentinelmode_1.2.5.17_sentry: <PicketModeManager>onGradModeStatusChanage: mode_status = 2
05-27 18:38:38.759 13911 14147 D Sentinelmode_1.2.5.17_sentry: <PicketModeManager>noticeSensorWithPowerUp GardMode() = 2
05-27 18:38:38.759 13911 14148 I Sentinelmode_1.2.5.17_sentry: <PicketModeManager>setSentryModeAlarm：9:2
05-27 18:38:38.759 13911 14147 I Sentinelmode_1.2.5.17_sentry: <SentinelCarServiceManager>[SentryTrace] getBmcValue: bodyMix unavailable, fallback=3 (powerUp ok)
05-27 18:38:38.759 13911 14148 I Sentinelmode_1.2.5.17_sentry: <PicketModeManager>setSentryModeAlarm：12:1
05-27 18:38:38.759  1008 30857 D [OMXB]  : usingANWBuffer: handle:0xee743ea0, format:1, w:1920, h:1080
05-27 18:38:38.759 13911 14147 I Sentinelmode_1.2.5.17_sentry: <PicketModeManager>onSettingsPutInt：true name:persist.gard.sum.up.show value:0
05-27 18:38:38.760 13911 14147 D Sentinelmode_1.2.5.17_sentry: <PicketModeManager>shakeLevel2:1
05-27 18:38:38.760 13911 14147 I Sentinelmode_1.2.5.17_sentry: <TlvManager>toCloud_GuardSensitivityLocalChange1
05-27 18:38:38.760   581   581 I SpiService: fgesysctrl_getGPIO_status success val=1
05-27 18:38:38.760 13911 14183 I SentryImuMcuAngleSender: 179.97899rollDeg
05-27 18:38:38.760 13911 14183 I SentryImuMcuAngleSender: 1,0,0
05-27 08:29:47.724   581   581 D spi_rst_gpio_get_output: GPIO 145 value: 1
05-27 08:29:47.724   581   581 D spidev_ioctl: gpio status=1)
05-27 18:38:38.765   581   581 I SpiService: fgesysctrl_getGPIO_status success val=1
05-27 08:29:47.730   581   581 D spi_rst_gpio_get_output: GPIO 145 value: 1
05-27 08:29:47.730   581   581 D spidev_ioctl: gpio status=1)
05-27 18:38:38.769   299 30841 D EvsDriver: forwardFrame
05-27 18:38:38.769   299 30844 D EvsDriver: forwardFrame
05-27 18:38:38.770   299 30841 D EvsDriver: Delivered 0xb400007b7ca56a60 as id 0
05-27 18:38:38.770   299 30844 D EvsDriver: Delivered 0xb400007b7ca56900 as id 0
05-27 18:38:38.770  1167  1184 D evsmanagerd: /dev/video6 forwarded the buffer #0 to 0xb4000074bf5f5510 from 0xb4000074bf5f6d90
05-27 18:38:38.770  1167  1479 D evsmanagerd: /dev/video4 forwarded the buffer #0 to 0xb4000074bf5f6850 from 0xb4000074bf5f41d0
05-27 18:38:38.770 30773 30782 E dvr_service_: [myNum:1] Received S**** loss
05-27 18:38:38.770 30773 30773 E dvr_service_: [myNum:0] Received S**** loss
05-27 18:38:38.771   581   581 I SpiService: fgesysctrl_getGPIO_status success val=0
05-27 18:38:38.771   299  1153 D EvsDriver: doneWithFrame
05-27 18:38:38.771   299  1163 D EvsDriver: doneWithFrame
05-27 08:29:47.735   581   581 D spi_rst_gpio_get_output: GPIO 145 value: 0
05-27 08:29:47.735   581   581 D spidev_ioctl: gpio status=0)
05-27 18:38:38.779 13911 14147 I SVR_MNG_BaseProxy: isBinderActive: clientBinder is null
05-27 18:38:38.779 13911 14147 D SVR_MNG_SvrMngProxy: getServer: mSvrManger is null
05-27 18:38:38.779 13911 14147 D SVR_MNG_SvrMngProxy: getNewStub: 
05-27 18:38:38.779 13911 14147 D SVR_MNG_SvrMngProxy: getNewStub: getSvrManagerService start
05-27 18:38:38.779   283   307 I rvcservice: t.code = 0, t.value = 0
05-27 18:38:38.780 13911 14147 D SVR_MNG_SvrMngProxy: getNewStub: getSvrManagerService end
05-27 18:38:38.780 13911 14147 D SVR_MNG_SvrMngProxy: getServer: svrMngService doesn't start
05-27 18:38:38.780 13911 14147 D SVR_MNG_SvrMngProxy: getClientBinder: binderName = com.incall.network.NETWORK_SERVICE
05-27 18:38:38.780 13911 14147 I SVR_MNG_BaseProxy: getInterface: mInterface = null
05-27 18:38:38.780 13911 14183 I SentryImuMcuAngleSender: 179.97899rollDeg
05-27 18:38:38.780 13911 14183 I SentryImuMcuAngleSender: 1,0,0
05-27 18:38:38.780 13911 14147 I SVR_MNG_BaseProxy: isBinderActive: clientBinder is null
05-27 18:38:38.780 13911 14147 I SVR_MNG_BaseProxy: isBinderActive: clientBinder is null
05-27 18:38:38.780 13911 14147 D SVR_MNG_SvrMngProxy: getServer: mSvrManger is null
05-27 18:38:38.780 13911 14147 D SVR_MNG_SvrMngProxy: getNewStub: 
05-27 18:38:38.780 13911 14147 D SVR_MNG_SvrMngProxy: getNewStub: getSvrManagerService start
05-27 18:38:38.781 13911 14147 D SVR_MNG_SvrMngProxy: getNewStub: getSvrManagerService end
05-27 18:38:38.781 13911 14147 D SVR_MNG_SvrMngProxy: getServer: svrMngService doesn't start
05-27 18:38:38.781 13911 14147 D SVR_MNG_SvrMngProxy: getClientBinder: binderName = com.incall.network.NETWORK_SERVICE
05-27 18:38:38.781 13911 14147 I SVR_MNG_BaseProxy: getInterface: mInterface = null
05-27 18:38:38.781 13911 14147 I SVR_MNG_BaseProxy: isBinderActive: clientBinder is null
05-27 18:38:38.781 13911 14147 I PicketModeManager: getProfileDetail: ["{\"name\":\"sentryModeSwitchSts\",\"value\":2,\"timeStamp\":\"1670000000000\"}","{\"name\":\"SentryModeSensitivity\",\"value\":-1,\"timeStamp\":\"1779878318760\"}"]
05-27 18:38:38.781 13911 14147 D Sentinelmode_1.2.5.17_sentry: <PicketModeManager>queryGuardInfo = {access_token=null, lastSyncTimeStramp=1779878318760, profileDetail=["{\"name\":\"sentryModeSwitchSts\",\"value\":2,\"timeStamp\":\"1670000000000\"}","{\"name\":\"SentryModeSensitivity\",\"value\":-1,\"timeStamp\":\"1779878318760\"}"], sign=sign, nonce=ZVJ4VZoNTr}
05-27 18:38:38.781 13911 14147 I SVR_MNG_BaseProxy: isBinderActive: clientBinder is null
05-27 18:38:38.781 13911 14147 D SVR_MNG_SvrMngProxy: getServer: mSvrManger is null
05-27 18:38:38.781 13911 14147 D SVR_MNG_SvrMngProxy: getNewStub: 
05-27 18:38:38.781 13911 14147 D SVR_MNG_SvrMngProxy: getNewStub: getSvrManagerService start
05-27 18:38:38.781 13911 14147 D SVR_MNG_SvrMngProxy: getNewStub: getSvrManagerService end
05-27 18:38:38.781 13911 14147 D SVR_MNG_SvrMngProxy: getServer: svrMngService doesn't start
05-27 18:38:38.781 13911 14147 D SVR_MNG_SvrMngProxy: getClientBinder: binderName = com.incall.network.NETWORK_SERVICE
05-27 18:38:38.782 13911 14147 I SVR_MNG_BaseProxy: getInterface: mInterface = null
05-27 18:38:38.782 13911 14147 I SVR_MNG_BaseProxy: isBinderActive: clientBinder is null
05-27 18:38:38.782 13911 14147 E Sentinelmode_1.2.5.17_sentry: <PicketModeManager>updateProfileCallBack onError:2817---Remote Service Exception
05-27 18:38:38.782 13911 14147 D Sentinelmode_1.2.5.17_sentry: <PicketModeManager>consumeMsg result = 1000
05-27 18:38:38.782 13911 14147 I SVR_MNG_BaseProxy: isBinderActive: clientBinder is null
05-27 18:38:38.782 13911 14147 D SVR_MNG_SvrMngProxy: getServer: mSvrManger is null
05-27 18:38:38.782 13911 14147 D SVR_MNG_SvrMngProxy: getNewStub: 
05-27 18:38:38.782 13911 14147 D SVR_MNG_SvrMngProxy: getNewStub: getSvrManagerService start
05-27 18:38:38.782   481   598 I mcuc    : rev,n=1,6AA681CD2B00248900A606000307010101010101010101010101010001010101010101010101010101010108
05-27 18:38:38.782   351   373 D automotive.vehicle@2.0-adayo-datacomm-mcu: MCUDatacomm sendMessageFromVehicle prop: 0x89, areaId: 0x0, status: 0xa6, timestamp: 0x6
05-27 18:38:38.782   351   373 D automotive.vehicle@2.0-adayo-datacomm-mcu: MCUDatacomm 1sendMessageFromVehicle ---> type = 3 
05-27 18:38:38.782   351   373 D automotive.vehicle@2.0-adayo-func-bcm: sendMessageFromVehicle sendMessageFromVehicle
05-27 18:38:38.782   351   516 D automotive.vehicle@2.0-adayo-func-bcm: jjfan1 ______procotolSize :29
05-27 18:38:38.782   351   516 D automotive.vehicle@2.0-adayo-func-bcm: BCMFunc sendMessageFromVehicle_l dataType: 12,mByte=7,propid=0x21400084
05-27 18:38:38.782   351   516 D automotive.vehicle@2.0-adayo-func-bcm: BCMFunc sendMessageFromVehicle_l msgBuff[7]=0x1,start:0,len:8,temp:8,
05-27 18:38:38.782   351   516 D automotive.vehicle@2.0-adayo-func-bcm: BCMFunc sendMessageFromVehicle_l prop: 0x21400084 ,areaId: 0x0  SPLITE_BIT_DATA_INTEGER : 1
05-27 18:38:38.782   351   516 D automotive.vehicle@2.0-adayo-func-bcm: BCMFunc sendMessageFromVehicle_l id:557842564, area:0 not report! 
05-27 18:38:38.782   351   516 D automotive.vehicle@2.0-adayo-func-bcm: BCMFunc sendMessageFromVehicle_l dataType: 12,mByte=8,propid=0x21400085
05-27 18:38:38.782   351   516 D automotive.vehicle@2.0-adayo-func-bcm: BCMFunc sendMessageFromVehicle_l msgBuff[8]=0x1,start:0,len:8,temp:8,
05-27 18:38:38.782   351   516 D automotive.vehicle@2.0-adayo-func-bcm: BCMFunc sendMessageFromVehicle_l prop: 0x21400085 ,areaId: 0x0  SPLITE_BIT_DATA_INTEGER : 1
05-27 18:38:38.783   351   516 D automotive.vehicle@2.0-adayo-func-bcm: BCMFunc sendMessageFromVehicle_l id:557842565, area:0 not report! 
05-27 18:38:38.783   351   516 D automotive.vehicle@2.0-adayo-func-bcm: BCMFunc sendMessageFromVehicle_l dataType: 12,mByte=9,propid=0x214000a1
05-27 18:38:38.783   351   516 D automotive.vehicle@2.0-adayo-func-bcm: BCMFunc sendMessageFromVehicle_l msgBuff[9]=0x1,start:0,len:8,temp:8,
05-27 18:38:38.783   351   516 D automotive.vehicle@2.0-adayo-func-bcm: BCMFunc sendMessageFromVehicle_l prop: 0x214000a1 ,areaId: 0x0  SPLITE_BIT_DATA_INTEGER : 1
05-27 18:38:38.783   351   516 D automotive.vehicle@2.0-adayo-func-bcm: BCMFunc sendMessageFromVehicle_l id:557842593, area:0 not report! 
05-27 18:38:38.783   351   516 D automotive.vehicle@2.0-adayo-func-bcm: BCMFunc sendMessageFromVehicle_l dataType: 12,mByte=10,propid=0x214000a2
05-27 18:38:38.783   351   516 D automotive.vehicle@2.0-adayo-func-bcm: BCMFunc sendMessageFromVehicle_l msgBuff[10]=0x1,start:0,len:8,temp:8,
05-27 18:38:38.783   351   516 D automotive.vehicle@2.0-adayo-func-bcm: BCMFunc sendMessageFromVehicle_l prop: 0x214000a2 ,areaId: 0x0  SPLITE_BIT_DATA_INTEGER : 1
05-27 18:38:38.783   351   516 D automotive.vehicle@2.0-adayo-func-bcm: BCMFunc sendMessageFromVehicle_l id:557842594, area:0 not report! 
05-27 18:38:38.783   351   516 D automotive.vehicle@2.0-adayo-func-bcm: BCMFunc sendMessageFromVehicle_l dataType: 12,mByte=11,propid=0x21400080
05-27 18:38:38.783   351   516 D automotive.vehicle@2.0-adayo-func-bcm: BCMFunc sendMessageFromVehicle_l msgBuff[11]=0x1,start:0,len:8,temp:8,
05-27 18:38:38.783   351   516 D automotive.vehicle@2.0-adayo-func-bcm: BCMFunc sendMessageFromVehicle_l prop: 0x21400080 ,areaId: 0x0  SPLITE_BIT_DATA_INTEGER : 1
05-27 18:38:38.783   351   516 D automotive.vehicle@2.0-adayo-func-bcm: BCMFunc sendMessageFromVehicle_l id:557842560, area:0 not report! 
05-27 18:38:38.783   351   516 D automotive.vehicle@2.0-adayo-func-bcm: BCMFunc sendMessageFromVehicle_l dataType: 12,mByte=12,propid=0x214000b0
05-27 18:38:38.783   351   516 D automotive.vehicle@2.0-adayo-func-bcm: BCMFunc sendMessageFromVehicle_l msgBuff[12]=0x1,start:0,len:8,temp:8,
05-27 18:38:38.783   351   516 D automotive.vehicle@2.0-adayo-func-bcm: BCMFunc sendMessageFromVehicle_l prop: 0x214000b0 ,areaId: 0x0  SPLITE_BIT_DATA_INTEGER : 1
05-27 18:38:38.783   351   516 D automotive.vehicle@2.0-adayo-func-bcm: BCMFunc sendMessageFromVehicle_l id:557842608, area:0 not report! 
05-27 18:38:38.783   351   516 D automotive.vehicle@2.0-adayo-func-bcm: BCMFunc sendMessageFromVehicle_l dataType: 12,mByte=13,propid=0x2140007b
05-27 18:38:38.783   351   516 D automotive.vehicle@2.0-adayo-func-bcm: BCMFunc sendMessageFromVehicle_l msgBuff[13]=0x1,start:0,len:8,temp:8,
05-27 08:29:47.749   581   581 D spi_rst_gpio_get_output: GPIO 145 value: 1
05-27 18:38:38.783 13911 14147 D SVR_MNG_SvrMngProxy: getNewStub: getSvrManagerService end
05-27 08:29:47.749   581   581 D spidev_ioctl: gpio status=1)
05-27 18:38:38.783   351   516 D automotive.vehicle@2.0-adayo-func-bcm: BCMFunc sendMessageFromVehicle_l prop: 0x2140007b ,areaId: 0x0  SPLITE_BIT_DATA_INTEGER : 1
05-27 18:38:38.783 13911 14147 D SVR_MNG_SvrMngProxy: getServer: svrMngService doesn't start
05-27 18:38:38.783   351   516 D automotive.vehicle@2.0-adayo-func-bcm: BCMFunc sendMessageFromVehicle_l id:557842555, area:0 not report! 
05-27 18:38:38.783   351   516 D automotive.vehicle@2.0-adayo-func-bcm: BCMFunc sendMessageFromVehicle_l dataType: 12,mByte=14,propid=0x2140007c
05-27 18:38:38.783 13911 14147 D SVR_MNG_SvrMngProxy: getClientBinder: binderName = com.incall.network.NETWORK_SERVICE
05-27 18:38:38.783   351   516 D automotive.vehicle@2.0-adayo-func-bcm: BCMFunc sendMessageFromVehicle_l msgBuff[14]=0x1,start:0,len:8,temp:8,
05-27 18:38:38.783   351   516 D automotive.vehicle@2.0-adayo-func-bcm: BCMFunc sendMessageFromVehicle_l prop: 0x2140007c ,areaId: 0x0  SPLITE_BIT_DATA_INTEGER : 1
05-27 18:38:38.783   351   516 D automotive.vehicle@2.0-adayo-func-bcm: BCMFunc sendMessageFromVehicle_l id:557842556, area:0 not report! 
05-27 18:38:38.783   351   516 D automotive.vehicle@2.0-adayo-func-bcm: BCMFunc sendMessageFromVehicle_l dataType: 12,mByte=15,propid=0x21400081
05-27 18:38:38.783 13911 14147 I SVR_MNG_BaseProxy: getInterface: mInterface = null
05-27 18:38:38.783   351   516 D automotive.vehicle@2.0-adayo-func-bcm: BCMFunc sendMessageFromVehicle_l msgBuff[15]=0x1,start:0,len:8,temp:8,
05-27 18:38:38.783 13911 14147 I SVR_MNG_BaseProxy: isBinderActive: clientBinder is null
05-27 18:38:38.783   351   516 D automotive.vehicle@2.0-adayo-func-bcm: BCMFunc sendMessageFromVehicle_l prop: 0x21400081 ,areaId: 0x0  SPLITE_BIT_DATA_INTEGER : 1
05-27 18:38:38.783 13911 14147 I SVR_MNG_BaseProxy: isBinderActive: clientBinder is null
05-27 18:38:38.783   351   516 D automotive.vehicle@2.0-adayo-func-bcm: BCMFunc sendMessageFromVehicle_l id:557842561, area:0 not report! 
05-27 18:38:38.783 13911 14147 D SVR_MNG_SvrMngProxy: getServer: mSvrManger is null
05-27 18:38:38.783   351   516 D automotive.vehicle@2.0-adayo-func-bcm: BCMFunc sendMessageFromVehicle_l dataType: 12,mByte=16,propid=0x214000a3
05-27 18:38:38.783 13911 14147 D SVR_MNG_SvrMngProxy: getNewStub: 
05-27 18:38:38.783   351   516 D automotive.vehicle@2.0-adayo-func-bcm: BCMFunc sendMessageFromVehicle_l msgBuff[16]=0x1,start:0,len:8,temp:8,
05-27 18:38:38.783 13911 14147 D SVR_MNG_SvrMngProxy: getNewStub: getSvrManagerService start
05-27 18:38:38.783   351   516 D automotive.vehicle@2.0-adayo-func-bcm: BCMFunc sendMessageFromVehicle_l prop: 0x214000a3 ,areaId: 0x0  SPLITE_BIT_DATA_INTEGER : 1
05-27 18:38:38.783   351   516 D automotive.vehicle@2.0-adayo-func-bcm: BCMFunc sendMessageFromVehicle_l id:557842595, area:0 not report! 
05-27 18:38:38.783   351   516 D automotive.vehicle@2.0-adayo-func-bcm: BCMFunc sendMessageFromVehicle_l dataType: 12,mByte=17,propid=0x2140007d
05-27 18:38:38.783   351   516 D automotive.vehicle@2.0-adayo-func-bcm: BCMFunc sendMessageFromVehicle_l msgBuff[17]=0x1,start:0,len:8,temp:8,
05-27 18:38:38.783   351   516 D automotive.vehicle@2.0-adayo-func-bcm: BCMFunc sendMessageFromVehicle_l prop: 0x2140007d ,areaId: 0x0  SPLITE_BIT_DATA_INTEGER : 1
05-27 18:38:38.783   351   516 D automotive.vehicle@2.0-adayo-func-bcm: BCMFunc sendMessageFromVehicle_l id:557842557, area:0 not report! 
05-27 18:38:38.783   351   516 D automotive.vehicle@2.0-adayo-func-bcm: BCMFunc sendMessageFromVehicle_l dataType: 12,mByte=18,propid=0x21400082
05-27 18:38:38.783   351   516 D automotive.vehicle@2.0-adayo-func-bcm: BCMFunc sendMessageFromVehicle_l msgBuff[18]=0x1,start:0,len:8,temp:8,
05-27 18:38:38.783   351   516 D automotive.vehicle@2.0-adayo-func-bcm: BCMFunc sendMessageFromVehicle_l prop: 0x21400082 ,areaId: 0x0  SPLITE_BIT_DATA_INTEGER : 1
05-27 18:38:38.783   351   516 D automotive.vehicle@2.0-adayo-func-bcm: BCMFunc sendMessageFromVehicle_l id:557842562, area:0 not report! 
05-27 18:38:38.784   351   516 D automotive.vehicle@2.0-adayo-func-bcm: BCMFunc sendMessageFromVehicle_l dataType: 12,mByte=19,propid=0x214000a4
05-27 18:38:38.784   351   516 D automotive.vehicle@2.0-adayo-func-bcm: BCMFunc sendMessageFromVehicle_l msgBuff[19]=0x1,start:0,len:8,temp:8,
05-27 18:38:38.784   351   516 D automotive.vehicle@2.0-adayo-func-bcm: BCMFunc sendMessageFromVehicle_l prop: 0x214000a4 ,areaId: 0x0  SPLITE_BIT_DATA_INTEGER : 1
05-27 18:38:38.784   351   516 D automotive.vehicle@2.0-adayo-func-bcm: BCMFunc sendMessageFromVehicle_l id:557842596, area:0 not report! 
05-27 18:38:38.784   351   516 D automotive.vehicle@2.0-adayo-func-bcm: BCMFunc sendMessageFromVehicle_l dataType: 12,mByte=20,propid=0x214000a5
05-27 18:38:38.784   351   516 D automotive.vehicle@2.0-adayo-func-bcm: BCMFunc sendMessageFromVehicle_l msgBuff[20]=0x0,start:0,len:8,temp:8,
05-27 18:38:38.784   351   516 D automotive.vehicle@2.0-adayo-func-bcm: BCMFunc sendMessageFromVehicle_l prop: 0x214000a5 ,areaId: 0x0  SPLITE_BIT_DATA_INTEGER : 0
05-27 18:38:38.784   351   516 D automotive.vehicle@2.0-adayo-func-bcm: BCMFunc sendMessageFromVehicle_l id:557842597, area:0 not report! 
05-27 18:38:38.784   351   516 D automotive.vehicle@2.0-adayo-func-bcm: BCMFunc sendMessageFromVehicle_l dataType: 12,mByte=21,propid=0x21400083
05-27 18:38:38.784   351   516 D automotive.vehicle@2.0-adayo-func-bcm: BCMFunc sendMessageFromVehicle_l msgBuff[21]=0x1,start:0,len:8,temp:8,
05-27 18:38:38.784   351   516 D automotive.vehicle@2.0-adayo-func-bcm: BCMFunc sendMessageFromVehicle_l prop: 0x21400083 ,areaId: 0x0  SPLITE_BIT_DATA_INTEGER : 1
05-27 18:38:38.784   351   516 D automotive.vehicle@2.0-adayo-func-bcm: BCMFunc sendMessageFromVehicle_l id:557842563, area:0 not report! 
05-27 18:38:38.784 13911 14147 D SVR_MNG_SvrMngProxy: getNewStub: getSvrManagerService end
05-27 18:38:38.784   351   516 D automotive.vehicle@2.0-adayo-func-bcm: BCMFunc sendMessageFromVehicle_l dataType: 12,mByte=22,propid=0x214000a6
05-27 18:38:38.784 13911 14147 D SVR_MNG_SvrMngProxy: getServer: svrMngService doesn't start
05-27 18:38:38.784   351   516 D automotive.vehicle@2.0-adayo-func-bcm: BCMFunc sendMessageFromVehicle_l msgBuff[22]=0x1,start:0,len:8,temp:8,
05-27 18:38:38.784   351   516 D automotive.vehicle@2.0-adayo-func-bcm: BCMFunc sendMessageFromVehicle_l prop: 0x214000a6 ,areaId: 0x0  SPLITE_BIT_DATA_INTEGER : 1
05-27 18:38:38.784 13911 14147 D SVR_MNG_SvrMngProxy: getClientBinder: binderName = com.incall.network.NETWORK_SERVICE
05-27 18:38:38.784   351   516 D automotive.vehicle@2.0-adayo-func-bcm: BCMFunc sendMessageFromVehicle_l id:557842598, area:0 not report! 
05-27 18:38:38.784   351   516 D automotive.vehicle@2.0-adayo-func-bcm: BCMFunc sendMessageFromVehicle_l dataType: 12,mByte=23,propid=0x2140007e
05-27 18:38:38.784   351   516 D automotive.vehicle@2.0-adayo-func-bcm: BCMFunc sendMessageFromVehicle_l msgBuff[23]=0x1,start:0,len:8,temp:8,
05-27 18:38:38.784 13911 14147 I SVR_MNG_BaseProxy: getInterface: mInterface = null
05-27 18:38:38.784   351   516 D automotive.vehicle@2.0-adayo-func-bcm: BCMFunc sendMessageFromVehicle_l prop: 0x2140007e ,areaId: 0x0  SPLITE_BIT_DATA_INTEGER : 1
05-27 18:38:38.784   351   516 D automotive.vehicle@2.0-adayo-func-bcm: BCMFunc sendMessageFromVehicle_l id:557842558, area:0 not report! 
05-27 18:38:38.784 13911 14147 I SVR_MNG_BaseProxy: isBinderActive: clientBinder is null
05-27 18:38:38.784   351   516 D automotive.vehicle@2.0-adayo-func-bcm: BCMFunc sendMessageFromVehicle_l dataType: 12,mByte=24,propid=0x214000a7
05-27 18:38:38.784   351   516 D automotive.vehicle@2.0-adayo-func-bcm: BCMFunc sendMessageFromVehicle_l msgBuff[24]=0x1,start:0,len:8,temp:8,
05-27 18:38:38.784 13911 14147 I SVR_MNG_BaseProxy: isBinderActive: clientBinder is null
05-27 18:38:38.784   351   516 D automotive.vehicle@2.0-adayo-func-bcm: BCMFunc sendMessageFromVehicle_l prop: 0x214000a7 ,areaId: 0x0  SPLITE_BIT_DATA_INTEGER : 1
05-27 18:38:38.784 13911 14147 D SVR_MNG_SvrMngProxy: getServer: mSvrManger is null
05-27 18:38:38.784   351   516 D automotive.vehicle@2.0-adayo-func-bcm: BCMFunc sendMessageFromVehicle_l id:557842599, area:0 not report! 
05-27 18:38:38.784 13911 14147 D SVR_MNG_SvrMngProxy: getNewStub: 
05-27 18:38:38.784   351   516 D automotive.vehicle@2.0-adayo-func-bcm: BCMFunc sendMessageFromVehicle_l dataType: 12,mByte=25,propid=0x2140007f
05-27 18:38:38.784 13911 14147 D SVR_MNG_SvrMngProxy: getNewStub: getSvrManagerService start
05-27 18:38:38.784   351   516 D automotive.vehicle@2.0-adayo-func-bcm: BCMFunc sendMessageFromVehicle_l msgBuff[25]=0x1,start:0,len:8,temp:8,
05-27 18:38:38.784   351   516 D automotive.vehicle@2.0-adayo-func-bcm: BCMFunc sendMessageFromVehicle_l prop: 0x2140007f ,areaId: 0x0  SPLITE_BIT_DATA_INTEGER : 1
05-27 18:38:38.784   351   516 D automotive.vehicle@2.0-adayo-func-bcm: BCMFunc sendMessageFromVehicle_l id:557842559, area:0 not report! 
05-27 18:38:38.784   351   516 D automotive.vehicle@2.0-adayo-func-bcm: BCMFunc sendMessageFromVehicle_l dataType: 12,mByte=26,propid=0x214000a8
05-27 18:38:38.784   351   516 D automotive.vehicle@2.0-adayo-func-bcm: BCMFunc sendMessageFromVehicle_l msgBuff[26]=0x1,start:0,len:8,temp:8,
05-27 18:38:38.784   351   516 D automotive.vehicle@2.0-adayo-func-bcm: BCMFunc sendMessageFromVehicle_l prop: 0x214000a8 ,areaId: 0x0  SPLITE_BIT_DATA_INTEGER : 1
05-27 18:38:38.784   351   516 D automotive.vehicle@2.0-adayo-func-bcm: BCMFunc sendMessageFromVehicle_l id:557842600, area:0 not report! 
05-27 18:38:38.784   351   516 D automotive.vehicle@2.0-adayo-func-bcm: BCMFunc sendMessageFromVehicle_l dataType: 12,mByte=27,propid=0x214000a9
05-27 18:38:38.784   351   516 D automotive.vehicle@2.0-adayo-func-bcm: BCMFunc sendMessageFromVehicle_l msgBuff[27]=0x1,start:0,len:8,temp:8,
05-27 18:38:38.784   351   516 D automotive.vehicle@2.0-adayo-func-bcm: BCMFunc sendMessageFromVehicle_l prop: 0x214000a9 ,areaId: 0x0  SPLITE_BIT_DATA_INTEGER : 1
05-27 18:38:38.784   351   516 D automotive.vehicle@2.0-adayo-func-bcm: BCMFunc sendMessageFromVehicle_l id:557842601, area:0 not report! 
05-27 18:38:38.784   351   516 D automotive.vehicle@2.0-adayo-func-bcm: BCMFunc sendMessageFromVehicle_l dataType: 12,mByte=28,propid=0x214000aa
05-27 18:38:38.784 13911 14147 D SVR_MNG_SvrMngProxy: getNewStub: getSvrManagerService end
05-27 18:38:38.784   351   516 D automotive.vehicle@2.0-adayo-func-bcm: BCMFunc sendMessageFromVehicle_l msgBuff[28]=0x1,start:0,len:8,temp:8,
05-27 18:38:38.784 13911 14147 D SVR_MNG_SvrMngProxy: getServer: svrMngService doesn't start
05-27 18:38:38.784   351   516 D automotive.vehicle@2.0-adayo-func-bcm: BCMFunc sendMessageFromVehicle_l prop: 0x214000aa ,areaId: 0x0  SPLITE_BIT_DATA_INTEGER : 1
05-27 18:38:38.784 13911 14147 D SVR_MNG_SvrMngProxy: getClientBinder: binderName = com.incall.network.NETWORK_SERVICE
05-27 18:38:38.785   351   516 D automotive.vehicle@2.0-adayo-func-bcm: BCMFunc sendMessageFromVehicle_l id:557842602, area:0 not report! 
05-27 18:38:38.785   351   516 D automotive.vehicle@2.0-adayo-func-bcm: BCMFunc sendMessageFromVehicle_l dataType: 12,mByte=29,propid=0x214000ab
05-27 18:38:38.785   351   516 D automotive.vehicle@2.0-adayo-func-bcm: BCMFunc sendMessageFromVehicle_l msgBuff[29]=0x1,start:0,len:8,temp:8,
05-27 18:38:38.785 13911 14147 I SVR_MNG_BaseProxy: getInterface: mInterface = null
05-27 18:38:38.785   351   516 D automotive.vehicle@2.0-adayo-func-bcm: BCMFunc sendMessageFromVehicle_l prop: 0x214000ab ,areaId: 0x0  SPLITE_BIT_DATA_INTEGER : 1
05-27 18:38:38.785 13911 14147 I SVR_MNG_BaseProxy: isBinderActive: clientBinder is null
05-27 18:38:38.785   351   516 D automotive.vehicle@2.0-adayo-func-bcm: BCMFunc sendMessageFromVehicle_l id:557842603, area:0 not report! 
05-27 18:38:38.785   351   516 D automotive.vehicle@2.0-adayo-func-bcm: BCMFunc sendMessageFromVehicle_l dataType: 12,mByte=30,propid=0x214000ac
05-27 18:38:38.785   581   581 I SpiService: fgesysctrl_getGPIO_status success val=1
05-27 18:38:38.785 13911 14147 E Sentinelmode_1.2.5.17_sentry: <PicketModeManager>consumeProfileCallBack onError:2817---Remote Service Exception
05-27 18:38:38.785   351   516 D automotive.vehicle@2.0-adayo-func-bcm: BCMFunc sendMessageFromVehicle_l msgBuff[30]=0x1,start:0,len:8,temp:8,
05-27 18:38:38.785   351   516 D automotive.vehicle@2.0-adayo-func-bcm: BCMFunc sendMessageFromVehicle_l prop: 0x214000ac ,areaId: 0x0  SPLITE_BIT_DATA_INTEGER : 1
05-27 18:38:38.785 13911 14147 I Sentinelmode_1.2.5.17_sentry: <SentinelCarServiceManager>[SentryTrace] getBCM_Status: bodyMix unavailable, fallback=2
05-27 18:38:38.785   351   516 D automotive.vehicle@2.0-adayo-func-bcm: BCMFunc sendMessageFromVehicle_l id:557842604, area:0 not report! 
05-27 18:38:38.785 13911 14147 D Sentinelmode_1.2.5.17_sentry: <PicketModeManager>BCM_Status1:2
05-27 18:38:38.785   351   516 D automotive.vehicle@2.0-adayo-func-bcm: BCMFunc sendMessageFromVehicle_l dataType: 12,mByte=31,propid=0x214000ad
05-27 18:38:38.785 13911 14147 I Sentinelmode_1.2.5.17_sentry: <SentinelCarServiceManager>[SentryTrace] getBCM_Status: bodyMix unavailable, fallback=2
05-27 18:38:38.785   351   516 D automotive.vehicle@2.0-adayo-func-bcm: BCMFunc sendMessageFromVehicle_l msgBuff[31]=0x1,start:0,len:8,temp:8,
05-27 18:38:38.785   351   516 D automotive.vehicle@2.0-adayo-func-bcm: BCMFunc sendMessageFromVehicle_l prop: 0x214000ad ,areaId: 0x0  SPLITE_BIT_DATA_INTEGER : 1
05-27 18:38:38.785   351   516 D automotive.vehicle@2.0-adayo-func-bcm: BCMFunc sendMessageFromVehicle_l id:557842605, area:0 not report! 
05-27 18:38:38.785   351   516 D automotive.vehicle@2.0-adayo-func-bcm: BCMFunc sendMessageFromVehicle_l dataType: 12,mByte=32,propid=0x214000ae
05-27 18:38:38.785   351   516 D automotive.vehicle@2.0-adayo-func-bcm: BCMFunc sendMessageFromVehicle_l msgBuff[32]=0x1,start:0,len:8,temp:8,
05-27 18:38:38.785   351   516 D automotive.vehicle@2.0-adayo-func-bcm: BCMFunc sendMessageFromVehicle_l prop: 0x214000ae ,areaId: 0x0  SPLITE_BIT_DATA_INTEGER : 1
05-27 18:38:38.785   351   516 D automotive.vehicle@2.0-adayo-func-bcm: BCMFunc sendMessageFromVehicle_l id:557842606, area:0 not report! 
05-27 18:38:38.785   351   516 D automotive.vehicle@2.0-adayo-func-bcm: BCMFunc sendMessageFromVehicle_l dataType: 12,mByte=33,propid=0x2140007a
05-27 18:38:38.785 13911 14147 I DvrLog_Ser->: (DvrLocalServiceManager.java:setGardModeStatus)1979 setGardModeStatus state = 2
05-27 18:38:38.785   351   516 D automotive.vehicle@2.0-adayo-func-bcm: BCMFunc sendMessageFromVehicle_l msgBuff[33]=0x1,start:0,len:8,temp:8,
05-27 18:38:38.785   351   516 D automotive.vehicle@2.0-adayo-func-bcm: BCMFunc sendMessageFromVehicle_l prop: 0x2140007a ,areaId: 0x0  SPLITE_BIT_DATA_INTEGER : 1
05-27 18:38:38.785   351   516 D automotive.vehicle@2.0-adayo-func-bcm: BCMFunc sendMessageFromVehicle_l id:557842554, area:0 not report! 
05-27 18:38:38.785   351   516 D automotive.vehicle@2.0-adayo-func-bcm: BCMFunc sendMessageFromVehicle_l dataType: 12,mByte=34,propid=0x214000af
05-27 18:38:38.785   351   516 D automotive.vehicle@2.0-adayo-func-bcm: BCMFunc sendMessageFromVehicle_l msgBuff[34]=0x1,start:0,len:8,temp:8,
05-27 18:38:38.785   351   516 D automotive.vehicle@2.0-adayo-func-bcm: BCMFunc sendMessageFromVehicle_l prop: 0x214000af ,areaId: 0x0  SPLITE_BIT_DATA_INTEGER : 1
05-27 18:38:38.785 13911 14147 D Sentinelmode_1.2.5.17_sentry: <PicketModeManager>gardMode SettingsObserver onChange  option persist.gard.mode
05-27 18:38:38.785   351   516 D automotive.vehicle@2.0-adayo-func-bcm: BCMFunc sendMessageFromVehicle_l id:557842607, area:0 not report! 
05-27 18:38:38.785   351   516 D automotive.vehicle@2.0-adayo-func-bcm: BCMFunc sendMessageFromVehicle_l dataType: 12,mByte=35,propid=0x21400079
05-27 18:38:38.785   351   516 D automotive.vehicle@2.0-adayo-func-bcm: BCMFunc sendMessageFromVehicle_l msgBuff[35]=0x1,start:0,len:8,temp:8,
05-27 18:38:38.785 13911 14147 I Sentinelmode_1.2.5.17_sentry: <PicketModeManager>[SentryTrace] mode_status=2
05-27 18:38:38.785   351   516 D automotive.vehicle@2.0-adayo-func-bcm: BCMFunc sendMessageFromVehicle_l prop: 0x21400079 ,areaId: 0x0  SPLITE_BIT_DATA_INTEGER : 1
05-27 18:38:38.785   351   516 D automotive.vehicle@2.0-adayo-func-bcm: BCMFunc sendMessageFromVehicle_l id:557842553, area:0 not report! 
05-27 18:38:38.785 13911 14147 D SensorManager: unregisterListenerImpl sensor = {Sensor name="ASM330LHH 3-axis Accelerometer Sensor", vendor="STMicroelectronics", version=1, type=1, maxRange=78.4532, resolution=9.35235E-6, power=0.6, minDelay=2000}, listener = com.incall.sentinelmode.manager.PicketModeManager$2@dd928ed
05-27 18:38:38.785 13911 14147 I Sentinelmode_1.2.5.17_sentry: <TlvManager>toCloud_SentryModePerHourMile:12
05-27 18:38:38.785 13911 14147 I Sentinelmode_1.2.5.17_sentry: <TlvManager>toCloud_GuardModeLeftTime:43200
05-27 18:38:38.785 13911 14147 I Sentinelmode_1.2.5.17_sentry: <PicketModeManager>onGradModeStatusChanage: mode_status = 2
05-27 18:38:38.786 13911 14147 D Sentinelmode_1.2.5.17_sentry: <PicketModeManager>noticeSensorWithPowerUp GardMode() = 2
05-27 18:38:38.786 13911 14147 I Sentinelmode_1.2.5.17_sentry: <SentinelCarServiceManager>[SentryTrace] getBmcValue: bodyMix unavailable, fallback=3 (powerUp ok)
05-27 18:38:38.786 13911 14148 I Sentinelmode_1.2.5.17_sentry: <PicketModeManager>setSentryModeAlarm：9:2
05-27 18:38:38.786 13911 14148 I Sentinelmode_1.2.5.17_sentry: <PicketModeManager>setSentryModeAlarm：12:1
05-27 18:38:38.786 13911 14147 I Sentinelmode_1.2.5.17_sentry: <PicketModeManager>onSettingsPutInt：true name:persist.gard.sum.up.show value:0
05-27 18:38:38.786 13911 14147 D Sentinelmode_1.2.5.17_sentry: <PicketModeManager>shakeLevel2:1
05-27 18:38:38.786 13911 14147 I Sentinelmode_1.2.5.17_sentry: <TlvManager>toCloud_GuardSensitivityLocalChange1
05-27 18:38:38.788  1008 30856 D [OMXB]  : usingANWBuffer: handle:0xee7416c0, format:1, w:1920, h:1080
05-27 18:38:38.790   581   581 I SpiService: fgesysctrl_getGPIO_status success val=1
05-27 18:38:38.793   536   536 D commservice260303: msg.id = 1028,0
05-27 18:38:38.793   536   536 D commservice260303: i = 170, msgid = 8A000404
05-27 18:38:38.793   536   536 D commservice260303: msgid = -1979710460,did=138
05-27 18:38:38.793   536   536 D commservice260303: CommProtocolLibCmdBaseI2C::dataproc {"command":{"id":"imu_status","sub":""},"content":{"TimeStamp":10,"FrameCounter":237626,"GD_X":-0.011987865902483463,"GD_Y":0.006108105648308992,"GD_Z":0.0021378109231591225,"AD_X":-0.005019977688789368,"AD_Y":9.83292469754815E-4,"AD_Z":-0.1694784164428711,"TempDsp":0,"Status":0,"CalibState":1,"SigAmpInvalid":0}},-1979710460
