05-27 18:38:31.782 13911 14192 D Sentinelmode_1.2.5.17_sentry: <SentryImuClusterFgeSender>imu_status sent to Linux, frame=237453, tsNs=10179018, tsMs=10, intervalMs=40, ad=(-5.1763654E-4,0.0019008494,-0.16399384), gd=(-0.012217252,0.005115142,0.0022137526)
05-27 18:38:31.783   581   581 I SpiService: fgesysctrl_getGPIO_status success val=1
05-27 08:29:40.747   581   581 D spi_rst_gpio_get_output: GPIO 145 value: 1
05-27 08:29:40.747   581   581 D spidev_ioctl: gpio status=1)
05-27 18:38:31.785   572   572 I Sensors : 230 GyroSensor: x:-0.012370,y:0.004810,z:0.002138
05-27 18:38:31.786   299 30841 D EvsDriver: forwardFrame
05-27 18:38:31.786   299 30844 D EvsDriver: forwardFrame
05-27 18:38:31.788   299 30844 D EvsDriver: Delivered 0xb400007b7ca56900 as id 0
05-27 18:38:31.788  1167  1184 D evsmanagerd: /dev/video6 forwarded the buffer #0 to 0xb4000074bf5f5510 from 0xb4000074bf5f6d90
05-27 18:38:31.788 30773 30773 E dvr_service_: [myNum:1] Received S**** loss
05-27 18:38:31.788   581   581 I SpiService: fgesysctrl_getGPIO_status success val=1
05-27 18:38:31.788   299 30841 D EvsDriver: Delivered 0xb400007b7ca56a60 as id 0
05-27 18:38:31.788  1167  1184 D evsmanagerd: /dev/video4 forwarded the buffer #0 to 0xb4000074bf5f6850 from 0xb4000074bf5f41d0
05-27 18:38:31.789 30773 30773 E dvr_service_: [myNum:0] Received S**** loss
05-27 08:29:40.753   581   581 D spi_rst_gpio_get_output: GPIO 145 value: 1
05-27 08:29:40.753   581   581 D spidev_ioctl: gpio status=1)
05-27 18:38:31.789   299  1163 D EvsDriver: doneWithFrame
05-27 18:38:31.789   299  1163 D EvsDriver: doneWithFrame
05-27 18:38:31.789  1008 30857 D [OMXB]  : usingANWBuffer: handle:0xee741400, format:1, w:1920, h:1080
05-27 18:38:31.794   581   581 I SpiService: fgesysctrl_getGPIO_status success val=1
05-27 08:29:40.758   581   581 D spi_rst_gpio_get_output: GPIO 145 value: 1
05-27 08:29:40.758   581   581 D spidev_ioctl: gpio status=1)
05-27 18:38:31.798 13911 14183 I SentryImuMcuAngleSender: 179.99298rollDeg
05-27 18:38:31.798 13911 14183 I SentryImuMcuAngleSender: 1,0,0
05-27 18:38:31.799   581   581 I SpiService: fgesysctrl_getGPIO_status success val=1
05-27 08:29:40.764   581   581 D spi_rst_gpio_get_output: GPIO 145 value: 1
05-27 08:29:40.764   581   581 D spidev_ioctl: gpio status=1)
05-27 18:38:31.805   581   581 I SpiService: fgesysctrl_getGPIO_status success val=0
05-27 08:29:40.769   581   581 D spi_rst_gpio_get_output: GPIO 145 value: 0
05-27 08:29:40.769   581   581 D spidev_ioctl: gpio status=0)
05-27 18:38:31.808  1008 30856 D [OMXB]  : usingANWBuffer: handle:0xee747180, format:1, w:1920, h:1080
05-27 18:38:31.811   299 30841 D EvsDriver: forwardFrame
05-27 18:38:31.813  1167  1184 D evsmanagerd: /dev/video4 forwarded the buffer #0 to 0xb4000074bf5f6850 from 0xb4000074bf5f41d0
05-27 18:38:31.813   299 30841 D EvsDriver: Delivered 0xb400007b7ca56a60 as id 0
05-27 18:38:31.814   299 30844 D EvsDriver: forwardFrame
05-27 18:38:31.817  1167  1184 D evsmanagerd: /dev/video6 forwarded the buffer #0 to 0xb4000074bf5f5510 from 0xb4000074bf5f6d90
05-27 18:38:31.817   299  1163 D EvsDriver: doneWithFrame
05-27 18:38:31.817   299 30844 D EvsDriver: Delivered 0xb400007b7ca56900 as id 0
05-27 18:38:31.818   481   598 I mcuc    : rev,n=1,6AA681CD0B001489009E060003080101010101010101010103FF014E
05-27 18:38:31.819 13911 14183 I SentryImuMcuAngleSender: -179.98598rollDeg
05-27 18:38:31.819   351   373 D automotive.vehicle@2.0-adayo-datacomm-mcu: MCUDatacomm sendMessageFromVehicle prop: 0x89, areaId: 0x0, status: 0x9e, timestamp: 0x6
05-27 18:38:31.819 13911 14183 I SentryImuMcuAngleSender: 1,0,0
05-27 18:38:31.819   351   373 D automotive.vehicle@2.0-adayo-datacomm-mcu: MCUDatacomm 1sendMessageFromVehicle ---> type = 3 
05-27 18:38:31.819   351   373 D automotive.vehicle@2.0-adayo-func-bcm: sendMessageFromVehicle sendMessageFromVehicle
05-27 18:38:31.819   351   516 D automotive.vehicle@2.0-adayo-func-bcm: jjfan1 ______procotolSize :13
05-27 18:38:31.819   581   581 I SpiService: fgesysctrl_getGPIO_status success val=1
05-27 18:38:31.819   351   516 D automotive.vehicle@2.0-adayo-func-bcm: BCMFunc sendMessageFromVehicle_l dataType: 12,mByte=7,propid=0x21400056
05-27 18:38:31.819   351   516 D automotive.vehicle@2.0-adayo-func-bcm: BCMFunc sendMessageFromVehicle_l msgBuff[7]=0x1,start:0,len:8,temp:8,
05-27 18:38:31.819   351   516 D automotive.vehicle@2.0-adayo-func-bcm: BCMFunc sendMessageFromVehicle_l prop: 0x21400056 ,areaId: 0x0  SPLITE_BIT_DATA_INTEGER : 1
05-27 18:38:31.819   351   516 D automotive.vehicle@2.0-adayo-func-bcm: BCMFunc sendMessageFromVehicle_l id:557842518, area:0 not report! 
05-27 18:38:31.819   351   516 D automotive.vehicle@2.0-adayo-func-bcm: BCMFunc sendMessageFromVehicle_l dataType: 12,mByte=8,propid=0x21400057
05-27 18:38:31.819   351   516 D automotive.vehicle@2.0-adayo-func-bcm: BCMFunc sendMessageFromVehicle_l msgBuff[8]=0x1,start:0,len:8,temp:8,
05-27 18:38:31.819   351   516 D automotive.vehicle@2.0-adayo-func-bcm: BCMFunc sendMessageFromVehicle_l prop: 0x21400057 ,areaId: 0x0  SPLITE_BIT_DATA_INTEGER : 1
05-27 18:38:31.819   351   516 D automotive.vehicle@2.0-adayo-func-bcm: BCMFunc sendMessageFromVehicle_l id:557842519, area:0 not report! 
05-27 18:38:31.819   351   516 D automotive.vehicle@2.0-adayo-func-bcm: BCMFunc sendMessageFromVehicle_l dataType: 12,mByte=9,propid=0x21400058
05-27 18:38:31.819   351   516 D automotive.vehicle@2.0-adayo-func-bcm: BCMFunc sendMessageFromVehicle_l msgBuff[9]=0x1,start:0,len:8,temp:8,
05-27 18:38:31.819   351   516 D automotive.vehicle@2.0-adayo-func-bcm: BCMFunc sendMessageFromVehicle_l prop: 0x21400058 ,areaId: 0x0  SPLITE_BIT_DATA_INTEGER : 1
05-27 18:38:31.819   351   516 D automotive.vehicle@2.0-adayo-func-bcm: BCMFunc sendMessageFromVehicle_l id:557842520, area:0 not report! 
05-27 18:38:31.819   351   516 D automotive.vehicle@2.0-adayo-func-bcm: BCMFunc sendMessageFromVehicle_l dataType: 12,mByte=10,propid=0x21400059
05-27 18:38:31.819   351   516 D automotive.vehicle@2.0-adayo-func-bcm: BCMFunc sendMessageFromVehicle_l msgBuff[10]=0x1,start:0,len:8,temp:8,
05-27 18:38:31.819   351   516 D automotive.vehicle@2.0-adayo-func-bcm: BCMFunc sendMessageFromVehicle_l prop: 0x21400059 ,areaId: 0x0  SPLITE_BIT_DATA_INTEGER : 1
05-27 18:38:31.819   351   516 D automotive.vehicle@2.0-adayo-func-bcm: BCMFunc sendMessageFromVehicle_l id:557842521, area:0 not report! 
05-27 18:38:31.819   351   516 D automotive.vehicle@2.0-adayo-func-bcm: BCMFunc sendMessageFromVehicle_l dataType: 12,mByte=11,propid=0x2140005a
05-27 18:38:31.819   351   516 D automotive.vehicle@2.0-adayo-func-bcm: BCMFunc sendMessageFromVehicle_l msgBuff[11]=0x1,start:0,len:8,temp:8,
05-27 18:38:31.819   351   516 D automotive.vehicle@2.0-adayo-func-bcm: BCMFunc sendMessageFromVehicle_l prop: 0x2140005a ,areaId: 0x0  SPLITE_BIT_DATA_INTEGER : 1
05-27 18:38:31.820   351   516 D automotive.vehicle@2.0-adayo-func-bcm: BCMFunc sendMessageFromVehicle_l id:557842522, area:0 not report! 
05-27 18:38:31.820   351   516 D automotive.vehicle@2.0-adayo-func-bcm: BCMFunc sendMessageFromVehicle_l dataType: 12,mByte=12,propid=0x2140005b
05-27 18:38:31.820   351   516 D automotive.vehicle@2.0-adayo-func-bcm: BCMFunc sendMessageFromVehicle_l msgBuff[12]=0x1,start:0,len:8,temp:8,
05-27 18:38:31.820   351   516 D automotive.vehicle@2.0-adayo-func-bcm: BCMFunc sendMessageFromVehicle_l prop: 0x2140005b ,areaId: 0x0  SPLITE_BIT_DATA_INTEGER : 1
05-27 18:38:31.820   351   516 D automotive.vehicle@2.0-adayo-func-bcm: BCMFunc sendMessageFromVehicle_l id:557842523, area:0 not report! 
05-27 08:29:40.784   581   581 D spi_rst_gpio_get_output: GPIO 145 value: 1
05-27 08:29:40.784   581   581 D spidev_ioctl: gpio status=1)
05-27 18:38:31.820   351   516 D automotive.vehicle@2.0-adayo-func-bcm: BCMFunc sendMessageFromVehicle_l dataType: 12,mByte=13,propid=0x2140005c
05-27 18:38:31.820   351   516 D automotive.vehicle@2.0-adayo-func-bcm: BCMFunc sendMessageFromVehicle_l msgBuff[13]=0x1,start:0,len:8,temp:8,
05-27 18:38:31.820   351   516 D automotive.vehicle@2.0-adayo-func-bcm: BCMFunc sendMessageFromVehicle_l prop: 0x2140005c ,areaId: 0x0  SPLITE_BIT_DATA_INTEGER : 1
05-27 18:38:31.820   351   516 D automotive.vehicle@2.0-adayo-func-bcm: BCMFunc sendMessageFromVehicle_l id:557842524, area:0 not report! 
05-27 18:38:31.820   351   516 D automotive.vehicle@2.0-adayo-func-bcm: BCMFunc sendMessageFromVehicle_l dataType: 12,mByte=14,propid=0x2140005d
05-27 18:38:31.820   351   516 D automotive.vehicle@2.0-adayo-func-bcm: BCMFunc sendMessageFromVehicle_l msgBuff[14]=0x1,start:0,len:8,temp:8,
05-27 18:38:31.820   351   516 D automotive.vehicle@2.0-adayo-func-bcm: BCMFunc sendMessageFromVehicle_l prop: 0x2140005d ,areaId: 0x0  SPLITE_BIT_DATA_INTEGER : 1
05-27 18:38:31.820   351   516 D automotive.vehicle@2.0-adayo-func-bcm: BCMFunc sendMessageFromVehicle_l id:557842525, area:0 not report! 
05-27 18:38:31.820   351   516 D automotive.vehicle@2.0-adayo-func-bcm: BCMFunc sendMessageFromVehicle_l dataType: 12,mByte=15,propid=0x2140005e
05-27 18:38:31.820   351   516 D automotive.vehicle@2.0-adayo-func-bcm: BCMFunc sendMessageFromVehicle_l msgBuff[15]=0x1,start:0,len:8,temp:8,
05-27 18:38:31.820   351   516 D automotive.vehicle@2.0-adayo-func-bcm: BCMFunc sendMessageFromVehicle_l prop: 0x2140005e ,areaId: 0x0  SPLITE_BIT_DATA_INTEGER : 1
05-27 18:38:31.820   351   516 D automotive.vehicle@2.0-adayo-func-bcm: BCMFunc sendMessageFromVehicle_l id:557842526, area:0 not report! 
05-27 18:38:31.820   351   516 D automotive.vehicle@2.0-adayo-func-bcm: BCMFunc sendMessageFromVehicle_l dataType: 12,mByte=16,propid=0x2140005f
05-27 18:38:31.820   351   516 D automotive.vehicle@2.0-adayo-func-bcm: BCMFunc sendMessageFromVehicle_l msgBuff[16]=0x1,start:0,len:8,temp:8,
05-27 18:38:31.820   351   516 D automotive.vehicle@2.0-adayo-func-bcm: BCMFunc sendMessageFromVehicle_l prop: 0x2140005f ,areaId: 0x0  SPLITE_BIT_DATA_INTEGER : 1
05-27 18:38:31.820   351   516 D automotive.vehicle@2.0-adayo-func-bcm: BCMFunc sendMessageFromVehicle_l id:557842527, area:0 not report! 
05-27 18:38:31.820   351   516 D automotive.vehicle@2.0-adayo-func-bcm: BCMFunc sendMessageFromVehicle_l dataType: 12,mByte=17,propid=0x21400060
05-27 18:38:31.820   351   516 D automotive.vehicle@2.0-adayo-func-bcm: BCMFunc sendMessageFromVehicle_l msgBuff[17]=0x3,start:0,len:8,temp:8,
05-27 18:38:31.820   351   516 D automotive.vehicle@2.0-adayo-func-bcm: BCMFunc sendMessageFromVehicle_l prop: 0x21400060 ,areaId: 0x0  SPLITE_BIT_DATA_INTEGER : 3
05-27 18:38:31.820   351   516 D automotive.vehicle@2.0-adayo-func-bcm: BCMFunc sendMessageFromVehicle_l id:557842528, area:0 not report! 
05-27 18:38:31.820   351   516 D automotive.vehicle@2.0-adayo-func-bcm: BCMFunc sendMessageFromVehicle_l dataType: 12,mByte=18,propid=0x21400061
05-27 18:38:31.820   351   516 D automotive.vehicle@2.0-adayo-func-bcm: BCMFunc sendMessageFromVehicle_l msgBuff[18]=0xff,start:0,len:8,temp:8,
05-27 18:38:31.820   351   516 D automotive.vehicle@2.0-adayo-func-bcm: BCMFunc sendMessageFromVehicle_l prop: 0x21400061 ,areaId: 0x0  SPLITE_BIT_DATA_INTEGER : 255
05-27 18:38:31.820   351   516 D automotive.vehicle@2.0-adayo-func-bcm: BCMFunc sendMessageFromVehicle_l id:557842529, area:0 not report! 
05-27 18:38:31.820   351   516 D automotive.vehicle@2.0-adayo-func-bcm: BCMFunc sendMessageFromVehicle_l dataType: 12,mByte=19,propid=0x2140010a
05-27 18:38:31.820   351   516 D automotive.vehicle@2.0-adayo-func-bcm: BCMFunc sendMessageFromVehicle_l msgBuff[19]=0x1,start:0,len:8,temp:8,
05-27 18:38:31.820   351   516 D automotive.vehicle@2.0-adayo-func-bcm: BCMFunc sendMessageFromVehicle_l prop: 0x2140010a ,areaId: 0x0  SPLITE_BIT_DATA_INTEGER : 1
05-27 08:29:40.789   581   581 D spi_rst_gpio_get_output: GPIO 145 value: 1
05-27 08:29:40.789   581   581 D spidev_ioctl: gpio status=1)
05-27 18:38:31.820   351   516 D automotive.vehicle@2.0-adayo-func-bcm: BCMFunc sendMessageFromVehicle_l id:557842698, area:0 not report! 
05-27 18:38:31.824   536   536 D commservice260303: msg.id = 1028,0
05-27 18:38:31.824   536   536 D commservice260303: i = 170, msgid = 8A000404
05-27 18:38:31.824   536   536 D commservice260303: msgid = -1979710460,did=138
05-27 18:38:31.824   536   536 D commservice260303: CommProtocolLibCmdBaseI2C::dataproc {"command":{"id":"imu_status","sub":""},"content":{"TimeStamp":10,"FrameCounter":237454,"GD_X":-0.012063807807862759,"GD_Y":0.0057257963344454765,"GD_Z":0.002213752595707774,"AD_X":-0.0029642432928085327,"AD_Y":-0.00478995218873024,"AD_Z":-0.16460323333740234,"TempDsp":0,"Status":0,"CalibState":1,"SigAmpInvalid":0}},-1979710460
05-27 18:38:31.824   536   536 D commservice260303: send2Cluster len:317, 7B22636F6D6D616E64223A7B226964223A22696D755F737461747573222C22737562223A22227D2C22636F6E74656E74223A7B2254696D655374616D70223A31302C224672616D65436F756E746572223A3233373435342C2247445F58223A2D302E3031323036333830373830373836323735392C2247445F59223A302E303035373235373936333334343435343736352C2247445F5A223A302E3030323231333735323539353730373737342C2241445F58223A2D302E303032393634323433323932383038353332372C2241445F59223A2D302E30303437383939353231383837333032342C2241445F5A223A2D302E31363436303332333333333734303233342C2254656D70447370223A302C22537461747573223A302C2243616C69625374617465223A312C22536967416D70496E76616C6964223A307D7D, 138 
05-27 18:38:31.824   536   536 D commservice260303: Push Message into SendPool fn=618595072
05-27 18:38:31.824   536   536 D commservice260303: ComProtocolLibSend2Cluster::send2ClusterRaw fn=618595072 , len=333
05-27 18:38:31.824   536   536 D commservice260303: sendCmdToPort :333!!!
05-27 18:38:31.824   536   536 D commservice260303: send Cmd To Port ++++5AA501498A010003DF246A16C9A77B22636F6D6D616E64223A7B226964223A22696D755F737461747573222C22737562223A22227D2C22636F6E74656E74223A7B2254696D655374616D70223A31302C224672616D65436F756E746572223A3233373435342C2247445F58223A2D302E3031323036333830373830373836323735392C2247445F59223A302E303035373235373936333334343435343736352C2247445F5A223A302E3030323231333735323539353730373737342C2241445F58223A2D302E303032393634323433323932383038353332372C2241445F59223A2D302E30303437383939353231383837333032342C2241445F5A223A2D302E31363436303332333333333734303233342C2254656D70447370223A302C22537461747573223A302C2243616C69625374617465223A312C22536967416D70496E76616C6964223A307D7DEB09
05-27 18:38:31.824   536   536 D commservice260303: bufferevent_write retrun value = 0
05-27 18:38:31.825   581   581 I SpiService: fgesysctrl_getGPIO_status success val=1
05-27 18:38:31.825   536   560 D commservice260303: client datas send succeed,send finish
05-27 18:38:31.825 13911 14192 D Sentinelmode_1.2.5.17_sentry: <SentryImuClusterFgeSender>imu_status sent to Linux, frame=237454, tsNs=10179054, tsMs=10, intervalMs=44, ad=(-0.0029642433,-0.004789952,-0.16460323), gd=(-0.012063808,0.0057257963,0.0022137526)
05-27 18:38:31.826   299  1163 D EvsDriver: doneWithFrame
05-27 18:38:31.830   581   581 I SpiService: fgesysctrl_getGPIO_status success val=1
05-27 08:29:40.795   581   581 D spi_rst_gpio_get_output: GPIO 145 value: 1
05-27 08:29:40.795   581   581 D spidev_ioctl: gpio status=1)
05-27 18:38:31.836  1008 30857 D [OMXB]  : usingANWBuffer: handle:0xee7432f0, format:1, w:1920, h:1080
05-27 18:38:31.836   581   581 I SpiService: fgesysctrl_getGPIO_status success val=1
05-27 08:29:40.801   581   581 D spi_rst_gpio_get_output: GPIO 145 value: 1
05-27 08:29:40.801   581   581 D spidev_ioctl: gpio status=1)
--------- beginning of radio
05-27 18:38:31.837  1121  1159 D lib_tbox: calling Uid is 0
05-27 18:38:31.837  1121  1159 D lib_tbox: tboxService has already been creaded
05-27 18:38:31.837  1121  1159 D lib_tbox: sim[0] request Queue is ready
05-27 18:38:31.837  1121  1159 D lib_tbox: getModemState start. serial:1426608253
05-27 18:38:31.838  1121  1159 D lib_tbox: waitForResponse serial:1426608253 phoneId:0 mCount:0
05-27 18:38:31.838   648   648 D RILC_TBOX: getModemState: serial 1426608253
05-27 18:38:31.838   648   691 D RIL_REQ_THDS: dequeue msg
05-27 18:38:31.838   648   691 D RIL_REQ_THDS: handleMessage 10005
05-27 18:38:31.839   648   691 D RIL     : onRequest: TBOX_REQUEST_GET_MODEM_STATE radioState = RADIO_ON
05-27 18:38:31.839   648   691 D RILC    : RequestComplete, RIL_SOCKET_1
05-27 18:38:31.839   648   691 D RILC    : Calling responseFunction() for token 1426608253
05-27 18:38:31.839   648   691 D RILC_TBOX: getModemStateResponse: serial 1426608253
05-27 18:38:31.839   648   691 D RIL_REQ_THDS: pool2Thread[0] process one message done
05-27 18:38:31.839  1121  1151 D lib_tbox: notifyRequest serial:1426608253 receivedSerial:1426608253 phoneId:0 mCount:0
05-27 18:38:31.841  1121  1159 D lib_tbox: getModemState done. state:0
05-27 18:38:31.841  1121  1159 D lib_tbox: retStatus: aidl response 0, return 0
05-27 18:38:31.841  1121  1159 D lib_tbox: calling Uid is 0
05-27 18:38:31.841  1121  1159 D lib_tbox: tboxService has already been creaded
05-27 18:38:31.841  1121  1159 D lib_tbox: sim[0] request Queue is ready
05-27 18:38:31.842   581   581 I SpiService: fgesysctrl_getGPIO_status success val=1
05-27 18:38:31.842  1121  1159 D lib_tbox: sim[0] getSimState start. serial:847915875
05-27 18:38:31.842 13911 14183 I SentryImuMcuAngleSender: -179.99298rollDeg
05-27 18:38:31.843 13911 14183 I SentryImuMcuAngleSender: 1,0,0
05-27 18:38:31.843  1121  1159 D lib_tbox: waitForResponse serial:847915875 phoneId:0 mCount:0
05-27 18:38:31.843   648   648 D RILC_TBOX: getSimState: serial 847915875
05-27 18:38:31.843   648   690 D RIL_REQ_THDS: dequeue msg
05-27 18:38:31.843   648   690 D RIL_REQ_THDS: handleMessage 10001
05-27 18:38:31.843   648   690 D RIL     : onRequest: TBOX_REQUEST_GET_SIM_STATE radioState = RADIO_ON
05-27 08:29:40.806   581   581 D spi_rst_gpio_get_output: GPIO 145 value: 1
05-27 18:38:31.843  1083  1083 W MyAppLog: [2026-05-27 18:38:31.841 W tboxmid getModemAlive:545] [Tbxomids] [CellularDataService] getModemState ret=0, state=0
05-27 08:29:40.806   581   581 D spidev_ioctl: gpio status=1)
05-27 18:38:31.843   648   690 D RIL_REQ_THDS: get Channel1
05-27 18:38:31.843   648   690 D RIL-AT  : Channel1: AT> AT+CPIN?
05-27 18:38:31.844   648   813 D RIL-AT  : Channel1: AT< +CME ERROR: 10
05-27 18:38:31.844   648   690 D RIL_REQ_THDS: put Channel1
05-27 18:38:31.844   648   690 D RIL_STK_CONTEXT: socket_id: 0, s_setupMenuNeedUnsol : 0, s_setupMenuResponse is : (null)
05-27 18:38:31.844   648   690 D RIL     : setSimPresent[0] hasSim = 0
05-27 18:38:31.844   648   690 D RILC    : RequestComplete, RIL_SOCKET_1
05-27 18:38:31.844   648   690 D RILC    : Calling responseFunction() for token 847915875
05-27 18:38:31.844   648   690 D RILC_TBOX: getSimStateResponse: serial:847915875, slotId:0
05-27 18:38:31.844   648   690 D RIL_REQ_THDS: pool1Thread[0] process one message done
05-27 18:38:31.844  1121  1151 D lib_tbox: sim0 getSimStateResponse: 0
05-27 18:38:31.844  1121  1151 D lib_tbox: notifyRequest serial:847915875 receivedSerial:847915875 phoneId:0 mCount:0
05-27 18:38:31.845  1121  1159 D lib_tbox: sim[0] getSimState done. state:0
05-27 18:38:31.845  1121  1159 D lib_tbox: retStatus: aidl response 0, return 0
05-27 18:38:31.845   299 30841 D EvsDriver: forwardFrame
05-27 18:38:31.845  1083  1083 W MyAppLog: [2026-05-27 18:38:31.845 W tboxmid getSimStatus:599] [Tbxomids] [CellularDataService] getSimState phoneId=0, state=0
05-27 18:38:31.845  1083  1083 W MyAppLog: [2026-05-27 18:38:31.845 W tboxmid threadLoop:1077] [Tbxomids] [CellularDataService] SIM not ready
05-27 18:38:31.846   299 30844 D EvsDriver: forwardFrame
05-27 18:38:31.847   299 30841 D EvsDriver: Delivered 0xb400007b7ca56a60 as id 0
05-27 18:38:31.847  1167  1184 D evsmanagerd: /dev/video4 forwarded the buffer #0 to 0xb4000074bf5f6850 from 0xb4000074bf5f41d0
05-27 18:38:31.848   581   581 I SpiService: fgesysctrl_getGPIO_status success val=0
05-27 18:38:31.848   481   597 I mcuc    : send SPI:6AA602CD0B000289009B
05-27 08:29:40.812   581   581 D spi_rst_gpio_get_output: GPIO 145 value: 0
05-27 08:29:40.812   581   581 D spidev_ioctl: gpio status=0)
05-27 18:38:31.851  1167  1184 D evsmanagerd: /dev/video6 forwarded the buffer #0 to 0xb4000074bf5f5510 from 0xb4000074bf5f6d90
05-27 18:38:31.851   299 30844 D EvsDriver: Delivered 0xb400007b7ca56900 as id 0
05-27 18:38:31.853   299  1163 D EvsDriver: doneWithFrame
05-27 18:38:31.854   299  1153 D EvsDriver: doneWithFrame
05-27 18:38:31.854  1008 30856 D [OMXB]  : usingANWBuffer: handle:0xee746c00, format:1, w:1920, h:1080
05-27 18:38:31.861   536   536 D commservice260303: msg.id = 1028,1
05-27 18:38:31.861   536   536 D commservice260303: i = 170, msgid = 8A000404
05-27 18:38:31.861   536   536 D commservice260303: msgid = -1979710460,did=138
05-27 18:38:31.861   536   536 D commservice260303: CommProtocolLibCmdBaseI2C::dataproc {"command":{"id":"imu_status","sub":""},"content":{"TimeStamp":10,"FrameCounter":237455,"GD_X":-0.011453153565526009,"GD_Y":0.005268065724521875,"GD_Z":0.0019079053308814764,"AD_X":-0.0053839534521102905,"AD_Y":1.0874518193304539E-4,"AD_Z":-0.16887283325195312,"TempDsp":0,"Status":0,"CalibState":1,"SigAmpInvalid":0}},-1979710460
05-27 18:38:31.861   536   536 D commservice260303: send2Cluster len:318, 7B22636F6D6D616E64223A7B226964223A22696D755F737461747573222C22737562223A22227D2C22636F6E74656E74223A7B2254696D655374616D70223A31302C224672616D65436F756E746572223A3233373435352C2247445F58223A2D302E3031313435333135333536353532363030392C2247445F59223A302E3030353236383036353732343532313837352C2247445F5A223A302E303031393037393035333330383831343736342C2241445F58223A2D302E303035333833393533343532313130323930352C2241445F59223A312E30383734353138313933333034353339452D342C2241445F5A223A2D302E31363838373238333332353139353331322C2254656D70447370223A302C22537461747573223A302C2243616C69625374617465223A312C22536967416D70496E76616C6964223A307D7D, 138 
05-27 18:38:31.861   536   536 D commservice260303: Push Message into SendPool fn=635372288
05-27 18:38:31.861   536   536 D commservice260303: ComProtocolLibSend2Cluster::send2ClusterRaw fn=635372288 , len=334
05-27 18:38:31.861   536   536 D commservice260303: sendCmdToPort :334!!!
05-27 18:38:31.861   536   536 D commservice260303: send Cmd To Port ++++5AA5014A8A010003DF256A16C9A77B22636F6D6D616E64223A7B226964223A22696D755F737461747573222C22737562223A22227D2C22636F6E74656E74223A7B2254696D655374616D70223A31302C224672616D65436F756E746572223A3233373435352C2247445F58223A2D302E3031313435333135333536353532363030392C2247445F59223A302E3030353236383036353732343532313837352C2247445F5A223A302E303031393037393035333330383831343736342C2241445F58223A2D302E303035333833393533343532313130323930352C2241445F59223A312E30383734353138313933333034353339452D342C2241445F5A223A2D302E31363838373238333332353139353331322C2254656D70447370223A302C22537461747573223A302C2243616C69625374617465223A312C22536967416D70496E76616C6964223A307D7D1CEA
05-27 18:38:31.862   536   536 D commservice260303: bufferevent_write retrun value = 0
05-27 18:38:31.862   283   307 I rvcservice: t.code = 3, t.value = 0
05-27 18:38:31.862   536   560 D commservice260303: client datas send succeed,send finish
05-27 18:38:31.862 13911 14192 D Sentinelmode_1.2.5.17_sentry: <SentryImuClusterFgeSender>imu_status sent to Linux, frame=237455, tsNs=10179108, tsMs=10, intervalMs=36, ad=(-0.0053839535,1.0874518E-4,-0.16887283), gd=(-0.011453154,0.0052680657,0.0019079053)
05-27 18:38:31.862 13911 14183 I SentryImuMcuAngleSender: 179.98598rollDeg
05-27 18:38:31.862 13911 14183 I SentryImuMcuAngleSender: 1,0,0
05-27 18:38:31.863   581   581 I SpiService: fgesysctrl_getGPIO_status success val=1
05-27 08:29:40.828   581   581 D spi_rst_gpio_get_output: GPIO 145 value: 1
05-27 08:29:40.828   581   581 D spidev_ioctl: gpio status=1)
05-27 18:38:31.869   581   581 I SpiService: fgesysctrl_getGPIO_status success val=1
05-27 18:38:31.871   299 30841 D EvsDriver: forwardFrame
05-27 18:38:31.872   299 30841 D EvsDriver: Delivered 0xb400007b7ca56a60 as id 0
05-27 18:38:31.872  1167  1184 D evsmanagerd: /dev/video4 forwarded the buffer #0 to 0xb4000074bf5f6850 from 0xb4000074bf5f41d0
05-27 08:29:40.833   581   581 D spi_rst_gpio_get_output: GPIO 145 value: 1
05-27 08:29:40.833   581   581 D spidev_ioctl: gpio status=1)
05-27 18:38:31.874   299 30844 D EvsDriver: forwardFrame
05-27 18:38:31.874   581   581 I SpiService: fgesysctrl_getGPIO_status success val=1
05-27 18:38:31.875   299  1153 D EvsDriver: doneWithFrame
05-27 18:38:31.876  1008 30857 D [OMXB]  : usingANWBuffer: handle:0xee741e50, format:1, w:1920, h:1080
05-27 18:38:31.876  1167  1184 D evsmanagerd: /dev/video6 forwarded the buffer #0 to 0xb4000074bf5f5510 from 0xb4000074bf5f6d90
05-27 18:38:31.877   299 30844 D EvsDriver: Delivered 0xb400007b7ca56900 as id 0
05-27 08:29:40.839   581   581 D spi_rst_gpio_get_output: GPIO 145 value: 1
05-27 08:29:40.839   581   581 D spidev_ioctl: gpio status=1)
05-27 18:38:31.879   299  1153 D EvsDriver: doneWithFrame
05-27 18:38:31.880   581   581 I SpiService: fgesysctrl_getGPIO_status success val=1
05-27 08:29:40.845   581   581 D spi_rst_gpio_get_output: GPIO 145 value: 1
05-27 08:29:40.845   581   581 D spidev_ioctl: gpio status=1)
05-27 18:38:31.883 13911 14183 I SentryImuMcuAngleSender: 179.97546rollDeg
05-27 18:38:31.885 13911 14183 I SentryImuMcuAngleSender: 1,0,0
05-27 18:38:31.886   581   581 I SpiService: fgesysctrl_getGPIO_status success val=1
05-27 08:29:40.850   581   581 D spi_rst_gpio_get_output: GPIO 145 value: 1
05-27 08:29:40.850   581   581 D spidev_ioctl: gpio status=1)
05-27 18:38:31.891   581   581 I SpiService: fgesysctrl_getGPIO_status success val=0
05-27 18:38:31.892   572   622 I Sensors : 230 AccelSensor: x:-0.170190,y:0.003050,z:-9.970449
05-27 08:29:40.855   581   581 D spi_rst_gpio_get_output: GPIO 145 value: 0
05-27 08:29:40.855   581   581 D spidev_ioctl: gpio status=0)
05-27 18:38:31.901   536   536 D commservice260303: msg.id = 1028,1
05-27 18:38:31.901   536   536 D commservice260303: i = 170, msgid = 8A000404
05-27 18:38:31.901   536   536 D commservice260303: msgid = -1979710460,did=138
05-27 18:38:31.901   536   536 D commservice260303: CommProtocolLibCmdBaseI2C::dataproc {"command":{"id":"imu_status","sub":""},"content":{"TimeStamp":10,"FrameCounter":237456,"GD_X":-0.011147825978696346,"GD_Y":0.004428025335073471,"GD_Z":0.0020608289632946253,"AD_X":-0.0035489052534103394,"AD_Y":7.107027340680361E-4,"AD_Z":-0.16521263122558594,"TempDsp":0,"Status":0,"CalibState":1,"SigAmpInvalid":0}},-1979710460
05-27 18:38:31.901   536   536 D commservice260303: send2Cluster len:317, 7B22636F6D6D616E64223A7B226964223A22696D755F737461747573222C22737562223A22227D2C22636F6E74656E74223A7B2254696D655374616D70223A31302C224672616D65436F756E746572223A3233373435362C2247445F58223A2D302E3031313134373832353937383639363334362C2247445F59223A302E3030343432383032353333353037333437312C2247445F5A223A302E303032303630383238393633323934363235332C2241445F58223A2D302E303033353438393035323533343130333339342C2241445F59223A372E313037303237333430363830333631452D342C2241445F5A223A2D302E31363532313236333132323535383539342C2254656D70447370223A302C22537461747573223A302C2243616C69625374617465223A312C22536967416D70496E76616C6964223A307D7D, 138 
05-27 18:38:31.901   536   536 D commservice260303: Push Message into SendPool fn=652149504
05-27 18:38:31.901   536   536 D commservice260303: ComProtocolLibSend2Cluster::send2ClusterRaw fn=652149504 , len=333
05-27 18:38:31.901   536   536 D commservice260303: sendCmdToPort :333!!!
05-27 18:38:31.901   536   536 D commservice260303: send Cmd To Port ++++5AA501498A010003DF266A16C9A77B22636F6D6D616E64223A7B226964223A22696D755F737461747573222C22737562223A22227D2C22636F6E74656E74223A7B2254696D655374616D70223A31302C224672616D65436F756E746572223A3233373435362C2247445F58223A2D302E3031313134373832353937383639363334362C2247445F59223A302E3030343432383032353333353037333437312C2247445F5A223A302E303032303630383238393633323934363235332C2241445F58223A2D302E303033353438393035323533343130333339342C2241445F59223A372E313037303237333430363830333631452D342C2241445F5A223A2D302E31363532313236333132323535383539342C2254656D70447370223A302C22537461747573223A302C2243616C69625374617465223A312C22536967416D70496E76616C6964223A307D7D1719
05-27 18:38:31.901   536   536 D commservice260303: bufferevent_write retrun value = 0
05-27 18:38:31.902   536   560 D commservice260303: client datas send succeed,send finish
05-27 18:38:31.902 13911 14192 D Sentinelmode_1.2.5.17_sentry: <SentryImuClusterFgeSender>imu_status sent to Linux, frame=237456, tsNs=10179143, tsMs=10, intervalMs=41, ad=(-0.0035489053,7.1070273E-4,-0.16521263), gd=(-0.011147826,0.0044280253,0.002060829)
05-27 18:38:31.905   581   581 I SpiService: fgesysctrl_getGPIO_status success val=1
05-27 18:38:31.905 13911 14183 I SentryImuMcuAngleSender: 179.98247rollDeg
05-27 18:38:31.905 13911 14183 I SentryImuMcuAngleSender: 1,0,0
05-27 18:38:31.906   299 30841 D EvsDriver: forwardFrame
05-27 18:38:31.908   299 30841 D EvsDriver: Delivered 0xb400007b7ca56a60 as id 0
05-27 18:38:31.908  1167  1184 D evsmanagerd: /dev/video4 forwarded the buffer #0 to 0xb4000074bf5f6850 from 0xb4000074bf5f41d0
05-27 08:29:40.869   581   581 D spi_rst_gpio_get_output: GPIO 145 value: 1
05-27 08:29:40.869   581   581 D spidev_ioctl: gpio status=1)
05-27 18:38:31.910   581   581 I SpiService: fgesysctrl_getGPIO_status success val=1
05-27 18:38:31.911   299 30844 D EvsDriver: forwardFrame
05-27 18:38:31.912   299  1153 D EvsDriver: doneWithFrame
05-27 08:29:40.875   581   581 D spi_rst_gpio_get_output: GPIO 145 value: 1
05-27 08:29:40.875   581   581 D spidev_ioctl: gpio status=1)
05-27 18:38:31.913   299 30844 D EvsDriver: Delivered 0xb400007b7ca56900 as id 0
05-27 18:38:31.914  1167  1184 D evsmanagerd: /dev/video6 forwarded the buffer #0 to 0xb4000074bf5f5510 from 0xb4000074bf5f6d90
05-27 18:38:31.916   581   581 I SpiService: fgesysctrl_getGPIO_status success val=1
05-27 08:29:40.881   581   581 D spi_rst_gpio_get_output: GPIO 145 value: 1
05-27 08:29:40.881   581   581 D spidev_ioctl: gpio status=1)
05-27 18:38:31.917   299  1153 D EvsDriver: doneWithFrame
05-27 18:38:31.920  1008 30857 D [OMXB]  : usingANWBuffer: handle:0xee743ea0, format:1, w:1920, h:1080
05-27 18:38:31.922   581   581 I SpiService: fgesysctrl_getGPIO_status success val=1
05-27 08:29:40.886   581   581 D spi_rst_gpio_get_output: GPIO 145 value: 1
05-27 08:29:40.886   581   581 D spidev_ioctl: gpio status=1)
05-27 18:38:31.925 13911 14183 I SentryImuMcuAngleSender: 179.98598rollDeg
05-27 18:38:31.925 13911 14183 I SentryImuMcuAngleSender: 1,0,0
05-27 18:38:31.927   581   581 I SpiService: fgesysctrl_getGPIO_status success val=1
05-27 08:29:40.892   581   581 D spi_rst_gpio_get_output: GPIO 145 value: 1
05-27 08:29:40.892   581   581 D spidev_ioctl: gpio status=1)
05-27 18:38:31.933   581   581 I SpiService: fgesysctrl_getGPIO_status success val=0
05-27 08:29:40.897   581   581 D spi_rst_gpio_get_output: GPIO 145 value: 0
05-27 08:29:40.897   581   581 D spidev_ioctl: gpio status=0)
05-27 18:38:31.937   299 30844 D EvsDriver: forwardFrame
05-27 18:38:31.938   299 30844 D EvsDriver: Delivered 0xb400007b7ca56900 as id 0
05-27 18:38:31.938  1167  1184 D evsmanagerd: /dev/video6 forwarded the buffer #0 to 0xb4000074bf5f5510 from 0xb4000074bf5f6d90
05-27 18:38:31.939 30773 30773 E dvr_service_: [myNum:1] Received S**** loss
05-27 18:38:31.939   299  1153 D EvsDriver: doneWithFrame
05-27 08:29:40.903     1     1 I init    : starting service 'trace_kernel'...
05-27 18:38:31.941   536   536 D commservice260303: msg.id = 1028,0
05-27 18:38:31.941   536   536 D commservice260303: i = 170, msgid = 8A000404
05-27 18:38:31.941   536   536 D commservice260303: msgid = -1979710460,did=138
05-27 18:38:31.941   536   536 D commservice260303: CommProtocolLibCmdBaseI2C::dataproc {"command":{"id":"imu_status","sub":""},"content":{"TimeStamp":10,"FrameCounter":237457,"GD_X":-0.010766036808490753,"GD_Y":0.004733873065561056,"GD_Z":0.0023671966046094894,"AD_X":-0.0029361993074417114,"AD_Y":1.0007200762629509E-4,"AD_Z":-0.16948318481445312,"TempDsp":0,"Status":0,"CalibState":1,"SigAmpInvalid":0}},-1979710460
05-27 18:38:31.941   536   536 D commservice260303: send2Cluster len:318, 7B22636F6D6D616E64223A7B226964223A22696D755F737461747573222C22737562223A22227D2C22636F6E74656E74223A7B2254696D655374616D70223A31302C224672616D65436F756E746572223A3233373435372C2247445F58223A2D302E3031303736363033363830383439303735332C2247445F59223A302E3030343733333837333036353536313035362C2247445F5A223A302E303032333637313936363034363039343839342C2241445F58223A2D302E303032393336313939333037343431373131342C2241445F59223A312E30303037323030373632363239353039452D342C2241445F5A223A2D302E31363934383331383438313434353331322C2254656D70447370223A302C22537461747573223A302C2243616C69625374617465223A312C22536967416D70496E76616C6964223A307D7D, 138 
05-27 18:38:31.941   536   536 D commservice260303: Push Message into SendPool fn=668926720
05-27 18:38:31.941   536   536 D commservice260303: ComProtocolLibSend2Cluster::send2ClusterRaw fn=668926720 , len=334
05-27 18:38:31.941   536   536 D commservice260303: sendCmdToPort :334!!!
05-27 18:38:31.941   536   536 D commservice260303: send Cmd To Port ++++5AA5014A8A010003DF276A16C9A77B22636F6D6D616E64223A7B226964223A22696D755F737461747573222C22737562223A22227D2C22636F6E74656E74223A7B2254696D655374616D70223A31302C224672616D65436F756E746572223A3233373435372C2247445F58223A2D302E3031303736363033363830383439303735332C2247445F59223A302E3030343733333837333036353536313035362C2247445F5A223A302E303032333637313936363034363039343839342C2241445F58223A2D302E303032393336313939333037343431373131342C2241445F59223A312E30303037323030373632363239353039452D342C2241445F5A223A2D302E31363934383331383438313434353331322C2254656D70447370223A302C22537461747573223A302C2243616C69625374617465223A312C22536967416D70496E76616C6964223A307D7D22B1
05-27 18:38:31.941   536   536 D commservice260303: bufferevent_write retrun value = 0
05-27 18:38:31.942   536   560 D commservice260303: client datas send succeed,send finish
05-27 18:38:31.942 13911 14192 D Sentinelmode_1.2.5.17_sentry: <SentryImuClusterFgeSender>imu_status sent to Linux, frame=237457, tsNs=10179179, tsMs=10, intervalMs=39, ad=(-0.0029361993,1.0007201E-4,-0.16948318), gd=(-0.010766037,0.004733873,0.0023671966)
05-27 18:38:31.942   299 30841 D EvsDriver: forwardFrame
05-27 18:38:31.943   299 30841 D EvsDriver: Delivered 0xb400007b7ca56a60 as id 0
05-27 18:38:31.944  1167  1184 D evsmanagerd: /dev/video4 forwarded the buffer #0 to 0xb4000074bf5f6850 from 0xb4000074bf5f41d0
05-27 18:38:31.944 30773 30773 E dvr_service_: [myNum:0] Received S**** loss
05-27 18:38:31.944   299  1153 D EvsDriver: doneWithFrame
05-27 18:38:31.945 13911 14183 I SentryImuMcuAngleSender: 179.986rollDeg
05-27 18:38:31.945 13911 14183 I SentryImuMcuAngleSender: 1,0,0
05-27 18:38:31.947  1008 30856 D [OMXB]  : usingANWBuffer: handle:0xee740e80, format:1, w:1920, h:1080
05-27 18:38:31.947   581   581 I SpiService: fgesysctrl_getGPIO_status success val=1
05-27 08:29:40.911   581   581 D spi_rst_gpio_get_output: GPIO 145 value: 1
05-27 08:29:40.911   581   581 D spidev_ioctl: gpio status=1)
05-27 18:38:31.952   581   581 I SpiService: fgesysctrl_getGPIO_status success val=1
05-27 08:29:40.917   581   581 D spi_rst_gpio_get_output: GPIO 145 value: 1
05-27 08:29:40.917   581   581 D spidev_ioctl: gpio status=1)
05-27 18:38:31.958   581   581 I SpiService: fgesysctrl_getGPIO_status success val=1
05-27 08:29:40.922   581   581 D spi_rst_gpio_get_output: GPIO 145 value: 1
05-27 08:29:40.922   581   581 D spidev_ioctl: gpio status=1)
05-27 18:38:31.962   283   307 I rvcservice: t.code = 4, t.value = 0
05-27 18:38:31.963   581   581 I SpiService: fgesysctrl_getGPIO_status success val=1
05-27 08:29:40.928   581   581 D spi_rst_gpio_get_output: GPIO 145 value: 1
05-27 08:29:40.928   581   581 D spidev_ioctl: gpio status=1)
05-27 18:38:31.965  1008 30857 D [OMXB]  : usingANWBuffer: handle:0xee7427f0, format:1, w:1920, h:1080
05-27 18:38:31.965 13911 14183 I SentryImuMcuAngleSender: -179.99649rollDeg
05-27 18:38:31.965 13911 14183 I SentryImuMcuAngleSender: 1,0,0
05-27 18:38:31.969   581   581 I SpiService: fgesysctrl_getGPIO_status success val=1
05-27 18:38:31.971   299 30844 D EvsDriver: forwardFrame
05-27 08:29:40.934   581   581 D spi_rst_gpio_get_output: GPIO 145 value: 1
05-27 08:29:40.934   581   581 D spidev_ioctl: gpio status=1)
05-27 18:38:31.974  1167  1184 D evsmanagerd: /dev/video6 forwarded the buffer #0 to 0xb4000074bf5f5510 from 0xb4000074bf5f6d90
05-27 18:38:31.974   299 30844 D EvsDriver: Delivered 0xb400007b7ca56900 as id 0
05-27 18:38:31.975   581   581 I SpiService: fgesysctrl_getGPIO_status success val=0
05-27 08:29:40.939   581   581 D spi_rst_gpio_get_output: GPIO 145 value: 0
05-27 08:29:40.939   581   581 D spidev_ioctl: gpio status=0)
05-27 18:38:31.977   299 30841 D EvsDriver: forwardFrame
05-27 18:38:31.979  1167  1184 D evsmanagerd: /dev/video4 forwarded the buffer #0 to 0xb4000074bf5f6850 from 0xb4000074bf5f41d0
05-27 18:38:31.979   299 30841 D EvsDriver: Delivered 0xb400007b7ca56a60 as id 0
05-27 18:38:31.979   299  1153 D EvsDriver: doneWithFrame
05-27 18:38:31.980 25098 25098 I ADAYO_LOG_TRACE_KERNEL: execute start
05-27 18:38:31.984   536   536 D commservice260303: msg.id = 1028,0
05-27 18:38:31.984   536   536 D commservice260303: i = 170, msgid = 8A000404
05-27 18:38:31.984   536   536 D commservice260303: msgid = -1979710460,did=138
05-27 18:38:31.984   536   536 D commservice260303: CommProtocolLibCmdBaseI2C::dataproc {"command":{"id":"imu_status","sub":""},"content":{"TimeStamp":10,"FrameCounter":237458,"GD_X":-0.010994902811944485,"GD_Y":0.00549693126231432,"GD_Z":0.0026720035821199417,"AD_X":-0.0029358714818954468,"AD_Y":-0.002932840958237648,"AD_Z":-0.16948318481445312,"TempDsp":0,"Status":0,"CalibState":1,"SigAmpInvalid":0}},-1979710460
05-27 18:38:31.984   536   536 D commservice260303: send2Cluster len:317, 7B22636F6D6D616E64223A7B226964223A22696D755F737461747573222C22737562223A22227D2C22636F6E74656E74223A7B2254696D655374616D70223A31302C224672616D65436F756E746572223A3233373435382C2247445F58223A2D302E3031303939343930323831313934343438352C2247445F59223A302E30303534393639333132363233313433322C2247445F5A223A302E303032363732303033353832313139393431372C2241445F58223A2D302E303032393335383731343831383935343436382C2241445F59223A2D302E3030323933323834303935383233373634382C2241445F5A223A2D302E31363934383331383438313434353331322C2254656D70447370223A302C22537461747573223A302C2243616C69625374617465223A312C22536967416D70496E76616C6964223A307D7D, 138 
05-27 18:38:31.984   536   536 D commservice260303: Push Message into SendPool fn=685703936
05-27 18:38:31.984   536   536 D commservice260303: ComProtocolLibSend2Cluster::send2ClusterRaw fn=685703936 , len=333
05-27 18:38:31.984   536   536 D commservice260303: sendCmdToPort :333!!!
05-27 18:38:31.984   299  1153 D EvsDriver: doneWithFrame
05-27 18:38:31.984   536   536 D commservice260303: send Cmd To Port ++++5AA501498A010003DF286A16C9A77B22636F6D6D616E64223A7B226964223A22696D755F737461747573222C22737562223A22227D2C22636F6E74656E74223A7B2254696D655374616D70223A31302C224672616D65436F756E746572223A3233373435382C2247445F58223A2D302E3031303939343930323831313934343438352C2247445F59223A302E30303534393639333132363233313433322C2247445F5A223A302E303032363732303033353832313139393431372C2241445F58223A2D302E303032393335383731343831383935343436382C2241445F59223A2D302E3030323933323834303935383233373634382C2241445F5A223A2D302E31363934383331383438313434353331322C2254656D70447370223A302C22537461747573223A302C2243616C69625374617465223A312C22536967416D70496E76616C6964223A307D7D8A21
05-27 18:38:31.985   536   536 D commservice260303: bufferevent_write retrun value = 0
05-27 18:38:31.985   536   560 D commservice260303: client datas send succeed,send finish
05-27 18:38:31.985 13911 14192 D Sentinelmode_1.2.5.17_sentry: <SentryImuClusterFgeSender>imu_status sent to Linux, frame=237458, tsNs=10179214, tsMs=10, intervalMs=44, ad=(-0.0029358715,-0.002932841,-0.16948318), gd=(-0.010994903,0.0054969313,0.0026720036)
05-27 18:38:31.985   572   572 I Sensors : 230 GyroSensor: x:-0.011377,y:0.005345,z:0.002596
05-27 18:38:31.986 13911 14183 I SentryImuMcuAngleSender: -179.99649rollDeg
05-27 18:38:31.986 13911 14183 I SentryImuMcuAngleSender: 1,0,0
05-27 18:38:31.989  1008 30856 D [OMXB]  : usingANWBuffer: handle:0xee7433a0, format:1, w:1920, h:1080
05-27 18:38:31.990   581   581 I SpiService: fgesysctrl_getGPIO_status success val=1
05-27 08:29:40.954   581   581 D spi_rst_gpio_get_output: GPIO 145 value: 1
05-27 08:29:40.954   581   581 D spidev_ioctl: gpio status=1)
05-27 18:38:31.995   581   581 I SpiService: fgesysctrl_getGPIO_status success val=1
05-27 08:29:40.960   581   581 D spi_rst_gpio_get_output: GPIO 145 value: 1
05-27 08:29:40.960   581   581 D spidev_ioctl: gpio status=1)
05-27 18:38:32.001   581   581 I SpiService: fgesysctrl_getGPIO_status success val=1
05-27 08:29:40.965   581   581 D spi_rst_gpio_get_output: GPIO 145 value: 1
05-27 08:29:40.965   581   581 D spidev_ioctl: gpio status=1)
05-27 18:38:32.006 13911 14183 I SentryImuMcuAngleSender: 179.98598rollDeg
05-27 18:38:32.006 13911 14183 I SentryImuMcuAngleSender: 1,0,0
05-27 18:38:32.006   581   581 I SpiService: fgesysctrl_getGPIO_status success val=1
05-27 18:38:32.008   299 30844 D EvsDriver: forwardFrame
05-27 18:38:32.008 25100 25100 I ADAYO_LOG_TRACE_KERNEL: executing
05-27 08:29:40.971   581   581 D spi_rst_gpio_get_output: GPIO 145 value: 1
05-27 08:29:40.971   581   581 D spidev_ioctl: gpio status=1)
05-27 18:38:32.011   299 30844 D EvsDriver: Delivered 0xb400007b7ca56900 as id 0
05-27 18:38:32.011  1167  1184 D evsmanagerd: /dev/video6 forwarded the buffer #0 to 0xb4000074bf5f5510 from 0xb4000074bf5f6d90
05-27 08:29:40.977   581   581 D spi_rst_gpio_get_output: GPIO 145 value: 0
05-27 08:29:40.977   581   581 D spidev_ioctl: gpio status=0)
05-27 18:38:32.012   581   581 I SpiService: fgesysctrl_getGPIO_status success val=0
05-27 18:38:32.013   299 30841 D EvsDriver: forwardFrame
05-27 18:38:32.014  1083  1083 I MyAppLog: [2026-05-27 18:38:32.013 I tboxap mcuSendYadiTransfer:196] [Mcu] [mcuYadiSend]: :00 08 FB 04 01 09 81 02 01 01
05-27 18:38:32.017   299  1153 D EvsDriver: doneWithFrame
05-27 18:38:32.017  1167  1184 D evsmanagerd: /dev/video4 forwarded the buffer #0 to 0xb4000074bf5f6850 from 0xb4000074bf5f41d0
05-27 18:38:32.020   299 30841 D EvsDriver: Delivered 0xb400007b7ca56a60 as id 0
05-27 18:38:32.024   481   599 I mcuc    : start timer OK = 28663 
05-27 18:38:32.024   536   536 D commservice260303: msg.id = 1028,0
05-27 18:38:32.024   536   536 D commservice260303: i = 170, msgid = 8A000404
05-27 18:38:32.024   536   536 D commservice260303: msgid = -1979710460,did=138
05-27 18:38:32.024   536   536 D commservice260303: CommProtocolLibCmdBaseI2C::dataproc {"command":{"id":"imu_status","sub":""},"content":{"TimeStamp":10,"FrameCounter":237459,"GD_X":-0.011453153565526009,"GD_Y":0.004809814505279064,"GD_Z":0.002519079949706793,"AD_X":-0.004150658845901489,"AD_Y":0.0013357314746826887,"AD_Z":-0.16887283325195312,"TempDsp":0,"Status":0,"CalibState":1,"SigAmpInvalid":0}},-1979710460
05-27 18:38:32.025   536   536 D commservice260303: send2Cluster len:316, 7B22636F6D6D616E64223A7B226964223A22696D755F737461747573222C22737562223A22227D2C22636F6E74656E74223A7B2254696D655374616D70223A31302C224672616D65436F756E746572223A3233373435392C2247445F58223A2D302E3031313435333135333536353532363030392C2247445F59223A302E3030343830393831343530353237393036342C2247445F5A223A302E3030323531393037393934393730363739332C2241445F58223A2D302E3030343135303635383834353930313438392C2241445F59223A302E303031333335373331343734363832363838372C2241445F5A223A2D302E31363838373238333332353139353331322C2254656D70447370223A302C22537461747573223A302C2243616C69625374617465223A312C22536967416D70496E76616C6964223A307D7D, 138 
05-27 18:38:32.025   536   536 D commservice260303: Push Message into SendPool fn=702481152
05-27 18:38:32.025   536   536 D commservice260303: ComProtocolLibSend2Cluster::send2ClusterRaw fn=702481152 , len=332
05-27 18:38:32.025   536   536 D commservice260303: sendCmdToPort :332!!!
05-27 18:38:32.025   536   536 D commservice260303: send Cmd To Port ++++5AA501488A010003DF296A16C9A87B22636F6D6D616E64223A7B226964223A22696D755F737461747573222C22737562223A22227D2C22636F6E74656E74223A7B2254696D655374616D70223A31302C224672616D65436F756E746572223A3233373435392C2247445F58223A2D302E3031313435333135333536353532363030392C2247445F59223A302E3030343830393831343530353237393036342C2247445F5A223A302E3030323531393037393934393730363739332C2241445F58223A2D302E3030343135303635383834353930313438392C2241445F59223A302E303031333335373331343734363832363838372C2241445F5A223A2D302E31363838373238333332353139353331322C2254656D70447370223A302C22537461747573223A302C2243616C69625374617465223A312C22536967416D70496E76616C6964223A307D7D9695
05-27 18:38:32.025   536   536 D commservice260303: bufferevent_write retrun value = 0
05-27 18:38:32.025   536   560 D commservice260303: client datas send succeed,send finish
05-27 18:38:32.025 13911 14192 D Sentinelmode_1.2.5.17_sentry: <SentryImuClusterFgeSender>imu_status sent to Linux, frame=237459, tsNs=10179268, tsMs=10, intervalMs=40, ad=(-0.004150659,0.0013357315,-0.16887283), gd=(-0.011453154,0.0048098145,0.00251908)
05-27 18:38:32.026 13911 14183 I SentryImuMcuAngleSender: 179.97897rollDeg
05-27 18:38:32.026 13911 14183 I SentryImuMcuAngleSender: 1,0,0
05-27 18:38:32.027   299  1153 D EvsDriver: doneWithFrame
05-27 18:38:32.028   581   581 I SpiService: fgesysctrl_getGPIO_status success val=1
05-27 08:29:40.992   581   581 D spi_rst_gpio_get_output: GPIO 145 value: 1
05-27 08:29:40.992   581   581 D spidev_ioctl: gpio status=1)
05-27 18:38:32.030  1008 30857 D [OMXB]  : usingANWBuffer: handle:0xee743870, format:1, w:1920, h:1080
05-27 18:38:32.033   581   581 I SpiService: fgesysctrl_getGPIO_status success val=1
05-27 08:29:40.998   581   581 D spi_rst_gpio_get_output: GPIO 145 value: 1
05-27 08:29:40.998   581   581 D spidev_ioctl: gpio status=1)
05-27 08:29:41.004   581   581 D spi_rst_gpio_get_output: GPIO 145 value: 1
05-27 08:29:41.004   581   581 D spidev_ioctl: gpio status=1)
05-27 08:29:41.009   581   581 D spi_rst_gpio_get_output: GPIO 145 value: 1
05-27 08:29:41.009   581   581 D spidev_ioctl: gpio status=1)
05-27 18:38:32.039   299 30844 D EvsDriver: forwardFrame
05-27 18:38:32.039   581   581 I SpiService: fgesysctrl_getGPIO_status success val=1
05-27 18:38:32.040   299 30841 D EvsDriver: forwardFrame
05-27 18:38:32.043  1167  1184 D evsmanagerd: /dev/video4 forwarded the buffer #0 to 0xb4000074bf5f6850 from 0xb4000074bf5f41d0
05-27 18:38:32.043   299 30841 D EvsDriver: Delivered 0xb400007b7ca56a60 as id 0
05-27 18:38:32.044   581   581 I SpiService: fgesysctrl_getGPIO_status success val=1
05-27 18:38:32.045  1167  1184 D evsmanagerd: /dev/video6 forwarded the buffer #0 to 0xb4000074bf5f5510 from 0xb4000074bf5f6d90
05-27 18:38:32.045   299 30844 D EvsDriver: Delivered 0xb400007b7ca56900 as id 0
05-27 18:38:32.047 13911 14183 I SentryImuMcuAngleSender: 179.993rollDeg
05-27 18:38:32.047 13911 14183 I SentryImuMcuAngleSender: 1,0,0
05-27 18:38:32.047   299  1153 D EvsDriver: doneWithFrame
05-27 18:38:32.050   581   581 I SpiService: fgesysctrl_getGPIO_status success val=0
05-27 18:38:32.050   299  1153 D EvsDriver: doneWithFrame
05-27 18:38:32.050   481   597 I mcuc    : send SPI:6AA6016FF700F80901FB040109810201010000000000000000000000000000000000000000000000000000000000000000000000000000000000000000000000000000000000000000000000000000000000000000000000000000000000000000000000000000000000000000000000000000000000000000000000000000000000000000000000000000000000000000000000000000000000000000000000000000000000000000000000000000000000000000000000000000000000000000000000000000000000000000000000000000000000000000000000000000000000000000000000000000000000000000000000000000000000000000000009
05-27 18:38:32.051 25103 25103 I ADAYO_LOG_TRACE_KERNEL: collect_root_path:/mnt/log_data
05-27 08:29:41.014   581   581 D spi_rst_gpio_get_output: GPIO 145 value: 0
05-27 08:29:41.014   581   581 D spidev_ioctl: gpio status=0)
05-27 18:38:32.057  1008 30856 D [OMXB]  : usingANWBuffer: handle:0xee743b30, format:1, w:1920, h:1080
05-27 18:38:32.062   283   307 I rvcservice: t.code = 3, t.value = 0
05-27 18:38:32.064   536   536 D commservice260303: msg.id = 1028,0
05-27 18:38:32.064   536   536 D commservice260303: i = 170, msgid = 8A000404
05-27 18:38:32.064   536   536 D commservice260303: msgid = -1979710460,did=138
05-27 18:38:32.064   536   536 D commservice260303: CommProtocolLibCmdBaseI2C::dataproc {"command":{"id":"imu_status","sub":""},"content":{"TimeStamp":10,"FrameCounter":237460,"GD_X":-0.011834942735731602,"GD_Y":0.004733873065561056,"GD_Z":0.0019848872907459736,"AD_X":-0.004138678312301636,"AD_Y":-0.0023121873382478952,"AD_Z":-0.16948318481445312,"TempDsp":0,"Status":0,"CalibState":1,"SigAmpInvalid":0}},-1979710460
05-27 18:38:32.064   536   536 D commservice260303: send2Cluster len:318, 7B22636F6D6D616E64223A7B226964223A22696D755F737461747573222C22737562223A22227D2C22636F6E74656E74223A7B2254696D655374616D70223A31302C224672616D65436F756E746572223A3233373436302C2247445F58223A2D302E3031313833343934323733353733313630322C2247445F59223A302E3030343733333837333036353536313035362C2247445F5A223A302E303031393834383837323930373435393733362C2241445F58223A2D302E3030343133383637383331323330313633362C2241445F59223A2D302E303032333132313837333338323437383935322C2241445F5A223A2D302E31363934383331383438313434353331322C2254656D70447370223A302C22537461747573223A302C2243616C69625374617465223A312C22536967416D70496E76616C6964223A307D7D, 138 
05-27 18:38:32.064   536   536 D commservice260303: Push Message into SendPool fn=719258368
