05-27 18:38:29.799   581   581 I SpiService: fgesysctrl_getGPIO_status success val=1
05-27 18:38:29.800  1008 30856 D [OMXB]  : usingANWBuffer: handle:0xee745fa0, format:1, w:1920, h:1080
05-27 18:38:29.805   581   581 I SpiService: fgesysctrl_getGPIO_status success val=1
05-27 18:38:29.810   299 30844 I liblog  : 6
05-27 18:38:29.810   299 30844 D EvsDriver: forwardFrame
05-27 08:29:38.834   581   581 D spi_rst_gpio_get_output: GPIO 145 value: 1
05-27 18:38:29.811   581   581 I SpiService: fgesysctrl_getGPIO_status success val=0
05-27 08:29:38.834   581   581 D spidev_ioctl: gpio status=1)
05-27 18:38:29.811   481   597 I mcuc    : send SPI:6AA6016FF000F80901F7040109810201010000000000000000000000000000000000000000000000000000000000000000000000000000000000000000000000000000000000000000000000000000000000000000000000000000000000000000000000000000000000000000000000000000000000000000000000000000000000000000000000000000000000000000000000000000000000000000000000000000000000000000000000000000000000000000000000000000000000000000000000000000000000000000000000000000000000000000000000000000000000000000000000000000000000000000000000000000000000000000000014
05-27 18:38:29.811  1167  1167 I liblog  : 18
05-27 18:38:29.811  1167  1167 D evsmanagerd: /dev/video6 forwarded the buffer #0 to 0xb4000074bf5f5510 from 0xb4000074bf5f6d90
05-27 18:38:29.812   299 30844 D EvsDriver: Delivered 0xb400007b7ca56900 as id 0
05-27 18:38:29.813 13911 14183 I SentryImuMcuAngleSender: 179.98598rollDeg
05-27 18:38:29.813 13911 14183 I SentryImuMcuAngleSender: 1,0,0
05-27 18:38:29.814   299 30841 D EvsDriver: forwardFrame
05-27 18:38:29.815  1167  1167 D evsmanagerd: /dev/video4 forwarded the buffer #0 to 0xb4000074bf5f6850 from 0xb4000074bf5f41d0
05-27 18:38:29.819   536   536 I liblog  : 90
05-27 18:38:29.819   536   536 D commservice260303: msg.id = 1028,1
05-27 18:38:29.819   536   536 D commservice260303: i = 170, msgid = 8A000404
05-27 18:38:29.819   536   536 D commservice260303: msgid = -1979710460,did=138
05-27 18:38:29.819   536   536 D commservice260303: CommProtocolLibCmdBaseI2C::dataproc {"command":{"id":"imu_status","sub":""},"content":{"TimeStamp":10,"FrameCounter":237405,"GD_X":-0.011759000830352306,"GD_Y":0.004809814505279064,"GD_Z":0.0020608289632946253,"AD_X":-0.004692360758781433,"AD_Y":1.1460157111287117E-5,"AD_Z":-0.16704368591308594,"TempDsp":0,"Status":0,"CalibState":1,"SigAmpInvalid":0}},-1979710460
05-27 18:38:29.819   536   536 D commservice260303: send2Cluster len:317, 7B22636F6D6D616E64223A7B226964223A22696D755F737461747573222C22737562223A22227D2C22636F6E74656E74223A7B2254696D655374616D70223A31302C224672616D65436F756E746572223A3233373430352C2247445F58223A2D302E3031313735393030303833303335323330362C2247445F59223A302E3030343830393831343530353237393036342C2247445F5A223A302E303032303630383238393633323934363235332C2241445F58223A2D302E3030343639323336303735383738313433332C2241445F59223A312E31343630313537313131323837313137452D352C2241445F5A223A2D302E31363730343336383539313330383539342C2254656D70447370223A302C22537461747573223A302C2243616C69625374617465223A312C22536967416D70496E76616C6964223A307D7D, 138 
05-27 18:38:29.819   536   536 D commservice260303: Push Message into SendPool fn=-220331264
05-27 18:38:29.819   536   536 D commservice260303: ComProtocolLibSend2Cluster::send2ClusterRaw fn=-220331264 , len=333
05-27 18:38:29.820   536   536 D commservice260303: sendCmdToPort :333!!!
05-27 18:38:29.820   536   536 D commservice260303: send Cmd To Port ++++5AA501498A010003DEF26A16C9A57B22636F6D6D616E64223A7B226964223A22696D755F737461747573222C22737562223A22227D2C22636F6E74656E74223A7B2254696D655374616D70223A31302C224672616D65436F756E746572223A3233373430352C2247445F58223A2D302E3031313735393030303833303335323330362C2247445F59223A302E3030343830393831343530353237393036342C2247445F5A223A302E303032303630383238393633323934363235332C2241445F58223A2D302E3030343639323336303735383738313433332C2241445F59223A312E31343630313537313131323837313137452D352C2241445F5A223A2D302E31363730343336383539313330383539342C2254656D70447370223A302C22537461747573223A302C2243616C69625374617465223A312C22536967416D70496E76616C6964223A307D7DC987
05-27 18:38:29.820   536   536 D commservice260303: bufferevent_write retrun value = 0
05-27 18:38:29.821  1008 30857 D [OMXB]  : usingANWBuffer: handle:0xee746c00, format:1, w:1920, h:1080
05-27 18:38:29.821   536   560 D commservice260303: client datas send succeed,send finish
05-27 18:38:29.821 13911 14192 D Sentinelmode_1.2.5.17_sentry: <SentryImuClusterFgeSender>imu_status sent to Linux, frame=237405, tsNs=10177057, tsMs=10, intervalMs=41, ad=(-0.0046923608,1.1460157E-5,-0.16704369), gd=(-0.011759001,0.0048098145,0.002060829)
05-27 18:38:29.822   299  1163 D EvsDriver: doneWithFrame
05-27 18:38:29.826   299  1163 D EvsDriver: doneWithFrame
05-27 18:38:29.827   581   581 I SpiService: fgesysctrl_getGPIO_status success val=1
05-27 18:38:29.827   572   622 I liblog  : 3
05-27 18:38:29.827   572   622 I Sensors : 230 GyroSensor: x:-0.011148,y:0.005115,z:0.001603
05-27 18:38:29.827   299 30841 D EvsDriver: Delivered 0xb400007b7ca56a60 as id 0
05-27 18:38:29.830 30773 30786 I liblog  : 2
05-27 18:38:29.830 30773 30786 I dvr_service_: CameraX 0  audioOK: 79936000,audios:1250
05-27 18:38:29.831 30773 30785 I dvr_service_: [EncoderHandler::runMediaThread] runMediaThread started:1,state:1, cam2:started:1,state:1, lastSwitch:1, mIsMuxerStart:1,format:0,is_str_ing:0
05-27 18:38:29.832   581   581 I SpiService: fgesysctrl_getGPIO_status success val=1
05-27 18:38:29.834 13911 14183 I SentryImuMcuAngleSender: 179.98598rollDeg
05-27 18:38:29.834 13911 14183 I SentryImuMcuAngleSender: 1,0,0
05-27 18:38:29.836  1008 30856 D [OMXB]  : usingANWBuffer: handle:0xee743190, format:1, w:1920, h:1080
05-27 18:38:29.838   581   581 I SpiService: fgesysctrl_getGPIO_status success val=1
05-27 18:38:29.841   299 30841 D EvsDriver: forwardFrame
05-27 18:38:29.842   299 30841 D EvsDriver: Delivered 0xb400007b7ca56a60 as id 0
05-27 18:38:29.843  1167  1167 D evsmanagerd: /dev/video4 forwarded the buffer #0 to 0xb4000074bf5f6850 from 0xb4000074bf5f41d0
05-27 18:38:29.843   581   581 I SpiService: fgesysctrl_getGPIO_status success val=1
05-27 18:38:29.845   299 30844 D EvsDriver: forwardFrame
05-27 18:38:29.846 13549 13800 I ADAYO_LOG_: executeSaveLogcat_l(LogcatFunc.java:186)path:/mnt/log_data/AndroidLog/logcat/logcat_2026_05_27_18_38_29_113-46.txt
05-27 18:38:29.847   299  1163 D EvsDriver: doneWithFrame
05-27 18:38:29.848   299 30844 D EvsDriver: Delivered 0xb400007b7ca56900 as id 0
05-27 18:38:29.849   581   581 I SpiService: fgesysctrl_getGPIO_status success val=0
05-27 18:38:29.849  1167  1167 D evsmanagerd: /dev/video6 forwarded the buffer #0 to 0xb4000074bf5f5510 from 0xb4000074bf5f6d90
05-27 18:38:29.854   283   307 I rvcservice: t.code = 2, t.value = 9971670
05-27 18:38:29.855   299  1163 D EvsDriver: doneWithFrame
05-27 18:38:29.857 13911 14183 I SentryImuMcuAngleSender: 179.97897rollDeg
05-27 18:38:29.857 13911 14183 I SentryImuMcuAngleSender: 1,0,0
05-27 18:38:29.859 13549 13800 I ADAYO_LOG_: executeSaveLogcat_l(LogcatFunc.java:189)COLLECT_INT_START
05-27 18:38:29.859 13549 13800 I ADAYO_LOG_: startZip(LogcatFunc.java:393)logcat file is zip packing, zipFilePath: /mnt/log_data/AndroidLog/logcat/logcat_2026_05_27_18_38_29_112-45.zip
05-27 18:38:29.859 13549 13800 I ADAYO_LOG_: startZip(LogcatFunc.java:396)isOpenEncrypt: false
05-27 18:38:29.860   536   536 D commservice260303: msg.id = 1028,0
05-27 18:38:29.860   536   536 D commservice260303: i = 170, msgid = 8A000404
05-27 18:38:29.860   536   536 D commservice260303: msgid = -1979710460,did=138
05-27 18:38:29.860   536   536 D commservice260303: CommProtocolLibCmdBaseI2C::dataproc {"command":{"id":"imu_status","sub":""},"content":{"TimeStamp":10,"FrameCounter":237406,"GD_X":-0.011453153565526009,"GD_Y":0.00519212381914258,"GD_Z":0.0017560218693688512,"AD_X":-0.002858594059944153,"AD_Y":0.00122702750377357,"AD_Z":-0.16582298278808594,"TempDsp":0,"Status":0,"CalibState":1,"SigAmpInvalid":0}},-1979710460
05-27 18:38:29.860   536   536 D commservice260303: send2Cluster len:314, 7B22636F6D6D616E64223A7B226964223A22696D755F737461747573222C22737562223A22227D2C22636F6E74656E74223A7B2254696D655374616D70223A31302C224672616D65436F756E746572223A3233373430362C2247445F58223A2D302E3031313435333135333536353532363030392C2247445F59223A302E30303531393231323338313931343235382C2247445F5A223A302E303031373536303231383639333638383531322C2241445F58223A2D302E3030323835383539343035393934343135332C2241445F59223A302E30303132323730323735303337373335372C2241445F5A223A2D302E31363538323239383237383830383539342C2254656D70447370223A302C22537461747573223A302C2243616C69625374617465223A312C22536967416D70496E76616C6964223A307D7D, 138 
05-27 18:38:29.860   536   536 D commservice260303: Push Message into SendPool fn=-203554048
05-27 18:38:29.860   536   536 D commservice260303: ComProtocolLibSend2Cluster::send2ClusterRaw fn=-203554048 , len=330
05-27 18:38:29.860   536   536 D commservice260303: sendCmdToPort :330!!!
05-27 18:38:29.860   536   536 D commservice260303: send Cmd To Port ++++5AA501468A010003DEF36A16C9A57B22636F6D6D616E64223A7B226964223A22696D755F737461747573222C22737562223A22227D2C22636F6E74656E74223A7B2254696D655374616D70223A31302C224672616D65436F756E746572223A3233373430362C2247445F58223A2D302E3031313435333135333536353532363030392C2247445F59223A302E30303531393231323338313931343235382C2247445F5A223A302E303031373536303231383639333638383531322C2241445F58223A2D302E3030323835383539343035393934343135332C2241445F59223A302E30303132323730323735303337373335372C2241445F5A223A2D302E31363538323239383237383830383539342C2254656D70447370223A302C22537461747573223A302C2243616C69625374617465223A312C22536967416D70496E76616C6964223A307D7DCA00
05-27 18:38:29.861   536   536 D commservice260303: bufferevent_write retrun value = 0
05-27 18:38:29.861 13911 14192 D Sentinelmode_1.2.5.17_sentry: <SentryImuClusterFgeSender>imu_status sent to Linux, frame=237406, tsNs=10177093, tsMs=10, intervalMs=40, ad=(-0.002858594,0.0012270275,-0.16582298), gd=(-0.011453154,0.005192124,0.0017560219)
05-27 18:38:29.863   481   598 I mcuc    : rev,n=1,6AA6826FF00002090113
05-27 18:38:29.864   581   581 I SpiService: fgesysctrl_getGPIO_status success val=1
05-27 18:38:29.865   536   560 D commservice260303: client datas send succeed,send finish
05-27 18:38:29.869   581   581 I SpiService: fgesysctrl_getGPIO_status success val=1
05-27 18:38:29.869  1008 30856 D [OMXB]  : usingANWBuffer: handle:0xee7432f0, format:1, w:1920, h:1080
05-27 18:38:29.874   299 30844 D EvsDriver: forwardFrame
05-27 18:38:29.875   581   581 I SpiService: fgesysctrl_getGPIO_status success val=1
05-27 08:29:38.839   581   581 D spi_rst_gpio_get_output: GPIO 145 value: 1
05-27 08:29:38.839   581   581 D spidev_ioctl: gpio status=1)
05-27 18:38:29.877  1167  1167 D evsmanagerd: /dev/video6 forwarded the buffer #0 to 0xb4000074bf5f5510 from 0xb4000074bf5f6d90
05-27 18:38:29.877   299 30844 D EvsDriver: Delivered 0xb400007b7ca56900 as id 0
05-27 18:38:29.878 13911 14183 I SentryImuMcuAngleSender: 179.98949rollDeg
05-27 18:38:29.878 13911 14183 I SentryImuMcuAngleSender: 1,0,0
05-27 18:38:29.878   299 30841 D EvsDriver: forwardFrame
05-27 18:38:29.881   581   581 I SpiService: fgesysctrl_getGPIO_status success val=1
05-27 18:38:29.882   299  1163 D EvsDriver: doneWithFrame
05-27 18:38:29.882   299 30841 D EvsDriver: Delivered 0xb400007b7ca56a60 as id 0
05-27 18:38:29.883  1167  1167 D evsmanagerd: /dev/video4 forwarded the buffer #0 to 0xb4000074bf5f6850 from 0xb4000074bf5f41d0
05-27 08:29:38.845   581   581 D spi_rst_gpio_get_output: GPIO 145 value: 1
05-27 08:29:38.845   581   581 D spidev_ioctl: gpio status=1)
05-27 18:38:29.887   581   581 I SpiService: fgesysctrl_getGPIO_status success val=1
05-27 08:29:38.851   581   581 D spi_rst_gpio_get_output: GPIO 145 value: 1
05-27 08:29:38.851   581   581 D spidev_ioctl: gpio status=1)
05-27 18:38:29.888   299  1163 D EvsDriver: doneWithFrame
05-27 18:38:29.892   581   581 I SpiService: fgesysctrl_getGPIO_status success val=0
05-27 18:38:29.893  1008 30857 D [OMXB]  : usingANWBuffer: handle:0xee740e80, format:1, w:1920, h:1080
05-27 08:29:38.857   581   581 D spi_rst_gpio_get_output: GPIO 145 value: 0
05-27 08:29:38.857   581   581 D spidev_ioctl: gpio status=0)
05-27 18:38:29.899 13911 14183 I SentryImuMcuAngleSender: 179.99649rollDeg
05-27 18:38:29.899 13911 14183 I SentryImuMcuAngleSender: 1,0,0
05-27 18:38:29.900   536   536 D commservice260303: msg.id = 1028,2
05-27 18:38:29.901   536   536 D commservice260303: i = 170, msgid = 8A000404
05-27 18:38:29.901   536   536 D commservice260303: msgid = -1979710460,did=138
05-27 18:38:29.901   536   536 D commservice260303: CommProtocolLibCmdBaseI2C::dataproc {"command":{"id":"imu_status","sub":""},"content":{"TimeStamp":10,"FrameCounter":237407,"GD_X":-0.010994902811944485,"GD_Y":0.0059551820158958435,"GD_Z":0.0016030981205403805,"AD_X":-0.002858296036720276,"AD_Y":1.5857862308621407E-5,"AD_Z":-0.16643333435058594,"TempDsp":0,"Status":0,"CalibState":1,"SigAmpInvalid":0}},-1979710460
05-27 18:38:29.901   536   536 D commservice260303: send2Cluster len:318, 7B22636F6D6D616E64223A7B226964223A22696D755F737461747573222C22737562223A22227D2C22636F6E74656E74223A7B2254696D655374616D70223A31302C224672616D65436F756E746572223A3233373430372C2247445F58223A2D302E3031303939343930323831313934343438352C2247445F59223A302E303035393535313832303135383935383433352C2247445F5A223A302E303031363033303938313230353430333830352C2241445F58223A2D302E3030323835383239363033363732303237362C2241445F59223A312E35383537383632333038363231343037452D352C2241445F5A223A2D302E31363634333333333433353035383539342C2254656D70447370223A302C22537461747573223A302C2243616C69625374617465223A312C22536967416D70496E76616C6964223A307D7D, 138 
05-27 18:38:29.901   536   536 D commservice260303: Push Message into SendPool fn=-186776832
05-27 18:38:29.901   536   536 D commservice260303: ComProtocolLibSend2Cluster::send2ClusterRaw fn=-186776832 , len=334
05-27 18:38:29.901   536   536 D commservice260303: sendCmdToPort :334!!!
05-27 18:38:29.901   536   536 D commservice260303: send Cmd To Port ++++5AA5014A8A010003DEF46A16C9A57B22636F6D6D616E64223A7B226964223A22696D755F737461747573222C22737562223A22227D2C22636F6E74656E74223A7B2254696D655374616D70223A31302C224672616D65436F756E746572223A3233373430372C2247445F58223A2D302E3031303939343930323831313934343438352C2247445F59223A302E303035393535313832303135383935383433352C2247445F5A223A302E303031363033303938313230353430333830352C2241445F58223A2D302E3030323835383239363033363732303237362C2241445F59223A312E35383537383632333038363231343037452D352C2241445F5A223A2D302E31363634333333333433353035383539342C2254656D70447370223A302C22537461747573223A302C2243616C69625374617465223A312C22536967416D70496E76616C6964223A307D7D5DEA
05-27 18:38:29.901   536   536 D commservice260303: bufferevent_write retrun value = 0
05-27 18:38:29.901   536   560 D commservice260303: client datas send succeed,send finish
05-27 18:38:29.902 13911 14192 D Sentinelmode_1.2.5.17_sentry: <SentryImuClusterFgeSender>imu_status sent to Linux, frame=237407, tsNs=10177148, tsMs=10, intervalMs=41, ad=(-0.002858296,1.5857862E-5,-0.16643333), gd=(-0.010994903,0.005955182,0.0016030981)
05-27 18:38:29.907 25061 25061 I ADAYO_LOG_TRACE_LOGCAT: execute start
05-27 18:38:29.908   581   581 I SpiService: fgesysctrl_getGPIO_status success val=1
05-27 08:29:38.872   581   581 D spi_rst_gpio_get_output: GPIO 145 value: 1
05-27 08:29:38.872   581   581 D spidev_ioctl: gpio status=1)
05-27 18:38:29.911  1008 30856 D [OMXB]  : usingANWBuffer: handle:0xee742060, format:1, w:1920, h:1080
05-27 18:38:29.913   581   581 I SpiService: fgesysctrl_getGPIO_status success val=1
05-27 18:38:29.914   299 30844 D EvsDriver: forwardFrame
05-27 18:38:29.914   299 30841 D EvsDriver: forwardFrame
05-27 08:29:38.878   581   581 D spi_rst_gpio_get_output: GPIO 145 value: 1
05-27 08:29:38.878   581   581 D spidev_ioctl: gpio status=1)
05-27 18:38:29.918   299 30844 D EvsDriver: Delivered 0xb400007b7ca56900 as id 0
05-27 18:38:29.918  1167  1167 D evsmanagerd: /dev/video6 forwarded the buffer #0 to 0xb4000074bf5f5510 from 0xb4000074bf5f6d90
05-27 18:38:29.919   581   581 I SpiService: fgesysctrl_getGPIO_status success val=1
05-27 18:38:29.919 13911 14183 I SentryImuMcuAngleSender: 179.97897rollDeg
05-27 18:38:29.920 13911 14183 I SentryImuMcuAngleSender: 1,0,0
05-27 18:38:29.920  1167  1167 D evsmanagerd: /dev/video4 forwarded the buffer #0 to 0xb4000074bf5f6850 from 0xb4000074bf5f41d0
05-27 18:38:29.920   299 30841 D EvsDriver: Delivered 0xb400007b7ca56a60 as id 0
05-27 18:38:29.922   299  1163 D EvsDriver: doneWithFrame
05-27 08:29:38.884   581   581 D spi_rst_gpio_get_output: GPIO 145 value: 1
05-27 08:29:38.884   581   581 D spidev_ioctl: gpio status=1)
05-27 08:29:38.890   581   581 D spi_rst_gpio_get_output: GPIO 145 value: 1
05-27 08:29:38.890   581   581 D spidev_ioctl: gpio status=1)
05-27 08:29:38.896   581   581 D spi_rst_gpio_get_output: GPIO 145 value: 0
05-27 08:29:38.896   581   581 D spidev_ioctl: gpio status=0)
05-27 18:38:29.926   299  1163 D EvsDriver: doneWithFrame
05-27 18:38:29.926   581   581 I SpiService: fgesysctrl_getGPIO_status success val=1
05-27 18:38:29.931   572   622 I Sensors : 230 AccelSensor: x:-0.170800,y:0.003659,z:-9.972890
05-27 18:38:29.932   581   581 I SpiService: fgesysctrl_getGPIO_status success val=0
05-27 18:38:29.933  1008 30857 D [OMXB]  : usingANWBuffer: handle:0xee744fd0, format:1, w:1920, h:1080
05-27 18:38:29.940 13911 14183 I SentryImuMcuAngleSender: 179.97897rollDeg
05-27 18:38:29.940   536   536 D commservice260303: msg.id = 1028,1
05-27 18:38:29.940 13911 14183 I SentryImuMcuAngleSender: 1,0,0
05-27 18:38:29.940   536   536 D commservice260303: i = 170, msgid = 8A000404
05-27 18:38:29.940   536   536 D commservice260303: msgid = -1979710460,did=138
05-27 18:38:29.940   536   536 D commservice260303: CommProtocolLibCmdBaseI2C::dataproc {"command":{"id":"imu_status","sub":""},"content":{"TimeStamp":10,"FrameCounter":237408,"GD_X":-0.01091896090656519,"GD_Y":0.00519212381914258,"GD_Z":0.0021378109231591225,"AD_X":-0.004075601696968079,"AD_Y":0.0012275096960365772,"AD_Z":-0.16765689849853516,"TempDsp":0,"Status":0,"CalibState":1,"SigAmpInvalid":0}},-1979710460
05-27 18:38:29.941   536   536 D commservice260303: send2Cluster len:315, 7B22636F6D6D616E64223A7B226964223A22696D755F737461747573222C22737562223A22227D2C22636F6E74656E74223A7B2254696D655374616D70223A31302C224672616D65436F756E746572223A3233373430382C2247445F58223A2D302E30313039313839363039303635363531392C2247445F59223A302E30303531393231323338313931343235382C2247445F5A223A302E303032313337383130393233313539313232352C2241445F58223A2D302E3030343037353630313639363936383037392C2241445F59223A302E303031323237353039363936303336353737322C2241445F5A223A2D302E31363736353638393834393835333531362C2254656D70447370223A302C22537461747573223A302C2243616C69625374617465223A312C22536967416D70496E76616C6964223A307D7D, 138 
05-27 18:38:29.941   536   536 D commservice260303: Push Message into SendPool fn=-169999616
05-27 18:38:29.941   536   536 D commservice260303: ComProtocolLibSend2Cluster::send2ClusterRaw fn=-169999616 , len=331
05-27 18:38:29.941   536   536 D commservice260303: sendCmdToPort :331!!!
05-27 18:38:29.941   536   536 D commservice260303: send Cmd To Port ++++5AA501478A010003DEF56A16C9A57B22636F6D6D616E64223A7B226964223A22696D755F737461747573222C22737562223A22227D2C22636F6E74656E74223A7B2254696D655374616D70223A31302C224672616D65436F756E746572223A3233373430382C2247445F58223A2D302E30313039313839363039303635363531392C2247445F59223A302E30303531393231323338313931343235382C2247445F5A223A302E303032313337383130393233313539313232352C2241445F58223A2D302E3030343037353630313639363936383037392C2241445F59223A302E303031323237353039363936303336353737322C2241445F5A223A2D302E31363736353638393834393835333531362C2254656D70447370223A302C22537461747573223A302C2243616C69625374617465223A312C22536967416D70496E76616C6964223A307D7D843D
05-27 18:38:29.942   536   536 D commservice260303: bufferevent_write retrun value = 0
05-27 18:38:29.942   536   560 D commservice260303: client datas send succeed,send finish
05-27 18:38:29.942 13911 14192 D Sentinelmode_1.2.5.17_sentry: <SentryImuClusterFgeSender>imu_status sent to Linux, frame=237408, tsNs=10177182, tsMs=10, intervalMs=41, ad=(-0.0040756017,0.0012275097,-0.1676569), gd=(-0.010918961,0.005192124,0.002137811)
05-27 18:38:29.945   299 30841 D EvsDriver: forwardFrame
05-27 18:38:29.946   299 30844 D EvsDriver: forwardFrame
05-27 18:38:29.948   581   581 I SpiService: fgesysctrl_getGPIO_status success val=1
05-27 18:38:29.948   299 30844 D EvsDriver: Delivered 0xb400007b7ca56900 as id 0
05-27 18:38:29.948 25063 25063 I ADAYO_LOG_TRACE_LOGCAT: executing
05-27 18:38:29.949   481   598 I mcuc    : rev,n=1,6AA681CCFE000A8900470104091112345620
05-27 08:29:38.912   581   581 D spi_rst_gpio_get_output: GPIO 145 value: 1
05-27 18:38:29.949  1167  1167 D evsmanagerd: /dev/video6 forwarded the buffer #0 to 0xb4000074bf5f5510 from 0xb4000074bf5f6d90
05-27 08:29:38.912   581   581 D spidev_ioctl: gpio status=1)
05-27 18:38:29.949  1121  1144 I liblog  : 2
05-27 18:38:29.949  1121  1144 I tboxmids_ap: [2026-05-27 18:38:29.949] [MCU RX] src=MCU dst=ZMQ len=10 type=BINARY data=00 08 47 01 04 09 11 12 34 56 
05-27 18:38:29.949   351   373 I liblog  : 4
05-27 18:38:29.949   351   373 D automotive.vehicle@2.0-adayo-datacomm-mcu: MCUDatacomm sendMessageFromVehicle prop: 0x89, areaId: 0x0, status: 0x47, timestamp: 0x1
05-27 18:38:29.949   351   373 D automotive.vehicle@2.0-adayo-datacomm-mcu: MCUDatacomm 1sendMessageFromVehicle ---> type = 12 
05-27 18:38:29.950   299 30841 D EvsDriver: Delivered 0xb400007b7ca56a60 as id 0
05-27 18:38:29.950  1167  1167 D evsmanagerd: /dev/video4 forwarded the buffer #0 to 0xb4000074bf5f6850 from 0xb4000074bf5f41d0
05-27 18:38:29.950 30773 30782 E dvr_service_: [myNum:1] Received S**** loss
05-27 18:38:29.950 30773 30773 E dvr_service_: [myNum:0] Received S**** loss
05-27 18:38:29.951   299  1163 D EvsDriver: doneWithFrame
05-27 18:38:29.951   299  1153 D EvsDriver: doneWithFrame
05-27 18:38:29.952  1083  1083 I liblog  : 62
05-27 18:38:29.952  1083  1083 I MyAppLog: [2026-05-27 18:38:29.951 I tboxap mcuCommTboxmidsRecvCb:97] [Mcu] [mcuCommTboxmidsRecvCb] recv from tboxmids, size:10
05-27 18:38:29.952  1083  1083 I MyAppLog: [2026-05-27 18:38:29.951 I tboxap mcuCommTboxmidsRecvCb:98] [Mcu] [tboxmids -> tboxap]: :00 08 47 01 04 09 11 12 34 56
05-27 18:38:29.952  1083  1083 W MyAppLog: [2026-05-27 18:38:29.951 W tboxap mcuYadiFrameParse:852] [Mcu] [mcuYadiFrameParse] cmd:0911(MCU_VHL_DYNAMIC_DATA_IND) payload too short:5 < 54
05-27 18:38:29.952  1083  1083 W MyAppLog: [2026-05-27 18:38:29.951 W tboxap mcuPtlParseData:982] [Mcu] [mcuPtlParseData] invalid yadi frame, len:10
05-27 18:38:29.953   581   581 I SpiService: fgesysctrl_getGPIO_status success val=1
05-27 18:38:29.954  1008 30856 D [OMXB]  : usingANWBuffer: handle:0xee741e50, format:1, w:1920, h:1080
05-27 18:38:29.954   283   307 I rvcservice: t.code = 3, t.value = 0
05-27 18:38:29.955 30773 30789 I dvr_service_: Camera 0: MediaOK:79990387, frames:1900, isKeyFrame:0,pts:10176894350
05-27 08:29:38.918   581   581 D spi_rst_gpio_get_output: GPIO 145 value: 1
05-27 08:29:38.918   581   581 D spidev_ioctl: gpio status=1)
05-27 18:38:29.959   581   581 I SpiService: fgesysctrl_getGPIO_status success val=1
05-27 18:38:29.961 13911 14183 I SentryImuMcuAngleSender: 179.98248rollDeg
05-27 08:29:38.923   581   581 D spi_rst_gpio_get_output: GPIO 145 value: 1
05-27 08:29:38.923   581   581 D spidev_ioctl: gpio status=1)
05-27 18:38:29.961 13911 14183 I SentryImuMcuAngleSender: 1,0,0
05-27 08:29:38.929   581   581 D spi_rst_gpio_get_output: GPIO 145 value: 1
05-27 08:29:38.929   581   581 D spidev_ioctl: gpio status=1)
05-27 18:38:29.964   581   581 I SpiService: fgesysctrl_getGPIO_status success val=1
05-27 18:38:29.970   581   581 I SpiService: fgesysctrl_getGPIO_status success val=1
05-27 18:38:29.972   299 30844 D EvsDriver: forwardFrame
05-27 18:38:29.972   299 30841 D EvsDriver: forwardFrame
05-27 08:29:38.935   581   581 D spi_rst_gpio_get_output: GPIO 145 value: 1
05-27 08:29:38.935   581   581 D spidev_ioctl: gpio status=1)
05-27 18:38:29.975  1167  1479 D evsmanagerd: /dev/video4 forwarded the buffer #0 to 0xb4000074bf5f6850 from 0xb4000074bf5f41d0
05-27 18:38:29.975   299 30844 D EvsDriver: Delivered 0xb400007b7ca56900 as id 0
05-27 18:38:29.976   581   581 I SpiService: fgesysctrl_getGPIO_status success val=0
05-27 18:38:29.976   481   597 I mcuc    : send SPI:6AA602CCFE00028900A9
05-27 18:38:29.978  1167  1479 D evsmanagerd: /dev/video6 forwarded the buffer #0 to 0xb4000074bf5f5510 from 0xb4000074bf5f6d90
05-27 18:38:29.978   299 30841 D EvsDriver: Delivered 0xb400007b7ca56a60 as id 0
05-27 18:38:29.978   299  1153 D EvsDriver: doneWithFrame
05-27 18:38:29.979  1008 30856 D [OMXB]  : usingANWBuffer: handle:0xee746ec0, format:1, w:1920, h:1080
05-27 18:38:29.985   299  1153 D EvsDriver: doneWithFrame
05-27 18:38:29.986 25065 25065 I ADAYO_LOG_TRACE_LOGCAT: collect_dest_path:/mnt/log_data/AndroidLog/logcat
05-27 08:29:38.940   581   581 D spi_rst_gpio_get_output: GPIO 145 value: 0
05-27 08:29:38.940   581   581 D spidev_ioctl: gpio status=0)
05-27 18:38:29.988   536   536 D commservice260303: msg.id = 1028,1
05-27 18:38:29.988   536   536 D commservice260303: i = 170, msgid = 8A000404
05-27 18:38:29.988   536   536 D commservice260303: msgid = -1979710460,did=138
05-27 18:38:29.988   536   536 D commservice260303: CommProtocolLibCmdBaseI2C::dataproc {"command":{"id":"imu_status","sub":""},"content":{"TimeStamp":10,"FrameCounter":237409,"GD_X":-0.01153013575822115,"GD_Y":0.005573912989348173,"GD_Z":0.0020608289632946253,"AD_X":-0.005888700485229492,"AD_Y":-0.0012089526280760765,"AD_Z":-0.16826915740966797,"TempDsp":0,"Status":0,"CalibState":1,"SigAmpInvalid":0}},-1979710460
05-27 18:38:29.988   536   536 D commservice260303: send2Cluster len:317, 7B22636F6D6D616E64223A7B226964223A22696D755F737461747573222C22737562223A22227D2C22636F6E74656E74223A7B2254696D655374616D70223A31302C224672616D65436F756E746572223A3233373430392C2247445F58223A2D302E30313135333031333537353832323131352C2247445F59223A302E3030353537333931323938393334383137332C2247445F5A223A302E303032303630383238393633323934363235332C2241445F58223A2D302E3030353838383730303438353232393439322C2241445F59223A2D302E303031323038393532363238303736303736352C2241445F5A223A2D302E31363832363931353734303936363739372C2254656D70447370223A302C22537461747573223A302C2243616C69625374617465223A312C22536967416D70496E76616C6964223A307D7D, 138 
05-27 18:38:29.988   536   536 D commservice260303: Push Message into SendPool fn=-153222400
05-27 18:38:29.988   536   536 D commservice260303: ComProtocolLibSend2Cluster::send2ClusterRaw fn=-153222400 , len=333
05-27 18:38:29.988   536   536 D commservice260303: sendCmdToPort :333!!!
05-27 18:38:29.988   536   536 D commservice260303: send Cmd To Port ++++5AA501498A010003DEF66A16C9A57B22636F6D6D616E64223A7B226964223A22696D755F737461747573222C22737562223A22227D2C22636F6E74656E74223A7B2254696D655374616D70223A31302C224672616D65436F756E746572223A3233373430392C2247445F58223A2D302E30313135333031333537353832323131352C2247445F59223A302E3030353537333931323938393334383137332C2247445F5A223A302E303032303630383238393633323934363235332C2241445F58223A2D302E3030353838383730303438353232393439322C2241445F59223A2D302E303031323038393532363238303736303736352C2241445F5A223A2D302E31363832363931353734303936363739372C2254656D70447370223A302C22537461747573223A302C2243616C69625374617465223A312C22536967416D70496E76616C6964223A307D7DCE9F
05-27 18:38:29.988   536   536 D commservice260303: bufferevent_write retrun value = 0
05-27 18:38:29.988   536   560 D commservice260303: client datas send succeed,send finish
05-27 18:38:29.989 13911 14192 D Sentinelmode_1.2.5.17_sentry: <SentryImuClusterFgeSender>imu_status sent to Linux, frame=237409, tsNs=10177218, tsMs=10, intervalMs=46, ad=(-0.0058887005,-0.0012089526,-0.16826916), gd=(-0.011530136,0.005573913,0.002060829)
05-27 18:38:29.992 13911 14183 I SentryImuMcuAngleSender: 179.99298rollDeg
05-27 18:38:29.992 13911 14183 I SentryImuMcuAngleSender: 1,0,0
05-27 18:38:29.993   581   581 I SpiService: fgesysctrl_getGPIO_status success val=1
05-27 18:38:29.995  1008 30857 D [OMXB]  : usingANWBuffer: handle:0xee7427f0, format:1, w:1920, h:1080
05-27 08:29:38.957   581   581 D spi_rst_gpio_get_output: GPIO 145 value: 1
05-27 08:29:38.957   581   581 D spidev_ioctl: gpio status=1)
05-27 08:29:38.963   581   581 D spi_rst_gpio_get_output: GPIO 145 value: 1
05-27 08:29:38.963   581   581 D spidev_ioctl: gpio status=1)
05-27 18:38:29.998   581   581 I SpiService: fgesysctrl_getGPIO_status success val=1
05-27 18:38:30.004   581   581 I SpiService: fgesysctrl_getGPIO_status success val=1
05-27 08:29:38.968   581   581 D spi_rst_gpio_get_output: GPIO 145 value: 1
05-27 08:29:38.968   581   581 D spidev_ioctl: gpio status=1)
05-27 18:38:30.009   581   581 I SpiService: fgesysctrl_getGPIO_status success val=1
05-27 18:38:30.010   299 30844 D EvsDriver: forwardFrame
05-27 18:38:30.011   299 30841 D EvsDriver: forwardFrame
05-27 18:38:30.012   299 30844 D EvsDriver: Delivered 0xb400007b7ca56900 as id 0
05-27 18:38:30.012  1167  1479 D evsmanagerd: /dev/video6 forwarded the buffer #0 to 0xb4000074bf5f5510 from 0xb4000074bf5f6d90
05-27 18:38:30.012  1167  1167 D evsmanagerd: /dev/video4 forwarded the buffer #0 to 0xb4000074bf5f6850 from 0xb4000074bf5f41d0
05-27 18:38:30.012   299 30841 D EvsDriver: Delivered 0xb400007b7ca56a60 as id 0
05-27 18:38:30.012 13911 14183 I SentryImuMcuAngleSender: -179.97897rollDeg
05-27 18:38:30.013 13911 14183 I SentryImuMcuAngleSender: 1,0,0
05-27 08:29:38.974   581   581 D spi_rst_gpio_get_output: GPIO 145 value: 1
05-27 08:29:38.974   581   581 D spidev_ioctl: gpio status=1)
05-27 18:38:30.015   581   581 I SpiService: fgesysctrl_getGPIO_status success val=0
05-27 18:38:30.015   299  1153 D EvsDriver: doneWithFrame
05-27 18:38:30.015   299  1163 D EvsDriver: doneWithFrame
05-27 08:29:38.979   581   581 D spi_rst_gpio_get_output: GPIO 145 value: 0
05-27 08:29:38.979   581   581 D spidev_ioctl: gpio status=0)
05-27 18:38:30.021   572   622 I Sensors : 230 GyroSensor: x:-0.011377,y:0.004886,z:0.001985
05-27 18:38:30.027   536   536 D commservice260303: msg.id = 1028,1
05-27 18:38:30.027   536   536 D commservice260303: i = 170, msgid = 8A000404
05-27 18:38:30.027   536   536 D commservice260303: msgid = -1979710460,did=138
05-27 18:38:30.027   536   536 D commservice260303: CommProtocolLibCmdBaseI2C::dataproc {"command":{"id":"imu_status","sub":""},"content":{"TimeStamp":10,"FrameCounter":237410,"GD_X":-0.011377211660146713,"GD_Y":0.004656890872865915,"GD_Z":0.001679039909504354,"AD_X":-0.0040464848279953,"AD_Y":-0.0060571180656552315,"AD_Z":-0.16826915740966797,"TempDsp":0,"Status":0,"CalibState":1,"SigAmpInvalid":0}},-1979710460
05-27 18:38:30.027   536   536 D commservice260303: send2Cluster len:315, 7B22636F6D6D616E64223A7B226964223A22696D755F737461747573222C22737562223A22227D2C22636F6E74656E74223A7B2254696D655374616D70223A31302C224672616D65436F756E746572223A3233373431302C2247445F58223A2D302E3031313337373231313636303134363731332C2247445F59223A302E3030343635363839303837323836353931352C2247445F5A223A302E3030313637393033393930393530343335342C2241445F58223A2D302E303034303436343834383237393935332C2241445F59223A2D302E303036303537313138303635363535323331352C2241445F5A223A2D302E31363832363931353734303936363739372C2254656D70447370223A302C22537461747573223A302C2243616C69625374617465223A312C22536967416D70496E76616C6964223A307D7D, 138 
05-27 18:38:30.027   536   536 D commservice260303: Push Message into SendPool fn=-136445184
05-27 18:38:30.027   536   536 D commservice260303: ComProtocolLibSend2Cluster::send2ClusterRaw fn=-136445184 , len=331
05-27 18:38:30.027   536   536 D commservice260303: sendCmdToPort :331!!!
05-27 18:38:30.028   536   536 D commservice260303: send Cmd To Port ++++5AA501478A010003DEF76A16C9A67B22636F6D6D616E64223A7B226964223A22696D755F737461747573222C22737562223A22227D2C22636F6E74656E74223A7B2254696D655374616D70223A31302C224672616D65436F756E746572223A3233373431302C2247445F58223A2D302E3031313337373231313636303134363731332C2247445F59223A302E3030343635363839303837323836353931352C2247445F5A223A302E3030313637393033393930393530343335342C2241445F58223A2D302E303034303436343834383237393935332C2241445F59223A2D302E303036303537313138303635363535323331352C2241445F5A223A2D302E31363832363931353734303936363739372C2254656D70447370223A302C22537461747573223A302C2243616C69625374617465223A312C22536967416D70496E76616C6964223A307D7D2110
05-27 18:38:30.028   536   536 D commservice260303: bufferevent_write retrun value = 0
05-27 18:38:30.028 13911 14192 D Sentinelmode_1.2.5.17_sentry: <SentryImuClusterFgeSender>imu_status sent to Linux, frame=237410, tsNs=10177253, tsMs=10, intervalMs=40, ad=(-0.004046485,-0.006057118,-0.16826916), gd=(-0.011377212,0.004656891,0.0016790399)
05-27 18:38:30.028   536   560 D commservice260303: client datas send succeed,send finish
05-27 18:38:30.031   581   581 I SpiService: fgesysctrl_getGPIO_status success val=1
05-27 18:38:30.032 13911 14183 I SentryImuMcuAngleSender: -179.97899rollDeg
05-27 18:38:30.032 13911 14183 I SentryImuMcuAngleSender: 1,0,0
05-27 08:29:38.996   581   581 D spi_rst_gpio_get_output: GPIO 145 value: 1
05-27 08:29:38.996   581   581 D spidev_ioctl: gpio status=1)
05-27 18:38:30.037   581   581 I SpiService: fgesysctrl_getGPIO_status success val=1
05-27 18:38:30.038   299 30841 D EvsDriver: forwardFrame
05-27 18:38:30.039  1008 30856 D [OMXB]  : usingANWBuffer: handle:0xee743ea0, format:1, w:1920, h:1080
05-27 08:29:39.001   581   581 D spi_rst_gpio_get_output: GPIO 145 value: 1
05-27 08:29:39.001   581   581 D spidev_ioctl: gpio status=1)
05-27 18:38:30.041   299 30841 D EvsDriver: Delivered 0xb400007b7ca56a60 as id 0
05-27 18:38:30.041  1167  1167 D evsmanagerd: /dev/video4 forwarded the buffer #0 to 0xb4000074bf5f6850 from 0xb4000074bf5f41d0
05-27 18:38:30.042   581   581 I SpiService: fgesysctrl_getGPIO_status success val=1
05-27 08:29:39.007   581   581 D spi_rst_gpio_get_output: GPIO 145 value: 1
05-27 08:29:39.007   581   581 D spidev_ioctl: gpio status=1)
05-27 08:29:39.013   581   581 D spi_rst_gpio_get_output: GPIO 145 value: 1
05-27 08:29:39.013   581   581 D spidev_ioctl: gpio status=1)
05-27 18:38:30.047   299 30844 D EvsDriver: forwardFrame
05-27 18:38:30.049   581   581 I SpiService: fgesysctrl_getGPIO_status success val=1
05-27 18:38:30.050   299  1153 D EvsDriver: doneWithFrame
05-27 18:38:30.050   299 30844 D EvsDriver: Delivered 0xb400007b7ca56900 as id 0
05-27 18:38:30.050  1167  1167 D evsmanagerd: /dev/video6 forwarded the buffer #0 to 0xb4000074bf5f5510 from 0xb4000074bf5f6d90
05-27 18:38:30.053 13911 14183 I SentryImuMcuAngleSender: 179.993rollDeg
05-27 18:38:30.053 13911 14183 I SentryImuMcuAngleSender: 1,0,0
05-27 18:38:30.054   299  1153 D EvsDriver: doneWithFrame
05-27 18:38:30.054   581   581 I SpiService: fgesysctrl_getGPIO_status success val=0
05-27 18:38:30.054  1008 30857 D [OMXB]  : usingANWBuffer: handle:0xee746310, format:1, w:1920, h:1080
05-27 18:38:30.055   283   307 I rvcservice: t.code = 0, t.value = 2440
05-27 08:29:39.019   581   581 D spi_rst_gpio_get_output: GPIO 145 value: 0
05-27 08:29:39.019   581   581 D spidev_ioctl: gpio status=0)
05-27 18:38:30.059 25069 25069 I ADAYO_LOG_TRACE_LOGCAT: file_path:/mnt/log_data/AndroidLog/logcat/logcat_2026_05_27_18_38_29_113-46.txt
05-27 18:38:30.067   536   536 D commservice260303: msg.id = 1028,0
05-27 18:38:30.067   536   536 D commservice260303: i = 170, msgid = 8A000404
05-27 18:38:30.067   536   536 D commservice260303: msgid = -1979710460,did=138
05-27 18:38:30.067   536   536 D commservice260303: CommProtocolLibCmdBaseI2C::dataproc {"command":{"id":"imu_status","sub":""},"content":{"TimeStamp":10,"FrameCounter":237411,"GD_X":-0.011834942735731602,"GD_Y":0.00519212381914258,"GD_Z":0.0019079053308814764,"AD_X":-0.0028354674577713013,"AD_Y":0.0037136045284569263,"AD_Z":-0.16948795318603516,"TempDsp":0,"Status":0,"CalibState":1,"SigAmpInvalid":0}},-1979710460
05-27 18:38:30.067   536   536 D commservice260303: send2Cluster len:317, 7B22636F6D6D616E64223A7B226964223A22696D755F737461747573222C22737562223A22227D2C22636F6E74656E74223A7B2254696D655374616D70223A31302C224672616D65436F756E746572223A3233373431312C2247445F58223A2D302E3031313833343934323733353733313630322C2247445F59223A302E30303531393231323338313931343235382C2247445F5A223A302E303031393037393035333330383831343736342C2241445F58223A2D302E303032383335343637343537373731333031332C2241445F59223A302E303033373133363034353238343536393236332C2241445F5A223A2D302E31363934383739353331383630333531362C2254656D70447370223A302C22537461747573223A302C2243616C69625374617465223A312C22536967416D70496E76616C6964223A307D7D, 138 
05-27 18:38:30.067   536   536 D commservice260303: Push Message into SendPool fn=-119667968
05-27 18:38:30.067   536   536 D commservice260303: ComProtocolLibSend2Cluster::send2ClusterRaw fn=-119667968 , len=333
05-27 18:38:30.068   536   536 D commservice260303: sendCmdToPort :333!!!
05-27 18:38:30.068   536   536 D commservice260303: send Cmd To Port ++++5AA501498A010003DEF86A16C9A67B22636F6D6D616E64223A7B226964223A22696D755F737461747573222C22737562223A22227D2C22636F6E74656E74223A7B2254696D655374616D70223A31302C224672616D65436F756E746572223A3233373431312C2247445F58223A2D302E3031313833343934323733353733313630322C2247445F59223A302E30303531393231323338313931343235382C2247445F5A223A302E303031393037393035333330383831343736342C2241445F58223A2D302E303032383335343637343537373731333031332C2241445F59223A302E303033373133363034353238343536393236332C2241445F5A223A2D302E31363934383739353331383630333531362C2254656D70447370223A302C22537461747573223A302C2243616C69625374617465223A312C22536967416D70496E76616C6964223A307D7DE882
05-27 18:38:30.068   536   536 D commservice260303: bufferevent_write retrun value = 0
05-27 18:38:30.069   536   560 D commservice260303: client datas send succeed,send finish
05-27 18:38:30.069 13911 14192 D Sentinelmode_1.2.5.17_sentry: <SentryImuClusterFgeSender>imu_status sent to Linux, frame=237411, tsNs=10177308, tsMs=10, intervalMs=40, ad=(-0.0028354675,0.0037136045,-0.16948795), gd=(-0.011834943,0.005192124,0.0019079053)
05-27 18:38:30.069   581   581 I SpiService: fgesysctrl_getGPIO_status success val=1
05-27 08:29:39.033   581   581 D spi_rst_gpio_get_output: GPIO 145 value: 1
05-27 08:29:39.033   581   581 D spidev_ioctl: gpio status=1)
05-27 18:38:30.073 13911 14183 I SentryImuMcuAngleSender: 179.96497rollDeg
05-27 18:38:30.073 13911 14183 I SentryImuMcuAngleSender: 1,0,0
05-27 08:29:39.039   581   581 D spi_rst_gpio_get_output: GPIO 145 value: 1
05-27 08:29:39.039   581   581 D spidev_ioctl: gpio status=1)
05-27 18:38:30.075   581   581 I SpiService: fgesysctrl_getGPIO_status success val=1
05-27 18:38:30.075   299 30844 D EvsDriver: forwardFrame
05-27 18:38:30.076   299 30841 D EvsDriver: forwardFrame
05-27 18:38:30.079   299 30841 D EvsDriver: Delivered 0xb400007b7ca56a60 as id 0
05-27 18:38:30.079  1167  1167 D evsmanagerd: /dev/video4 forwarded the buffer #0 to 0xb4000074bf5f6850 from 0xb4000074bf5f41d0
05-27 18:38:30.081   581   581 I SpiService: fgesysctrl_getGPIO_status success val=1
05-27 08:29:39.045   581   581 D spi_rst_gpio_get_output: GPIO 145 value: 1
05-27 08:29:39.045   581   581 D spidev_ioctl: gpio status=1)
05-27 18:38:30.083  1167  1167 D evsmanagerd: /dev/video6 forwarded the buffer #0 to 0xb4000074bf5f5510 from 0xb4000074bf5f6d90
05-27 18:38:30.084   299  1153 D EvsDriver: doneWithFrame
05-27 18:38:30.085   299 30844 D EvsDriver: Delivered 0xb400007b7ca56900 as id 0
05-27 18:38:30.087   581   581 I SpiService: fgesysctrl_getGPIO_status success val=1
05-27 18:38:30.087   299  1153 D EvsDriver: doneWithFrame
05-27 18:38:30.088  1982  1982 E health_guardian: UID for PID 11579 is 1000
05-27 18:38:30.088  1982  1982 E health_guardian: The 1000 process is system app,I refused to kill it,try next one!
05-27 18:38:30.088  1982  1982 E health_guardian: UID for PID 13435 is 1000
05-27 18:38:30.088  1982  1982 E health_guardian: The 1000 process is system app,I refused to kill it,try next one!
05-27 18:38:30.088  1982  1982 E health_guardian: UID for PID 6212 is 1000
05-27 18:38:30.088  1982  1982 E health_guardian: The 1000 process is system app,I refused to kill it,try next one!
05-27 08:29:39.051   581   581 D spi_rst_gpio_get_output: GPIO 145 value: 1
05-27 18:38:30.090  1008 30856 D [OMXB]  : usingANWBuffer: handle:0xee7433a0, format:1, w:1920, h:1080
05-27 08:29:39.052   581   581 D spidev_ioctl: gpio status=1)
05-27 08:29:39.053 30790 30790 W audit   : audit_lost=33288 audit_rate_limit=5 audit_backlog_limit=64
05-27 08:29:39.053 30790 30790 E audit   : rate limit exceeded
05-27 18:38:30.093   581   581 I SpiService: fgesysctrl_getGPIO_status success val=1
05-27 18:38:30.093 13911 14183 I SentryImuMcuAngleSender: 179.97198rollDeg
05-27 18:38:30.093 13911 14183 I SentryImuMcuAngleSender: 1,0,0
05-27 08:29:39.057   581   581 D spi_rst_gpio_get_output: GPIO 145 value: 1
05-27 08:29:39.057   581   581 D spidev_ioctl: gpio status=1)
05-27 18:38:30.098   581   581 I SpiService: fgesysctrl_getGPIO_status success val=0
05-27 08:29:39.063   581   581 D spi_rst_gpio_get_output: GPIO 145 value: 0
05-27 08:29:39.063   581   581 D spidev_ioctl: gpio status=0)
05-27 18:38:30.105 25072 25072 I ADAYO_LOG_TRACE_LOGCAT: folder_size:
05-27 18:38:30.107   299 30841 D EvsDriver: forwardFrame
05-27 18:38:30.107   299 30844 D EvsDriver: forwardFrame
05-27 18:38:30.108   536   536 D commservice260303: msg.id = 1028,1
05-27 18:38:30.108   536   536 D commservice260303: i = 170, msgid = 8A000404
05-27 18:38:30.108   536   536 D commservice260303: msgid = -1979710460,did=138
05-27 18:38:30.108   536   536 D commservice260303: CommProtocolLibCmdBaseI2C::dataproc {"command":{"id":"imu_status","sub":""},"content":{"TimeStamp":10,"FrameCounter":237412,"GD_X":-0.011834942735731602,"GD_Y":0.0048857564106583595,"GD_Z":0.0019079053308814764,"AD_X":2.0226836204528809E-4,"AD_Y":0.0024737624917179346,"AD_Z":-0.17558765411376953,"TempDsp":0,"Status":0,"CalibState":1,"SigAmpInvalid":0}},-1979710460
05-27 18:38:30.108   536   536 D commservice260303: send2Cluster len:318, 7B22636F6D6D616E64223A7B226964223A22696D755F737461747573222C22737562223A22227D2C22636F6E74656E74223A7B2254696D655374616D70223A31302C224672616D65436F756E746572223A3233373431322C2247445F58223A2D302E3031313833343934323733353733313630322C2247445F59223A302E303034383835373536343130363538333539352C2247445F5A223A302E303031393037393035333330383831343736342C2241445F58223A322E30323236383336323034353238383039452D342C2241445F59223A302E303032343733373632343931373137393334362C2241445F5A223A2D302E31373535383736353431313337363935332C2254656D70447370223A302C22537461747573223A302C2243616C69625374617465223A312C22536967416D70496E76616C6964223A307D7D, 138 
05-27 18:38:30.108   536   536 D commservice260303: Push Message into SendPool fn=-102890752
05-27 18:38:30.108   536   536 D commservice260303: ComProtocolLibSend2Cluster::send2ClusterRaw fn=-102890752 , len=334
05-27 18:38:30.108   536   536 D commservice260303: sendCmdToPort :334!!!
05-27 18:38:30.108   536   536 D commservice260303: send Cmd To Port ++++5AA5014A8A010003DEF96A16C9A67B22636F6D6D616E64223A7B226964223A22696D755F737461747573222C22737562223A22227D2C22636F6E74656E74223A7B2254696D655374616D70223A31302C224672616D65436F756E746572223A3233373431322C2247445F58223A2D302E3031313833343934323733353733313630322C2247445F59223A302E303034383835373536343130363538333539352C2247445F5A223A302E303031393037393035333330383831343736342C2241445F58223A322E30323236383336323034353238383039452D342C2241445F59223A302E303032343733373632343931373137393334362C2241445F5A223A2D302E31373535383736353431313337363935332C2254656D70447370223A302C22537461747573223A302C2243616C69625374617465223A312C22536967416D70496E76616C6964223A307D7DB49C
05-27 18:38:30.109   536   536 D commservice260303: bufferevent_write retrun value = 0
05-27 18:38:30.109   299 30841 D EvsDriver: Delivered 0xb400007b7ca56a60 as id 0
05-27 18:38:30.109 13911 14192 D Sentinelmode_1.2.5.17_sentry: <SentryImuClusterFgeSender>imu_status sent to Linux, frame=237412, tsNs=10177343, tsMs=10, intervalMs=41, ad=(2.0226836E-4,0.0024737625,-0.17558765), gd=(-0.011834943,0.0048857564,0.0019079053)
05-27 18:38:30.110  1167  1167 D evsmanagerd: /dev/video4 forwarded the buffer #0 to 0xb4000074bf5f6850 from 0xb4000074bf5f41d0
05-27 18:38:30.111 30773 30782 E dvr_service_: [myNum:0] Received S**** loss
05-27 18:38:30.111   299  1153 D EvsDriver: doneWithFrame
05-27 18:38:30.111   536   560 D commservice260303: client datas send succeed,send finish
05-27 18:38:30.113   299 30844 D EvsDriver: Delivered 0xb400007b7ca56900 as id 0
05-27 18:38:30.113   581   581 I SpiService: fgesysctrl_getGPIO_status success val=1
05-27 18:38:30.113 30773 30782 E dvr_service_: [myNum:1] Received S**** loss
05-27 18:38:30.113 13911 14183 I SentryImuMcuAngleSender: 179.98248rollDeg
05-27 18:38:30.113 13911 14183 I SentryImuMcuAngleSender: 1,0,0
05-27 18:38:30.113  1167  1167 D evsmanagerd: /dev/video6 forwarded the buffer #0 to 0xb4000074bf5f5510 from 0xb4000074bf5f6d90
05-27 18:38:30.114   299  1153 D EvsDriver: doneWithFrame
05-27 08:29:39.078   581   581 D spi_rst_gpio_get_output: GPIO 145 value: 1
05-27 08:29:39.078   581   581 D spidev_ioctl: gpio status=1)
05-27 18:38:30.118   581   581 I SpiService: fgesysctrl_getGPIO_status success val=1
05-27 08:29:39.083   581   581 D spi_rst_gpio_get_output: GPIO 145 value: 1
05-27 18:38:30.121  1008 30857 D [OMXB]  : usingANWBuffer: handle:0xee7421c0, format:1, w:1920, h:1080
05-27 08:29:39.083   581   581 D spidev_ioctl: gpio status=1)
05-27 18:38:30.121 30773 30789 I dvr_service_: Camera 1: MediaOK:80198525, frames:1900, isKeyFrame:0,pts:10177106777
05-27 08:29:39.089   581   581 D spi_rst_gpio_get_output: GPIO 145 value: 1
05-27 08:29:39.089   581   581 D spidev_ioctl: gpio status=1)
05-27 18:38:30.124   581   581 I SpiService: fgesysctrl_getGPIO_status success val=1
05-27 18:38:30.126   269   269 D libvintf: HalManifest::getHidlTransport(framework): Cannot find android.hardware.usb@1.0::IUsb/default
05-27 18:38:30.126   269   269 D libvintf: HalManifest::getHidlTransport(device): Cannot find android.hardware.usb@1.0::IUsb/default
05-27 18:38:30.126   269   269 I hwservicemanager: getTransport: Cannot find entry android.hardware.usb@1.0::IUsb/default in either framework or device VINTF manifest.
05-27 18:38:30.127 12348 12448 E ExtUsbManager: UsbHalController: android.hardware.usb.V1_0.IUsb getService failed!
05-27 18:38:30.127 12348 12448 E ExtUsbManager: java.util.NoSuchElementException
05-27 18:38:30.127 12348 12448 E ExtUsbManager: 	at android.os.HwBinder.getService(Native Method)
05-27 18:38:30.127 12348 12448 E ExtUsbManager: 	at android.os.HwBinder.getService(HwBinder.java:81)
05-27 18:38:30.127 12348 12448 E ExtUsbManager: 	at android.hardware.usb.V1_0.IUsb.getService(IUsb.java:74)
05-27 18:38:30.127 12348 12448 E ExtUsbManager: 	at android.hardware.usb.V1_0.IUsb.getService(IUsb.java:84)
05-27 18:38:30.127 12348 12448 E ExtUsbManager: 	at ts.car.usb.UsbHalController.createService(UsbHalController.java:37)
05-27 18:38:30.127 12348 12448 E ExtUsbManager: 	at ts.car.usb.UsbHalController.createService(UsbHalController.java:18)
05-27 18:38:30.127 12348 12448 E ExtUsbManager: 	at ts.car.usb.utils.AutoServiceConnector4Hidl.autoConnect(AutoServiceConnector4Hidl.java:47)
05-27 18:38:30.127 12348 12448 E ExtUsbManager: 	at ts.car.usb.utils.AutoServiceConnector4Hidl$$ExternalSyntheticLambda0.run(Unknown Source:2)
05-27 18:38:30.127 12348 12448 E ExtUsbManager: 	at android.os.Handler.handleCallback(Handler.java:942)
05-27 18:38:30.127 12348 12448 E ExtUsbManager: 	at android.os.Handler.dispatchMessage(Handler.java:99)
05-27 18:38:30.127 12348 12448 E ExtUsbManager: 	at android.os.Looper.loopOnce(Looper.java:201)
05-27 18:38:30.127 12348 12448 E ExtUsbManager: 	at android.os.Looper.loop(Looper.java:288)
05-27 18:38:30.127 12348 12448 E ExtUsbManager: 	at android.os.HandlerThread.run(HandlerThread.java:67)
05-27 18:38:30.127   269   269 D libvintf: HalManifest::getHidlTransport(framework): Cannot find vendor.ts.usbext@1.0::IUsbext/default
05-27 18:38:30.127   269   269 D libvintf: HalManifest::getHidlTransport(device): Cannot find vendor.ts.usbext@1.0::IUsbext/default
05-27 18:38:30.127   269   269 I hwservicemanager: getTransport: Cannot find entry vendor.ts.usbext@1.0::IUsbext/default in either framework or device VINTF manifest.
05-27 18:38:30.128 12348 12448 E ExtUsbManager: UsbHalExtController: vendor.ts.usbext.V1_0.IUsbext getService failed!
05-27 18:38:30.128 12348 12448 E ExtUsbManager: java.util.NoSuchElementException
05-27 18:38:30.128 12348 12448 E ExtUsbManager: 	at android.os.HwBinder.getService(Native Method)
05-27 18:38:30.128 12348 12448 E ExtUsbManager: 	at android.os.HwBinder.getService(HwBinder.java:81)
05-27 18:38:30.128 12348 12448 E ExtUsbManager: 	at vendor.ts.usbext.V1_0.IUsbext.getService(IUsbext.java:74)
05-27 18:38:30.128 12348 12448 E ExtUsbManager: 	at vendor.ts.usbext.V1_0.IUsbext.getService(IUsbext.java:84)
05-27 18:38:30.128 12348 12448 E ExtUsbManager: 	at ts.car.usb.UsbHalExtController.createService(UsbHalExtController.java:37)
05-27 18:38:30.128 12348 12448 E ExtUsbManager: 	at ts.car.usb.UsbHalExtController.createService(UsbHalExtController.java:18)
05-27 18:38:30.128 12348 12448 E ExtUsbManager: 	at ts.car.usb.utils.AutoServiceConnector4Hidl.autoConnect(AutoServiceConnector4Hidl.java:47)
