05-27 18:38:34.850  1083  1083 W MyAppLog: [2026-05-27 18:38:34.849 W tboxmid threadLoop:1077] [Tbxomids] [CellularDataService] SIM not ready
05-27 18:38:34.852 13911 14183 I SentryImuMcuAngleSender: 179.98248rollDeg
05-27 18:38:34.852 13911 14183 I SentryImuMcuAngleSender: 1,0,0
05-27 18:38:34.853  1008 30856 D [OMXB]  : usingANWBuffer: handle:0xee742a00, format:1, w:1920, h:1080
05-27 18:38:34.853   581   581 I SpiService: fgesysctrl_getGPIO_status success val=1
05-27 08:29:43.818   581   581 D spi_rst_gpio_get_output: GPIO 145 value: 1
05-27 08:29:43.818   581   581 D spidev_ioctl: gpio status=1)
05-27 18:38:34.859   581   581 I SpiService: fgesysctrl_getGPIO_status success val=0
05-27 08:29:43.823   581   581 D spi_rst_gpio_get_output: GPIO 145 value: 0
05-27 08:29:43.823   581   581 D spidev_ioctl: gpio status=0)
05-27 18:38:34.863   536   536 D commservice260303: msg.id = 1028,1
05-27 18:38:34.863   536   536 D commservice260303: i = 170, msgid = 8A000404
05-27 18:38:34.863   536   536 D commservice260303: msgid = -1979710460,did=138
05-27 18:38:34.863   536   536 D commservice260303: CommProtocolLibCmdBaseI2C::dataproc {"command":{"id":"imu_status","sub":""},"content":{"TimeStamp":10,"FrameCounter":237529,"GD_X":-0.011377211660146713,"GD_Y":0.006185087841004133,"GD_Z":0.0020608289632946253,"AD_X":-0.00415492057800293,"AD_Y":0.001209712354466319,"AD_Z":-0.16826438903808594,"TempDsp":0,"Status":0,"CalibState":1,"SigAmpInvalid":0}},-1979710460
05-27 18:38:34.864   536   536 D commservice260303: send2Cluster len:315, 7B22636F6D6D616E64223A7B226964223A22696D755F737461747573222C22737562223A22227D2C22636F6E74656E74223A7B2254696D655374616D70223A31302C224672616D65436F756E746572223A3233373532392C2247445F58223A2D302E3031313337373231313636303134363731332C2247445F59223A302E3030363138353038373834313030343133332C2247445F5A223A302E303032303630383238393633323934363235332C2241445F58223A2D302E30303431353439323035373830303239332C2241445F59223A302E3030313230393731323335343436363331392C2241445F5A223A2D302E31363832363433383930333830383539342C2254656D70447370223A302C22537461747573223A302C2243616C69625374617465223A312C22536967416D70496E76616C6964223A307D7D, 138 
05-27 18:38:34.864   536   536 D commservice260303: Push Message into SendPool fn=1893663488
05-27 18:38:34.864   536   536 D commservice260303: ComProtocolLibSend2Cluster::send2ClusterRaw fn=1893663488 , len=331
05-27 18:38:34.864   536   536 D commservice260303: sendCmdToPort :331!!!
05-27 18:38:34.864   536   536 D commservice260303: send Cmd To Port ++++5AA501478A010003DF706A16C9AA7B22636F6D6D616E64223A7B226964223A22696D755F737461747573222C22737562223A22227D2C22636F6E74656E74223A7B2254696D655374616D70223A31302C224672616D65436F756E746572223A3233373532392C2247445F58223A2D302E3031313337373231313636303134363731332C2247445F59223A302E3030363138353038373834313030343133332C2247445F5A223A302E303032303630383238393633323934363235332C2241445F58223A2D302E30303431353439323035373830303239332C2241445F59223A302E3030313230393731323335343436363331392C2241445F5A223A2D302E31363832363433383930333830383539342C2254656D70447370223A302C22537461747573223A302C2243616C69625374617465223A312C22536967416D70496E76616C6964223A307D7D60E9
05-27 18:38:34.864   536   536 D commservice260303: bufferevent_write retrun value = 0
05-27 18:38:34.864   536   560 D commservice260303: client datas send succeed,send finish
05-27 18:38:34.864 13911 14192 D Sentinelmode_1.2.5.17_sentry: <SentryImuClusterFgeSender>imu_status sent to Linux, frame=237529, tsNs=10182103, tsMs=10, intervalMs=37, ad=(-0.0041549206,0.0012097124,-0.16826439), gd=(-0.011377212,0.006185088,0.002060829)
05-27 18:38:34.866  1008 30857 D [OMXB]  : usingANWBuffer: handle:0xee7435b0, format:1, w:1920, h:1080
05-27 18:38:34.868   283   307 I rvcservice: t.code = 3, t.value = 0
05-27 18:38:34.872 13911 14183 I SentryImuMcuAngleSender: 179.986rollDeg
05-27 18:38:34.872 13911 14183 I SentryImuMcuAngleSender: 1,0,0
05-27 18:38:34.873   581   581 I SpiService: fgesysctrl_getGPIO_status success val=1
05-27 18:38:34.875   299 30841 D EvsDriver: forwardFrame
05-27 18:38:34.877  1167  1184 D evsmanagerd: /dev/video4 forwarded the buffer #0 to 0xb4000074bf5f6850 from 0xb4000074bf5f41d0
05-27 18:38:34.877   299 30841 D EvsDriver: Delivered 0xb400007b7ca56a60 as id 0
05-27 18:38:34.878   299 30844 D EvsDriver: forwardFrame
05-27 18:38:34.879   581   581 I SpiService: fgesysctrl_getGPIO_status success val=1
05-27 18:38:34.882  1167  1184 D evsmanagerd: /dev/video6 forwarded the buffer #0 to 0xb4000074bf5f5510 from 0xb4000074bf5f6d90
05-27 18:38:34.884   299  1163 D EvsDriver: doneWithFrame
05-27 08:29:43.838   581   581 D spi_rst_gpio_get_output: GPIO 145 value: 1
05-27 08:29:43.838   581   581 D spidev_ioctl: gpio status=1)
05-27 08:29:43.844   581   581 D spi_rst_gpio_get_output: GPIO 145 value: 1
05-27 08:29:43.844   581   581 D spidev_ioctl: gpio status=1)
05-27 08:29:43.852   581   581 D spi_rst_gpio_get_output: GPIO 145 value: 1
05-27 08:29:43.852   581   581 D spidev_ioctl: gpio status=1)
05-27 18:38:34.887   581   581 I SpiService: fgesysctrl_getGPIO_status success val=1
05-27 18:38:34.887 30773 30786 I dvr_service_: CameraX 1  audioOK: 85056000,audios:1330
05-27 18:38:34.888   299 30844 D EvsDriver: Delivered 0xb400007b7ca56900 as id 0
05-27 18:38:34.888   299  1163 D EvsDriver: doneWithFrame
05-27 18:38:34.892 13911 14183 I SentryImuMcuAngleSender: 179.99298rollDeg
05-27 18:38:34.892 13911 14183 I SentryImuMcuAngleSender: 1,0,0
05-27 18:38:34.893   581   581 I SpiService: fgesysctrl_getGPIO_status success val=1
05-27 08:29:43.858   581   581 D spi_rst_gpio_get_output: GPIO 145 value: 1
05-27 08:29:43.858   581   581 D spidev_ioctl: gpio status=1)
05-27 18:38:34.898   581   581 I SpiService: fgesysctrl_getGPIO_status success val=0
05-27 18:38:34.899  1008 30856 D [OMXB]  : usingANWBuffer: handle:0xee743ea0, format:1, w:1920, h:1080
05-27 08:29:43.863   581   581 D spi_rst_gpio_get_output: GPIO 145 value: 0
05-27 08:29:43.863   581   581 D spidev_ioctl: gpio status=0)
05-27 18:38:34.904   536   536 D commservice260303: msg.id = 1028,0
05-27 18:38:34.904   536   536 D commservice260303: i = 170, msgid = 8A000404
05-27 18:38:34.904   536   536 D commservice260303: msgid = -1979710460,did=138
05-27 18:38:34.904   536   536 D commservice260303: CommProtocolLibCmdBaseI2C::dataproc {"command":{"id":"imu_status","sub":""},"content":{"TimeStamp":10,"FrameCounter":237530,"GD_X":-0.011682018637657166,"GD_Y":0.0057257963344454765,"GD_Z":0.002519079949706793,"AD_X":0.00192221999168396,"AD_Y":-0.0012246572878211737,"AD_Z":-0.16582298278808594,"TempDsp":0,"Status":0,"CalibState":1,"SigAmpInvalid":0}},-1979710460
05-27 18:38:34.904   536   536 D commservice260303: send2Cluster len:316, 7B22636F6D6D616E64223A7B226964223A22696D755F737461747573222C22737562223A22227D2C22636F6E74656E74223A7B2254696D655374616D70223A31302C224672616D65436F756E746572223A3233373533302C2247445F58223A2D302E3031313638323031383633373635373136362C2247445F59223A302E303035373235373936333334343435343736352C2247445F5A223A302E3030323531393037393934393730363739332C2241445F58223A302E30303139323232313939393136383339362C2241445F59223A2D302E303031323234363537323837383231313733372C2241445F5A223A2D302E31363538323239383237383830383539342C2254656D70447370223A302C22537461747573223A302C2243616C69625374617465223A312C22536967416D70496E76616C6964223A307D7D, 138 
05-27 18:38:34.904   536   536 D commservice260303: Push Message into SendPool fn=1910440704
05-27 18:38:34.904   536   536 D commservice260303: ComProtocolLibSend2Cluster::send2ClusterRaw fn=1910440704 , len=332
05-27 18:38:34.904   536   536 D commservice260303: sendCmdToPort :332!!!
05-27 18:38:34.904   536   536 D commservice260303: send Cmd To Port ++++5AA501488A010003DF716A16C9AA7B22636F6D6D616E64223A7B226964223A22696D755F737461747573222C22737562223A22227D2C22636F6E74656E74223A7B2254696D655374616D70223A31302C224672616D65436F756E746572223A3233373533302C2247445F58223A2D302E3031313638323031383633373635373136362C2247445F59223A302E303035373235373936333334343435343736352C2247445F5A223A302E3030323531393037393934393730363739332C2241445F58223A302E30303139323232313939393136383339362C2241445F59223A2D302E303031323234363537323837383231313733372C2241445F5A223A2D302E31363538323239383237383830383539342C2254656D70447370223A302C22537461747573223A302C2243616C69625374617465223A312C22536967416D70496E76616C6964223A307D7DC4EC
05-27 18:38:34.904   536   536 D commservice260303: bufferevent_write retrun value = 0
05-27 18:38:34.904   536   560 D commservice260303: client datas send succeed,send finish
05-27 18:38:34.904 13911 14192 D Sentinelmode_1.2.5.17_sentry: <SentryImuClusterFgeSender>imu_status sent to Linux, frame=237530, tsNs=10182138, tsMs=10, intervalMs=40, ad=(0.00192222,-0.0012246573,-0.16582298), gd=(-0.011682019,0.0057257963,0.00251908)
05-27 18:38:34.908   299 30841 D EvsDriver: forwardFrame
05-27 18:38:34.909   299 30844 D EvsDriver: forwardFrame
05-27 18:38:34.911   299 30844 D EvsDriver: Delivered 0xb400007b7ca56900 as id 0
05-27 18:38:34.912  1167  1184 D evsmanagerd: /dev/video6 forwarded the buffer #0 to 0xb4000074bf5f5510 from 0xb4000074bf5f6d90
05-27 18:38:34.913  1167  1184 D evsmanagerd: /dev/video4 forwarded the buffer #0 to 0xb4000074bf5f6850 from 0xb4000074bf5f41d0
05-27 18:38:34.913   299 30841 D EvsDriver: Delivered 0xb400007b7ca56a60 as id 0
05-27 18:38:34.913 13911 14183 I SentryImuMcuAngleSender: 179.99298rollDeg
05-27 18:38:34.913 13911 14183 I SentryImuMcuAngleSender: 1,0,0
05-27 18:38:34.915   581   581 I SpiService: fgesysctrl_getGPIO_status success val=1
05-27 18:38:34.915   299  1163 D EvsDriver: doneWithFrame
05-27 18:38:34.917   299  1163 D EvsDriver: doneWithFrame
05-27 08:29:43.879   581   581 D spi_rst_gpio_get_output: GPIO 145 value: 1
05-27 08:29:43.879   581   581 D spidev_ioctl: gpio status=1)
05-27 18:38:34.920   581   581 I SpiService: fgesysctrl_getGPIO_status success val=1
05-27 08:29:43.885   581   581 D spi_rst_gpio_get_output: GPIO 145 value: 1
05-27 08:29:43.885   581   581 D spidev_ioctl: gpio status=1)
05-27 18:38:34.921  1008 30857 D [OMXB]  : usingANWBuffer: handle:0xee742b60, format:1, w:1920, h:1080
05-27 18:38:34.924   572   622 I Sensors : 230 GyroSensor: x:-0.011224,y:0.005039,z:0.001985
05-27 18:38:34.925 30773 30789 I dvr_service_: Camera 1: MediaOK:84929379, frames:2000, isKeyFrame:0,pts:10181837631
05-27 18:38:34.926   581   581 I SpiService: fgesysctrl_getGPIO_status success val=1
05-27 08:29:43.891   581   581 D spi_rst_gpio_get_output: GPIO 145 value: 1
05-27 08:29:43.891   581   581 D spidev_ioctl: gpio status=1)
05-27 18:38:34.932   581   581 I SpiService: fgesysctrl_getGPIO_status success val=1
05-27 08:29:43.896   581   581 D spi_rst_gpio_get_output: GPIO 145 value: 1
05-27 08:29:43.896   581   581 D spidev_ioctl: gpio status=1)
05-27 18:38:34.933 13911 14183 I SentryImuMcuAngleSender: 179.98598rollDeg
05-27 18:38:34.933 13911 14183 I SentryImuMcuAngleSender: 1,0,0
05-27 18:38:34.937   581   581 I SpiService: fgesysctrl_getGPIO_status success val=1
05-27 18:38:34.938  1008 30856 D [OMXB]  : usingANWBuffer: handle:0xee740d20, format:1, w:1920, h:1080
05-27 18:38:34.939   299 30841 D EvsDriver: forwardFrame
05-27 18:38:34.940   299 30841 D EvsDriver: Delivered 0xb400007b7ca56a60 as id 0
05-27 18:38:34.940  1167  1184 D evsmanagerd: /dev/video4 forwarded the buffer #0 to 0xb4000074bf5f6850 from 0xb4000074bf5f41d0
05-27 18:38:34.940 30773 30782 E dvr_service_: [myNum:0] Received S**** loss
05-27 18:38:34.940   299  1163 D EvsDriver: doneWithFrame
05-27 08:29:43.901   581   581 D spi_rst_gpio_get_output: GPIO 145 value: 1
05-27 08:29:43.902   581   581 D spidev_ioctl: gpio status=1)
05-27 18:38:34.942   581   581 I SpiService: fgesysctrl_getGPIO_status success val=0
05-27 18:38:34.942 30773 30786 I dvr_service_: CameraX 0  audioOK: 85056000,audios:1330
05-27 18:38:34.944   536   536 D commservice260303: msg.id = 1028,1
05-27 18:38:34.944   536   536 D commservice260303: i = 170, msgid = 8A000404
05-27 18:38:34.944   536   536 D commservice260303: msgid = -1979710460,did=138
05-27 18:38:34.944   536   536 D commservice260303: CommProtocolLibCmdBaseI2C::dataproc {"command":{"id":"imu_status","sub":""},"content":{"TimeStamp":10,"FrameCounter":237531,"GD_X":-0.011377211660146713,"GD_Y":0.0051151420921087265,"GD_Z":0.0018319635419175029,"AD_X":-0.002969220280647278,"AD_Y":-9.944196790456772E-7,"AD_Z":-0.16948318481445312,"TempDsp":0,"Status":0,"CalibState":1,"SigAmpInvalid":0}},-1979710460
05-27 18:38:34.945   536   536 D commservice260303: send2Cluster len:318, 7B22636F6D6D616E64223A7B226964223A22696D755F737461747573222C22737562223A22227D2C22636F6E74656E74223A7B2254696D655374616D70223A31302C224672616D65436F756E746572223A3233373533312C2247445F58223A2D302E3031313337373231313636303134363731332C2247445F59223A302E303035313135313432303932313038373236352C2247445F5A223A302E303031383331393633353431393137353032392C2241445F58223A2D302E3030323936393232303238303634373237382C2241445F59223A2D392E393434313936373930343536373732452D372C2241445F5A223A2D302E31363934383331383438313434353331322C2254656D70447370223A302C22537461747573223A302C2243616C69625374617465223A312C22536967416D70496E76616C6964223A307D7D, 138 
05-27 18:38:34.945   536   536 D commservice260303: Push Message into SendPool fn=1927217920
05-27 18:38:34.945   536   536 D commservice260303: ComProtocolLibSend2Cluster::send2ClusterRaw fn=1927217920 , len=334
05-27 18:38:34.945   536   536 D commservice260303: sendCmdToPort :334!!!
05-27 08:29:43.907   581   581 D spi_rst_gpio_get_output: GPIO 145 value: 0
05-27 08:29:43.907   581   581 D spidev_ioctl: gpio status=0)
05-27 18:38:34.945   536   536 D commservice260303: send Cmd To Port ++++5AA5014A8A010003DF726A16C9AA7B22636F6D6D616E64223A7B226964223A22696D755F737461747573222C22737562223A22227D2C22636F6E74656E74223A7B2254696D655374616D70223A31302C224672616D65436F756E746572223A3233373533312C2247445F58223A2D302E3031313337373231313636303134363731332C2247445F59223A302E303035313135313432303932313038373236352C2247445F5A223A302E303031383331393633353431393137353032392C2241445F58223A2D302E3030323936393232303238303634373237382C2241445F59223A2D392E393434313936373930343536373732452D372C2241445F5A223A2D302E31363934383331383438313434353331322C2254656D70447370223A302C22537461747573223A302C2243616C69625374617465223A312C22536967416D70496E76616C6964223A307D7D62AC
05-27 18:38:34.945   536   536 D commservice260303: bufferevent_write retrun value = 0
05-27 18:38:34.945   536   560 D commservice260303: client datas send succeed,send finish
05-27 18:38:34.945 13911 14192 D Sentinelmode_1.2.5.17_sentry: <SentryImuClusterFgeSender>imu_status sent to Linux, frame=237531, tsNs=10182192, tsMs=10, intervalMs=41, ad=(-0.0029692203,-9.944197E-7,-0.16948318), gd=(-0.011377212,0.005115142,0.0018319635)
05-27 18:38:34.949   299 30844 D EvsDriver: forwardFrame
05-27 18:38:34.950   299 30844 D EvsDriver: Delivered 0xb400007b7ca56900 as id 0
05-27 18:38:34.950  1167  1184 D evsmanagerd: /dev/video6 forwarded the buffer #0 to 0xb4000074bf5f5510 from 0xb4000074bf5f6d90
05-27 18:38:34.951 30773 30782 E dvr_service_: [myNum:1] Received S**** loss
05-27 18:38:34.951   299  1163 D EvsDriver: doneWithFrame
05-27 18:38:34.954 13911 14183 I SentryImuMcuAngleSender: 179.986rollDeg
05-27 18:38:34.954 13911 14183 I SentryImuMcuAngleSender: 1,0,0
05-27 18:38:34.956  1008 30857 D [OMXB]  : usingANWBuffer: handle:0xee740dd0, format:1, w:1920, h:1080
05-27 18:38:34.956   581   581 I SpiService: fgesysctrl_getGPIO_status success val=1
05-27 08:29:43.921   581   581 D spi_rst_gpio_get_output: GPIO 145 value: 1
05-27 08:29:43.921   581   581 D spidev_ioctl: gpio status=1)
05-27 18:38:34.962   581   581 I SpiService: fgesysctrl_getGPIO_status success val=1
05-27 08:29:43.927   581   581 D spi_rst_gpio_get_output: GPIO 145 value: 1
05-27 08:29:43.927   581   581 D spidev_ioctl: gpio status=1)
05-27 18:38:34.967   581   581 I SpiService: fgesysctrl_getGPIO_status success val=1
05-27 18:38:34.969   283   307 I rvcservice: t.code = 0, t.value = 0
05-27 08:29:43.932   581   581 D spi_rst_gpio_get_output: GPIO 145 value: 1
05-27 08:29:43.932   581   581 D spidev_ioctl: gpio status=1)
05-27 18:38:34.972   299 30841 D EvsDriver: forwardFrame
05-27 18:38:34.973   581   581 I SpiService: fgesysctrl_getGPIO_status success val=1
05-27 18:38:34.973   299 30841 D EvsDriver: Delivered 0xb400007b7ca56a60 as id 0
05-27 18:38:34.973  1167  1184 D evsmanagerd: /dev/video4 forwarded the buffer #0 to 0xb4000074bf5f6850 from 0xb4000074bf5f41d0
05-27 08:29:43.937   581   581 D spi_rst_gpio_get_output: GPIO 145 value: 1
05-27 08:29:43.937   581   581 D spidev_ioctl: gpio status=1)
05-27 18:38:34.973   299 30844 D EvsDriver: forwardFrame
05-27 18:38:34.974  1008 30856 D [OMXB]  : usingANWBuffer: handle:0xee744bb0, format:1, w:1920, h:1080
05-27 18:38:34.974   299 30844 D EvsDriver: Delivered 0xb400007b7ca56900 as id 0
05-27 18:38:34.974 13911 14183 I SentryImuMcuAngleSender: 179.98598rollDeg
05-27 18:38:34.975 13911 14183 I SentryImuMcuAngleSender: 1,0,0
05-27 18:38:34.975  1167  1184 D evsmanagerd: /dev/video6 forwarded the buffer #0 to 0xb4000074bf5f5510 from 0xb4000074bf5f6d90
05-27 18:38:34.976   299  1163 D EvsDriver: doneWithFrame
05-27 08:29:43.943   581   581 D spi_rst_gpio_get_output: GPIO 145 value: 1
05-27 08:29:43.943   581   581 D spidev_ioctl: gpio status=1)
05-27 18:38:34.978   299  1163 D EvsDriver: doneWithFrame
05-27 18:38:34.978   581   581 I SpiService: fgesysctrl_getGPIO_status success val=1
05-27 18:38:34.984   581   581 I SpiService: fgesysctrl_getGPIO_status success val=0
05-27 08:29:43.949   581   581 D spi_rst_gpio_get_output: GPIO 145 value: 0
05-27 08:29:43.949   581   581 D spidev_ioctl: gpio status=0)
05-27 18:38:34.985   536   536 D commservice260303: msg.id = 1028,1
05-27 18:38:34.985   536   536 D commservice260303: i = 170, msgid = 8A000404
05-27 18:38:34.985   536   536 D commservice260303: msgid = -1979710460,did=138
05-27 18:38:34.985   536   536 D commservice260303: CommProtocolLibCmdBaseI2C::dataproc {"command":{"id":"imu_status","sub":""},"content":{"TimeStamp":10,"FrameCounter":237532,"GD_X":-0.010841978713870049,"GD_Y":0.004963258747011423,"GD_Z":0.002213752595707774,"AD_X":-0.0029685795307159424,"AD_Y":-7.238704711198807E-7,"AD_Z":-0.16948318481445312,"TempDsp":0,"Status":0,"CalibState":1,"SigAmpInvalid":0}},-1979710460
05-27 18:38:34.986   536   536 D commservice260303: send2Cluster len:317, 7B22636F6D6D616E64223A7B226964223A22696D755F737461747573222C22737562223A22227D2C22636F6E74656E74223A7B2254696D655374616D70223A31302C224672616D65436F756E746572223A3233373533322C2247445F58223A2D302E3031303834313937383731333837303034392C2247445F59223A302E3030343936333235383734373031313432332C2247445F5A223A302E3030323231333735323539353730373737342C2241445F58223A2D302E303032393638353739353330373135393432342C2241445F59223A2D372E323338373034373131313938383037452D372C2241445F5A223A2D302E31363934383331383438313434353331322C2254656D70447370223A302C22537461747573223A302C2243616C69625374617465223A312C22536967416D70496E76616C6964223A307D7D, 138 
05-27 18:38:34.986   536   536 D commservice260303: Push Message into SendPool fn=1943995136
05-27 18:38:34.986   536   536 D commservice260303: ComProtocolLibSend2Cluster::send2ClusterRaw fn=1943995136 , len=333
05-27 18:38:34.986   536   536 D commservice260303: sendCmdToPort :333!!!
05-27 18:38:34.986   536   536 D commservice260303: send Cmd To Port ++++5AA501498A010003DF736A16C9AA7B22636F6D6D616E64223A7B226964223A22696D755F737461747573222C22737562223A22227D2C22636F6E74656E74223A7B2254696D655374616D70223A31302C224672616D65436F756E746572223A3233373533322C2247445F58223A2D302E3031303834313937383731333837303034392C2247445F59223A302E3030343936333235383734373031313432332C2247445F5A223A302E3030323231333735323539353730373737342C2241445F58223A2D302E303032393638353739353330373135393432342C2241445F59223A2D372E323338373034373131313938383037452D372C2241445F5A223A2D302E31363934383331383438313434353331322C2254656D70447370223A302C22537461747573223A302C2243616C69625374617465223A312C22536967416D70496E76616C6964223A307D7D9A0C
05-27 18:38:34.986   536   536 D commservice260303: bufferevent_write retrun value = 0
05-27 18:38:34.986   536   560 D commservice260303: client datas send succeed,send finish
05-27 18:38:34.986 13911 14192 D Sentinelmode_1.2.5.17_sentry: <SentryImuClusterFgeSender>imu_status sent to Linux, frame=237532, tsNs=10182231, tsMs=10, intervalMs=41, ad=(-0.0029685795,-7.2387047E-7,-0.16948318), gd=(-0.010841979,0.0049632587,0.0022137526)
05-27 18:38:34.994   566  1173 D gps_hdbd: [request_agps_thread 979] get sys.gps.agnssd:1
05-27 18:38:34.994  1008 30857 D [OMXB]  : usingANWBuffer: handle:0xee7416c0, format:1, w:1920, h:1080
05-27 18:38:34.994 13911 14183 I SentryImuMcuAngleSender: 179.986rollDeg
05-27 18:38:34.995 13911 14183 I SentryImuMcuAngleSender: 1,0,0
05-27 18:38:34.999   581   581 I SpiService: fgesysctrl_getGPIO_status success val=1
05-27 18:38:34.999   481   598 I mcuc    : rev,n=1,6AA681CD16000A890051010409011234560D
05-27 18:38:34.999  1121  1144 I tboxmids_ap: [2026-05-27 18:38:34.999] [MCU RX] src=MCU dst=ZMQ len=10 type=BINARY data=00 08 51 01 04 09 01 12 34 56 
05-27 08:29:43.963   581   581 D spi_rst_gpio_get_output: GPIO 145 value: 1
05-27 08:29:43.963   581   581 D spidev_ioctl: gpio status=1)
05-27 18:38:34.999   351   373 D automotive.vehicle@2.0-adayo-datacomm-mcu: MCUDatacomm sendMessageFromVehicle prop: 0x89, areaId: 0x0, status: 0x51, timestamp: 0x1
05-27 18:38:34.999   351   373 D automotive.vehicle@2.0-adayo-datacomm-mcu: MCUDatacomm 1sendMessageFromVehicle ---> type = 12 
05-27 18:38:35.000  1083  1083 I MyAppLog: [2026-05-27 18:38:35.000 I tboxap mcuCommTboxmidsRecvCb:97] [Mcu] [mcuCommTboxmidsRecvCb] recv from tboxmids, size:10
05-27 18:38:35.000  1083  1083 I MyAppLog: [2026-05-27 18:38:35.000 I tboxap mcuCommTboxmidsRecvCb:98] [Mcu] [tboxmids -> tboxap]: :00 08 51 01 04 09 01 12 34 56
05-27 18:38:35.000  1083  1083 I MyAppLog: [2026-05-27 18:38:35.000 I tboxap mcuPtlParseData:990] [Mcu] [Mcu  Parse]: (cmd):0901 (param):0901123456
05-27 18:38:35.000  1083  1083 W MyAppLog: [2026-05-27 18:38:35.000 W tboxap mcuParamDataRevPack:918] [Mcu] mcuParamDataRevPack start pack data!!!
05-27 18:38:35.000  1083  1083 W MyAppLog: [2026-05-27 18:38:35.000 W tboxap mcuSaveQueryData:219] [Mcu] [mcuSaveQueryData] unknown query item:0x56
05-27 18:38:35.000  1083  1083 W MyAppLog: [2026-05-27 18:38:35.000 W tboxap mcuHandleQueryInd:1700] [Mcu] [mcuHandleQueryInd] unknown query item:0x56
05-27 18:38:35.000  1083  1083 W MyAppLog: [2026-05-27 18:38:35.000 W tboxap mcuHandleQueryInd:1700] [Mcu] [mcuHandleQueryInd] unknown query item:0x56
05-27 18:38:35.000  1083  1083 W MyAppLog: [2026-05-27 18:38:35.000 W tboxap mcuHandleQueryInd:1700] [Mcu] [mcuHandleQueryInd] unknown query item:0x56
05-27 18:38:35.000  1083  1083 W MyAppLog: [2026-05-27 18:38:35.000 W tboxap mcuHandleQueryInd:1700] [Mcu] [mcuHandleQueryInd] unknown query item:0x56
05-27 18:38:35.000  1083  1083 W MyAppLog: [2026-05-27 18:38:35.000 W tboxap mcuHandleQueryInd:1700] [Mcu] [mcuHandleQueryInd] unknown query item:0x56
05-27 18:38:35.000  1083  1083 W MyAppLog: [2026-05-27 18:38:35.000 W tboxap mcuHandleQueryInd:1700] [Mcu] [mcuHandleQueryInd] unknown query item:0x56
05-27 18:38:35.000  1083  1083 W MyAppLog: [2026-05-27 18:38:35.000 W tboxap mcuHandleQueryInd:1700] [Mcu] [mcuHandleQueryInd] unknown query item:0x56
05-27 18:38:35.001  1083  1083 W MyAppLog: [2026-05-27 18:38:35.000 W tboxap mcuHandleQueryInd:1700] [Mcu] [mcuHandleQueryInd] unknown query item:0x56
05-27 18:38:35.001  1083  1083 W MyAppLog: [2026-05-27 18:38:35.000 W tboxap mcuHandleQueryInd:1700] [Mcu] [mcuHandleQueryInd] unknown query item:0x56
05-27 18:38:35.001  1083  1083 W MyAppLog: [2026-05-27 18:38:35.000 W tboxap mcuHandleQueryInd:1700] [Mcu] [mcuHandleQueryInd] unknown query item:0x56
05-27 18:38:35.001  1083  1083 W MyAppLog: [2026-05-27 18:38:35.000 W tboxap mcuHandleQueryInd:1700] [Mcu] [mcuHandleQueryInd] unknown query item:0x56
05-27 18:38:35.001  1083  1083 W MyAppLog: [2026-05-27 18:38:35.000 W tboxap mcuHandleQueryInd:1700] [Mcu] [mcuHandleQueryInd] unknown query item:0x56
05-27 18:38:35.001  1083  1083 W MyAppLog: [2026-05-27 18:38:35.000 W tboxap mcuHandleQueryInd:1700] [Mcu] [mcuHandleQueryInd] unknown query item:0x56
05-27 18:38:35.001  1083  1083 W MyAppLog: [2026-05-27 18:38:35.000 W tboxap mcuHandleQueryInd:1700] [Mcu] [mcuHandleQueryInd] unknown query item:0x56
05-27 18:38:35.001  1083  1083 W MyAppLog: [2026-05-27 18:38:35.000 W tboxap mcuHandleQueryInd:1700] [Mcu] [mcuHandleQueryInd] unknown query item:0x56
05-27 18:38:35.001  1083  1083 W MyAppLog: [2026-05-27 18:38:35.000 W tboxap mcuHandleQueryInd:1700] [Mcu] [mcuHandleQueryInd] unknown query item:0x56
05-27 18:38:35.001  1083  1083 W MyAppLog: [2026-05-27 18:38:35.000 W tboxap mcuHandleQueryInd:1700] [Mcu] [mcuHandleQueryInd] unknown query item:0x56
05-27 18:38:35.001  1083  1083 W MyAppLog: [2026-05-27 18:38:35.000 W tboxap mcuHandleQueryInd:1700] [Mcu] [mcuHandleQueryInd] unknown query item:0x56
05-27 18:38:35.001  1083  1083 W MyAppLog: [2026-05-27 18:38:35.000 W tboxap mcuHandleQueryInd:1700] [Mcu] [mcuHandleQueryInd] unknown query item:0x56
05-27 18:38:35.001  1083  1083 W MyAppLog: [2026-05-27 18:38:35.000 W tboxap mcuHandleQueryInd:1700] [Mcu] [mcuHandleQueryInd] unknown query item:0x56
05-27 18:38:35.001  1083  1083 W MyAppLog: [2026-05-27 18:38:35.000 W tboxap mcuHandleQueryInd:1700] [Mcu] [mcuHandleQueryInd] unknown query item:0x56
05-27 18:38:35.001  1083  1083 W MyAppLog: [2026-05-27 18:38:35.000 W tboxap mcuHandleQueryInd:1700] [Mcu] [mcuHandleQueryInd] unknown query item:0x56
05-27 18:38:35.001  1083  1083 W MyAppLog: [2026-05-27 18:38:35.000 W tboxap mcuHandleQueryInd:1700] [Mcu] [mcuHandleQueryInd] unknown query item:0x56
05-27 18:38:35.001  1083  1083 W MyAppLog: [2026-05-27 18:38:35.000 W tboxap mcuHandleQueryInd:1700] [Mcu] [mcuHandleQueryInd] unknown query item:0x56
05-27 18:38:35.001  1083  1083 W MyAppLog: [2026-05-27 18:38:35.000 W tboxap mcuHandleQueryInd:1700] [Mcu] [mcuHandleQueryInd] unknown query item:0x56
05-27 18:38:35.001  1083  1083 W MyAppLog: [2026-05-27 18:38:35.000 W tboxap mcuHandleQueryInd:1700] [Mcu] [mcuHandleQueryInd] unknown query item:0x56
05-27 18:38:35.002  1083  1083 W MyAppLog: [2026-05-27 18:38:35.000 W tboxap mcuHandleQueryInd:1700] [Mcu] [mcuHandleQueryInd] unknown query item:0x56
05-27 18:38:35.002  1083  1083 W MyAppLog: [2026-05-27 18:38:35.000 W tboxap mcuHandleQueryInd:1700] [Mcu] [mcuHandleQueryInd] unknown query item:0x56
05-27 18:38:35.002  1083  1083 W MyAppLog: [2026-05-27 18:38:35.000 W tboxap mcuHandleQueryInd:1700] [Mcu] [mcuHandleQueryInd] unknown query item:0x56
05-27 18:38:35.002  1083  1083 W MyAppLog: [2026-05-27 18:38:35.000 W tboxap mcuHandleQueryInd:1700] [Mcu] [mcuHandleQueryInd] unknown query item:0x56
05-27 18:38:35.002  1083  1083 W MyAppLog: [2026-05-27 18:38:35.000 W tboxap mcuHandleQueryInd:1700] [Mcu] [mcuHandleQueryInd] unknown query item:0x56
05-27 18:38:35.002  1083  1083 W MyAppLog: [2026-05-27 18:38:35.000 W tboxap mcuHandleQueryInd:1700] [Mcu] [mcuHandleQueryInd] unknown query item:0x56
05-27 18:38:35.002  1083  1083 W MyAppLog: [2026-05-27 18:38:35.000 W tboxap mcuHandleQueryInd:1700] [Mcu] [mcuHandleQueryInd] unknown query item:0x56
05-27 18:38:35.002  1083  1083 W MyAppLog: [2026-05-27 18:38:35.000 W tboxap mcuHandleQueryInd:1700] [Mcu] [mcuHandleQueryInd] unknown query item:0x56
05-27 18:38:35.002  1083  1083 W MyAppLog: [2026-05-27 18:38:35.000 W tboxap mcuHandleQueryInd:1700] [Mcu] [mcuHandleQueryInd] unknown query item:0x56
05-27 18:38:35.002  1083  1083 W MyAppLog: [2026-05-27 18:38:35.000 W tboxap mcuHandleQueryInd:1700] [Mcu] [mcuHandleQueryInd] unknown query item:0x56
05-27 18:38:35.002  1083  1083 W MyAppLog: [2026-05-27 18:38:35.000 W tboxap mcuHandleQueryInd:1700] [Mcu] [mcuHandleQueryInd] unknown query item:0x56
05-27 18:38:35.002  1083  1083 W MyAppLog: [2026-05-27 18:38:35.000 W tboxap mcuHandleQueryInd:1700] [Mcu] [mcuHandleQueryInd] unknown query item:0x56
05-27 18:38:35.002  1083  1083 W MyAppLog: [2026-05-27 18:38:35.000 W tboxap mcuHandleQueryInd:1700] [Mcu] [mcuHandleQueryInd] unknown query item:0x56
05-27 08:29:43.969   581   581 D spi_rst_gpio_get_output: GPIO 145 value: 1
05-27 18:38:35.002  1083  1083 W MyAppLog: [2026-05-27 18:38:35.000 W tboxap mcuHandleQueryInd:1700] [Mcu] [mcuHandleQueryInd] unknown query item:0x56
05-27 08:29:43.969   581   581 D spidev_ioctl: gpio status=1)
05-27 18:38:35.002  1083  1083 W MyAppLog: [2026-05-27 18:38:35.000 W tboxap mcuHandleQueryInd:1700] [Mcu] [mcuHandleQueryInd] unknown query item:0x56
05-27 18:38:35.002  1083  1083 W MyAppLog: [2026-05-27 18:38:35.000 W tboxap mcuHandleQueryInd:1700] [Mcu] [mcuHandleQueryInd] unknown query item:0x56
05-27 18:38:35.002  1083  1083 W MyAppLog: [2026-05-27 18:38:35.000 W tboxap mcuHandleQueryInd:1700] [Mcu] [mcuHandleQueryInd] unknown query item:0x56
05-27 18:38:35.002  1083  1083 W MyAppLog: [2026-05-27 18:38:35.000 W tboxap mcuHandleQueryInd:1700] [Mcu] [mcuHandleQueryInd] unknown query item:0x56
05-27 18:38:35.002  1083  1083 W MyAppLog: [2026-05-27 18:38:35.000 W tboxap mcuHandleQueryInd:1700] [Mcu] [mcuHandleQueryInd] unknown query item:0x56
05-27 18:38:35.003  1083  1083 W MyAppLog: [2026-05-27 18:38:35.000 W tboxap mcuHandleQueryInd:1700] [Mcu] [mcuHandleQueryInd] unknown query item:0x56
05-27 18:38:35.003  1083  1083 W MyAppLog: [2026-05-27 18:38:35.000 W tboxap mcuHandleQueryInd:1700] [Mcu] [mcuHandleQueryInd] unknown query item:0x56
05-27 18:38:35.003  1083  1083 W MyAppLog: [2026-05-27 18:38:35.000 W tboxap mcuHandleQueryInd:1700] [Mcu] [mcuHandleQueryInd] unknown query item:0x56
05-27 18:38:35.003  1083  1083 W MyAppLog: [2026-05-27 18:38:35.000 W tboxap mcuHandleQueryInd:1700] [Mcu] [mcuHandleQueryInd] unknown query item:0x56
05-27 18:38:35.003  1083  1083 W MyAppLog: [2026-05-27 18:38:35.000 W tboxap mcuHandleQueryInd:1700] [Mcu] [mcuHandleQueryInd] unknown query item:0x56
05-27 18:38:35.003  1083  1083 W MyAppLog: [2026-05-27 18:38:35.000 W tboxap mcuHandleQueryInd:1700] [Mcu] [mcuHandleQueryInd] unknown query item:0x56
05-27 18:38:35.003  1083  1083 W MyAppLog: [2026-05-27 18:38:35.000 W tboxap mcuHandleQueryInd:1700] [Mcu] [mcuHandleQueryInd] unknown query item:0x56
05-27 18:38:35.004   581   581 I SpiService: fgesysctrl_getGPIO_status success val=1
05-27 18:38:35.010   299 30841 D EvsDriver: forwardFrame
05-27 18:38:35.010   581   581 I SpiService: fgesysctrl_getGPIO_status success val=1
05-27 18:38:35.010   299 30844 D EvsDriver: forwardFrame
05-27 18:38:35.011   299 30841 D EvsDriver: Delivered 0xb400007b7ca56a60 as id 0
05-27 18:38:35.011   299 30844 D EvsDriver: Delivered 0xb400007b7ca56900 as id 0
05-27 18:38:35.011  1167  1184 D evsmanagerd: /dev/video4 forwarded the buffer #0 to 0xb4000074bf5f6850 from 0xb4000074bf5f41d0
05-27 18:38:35.011  1167  1479 D evsmanagerd: /dev/video6 forwarded the buffer #0 to 0xb4000074bf5f5510 from 0xb4000074bf5f6d90
05-27 08:29:43.974   581   581 D spi_rst_gpio_get_output: GPIO 145 value: 1
05-27 08:29:43.974   581   581 D spidev_ioctl: gpio status=1)
05-27 18:38:35.014   299  1163 D EvsDriver: doneWithFrame
05-27 18:38:35.014   299  1153 D EvsDriver: doneWithFrame
05-27 18:38:35.015 13911 14183 I SentryImuMcuAngleSender: -179.98949rollDeg
05-27 18:38:35.015 13911 14183 I SentryImuMcuAngleSender: 1,0,0
05-27 18:38:35.015  1008 30856 D [OMXB]  : usingANWBuffer: handle:0xee743190, format:1, w:1920, h:1080
05-27 18:38:35.015   581   581 I SpiService: fgesysctrl_getGPIO_status success val=1
05-27 08:29:43.980   581   581 D spi_rst_gpio_get_output: GPIO 145 value: 1
05-27 08:29:43.980   581   581 D spidev_ioctl: gpio status=1)
05-27 18:38:35.021   581   581 I SpiService: fgesysctrl_getGPIO_status success val=0
05-27 18:38:35.022   481   597 I mcuc    : send SPI:6AA602CD160002890090
05-27 08:29:43.986   581   581 D spi_rst_gpio_get_output: GPIO 145 value: 0
05-27 08:29:43.986   581   581 D spidev_ioctl: gpio status=0)
05-27 18:38:35.026   536   536 D commservice260303: msg.id = 1028,0
05-27 18:38:35.026   536   536 D commservice260303: i = 170, msgid = 8A000404
05-27 18:38:35.026   536   536 D commservice260303: msgid = -1979710460,did=138
05-27 18:38:35.026   536   536 D commservice260303: CommProtocolLibCmdBaseI2C::dataproc {"command":{"id":"imu_status","sub":""},"content":{"TimeStamp":10,"FrameCounter":237533,"GD_X":-0.010994902811944485,"GD_Y":0.00549693126231432,"GD_Z":0.002443138277158141,"AD_X":-0.006611630320549011,"AD_Y":-0.004244543612003326,"AD_Z":-0.16948318481445312,"TempDsp":0,"Status":0,"CalibState":1,"SigAmpInvalid":0}},-1979710460
05-27 18:38:35.027   536   536 D commservice260303: send2Cluster len:315, 7B22636F6D6D616E64223A7B226964223A22696D755F737461747573222C22737562223A22227D2C22636F6E74656E74223A7B2254696D655374616D70223A31302C224672616D65436F756E746572223A3233373533332C2247445F58223A2D302E3031303939343930323831313934343438352C2247445F59223A302E30303534393639333132363233313433322C2247445F5A223A302E3030323434333133383237373135383134312C2241445F58223A2D302E3030363631313633303332303534393031312C2241445F59223A2D302E3030343234343534333631323030333332362C2241445F5A223A2D302E31363934383331383438313434353331322C2254656D70447370223A302C22537461747573223A302C2243616C69625374617465223A312C22536967416D70496E76616C6964223A307D7D, 138 
05-27 18:38:35.027   536   536 D commservice260303: Push Message into SendPool fn=1960772352
05-27 18:38:35.027   536   536 D commservice260303: ComProtocolLibSend2Cluster::send2ClusterRaw fn=1960772352 , len=331
05-27 18:38:35.027   536   536 D commservice260303: sendCmdToPort :331!!!
05-27 18:38:35.027   536   536 D commservice260303: send Cmd To Port ++++5AA501478A010003DF746A16C9AB7B22636F6D6D616E64223A7B226964223A22696D755F737461747573222C22737562223A22227D2C22636F6E74656E74223A7B2254696D655374616D70223A31302C224672616D65436F756E746572223A3233373533332C2247445F58223A2D302E3031303939343930323831313934343438352C2247445F59223A302E30303534393639333132363233313433322C2247445F5A223A302E3030323434333133383237373135383134312C2241445F58223A2D302E3030363631313633303332303534393031312C2241445F59223A2D302E3030343234343534333631323030333332362C2241445F5A223A2D302E31363934383331383438313434353331322C2254656D70447370223A302C22537461747573223A302C2243616C69625374617465223A312C22536967416D70496E76616C6964223A307D7DCECD
05-27 18:38:35.027   536   536 D commservice260303: bufferevent_write retrun value = 0
05-27 18:38:35.027   536   560 D commservice260303: client datas send succeed,send finish
05-27 18:38:35.028 13911 14192 D Sentinelmode_1.2.5.17_sentry: <SentryImuClusterFgeSender>imu_status sent to Linux, frame=237533, tsNs=10182263, tsMs=10, intervalMs=41, ad=(-0.0066116303,-0.0042445436,-0.16948318), gd=(-0.010994903,0.0054969313,0.0024431383)
05-27 18:38:35.030   572   622 I Sensors : 230 AccelSensor: x:-0.173239,y:0.000000,z:-9.971060
05-27 18:38:35.034  1008 30857 D [OMXB]  : usingANWBuffer: handle:0xee7440b0, format:1, w:1920, h:1080
05-27 18:38:35.036 13911 14183 I SentryImuMcuAngleSender: 180.0rollDeg
05-27 18:38:35.036   581   581 I SpiService: fgesysctrl_getGPIO_status success val=1
05-27 18:38:35.037 13911 14183 I SentryImuMcuAngleSender: 1,0,0
05-27 08:29:44.001   581   581 D spi_rst_gpio_get_output: GPIO 145 value: 1
05-27 08:29:44.001   581   581 D spidev_ioctl: gpio status=1)
05-27 18:38:35.039   299 30841 D EvsDriver: forwardFrame
05-27 18:38:35.041   299 30841 D EvsDriver: Delivered 0xb400007b7ca56a60 as id 0
05-27 18:38:35.041  1167  1479 D evsmanagerd: /dev/video4 forwarded the buffer #0 to 0xb4000074bf5f6850 from 0xb4000074bf5f41d0
05-27 18:38:35.043   581   581 I SpiService: fgesysctrl_getGPIO_status success val=1
05-27 08:29:44.008   581   581 D spi_rst_gpio_get_output: GPIO 145 value: 1
05-27 08:29:44.008   581   581 D spidev_ioctl: gpio status=1)
05-27 18:38:35.045   299  1153 D EvsDriver: doneWithFrame
05-27 18:38:35.047   299 30844 D EvsDriver: forwardFrame
05-27 18:38:35.049   581   581 I SpiService: fgesysctrl_getGPIO_status success val=1
05-27 18:38:35.049   299 30844 D EvsDriver: Delivered 0xb400007b7ca56900 as id 0
05-27 18:38:35.049  1167  1479 D evsmanagerd: /dev/video6 forwarded the buffer #0 to 0xb4000074bf5f5510 from 0xb4000074bf5f6d90
05-27 18:38:35.051  1008 30856 D [OMXB]  : usingANWBuffer: handle:0xee744160, format:1, w:1920, h:1080
05-27 18:38:35.052   299  1153 D EvsDriver: doneWithFrame
05-27 08:29:44.013   581   581 D spi_rst_gpio_get_output: GPIO 145 value: 1
05-27 08:29:44.013   581   581 D spidev_ioctl: gpio status=1)
05-27 18:38:35.055   581   581 I SpiService: fgesysctrl_getGPIO_status success val=1
05-27 08:29:44.019   581   581 D spi_rst_gpio_get_output: GPIO 145 value: 1
05-27 08:29:44.019   581   581 D spidev_ioctl: gpio status=1)
05-27 18:38:35.058 13911 14183 I SentryImuMcuAngleSender: 179.99649rollDeg
05-27 18:38:35.058 13911 14183 I SentryImuMcuAngleSender: 1,0,0
05-27 18:38:35.061   581   581 I SpiService: fgesysctrl_getGPIO_status success val=0
05-27 08:29:44.025   581   581 D spi_rst_gpio_get_output: GPIO 145 value: 0
05-27 08:29:44.025   581   581 D spidev_ioctl: gpio status=0)
05-27 18:38:35.066   536   536 D commservice260303: msg.id = 1028,1
05-27 18:38:35.066   536   536 D commservice260303: i = 170, msgid = 8A000404
05-27 18:38:35.066   536   536 D commservice260303: msgid = -1979710460,did=138
05-27 18:38:35.066   536   536 D commservice260303: CommProtocolLibCmdBaseI2C::dataproc {"command":{"id":"imu_status","sub":""},"content":{"TimeStamp":10,"FrameCounter":237534,"GD_X":-0.011682018637657166,"GD_Y":0.00641395291313529,"GD_Z":0.0023671966046094894,"AD_X":-0.004155158996582031,"AD_Y":-0.0017908877925947309,"AD_Z":-0.16338348388671875,"TempDsp":0,"Status":0,"CalibState":1,"SigAmpInvalid":0}},-1979710460
05-27 18:38:35.066   536   536 D commservice260303: send2Cluster len:317, 7B22636F6D6D616E64223A7B226964223A22696D755F737461747573222C22737562223A22227D2C22636F6E74656E74223A7B2254696D655374616D70223A31302C224672616D65436F756E746572223A3233373533342C2247445F58223A2D302E3031313638323031383633373635373136362C2247445F59223A302E30303634313339353239313331333532392C2247445F5A223A302E303032333637313936363034363039343839342C2241445F58223A2D302E3030343135353135383939363538323033312C2241445F59223A2D302E303031373930383837373932353934373330392C2241445F5A223A2D302E31363333383334383338383637313837352C2254656D70447370223A302C22537461747573223A302C2243616C69625374617465223A312C22536967416D70496E76616C6964223A307D7D, 138 
05-27 18:38:35.067   536   536 D commservice260303: Push Message into SendPool fn=1977549568
05-27 18:38:35.067   536   536 D commservice260303: ComProtocolLibSend2Cluster::send2ClusterRaw fn=1977549568 , len=333
05-27 18:38:35.067   536   536 D commservice260303: sendCmdToPort :333!!!
05-27 18:38:35.067   536   536 D commservice260303: send Cmd To Port ++++5AA501498A010003DF756A16C9AB7B22636F6D6D616E64223A7B226964223A22696D755F737461747573222C22737562223A22227D2C22636F6E74656E74223A7B2254696D655374616D70223A31302C224672616D65436F756E746572223A3233373533342C2247445F58223A2D302E3031313638323031383633373635373136362C2247445F59223A302E30303634313339353239313331333532392C2247445F5A223A302E303032333637313936363034363039343839342C2241445F58223A2D302E3030343135353135383939363538323033312C2241445F59223A2D302E303031373930383837373932353934373330392C2241445F5A223A2D302E31363333383334383338383637313837352C2254656D70447370223A302C22537461747573223A302C2243616C69625374617465223A312C22536967416D70496E76616C6964223A307D7D3DB0
05-27 18:38:35.067   536   536 D commservice260303: bufferevent_write retrun value = 0
05-27 18:38:35.067   536   560 D commservice260303: client datas send succeed,send finish
05-27 18:38:35.067 13911 14192 D Sentinelmode_1.2.5.17_sentry: <SentryImuClusterFgeSender>imu_status sent to Linux, frame=237534, tsNs=10182299, tsMs=10, intervalMs=40, ad=(-0.004155159,-0.0017908878,-0.16338348), gd=(-0.011682019,0.006413953,0.0023671966)
05-27 18:38:35.069   283   307 I rvcservice: t.code = 3, t.value = 0
05-27 18:38:35.070  1008 30857 D [OMXB]  : usingANWBuffer: handle:0xee744fd0, format:1, w:1920, h:1080
05-27 18:38:35.075   581   581 I SpiService: fgesysctrl_getGPIO_status success val=1
05-27 08:29:44.040   581   581 D spi_rst_gpio_get_output: GPIO 145 value: 1
05-27 08:29:44.040   581   581 D spidev_ioctl: gpio status=1)
05-27 18:38:35.078 13911 14183 I SentryImuMcuAngleSender: 179.97897rollDeg
05-27 18:38:35.078 13911 14183 I SentryImuMcuAngleSender: 1,0,0
05-27 18:38:35.081   581   581 I SpiService: fgesysctrl_getGPIO_status success val=1
05-27 18:38:35.084   299 30844 D EvsDriver: forwardFrame
05-27 18:38:35.084   299 30844 D EvsDriver: Delivered 0xb400007b7ca56900 as id 0
05-27 18:38:35.085  1167  1479 D evsmanagerd: /dev/video6 forwarded the buffer #0 to 0xb4000074bf5f5510 from 0xb4000074bf5f6d90
05-27 08:29:44.046   581   581 D spi_rst_gpio_get_output: GPIO 145 value: 1
05-27 08:29:44.046   581   581 D spidev_ioctl: gpio status=1)
05-27 18:38:35.086  1008 30856 D [OMXB]  : usingANWBuffer: handle:0xee742950, format:1, w:1920, h:1080
05-27 18:38:35.087   581   581 I SpiService: fgesysctrl_getGPIO_status success val=1
05-27 18:38:35.087   299  1153 D EvsDriver: doneWithFrame
05-27 18:38:35.087   299 30841 D EvsDriver: forwardFrame
05-27 08:29:44.051   581   581 D spi_rst_gpio_get_output: GPIO 145 value: 1
05-27 08:29:44.051   581   581 D spidev_ioctl: gpio status=1)
05-27 18:38:35.090   299 30841 D EvsDriver: Delivered 0xb400007b7ca56a60 as id 0
05-27 18:38:35.090  1167  1479 D evsmanagerd: /dev/video4 forwarded the buffer #0 to 0xb4000074bf5f6850 from 0xb4000074bf5f41d0
05-27 18:38:35.093   581   581 I SpiService: fgesysctrl_getGPIO_status success val=1
05-27 18:38:35.093   299  1153 D EvsDriver: doneWithFrame
05-27 08:29:44.058   581   581 D spi_rst_gpio_get_output: GPIO 145 value: 1
05-27 08:29:44.058   581   581 D spidev_ioctl: gpio status=1)
05-27 18:38:35.099   581   581 I SpiService: fgesysctrl_getGPIO_status success val=1
05-27 18:38:35.099 13911 14183 I SentryImuMcuAngleSender: 179.98598rollDeg
05-27 18:38:35.099 13911 14183 I SentryImuMcuAngleSender: 1,0,0
05-27 08:29:44.063   581   581 D spi_rst_gpio_get_output: GPIO 145 value: 1
05-27 08:29:44.063   581   581 D spidev_ioctl: gpio status=1)
05-27 18:38:35.104   581   581 I SpiService: fgesysctrl_getGPIO_status success val=0
05-27 08:29:44.069   581   581 D spi_rst_gpio_get_output: GPIO 145 value: 0
05-27 08:29:44.069   581   581 D spidev_ioctl: gpio status=0)
05-27 18:38:35.106   536   536 D commservice260303: msg.id = 1028,0
05-27 18:38:35.107   536   536 D commservice260303: i = 170, msgid = 8A000404
05-27 18:38:35.107   536   536 D commservice260303: msgid = -1979710460,did=138
05-27 18:38:35.107   536   536 D commservice260303: CommProtocolLibCmdBaseI2C::dataproc {"command":{"id":"imu_status","sub":""},"content":{"TimeStamp":10,"FrameCounter":237535,"GD_X":-0.011682018637657166,"GD_Y":0.0056498548947274685,"GD_Z":0.002213752595707774,"AD_X":-0.005354017019271851,"AD_Y":-0.0017889145528897643,"AD_Z":-0.16826438903808594,"TempDsp":0,"Status":0,"CalibState":1,"SigAmpInvalid":0}},-1979710460
05-27 18:38:35.107   536   536 D commservice260303: send2Cluster len:318, 7B22636F6D6D616E64223A7B226964223A22696D755F737461747573222C22737562223A22227D2C22636F6E74656E74223A7B2254696D655374616D70223A31302C224672616D65436F756E746572223A3233373533352C2247445F58223A2D302E3031313638323031383633373635373136362C2247445F59223A302E303035363439383534383934373237343638352C2247445F5A223A302E3030323231333735323539353730373737342C2241445F58223A2D302E3030353335343031373031393237313835312C2241445F59223A2D302E303031373838393134353532383839373634332C2241445F5A223A2D302E31363832363433383930333830383539342C2254656D70447370223A302C22537461747573223A302C2243616C69625374617465223A312C22536967416D70496E76616C6964223A307D7D, 138 
05-27 18:38:35.107   536   536 D commservice260303: Push Message into SendPool fn=1994326784
05-27 18:38:35.107   536   536 D commservice260303: ComProtocolLibSend2Cluster::send2ClusterRaw fn=1994326784 , len=334
05-27 18:38:35.107   536   536 D commservice260303: sendCmdToPort :334!!!
05-27 18:38:35.107   536   536 D commservice260303: send Cmd To Port ++++5AA5014A8A010003DF766A16C9AB7B22636F6D6D616E64223A7B226964223A22696D755F737461747573222C22737562223A22227D2C22636F6E74656E74223A7B2254696D655374616D70223A31302C224672616D65436F756E746572223A3233373533352C2247445F58223A2D302E3031313638323031383633373635373136362C2247445F59223A302E303035363439383534383934373237343638352C2247445F5A223A302E3030323231333735323539353730373737342C2241445F58223A2D302E3030353335343031373031393237313835312C2241445F59223A2D302E303031373838393134353532383839373634332C2241445F5A223A2D302E31363832363433383930333830383539342C2254656D70447370223A302C22537461747573223A302C2243616C69625374617465223A312C22536967416D70496E76616C6964223A307D7DAE0B
05-27 18:38:35.107   536   536 D commservice260303: bufferevent_write retrun value = 0
05-27 18:38:35.107   536   560 D commservice260303: client datas send succeed,send finish
05-27 18:38:35.107 13911 14192 D Sentinelmode_1.2.5.17_sentry: <SentryImuClusterFgeSender>imu_status sent to Linux, frame=237535, tsNs=10182352, tsMs=10, intervalMs=40, ad=(-0.005354017,-0.0017889146,-0.16826439), gd=(-0.011682019,0.005649855,0.0022137526)
05-27 18:38:35.108  1008 30857 D [OMXB]  : usingANWBuffer: handle:0xee746310, format:1, w:1920, h:1080
05-27 18:38:35.109   299 30844 D EvsDriver: forwardFrame
05-27 18:38:35.110   299 30844 D EvsDriver: Delivered 0xb400007b7ca56900 as id 0
05-27 18:38:35.110  1167  1479 D evsmanagerd: /dev/video6 forwarded the buffer #0 to 0xb4000074bf5f5510 from 0xb4000074bf5f6d90
05-27 18:38:35.110 30773 30773 E dvr_service_: [myNum:1] Received S**** loss
05-27 18:38:35.110   299  1153 D EvsDriver: doneWithFrame
05-27 18:38:35.110   299 30841 D EvsDriver: forwardFrame
05-27 18:38:35.111   299 30841 D EvsDriver: Delivered 0xb400007b7ca56a60 as id 0
05-27 18:38:35.111  1167  1479 D evsmanagerd: /dev/video4 forwarded the buffer #0 to 0xb4000074bf5f6850 from 0xb4000074bf5f41d0
05-27 18:38:35.112 30773 30773 E dvr_service_: [myNum:0] Received S**** loss
05-27 18:38:35.112   299  1153 D EvsDriver: doneWithFrame
05-27 18:38:35.119   581   581 I SpiService: fgesysctrl_getGPIO_status success val=1
05-27 18:38:35.119   572   572 I Sensors : 230 GyroSensor: x:-0.011224,y:0.005497,z:0.002214
05-27 18:38:35.120 13911 14183 I SentryImuMcuAngleSender: 179.99298rollDeg
05-27 18:38:35.120 13911 14183 I SentryImuMcuAngleSender: 1,0,0
05-27 08:29:44.083   581   581 D spi_rst_gpio_get_output: GPIO 145 value: 1
05-27 08:29:44.083   581   581 D spidev_ioctl: gpio status=1)
05-27 18:38:35.124   581   581 I SpiService: fgesysctrl_getGPIO_status success val=1
05-27 08:29:44.089   581   581 D spi_rst_gpio_get_output: GPIO 145 value: 1
05-27 08:29:44.089   581   581 D spidev_ioctl: gpio status=1)
05-27 18:38:35.129   581   581 I SpiService: fgesysctrl_getGPIO_status success val=1
05-27 18:38:35.130  1008 30856 D [OMXB]  : usingANWBuffer: handle:0xee740bc0, format:1, w:1920, h:1080
05-27 08:29:44.094   581   581 D spi_rst_gpio_get_output: GPIO 145 value: 1
05-27 08:29:44.094   581   581 D spidev_ioctl: gpio status=1)
05-27 18:38:35.135   581   581 I SpiService: fgesysctrl_getGPIO_status success val=1
05-27 18:38:35.136  1083  1083 I MyAppLog: [2026-05-27 18:38:35.135 I tboxap mcuSendYadiTransfer:196] [Mcu] [mcuYadiSend]: :00 08 FE 04 01 09 81 02 01 01
05-27 08:29:44.099   581   581 D spi_rst_gpio_get_output: GPIO 145 value: 1
05-27 08:29:44.099   581   581 D spidev_ioctl: gpio status=1)
05-27 18:38:35.138   481   599 I mcuc    : start timer OK = 28671 
05-27 18:38:35.140   581   581 I SpiService: fgesysctrl_getGPIO_status success val=1
05-27 08:29:44.105   581   581 D spi_rst_gpio_get_output: GPIO 145 value: 1
05-27 08:29:44.105   581   581 D spidev_ioctl: gpio status=1)
05-27 18:38:35.141 13911 14183 I SentryImuMcuAngleSender: 179.99298rollDeg
05-27 18:38:35.141 13911 14183 I SentryImuMcuAngleSender: 1,0,0
05-27 18:38:35.144  1008 30857 D [OMXB]  : usingANWBuffer: handle:0xee743b30, format:1, w:1920, h:1080
05-27 18:38:35.145   299 30844 D EvsDriver: forwardFrame
05-27 18:38:35.145   299 30841 D EvsDriver: forwardFrame
05-27 18:38:35.146   581   581 I SpiService: fgesysctrl_getGPIO_status success val=0
05-27 18:38:35.146   481   597 I mcuc    : send SPI:6AA6016FFF00F80901FE0401098102010100000000000000000000000000000000000000000000000000000000000000000000000000000000000000000000000000000000000000000000000000000000000000000000000000000000000000000000000000000000000000000000000000000000000000000000000000000000000000000000000000000000000000000000000000000000000000000000000000000000000000000000000000000000000000000000000000000000000000000000000000000000000000000000000000000000000000000000000000000000000000000000000000000000000000000000000000000000000000000000FE
05-27 18:38:35.146   299 30844 D EvsDriver: Delivered 0xb400007b7ca56900 as id 0
05-27 18:38:35.146  1167  1479 D evsmanagerd: /dev/video6 forwarded the buffer #0 to 0xb4000074bf5f5510 from 0xb4000074bf5f6d90
05-27 08:29:44.110   581   581 D spi_rst_gpio_get_output: GPIO 145 value: 0
05-27 08:29:44.110   581   581 D spidev_ioctl: gpio status=0)
05-27 18:38:35.149   299  1153 D EvsDriver: doneWithFrame
05-27 18:38:35.150 13911 13911 I Sentinelmode_1.2.5.17_sentry: <SentinelCarServiceManager>sensorType:291504647
05-27 18:38:35.150  1167  1479 D evsmanagerd: /dev/video4 forwarded the buffer #0 to 0xb4000074bf5f6850 from 0xb4000074bf5f41d0
05-27 18:38:35.151   299 30841 D EvsDriver: Delivered 0xb400007b7ca56a60 as id 0
05-27 18:38:35.153   299  1153 D EvsDriver: doneWithFrame
05-27 18:38:35.155   536   536 D commservice260303: msg.id = 1028,1
