05-27 18:38:36.188   351   516 D automotive.vehicle@2.0-adayo-func-bcm: BCMFunc sendMessageFromVehicle_l prop: 0x21400105 ,areaId: 0x0  SPLITE_BIT_DATA_INTEGER : 0
05-27 18:38:36.188   351   516 D automotive.vehicle@2.0-adayo-func-bcm: BCMFunc sendMessageFromVehicle_l id:557842693, area:0 not report! 
05-27 18:38:36.194   581   581 I SpiService: fgesysctrl_getGPIO_status success val=1
05-27 18:38:36.195  1008 30856 D [OMXB]  : usingANWBuffer: handle:0xee744bb0, format:1, w:1920, h:1080
05-27 08:29:45.159   581   581 D spi_rst_gpio_get_output: GPIO 145 value: 1
05-27 08:29:45.159   581   581 D spidev_ioctl: gpio status=1)
05-27 18:38:36.197   536   536 D commservice260303: msg.id = 1028,1
05-27 18:38:36.197   536   536 D commservice260303: i = 170, msgid = 8A000404
05-27 18:38:36.197   536   536 D commservice260303: msgid = -1979710460,did=138
05-27 18:38:36.197   536   536 D commservice260303: CommProtocolLibCmdBaseI2C::dataproc {"command":{"id":"imu_status","sub":""},"content":{"TimeStamp":10,"FrameCounter":237562,"GD_X":-0.010841978713870049,"GD_Y":0.005420989356935024,"GD_Z":0.0021378109231591225,"AD_X":-6.809234619140625E-4,"AD_Y":-0.0012550922110676765,"AD_Z":-0.16582298278808594,"TempDsp":0,"Status":0,"CalibState":1,"SigAmpInvalid":0}},-1979710460
05-27 18:38:36.197   536   536 D commservice260303: send2Cluster len:318, 7B22636F6D6D616E64223A7B226964223A22696D755F737461747573222C22737562223A22227D2C22636F6E74656E74223A7B2254696D655374616D70223A31302C224672616D65436F756E746572223A3233373536322C2247445F58223A2D302E3031303834313937383731333837303034392C2247445F59223A302E3030353432303938393335363933353032342C2247445F5A223A302E303032313337383130393233313539313232352C2241445F58223A2D362E383039323334363139313430363235452D342C2241445F59223A2D302E303031323535303932323131303637363736352C2241445F5A223A2D302E31363538323239383237383830383539342C2254656D70447370223A302C22537461747573223A302C2243616C69625374617465223A312C22536967416D70496E76616C6964223A307D7D, 138 
05-27 08:29:45.165   581   581 D spi_rst_gpio_get_output: GPIO 145 value: 1
05-27 08:29:45.165   581   581 D spidev_ioctl: gpio status=1)
05-27 18:38:36.197   536   536 D commservice260303: Push Message into SendPool fn=-1830878464
05-27 18:38:36.197   536   536 D commservice260303: ComProtocolLibSend2Cluster::send2ClusterRaw fn=-1830878464 , len=334
05-27 18:38:36.197   536   536 D commservice260303: sendCmdToPort :334!!!
05-27 18:38:36.197   536   536 D commservice260303: send Cmd To Port ++++5AA5014A8A010003DF926A16C9AC7B22636F6D6D616E64223A7B226964223A22696D755F737461747573222C22737562223A22227D2C22636F6E74656E74223A7B2254696D655374616D70223A31302C224672616D65436F756E746572223A3233373536322C2247445F58223A2D302E3031303834313937383731333837303034392C2247445F59223A302E3030353432303938393335363933353032342C2247445F5A223A302E303032313337383130393233313539313232352C2241445F58223A2D362E383039323334363139313430363235452D342C2241445F59223A2D302E303031323535303932323131303637363736352C2241445F5A223A2D302E31363538323239383237383830383539342C2254656D70447370223A302C22537461747573223A302C2243616C69625374617465223A312C22536967416D70496E76616C6964223A307D7D9A2C
05-27 18:38:36.197   536   536 D commservice260303: bufferevent_write retrun value = 0
05-27 18:38:36.198   536   560 D commservice260303: client datas send succeed,send finish
05-27 18:38:36.198 13911 14192 D Sentinelmode_1.2.5.17_sentry: <SentryImuClusterFgeSender>imu_status sent to Linux, frame=237562, tsNs=10183440, tsMs=10, intervalMs=40, ad=(-6.8092346E-4,-0.0012550922,-0.16582298), gd=(-0.010841979,0.0054209894,0.002137811)
05-27 18:38:36.200   581   581 I SpiService: fgesysctrl_getGPIO_status success val=1
05-27 18:38:36.205 13911 14183 I SentryImuMcuAngleSender: 179.99298rollDeg
05-27 18:38:36.205 13911 14183 I SentryImuMcuAngleSender: 1,0,0
05-27 18:38:36.206   581   581 I SpiService: fgesysctrl_getGPIO_status success val=1
05-27 18:38:36.207   572   572 I Sensors : 230 AccelSensor: x:-0.168969,y:0.003050,z:-9.969840
05-27 08:29:45.170   581   581 D spi_rst_gpio_get_output: GPIO 145 value: 1
05-27 18:38:36.209  1008 30857 D [OMXB]  : usingANWBuffer: handle:0xee742ab0, format:1, w:1920, h:1080
05-27 08:29:45.170   581   581 D spidev_ioctl: gpio status=1)
05-27 18:38:36.211   581   581 I SpiService: fgesysctrl_getGPIO_status success val=0
05-27 18:38:36.211   481   597 I mcuc    : send SPI:6AA602CD1D00028900896AA60070020002060185
05-27 08:29:45.176   581   581 D spi_rst_gpio_get_output: GPIO 145 value: 0
05-27 08:29:45.176   581   581 D spidev_ioctl: gpio status=0)
05-27 18:38:36.218   299 30844 D EvsDriver: forwardFrame
05-27 18:38:36.218   299 30841 D EvsDriver: forwardFrame
05-27 18:38:36.220  1167  1479 D evsmanagerd: /dev/video6 forwarded the buffer #0 to 0xb4000074bf5f5510 from 0xb4000074bf5f6d90
05-27 18:38:36.220   299 30844 D EvsDriver: Delivered 0xb400007b7ca56900 as id 0
05-27 18:38:36.221  1167  1479 D evsmanagerd: /dev/video4 forwarded the buffer #0 to 0xb4000074bf5f6850 from 0xb4000074bf5f41d0
05-27 18:38:36.221   299 30841 D EvsDriver: Delivered 0xb400007b7ca56a60 as id 0
05-27 18:38:36.225   299  1153 D EvsDriver: doneWithFrame
05-27 18:38:36.225 30773 30786 I dvr_service_: CameraX 0  audioOK: 86336000,audios:1350
05-27 18:38:36.225   581   581 I SpiService: fgesysctrl_getGPIO_status success val=1
05-27 18:38:36.226   299  1163 D EvsDriver: doneWithFrame
05-27 18:38:36.226 13911 14183 I SentryImuMcuAngleSender: 179.98247rollDeg
05-27 18:38:36.227 13911 14183 I SentryImuMcuAngleSender: 1,0,0
05-27 08:29:45.190   581   581 D spi_rst_gpio_get_output: GPIO 145 value: 1
05-27 08:29:45.190     0     0 E         : c1 [    C1] |__c2e     mmc1:  641    0    0    0    0    0    0    0    0    0    0    0    0    0
05-27 08:29:45.190     0     0 E         : c1 [    C1] |__d2e     mmc1:  218    0    0    0    0    0    0    0    0    0    0    0    0    0
05-27 08:29:45.190     0     0 E         : c1 [    C1] |__blocks  mmc1:    0  173   32    8    2    3    0    0    0    0    0    0    0    0
05-27 08:29:45.190   581   581 D spidev_ioctl: gpio status=1)
05-27 08:29:45.190     0     0 E         : c1 [    C1] |__speed   mmc1: r= 0.0 M/s, w= 0.0 M/s, r_blk= 0, w_blk= 0
05-27 18:38:36.231   581   581 I SpiService: fgesysctrl_getGPIO_status success val=1
05-27 08:29:45.196   581   581 D spi_rst_gpio_get_output: GPIO 145 value: 1
05-27 08:29:45.196   581   581 D spidev_ioctl: gpio status=1)
05-27 18:38:36.237   581   581 I SpiService: fgesysctrl_getGPIO_status success val=1
05-27 08:29:45.201   581   581 D spi_rst_gpio_get_output: GPIO 145 value: 1
05-27 08:29:45.201   581   581 D spidev_ioctl: gpio status=1)
05-27 18:38:36.237   536   536 D commservice260303: msg.id = 1028,0
05-27 18:38:36.237   536   536 D commservice260303: i = 170, msgid = 8A000404
05-27 18:38:36.237   536   536 D commservice260303: msgid = -1979710460,did=138
05-27 18:38:36.237   536   536 D commservice260303: CommProtocolLibCmdBaseI2C::dataproc {"command":{"id":"imu_status","sub":""},"content":{"TimeStamp":10,"FrameCounter":237563,"GD_X":-0.01091896090656519,"GD_Y":0.005345047451555729,"GD_Z":0.002213752595707774,"AD_X":-0.0019040405750274658,"AD_Y":-3.724941052496433E-5,"AD_Z":-0.16460323333740234,"TempDsp":0,"Status":0,"CalibState":1,"SigAmpInvalid":0}},-1979710460
05-27 18:38:36.237   536   536 D commservice260303: send2Cluster len:316, 7B22636F6D6D616E64223A7B226964223A22696D755F737461747573222C22737562223A22227D2C22636F6E74656E74223A7B2254696D655374616D70223A31302C224672616D65436F756E746572223A3233373536332C2247445F58223A2D302E30313039313839363039303635363531392C2247445F59223A302E3030353334353034373435313535353732392C2247445F5A223A302E3030323231333735323539353730373737342C2241445F58223A2D302E303031393034303430353735303237343635382C2241445F59223A2D332E373234393431303532343936343333452D352C2241445F5A223A2D302E31363436303332333333333734303233342C2254656D70447370223A302C22537461747573223A302C2243616C69625374617465223A312C22536967416D70496E76616C6964223A307D7D, 138 
05-27 18:38:36.237   536   536 D commservice260303: Push Message into SendPool fn=-1814101248
05-27 18:38:36.237   536   536 D commservice260303: ComProtocolLibSend2Cluster::send2ClusterRaw fn=-1814101248 , len=332
05-27 18:38:36.237   536   536 D commservice260303: sendCmdToPort :332!!!
05-27 18:38:36.237   536   536 D commservice260303: send Cmd To Port ++++5AA501488A010003DF936A16C9AC7B22636F6D6D616E64223A7B226964223A22696D755F737461747573222C22737562223A22227D2C22636F6E74656E74223A7B2254696D655374616D70223A31302C224672616D65436F756E746572223A3233373536332C2247445F58223A2D302E30313039313839363039303635363531392C2247445F59223A302E3030353334353034373435313535353732392C2247445F5A223A302E3030323231333735323539353730373737342C2241445F58223A2D302E303031393034303430353735303237343635382C2241445F59223A2D332E373234393431303532343936343333452D352C2241445F5A223A2D302E31363436303332333333333734303233342C2254656D70447370223A302C22537461747573223A302C2243616C69625374617465223A312C22536967416D70496E76616C6964223A307D7D6360
05-27 18:38:36.237   536   536 D commservice260303: bufferevent_write retrun value = 0
05-27 18:38:36.237   536   560 D commservice260303: client datas send succeed,send finish
05-27 18:38:36.238 13911 14192 D Sentinelmode_1.2.5.17_sentry: <SentryImuClusterFgeSender>imu_status sent to Linux, frame=237563, tsNs=10183475, tsMs=10, intervalMs=40, ad=(-0.0019040406,-3.724941E-5,-0.16460323), gd=(-0.010918961,0.0053450475,0.0022137526)
05-27 18:38:36.240  1008 30857 D [OMXB]  : usingANWBuffer: handle:0xee742950, format:1, w:1920, h:1080
05-27 18:38:36.242   581   581 I SpiService: fgesysctrl_getGPIO_status success val=1
05-27 08:29:45.207   581   581 D spi_rst_gpio_get_output: GPIO 145 value: 1
05-27 08:29:45.207   581   581 D spidev_ioctl: gpio status=1)
05-27 18:38:36.244   536   560 D commservice260303: recv len:77, 5AA50049060000003B9D6A16C9AC7B22636F6D6D616E64223A7B226964223A226473695F6C7578222C22737562223A22227D2C22636F6E74656E74223A7B2276616C7565223A3230307D7DDABE from server
05-27 18:38:36.244   536  2578 D commservice260303: mcuDataAnalyzeHandle templen:77,len:77,pos:0, 5AA50049060000003B9D6A16C9AC7B22636F6D6D616E64223A7B226964223A226473695F6C7578222C22737562223A22227D2C22636F6E74656E74223A7B2276616C7565223A3230307D7DDABE 
05-27 18:38:36.244   536  2578 I commservice260303: checksumCal = 55998
05-27 18:38:36.244   536  2578 D commservice260303: CommProtocolLibCmdBaseC2I::dataproc {"command":{"id":"dsi_lux","sub":""},"content":{"value":200}},6
05-27 18:38:36.245  1083  1083 I MyAppLog: [2026-05-27 18:38:36.244 I tboxap mcuSendYadiTransfer:196] [Mcu] [mcuYadiSend]: :00 08 00 04 01 09 81 02 01 01
05-27 18:38:36.245   536  2578 D commservice260303: mcuCommMessageManager::notifyMsgToClient hwbinder OK
05-27 18:38:36.245   536  2578 D commservice260303: McuProtocolLibSend2Service::send2Service ret=1
05-27 18:38:36.245 12246 12440 D ivicomm_CommManager: fgeComServiceCallback: {"command":{"id":"dsi_lux","sub":""},"content":{"value":200}}
05-27 18:38:36.245 12246 12440 D ivicomm_CallbackManager: registerCallback DSI_LUX: {"value":200} mCommStateCallbackMap size:4
05-27 18:38:36.246 11579 11719 D NSLogUtils_VehicleService: L2A comm state: id=dsi_lux, value=200
05-27 18:38:36.246 11344  6590 D SystemUI_SystemSettingsControllerService: onCommState: commandID = dsi_lux; value = 200
05-27 18:38:36.247 13911 14183 I SentryImuMcuAngleSender: 179.99649rollDeg
05-27 18:38:36.247 13911 14183 I SentryImuMcuAngleSender: 1,0,0
05-27 18:38:36.247   481   599 I mcuc    : start timer OK = 28675 
05-27 18:38:36.248   581   581 I SpiService: fgesysctrl_getGPIO_status success val=1
05-27 08:29:45.213   581   581 D spi_rst_gpio_get_output: GPIO 145 value: 1
05-27 08:29:45.213   581   581 D spidev_ioctl: gpio status=1)
05-27 18:38:36.250   299 30841 D EvsDriver: forwardFrame
05-27 18:38:36.250   299 30844 D EvsDriver: forwardFrame
05-27 18:38:36.253   299 30844 D EvsDriver: Delivered 0xb400007b7ca56900 as id 0
05-27 18:38:36.253  1167  1479 D evsmanagerd: /dev/video6 forwarded the buffer #0 to 0xb4000074bf5f5510 from 0xb4000074bf5f6d90
05-27 18:38:36.254  1167  1479 D evsmanagerd: /dev/video4 forwarded the buffer #0 to 0xb4000074bf5f6850 from 0xb4000074bf5f41d0
05-27 18:38:36.254   581   581 I SpiService: fgesysctrl_getGPIO_status success val=0
05-27 18:38:36.254   299 30841 D EvsDriver: Delivered 0xb400007b7ca56a60 as id 0
05-27 18:38:36.254   481   597 I mcuc    : send SPI:6AA601700300F80901000401098102010100000000000000000000000000000000000000000000000000000000000000000000000000000000000000000000000000000000000000000000000000000000000000000000000000000000000000000000000000000000000000000000000000000000000000000000000000000000000000000000000000000000000000000000000000000000000000000000000000000000000000000000000000000000000000000000000000000000000000000000000000000000000000000000000000000000000000000000000000000000000000000000000000000000000000000000000000000000000000000000F7
05-27 18:38:36.257   299  1163 D EvsDriver: doneWithFrame
05-27 08:29:45.218   581   581 D spi_rst_gpio_get_output: GPIO 145 value: 0
05-27 08:29:45.218   581   581 D spidev_ioctl: gpio status=0)
05-27 18:38:36.259   299  1153 D EvsDriver: doneWithFrame
05-27 18:38:36.261  1008 30856 D [OMXB]  : usingANWBuffer: handle:0xee742270, format:1, w:1920, h:1080
05-27 18:38:36.269 13911 14183 I SentryImuMcuAngleSender: -179.99298rollDeg
05-27 18:38:36.269 13911 14183 I SentryImuMcuAngleSender: 1,0,0
05-27 18:38:36.271   283   307 I rvcservice: t.code = 2, t.value = 9973500
05-27 18:38:36.274   581   581 I SpiService: fgesysctrl_getGPIO_status success val=1
05-27 18:38:36.275  1008 30857 D [OMXB]  : usingANWBuffer: handle:0xee7444d0, format:1, w:1920, h:1080
05-27 08:29:45.238   581   581 D spi_rst_gpio_get_output: GPIO 145 value: 1
05-27 08:29:45.238   581   581 D spidev_ioctl: gpio status=1)
05-27 18:38:36.277   536   536 D commservice260303: msg.id = 1028,0
05-27 18:38:36.277   536   536 D commservice260303: i = 170, msgid = 8A000404
05-27 18:38:36.277   536   536 D commservice260303: msgid = -1979710460,did=138
05-27 18:38:36.277   536   536 D commservice260303: CommProtocolLibCmdBaseI2C::dataproc {"command":{"id":"imu_status","sub":""},"content":{"TimeStamp":10,"FrameCounter":237564,"GD_X":-0.011300750076770782,"GD_Y":0.005420989356935024,"GD_Z":0.0019848872907459736,"AD_X":-6.98477029800415E-4,"AD_Y":-0.003679427783936262,"AD_Z":-0.1682596206665039,"TempDsp":0,"Status":0,"CalibState":1,"SigAmpInvalid":0}},-1979710460
05-27 18:38:36.277   536   536 D commservice260303: send2Cluster len:315, 7B22636F6D6D616E64223A7B226964223A22696D755F737461747573222C22737562223A22227D2C22636F6E74656E74223A7B2254696D655374616D70223A31302C224672616D65436F756E746572223A3233373536342C2247445F58223A2D302E3031313330303735303037363737303738322C2247445F59223A302E3030353432303938393335363933353032342C2247445F5A223A302E303031393834383837323930373435393733362C2241445F58223A2D362E3938343737303239383030343135452D342C2241445F59223A2D302E3030333637393432373738333933363236322C2241445F5A223A2D302E313638323539363230363636353033392C2254656D70447370223A302C22537461747573223A302C2243616C69625374617465223A312C22536967416D70496E76616C6964223A307D7D, 138 
05-27 18:38:36.277   536   536 D commservice260303: Push Message into SendPool fn=-1797324032
05-27 18:38:36.278   536   536 D commservice260303: ComProtocolLibSend2Cluster::send2ClusterRaw fn=-1797324032 , len=331
05-27 18:38:36.278   536   536 D commservice260303: sendCmdToPort :331!!!
05-27 18:38:36.278   536   536 D commservice260303: send Cmd To Port ++++5AA501478A010003DF946A16C9AC7B22636F6D6D616E64223A7B226964223A22696D755F737461747573222C22737562223A22227D2C22636F6E74656E74223A7B2254696D655374616D70223A31302C224672616D65436F756E746572223A3233373536342C2247445F58223A2D302E3031313330303735303037363737303738322C2247445F59223A302E3030353432303938393335363933353032342C2247445F5A223A302E303031393834383837323930373435393733362C2241445F58223A2D362E3938343737303239383030343135452D342C2241445F59223A2D302E3030333637393432373738333933363236322C2241445F5A223A2D302E313638323539363230363636353033392C2254656D70447370223A302C22537461747573223A302C2243616C69625374617465223A312C22536967416D70496E76616C6964223A307D7DF766
05-27 18:38:36.278   536   536 D commservice260303: bufferevent_write retrun value = 0
05-27 18:38:36.278   536   560 D commservice260303: client datas send succeed,send finish
05-27 18:38:36.278 13911 14192 D Sentinelmode_1.2.5.17_sentry: <SentryImuClusterFgeSender>imu_status sent to Linux, frame=237564, tsNs=10183511, tsMs=10, intervalMs=41, ad=(-6.9847703E-4,-0.0036794278,-0.16825962), gd=(-0.01130075,0.0054209894,0.0019848873)
05-27 18:38:36.279   581   581 I SpiService: fgesysctrl_getGPIO_status success val=1
05-27 08:29:45.244   581   581 D spi_rst_gpio_get_output: GPIO 145 value: 1
05-27 08:29:45.244   581   581 D spidev_ioctl: gpio status=1)
05-27 18:38:36.285   581   581 I SpiService: fgesysctrl_getGPIO_status success val=1
05-27 18:38:36.285   299 30841 D EvsDriver: forwardFrame
05-27 18:38:36.287   299 30841 D EvsDriver: Delivered 0xb400007b7ca56a60 as id 0
05-27 18:38:36.287  1167  1479 D evsmanagerd: /dev/video4 forwarded the buffer #0 to 0xb4000074bf5f6850 from 0xb4000074bf5f41d0
05-27 18:38:36.287 30773 30782 I dvr_service_: [myNum:0][onFrameReceived] Received Surface:1 0
05-27 18:38:36.287 30773 30782 E dvr_service_: [myNum:0] Received S**** loss
05-27 18:38:36.287   299  1153 D EvsDriver: doneWithFrame
05-27 08:29:45.249   581   581 D spi_rst_gpio_get_output: GPIO 145 value: 1
05-27 08:29:45.249   581   581 D spidev_ioctl: gpio status=1)
05-27 18:38:36.289   299 30844 D EvsDriver: forwardFrame
05-27 18:38:36.289 13911 14183 I SentryImuMcuAngleSender: -179.98949rollDeg
05-27 18:38:36.289 13911 14183 I SentryImuMcuAngleSender: 1,0,0
05-27 18:38:36.290   581   581 I SpiService: fgesysctrl_getGPIO_status success val=0
05-27 18:38:36.291   299 30844 D EvsDriver: Delivered 0xb400007b7ca56900 as id 0
05-27 18:38:36.291  1167  1479 D evsmanagerd: /dev/video6 forwarded the buffer #0 to 0xb4000074bf5f5510 from 0xb4000074bf5f6d90
05-27 18:38:36.291 30773 30782 I dvr_service_: [myNum:1][onFrameReceived] Received Surface:1 0
05-27 18:38:36.291 30773 30782 E dvr_service_: [myNum:1] Received S**** loss
05-27 18:38:36.291   299  1153 D EvsDriver: doneWithFrame
05-27 08:29:45.255   581   581 D spi_rst_gpio_get_output: GPIO 145 value: 0
05-27 08:29:45.255   581   581 D spidev_ioctl: gpio status=0)
05-27 18:38:36.294  1008 30856 D [OMXB]  : usingANWBuffer: handle:0xee7435b0, format:1, w:1920, h:1080
05-27 18:38:36.297   572   622 I Sensors : 230 GyroSensor: x:-0.011606,y:0.005268,z:0.002367
05-27 18:38:36.302   481   598 I mcuc    : rev,n=1,6AA682700300020901FF
05-27 18:38:36.305   581   581 I SpiService: fgesysctrl_getGPIO_status success val=1
05-27 08:29:45.269   581   581 D spi_rst_gpio_get_output: GPIO 145 value: 1
05-27 08:29:45.269   581   581 D spidev_ioctl: gpio status=1)
05-27 18:38:36.310 13911 14183 I SentryImuMcuAngleSender: 180.0rollDeg
05-27 18:38:36.310 13911 14183 I SentryImuMcuAngleSender: 1,0,0
05-27 18:38:36.310   581   581 I SpiService: fgesysctrl_getGPIO_status success val=1
05-27 18:38:36.310  1008 30857 D [OMXB]  : usingANWBuffer: handle:0xee744210, format:1, w:1920, h:1080
05-27 18:38:36.311   299 30841 D EvsDriver: forwardFrame
05-27 18:38:36.312   299 30841 D EvsDriver: Delivered 0xb400007b7ca56a60 as id 0
05-27 18:38:36.312  1167  1479 D evsmanagerd: /dev/video4 forwarded the buffer #0 to 0xb4000074bf5f6850 from 0xb4000074bf5f41d0
05-27 08:29:45.275   581   581 D spi_rst_gpio_get_output: GPIO 145 value: 1
05-27 08:29:45.275   581   581 D spidev_ioctl: gpio status=1)
05-27 18:38:36.313   299 30844 D EvsDriver: forwardFrame
05-27 18:38:36.314   299 30844 D EvsDriver: Delivered 0xb400007b7ca56900 as id 0
05-27 18:38:36.314  1167  1479 D evsmanagerd: /dev/video6 forwarded the buffer #0 to 0xb4000074bf5f5510 from 0xb4000074bf5f6d90
05-27 18:38:36.315   299  1153 D EvsDriver: doneWithFrame
05-27 18:38:36.316   581   581 I SpiService: fgesysctrl_getGPIO_status success val=1
05-27 08:29:45.280   581   581 D spi_rst_gpio_get_output: GPIO 145 value: 1
05-27 08:29:45.280   581   581 D spidev_ioctl: gpio status=1)
05-27 18:38:36.317   299  1153 D EvsDriver: doneWithFrame
05-27 18:38:36.317   536   536 D commservice260303: msg.id = 1028,0
05-27 18:38:36.317   536   536 D commservice260303: i = 170, msgid = 8A000404
05-27 18:38:36.318   536   536 D commservice260303: msgid = -1979710460,did=138
05-27 18:38:36.318   536   536 D commservice260303: CommProtocolLibCmdBaseI2C::dataproc {"command":{"id":"imu_status","sub":""},"content":{"TimeStamp":10,"FrameCounter":237565,"GD_X":-0.011377211660146713,"GD_Y":0.006032164208590984,"GD_Z":0.002213752595707774,"AD_X":-0.001934841275215149,"AD_Y":2.637738361954689E-6,"AD_Z":-0.1688680648803711,"TempDsp":0,"Status":0,"CalibState":1,"SigAmpInvalid":0}},-1979710460
05-27 18:38:36.318   536   536 D commservice260303: send2Cluster len:314, 7B22636F6D6D616E64223A7B226964223A22696D755F737461747573222C22737562223A22227D2C22636F6E74656E74223A7B2254696D655374616D70223A31302C224672616D65436F756E746572223A3233373536352C2247445F58223A2D302E3031313337373231313636303134363731332C2247445F59223A302E3030363033323136343230383539303938342C2247445F5A223A302E3030323231333735323539353730373737342C2241445F58223A2D302E3030313933343834313237353231353134392C2241445F59223A322E363337373338333631393534363839452D362C2241445F5A223A2D302E313638383638303634383830333731312C2254656D70447370223A302C22537461747573223A302C2243616C69625374617465223A312C22536967416D70496E76616C6964223A307D7D, 138 
05-27 18:38:36.318   536   536 D commservice260303: Push Message into SendPool fn=-1780546816
05-27 18:38:36.318   536   536 D commservice260303: ComProtocolLibSend2Cluster::send2ClusterRaw fn=-1780546816 , len=330
05-27 18:38:36.318   536   536 D commservice260303: sendCmdToPort :330!!!
05-27 18:38:36.318   536   536 D commservice260303: send Cmd To Port ++++5AA501468A010003DF956A16C9AC7B22636F6D6D616E64223A7B226964223A22696D755F737461747573222C22737562223A22227D2C22636F6E74656E74223A7B2254696D655374616D70223A31302C224672616D65436F756E746572223A3233373536352C2247445F58223A2D302E3031313337373231313636303134363731332C2247445F59223A302E3030363033323136343230383539303938342C2247445F5A223A302E3030323231333735323539353730373737342C2241445F58223A2D302E3030313933343834313237353231353134392C2241445F59223A322E363337373338333631393534363839452D362C2241445F5A223A2D302E313638383638303634383830333731312C2254656D70447370223A302C22537461747573223A302C2243616C69625374617465223A312C22536967416D70496E76616C6964223A307D7D597D
05-27 18:38:36.318   536   536 D commservice260303: bufferevent_write retrun value = 0
05-27 18:38:36.318 13911 14192 D Sentinelmode_1.2.5.17_sentry: <SentryImuClusterFgeSender>imu_status sent to Linux, frame=237565, tsNs=10183565, tsMs=10, intervalMs=40, ad=(-0.0019348413,2.6377384E-6,-0.16886806), gd=(-0.011377212,0.006032164,0.0022137526)
05-27 18:38:36.318   536   560 D commservice260303: client datas send succeed,send finish
05-27 18:38:36.321   581   581 I SpiService: fgesysctrl_getGPIO_status success val=1
05-27 18:38:36.322 15286 25174 D okhttp.TaskRunner: Q10007 scheduled after   0 µs: OkHttp ConnectionPool
05-27 18:38:36.323 15286 21720 D okhttp.TaskRunner: Q10007 starting              : OkHttp ConnectionPool
05-27 18:38:36.323 15286 21720 D okhttp.TaskRunner: Q10007 run again after 300 s : OkHttp ConnectionPool
05-27 18:38:36.323 15286 21720 D okhttp.TaskRunner: Q10007 finished run in 367 µs: OkHttp ConnectionPool
05-27 18:38:36.324 15286 24010 D okhttp.TaskRunner: Q10007 scheduled after   0 µs: OkHttp ConnectionPool
05-27 18:38:36.324 15286 21720 D okhttp.TaskRunner: Q10007 starting              : OkHttp ConnectionPool
05-27 18:38:36.325 15286 21720 D okhttp.TaskRunner: Q10007 run again after 300 s : OkHttp ConnectionPool
05-27 18:38:36.325 15286 21720 D okhttp.TaskRunner: Q10007 finished run in 268 µs: OkHttp ConnectionPool
05-27 08:29:45.286   581   581 D spi_rst_gpio_get_output: GPIO 145 value: 1
05-27 08:29:45.286   581   581 D spidev_ioctl: gpio status=1)
05-27 18:38:36.327   581   581 I SpiService: fgesysctrl_getGPIO_status success val=1
05-27 08:29:45.291   581   581 D spi_rst_gpio_get_output: GPIO 145 value: 1
05-27 08:29:45.291   581   581 D spidev_ioctl: gpio status=1)
05-27 18:38:36.329 13911 14183 I SentryImuMcuAngleSender: 179.98598rollDeg
05-27 18:38:36.329 13911 14183 I SentryImuMcuAngleSender: 1,0,0
05-27 18:38:36.332   581   581 I SpiService: fgesysctrl_getGPIO_status success val=0
05-27 08:29:45.297   581   581 D spi_rst_gpio_get_output: GPIO 145 value: 0
05-27 08:29:45.297   581   581 D spidev_ioctl: gpio status=0)
05-27 18:38:36.338 10188 11505 E SSense.fps: We could not find the file :/sys/class/display/dispc0/frame_count
05-27 18:38:36.339   299 30844 D EvsDriver: forwardFrame
05-27 18:38:36.340   299 30844 D EvsDriver: Delivered 0xb400007b7ca56900 as id 0
05-27 18:38:36.340  1167  1479 D evsmanagerd: /dev/video6 forwarded the buffer #0 to 0xb4000074bf5f5510 from 0xb4000074bf5f6d90
05-27 18:38:36.343   299  1153 D EvsDriver: doneWithFrame
05-27 18:38:36.346   581   581 I SpiService: fgesysctrl_getGPIO_status success val=1
05-27 08:29:45.311   581   581 D spi_rst_gpio_get_output: GPIO 145 value: 1
05-27 08:29:45.311   581   581 D spidev_ioctl: gpio status=1)
05-27 18:38:36.350  1008 30856 D [OMXB]  : usingANWBuffer: handle:0xee7412a0, format:1, w:1920, h:1080
05-27 08:29:45.317   581   581 D spi_rst_gpio_get_output: GPIO 145 value: 1
05-27 08:29:45.317   581   581 D spidev_ioctl: gpio status=1)
05-27 18:38:36.350 13911 14183 I SentryImuMcuAngleSender: 179.98248rollDeg
05-27 18:38:36.350 13911 14183 I SentryImuMcuAngleSender: 1,0,0
05-27 18:38:36.350   299 30841 D EvsDriver: forwardFrame
05-27 18:38:36.352   581   581 I SpiService: fgesysctrl_getGPIO_status success val=1
05-27 18:38:36.356   299 30841 D EvsDriver: Delivered 0xb400007b7ca56a60 as id 0
05-27 18:38:36.356  1167  1479 D evsmanagerd: /dev/video4 forwarded the buffer #0 to 0xb4000074bf5f6850 from 0xb4000074bf5f41d0
05-27 18:38:36.358   536   536 D commservice260303: msg.id = 1028,0
05-27 18:38:36.358   536   536 D commservice260303: i = 170, msgid = 8A000404
05-27 18:38:36.358   536   536 D commservice260303: msgid = -1979710460,did=138
05-27 18:38:36.358   536   536 D commservice260303: CommProtocolLibCmdBaseI2C::dataproc {"command":{"id":"imu_status","sub":""},"content":{"TimeStamp":10,"FrameCounter":237566,"GD_X":-0.011987865902483463,"GD_Y":0.005420989356935024,"GD_Z":0.00259606190957129,"AD_X":-0.0019405633211135864,"AD_Y":-6.073463009670377E-4,"AD_Z":-0.1658182144165039,"TempDsp":0,"Status":0,"CalibState":1,"SigAmpInvalid":0}},-1979710460
05-27 18:38:36.358   536   536 D commservice260303: send2Cluster len:315, 7B22636F6D6D616E64223A7B226964223A22696D755F737461747573222C22737562223A22227D2C22636F6E74656E74223A7B2254696D655374616D70223A31302C224672616D65436F756E746572223A3233373536362C2247445F58223A2D302E3031313938373836353930323438333436332C2247445F59223A302E3030353432303938393335363933353032342C2247445F5A223A302E30303235393630363139303935373132392C2241445F58223A2D302E303031393430353633333231313133353836342C2241445F59223A2D362E303733343633303039363730333737452D342C2241445F5A223A2D302E313635383138323134343136353033392C2254656D70447370223A302C22537461747573223A302C2243616C69625374617465223A312C22536967416D70496E76616C6964223A307D7D, 138 
05-27 18:38:36.358   581   581 I SpiService: fgesysctrl_getGPIO_status success val=1
05-27 18:38:36.358   536   536 D commservice260303: Push Message into SendPool fn=-1763769600
05-27 18:38:36.358   536   536 D commservice260303: ComProtocolLibSend2Cluster::send2ClusterRaw fn=-1763769600 , len=331
05-27 18:38:36.358   536   536 D commservice260303: sendCmdToPort :331!!!
05-27 18:38:36.358   536   536 D commservice260303: send Cmd To Port ++++5AA501478A010003DF966A16C9AC7B22636F6D6D616E64223A7B226964223A22696D755F737461747573222C22737562223A22227D2C22636F6E74656E74223A7B2254696D655374616D70223A31302C224672616D65436F756E746572223A3233373536362C2247445F58223A2D302E3031313938373836353930323438333436332C2247445F59223A302E3030353432303938393335363933353032342C2247445F5A223A302E30303235393630363139303935373132392C2241445F58223A2D302E303031393430353633333231313133353836342C2241445F59223A2D362E303733343633303039363730333737452D342C2241445F5A223A2D302E313635383138323134343136353033392C2254656D70447370223A302C22537461747573223A302C2243616C69625374617465223A312C22536967416D70496E76616C6964223A307D7DC7A7
05-27 18:38:36.358   536   536 D commservice260303: bufferevent_write retrun value = 0
05-27 18:38:36.358   536   560 D commservice260303: client datas send succeed,send finish
05-27 18:38:36.358  1008 30857 D [OMXB]  : usingANWBuffer: handle:0xee743ea0, format:1, w:1920, h:1080
05-27 18:38:36.358   299  1153 D EvsDriver: doneWithFrame
05-27 18:38:36.359 13911 14192 D Sentinelmode_1.2.5.17_sentry: <SentryImuClusterFgeSender>imu_status sent to Linux, frame=237566, tsNs=10183600, tsMs=10, intervalMs=40, ad=(-0.0019405633,-6.073463E-4,-0.16581821), gd=(-0.011987866,0.0054209894,0.002596062)
05-27 08:29:45.323   581   581 D spi_rst_gpio_get_output: GPIO 145 value: 1
05-27 08:29:45.323   581   581 D spidev_ioctl: gpio status=1)
05-27 18:38:36.364   581   581 I SpiService: fgesysctrl_getGPIO_status success val=1
05-27 08:29:45.328   581   581 D spi_rst_gpio_get_output: GPIO 145 value: 1
05-27 08:29:45.328   581   581 D spidev_ioctl: gpio status=1)
05-27 18:38:36.369   581   581 I SpiService: fgesysctrl_getGPIO_status success val=1
05-27 18:38:36.370   299 30841 D EvsDriver: forwardFrame
05-27 18:38:36.371 13911 14183 I SentryImuMcuAngleSender: 179.98598rollDeg
05-27 18:38:36.371 13911 14183 I SentryImuMcuAngleSender: 1,0,0
05-27 18:38:36.371   299 30841 D EvsDriver: Delivered 0xb400007b7ca56a60 as id 0
05-27 18:38:36.371  1167  1479 D evsmanagerd: /dev/video4 forwarded the buffer #0 to 0xb4000074bf5f6850 from 0xb4000074bf5f41d0
05-27 18:38:36.371   283   307 I rvcservice: t.code = 3, t.value = 0
05-27 08:29:45.334   581   581 D spi_rst_gpio_get_output: GPIO 145 value: 1
05-27 08:29:45.334   581   581 D spidev_ioctl: gpio status=1)
05-27 18:38:36.374   299  1153 D EvsDriver: doneWithFrame
05-27 18:38:36.375   581   581 I SpiService: fgesysctrl_getGPIO_status success val=0
05-27 08:29:45.339   581   581 D spi_rst_gpio_get_output: GPIO 145 value: 0
05-27 08:29:45.339   581   581 D spidev_ioctl: gpio status=0)
05-27 18:38:36.378   299 30844 D EvsDriver: forwardFrame
05-27 18:38:36.380   299 30844 D EvsDriver: Delivered 0xb400007b7ca56900 as id 0
05-27 18:38:36.381  1167  1479 D evsmanagerd: /dev/video6 forwarded the buffer #0 to 0xb4000074bf5f5510 from 0xb4000074bf5f6d90
05-27 18:38:36.384   299  1153 D EvsDriver: doneWithFrame
05-27 18:38:36.387   481   598 I mcuc    : rev,n=1,6AA681CD1E000A89005601040920123456E1
05-27 18:38:36.387   351   373 D automotive.vehicle@2.0-adayo-datacomm-mcu: MCUDatacomm sendMessageFromVehicle prop: 0x89, areaId: 0x0, status: 0x56, timestamp: 0x1
05-27 18:38:36.387  1121  1144 I tboxmids_ap: [2026-05-27 18:38:36.387] [MCU RX] src=MCU dst=ZMQ len=10 type=BINARY data=00 08 56 01 04 09 20 12 34 56 
05-27 18:38:36.387   351   373 D automotive.vehicle@2.0-adayo-datacomm-mcu: MCUDatacomm 1sendMessageFromVehicle ---> type = 12 
05-27 18:38:36.388  1083  1083 I MyAppLog: [2026-05-27 18:38:36.388 I tboxap mcuCommTboxmidsRecvCb:97] [Mcu] [mcuCommTboxmidsRecvCb] recv from tboxmids, size:10
05-27 18:38:36.389  1083  1083 I MyAppLog: [2026-05-27 18:38:36.388 I tboxap mcuCommTboxmidsRecvCb:98] [Mcu] [tboxmids -> tboxap]: :00 08 56 01 04 09 20 12 34 56
05-27 18:38:36.389  1083  1083 W MyAppLog: [2026-05-27 18:38:36.388 W tboxap mcuParamDataRevPack:918] [Mcu] mcuParamDataRevPack start pack data!!!
05-27 18:38:36.389  1083  1083 I MyAppLog: [2026-05-27 18:38:36.388 I tboxap mcuPtlParseData:990] [Mcu] [Mcu  Parse]: (cmd):0920 (param):123456
05-27 18:38:36.389  1083  1083 W MyAppLog: [2026-05-27 18:38:36.388 W tboxap mcuHandleTrigAlarmInd:1906] [Mcu] [mcuHandleTrigAlarmInd] trig alarm rpt, msgId:0x0200 alarmType:0x12 12VBatt:0x34
05-27 18:38:36.389  1083  1083 I MyAppLog: [2026-05-27 18:38:36.388 I tboxap mcuSendYadiTransfer:196] [Mcu] [mcuYadiSend]: :00 06 01 04 01 09 A0 01
05-27 18:38:36.389  1083  1083 W MyAppLog: [2026-05-27 18:38:36.388 W tboxap tsp_ExternalEvent:109] [Tsp] [tsp_ExternalEvent] recv ExternalEvent = 61, size:4
05-27 18:38:36.389  1083  1083 W MyAppLog: [2026-05-27 18:38:36.388 W tboxap tsp_TrigAlarmFilter:621] [Tsp] [tsp_TrigAlarmFilter] bit[1] check start: isActive:1 wasActive:1 lastReport:1779875391 delta:2925 severeCnt:0 severeDelta:-1
05-27 18:38:36.389  1083  1083 W MyAppLog: [2026-05-27 18:38:36.388 W tboxap tsp_TrigAlarmFilter:668] [Tsp] [tsp_TrigAlarmFilter] bit[1] check done: allow:0 outAlarmType:0x00 outBatt:0x00
05-27 18:38:36.389  1083  1083 W MyAppLog: [2026-05-27 18:38:36.388 W tboxap tsp_TrigAlarmFilter:621] [Tsp] [tsp_TrigAlarmFilter] bit[10] check start: isActive:1 wasActive:1 lastReport:1779875391 delta:2925 severeCnt:0 severeDelta:-1
05-27 18:38:36.389  1083  1083 W MyAppLog: [2026-05-27 18:38:36.388 W tboxap tsp_TrigAlarmFilter:668] [Tsp] [tsp_TrigAlarmFilter] bit[10] check done: allow:0 outAlarmType:0x00 outBatt:0x00
05-27 18:38:36.389  1083  1083 W MyAppLog: [2026-05-27 18:38:36.388 W tboxap tsp_TrigAlarmFilter:677] [Tsp] [tsp_TrigAlarmFilter] input alarmType:0x02 batt:0x04 output alarmType:0x00 batt:0x00 severeCnt:0
05-27 18:38:36.390   581   581 I SpiService: fgesysctrl_getGPIO_status success val=1
05-27 18:38:36.391   481   599 I mcuc    : start timer OK = 28676 
05-27 18:38:36.391   566 11459 I gps_hdbd: Received: '$GNGGA,005427.000,,,,,0,00,,,M,,M,,*62
'
05-27 18:38:36.392 13911 14183 I SentryImuMcuAngleSender: 179.97899rollDeg
05-27 18:38:36.392   566 11459 I gps_hdbd: Received: '$GNGSA,A,1,,,,,,,,,,,,,,,,1*1D
'
05-27 18:38:36.392 13911 14183 I SentryImuMcuAngleSender: 1,0,0
05-27 08:29:45.354   581   581 D spi_rst_gpio_get_output: GPIO 145 value: 1
05-27 08:29:45.354   581   581 D spidev_ioctl: gpio status=1)
05-27 18:38:36.393  1008 30856 D [OMXB]  : usingANWBuffer: handle:0xee7442c0, format:1, w:1920, h:1080
05-27 18:38:36.396   581   581 I SpiService: fgesysctrl_getGPIO_status success val=1
05-27 08:29:45.360   581   581 D spi_rst_gpio_get_output: GPIO 145 value: 1
05-27 08:29:45.360   581   581 D spidev_ioctl: gpio status=1)
05-27 18:38:36.398   566 11459 I gps_hdbd: Received: '$GNGSA,A,1,,,,,,,,,,,,,,,,3*1F
'
05-27 18:38:36.399   536   536 D commservice260303: msg.id = 1028,1
05-27 18:38:36.399   536   536 D commservice260303: i = 170, msgid = 8A000404
05-27 18:38:36.399   536   536 D commservice260303: msgid = -1979710460,did=138
05-27 18:38:36.399   536   536 D commservice260303: CommProtocolLibCmdBaseI2C::dataproc {"command":{"id":"imu_status","sub":""},"content":{"TimeStamp":10,"FrameCounter":237567,"GD_X":-0.01221725158393383,"GD_Y":0.005879240110516548,"GD_Z":0.002213752595707774,"AD_X":-0.0031590908765792847,"AD_Y":0.0012185592204332352,"AD_Z":-0.1694784164428711,"TempDsp":0,"Status":0,"CalibState":1,"SigAmpInvalid":0}},-1979710460
05-27 18:38:36.399   536   536 D commservice260303: send2Cluster len:315, 7B22636F6D6D616E64223A7B226964223A22696D755F737461747573222C22737562223A22227D2C22636F6E74656E74223A7B2254696D655374616D70223A31302C224672616D65436F756E746572223A3233373536372C2247445F58223A2D302E30313232313732353135383339333338332C2247445F59223A302E3030353837393234303131303531363534382C2247445F5A223A302E3030323231333735323539353730373737342C2241445F58223A2D302E303033313539303930383736353739323834372C2241445F59223A302E303031323138353539323230343333323335322C2241445F5A223A2D302E313639343738343136343432383731312C2254656D70447370223A302C22537461747573223A302C2243616C69625374617465223A312C22536967416D70496E76616C6964223A307D7D, 138 
05-27 18:38:36.399   536   536 D commservice260303: Push Message into SendPool fn=-1746992384
05-27 18:38:36.399   536   536 D commservice260303: ComProtocolLibSend2Cluster::send2ClusterRaw fn=-1746992384 , len=331
05-27 18:38:36.399   536   536 D commservice260303: sendCmdToPort :331!!!
05-27 18:38:36.399   536   536 D commservice260303: send Cmd To Port ++++5AA501478A010003DF976A16C9AC7B22636F6D6D616E64223A7B226964223A22696D755F737461747573222C22737562223A22227D2C22636F6E74656E74223A7B2254696D655374616D70223A31302C224672616D65436F756E746572223A3233373536372C2247445F58223A2D302E30313232313732353135383339333338332C2247445F59223A302E3030353837393234303131303531363534382C2247445F5A223A302E3030323231333735323539353730373737342C2241445F58223A2D302E303033313539303930383736353739323834372C2241445F59223A302E303031323138353539323230343333323335322C2241445F5A223A2D302E313639343738343136343432383731312C2254656D70447370223A302C22537461747573223A302C2243616C69625374617465223A312C22536967416D70496E76616C6964223A307D7D6EE7
05-27 18:38:36.399   536   536 D commservice260303: bufferevent_write retrun value = 0
05-27 18:38:36.399   536   560 D commservice260303: client datas send succeed,send finish
05-27 18:38:36.399 13911 14192 D Sentinelmode_1.2.5.17_sentry: <SentryImuClusterFgeSender>imu_status sent to Linux, frame=237567, tsNs=10183636, tsMs=10, intervalMs=41, ad=(-0.0031590909,0.0012185592,-0.16947842), gd=(-0.012217252,0.00587924,0.0022137526)
05-27 18:38:36.400   566 11459 I gps_hdbd: Received: '$GNGSA,A,1,,,,,,,,,,,,,,,,4*18
'
05-27 18:38:36.400   566 11459 I gps_hdbd: Received: '$BDGSV,1,1,00,1*75
'
05-27 18:38:36.401  1008 30857 D [OMXB]  : usingANWBuffer: handle:0xee746310, format:1, w:1920, h:1080
05-27 18:38:36.401   581   581 I SpiService: fgesysctrl_getGPIO_status success val=1
05-27 18:38:36.403   299 30844 D EvsDriver: forwardFrame
05-27 08:29:45.366   581   581 D spi_rst_gpio_get_output: GPIO 145 value: 1
05-27 08:29:45.366   581   581 D spidev_ioctl: gpio status=1)
05-27 18:38:36.405   299 30844 D EvsDriver: Delivered 0xb400007b7ca56900 as id 0
05-27 18:38:36.405   566 11459 I gps_hdbd: Received: '$BDGSV,1,1,00,5*71
'
05-27 18:38:36.405  1167  1479 D evsmanagerd: /dev/video6 forwarded the buffer #0 to 0xb4000074bf5f5510 from 0xb4000074bf5f6d90
05-27 18:38:36.405   572   572 I Sensors : 230 AccelSensor: x:-0.168360,y:0.003050,z:-9.973500
05-27 18:38:36.407   581   581 I SpiService: fgesysctrl_getGPIO_status success val=1
05-27 18:38:36.407   299  1153 D EvsDriver: doneWithFrame
05-27 18:38:36.408   299 30841 D EvsDriver: forwardFrame
05-27 08:29:45.371   581   581 D spi_rst_gpio_get_output: GPIO 145 value: 1
05-27 08:29:45.371   581   581 D spidev_ioctl: gpio status=1)
05-27 18:38:36.410   566 11459 I gps_hdbd: Received: '$GPGSV,1,1,01,199,42,165,,1*60
'
05-27 18:38:36.411   299 30841 D EvsDriver: Delivered 0xb400007b7ca56a60 as id 0
05-27 18:38:36.411   566 11459 I gps_hdbd: Received: '$GPGSV,1,1,00,8*6D
'
05-27 18:38:36.411  1167  1479 D evsmanagerd: /dev/video4 forwarded the buffer #0 to 0xb4000074bf5f6850 from 0xb4000074bf5f41d0
05-27 18:38:36.411   566 11459 I gps_hdbd: Received: '$GAGSV,1,1,00,7*73
'
05-27 18:38:36.413   581   581 I SpiService: fgesysctrl_getGPIO_status success val=1
05-27 18:38:36.413 13911 14183 I SentryImuMcuAngleSender: 179.98248rollDeg
05-27 18:38:36.413 13911 14183 I SentryImuMcuAngleSender: 1,0,0
05-27 18:38:36.415   299  1153 D EvsDriver: doneWithFrame
05-27 18:38:36.416   566 11459 I gps_hdbd: Received: '$GAGSV,1,1,00,1*75
'
05-27 08:29:45.378   581   581 D spi_rst_gpio_get_output: GPIO 145 value: 1
05-27 08:29:45.378   581   581 D spidev_ioctl: gpio status=1)
05-27 18:38:36.419   581   581 I SpiService: fgesysctrl_getGPIO_status success val=0
05-27 18:38:36.419   481   597 I mcuc    : send SPI:6AA602CD1E00028900886AA601700400F8090101040109A001000000000000000000000000000000000000000000000000000000000000000000000000000000000000000000000000000000000000000000000000000000000000000000000000000000000000000000000000000000000000000000000000000000000000000000000000000000000000000000000000000000000000000000000000000000000000000000000000000000000000000000000000000000000000000000000000000000000000000000000000000000000000000000000000000000000000000000000000000000000000000000000000000000000000000000000000000000000000000000000000D9
05-27 08:29:45.383   581   581 D spi_rst_gpio_get_output: GPIO 145 value: 0
05-27 08:29:45.383   581   581 D spidev_ioctl: gpio status=0)
05-27 18:38:36.421   566 11459 I gps_hdbd: Received: '$GNRMC,005427.000,V,,,,,,,270526,120.0,E,N,V*41
'
05-27 18:38:36.422   566 11459 I gps_hdbd: RMC : CALL gnss_sv_status_cb, view_in_sat <1>
05-27 18:38:36.422   566 11459 I gps_hdbd: [reportSvStatus]--->PLATFORM_BSP::Enter
05-27 18:38:36.422   566 11459 I gps_hdbd: hy abnormal deal:hy_cnr30_satellite_cnt=0
05-27 18:38:36.422   566 11459 D gps_hdbd: hy abnormal deal:hy_fixStatus_fail_count=0
05-27 18:38:36.422   566 11459 I gps_hdbd: Received: '$GNZDA,005427.000,27,05,2026,00,00*4A
'
05-27 18:38:36.422  1083  1083 W MyAppLog: [2026-05-27 18:38:36.422 W tboxap gpsSyncGpsInfoToDm:361] [Gps] [gpsSyncGpsInfoToDm] fix=0 mode=49 corner:0x01 alt=0.00 sat=0 hdop=0.00 pdop=0.00 vdop=0.00
05-27 18:38:36.426  1008 30857 D [OMXB]  : usingANWBuffer: handle:0xee742a00, format:1, w:1920, h:1080
05-27 18:38:36.427 30773 30789 I dvr_service_: Camera 1: MediaOK:86606997, frames:2040, isKeyFrame:0,pts:10183515249
05-27 18:38:36.431   481   598 I mcuc    : rev,n=1,6AA681CD1F000A89005701040913123456EC
05-27 18:38:36.431   351   373 D automotive.vehicle@2.0-adayo-datacomm-mcu: MCUDatacomm sendMessageFromVehicle prop: 0x89, areaId: 0x0, status: 0x57, timestamp: 0x1
05-27 18:38:36.431   351   373 D automotive.vehicle@2.0-adayo-datacomm-mcu: MCUDatacomm 1sendMessageFromVehicle ---> type = 12 
05-27 18:38:36.431  1121  1144 I tboxmids_ap: [2026-05-27 18:38:36.431] [MCU RX] src=MCU dst=ZMQ len=10 type=BINARY data=00 08 57 01 04 09 13 12 34 56 
05-27 18:38:36.432  1083  1083 I MyAppLog: [2026-05-27 18:38:36.431 I tboxap mcuCommTboxmidsRecvCb:97] [Mcu] [mcuCommTboxmidsRecvCb] recv from tboxmids, size:10
05-27 18:38:36.432  1083  1083 I MyAppLog: [2026-05-27 18:38:36.432 I tboxap mcuCommTboxmidsRecvCb:98] [Mcu] [tboxmids -> tboxap]: :00 08 57 01 04 09 13 12 34 56
05-27 18:38:36.432  1083  1083 W MyAppLog: [2026-05-27 18:38:36.432 W tboxap mcuYadiFrameParse:852] [Mcu] [mcuYadiFrameParse] cmd:0913(MCU_SEC_BATT1_DYNAMIC_IND) payload too short:5 < 36
05-27 18:38:36.432  1083  1083 W MyAppLog: [2026-05-27 18:38:36.432 W tboxap mcuPtlParseData:982] [Mcu] [mcuPtlParseData] invalid yadi frame, len:10
05-27 18:38:36.433   581   581 I SpiService: fgesysctrl_getGPIO_status success val=1
05-27 18:38:36.434 13911 14183 I SentryImuMcuAngleSender: 179.97897rollDeg
05-27 18:38:36.434 13911 14183 I SentryImuMcuAngleSender: 1,0,0
05-27 08:29:45.398   581   581 D spi_rst_gpio_get_output: GPIO 145 value: 1
05-27 08:29:45.398   581   581 D spidev_ioctl: gpio status=1)
05-27 18:38:36.439   536   536 D commservice260303: msg.id = 1028,0
05-27 18:38:36.439   536   536 D commservice260303: i = 170, msgid = 8A000404
05-27 18:38:36.439   581   581 I SpiService: fgesysctrl_getGPIO_status success val=1
05-27 18:38:36.439   536   536 D commservice260303: msgid = -1979710460,did=138
05-27 18:38:36.439   536   536 D commservice260303: CommProtocolLibCmdBaseI2C::dataproc {"command":{"id":"imu_status","sub":""},"content":{"TimeStamp":10,"FrameCounter":237568,"GD_X":-0.011910883709788322,"GD_Y":0.004428025335073471,"GD_Z":0.0018319635419175029,"AD_X":-7.290691137313843E-4,"AD_Y":0.0012129750102758408,"AD_Z":-0.1682596206665039,"TempDsp":0,"Status":0,"CalibState":1,"SigAmpInvalid":0}},-1979710460
05-27 18:38:36.439   536   536 D commservice260303: send2Cluster len:316, 7B22636F6D6D616E64223A7B226964223A22696D755F737461747573222C22737562223A22227D2C22636F6E74656E74223A7B2254696D655374616D70223A31302C224672616D65436F756E746572223A3233373536382C2247445F58223A2D302E3031313931303838333730393738383332322C2247445F59223A302E3030343432383032353333353037333437312C2247445F5A223A302E303031383331393633353431393137353032392C2241445F58223A2D372E323930363931313337333133383433452D342C2241445F59223A302E303031323132393735303130323735383430382C2241445F5A223A2D302E313638323539363230363636353033392C2254656D70447370223A302C22537461747573223A302C2243616C69625374617465223A312C22536967416D70496E76616C6964223A307D7D, 138 
05-27 18:38:36.439   536   536 D commservice260303: Push Message into SendPool fn=-1730215168
05-27 18:38:36.439   536   536 D commservice260303: ComProtocolLibSend2Cluster::send2ClusterRaw fn=-1730215168 , len=332
05-27 18:38:36.439   536   536 D commservice260303: sendCmdToPort :332!!!
05-27 18:38:36.439   536   536 D commservice260303: send Cmd To Port ++++5AA501488A010003DF986A16C9AC7B22636F6D6D616E64223A7B226964223A22696D755F737461747573222C22737562223A22227D2C22636F6E74656E74223A7B2254696D655374616D70223A31302C224672616D65436F756E746572223A3233373536382C2247445F58223A2D302E3031313931303838333730393738383332322C2247445F59223A302E3030343432383032353333353037333437312C2247445F5A223A302E303031383331393633353431393137353032392C2241445F58223A2D372E323930363931313337333133383433452D342C2241445F59223A302E303031323132393735303130323735383430382C2241445F5A223A2D302E313638323539363230363636353033392C2254656D70447370223A302C22537461747573223A302C2243616C69625374617465223A312C22536967416D70496E76616C6964223A307D7DFCA6
05-27 18:38:36.439   536   536 D commservice260303: bufferevent_write retrun value = 0
05-27 18:38:36.439   536   560 D commservice260303: client datas send succeed,send finish
05-27 18:38:36.439 13911 14192 D Sentinelmode_1.2.5.17_sentry: <SentryImuClusterFgeSender>imu_status sent to Linux, frame=237568, tsNs=10183678, tsMs=10, intervalMs=40, ad=(-7.290691E-4,0.001212975,-0.16825962), gd=(-0.011910884,0.0044280253,0.0018319635)
05-27 08:29:45.403   581   581 D spi_rst_gpio_get_output: GPIO 145 value: 1
05-27 18:38:36.441   299 30844 D EvsDriver: forwardFrame
05-27 08:29:45.403   581   581 D spidev_ioctl: gpio status=1)
05-27 18:38:36.442   299 30841 D EvsDriver: forwardFrame
05-27 18:38:36.443   299 30844 D EvsDriver: Delivered 0xb400007b7ca56900 as id 0
05-27 18:38:36.443  1167  1479 D evsmanagerd: /dev/video6 forwarded the buffer #0 to 0xb4000074bf5f5510 from 0xb4000074bf5f6d90
05-27 18:38:36.443 30773 30773 E dvr_service_: [myNum:1] Received S**** loss
05-27 18:38:36.444   299  1153 D EvsDriver: doneWithFrame
05-27 18:38:36.444   581   581 I SpiService: fgesysctrl_getGPIO_status success val=1
05-27 08:29:45.409   581   581 D spi_rst_gpio_get_output: GPIO 145 value: 1
05-27 08:29:45.409   581   581 D spidev_ioctl: gpio status=1)
05-27 18:38:36.444   566 11459 I gps_hdbd: Received: '$GNINS,1,1,TYPE,I,V,005427.000,18778000,FUS,-4,0,0,0,MOT,V,1,PATT,0.00,0.00,0.00,VEL,0.000,0.000,0.000,POS,40.0001330924,116.0001570688,84.176,IIA,1,0.00,0.00,0.00,BGA,0.31,-0.66,-0.13,0.000,0.000,0.000,IGA,0,-1,0,0,-2,98,VG,16c2ff1*11
'
05-27 18:38:36.444  1167  1479 D evsmanagerd: /dev/video4 forwarded the buffer #0 to 0xb4000074bf5f6850 from 0xb4000074bf5f41d0
05-27 18:38:36.444   299 30841 D EvsDriver: Delivered 0xb400007b7ca56a60 as id 0
05-27 18:38:36.444 30773 30773 E dvr_service_: [myNum:0] Received S**** loss
05-27 18:38:36.445   299  1153 D EvsDriver: doneWithFrame
05-27 18:38:36.449   581   581 I SpiService: fgesysctrl_getGPIO_status success val=1
05-27 08:29:45.414   581   581 D spi_rst_gpio_get_output: GPIO 145 value: 1
05-27 08:29:45.414   581   581 D spidev_ioctl: gpio status=1)
05-27 18:38:36.453  1008 30856 D [OMXB]  : usingANWBuffer: handle:0xee7427f0, format:1, w:1920, h:1080
05-27 18:38:36.454 13911 14183 I SentryImuMcuAngleSender: 179.97897rollDeg
05-27 18:38:36.455 13911 14183 I SentryImuMcuAngleSender: 1,0,0
05-27 18:38:36.455   581   581 I SpiService: fgesysctrl_getGPIO_status success val=0
05-27 18:38:36.456   481   597 I mcuc    : send SPI:6AA602CD1F0002890087
05-27 08:29:45.420   581   581 D spi_rst_gpio_get_output: GPIO 145 value: 0
05-27 08:29:45.420   581   581 D spidev_ioctl: gpio status=0)
05-27 18:38:36.456   566 11459 I gps_hdbd: Received: '$GNINS,CARSPEED,ADR_STATUS,0,Pulse_count,0,1,0,0,18778000,101630,0.000,0.000,0.000*02
'
05-27 18:38:36.459 15863 15863 D AIN-NaviLocationPresenter: ACC is OFF, skip upload location
05-27 18:38:36.461   566 11459 I gps_hdbd: Received: '$GNTXT,04,01,04,INS,V,1,,,,FLG,1,000000,1,0,1,0,0,Con,0*71
'
05-27 18:38:36.462   566 11459 I gps_hdbd: Received: '$GNTXT,INSTALL,0.00,0.00,0.00,0.00,0.00,0.00,0*20
'
05-27 18:38:36.464   536   536 W commservice260303: [FgeComService::getAQConnectStatus:378]
05-27 18:38:36.464   536   536 W commservice260303: [mcuCommFunctionTcp::getAQConnectStatus:406] 1
05-27 18:38:36.464   536   536 W commservice260303: [FgeComService::getAQConnectStatus:380] status:1
05-27 18:38:36.464 12246 12246 E ivicomm_CommManager: getA2lConnectStatus aqConnectStatus:1
05-27 18:38:36.464 12246 12246 D ivicomm_ConnectStateManager: notifyState newState=1curState=1
05-27 18:38:36.466  1008 30857 D [OMXB]  : usingANWBuffer: handle:0xee7416c0, format:1, w:1920, h:1080
05-27 18:38:36.467   481   598 I mcuc    : rev,n=1,6AA682700400020901FE
05-27 18:38:36.468 25124 25154 D ANWStack: Realtek Bluetooth :01 01 10 00
05-27 18:38:36.471   581   581 I SpiService: fgesysctrl_getGPIO_status success val=1
05-27 18:38:36.472   283   307 I rvcservice: t.code = 0, t.value = 1829
05-27 18:38:36.472   299 30841 D EvsDriver: forwardFrame
05-27 18:38:36.474 13911 14183 I SentryImuMcuAngleSender: 180.0rollDeg
05-27 18:38:36.474 13911 14183 I SentryImuMcuAngleSender: 1,0,0
05-27 18:38:36.475   299 30841 D EvsDriver: Delivered 0xb400007b7ca56a60 as id 0
05-27 18:38:36.475  1167  1479 D evsmanagerd: /dev/video4 forwarded the buffer #0 to 0xb4000074bf5f6850 from 0xb4000074bf5f41d0
05-27 08:29:45.436   581   581 D spi_rst_gpio_get_output: GPIO 145 value: 1
05-27 08:29:45.436   581   581 D spidev_ioctl: gpio status=1)
05-27 18:38:36.477   581   581 I SpiService: fgesysctrl_getGPIO_status success val=1
