05-27 18:38:33.117   536   536 D commservice260303: i = 170, msgid = 8A000404
05-27 18:38:33.117   536   536 D commservice260303: msgid = -1979710460,did=138
05-27 18:38:33.117   536   536 D commservice260303: CommProtocolLibCmdBaseI2C::dataproc {"command":{"id":"imu_status","sub":""},"content":{"TimeStamp":10,"FrameCounter":237486,"GD_X":-0.01153013575822115,"GD_Y":0.0051151420921087265,"GD_Z":0.0019848872907459736,"AD_X":-0.0011241286993026733,"AD_Y":4.56138513982296E-5,"AD_Z":-0.16826438903808594,"TempDsp":0,"Status":0,"CalibState":1,"SigAmpInvalid":0}},-1979710460
05-27 08:29:42.079   581   581 D spi_rst_gpio_get_output: GPIO 145 value: 1
05-27 08:29:42.079   581   581 D spidev_ioctl: gpio status=1)
05-27 18:38:33.117   536   536 D commservice260303: send2Cluster len:316, 7B22636F6D6D616E64223A7B226964223A22696D755F737461747573222C22737562223A22227D2C22636F6E74656E74223A7B2254696D655374616D70223A31302C224672616D65436F756E746572223A3233373438362C2247445F58223A2D302E30313135333031333537353832323131352C2247445F59223A302E303035313135313432303932313038373236352C2247445F5A223A302E303031393834383837323930373435393733362C2241445F58223A2D302E303031313234313238363939333032363733332C2241445F59223A342E3536313338353133393832323936452D352C2241445F5A223A2D302E31363832363433383930333830383539342C2254656D70447370223A302C22537461747573223A302C2243616C69625374617465223A312C22536967416D70496E76616C6964223A307D7D, 138 
05-27 18:38:33.117   536   536 D commservice260303: Push Message into SendPool fn=1155465984
05-27 18:38:33.117   536   536 D commservice260303: ComProtocolLibSend2Cluster::send2ClusterRaw fn=1155465984 , len=332
05-27 18:38:33.117   536   536 D commservice260303: sendCmdToPort :332!!!
05-27 18:38:33.117   536   536 D commservice260303: send Cmd To Port ++++5AA501488A010003DF446A16C9A97B22636F6D6D616E64223A7B226964223A22696D755F737461747573222C22737562223A22227D2C22636F6E74656E74223A7B2254696D655374616D70223A31302C224672616D65436F756E746572223A3233373438362C2247445F58223A2D302E30313135333031333537353832323131352C2247445F59223A302E303035313135313432303932313038373236352C2247445F5A223A302E303031393834383837323930373435393733362C2241445F58223A2D302E303031313234313238363939333032363733332C2241445F59223A342E3536313338353133393832323936452D352C2241445F5A223A2D302E31363832363433383930333830383539342C2254656D70447370223A302C22537461747573223A302C2243616C69625374617465223A312C22536967416D70496E76616C6964223A307D7DF163
05-27 18:38:33.117   536   536 D commservice260303: bufferevent_write retrun value = 0
05-27 18:38:33.117   536   560 D commservice260303: client datas send succeed,send finish
05-27 18:38:33.118 13911 14192 D Sentinelmode_1.2.5.17_sentry: <SentryImuClusterFgeSender>imu_status sent to Linux, frame=237486, tsNs=10180355, tsMs=10, intervalMs=39, ad=(-0.0011241287,4.561385E-5,-0.16826439), gd=(-0.011530136,0.005115142,0.0019848873)
05-27 18:38:33.118  1008 30857 D [OMXB]  : usingANWBuffer: handle:0xee742ed0, format:1, w:1920, h:1080
05-27 08:29:42.085   581   581 D spi_rst_gpio_get_output: GPIO 145 value: 1
05-27 08:29:42.085   581   581 D spidev_ioctl: gpio status=1)
05-27 18:38:33.120   581   581 I SpiService: fgesysctrl_getGPIO_status success val=1
05-27 18:38:33.122 13911 14183 I SentryImuMcuAngleSender: 179.98598rollDeg
05-27 18:38:33.123 13911 14183 I SentryImuMcuAngleSender: 1,0,0
05-27 18:38:33.126   581   581 I SpiService: fgesysctrl_getGPIO_status success val=1
05-27 18:38:33.126 25124 25124 D CompatibilityInfo: applyToConfigurationCompat inoutConfig.densityDpi= 160
05-27 08:29:42.090   581   581 D spi_rst_gpio_get_output: GPIO 145 value: 1
05-27 08:29:42.090   581   581 D spidev_ioctl: gpio status=1)
05-27 18:38:33.131   581   581 I SpiService: fgesysctrl_getGPIO_status success val=0
05-27 18:38:33.131   481   597 I mcuc    : send SPI:6AA602CD0F0002890097
05-27 08:29:42.096   581   581 D spi_rst_gpio_get_output: GPIO 145 value: 0
05-27 08:29:42.096   581   581 D spidev_ioctl: gpio status=0)
05-27 18:38:33.136   299 30844 D EvsDriver: forwardFrame
05-27 18:38:33.137 25124 25124 D libEGL  : <.service:remote>[setCacheFilename]: file=/data/user_de/0/com.anwsdk.service/code_cache/com.android.opengl.shaders_cache
05-27 18:38:33.137  1008 30856 D [OMXB]  : usingANWBuffer: handle:0xee743710, format:1, w:1920, h:1080
05-27 18:38:33.138  1167  1479 D evsmanagerd: /dev/video6 forwarded the buffer #0 to 0xb4000074bf5f5510 from 0xb4000074bf5f6d90
05-27 18:38:33.138   299 30844 D EvsDriver: Delivered 0xb400007b7ca56900 as id 0
05-27 18:38:33.138   299 30841 D EvsDriver: forwardFrame
05-27 18:38:33.139 30773 30789 I dvr_service_: Camera 0: MediaOK:83064692, frames:1960, isKeyFrame:0,pts:10179968655
05-27 18:38:33.140  1167  1479 D evsmanagerd: /dev/video4 forwarded the buffer #0 to 0xb4000074bf5f6850 from 0xb4000074bf5f41d0
05-27 18:38:33.140   299 30841 D EvsDriver: Delivered 0xb400007b7ca56a60 as id 0
05-27 18:38:33.142 13911 14183 I SentryImuMcuAngleSender: 179.993rollDeg
05-27 18:38:33.142 13911 14183 I SentryImuMcuAngleSender: 1,0,0
05-27 18:38:33.144   299  1153 D EvsDriver: doneWithFrame
05-27 18:38:33.146   581   581 I SpiService: fgesysctrl_getGPIO_status success val=1
05-27 18:38:33.149   299  1153 D EvsDriver: doneWithFrame
05-27 08:29:42.110   581   581 D spi_rst_gpio_get_output: GPIO 145 value: 1
05-27 08:29:42.110   581   581 D spidev_ioctl: gpio status=1)
05-27 18:38:33.152   581   581 I SpiService: fgesysctrl_getGPIO_status success val=1
05-27 08:29:42.117   581   581 D spi_rst_gpio_get_output: GPIO 145 value: 1
05-27 08:29:42.117   581   581 D spidev_ioctl: gpio status=1)
05-27 18:38:33.156   536   536 D commservice260303: msg.id = 1028,1
05-27 18:38:33.157   536   536 D commservice260303: i = 170, msgid = 8A000404
05-27 18:38:33.157   536   536 D commservice260303: msgid = -1979710460,did=138
05-27 18:38:33.157   536   536 D commservice260303: CommProtocolLibCmdBaseI2C::dataproc {"command":{"id":"imu_status","sub":""},"content":{"TimeStamp":10,"FrameCounter":237487,"GD_X":-0.011300750076770782,"GD_Y":0.0051151420921087265,"GD_Z":0.0019848872907459736,"AD_X":-0.0011372119188308716,"AD_Y":-0.0011639825534075499,"AD_Z":-0.16948318481445312,"TempDsp":0,"Status":0,"CalibState":1,"SigAmpInvalid":0}},-1979710460
05-27 18:38:33.157   536   536 D commservice260303: send2Cluster len:320, 7B22636F6D6D616E64223A7B226964223A22696D755F737461747573222C22737562223A22227D2C22636F6E74656E74223A7B2254696D655374616D70223A31302C224672616D65436F756E746572223A3233373438372C2247445F58223A2D302E3031313330303735303037363737303738322C2247445F59223A302E303035313135313432303932313038373236352C2247445F5A223A302E303031393834383837323930373435393733362C2241445F58223A2D302E303031313337323131393138383330383731362C2241445F59223A2D302E303031313633393832353533343037353439392C2241445F5A223A2D302E31363934383331383438313434353331322C2254656D70447370223A302C22537461747573223A302C2243616C69625374617465223A312C22536967416D70496E76616C6964223A307D7D, 138 
05-27 18:38:33.157   536   536 D commservice260303: Push Message into SendPool fn=1172243200
05-27 18:38:33.157   536   536 D commservice260303: ComProtocolLibSend2Cluster::send2ClusterRaw fn=1172243200 , len=336
05-27 18:38:33.157   536   536 D commservice260303: sendCmdToPort :336!!!
05-27 18:38:33.157   536   536 D commservice260303: send Cmd To Port ++++5AA5014C8A010003DF456A16C9A97B22636F6D6D616E64223A7B226964223A22696D755F737461747573222C22737562223A22227D2C22636F6E74656E74223A7B2254696D655374616D70223A31302C224672616D65436F756E746572223A3233373438372C2247445F58223A2D302E3031313330303735303037363737303738322C2247445F59223A302E303035313135313432303932313038373236352C2247445F5A223A302E303031393834383837323930373435393733362C2241445F58223A2D302E303031313337323131393138383330383731362C2241445F59223A2D302E303031313633393832353533343037353439392C2241445F5A223A2D302E31363934383331383438313434353331322C2254656D70447370223A302C22537461747573223A302C2243616C69625374617465223A312C22536967416D70496E76616C6964223A307D7DFF2C
05-27 18:38:33.157   536   536 D commservice260303: bufferevent_write retrun value = 0
05-27 18:38:33.157   536   560 D commservice260303: client datas send succeed,send finish
05-27 18:38:33.158 13911 14192 D Sentinelmode_1.2.5.17_sentry: <SentryImuClusterFgeSender>imu_status sent to Linux, frame=237487, tsNs=10180391, tsMs=10, intervalMs=40, ad=(-0.0011372119,-0.0011639826,-0.16948318), gd=(-0.01130075,0.005115142,0.0019848873)
05-27 18:38:33.158   581   581 I SpiService: fgesysctrl_getGPIO_status success val=1
05-27 18:38:33.158   572   572 I Sensors : 230 GyroSensor: x:-0.011377,y:0.005650,z:0.001985
05-27 18:38:33.160  1008 30857 D [OMXB]  : usingANWBuffer: handle:0xee740430, format:1, w:1920, h:1080
05-27 08:29:42.123   581   581 D spi_rst_gpio_get_output: GPIO 145 value: 1
05-27 08:29:42.123   581   581 D spidev_ioctl: gpio status=1)
05-27 18:38:33.161 30773 30789 I dvr_service_: Camera 1: MediaOK:83156053, frames:1960, isKeyFrame:0,pts:10180064305
05-27 18:38:33.163 13911 14183 I SentryImuMcuAngleSender: 179.98248rollDeg
05-27 18:38:33.163 13911 14183 I SentryImuMcuAngleSender: 1,0,0
05-27 18:38:33.164   581   581 I SpiService: fgesysctrl_getGPIO_status success val=1
05-27 08:29:42.129   581   581 D spi_rst_gpio_get_output: GPIO 145 value: 1
05-27 08:29:42.129   581   581 D spidev_ioctl: gpio status=1)
05-27 18:38:33.164 25124 25124 D NetworkSecurityConfig: No Network Security Config specified, using platform default
05-27 18:38:33.165   283   307 I rvcservice: t.code = 3, t.value = 0
05-27 18:38:33.166 25124 25124 D NetworkSecurityConfig: No Network Security Config specified, using platform default
05-27 18:38:33.170   581   581 I SpiService: fgesysctrl_getGPIO_status success val=0
05-27 18:38:33.172   299 30844 D EvsDriver: forwardFrame
05-27 08:29:42.134   581   581 D spi_rst_gpio_get_output: GPIO 145 value: 0
05-27 18:38:33.174   299 30844 D EvsDriver: Delivered 0xb400007b7ca56900 as id 0
05-27 08:29:42.134   581   581 D spidev_ioctl: gpio status=0)
05-27 18:38:33.174  1167  1479 D evsmanagerd: /dev/video6 forwarded the buffer #0 to 0xb4000074bf5f5510 from 0xb4000074bf5f6d90
05-27 18:38:33.176   299 30841 D EvsDriver: forwardFrame
05-27 18:38:33.177   299  1153 D EvsDriver: doneWithFrame
05-27 18:38:33.178   299 30841 D EvsDriver: Delivered 0xb400007b7ca56a60 as id 0
05-27 18:38:33.178  1167  1479 D evsmanagerd: /dev/video4 forwarded the buffer #0 to 0xb4000074bf5f6850 from 0xb4000074bf5f41d0
05-27 18:38:33.179  1008 30856 D [OMXB]  : usingANWBuffer: handle:0xee7428a0, format:1, w:1920, h:1080
05-27 18:38:33.182   299  1153 D EvsDriver: doneWithFrame
05-27 18:38:33.186   581   581 I SpiService: fgesysctrl_getGPIO_status success val=1
05-27 18:38:33.187 13911 14183 I SentryImuMcuAngleSender: 179.986rollDeg
05-27 18:38:33.187 13911 14183 I SentryImuMcuAngleSender: 1,0,0
05-27 08:29:42.150   581   581 D spi_rst_gpio_get_output: GPIO 145 value: 1
05-27 08:29:42.151   581   581 D spidev_ioctl: gpio status=1)
05-27 18:38:33.192   581   581 I SpiService: fgesysctrl_getGPIO_status success val=1
05-27 08:29:42.157   581   581 D spi_rst_gpio_get_output: GPIO 145 value: 1
05-27 08:29:42.157   581   581 D spidev_ioctl: gpio status=1)
05-27 18:38:33.197   536   536 D commservice260303: msg.id = 1028,1
05-27 18:38:33.197   536   536 D commservice260303: i = 170, msgid = 8A000404
05-27 18:38:33.198   536   536 D commservice260303: msgid = -1979710460,did=138
05-27 18:38:33.198   536   536 D commservice260303: CommProtocolLibCmdBaseI2C::dataproc {"command":{"id":"imu_status","sub":""},"content":{"TimeStamp":10,"FrameCounter":237488,"GD_X":-0.011223767884075642,"GD_Y":0.00549693126231432,"GD_Z":0.0018319635419175029,"AD_X":-0.004182308912277222,"AD_Y":5.3307972848415375E-5,"AD_Z":-0.1719226837158203,"TempDsp":0,"Status":0,"CalibState":1,"SigAmpInvalid":0}},-1979710460
05-27 18:38:33.198   536   536 D commservice260303: send2Cluster len:315, 7B22636F6D6D616E64223A7B226964223A22696D755F737461747573222C22737562223A22227D2C22636F6E74656E74223A7B2254696D655374616D70223A31302C224672616D65436F756E746572223A3233373438382C2247445F58223A2D302E3031313232333736373838343037353634322C2247445F59223A302E30303534393639333132363233313433322C2247445F5A223A302E303031383331393633353431393137353032392C2241445F58223A2D302E3030343138323330383931323237373232322C2241445F59223A352E33333037393732383438343135333735452D352C2241445F5A223A2D302E313731393232363833373135383230332C2254656D70447370223A302C22537461747573223A302C2243616C69625374617465223A312C22536967416D70496E76616C6964223A307D7D, 138 
05-27 18:38:33.198   536   536 D commservice260303: Push Message into SendPool fn=1189020416
05-27 18:38:33.198   536   536 D commservice260303: ComProtocolLibSend2Cluster::send2ClusterRaw fn=1189020416 , len=331
05-27 18:38:33.198   536   536 D commservice260303: sendCmdToPort :331!!!
05-27 18:38:33.198   581   581 I SpiService: fgesysctrl_getGPIO_status success val=1
05-27 18:38:33.198   536   536 D commservice260303: send Cmd To Port ++++5AA501478A010003DF466A16C9A97B22636F6D6D616E64223A7B226964223A22696D755F737461747573222C22737562223A22227D2C22636F6E74656E74223A7B2254696D655374616D70223A31302C224672616D65436F756E746572223A3233373438382C2247445F58223A2D302E3031313232333736373838343037353634322C2247445F59223A302E30303534393639333132363233313433322C2247445F5A223A302E303031383331393633353431393137353032392C2241445F58223A2D302E3030343138323330383931323237373232322C2241445F59223A352E33333037393732383438343135333735452D352C2241445F5A223A2D302E313731393232363833373135383230332C2254656D70447370223A302C22537461747573223A302C2243616C69625374617465223A312C22536967416D70496E76616C6964223A307D7D204D
05-27 18:38:33.198   536   536 D commservice260303: bufferevent_write retrun value = 0
05-27 18:38:33.198 13911 14192 D Sentinelmode_1.2.5.17_sentry: <SentryImuClusterFgeSender>imu_status sent to Linux, frame=237488, tsNs=10180427, tsMs=10, intervalMs=41, ad=(-0.004182309,5.3307973E-5,-0.17192268), gd=(-0.011223768,0.0054969313,0.0018319635)
05-27 18:38:33.198   536   560 D commservice260303: client datas send succeed,send finish
05-27 08:29:42.162   581   581 D spi_rst_gpio_get_output: GPIO 145 value: 1
05-27 08:29:42.162   581   581 D spidev_ioctl: gpio status=1)
05-27 18:38:33.203   581   581 I SpiService: fgesysctrl_getGPIO_status success val=1
05-27 18:38:33.205 25124 25124 I ANWJNI_SECOND: +++ JNI_OnLoad
05-27 18:38:33.205 25124 25124 I ANWJNI_SECOND: +++ registerNativeMethods
05-27 18:38:33.205 25124 25124 I ANWJNI_SECOND: numMethods = 245
05-27 18:38:33.206  1008 30857 D [OMXB]  : usingANWBuffer: handle:0xee744bb0, format:1, w:1920, h:1080
05-27 18:38:33.206 25124 25124 I ANWJNI_SECOND: --- registerNativeMethods
05-27 08:29:42.168   581   581 D spi_rst_gpio_get_output: GPIO 145 value: 1
05-27 08:29:42.168   581   581 D spidev_ioctl: gpio status=1)
05-27 18:38:33.207 13911 14183 I SentryImuMcuAngleSender: 179.98248rollDeg
05-27 18:38:33.207 13911 14183 I SentryImuMcuAngleSender: 1,0,0
05-27 18:38:33.208 25124 25124 D ANWJNI_SECOND: (25124|0x5467E4F8)[BTAPP] read XML config file
05-27 18:38:33.208 25124 25124 D ANWJNI_SECOND: 
05-27 18:38:33.208 25124 25124 D ANWJNI_SECOND: (25124|0x5467E4F8)[BTAPP] run Read (/system/etc/bluetooth/btmonitor-config_second.xml) Start
05-27 18:38:33.208 25124 25124 D ANWJNI_SECOND: 
05-27 18:38:33.209   581   581 I SpiService: fgesysctrl_getGPIO_status success val=0
05-27 18:38:33.209 25124 25124 D ANWJNI_SECOND: (25124|0x5467E4F8)[BTAPP] run Read (btmonitor-config.xml) source_data != NULL
05-27 18:38:33.209 25124 25124 D ANWJNI_SECOND: 
05-27 18:38:33.210 25124 25124 D ANWJNI_SECOND: (25124|0x5467E4F8)[BTAPP] XML : find HID setting
05-27 18:38:33.210 25124 25124 D ANWJNI_SECOND: 
05-27 18:38:33.210 25124 25124 D ANWJNI_SECOND: (25124|0x5467E4F8)[BTAPP] HID set(close)
05-27 18:38:33.210 25124 25124 D ANWJNI_SECOND: 
05-27 18:38:33.210 25124 25124 D ANWJNI_SECOND: (25124|0x5467E4F8)[BTAPP] XML : find SPP setting
05-27 18:38:33.210 25124 25124 D ANWJNI_SECOND: 
05-27 18:38:33.210 25124 25124 D ANWJNI_SECOND: (25124|0x5467E4F8)[BTAPP] SPP set(close)
05-27 18:38:33.210 25124 25124 D ANWJNI_SECOND: 
05-27 18:38:33.210 25124 25124 D ANWJNI_SECOND: (25124|0x5467E4F8)[BTAPP] XML : find PINCode setting
05-27 18:38:33.210 25124 25124 D ANWJNI_SECOND: 
05-27 18:38:33.210 25124 25124 D ANWJNI_SECOND: (25124|0x5467E4F8)[BTAPP] PinCode set(close)
05-27 18:38:33.210 25124 25124 D ANWJNI_SECOND: 
05-27 18:38:33.210 25124 25124 D ANWJNI_SECOND: (25124|0x5467E4F8)[BTAPP] get setpincode data fail
05-27 18:38:33.210 25124 25124 D ANWJNI_SECOND: 
05-27 18:38:33.210 25124 25124 D ANWJNI_SECOND: (25124|0x5467E4F8)[BTAPP] get set_legacy_pin data fail
05-27 18:38:33.210 25124 25124 D ANWJNI_SECOND: 
05-27 18:38:33.210 25124 25124 D ANWJNI_SECOND: (25124|0x5467E4F8)[BTAPP] XML : find spp_uuid setting
05-27 18:38:33.210 25124 25124 D ANWJNI_SECOND: 
05-27 18:38:33.210 25124 25124 D ANWJNI_SECOND: (25124|0x5467E4F8)[BTAPP] XML : ca_spp_uuid len(32)
05-27 18:38:33.210 25124 25124 D ANWJNI_SECOND: 
05-27 18:38:33.210 25124 25124 D ANWJNI_SECOND: (25124|0x5467E4F8)[BTAPP] XML : SPP_UUID_fromXML len(16):(
05-27 18:38:33.210 25124 25124 D ANWJNI_SECOND: (25124|0x5467E4F8)[BTAPP] 0xfa 
05-27 18:38:33.210 25124 25124 D ANWJNI_SECOND: (25124|0x5467E4F8)[BTAPP] 0xeb 
05-27 18:38:33.210 25124 25124 D ANWJNI_SECOND: (25124|0x5467E4F8)[BTAPP] 0xdc 
05-27 18:38:33.210 25124 25124 D ANWJNI_SECOND: (25124|0x5467E4F8)[BTAPP] 0x12 
05-27 18:38:33.210 25124 25124 D ANWJNI_SECOND: (25124|0x5467E4F8)[BTAPP] 0x7 
05-27 18:38:33.210 25124 25124 D ANWJNI_SECOND: (25124|0x5467E4F8)[BTAPP] 0x2c 
05-27 18:38:33.211 25124 25124 D ANWJNI_SECOND: (25124|0x5467E4F8)[BTAPP] 0xb0 
05-27 18:38:33.211 25124 25124 D ANWJNI_SECOND: (25124|0x5467E4F8)[BTAPP] 0xa4 
05-27 18:38:33.211 25124 25124 D ANWJNI_SECOND: (25124|0x5467E4F8)[BTAPP] 0x10 
05-27 18:38:33.211 25124 25124 D ANWJNI_SECOND: (25124|0x5467E4F8)[BTAPP] 0xa 
05-27 18:38:33.211 25124 25124 D ANWJNI_SECOND: (25124|0x5467E4F8)[BTAPP] 0x5a 
05-27 18:38:33.211 25124 25124 D ANWJNI_SECOND: (25124|0x5467E4F8)[BTAPP] 0x61 
05-27 18:38:33.211 25124 25124 D ANWJNI_SECOND: (25124|0x5467E4F8)[BTAPP] 0x8d 
05-27 18:38:33.211 25124 25124 D ANWJNI_SECOND: (25124|0x5467E4F8)[BTAPP] 0xc9 
05-27 18:38:33.211 25124 25124 D ANWJNI_SECOND: (25124|0x5467E4F8)[BTAPP] 0x40 
05-27 18:38:33.211 25124 25124 D ANWJNI_SECOND: (25124|0x5467E4F8)[BTAPP] 0x1c 
05-27 18:38:33.211 25124 25124 D ANWJNI_SECOND: (25124|0x5467E4F8)[BTAPP] )
05-27 18:38:33.211 25124 25124 D ANWJNI_SECOND: 
05-27 18:38:33.211 25124 25124 D ANWJNI_SECOND: (25124|0x5467E4F8)[BTAPP] XML : find Apple spp_uuid setting
05-27 18:38:33.211 25124 25124 D ANWJNI_SECOND: 
05-27 18:38:33.211 25124 25124 D ANWJNI_SECOND: (25124|0x5467E4F8)[BTAPP] XML : Apple ca_spp_uuid len(32)
05-27 18:38:33.211 25124 25124 D ANWJNI_SECOND: 
05-27 18:38:33.211 25124 25124 D ANWJNI_SECOND: (25124|0x5467E4F8)[BTAPP] XML : Apple SPP_UUID_fromXML len(16):(
05-27 18:38:33.212 25124 25124 D ANWJNI_SECOND: (25124|0x5467E4F8)[BTAPP] 0x0 
05-27 18:38:33.212 25124 25124 D ANWJNI_SECOND: (25124|0x5467E4F8)[BTAPP] 0x0 
05-27 18:38:33.212 25124 25124 D ANWJNI_SECOND: (25124|0x5467E4F8)[BTAPP] 0x0 
05-27 18:38:33.212 25124 25124 D ANWJNI_SECOND: (25124|0x5467E4F8)[BTAPP] 0x0 
05-27 18:38:33.212 25124 25124 D ANWJNI_SECOND: (25124|0x5467E4F8)[BTAPP] 0xde 
05-27 18:38:33.212 25124 25124 D ANWJNI_SECOND: (25124|0x5467E4F8)[BTAPP] 0xca 
05-27 18:38:33.212 25124 25124 D ANWJNI_SECOND: (25124|0x5467E4F8)[BTAPP] 0xfa 
05-27 08:29:42.174   581   581 D spidev_ioctl: gpio status=0)
05-27 18:38:33.212 25124 25124 D ANWJNI_SECOND: (25124|0x5467E4F8)[BTAPP] 0xde 
05-27 18:38:33.212 25124 25124 D ANWJNI_SECOND: (25124|0x5467E4F8)[BTAPP] 0xca 
05-27 18:38:33.212 25124 25124 D ANWJNI_SECOND: (25124|0x5467E4F8)[BTAPP] 0xde 
05-27 18:38:33.212 25124 25124 D ANWJNI_SECOND: (25124|0x5467E4F8)[BTAPP] 0xaf 
05-27 18:38:33.212 25124 25124 D ANWJNI_SECOND: (25124|0x5467E4F8)[BTAPP] 0xde 
05-27 18:38:33.212 25124 25124 D ANWJNI_SECOND: (25124|0x5467E4F8)[BTAPP] 0xca 
05-27 18:38:33.212 25124 25124 D ANWJNI_SECOND: (25124|0x5467E4F8)[BTAPP] 0xca 
05-27 18:38:33.212 25124 25124 D ANWJNI_SECOND: (25124|0x5467E4F8)[BTAPP] 0xfe 
05-27 18:38:33.212 25124 25124 D ANWJNI_SECOND: (25124|0x5467E4F8)[BTAPP] )
05-27 18:38:33.212 25124 25124 D ANWJNI_SECOND: 
05-27 18:38:33.212 25124 25124 D ANWJNI_SECOND: (25124|0x5467E4F8)[BTAPP] XML : find calllogsize setting
05-27 18:38:33.212 25124 25124 D ANWJNI_SECOND: 
05-27 18:38:33.212 25124 25124 D ANWJNI_SECOND: (25124|0x5467E4F8)[BTAPP] XML : find ca_calllogsize(100)(100)
05-27 18:38:33.212 25124 25124 D ANWJNI_SECOND: 
05-27 18:38:33.213 25124 25124 D ANWJNI_SECOND: (25124|0x5467E4F8)[BTAPP] get contactssize data fail
05-27 18:38:33.213 25124 25124 D ANWJNI_SECOND: 
05-27 18:38:33.213 25124 25124 D ANWJNI_SECOND: (25124|0x5467E4F8)[BTAPP] get mincallsize data fail
05-27 18:38:33.213 25124 25124 D ANWJNI_SECOND: 
05-27 18:38:33.213 25124 25124 D ANWJNI_SECOND: (25124|0x5467E4F8)[BTAPP] XML : find voice setting
05-27 18:38:33.213 25124 25124 D ANWJNI_SECOND: 
05-27 18:38:33.213 25124 25124 D ANWJNI_SECOND: (25124|0x5467E4F8)[BTAPP] voice set(close)
05-27 18:38:33.213 25124 25124 D ANWJNI_SECOND: 
05-27 18:38:33.213 25124 25124 D ANWJNI_SECOND: (25124|0x5467E4F8)[BTAPP] XML : find voicedelay setting
05-27 18:38:33.213 25124 25124 D ANWJNI_SECOND: 
05-27 18:38:33.213 25124 25124 D ANWJNI_SECOND: (25124|0x5467E4F8)[BTAPP] voicedelay set(close)
05-27 18:38:33.213 25124 25124 D ANWJNI_SECOND: 
05-27 18:38:33.213 25124 25124 D ANWJNI_SECOND: (25124|0x5467E4F8)[BTAPP] get wechatvoice data fail
05-27 18:38:33.213 25124 25124 D ANWJNI_SECOND: 
05-27 18:38:33.213 25124 25124 D ANWJNI_SECOND: (25124|0x5467E4F8)[BTAPP] XML : pair any way
05-27 18:38:33.213 25124 25124 D ANWJNI_SECOND: 
05-27 18:38:33.213 25124 25124 D ANWJNI_SECOND: (25124|0x5467E4F8)[BTAPP] pairing need confirmation  accept
05-27 18:38:33.213 25124 25124 D ANWJNI_SECOND: 
05-27 18:38:33.213 25124 25124 D ANWJNI_SECOND: (25124|0x5467E4F8)[BTAPP] get use_combine data fail
05-27 18:38:33.213 25124 25124 D ANWJNI_SECOND: 
05-27 18:38:33.213 25124 25124 D ANWJNI_SECOND: (25124|0x5467E4F8)[BTAPP] XML : select pbap_photo or not
05-27 18:38:33.213 25124 25124 D ANWJNI_SECOND: 
05-27 18:38:33.213 25124 25124 D ANWJNI_SECOND: (25124|0x5467E4F8)[BTAPP] select pbap_photo
05-27 18:38:33.213 25124 25124 D ANWJNI_SECOND: 
05-27 18:38:33.213 25124 25124 D ANWJNI_SECOND: (25124|0x5467E4F8)[BTAPP] XML : select pbap_email or not
05-27 18:38:33.213 25124 25124 D ANWJNI_SECOND: 
05-27 18:38:33.213 25124 25124 D ANWJNI_SECOND: (25124|0x5467E4F8)[BTAPP] select pbap_email
05-27 18:38:33.213 25124 25124 D ANWJNI_SECOND: 
05-27 18:38:33.213 25124 25124 D ANWJNI_SECOND: (25124|0x5467E4F8)[BTAPP] XML : select pbap_adr or not
05-27 18:38:33.213 25124 25124 D ANWJNI_SECOND: 
05-27 18:38:33.214 25124 25124 D ANWJNI_SECOND: (25124|0x5467E4F8)[BTAPP] select pbap_adr
05-27 18:38:33.214 25124 25124 D ANWJNI_SECOND: 
05-27 18:38:33.214 25124 25124 D ANWJNI_SECOND: (25124|0x5467E4F8)[BTAPP] XML : select pbap_url or not
05-27 18:38:33.214 25124 25124 D ANWJNI_SECOND: 
05-27 18:38:33.214 25124 25124 D ANWJNI_SECOND: (25124|0x5467E4F8)[BTAPP] select pbap_url
05-27 18:38:33.214 25124 25124 D ANWJNI_SECOND: 
05-27 18:38:33.214 25124 25124 D ANWJNI_SECOND: (25124|0x5467E4F8)[BTAPP] get volume_control data fail
05-27 18:38:33.214 25124 25124 D ANWJNI_SECOND: 
05-27 18:38:33.214 25124 25124 D ANWJNI_SECOND: (25124|0x5467E4F8)[BTAPP] get carplay data fail
05-27 18:38:33.214 25124 25124 D ANWJNI_SECOND: 
05-27 18:38:33.214 25124 25124 D ANWJNI_SECOND: (25124|0x5467E4F8)[BTAPP] XML : select socket or not
05-27 18:38:33.214 25124 25124 D ANWJNI_SECOND: 
05-27 18:38:33.214 25124 25124 D ANWJNI_SECOND: (25124|0x5467E4F8)[BTAPP]  support socket
05-27 18:38:33.214 25124 25124 D ANWJNI_SECOND: 
05-27 18:38:33.214 25124 25124 D ANWJNI_SECOND: (25124|0x5467E4F8)[BTAPP] get androidauto data fail
05-27 18:38:33.214 25124 25124 D ANWJNI_SECOND: 
05-27 18:38:33.214 25124 25124 D ANWJNI_SECOND: (25124|0x5467E4F8)[BTAPP] get auto_transfer data fail
05-27 18:38:33.214 25124 25124 D ANWJNI_SECOND: 
05-27 18:38:33.214 25124 25124 D ANWJNI_SECOND: (25124|0x5467E4F8)[BTAPP] get audio_dsp_mute data fail
05-27 18:38:33.214 25124 25124 D ANWJNI_SECOND: 
05-27 18:38:33.214 25124 25124 D ANWJNI_SECOND: (25124|0x5467E4F8)[BTAPP] get audio_dsp_delay data fail
05-27 18:38:33.214 25124 25124 D ANWJNI_SECOND: 
05-27 18:38:33.214 25124 25124 D ANWJNI_SECOND: (25124|0x5467E4F8)[BTAPP] XML : hfp_audio_driver_open 
05-27 18:38:33.214 25124 25124 D ANWJNI_SECOND: 
05-27 18:38:33.214 25124 25124 D ANWJNI_SECOND: (25124|0x5467E4F8)[BTAPP] hfp audio driver close
05-27 18:38:33.214 25124 25124 D ANWJNI_SECOND: 
05-27 18:38:33.214 25124 25124 D ANWJNI_SECOND: (25124|0x5467E4F8)[BTAPP] XML : hfp_wbs_open_data 
05-27 18:38:33.214 25124 25124 D ANWJNI_SECOND: 
05-27 18:38:33.214 25124 25124 D ANWJNI_SECOND: (25124|0x5467E4F8)[BTAPP] hfp wbs enable
05-27 18:38:33.214 25124 25124 D ANWJNI_SECOND: 
05-27 18:38:33.214 25124 25124 D ANWJNI_SECOND: (25124|0x5467E4F8)[BTAPP] get avrcp_browsing_open data fail
05-27 18:38:33.214 25124 25124 D ANWJNI_SECOND: 
05-27 18:38:33.214 25124 25124 D ANWJNI_SECOND: (25124|0x5467E4F8)[BTAPP] get connect_special_profile_id data fail
05-27 18:38:33.214 25124 25124 D ANWJNI_SECOND: 
05-27 18:38:33.214 25124 25124 D ANWJNI_SECOND: (25124|0x5467E4F8)[BTAPP] XML : connect_single_profile 
05-27 18:38:33.214 25124 25124 D ANWJNI_SECOND: 
05-27 18:38:33.215 25124 25124 D ANWJNI_SECOND: (25124|0x5467E4F8)[BTAPP] connect_single_profile open
05-27 18:38:33.215 25124 25124 D ANWJNI_SECOND: 
05-27 18:38:33.215 25124 25124 D ANWJNI_SECOND: (25124|0x5467E4F8)[BTAPP] XML : find waveout_pre_buffer_count setting
05-27 18:38:33.215 25124 25124 D ANWJNI_SECOND: 
05-27 18:38:33.215 25124 25124 D ANWJNI_SECOND: (25124|0x5467E4F8)[BTAPP] XML : set waveout_pre_buffer_count success(101)
05-27 18:38:33.215 25124 25124 D ANWJNI_SECOND: 
05-27 18:38:33.215 25124 25124 D ANWJNI_SECOND: (25124|0x5467E4F8)[BTAPP] XML : find waveout_pre_buffer_count setting
05-27 18:38:33.215 25124 25124 D ANWJNI_SECOND: 
05-27 18:38:33.215 25124 25124 D ANWJNI_SECOND: (25124|0x5467E4F8)[BTAPP] XML : set local_music_pre_buffer_count success(40)
05-27 18:38:33.215 25124 25124 D ANWJNI_SECOND: 
05-27 18:38:33.215 25124 25124 D ANWJNI_SECOND: (25124|0x5467E4F8)[BTAPP] XML : inband_ring 
05-27 18:38:33.215 25124 25124 D ANWJNI_SECOND: 
05-27 18:38:33.215 25124 25124 D ANWJNI_SECOND: (25124|0x5467E4F8)[BTAPP] inband_ring open
05-27 18:38:33.215 25124 25124 D ANWJNI_SECOND: 
05-27 18:38:33.215 25124 25124 D ANWJNI_SECOND: (25124|0x5467E4F8)[BTAPP] XML : find map_download_max_size setting
05-27 18:38:33.215 25124 25124 D ANWJNI_SECOND: 
05-27 18:38:33.215 25124 25124 D ANWJNI_SECOND: (25124|0x5467E4F8)[BTAPP] XML : set map_download_max_size failed(20)
05-27 18:38:33.215 25124 25124 D ANWJNI_SECOND: 
05-27 18:38:33.215 25124 25124 D ANWJNI_SECOND: (25124|0x5467E4F8)[BTAPP] XML : stack debug
05-27 18:38:33.215 25124 25124 D ANWJNI_SECOND: 
05-27 18:38:33.215 25124 25124 D ANWJNI_SECOND: (25124|0x5467E4F8)[BTAPP] XML : stack debug open
05-27 18:38:33.215 25124 25124 D ANWJNI_SECOND: 
05-27 18:38:33.215 25124 25124 D ANWAPI_SECOND: (25124|0x5467E4F8)[BTAPI] >>>AnWBT_Usr_DebugLog
05-27 18:38:33.215   299 30841 D EvsDriver: forwardFrame
05-27 18:38:33.215 25124 25124 D ANWAPI_SECOND: (25124|0x5467E4F8)[BTAPI] <<<<AnWBT_Usr_DebugLog: ret=0
05-27 18:38:33.215 25124 25124 D ANWJNI_SECOND: (25124|0x5467E4F8)[BTAPP] XML : app debug
05-27 18:38:33.215 25124 25124 D ANWJNI_SECOND: 
05-27 18:38:33.216 25124 25124 D ANWJNI_SECOND: (25124|0x5467E4F8)[BTAPP] XML : app debug open
05-27 18:38:33.216 25124 25124 D ANWJNI_SECOND: 
05-27 18:38:33.216 25124 25124 D ANWJNI_SECOND: (25124|0x5467E4F8)[BTAPP] XML : api debug
05-27 18:38:33.216 25124 25124 D ANWJNI_SECOND: 
05-27 18:38:33.216 25124 25124 D ANWJNI_SECOND: (25124|0x5467E4F8)[BTAPP] XML : api debug open
05-27 18:38:33.216 25124 25124 D ANWJNI_SECOND: 
05-27 18:38:33.216 25124 25124 D ANWJNI_SECOND: (25124|0x5467E4F8)[BTAPP] XML : hfp debug
05-27 18:38:33.216 25124 25124 D ANWJNI_SECOND: 
05-27 18:38:33.216 25124 25124 D ANWJNI_SECOND: (25124|0x5467E4F8)[BTAPP] XML : hfp debug open
05-27 18:38:33.216 25124 25124 D ANWJNI_SECOND: 
05-27 18:38:33.216 25124 25124 D ANWJNI_SECOND: (25124|0x5467E4F8)[BTAPP] XML : a2dp debug
05-27 18:38:33.216 25124 25124 D ANWJNI_SECOND: 
05-27 18:38:33.216 25124 25124 D ANWJNI_SECOND: (25124|0x5467E4F8)[BTAPP] XML : a2dp debug open
05-27 18:38:33.216 25124 25124 D ANWJNI_SECOND: 
05-27 18:38:33.216 25124 25124 D ANWJNI_SECOND: (25124|0x5467E4F8)[BTAPP] XML : waveout debug
05-27 18:38:33.216 25124 25124 D ANWJNI_SECOND: 
05-27 18:38:33.216 25124 25124 D ANWJNI_SECOND: (25124|0x5467E4F8)[BTAPP] XML : waveout debug open
05-27 18:38:33.216 25124 25124 D ANWJNI_SECOND: 
05-27 18:38:33.216 25124 25124 D ANWJNI_SECOND: (25124|0x5467E4F8)[BTAPP] XML : avrcp debug
05-27 18:38:33.216 25124 25124 D ANWJNI_SECOND: 
05-27 18:38:33.216 25124 25124 D ANWJNI_SECOND: (25124|0x5467E4F8)[BTAPP] XML : avrcp debug open
05-27 18:38:33.216 25124 25124 D ANWJNI_SECOND: 
05-27 18:38:33.216 25124 25124 D ANWJNI_SECOND: (25124|0x5467E4F8)[BTAPP] XML : pbap debug
05-27 18:38:33.216 25124 25124 D ANWJNI_SECOND: 
05-27 18:38:33.216 25124 25124 D ANWJNI_SECOND: (25124|0x5467E4F8)[BTAPP] XML : pbap debug open
05-27 18:38:33.216 25124 25124 D ANWJNI_SECOND: 
05-27 18:38:33.217 25124 25124 D ANWJNI_SECOND: (25124|0x5467E4F8)[BTAPP] XML : map debug
05-27 18:38:33.217 25124 25124 D ANWJNI_SECOND: 
05-27 18:38:33.217 25124 25124 D ANWJNI_SECOND: (25124|0x5467E4F8)[BTAPP] XML : map debug open
05-27 18:38:33.217 25124 25124 D ANWJNI_SECOND: 
05-27 18:38:33.217 25124 25124 D ANWJNI_SECOND: (25124|0x5467E4F8)[BTAPP] get debug_iap data fail
05-27 18:38:33.217 25124 25124 D ANWJNI_SECOND: 
05-27 18:38:33.217 25124 25124 D ANWJNI_SECOND: (25124|0x5467E4F8)[BTAPP] XML : btsnoop
05-27 18:38:33.217 25124 25124 D ANWJNI_SECOND: 
05-27 18:38:33.217 25124 25124 D ANWJNI_SECOND: (25124|0x5467E4F8)[BTAPP] XML : btsnoop open
05-27 18:38:33.217 25124 25124 D ANWJNI_SECOND: 
05-27 18:38:33.217 25124 25124 D ANWJNI_SECOND: (25124|0x5467E4F8)[BTAPP] XML : file_path 
05-27 18:38:33.217 25124 25124 D ANWJNI_SECOND: 
05-27 18:38:33.217 25124 25124 D ANWJNI_SECOND: (25124|0x5467E4F8)[BTAPP] XML : file_path /data/misc/anw/ is exist,so break
05-27 18:38:33.217 25124 25124 D ANWJNI_SECOND: 
05-27 18:38:33.217 25124 25124 D ANW_AVRCP_SECOND: AnWBT_Set_Storage_Path path /data/misc/anw/
05-27 18:38:33.217 25124 25124 D ANWJNI_SECOND: (25124|0x5467E4F8)[BTAPP] XML : btsnoop_file_path 
05-27 18:38:33.217 25124 25124 D ANWJNI_SECOND: 
05-27 18:38:33.217 25124 25124 D ANWJNI_SECOND: (25124|0x5467E4F8)[BTAPP] XML : btsnoop_path /data/misc/anw/logs/ is exist,so break
05-27 18:38:33.217 25124 25124 D ANWJNI_SECOND: 
05-27 18:38:33.217 25124 25124 D ANWJNI_SECOND: (25124|0x5467E4F8)[BTAPP] XML : find btsnoop_file_size_MB setting
05-27 18:38:33.217 25124 25124 D ANWJNI_SECOND: 
05-27 18:38:33.217 25124 25124 D ANWJNI_SECOND: (25124|0x5467E4F8)[BTAPP] XML : find maxBtSnoopFileSize_MB(100)(100)
05-27 18:38:33.217 25124 25124 D ANWJNI_SECOND: 
05-27 18:38:33.218 25124 25124 D ANWJNI_SECOND: (25124|0x5467E4F8)[BTAPP] XML : find rfkillstate_path:/sys/class/gpio/gpio142/value
05-27 18:38:33.218 25124 25124 D ANWJNI_SECOND: 
05-27 18:38:33.218 25124 25124 D ANWAPI_SECOND: (25124|0x5467E4F8)[BTAPI] AnW_BT_SetRfkillStatePath
05-27 18:38:33.218 25124 25124 D ANWJNI_SECOND: (25124|0x5467E4F8)[BTAPP] get dump_pcm data fail
05-27 18:38:33.218 25124 25124 D ANWJNI_SECOND: 
05-27 18:38:33.218 25124 25124 D ANWJNI_SECOND: (25124|0x5467E4F8)[BTAPP] XML : accept_avrcp_ct_control
05-27 18:38:33.218 25124 25124 D ANWJNI_SECOND: 
05-27 18:38:33.218 25124 25124 D ANWJNI_SECOND: (25124|0x5467E4F8)[BTAPP] XML : accept_avrcp_ct_control close
05-27 18:38:33.218 25124 25124 D ANWJNI_SECOND: 
05-27 18:38:33.218 25124 25124 D ANWJNI_SECOND: (25124|0x5467E4F8)[BTAPP] XML : find maxHFPAGConnNum setting
05-27 18:38:33.218 25124 25124 D ANWJNI_SECOND: 
05-27 18:38:33.218 25124 25124 D ANWJNI_SECOND: (25124|0x5467E4F8)[BTAPP] XML : find maxHFPAGConnNum(2)(2)
05-27 18:38:33.218 25124 25124 D ANWJNI_SECOND: 
05-27 18:38:33.218 25124 25124 D ANWJNI_SECOND: (25124|0x5467E4F8)[BTAPP] XML : find maxHFPHFConnNum setting
05-27 18:38:33.218 25124 25124 D ANWJNI_SECOND: 
05-27 18:38:33.218 25124 25124 D ANWJNI_SECOND: (25124|0x5467E4F8)[BTAPP] XML : find maxHFPHFConnNum(0)(0)
05-27 18:38:33.218 25124 25124 D ANWJNI_SECOND: 
05-27 18:38:33.218 25124 25124 D ANWJNI_SECOND: (25124|0x5467E4F8)[BTAPP] XML : find maxPBAPConnNum setting
05-27 18:38:33.218 25124 25124 D ANWJNI_SECOND: 
05-27 18:38:33.218 25124 25124 D ANWJNI_SECOND: (25124|0x5467E4F8)[BTAPP] XML : find maxPBAPConnNum(0)(0)
05-27 18:38:33.218 25124 25124 D ANWJNI_SECOND: 
05-27 18:38:33.218 25124 25124 D ANWJNI_SECOND: (25124|0x5467E4F8)[BTAPP] XML : find maxMAPConnNum setting
05-27 18:38:33.218 25124 25124 D ANWJNI_SECOND: 
05-27 18:38:33.218 25124 25124 D ANWJNI_SECOND: (25124|0x5467E4F8)[BTAPP] XML : find maxMAPConnNum(0)(0)
05-27 18:38:33.218 25124 25124 D ANWJNI_SECOND: 
05-27 18:38:33.218 25124 25124 D ANWJNI_SECOND: (25124|0x5467E4F8)[BTAPP] XML : find maxA2DPSinkConnNum setting
05-27 18:38:33.218 25124 25124 D ANWJNI_SECOND: 
05-27 18:38:33.218 25124 25124 D ANWJNI_SECOND: (25124|0x5467E4F8)[BTAPP] XML : find maxA2DPSinkConnNum(0)(0)
05-27 18:38:33.218 25124 25124 D ANWJNI_SECOND: 
05-27 18:38:33.218 25124 25124 D ANWJNI_SECOND: (25124|0x5467E4F8)[BTAPP] XML : find maxA2DPSourceConnNum setting
05-27 18:38:33.218 25124 25124 D ANWJNI_SECOND: 
05-27 18:38:33.218 25124 25124 D ANWJNI_SECOND: (25124|0x5467E4F8)[BTAPP] XML : find maxA2DPSourceConnNum(2)(2)
05-27 18:38:33.218 25124 25124 D ANWJNI_SECOND: 
05-27 18:38:33.218 25124 25124 D ANWJNI_SECOND: (25124|0x5467E4F8)[BTAPP] XML : find maxAVRCPCTConnNum setting
05-27 18:38:33.218 25124 25124 D ANWJNI_SECOND: 
05-27 18:38:33.218 25124 25124 D ANWJNI_SECOND: (25124|0x5467E4F8)[BTAPP] XML : find (0)(0)
05-27 18:38:33.218 25124 25124 D ANWJNI_SECOND: 
05-27 18:38:33.219 25124 25124 D ANWJNI_SECOND: (25124|0x5467E4F8)[BTAPP] XML : find maxAVRCPTGConnNum setting
05-27 18:38:33.219 25124 25124 D ANWJNI_SECOND: 
05-27 18:38:33.219 25124 25124 D ANWJNI_SECOND: (25124|0x5467E4F8)[BTAPP] XML : find maxAVRCPTGConnNum(2)(2)
05-27 18:38:33.219 25124 25124 D ANWJNI_SECOND: 
05-27 18:38:33.219 25124 25124 D ANWJNI_SECOND: (25124|0x5467E4F8)[BTAPP] XML : find maxDeviceConnNum setting
05-27 18:38:33.219 25124 25124 D ANWJNI_SECOND: 
05-27 18:38:33.219 25124 25124 D ANWJNI_SECOND: (25124|0x5467E4F8)[BTAPP] XML : find maxDeviceConnNum(2)(2)
05-27 18:38:33.219 25124 25124 D ANWJNI_SECOND: 
05-27 18:38:33.219 25124 25124 D ANWJNI_SECOND: (25124|0x5467E4F8)[BTAPP] XML : find maxSCOConnNum setting
05-27 18:38:33.219 25124 25124 D ANWJNI_SECOND: 
05-27 18:38:33.219 25124 25124 D ANWJNI_SECOND: (25124|0x5467E4F8)[BTAPP] XML : find maxSCOConnNum(2)(2)
05-27 18:38:33.219 25124 25124 D ANWJNI_SECOND: 
05-27 18:38:33.219 25124 25124 D ANWJNI_SECOND: (25124|0x5467E4F8)[BTAPP] XML : find maxHFSCOConnNum setting
05-27 18:38:33.219 25124 25124 D ANWJNI_SECOND: 
05-27 18:38:33.219 25124 25124 D ANWJNI_SECOND: (25124|0x5467E4F8)[BTAPP] XML : find maxHFSCOConnNum(0)(0)
05-27 18:38:33.219 25124 25124 D ANWJNI_SECOND: 
05-27 18:38:33.219 25124 25124 D ANWJNI_SECOND: (25124|0x5467E4F8)[BTAPP] XML : find maxAGSCOConnNum setting
05-27 18:38:33.219 25124 25124 D ANWJNI_SECOND: 
05-27 18:38:33.219 25124 25124 D ANWJNI_SECOND: (25124|0x5467E4F8)[BTAPP] XML : find maxAGSCOConnNum(2)(2)
05-27 18:38:33.219 25124 25124 D ANWJNI_SECOND: 
05-27 18:38:33.219 25124 25124 D ANWJNI_SECOND: (25124|0x5467E4F8)[BTAPP] XML : find maxOppConnNum_data setting
05-27 18:38:33.219 25124 25124 D ANWJNI_SECOND: 
05-27 18:38:33.219 25124 25124 D ANWJNI_SECOND: (25124|0x5467E4F8)[BTAPP] XML : find maxOPPConnNum(0)(0)
05-27 18:38:33.219 25124 25124 D ANWJNI_SECOND: 
05-27 18:38:33.219 25124 25124 D ANWJNI_SECOND: (25124|0x5467E4F8)[BTAPP] XML : find maxHidHostConnNum_data setting
05-27 18:38:33.219 25124 25124 D ANWJNI_SECOND: 
05-27 18:38:33.219 25124 25124 D ANWJNI_SECOND: (25124|0x5467E4F8)[BTAPP] XML : find maxHidHostConnNum(0)(0)
05-27 18:38:33.219 25124 25124 D ANWJNI_SECOND: 
05-27 18:38:33.219 25124 25124 D ANWJNI_SECOND: (25124|0x5467E4F8)[BTAPP] XML : music_mode_auto_select
05-27 18:38:33.219 25124 25124 D ANWJNI_SECOND: 
05-27 08:29:42.191   581   581 D spi_rst_gpio_get_output: GPIO 145 value: 1
05-27 08:29:42.191   581   581 D spidev_ioctl: gpio status=1)
05-27 08:29:42.197   581   581 D spi_rst_gpio_get_output: GPIO 145 value: 1
05-27 08:29:42.197   581   581 D spidev_ioctl: gpio status=1)
05-27 08:29:42.202   581   581 D spi_rst_gpio_get_output: GPIO 145 value: 1
05-27 08:29:42.202   581   581 D spidev_ioctl: gpio status=1)
05-27 18:38:33.219   299 30844 D EvsDriver: forwardFrame
05-27 18:38:33.219 25124 25124 D ANWJNI_SECOND: (25124|0x5467E4F8)[BTAPP] XML : music_mode_auto_select open
05-27 18:38:33.219 25124 25124 D ANWJNI_SECOND: 
05-27 18:38:33.219 25124 25124 D ANWJNI_SECOND: (25124|0x5467E4F8)[BTAPP] XML : BQB_test_setting
05-27 18:38:33.219 25124 25124 D ANWJNI_SECOND: 
05-27 18:38:33.219 25124 25124 D ANWJNI_SECOND: (25124|0x5467E4F8)[BTAPP] XML : BQB_test_setting close
05-27 18:38:33.219 25124 25124 D ANWJNI_SECOND: 
05-27 18:38:33.219 25124 25124 D ANWJNI_SECOND: (25124|0x5467E4F8)[BTAPP] XML : find aaudio_device_id setting
05-27 18:38:33.219 25124 25124 D ANWJNI_SECOND: 
05-27 18:38:33.220 25124 25124 D ANWJNI_SECOND: (25124|0x5467E4F8)[BTAPP] XML : find aaudio_device_id(16)(16)
05-27 18:38:33.220 25124 25124 D ANWJNI_SECOND: 
05-27 18:38:33.220 25124 25124 D ANWJNI_SECOND: (25124|0x5467E4F8)[BTAPP] XML : local_device_name_data 
05-27 18:38:33.220 25124 25124 D ANWJNI_SECOND: 
05-27 18:38:33.220 25124 25124 D ANWAPI_SECOND: (25124|0x5467E4F8)[BTAPI] AnWBT_Set_Local_Device_Before_Init LJ_FUJIA
05-27 18:38:33.220 25124 25124 D ANWJNI_SECOND: (25124|0x5467E4F8)[BTAPP] get a2dp_sink_pcm data fail
05-27 18:38:33.220 25124 25124 D ANWJNI_SECOND: 
05-27 18:38:33.220 25124 25124 D ANWJNI_SECOND: (25124|0x5467E4F8)[BTAPP] XML : master_device_file_path 
05-27 18:38:33.220 25124 25124 D ANWJNI_SECOND: 
05-27 18:38:33.220 25124 25124 D ANWJNI_SECOND: (25124|0x5467E4F8)[BTAPP] XML : master_device_file_path /anw/target_device_info is not exist
05-27 18:38:33.220 25124 25124 D ANWJNI_SECOND: 
05-27 18:38:33.220 25124 25124 D ANWJNI_SECOND: (25124|0x5467E4F8)[BTAPP] XML : read_rssi_switch
05-27 18:38:33.220 25124 25124 D ANWJNI_SECOND: 
05-27 18:38:33.220 25124 25124 D ANWJNI_SECOND: (25124|0x5467E4F8)[BTAPP] XML : read_rssi_switch close
05-27 18:38:33.220 25124 25124 D ANWJNI_SECOND: 
05-27 18:38:33.220 25124 25124 D ANWJNI_SECOND: (25124|0x5467E4F8)[BTAPP] XML : pbapClient_autoConnectAndDownload
05-27 18:38:33.220 25124 25124 D ANWJNI_SECOND: 
05-27 18:38:33.220 25124 25124 D ANWJNI_SECOND: (25124|0x5467E4F8)[BTAPP] XML : PBAP Client auto connect an download close
05-27 18:38:33.220 25124 25124 D ANWJNI_SECOND: 
05-27 18:38:33.220 25124 25124 D ANWJNI_SECOND: (25124|0x5467E4F8)[BTAPP] get callDisconnect_AutoDownloadCalllog data fail
05-27 18:38:33.220 25124 25124 D ANWJNI_SECOND: 
05-27 18:38:33.220 25124 25124 D ANWJNI_SECOND: (25124|0x5467E4F8)[BTAPP] XML : UART_path 
05-27 18:38:33.220 25124 25124 D ANWJNI_SECOND: 
05-27 18:38:33.220 25124 25124 D ANWJNI_SECOND: (25124|0x5467E4F8)[BTAPP] XML : UART_path:[/dev/ttyS3]
05-27 18:38:33.220 25124 25124 D ANWJNI_SECOND: 
05-27 18:38:33.220 25124 25124 D ANWJNI_SECOND: (25124|0x5467E4F8)[BTAPP] get BTADDR_path data fail
05-27 18:38:33.220 25124 25124 D ANWJNI_SECOND: 
05-27 18:38:33.220   299 30844 D EvsDriver: Delivered 0xb400007b7ca56900 as id 0
05-27 18:38:33.220 25124 25124 D ANWJNI_SECOND: (25124|0x5467E4F8)[BTAPP] XML : BTADDR path not find
05-27 18:38:33.220 25124 25124 D ANWJNI_SECOND: 
05-27 18:38:33.220 25124 25124 D ANWJNI_SECOND: (25124|0x5467E4F8)[BTAPP] XML : find UART_baudRate_init(115200)
05-27 18:38:33.220 25124 25124 D ANWJNI_SECOND: 
05-27 18:38:33.220  1167  1479 D evsmanagerd: /dev/video6 forwarded the buffer #0 to 0xb4000074bf5f5510 from 0xb4000074bf5f6d90
05-27 18:38:33.221 25124 25124 D ANWJNI_SECOND: (25124|0x5467E4F8)[BTAPP] XML : find UART_baudRate_normal(3000000)
05-27 18:38:33.221 25124 25124 D ANWJNI_SECOND: 
05-27 18:38:33.221 25124 25124 D ANWJNI_SECOND: (25124|0x5467E4F8)[BTAPP] XML : AVRCP_ABSOLUTE_VOLUME
05-27 18:38:33.221 25124 25124 D ANWJNI_SECOND: 
05-27 18:38:33.221 25124 25124 D ANWJNI_SECOND: (25124|0x5467E4F8)[BTAPP] XML : avrcp absolute volume change open
05-27 18:38:33.221 25124 25124 D ANWJNI_SECOND: 
05-27 18:38:33.221 25124 25124 D ANWAPI_SECOND: (25124|0x5467E4F8)[BTAPI] AnWBT_Set_Avrcp_Absoulte_Volume_Change[1]
05-27 18:38:33.221 25124 25124 D ANWJNI_SECOND: (25124|0x5467E4F8)[BTAPP] get generate_random_address data fail
05-27 18:38:33.221 25124 25124 D ANWJNI_SECOND: 
05-27 18:38:33.221 25124 25124 D ANWJNI_SECOND: (25124|0x5467E4F8)[BTAPP] get reject_a2dp_avrcp data fail
05-27 18:38:33.221 25124 25124 D ANWJNI_SECOND: 
05-27 18:38:33.221 25124 25124 D ANWJNI_SECOND: (25124|0x5467E4F8)[BTAPP] XML : find connect_by_sdp_limit setting
05-27 18:38:33.221 25124 25124 D ANWJNI_SECOND: 
05-27 18:38:33.221 25124 25124 D ANWJNI_SECOND: (25124|0x5467E4F8)[BTAPP] connect_by_sdp_limit set(close)
05-27 18:38:33.221 25124 25124 D ANWJNI_SECOND: 
05-27 18:38:33.221 25124 25124 D ANWJNI_SECOND: (25124|0x5467E4F8)[BTAPP] XML : find hfpag_auto_select_main_device setting
05-27 18:38:33.221 25124 25124 D ANWJNI_SECOND: 
05-27 18:38:33.222 25124 25124 D ANWJNI_SECOND: (25124|0x5467E4F8)[BTAPP] hfpag_auto_select_main_device set(open)
05-27 18:38:33.222 25124 25124 D ANWJNI_SECOND: 
05-27 18:38:33.222 25124 25124 D ANWJNI_SECOND: (25124|0x5467E4F8)[BTAPP] XML : find waveout_file_size_MB setting
05-27 18:38:33.222 25124 25124 D ANWJNI_SECOND: 
05-27 18:38:33.222 25124 25124 D ANWJNI_SECOND: (25124|0x5467E4F8)[BTAPP] XML : find waveout_file_size_MB_data(50)
05-27 18:38:33.222 25124 25124 D ANWJNI_SECOND: 
05-27 18:38:33.222 25124 25124 D ANWJNI_SECOND: (25124|0x5467E4F8)[BTAPP] free source_data
05-27 18:38:33.222 25124 25124 D ANWJNI_SECOND: 
05-27 18:38:33.222 25124 25124 D ANWJNI_SECOND: (25124|0x5467E4F8)[BTAPP] Read XMLfile End
05-27 18:38:33.222 25124 25124 D ANWJNI_SECOND: 
05-27 18:38:33.222 25124 25124 D ANWJNI_SECOND: (25124|0x5467E4F8)[BTAPP] run Read (/system/etc/bluetooth/anw_AA_CP_setting.cfg) Start
05-27 18:38:33.222 25124 25124 D ANWJNI_SECOND: 
05-27 18:38:33.223  1167  1479 D evsmanagerd: /dev/video4 forwarded the buffer #0 to 0xb4000074bf5f6850 from 0xb4000074bf5f41d0
05-27 18:38:33.223 25124 25124 D ANWJNI_SECOND: (25124|0x5467E4F8)[BTAPP] open BT config file (/system/etc/bluetooth/anw_AA_CP_setting.cfg) failed.
05-27 18:38:33.223 25124 25124 D ANWJNI_SECOND: 
05-27 18:38:33.223   299 30841 D EvsDriver: Delivered 0xb400007b7ca56a60 as id 0
05-27 18:38:33.223 25124 25124 D ANWJNI_SECOND: (25124|0x5467E4F8)[BTAPP] run Read (/data/misc/anw//btmonitor_lastrecord) Start
05-27 18:38:33.223 25124 25124 D ANWJNI_SECOND: 
05-27 18:38:33.223 25124 25124 D ANWJNI_SECOND: (25124|0x5467E4F8)[BTAPP] open BT last record file (/data/misc/anw//btmonitor_lastrecord) success.
05-27 18:38:33.223 25124 25124 D ANWJNI_SECOND: 
05-27 18:38:33.223 25124 25124 D ANWJNI_SECOND: (25124|0x5467E4F8)[BTAPP] read last_connected_device last_scan_mode::3
05-27 18:38:33.223 25124 25124 D ANWJNI_SECOND: 
05-27 18:38:33.223 25124 25124 D ANWJNI_SECOND: 
05-27 18:38:33.223 25124 25124 D ANWJNI_SECOND: (25124|0x5467E4F8)[BTAPP] read last_scan_mode
05-27 18:38:33.223 25124 25124 D ANWJNI_SECOND: 
05-27 18:38:33.223 25124 25124 D ANWJNI_SECOND: (25124|0x5467E4F8)[BTAPP] last_scan_mode find,value is 3
05-27 18:38:33.223 25124 25124 D ANWJNI_SECOND: 
05-27 18:38:33.223 25124 25124 D ANWJNI_SECOND: (25124|0x5467E4F8)[BTAPP] read last_poweron_state
05-27 18:38:33.223 25124 25124 D ANWJNI_SECOND: 
05-27 18:38:33.223 25124 25124 I ANWJNI_SECOND: --- JNI_OnLoad
05-27 18:38:33.226  1008 30856 D [OMXB]  : usingANWBuffer: handle:0xee743ea0, format:1, w:1920, h:1080
05-27 18:38:33.226   581   581 I SpiService: fgesysctrl_getGPIO_status success val=1
05-27 18:38:33.227   299  1153 D EvsDriver: doneWithFrame
05-27 18:38:33.227   299  1163 D EvsDriver: doneWithFrame
05-27 18:38:33.229 13911 14183 I SentryImuMcuAngleSender: 179.97198rollDeg
05-27 18:38:33.229 13911 14183 I SentryImuMcuAngleSender: 1,0,0
05-27 18:38:33.231 10188 23768 D NetworkPolicy: Blocked state of 10080: {blocked=NONE,allowed=FOREGROUND|METERED_FOREGROUND,effective=NONE}
05-27 18:38:33.232   581   581 I SpiService: fgesysctrl_getGPIO_status success val=1
05-27 08:29:42.207   581   581 D spi_rst_gpio_get_output: GPIO 145 value: 1
05-27 18:38:33.237 25124 25124 D AnwSdkService: onCreate
05-27 18:38:33.237 25124 25124 D AnwSdkService: run createMessageHandleThread
05-27 18:38:33.237   536   536 D commservice260303: msg.id = 1028,0
05-27 18:38:33.237   536   536 D commservice260303: i = 170, msgid = 8A000404
05-27 18:38:33.237   536   536 D commservice260303: msgid = -1979710460,did=138
05-27 18:38:33.237   536   536 D commservice260303: CommProtocolLibCmdBaseI2C::dataproc {"command":{"id":"imu_status","sub":""},"content":{"TimeStamp":10,"FrameCounter":237489,"GD_X":-0.011987865902483463,"GD_Y":0.00519212381914258,"GD_Z":0.0022902146447449923,"AD_X":-0.0053820013999938965,"AD_Y":0.001868473133072257,"AD_Z":-0.1719226837158203,"TempDsp":0,"Status":0,"CalibState":1,"SigAmpInvalid":0}},-1979710460
05-27 18:38:33.237   536   536 D commservice260303: send2Cluster len:315, 7B22636F6D6D616E64223A7B226964223A22696D755F737461747573222C22737562223A22227D2C22636F6E74656E74223A7B2254696D655374616D70223A31302C224672616D65436F756E746572223A3233373438392C2247445F58223A2D302E3031313938373836353930323438333436332C2247445F59223A302E30303531393231323338313931343235382C2247445F5A223A302E303032323930323134363434373434393932332C2241445F58223A2D302E303035333832303031333939393933383936352C2241445F59223A302E3030313836383437333133333037323235372C2241445F5A223A2D302E313731393232363833373135383230332C2254656D70447370223A302C22537461747573223A302C2243616C69625374617465223A312C22536967416D70496E76616C6964223A307D7D, 138 
05-27 18:38:33.237   536   536 D commservice260303: Push Message into SendPool fn=1205797632
05-27 18:38:33.237   536   536 D commservice260303: ComProtocolLibSend2Cluster::send2ClusterRaw fn=1205797632 , len=331
05-27 18:38:33.237   536   536 D commservice260303: sendCmdToPort :331!!!
05-27 18:38:33.237   536   536 D commservice260303: send Cmd To Port ++++5AA501478A010003DF476A16C9A97B22636F6D6D616E64223A7B226964223A22696D755F737461747573222C22737562223A22227D2C22636F6E74656E74223A7B2254696D655374616D70223A31302C224672616D65436F756E746572223A3233373438392C2247445F58223A2D302E3031313938373836353930323438333436332C2247445F59223A302E30303531393231323338313931343235382C2247445F5A223A302E303032323930323134363434373434393932332C2241445F58223A2D302E303035333832303031333939393933383936352C2241445F59223A302E3030313836383437333133333037323235372C2241445F5A223A2D302E313731393232363833373135383230332C2254656D70447370223A302C22537461747573223A302C2243616C69625374617465223A312C22536967416D70496E76616C6964223A307D7D3D78
05-27 18:38:33.237   536   536 D commservice260303: bufferevent_write retrun value = 0
05-27 18:38:33.237   536   560 D commservice260303: client datas send succeed,send finish
05-27 18:38:33.237   581   581 I SpiService: fgesysctrl_getGPIO_status success val=1
05-27 18:38:33.238 13911 14192 D Sentinelmode_1.2.5.17_sentry: <SentryImuClusterFgeSender>imu_status sent to Linux, frame=237489, tsNs=10180480, tsMs=10, intervalMs=39, ad=(-0.0053820014,0.0018684731,-0.17192268), gd=(-0.011987866,0.005192124,0.0022902146)
05-27 18:38:33.240 25124 25124 D AnwSdkService: run createAudioFocusListenerMessageHandleThread
05-27 18:38:33.242 25124 25124 I AnwSdkService: mhcilog1:
05-27 18:38:33.242 25124 25124 I AnwSdkService: mhcilog4:
05-27 18:38:33.243   581   581 I SpiService: fgesysctrl_getGPIO_status success val=1
05-27 18:38:33.243   299 30844 D EvsDriver: forwardFrame
05-27 18:38:33.244   299 30841 D EvsDriver: forwardFrame
05-27 18:38:33.244   299 30844 D EvsDriver: Delivered 0xb400007b7ca56900 as id 0
05-27 18:38:33.245  1167  1184 D evsmanagerd: /dev/video6 forwarded the buffer #0 to 0xb4000074bf5f5510 from 0xb4000074bf5f6d90
05-27 18:38:33.245  1167  1184 D evsmanagerd: /dev/video4 forwarded the buffer #0 to 0xb4000074bf5f6850 from 0xb4000074bf5f41d0
05-27 18:38:33.245   299 30841 D EvsDriver: Delivered 0xb400007b7ca56a60 as id 0
05-27 18:38:33.247   299  1153 D EvsDriver: doneWithFrame
05-27 18:38:33.248   581   581 I SpiService: fgesysctrl_getGPIO_status success val=1
05-27 18:38:33.248   299  1153 D EvsDriver: doneWithFrame
05-27 18:38:33.249 13911 14183 I SentryImuMcuAngleSender: 179.97197rollDeg
05-27 18:38:33.249 13911 14183 I SentryImuMcuAngleSender: 1,0,0
05-27 08:29:42.207   581   581 D spidev_ioctl: gpio status=1)
05-27 08:29:42.213   581   581 D spi_rst_gpio_get_output: GPIO 145 value: 1
05-27 08:29:42.213   581   581 D spidev_ioctl: gpio status=1)
05-27 18:38:33.250 25124 25124 I ANWJNI_SECOND: +++ InitialCallback=====
05-27 18:38:33.251  1008 30857 D [OMXB]  : usingANWBuffer: handle:0xee741400, format:1, w:1920, h:1080
05-27 18:38:33.252 25124 25124 I ANWJNI_SECOND: --- InitialCallback(77)(78)
05-27 18:38:33.252 25124 25124 I ANWJNI_SECOND: --- InitialCallback(79)(80)
05-27 18:38:33.252 25124 25124 I ANWJNI_SECOND: --- InitialCallback:0
05-27 18:38:33.252 25124 25124 D AnwSdkService: onCreate:0,78,80
05-27 18:38:33.252 25124 25124 D AnwSdkService: pbap_socket_fd1 = 78
05-27 18:38:33.252 25124 25124 D AnwSdkService: run createPbapContactMessageHandleThread
