05-27 18:43:34.187  1008 30857 D [OMXB]  : usingANWBuffer: handle:0xee741c40, format:1, w:1920, h:1080
05-27 18:43:34.187 31046 31046 I ADAYO_LOG_TRACE_KERNEL: collect_root_path:/mnt/log_data
05-27 18:43:34.189 13911 14183 I SentryImuMcuAngleSender: 179.98248rollDeg
05-27 18:43:34.189 13911 14183 I SentryImuMcuAngleSender: 1,0,0
05-27 18:43:34.190   581   581 I SpiService: fgesysctrl_getGPIO_status success val=1
05-27 08:34:43.154   581   581 D spi_rst_gpio_get_output: GPIO 145 value: 1
05-27 08:34:43.154   581   581 D spidev_ioctl: gpio status=1)
05-27 18:43:34.194   572   572 I Sensors : 230 GyroSensor: x:-0.011530,y:0.005268,z:0.001679
05-27 18:43:34.195   581   581 I SpiService: fgesysctrl_getGPIO_status success val=1
05-27 08:34:43.160   581   581 D spi_rst_gpio_get_output: GPIO 145 value: 1
05-27 08:34:43.160   581   581 D spidev_ioctl: gpio status=1)
05-27 18:43:34.198 13911 14183 I SentryImuMcuAngleSender: [4, 18, 1, 0, 0],5
05-27 18:43:34.198 13911 14183 I McuCommManager: mcuCommSendcmd [4, 18, 1, 0, 0]
05-27 18:43:34.199 13911 14183 I SentryImuMcuAngleSender: true
05-27 18:43:34.200 13911 14183 W Sentinelmode_1.2.5.17_sentry: <SentryImuMcuAngleSender>MCU IMU send interval abnormal: 1005ms
05-27 18:43:34.201   581   581 I SpiService: fgesysctrl_getGPIO_status success val=0
05-27 18:43:34.202   481   597 I mcuc    : send SPI:6AA600735D00020601276AA600735E0005041201000013
05-27 08:34:43.166   581   581 D spi_rst_gpio_get_output: GPIO 145 value: 0
05-27 08:34:43.166   581   581 D spidev_ioctl: gpio status=0)
05-27 18:43:34.206 15863 15925 D VersionPrinter: com.aispeech.lyra.daemon- VersionName:[8.0.1_260520.0.yadi_HuoXing] - append:[] - active:[]
05-27 18:43:34.209 13911 14183 I SentryImuMcuAngleSender: 179.97197rollDeg
05-27 18:43:34.209 13911 14183 I SentryImuMcuAngleSender: 1,0,0
05-27 18:43:34.215   299 30844 D EvsDriver: forwardFrame
05-27 18:43:34.216   581   581 I SpiService: fgesysctrl_getGPIO_status success val=1
05-27 08:34:43.181   581   581 D spi_rst_gpio_get_output: GPIO 145 value: 1
05-27 08:34:43.181   581   581 D spidev_ioctl: gpio status=1)
05-27 18:43:34.217   299 30841 D EvsDriver: forwardFrame
05-27 18:43:34.218   299 30844 D EvsDriver: Delivered 0xb400007b7ca56900 as id 0
05-27 18:43:34.218  1167  1479 D evsmanagerd: /dev/video6 forwarded the buffer #0 to 0xb4000074bf5f5510 from 0xb4000074bf5f6d90
05-27 18:43:34.218  1167  1167 D evsmanagerd: /dev/video4 forwarded the buffer #0 to 0xb4000074bf5f6850 from 0xb4000074bf5f41d0
05-27 18:43:34.219   299 30841 D EvsDriver: Delivered 0xb400007b7ca56a60 as id 0
05-27 18:43:34.222   581   581 I SpiService: fgesysctrl_getGPIO_status success val=1
05-27 18:43:34.222   299  1153 D EvsDriver: doneWithFrame
05-27 18:43:34.222   299  1163 D EvsDriver: doneWithFrame
05-27 08:34:43.187   581   581 D spi_rst_gpio_get_output: GPIO 145 value: 1
05-27 08:34:43.187   581   581 D spidev_ioctl: gpio status=1)
05-27 18:43:34.223   283   307 I rvcservice: t.code = 4, t.value = 0
05-27 18:43:34.226   536   536 D commservice260303: msg.id = 1028,1
05-27 18:43:34.226   536   536 D commservice260303: i = 170, msgid = 8A000404
05-27 18:43:34.226   536   536 D commservice260303: msgid = -1979710460,did=138
05-27 18:43:34.226   536   536 D commservice260303: CommProtocolLibCmdBaseI2C::dataproc {"command":{"id":"imu_status","sub":""},"content":{"TimeStamp":10,"FrameCounter":244899,"GD_X":-0.010994902811944485,"GD_Y":0.004199160262942314,"GD_Z":0.0018319635419175029,"AD_X":-0.0010453611612319946,"AD_Y":0.0026963769923895597,"AD_Z":-0.17130661010742188,"TempDsp":0,"Status":0,"CalibState":1,"SigAmpInvalid":0}},-1979710460
05-27 18:43:34.226   536   536 D commservice260303: send2Cluster len:318, 7B22636F6D6D616E64223A7B226964223A22696D755F737461747573222C22737562223A22227D2C22636F6E74656E74223A7B2254696D655374616D70223A31302C224672616D65436F756E746572223A3234343839392C2247445F58223A2D302E3031303939343930323831313934343438352C2247445F59223A302E3030343139393136303236323934323331342C2247445F5A223A302E303031383331393633353431393137353032392C2241445F58223A2D302E303031303435333631313631323331393934362C2241445F59223A302E303032363936333736393932333839353539372C2241445F5A223A2D302E31373133303636313031303734323138382C2254656D70447370223A302C22537461747573223A302C2243616C69625374617465223A312C22536967416D70496E76616C6964223A307D7D, 138 
05-27 18:43:34.227   536   536 D commservice260303: Push Message into SendPool fn=-788790528
05-27 18:43:34.227   536   536 D commservice260303: ComProtocolLibSend2Cluster::send2ClusterRaw fn=-788790528 , len=334
05-27 18:43:34.227   536   536 D commservice260303: sendCmdToPort :334!!!
05-27 18:43:34.227   536   536 D commservice260303: send Cmd To Port ++++5AA5014A8A010003FCD06A16CAD67B22636F6D6D616E64223A7B226964223A22696D755F737461747573222C22737562223A22227D2C22636F6E74656E74223A7B2254696D655374616D70223A31302C224672616D65436F756E746572223A3234343839392C2247445F58223A2D302E3031303939343930323831313934343438352C2247445F59223A302E3030343139393136303236323934323331342C2247445F5A223A302E303031383331393633353431393137353032392C2241445F58223A2D302E303031303435333631313631323331393934362C2241445F59223A302E303032363936333736393932333839353539372C2241445F5A223A2D302E31373133303636313031303734323138382C2254656D70447370223A302C22537461747573223A302C2243616C69625374617465223A312C22536967416D70496E76616C6964223A307D7D65AB
05-27 18:43:34.227   536   536 D commservice260303: bufferevent_write retrun value = 0
05-27 18:43:34.227   536   560 D commservice260303: client datas send succeed,send finish
05-27 18:43:34.227   581   581 I SpiService: fgesysctrl_getGPIO_status success val=1
05-27 18:43:34.228 13911 14192 D Sentinelmode_1.2.5.17_sentry: <SentryImuClusterFgeSender>imu_status sent to Linux, frame=244899, tsNs=10481461, tsMs=10, intervalMs=43, ad=(-0.0010453612,0.002696377,-0.17130661), gd=(-0.010994903,0.0041991603,0.0018319635)
05-27 08:34:43.192   581   581 D spi_rst_gpio_get_output: GPIO 145 value: 1
05-27 08:34:43.192   581   581 D spidev_ioctl: gpio status=1)
05-27 18:43:34.229  1008 30856 D [OMXB]  : usingANWBuffer: handle:0xee7444d0, format:1, w:1920, h:1080
05-27 18:43:34.230 13911 14183 I SentryImuMcuAngleSender: 179.97197rollDeg
05-27 18:43:34.231 13911 14183 I SentryImuMcuAngleSender: 1,0,0
05-27 18:43:34.233   581   581 I SpiService: fgesysctrl_getGPIO_status success val=1
05-27 08:34:43.198   581   581 D spi_rst_gpio_get_output: GPIO 145 value: 1
05-27 08:34:43.198   581   581 D spidev_ioctl: gpio status=1)
05-27 08:34:43.204   581   581 D spi_rst_gpio_get_output: GPIO 145 value: 1
05-27 08:34:43.204   581   581 D spidev_ioctl: gpio status=1)
05-27 18:43:34.239   299 30844 D EvsDriver: forwardFrame
05-27 18:43:34.239   581   581 I SpiService: fgesysctrl_getGPIO_status success val=1
05-27 18:43:34.241   299 30844 D EvsDriver: Delivered 0xb400007b7ca56900 as id 0
05-27 18:43:34.241  1167  1167 D evsmanagerd: /dev/video6 forwarded the buffer #0 to 0xb4000074bf5f5510 from 0xb4000074bf5f6d90
05-27 08:34:43.209   581   581 D spi_rst_gpio_get_output: GPIO 145 value: 0
05-27 08:34:43.209   581   581 D spidev_ioctl: gpio status=0)
05-27 18:43:34.243  1008 30857 D [OMXB]  : usingANWBuffer: handle:0xee740220, format:1, w:1920, h:1080
05-27 18:43:34.244   299 30841 D EvsDriver: forwardFrame
05-27 18:43:34.245   581   581 I SpiService: fgesysctrl_getGPIO_status success val=0
05-27 18:43:34.245  1167  1167 D evsmanagerd: /dev/video4 forwarded the buffer #0 to 0xb4000074bf5f6850 from 0xb4000074bf5f41d0
05-27 18:43:34.245   299 30841 D EvsDriver: Delivered 0xb400007b7ca56a60 as id 0
05-27 18:43:34.246   299  1163 D EvsDriver: doneWithFrame
05-27 18:43:34.250   299  1163 D EvsDriver: doneWithFrame
05-27 18:43:34.256 13911 14183 I SentryImuMcuAngleSender: 179.97899rollDeg
05-27 18:43:34.256 13911 14183 I SentryImuMcuAngleSender: 1,0,0
05-27 18:43:34.260   581   581 I SpiService: fgesysctrl_getGPIO_status success val=1
05-27 08:34:43.224   581   581 D spi_rst_gpio_get_output: GPIO 145 value: 1
05-27 08:34:43.224   581   581 D spidev_ioctl: gpio status=1)
05-27 18:43:34.265   581   581 I SpiService: fgesysctrl_getGPIO_status success val=1
05-27 18:43:34.266   536   536 D commservice260303: msg.id = 1028,0
05-27 18:43:34.266   536   536 D commservice260303: i = 170, msgid = 8A000404
05-27 18:43:34.266   536   536 D commservice260303: msgid = -1979710460,did=138
05-27 18:43:34.266   536   536 D commservice260303: CommProtocolLibCmdBaseI2C::dataproc {"command":{"id":"imu_status","sub":""},"content":{"TimeStamp":10,"FrameCounter":244900,"GD_X":-0.011147825978696346,"GD_Y":0.004352083895355463,"GD_Z":0.002213752595707774,"AD_X":-0.003487199544906616,"AD_Y":-0.0021774997003376484,"AD_Z":-0.16947650909423828,"TempDsp":0,"Status":0,"CalibState":1,"SigAmpInvalid":0}},-1979710460
05-27 18:43:34.266   536   536 D commservice260303: send2Cluster len:317, 7B22636F6D6D616E64223A7B226964223A22696D755F737461747573222C22737562223A22227D2C22636F6E74656E74223A7B2254696D655374616D70223A31302C224672616D65436F756E746572223A3234343930302C2247445F58223A2D302E3031313134373832353937383639363334362C2247445F59223A302E3030343335323038333839353335353436332C2247445F5A223A302E3030323231333735323539353730373737342C2241445F58223A2D302E3030333438373139393534343930363631362C2241445F59223A2D302E303032313737343939373030333337363438342C2241445F5A223A2D302E31363934373635303930393432333832382C2254656D70447370223A302C22537461747573223A302C2243616C69625374617465223A312C22536967416D70496E76616C6964223A307D7D, 138 
05-27 18:43:34.266   536   536 D commservice260303: Push Message into SendPool fn=-772013312
05-27 18:43:34.266   299 30844 D EvsDriver: forwardFrame
05-27 18:43:34.266   536   536 D commservice260303: ComProtocolLibSend2Cluster::send2ClusterRaw fn=-772013312 , len=333
05-27 18:43:34.266   536   536 D commservice260303: sendCmdToPort :333!!!
05-27 18:43:34.267   536   536 D commservice260303: send Cmd To Port ++++5AA501498A010003FCD16A16CAD67B22636F6D6D616E64223A7B226964223A22696D755F737461747573222C22737562223A22227D2C22636F6E74656E74223A7B2254696D655374616D70223A31302C224672616D65436F756E746572223A3234343930302C2247445F58223A2D302E3031313134373832353937383639363334362C2247445F59223A302E3030343335323038333839353335353436332C2247445F5A223A302E3030323231333735323539353730373737342C2241445F58223A2D302E3030333438373139393534343930363631362C2241445F59223A2D302E303032313737343939373030333337363438342C2241445F5A223A2D302E31363934373635303930393432333832382C2254656D70447370223A302C22537461747573223A302C2243616C69625374617465223A312C22536967416D70496E76616C6964223A307D7D700D
05-27 18:43:34.267   536   536 D commservice260303: bufferevent_write retrun value = 0
05-27 18:43:34.267   536   560 D commservice260303: client datas send succeed,send finish
05-27 18:43:34.268 13911 14192 D Sentinelmode_1.2.5.17_sentry: <SentryImuClusterFgeSender>imu_status sent to Linux, frame=244900, tsNs=10481515, tsMs=10, intervalMs=39, ad=(-0.0034871995,-0.0021774997,-0.16947651), gd=(-0.011147826,0.004352084,0.0022137526)
05-27 18:43:34.268   299 30844 D EvsDriver: Delivered 0xb400007b7ca56900 as id 0
05-27 18:43:34.268  1167  1479 D evsmanagerd: /dev/video6 forwarded the buffer #0 to 0xb4000074bf5f5510 from 0xb4000074bf5f6d90
05-27 18:43:34.268 30773 30783 I dvr_service_: [myNum:1][onFrameReceived] Received Surface:1 0
05-27 18:43:34.268 30773 30783 E dvr_service_: [myNum:1] Received S**** loss
05-27 08:34:43.230   581   581 D spi_rst_gpio_get_output: GPIO 145 value: 1
05-27 08:34:43.230   581   581 D spidev_ioctl: gpio status=1)
05-27 18:43:34.269   299 30841 D EvsDriver: forwardFrame
05-27 18:43:34.269   299  1163 D EvsDriver: doneWithFrame
05-27 18:43:34.270   299 30841 D EvsDriver: Delivered 0xb400007b7ca56a60 as id 0
05-27 18:43:34.270  1167  1479 D evsmanagerd: /dev/video4 forwarded the buffer #0 to 0xb4000074bf5f6850 from 0xb4000074bf5f41d0
05-27 18:43:34.271 30773 30783 I dvr_service_: [myNum:0][onFrameReceived] Received Surface:1 0
05-27 18:43:34.271   581   581 I SpiService: fgesysctrl_getGPIO_status success val=1
05-27 18:43:34.271 30773 30783 E dvr_service_: [myNum:0] Received S**** loss
05-27 18:43:34.271   299  1163 D EvsDriver: doneWithFrame
05-27 08:34:43.235   581   581 D spi_rst_gpio_get_output: GPIO 145 value: 1
05-27 08:34:43.235   581   581 D spidev_ioctl: gpio status=1)
05-27 18:43:34.275 13911 14183 I SentryImuMcuAngleSender: 180.0rollDeg
05-27 18:43:34.275 13911 14183 I SentryImuMcuAngleSender: 1,0,0
05-27 18:43:34.276   581   581 I SpiService: fgesysctrl_getGPIO_status success val=1
05-27 08:34:43.241   581   581 D spi_rst_gpio_get_output: GPIO 145 value: 1
05-27 08:34:43.241   581   581 D spidev_ioctl: gpio status=1)
05-27 18:43:34.282   581   581 I SpiService: fgesysctrl_getGPIO_status success val=0
05-27 08:34:43.246   581   581 D spi_rst_gpio_get_output: GPIO 145 value: 0
05-27 08:34:43.246   581   581 D spidev_ioctl: gpio status=0)
05-27 18:43:34.287  1008 30857 D [OMXB]  : usingANWBuffer: handle:0xee746310, format:1, w:1920, h:1080
05-27 18:43:34.295 13911 14183 I SentryImuMcuAngleSender: 179.993rollDeg
05-27 18:43:34.295 13911 14183 I SentryImuMcuAngleSender: 1,0,0
05-27 18:43:34.296   581   581 I SpiService: fgesysctrl_getGPIO_status success val=1
05-27 08:34:43.261   581   581 D spi_rst_gpio_get_output: GPIO 145 value: 1
05-27 08:34:43.261   581   581 D spidev_ioctl: gpio status=1)
05-27 18:43:34.300   572   622 I Sensors : 230 AccelSensor: x:-0.170190,y:0.002440,z:-9.975940
05-27 18:43:34.302   581   581 I SpiService: fgesysctrl_getGPIO_status success val=1
05-27 08:34:43.266   581   581 D spi_rst_gpio_get_output: GPIO 145 value: 1
05-27 08:34:43.266   581   581 D spidev_ioctl: gpio status=1)
05-27 18:43:34.303   299 30841 D EvsDriver: forwardFrame
05-27 18:43:34.303   299 30844 D EvsDriver: forwardFrame
05-27 18:43:34.306   299 30841 D EvsDriver: Delivered 0xb400007b7ca56a60 as id 0
05-27 18:43:34.306  1167  1479 D evsmanagerd: /dev/video4 forwarded the buffer #0 to 0xb4000074bf5f6850 from 0xb4000074bf5f41d0
05-27 18:43:34.307   299 30844 D EvsDriver: Delivered 0xb400007b7ca56900 as id 0
05-27 18:43:34.307  1167  1479 D evsmanagerd: /dev/video6 forwarded the buffer #0 to 0xb4000074bf5f5510 from 0xb4000074bf5f6d90
05-27 18:43:34.307   581   581 I SpiService: fgesysctrl_getGPIO_status success val=1
05-27 18:43:34.309   536   536 D commservice260303: msg.id = 1028,0
05-27 18:43:34.309   536   536 D commservice260303: i = 170, msgid = 8A000404
05-27 18:43:34.309   536   536 D commservice260303: msgid = -1979710460,did=138
05-27 18:43:34.309   536   536 D commservice260303: CommProtocolLibCmdBaseI2C::dataproc {"command":{"id":"imu_status","sub":""},"content":{"TimeStamp":10,"FrameCounter":244901,"GD_X":-0.011910883709788322,"GD_Y":0.005573912989348173,"GD_Z":0.0021378109231591225,"AD_X":-0.004091590642929077,"AD_Y":2.647475339472294E-4,"AD_Z":-0.17069625854492188,"TempDsp":0,"Status":0,"CalibState":1,"SigAmpInvalid":0}},-1979710460
05-27 08:34:43.272   581   581 D spi_rst_gpio_get_output: GPIO 145 value: 1
05-27 08:34:43.272   581   581 D spidev_ioctl: gpio status=1)
05-27 18:43:34.309   536   536 D commservice260303: send2Cluster len:316, 7B22636F6D6D616E64223A7B226964223A22696D755F737461747573222C22737562223A22227D2C22636F6E74656E74223A7B2254696D655374616D70223A31302C224672616D65436F756E746572223A3234343930312C2247445F58223A2D302E3031313931303838333730393738383332322C2247445F59223A302E3030353537333931323938393334383137332C2247445F5A223A302E303032313337383130393233313539313232352C2241445F58223A2D302E3030343039313539303634323932393037372C2241445F59223A322E363437343735333339343732323934452D342C2241445F5A223A2D302E31373036393632353835343439323138382C2254656D70447370223A302C22537461747573223A302C2243616C69625374617465223A312C22536967416D70496E76616C6964223A307D7D, 138 
05-27 18:43:34.309   536   536 D commservice260303: Push Message into SendPool fn=-755236096
05-27 18:43:34.309   536   536 D commservice260303: ComProtocolLibSend2Cluster::send2ClusterRaw fn=-755236096 , len=332
05-27 18:43:34.309   536   536 D commservice260303: sendCmdToPort :332!!!
05-27 18:43:34.310   536   536 D commservice260303: send Cmd To Port ++++5AA501488A010003FCD26A16CAD67B22636F6D6D616E64223A7B226964223A22696D755F737461747573222C22737562223A22227D2C22636F6E74656E74223A7B2254696D655374616D70223A31302C224672616D65436F756E746572223A3234343930312C2247445F58223A2D302E3031313931303838333730393738383332322C2247445F59223A302E3030353537333931323938393334383137332C2247445F5A223A302E303032313337383130393233313539313232352C2241445F58223A2D302E3030343039313539303634323932393037372C2241445F59223A322E363437343735333339343732323934452D342C2241445F5A223A2D302E31373036393632353835343439323138382C2254656D70447370223A302C22537461747573223A302C2243616C69625374617465223A312C22536967416D70496E76616C6964223A307D7D3008
05-27 18:43:34.310   536   536 D commservice260303: bufferevent_write retrun value = 0
05-27 18:43:34.310 13911 14192 D Sentinelmode_1.2.5.17_sentry: <SentryImuClusterFgeSender>imu_status sent to Linux, frame=244901, tsNs=10481551, tsMs=10, intervalMs=43, ad=(-0.0040915906,2.6474753E-4,-0.17069626), gd=(-0.011910884,0.005573913,0.002137811)
05-27 18:43:34.313   299  1163 D EvsDriver: doneWithFrame
05-27 18:43:34.313   299  1153 D EvsDriver: doneWithFrame
05-27 18:43:34.313   536   560 D commservice260303: client datas send succeed,send finish
05-27 18:43:34.314   581   581 I SpiService: fgesysctrl_getGPIO_status success val=1
05-27 18:43:34.315 13911 14183 I SentryImuMcuAngleSender: 179.986rollDeg
05-27 18:43:34.315 13911 14183 I SentryImuMcuAngleSender: 1,0,0
05-27 08:34:43.278   581   581 D spi_rst_gpio_get_output: GPIO 145 value: 1
05-27 08:34:43.278   581   581 D spidev_ioctl: gpio status=1)
05-27 18:43:34.319   581   581 I SpiService: fgesysctrl_getGPIO_status success val=1
05-27 08:34:43.284   581   581 D spi_rst_gpio_get_output: GPIO 145 value: 1
05-27 08:34:43.284   581   581 D spidev_ioctl: gpio status=1)
05-27 18:43:34.322  1008 30856 D [OMXB]  : usingANWBuffer: handle:0xee744790, format:1, w:1920, h:1080
05-27 18:43:34.323   283   307 I rvcservice: t.code = 3, t.value = 0
05-27 18:43:34.325   581   581 I SpiService: fgesysctrl_getGPIO_status success val=0
05-27 08:34:43.290   581   581 D spi_rst_gpio_get_output: GPIO 145 value: 0
05-27 08:34:43.290   581   581 D spidev_ioctl: gpio status=0)
05-27 18:43:34.336 13911 14183 I SentryImuMcuAngleSender: 179.97899rollDeg
05-27 18:43:34.336 13911 14183 I SentryImuMcuAngleSender: 1,0,0
05-27 18:43:34.340   299 30844 D EvsDriver: forwardFrame
05-27 18:43:34.341  1167  1479 D evsmanagerd: /dev/video6 forwarded the buffer #0 to 0xb4000074bf5f5510 from 0xb4000074bf5f6d90
05-27 18:43:34.341   581   581 I SpiService: fgesysctrl_getGPIO_status success val=1
05-27 18:43:34.341   299 30844 D EvsDriver: Delivered 0xb400007b7ca56900 as id 0
05-27 18:43:34.341   299 30841 D EvsDriver: forwardFrame
05-27 18:43:34.342  1167  1479 D evsmanagerd: /dev/video4 forwarded the buffer #0 to 0xb4000074bf5f6850 from 0xb4000074bf5f41d0
05-27 18:43:34.342   299 30841 D EvsDriver: Delivered 0xb400007b7ca56a60 as id 0
05-27 08:34:43.306   581   581 D spi_rst_gpio_get_output: GPIO 145 value: 1
05-27 08:34:43.306   581   581 D spidev_ioctl: gpio status=1)
05-27 08:34:43.311   581   581 D spi_rst_gpio_get_output: GPIO 145 value: 1
05-27 18:43:34.346   299  1153 D EvsDriver: doneWithFrame
05-27 08:34:43.311   581   581 D spidev_ioctl: gpio status=1)
05-27 18:43:34.347   299  1153 D EvsDriver: doneWithFrame
05-27 18:43:34.347   581   581 I SpiService: fgesysctrl_getGPIO_status success val=1
05-27 18:43:34.348   536   536 D commservice260303: msg.id = 1028,2
05-27 18:43:34.348   536   536 D commservice260303: i = 170, msgid = 8A000404
05-27 18:43:34.348   536   536 D commservice260303: msgid = -1979710460,did=138
05-27 18:43:34.348   536   536 D commservice260303: CommProtocolLibCmdBaseI2C::dataproc {"command":{"id":"imu_status","sub":""},"content":{"TimeStamp":10,"FrameCounter":244902,"GD_X":-0.01153013575822115,"GD_Y":0.005420989356935024,"GD_Z":0.0022902146447449923,"AD_X":-0.0010476112365722656,"AD_Y":0.001474876655265689,"AD_Z":-0.17191600799560547,"TempDsp":0,"Status":0,"CalibState":1,"SigAmpInvalid":0}},-1979710460
05-27 18:43:34.349   536   536 D commservice260303: send2Cluster len:316, 7B22636F6D6D616E64223A7B226964223A22696D755F737461747573222C22737562223A22227D2C22636F6E74656E74223A7B2254696D655374616D70223A31302C224672616D65436F756E746572223A3234343930322C2247445F58223A2D302E30313135333031333537353832323131352C2247445F59223A302E3030353432303938393335363933353032342C2247445F5A223A302E303032323930323134363434373434393932332C2241445F58223A2D302E303031303437363131323336353732323635362C2241445F59223A302E3030313437343837363635353236353638392C2241445F5A223A2D302E31373139313630303739393536303534372C2254656D70447370223A302C22537461747573223A302C2243616C69625374617465223A312C22536967416D70496E76616C6964223A307D7D, 138 
05-27 18:43:34.349   536   536 D commservice260303: Push Message into SendPool fn=-738458880
05-27 18:43:34.349   536   536 D commservice260303: ComProtocolLibSend2Cluster::send2ClusterRaw fn=-738458880 , len=332
05-27 18:43:34.349   536   536 D commservice260303: sendCmdToPort :332!!!
05-27 18:43:34.349  1008 30857 D [OMXB]  : usingANWBuffer: handle:0xee742a00, format:1, w:1920, h:1080
05-27 18:43:34.349   536   536 D commservice260303: send Cmd To Port ++++5AA501488A010003FCD36A16CAD67B22636F6D6D616E64223A7B226964223A22696D755F737461747573222C22737562223A22227D2C22636F6E74656E74223A7B2254696D655374616D70223A31302C224672616D65436F756E746572223A3234343930322C2247445F58223A2D302E30313135333031333537353832323131352C2247445F59223A302E3030353432303938393335363933353032342C2247445F5A223A302E303032323930323134363434373434393932332C2241445F58223A2D302E303031303437363131323336353732323635362C2241445F59223A302E3030313437343837363635353236353638392C2241445F5A223A2D302E31373139313630303739393536303534372C2254656D70447370223A302C22537461747573223A302C2243616C69625374617465223A312C22536967416D70496E76616C6964223A307D7D5058
05-27 18:43:34.349   536   536 D commservice260303: bufferevent_write retrun value = 0
05-27 18:43:34.349   536   560 D commservice260303: client datas send succeed,send finish
05-27 18:43:34.350 13911 14192 D Sentinelmode_1.2.5.17_sentry: <SentryImuClusterFgeSender>imu_status sent to Linux, frame=244902, tsNs=10481586, tsMs=10, intervalMs=39, ad=(-0.0010476112,0.0014748767,-0.17191601), gd=(-0.011530136,0.0054209894,0.0022902146)
05-27 18:43:34.353   581   581 I SpiService: fgesysctrl_getGPIO_status success val=1
05-27 08:34:43.318   581   581 D spi_rst_gpio_get_output: GPIO 145 value: 1
05-27 08:34:43.318   581   581 D spidev_ioctl: gpio status=1)
05-27 18:43:34.357 13911 14183 I SentryImuMcuAngleSender: 179.97899rollDeg
05-27 18:43:34.357 13911 14183 I SentryImuMcuAngleSender: 1,0,0
05-27 18:43:34.360   581   581 I SpiService: fgesysctrl_getGPIO_status success val=1
05-27 08:34:43.325   581   581 D spi_rst_gpio_get_output: GPIO 145 value: 1
05-27 08:34:43.325   581   581 D spidev_ioctl: gpio status=1)
05-27 18:43:34.365  1008 30856 D [OMXB]  : usingANWBuffer: handle:0xee741400, format:1, w:1920, h:1080
05-27 18:43:34.366   581   581 I SpiService: fgesysctrl_getGPIO_status success val=0
05-27 08:34:43.331   581   581 D spi_rst_gpio_get_output: GPIO 145 value: 0
05-27 08:34:43.331   581   581 D spidev_ioctl: gpio status=0)
05-27 18:43:34.374   299 30844 D EvsDriver: forwardFrame
05-27 18:43:34.376   299 30841 D EvsDriver: forwardFrame
05-27 18:43:34.376   299 30844 D EvsDriver: Delivered 0xb400007b7ca56900 as id 0
05-27 18:43:34.377  1167  1479 D evsmanagerd: /dev/video6 forwarded the buffer #0 to 0xb4000074bf5f5510 from 0xb4000074bf5f6d90
05-27 18:43:34.378  1167  1479 D evsmanagerd: /dev/video4 forwarded the buffer #0 to 0xb4000074bf5f6850 from 0xb4000074bf5f41d0
05-27 18:43:34.378   299 30841 D EvsDriver: Delivered 0xb400007b7ca56a60 as id 0
05-27 18:43:34.379 13911 14183 I SentryImuMcuAngleSender: 179.97899rollDeg
05-27 18:43:34.379 13911 14183 I SentryImuMcuAngleSender: 1,0,0
05-27 18:43:34.382   581   581 I SpiService: fgesysctrl_getGPIO_status success val=1
05-27 18:43:34.383   299  1153 D EvsDriver: doneWithFrame
05-27 18:43:34.383   299  1163 D EvsDriver: doneWithFrame
05-27 08:34:43.347   581   581 D spi_rst_gpio_get_output: GPIO 145 value: 1
05-27 08:34:43.347   581   581 D spidev_ioctl: gpio status=1)
05-27 18:43:34.387   566 11459 I gps_hdbd: Received: '$GNGGA,005925.000,,,,,0,00,,,M,,M,,*6D
'
05-27 18:43:34.388   581   581 I SpiService: fgesysctrl_getGPIO_status success val=1
05-27 08:34:43.353   581   581 D spi_rst_gpio_get_output: GPIO 145 value: 1
05-27 08:34:43.353   581   581 D spidev_ioctl: gpio status=1)
05-27 18:43:34.389   536   536 D commservice260303: msg.id = 1028,0
05-27 18:43:34.389   536   536 D commservice260303: i = 170, msgid = 8A000404
05-27 18:43:34.389   536   536 D commservice260303: msgid = -1979710460,did=138
05-27 18:43:34.389   536   536 D commservice260303: CommProtocolLibCmdBaseI2C::dataproc {"command":{"id":"imu_status","sub":""},"content":{"TimeStamp":10,"FrameCounter":244903,"GD_X":-0.011377211660146713,"GD_Y":0.005420989356935024,"GD_Z":0.0019079053308814764,"AD_X":-0.0010614246129989624,"AD_Y":0.0026823801454156637,"AD_Z":-0.17252826690673828,"TempDsp":0,"Status":0,"CalibState":1,"SigAmpInvalid":0}},-1979710460
05-27 18:43:34.389   536   536 D commservice260303: send2Cluster len:318, 7B22636F6D6D616E64223A7B226964223A22696D755F737461747573222C22737562223A22227D2C22636F6E74656E74223A7B2254696D655374616D70223A31302C224672616D65436F756E746572223A3234343930332C2247445F58223A2D302E3031313337373231313636303134363731332C2247445F59223A302E3030353432303938393335363933353032342C2247445F5A223A302E303031393037393035333330383831343736342C2241445F58223A2D302E303031303631343234363132393938393632342C2241445F59223A302E303032363832333830313435343135363633372C2241445F5A223A2D302E31373235323832363639303637333832382C2254656D70447370223A302C22537461747573223A302C2243616C69625374617465223A312C22536967416D70496E76616C6964223A307D7D, 138 
05-27 18:43:34.389   536   536 D commservice260303: Push Message into SendPool fn=-721681664
05-27 18:43:34.389   536   536 D commservice260303: ComProtocolLibSend2Cluster::send2ClusterRaw fn=-721681664 , len=334
05-27 18:43:34.389   536   536 D commservice260303: sendCmdToPort :334!!!
05-27 18:43:34.389   536   536 D commservice260303: send Cmd To Port ++++5AA5014A8A010003FCD46A16CAD67B22636F6D6D616E64223A7B226964223A22696D755F737461747573222C22737562223A22227D2C22636F6E74656E74223A7B2254696D655374616D70223A31302C224672616D65436F756E746572223A3234343930332C2247445F58223A2D302E3031313337373231313636303134363731332C2247445F59223A302E3030353432303938393335363933353032342C2247445F5A223A302E303031393037393035333330383831343736342C2241445F58223A2D302E303031303631343234363132393938393632342C2241445F59223A302E303032363832333830313435343135363633372C2241445F5A223A2D302E31373235323832363639303637333832382C2254656D70447370223A302C22537461747573223A302C2243616C69625374617465223A312C22536967416D70496E76616C6964223A307D7D27E3
05-27 18:43:34.389   536   536 D commservice260303: bufferevent_write retrun value = 0
05-27 18:43:34.389   536   560 D commservice260303: client datas send succeed,send finish
05-27 18:43:34.390 13911 14192 D Sentinelmode_1.2.5.17_sentry: <SentryImuClusterFgeSender>imu_status sent to Linux, frame=244903, tsNs=10481634, tsMs=10, intervalMs=41, ad=(-0.0010614246,0.0026823801,-0.17252827), gd=(-0.011377212,0.0054209894,0.0019079053)
05-27 18:43:34.393   566 11459 I gps_hdbd: Received: '$GNGSA,A,1,,,,,,,,,,,,,,,,1*1D
'
05-27 18:43:34.394 30773 30778 I dvr_service_: [FileHandler::checkExternalVideoFiles] *******checkExternalVideoDir path:1,str:0
05-27 18:43:34.394 30773 30778 I dvr_service_: [FileHandler::updateLockFiles] *******updateLockFiles path:1
05-27 18:43:34.394   581   581 I SpiService: fgesysctrl_getGPIO_status success val=1
05-27 18:43:34.394   572   572 I Sensors : 230 GyroSensor: x:-0.011682,y:0.005803,z:0.002138
05-27 18:43:34.394 30773 30778 I dvr_service_: [FileHandler::updateLockFiles] norPath:/mnt/media_rw/B679-EC08/dvr_video/NOR/, evtPath:/mnt/media_rw/B679-EC08/dvr_video/EVT/, dasPath:/mnt/media_rw/B679-EC08/dvr_video/DAS/
05-27 08:34:43.359   581   581 D spi_rst_gpio_get_output: GPIO 145 value: 1
05-27 08:34:43.359   581   581 D spidev_ioctl: gpio status=1)
05-27 18:43:34.399   566 11459 I gps_hdbd: Received: '$GNGSA,A,1,,,,,,,,,,,,,,,,3*1F
'
05-27 18:43:34.399 13911 14183 I SentryImuMcuAngleSender: 179.97197rollDeg
05-27 18:43:34.399 13911 14183 I SentryImuMcuAngleSender: 1,0,0
05-27 18:43:34.400   581   581 I SpiService: fgesysctrl_getGPIO_status success val=1
05-27 18:43:34.400   566 11459 I gps_hdbd: Received: '$GNGSA,A,1,,,,,,,,,,,,,,,,4*18
'
05-27 18:43:34.400   566 11459 I gps_hdbd: Received: '$BDGSV,1,1,00,1*75
'
05-27 08:34:43.364   581   581 D spi_rst_gpio_get_output: GPIO 145 value: 1
05-27 08:34:43.364   581   581 D spidev_ioctl: gpio status=1)
05-27 08:34:43.370   581   581 D spi_rst_gpio_get_output: GPIO 145 value: 0
05-27 08:34:43.370   581   581 D spidev_ioctl: gpio status=0)
05-27 18:43:34.400   299 30844 D EvsDriver: forwardFrame
05-27 18:43:34.402   299 30844 D EvsDriver: Delivered 0xb400007b7ca56900 as id 0
05-27 18:43:34.402  1167  1479 D evsmanagerd: /dev/video6 forwarded the buffer #0 to 0xb4000074bf5f5510 from 0xb4000074bf5f6d90
05-27 18:43:34.402   299 30841 D EvsDriver: forwardFrame
05-27 18:43:34.403 30963 30991 D ANWStack: Realtek Bluetooth :01 01 10 00
05-27 18:43:34.404  1167  1479 D evsmanagerd: /dev/video4 forwarded the buffer #0 to 0xb4000074bf5f6850 from 0xb4000074bf5f41d0
05-27 18:43:34.404   299 30841 D EvsDriver: Delivered 0xb400007b7ca56a60 as id 0
05-27 18:43:34.405   581   581 I SpiService: fgesysctrl_getGPIO_status success val=0
05-27 18:43:34.406   566 11459 I gps_hdbd: Received: '$BDGSV,1,1,00,5*71
'
05-27 18:43:34.408   299  1163 D EvsDriver: doneWithFrame
05-27 18:43:34.408   299  1153 D EvsDriver: doneWithFrame
05-27 18:43:34.408   566 11459 I gps_hdbd: Received: '$GPGSV,1,1,01,199,42,165,,1*60
'
05-27 18:43:34.411   566 11459 I gps_hdbd: Received: '$GPGSV,1,1,00,8*6D
'
05-27 18:43:34.412   566 11459 I gps_hdbd: Received: '$GAGSV,1,1,00,7*73
'
05-27 18:43:34.414  1008 30857 D [OMXB]  : usingANWBuffer: handle:0xee7432f0, format:1, w:1920, h:1080
05-27 18:43:34.420 13911 14183 I SentryImuMcuAngleSender: 179.97899rollDeg
05-27 18:43:34.420 13911 14183 I SentryImuMcuAngleSender: 1,0,0
05-27 18:43:34.422   581   581 I SpiService: fgesysctrl_getGPIO_status success val=1
05-27 18:43:34.423   283   307 I rvcservice: t.code = 3, t.value = 0
05-27 18:43:34.424 30773 30786 I dvr_service_: CameraX 1  audioOK: 24256000,audios:380
05-27 08:34:43.386   581   581 D spi_rst_gpio_get_output: GPIO 145 value: 1
05-27 08:34:43.386   581   581 D spidev_ioctl: gpio status=1)
05-27 18:43:34.427   581   581 I SpiService: fgesysctrl_getGPIO_status success val=1
05-27 18:43:34.428 30773 30778 I dvr_service_: [FileHandler::updateLockFiles] NOR locked files count: 0
05-27 18:43:34.428 30773 30778 I dvr_service_: [FileHandler::updateLockFiles] EVT locked files count: 0
05-27 18:43:34.428 30773 30778 I dvr_service_: [FileHandler::updateLockFiles] DAS directory not exist: /mnt/media_rw/B679-EC08/dvr_video/DAS/
05-27 18:43:34.428 30773 30778 I dvr_service_: [Config::updateDVRStatus] ***********updateDVRStatus3 key:5000,value:0*************
05-27 18:43:34.428 30773 30778 I dvr_service_: [Config::updateDVRStatus] ***********updateDVRStatus3 key:5001,value:0*************
05-27 18:43:34.428 30773 30778 I dvr_service_: [Config::updateDVRStatus] ***********updateDVRStatus3 key:5002,value:0*************
05-27 18:43:34.428 30773 30778 I dvr_service_: [FileHandler::updateLockFiles] Locked files statistics complete - NOR:0, EVT:0, DAS:0
05-27 18:43:34.428 30773 30778 I dvr_service_: [FileHandler::checkExternalVideoFiles] checkExternalVideoFiles:das11547,norsize:31841
05-27 08:34:43.392   581   581 D spi_rst_gpio_get_output: GPIO 145 value: 1
05-27 08:34:43.392   581   581 D spidev_ioctl: gpio status=1)
05-27 18:43:34.429   566 11459 I gps_hdbd: Received: '$GAGSV,1,1,00,1*75
'
05-27 18:43:34.430   566 11459 I gps_hdbd: Received: '$GNRMC,005925.000,V,,,,,,,270526,120.0,E,N,V*4E
'
05-27 18:43:34.431   566 11459 I gps_hdbd: RMC : CALL gnss_sv_status_cb, view_in_sat <1>
05-27 18:43:34.431   566 11459 I gps_hdbd: [reportSvStatus]--->PLATFORM_BSP::Enter
05-27 18:43:34.432  1083  1083 W MyAppLog: [2026-05-27 18:43:34.431 W tboxap gpsSyncGpsInfoToDm:361] [Gps] [gpsSyncGpsInfoToDm] fix=0 mode=49 corner:0x01 alt=0.00 sat=0 hdop=0.00 pdop=0.00 vdop=0.00
05-27 18:43:34.433   536   536 D commservice260303: msg.id = 1028,1
05-27 18:43:34.433   581   581 I SpiService: fgesysctrl_getGPIO_status success val=1
05-27 18:43:34.433   536   536 D commservice260303: i = 170, msgid = 8A000404
05-27 18:43:34.433   536   536 D commservice260303: msgid = -1979710460,did=138
05-27 18:43:34.433   536   536 D commservice260303: CommProtocolLibCmdBaseI2C::dataproc {"command":{"id":"imu_status","sub":""},"content":{"TimeStamp":10,"FrameCounter":244904,"GD_X":-0.012063807807862759,"GD_Y":0.005802778527140617,"GD_Z":0.0020608289632946253,"AD_X":-4.647970199584961E-4,"AD_Y":0.0014489723835140467,"AD_Z":-0.17069625854492188,"TempDsp":0,"Status":0,"CalibState":1,"SigAmpInvalid":0}},-1979710460
05-27 18:43:34.433   536   536 D commservice260303: send2Cluster len:317, 7B22636F6D6D616E64223A7B226964223A22696D755F737461747573222C22737562223A22227D2C22636F6E74656E74223A7B2254696D655374616D70223A31302C224672616D65436F756E746572223A3234343930342C2247445F58223A2D302E3031323036333830373830373836323735392C2247445F59223A302E3030353830323737383532373134303631372C2247445F5A223A302E303032303630383238393633323934363235332C2241445F58223A2D342E363437393730313939353834393631452D342C2241445F59223A302E303031343438393732333833353134303436372C2241445F5A223A2D302E31373036393632353835343439323138382C2254656D70447370223A302C22537461747573223A302C2243616C69625374617465223A312C22536967416D70496E76616C6964223A307D7D, 138 
05-27 18:43:34.433   536   536 D commservice260303: Push Message into SendPool fn=-704904448
05-27 18:43:34.433   536   536 D commservice260303: ComProtocolLibSend2Cluster::send2ClusterRaw fn=-704904448 , len=333
05-27 18:43:34.433   536   536 D commservice260303: sendCmdToPort :333!!!
05-27 18:43:34.433   566 11459 I gps_hdbd: hy abnormal deal:hy_cnr30_satellite_cnt=0
05-27 18:43:34.434   536   536 D commservice260303: send Cmd To Port ++++5AA501498A010003FCD56A16CAD67B22636F6D6D616E64223A7B226964223A22696D755F737461747573222C22737562223A22227D2C22636F6E74656E74223A7B2254696D655374616D70223A31302C224672616D65436F756E746572223A3234343930342C2247445F58223A2D302E3031323036333830373830373836323735392C2247445F59223A302E3030353830323737383532373134303631372C2247445F5A223A302E303032303630383238393633323934363235332C2241445F58223A2D342E363437393730313939353834393631452D342C2241445F59223A302E303031343438393732333833353134303436372C2241445F5A223A2D302E31373036393632353835343439323138382C2254656D70447370223A302C22537461747573223A302C2243616C69625374617465223A312C22536967416D70496E76616C6964223A307D7D9DE0
05-27 18:43:34.434   566 11459 D gps_hdbd: hy abnormal deal:hy_fixStatus_fail_count=0
05-27 18:43:34.434   536   536 D commservice260303: bufferevent_write retrun value = 0
05-27 18:43:34.434   536   560 D commservice260303: client datas send succeed,send finish
05-27 18:43:34.434 13911 14192 D Sentinelmode_1.2.5.17_sentry: <SentryImuClusterFgeSender>imu_status sent to Linux, frame=244904, tsNs=10481663, tsMs=10, intervalMs=44, ad=(-4.6479702E-4,0.0014489724,-0.17069626), gd=(-0.012063808,0.0058027785,0.002060829)
05-27 18:43:34.434   566 11459 I gps_hdbd: Received: '$GNZDA,005925.000,27,05,2026,00,00*45
'
05-27 18:43:34.437  1008 30856 D [OMXB]  : usingANWBuffer: handle:0xee7467e0, format:1, w:1920, h:1080
05-27 18:43:34.439   581   581 I SpiService: fgesysctrl_getGPIO_status success val=1
05-27 18:43:34.439   299 30841 D EvsDriver: forwardFrame
05-27 18:43:34.441  1167  1479 D evsmanagerd: /dev/video4 forwarded the buffer #0 to 0xb4000074bf5f6850 from 0xb4000074bf5f41d0
05-27 18:43:34.441 30773 30783 E dvr_service_: [myNum:0] Received S**** loss
05-27 18:43:34.441   299 30841 D EvsDriver: Delivered 0xb400007b7ca56a60 as id 0
05-27 18:43:34.441   299 30844 D EvsDriver: forwardFrame
05-27 18:43:34.441 13911 14183 I SentryImuMcuAngleSender: 179.97899rollDeg
05-27 18:43:34.441 13911 14183 I SentryImuMcuAngleSender: 1,0,0
05-27 18:43:34.442   299  1153 D EvsDriver: doneWithFrame
05-27 18:43:34.443   299 30844 D EvsDriver: Delivered 0xb400007b7ca56900 as id 0
05-27 18:43:34.443  1167  1479 D evsmanagerd: /dev/video6 forwarded the buffer #0 to 0xb4000074bf5f5510 from 0xb4000074bf5f6d90
05-27 18:43:34.443 30773 30783 E dvr_service_: [myNum:1] Received S**** loss
05-27 18:43:34.443   299  1153 D EvsDriver: doneWithFrame
05-27 18:43:34.445   581   581 I SpiService: fgesysctrl_getGPIO_status success val=1
05-27 08:34:43.398   581   581 D spidev_ioctl: gpio status=1)
05-27 08:34:43.401 30778 30778 W audit   : audit_lost=35675 audit_rate_limit=5 audit_backlog_limit=64
05-27 08:34:43.401 30778 30778 E audit   : rate limit exceeded
05-27 08:34:43.403   581   581 D spi_rst_gpio_get_output: GPIO 145 value: 1
05-27 08:34:43.403   581   581 D spidev_ioctl: gpio status=1)
05-27 08:34:43.409   581   581 D spi_rst_gpio_get_output: GPIO 145 value: 1
05-27 08:34:43.409   581   581 D spidev_ioctl: gpio status=1)
05-27 08:34:43.415   581   581 D spi_rst_gpio_get_output: GPIO 145 value: 0
05-27 08:34:43.415   581   581 D spidev_ioctl: gpio status=0)
05-27 08:34:43.419     0     0 I         : c4 [    C4] io insert-issue:  448   26    5    0    0    0    0    0    0    0    0    0
05-27 08:34:43.419     0     0 I         : c4 [    C4] |_i2i       sda[  8- 8192ms]:  126   18    5    0    0    0    0    0    0    0    0    0
05-27 08:34:43.419     0     0 I         : c4 [    C4] |_i2i    others[  8- 8192ms]:  322    8    0    0    0    0    0    0    0    0    0    0
05-27 08:34:43.419     0     0 I         : c4 [    C4] io issue-comp:  369   62   47    1    0    0    0    0    0    0    0    0
05-27 08:34:43.419     0     0 I         : c4 [    C4] |_i2c       sda[  8- 8192ms]:  124   20    5    0    0    0    0    0    0    0    0    0
05-27 08:34:43.419     0     0 I         : c4 [    C4] |_i2c    others[  8- 8192ms]:  245   42   42    1    0    0    0    0    0    0    0    0
05-27 18:43:34.452   566 11459 I gps_hdbd: Received: '$GNINS,CARSPEED,ADR_STATUS,0,Pulse_count,0,1,0,0,19076000,104610,0.000,0.000,0.000*0D
'
05-27 18:43:34.457   566 11459 I gps_hdbd: Received: '$GNTXT,04,01,04,INS,V,1,,,,FLG,1,000000,1,0,1,0,0,Con,0*71
'
05-27 18:43:34.461 30773 30778 I dvr_service_: [FileHandler::checkExternalVideoDir] spec:31841,dir:/mnt/media_rw/B679-EC08/dvr_video/NOR/,usedSize:10308
05-27 18:43:34.461 30773 30778 I dvr_service_: [FileHandler::checkExternalVideoDir] spec:11547,dir:/mnt/media_rw/B679-EC08//dvr_video/GRD/,usedSize:0
05-27 18:43:34.461 30773 30778 I dvr_service_: [DvrCommon::getC857DvrDirs] /mnt/media_rw/B679-EC08//dvr_video/GRD/dvr_video/PHO/ not exist
05-27 18:43:34.461 30773 30778 I dvr_service_: [FileHandler::checkExternalVideoDir] spec:0,dir:/mnt/media_rw/B679-EC08//dvr_video/GRD/dvr_video/PHO/,usedSize:0,videos:0
05-27 18:43:34.461 30773 30778 I dvr_service_: [FileHandler::checkExternalVideoDir] spec:11547,dir:/mnt/media_rw/B679-EC08//dvr_video/GRD/dvr_video/PHO/dvr_video/EVT/,usedSize:0
05-27 18:43:34.462 13911 14183 I SentryImuMcuAngleSender: 179.97899rollDeg
05-27 18:43:34.462 13911 14183 I SentryImuMcuAngleSender: 1,0,0
05-27 18:43:34.462   566 11459 I gps_hdbd: Received: '$GNTXT,INSTALL,0.00,0.00,0.00,0.00,0.00,0.00,0*20
'
05-27 18:43:34.464   299 30844 D EvsDriver: forwardFrame
05-27 18:43:34.465   299 30844 D EvsDriver: Delivered 0xb400007b7ca56900 as id 0
05-27 18:43:34.465   299 30841 D EvsDriver: forwardFrame
05-27 18:43:34.466  1167  1479 D evsmanagerd: /dev/video6 forwarded the buffer #0 to 0xb4000074bf5f5510 from 0xb4000074bf5f6d90
05-27 18:43:34.466   581   581 I SpiService: fgesysctrl_getGPIO_status success val=1
05-27 18:43:34.467  1167  1479 D evsmanagerd: /dev/video4 forwarded the buffer #0 to 0xb4000074bf5f6850 from 0xb4000074bf5f41d0
05-27 18:43:34.467   299 30841 D EvsDriver: Delivered 0xb400007b7ca56a60 as id 0
05-27 08:34:43.431   581   581 D spi_rst_gpio_get_output: GPIO 145 value: 1
05-27 08:34:43.431   581   581 D spidev_ioctl: gpio status=1)
05-27 08:34:43.436   581   581 D spi_rst_gpio_get_output: GPIO 145 value: 1
05-27 18:43:34.470   299  1153 D EvsDriver: doneWithFrame
05-27 08:34:43.436   581   581 D spidev_ioctl: gpio status=1)
05-27 08:34:43.442   581   581 D spi_rst_gpio_get_output: GPIO 145 value: 1
05-27 08:34:43.442   581   581 D spidev_ioctl: gpio status=1)
05-27 18:43:34.472   581   581 I SpiService: fgesysctrl_getGPIO_status success val=1
05-27 18:43:34.473   299  1153 D EvsDriver: doneWithFrame
05-27 18:43:34.473   536   536 D commservice260303: msg.id = 1028,1
05-27 18:43:34.473   536   536 D commservice260303: i = 170, msgid = 8A000404
05-27 18:43:34.473   536   536 D commservice260303: msgid = -1979710460,did=138
05-27 18:43:34.473   536   536 D commservice260303: CommProtocolLibCmdBaseI2C::dataproc {"command":{"id":"imu_status","sub":""},"content":{"TimeStamp":10,"FrameCounter":244905,"GD_X":-0.011910883709788322,"GD_Y":0.004733873065561056,"GD_Z":0.0017560218693688512,"AD_X":-0.0029049813747406006,"AD_Y":2.3036892525851727E-4,"AD_Z":-0.1664266586303711,"TempDsp":0,"Status":0,"CalibState":1,"SigAmpInvalid":0}},-1979710460
05-27 18:43:34.473  1008 30857 D [OMXB]  : usingANWBuffer: handle:0xee743870, format:1, w:1920, h:1080
05-27 18:43:34.473   536   536 D commservice260303: send2Cluster len:317, 7B22636F6D6D616E64223A7B226964223A22696D755F737461747573222C22737562223A22227D2C22636F6E74656E74223A7B2254696D655374616D70223A31302C224672616D65436F756E746572223A3234343930352C2247445F58223A2D302E3031313931303838333730393738383332322C2247445F59223A302E3030343733333837333036353536313035362C2247445F5A223A302E303031373536303231383639333638383531322C2241445F58223A2D302E303032393034393831333734373430363030362C2241445F59223A322E33303336383932353235383531373237452D342C2241445F5A223A2D302E313636343236363538363330333731312C2254656D70447370223A302C22537461747573223A302C2243616C69625374617465223A312C22536967416D70496E76616C6964223A307D7D, 138 
05-27 18:43:34.473   536   536 D commservice260303: Push Message into SendPool fn=-688127232
05-27 18:43:34.474   536   536 D commservice260303: ComProtocolLibSend2Cluster::send2ClusterRaw fn=-688127232 , len=333
05-27 18:43:34.474   536   536 D commservice260303: sendCmdToPort :333!!!
05-27 18:43:34.474   536   536 D commservice260303: send Cmd To Port ++++5AA501498A010003FCD66A16CAD67B22636F6D6D616E64223A7B226964223A22696D755F737461747573222C22737562223A22227D2C22636F6E74656E74223A7B2254696D655374616D70223A31302C224672616D65436F756E746572223A3234343930352C2247445F58223A2D302E3031313931303838333730393738383332322C2247445F59223A302E3030343733333837333036353536313035362C2247445F5A223A302E303031373536303231383639333638383531322C2241445F58223A2D302E303032393034393831333734373430363030362C2241445F59223A322E33303336383932353235383531373237452D342C2241445F5A223A2D302E313636343236363538363330333731312C2254656D70447370223A302C22537461747573223A302C2243616C69625374617465223A312C22536967416D70496E76616C6964223A307D7D889C
05-27 18:43:34.474   536   536 D commservice260303: bufferevent_write retrun value = 0
05-27 18:43:34.474 13911 14192 D Sentinelmode_1.2.5.17_sentry: <SentryImuClusterFgeSender>imu_status sent to Linux, frame=244905, tsNs=10481718, tsMs=10, intervalMs=40, ad=(-0.0029049814,2.3036893E-4,-0.16642666), gd=(-0.011910884,0.004733873,0.0017560219)
05-27 18:43:34.474   536   560 D commservice260303: client datas send succeed,send finish
05-27 18:43:34.478   581   581 I SpiService: fgesysctrl_getGPIO_status success val=1
05-27 18:43:34.480 30773 30778 I dvr_service_: [StorageHelper::getExternalFreeMegaBytes]/mnt/media_rw/B679-EC08:48028
05-27 18:43:34.481 13911 14078 E DVRPresenter->DvrServiceManager: [ onStatusChange ] - key = 4001 value = 48028
05-27 08:34:43.448   581   581 D spi_rst_gpio_get_output: GPIO 145 value: 1
05-27 08:34:43.449   581   581 D spidev_ioctl: gpio status=1)
05-27 18:43:34.481 30773 30778 I dvr_service_: [Config::updateDVRStatus] ***********updateDVRStatus3 key:4001,value:48028*************
05-27 18:43:34.481 30773 30778 I dvr_service_: [FileHandler::checkExternalVideoFiles] checkExternalVideoFiles:48028
05-27 18:43:34.481 13911 14078 I DvrLog_Ser->: (DvrLocalServiceManager.java:onStatusChange)2943 key = 4001 value = 48028
05-27 18:43:34.484   581   581 I SpiService: fgesysctrl_getGPIO_status success val=1
05-27 18:43:34.485 13911 14183 I SentryImuMcuAngleSender: 179.97197rollDeg
05-27 18:43:34.485 13911 14183 I SentryImuMcuAngleSender: 1,0,0
05-27 18:43:34.487 30773 30786 I dvr_service_: CameraX 0  audioOK: 24256000,audios:380
05-27 18:43:34.490   581   581 I SpiService: fgesysctrl_getGPIO_status success val=0
05-27 18:43:34.491  1008 30856 D [OMXB]  : usingANWBuffer: handle:0xee744b00, format:1, w:1920, h:1080
05-27 08:34:43.454   581   581 D spi_rst_gpio_get_output: GPIO 145 value: 0
05-27 08:34:43.454   581   581 D spidev_ioctl: gpio status=0)
05-27 18:43:34.497   572   572 I Sensors : 230 AccelSensor: x:-0.169580,y:0.004270,z:-9.973500
05-27 18:43:34.503   299 30844 D EvsDriver: forwardFrame
05-27 18:43:34.504   581   581 I SpiService: fgesysctrl_getGPIO_status success val=1
05-27 18:43:34.505 13911 14183 I SentryImuMcuAngleSender: 179.97546rollDeg
05-27 18:43:34.505 13911 14183 I SentryImuMcuAngleSender: 1,0,0
05-27 18:43:34.505   299 30844 D EvsDriver: Delivered 0xb400007b7ca56900 as id 0
05-27 18:43:34.505  1167  1479 D evsmanagerd: /dev/video6 forwarded the buffer #0 to 0xb4000074bf5f5510 from 0xb4000074bf5f6d90
05-27 08:34:43.469   581   581 D spi_rst_gpio_get_output: GPIO 145 value: 1
05-27 08:34:43.469   581   581 D spidev_ioctl: gpio status=1)
05-27 18:43:34.507   299 30841 D EvsDriver: forwardFrame
05-27 18:43:34.509   299  1153 D EvsDriver: doneWithFrame
05-27 18:43:34.510   581   581 I SpiService: fgesysctrl_getGPIO_status success val=1
05-27 18:43:34.510  1167  1479 D evsmanagerd: /dev/video4 forwarded the buffer #0 to 0xb4000074bf5f6850 from 0xb4000074bf5f41d0
05-27 18:43:34.511   299 30841 D EvsDriver: Delivered 0xb400007b7ca56a60 as id 0
05-27 08:34:43.475   581   581 D spi_rst_gpio_get_output: GPIO 145 value: 1
05-27 08:34:43.475   581   581 D spidev_ioctl: gpio status=1)
05-27 18:43:34.515   299  1153 D EvsDriver: doneWithFrame
05-27 18:43:34.516   581   581 I SpiService: fgesysctrl_getGPIO_status success val=1
05-27 18:43:34.516   536   536 D commservice260303: msg.id = 1028,0
05-27 18:43:34.516   536   536 D commservice260303: i = 170, msgid = 8A000404
05-27 18:43:34.516   536   536 D commservice260303: msgid = -1979710460,did=138
05-27 18:43:34.516   536   536 D commservice260303: CommProtocolLibCmdBaseI2C::dataproc {"command":{"id":"imu_status","sub":""},"content":{"TimeStamp":10,"FrameCounter":244906,"GD_X":-0.011453153565526009,"GD_Y":0.005039200186729431,"GD_Z":0.002443138277158141,"AD_X":-0.003519713878631592,"AD_Y":0.002037803642451763,"AD_Z":-0.1682577133178711,"TempDsp":0,"Status":0,"CalibState":1,"SigAmpInvalid":0}},-1979710460
05-27 18:43:34.516   536   536 D commservice260303: send2Cluster len:314, 7B22636F6D6D616E64223A7B226964223A22696D755F737461747573222C22737562223A22227D2C22636F6E74656E74223A7B2254696D655374616D70223A31302C224672616D65436F756E746572223A3234343930362C2247445F58223A2D302E3031313435333135333536353532363030392C2247445F59223A302E3030353033393230303138363732393433312C2247445F5A223A302E3030323434333133383237373135383134312C2241445F58223A2D302E3030333531393731333837383633313539322C2241445F59223A302E3030323033373830333634323435313736332C2241445F5A223A2D302E313638323537373133333137383731312C2254656D70447370223A302C22537461747573223A302C2243616C69625374617465223A312C22536967416D70496E76616C6964223A307D7D, 138 
05-27 18:43:34.516   536   536 D commservice260303: Push Message into SendPool fn=-671350016
05-27 18:43:34.516   536   536 D commservice260303: ComProtocolLibSend2Cluster::send2ClusterRaw fn=-671350016 , len=330
05-27 18:43:34.516   536   536 D commservice260303: sendCmdToPort :330!!!
05-27 18:43:34.516   536   536 D commservice260303: send Cmd To Port ++++5AA501468A010003FCD76A16CAD67B22636F6D6D616E64223A7B226964223A22696D755F737461747573222C22737562223A22227D2C22636F6E74656E74223A7B2254696D655374616D70223A31302C224672616D65436F756E746572223A3234343930362C2247445F58223A2D302E3031313435333135333536353532363030392C2247445F59223A302E3030353033393230303138363732393433312C2247445F5A223A302E3030323434333133383237373135383134312C2241445F58223A2D302E3030333531393731333837383633313539322C2241445F59223A302E3030323033373830333634323435313736332C2241445F5A223A2D302E313638323537373133333137383731312C2254656D70447370223A302C22537461747573223A302C2243616C69625374617465223A312C22536967416D70496E76616C6964223A307D7D0BE4
05-27 18:43:34.516   536   536 D commservice260303: bufferevent_write retrun value = 0
05-27 18:43:34.516   536   560 D commservice260303: client datas send succeed,send finish
05-27 08:34:43.480   581   581 D spi_rst_gpio_get_output: GPIO 145 value: 1
05-27 08:34:43.480   581   581 D spidev_ioctl: gpio status=1)
05-27 18:43:34.516 13911 14192 D Sentinelmode_1.2.5.17_sentry: <SentryImuClusterFgeSender>imu_status sent to Linux, frame=244906, tsNs=10481747, tsMs=10, intervalMs=42, ad=(-0.0035197139,0.0020378036,-0.16825771), gd=(-0.011453154,0.0050392,0.0024431383)
05-27 18:43:34.521   581   581 I SpiService: fgesysctrl_getGPIO_status success val=1
05-27 18:43:34.524   283   307 I rvcservice: t.code = 7, t.value = 10481663
