05-27 18:43:40.870   536   536 D commservice260303: CommProtocolLibCmdBaseI2C::dataproc {"command":{"id":"imu_status","sub":""},"content":{"TimeStamp":10,"FrameCounter":245062,"GD_X":-0.011300750076770782,"GD_Y":0.0051151420921087265,"GD_Z":0.0023671966046094894,"AD_X":-0.0011304616928100586,"AD_Y":-0.0024037817493081093,"AD_Z":-0.17557144165039062,"TempDsp":0,"Status":0,"CalibState":1,"SigAmpInvalid":0}},-1979710460
05-27 18:43:40.870   536   536 D commservice260303: send2Cluster len:320, 7B22636F6D6D616E64223A7B226964223A22696D755F737461747573222C22737562223A22227D2C22636F6E74656E74223A7B2254696D655374616D70223A31302C224672616D65436F756E746572223A3234353036322C2247445F58223A2D302E3031313330303735303037363737303738322C2247445F59223A302E303035313135313432303932313038373236352C2247445F5A223A302E303032333637313936363034363039343839342C2241445F58223A2D302E303031313330343631363932383130303538362C2241445F59223A2D302E303032343033373831373439333038313039332C2241445F5A223A2D302E31373535373134343136353033393036322C2254656D70447370223A302C22537461747573223A302C2243616C69625374617465223A312C22536967416D70496E76616C6964223A307D7D, 138 
05-27 18:43:40.870   536   536 D commservice260303: Push Message into SendPool fn=1996292864
05-27 18:43:40.870   536   536 D commservice260303: ComProtocolLibSend2Cluster::send2ClusterRaw fn=1996292864 , len=336
05-27 18:43:40.870   536   536 D commservice260303: sendCmdToPort :336!!!
05-27 18:43:40.870   299 30844 D EvsDriver: Delivered 0xb400007b7ca56900 as id 0
05-27 18:43:40.870   536   536 D commservice260303: send Cmd To Port ++++5AA5014C8A010003FD766A16CADC7B22636F6D6D616E64223A7B226964223A22696D755F737461747573222C22737562223A22227D2C22636F6E74656E74223A7B2254696D655374616D70223A31302C224672616D65436F756E746572223A3234353036322C2247445F58223A2D302E3031313330303735303037363737303738322C2247445F59223A302E303035313135313432303932313038373236352C2247445F5A223A302E303032333637313936363034363039343839342C2241445F58223A2D302E303031313330343631363932383130303538362C2241445F59223A2D302E303032343033373831373439333038313039332C2241445F5A223A2D302E31373535373134343136353033393036322C2254656D70447370223A302C22537461747573223A302C2243616C69625374617465223A312C22536967416D70496E76616C6964223A307D7D95E6
05-27 18:43:40.870   536   536 D commservice260303: bufferevent_write retrun value = 0
05-27 18:43:40.871   536   560 D commservice260303: client datas send succeed,send finish
05-27 18:43:40.871 13911 14192 D Sentinelmode_1.2.5.17_sentry: <SentryImuClusterFgeSender>imu_status sent to Linux, frame=245062, tsNs=10488112, tsMs=10, intervalMs=42, ad=(-0.0011304617,-0.0024037817,-0.17557144), gd=(-0.01130075,0.005115142,0.0023671966)
05-27 18:43:40.872   581   581 I SpiService: fgesysctrl_getGPIO_status success val=1
05-27 18:43:40.872   299 30841 D EvsDriver: Delivered 0xb400007b7ca56a60 as id 0
05-27 18:43:40.872  1167  1479 D evsmanagerd: /dev/video4 forwarded the buffer #0 to 0xb4000074bf5f6850 from 0xb4000074bf5f41d0
05-27 08:34:49.836   581   581 D spi_rst_gpio_get_output: GPIO 145 value: 1
05-27 08:34:49.836   581   581 D spidev_ioctl: gpio status=1)
05-27 18:43:40.874   536   536 W commservice260303: [FgeComService::getAQConnectStatus:378]
05-27 18:43:40.874   536   536 W commservice260303: [mcuCommFunctionTcp::getAQConnectStatus:406] 1
05-27 18:43:40.874   536   536 W commservice260303: [FgeComService::getAQConnectStatus:380] status:1
05-27 18:43:40.875 12246 12246 E ivicomm_CommManager: getA2lConnectStatus aqConnectStatus:1
05-27 18:43:40.875 12246 12246 D ivicomm_ConnectStateManager: notifyState newState=1curState=1
05-27 18:43:40.877   299  1153 D EvsDriver: doneWithFrame
05-27 18:43:40.877   299  1163 D EvsDriver: doneWithFrame
05-27 18:43:40.877   581   581 I SpiService: fgesysctrl_getGPIO_status success val=1
05-27 08:34:49.842   581   581 D spi_rst_gpio_get_output: GPIO 145 value: 1
05-27 08:34:49.842   581   581 D spidev_ioctl: gpio status=1)
05-27 18:43:40.883   581   581 I SpiService: fgesysctrl_getGPIO_status success val=0
05-27 18:43:40.883   481   597 I mcuc    : send SPI:6AA602D344000289005C
05-27 18:43:40.884 13911 14183 I SentryImuMcuAngleSender: 179.993rollDeg
05-27 18:43:40.884 13911 14183 I SentryImuMcuAngleSender: 1,0,0
05-27 18:43:40.884 30773 30786 I dvr_service_: CameraX 0  audioOK: 30656000,audios:480
05-27 08:34:49.847   581   581 D spi_rst_gpio_get_output: GPIO 145 value: 0
05-27 08:34:49.847   581   581 D spidev_ioctl: gpio status=0)
05-27 18:43:40.889  1008 30856 D [OMXB]  : usingANWBuffer: handle:0xee742cc0, format:1, w:1920, h:1080
05-27 18:43:40.897   581   581 I SpiService: fgesysctrl_getGPIO_status success val=1
05-27 18:43:40.898 15863 16069 D AIN-HttpHealthPolicy: call() called start, host=www.huaweicloud.com
05-27 18:43:40.898   299 30841 D EvsDriver: forwardFrame
05-27 18:43:40.900   299 30841 D EvsDriver: Delivered 0xb400007b7ca56a60 as id 0
05-27 18:43:40.900  1167  1167 D evsmanagerd: /dev/video4 forwarded the buffer #0 to 0xb4000074bf5f6850 from 0xb4000074bf5f41d0
05-27 18:43:40.901 10046 31193 D resolv  : GetAddrInfoHandler::run: {103 786535 103 983143 1000 0}
05-27 08:34:49.862   581   581 D spi_rst_gpio_get_output: GPIO 145 value: 1
05-27 18:43:40.902 10046 31193 D resolv  : resolv_getaddrinfo: explore_fqdn(): ai_family=0 ai_socktype=1 ai_protocol=6
05-27 08:34:49.862   581   581 D spidev_ioctl: gpio status=1)
05-27 18:43:40.903   299  1163 D EvsDriver: doneWithFrame
05-27 18:43:40.903   581   581 I SpiService: fgesysctrl_getGPIO_status success val=1
05-27 18:43:40.903   299 30844 D EvsDriver: forwardFrame
05-27 18:43:40.904   299 30844 D EvsDriver: Delivered 0xb400007b7ca56900 as id 0
05-27 18:43:40.904 10046 31194 D resolv  : doQuery: (1, 1)
05-27 18:43:40.904  1167  1167 D evsmanagerd: /dev/video6 forwarded the buffer #0 to 0xb4000074bf5f5510 from 0xb4000074bf5f6d90
05-27 18:43:40.904 10046 31194 D resolv  : res_nmkquery: (QUERY, IN, A)
05-27 18:43:40.904 10046 31194 D resolv  : res_nsend
05-27 18:43:40.904 10046 31194 I resolv  : resolv_cache_lookup: lookup
05-27 18:43:40.904 10046 31194 I resolv  : resolv_cache_lookup: NOT IN CACHE (STALE ENTRY 0xb4000072a546f8d0DISCARDED)
05-27 18:43:40.904 10046 31194 I resolv  : _cache_remove_p: entry 784 removed (count=34)
05-27 18:43:40.904 10046 31194 I resolv  : resolv_populate_res_for_net: netid=103
05-27 18:43:40.904 10046 31194 I resolv  : res_stats_usable_server: NS stats: S 62 + E 0 + T 0 + I 2 = 64, rtt = 33, min_samples = 8
05-27 18:43:40.904 10046 31194 I resolv  : res_stats_usable_server: success rate 96
05-27 18:43:40.904 10046 31194 D resolv  : res_nsend: Querying server (# 1) address = 10.254.254.254:53
05-27 18:43:40.904 10046 31194 D resolv  : send_dg: new DG socket
05-27 08:34:49.867   581   581 D spi_rst_gpio_get_output: GPIO 145 value: 1
05-27 18:43:40.905 10046 31194 I resolv  : get_timeout: using timeout of 5000 msec
05-27 08:34:49.868   581   581 D spidev_ioctl: gpio status=1)
05-27 18:43:40.905 13911 14183 I SentryImuMcuAngleSender: 179.986rollDeg
05-27 18:43:40.905 13911 14183 I SentryImuMcuAngleSender: 1,0,0
05-27 18:43:40.905 10046 31194 I resolv  : retrying_poll: 48 retrying_poll
05-27 18:43:40.906   299  1163 D EvsDriver: doneWithFrame
05-27 18:43:40.908   581   581 I SpiService: fgesysctrl_getGPIO_status success val=1
05-27 08:34:49.873   581   581 D spi_rst_gpio_get_output: GPIO 145 value: 1
05-27 08:34:49.873   581   581 D spidev_ioctl: gpio status=1)
05-27 18:43:40.909   536   536 D commservice260303: msg.id = 1028,0
05-27 18:43:40.909   536   536 D commservice260303: i = 170, msgid = 8A000404
05-27 18:43:40.909   536   536 D commservice260303: msgid = -1979710460,did=138
05-27 18:43:40.909   536   536 D commservice260303: CommProtocolLibCmdBaseI2C::dataproc {"command":{"id":"imu_status","sub":""},"content":{"TimeStamp":10,"FrameCounter":245063,"GD_X":-0.010766036808490753,"GD_Y":0.0051151420921087265,"GD_Z":0.0019079053308814764,"AD_X":-0.0011456608772277832,"AD_Y":3.990950062870979E-5,"AD_Z":-0.17191123962402344,"TempDsp":0,"Status":0,"CalibState":1,"SigAmpInvalid":0}},-1979710460
05-27 18:43:40.910   536   536 D commservice260303: send2Cluster len:318, 7B22636F6D6D616E64223A7B226964223A22696D755F737461747573222C22737562223A22227D2C22636F6E74656E74223A7B2254696D655374616D70223A31302C224672616D65436F756E746572223A3234353036332C2247445F58223A2D302E3031303736363033363830383439303735332C2247445F59223A302E303035313135313432303932313038373236352C2247445F5A223A302E303031393037393035333330383831343736342C2241445F58223A2D302E303031313435363630383737323237373833322C2241445F59223A332E393930393530303632383730393739452D352C2241445F5A223A2D302E31373139313132333936323430323334342C2254656D70447370223A302C22537461747573223A302C2243616C69625374617465223A312C22536967416D70496E76616C6964223A307D7D, 138 
05-27 18:43:40.910   536   536 D commservice260303: Push Message into SendPool fn=2013070080
05-27 18:43:40.910   536   536 D commservice260303: ComProtocolLibSend2Cluster::send2ClusterRaw fn=2013070080 , len=334
05-27 18:43:40.910   536   536 D commservice260303: sendCmdToPort :334!!!
05-27 18:43:40.910   536   536 D commservice260303: send Cmd To Port ++++5AA5014A8A010003FD776A16CADC7B22636F6D6D616E64223A7B226964223A22696D755F737461747573222C22737562223A22227D2C22636F6E74656E74223A7B2254696D655374616D70223A31302C224672616D65436F756E746572223A3234353036332C2247445F58223A2D302E3031303736363033363830383439303735332C2247445F59223A302E303035313135313432303932313038373236352C2247445F5A223A302E303031393037393035333330383831343736342C2241445F58223A2D302E303031313435363630383737323237373833322C2241445F59223A332E393930393530303632383730393739452D352C2241445F5A223A2D302E31373139313132333936323430323334342C2254656D70447370223A302C22537461747573223A302C2243616C69625374617465223A312C22536967416D70496E76616C6964223A307D7DD28D
05-27 18:43:40.910   536   536 D commservice260303: bufferevent_write retrun value = 0
05-27 18:43:40.910   536   560 D commservice260303: client datas send succeed,send finish
05-27 18:43:40.910 13911 14192 D Sentinelmode_1.2.5.17_sentry: <SentryImuClusterFgeSender>imu_status sent to Linux, frame=245063, tsNs=10488147, tsMs=10, intervalMs=39, ad=(-0.0011456609,3.99095E-5,-0.17191124), gd=(-0.010766037,0.005115142,0.0019079053)
05-27 18:43:40.914   581   581 I SpiService: fgesysctrl_getGPIO_status success val=1
05-27 18:43:40.916  1008 30857 D [OMXB]  : usingANWBuffer: handle:0xee7444d0, format:1, w:1920, h:1080
05-27 08:34:49.878   581   581 D spi_rst_gpio_get_output: GPIO 145 value: 1
05-27 08:34:49.878   581   581 D spidev_ioctl: gpio status=1)
05-27 18:43:40.920   581   581 I SpiService: fgesysctrl_getGPIO_status success val=0
05-27 08:34:49.884   581   581 D spi_rst_gpio_get_output: GPIO 145 value: 0
05-27 08:34:49.884   581   581 D spidev_ioctl: gpio status=0)
05-27 18:43:40.925 13911 14183 I SentryImuMcuAngleSender: 179.97899rollDeg
05-27 18:43:40.925 13911 14183 I SentryImuMcuAngleSender: 1,0,0
05-27 18:43:40.928 13549 13549 I ADAYO_LOG_: handleMessage(UsbFunc.java:352)copyQnx = 0
05-27 18:43:40.928 13549 13549 I ADAYO_LOG_: handleMessage(UsbFunc.java:404)copyState = 2
05-27 18:43:40.929 10046 31194 I resolv  : retrying_poll: 48 retrying_poll returning 1
05-27 18:43:40.929 10046 31194 I resolv  : res_nsend: used send_dg 512 terrno: 0
05-27 18:43:40.929 10046 31194 I resolv  : res_stats_set_sample: rcode = 0, sec = 24
05-27 18:43:40.929 10046 31194 I resolv  : res_cache_add_stats_sample_locked: adding sample to stats, next = 54, count = 64
05-27 18:43:40.929 10046 31194 D resolv  : res_nsend: got answer:
05-27 18:43:40.929 10046 31194 I resolv  : answer_getTTL: TTL = 370
05-27 18:43:40.929 10046 31194 I resolv  : _cache_add_p: entry 804 added (count=35)
05-27 18:43:40.929 10046 31194 I resolv  : cache_dump_mru_locked: MRU LIST (35):  804 797 782 791 803 790 796 748 795 802 788 778 777 801 786 800 799 759 798 765 757 792 785 771 770 768 561 504 510 508 507 372 3 2 1
05-27 18:43:40.929 10046 31194 D resolv  : doQuery: rcode=0, ancount=4
05-27 18:43:40.930 15863 16069 D TrafficStats: tagSocket(244) with statsTag=0xffffffff, statsUid=-1
05-27 18:43:40.931 11472 26284 D NetworkMonitor/103: isDataStall: result=-1, tcp packets received=66, latest tcp fail rate=-1
05-27 18:43:40.934   581   581 I SpiService: fgesysctrl_getGPIO_status success val=1
05-27 18:43:40.936   299 30844 D EvsDriver: forwardFrame
05-27 08:34:49.899   581   581 D spi_rst_gpio_get_output: GPIO 145 value: 1
05-27 08:34:49.899   581   581 D spidev_ioctl: gpio status=1)
05-27 18:43:40.938   283   307 I rvcservice: t.code = 3, t.value = 0
05-27 18:43:40.938   299 30844 D EvsDriver: Delivered 0xb400007b7ca56900 as id 0
05-27 18:43:40.938  1167  1167 D evsmanagerd: /dev/video6 forwarded the buffer #0 to 0xb4000074bf5f5510 from 0xb4000074bf5f6d90
05-27 18:43:40.938  1008 30856 D [OMXB]  : usingANWBuffer: handle:0xee744160, format:1, w:1920, h:1080
05-27 18:43:40.938 30773 30773 E dvr_service_: [myNum:1] Received S**** loss
05-27 18:43:40.939   299 30841 D EvsDriver: forwardFrame
05-27 18:43:40.939   299  1163 D EvsDriver: doneWithFrame
05-27 18:43:40.940   581   581 I SpiService: fgesysctrl_getGPIO_status success val=1
05-27 18:43:40.940 30773 30789 I dvr_service_: Camera 0: MediaOK:30894274, frames:720, isKeyFrame:0,pts:10487952231
05-27 18:43:40.942   299 30841 D EvsDriver: Delivered 0xb400007b7ca56a60 as id 0
05-27 18:43:40.942  1167  1167 D evsmanagerd: /dev/video4 forwarded the buffer #0 to 0xb4000074bf5f6850 from 0xb4000074bf5f41d0
05-27 18:43:40.942 30773 30773 E dvr_service_: [myNum:0] Received S**** loss
05-27 18:43:40.943   299  1163 D EvsDriver: doneWithFrame
05-27 08:34:49.905   581   581 D spi_rst_gpio_get_output: GPIO 145 value: 1
05-27 08:34:49.905   581   581 D spidev_ioctl: gpio status=1)
05-27 18:43:40.945 13911 14183 I SentryImuMcuAngleSender: 179.97899rollDeg
05-27 18:43:40.945 13911 14183 I SentryImuMcuAngleSender: 1,0,0
05-27 18:43:40.946   581   581 I SpiService: fgesysctrl_getGPIO_status success val=1
05-27 18:43:40.941  1044  1044 I auditd  : type=1400 audit(0.0:62227): avc: denied { call } for comm="oid.aac.encoder" scontext=u:r:mediaswcodec:s0 tcontext=u:r:adayo_dvr_service:s0 tclass=binder permissive=1
05-27 18:43:40.941  1044  1044 I oid.aac.encoder: type=1400 audit(0.0:62227): avc: denied { call } for scontext=u:r:mediaswcodec:s0 tcontext=u:r:adayo_dvr_service:s0 tclass=binder permissive=1
05-27 08:34:49.911   581   581 D spi_rst_gpio_get_output: GPIO 145 value: 1
05-27 08:34:49.911   581   581 D spidev_ioctl: gpio status=1)
05-27 18:43:40.950   536   536 D commservice260303: msg.id = 1028,0
05-27 18:43:40.950   536   536 D commservice260303: i = 170, msgid = 8A000404
05-27 18:43:40.950   536   536 D commservice260303: msgid = -1979710460,did=138
05-27 18:43:40.950   536   536 D commservice260303: CommProtocolLibCmdBaseI2C::dataproc {"command":{"id":"imu_status","sub":""},"content":{"TimeStamp":10,"FrameCounter":245064,"GD_X":-0.011453153565526009,"GD_Y":0.005573912989348173,"GD_Z":0.0023671966046094894,"AD_X":-0.0011568516492843628,"AD_Y":0.0012514800764620304,"AD_Z":-0.17130184173583984,"TempDsp":0,"Status":0,"CalibState":1,"SigAmpInvalid":0}},-1979710460
05-27 18:43:40.950   536   536 D commservice260303: send2Cluster len:318, 7B22636F6D6D616E64223A7B226964223A22696D755F737461747573222C22737562223A22227D2C22636F6E74656E74223A7B2254696D655374616D70223A31302C224672616D65436F756E746572223A3234353036342C2247445F58223A2D302E3031313435333135333536353532363030392C2247445F59223A302E3030353537333931323938393334383137332C2247445F5A223A302E303032333637313936363034363039343839342C2241445F58223A2D302E303031313536383531363439323834333632382C2241445F59223A302E303031323531343830303736343632303330342C2241445F5A223A2D302E31373133303138343137333538333938342C2254656D70447370223A302C22537461747573223A302C2243616C69625374617465223A312C22536967416D70496E76616C6964223A307D7D, 138 
05-27 18:43:40.950   536   536 D commservice260303: Push Message into SendPool fn=2029847296
05-27 18:43:40.950   536   536 D commservice260303: ComProtocolLibSend2Cluster::send2ClusterRaw fn=2029847296 , len=334
05-27 18:43:40.950   536   536 D commservice260303: sendCmdToPort :334!!!
05-27 18:43:40.950   536   536 D commservice260303: send Cmd To Port ++++5AA5014A8A010003FD786A16CADC7B22636F6D6D616E64223A7B226964223A22696D755F737461747573222C22737562223A22227D2C22636F6E74656E74223A7B2254696D655374616D70223A31302C224672616D65436F756E746572223A3234353036342C2247445F58223A2D302E3031313435333135333536353532363030392C2247445F59223A302E3030353537333931323938393334383137332C2247445F5A223A302E303032333637313936363034363039343839342C2241445F58223A2D302E303031313536383531363439323834333632382C2241445F59223A302E303031323531343830303736343632303330342C2241445F5A223A2D302E31373133303138343137333538333938342C2254656D70447370223A302C22537461747573223A302C2243616C69625374617465223A312C22536967416D70496E76616C6964223A307D7DF250
05-27 18:43:40.950   536   536 D commservice260303: bufferevent_write retrun value = 0
05-27 18:43:40.950   536   560 D commservice260303: client datas send succeed,send finish
05-27 18:43:40.950 13911 14192 D Sentinelmode_1.2.5.17_sentry: <SentryImuClusterFgeSender>imu_status sent to Linux, frame=245064, tsNs=10488183, tsMs=10, intervalMs=40, ad=(-0.0011568516,0.0012514801,-0.17130184), gd=(-0.011453154,0.005573913,0.0023671966)
05-27 18:43:40.951  1008 30857 D [OMXB]  : usingANWBuffer: handle:0xee743ea0, format:1, w:1920, h:1080
05-27 18:43:40.952   581   581 I SpiService: fgesysctrl_getGPIO_status success val=1
05-27 08:34:49.916   581   581 D spi_rst_gpio_get_output: GPIO 145 value: 1
05-27 08:34:49.916   581   581 D spidev_ioctl: gpio status=1)
05-27 18:43:40.957   581   581 I SpiService: fgesysctrl_getGPIO_status success val=1
05-27 18:43:40.958 30773 30788 I dvr_service_: [runShortMediaThread:298] cameraId:1 medias:300,audios:220,stateAudio:0,mShortState:0,warnEvent:0,state:1
05-27 08:34:49.922   581   581 D spi_rst_gpio_get_output: GPIO 145 value: 1
05-27 08:34:49.922   581   581 D spidev_ioctl: gpio status=1)
05-27 18:43:40.963   581   581 I SpiService: fgesysctrl_getGPIO_status success val=1
05-27 08:34:49.927   581   581 D spi_rst_gpio_get_output: GPIO 145 value: 1
05-27 08:34:49.927   581   581 D spidev_ioctl: gpio status=1)
05-27 18:43:40.965 13911 14183 I SentryImuMcuAngleSender: 179.97897rollDeg
05-27 18:43:40.965 13911 14183 I SentryImuMcuAngleSender: 1,0,0
05-27 18:43:40.965   299 30841 D EvsDriver: forwardFrame
05-27 18:43:40.967   299 30841 D EvsDriver: Delivered 0xb400007b7ca56a60 as id 0
05-27 18:43:40.967  1167  1167 D evsmanagerd: /dev/video4 forwarded the buffer #0 to 0xb4000074bf5f6850 from 0xb4000074bf5f41d0
05-27 18:43:40.967   572   622 I Sensors : 230 AccelSensor: x:-0.167140,y:0.004880,z:-9.971060
05-27 18:43:40.968   581   581 I SpiService: fgesysctrl_getGPIO_status success val=0
05-27 08:34:49.933   581   581 D spi_rst_gpio_get_output: GPIO 145 value: 0
05-27 08:34:49.933   581   581 D spidev_ioctl: gpio status=0)
05-27 18:43:40.970  1008 30856 D [OMXB]  : usingANWBuffer: handle:0xee742270, format:1, w:1920, h:1080
05-27 18:43:40.971   299  1163 D EvsDriver: doneWithFrame
05-27 18:43:40.972   299 30844 D EvsDriver: forwardFrame
05-27 18:43:40.974 17284 17338 D VersionPrinter: com.aispeech.lyra.assistant- VersionName:[8.0.1_260521.1.yadi_HuoXing] - append:[] - active:[]
05-27 18:43:40.976   299 30844 D EvsDriver: Delivered 0xb400007b7ca56900 as id 0
05-27 18:43:40.976  1167  1167 D evsmanagerd: /dev/video6 forwarded the buffer #0 to 0xb4000074bf5f5510 from 0xb4000074bf5f6d90
05-27 18:43:40.980   299  1163 D EvsDriver: doneWithFrame
05-27 18:43:40.984   581   581 I SpiService: fgesysctrl_getGPIO_status success val=1
05-27 08:34:49.948   581   581 D spi_rst_gpio_get_output: GPIO 145 value: 1
05-27 08:34:49.948   581   581 D spidev_ioctl: gpio status=1)
05-27 18:43:40.985 13911 14183 I SentryImuMcuAngleSender: 179.97195rollDeg
05-27 18:43:40.985 13911 14183 I SentryImuMcuAngleSender: 1,0,0
05-27 18:43:40.987  1008 30857 D [OMXB]  : usingANWBuffer: handle:0xee746c00, format:1, w:1920, h:1080
05-27 18:43:40.989   581   581 I SpiService: fgesysctrl_getGPIO_status success val=1
05-27 18:43:40.990   536   536 D commservice260303: msg.id = 1028,0
05-27 18:43:40.990   536   536 D commservice260303: i = 170, msgid = 8A000404
05-27 18:43:40.990   536   536 D commservice260303: msgid = -1979710460,did=138
05-27 18:43:40.990   536   536 D commservice260303: CommProtocolLibCmdBaseI2C::dataproc {"command":{"id":"imu_status","sub":""},"content":{"TimeStamp":10,"FrameCounter":245065,"GD_X":-0.01160607673227787,"GD_Y":0.0057257963344454765,"GD_Z":0.0018319635419175029,"AD_X":-0.002388298511505127,"AD_Y":0.0012358934618532658,"AD_Z":-0.16703224182128906,"TempDsp":0,"Status":0,"CalibState":1,"SigAmpInvalid":0}},-1979710460
05-27 18:43:40.990   536   536 D commservice260303: send2Cluster len:317, 7B22636F6D6D616E64223A7B226964223A22696D755F737461747573222C22737562223A22227D2C22636F6E74656E74223A7B2254696D655374616D70223A31302C224672616D65436F756E746572223A3234353036352C2247445F58223A2D302E30313136303630373637333232373738372C2247445F59223A302E303035373235373936333334343435343736352C2247445F5A223A302E303031383331393633353431393137353032392C2241445F58223A2D302E3030323338383239383531313530353132372C2241445F59223A302E303031323335383933343631383533323635382C2241445F5A223A2D302E31363730333232343138323132383930362C2254656D70447370223A302C22537461747573223A302C2243616C69625374617465223A312C22536967416D70496E76616C6964223A307D7D, 138 
05-27 18:43:40.990   536   536 D commservice260303: Push Message into SendPool fn=2046624512
05-27 18:43:40.990   536   536 D commservice260303: ComProtocolLibSend2Cluster::send2ClusterRaw fn=2046624512 , len=333
05-27 18:43:40.990   536   536 D commservice260303: sendCmdToPort :333!!!
05-27 18:43:40.990   536   536 D commservice260303: send Cmd To Port ++++5AA501498A010003FD796A16CADC7B22636F6D6D616E64223A7B226964223A22696D755F737461747573222C22737562223A22227D2C22636F6E74656E74223A7B2254696D655374616D70223A31302C224672616D65436F756E746572223A3234353036352C2247445F58223A2D302E30313136303630373637333232373738372C2247445F59223A302E303035373235373936333334343435343736352C2247445F5A223A302E303031383331393633353431393137353032392C2241445F58223A2D302E3030323338383239383531313530353132372C2241445F59223A302E303031323335383933343631383533323635382C2241445F5A223A2D302E31363730333232343138323132383930362C2254656D70447370223A302C22537461747573223A302C2243616C69625374617465223A312C22536967416D70496E76616C6964223A307D7DE025
05-27 18:43:40.990   536   536 D commservice260303: bufferevent_write retrun value = 0
05-27 18:43:40.991   536   560 D commservice260303: client datas send succeed,send finish
05-27 18:43:40.991 13911 14192 D Sentinelmode_1.2.5.17_sentry: <SentryImuClusterFgeSender>imu_status sent to Linux, frame=245065, tsNs=10488236, tsMs=10, intervalMs=40, ad=(-0.0023882985,0.0012358935,-0.16703224), gd=(-0.011606077,0.0057257963,0.0018319635)
05-27 08:34:49.954   581   581 D spi_rst_gpio_get_output: GPIO 145 value: 1
05-27 08:34:49.954   581   581 D spidev_ioctl: gpio status=1)
05-27 18:43:40.995   581   581 I SpiService: fgesysctrl_getGPIO_status success val=1
05-27 08:34:49.959   581   581 D spi_rst_gpio_get_output: GPIO 145 value: 1
05-27 08:34:49.959   581   581 D spidev_ioctl: gpio status=1)
05-27 18:43:41.000   299 30844 D EvsDriver: forwardFrame
05-27 08:34:49.965   581   581 D spi_rst_gpio_get_output: GPIO 145 value: 1
05-27 08:34:49.965   581   581 D spidev_ioctl: gpio status=1)
05-27 18:43:41.001   581   581 I SpiService: fgesysctrl_getGPIO_status success val=1
05-27 18:43:41.001   299 30844 D EvsDriver: Delivered 0xb400007b7ca56900 as id 0
05-27 18:43:41.001  1167  1167 D evsmanagerd: /dev/video6 forwarded the buffer #0 to 0xb4000074bf5f5510 from 0xb4000074bf5f6d90
05-27 18:43:41.004   299 30841 D EvsDriver: forwardFrame
05-27 18:43:41.004   299  1163 D EvsDriver: doneWithFrame
05-27 18:43:41.005   299 30841 D EvsDriver: Delivered 0xb400007b7ca56a60 as id 0
05-27 18:43:41.005  1167  1167 D evsmanagerd: /dev/video4 forwarded the buffer #0 to 0xb4000074bf5f6850 from 0xb4000074bf5f41d0
05-27 18:43:41.006 13911 14183 I SentryImuMcuAngleSender: 179.986rollDeg
05-27 18:43:41.006 13911 14183 I SentryImuMcuAngleSender: 1,0,0
05-27 18:43:41.007   581   581 I SpiService: fgesysctrl_getGPIO_status success val=1
05-27 18:43:41.008   299  1163 D EvsDriver: doneWithFrame
05-27 08:34:49.971   581   581 D spi_rst_gpio_get_output: GPIO 145 value: 1
05-27 08:34:49.971   581   581 D spidev_ioctl: gpio status=1)
05-27 18:43:41.012   581   581 I SpiService: fgesysctrl_getGPIO_status success val=0
05-27 08:34:49.977   581   581 D spi_rst_gpio_get_output: GPIO 145 value: 0
05-27 08:34:49.977   581   581 D spidev_ioctl: gpio status=0)
05-27 18:43:41.014  1008 30856 D [OMXB]  : usingANWBuffer: handle:0xee743710, format:1, w:1920, h:1080
05-27 18:43:41.017  1083  1083 I MyAppLog: [2026-05-27 18:43:41.016 I tboxap mcuSendYadiTransfer:196] [Mcu] [mcuYadiSend]: :00 08 8F 04 01 09 81 02 01 01
05-27 18:43:41.021   481   599 I mcuc    : start timer OK = 29554 
05-27 18:43:41.026 13911 14183 I SentryImuMcuAngleSender: 179.986rollDeg
05-27 18:43:41.026 13911 14183 I SentryImuMcuAngleSender: 1,0,0
05-27 18:43:41.027   581   581 I SpiService: fgesysctrl_getGPIO_status success val=1
05-27 08:34:49.992   581   581 D spi_rst_gpio_get_output: GPIO 145 value: 1
05-27 08:34:49.992   581   581 D spidev_ioctl: gpio status=1)
05-27 18:43:41.029  1008 30857 D [OMXB]  : usingANWBuffer: handle:0xee740220, format:1, w:1920, h:1080
05-27 18:43:41.031   536   536 D commservice260303: msg.id = 1028,0
05-27 18:43:41.031   536   536 D commservice260303: i = 170, msgid = 8A000404
05-27 18:43:41.031   536   536 D commservice260303: msgid = -1979710460,did=138
05-27 18:43:41.031   536   536 D commservice260303: CommProtocolLibCmdBaseI2C::dataproc {"command":{"id":"imu_status","sub":""},"content":{"TimeStamp":10,"FrameCounter":245066,"GD_X":-0.010766036808490753,"GD_Y":0.004656890872865915,"GD_Z":0.0020608289632946253,"AD_X":-0.0048176199197769165,"AD_Y":1.6739359125494957E-5,"AD_Z":-0.16947174072265625,"TempDsp":0,"Status":0,"CalibState":1,"SigAmpInvalid":0}},-1979710460
05-27 18:43:41.031   536   536 D commservice260303: send2Cluster len:318, 7B22636F6D6D616E64223A7B226964223A22696D755F737461747573222C22737562223A22227D2C22636F6E74656E74223A7B2254696D655374616D70223A31302C224672616D65436F756E746572223A3234353036362C2247445F58223A2D302E3031303736363033363830383439303735332C2247445F59223A302E3030343635363839303837323836353931352C2247445F5A223A302E303032303630383238393633323934363235332C2241445F58223A2D302E303034383137363139393139373736393136352C2241445F59223A312E36373339333539313235343934393537452D352C2241445F5A223A2D302E31363934373137343037323236353632352C2254656D70447370223A302C22537461747573223A302C2243616C69625374617465223A312C22536967416D70496E76616C6964223A307D7D, 138 
05-27 18:43:41.031   536   536 D commservice260303: Push Message into SendPool fn=2063401728
05-27 18:43:41.031   536   536 D commservice260303: ComProtocolLibSend2Cluster::send2ClusterRaw fn=2063401728 , len=334
05-27 18:43:41.031   536   536 D commservice260303: sendCmdToPort :334!!!
05-27 18:43:41.031   536   536 D commservice260303: send Cmd To Port ++++5AA5014A8A010003FD7A6A16CADD7B22636F6D6D616E64223A7B226964223A22696D755F737461747573222C22737562223A22227D2C22636F6E74656E74223A7B2254696D655374616D70223A31302C224672616D65436F756E746572223A3234353036362C2247445F58223A2D302E3031303736363033363830383439303735332C2247445F59223A302E3030343635363839303837323836353931352C2247445F5A223A302E303032303630383238393633323934363235332C2241445F58223A2D302E303034383137363139393139373736393136352C2241445F59223A312E36373339333539313235343934393537452D352C2241445F5A223A2D302E31363934373137343037323236353632352C2254656D70447370223A302C22537461747573223A302C2243616C69625374617465223A312C22536967416D70496E76616C6964223A307D7D82C4
05-27 18:43:41.031   536   536 D commservice260303: bufferevent_write retrun value = 0
05-27 18:43:41.031   536   560 D commservice260303: client datas send succeed,send finish
05-27 18:43:41.031 13911 14192 D Sentinelmode_1.2.5.17_sentry: <SentryImuClusterFgeSender>imu_status sent to Linux, frame=245066, tsNs=10488272, tsMs=10, intervalMs=41, ad=(-0.00481762,1.673936E-5,-0.16947174), gd=(-0.010766037,0.004656891,0.002060829)
05-27 18:43:41.032   581   581 I SpiService: fgesysctrl_getGPIO_status success val=1
05-27 08:34:49.994 30855 30855 W audit   : audit_lost=35737 audit_rate_limit=5 audit_backlog_limit=64
05-27 08:34:49.994 30855 30855 E audit   : rate limit exceeded
05-27 08:34:49.997   581   581 D spi_rst_gpio_get_output: GPIO 145 value: 1
05-27 08:34:49.997   581   581 D spidev_ioctl: gpio status=1)
05-27 18:43:41.035   299 30844 D EvsDriver: forwardFrame
05-27 18:43:41.036   299 30844 D EvsDriver: Delivered 0xb400007b7ca56900 as id 0
05-27 18:43:41.036  1167  1167 D evsmanagerd: /dev/video6 forwarded the buffer #0 to 0xb4000074bf5f5510 from 0xb4000074bf5f6d90
05-27 18:43:41.038   283   307 I rvcservice: t.code = 0, t.value = 0
05-27 18:43:41.038   581   581 I SpiService: fgesysctrl_getGPIO_status success val=1
05-27 08:34:50.003   581   581 D spi_rst_gpio_get_output: GPIO 145 value: 1
05-27 08:34:50.003   581   581 D spidev_ioctl: gpio status=1)
05-27 18:43:41.040   299  1163 D EvsDriver: doneWithFrame
05-27 18:43:41.041   299 30841 D EvsDriver: forwardFrame
05-27 18:43:41.044   299 30841 D EvsDriver: Delivered 0xb400007b7ca56a60 as id 0
05-27 18:43:41.044  1167  1167 D evsmanagerd: /dev/video4 forwarded the buffer #0 to 0xb4000074bf5f6850 from 0xb4000074bf5f41d0
05-27 18:43:41.044   581   581 I SpiService: fgesysctrl_getGPIO_status success val=1
05-27 08:34:50.009   581   581 D spi_rst_gpio_get_output: GPIO 145 value: 1
05-27 08:34:50.009   581   581 D spidev_ioctl: gpio status=1)
05-27 18:43:41.046   299  1163 D EvsDriver: doneWithFrame
05-27 18:43:41.047 13911 14183 I SentryImuMcuAngleSender: 179.98248rollDeg
05-27 18:43:41.047 13911 14183 I SentryImuMcuAngleSender: 1,0,0
05-27 18:43:41.050   581   581 I SpiService: fgesysctrl_getGPIO_status success val=1
05-27 18:43:41.050  1008 30856 D [OMXB]  : usingANWBuffer: handle:0xee741c40, format:1, w:1920, h:1080
05-27 08:34:50.014   581   581 D spi_rst_gpio_get_output: GPIO 145 value: 1
05-27 08:34:50.014   581   581 D spidev_ioctl: gpio status=1)
05-27 18:43:41.055   581   581 I SpiService: fgesysctrl_getGPIO_status success val=0
05-27 18:43:41.056   481   597 I mcuc    : send SPI:6AA601737200F809018F0401098102010100000000000000000000000000000000000000000000000000000000000000000000000000000000000000000000000000000000000000000000000000000000000000000000000000000000000000000000000000000000000000000000000000000000000000000000000000000000000000000000000000000000000000000000000000000000000000000000000000000000000000000000000000000000000000000000000000000000000000000000000000000000000000000000000000000000000000000000000000000000000000000000000000000000000000000000000000000000000000000000F6
05-27 18:43:41.057   572   572 I Sensors : 230 GyroSensor: x:-0.011911,y:0.004810,z:0.001832
05-27 08:34:50.020   581   581 D spi_rst_gpio_get_output: GPIO 145 value: 0
05-27 08:34:50.020   581   581 D spidev_ioctl: gpio status=0)
05-27 18:43:41.060 31122 31149 D ANWAPI_SECOND: (31122|0x293CFCB0)[BTAPI] run AnWBT_WaitInitFinish
05-27 18:43:41.060 31122 31149 D ANWAPI_SECOND: (31122|0x293CFCB0)[BTAPI] bb_vendor(3)hcit_type(3)
05-27 18:43:41.060 31122 31149 D ANWAPI_SECOND: (31122|0x293CFCB0)[BTAPI] RTL8761, config_uart_path[/dev/ttyS3], baudrate_init(115200), baudrate_normal(3000000)
05-27 18:43:41.060 31122 31149 D ANWAPI_SECOND: (31122|0x293CFCB0)[BTAPI] RTL8761, config_BT_ADDR_path[]
05-27 18:43:41.060 31122 31149 D ANWAPI_SECOND: (31122|0x293CFCB0)[BTAPI] BTUart_Configure start
05-27 18:43:41.061 31122 31149 I ANWStack: [  10488311][ANWBT] Device name = /dev/ttyS3,baudrate_init =115200(115200),baudrate =3000000(3000000)
05-27 18:43:41.061 31122 31149 I ANWStack: 
05-27 18:43:41.061 31122 31149 I ANWStack: [  10488311][ANWBT] BTUart_StartUp  speed = 115200
05-27 18:43:41.061 31122 31149 I ANWStack: 
05-27 18:43:41.061 31122 31149 D ANWStack: Mac Address /data/vendor/bluetooth/btmac.txt open fail - No such file or directory
05-27 18:43:41.061 31122 31149 D ANWStack: Mac Address from file  /data/vendor/bluetooth/btmac.txt -  (1)
05-27 18:43:41.066 31122 31149 D ANWStack: rtk_8761C_init@1, fd 0x55
05-27 18:43:41.066 31122 31149 D ANWStack: type RTL_8761C, init speed 115200
05-27 18:43:41.066 31122 31149 D ANWStack: rtk_8761C_init@2, fd 0x55
05-27 18:43:41.066 31122 31149 D ANWStack: Realtek Bluetooth init uart with init speed:115200, type:HCI UART H4
05-27 18:43:41.066 31122 31149 D ANWStack: Realtek Bluetooth :Realtek hciattach version 3.1.d5a90fd.20250813-162457 
05-27 18:43:41.066 31122 31149 D ANWStack: 
05-27 18:43:41.066 31122 31149 D ANWStack: Realtek Bluetooth :Use epoll
05-27 18:43:41.066 31122 31149 D ANWStack: Realtek Bluetooth :Realtek H4 IC
05-27 18:43:41.067 13911 14183 I SentryImuMcuAngleSender: 179.97899rollDeg
05-27 18:43:41.067 13911 14183 I SentryImuMcuAngleSender: 1,0,0
05-27 08:34:50.030 31149 31149 E sprd_serial 20230000.serial: request TX DMA channel failed, ret = -19
05-27 08:34:50.030 31149 31149 E sprd_serial 20230000.serial: request RX DMA channel failed, ret = -19
05-27 18:43:41.069   581   581 I SpiService: fgesysctrl_getGPIO_status success val=1
05-27 18:43:41.070   299 30841 D EvsDriver: forwardFrame
05-27 18:43:41.071   299 30841 D EvsDriver: Delivered 0xb400007b7ca56a60 as id 0
05-27 18:43:41.071  1167  1167 D evsmanagerd: /dev/video4 forwarded the buffer #0 to 0xb4000074bf5f6850 from 0xb4000074bf5f41d0
05-27 18:43:41.071 30773 30787 I dvr_service_: [runShortMediaThread:298] cameraId:0 medias:300,audios:220,stateAudio:0,mShortState:0,warnEvent:0,state:1
05-27 18:43:41.071   536   536 D commservice260303: msg.id = 1028,0
05-27 18:43:41.071   536   536 D commservice260303: i = 170, msgid = 8A000404
05-27 18:43:41.071   536   536 D commservice260303: msgid = -1979710460,did=138
05-27 18:43:41.071   536   536 D commservice260303: CommProtocolLibCmdBaseI2C::dataproc {"command":{"id":"imu_status","sub":""},"content":{"TimeStamp":10,"FrameCounter":245067,"GD_X":-0.011910883709788322,"GD_Y":0.004809814505279064,"GD_Z":0.0018319635419175029,"AD_X":-0.00723324716091156,"AD_Y":0.001230362569913268,"AD_Z":-0.17008686065673828,"TempDsp":0,"Status":0,"CalibState":1,"SigAmpInvalid":0}},-1979710460
05-27 18:43:41.072   299 30844 D EvsDriver: forwardFrame
05-27 18:43:41.072   536   536 D commservice260303: send2Cluster len:315, 7B22636F6D6D616E64223A7B226964223A22696D755F737461747573222C22737562223A22227D2C22636F6E74656E74223A7B2254696D655374616D70223A31302C224672616D65436F756E746572223A3234353036372C2247445F58223A2D302E3031313931303838333730393738383332322C2247445F59223A302E3030343830393831343530353237393036342C2247445F5A223A302E303031383331393633353431393137353032392C2241445F58223A2D302E30303732333332343731363039313135362C2241445F59223A302E3030313233303336323536393931333236382C2241445F5A223A2D302E31373030383638363036353637333832382C2254656D70447370223A302C22537461747573223A302C2243616C69625374617465223A312C22536967416D70496E76616C6964223A307D7D, 138 
05-27 18:43:41.072   536   536 D commservice260303: Push Message into SendPool fn=2080178944
05-27 18:43:41.072   536   536 D commservice260303: ComProtocolLibSend2Cluster::send2ClusterRaw fn=2080178944 , len=331
05-27 18:43:41.072   536   536 D commservice260303: sendCmdToPort :331!!!
05-27 18:43:41.072   536   536 D commservice260303: send Cmd To Port ++++5AA501478A010003FD7B6A16CADD7B22636F6D6D616E64223A7B226964223A22696D755F737461747573222C22737562223A22227D2C22636F6E74656E74223A7B2254696D655374616D70223A31302C224672616D65436F756E746572223A3234353036372C2247445F58223A2D302E3031313931303838333730393738383332322C2247445F59223A302E3030343830393831343530353237393036342C2247445F5A223A302E303031383331393633353431393137353032392C2241445F58223A2D302E30303732333332343731363039313135362C2241445F59223A302E3030313233303336323536393931333236382C2241445F5A223A2D302E31373030383638363036353637333832382C2254656D70447370223A302C22537461747573223A302C2243616C69625374617465223A312C22536967416D70496E76616C6964223A307D7D25DE
05-27 18:43:41.072   536   536 D commservice260303: bufferevent_write retrun value = 0
05-27 18:43:41.072   536   560 D commservice260303: client datas send succeed,send finish
05-27 18:43:41.073 13911 14192 D Sentinelmode_1.2.5.17_sentry: <SentryImuClusterFgeSender>imu_status sent to Linux, frame=245067, tsNs=10488307, tsMs=10, intervalMs=41, ad=(-0.007233247,0.0012303626,-0.17008686), gd=(-0.011910884,0.0048098145,0.0018319635)
05-27 18:43:41.073   299 30844 D EvsDriver: Delivered 0xb400007b7ca56900 as id 0
05-27 18:43:41.073  1167  1167 D evsmanagerd: /dev/video6 forwarded the buffer #0 to 0xb4000074bf5f5510 from 0xb4000074bf5f6d90
05-27 18:43:41.075   299  1163 D EvsDriver: doneWithFrame
05-27 18:43:41.075   581   581 I SpiService: fgesysctrl_getGPIO_status success val=1
05-27 08:34:50.034   581   581 D spidev_ioctl: gpio status=1)
05-27 08:34:50.039   581   581 D spi_rst_gpio_get_output: GPIO 145 value: 1
05-27 08:34:50.039   581   581 D spidev_ioctl: gpio status=1)
05-27 18:43:41.078  1008 30857 D [OMXB]  : usingANWBuffer: handle:0xee744000, format:1, w:1920, h:1080
05-27 18:43:41.078   299  1163 D EvsDriver: doneWithFrame
05-27 18:43:41.081   581   581 I SpiService: fgesysctrl_getGPIO_status success val=1
05-27 08:34:50.045   581   581 D spi_rst_gpio_get_output: GPIO 145 value: 1
05-27 08:34:50.045   581   581 D spidev_ioctl: gpio status=1)
05-27 08:34:50.051   581   581 D spi_rst_gpio_get_output: GPIO 145 value: 1
05-27 08:34:50.051   581   581 D spidev_ioctl: gpio status=1)
05-27 18:43:41.086   581   581 I SpiService: fgesysctrl_getGPIO_status success val=1
05-27 18:43:41.088 13911 14183 I SentryImuMcuAngleSender: 179.97198rollDeg
05-27 18:43:41.088 13911 14183 I SentryImuMcuAngleSender: 1,0,0
05-27 18:43:41.091 15863 16069 D AIN-HttpHealthPolicy: response: 567, cost=193
05-27 18:43:41.092 15863 16068 D AIN-PingWorker: updateHost: result=true,host=www.huaweicloud.com,delay=193
05-27 18:43:41.092 15863 16068 D AIN-NetCheckerOutputer: onHealthy
05-27 18:43:41.092 15863 16068 D AIN-ServiceHub: getService with: name = service_tracker
05-27 18:43:41.092   581   581 I SpiService: fgesysctrl_getGPIO_status success val=1
05-27 08:34:50.056   581   581 D spi_rst_gpio_get_output: GPIO 145 value: 1
05-27 08:34:50.056   581   581 D spidev_ioctl: gpio status=1)
05-27 18:43:41.093  1008 30856 D [OMXB]  : usingANWBuffer: handle:0xee740170, format:1, w:1920, h:1080
05-27 18:43:41.096 11344 11344 E SystemUI_NavBarFragment: SysUIConfig.icCarServiceConnected：false
05-27 18:43:41.097   581   581 I SpiService: fgesysctrl_getGPIO_status success val=0
05-27 08:34:50.062   581   581 D spi_rst_gpio_get_output: GPIO 145 value: 0
05-27 08:34:50.062   581   581 D spidev_ioctl: gpio status=0)
05-27 18:43:41.102   299 30841 D EvsDriver: forwardFrame
05-27 18:43:41.104   299 30841 D EvsDriver: Delivered 0xb400007b7ca56a60 as id 0
05-27 18:43:41.105  1167  1167 D evsmanagerd: /dev/video4 forwarded the buffer #0 to 0xb4000074bf5f6850 from 0xb4000074bf5f41d0
05-27 18:43:41.105 30773 30783 E dvr_service_: [myNum:0] Received S**** loss
05-27 18:43:41.105   299  1163 D EvsDriver: doneWithFrame
05-27 18:43:41.106   299 30844 D EvsDriver: forwardFrame
05-27 18:43:41.107   299 30844 D EvsDriver: Delivered 0xb400007b7ca56900 as id 0
05-27 18:43:41.107  1167  1167 D evsmanagerd: /dev/video6 forwarded the buffer #0 to 0xb4000074bf5f5510 from 0xb4000074bf5f6d90
05-27 18:43:41.107 30773 30783 E dvr_service_: [myNum:1] Received S**** loss
05-27 18:43:41.107   299  1163 D EvsDriver: doneWithFrame
05-27 18:43:41.109 13911 14183 I SentryImuMcuAngleSender: 179.96497rollDeg
05-27 18:43:41.109 13911 14183 I SentryImuMcuAngleSender: 1,0,0
05-27 18:43:41.111   481   598 I mcuc    : rev,n=1,6AA6827372000209018D
05-27 18:43:41.111   581   581 I SpiService: fgesysctrl_getGPIO_status success val=1
05-27 08:34:50.076   581   581 D spi_rst_gpio_get_output: GPIO 145 value: 1
05-27 08:34:50.076   581   581 D spidev_ioctl: gpio status=1)
05-27 18:43:41.112   536   536 D commservice260303: msg.id = 1028,0
05-27 18:43:41.112   536   536 D commservice260303: i = 170, msgid = 8A000404
05-27 18:43:41.112   536   536 D commservice260303: msgid = -1979710460,did=138
05-27 18:43:41.112   536   536 D commservice260303: CommProtocolLibCmdBaseI2C::dataproc {"command":{"id":"imu_status","sub":""},"content":{"TimeStamp":10,"FrameCounter":245068,"GD_X":-0.01153013575822115,"GD_Y":0.005268065724521875,"GD_Z":0.0022902146447449923,"AD_X":-0.002337723970413208,"AD_Y":0.0024240496568381786,"AD_Z":-0.17069625854492188,"TempDsp":0,"Status":0,"CalibState":1,"SigAmpInvalid":0}},-1979710460
05-27 18:43:41.112   536   536 D commservice260303: send2Cluster len:316, 7B22636F6D6D616E64223A7B226964223A22696D755F737461747573222C22737562223A22227D2C22636F6E74656E74223A7B2254696D655374616D70223A31302C224672616D65436F756E746572223A3234353036382C2247445F58223A2D302E30313135333031333537353832323131352C2247445F59223A302E3030353236383036353732343532313837352C2247445F5A223A302E303032323930323134363434373434393932332C2241445F58223A2D302E3030323333373732333937303431333230382C2241445F59223A302E303032343234303439363536383338313738362C2241445F5A223A2D302E31373036393632353835343439323138382C2254656D70447370223A302C22537461747573223A302C2243616C69625374617465223A312C22536967416D70496E76616C6964223A307D7D, 138 
05-27 18:43:41.112   536   536 D commservice260303: Push Message into SendPool fn=2096956160
05-27 18:43:41.112   536   536 D commservice260303: ComProtocolLibSend2Cluster::send2ClusterRaw fn=2096956160 , len=332
05-27 18:43:41.112   536   536 D commservice260303: sendCmdToPort :332!!!
05-27 18:43:41.112   536   536 D commservice260303: send Cmd To Port ++++5AA501488A010003FD7C6A16CADD7B22636F6D6D616E64223A7B226964223A22696D755F737461747573222C22737562223A22227D2C22636F6E74656E74223A7B2254696D655374616D70223A31302C224672616D65436F756E746572223A3234353036382C2247445F58223A2D302E30313135333031333537353832323131352C2247445F59223A302E3030353236383036353732343532313837352C2247445F5A223A302E303032323930323134363434373434393932332C2241445F58223A2D302E3030323333373732333937303431333230382C2241445F59223A302E303032343234303439363536383338313738362C2241445F5A223A2D302E31373036393632353835343439323138382C2254656D70447370223A302C22537461747573223A302C2243616C69625374617465223A312C22536967416D70496E76616C6964223A307D7D54F5
05-27 18:43:41.112   536   536 D commservice260303: bufferevent_write retrun value = 0
05-27 18:43:41.112   536   560 D commservice260303: client datas send succeed,send finish
05-27 18:43:41.112 13911 14192 D Sentinelmode_1.2.5.17_sentry: <SentryImuClusterFgeSender>imu_status sent to Linux, frame=245068, tsNs=10488361, tsMs=10, intervalMs=40, ad=(-0.002337724,0.0024240497,-0.17069626), gd=(-0.011530136,0.0052680657,0.0022902146)
05-27 18:43:41.116  1008 30856 D [OMXB]  : usingANWBuffer: handle:0xee742480, format:1, w:1920, h:1080
05-27 18:43:41.117   581   581 I SpiService: fgesysctrl_getGPIO_status success val=1
05-27 08:34:50.082   581   581 D spi_rst_gpio_get_output: GPIO 145 value: 1
05-27 08:34:50.082   581   581 D spidev_ioctl: gpio status=1)
05-27 18:43:41.122   581   581 I SpiService: fgesysctrl_getGPIO_status success val=1
05-27 08:34:50.087   581   581 D spi_rst_gpio_get_output: GPIO 145 value: 1
05-27 08:34:50.087   581   581 D spidev_ioctl: gpio status=1)
05-27 18:43:41.128   581   581 I SpiService: fgesysctrl_getGPIO_status success val=1
05-27 08:34:50.092   581   581 D spi_rst_gpio_get_output: GPIO 145 value: 1
05-27 08:34:50.092   581   581 D spidev_ioctl: gpio status=1)
05-27 18:43:41.129 13911 14183 I SentryImuMcuAngleSender: 179.97546rollDeg
05-27 18:43:41.129 13911 14183 I SentryImuMcuAngleSender: 1,0,0
05-27 18:43:41.132   299 30844 D EvsDriver: forwardFrame
05-27 18:43:41.133   299 30844 D EvsDriver: Delivered 0xb400007b7ca56900 as id 0
05-27 18:43:41.133   581   581 I SpiService: fgesysctrl_getGPIO_status success val=1
05-27 18:43:41.133  1167  1167 D evsmanagerd: /dev/video6 forwarded the buffer #0 to 0xb4000074bf5f5510 from 0xb4000074bf5f6d90
05-27 18:43:41.135   299  1163 D EvsDriver: doneWithFrame
05-27 18:43:41.136  1008 30857 D [OMXB]  : usingANWBuffer: handle:0xee7404e0, format:1, w:1920, h:1080
05-27 08:34:50.098   581   581 D spi_rst_gpio_get_output: GPIO 145 value: 1
05-27 08:34:50.098   581   581 D spidev_ioctl: gpio status=1)
05-27 18:43:41.138   283   307 I rvcservice: t.code = 3, t.value = 0
05-27 18:43:41.138   299 30841 D EvsDriver: forwardFrame
05-27 18:43:41.139   581   581 I SpiService: fgesysctrl_getGPIO_status success val=0
05-27 18:43:41.140   299 30841 D EvsDriver: Delivered 0xb400007b7ca56a60 as id 0
05-27 18:43:41.140  1167  1167 D evsmanagerd: /dev/video4 forwarded the buffer #0 to 0xb4000074bf5f6850 from 0xb4000074bf5f41d0
05-27 08:34:50.103   581   581 D spi_rst_gpio_get_output: GPIO 145 value: 0
05-27 08:34:50.103   581   581 D spidev_ioctl: gpio status=0)
05-27 18:43:41.143   299  1163 D EvsDriver: doneWithFrame
05-27 18:43:41.150 13911 14183 I SentryImuMcuAngleSender: 179.97546rollDeg
05-27 18:43:41.150 13911 14183 I SentryImuMcuAngleSender: 1,0,0
05-27 18:43:41.151   536   536 D commservice260303: msg.id = 1028,0
05-27 18:43:41.151   536   536 D commservice260303: i = 170, msgid = 8A000404
05-27 18:43:41.151   536   536 D commservice260303: msgid = -1979710460,did=138
05-27 18:43:41.151   536   536 D commservice260303: CommProtocolLibCmdBaseI2C::dataproc {"command":{"id":"imu_status","sub":""},"content":{"TimeStamp":10,"FrameCounter":245069,"GD_X":-0.011070843786001205,"GD_Y":0.0056498548947274685,"GD_Z":0.002519079949706793,"AD_X":-0.002344980835914612,"AD_Y":0.0018036405090242624,"AD_Z":-0.1682577133178711,"TempDsp":0,"Status":0,"CalibState":1,"SigAmpInvalid":0}},-1979710460
05-27 18:43:41.151   536   536 D commservice260303: send2Cluster len:316, 7B22636F6D6D616E64223A7B226964223A22696D755F737461747573222C22737562223A22227D2C22636F6E74656E74223A7B2254696D655374616D70223A31302C224672616D65436F756E746572223A3234353036392C2247445F58223A2D302E3031313037303834333738363030313230352C2247445F59223A302E303035363439383534383934373237343638352C2247445F5A223A302E3030323531393037393934393730363739332C2241445F58223A2D302E3030323334343938303833353931343631322C2241445F59223A302E303031383033363430353039303234323632342C2241445F5A223A2D302E313638323537373133333137383731312C2254656D70447370223A302C22537461747573223A302C2243616C69625374617465223A312C22536967416D70496E76616C6964223A307D7D, 138 
05-27 18:43:41.151   536   536 D commservice260303: Push Message into SendPool fn=2113733376
05-27 18:43:41.151   536   536 D commservice260303: ComProtocolLibSend2Cluster::send2ClusterRaw fn=2113733376 , len=332
05-27 18:43:41.151   536   536 D commservice260303: sendCmdToPort :332!!!
05-27 18:43:41.151   536   536 D commservice260303: send Cmd To Port ++++5AA501488A010003FD7D6A16CADD7B22636F6D6D616E64223A7B226964223A22696D755F737461747573222C22737562223A22227D2C22636F6E74656E74223A7B2254696D655374616D70223A31302C224672616D65436F756E746572223A3234353036392C2247445F58223A2D302E3031313037303834333738363030313230352C2247445F59223A302E303035363439383534383934373237343638352C2247445F5A223A302E3030323531393037393934393730363739332C2241445F58223A2D302E3030323334343938303833353931343631322C2241445F59223A302E303031383033363430353039303234323632342C2241445F5A223A2D302E313638323537373133333137383731312C2254656D70447370223A302C22537461747573223A302C2243616C69625374617465223A312C22536967416D70496E76616C6964223A307D7D671E
05-27 18:43:41.151   536   536 D commservice260303: bufferevent_write retrun value = 0
05-27 18:43:41.151   536   560 D commservice260303: client datas send succeed,send finish
05-27 18:43:41.151 13911 14192 D Sentinelmode_1.2.5.17_sentry: <SentryImuClusterFgeSender>imu_status sent to Linux, frame=245069, tsNs=10488397, tsMs=10, intervalMs=39, ad=(-0.0023449808,0.0018036405,-0.16825771), gd=(-0.011070844,0.005649855,0.00251908)
05-27 18:43:41.152 13911 13911 I Sentinelmode_1.2.5.17_sentry: <SentinelCarServiceManager>sensorType:291504647
05-27 18:43:41.154   481   598 I mcuc    : rev,n=1,6AA681D345001B8900F20600030E303132333435363738394142434445464700BEAC67
05-27 18:43:41.154   351   373 D automotive.vehicle@2.0-adayo-datacomm-mcu: MCUDatacomm sendMessageFromVehicle prop: 0x89, areaId: 0x0, status: 0xf2, timestamp: 0x6
05-27 18:43:41.154   581   581 I SpiService: fgesysctrl_getGPIO_status success val=1
05-27 18:43:41.154   351   373 D automotive.vehicle@2.0-adayo-datacomm-mcu: MCUDatacomm 1sendMessageFromVehicle ---> type = 3 
05-27 18:43:41.154   351   373 D automotive.vehicle@2.0-adayo-func-bcm: sendMessageFromVehicle sendMessageFromVehicle
05-27 18:43:41.155   351   516 D automotive.vehicle@2.0-adayo-func-bcm: jjfan1 ______procotolSize :1
05-27 18:43:41.155   351   516 D automotive.vehicle@2.0-adayo-func-bcm: BCMFunc sendMessageFromVehicle_l dataType: 13,mByte=7,propid=0x2110001a
05-27 18:43:41.155   351   516 D automotive.vehicle@2.0-adayo-func-bcm: BCMFunc VEHICLE_VIN_CODE111 0x2110001a 
05-27 18:43:41.155   351   516 E automotive.vehicle@2.0-adayo-func-bcm: byteArrayToASCIIString, index 7 hex: 30, ascii: 0
05-27 18:43:41.155   351   516 E automotive.vehicle@2.0-adayo-func-bcm: byteArrayToASCIIString, index 8 hex: 31, ascii: 01
05-27 18:43:41.155   351   516 E automotive.vehicle@2.0-adayo-func-bcm: byteArrayToASCIIString, index 9 hex: 32, ascii: 012
05-27 18:43:41.155   351   516 E automotive.vehicle@2.0-adayo-func-bcm: byteArrayToASCIIString, index 10 hex: 33, ascii: 0123
05-27 18:43:41.155   351   516 E automotive.vehicle@2.0-adayo-func-bcm: byteArrayToASCIIString, index 11 hex: 34, ascii: 01234
