--------- beginning of main
05-27 18:43:32.288   581   581 I SpiService: fgesysctrl_getGPIO_status success val=1
05-27 18:43:32.289   536   536 D commservice260303: msg.id = 1028,0
05-27 18:43:32.289   536   536 D commservice260303: i = 170, msgid = 8A000404
05-27 18:43:32.289   536   536 D commservice260303: msgid = -1979710460,did=138
05-27 18:43:32.289   536   536 D commservice260303: CommProtocolLibCmdBaseI2C::dataproc {"command":{"id":"imu_status","sub":""},"content":{"TimeStamp":10,"FrameCounter":244852,"GD_X":-0.011377211660146713,"GD_Y":0.0056498548947274685,"GD_Z":0.0022902146447449923,"AD_X":0.0010667890310287476,"AD_Y":0.0020913861226290464,"AD_Z":-0.1700916290283203,"TempDsp":0,"Status":0,"CalibState":1,"SigAmpInvalid":0}},-1979710460
05-27 18:43:32.290   536   536 D commservice260303: send2Cluster len:317, 7B22636F6D6D616E64223A7B226964223A22696D755F737461747573222C22737562223A22227D2C22636F6E74656E74223A7B2254696D655374616D70223A31302C224672616D65436F756E746572223A3234343835322C2247445F58223A2D302E3031313337373231313636303134363731332C2247445F59223A302E303035363439383534383934373237343638352C2247445F5A223A302E303032323930323134363434373434393932332C2241445F58223A302E303031303636373839303331303238373437362C2241445F59223A302E303032303931333836313232363239303436342C2241445F5A223A2D302E313730303931363239303238333230332C2254656D70447370223A302C22537461747573223A302C2243616C69625374617465223A312C22536967416D70496E76616C6964223A307D7D, 138 
05-27 18:43:32.290   536   536 D commservice260303: Push Message into SendPool fn=-1594096896
05-27 18:43:32.290   536   536 D commservice260303: ComProtocolLibSend2Cluster::send2ClusterRaw fn=-1594096896 , len=333
05-27 18:43:32.290   536   536 D commservice260303: sendCmdToPort :333!!!
05-27 18:43:32.290   536   536 D commservice260303: send Cmd To Port ++++5AA501498A010003FCA06A16CAD47B22636F6D6D616E64223A7B226964223A22696D755F737461747573222C22737562223A22227D2C22636F6E74656E74223A7B2254696D655374616D70223A31302C224672616D65436F756E746572223A3234343835322C2247445F58223A2D302E3031313337373231313636303134363731332C2247445F59223A302E303035363439383534383934373237343638352C2247445F5A223A302E303032323930323134363434373434393932332C2241445F58223A302E303031303636373839303331303238373437362C2241445F59223A302E303032303931333836313232363239303436342C2241445F5A223A2D302E313730303931363239303238333230332C2254656D70447370223A302C22537461747573223A302C2243616C69625374617465223A312C22536967416D70496E76616C6964223A307D7DEC67
05-27 18:43:32.290   536   536 D commservice260303: bufferevent_write retrun value = 0
05-27 18:43:32.290   536   560 D commservice260303: client datas send succeed,send finish
05-27 18:43:32.290 13911 14192 D Sentinelmode_1.2.5.17_sentry: <SentryImuClusterFgeSender>imu_status sent to Linux, frame=244852, tsNs=10479536, tsMs=10, intervalMs=39, ad=(0.001066789,0.0020913861,-0.17009163), gd=(-0.011377212,0.005649855,0.0022902146)
05-27 18:43:32.294   581   581 I SpiService: fgesysctrl_getGPIO_status success val=1
05-27 18:43:32.294  1008 30856 D [OMXB]  : usingANWBuffer: handle:0xee743c90, format:1, w:1920, h:1080
05-27 18:43:32.299 13911 14183 I SentryImuMcuAngleSender: 179.97546rollDeg
05-27 18:43:32.299   581   581 I SpiService: fgesysctrl_getGPIO_status success val=1
05-27 18:43:32.299 13911 14183 I SentryImuMcuAngleSender: 1,0,0
05-27 18:43:32.301   299 30844 D EvsDriver: forwardFrame
05-27 18:43:32.302   299 30844 D EvsDriver: Delivered 0xb400007b7ca56900 as id 0
05-27 18:43:32.302  1167  1167 D evsmanagerd: /dev/video6 forwarded the buffer #0 to 0xb4000074bf5f5510 from 0xb4000074bf5f6d90
05-27 18:43:32.303   299 30841 D EvsDriver: forwardFrame
05-27 18:43:32.305   581   581 I SpiService: fgesysctrl_getGPIO_status success val=0
05-27 18:43:32.306   299  1163 D EvsDriver: doneWithFrame
05-27 18:43:32.308  1167  1167 D evsmanagerd: /dev/video4 forwarded the buffer #0 to 0xb4000074bf5f6850 from 0xb4000074bf5f41d0
05-27 18:43:32.308   299 30841 D EvsDriver: Delivered 0xb400007b7ca56a60 as id 0
05-27 18:43:32.314   299  1163 D EvsDriver: doneWithFrame
05-27 18:43:32.316   283   307 I rvcservice: t.code = 0, t.value = 2440
05-27 18:43:32.318  1008 30857 D [OMXB]  : usingANWBuffer: handle:0xee745600, format:1, w:1920, h:1080
05-27 18:43:32.319 30773 30789 I dvr_service_: Camera 1: MediaOK:22160566, frames:530, isKeyFrame:0,pts:10479329218
05-27 18:43:32.320 13911 14183 I SentryImuMcuAngleSender: 179.993rollDeg
05-27 18:43:32.320 13911 14183 I SentryImuMcuAngleSender: 1,0,0
05-27 18:43:32.320   581   581 I SpiService: fgesysctrl_getGPIO_status success val=1
05-27 18:43:32.326   581   581 I SpiService: fgesysctrl_getGPIO_status success val=1
05-27 18:43:32.327   594   594 E vendor.sprd.hardware.memtrack-service: MemTrack_DEBUG--Open mali gpu_memory failed
05-27 18:43:32.330   536   536 D commservice260303: msg.id = 1028,0
05-27 18:43:32.330   536   536 D commservice260303: i = 170, msgid = 8A000404
05-27 18:43:32.330   536   536 D commservice260303: msgid = -1979710460,did=138
05-27 18:43:32.330   536   536 D commservice260303: CommProtocolLibCmdBaseI2C::dataproc {"command":{"id":"imu_status","sub":""},"content":{"TimeStamp":10,"FrameCounter":244853,"GD_X":-0.011834942735731602,"GD_Y":0.005879240110516548,"GD_Z":0.0018319635419175029,"AD_X":0.0016479641199111938,"AD_Y":-0.0015605803346261382,"AD_Z":-0.16826248168945312,"TempDsp":0,"Status":0,"CalibState":1,"SigAmpInvalid":0}},-1979710460
05-27 18:43:32.330   536   536 D commservice260303: send2Cluster len:318, 7B22636F6D6D616E64223A7B226964223A22696D755F737461747573222C22737562223A22227D2C22636F6E74656E74223A7B2254696D655374616D70223A31302C224672616D65436F756E746572223A3234343835332C2247445F58223A2D302E3031313833343934323733353733313630322C2247445F59223A302E3030353837393234303131303531363534382C2247445F5A223A302E303031383331393633353431393137353032392C2241445F58223A302E303031363437393634313139393131313933382C2241445F59223A2D302E303031353630353830333334363236313338322C2241445F5A223A2D302E31363832363234383136383934353331322C2254656D70447370223A302C22537461747573223A302C2243616C69625374617465223A312C22536967416D70496E76616C6964223A307D7D, 138 
05-27 18:43:32.330   536   536 D commservice260303: Push Message into SendPool fn=-1577319680
05-27 18:43:32.330   536   536 D commservice260303: ComProtocolLibSend2Cluster::send2ClusterRaw fn=-1577319680 , len=334
05-27 18:43:32.330   536   536 D commservice260303: sendCmdToPort :334!!!
05-27 18:43:32.330   536   536 D commservice260303: send Cmd To Port ++++5AA5014A8A010003FCA16A16CAD47B22636F6D6D616E64223A7B226964223A22696D755F737461747573222C22737562223A22227D2C22636F6E74656E74223A7B2254696D655374616D70223A31302C224672616D65436F756E746572223A3234343835332C2247445F58223A2D302E3031313833343934323733353733313630322C2247445F59223A302E3030353837393234303131303531363534382C2247445F5A223A302E303031383331393633353431393137353032392C2241445F58223A302E303031363437393634313139393131313933382C2241445F59223A2D302E303031353630353830333334363236313338322C2241445F5A223A2D302E31363832363234383136383934353331322C2254656D70447370223A302C22537461747573223A302C2243616C69625374617465223A312C22536967416D70496E76616C6964223A307D7D1EF0
05-27 18:43:32.330   536   536 D commservice260303: bufferevent_write retrun value = 0
05-27 18:43:32.330   536   560 D commservice260303: client datas send succeed,send finish
05-27 18:43:32.330 13911 14192 D Sentinelmode_1.2.5.17_sentry: <SentryImuClusterFgeSender>imu_status sent to Linux, frame=244853, tsNs=10479572, tsMs=10, intervalMs=40, ad=(0.0016479641,-0.0015605803,-0.16826248), gd=(-0.011834943,0.00587924,0.0018319635)
05-27 18:43:32.331   581   581 I SpiService: fgesysctrl_getGPIO_status success val=1
05-27 18:43:32.332   299 30841 D EvsDriver: forwardFrame
05-27 18:43:32.332   299 30844 D EvsDriver: forwardFrame
05-27 18:43:32.334   299 30844 D EvsDriver: Delivered 0xb400007b7ca56900 as id 0
05-27 18:43:32.334  1167  1167 D evsmanagerd: /dev/video6 forwarded the buffer #0 to 0xb4000074bf5f5510 from 0xb4000074bf5f6d90
05-27 18:43:32.334   299 30841 D EvsDriver: Delivered 0xb400007b7ca56a60 as id 0
05-27 18:43:32.335  1167  1479 D evsmanagerd: /dev/video4 forwarded the buffer #0 to 0xb4000074bf5f6850 from 0xb4000074bf5f41d0
05-27 18:43:32.336 10188 11122 E WifiVendorHal: getWifiLinkLayerStats_1_6_Internal(l.1202) failed {.code = ERROR_UNKNOWN, .description = unknown error}
05-27 18:43:32.337   581   581 I SpiService: fgesysctrl_getGPIO_status success val=1
05-27 18:43:32.337   299  1163 D EvsDriver: doneWithFrame
05-27 18:43:32.338   299  1153 D EvsDriver: doneWithFrame
05-27 18:43:32.339   572   572 I Sensors : 230 AccelSensor: x:-0.165920,y:0.002440,z:-9.971060
05-27 18:43:32.341 13911 14183 I SentryImuMcuAngleSender: 179.99649rollDeg
05-27 18:43:32.341 13911 14183 I SentryImuMcuAngleSender: 1,0,0
05-27 18:43:32.340  1008 30856 D [OMXB]  : usingANWBuffer: handle:0xee740e80, format:1, w:1920, h:1080
05-27 18:43:32.343   581   581 I SpiService: fgesysctrl_getGPIO_status success val=1
05-27 18:43:32.349   581   581 I SpiService: fgesysctrl_getGPIO_status success val=0
--------- beginning of kernel
05-27 08:34:41.304 10047 10047 W         : AICWFDBG(LOGTRACE)	rwnx_send_msg (118)MM_GET_STA_INFO_CFM reqcfm:1 in_irq:0 in_softirq:0 in_atomic:0
05-27 18:43:32.357  1008 30857 D [OMXB]  : usingANWBuffer: handle:0xee741400, format:1, w:1920, h:1080
05-27 18:43:32.357 30773 30785 I dvr_service_: [EncoderHandler::runMediaThread] runMediaThread started:1,state:1, cam2:started:1,state:1, lastSwitch:1, mIsMuxerStart:1,format:0,is_str_ing:0
05-27 08:34:41.304 10047 10047 W         : AICWFDBG(LOGTRACE)	rwnx_cmd_malloc get cmd_array[0]:000000004c96fbbb
05-27 18:43:32.361 13911 14183 I SentryImuMcuAngleSender: 179.98247rollDeg
05-27 08:34:41.305   354   354 W         : AICWFDBG(LOGDEBUG)	rwnx_rx_handle_msg msg->id:0x76
05-27 18:43:32.361 13911 14183 I SentryImuMcuAngleSender: 1,0,0
05-27 18:43:32.364   581   581 I SpiService: fgesysctrl_getGPIO_status success val=1
05-27 18:43:32.367   299 30844 D EvsDriver: forwardFrame
05-27 18:43:32.368   299 30841 D EvsDriver: forwardFrame
05-27 18:43:32.369   299 30844 D EvsDriver: Delivered 0xb400007b7ca56900 as id 0
05-27 18:43:32.369  1167  1167 D evsmanagerd: /dev/video6 forwarded the buffer #0 to 0xb4000074bf5f5510 from 0xb4000074bf5f6d90
05-27 18:43:32.370   581   581 I SpiService: fgesysctrl_getGPIO_status success val=1
05-27 18:43:32.371   536   536 D commservice260303: msg.id = 1028,0
05-27 18:43:32.371   536   536 D commservice260303: i = 170, msgid = 8A000404
05-27 18:43:32.371   536   536 D commservice260303: msgid = -1979710460,did=138
05-27 18:43:32.371   536   536 D commservice260303: CommProtocolLibCmdBaseI2C::dataproc {"command":{"id":"imu_status","sub":""},"content":{"TimeStamp":10,"FrameCounter":244854,"GD_X":-0.011070843786001205,"GD_Y":0.0056498548947274685,"GD_Z":0.0019848872907459736,"AD_X":-0.0032418370246887207,"AD_Y":8.757445029914379E-4,"AD_Z":-0.16521072387695312,"TempDsp":0,"Status":0,"CalibState":1,"SigAmpInvalid":0}},-1979710460
05-27 18:43:32.371  1167  1167 D evsmanagerd: /dev/video4 forwarded the buffer #0 to 0xb4000074bf5f6850 from 0xb4000074bf5f41d0
05-27 18:43:32.371   299 30841 D EvsDriver: Delivered 0xb400007b7ca56a60 as id 0
05-27 18:43:32.373   536   536 D commservice260303: send2Cluster len:318, 7B22636F6D6D616E64223A7B226964223A22696D755F737461747573222C22737562223A22227D2C22636F6E74656E74223A7B2254696D655374616D70223A31302C224672616D65436F756E746572223A3234343835342C2247445F58223A2D302E3031313037303834333738363030313230352C2247445F59223A302E303035363439383534383934373237343638352C2247445F5A223A302E303031393834383837323930373435393733362C2241445F58223A2D302E303033323431383337303234363838373230372C2241445F59223A382E373537343435303239393134333739452D342C2241445F5A223A2D302E31363532313037323338373639353331322C2254656D70447370223A302C22537461747573223A302C2243616C69625374617465223A312C22536967416D70496E76616C6964223A307D7D, 138 
05-27 18:43:32.374   536   536 D commservice260303: Push Message into SendPool fn=-1560542464
05-27 18:43:32.374   536   536 D commservice260303: ComProtocolLibSend2Cluster::send2ClusterRaw fn=-1560542464 , len=334
05-27 18:43:32.374   536   536 D commservice260303: sendCmdToPort :334!!!
05-27 18:43:32.374   299  1163 D EvsDriver: doneWithFrame
05-27 18:43:32.374   536   536 D commservice260303: send Cmd To Port ++++5AA5014A8A010003FCA26A16CAD47B22636F6D6D616E64223A7B226964223A22696D755F737461747573222C22737562223A22227D2C22636F6E74656E74223A7B2254696D655374616D70223A31302C224672616D65436F756E746572223A3234343835342C2247445F58223A2D302E3031313037303834333738363030313230352C2247445F59223A302E303035363439383534383934373237343638352C2247445F5A223A302E303031393834383837323930373435393733362C2241445F58223A2D302E303033323431383337303234363838373230372C2241445F59223A382E373537343435303239393134333739452D342C2241445F5A223A2D302E31363532313037323338373639353331322C2254656D70447370223A302C22537461747573223A302C2243616C69625374617465223A312C22536967416D70496E76616C6964223A307D7D964F
05-27 18:43:32.374   536   536 D commservice260303: bufferevent_write retrun value = 0
05-27 18:43:32.374   536   560 D commservice260303: client datas send succeed,send finish
05-27 18:43:32.374 13911 14192 D Sentinelmode_1.2.5.17_sentry: <SentryImuClusterFgeSender>imu_status sent to Linux, frame=244854, tsNs=10479607, tsMs=10, intervalMs=44, ad=(-0.003241837,8.757445E-4,-0.16521072), gd=(-0.011070844,0.005649855,0.0019848873)
05-27 18:43:32.374   299  1163 D EvsDriver: doneWithFrame
05-27 18:43:32.376   581   581 I SpiService: fgesysctrl_getGPIO_status success val=1
05-27 18:43:32.378  1008 30856 D [OMXB]  : usingANWBuffer: handle:0xee743710, format:1, w:1920, h:1080
05-27 18:43:32.381 13911 14183 I SentryImuMcuAngleSender: 179.98598rollDeg
05-27 18:43:32.381 13911 14183 I SentryImuMcuAngleSender: 1,0,0
05-27 18:43:32.382   581   581 I SpiService: fgesysctrl_getGPIO_status success val=1
05-27 18:43:32.388   581   581 I SpiService: fgesysctrl_getGPIO_status success val=0
05-27 18:43:32.391   566 11459 I gps_hdbd: Received: '$GNGGA,005923.000,,,,,0,00,,,M,,M,,*6B
'
05-27 18:43:32.393  1008 30857 D [OMXB]  : usingANWBuffer: handle:0xee744b00, format:1, w:1920, h:1080
05-27 18:43:32.396   566 11459 I gps_hdbd: Received: '$GNGSA,A,1,,,,,,,,,,,,,,,,1*1D
'
05-27 18:43:32.397 30963 30991 D ANWAPI_SECOND: (30963|0x283D6CB0)[BTAPI] set_bluetooth_power : open /sys/class/gpio/gpio142/value
05-27 18:43:32.397 30963 30991 D ANWAPI_SECOND: (30963|0x283D6CB0)[BTAPI] set_bluetooth_power : open(/sys/class/gpio/gpio142/value) for write failed,fd=-1
05-27 18:43:32.397 30963 30991 D ANWAPI_SECOND: (30963|0x283D6CB0)[BTAPI] open set_bluetooth_power : write(No such file or directory) failed,errno = 2
05-27 18:43:32.400   299 30841 D EvsDriver: forwardFrame
05-27 18:43:32.402 13911 14183 I SentryImuMcuAngleSender: 180.0rollDeg
05-27 18:43:32.402 13911 14183 I SentryImuMcuAngleSender: 1,0,0
05-27 18:43:32.402   566 11459 I gps_hdbd: Received: '$GNGSA,A,1,,,,,,,,,,,,,,,,3*1F
'
05-27 18:43:32.402  1167  1167 D evsmanagerd: /dev/video4 forwarded the buffer #0 to 0xb4000074bf5f6850 from 0xb4000074bf5f41d0
05-27 18:43:32.402   581   581 I SpiService: fgesysctrl_getGPIO_status success val=1
05-27 18:43:32.402   566 11459 I gps_hdbd: Received: '$GNGSA,A,1,,,,,,,,,,,,,,,,4*18
'
05-27 18:43:32.403   299 30844 D EvsDriver: forwardFrame
05-27 18:43:32.403   566 11459 I gps_hdbd: Received: '$BDGSV,1,1,00,1*75
'
05-27 18:43:32.404   299 30844 D EvsDriver: Delivered 0xb400007b7ca56900 as id 0
05-27 18:43:32.405  1167  1167 D evsmanagerd: /dev/video6 forwarded the buffer #0 to 0xb4000074bf5f5510 from 0xb4000074bf5f6d90
05-27 18:43:32.405   299 30841 D EvsDriver: Delivered 0xb400007b7ca56a60 as id 0
05-27 18:43:32.408   566 11459 I gps_hdbd: Received: '$BDGSV,1,1,00,5*71
'
05-27 18:43:32.408   581   581 I SpiService: fgesysctrl_getGPIO_status success val=1
05-27 18:43:32.409   299  1163 D EvsDriver: doneWithFrame
05-27 18:43:32.409   299  1153 D EvsDriver: doneWithFrame
05-27 18:43:32.411   536   536 D commservice260303: msg.id = 1028,1
05-27 18:43:32.411   536   536 D commservice260303: i = 170, msgid = 8A000404
05-27 18:43:32.411   536   536 D commservice260303: msgid = -1979710460,did=138
05-27 18:43:32.411   536   536 D commservice260303: CommProtocolLibCmdBaseI2C::dataproc {"command":{"id":"imu_status","sub":""},"content":{"TimeStamp":10,"FrameCounter":244855,"GD_X":-0.011682018637657166,"GD_Y":0.005573912989348173,"GD_Z":0.0021378109231591225,"AD_X":-0.003235369920730591,"AD_Y":-0.0021679408382624388,"AD_Z":-0.16826248168945312,"TempDsp":0,"Status":0,"CalibState":1,"SigAmpInvalid":0}},-1979710460
05-27 18:43:32.411   566 11459 I gps_hdbd: Received: '$GPGSV,1,1,01,199,42,165,,1*60
'
05-27 18:43:32.411   536   536 D commservice260303: send2Cluster len:318, 7B22636F6D6D616E64223A7B226964223A22696D755F737461747573222C22737562223A22227D2C22636F6E74656E74223A7B2254696D655374616D70223A31302C224672616D65436F756E746572223A3234343835352C2247445F58223A2D302E3031313638323031383633373635373136362C2247445F59223A302E3030353537333931323938393334383137332C2247445F5A223A302E303032313337383130393233313539313232352C2241445F58223A2D302E3030333233353336393932303733303539312C2241445F59223A2D302E303032313637393430383338323632343338382C2241445F5A223A2D302E31363832363234383136383934353331322C2254656D70447370223A302C22537461747573223A302C2243616C69625374617465223A312C22536967416D70496E76616C6964223A307D7D, 138 
05-27 18:43:32.411   536   536 D commservice260303: Push Message into SendPool fn=-1543765248
05-27 18:43:32.411   536   536 D commservice260303: ComProtocolLibSend2Cluster::send2ClusterRaw fn=-1543765248 , len=334
05-27 18:43:32.411   536   536 D commservice260303: sendCmdToPort :334!!!
05-27 18:43:32.411   536   536 D commservice260303: send Cmd To Port ++++5AA5014A8A010003FCA36A16CAD47B22636F6D6D616E64223A7B226964223A22696D755F737461747573222C22737562223A22227D2C22636F6E74656E74223A7B2254696D655374616D70223A31302C224672616D65436F756E746572223A3234343835352C2247445F58223A2D302E3031313638323031383633373635373136362C2247445F59223A302E3030353537333931323938393334383137332C2247445F5A223A302E303032313337383130393233313539313232352C2241445F58223A2D302E3030333233353336393932303733303539312C2241445F59223A2D302E303032313637393430383338323632343338382C2241445F5A223A2D302E31363832363234383136383934353331322C2254656D70447370223A302C22537461747573223A302C2243616C69625374617465223A312C22536967416D70496E76616C6964223A307D7DA0B3
05-27 18:43:32.411   536   536 D commservice260303: bufferevent_write retrun value = 0
05-27 18:43:32.412   536   560 D commservice260303: client datas send succeed,send finish
05-27 18:43:32.413 13911 14192 D Sentinelmode_1.2.5.17_sentry: <SentryImuClusterFgeSender>imu_status sent to Linux, frame=244855, tsNs=10479647, tsMs=10, intervalMs=38, ad=(-0.00323537,-0.0021679408,-0.16826248), gd=(-0.011682019,0.005573913,0.002137811)
05-27 18:43:32.414   566 11459 I gps_hdbd: Received: '$GPGSV,1,1,00,8*6D
'
05-27 18:43:32.414   581   581 I SpiService: fgesysctrl_getGPIO_status success val=1
05-27 18:43:32.414   566 11459 I gps_hdbd: Received: '$GAGSV,1,1,00,7*73
'
05-27 18:43:32.416   283   307 I rvcservice: t.code = 3, t.value = 0
05-27 18:43:32.418  1008 30856 D [OMXB]  : usingANWBuffer: handle:0xee743ea0, format:1, w:1920, h:1080
05-27 18:43:32.419   566 11459 I gps_hdbd: Received: '$GAGSV,1,1,00,1*75
'
05-27 18:43:32.419   566 11459 I gps_hdbd: Received: '$GNRMC,005923.000,V,,,,,,,270526,120.0,E,N,V*48
'
05-27 18:43:32.419   581   581 I SpiService: fgesysctrl_getGPIO_status success val=1
05-27 18:43:32.420   566 11459 I gps_hdbd: RMC : CALL gnss_sv_status_cb, view_in_sat <1>
05-27 18:43:32.420   566 11459 I gps_hdbd: [reportSvStatus]--->PLATFORM_BSP::Enter
05-27 18:43:32.420   566 11459 I gps_hdbd: hy abnormal deal:hy_cnr30_satellite_cnt=0
05-27 18:43:32.420   566 11459 D gps_hdbd: hy abnormal deal:hy_fixStatus_fail_count=0
05-27 18:43:32.420  1083  1083 W MyAppLog: [2026-05-27 18:43:32.420 W tboxap gpsSyncGpsInfoToDm:361] [Gps] [gpsSyncGpsInfoToDm] fix=0 mode=49 corner:0x01 alt=0.00 sat=0 hdop=0.00 pdop=0.00 vdop=0.00
05-27 18:43:32.422 13911 14183 I SentryImuMcuAngleSender: -179.993rollDeg
05-27 18:43:32.422 13911 14183 I SentryImuMcuAngleSender: 1,0,0
05-27 18:43:32.425   566 11459 I gps_hdbd: Received: '$GNZDA,005923.000,27,05,2026,00,00*43
'
05-27 18:43:32.425   581   581 I SpiService: fgesysctrl_getGPIO_status success val=1
05-27 18:43:32.430   581   581 I SpiService: fgesysctrl_getGPIO_status success val=1
05-27 18:43:32.431   299 30841 D EvsDriver: forwardFrame
05-27 18:43:32.432   299 30841 D EvsDriver: Delivered 0xb400007b7ca56a60 as id 0
05-27 18:43:32.432  1167  1479 D evsmanagerd: /dev/video4 forwarded the buffer #0 to 0xb4000074bf5f6850 from 0xb4000074bf5f41d0
05-27 18:43:32.432 30773 30773 E dvr_service_: [myNum:0] Received S**** loss
05-27 18:43:32.433   299  1163 D EvsDriver: doneWithFrame
05-27 18:43:32.436   299 30844 D EvsDriver: forwardFrame
05-27 18:43:32.436   581   581 I SpiService: fgesysctrl_getGPIO_status success val=0
05-27 18:43:32.437   299 30844 D EvsDriver: Delivered 0xb400007b7ca56900 as id 0
05-27 18:43:32.437  1167  1479 D evsmanagerd: /dev/video6 forwarded the buffer #0 to 0xb4000074bf5f5510 from 0xb4000074bf5f6d90
05-27 18:43:32.437 30773 30773 E dvr_service_: [myNum:1] Received S**** loss
05-27 18:43:32.438   299  1163 D EvsDriver: doneWithFrame
05-27 18:43:32.441  1008 30857 D [OMXB]  : usingANWBuffer: handle:0xee7407a0, format:1, w:1920, h:1080
05-27 18:43:32.443 13911 14183 I SentryImuMcuAngleSender: -179.993rollDeg
05-27 18:43:32.443 13911 14183 I SentryImuMcuAngleSender: 1,0,0
05-27 18:43:32.448   566 11459 I gps_hdbd: Received: '$GNINS,1,1,TYPE,I,V,005923.000,19074000,FUS,-15,0,0,0,MOT,V,1,PATT,0.00,0.00,0.00,VEL,0.000,0.000,0.000,POS,40.0001330924,116.0001570688,84.176,IIA,1,0.00,0.00,0.00,BGA,0.31,-0.66,-0.13,0.000,0.000,0.000,IGA,0,-1,0,0,-2,98,VG,16c2ff1*22
'
05-27 18:43:32.451   581   581 I SpiService: fgesysctrl_getGPIO_status success val=1
05-27 18:43:32.451   536   536 D commservice260303: msg.id = 1028,0
05-27 18:43:32.451   536   536 D commservice260303: i = 170, msgid = 8A000404
05-27 18:43:32.451   536   536 D commservice260303: msgid = -1979710460,did=138
05-27 18:43:32.451   536   536 D commservice260303: CommProtocolLibCmdBaseI2C::dataproc {"command":{"id":"imu_status","sub":""},"content":{"TimeStamp":10,"FrameCounter":244856,"GD_X":-0.01221725158393383,"GD_Y":0.0057257963344454765,"GD_Z":0.0023671966046094894,"AD_X":-0.0026247650384902954,"AD_Y":-0.003377478336915374,"AD_Z":-0.1694812774658203,"TempDsp":0,"Status":0,"CalibState":1,"SigAmpInvalid":0}},-1979710460
05-27 18:43:32.452   536   536 D commservice260303: send2Cluster len:317, 7B22636F6D6D616E64223A7B226964223A22696D755F737461747573222C22737562223A22227D2C22636F6E74656E74223A7B2254696D655374616D70223A31302C224672616D65436F756E746572223A3234343835362C2247445F58223A2D302E30313232313732353135383339333338332C2247445F59223A302E303035373235373936333334343435343736352C2247445F5A223A302E303032333637313936363034363039343839342C2241445F58223A2D302E303032363234373635303338343930323935342C2241445F59223A2D302E3030333337373437383333363931353337342C2241445F5A223A2D302E313639343831323737343635383230332C2254656D70447370223A302C22537461747573223A302C2243616C69625374617465223A312C22536967416D70496E76616C6964223A307D7D, 138 
05-27 18:43:32.452   536   536 D commservice260303: Push Message into SendPool fn=-1526988032
05-27 18:43:32.452   536   536 D commservice260303: ComProtocolLibSend2Cluster::send2ClusterRaw fn=-1526988032 , len=333
05-27 18:43:32.452   536   536 D commservice260303: sendCmdToPort :333!!!
05-27 18:43:32.452   536   536 D commservice260303: send Cmd To Port ++++5AA501498A010003FCA46A16CAD47B22636F6D6D616E64223A7B226964223A22696D755F737461747573222C22737562223A22227D2C22636F6E74656E74223A7B2254696D655374616D70223A31302C224672616D65436F756E746572223A3234343835362C2247445F58223A2D302E30313232313732353135383339333338332C2247445F59223A302E303035373235373936333334343435343736352C2247445F5A223A302E303032333637313936363034363039343839342C2241445F58223A2D302E303032363234373635303338343930323935342C2241445F59223A2D302E3030333337373437383333363931353337342C2241445F5A223A2D302E313639343831323737343635383230332C2254656D70447370223A302C22537461747573223A302C2243616C69625374617465223A312C22536967416D70496E76616C6964223A307D7D3805
05-27 18:43:32.452   536   536 D commservice260303: bufferevent_write retrun value = 0
05-27 18:43:32.452   536   560 D commservice260303: client datas send succeed,send finish
05-27 18:43:32.452 13911 14192 D Sentinelmode_1.2.5.17_sentry: <SentryImuClusterFgeSender>imu_status sent to Linux, frame=244856, tsNs=10479665, tsMs=10, intervalMs=40, ad=(-0.002624765,-0.0033774783,-0.16948128), gd=(-0.012217252,0.0057257963,0.0023671966)
05-27 18:43:32.454   566 11459 I gps_hdbd: Received: '$GNINS,CARSPEED,ADR_STATUS,0,Pulse_count,0,1,0,0,19074000,104590,0.000,0.000,0.000*04
'
05-27 18:43:32.456   581   581 I SpiService: fgesysctrl_getGPIO_status success val=1
05-27 18:43:32.457  1008 30856 D [OMXB]  : usingANWBuffer: handle:0xee741ae0, format:1, w:1920, h:1080
05-27 18:43:32.460   566 11459 I gps_hdbd: Received: '$GNTXT,04,01,04,INS,V,1,,,,FLG,1,000000,1,0,1,0,0,Con,0*71
'
05-27 18:43:32.462   581   581 I SpiService: fgesysctrl_getGPIO_status success val=1
05-27 18:43:32.463 13911 14183 I SentryImuMcuAngleSender: -179.993rollDeg
05-27 18:43:32.463 13911 14183 I SentryImuMcuAngleSender: 1,0,0
05-27 18:43:32.465   566 11459 I gps_hdbd: Received: '$GNTXT,INSTALL,0.00,0.00,0.00,0.00,0.00,0.00,0*20
'
05-27 18:43:32.465   572   622 I Sensors : 230 GyroSensor: x:-0.011911,y:0.005726,z:0.002214
05-27 18:43:32.466   299 30841 D EvsDriver: forwardFrame
05-27 18:43:32.467   299 30841 D EvsDriver: Delivered 0xb400007b7ca56a60 as id 0
05-27 18:43:32.467  1167  1479 D evsmanagerd: /dev/video4 forwarded the buffer #0 to 0xb4000074bf5f6850 from 0xb4000074bf5f41d0
05-27 18:43:32.468   581   581 I SpiService: fgesysctrl_getGPIO_status success val=1
05-27 18:43:32.469   299 30844 D EvsDriver: forwardFrame
05-27 18:43:32.471   299 30844 D EvsDriver: Delivered 0xb400007b7ca56900 as id 0
05-27 18:43:32.471  1167  1479 D evsmanagerd: /dev/video6 forwarded the buffer #0 to 0xb4000074bf5f5510 from 0xb4000074bf5f6d90
05-27 18:43:32.473   299  1163 D EvsDriver: doneWithFrame
05-27 18:43:32.473   299  1153 D EvsDriver: doneWithFrame
05-27 18:43:32.473   581   581 I SpiService: fgesysctrl_getGPIO_status success val=0
05-27 08:34:41.306 10047 10047 W         : AICWFDBG(LOGTRACE)	rwnx_cmd_free cmd_array[0]:000000004c96fbbb
05-27 08:34:41.306 10047 10047 W         : AICWFDBG(LOGDEBUG)	rwnx_fill_station_info ModTx(2):5 TxIndex:9 ModRx(0):0 RxHTIndex:0 RxVHTIndex:0 RxHEIndex:0 RSSI:-39
05-27 08:34:41.308   581   581 D spi_rst_gpio_get_output: GPIO 145 value: 1
05-27 08:34:41.308   581   581 D spidev_ioctl: gpio status=1)
05-27 08:34:41.314   581   581 D spi_rst_gpio_get_output: GPIO 145 value: 0
05-27 08:34:41.314   581   581 D spidev_ioctl: gpio status=0)
05-27 08:34:41.329   581   581 D spi_rst_gpio_get_output: GPIO 145 value: 1
05-27 08:34:41.329   581   581 D spidev_ioctl: gpio status=1)
05-27 08:34:41.334 30845 30845 W audit   : audit_lost=35629 audit_rate_limit=5 audit_backlog_limit=64
05-27 08:34:41.334 30845 30845 E audit   : rate limit exceeded
05-27 08:34:41.335   581   581 D spi_rst_gpio_get_output: GPIO 145 value: 1
05-27 08:34:41.335   581   581 D spidev_ioctl: gpio status=1)
05-27 08:34:41.341   581   581 D spi_rst_gpio_get_output: GPIO 145 value: 1
05-27 08:34:41.341   581   581 D spidev_ioctl: gpio status=1)
05-27 08:34:41.346   581   581 D spi_rst_gpio_get_output: GPIO 145 value: 1
05-27 08:34:41.347   581   581 D spidev_ioctl: gpio status=1)
05-27 08:34:41.352   581   581 D spi_rst_gpio_get_output: GPIO 145 value: 0
05-27 08:34:41.352   581   581 D spidev_ioctl: gpio status=0)
05-27 18:43:32.474  1008 30857 D [OMXB]  : usingANWBuffer: handle:0xee744fd0, format:1, w:1920, h:1080
05-27 08:34:41.367   581   581 D spi_rst_gpio_get_output: GPIO 145 value: 1
05-27 18:43:32.483 13911 14183 I SentryImuMcuAngleSender: 179.97546rollDeg
05-27 18:43:32.483 13911 14183 I SentryImuMcuAngleSender: 1,0,0
05-27 08:34:41.367   581   581 D spidev_ioctl: gpio status=1)
05-27 18:43:32.488   581   581 I SpiService: fgesysctrl_getGPIO_status success val=1
05-27 08:34:41.373   581   581 D spi_rst_gpio_get_output: GPIO 145 value: 1
05-27 08:34:41.373   581   581 D spidev_ioctl: gpio status=1)
05-27 18:43:32.490   536   536 D commservice260303: msg.id = 1028,0
05-27 08:34:41.379   581   581 D spi_rst_gpio_get_output: GPIO 145 value: 1
05-27 08:34:41.379   581   581 D spidev_ioctl: gpio status=1)
05-27 08:34:41.384   581   581 D spi_rst_gpio_get_output: GPIO 145 value: 1
05-27 08:34:41.384   581   581 D spidev_ioctl: gpio status=1)
05-27 08:34:41.390   581   581 D spi_rst_gpio_get_output: GPIO 145 value: 1
05-27 08:34:41.390   581   581 D spidev_ioctl: gpio status=1)
05-27 08:34:41.395   581   581 D spi_rst_gpio_get_output: GPIO 145 value: 1
05-27 08:34:41.395   581   581 D spidev_ioctl: gpio status=1)
05-27 08:34:41.401   581   581 D spi_rst_gpio_get_output: GPIO 145 value: 0
05-27 08:34:41.401   581   581 D spidev_ioctl: gpio status=0)
05-27 08:34:41.415   581   581 D spi_rst_gpio_get_output: GPIO 145 value: 1
05-27 08:34:41.415   581   581 D spidev_ioctl: gpio status=1)
05-27 08:34:41.421   581   581 D spi_rst_gpio_get_output: GPIO 145 value: 1
05-27 08:34:41.421   581   581 D spidev_ioctl: gpio status=1)
05-27 08:34:41.427   581   581 D spi_rst_gpio_get_output: GPIO 145 value: 1
05-27 08:34:41.427   581   581 D spidev_ioctl: gpio status=1)
05-27 08:34:41.432   581   581 D spi_rst_gpio_get_output: GPIO 145 value: 1
05-27 18:43:32.491   536   536 D commservice260303: i = 170, msgid = 8A000404
05-27 08:34:41.432   581   581 D spidev_ioctl: gpio status=1)
05-27 18:43:32.491   536   536 D commservice260303: msgid = -1979710460,did=138
05-27 18:43:32.491   536   536 D commservice260303: CommProtocolLibCmdBaseI2C::dataproc {"command":{"id":"imu_status","sub":""},"content":{"TimeStamp":10,"FrameCounter":244857,"GD_X":-0.011759000830352306,"GD_Y":0.004963258747011423,"GD_Z":0.0019848872907459736,"AD_X":-0.0020208805799484253,"AD_Y":0.0021025051828473806,"AD_Z":-0.16826248168945312,"TempDsp":0,"Status":0,"CalibState":1,"SigAmpInvalid":0}},-1979710460
05-27 18:43:32.491   536   536 D commservice260303: send2Cluster len:318, 7B22636F6D6D616E64223A7B226964223A22696D755F737461747573222C22737562223A22227D2C22636F6E74656E74223A7B2254696D655374616D70223A31302C224672616D65436F756E746572223A3234343835372C2247445F58223A2D302E3031313735393030303833303335323330362C2247445F59223A302E3030343936333235383734373031313432332C2247445F5A223A302E303031393834383837323930373435393733362C2241445F58223A2D302E303032303230383830353739393438343235332C2241445F59223A302E303032313032353035313832383437333830362C2241445F5A223A2D302E31363832363234383136383934353331322C2254656D70447370223A302C22537461747573223A302C2243616C69625374617465223A312C22536967416D70496E76616C6964223A307D7D, 138 
05-27 18:43:32.491   536   536 D commservice260303: Push Message into SendPool fn=-1510210816
05-27 18:43:32.491   536   536 D commservice260303: ComProtocolLibSend2Cluster::send2ClusterRaw fn=-1510210816 , len=334
05-27 18:43:32.491   536   536 D commservice260303: sendCmdToPort :334!!!
05-27 18:43:32.491   536   536 D commservice260303: send Cmd To Port ++++5AA5014A8A010003FCA56A16CAD47B22636F6D6D616E64223A7B226964223A22696D755F737461747573222C22737562223A22227D2C22636F6E74656E74223A7B2254696D655374616D70223A31302C224672616D65436F756E746572223A3234343835372C2247445F58223A2D302E3031313735393030303833303335323330362C2247445F59223A302E3030343936333235383734373031313432332C2247445F5A223A302E303031393834383837323930373435393733362C2241445F58223A2D302E303032303230383830353739393438343235332C2241445F59223A302E303032313032353035313832383437333830362C2241445F5A223A2D302E31363832363234383136383934353331322C2254656D70447370223A302C22537461747573223A302C2243616C69625374617465223A312C22536967416D70496E76616C6964223A307D7DD651
05-27 18:43:32.491   536   536 D commservice260303: bufferevent_write retrun value = 0
05-27 18:43:32.491   536   560 D commservice260303: client datas send succeed,send finish
05-27 08:34:41.438   581   581 D spi_rst_gpio_get_output: GPIO 145 value: 0
05-27 08:34:41.438   581   581 D spidev_ioctl: gpio status=0)
05-27 08:34:41.452   581   581 D spi_rst_gpio_get_output: GPIO 145 value: 1
05-27 08:34:41.452   581   581 D spidev_ioctl: gpio status=1)
05-27 08:34:41.458   581   581 D spi_rst_gpio_get_output: GPIO 145 value: 1
05-27 08:34:41.458   581   581 D spidev_ioctl: gpio status=1)
05-27 08:34:41.463   581   581 D spi_rst_gpio_get_output: GPIO 145 value: 1
05-27 08:34:41.463   581   581 D spidev_ioctl: gpio status=1)
05-27 18:43:32.491 13911 14192 D Sentinelmode_1.2.5.17_sentry: <SentryImuClusterFgeSender>imu_status sent to Linux, frame=244857, tsNs=10479732, tsMs=10, intervalMs=39, ad=(-0.0020208806,0.0021025052,-0.16826248), gd=(-0.011759001,0.0049632587,0.0019848873)
05-27 08:34:41.468   581   581 D spi_rst_gpio_get_output: GPIO 145 value: 1
05-27 18:43:32.493  1008 30856 D [OMXB]  : usingANWBuffer: handle:0xee743870, format:1, w:1920, h:1080
05-27 18:43:32.493   581   581 I SpiService: fgesysctrl_getGPIO_status success val=1
05-27 18:43:32.498   581   581 I SpiService: fgesysctrl_getGPIO_status success val=1
05-27 18:43:32.502 30773 30786 I dvr_service_: CameraX 1  audioOK: 22336000,audios:350
05-27 18:43:32.504 13911 14183 I SentryImuMcuAngleSender: 179.98598rollDeg
05-27 18:43:32.504 13911 14183 I SentryImuMcuAngleSender: 1,0,0
05-27 18:43:32.504   581   581 I SpiService: fgesysctrl_getGPIO_status success val=1
05-27 18:43:32.505   299 30844 D EvsDriver: forwardFrame
05-27 18:43:32.505   299 30841 D EvsDriver: forwardFrame
05-27 18:43:32.507   299 30844 D EvsDriver: Delivered 0xb400007b7ca56900 as id 0
05-27 18:43:32.507   299 30841 D EvsDriver: Delivered 0xb400007b7ca56a60 as id 0
05-27 18:43:32.507  1167  1167 D evsmanagerd: /dev/video6 forwarded the buffer #0 to 0xb4000074bf5f5510 from 0xb4000074bf5f6d90
05-27 08:34:41.468   581   581 D spidev_ioctl: gpio status=1)
05-27 18:43:32.507  1167  1479 D evsmanagerd: /dev/video4 forwarded the buffer #0 to 0xb4000074bf5f6850 from 0xb4000074bf5f41d0
05-27 08:34:41.474   581   581 D spi_rst_gpio_get_output: GPIO 145 value: 1
05-27 08:34:41.474   581   581 D spidev_ioctl: gpio status=1)
05-27 18:43:32.509   581   581 I SpiService: fgesysctrl_getGPIO_status success val=1
05-27 08:34:41.480   581   581 D spi_rst_gpio_get_output: GPIO 145 value: 0
05-27 08:34:41.480   581   581 D spidev_ioctl: gpio status=0)
05-27 18:43:32.512  1008 30857 D [OMXB]  : usingANWBuffer: handle:0xee746310, format:1, w:1920, h:1080
05-27 08:34:41.494   581   581 D spi_rst_gpio_get_output: GPIO 145 value: 1
05-27 08:34:41.494   581   581 D spidev_ioctl: gpio status=1)
05-27 08:34:41.499   581   581 D spi_rst_gpio_get_output: GPIO 145 value: 1
05-27 08:34:41.499   581   581 D spidev_ioctl: gpio status=1)
05-27 08:34:41.505   581   581 D spi_rst_gpio_get_output: GPIO 145 value: 1
05-27 08:34:41.505   581   581 D spidev_ioctl: gpio status=1)
05-27 08:34:41.510   581   581 D spi_rst_gpio_get_output: GPIO 145 value: 1
05-27 08:34:41.510   581   581 D spidev_ioctl: gpio status=1)
05-27 08:34:41.516   581   581 D spi_rst_gpio_get_output: GPIO 145 value: 1
05-27 08:34:41.516   581   581 D spidev_ioctl: gpio status=1)
05-27 08:34:41.521   581   581 D spi_rst_gpio_get_output: GPIO 145 value: 0
05-27 08:34:41.521   581   581 D spidev_ioctl: gpio status=0)
05-27 08:34:41.536   581   581 D spi_rst_gpio_get_output: GPIO 145 value: 1
05-27 08:34:41.536   581   581 D spidev_ioctl: gpio status=1)
05-27 08:34:41.542   581   581 D spi_rst_gpio_get_output: GPIO 145 value: 1
05-27 08:34:41.542   581   581 D spidev_ioctl: gpio status=1)
05-27 08:34:41.548   581   581 D spi_rst_gpio_get_output: GPIO 145 value: 1
05-27 08:34:41.548   581   581 D spidev_ioctl: gpio status=1)
05-27 08:34:41.549     0     0 W         : c6 [    C6] Irq_monitor:Irq                                           IPI[1]occur        6787 times interval 1024 ms
05-27 08:34:41.554   581   581 D spi_rst_gpio_get_output: GPIO 145 value: 1
05-27 08:34:41.554   581   581 D spidev_ioctl: gpio status=1)
05-27 08:34:41.559   581   581 D spi_rst_gpio_get_output: GPIO 145 value: 0
05-27 08:34:41.559   581   581 D spidev_ioctl: gpio status=0)
05-27 08:34:41.574   581   581 D spi_rst_gpio_get_output: GPIO 145 value: 1
05-27 18:43:32.513   299  1163 D EvsDriver: doneWithFrame
05-27 08:34:41.574   581   581 D spidev_ioctl: gpio status=1)
05-27 18:43:32.513   299  1153 D EvsDriver: doneWithFrame
05-27 18:43:32.515   581   581 I SpiService: fgesysctrl_getGPIO_status success val=0
05-27 08:34:41.579   581   581 D spi_rst_gpio_get_output: GPIO 145 value: 1
05-27 18:43:32.516   283   307 I rvcservice: t.code = 7, t.value = 10479572
05-27 08:34:41.579   581   581 D spidev_ioctl: gpio status=1)
05-27 08:34:41.585   581   581 D spi_rst_gpio_get_output: GPIO 145 value: 1
05-27 18:43:32.525 13911 14183 I SentryImuMcuAngleSender: 180.0rollDeg
05-27 08:34:41.585   581   581 D spidev_ioctl: gpio status=1)
05-27 08:34:41.590   581   581 D spi_rst_gpio_get_output: GPIO 145 value: 1
05-27 08:34:41.590   581   581 D spidev_ioctl: gpio status=1)
05-27 08:34:41.596   581   581 D spi_rst_gpio_get_output: GPIO 145 value: 1
05-27 08:34:41.596   581   581 D spidev_ioctl: gpio status=1)
05-27 08:34:41.602   581   581 D spi_rst_gpio_get_output: GPIO 145 value: 0
05-27 08:34:41.602   581   581 D spidev_ioctl: gpio status=0)
05-27 08:34:41.619   581   581 D spi_rst_gpio_get_output: GPIO 145 value: 1
05-27 18:43:32.525 13911 14183 I SentryImuMcuAngleSender: 1,0,0
05-27 18:43:32.529   581   581 I SpiService: fgesysctrl_getGPIO_status success val=1
05-27 18:43:32.530   536   536 D commservice260303: msg.id = 1028,0
05-27 18:43:32.530   536   536 D commservice260303: i = 170, msgid = 8A000404
05-27 18:43:32.530   536   536 D commservice260303: msgid = -1979710460,did=138
05-27 18:43:32.530   536   536 D commservice260303: CommProtocolLibCmdBaseI2C::dataproc {"command":{"id":"imu_status","sub":""},"content":{"TimeStamp":10,"FrameCounter":244858,"GD_X":-0.01091896090656519,"GD_Y":0.005345047451555729,"GD_Z":0.0019848872907459736,"AD_X":-8.127540349960327E-4,"AD_Y":-0.0021616981830447912,"AD_Z":-0.16826248168945312,"TempDsp":0,"Status":0,"CalibState":1,"SigAmpInvalid":0}},-1979710460
05-27 18:43:32.530   536   536 D commservice260303: send2Cluster len:317, 7B22636F6D6D616E64223A7B226964223A22696D755F737461747573222C22737562223A22227D2C22636F6E74656E74223A7B2254696D655374616D70223A31302C224672616D65436F756E746572223A3234343835382C2247445F58223A2D302E30313039313839363039303635363531392C2247445F59223A302E3030353334353034373435313535353732392C2247445F5A223A302E303031393834383837323930373435393733362C2241445F58223A2D382E313237353430333439393630333237452D342C2241445F59223A2D302E303032313631363938313833303434373931322C2241445F5A223A2D302E31363832363234383136383934353331322C2254656D70447370223A302C22537461747573223A302C2243616C69625374617465223A312C22536967416D70496E76616C6964223A307D7D, 138 
05-27 18:43:32.530   536   536 D commservice260303: Push Message into SendPool fn=-1493433600
05-27 18:43:32.530   536   536 D commservice260303: ComProtocolLibSend2Cluster::send2ClusterRaw fn=-1493433600 , len=333
05-27 18:43:32.530   536   536 D commservice260303: sendCmdToPort :333!!!
05-27 18:43:32.530   481   598 I mcuc    : rev,n=1,6AA681D314000A8900E70104090112345673
05-27 08:34:41.619   581   581 D spidev_ioctl: gpio status=1)
05-27 08:34:41.624   581   581 D spi_rst_gpio_get_output: GPIO 145 value: 1
05-27 18:43:32.531   351   373 D automotive.vehicle@2.0-adayo-datacomm-mcu: MCUDatacomm sendMessageFromVehicle prop: 0x89, areaId: 0x0, status: 0xe7, timestamp: 0x1
05-27 08:34:41.624   581   581 D spidev_ioctl: gpio status=1)
05-27 08:34:41.630   581   581 D spi_rst_gpio_get_output: GPIO 145 value: 1
05-27 08:34:41.630   581   581 D spidev_ioctl: gpio status=1)
05-27 08:34:41.635   581   581 D spi_rst_gpio_get_output: GPIO 145 value: 1
05-27 08:34:41.635   581   581 D spidev_ioctl: gpio status=1)
05-27 08:34:41.641   581   581 D spi_rst_gpio_get_output: GPIO 145 value: 0
05-27 08:34:41.641   581   581 D spidev_ioctl: gpio status=0)
05-27 08:34:41.656   581   581 D spi_rst_gpio_get_output: GPIO 145 value: 1
05-27 08:34:41.656   581   581 D spidev_ioctl: gpio status=1)
05-27 08:34:41.662   581   581 D spi_rst_gpio_get_output: GPIO 145 value: 1
05-27 08:34:41.662   581   581 D spidev_ioctl: gpio status=1)
05-27 08:34:41.667   581   581 D spi_rst_gpio_get_output: GPIO 145 value: 1
05-27 08:34:41.667   581   581 D spidev_ioctl: gpio status=1)
05-27 08:34:41.673   581   581 D spi_rst_gpio_get_output: GPIO 145 value: 1
05-27 08:34:41.673   581   581 D spidev_ioctl: gpio status=1)
05-27 08:34:41.679   581   581 D spi_rst_gpio_get_output: GPIO 145 value: 1
05-27 08:34:41.679   581   581 D spidev_ioctl: gpio status=1)
05-27 08:34:41.685   581   581 D spi_rst_gpio_get_output: GPIO 145 value: 0
05-27 08:34:41.685   581   581 D spidev_ioctl: gpio status=0)
05-27 08:34:41.700   581   581 D spi_rst_gpio_get_output: GPIO 145 value: 1
05-27 08:34:41.700   581   581 D spidev_ioctl: gpio status=1)
05-27 08:34:41.706   581   581 D spi_rst_gpio_get_output: GPIO 145 value: 1
05-27 08:34:41.706   581   581 D spidev_ioctl: gpio status=1)
05-27 08:34:41.712   581   581 D spi_rst_gpio_get_output: GPIO 145 value: 1
05-27 08:34:41.712   581   581 D spidev_ioctl: gpio status=1)
05-27 08:34:41.717   581   581 D spi_rst_gpio_get_output: GPIO 145 value: 1
05-27 08:34:41.717   581   581 D spidev_ioctl: gpio status=1)
05-27 08:34:41.723   581   581 D spi_rst_gpio_get_output: GPIO 145 value: 0
05-27 08:34:41.723   581   581 D spidev_ioctl: gpio status=0)
05-27 08:34:41.738   581   581 D spi_rst_gpio_get_output: GPIO 145 value: 1
05-27 08:34:41.738   581   581 D spidev_ioctl: gpio status=1)
05-27 08:34:41.743   581   581 D spi_rst_gpio_get_output: GPIO 145 value: 1
05-27 08:34:41.743   581   581 D spidev_ioctl: gpio status=1)
05-27 08:34:41.749   581   581 D spi_rst_gpio_get_output: GPIO 145 value: 1
05-27 08:34:41.749   581   581 D spidev_ioctl: gpio status=1)
05-27 08:34:41.754   581   581 D spi_rst_gpio_get_output: GPIO 145 value: 1
05-27 08:34:41.754   581   581 D spidev_ioctl: gpio status=1)
05-27 08:34:41.760   581   581 D spi_rst_gpio_get_output: GPIO 145 value: 1
05-27 08:34:41.760   581   581 D spidev_ioctl: gpio status=1)
05-27 08:34:41.765   581   581 D spi_rst_gpio_get_output: GPIO 145 value: 0
05-27 08:34:41.765   581   581 D spidev_ioctl: gpio status=0)
05-27 08:34:41.779   581   581 D spi_rst_gpio_get_output: GPIO 145 value: 1
05-27 08:34:41.780   581   581 D spidev_ioctl: gpio status=1)
05-27 08:34:41.785   581   581 D spi_rst_gpio_get_output: GPIO 145 value: 1
05-27 08:34:41.785   581   581 D spidev_ioctl: gpio status=1)
05-27 08:34:41.790   280   280 W logd    : Skipping entries from slow reader, pid 25082, fd 17, from LogBuffer::Prune()
05-27 08:34:41.790   581   581 D spi_rst_gpio_get_output: GPIO 145 value: 1
05-27 08:34:41.790   581   581 D spidev_ioctl: gpio status=1)
05-27 08:34:41.796   581   581 D spi_rst_gpio_get_output: GPIO 145 value: 1
05-27 08:34:41.796   581   581 D spidev_ioctl: gpio status=1)
05-27 08:34:41.801   581   581 D spi_rst_gpio_get_output: GPIO 145 value: 1
05-27 08:34:41.801   581   581 D spidev_ioctl: gpio status=1)
05-27 18:43:32.531  1121  1144 I tboxmids_ap: [2026-05-27 18:43:32.531] [MCU RX] src=MCU dst=ZMQ len=10 type=BINARY data=00 08 E7 01 04 09 01 12 34 56 
05-27 18:43:32.531   536   536 D commservice260303: send Cmd To Port ++++5AA501498A010003FCA66A16CAD47B22636F6D6D616E64223A7B226964223A22696D755F737461747573222C22737562223A22227D2C22636F6E74656E74223A7B2254696D655374616D70223A31302C224672616D65436F756E746572223A3234343835382C2247445F58223A2D302E30313039313839363039303635363531392C2247445F59223A302E3030353334353034373435313535353732392C2247445F5A223A302E303031393834383837323930373435393733362C2241445F58223A2D382E313237353430333439393630333237452D342C2241445F59223A2D302E303032313631363938313833303434373931322C2241445F5A223A2D302E31363832363234383136383934353331322C2254656D70447370223A302C22537461747573223A302C2243616C69625374617465223A312C22536967416D70496E76616C6964223A307D7D7856
05-27 18:43:32.531   351   373 D automotive.vehicle@2.0-adayo-datacomm-mcu: MCUDatacomm 1sendMessageFromVehicle ---> type = 12 
05-27 18:43:32.531   536   536 D commservice260303: bufferevent_write retrun value = 0
05-27 18:43:32.531   536   560 D commservice260303: client datas send succeed,send finish
05-27 18:43:32.531 13911 14192 D Sentinelmode_1.2.5.17_sentry: <SentryImuClusterFgeSender>imu_status sent to Linux, frame=244858, tsNs=10479768, tsMs=10, intervalMs=40, ad=(-8.1275403E-4,-0.0021616982,-0.16826248), gd=(-0.010918961,0.0053450475,0.0019848873)
05-27 18:43:32.532  1083  1083 I MyAppLog: [2026-05-27 18:43:32.531 I tboxap mcuCommTboxmidsRecvCb:97] [Mcu] [mcuCommTboxmidsRecvCb] recv from tboxmids, size:10
05-27 18:43:32.532  1083  1083 I MyAppLog: [2026-05-27 18:43:32.531 I tboxap mcuCommTboxmidsRecvCb:98] [Mcu] [tboxmids -> tboxap]: :00 08 E7 01 04 09 01 12 34 56
05-27 18:43:32.532  1083  1083 I MyAppLog: [2026-05-27 18:43:32.531 I tboxap mcuPtlParseData:990] [Mcu] [Mcu  Parse]: (cmd):0901 (param):0901123456
05-27 18:43:32.532  1083  1083 W MyAppLog: [2026-05-27 18:43:32.531 W tboxap mcuParamDataRevPack:918] [Mcu] mcuParamDataRevPack start pack data!!!
05-27 18:43:32.532  1083  1083 W MyAppLog: [2026-05-27 18:43:32.531 W tboxap mcuSaveQueryData:219] [Mcu] [mcuSaveQueryData] unknown query item:0x56
05-27 18:43:32.532  1083  1083 W MyAppLog: [2026-05-27 18:43:32.531 W tboxap mcuHandleQueryInd:1700] [Mcu] [mcuHandleQueryInd] unknown query item:0x56
05-27 18:43:32.532  1083  1083 W MyAppLog: [2026-05-27 18:43:32.531 W tboxap mcuHandleQueryInd:1700] [Mcu] [mcuHandleQueryInd] unknown query item:0x56
05-27 18:43:32.532  1083  1083 W MyAppLog: [2026-05-27 18:43:32.531 W tboxap mcuHandleQueryInd:1700] [Mcu] [mcuHandleQueryInd] unknown query item:0x56
05-27 18:43:32.533  1083  1083 W MyAppLog: [2026-05-27 18:43:32.531 W tboxap mcuHandleQueryInd:1700] [Mcu] [mcuHandleQueryInd] unknown query item:0x56
05-27 18:43:32.533  1083  1083 W MyAppLog: [2026-05-27 18:43:32.531 W tboxap mcuHandleQueryInd:1700] [Mcu] [mcuHandleQueryInd] unknown query item:0x56
05-27 18:43:32.533  1083  1083 W MyAppLog: [2026-05-27 18:43:32.531 W tboxap mcuHandleQueryInd:1700] [Mcu] [mcuHandleQueryInd] unknown query item:0x56
05-27 18:43:32.533  1083  1083 W MyAppLog: [2026-05-27 18:43:32.531 W tboxap mcuHandleQueryInd:1700] [Mcu] [mcuHandleQueryInd] unknown query item:0x56
05-27 18:43:32.533  1083  1083 W MyAppLog: [2026-05-27 18:43:32.531 W tboxap mcuHandleQueryInd:1700] [Mcu] [mcuHandleQueryInd] unknown query item:0x56
05-27 18:43:32.533  1083  1083 W MyAppLog: [2026-05-27 18:43:32.531 W tboxap mcuHandleQueryInd:1700] [Mcu] [mcuHandleQueryInd] unknown query item:0x56
05-27 18:43:32.533  1083  1083 W MyAppLog: [2026-05-27 18:43:32.531 W tboxap mcuHandleQueryInd:1700] [Mcu] [mcuHandleQueryInd] unknown query item:0x56
05-27 18:43:32.533  1083  1083 W MyAppLog: [2026-05-27 18:43:32.531 W tboxap mcuHandleQueryInd:1700] [Mcu] [mcuHandleQueryInd] unknown query item:0x56
05-27 18:43:32.534  1083  1083 W MyAppLog: [2026-05-27 18:43:32.531 W tboxap mcuHandleQueryInd:1700] [Mcu] [mcuHandleQueryInd] unknown query item:0x56
05-27 18:43:32.534  1083  1083 W MyAppLog: [2026-05-27 18:43:32.531 W tboxap mcuHandleQueryInd:1700] [Mcu] [mcuHandleQueryInd] unknown query item:0x56
05-27 18:43:32.534  1083  1083 W MyAppLog: [2026-05-27 18:43:32.531 W tboxap mcuHandleQueryInd:1700] [Mcu] [mcuHandleQueryInd] unknown query item:0x56
05-27 18:43:32.534  1083  1083 W MyAppLog: [2026-05-27 18:43:32.531 W tboxap mcuHandleQueryInd:1700] [Mcu] [mcuHandleQueryInd] unknown query item:0x56
05-27 18:43:32.534  1083  1083 W MyAppLog: [2026-05-27 18:43:32.531 W tboxap mcuHandleQueryInd:1700] [Mcu] [mcuHandleQueryInd] unknown query item:0x56
05-27 18:43:32.534  1083  1083 W MyAppLog: [2026-05-27 18:43:32.531 W tboxap mcuHandleQueryInd:1700] [Mcu] [mcuHandleQueryInd] unknown query item:0x56
05-27 18:43:32.534  1083  1083 W MyAppLog: [2026-05-27 18:43:32.531 W tboxap mcuHandleQueryInd:1700] [Mcu] [mcuHandleQueryInd] unknown query item:0x56
05-27 18:43:32.534   581   581 I SpiService: fgesysctrl_getGPIO_status success val=1
05-27 18:43:32.534  1083  1083 W MyAppLog: [2026-05-27 18:43:32.531 W tboxap mcuHandleQueryInd:1700] [Mcu] [mcuHandleQueryInd] unknown query item:0x56
05-27 18:43:32.535  1083  1083 W MyAppLog: [2026-05-27 18:43:32.531 W tboxap mcuHandleQueryInd:1700] [Mcu] [mcuHandleQueryInd] unknown query item:0x56
05-27 18:43:32.535  1083  1083 W MyAppLog: [2026-05-27 18:43:32.531 W tboxap mcuHandleQueryInd:1700] [Mcu] [mcuHandleQueryInd] unknown query item:0x56
05-27 18:43:32.535   299 30841 D EvsDriver: forwardFrame
05-27 18:43:32.535  1083  1083 W MyAppLog: [2026-05-27 18:43:32.531 W tboxap mcuHandleQueryInd:1700] [Mcu] [mcuHandleQueryInd] unknown query item:0x56
05-27 18:43:32.535  1083  1083 W MyAppLog: [2026-05-27 18:43:32.531 W tboxap mcuHandleQueryInd:1700] [Mcu] [mcuHandleQueryInd] unknown query item:0x56
05-27 18:43:32.535  1083  1083 W MyAppLog: [2026-05-27 18:43:32.531 W tboxap mcuHandleQueryInd:1700] [Mcu] [mcuHandleQueryInd] unknown query item:0x56
05-27 18:43:32.535  1083  1083 W MyAppLog: [2026-05-27 18:43:32.531 W tboxap mcuHandleQueryInd:1700] [Mcu] [mcuHandleQueryInd] unknown query item:0x56
05-27 18:43:32.535  1083  1083 W MyAppLog: [2026-05-27 18:43:32.531 W tboxap mcuHandleQueryInd:1700] [Mcu] [mcuHandleQueryInd] unknown query item:0x56
