05-27 18:43:35.529   351   516 D automotive.vehicle@2.0-adayo-func-bcm: BCMFunc sendMessageFromVehicle_l id:557842544, area:0 not report! 
05-27 18:43:35.529   351   516 D automotive.vehicle@2.0-adayo-func-bcm: BCMFunc sendMessageFromVehicle_l dataType: 12,mByte=21,propid=0x2160004c
05-27 18:43:35.529   351   516 D automotive.vehicle@2.0-adayo-func-bcm: BCMFunc sendMessageFromVehicle_l msgBuff[21]=0x35,start:0,len:32,temp:8,
05-27 18:43:35.530   351   516 D automotive.vehicle@2.0-adayo-func-bcm: BCMFunc sendMessageFromVehicle_l msgBuff[20]=0x5,start:0,len:24,temp:8,
05-27 18:43:35.530   351   516 D automotive.vehicle@2.0-adayo-func-bcm: BCMFunc sendMessageFromVehicle_l msgBuff[19]=0x0,start:0,len:16,temp:8,
05-27 18:43:35.530   351   516 D automotive.vehicle@2.0-adayo-func-bcm: BCMFunc sendMessageFromVehicle_l msgBuff[18]=0x0,start:0,len:8,temp:8,
05-27 18:43:35.530   351   516 D automotive.vehicle@2.0-adayo-func-bcm: BCMFunc sendMessageFromVehicle_l prop: 0x2160004c , SPLITE_BIT_DATA_INTEGER1 data:1333
05-27 18:43:35.530   351   516 D automotive.vehicle@2.0-adayo-func-bcm: BCMFunc sendMessageFromVehicle_l prop: 0x2160004c , SPLITE_BIT_DATA_INTEGER4 procotol.calc[0]:0.100000,procotol.calc[1]:0.000000
05-27 18:43:35.530   351   516 D automotive.vehicle@2.0-adayo-func-bcm: BCMFunc sendMessageFromVehicle_l prop: 0x2160004c ,areaId: 0x0  SPLITE_BIT_DATA_INTEGER : 133.300003,calc[0]:0.100000,calc[1]:0.000000
05-27 18:43:35.530   351   516 D automotive.vehicle@2.0-adayo-func-bcm: BCMFunc sendMessageFromVehicle_l id:559939660, area:0 not report! 
05-27 18:43:35.530   351   516 D automotive.vehicle@2.0-adayo-func-bcm: BCMFunc sendMessageFromVehicle_l dataType: 12,mByte=22,propid=0x21400071
05-27 18:43:35.530   351   516 D automotive.vehicle@2.0-adayo-func-bcm: BCMFunc sendMessageFromVehicle_l msgBuff[22]=0x40,start:0,len:6,temp:6,
05-27 18:43:35.530   351   516 D automotive.vehicle@2.0-adayo-func-bcm: BCMFunc sendMessageFromVehicle_l prop: 0x21400071 ,areaId: 0x0  SPLITE_BIT_DATA_INTEGER : 0
05-27 18:43:35.530   351   516 D automotive.vehicle@2.0-adayo-func-bcm: BCMFunc sendMessageFromVehicle_l id:557842545, area:0 not report! 
05-27 18:43:35.530   351   516 D automotive.vehicle@2.0-adayo-func-bcm: BCMFunc sendMessageFromVehicle_l dataType: 12,mByte=22,propid=0x21400072
05-27 18:43:35.530   351   516 D automotive.vehicle@2.0-adayo-func-bcm: BCMFunc sendMessageFromVehicle_l msgBuff[22]=0x40,start:6,len:2,temp:2,
05-27 18:43:35.530   351   516 D automotive.vehicle@2.0-adayo-func-bcm: BCMFunc sendMessageFromVehicle_l prop: 0x21400072 ,areaId: 0x0  SPLITE_BIT_DATA_INTEGER : 1
05-27 18:43:35.530   351   516 D automotive.vehicle@2.0-adayo-func-bcm: BCMFunc sendMessageFromVehicle_l id:557842546, area:0 not report! 
05-27 18:43:35.530   351   516 D automotive.vehicle@2.0-adayo-func-bcm: BCMFunc sendMessageFromVehicle_l dataType: 12,mByte=24,propid=0x21400050
05-27 18:43:35.530   351   516 D automotive.vehicle@2.0-adayo-func-bcm: BCMFunc sendMessageFromVehicle_l msgBuff[24]=0x0,start:0,len:16,temp:8,
05-27 18:43:35.530   351   516 D automotive.vehicle@2.0-adayo-func-bcm: BCMFunc sendMessageFromVehicle_l msgBuff[23]=0x0,start:0,len:8,temp:8,
05-27 18:43:35.530   351   516 D automotive.vehicle@2.0-adayo-func-bcm: BCMFunc sendMessageFromVehicle_l prop: 0x21400050 ,areaId: 0x0  SPLITE_BIT_DATA_INTEGER : 0
05-27 18:43:35.530   351   516 D automotive.vehicle@2.0-adayo-func-bcm: BCMFunc sendMessageFromVehicle_l id:557842512, area:0 not report! 
05-27 18:43:35.530   351   516 D automotive.vehicle@2.0-adayo-func-bcm: BCMFunc sendMessageFromVehicle_l dataType: 12,mByte=25,propid=0x21400051
05-27 18:43:35.530   351   516 D automotive.vehicle@2.0-adayo-func-bcm: BCMFunc sendMessageFromVehicle_l msgBuff[25]=0x0,start:0,len:8,temp:8,
05-27 18:43:35.530   351   516 D automotive.vehicle@2.0-adayo-func-bcm: BCMFunc sendMessageFromVehicle_l prop: 0x21400051 ,areaId: 0x0  SPLITE_BIT_DATA_INTEGER : 0
05-27 18:43:35.530   351   516 D automotive.vehicle@2.0-adayo-func-bcm: BCMFunc sendMessageFromVehicle_l id:557842513, area:0 not report! 
05-27 18:43:35.530   351   516 D automotive.vehicle@2.0-adayo-func-bcm: BCMFunc sendMessageFromVehicle_l dataType: 12,mByte=26,propid=0x21400052
05-27 18:43:35.530   351   516 D automotive.vehicle@2.0-adayo-func-bcm: BCMFunc sendMessageFromVehicle_l msgBuff[26]=0x0,start:0,len:8,temp:8,
05-27 18:43:35.530   351   516 D automotive.vehicle@2.0-adayo-func-bcm: BCMFunc sendMessageFromVehicle_l prop: 0x21400052 ,areaId: 0x0  SPLITE_BIT_DATA_INTEGER : 0
05-27 18:43:35.530   351   516 D automotive.vehicle@2.0-adayo-func-bcm: BCMFunc sendMessageFromVehicle_l id:557842514, area:0 not report! 
05-27 18:43:35.530   351   516 D automotive.vehicle@2.0-adayo-func-bcm: BCMFunc sendMessageFromVehicle_l dataType: 12,mByte=27,propid=0x21400073
05-27 18:43:35.530   351   516 D automotive.vehicle@2.0-adayo-func-bcm: BCMFunc sendMessageFromVehicle_l msgBuff[27]=0x40,start:0,len:6,temp:6,
05-27 18:43:35.530   351   516 D automotive.vehicle@2.0-adayo-func-bcm: BCMFunc sendMessageFromVehicle_l prop: 0x21400073 ,areaId: 0x0  SPLITE_BIT_DATA_INTEGER : 0
05-27 18:43:35.530   351   516 D automotive.vehicle@2.0-adayo-func-bcm: BCMFunc sendMessageFromVehicle_l id:557842547, area:0 not report! 
05-27 18:43:35.530   481   598 I mcuc    : rev,n=2,6AA681D327000A8900EF0104090212345657
05-27 18:43:35.530  1121  1144 I tboxmids_ap: [2026-05-27 18:43:35.530] [MCU RX] src=MCU dst=ZMQ len=10 type=BINARY data=00 08 EF 01 04 09 02 12 34 56 
05-27 18:43:35.531   351   516 D automotive.vehicle@2.0-adayo-func-bcm: BCMFunc sendMessageFromVehicle_l dataType: 12,mByte=27,propid=0x21400074
05-27 18:43:35.531   351   516 D automotive.vehicle@2.0-adayo-func-bcm: BCMFunc sendMessageFromVehicle_l msgBuff[27]=0x40,start:6,len:2,temp:2,
05-27 18:43:35.531   351   373 D automotive.vehicle@2.0-adayo-datacomm-mcu: MCUDatacomm sendMessageFromVehicle prop: 0x89, areaId: 0x0, status: 0xef, timestamp: 0x1
05-27 18:43:35.531   351   516 D automotive.vehicle@2.0-adayo-func-bcm: BCMFunc sendMessageFromVehicle_l prop: 0x21400074 ,areaId: 0x0  SPLITE_BIT_DATA_INTEGER : 1
05-27 18:43:35.531   581   581 I SpiService: fgesysctrl_getGPIO_status success val=1
05-27 18:43:35.531   351   516 D automotive.vehicle@2.0-adayo-func-bcm: BCMFunc sendMessageFromVehicle_l id:557842548, area:0 not report! 
05-27 18:43:35.531   351   516 D automotive.vehicle@2.0-adayo-func-bcm: BCMFunc sendMessageFromVehicle_l dataType: 12,mByte=29,propid=0x21400053
05-27 18:43:35.531   351   516 D automotive.vehicle@2.0-adayo-func-bcm: BCMFunc sendMessageFromVehicle_l msgBuff[29]=0x59,start:0,len:16,temp:8,
05-27 18:43:35.531   351   516 D automotive.vehicle@2.0-adayo-func-bcm: BCMFunc sendMessageFromVehicle_l msgBuff[28]=0x0,start:0,len:8,temp:8,
05-27 18:43:35.531   351   516 D automotive.vehicle@2.0-adayo-func-bcm: BCMFunc sendMessageFromVehicle_l prop: 0x21400053 ,areaId: 0x0  SPLITE_BIT_DATA_INTEGER : 89
05-27 18:43:35.531   351   516 D automotive.vehicle@2.0-adayo-func-bcm: BCMFunc sendMessageFromVehicle_l id:557842515, area:0 not report! 
05-27 18:43:35.531   351   516 D automotive.vehicle@2.0-adayo-func-bcm: BCMFunc sendMessageFromVehicle_l dataType: 12,mByte=30,propid=0x21400054
05-27 18:43:35.531   351   516 D automotive.vehicle@2.0-adayo-func-bcm: BCMFunc sendMessageFromVehicle_l msgBuff[30]=0x23,start:0,len:8,temp:8,
05-27 18:43:35.531   351   516 D automotive.vehicle@2.0-adayo-func-bcm: BCMFunc sendMessageFromVehicle_l prop: 0x21400054 ,areaId: 0x0  SPLITE_BIT_DATA_INTEGER : 35
05-27 08:34:44.496   581   581 D spi_rst_gpio_get_output: GPIO 145 value: 1
05-27 08:34:44.496   581   581 D spidev_ioctl: gpio status=1)
05-27 18:43:35.531   351   516 D automotive.vehicle@2.0-adayo-func-bcm: BCMFunc sendMessageFromVehicle_l id:557842516, area:0 not report! 
05-27 18:43:35.531   351   516 D automotive.vehicle@2.0-adayo-func-bcm: BCMFunc sendMessageFromVehicle_l dataType: 12,mByte=31,propid=0x21400055
05-27 18:43:35.531   351   516 D automotive.vehicle@2.0-adayo-func-bcm: BCMFunc sendMessageFromVehicle_l msgBuff[31]=0x1c,start:0,len:8,temp:8,
05-27 18:43:35.531   351   516 D automotive.vehicle@2.0-adayo-func-bcm: BCMFunc sendMessageFromVehicle_l prop: 0x21400055 ,areaId: 0x0  SPLITE_BIT_DATA_INTEGER : 28
05-27 18:43:35.531   351   516 D automotive.vehicle@2.0-adayo-func-bcm: BCMFunc sendMessageFromVehicle_l id:557842517, area:0 not report! 
05-27 18:43:35.531   351   516 D automotive.vehicle@2.0-adayo-func-bcm: BCMFunc sendMessageFromVehicle_l dataType: 12,mByte=32,propid=0x21400075
05-27 18:43:35.532   351   516 D automotive.vehicle@2.0-adayo-func-bcm: BCMFunc sendMessageFromVehicle_l msgBuff[32]=0x40,start:0,len:6,temp:6,
05-27 18:43:35.532   351   516 D automotive.vehicle@2.0-adayo-func-bcm: BCMFunc sendMessageFromVehicle_l prop: 0x21400075 ,areaId: 0x0  SPLITE_BIT_DATA_INTEGER : 0
05-27 18:43:35.532   351   516 D automotive.vehicle@2.0-adayo-func-bcm: BCMFunc sendMessageFromVehicle_l id:557842549, area:0 not report! 
05-27 18:43:35.532  1083  1083 I MyAppLog: [2026-05-27 18:43:35.531 I tboxap mcuCommTboxmidsRecvCb:97] [Mcu] [mcuCommTboxmidsRecvCb] recv from tboxmids, size:10
05-27 18:43:35.532   351   516 D automotive.vehicle@2.0-adayo-func-bcm: BCMFunc sendMessageFromVehicle_l dataType: 12,mByte=32,propid=0x21400076
05-27 18:43:35.532   351   516 D automotive.vehicle@2.0-adayo-func-bcm: BCMFunc sendMessageFromVehicle_l msgBuff[32]=0x40,start:6,len:2,temp:2,
05-27 18:43:35.532   351   516 D automotive.vehicle@2.0-adayo-func-bcm: BCMFunc sendMessageFromVehicle_l prop: 0x21400076 ,areaId: 0x0  SPLITE_BIT_DATA_INTEGER : 1
05-27 18:43:35.532  1083  1083 I MyAppLog: [2026-05-27 18:43:35.531 I tboxap mcuCommTboxmidsRecvCb:98] [Mcu] [tboxmids -> tboxap]: :00 08 EF 01 04 09 02 12 34 56
05-27 18:43:35.532   351   516 D automotive.vehicle@2.0-adayo-func-bcm: BCMFunc sendMessageFromVehicle_l id:557842550, area:0 not report! 
05-27 18:43:35.532   351   516 D automotive.vehicle@2.0-adayo-func-bcm: BCMFunc sendMessageFromVehicle_l dataType: 12,mByte=34,propid=0x2140004b
05-27 18:43:35.532  1083  1083 I MyAppLog: [2026-05-27 18:43:35.531 I tboxap mcuPtlParseData:990] [Mcu] [Mcu  Parse]: (cmd):0902 (param):0902123456
05-27 18:43:35.532   351   516 D automotive.vehicle@2.0-adayo-func-bcm: BCMFunc sendMessageFromVehicle_l msgBuff[34]=0x0,start:0,len:16,temp:8,
05-27 18:43:35.532   351   516 D automotive.vehicle@2.0-adayo-func-bcm: BCMFunc sendMessageFromVehicle_l msgBuff[33]=0x0,start:0,len:8,temp:8,
05-27 18:43:35.532  1083  1083 W MyAppLog: [2026-05-27 18:43:35.531 W tboxap mcuParamDataRevPack:918] [Mcu] mcuParamDataRevPack start pack data!!!
05-27 18:43:35.532   351   516 D automotive.vehicle@2.0-adayo-func-bcm: BCMFunc sendMessageFromVehicle_l prop: 0x2140004b ,areaId: 0x0  SPLITE_BIT_DATA_INTEGER : 0
05-27 18:43:35.532   351   516 D automotive.vehicle@2.0-adayo-func-bcm: BCMFunc sendMessageFromVehicle_l id:557842507, area:0 not report! 
05-27 18:43:35.532  1083  1083 W MyAppLog: [2026-05-27 18:43:35.531 W tboxap mcuHandlePowerReqInd:1739] [Mcu] [mcuHandlePowerReqInd] recv 0x0902 power req type:0x12
05-27 18:43:35.532   351   516 D automotive.vehicle@2.0-adayo-func-bcm: BCMFunc sendMessageFromVehicle_l dataType: 12,mByte=35,propid=0x21400077
05-27 18:43:35.532   351   516 D automotive.vehicle@2.0-adayo-func-bcm: BCMFunc sendMessageFromVehicle_l msgBuff[35]=0x40,start:0,len:6,temp:6,
05-27 18:43:35.532   351   516 D automotive.vehicle@2.0-adayo-func-bcm: BCMFunc sendMessageFromVehicle_l prop: 0x21400077 ,areaId: 0x0  SPLITE_BIT_DATA_INTEGER : 0
05-27 18:43:35.532   351   516 D automotive.vehicle@2.0-adayo-func-bcm: BCMFunc sendMessageFromVehicle_l id:557842551, area:0 not report! 
05-27 18:43:35.532   351   516 D automotive.vehicle@2.0-adayo-func-bcm: BCMFunc sendMessageFromVehicle_l dataType: 12,mByte=35,propid=0x21400078
05-27 18:43:35.532   351   516 D automotive.vehicle@2.0-adayo-func-bcm: BCMFunc sendMessageFromVehicle_l msgBuff[35]=0x40,start:6,len:2,temp:2,
05-27 18:43:35.532   351   516 D automotive.vehicle@2.0-adayo-func-bcm: BCMFunc sendMessageFromVehicle_l prop: 0x21400078 ,areaId: 0x0  SPLITE_BIT_DATA_INTEGER : 1
05-27 18:43:35.532   351   516 D automotive.vehicle@2.0-adayo-func-bcm: BCMFunc sendMessageFromVehicle_l id:557842552, area:0 not report! 
05-27 18:43:35.532   351   516 D automotive.vehicle@2.0-adayo-func-bcm: BCMFunc sendMessageFromVehicle_l dataType: 12,mByte=37,propid=0x2140004c
05-27 18:43:35.532   351   516 D automotive.vehicle@2.0-adayo-func-bcm: BCMFunc sendMessageFromVehicle_l msgBuff[37]=0x0,start:0,len:16,temp:8,
05-27 18:43:35.532   351   516 D automotive.vehicle@2.0-adayo-func-bcm: BCMFunc sendMessageFromVehicle_l msgBuff[36]=0x0,start:0,len:8,temp:8,
05-27 18:43:35.532   351   516 D automotive.vehicle@2.0-adayo-func-bcm: BCMFunc sendMessageFromVehicle_l prop: 0x2140004c ,areaId: 0x0  SPLITE_BIT_DATA_INTEGER : 0
05-27 18:43:35.532   351   516 D automotive.vehicle@2.0-adayo-func-bcm: BCMFunc sendMessageFromVehicle_l id:557842508, area:0 not report! 
05-27 18:43:35.532   351   516 D automotive.vehicle@2.0-adayo-func-bcm: BCMFunc sendMessageFromVehicle_l dataType: 12,mByte=38,propid=0x2140009b
05-27 18:43:35.532   351   516 D automotive.vehicle@2.0-adayo-func-bcm: BCMFunc sendMessageFromVehicle_l msgBuff[38]=0x0,start:0,len:8,temp:8,
05-27 18:43:35.532   351   516 D automotive.vehicle@2.0-adayo-func-bcm: BCMFunc sendMessageFromVehicle_l prop: 0x2140009b ,areaId: 0x0  SPLITE_BIT_DATA_INTEGER : 0
05-27 18:43:35.532   351   516 D automotive.vehicle@2.0-adayo-func-bcm: BCMFunc sendMessageFromVehicle_l id:557842587, area:0 not report! 
05-27 18:43:35.532   351   516 D automotive.vehicle@2.0-adayo-func-bcm: BCMFunc sendMessageFromVehicle_l dataType: 12,mByte=39,propid=0x2140009c
05-27 18:43:35.532   351   516 D automotive.vehicle@2.0-adayo-func-bcm: BCMFunc sendMessageFromVehicle_l msgBuff[39]=0x0,start:0,len:8,temp:8,
05-27 18:43:35.533   351   516 D automotive.vehicle@2.0-adayo-func-bcm: BCMFunc sendMessageFromVehicle_l prop: 0x2140009c ,areaId: 0x0  SPLITE_BIT_DATA_INTEGER : 0
05-27 18:43:35.533   351   516 D automotive.vehicle@2.0-adayo-func-bcm: BCMFunc sendMessageFromVehicle_l id:557842588, area:0 not report! 
05-27 18:43:35.533   351   516 D automotive.vehicle@2.0-adayo-func-bcm: BCMFunc sendMessageFromVehicle_l dataType: 12,mByte=40,propid=0x2140009d
05-27 18:43:35.533   351   516 D automotive.vehicle@2.0-adayo-func-bcm: BCMFunc sendMessageFromVehicle_l msgBuff[40]=0x0,start:0,len:8,temp:8,
05-27 18:43:35.533   351   516 D automotive.vehicle@2.0-adayo-func-bcm: BCMFunc sendMessageFromVehicle_l prop: 0x2140009d ,areaId: 0x0  SPLITE_BIT_DATA_INTEGER : 0
05-27 18:43:35.533   351   516 D automotive.vehicle@2.0-adayo-func-bcm: BCMFunc sendMessageFromVehicle_l id:557842589, area:0 not report! 
05-27 18:43:35.533   351   516 D automotive.vehicle@2.0-adayo-func-bcm: BCMFunc sendMessageFromVehicle_l dataType: 12,mByte=41,propid=0x2140009e
05-27 18:43:35.533   351   516 D automotive.vehicle@2.0-adayo-func-bcm: BCMFunc sendMessageFromVehicle_l msgBuff[41]=0x0,start:0,len:8,temp:8,
05-27 18:43:35.533   351   516 D automotive.vehicle@2.0-adayo-func-bcm: BCMFunc sendMessageFromVehicle_l prop: 0x2140009e ,areaId: 0x0  SPLITE_BIT_DATA_INTEGER : 0
05-27 18:43:35.533   351   516 D automotive.vehicle@2.0-adayo-func-bcm: BCMFunc sendMessageFromVehicle_l id:557842590, area:0 not report! 
05-27 18:43:35.533   351   516 D automotive.vehicle@2.0-adayo-func-bcm: BCMFunc sendMessageFromVehicle_l dataType: 12,mByte=43,propid=0x2160009f
05-27 18:43:35.533   351   516 D automotive.vehicle@2.0-adayo-func-bcm: BCMFunc sendMessageFromVehicle_l msgBuff[43]=0x0,start:0,len:16,temp:8,
05-27 18:43:35.533   351   516 D automotive.vehicle@2.0-adayo-func-bcm: BCMFunc sendMessageFromVehicle_l msgBuff[42]=0x0,start:0,len:8,temp:8,
05-27 18:43:35.533   351   516 D automotive.vehicle@2.0-adayo-func-bcm: BCMFunc sendMessageFromVehicle_l prop: 0x2160009f , SPLITE_BIT_DATA_INTEGER1 data:0
05-27 18:43:35.533   351   516 D automotive.vehicle@2.0-adayo-func-bcm: BCMFunc sendMessageFromVehicle_l prop: 0x2160009f , SPLITE_BIT_DATA_INTEGER4 procotol.calc[0]:0.100000,procotol.calc[1]:0.000000
05-27 18:43:35.533   351   516 D automotive.vehicle@2.0-adayo-func-bcm: BCMFunc sendMessageFromVehicle_l prop: 0x2160009f ,areaId: 0x0  SPLITE_BIT_DATA_INTEGER : 0.000000,calc[0]:0.100000,calc[1]:0.000000
05-27 18:43:35.533   351   516 D automotive.vehicle@2.0-adayo-func-bcm: BCMFunc sendMessageFromVehicle_l id:559939743, area:0 not report! 
05-27 18:43:35.533   351   516 D automotive.vehicle@2.0-adayo-func-bcm: BCMFunc sendMessageFromVehicle_l dataType: 12,mByte=45,propid=0x216000f3
05-27 18:43:35.533   351   516 D automotive.vehicle@2.0-adayo-func-bcm: BCMFunc sendMessageFromVehicle_l msgBuff[45]=0x0,start:0,len:16,temp:8,
05-27 18:43:35.533   351   516 D automotive.vehicle@2.0-adayo-func-bcm: BCMFunc sendMessageFromVehicle_l msgBuff[44]=0x0,start:0,len:8,temp:8,
05-27 18:43:35.533   351   516 D automotive.vehicle@2.0-adayo-func-bcm: BCMFunc sendMessageFromVehicle_l prop: 0x216000f3 , SPLITE_BIT_DATA_INTEGER1 data:0
05-27 18:43:35.533   351   516 D automotive.vehicle@2.0-adayo-func-bcm: BCMFunc sendMessageFromVehicle_l prop: 0x216000f3 , SPLITE_BIT_DATA_INTEGER4 procotol.calc[0]:0.100000,procotol.calc[1]:0.000000
05-27 18:43:35.533   351   516 D automotive.vehicle@2.0-adayo-func-bcm: BCMFunc sendMessageFromVehicle_l prop: 0x216000f3 ,areaId: 0x0  SPLITE_BIT_DATA_INTEGER : 0.000000,calc[0]:0.100000,calc[1]:0.000000
05-27 18:43:35.533   351   516 D automotive.vehicle@2.0-adayo-func-bcm: BCMFunc sendMessageFromVehicle_l id:559939827, area:0 not report! 
05-27 18:43:35.533   351   516 D automotive.vehicle@2.0-adayo-func-bcm: BCMFunc sendMessageFromVehicle_l dataType: 12,mByte=47,propid=0x214000f4
05-27 18:43:35.533   351   516 D automotive.vehicle@2.0-adayo-func-bcm: BCMFunc sendMessageFromVehicle_l msgBuff[47]=0x0,start:0,len:16,temp:8,
05-27 18:43:35.533   351   516 D automotive.vehicle@2.0-adayo-func-bcm: BCMFunc sendMessageFromVehicle_l msgBuff[46]=0x0,start:0,len:8,temp:8,
05-27 18:43:35.533   351   516 D automotive.vehicle@2.0-adayo-func-bcm: BCMFunc sendMessageFromVehicle_l prop: 0x214000f4 ,areaId: 0x0  SPLITE_BIT_DATA_INTEGER : 0
05-27 18:43:35.533   351   516 D automotive.vehicle@2.0-adayo-func-bcm: BCMFunc sendMessageFromVehicle_l id:557842676, area:0 not report! 
05-27 18:43:35.533   351   516 D automotive.vehicle@2.0-adayo-func-bcm: BCMFunc sendMessageFromVehicle_l dataType: 12,mByte=48,propid=0x214000fe
05-27 18:43:35.533   351   516 D automotive.vehicle@2.0-adayo-func-bcm: BCMFunc sendMessageFromVehicle_l msgBuff[48]=0x0,start:0,len:8,temp:8,
05-27 18:43:35.534   351   516 D automotive.vehicle@2.0-adayo-func-bcm: BCMFunc sendMessageFromVehicle_l prop: 0x214000fe ,areaId: 0x0  SPLITE_BIT_DATA_INTEGER : 0
05-27 18:43:35.534   351   516 D automotive.vehicle@2.0-adayo-func-bcm: BCMFunc sendMessageFromVehicle_l id:557842686, area:0 not report! 
05-27 18:43:35.534   351   516 D automotive.vehicle@2.0-adayo-func-bcm: BCMFunc sendMessageFromVehicle_l dataType: 12,mByte=49,propid=0x21400100
05-27 18:43:35.534   351   516 D automotive.vehicle@2.0-adayo-func-bcm: BCMFunc sendMessageFromVehicle_l msgBuff[49]=0x0,start:0,len:8,temp:8,
05-27 18:43:35.534   351   516 D automotive.vehicle@2.0-adayo-func-bcm: BCMFunc sendMessageFromVehicle_l prop: 0x21400100 ,areaId: 0x0  SPLITE_BIT_DATA_INTEGER : 0
05-27 18:43:35.534   351   516 D automotive.vehicle@2.0-adayo-func-bcm: BCMFunc sendMessageFromVehicle_l id:557842688, area:0 not report! 
05-27 18:43:35.534   351   516 D automotive.vehicle@2.0-adayo-func-bcm: BCMFunc sendMessageFromVehicle_l dataType: 12,mByte=50,propid=0x214000fa
05-27 18:43:35.534   351   516 D automotive.vehicle@2.0-adayo-func-bcm: BCMFunc sendMessageFromVehicle_l msgBuff[50]=0x0,start:0,len:8,temp:8,
05-27 18:43:35.534   351   516 D automotive.vehicle@2.0-adayo-func-bcm: BCMFunc sendMessageFromVehicle_l prop: 0x214000fa ,areaId: 0x0  SPLITE_BIT_DATA_INTEGER : 0
05-27 18:43:35.534   351   516 D automotive.vehicle@2.0-adayo-func-bcm: BCMFunc sendMessageFromVehicle_l id:557842682, area:0 not report! 
05-27 18:43:35.534   351   516 D automotive.vehicle@2.0-adayo-func-bcm: BCMFunc sendMessageFromVehicle_l dataType: 12,mByte=51,propid=0x214000fb
05-27 18:43:35.534   351   516 D automotive.vehicle@2.0-adayo-func-bcm: BCMFunc sendMessageFromVehicle_l msgBuff[51]=0x0,start:0,len:8,temp:8,
05-27 18:43:35.534   351   516 D automotive.vehicle@2.0-adayo-func-bcm: BCMFunc sendMessageFromVehicle_l prop: 0x214000fb ,areaId: 0x0  SPLITE_BIT_DATA_INTEGER : 0
05-27 18:43:35.534   351   516 D automotive.vehicle@2.0-adayo-func-bcm: BCMFunc sendMessageFromVehicle_l id:557842683, area:0 not report! 
05-27 18:43:35.534   351   516 D automotive.vehicle@2.0-adayo-func-bcm: BCMFunc sendMessageFromVehicle_l dataType: 12,mByte=52,propid=0x214000fc
05-27 18:43:35.534   351   516 D automotive.vehicle@2.0-adayo-func-bcm: BCMFunc sendMessageFromVehicle_l msgBuff[52]=0x0,start:0,len:8,temp:8,
05-27 18:43:35.534   351   516 D automotive.vehicle@2.0-adayo-func-bcm: BCMFunc sendMessageFromVehicle_l prop: 0x214000fc ,areaId: 0x0  SPLITE_BIT_DATA_INTEGER : 0
05-27 18:43:35.534   351   516 D automotive.vehicle@2.0-adayo-func-bcm: BCMFunc sendMessageFromVehicle_l id:557842684, area:0 not report! 
05-27 18:43:35.534   351   516 D automotive.vehicle@2.0-adayo-func-bcm: BCMFunc sendMessageFromVehicle_l dataType: 12,mByte=53,propid=0x21400106
05-27 18:43:35.534   351   516 D automotive.vehicle@2.0-adayo-func-bcm: BCMFunc sendMessageFromVehicle_l msgBuff[53]=0x1,start:0,len:8,temp:8,
05-27 18:43:35.534   351   516 D automotive.vehicle@2.0-adayo-func-bcm: BCMFunc sendMessageFromVehicle_l prop: 0x21400106 ,areaId: 0x0  SPLITE_BIT_DATA_INTEGER : 1
05-27 18:43:35.534   351   516 D automotive.vehicle@2.0-adayo-func-bcm: BCMFunc sendMessageFromVehicle_l id:557842694, area:0 not report! 
05-27 18:43:35.534   351   373 D automotive.vehicle@2.0-adayo-datacomm-mcu: MCUDatacomm 1sendMessageFromVehicle ---> type = 12 
05-27 18:43:35.535  1008 30856 D [OMXB]  : usingANWBuffer: handle:0xee743190, format:1, w:1920, h:1080
05-27 18:43:35.537   566  1171 I gps_hdbd: [gps_upgrade_thread 3506]Enter
05-27 18:43:35.537   566  1171 I gps_hdbd: [gps_upgrade_thread 3535] sys.gps.update:0 ,file:not ,upgrate_ing:0
05-27 18:43:35.540   581   581 I SpiService: fgesysctrl_getGPIO_status success val=1
05-27 08:34:44.505   581   581 D spi_rst_gpio_get_output: GPIO 145 value: 1
05-27 08:34:44.505   581   581 D spidev_ioctl: gpio status=1)
05-27 18:43:35.541 13911 14183 I SentryImuMcuAngleSender: 179.98598rollDeg
05-27 18:43:35.541 13911 14183 I SentryImuMcuAngleSender: 1,0,0
05-27 18:43:35.543   299 30841 D EvsDriver: forwardFrame
05-27 18:43:35.544   299 30844 D EvsDriver: forwardFrame
05-27 18:43:35.546   299 30844 D EvsDriver: Delivered 0xb400007b7ca56900 as id 0
05-27 18:43:35.546   299 30841 D EvsDriver: Delivered 0xb400007b7ca56a60 as id 0
05-27 18:43:35.546   581   581 I SpiService: fgesysctrl_getGPIO_status success val=1
05-27 18:43:35.546  1167  1479 D evsmanagerd: /dev/video4 forwarded the buffer #0 to 0xb4000074bf5f6850 from 0xb4000074bf5f41d0
05-27 18:43:35.546  1167  1167 D evsmanagerd: /dev/video6 forwarded the buffer #0 to 0xb4000074bf5f5510 from 0xb4000074bf5f6d90
05-27 08:34:44.510   581   581 D spi_rst_gpio_get_output: GPIO 145 value: 1
05-27 08:34:44.511   581   581 D spidev_ioctl: gpio status=1)
05-27 18:43:35.551   299  1163 D EvsDriver: doneWithFrame
05-27 18:43:35.551   299  1163 D EvsDriver: doneWithFrame
05-27 18:43:35.551   581   581 I SpiService: fgesysctrl_getGPIO_status success val=1
05-27 18:43:35.552  1008 30857 D [OMXB]  : usingANWBuffer: handle:0xee744b00, format:1, w:1920, h:1080
05-27 08:34:44.516   581   581 D spi_rst_gpio_get_output: GPIO 145 value: 1
05-27 08:34:44.516   581   581 D spidev_ioctl: gpio status=1)
05-27 18:43:35.557   581   581 I SpiService: fgesysctrl_getGPIO_status success val=1
05-27 18:43:35.558   536  2579 D commservice260303: send heart beat package to Cluster
05-27 18:43:35.559   536  2579 D commservice260303: send2Cluster len:40, 7B22636F6D6D616E64223A7B226964223A22686561727462656174222C22737562223A22227D7D0A, 129 
05-27 18:43:35.559   536  2579 D commservice260303: Push Message into SendPool fn=-251919616
05-27 18:43:35.559   536  2579 D commservice260303: ComProtocolLibSend2Cluster::send2ClusterRaw fn=-251919616 , len=56
05-27 18:43:35.559   536  2579 D commservice260303: sendCmdToPort :56!!!
05-27 18:43:35.559   536  2579 D commservice260303: send Cmd To Port ++++5AA5003481010003FCF06A16CAD77B22636F6D6D616E64223A7B226964223A22686561727462656174222C22737562223A22227D7D0AC7F7
05-27 18:43:35.559   536  2579 D commservice260303: bufferevent_write retrun value = 0
05-27 18:43:35.559   536   560 D commservice260303: client datas send succeed,send finish
05-27 18:43:35.561   536   536 D commservice260303: msg.id = 1028,1
05-27 18:43:35.561   536   536 D commservice260303: i = 170, msgid = 8A000404
05-27 18:43:35.561   536   536 D commservice260303: msgid = -1979710460,did=138
05-27 18:43:35.561   536   536 D commservice260303: CommProtocolLibCmdBaseI2C::dataproc {"command":{"id":"imu_status","sub":""},"content":{"TimeStamp":10,"FrameCounter":244931,"GD_X":-0.011910883709788322,"GD_Y":0.0051151420921087265,"GD_Z":0.0019848872907459736,"AD_X":-0.002398282289505005,"AD_Y":0.002550586825236678,"AD_Z":-0.16581153869628906,"TempDsp":0,"Status":0,"CalibState":1,"SigAmpInvalid":0}},-1979710460
05-27 18:43:35.561   536   536 D commservice260303: send2Cluster len:317, 7B22636F6D6D616E64223A7B226964223A22696D755F737461747573222C22737562223A22227D2C22636F6E74656E74223A7B2254696D655374616D70223A31302C224672616D65436F756E746572223A3234343933312C2247445F58223A2D302E3031313931303838333730393738383332322C2247445F59223A302E303035313135313432303932313038373236352C2247445F5A223A302E303031393834383837323930373435393733362C2241445F58223A2D302E3030323339383238323238393530353030352C2241445F59223A302E3030323535303538363832353233363637382C2241445F5A223A2D302E31363538313135333836393632383930362C2254656D70447370223A302C22537461747573223A302C2243616C69625374617465223A312C22536967416D70496E76616C6964223A307D7D, 138 
05-27 08:34:44.522   581   581 D spi_rst_gpio_get_output: GPIO 145 value: 1
05-27 08:34:44.522   581   581 D spidev_ioctl: gpio status=1)
05-27 18:43:35.561   536   536 D commservice260303: Push Message into SendPool fn=-235142400
05-27 18:43:35.561   536   536 D commservice260303: ComProtocolLibSend2Cluster::send2ClusterRaw fn=-235142400 , len=333
05-27 18:43:35.561   536   536 D commservice260303: sendCmdToPort :333!!!
05-27 18:43:35.561   536   536 D commservice260303: send Cmd To Port ++++5AA501498A010003FCF16A16CAD77B22636F6D6D616E64223A7B226964223A22696D755F737461747573222C22737562223A22227D2C22636F6E74656E74223A7B2254696D655374616D70223A31302C224672616D65436F756E746572223A3234343933312C2247445F58223A2D302E3031313931303838333730393738383332322C2247445F59223A302E303035313135313432303932313038373236352C2247445F5A223A302E303031393834383837323930373435393733362C2241445F58223A2D302E3030323339383238323238393530353030352C2241445F59223A302E3030323535303538363832353233363637382C2241445F5A223A2D302E31363538313135333836393632383930362C2254656D70447370223A302C22537461747573223A302C2243616C69625374617465223A312C22536967416D70496E76616C6964223A307D7DD829
05-27 18:43:35.561 13911 14183 I SentryImuMcuAngleSender: 179.97195rollDeg
05-27 18:43:35.561 13911 14183 I SentryImuMcuAngleSender: 1,0,0
05-27 18:43:35.561   536   536 D commservice260303: bufferevent_write retrun value = 0
05-27 18:43:35.561   536   560 D commservice260303: client datas send succeed,send finish
05-27 18:43:35.563   581   581 I SpiService: fgesysctrl_getGPIO_status success val=0
05-27 18:43:35.563   481   597 I mcuc    : send SPI:6AA602D326000289007A6AA602D3270002890079
05-27 18:43:35.563 13911 14192 D Sentinelmode_1.2.5.17_sentry: <SentryImuClusterFgeSender>imu_status sent to Linux, frame=244931, tsNs=10482799, tsMs=10, intervalMs=44, ad=(-0.0023982823,0.0025505868,-0.16581154), gd=(-0.011910884,0.005115142,0.0019848873)
05-27 08:34:44.527   581   581 D spi_rst_gpio_get_output: GPIO 145 value: 0
05-27 08:34:44.527   581   581 D spidev_ioctl: gpio status=0)
05-27 18:43:35.567   572   572 I Sensors : 230 GyroSensor: x:-0.011759,y:0.004046,z:0.001908
05-27 18:43:35.571   536   560 D commservice260303: recv len:91, 5AA50057010000003D5D6A16CAD77B22636F6D6D616E64223A7B226964223A22686561727462656174222C22737562223A22227D2C22726573706F6E65223A7B22636F6465223A302C226D657373616765223A226F6B227D7D01A1 from server
05-27 18:43:35.571   536  2578 D commservice260303: mcuDataAnalyzeHandle templen:91,len:91,pos:0, 5AA50057010000003D5D6A16CAD77B22636F6D6D616E64223A7B226964223A22686561727462656174222C22737562223A22227D2C22726573706F6E65223A7B22636F6465223A302C226D657373616765223A226F6B227D7D01A1 
05-27 18:43:35.571   536  2578 I commservice260303: checksumCal = 417
05-27 18:43:35.571   536  2578 D commservice260303: Protocol_C2I_Commservice::dataproc {"command":{"id":"heartbeat","sub":""},"respone":{"code":0,"message":"ok"}},1
05-27 18:43:35.571   536  2578 D commservice260303: Protocol_C2I_Commservice::dataproc Receive a heartbeat command from Cluster, setTcpHeartbeat = EID_UID_HEARTBEAT
05-27 18:43:35.571   299 30841 D EvsDriver: forwardFrame
05-27 18:43:35.571   299 30844 D EvsDriver: forwardFrame
05-27 18:43:35.573   299 30841 D EvsDriver: Delivered 0xb400007b7ca56a60 as id 0
05-27 18:43:35.573   299 30844 D EvsDriver: Delivered 0xb400007b7ca56900 as id 0
05-27 18:43:35.573  1167  1479 D evsmanagerd: /dev/video6 forwarded the buffer #0 to 0xb4000074bf5f5510 from 0xb4000074bf5f6d90
05-27 18:43:35.573  1167  1167 D evsmanagerd: /dev/video4 forwarded the buffer #0 to 0xb4000074bf5f6850 from 0xb4000074bf5f41d0
05-27 18:43:35.575   299  1163 D EvsDriver: doneWithFrame
05-27 08:34:44.535   560   560 W audit   : audit_lost=35703 audit_rate_limit=5 audit_backlog_limit=64
05-27 08:34:44.535   560   560 E audit   : rate limit exceeded
05-27 18:43:35.576 13911 14131 D SVR_MNG_SvrMngProxy: getServer: mSvrManger is null
05-27 18:43:35.576 13911 14131 D SVR_MNG_SvrMngProxy: getNewStub: 
05-27 18:43:35.576 13911 14131 D SVR_MNG_SvrMngProxy: getNewStub: getSvrManagerService start
05-27 18:43:35.576   299  1163 D EvsDriver: doneWithFrame
05-27 18:43:35.577 13911 14131 D SVR_MNG_SvrMngProxy: getNewStub: getSvrManagerService end
05-27 18:43:35.577 13911 14131 D SVR_MNG_SvrMngProxy: getServer: svrMngService doesn't start
05-27 18:43:35.578   581   581 I SpiService: fgesysctrl_getGPIO_status success val=1
05-27 08:34:44.543   581   581 D spi_rst_gpio_get_output: GPIO 145 value: 1
05-27 08:34:44.543   581   581 D spidev_ioctl: gpio status=1)
05-27 18:43:35.581 13911 14183 I SentryImuMcuAngleSender: 179.97197rollDeg
05-27 18:43:35.581 13911 14183 I SentryImuMcuAngleSender: 1,0,0
05-27 18:43:35.583  1008 30856 D [OMXB]  : usingANWBuffer: handle:0xee744000, format:1, w:1920, h:1080
05-27 18:43:35.584   581   581 I SpiService: fgesysctrl_getGPIO_status success val=1
05-27 08:34:44.548   581   581 D spi_rst_gpio_get_output: GPIO 145 value: 1
05-27 08:34:44.548   581   581 D spidev_ioctl: gpio status=1)
05-27 18:43:35.589   581   581 I SpiService: fgesysctrl_getGPIO_status success val=1
05-27 08:34:44.554   581   581 D spi_rst_gpio_get_output: GPIO 145 value: 1
05-27 08:34:44.554   581   581 D spidev_ioctl: gpio status=1)
05-27 18:43:35.595   581   581 I SpiService: fgesysctrl_getGPIO_status success val=1
05-27 08:34:44.560   581   581 D spi_rst_gpio_get_output: GPIO 145 value: 1
05-27 08:34:44.560   581   581 D spidev_ioctl: gpio status=1)
05-27 18:43:35.599  1008 30857 D [OMXB]  : usingANWBuffer: handle:0xee744fd0, format:1, w:1920, h:1080
05-27 18:43:35.600   536   536 D commservice260303: msg.id = 1028,0
05-27 18:43:35.600   536   536 D commservice260303: i = 170, msgid = 8A000404
05-27 18:43:35.600   536   536 D commservice260303: msgid = -1979710460,did=138
05-27 18:43:35.600   536   536 D commservice260303: CommProtocolLibCmdBaseI2C::dataproc {"command":{"id":"imu_status","sub":""},"content":{"TimeStamp":10,"FrameCounter":244932,"GD_X":-0.012139749713242054,"GD_Y":0.004352083895355463,"GD_Z":0.0019079053308814764,"AD_X":-0.0036161988973617554,"AD_Y":-0.0011128531768918037,"AD_Z":-0.17313194274902344,"TempDsp":0,"Status":0,"CalibState":1,"SigAmpInvalid":0}},-1979710460
05-27 18:43:35.600   536   536 D commservice260303: send2Cluster len:319, 7B22636F6D6D616E64223A7B226964223A22696D755F737461747573222C22737562223A22227D2C22636F6E74656E74223A7B2254696D655374616D70223A31302C224672616D65436F756E746572223A3234343933322C2247445F58223A2D302E3031323133393734393731333234323035342C2247445F59223A302E3030343335323038333839353335353436332C2247445F5A223A302E303031393037393035333330383831343736342C2241445F58223A2D302E303033363136313938383937333631373535342C2241445F59223A2D302E303031313132383533313736383931383033372C2241445F5A223A2D302E31373331333139343237343930323334342C2254656D70447370223A302C22537461747573223A302C2243616C69625374617465223A312C22536967416D70496E76616C6964223A307D7D, 138 
05-27 18:43:35.600   536   536 D commservice260303: Push Message into SendPool fn=-218365184
05-27 18:43:35.600   536   536 D commservice260303: ComProtocolLibSend2Cluster::send2ClusterRaw fn=-218365184 , len=335
05-27 18:43:35.600   536   536 D commservice260303: sendCmdToPort :335!!!
05-27 18:43:35.600   536   536 D commservice260303: send Cmd To Port ++++5AA5014B8A010003FCF26A16CAD77B22636F6D6D616E64223A7B226964223A22696D755F737461747573222C22737562223A22227D2C22636F6E74656E74223A7B2254696D655374616D70223A31302C224672616D65436F756E746572223A3234343933322C2247445F58223A2D302E3031323133393734393731333234323035342C2247445F59223A302E3030343335323038333839353335353436332C2247445F5A223A302E303031393037393035333330383831343736342C2241445F58223A2D302E303033363136313938383937333631373535342C2241445F59223A2D302E303031313132383533313736383931383033372C2241445F5A223A2D302E31373331333139343237343930323334342C2254656D70447370223A302C22537461747573223A302C2243616C69625374617465223A312C22536967416D70496E76616C6964223A307D7D3608
05-27 18:43:35.600   536   536 D commservice260303: bufferevent_write retrun value = 0
05-27 18:43:35.600   536   560 D commservice260303: client datas send succeed,send finish
05-27 18:43:35.600 13911 14192 D Sentinelmode_1.2.5.17_sentry: <SentryImuClusterFgeSender>imu_status sent to Linux, frame=244932, tsNs=10482834, tsMs=10, intervalMs=38, ad=(-0.003616199,-0.0011128532,-0.17313194), gd=(-0.01213975,0.004352084,0.0019079053)
05-27 08:34:44.565   581   581 D spi_rst_gpio_get_output: GPIO 145 value: 0
05-27 08:34:44.565   581   581 D spidev_ioctl: gpio status=0)
05-27 18:43:35.601   581   581 I SpiService: fgesysctrl_getGPIO_status success val=0
05-27 18:43:35.601   299 30841 D EvsDriver: forwardFrame
05-27 18:43:35.601 13911 14183 I SentryImuMcuAngleSender: 179.993rollDeg
05-27 18:43:35.601 13911 14183 I SentryImuMcuAngleSender: 1,0,0
05-27 18:43:35.606  1167  1167 D evsmanagerd: /dev/video4 forwarded the buffer #0 to 0xb4000074bf5f6850 from 0xb4000074bf5f41d0
05-27 18:43:35.606 30773 30773 E dvr_service_: [myNum:0] Received S**** loss
05-27 18:43:35.607   299  1163 D EvsDriver: doneWithFrame
05-27 18:43:35.608   299 30844 D EvsDriver: forwardFrame
05-27 18:43:35.609   299 30841 D EvsDriver: Delivered 0xb400007b7ca56a60 as id 0
05-27 18:43:35.611   299 30844 D EvsDriver: Delivered 0xb400007b7ca56900 as id 0
05-27 18:43:35.611  1167  1167 D evsmanagerd: /dev/video6 forwarded the buffer #0 to 0xb4000074bf5f5510 from 0xb4000074bf5f6d90
05-27 18:43:35.612 30773 30773 E dvr_service_: [myNum:1] Received S**** loss
05-27 18:43:35.612   299  1163 D EvsDriver: doneWithFrame
05-27 18:43:35.616  1008 30856 D [OMXB]  : usingANWBuffer: handle:0xee7437c0, format:1, w:1920, h:1080
05-27 18:43:35.616   581   581 I SpiService: fgesysctrl_getGPIO_status success val=1
05-27 08:34:44.581   581   581 D spi_rst_gpio_get_output: GPIO 145 value: 1
05-27 08:34:44.581   581   581 D spidev_ioctl: gpio status=1)
05-27 18:43:35.617 30773 30789 I dvr_service_: Camera 0: MediaOK:25437237, frames:590, isKeyFrame:0,pts:10482495194
05-27 18:43:35.621 13911 14183 I SentryImuMcuAngleSender: 179.98598rollDeg
05-27 18:43:35.621 13911 14183 I SentryImuMcuAngleSender: 1,0,0
05-27 18:43:35.622   581   581 I SpiService: fgesysctrl_getGPIO_status success val=1
05-27 08:34:44.586   581   581 D spi_rst_gpio_get_output: GPIO 145 value: 1
05-27 08:34:44.586   581   581 D spidev_ioctl: gpio status=1)
05-27 18:43:35.626   283   307 I rvcservice: t.code = 3, t.value = 0
05-27 18:43:35.627   581   581 I SpiService: fgesysctrl_getGPIO_status success val=1
05-27 08:34:44.592   581   581 D spi_rst_gpio_get_output: GPIO 145 value: 1
05-27 08:34:44.592   581   581 D spidev_ioctl: gpio status=1)
05-27 18:43:35.632   299 30841 D EvsDriver: forwardFrame
05-27 18:43:35.632   581   581 I SpiService: fgesysctrl_getGPIO_status success val=1
05-27 08:34:44.597   581   581 D spi_rst_gpio_get_output: GPIO 145 value: 1
05-27 08:34:44.597   581   581 D spidev_ioctl: gpio status=1)
05-27 18:43:35.634  1167  1167 D evsmanagerd: /dev/video4 forwarded the buffer #0 to 0xb4000074bf5f6850 from 0xb4000074bf5f41d0
05-27 18:43:35.634   299 30841 D EvsDriver: Delivered 0xb400007b7ca56a60 as id 0
05-27 18:43:35.634   299 30844 D EvsDriver: forwardFrame
05-27 18:43:35.636   299 30844 D EvsDriver: Delivered 0xb400007b7ca56900 as id 0
05-27 18:43:35.636  1167  1167 D evsmanagerd: /dev/video6 forwarded the buffer #0 to 0xb4000074bf5f5510 from 0xb4000074bf5f6d90
05-27 18:43:35.638   581   581 I SpiService: fgesysctrl_getGPIO_status success val=1
05-27 18:43:35.638   299  1163 D EvsDriver: doneWithFrame
05-27 18:43:35.640   299  1163 D EvsDriver: doneWithFrame
05-27 18:43:35.641   536   536 D commservice260303: msg.id = 1028,1
05-27 18:43:35.641   536   536 D commservice260303: i = 170, msgid = 8A000404
05-27 18:43:35.641   536   536 D commservice260303: msgid = -1979710460,did=138
05-27 18:43:35.641   536   536 D commservice260303: CommProtocolLibCmdBaseI2C::dataproc {"command":{"id":"imu_status","sub":""},"content":{"TimeStamp":10,"FrameCounter":244933,"GD_X":-0.011377211660146713,"GD_Y":0.004580949433147907,"GD_Z":0.0022902146447449923,"AD_X":-0.0036074668169021606,"AD_Y":1.0990351438522339E-4,"AD_Z":-0.16703224182128906,"TempDsp":0,"Status":0,"CalibState":1,"SigAmpInvalid":0}},-1979710460
05-27 18:43:35.641   536   536 D commservice260303: send2Cluster len:318, 7B22636F6D6D616E64223A7B226964223A22696D755F737461747573222C22737562223A22227D2C22636F6E74656E74223A7B2254696D655374616D70223A31302C224672616D65436F756E746572223A3234343933332C2247445F58223A2D302E3031313337373231313636303134363731332C2247445F59223A302E3030343538303934393433333134373930372C2247445F5A223A302E303032323930323134363434373434393932332C2241445F58223A2D302E303033363037343636383136393032313630362C2241445F59223A312E30393930333531343338353232333339452D342C2241445F5A223A2D302E31363730333232343138323132383930362C2254656D70447370223A302C22537461747573223A302C2243616C69625374617465223A312C22536967416D70496E76616C6964223A307D7D, 138 
05-27 18:43:35.641   536   536 D commservice260303: Push Message into SendPool fn=-201587968
05-27 18:43:35.641   536   536 D commservice260303: ComProtocolLibSend2Cluster::send2ClusterRaw fn=-201587968 , len=334
05-27 18:43:35.641   536   536 D commservice260303: sendCmdToPort :334!!!
05-27 18:43:35.641   536   536 D commservice260303: send Cmd To Port ++++5AA5014A8A010003FCF36A16CAD77B22636F6D6D616E64223A7B226964223A22696D755F737461747573222C22737562223A22227D2C22636F6E74656E74223A7B2254696D655374616D70223A31302C224672616D65436F756E746572223A3234343933332C2247445F58223A2D302E3031313337373231313636303134363731332C2247445F59223A302E3030343538303934393433333134373930372C2247445F5A223A302E303032323930323134363434373434393932332C2241445F58223A2D302E303033363037343636383136393032313630362C2241445F59223A312E30393930333531343338353232333339452D342C2241445F5A223A2D302E31363730333232343138323132383930362C2254656D70447370223A302C22537461747573223A302C2243616C69625374617465223A312C22536967416D70496E76616C6964223A307D7DD523
05-27 18:43:35.641   536   536 D commservice260303: bufferevent_write retrun value = 0
05-27 18:43:35.642 13911 14192 D Sentinelmode_1.2.5.17_sentry: <SentryImuClusterFgeSender>imu_status sent to Linux, frame=244933, tsNs=10482870, tsMs=10, intervalMs=41, ad=(-0.0036074668,1.09903514E-4,-0.16703224), gd=(-0.011377212,0.0045809494,0.0022902146)
05-27 08:34:44.603   581   581 D spi_rst_gpio_get_output: GPIO 145 value: 1
05-27 08:34:44.603   581   581 D spidev_ioctl: gpio status=1)
05-27 18:43:35.642 13911 14183 I SentryImuMcuAngleSender: 179.98598rollDeg
05-27 18:43:35.642 13911 14183 I SentryImuMcuAngleSender: 1,0,0
05-27 18:43:35.642   536   560 D commservice260303: client datas send succeed,send finish
05-27 18:43:35.644   581   581 I SpiService: fgesysctrl_getGPIO_status success val=0
05-27 08:34:44.608   581   581 D spi_rst_gpio_get_output: GPIO 145 value: 0
05-27 08:34:44.608   581   581 D spidev_ioctl: gpio status=0)
05-27 18:43:35.649  1008 30856 D [OMXB]  : usingANWBuffer: handle:0xee746c00, format:1, w:1920, h:1080
05-27 18:43:35.657   581   581 I SpiService: fgesysctrl_getGPIO_status success val=1
05-27 18:43:35.660  1008 30857 D [OMXB]  : usingANWBuffer: handle:0xee742ed0, format:1, w:1920, h:1080
05-27 08:34:44.622   581   581 D spi_rst_gpio_get_output: GPIO 145 value: 1
05-27 08:34:44.622   581   581 D spidev_ioctl: gpio status=1)
05-27 08:34:44.625     0     0 W         : c6 [    C6] Irq_monitor:Irq                                           IPI[1]occur        6984 times interval 1028 ms
05-27 18:43:35.663 13911 14183 I SentryImuMcuAngleSender: 179.993rollDeg
05-27 18:43:35.663 13911 14183 I SentryImuMcuAngleSender: 1,0,0
05-27 18:43:35.663   581   581 I SpiService: fgesysctrl_getGPIO_status success val=1
05-27 08:34:44.628   581   581 D spi_rst_gpio_get_output: GPIO 145 value: 1
05-27 08:34:44.628   581   581 D spidev_ioctl: gpio status=1)
05-27 18:43:35.668   581   581 I SpiService: fgesysctrl_getGPIO_status success val=1
05-27 08:34:44.633   581   581 D spi_rst_gpio_get_output: GPIO 145 value: 1
05-27 08:34:44.633   581   581 D spidev_ioctl: gpio status=1)
05-27 18:43:35.671   299 30844 D EvsDriver: forwardFrame
05-27 18:43:35.671   299 30841 D EvsDriver: forwardFrame
05-27 18:43:35.672   299 30844 D EvsDriver: Delivered 0xb400007b7ca56900 as id 0
05-27 18:43:35.672  1083  1083 I MyAppLog: [2026-05-27 18:43:35.671 I tboxap mcuSendYadiTransfer:196] [Mcu] [mcuYadiSend]: :00 08 88 04 01 09 81 02 01 01
05-27 18:43:35.672  1167  1167 D evsmanagerd: /dev/video6 forwarded the buffer #0 to 0xb4000074bf5f5510 from 0xb4000074bf5f6d90
05-27 18:43:35.672   299 30841 D EvsDriver: Delivered 0xb400007b7ca56a60 as id 0
05-27 18:43:35.672  1167  1479 D evsmanagerd: /dev/video4 forwarded the buffer #0 to 0xb4000074bf5f6850 from 0xb4000074bf5f41d0
05-27 18:43:35.674   581   581 I SpiService: fgesysctrl_getGPIO_status success val=1
05-27 18:43:35.675   299  1153 D EvsDriver: doneWithFrame
05-27 18:43:35.675   299  1163 D EvsDriver: doneWithFrame
05-27 18:43:35.675   481   599 I mcuc    : start timer OK = 29537 
05-27 18:43:35.675   572   622 I Sensors : 230 AccelSensor: x:-0.170800,y:-0.001220,z:-9.973500
05-27 08:34:44.639   581   581 D spi_rst_gpio_get_output: GPIO 145 value: 1
05-27 08:34:44.639   581   581 D spidev_ioctl: gpio status=1)
05-27 18:43:35.680   536   536 D commservice260303: msg.id = 1028,1
05-27 18:43:35.680   581   581 I SpiService: fgesysctrl_getGPIO_status success val=1
05-27 18:43:35.680   536   536 D commservice260303: i = 170, msgid = 8A000404
05-27 18:43:35.680   536   536 D commservice260303: msgid = -1979710460,did=138
05-27 18:43:35.680   536   536 D commservice260303: CommProtocolLibCmdBaseI2C::dataproc {"command":{"id":"imu_status","sub":""},"content":{"TimeStamp":10,"FrameCounter":244934,"GD_X":-0.011759000830352306,"GD_Y":0.0048857564106583595,"GD_Z":0.002519079949706793,"AD_X":-0.004815608263015747,"AD_Y":-0.0035354383289813995,"AD_Z":-0.16825294494628906,"TempDsp":0,"Status":0,"CalibState":1,"SigAmpInvalid":0}},-1979710460
05-27 18:43:35.680   536   536 D commservice260303: send2Cluster len:318, 7B22636F6D6D616E64223A7B226964223A22696D755F737461747573222C22737562223A22227D2C22636F6E74656E74223A7B2254696D655374616D70223A31302C224672616D65436F756E746572223A3234343933342C2247445F58223A2D302E3031313735393030303833303335323330362C2247445F59223A302E303034383835373536343130363538333539352C2247445F5A223A302E3030323531393037393934393730363739332C2241445F58223A2D302E3030343831353630383236333031353734372C2241445F59223A2D302E303033353335343338333238393831333939352C2241445F5A223A2D302E31363832353239343439343632383930362C2254656D70447370223A302C22537461747573223A302C2243616C69625374617465223A312C22536967416D70496E76616C6964223A307D7D, 138 
05-27 18:43:35.680   536   536 D commservice260303: Push Message into SendPool fn=-184810752
05-27 18:43:35.680   536   536 D commservice260303: ComProtocolLibSend2Cluster::send2ClusterRaw fn=-184810752 , len=334
05-27 18:43:35.680   536   536 D commservice260303: sendCmdToPort :334!!!
05-27 18:43:35.680   536   536 D commservice260303: send Cmd To Port ++++5AA5014A8A010003FCF46A16CAD77B22636F6D6D616E64223A7B226964223A22696D755F737461747573222C22737562223A22227D2C22636F6E74656E74223A7B2254696D655374616D70223A31302C224672616D65436F756E746572223A3234343933342C2247445F58223A2D302E3031313735393030303833303335323330362C2247445F59223A302E303034383835373536343130363538333539352C2247445F5A223A302E3030323531393037393934393730363739332C2241445F58223A2D302E3030343831353630383236333031353734372C2241445F59223A2D302E303033353335343338333238393831333939352C2241445F5A223A2D302E31363832353239343439343632383930362C2254656D70447370223A302C22537461747573223A302C2243616C69625374617465223A312C22536967416D70496E76616C6964223A307D7D19DB
05-27 18:43:35.681   536   536 D commservice260303: bufferevent_write retrun value = 0
05-27 18:43:35.681   536   560 D commservice260303: client datas send succeed,send finish
05-27 18:43:35.681 13911 14192 D Sentinelmode_1.2.5.17_sentry: <SentryImuClusterFgeSender>imu_status sent to Linux, frame=244934, tsNs=10482924, tsMs=10, intervalMs=39, ad=(-0.0048156083,-0.0035354383,-0.16825294), gd=(-0.011759001,0.0048857564,0.00251908)
05-27 08:34:44.645   581   581 D spi_rst_gpio_get_output: GPIO 145 value: 1
05-27 08:34:44.645   581   581 D spidev_ioctl: gpio status=1)
05-27 18:43:35.683 13911 14183 I SentryImuMcuAngleSender: -179.99298rollDeg
05-27 18:43:35.683 13911 14183 I SentryImuMcuAngleSender: 1,0,0
05-27 18:43:35.686   581   581 I SpiService: fgesysctrl_getGPIO_status success val=0
05-27 18:43:35.686   481   597 I mcuc    : send SPI:6AA601736100F809018804010981020101000000000000000000000000000000000000000000000000000000000000000000000000000000000000000000000000000000000000000000000000000000000000000000000000000000000000000000000000000000000000000000000000000000000000000000000000000000000000000000000000000000000000000000000000000000000000000000000000000000000000000000000000000000000000000000000000000000000000000000000000000000000000000000000000000000000000000000000000000000000000000000000000000000000000000000000000000000000000000000000E
05-27 08:34:44.650   581   581 D spi_rst_gpio_get_output: GPIO 145 value: 0
05-27 08:34:44.650   581   581 D spidev_ioctl: gpio status=0)
05-27 18:43:35.692  1008 30857 D [OMXB]  : usingANWBuffer: handle:0xee745600, format:1, w:1920, h:1080
05-27 18:43:35.701   581   581 I SpiService: fgesysctrl_getGPIO_status success val=1
05-27 18:43:35.703 30773 30786 I dvr_service_: CameraX 1  audioOK: 25536000,audios:400
05-27 18:43:35.704 13911 14183 I SentryImuMcuAngleSender: 180.0rollDeg
05-27 18:43:35.704 13911 14183 I SentryImuMcuAngleSender: 1,0,0
05-27 08:34:44.666   581   581 D spi_rst_gpio_get_output: GPIO 145 value: 1
05-27 08:34:44.666   581   581 D spidev_ioctl: gpio status=1)
05-27 18:43:35.705   299 30841 D EvsDriver: forwardFrame
05-27 18:43:35.706   299 30844 D EvsDriver: forwardFrame
05-27 18:43:35.707   581   581 I SpiService: fgesysctrl_getGPIO_status success val=1
05-27 18:43:35.708   299 30841 D EvsDriver: Delivered 0xb400007b7ca56a60 as id 0
05-27 18:43:35.708  1167  1479 D evsmanagerd: /dev/video4 forwarded the buffer #0 to 0xb4000074bf5f6850 from 0xb4000074bf5f41d0
05-27 18:43:35.708   299 30844 D EvsDriver: Delivered 0xb400007b7ca56900 as id 0
05-27 18:43:35.708  1167  1167 D evsmanagerd: /dev/video6 forwarded the buffer #0 to 0xb4000074bf5f5510 from 0xb4000074bf5f6d90
05-27 08:34:44.672   581   581 D spi_rst_gpio_get_output: GPIO 145 value: 1
05-27 08:34:44.672   581   581 D spidev_ioctl: gpio status=1)
05-27 18:43:35.710   299  1163 D EvsDriver: doneWithFrame
05-27 18:43:35.712  1008 30856 D [OMXB]  : usingANWBuffer: handle:0xee743ea0, format:1, w:1920, h:1080
05-27 18:43:35.712   299  1163 D EvsDriver: doneWithFrame
05-27 18:43:35.713   581   581 I SpiService: fgesysctrl_getGPIO_status success val=1
05-27 08:34:44.678   581   581 D spi_rst_gpio_get_output: GPIO 145 value: 1
05-27 08:34:44.678   581   581 D spidev_ioctl: gpio status=1)
05-27 18:43:35.719   581   581 I SpiService: fgesysctrl_getGPIO_status success val=1
05-27 18:43:35.720   536   536 D commservice260303: msg.id = 1028,1
05-27 18:43:35.720   536   536 D commservice260303: i = 170, msgid = 8A000404
05-27 18:43:35.720   536   536 D commservice260303: msgid = -1979710460,did=138
05-27 18:43:35.720   536   536 D commservice260303: CommProtocolLibCmdBaseI2C::dataproc {"command":{"id":"imu_status","sub":""},"content":{"TimeStamp":10,"FrameCounter":244935,"GD_X":-0.011453153565526009,"GD_Y":0.005268065724521875,"GD_Z":0.002443138277158141,"AD_X":-0.004195794463157654,"AD_Y":1.3210182078182697E-4,"AD_Z":-0.16825294494628906,"TempDsp":0,"Status":0,"CalibState":1,"SigAmpInvalid":0}},-1979710460
