05-27 08:34:42.858   581   581 D spi_rst_gpio_get_output: GPIO 145 value: 1
05-27 08:34:42.858   581   581 D spidev_ioctl: gpio status=1)
05-27 18:43:33.898   581   581 I SpiService: fgesysctrl_getGPIO_status success val=1
05-27 08:34:42.863   581   581 D spi_rst_gpio_get_output: GPIO 145 value: 1
05-27 08:34:42.863   581   581 D spidev_ioctl: gpio status=1)
05-27 18:43:33.904   581   581 I SpiService: fgesysctrl_getGPIO_status success val=1
05-27 18:43:33.904 30773 30795 D BufferPoolAccessor2.0: bufferpool2 0xb400007447813a38 : 4(16384 size) total buffers - 4(16384 size) used buffers - 0/5 (recycle/alloc) - 164/271736 (fetch/transfer)
05-27 08:34:42.868   581   581 D spi_rst_gpio_get_output: GPIO 145 value: 1
05-27 08:34:42.868   581   581 D spidev_ioctl: gpio status=1)
05-27 18:43:33.906  1008 30856 D [OMXB]  : usingANWBuffer: handle:0xee746cb0, format:1, w:1920, h:1080
05-27 18:43:33.908   572   622 I Sensors : 230 AccelSensor: x:-0.165920,y:0.004880,z:-9.972890
05-27 18:43:33.909   299 30841 D EvsDriver: forwardFrame
05-27 18:43:33.910   581   581 I SpiService: fgesysctrl_getGPIO_status success val=1
05-27 18:43:33.910   299 30844 D EvsDriver: forwardFrame
05-27 08:34:42.874   581   581 D spi_rst_gpio_get_output: GPIO 145 value: 1
05-27 08:34:42.874   581   581 D spidev_ioctl: gpio status=1)
05-27 18:43:33.911  1167  1167 D evsmanagerd: /dev/video4 forwarded the buffer #0 to 0xb4000074bf5f6850 from 0xb4000074bf5f41d0
05-27 18:43:33.912   299 30841 D EvsDriver: Delivered 0xb400007b7ca56a60 as id 0
05-27 18:43:33.916   581   581 I SpiService: fgesysctrl_getGPIO_status success val=0
05-27 18:43:33.916 13911 14183 I SentryImuMcuAngleSender: 179.97197rollDeg
05-27 18:43:33.916 13911 14183 I SentryImuMcuAngleSender: 1,0,0
05-27 18:43:33.916  1167  1167 D evsmanagerd: /dev/video6 forwarded the buffer #0 to 0xb4000074bf5f5510 from 0xb4000074bf5f6d90
05-27 08:34:42.880   581   581 D spi_rst_gpio_get_output: GPIO 145 value: 0
05-27 08:34:42.880   581   581 D spidev_ioctl: gpio status=0)
05-27 18:43:33.919   299  1153 D EvsDriver: doneWithFrame
05-27 18:43:33.921   283   307 I rvcservice: t.code = 3, t.value = 0
05-27 18:43:33.922   299  1153 D EvsDriver: doneWithFrame
05-27 18:43:33.925  1008 30857 D [OMXB]  : usingANWBuffer: handle:0xee742530, format:1, w:1920, h:1080
05-27 18:43:33.931   581   581 I SpiService: fgesysctrl_getGPIO_status success val=1
05-27 18:43:33.931   299 30844 D EvsDriver: Delivered 0xb400007b7ca56900 as id 0
05-27 08:34:42.895   581   581 D spi_rst_gpio_get_output: GPIO 145 value: 1
05-27 08:34:42.895   581   581 D spidev_ioctl: gpio status=1)
05-27 08:34:42.901   581   581 D spi_rst_gpio_get_output: GPIO 145 value: 1
05-27 08:34:42.901   581   581 D spidev_ioctl: gpio status=1)
05-27 18:43:33.937   581   581 I SpiService: fgesysctrl_getGPIO_status success val=1
05-27 18:43:33.937   536   536 D commservice260303: msg.id = 1028,1
05-27 18:43:33.937   536   536 D commservice260303: i = 170, msgid = 8A000404
05-27 18:43:33.937   536   536 D commservice260303: msgid = -1979710460,did=138
05-27 18:43:33.937   536   536 D commservice260303: CommProtocolLibCmdBaseI2C::dataproc {"command":{"id":"imu_status","sub":""},"content":{"TimeStamp":10,"FrameCounter":244892,"GD_X":-0.011223767884075642,"GD_Y":0.005345047451555729,"GD_Z":0.0021378109231591225,"AD_X":-4.474222660064697E-4,"AD_Y":0.005139107815921307,"AD_Z":-0.1682577133178711,"TempDsp":0,"Status":0,"CalibState":1,"SigAmpInvalid":0}},-1979710460
05-27 18:43:33.937   536   536 D commservice260303: send2Cluster len:315, 7B22636F6D6D616E64223A7B226964223A22696D755F737461747573222C22737562223A22227D2C22636F6E74656E74223A7B2254696D655374616D70223A31302C224672616D65436F756E746572223A3234343839322C2247445F58223A2D302E3031313232333736373838343037353634322C2247445F59223A302E3030353334353034373435313535353732392C2247445F5A223A302E303032313337383130393233313539313232352C2241445F58223A2D342E343734323232363630303634363937452D342C2241445F59223A302E3030353133393130373831353932313330372C2241445F5A223A2D302E313638323537373133333137383731312C2254656D70447370223A302C22537461747573223A302C2243616C69625374617465223A312C22536967416D70496E76616C6964223A307D7D, 138 
05-27 18:43:33.937   536   536 D commservice260303: Push Message into SendPool fn=-906231040
05-27 18:43:33.937   536   536 D commservice260303: ComProtocolLibSend2Cluster::send2ClusterRaw fn=-906231040 , len=331
05-27 18:43:33.937   536   536 D commservice260303: sendCmdToPort :331!!!
05-27 18:43:33.938   536   536 D commservice260303: send Cmd To Port ++++5AA501478A010003FCC96A16CAD57B22636F6D6D616E64223A7B226964223A22696D755F737461747573222C22737562223A22227D2C22636F6E74656E74223A7B2254696D655374616D70223A31302C224672616D65436F756E746572223A3234343839322C2247445F58223A2D302E3031313232333736373838343037353634322C2247445F59223A302E3030353334353034373435313535353732392C2247445F5A223A302E303032313337383130393233313539313232352C2241445F58223A2D342E343734323232363630303634363937452D342C2241445F59223A302E3030353133393130373831353932313330372C2241445F5A223A2D302E313638323537373133333137383731312C2254656D70447370223A302C22537461747573223A302C2243616C69625374617465223A312C22536967416D70496E76616C6964223A307D7D1013
05-27 18:43:33.938   536   536 D commservice260303: bufferevent_write retrun value = 0
05-27 18:43:33.938   536   560 D commservice260303: client datas send succeed,send finish
05-27 18:43:33.940 13911 14192 D Sentinelmode_1.2.5.17_sentry: <SentryImuClusterFgeSender>imu_status sent to Linux, frame=244892, tsNs=10481176, tsMs=10, intervalMs=46, ad=(-4.4742227E-4,0.005139108,-0.16825771), gd=(-0.011223768,0.0053450475,0.002137811)
05-27 18:43:33.940 13911 14183 I SentryImuMcuAngleSender: 179.95795rollDeg
05-27 18:43:33.940 13911 14183 I SentryImuMcuAngleSender: 1,0,0
05-27 18:43:33.942   581   581 I SpiService: fgesysctrl_getGPIO_status success val=1
05-27 18:43:33.942  1008 30856 D [OMXB]  : usingANWBuffer: handle:0xee740170, format:1, w:1920, h:1080
05-27 08:34:42.907   581   581 D spi_rst_gpio_get_output: GPIO 145 value: 1
05-27 08:34:42.907   581   581 D spidev_ioctl: gpio status=1)
05-27 18:43:33.945   299 30844 D EvsDriver: forwardFrame
05-27 18:43:33.946   299 30844 D EvsDriver: Delivered 0xb400007b7ca56900 as id 0
05-27 18:43:33.946   299 30841 D EvsDriver: forwardFrame
05-27 18:43:33.946  1167  1167 D evsmanagerd: /dev/video6 forwarded the buffer #0 to 0xb4000074bf5f5510 from 0xb4000074bf5f6d90
05-27 18:43:33.947 30773 30773 E dvr_service_: [myNum:1] Received S**** loss
05-27 18:43:33.947   299 30841 D EvsDriver: Delivered 0xb400007b7ca56a60 as id 0
05-27 18:43:33.947  1167  1479 D evsmanagerd: /dev/video4 forwarded the buffer #0 to 0xb4000074bf5f6850 from 0xb4000074bf5f41d0
05-27 18:43:33.947 30773 30783 E dvr_service_: [myNum:0] Received S**** loss
05-27 18:43:33.947   581   581 I SpiService: fgesysctrl_getGPIO_status success val=1
05-27 18:43:33.948   299  1153 D EvsDriver: doneWithFrame
05-27 18:43:33.948   299  1163 D EvsDriver: doneWithFrame
05-27 08:34:42.912   581   581 D spi_rst_gpio_get_output: GPIO 145 value: 1
05-27 08:34:42.912   581   581 D spidev_ioctl: gpio status=1)
05-27 18:43:33.953   581   581 I SpiService: fgesysctrl_getGPIO_status success val=1
05-27 08:34:42.917   581   581 D spi_rst_gpio_get_output: GPIO 145 value: 1
05-27 08:34:42.917   581   581 D spidev_ioctl: gpio status=1)
05-27 18:43:33.958   581   581 I SpiService: fgesysctrl_getGPIO_status success val=0
05-27 08:34:42.923   581   581 D spi_rst_gpio_get_output: GPIO 145 value: 0
05-27 08:34:42.923   581   581 D spidev_ioctl: gpio status=0)
05-27 18:43:33.961 13911 14183 I SentryImuMcuAngleSender: 179.95795rollDeg
05-27 18:43:33.962 13911 14183 I SentryImuMcuAngleSender: 1,0,0
05-27 18:43:33.969  1008 30857 D [OMXB]  : usingANWBuffer: handle:0xee742480, format:1, w:1920, h:1080
05-27 18:43:33.973   581   581 I SpiService: fgesysctrl_getGPIO_status success val=1
05-27 18:43:33.974   299 30841 D EvsDriver: forwardFrame
05-27 18:43:33.975   299 30844 D EvsDriver: forwardFrame
05-27 08:34:42.938   581   581 D spi_rst_gpio_get_output: GPIO 145 value: 1
05-27 08:34:42.938   581   581 D spidev_ioctl: gpio status=1)
05-27 18:43:33.977   299 30841 D EvsDriver: Delivered 0xb400007b7ca56a60 as id 0
05-27 18:43:33.977  1167  1167 D evsmanagerd: /dev/video4 forwarded the buffer #0 to 0xb4000074bf5f6850 from 0xb4000074bf5f41d0
05-27 08:34:42.943   581   581 D spi_rst_gpio_get_output: GPIO 145 value: 1
05-27 08:34:42.943   581   581 D spidev_ioctl: gpio status=1)
05-27 18:43:33.978   299 30844 D EvsDriver: Delivered 0xb400007b7ca56900 as id 0
05-27 18:43:33.978   536   536 D commservice260303: msg.id = 1028,0
05-27 18:43:33.978  1167  1167 D evsmanagerd: /dev/video6 forwarded the buffer #0 to 0xb4000074bf5f5510 from 0xb4000074bf5f6d90
05-27 18:43:33.979   581   581 I SpiService: fgesysctrl_getGPIO_status success val=1
05-27 18:43:33.980   536   536 D commservice260303: i = 170, msgid = 8A000404
05-27 18:43:33.981   536   536 D commservice260303: msgid = -1979710460,did=138
05-27 18:43:33.981   536   536 D commservice260303: CommProtocolLibCmdBaseI2C::dataproc {"command":{"id":"imu_status","sub":""},"content":{"TimeStamp":10,"FrameCounter":244893,"GD_X":-0.011759000830352306,"GD_Y":0.005345047451555729,"GD_Z":0.0019848872907459736,"AD_X":-0.0022845566272735596,"AD_Y":0.0032827965915203094,"AD_Z":-0.1682577133178711,"TempDsp":0,"Status":0,"CalibState":1,"SigAmpInvalid":0}},-1979710460
05-27 18:43:33.981   536   536 D commservice260303: send2Cluster len:317, 7B22636F6D6D616E64223A7B226964223A22696D755F737461747573222C22737562223A22227D2C22636F6E74656E74223A7B2254696D655374616D70223A31302C224672616D65436F756E746572223A3234343839332C2247445F58223A2D302E3031313735393030303833303335323330362C2247445F59223A302E3030353334353034373435313535353732392C2247445F5A223A302E303031393834383837323930373435393733362C2241445F58223A2D302E303032323834353536363237323733353539362C2241445F59223A302E303033323832373936353931353230333039342C2241445F5A223A2D302E313638323537373133333137383731312C2254656D70447370223A302C22537461747573223A302C2243616C69625374617465223A312C22536967416D70496E76616C6964223A307D7D, 138 
05-27 18:43:33.981   536   536 D commservice260303: Push Message into SendPool fn=-889453824
05-27 18:43:33.981   536   536 D commservice260303: ComProtocolLibSend2Cluster::send2ClusterRaw fn=-889453824 , len=333
05-27 18:43:33.981   536   536 D commservice260303: sendCmdToPort :333!!!
05-27 18:43:33.981   536   536 D commservice260303: send Cmd To Port ++++5AA501498A010003FCCA6A16CAD57B22636F6D6D616E64223A7B226964223A22696D755F737461747573222C22737562223A22227D2C22636F6E74656E74223A7B2254696D655374616D70223A31302C224672616D65436F756E746572223A3234343839332C2247445F58223A2D302E3031313735393030303833303335323330362C2247445F59223A302E3030353334353034373435313535353732392C2247445F5A223A302E303031393834383837323930373435393733362C2241445F58223A2D302E303032323834353536363237323733353539362C2241445F59223A302E303033323832373936353931353230333039342C2241445F5A223A2D302E313638323537373133333137383731312C2254656D70447370223A302C22537461747573223A302C2243616C69625374617465223A312C22536967416D70496E76616C6964223A307D7DF268
05-27 18:43:33.982   536   536 D commservice260303: bufferevent_write retrun value = 0
05-27 18:43:33.982   536   560 D commservice260303: client datas send succeed,send finish
05-27 18:43:33.982   299  1163 D EvsDriver: doneWithFrame
05-27 18:43:33.982 13911 14192 D Sentinelmode_1.2.5.17_sentry: <SentryImuClusterFgeSender>imu_status sent to Linux, frame=244893, tsNs=10481212, tsMs=10, intervalMs=43, ad=(-0.0022845566,0.0032827966,-0.16825771), gd=(-0.011759001,0.0053450475,0.0019848873)
05-27 18:43:33.983 13911 14183 I SentryImuMcuAngleSender: 179.96497rollDeg
05-27 18:43:33.983 13911 14183 I SentryImuMcuAngleSender: 1,0,0
05-27 18:43:33.984   581   581 I SpiService: fgesysctrl_getGPIO_status success val=1
05-27 18:43:33.984   299  1163 D EvsDriver: doneWithFrame
05-27 08:34:42.949   581   581 D spi_rst_gpio_get_output: GPIO 145 value: 1
05-27 08:34:42.949   581   581 D spidev_ioctl: gpio status=1)
05-27 18:43:33.989  1008 30856 D [OMXB]  : usingANWBuffer: handle:0xee742270, format:1, w:1920, h:1080
05-27 18:43:33.990   581   581 I SpiService: fgesysctrl_getGPIO_status success val=1
05-27 08:34:42.954   581   581 D spi_rst_gpio_get_output: GPIO 145 value: 1
05-27 08:34:42.954   581   581 D spidev_ioctl: gpio status=1)
05-27 08:34:42.960   581   581 D spi_rst_gpio_get_output: GPIO 145 value: 1
05-27 08:34:42.960   581   581 D spidev_ioctl: gpio status=1)
05-27 18:43:33.995   581   581 I SpiService: fgesysctrl_getGPIO_status success val=1
05-27 18:43:33.997   572   572 I Sensors : 230 GyroSensor: x:-0.012370,y:0.005497,z:0.002443
05-27 18:43:34.001   581   581 I SpiService: fgesysctrl_getGPIO_status success val=0
05-27 18:43:34.001   299 30841 D EvsDriver: forwardFrame
05-27 18:43:34.001   299 30844 D EvsDriver: forwardFrame
05-27 18:43:34.004   299 30844 D EvsDriver: Delivered 0xb400007b7ca56900 as id 0
05-27 18:43:34.004  1167  1167 D evsmanagerd: /dev/video6 forwarded the buffer #0 to 0xb4000074bf5f5510 from 0xb4000074bf5f6d90
05-27 18:43:34.004 13911 14183 I SentryImuMcuAngleSender: 179.97899rollDeg
05-27 18:43:34.004 13911 14183 I SentryImuMcuAngleSender: 1,0,0
05-27 08:34:42.966   581   581 D spi_rst_gpio_get_output: GPIO 145 value: 0
05-27 08:34:42.966   581   581 D spidev_ioctl: gpio status=0)
05-27 18:43:34.007  1167  1167 D evsmanagerd: /dev/video4 forwarded the buffer #0 to 0xb4000074bf5f6850 from 0xb4000074bf5f41d0
05-27 18:43:34.007   299 30841 D EvsDriver: Delivered 0xb400007b7ca56a60 as id 0
05-27 18:43:34.010   299  1163 D EvsDriver: doneWithFrame
05-27 18:43:34.011   299  1163 D EvsDriver: doneWithFrame
05-27 18:43:34.017   536   536 D commservice260303: msg.id = 1028,1
05-27 18:43:34.017   536   536 D commservice260303: i = 170, msgid = 8A000404
05-27 18:43:34.017   536   536 D commservice260303: msgid = -1979710460,did=138
05-27 18:43:34.017   536   536 D commservice260303: CommProtocolLibCmdBaseI2C::dataproc {"command":{"id":"imu_status","sub":""},"content":{"TimeStamp":10,"FrameCounter":244894,"GD_X":-0.011834942735731602,"GD_Y":0.0056498548947274685,"GD_Z":0.0021378109231591225,"AD_X":-0.00471419095993042,"AD_Y":-0.0016082843067124486,"AD_Z":-0.1670370101928711,"TempDsp":0,"Status":0,"CalibState":1,"SigAmpInvalid":0}},-1979710460
05-27 18:43:34.017   536   536 D commservice260303: send2Cluster len:317, 7B22636F6D6D616E64223A7B226964223A22696D755F737461747573222C22737562223A22227D2C22636F6E74656E74223A7B2254696D655374616D70223A31302C224672616D65436F756E746572223A3234343839342C2247445F58223A2D302E3031313833343934323733353733313630322C2247445F59223A302E303035363439383534383934373237343638352C2247445F5A223A302E303032313337383130393233313539313232352C2241445F58223A2D302E30303437313431393039353939333034322C2241445F59223A2D302E303031363038323834333036373132343438362C2241445F5A223A2D302E313637303337303130313932383731312C2254656D70447370223A302C22537461747573223A302C2243616C69625374617465223A312C22536967416D70496E76616C6964223A307D7D, 138 
05-27 18:43:34.017   536   536 D commservice260303: Push Message into SendPool fn=-872676608
05-27 18:43:34.017   536   536 D commservice260303: ComProtocolLibSend2Cluster::send2ClusterRaw fn=-872676608 , len=333
05-27 18:43:34.017   536   536 D commservice260303: sendCmdToPort :333!!!
05-27 18:43:34.017   536   536 D commservice260303: send Cmd To Port ++++5AA501498A010003FCCB6A16CAD67B22636F6D6D616E64223A7B226964223A22696D755F737461747573222C22737562223A22227D2C22636F6E74656E74223A7B2254696D655374616D70223A31302C224672616D65436F756E746572223A3234343839342C2247445F58223A2D302E3031313833343934323733353733313630322C2247445F59223A302E303035363439383534383934373237343638352C2247445F5A223A302E303032313337383130393233313539313232352C2241445F58223A2D302E30303437313431393039353939333034322C2241445F59223A2D302E303031363038323834333036373132343438362C2241445F5A223A2D302E313637303337303130313932383731312C2254656D70447370223A302C22537461747573223A302C2243616C69625374617465223A312C22536967416D70496E76616C6964223A307D7D7F1E
05-27 18:43:34.017  1008 30857 D [OMXB]  : usingANWBuffer: handle:0xee7412a0, format:1, w:1920, h:1080
05-27 18:43:34.017   581   581 I SpiService: fgesysctrl_getGPIO_status success val=1
05-27 18:43:34.017   536   536 D commservice260303: bufferevent_write retrun value = 0
05-27 18:43:34.018   536   560 D commservice260303: client datas send succeed,send finish
05-27 18:43:34.018 13911 14192 D Sentinelmode_1.2.5.17_sentry: <SentryImuClusterFgeSender>imu_status sent to Linux, frame=244894, tsNs=10481265, tsMs=10, intervalMs=36, ad=(-0.004714191,-0.0016082843,-0.16703701), gd=(-0.011834943,0.005649855,0.002137811)
05-27 08:34:42.982   581   581 D spi_rst_gpio_get_output: GPIO 145 value: 1
05-27 08:34:42.982   581   581 D spidev_ioctl: gpio status=1)
05-27 18:43:34.021   283   307 I rvcservice: t.code = 0, t.value = 0
05-27 18:43:34.023   581   581 I SpiService: fgesysctrl_getGPIO_status success val=1
05-27 18:43:34.024 13911 14183 I SentryImuMcuAngleSender: 179.99649rollDeg
05-27 18:43:34.024 13911 14183 I SentryImuMcuAngleSender: 1,0,0
05-27 08:34:42.988   581   581 D spi_rst_gpio_get_output: GPIO 145 value: 1
05-27 08:34:42.988   581   581 D spidev_ioctl: gpio status=1)
05-27 18:43:34.029   581   581 I SpiService: fgesysctrl_getGPIO_status success val=1
05-27 18:43:34.031   299 30841 D EvsDriver: forwardFrame
05-27 08:34:42.994   581   581 D spi_rst_gpio_get_output: GPIO 145 value: 1
05-27 08:34:42.994   581   581 D spidev_ioctl: gpio status=1)
05-27 18:43:34.034   299 30841 D EvsDriver: Delivered 0xb400007b7ca56a60 as id 0
05-27 18:43:34.034  1167  1167 D evsmanagerd: /dev/video4 forwarded the buffer #0 to 0xb4000074bf5f6850 from 0xb4000074bf5f41d0
05-27 18:43:34.035   581   581 I SpiService: fgesysctrl_getGPIO_status success val=1
05-27 08:34:42.999   581   581 D spi_rst_gpio_get_output: GPIO 145 value: 1
05-27 08:34:42.999   581   581 D spidev_ioctl: gpio status=1)
05-27 18:43:34.037   299  1163 D EvsDriver: doneWithFrame
05-27 18:43:34.038   299 30844 D EvsDriver: forwardFrame
05-27 18:43:34.040   299 30844 D EvsDriver: Delivered 0xb400007b7ca56900 as id 0
05-27 18:43:34.040  1167  1167 D evsmanagerd: /dev/video6 forwarded the buffer #0 to 0xb4000074bf5f5510 from 0xb4000074bf5f6d90
05-27 18:43:34.040   581   581 I SpiService: fgesysctrl_getGPIO_status success val=0
05-27 08:34:43.005   581   581 D spi_rst_gpio_get_output: GPIO 145 value: 0
05-27 08:34:43.005   581   581 D spidev_ioctl: gpio status=0)
05-27 18:43:34.044   299  1163 D EvsDriver: doneWithFrame
05-27 18:43:34.044 13911 14183 I SentryImuMcuAngleSender: 180.0rollDeg
05-27 18:43:34.044 13911 14183 I SentryImuMcuAngleSender: 1,0,0
05-27 18:43:34.050  1008 30856 D [OMXB]  : usingANWBuffer: handle:0xee7407a0, format:1, w:1920, h:1080
05-27 18:43:34.052 30773 30789 I dvr_service_: Camera 0: MediaOK:23837811, frames:560, isKeyFrame:0,pts:10480895768
05-27 18:43:34.055   581   581 I SpiService: fgesysctrl_getGPIO_status success val=1
05-27 18:43:34.055   481   598 I mcuc    : rev,n=1,6AA681D31F00148900E9060003080101010101010101010103FF01E9
05-27 18:43:34.055   351   373 D automotive.vehicle@2.0-adayo-datacomm-mcu: MCUDatacomm sendMessageFromVehicle prop: 0x89, areaId: 0x0, status: 0xe9, timestamp: 0x6
05-27 18:43:34.055   351   373 D automotive.vehicle@2.0-adayo-datacomm-mcu: MCUDatacomm 1sendMessageFromVehicle ---> type = 3 
05-27 18:43:34.055   351   373 D automotive.vehicle@2.0-adayo-func-bcm: sendMessageFromVehicle sendMessageFromVehicle
05-27 18:43:34.055   351   516 D automotive.vehicle@2.0-adayo-func-bcm: jjfan1 ______procotolSize :13
05-27 18:43:34.055   351   516 D automotive.vehicle@2.0-adayo-func-bcm: BCMFunc sendMessageFromVehicle_l dataType: 12,mByte=7,propid=0x21400056
05-27 18:43:34.055   351   516 D automotive.vehicle@2.0-adayo-func-bcm: BCMFunc sendMessageFromVehicle_l msgBuff[7]=0x1,start:0,len:8,temp:8,
05-27 18:43:34.055   351   516 D automotive.vehicle@2.0-adayo-func-bcm: BCMFunc sendMessageFromVehicle_l prop: 0x21400056 ,areaId: 0x0  SPLITE_BIT_DATA_INTEGER : 1
05-27 18:43:34.055   351   516 D automotive.vehicle@2.0-adayo-func-bcm: BCMFunc sendMessageFromVehicle_l id:557842518, area:0 not report! 
05-27 18:43:34.055   351   516 D automotive.vehicle@2.0-adayo-func-bcm: BCMFunc sendMessageFromVehicle_l dataType: 12,mByte=8,propid=0x21400057
05-27 18:43:34.055   351   516 D automotive.vehicle@2.0-adayo-func-bcm: BCMFunc sendMessageFromVehicle_l msgBuff[8]=0x1,start:0,len:8,temp:8,
05-27 18:43:34.055   351   516 D automotive.vehicle@2.0-adayo-func-bcm: BCMFunc sendMessageFromVehicle_l prop: 0x21400057 ,areaId: 0x0  SPLITE_BIT_DATA_INTEGER : 1
05-27 18:43:34.055   351   516 D automotive.vehicle@2.0-adayo-func-bcm: BCMFunc sendMessageFromVehicle_l id:557842519, area:0 not report! 
05-27 18:43:34.055   351   516 D automotive.vehicle@2.0-adayo-func-bcm: BCMFunc sendMessageFromVehicle_l dataType: 12,mByte=9,propid=0x21400058
05-27 18:43:34.056   351   516 D automotive.vehicle@2.0-adayo-func-bcm: BCMFunc sendMessageFromVehicle_l msgBuff[9]=0x1,start:0,len:8,temp:8,
05-27 18:43:34.056   351   516 D automotive.vehicle@2.0-adayo-func-bcm: BCMFunc sendMessageFromVehicle_l prop: 0x21400058 ,areaId: 0x0  SPLITE_BIT_DATA_INTEGER : 1
05-27 18:43:34.056   351   516 D automotive.vehicle@2.0-adayo-func-bcm: BCMFunc sendMessageFromVehicle_l id:557842520, area:0 not report! 
05-27 18:43:34.056   351   516 D automotive.vehicle@2.0-adayo-func-bcm: BCMFunc sendMessageFromVehicle_l dataType: 12,mByte=10,propid=0x21400059
05-27 18:43:34.056   351   516 D automotive.vehicle@2.0-adayo-func-bcm: BCMFunc sendMessageFromVehicle_l msgBuff[10]=0x1,start:0,len:8,temp:8,
05-27 18:43:34.056   351   516 D automotive.vehicle@2.0-adayo-func-bcm: BCMFunc sendMessageFromVehicle_l prop: 0x21400059 ,areaId: 0x0  SPLITE_BIT_DATA_INTEGER : 1
05-27 18:43:34.056   351   516 D automotive.vehicle@2.0-adayo-func-bcm: BCMFunc sendMessageFromVehicle_l id:557842521, area:0 not report! 
05-27 18:43:34.056   351   516 D automotive.vehicle@2.0-adayo-func-bcm: BCMFunc sendMessageFromVehicle_l dataType: 12,mByte=11,propid=0x2140005a
05-27 18:43:34.056   351   516 D automotive.vehicle@2.0-adayo-func-bcm: BCMFunc sendMessageFromVehicle_l msgBuff[11]=0x1,start:0,len:8,temp:8,
05-27 18:43:34.056   351   516 D automotive.vehicle@2.0-adayo-func-bcm: BCMFunc sendMessageFromVehicle_l prop: 0x2140005a ,areaId: 0x0  SPLITE_BIT_DATA_INTEGER : 1
05-27 18:43:34.056   351   516 D automotive.vehicle@2.0-adayo-func-bcm: BCMFunc sendMessageFromVehicle_l id:557842522, area:0 not report! 
05-27 18:43:34.056   351   516 D automotive.vehicle@2.0-adayo-func-bcm: BCMFunc sendMessageFromVehicle_l dataType: 12,mByte=12,propid=0x2140005b
05-27 18:43:34.056   351   516 D automotive.vehicle@2.0-adayo-func-bcm: BCMFunc sendMessageFromVehicle_l msgBuff[12]=0x1,start:0,len:8,temp:8,
05-27 18:43:34.056   351   516 D automotive.vehicle@2.0-adayo-func-bcm: BCMFunc sendMessageFromVehicle_l prop: 0x2140005b ,areaId: 0x0  SPLITE_BIT_DATA_INTEGER : 1
05-27 18:43:34.056   351   516 D automotive.vehicle@2.0-adayo-func-bcm: BCMFunc sendMessageFromVehicle_l id:557842523, area:0 not report! 
05-27 18:43:34.056   351   516 D automotive.vehicle@2.0-adayo-func-bcm: BCMFunc sendMessageFromVehicle_l dataType: 12,mByte=13,propid=0x2140005c
05-27 18:43:34.056   351   516 D automotive.vehicle@2.0-adayo-func-bcm: BCMFunc sendMessageFromVehicle_l msgBuff[13]=0x1,start:0,len:8,temp:8,
05-27 18:43:34.056   351   516 D automotive.vehicle@2.0-adayo-func-bcm: BCMFunc sendMessageFromVehicle_l prop: 0x2140005c ,areaId: 0x0  SPLITE_BIT_DATA_INTEGER : 1
05-27 18:43:34.056   351   516 D automotive.vehicle@2.0-adayo-func-bcm: BCMFunc sendMessageFromVehicle_l id:557842524, area:0 not report! 
05-27 18:43:34.056   351   516 D automotive.vehicle@2.0-adayo-func-bcm: BCMFunc sendMessageFromVehicle_l dataType: 12,mByte=14,propid=0x2140005d
05-27 18:43:34.056   351   516 D automotive.vehicle@2.0-adayo-func-bcm: BCMFunc sendMessageFromVehicle_l msgBuff[14]=0x1,start:0,len:8,temp:8,
05-27 18:43:34.056   351   516 D automotive.vehicle@2.0-adayo-func-bcm: BCMFunc sendMessageFromVehicle_l prop: 0x2140005d ,areaId: 0x0  SPLITE_BIT_DATA_INTEGER : 1
05-27 18:43:34.056   351   516 D automotive.vehicle@2.0-adayo-func-bcm: BCMFunc sendMessageFromVehicle_l id:557842525, area:0 not report! 
05-27 18:43:34.056   351   516 D automotive.vehicle@2.0-adayo-func-bcm: BCMFunc sendMessageFromVehicle_l dataType: 12,mByte=15,propid=0x2140005e
05-27 18:43:34.056   351   516 D automotive.vehicle@2.0-adayo-func-bcm: BCMFunc sendMessageFromVehicle_l msgBuff[15]=0x1,start:0,len:8,temp:8,
05-27 18:43:34.056   351   516 D automotive.vehicle@2.0-adayo-func-bcm: BCMFunc sendMessageFromVehicle_l prop: 0x2140005e ,areaId: 0x0  SPLITE_BIT_DATA_INTEGER : 1
05-27 18:43:34.056   351   516 D automotive.vehicle@2.0-adayo-func-bcm: BCMFunc sendMessageFromVehicle_l id:557842526, area:0 not report! 
05-27 18:43:34.056   351   516 D automotive.vehicle@2.0-adayo-func-bcm: BCMFunc sendMessageFromVehicle_l dataType: 12,mByte=16,propid=0x2140005f
05-27 18:43:34.056   351   516 D automotive.vehicle@2.0-adayo-func-bcm: BCMFunc sendMessageFromVehicle_l msgBuff[16]=0x1,start:0,len:8,temp:8,
05-27 18:43:34.056   351   516 D automotive.vehicle@2.0-adayo-func-bcm: BCMFunc sendMessageFromVehicle_l prop: 0x2140005f ,areaId: 0x0  SPLITE_BIT_DATA_INTEGER : 1
05-27 18:43:34.056   351   516 D automotive.vehicle@2.0-adayo-func-bcm: BCMFunc sendMessageFromVehicle_l id:557842527, area:0 not report! 
05-27 18:43:34.056   351   516 D automotive.vehicle@2.0-adayo-func-bcm: BCMFunc sendMessageFromVehicle_l dataType: 12,mByte=17,propid=0x21400060
05-27 18:43:34.056   351   516 D automotive.vehicle@2.0-adayo-func-bcm: BCMFunc sendMessageFromVehicle_l msgBuff[17]=0x3,start:0,len:8,temp:8,
05-27 08:34:43.019   581   581 D spi_rst_gpio_get_output: GPIO 145 value: 1
05-27 08:34:43.019   581   581 D spidev_ioctl: gpio status=1)
05-27 18:43:34.056   351   516 D automotive.vehicle@2.0-adayo-func-bcm: BCMFunc sendMessageFromVehicle_l prop: 0x21400060 ,areaId: 0x0  SPLITE_BIT_DATA_INTEGER : 3
05-27 18:43:34.056   351   516 D automotive.vehicle@2.0-adayo-func-bcm: BCMFunc sendMessageFromVehicle_l id:557842528, area:0 not report! 
05-27 18:43:34.056   351   516 D automotive.vehicle@2.0-adayo-func-bcm: BCMFunc sendMessageFromVehicle_l dataType: 12,mByte=18,propid=0x21400061
05-27 18:43:34.056   351   516 D automotive.vehicle@2.0-adayo-func-bcm: BCMFunc sendMessageFromVehicle_l msgBuff[18]=0xff,start:0,len:8,temp:8,
05-27 18:43:34.056   351   516 D automotive.vehicle@2.0-adayo-func-bcm: BCMFunc sendMessageFromVehicle_l prop: 0x21400061 ,areaId: 0x0  SPLITE_BIT_DATA_INTEGER : 255
05-27 18:43:34.057   351   516 D automotive.vehicle@2.0-adayo-func-bcm: BCMFunc sendMessageFromVehicle_l id:557842529, area:0 not report! 
05-27 18:43:34.057   351   516 D automotive.vehicle@2.0-adayo-func-bcm: BCMFunc sendMessageFromVehicle_l dataType: 12,mByte=19,propid=0x2140010a
05-27 18:43:34.057   351   516 D automotive.vehicle@2.0-adayo-func-bcm: BCMFunc sendMessageFromVehicle_l msgBuff[19]=0x1,start:0,len:8,temp:8,
05-27 18:43:34.057   351   516 D automotive.vehicle@2.0-adayo-func-bcm: BCMFunc sendMessageFromVehicle_l prop: 0x2140010a ,areaId: 0x0  SPLITE_BIT_DATA_INTEGER : 1
05-27 18:43:34.057   351   516 D automotive.vehicle@2.0-adayo-func-bcm: BCMFunc sendMessageFromVehicle_l id:557842698, area:0 not report! 
05-27 18:43:34.058   536   536 D commservice260303: msg.id = 1028,0
05-27 18:43:34.058   536   536 D commservice260303: i = 170, msgid = 8A000404
05-27 18:43:34.058   536   536 D commservice260303: msgid = -1979710460,did=138
05-27 18:43:34.058   536   536 D commservice260303: CommProtocolLibCmdBaseI2C::dataproc {"command":{"id":"imu_status","sub":""},"content":{"TimeStamp":10,"FrameCounter":244895,"GD_X":-0.011377211660146713,"GD_Y":0.0048857564106583595,"GD_Z":0.0021378109231591225,"AD_X":-0.004702135920524597,"AD_Y":-0.0022040640469640493,"AD_Z":-0.16764545440673828,"TempDsp":0,"Status":0,"CalibState":1,"SigAmpInvalid":0}},-1979710460
05-27 18:43:34.058   536   536 D commservice260303: send2Cluster len:319, 7B22636F6D6D616E64223A7B226964223A22696D755F737461747573222C22737562223A22227D2C22636F6E74656E74223A7B2254696D655374616D70223A31302C224672616D65436F756E746572223A3234343839352C2247445F58223A2D302E3031313337373231313636303134363731332C2247445F59223A302E303034383835373536343130363538333539352C2247445F5A223A302E303032313337383130393233313539313232352C2241445F58223A2D302E3030343730323133353932303532343539372C2241445F59223A2D302E303032323034303634303436393634303439332C2241445F5A223A2D302E31363736343534353434303637333832382C2254656D70447370223A302C22537461747573223A302C2243616C69625374617465223A312C22536967416D70496E76616C6964223A307D7D, 138 
05-27 18:43:34.058   536   536 D commservice260303: Push Message into SendPool fn=-855899392
05-27 18:43:34.058   536   536 D commservice260303: ComProtocolLibSend2Cluster::send2ClusterRaw fn=-855899392 , len=335
05-27 18:43:34.058   536   536 D commservice260303: sendCmdToPort :335!!!
05-27 18:43:34.058   536   536 D commservice260303: send Cmd To Port ++++5AA5014B8A010003FCCC6A16CAD67B22636F6D6D616E64223A7B226964223A22696D755F737461747573222C22737562223A22227D2C22636F6E74656E74223A7B2254696D655374616D70223A31302C224672616D65436F756E746572223A3234343839352C2247445F58223A2D302E3031313337373231313636303134363731332C2247445F59223A302E303034383835373536343130363538333539352C2247445F5A223A302E303032313337383130393233313539313232352C2241445F58223A2D302E3030343730323133353932303532343539372C2241445F59223A2D302E303032323034303634303436393634303439332C2241445F5A223A2D302E31363736343534353434303637333832382C2254656D70447370223A302C22537461747573223A302C2243616C69625374617465223A312C22536967416D70496E76616C6964223A307D7DEDCC
05-27 18:43:34.058   536   536 D commservice260303: bufferevent_write retrun value = 0
05-27 18:43:34.058   536   560 D commservice260303: client datas send succeed,send finish
05-27 18:43:34.059 13911 14192 D Sentinelmode_1.2.5.17_sentry: <SentryImuClusterFgeSender>imu_status sent to Linux, frame=244895, tsNs=10481301, tsMs=10, intervalMs=40, ad=(-0.004702136,-0.002204064,-0.16764545), gd=(-0.011377212,0.0048857564,0.002137811)
05-27 18:43:34.060   581   581 I SpiService: fgesysctrl_getGPIO_status success val=1
05-27 08:34:43.025   581   581 D spi_rst_gpio_get_output: GPIO 145 value: 1
05-27 08:34:43.025   581   581 D spidev_ioctl: gpio status=1)
05-27 18:43:34.064  1008 30857 D [OMXB]  : usingANWBuffer: handle:0xee744630, format:1, w:1920, h:1080
05-27 18:43:34.064 13911 14183 I SentryImuMcuAngleSender: 180.0rollDeg
05-27 18:43:34.064 13911 14183 I SentryImuMcuAngleSender: 1,0,0
05-27 18:43:34.066   581   581 I SpiService: fgesysctrl_getGPIO_status success val=1
05-27 08:34:43.030   581   581 D spi_rst_gpio_get_output: GPIO 145 value: 1
05-27 08:34:43.030   581   581 D spidev_ioctl: gpio status=1)
05-27 08:34:43.034     1     1 I init    : starting service 'trace_kernel'...
05-27 18:43:34.071   581   581 I SpiService: fgesysctrl_getGPIO_status success val=1
05-27 08:34:43.036   581   581 D spi_rst_gpio_get_output: GPIO 145 value: 1
05-27 08:34:43.036   581   581 D spidev_ioctl: gpio status=1)
05-27 18:43:34.069 31041 31041 I auditd  : type=1400 audit(0.0:62125): avc: denied { execute_no_trans } for comm="init" path="/system/bin/sh" dev="dm-12" ino=8780651 scontext=u:r:init:s0 tcontext=u:object_r:shell_exec:s0 tclass=file permissive=1
05-27 18:43:34.069 31041 31041 I init    : type=1400 audit(0.0:62125): avc: denied { execute_no_trans } for path="/system/bin/sh" dev="dm-12" ino=8780651 scontext=u:r:init:s0 tcontext=u:object_r:shell_exec:s0 tclass=file permissive=1
05-27 18:43:34.077   581   581 I SpiService: fgesysctrl_getGPIO_status success val=1
05-27 18:43:34.078   299 30841 D EvsDriver: forwardFrame
05-27 18:43:34.079  1008 30856 D [OMXB]  : usingANWBuffer: handle:0xee740bc0, format:1, w:1920, h:1080
05-27 18:43:34.079   299 30841 D EvsDriver: Delivered 0xb400007b7ca56a60 as id 0
05-27 18:43:34.079  1167  1167 D evsmanagerd: /dev/video4 forwarded the buffer #0 to 0xb4000074bf5f6850 from 0xb4000074bf5f41d0
05-27 18:43:34.081   299 30844 D EvsDriver: forwardFrame
05-27 18:43:34.081   299  1163 D EvsDriver: doneWithFrame
05-27 18:43:34.083  1167  1167 D evsmanagerd: /dev/video6 forwarded the buffer #0 to 0xb4000074bf5f5510 from 0xb4000074bf5f6d90
05-27 18:43:34.083   581   581 I SpiService: fgesysctrl_getGPIO_status success val=0
05-27 18:43:34.083   299 30844 D EvsDriver: Delivered 0xb400007b7ca56900 as id 0
05-27 18:43:34.083   481   597 I mcuc    : send SPI:6AA602D31F0002890081
05-27 08:34:43.042   581   581 D spidev_ioctl: gpio status=1)
05-27 08:34:43.047   581   581 D spi_rst_gpio_get_output: GPIO 145 value: 0
05-27 08:34:43.047   581   581 D spidev_ioctl: gpio status=0)
05-27 18:43:34.073 30773 30773 I auditd  : type=1400 audit(0.0:62126): avc: denied { call } for comm="CodecLooper" scontext=u:r:adayo_dvr_service:s0 tcontext=u:r:mediacodec:s0 tclass=binder permissive=1
05-27 18:43:34.073 30773 30773 I CodecLooper: type=1400 audit(0.0:62126): avc: denied { call } for scontext=u:r:adayo_dvr_service:s0 tcontext=u:r:mediacodec:s0 tclass=binder permissive=1
05-27 18:43:34.085   299  1163 D EvsDriver: doneWithFrame
05-27 18:43:34.087 13911 14183 I SentryImuMcuAngleSender: -179.99649rollDeg
05-27 18:43:34.087 11344 11344 E SystemUI_NavBarFragment: SysUIConfig.icCarServiceConnected：false
05-27 18:43:34.087 13911 14183 I SentryImuMcuAngleSender: 1,0,0
05-27 18:43:34.098   581   581 I SpiService: fgesysctrl_getGPIO_status success val=1
05-27 18:43:34.098  1982  1982 E health_guardian: UID for PID 11579 is 1000
05-27 18:43:34.098  1982  1982 E health_guardian: The 1000 process is system app,I refused to kill it,try next one!
05-27 18:43:34.098  1982  1982 E health_guardian: UID for PID 13435 is 1000
05-27 18:43:34.098  1982  1982 E health_guardian: The 1000 process is system app,I refused to kill it,try next one!
05-27 18:43:34.098  1982  1982 E health_guardian: UID for PID 6212 is 1000
05-27 18:43:34.098  1982  1982 E health_guardian: The 1000 process is system app,I refused to kill it,try next one!
05-27 18:43:34.098   536   536 D commservice260303: msg.id = 1028,0
05-27 18:43:34.098   536   536 D commservice260303: i = 170, msgid = 8A000404
05-27 18:43:34.098   536   536 D commservice260303: msgid = -1979710460,did=138
05-27 18:43:34.098   536   536 D commservice260303: CommProtocolLibCmdBaseI2C::dataproc {"command":{"id":"imu_status","sub":""},"content":{"TimeStamp":10,"FrameCounter":244896,"GD_X":-0.011910883709788322,"GD_Y":0.0057257963344454765,"GD_Z":0.0020608289632946253,"AD_X":-0.004085183143615723,"AD_Y":-0.00340438075363636,"AD_Z":-0.16947650909423828,"TempDsp":0,"Status":0,"CalibState":1,"SigAmpInvalid":0}},-1979710460
05-27 18:43:34.098   536   536 D commservice260303: send2Cluster len:317, 7B22636F6D6D616E64223A7B226964223A22696D755F737461747573222C22737562223A22227D2C22636F6E74656E74223A7B2254696D655374616D70223A31302C224672616D65436F756E746572223A3234343839362C2247445F58223A2D302E3031313931303838333730393738383332322C2247445F59223A302E303035373235373936333334343435343736352C2247445F5A223A302E303032303630383238393633323934363235332C2241445F58223A2D302E3030343038353138333134333631353732332C2241445F59223A2D302E30303334303433383037353336333633362C2241445F5A223A2D302E31363934373635303930393432333832382C2254656D70447370223A302C22537461747573223A302C2243616C69625374617465223A312C22536967416D70496E76616C6964223A307D7D, 138 
05-27 18:43:34.099   536   536 D commservice260303: Push Message into SendPool fn=-839122176
05-27 18:43:34.098   299 30844 D EvsDriver: forwardFrame
05-27 18:43:34.099   536   536 D commservice260303: ComProtocolLibSend2Cluster::send2ClusterRaw fn=-839122176 , len=333
05-27 18:43:34.099   536   536 D commservice260303: sendCmdToPort :333!!!
05-27 18:43:34.099   536   536 D commservice260303: send Cmd To Port ++++5AA501498A010003FCCD6A16CAD67B22636F6D6D616E64223A7B226964223A22696D755F737461747573222C22737562223A22227D2C22636F6E74656E74223A7B2254696D655374616D70223A31302C224672616D65436F756E746572223A3234343839362C2247445F58223A2D302E3031313931303838333730393738383332322C2247445F59223A302E303035373235373936333334343435343736352C2247445F5A223A302E303032303630383238393633323934363235332C2241445F58223A2D302E3030343038353138333134333631353732332C2241445F59223A2D302E30303334303433383037353336333633362C2241445F5A223A2D302E31363934373635303930393432333832382C2254656D70447370223A302C22537461747573223A302C2243616C69625374617465223A312C22536967416D70496E76616C6964223A307D7DBB4A
05-27 18:43:34.099   536   536 D commservice260303: bufferevent_write retrun value = 0
05-27 18:43:34.099   536   560 D commservice260303: client datas send succeed,send finish
05-27 18:43:34.099 13911 14192 D Sentinelmode_1.2.5.17_sentry: <SentryImuClusterFgeSender>imu_status sent to Linux, frame=244896, tsNs=10481337, tsMs=10, intervalMs=41, ad=(-0.004085183,-0.0034043808,-0.16947651), gd=(-0.011910884,0.0057257963,0.002060829)
05-27 08:34:43.062   581   581 D spi_rst_gpio_get_output: GPIO 145 value: 1
05-27 08:34:43.062   581   581 D spidev_ioctl: gpio status=1)
05-27 18:43:34.102  1167  1167 D evsmanagerd: /dev/video6 forwarded the buffer #0 to 0xb4000074bf5f5510 from 0xb4000074bf5f6d90
05-27 18:43:34.102 30773 30783 E dvr_service_: [myNum:1] Received S**** loss
05-27 18:43:34.102   299 30844 D EvsDriver: Delivered 0xb400007b7ca56900 as id 0
05-27 18:43:34.103   299  1163 D EvsDriver: doneWithFrame
05-27 18:43:34.104   581   581 I SpiService: fgesysctrl_getGPIO_status success val=1
05-27 18:43:34.104   572   572 I Sensors : 230 AccelSensor: x:-0.170800,y:-0.000610,z:-9.974720
05-27 18:43:34.105   299 30841 D EvsDriver: forwardFrame
05-27 18:43:34.107 13911 14183 I SentryImuMcuAngleSender: -179.99649rollDeg
05-27 18:43:34.107 13911 14183 I SentryImuMcuAngleSender: 1,0,0
05-27 08:34:43.068   581   581 D spi_rst_gpio_get_output: GPIO 145 value: 1
05-27 08:34:43.068   581   581 D spidev_ioctl: gpio status=1)
05-27 18:43:34.109  1167  1167 D evsmanagerd: /dev/video4 forwarded the buffer #0 to 0xb4000074bf5f6850 from 0xb4000074bf5f41d0
05-27 18:43:34.109   581   581 I SpiService: fgesysctrl_getGPIO_status success val=1
05-27 18:43:34.109 30773 30783 E dvr_service_: [myNum:0] Received S**** loss
05-27 18:43:34.110   299 30841 D EvsDriver: Delivered 0xb400007b7ca56a60 as id 0
05-27 18:43:34.110   299  1163 D EvsDriver: doneWithFrame
05-27 18:43:34.110 31042 31042 I ADAYO_LOG_TRACE_KERNEL: execute start
05-27 08:34:43.074   581   581 D spi_rst_gpio_get_output: GPIO 145 value: 1
05-27 08:34:43.074   581   581 D spidev_ioctl: gpio status=1)
05-27 18:43:34.113  1008 30857 D [OMXB]  : usingANWBuffer: handle:0xee7439d0, format:1, w:1920, h:1080
05-27 18:43:34.115   581   581 I SpiService: fgesysctrl_getGPIO_status success val=1
05-27 18:43:34.109 31043 31043 I auditd  : type=1400 audit(0.0:62127): avc: denied { write } for comm="getprop" path="pipe:[2584722]" dev="pipefs" ino=2584722 scontext=u:r:toolbox:s0 tcontext=u:r:init:s0 tclass=fifo_file permissive=1
05-27 08:34:43.079   581   581 D spi_rst_gpio_get_output: GPIO 145 value: 1
05-27 08:34:43.079   581   581 D spidev_ioctl: gpio status=1)
05-27 08:34:43.085   581   581 D spi_rst_gpio_get_output: GPIO 145 value: 0
05-27 08:34:43.085   581   581 D spidev_ioctl: gpio status=0)
05-27 18:43:34.117 31043 31043 I auditd  : type=1400 audit(0.0:62128): avc: denied { getattr } for comm="getprop" path="pipe:[2584722]" dev="pipefs" ino=2584722 scontext=u:r:toolbox:s0 tcontext=u:r:init:s0 tclass=fifo_file permissive=1
05-27 18:43:34.117 31043 31043 I getprop : type=1400 audit(0.0:62128): avc: denied { getattr } for path="pipe:[2584722]" dev="pipefs" ino=2584722 scontext=u:r:toolbox:s0 tcontext=u:r:init:s0 tclass=fifo_file permissive=1
05-27 18:43:34.127 13911 14183 I SentryImuMcuAngleSender: 1,0,0
05-27 18:43:34.132   299 30841 D EvsDriver: forwardFrame
05-27 18:43:34.133  1008 30856 D [OMXB]  : usingANWBuffer: handle:0xee740e80, format:1, w:1920, h:1080
05-27 18:43:34.136   581   581 I SpiService: fgesysctrl_getGPIO_status success val=1
05-27 18:43:34.136   299 30841 D EvsDriver: Delivered 0xb400007b7ca56a60 as id 0
05-27 18:43:34.136  1167  1167 D evsmanagerd: /dev/video4 forwarded the buffer #0 to 0xb4000074bf5f6850 from 0xb4000074bf5f41d0
05-27 18:43:34.137   299 30844 D EvsDriver: forwardFrame
05-27 18:43:34.138 31044 31044 I ADAYO_LOG_TRACE_KERNEL: executing
05-27 08:34:43.100   581   581 D spi_rst_gpio_get_output: GPIO 145 value: 1
05-27 08:34:43.100   581   581 D spidev_ioctl: gpio status=1)
05-27 18:43:34.139  1167  1479 D evsmanagerd: /dev/video6 forwarded the buffer #0 to 0xb4000074bf5f5510 from 0xb4000074bf5f6d90
05-27 18:43:34.139   299  1163 D EvsDriver: doneWithFrame
05-27 18:43:34.140   299 30844 D EvsDriver: Delivered 0xb400007b7ca56900 as id 0
05-27 18:43:34.142   581   581 I SpiService: fgesysctrl_getGPIO_status success val=1
05-27 18:43:34.143   299  1163 D EvsDriver: doneWithFrame
05-27 08:34:43.106   581   581 D spi_rst_gpio_get_output: GPIO 145 value: 1
05-27 08:34:43.106   581   581 D spidev_ioctl: gpio status=1)
05-27 18:43:34.149 13911 14183 I SentryImuMcuAngleSender: 179.993rollDeg
05-27 18:43:34.149 13911 14183 I SentryImuMcuAngleSender: 1,0,0
05-27 18:43:34.151   536   536 D commservice260303: msg.id = 1028,1
05-27 18:43:34.151   536   536 D commservice260303: i = 170, msgid = 8A000404
05-27 18:43:34.151   536   536 D commservice260303: msgid = -1979710460,did=138
05-27 18:43:34.151   536   536 D commservice260303: CommProtocolLibCmdBaseI2C::dataproc {"command":{"id":"imu_status","sub":""},"content":{"TimeStamp":10,"FrameCounter":244897,"GD_X":-0.011300750076770782,"GD_Y":0.005420989356935024,"GD_Z":0.0020608289632946253,"AD_X":-0.003467276692390442,"AD_Y":-0.002167808124795556,"AD_Z":-0.17069625854492188,"TempDsp":0,"Status":0,"CalibState":1,"SigAmpInvalid":0}},-1979710460
05-27 18:43:34.151   536   536 D commservice260303: send2Cluster len:317, 7B22636F6D6D616E64223A7B226964223A22696D755F737461747573222C22737562223A22227D2C22636F6E74656E74223A7B2254696D655374616D70223A31302C224672616D65436F756E746572223A3234343839372C2247445F58223A2D302E3031313330303735303037363737303738322C2247445F59223A302E3030353432303938393335363933353032342C2247445F5A223A302E303032303630383238393633323934363235332C2241445F58223A2D302E3030333436373237363639323339303434322C2241445F59223A2D302E3030323136373830383132343739353535362C2241445F5A223A2D302E31373036393632353835343439323138382C2254656D70447370223A302C22537461747573223A302C2243616C69625374617465223A312C22536967416D70496E76616C6964223A307D7D, 138 
05-27 18:43:34.151   536   536 D commservice260303: Push Message into SendPool fn=-822344960
05-27 18:43:34.151   536   536 D commservice260303: ComProtocolLibSend2Cluster::send2ClusterRaw fn=-822344960 , len=333
05-27 18:43:34.151   536   536 D commservice260303: sendCmdToPort :333!!!
05-27 18:43:34.151   536   536 D commservice260303: send Cmd To Port ++++5AA501498A010003FCCE6A16CAD67B22636F6D6D616E64223A7B226964223A22696D755F737461747573222C22737562223A22227D2C22636F6E74656E74223A7B2254696D655374616D70223A31302C224672616D65436F756E746572223A3234343839372C2247445F58223A2D302E3031313330303735303037363737303738322C2247445F59223A302E3030353432303938393335363933353032342C2247445F5A223A302E303032303630383238393633323934363235332C2241445F58223A2D302E3030333436373237363639323339303434322C2241445F59223A2D302E3030323136373830383132343739353535362C2241445F5A223A2D302E31373036393632353835343439323138382C2254656D70447370223A302C22537461747573223A302C2243616C69625374617465223A312C22536967416D70496E76616C6964223A307D7DE2EF
05-27 08:34:43.116   581   581 D spi_rst_gpio_get_output: GPIO 145 value: 1
05-27 08:34:43.116   581   581 D spidev_ioctl: gpio status=1)
05-27 18:43:34.151   581   581 I SpiService: fgesysctrl_getGPIO_status success val=1
05-27 18:43:34.151   536   536 D commservice260303: bufferevent_write retrun value = 0
05-27 18:43:34.152 13911 14192 D Sentinelmode_1.2.5.17_sentry: <SentryImuClusterFgeSender>imu_status sent to Linux, frame=244897, tsNs=10481372, tsMs=10, intervalMs=52, ad=(-0.0034672767,-0.0021678081,-0.17069626), gd=(-0.01130075,0.0054209894,0.002060829)
05-27 18:43:34.152   536   560 D commservice260303: client datas send succeed,send finish
05-27 18:43:34.153 13911 13911 I Sentinelmode_1.2.5.17_sentry: <SentinelCarServiceManager>sensorType:291504647
05-27 18:43:34.157   581   581 I SpiService: fgesysctrl_getGPIO_status success val=1
05-27 18:43:34.160  1008 30857 D [OMXB]  : usingANWBuffer: handle:0xee7406f0, format:1, w:1920, h:1080
05-27 08:34:43.121   581   581 D spi_rst_gpio_get_output: GPIO 145 value: 1
05-27 08:34:43.121   581   581 D spidev_ioctl: gpio status=1)
05-27 18:43:34.161 30773 30789 I dvr_service_: Camera 1: MediaOK:23824843, frames:570, isKeyFrame:0,pts:10480993495
05-27 18:43:34.163   581   581 I SpiService: fgesysctrl_getGPIO_status success val=0
05-27 08:34:43.127   581   581 D spi_rst_gpio_get_output: GPIO 145 value: 0
05-27 08:34:43.127   581   581 D spidev_ioctl: gpio status=0)
05-27 18:43:34.166   299 30841 D EvsDriver: forwardFrame
05-27 18:43:34.167 30773 30785 I dvr_service_: [EncoderHandler::runMediaThread] runMediaThread started:1,state:1, cam2:started:1,state:1, lastSwitch:1, mIsMuxerStart:1,format:0,is_str_ing:0
05-27 18:43:34.167   299 30841 D EvsDriver: Delivered 0xb400007b7ca56a60 as id 0
05-27 18:43:34.167  1167  1479 D evsmanagerd: /dev/video4 forwarded the buffer #0 to 0xb4000074bf5f6850 from 0xb4000074bf5f41d0
05-27 18:43:34.157 30773 30773 I auditd  : type=1400 audit(0.0:62129): avc: denied { call } for comm=4E444B204D65646961436F6465635F scontext=u:r:adayo_dvr_service:s0 tcontext=u:r:mediaswcodec:s0 tclass=binder permissive=1
05-27 18:43:34.157 30773 30773 I /system/bin/adayo_dvr_service: type=1400 audit(0.0:62129): avc: denied { call } for comm=4E444B204D65646961436F6465635F scontext=u:r:adayo_dvr_service:s0 tcontext=u:r:mediaswcodec:s0 tclass=binder permissive=1
05-27 18:43:34.169 13911 14183 I SentryImuMcuAngleSender: 179.98949rollDeg
05-27 18:43:34.170 13911 14183 I SentryImuMcuAngleSender: 1,0,0
05-27 18:43:34.173   299  1163 D EvsDriver: doneWithFrame
05-27 18:43:34.177   299 30844 D EvsDriver: forwardFrame
05-27 18:43:34.179   581   581 I SpiService: fgesysctrl_getGPIO_status success val=1
05-27 18:43:34.179  1167  1479 D evsmanagerd: /dev/video6 forwarded the buffer #0 to 0xb4000074bf5f5510 from 0xb4000074bf5f6d90
05-27 18:43:34.179   299 30844 D EvsDriver: Delivered 0xb400007b7ca56900 as id 0
05-27 08:34:43.143   581   581 D spi_rst_gpio_get_output: GPIO 145 value: 1
05-27 08:34:43.143   581   581 D spidev_ioctl: gpio status=1)
05-27 18:43:34.182   299  1163 D EvsDriver: doneWithFrame
05-27 08:34:43.149   581   581 D spi_rst_gpio_get_output: GPIO 145 value: 1
05-27 08:34:43.149   581   581 D spidev_ioctl: gpio status=1)
05-27 18:43:34.184   581   581 I SpiService: fgesysctrl_getGPIO_status success val=1
05-27 18:43:34.185   536   536 D commservice260303: msg.id = 1028,0
05-27 18:43:34.185   536   536 D commservice260303: i = 170, msgid = 8A000404
05-27 18:43:34.185   536   536 D commservice260303: msgid = -1979710460,did=138
05-27 18:43:34.185   536   536 D commservice260303: CommProtocolLibCmdBaseI2C::dataproc {"command":{"id":"imu_status","sub":""},"content":{"TimeStamp":10,"FrameCounter":244898,"GD_X":-0.012063807807862759,"GD_Y":0.004963258747011423,"GD_Z":0.002213752595707774,"AD_X":-0.002252817153930664,"AD_Y":8.838362991809845E-4,"AD_Z":-0.16947650909423828,"TempDsp":0,"Status":0,"CalibState":1,"SigAmpInvalid":0}},-1979710460
05-27 18:43:34.185   536   536 D commservice260303: send2Cluster len:315, 7B22636F6D6D616E64223A7B226964223A22696D755F737461747573222C22737562223A22227D2C22636F6E74656E74223A7B2254696D655374616D70223A31302C224672616D65436F756E746572223A3234343839382C2247445F58223A2D302E3031323036333830373830373836323735392C2247445F59223A302E3030343936333235383734373031313432332C2247445F5A223A302E3030323231333735323539353730373737342C2241445F58223A2D302E3030323235323831373135333933303636342C2241445F59223A382E383338333632393931383039383435452D342C2241445F5A223A2D302E31363934373635303930393432333832382C2254656D70447370223A302C22537461747573223A302C2243616C69625374617465223A312C22536967416D70496E76616C6964223A307D7D, 138 
05-27 18:43:34.185   536   536 D commservice260303: Push Message into SendPool fn=-805567744
05-27 18:43:34.185   536   536 D commservice260303: ComProtocolLibSend2Cluster::send2ClusterRaw fn=-805567744 , len=331
05-27 18:43:34.185   536   536 D commservice260303: sendCmdToPort :331!!!
05-27 18:43:34.185   536   536 D commservice260303: send Cmd To Port ++++5AA501478A010003FCCF6A16CAD67B22636F6D6D616E64223A7B226964223A22696D755F737461747573222C22737562223A22227D2C22636F6E74656E74223A7B2254696D655374616D70223A31302C224672616D65436F756E746572223A3234343839382C2247445F58223A2D302E3031323036333830373830373836323735392C2247445F59223A302E3030343936333235383734373031313432332C2247445F5A223A302E3030323231333735323539353730373737342C2241445F58223A2D302E3030323235323831373135333933303636342C2241445F59223A382E383338333632393931383039383435452D342C2241445F5A223A2D302E31363934373635303930393432333832382C2254656D70447370223A302C22537461747573223A302C2243616C69625374617465223A312C22536967416D70496E76616C6964223A307D7D0FCE
05-27 18:43:34.185   536   536 D commservice260303: bufferevent_write retrun value = 0
05-27 18:43:34.185 13911 14192 D Sentinelmode_1.2.5.17_sentry: <SentryImuClusterFgeSender>imu_status sent to Linux, frame=244898, tsNs=10481426, tsMs=10, intervalMs=34, ad=(-0.0022528172,8.838363E-4,-0.16947651), gd=(-0.012063808,0.0049632587,0.0022137526)
05-27 18:43:34.185   536   560 D commservice260303: client datas send succeed,send finish
