05-27 18:43:36.705  1167  1479 D evsmanagerd: /dev/video6 forwarded the buffer #0 to 0xb4000074bf5f5510 from 0xb4000074bf5f6d90
05-27 18:43:36.706  1167  1479 D evsmanagerd: /dev/video4 forwarded the buffer #0 to 0xb4000074bf5f6850 from 0xb4000074bf5f41d0
05-27 18:43:36.706   299 30841 D EvsDriver: Delivered 0xb400007b7ca56a60 as id 0
05-27 18:43:36.707   299  1163 D EvsDriver: doneWithFrame
05-27 18:43:36.707   581   581 I SpiService: fgesysctrl_getGPIO_status success val=0
05-27 18:43:36.708  1008 30856 D [OMXB]  : usingANWBuffer: handle:0xee740bc0, format:1, w:1920, h:1080
05-27 18:43:36.708   299  1163 D EvsDriver: doneWithFrame
05-27 08:34:45.672   581   581 D spi_rst_gpio_get_output: GPIO 145 value: 0
05-27 08:34:45.672   581   581 D spidev_ioctl: gpio status=0)
05-27 18:43:36.718 13911 14183 I SentryImuMcuAngleSender: 179.98248rollDeg
05-27 18:43:36.718 13911 14183 I SentryImuMcuAngleSender: 1,0,0
05-27 18:43:36.722   581   581 I SpiService: fgesysctrl_getGPIO_status success val=1
05-27 08:34:45.687   581   581 D spi_rst_gpio_get_output: GPIO 145 value: 1
05-27 08:34:45.687   581   581 D spidev_ioctl: gpio status=1)
05-27 18:43:36.728   581   581 I SpiService: fgesysctrl_getGPIO_status success val=1
05-27 18:43:36.728  1008 30857 D [OMXB]  : usingANWBuffer: handle:0xee7439d0, format:1, w:1920, h:1080
05-27 08:34:45.693   581   581 D spi_rst_gpio_get_output: GPIO 145 value: 1
05-27 08:34:45.693   581   581 D spidev_ioctl: gpio status=1)
05-27 18:43:36.730   283   307 I rvcservice: t.code = 3, t.value = 0
05-27 18:43:36.731   536   536 D commservice260303: msg.id = 1028,0
05-27 18:43:36.731   536   536 D commservice260303: i = 170, msgid = 8A000404
05-27 18:43:36.731   536   536 D commservice260303: msgid = -1979710460,did=138
05-27 18:43:36.731   536   536 D commservice260303: CommProtocolLibCmdBaseI2C::dataproc {"command":{"id":"imu_status","sub":""},"content":{"TimeStamp":10,"FrameCounter":244960,"GD_X":-0.01153013575822115,"GD_Y":0.004656890872865915,"GD_Z":0.0022902146447449923,"AD_X":-0.0029045045375823975,"AD_Y":0.002008976647630334,"AD_Z":-0.16947650909423828,"TempDsp":0,"Status":0,"CalibState":1,"SigAmpInvalid":0}},-1979710460
05-27 18:43:36.731   536   536 D commservice260303: send2Cluster len:316, 7B22636F6D6D616E64223A7B226964223A22696D755F737461747573222C22737562223A22227D2C22636F6E74656E74223A7B2254696D655374616D70223A31302C224672616D65436F756E746572223A3234343936302C2247445F58223A2D302E30313135333031333537353832323131352C2247445F59223A302E3030343635363839303837323836353931352C2247445F5A223A302E303032323930323134363434373434393932332C2241445F58223A2D302E303032393034353034353337353832333937352C2241445F59223A302E3030323030383937363634373633303333342C2241445F5A223A2D302E31363934373635303930393432333832382C2254656D70447370223A302C22537461747573223A302C2243616C69625374617465223A312C22536967416D70496E76616C6964223A307D7D, 138 
05-27 18:43:36.731   536   536 D commservice260303: Push Message into SendPool fn=251462400
05-27 18:43:36.731   536   536 D commservice260303: ComProtocolLibSend2Cluster::send2ClusterRaw fn=251462400 , len=332
05-27 18:43:36.731   536   536 D commservice260303: sendCmdToPort :332!!!
05-27 18:43:36.731   536   536 D commservice260303: send Cmd To Port ++++5AA501488A010003FD0E6A16CAD87B22636F6D6D616E64223A7B226964223A22696D755F737461747573222C22737562223A22227D2C22636F6E74656E74223A7B2254696D655374616D70223A31302C224672616D65436F756E746572223A3234343936302C2247445F58223A2D302E30313135333031333537353832323131352C2247445F59223A302E3030343635363839303837323836353931352C2247445F5A223A302E303032323930323134363434373434393932332C2241445F58223A2D302E303032393034353034353337353832333937352C2241445F59223A302E3030323030383937363634373633303333342C2241445F5A223A2D302E31363934373635303930393432333832382C2254656D70447370223A302C22537461747573223A302C2243616C69625374617465223A312C22536967416D70496E76616C6964223A307D7DC817
05-27 18:43:36.731   536   536 D commservice260303: bufferevent_write retrun value = 0
05-27 18:43:36.731   536   560 D commservice260303: client datas send succeed,send finish
05-27 18:43:36.732 13911 14192 D Sentinelmode_1.2.5.17_sentry: <SentryImuClusterFgeSender>imu_status sent to Linux, frame=244960, tsNs=10483975, tsMs=10, intervalMs=39, ad=(-0.0029045045,0.0020089766,-0.16947651), gd=(-0.011530136,0.004656891,0.0022902146)
05-27 18:43:36.734   581   581 I SpiService: fgesysctrl_getGPIO_status success val=1
05-27 08:34:45.698   581   581 D spi_rst_gpio_get_output: GPIO 145 value: 1
05-27 08:34:45.698   581   581 D spidev_ioctl: gpio status=1)
05-27 18:43:36.738   299 30841 D EvsDriver: forwardFrame
05-27 18:43:36.738 13911 14183 I SentryImuMcuAngleSender: 179.97546rollDeg
05-27 18:43:36.738 13911 14183 I SentryImuMcuAngleSender: 1,0,0
05-27 18:43:36.739   299 30844 D EvsDriver: forwardFrame
05-27 18:43:36.739   581   581 I SpiService: fgesysctrl_getGPIO_status success val=1
05-27 08:34:45.704   581   581 D spi_rst_gpio_get_output: GPIO 145 value: 1
05-27 08:34:45.704   581   581 D spidev_ioctl: gpio status=1)
05-27 18:43:36.741   299 30844 D EvsDriver: Delivered 0xb400007b7ca56900 as id 0
05-27 18:43:36.741   299 30841 D EvsDriver: Delivered 0xb400007b7ca56a60 as id 0
05-27 18:43:36.741  1167  1479 D evsmanagerd: /dev/video6 forwarded the buffer #0 to 0xb4000074bf5f5510 from 0xb4000074bf5f6d90
05-27 18:43:36.741  1167  1167 D evsmanagerd: /dev/video4 forwarded the buffer #0 to 0xb4000074bf5f6850 from 0xb4000074bf5f41d0
05-27 18:43:36.743   572   622 I Sensors : 230 GyroSensor: x:-0.011530,y:0.005421,z:0.002977
05-27 18:43:36.745   299  1163 D EvsDriver: doneWithFrame
05-27 18:43:36.746   581   581 I SpiService: fgesysctrl_getGPIO_status success val=1
05-27 18:43:36.748   299  1163 D EvsDriver: doneWithFrame
05-27 08:34:45.710   581   581 D spi_rst_gpio_get_output: GPIO 145 value: 1
05-27 08:34:45.710   581   581 D spidev_ioctl: gpio status=1)
05-27 18:43:36.751   581   581 I SpiService: fgesysctrl_getGPIO_status success val=0
05-27 08:34:45.716   581   581 D spi_rst_gpio_get_output: GPIO 145 value: 0
05-27 08:34:45.716   581   581 D spidev_ioctl: gpio status=0)
05-27 18:43:36.753  1008 30856 D [OMXB]  : usingANWBuffer: handle:0xee7406f0, format:1, w:1920, h:1080
05-27 18:43:36.758 13911 14183 I SentryImuMcuAngleSender: 179.986rollDeg
05-27 18:43:36.759 13911 14183 I SentryImuMcuAngleSender: 1,0,0
05-27 18:43:36.765   581   581 I SpiService: fgesysctrl_getGPIO_status success val=1
05-27 08:34:45.730   581   581 D spi_rst_gpio_get_output: GPIO 145 value: 1
05-27 08:34:45.730   581   581 D spidev_ioctl: gpio status=1)
05-27 18:43:36.770   299 30841 D EvsDriver: forwardFrame
05-27 18:43:36.770   299 30844 D EvsDriver: forwardFrame
05-27 18:43:36.771   581   581 I SpiService: fgesysctrl_getGPIO_status success val=1
05-27 18:43:36.772  1008 30857 D [OMXB]  : usingANWBuffer: handle:0xee744160, format:1, w:1920, h:1080
05-27 18:43:36.772   299 30844 D EvsDriver: Delivered 0xb400007b7ca56900 as id 0
05-27 18:43:36.772  1167  1167 D evsmanagerd: /dev/video6 forwarded the buffer #0 to 0xb4000074bf5f5510 from 0xb4000074bf5f6d90
05-27 18:43:36.772   536   536 D commservice260303: msg.id = 1028,0
05-27 18:43:36.772 30773 30783 E dvr_service_: [myNum:1] Received S**** loss
05-27 18:43:36.772   536   536 D commservice260303: i = 170, msgid = 8A000404
05-27 18:43:36.772   536   536 D commservice260303: msgid = -1979710460,did=138
05-27 18:43:36.772   536   536 D commservice260303: CommProtocolLibCmdBaseI2C::dataproc {"command":{"id":"imu_status","sub":""},"content":{"TimeStamp":10,"FrameCounter":244961,"GD_X":-0.011377211660146713,"GD_Y":0.0056498548947274685,"GD_Z":0.002900869119912386,"AD_X":-0.002902314066886902,"AD_Y":-0.0016463383799418807,"AD_Z":-0.16886615753173828,"TempDsp":0,"Status":0,"CalibState":1,"SigAmpInvalid":0}},-1979710460
05-27 18:43:36.772  1167  1479 D evsmanagerd: /dev/video4 forwarded the buffer #0 to 0xb4000074bf5f6850 from 0xb4000074bf5f41d0
05-27 18:43:36.772   299 30841 D EvsDriver: Delivered 0xb400007b7ca56a60 as id 0
05-27 18:43:36.772   536   536 D commservice260303: send2Cluster len:318, 7B22636F6D6D616E64223A7B226964223A22696D755F737461747573222C22737562223A22227D2C22636F6E74656E74223A7B2254696D655374616D70223A31302C224672616D65436F756E746572223A3234343936312C2247445F58223A2D302E3031313337373231313636303134363731332C2247445F59223A302E303035363439383534383934373237343638352C2247445F5A223A302E3030323930303836393131393931323338362C2241445F58223A2D302E3030323930323331343036363838363930322C2241445F59223A2D302E303031363436333338333739393431383830372C2241445F5A223A2D302E31363838363631353735333137333832382C2254656D70447370223A302C22537461747573223A302C2243616C69625374617465223A312C22536967416D70496E76616C6964223A307D7D, 138 
05-27 18:43:36.773 30773 30783 E dvr_service_: [myNum:0] Received S**** loss
05-27 18:43:36.773   536   536 D commservice260303: Push Message into SendPool fn=268239616
05-27 18:43:36.773   536   536 D commservice260303: ComProtocolLibSend2Cluster::send2ClusterRaw fn=268239616 , len=334
05-27 18:43:36.773   536   536 D commservice260303: sendCmdToPort :334!!!
05-27 18:43:36.773   536   536 D commservice260303: send Cmd To Port ++++5AA5014A8A010003FD0F6A16CAD87B22636F6D6D616E64223A7B226964223A22696D755F737461747573222C22737562223A22227D2C22636F6E74656E74223A7B2254696D655374616D70223A31302C224672616D65436F756E746572223A3234343936312C2247445F58223A2D302E3031313337373231313636303134363731332C2247445F59223A302E303035363439383534383934373237343638352C2247445F5A223A302E3030323930303836393131393931323338362C2241445F58223A2D302E3030323930323331343036363838363930322C2241445F59223A2D302E303031363436333338333739393431383830372C2241445F5A223A2D302E31363838363631353735333137333832382C2254656D70447370223A302C22537461747573223A302C2243616C69625374617465223A312C22536967416D70496E76616C6964223A307D7DF5E9
05-27 18:43:36.773   299  1163 D EvsDriver: doneWithFrame
05-27 18:43:36.773   299  1153 D EvsDriver: doneWithFrame
05-27 18:43:36.773   536   536 D commservice260303: bufferevent_write retrun value = 0
05-27 18:43:36.773   536   560 D commservice260303: client datas send succeed,send finish
05-27 08:34:45.736   581   581 D spi_rst_gpio_get_output: GPIO 145 value: 1
05-27 08:34:45.736   581   581 D spidev_ioctl: gpio status=1)
05-27 18:43:36.774 13911 14192 D Sentinelmode_1.2.5.17_sentry: <SentryImuClusterFgeSender>imu_status sent to Linux, frame=244961, tsNs=10484011, tsMs=10, intervalMs=42, ad=(-0.002902314,-0.0016463384,-0.16886616), gd=(-0.011377212,0.005649855,0.0029008691)
05-27 18:43:36.777   581   581 I SpiService: fgesysctrl_getGPIO_status success val=1
05-27 18:43:36.779 13911 14183 I SentryImuMcuAngleSender: 179.993rollDeg
05-27 18:43:36.779 13911 14183 I SentryImuMcuAngleSender: 1,0,0
05-27 08:34:45.741   581   581 D spi_rst_gpio_get_output: GPIO 145 value: 1
05-27 08:34:45.741   581   581 D spidev_ioctl: gpio status=1)
05-27 18:43:36.781  1083  1083 I MyAppLog: [2026-05-27 18:43:36.781 I tboxap mcuSendYadiTransfer:196] [Mcu] [mcuYadiSend]: :00 08 89 04 01 09 81 02 01 01
05-27 18:43:36.782   581   581 I SpiService: fgesysctrl_getGPIO_status success val=1
05-27 18:43:36.784 15863 15863 D AIN-NaviLocationPresenter: ACC is OFF, skip upload location
05-27 18:43:36.784   481   599 I mcuc    : start timer OK = 29540 
05-27 08:34:45.747   581   581 D spi_rst_gpio_get_output: GPIO 145 value: 1
05-27 08:34:45.747   581   581 D spidev_ioctl: gpio status=1)
05-27 18:43:36.788   581   581 I SpiService: fgesysctrl_getGPIO_status success val=1
05-27 18:43:36.788   351   351 D DefaultVehicleHal: setProperty setValues start
05-27 18:43:36.788   351   351 D 2026-5-19:FakeVehicleHardware: setProperty FakeVehicleHardware  ID: 0x11500f31
05-27 08:34:45.752   581   581 D spi_rst_gpio_get_output: GPIO 145 value: 1
05-27 08:34:45.752   581   581 D spidev_ioctl: gpio status=1)
05-27 18:43:36.789   351   351 D 2026-5-19:FakeVehicleHardware: setProperty id:0x11500f31,value:10484039
05-27 18:43:36.789   351   351 D DefaultVehicleHal: setProperty setValues end
05-27 18:43:36.789   351   368 D 2026-5-19:FakeVehicleHardware: setProperty FakeVehicleHardware  setValue START
05-27 18:43:36.789   351   368 D 2026-5-19:FakeVehicleHardware: setProperty FakeVehicleHardware  setValue end
05-27 18:43:36.792  1008 30856 D [OMXB]  : usingANWBuffer: handle:0xee742480, format:1, w:1920, h:1080
05-27 18:43:36.793   581   581 I SpiService: fgesysctrl_getGPIO_status success val=0
05-27 18:43:36.793   481   597 I mcuc    : send SPI:6AA601736400F809018904010981020101000000000000000000000000000000000000000000000000000000000000000000000000000000000000000000000000000000000000000000000000000000000000000000000000000000000000000000000000000000000000000000000000000000000000000000000000000000000000000000000000000000000000000000000000000000000000000000000000000000000000000000000000000000000000000000000000000000000000000000000000000000000000000000000000000000000000000000000000000000000000000000000000000000000000000000000000000000000000000000000A
05-27 08:34:45.758   581   581 D spi_rst_gpio_get_output: GPIO 145 value: 0
05-27 08:34:45.758   581   581 D spidev_ioctl: gpio status=0)
05-27 18:43:36.799 13911 14183 I SentryImuMcuAngleSender: 179.986rollDeg
05-27 18:43:36.799 13911 14183 I SentryImuMcuAngleSender: 1,0,0
05-27 18:43:36.804   299 30844 D EvsDriver: forwardFrame
05-27 18:43:36.805   299 30844 D EvsDriver: Delivered 0xb400007b7ca56900 as id 0
05-27 18:43:36.806  1167  1479 D evsmanagerd: /dev/video6 forwarded the buffer #0 to 0xb4000074bf5f5510 from 0xb4000074bf5f6d90
05-27 18:43:36.806   299 30841 D EvsDriver: forwardFrame
05-27 18:43:36.808  1167  1167 D evsmanagerd: /dev/video4 forwarded the buffer #0 to 0xb4000074bf5f6850 from 0xb4000074bf5f41d0
05-27 18:43:36.808   299 30841 D EvsDriver: Delivered 0xb400007b7ca56a60 as id 0
05-27 18:43:36.808   299  1153 D EvsDriver: doneWithFrame
05-27 18:43:36.809   581   581 I SpiService: fgesysctrl_getGPIO_status success val=1
05-27 08:34:45.773   581   581 D spi_rst_gpio_get_output: GPIO 145 value: 1
05-27 08:34:45.773   581   581 D spidev_ioctl: gpio status=1)
05-27 18:43:36.812   536   536 D commservice260303: msg.id = 1028,0
05-27 18:43:36.812   536   536 D commservice260303: i = 170, msgid = 8A000404
05-27 18:43:36.812   536   536 D commservice260303: msgid = -1979710460,did=138
05-27 18:43:36.812   536   536 D commservice260303: CommProtocolLibCmdBaseI2C::dataproc {"command":{"id":"imu_status","sub":""},"content":{"TimeStamp":10,"FrameCounter":244962,"GD_X":-0.011377211660146713,"GD_Y":0.0057257963344454765,"GD_Z":0.002213752595707774,"AD_X":-0.002296924591064453,"AD_Y":1.8617860041558743E-4,"AD_Z":-0.16947650909423828,"TempDsp":0,"Status":0,"CalibState":1,"SigAmpInvalid":0}},-1979710460
05-27 18:43:36.812   299  1153 D EvsDriver: doneWithFrame
05-27 18:43:36.812   536   536 D commservice260303: send2Cluster len:317, 7B22636F6D6D616E64223A7B226964223A22696D755F737461747573222C22737562223A22227D2C22636F6E74656E74223A7B2254696D655374616D70223A31302C224672616D65436F756E746572223A3234343936322C2247445F58223A2D302E3031313337373231313636303134363731332C2247445F59223A302E303035373235373936333334343435343736352C2247445F5A223A302E3030323231333735323539353730373737342C2241445F58223A2D302E3030323239363932343539313036343435332C2241445F59223A312E38363137383630303431353538373433452D342C2241445F5A223A2D302E31363934373635303930393432333832382C2254656D70447370223A302C22537461747573223A302C2243616C69625374617465223A312C22536967416D70496E76616C6964223A307D7D, 138 
05-27 18:43:36.812   536   536 D commservice260303: Push Message into SendPool fn=285016832
05-27 18:43:36.812   536   536 D commservice260303: ComProtocolLibSend2Cluster::send2ClusterRaw fn=285016832 , len=333
05-27 18:43:36.812   536   536 D commservice260303: sendCmdToPort :333!!!
05-27 18:43:36.812   536   536 D commservice260303: send Cmd To Port ++++5AA501498A010003FD106A16CAD87B22636F6D6D616E64223A7B226964223A22696D755F737461747573222C22737562223A22227D2C22636F6E74656E74223A7B2254696D655374616D70223A31302C224672616D65436F756E746572223A3234343936322C2247445F58223A2D302E3031313337373231313636303134363731332C2247445F59223A302E303035373235373936333334343435343736352C2247445F5A223A302E3030323231333735323539353730373737342C2241445F58223A2D302E3030323239363932343539313036343435332C2241445F59223A312E38363137383630303431353538373433452D342C2241445F5A223A2D302E31363934373635303930393432333832382C2254656D70447370223A302C22537461747573223A302C2243616C69625374617465223A312C22536967416D70496E76616C6964223A307D7D86DA
05-27 18:43:36.812   536   536 D commservice260303: bufferevent_write retrun value = 0
05-27 18:43:36.812   536   560 D commservice260303: client datas send succeed,send finish
05-27 18:43:36.812 13911 14192 D Sentinelmode_1.2.5.17_sentry: <SentryImuClusterFgeSender>imu_status sent to Linux, frame=244962, tsNs=10484047, tsMs=10, intervalMs=39, ad=(-0.0022969246,1.861786E-4,-0.16947651), gd=(-0.011377212,0.0057257963,0.0022137526)
05-27 18:43:36.814   581   581 I SpiService: fgesysctrl_getGPIO_status success val=1
05-27 08:34:45.779   581   581 D spi_rst_gpio_get_output: GPIO 145 value: 1
05-27 08:34:45.779   581   581 D spidev_ioctl: gpio status=1)
05-27 18:43:36.818  1008 30857 D [OMXB]  : usingANWBuffer: handle:0xee7412a0, format:1, w:1920, h:1080
05-27 18:43:36.820 13911 14183 I SentryImuMcuAngleSender: 179.986rollDeg
05-27 18:43:36.820 13911 14183 I SentryImuMcuAngleSender: 1,0,0
05-27 18:43:36.820   581   581 I SpiService: fgesysctrl_getGPIO_status success val=1
05-27 08:34:45.784   581   581 D spi_rst_gpio_get_output: GPIO 145 value: 1
05-27 08:34:45.784   581   581 D spidev_ioctl: gpio status=1)
05-27 18:43:36.826   581   581 I SpiService: fgesysctrl_getGPIO_status success val=1
05-27 08:34:45.790   581   581 D spi_rst_gpio_get_output: GPIO 145 value: 1
05-27 08:34:45.790   581   581 D spidev_ioctl: gpio status=1)
05-27 18:43:36.830   283   307 I rvcservice: t.code = 4, t.value = 0
05-27 18:43:36.831   299 30841 D EvsDriver: forwardFrame
05-27 18:43:36.831  1008 30856 D [OMXB]  : usingANWBuffer: handle:0xee740e80, format:1, w:1920, h:1080
05-27 18:43:36.831   581   581 I SpiService: fgesysctrl_getGPIO_status success val=0
05-27 18:43:36.832   299 30841 D EvsDriver: Delivered 0xb400007b7ca56a60 as id 0
05-27 18:43:36.832  1167  1167 D evsmanagerd: /dev/video4 forwarded the buffer #0 to 0xb4000074bf5f6850 from 0xb4000074bf5f41d0
05-27 08:34:45.796   581   581 D spi_rst_gpio_get_output: GPIO 145 value: 0
05-27 08:34:45.796   581   581 D spidev_ioctl: gpio status=0)
05-27 18:43:36.837   299  1153 D EvsDriver: doneWithFrame
05-27 18:43:36.839   351   515 W automotive.vehicle@2.0-adayo-func-bcm: BCMFunc sendMessageFromClient_l sendMessage prop: 0x11500f31 not in table
05-27 18:43:36.839   299 30844 D EvsDriver: forwardFrame
05-27 18:43:36.841   299 30844 D EvsDriver: Delivered 0xb400007b7ca56900 as id 0
05-27 18:43:36.841 13911 14183 I SentryImuMcuAngleSender: 179.986rollDeg
05-27 18:43:36.841 13911 14183 I SentryImuMcuAngleSender: 1,0,0
05-27 18:43:36.841  1167  1167 D evsmanagerd: /dev/video6 forwarded the buffer #0 to 0xb4000074bf5f5510 from 0xb4000074bf5f6d90
05-27 18:43:36.842   269   269 D libvintf: HalManifest::getHidlTransport(framework): Cannot find android.hardware.usb@1.0::IUsb/default
05-27 18:43:36.843   269   269 D libvintf: HalManifest::getHidlTransport(device): Cannot find android.hardware.usb@1.0::IUsb/default
05-27 18:43:36.843   269   269 I hwservicemanager: getTransport: Cannot find entry android.hardware.usb@1.0::IUsb/default in either framework or device VINTF manifest.
05-27 18:43:36.846   299  1153 D EvsDriver: doneWithFrame
05-27 18:43:36.846 12348 12448 E ExtUsbManager: UsbHalController: android.hardware.usb.V1_0.IUsb getService failed!
05-27 18:43:36.846 12348 12448 E ExtUsbManager: java.util.NoSuchElementException
05-27 18:43:36.846 12348 12448 E ExtUsbManager: 	at android.os.HwBinder.getService(Native Method)
05-27 18:43:36.846 12348 12448 E ExtUsbManager: 	at android.os.HwBinder.getService(HwBinder.java:81)
05-27 18:43:36.846 12348 12448 E ExtUsbManager: 	at android.hardware.usb.V1_0.IUsb.getService(IUsb.java:74)
05-27 18:43:36.846 12348 12448 E ExtUsbManager: 	at android.hardware.usb.V1_0.IUsb.getService(IUsb.java:84)
05-27 18:43:36.846 12348 12448 E ExtUsbManager: 	at ts.car.usb.UsbHalController.createService(UsbHalController.java:37)
05-27 18:43:36.846 12348 12448 E ExtUsbManager: 	at ts.car.usb.UsbHalController.createService(UsbHalController.java:18)
05-27 18:43:36.846 12348 12448 E ExtUsbManager: 	at ts.car.usb.utils.AutoServiceConnector4Hidl.autoConnect(AutoServiceConnector4Hidl.java:47)
05-27 18:43:36.846 12348 12448 E ExtUsbManager: 	at ts.car.usb.utils.AutoServiceConnector4Hidl$$ExternalSyntheticLambda0.run(Unknown Source:2)
05-27 18:43:36.846 12348 12448 E ExtUsbManager: 	at android.os.Handler.handleCallback(Handler.java:942)
05-27 18:43:36.846 12348 12448 E ExtUsbManager: 	at android.os.Handler.dispatchMessage(Handler.java:99)
05-27 18:43:36.846 12348 12448 E ExtUsbManager: 	at android.os.Looper.loopOnce(Looper.java:201)
05-27 18:43:36.846 12348 12448 E ExtUsbManager: 	at android.os.Looper.loop(Looper.java:288)
05-27 18:43:36.846 12348 12448 E ExtUsbManager: 	at android.os.HandlerThread.run(HandlerThread.java:67)
05-27 18:43:36.846   481   598 I mcuc    : rev,n=1,6AA6827364000209019B
05-27 18:43:36.847   581   581 I SpiService: fgesysctrl_getGPIO_status success val=1
05-27 18:43:36.848   269   269 D libvintf: HalManifest::getHidlTransport(framework): Cannot find vendor.ts.usbext@1.0::IUsbext/default
05-27 18:43:36.848   269   269 D libvintf: HalManifest::getHidlTransport(device): Cannot find vendor.ts.usbext@1.0::IUsbext/default
05-27 18:43:36.848   269   269 I hwservicemanager: getTransport: Cannot find entry vendor.ts.usbext@1.0::IUsbext/default in either framework or device VINTF manifest.
05-27 08:34:45.812   581   581 D spi_rst_gpio_get_output: GPIO 145 value: 1
05-27 08:34:45.812   581   581 D spidev_ioctl: gpio status=1)
05-27 18:43:36.849 12348 12448 E ExtUsbManager: UsbHalExtController: vendor.ts.usbext.V1_0.IUsbext getService failed!
05-27 18:43:36.849 12348 12448 E ExtUsbManager: java.util.NoSuchElementException
05-27 18:43:36.849 12348 12448 E ExtUsbManager: 	at android.os.HwBinder.getService(Native Method)
05-27 18:43:36.849 12348 12448 E ExtUsbManager: 	at android.os.HwBinder.getService(HwBinder.java:81)
05-27 18:43:36.849 12348 12448 E ExtUsbManager: 	at vendor.ts.usbext.V1_0.IUsbext.getService(IUsbext.java:74)
05-27 18:43:36.849 12348 12448 E ExtUsbManager: 	at vendor.ts.usbext.V1_0.IUsbext.getService(IUsbext.java:84)
05-27 18:43:36.849 12348 12448 E ExtUsbManager: 	at ts.car.usb.UsbHalExtController.createService(UsbHalExtController.java:37)
05-27 18:43:36.849 12348 12448 E ExtUsbManager: 	at ts.car.usb.UsbHalExtController.createService(UsbHalExtController.java:18)
05-27 18:43:36.849 12348 12448 E ExtUsbManager: 	at ts.car.usb.utils.AutoServiceConnector4Hidl.autoConnect(AutoServiceConnector4Hidl.java:47)
05-27 18:43:36.849 12348 12448 E ExtUsbManager: 	at ts.car.usb.utils.AutoServiceConnector4Hidl$$ExternalSyntheticLambda0.run(Unknown Source:2)
05-27 18:43:36.849 12348 12448 E ExtUsbManager: 	at android.os.Handler.handleCallback(Handler.java:942)
05-27 18:43:36.849 12348 12448 E ExtUsbManager: 	at android.os.Handler.dispatchMessage(Handler.java:99)
05-27 18:43:36.849 12348 12448 E ExtUsbManager: 	at android.os.Looper.loopOnce(Looper.java:201)
05-27 18:43:36.849 12348 12448 E ExtUsbManager: 	at android.os.Looper.loop(Looper.java:288)
05-27 18:43:36.849 12348 12448 E ExtUsbManager: 	at android.os.HandlerThread.run(HandlerThread.java:67)
05-27 18:43:36.850   572   622 I Sensors : 230 AccelSensor: x:-0.169580,y:0.003659,z:-9.974720
05-27 18:43:36.852   269   269 D libvintf: HalManifest::getHidlTransport(framework): Cannot find android.hardware.usb.gadget@1.0::IUsbGadget/default
05-27 18:43:36.852   269   269 D libvintf: HalManifest::getHidlTransport(device): Cannot find android.hardware.usb.gadget@1.0::IUsbGadget/default
05-27 18:43:36.852   269   269 I hwservicemanager: getTransport: Cannot find entry android.hardware.usb.gadget@1.0::IUsbGadget/default in either framework or device VINTF manifest.
05-27 18:43:36.852   536   536 D commservice260303: msg.id = 1028,1
05-27 18:43:36.852   536   536 D commservice260303: i = 170, msgid = 8A000404
05-27 18:43:36.852   536   536 D commservice260303: msgid = -1979710460,did=138
05-27 18:43:36.852   536   536 D commservice260303: CommProtocolLibCmdBaseI2C::dataproc {"command":{"id":"imu_status","sub":""},"content":{"TimeStamp":10,"FrameCounter":244963,"GD_X":-0.01221725158393383,"GD_Y":0.00549693126231432,"GD_Z":0.0019848872907459736,"AD_X":-0.003515079617500305,"AD_Y":0.001400182954967022,"AD_Z":-0.16947650909423828,"TempDsp":0,"Status":0,"CalibState":1,"SigAmpInvalid":0}},-1979710460
05-27 18:43:36.852   536   536 D commservice260303: send2Cluster len:314, 7B22636F6D6D616E64223A7B226964223A22696D755F737461747573222C22737562223A22227D2C22636F6E74656E74223A7B2254696D655374616D70223A31302C224672616D65436F756E746572223A3234343936332C2247445F58223A2D302E30313232313732353135383339333338332C2247445F59223A302E30303534393639333132363233313433322C2247445F5A223A302E303031393834383837323930373435393733362C2241445F58223A2D302E3030333531353037393631373530303330352C2241445F59223A302E3030313430303138323935343936373032322C2241445F5A223A2D302E31363934373635303930393432333832382C2254656D70447370223A302C22537461747573223A302C2243616C69625374617465223A312C22536967416D70496E76616C6964223A307D7D, 138 
05-27 18:43:36.852   536   536 D commservice260303: Push Message into SendPool fn=301794048
05-27 18:43:36.852   536   536 D commservice260303: ComProtocolLibSend2Cluster::send2ClusterRaw fn=301794048 , len=330
05-27 18:43:36.852   536   536 D commservice260303: sendCmdToPort :330!!!
05-27 18:43:36.852   536   536 D commservice260303: send Cmd To Port ++++5AA501468A010003FD116A16CAD87B22636F6D6D616E64223A7B226964223A22696D755F737461747573222C22737562223A22227D2C22636F6E74656E74223A7B2254696D655374616D70223A31302C224672616D65436F756E746572223A3234343936332C2247445F58223A2D302E30313232313732353135383339333338332C2247445F59223A302E30303534393639333132363233313433322C2247445F5A223A302E303031393834383837323930373435393733362C2241445F58223A2D302E3030333531353037393631373530303330352C2241445F59223A302E3030313430303138323935343936373032322C2241445F5A223A2D302E31363934373635303930393432333832382C2254656D70447370223A302C22537461747573223A302C2243616C69625374617465223A312C22536967416D70496E76616C6964223A307D7D1DC4
05-27 18:43:36.852   536   536 D commservice260303: bufferevent_write retrun value = 0
05-27 18:43:36.853   536   560 D commservice260303: client datas send succeed,send finish
05-27 18:43:36.853 12348 12448 E ExtUsbManager: UsbGadgetController: android.hardware.usb.gadget.V1_0.IUsbGadget getService failed!
05-27 18:43:36.853 12348 12448 E ExtUsbManager: java.util.NoSuchElementException
05-27 18:43:36.853 12348 12448 E ExtUsbManager: 	at android.os.HwBinder.getService(Native Method)
05-27 18:43:36.853 12348 12448 E ExtUsbManager: 	at android.os.HwBinder.getService(HwBinder.java:81)
05-27 18:43:36.853 12348 12448 E ExtUsbManager: 	at android.hardware.usb.gadget.V1_0.IUsbGadget.getService(IUsbGadget.java:74)
05-27 18:43:36.853 12348 12448 E ExtUsbManager: 	at android.hardware.usb.gadget.V1_0.IUsbGadget.getService(IUsbGadget.java:84)
05-27 18:43:36.853 12348 12448 E ExtUsbManager: 	at ts.car.usb.UsbGadgetController.createService(UsbGadgetController.java:36)
05-27 18:43:36.853 12348 12448 E ExtUsbManager: 	at ts.car.usb.UsbGadgetController.createService(UsbGadgetController.java:17)
05-27 18:43:36.853 12348 12448 E ExtUsbManager: 	at ts.car.usb.utils.AutoServiceConnector4Hidl.autoConnect(AutoServiceConnector4Hidl.java:47)
05-27 18:43:36.853 12348 12448 E ExtUsbManager: 	at ts.car.usb.utils.AutoServiceConnector4Hidl$$ExternalSyntheticLambda0.run(Unknown Source:2)
05-27 18:43:36.853 12348 12448 E ExtUsbManager: 	at android.os.Handler.handleCallback(Handler.java:942)
05-27 18:43:36.853 12348 12448 E ExtUsbManager: 	at android.os.Handler.dispatchMessage(Handler.java:99)
05-27 18:43:36.853 12348 12448 E ExtUsbManager: 	at android.os.Looper.loopOnce(Looper.java:201)
05-27 18:43:36.853 12348 12448 E ExtUsbManager: 	at android.os.Looper.loop(Looper.java:288)
05-27 18:43:36.853 12348 12448 E ExtUsbManager: 	at android.os.HandlerThread.run(HandlerThread.java:67)
05-27 18:43:36.853   581   581 I SpiService: fgesysctrl_getGPIO_status success val=1
05-27 18:43:36.853 13911 14192 D Sentinelmode_1.2.5.17_sentry: <SentryImuClusterFgeSender>imu_status sent to Linux, frame=244963, tsNs=10484100, tsMs=10, intervalMs=40, ad=(-0.0035150796,0.001400183,-0.16947651), gd=(-0.012217252,0.0054969313,0.0019848873)
05-27 18:43:36.854  1008 30857 D [OMXB]  : usingANWBuffer: handle:0xee741c40, format:1, w:1920, h:1080
05-27 08:34:45.817   581   581 D spi_rst_gpio_get_output: GPIO 145 value: 1
05-27 08:34:45.817   581   581 D spidev_ioctl: gpio status=1)
05-27 18:43:36.859   581   581 I SpiService: fgesysctrl_getGPIO_status success val=1
05-27 08:34:45.823   581   581 D spi_rst_gpio_get_output: GPIO 145 value: 1
05-27 08:34:45.823   581   581 D spidev_ioctl: gpio status=1)
05-27 18:43:36.861 13911 14183 I SentryImuMcuAngleSender: 179.97899rollDeg
05-27 18:43:36.862 13911 14183 I SentryImuMcuAngleSender: 1,0,0
05-27 18:43:36.864   581   581 I SpiService: fgesysctrl_getGPIO_status success val=1
05-27 08:34:45.829   581   581 D spi_rst_gpio_get_output: GPIO 145 value: 1
05-27 08:34:45.829   581   581 D spidev_ioctl: gpio status=1)
05-27 18:43:36.866   299 30844 D EvsDriver: forwardFrame
05-27 18:43:36.866   299 30841 D EvsDriver: forwardFrame
05-27 18:43:36.867   299 30844 D EvsDriver: Delivered 0xb400007b7ca56900 as id 0
05-27 18:43:36.867   299 30841 D EvsDriver: Delivered 0xb400007b7ca56a60 as id 0
05-27 18:43:36.867  1167  1167 D evsmanagerd: /dev/video6 forwarded the buffer #0 to 0xb4000074bf5f5510 from 0xb4000074bf5f6d90
05-27 18:43:36.867  1167  1479 D evsmanagerd: /dev/video4 forwarded the buffer #0 to 0xb4000074bf5f6850 from 0xb4000074bf5f41d0
05-27 18:43:36.868   536   536 W commservice260303: [FgeComService::getAQConnectStatus:378]
05-27 18:43:36.868   536   536 W commservice260303: [mcuCommFunctionTcp::getAQConnectStatus:406] 1
05-27 18:43:36.868   536   536 W commservice260303: [FgeComService::getAQConnectStatus:380] status:1
05-27 18:43:36.868 12246 12246 E ivicomm_CommManager: getA2lConnectStatus aqConnectStatus:1
05-27 18:43:36.868 12246 12246 D ivicomm_ConnectStateManager: notifyState newState=1curState=1
05-27 18:43:36.870  1008 30856 D [OMXB]  : usingANWBuffer: handle:0xee746310, format:1, w:1920, h:1080
05-27 18:43:36.870   581   581 I SpiService: fgesysctrl_getGPIO_status success val=0
05-27 18:43:36.870   299  1153 D EvsDriver: doneWithFrame
05-27 18:43:36.873   299  1153 D EvsDriver: doneWithFrame
05-27 18:43:36.873 30773 30789 I dvr_service_: Camera 0: MediaOK:26737534, frames:620, isKeyFrame:0,pts:10483795491
05-27 08:34:45.835   581   581 D spi_rst_gpio_get_output: GPIO 145 value: 0
05-27 08:34:45.835   581   581 D spidev_ioctl: gpio status=0)
05-27 18:43:36.882 13911 14183 I SentryImuMcuAngleSender: 179.96495rollDeg
05-27 18:43:36.882 13911 14183 I SentryImuMcuAngleSender: 1,0,0
05-27 18:43:36.885 30773 30785 I dvr_service_: [EncoderHandler::runMediaThread] runMediaThread started:1,state:1, cam2:started:1,state:1, lastSwitch:1, mIsMuxerStart:1,format:0,is_str_ing:0
05-27 18:43:36.886   581   581 I SpiService: fgesysctrl_getGPIO_status success val=1
05-27 18:43:36.888  1008 30857 D [OMXB]  : usingANWBuffer: handle:0xee7467e0, format:1, w:1920, h:1080
05-27 08:34:45.850   581   581 D spi_rst_gpio_get_output: GPIO 145 value: 1
05-27 08:34:45.850   581   581 D spidev_ioctl: gpio status=1)
05-27 18:43:36.891   581   581 I SpiService: fgesysctrl_getGPIO_status success val=1
05-27 18:43:36.892   536   536 D commservice260303: msg.id = 1028,0
05-27 18:43:36.893   536   536 D commservice260303: i = 170, msgid = 8A000404
05-27 18:43:36.893   536   536 D commservice260303: msgid = -1979710460,did=138
05-27 18:43:36.893   536   536 D commservice260303: CommProtocolLibCmdBaseI2C::dataproc {"command":{"id":"imu_status","sub":""},"content":{"TimeStamp":10,"FrameCounter":244964,"GD_X":-0.011910883709788322,"GD_Y":0.004809814505279064,"GD_Z":0.0017560218693688512,"AD_X":-0.002901241183280945,"AD_Y":0.006248674355447292,"AD_Z":-0.1658163070678711,"TempDsp":0,"Status":0,"CalibState":1,"SigAmpInvalid":0}},-1979710460
05-27 18:43:36.893   536   536 D commservice260303: send2Cluster len:315, 7B22636F6D6D616E64223A7B226964223A22696D755F737461747573222C22737562223A22227D2C22636F6E74656E74223A7B2254696D655374616D70223A31302C224672616D65436F756E746572223A3234343936342C2247445F58223A2D302E3031313931303838333730393738383332322C2247445F59223A302E3030343830393831343530353237393036342C2247445F5A223A302E303031373536303231383639333638383531322C2241445F58223A2D302E3030323930313234313138333238303934352C2241445F59223A302E3030363234383637343335353434373239322C2241445F5A223A2D302E313635383136333037303637383731312C2254656D70447370223A302C22537461747573223A302C2243616C69625374617465223A312C22536967416D70496E76616C6964223A307D7D, 138 
05-27 18:43:36.893   536   536 D commservice260303: Push Message into SendPool fn=318571264
05-27 08:34:45.856   581   581 D spi_rst_gpio_get_output: GPIO 145 value: 1
05-27 18:43:36.893   536   536 D commservice260303: ComProtocolLibSend2Cluster::send2ClusterRaw fn=318571264 , len=331
05-27 18:43:36.893   536   536 D commservice260303: sendCmdToPort :331!!!
05-27 18:43:36.893   536   536 D commservice260303: send Cmd To Port ++++5AA501478A010003FD126A16CAD87B22636F6D6D616E64223A7B226964223A22696D755F737461747573222C22737562223A22227D2C22636F6E74656E74223A7B2254696D655374616D70223A31302C224672616D65436F756E746572223A3234343936342C2247445F58223A2D302E3031313931303838333730393738383332322C2247445F59223A302E3030343830393831343530353237393036342C2247445F5A223A302E303031373536303231383639333638383531322C2241445F58223A2D302E3030323930313234313138333238303934352C2241445F59223A302E3030363234383637343335353434373239322C2241445F5A223A2D302E313635383136333037303637383731312C2254656D70447370223A302C22537461747573223A302C2243616C69625374617465223A312C22536967416D70496E76616C6964223A307D7D8106
05-27 18:43:36.893   536   536 D commservice260303: bufferevent_write retrun value = 0
05-27 18:43:36.893   536   560 D commservice260303: client datas send succeed,send finish
05-27 18:43:36.893 13911 14192 D Sentinelmode_1.2.5.17_sentry: <SentryImuClusterFgeSender>imu_status sent to Linux, frame=244964, tsNs=10484136, tsMs=10, intervalMs=41, ad=(-0.0029012412,0.0062486744,-0.1658163), gd=(-0.011910884,0.0048098145,0.0017560219)
05-27 08:34:45.856   581   581 D spidev_ioctl: gpio status=1)
05-27 18:43:36.897   299 30844 D EvsDriver: forwardFrame
05-27 18:43:36.897   581   581 I SpiService: fgesysctrl_getGPIO_status success val=1
05-27 18:43:36.898   299 30844 D EvsDriver: Delivered 0xb400007b7ca56900 as id 0
05-27 18:43:36.898  1167  1479 D evsmanagerd: /dev/video6 forwarded the buffer #0 to 0xb4000074bf5f5510 from 0xb4000074bf5f6d90
05-27 08:34:45.862   581   581 D spi_rst_gpio_get_output: GPIO 145 value: 1
05-27 08:34:45.862   581   581 D spidev_ioctl: gpio status=1)
05-27 18:43:36.901   299  1153 D EvsDriver: doneWithFrame
05-27 18:43:36.903 13911 14183 I SentryImuMcuAngleSender: 179.95093rollDeg
05-27 18:43:36.903 13911 14183 I SentryImuMcuAngleSender: 1,0,0
05-27 18:43:36.903   581   581 I SpiService: fgesysctrl_getGPIO_status success val=1
05-27 08:34:45.868   581   581 D spi_rst_gpio_get_output: GPIO 145 value: 1
05-27 08:34:45.868   581   581 D spidev_ioctl: gpio status=1)
05-27 18:43:36.905   299 30841 D EvsDriver: forwardFrame
05-27 18:43:36.906  1008 30856 D [OMXB]  : usingANWBuffer: handle:0xee742a00, format:1, w:1920, h:1080
05-27 18:43:36.907   299 30841 D EvsDriver: Delivered 0xb400007b7ca56a60 as id 0
05-27 18:43:36.907  1167  1479 D evsmanagerd: /dev/video4 forwarded the buffer #0 to 0xb4000074bf5f6850 from 0xb4000074bf5f41d0
05-27 18:43:36.909   581   581 I SpiService: fgesysctrl_getGPIO_status success val=1
05-27 18:43:36.910   299  1153 D EvsDriver: doneWithFrame
05-27 08:34:45.874   581   581 D spi_rst_gpio_get_output: GPIO 145 value: 1
05-27 08:34:45.874   581   581 D spidev_ioctl: gpio status=1)
05-27 18:43:36.915   581   581 I SpiService: fgesysctrl_getGPIO_status success val=0
05-27 08:34:45.879   581   581 D spi_rst_gpio_get_output: GPIO 145 value: 0
05-27 08:34:45.879   581   581 D spidev_ioctl: gpio status=0)
05-27 18:43:36.922  1008 30857 D [OMXB]  : usingANWBuffer: handle:0xee743710, format:1, w:1920, h:1080
05-27 18:43:36.923 13549 13549 I ADAYO_LOG_: handleMessage(UsbFunc.java:352)copyQnx = 0
05-27 18:43:36.924 13549 13549 I ADAYO_LOG_: handleMessage(UsbFunc.java:404)copyState = 2
05-27 18:43:36.927 13911 14183 I SentryImuMcuAngleSender: 179.95795rollDeg
05-27 18:43:36.927 13911 14183 I SentryImuMcuAngleSender: 1,0,0
05-27 18:43:36.929   581   581 I SpiService: fgesysctrl_getGPIO_status success val=1
05-27 18:43:36.930   283   307 I rvcservice: t.code = 3, t.value = 0
05-27 18:43:36.932   536   536 D commservice260303: msg.id = 1028,0
05-27 18:43:36.932   536   536 D commservice260303: i = 170, msgid = 8A000404
05-27 18:43:36.932   536   536 D commservice260303: msgid = -1979710460,did=138
05-27 18:43:36.932   536   536 D commservice260303: CommProtocolLibCmdBaseI2C::dataproc {"command":{"id":"imu_status","sub":""},"content":{"TimeStamp":10,"FrameCounter":244965,"GD_X":-0.01160607673227787,"GD_Y":0.005039200186729431,"GD_Z":0.0022902146447449923,"AD_X":-0.0035080760717391968,"AD_Y":0.004990163259208202,"AD_Z":-0.1664266586303711,"TempDsp":0,"Status":0,"CalibState":1,"SigAmpInvalid":0}},-1979710460
05-27 18:43:36.932   536   536 D commservice260303: send2Cluster len:315, 7B22636F6D6D616E64223A7B226964223A22696D755F737461747573222C22737562223A22227D2C22636F6E74656E74223A7B2254696D655374616D70223A31302C224672616D65436F756E746572223A3234343936352C2247445F58223A2D302E30313136303630373637333232373738372C2247445F59223A302E3030353033393230303138363732393433312C2247445F5A223A302E303032323930323134363434373434393932332C2241445F58223A2D302E303033353038303736303731373339313936382C2241445F59223A302E3030343939303136333235393230383230322C2241445F5A223A2D302E313636343236363538363330333731312C2254656D70447370223A302C22537461747573223A302C2243616C69625374617465223A312C22536967416D70496E76616C6964223A307D7D, 138 
05-27 18:43:36.932   536   536 D commservice260303: Push Message into SendPool fn=335348480
05-27 18:43:36.932   536   536 D commservice260303: ComProtocolLibSend2Cluster::send2ClusterRaw fn=335348480 , len=331
05-27 18:43:36.932   536   536 D commservice260303: sendCmdToPort :331!!!
05-27 18:43:36.932   536   536 D commservice260303: send Cmd To Port ++++5AA501478A010003FD136A16CAD87B22636F6D6D616E64223A7B226964223A22696D755F737461747573222C22737562223A22227D2C22636F6E74656E74223A7B2254696D655374616D70223A31302C224672616D65436F756E746572223A3234343936352C2247445F58223A2D302E30313136303630373637333232373738372C2247445F59223A302E3030353033393230303138363732393433312C2247445F5A223A302E303032323930323134363434373434393932332C2241445F58223A2D302E303033353038303736303731373339313936382C2241445F59223A302E3030343939303136333235393230383230322C2241445F5A223A2D302E313636343236363538363330333731312C2254656D70447370223A302C22537461747573223A302C2243616C69625374617465223A312C22536967416D70496E76616C6964223A307D7D759E
05-27 18:43:36.932   536   536 D commservice260303: bufferevent_write retrun value = 0
05-27 18:43:36.932   536   560 D commservice260303: client datas send succeed,send finish
05-27 18:43:36.932 13911 14192 D Sentinelmode_1.2.5.17_sentry: <SentryImuClusterFgeSender>imu_status sent to Linux, frame=244965, tsNs=10484171, tsMs=10, intervalMs=39, ad=(-0.003508076,0.0049901633,-0.16642666), gd=(-0.011606077,0.0050392,0.0022902146)
05-27 08:34:45.894   581   581 D spi_rst_gpio_get_output: GPIO 145 value: 1
05-27 08:34:45.894   581   581 D spidev_ioctl: gpio status=1)
05-27 18:43:36.934   299 30844 D EvsDriver: forwardFrame
05-27 18:43:36.934   299 30841 D EvsDriver: forwardFrame
05-27 18:43:36.936   581   581 I SpiService: fgesysctrl_getGPIO_status success val=1
05-27 18:43:36.936   299 30844 D EvsDriver: Delivered 0xb400007b7ca56900 as id 0
05-27 18:43:36.936   299 30841 D EvsDriver: Delivered 0xb400007b7ca56a60 as id 0
05-27 18:43:36.936  1167  1479 D evsmanagerd: /dev/video6 forwarded the buffer #0 to 0xb4000074bf5f5510 from 0xb4000074bf5f6d90
05-27 18:43:36.936  1167  1167 D evsmanagerd: /dev/video4 forwarded the buffer #0 to 0xb4000074bf5f6850 from 0xb4000074bf5f41d0
05-27 18:43:36.936 30773 30783 E dvr_service_: [myNum:1] Received S**** loss
05-27 18:43:36.936 30773 30773 E dvr_service_: [myNum:0] Received S**** loss
05-27 18:43:36.937   299  1153 D EvsDriver: doneWithFrame
05-27 08:34:45.900   581   581 D spi_rst_gpio_get_output: GPIO 145 value: 1
05-27 18:43:36.937   299  1163 D EvsDriver: doneWithFrame
05-27 08:34:45.900   581   581 D spidev_ioctl: gpio status=1)
05-27 18:43:36.938   572   622 I Sensors : 230 GyroSensor: x:-0.011377,y:0.005115,z:0.002367
05-27 18:43:36.939  1008 30856 D [OMXB]  : usingANWBuffer: handle:0xee7444d0, format:1, w:1920, h:1080
05-27 18:43:36.941   581   581 I SpiService: fgesysctrl_getGPIO_status success val=1
05-27 08:34:45.906   581   581 D spi_rst_gpio_get_output: GPIO 145 value: 1
05-27 08:34:45.906   581   581 D spidev_ioctl: gpio status=1)
05-27 18:43:36.947   581   581 I SpiService: fgesysctrl_getGPIO_status success val=1
05-27 18:43:36.948 13911 14183 I SentryImuMcuAngleSender: 179.96495rollDeg
05-27 18:43:36.948 13911 14183 I SentryImuMcuAngleSender: 1,0,0
05-27 08:34:45.911   581   581 D spi_rst_gpio_get_output: GPIO 145 value: 1
05-27 08:34:45.911   581   581 D spidev_ioctl: gpio status=1)
05-27 18:43:36.952   581   581 I SpiService: fgesysctrl_getGPIO_status success val=0
05-27 08:34:45.917   581   581 D spi_rst_gpio_get_output: GPIO 145 value: 0
05-27 08:34:45.917   581   581 D spidev_ioctl: gpio status=0)
05-27 18:43:36.958  1008 30857 D [OMXB]  : usingANWBuffer: handle:0xee746cb0, format:1, w:1920, h:1080
05-27 18:43:36.966   581   581 I SpiService: fgesysctrl_getGPIO_status success val=1
05-27 18:43:36.968 13911 14183 I SentryImuMcuAngleSender: 179.96495rollDeg
05-27 18:43:36.969 13911 14183 I SentryImuMcuAngleSender: 1,0,0
05-27 08:34:45.931   581   581 D spi_rst_gpio_get_output: GPIO 145 value: 1
05-27 08:34:45.931   581   581 D spidev_ioctl: gpio status=1)
05-27 18:43:36.969   299 30844 D EvsDriver: forwardFrame
05-27 18:43:36.969   299 30841 D EvsDriver: forwardFrame
05-27 18:43:36.971   299 30844 D EvsDriver: Delivered 0xb400007b7ca56900 as id 0
05-27 18:43:36.971  1167  1479 D evsmanagerd: /dev/video6 forwarded the buffer #0 to 0xb4000074bf5f5510 from 0xb4000074bf5f6d90
05-27 18:43:36.971  1167  1167 D evsmanagerd: /dev/video4 forwarded the buffer #0 to 0xb4000074bf5f6850 from 0xb4000074bf5f41d0
05-27 18:43:36.971   299 30841 D EvsDriver: Delivered 0xb400007b7ca56a60 as id 0
05-27 18:43:36.972   581   581 I SpiService: fgesysctrl_getGPIO_status success val=1
05-27 18:43:36.973   536   536 D commservice260303: msg.id = 1028,1
05-27 18:43:36.973   536   536 D commservice260303: i = 170, msgid = 8A000404
05-27 08:34:45.937   581   581 D spi_rst_gpio_get_output: GPIO 145 value: 1
05-27 18:43:36.973   536   536 D commservice260303: msgid = -1979710460,did=138
05-27 18:43:36.973   536   536 D commservice260303: CommProtocolLibCmdBaseI2C::dataproc {"command":{"id":"imu_status","sub":""},"content":{"TimeStamp":10,"FrameCounter":244966,"GD_X":-0.011682018637657166,"GD_Y":0.00549693126231432,"GD_Z":0.002519079949706793,"AD_X":-0.0022872984409332275,"AD_Y":0.0037469782400876284,"AD_Z":-0.1682577133178711,"TempDsp":0,"Status":0,"CalibState":1,"SigAmpInvalid":0}},-1979710460
05-27 08:34:45.937   581   581 D spidev_ioctl: gpio status=1)
05-27 18:43:36.973   536   536 D commservice260303: send2Cluster len:315, 7B22636F6D6D616E64223A7B226964223A22696D755F737461747573222C22737562223A22227D2C22636F6E74656E74223A7B2254696D655374616D70223A31302C224672616D65436F756E746572223A3234343936362C2247445F58223A2D302E3031313638323031383633373635373136362C2247445F59223A302E30303534393639333132363233313433322C2247445F5A223A302E3030323531393037393934393730363739332C2241445F58223A2D302E303032323837323938343430393333323237352C2241445F59223A302E303033373436393738323430303837363238342C2241445F5A223A2D302E313638323537373133333137383731312C2254656D70447370223A302C22537461747573223A302C2243616C69625374617465223A312C22536967416D70496E76616C6964223A307D7D, 138 
05-27 18:43:36.973   536   536 D commservice260303: Push Message into SendPool fn=352125696
05-27 18:43:36.973   536   536 D commservice260303: ComProtocolLibSend2Cluster::send2ClusterRaw fn=352125696 , len=331
05-27 18:43:36.973   536   536 D commservice260303: sendCmdToPort :331!!!
05-27 18:43:36.973   299  1163 D EvsDriver: doneWithFrame
05-27 18:43:36.973   536   536 D commservice260303: send Cmd To Port ++++5AA501478A010003FD146A16CAD87B22636F6D6D616E64223A7B226964223A22696D755F737461747573222C22737562223A22227D2C22636F6E74656E74223A7B2254696D655374616D70223A31302C224672616D65436F756E746572223A3234343936362C2247445F58223A2D302E3031313638323031383633373635373136362C2247445F59223A302E30303534393639333132363233313433322C2247445F5A223A302E3030323531393037393934393730363739332C2241445F58223A2D302E303032323837323938343430393333323237352C2241445F59223A302E303033373436393738323430303837363238342C2241445F5A223A2D302E313638323537373133333137383731312C2254656D70447370223A302C22537461747573223A302C2243616C69625374617465223A312C22536967416D70496E76616C6964223A307D7DE991
05-27 18:43:36.974   536   536 D commservice260303: bufferevent_write retrun value = 0
05-27 18:43:36.974   536   560 D commservice260303: client datas send succeed,send finish
05-27 18:43:36.974 13911 14192 D Sentinelmode_1.2.5.17_sentry: <SentryImuClusterFgeSender>imu_status sent to Linux, frame=244966, tsNs=10484207, tsMs=10, intervalMs=42, ad=(-0.0022872984,0.0037469782,-0.16825771), gd=(-0.011682019,0.0054969313,0.00251908)
05-27 18:43:36.975   299  1153 D EvsDriver: doneWithFrame
05-27 18:43:36.976  1008 30856 D [OMXB]  : usingANWBuffer: handle:0xee743c90, format:1, w:1920, h:1080
05-27 18:43:36.978   581   581 I SpiService: fgesysctrl_getGPIO_status success val=1
05-27 08:34:45.942   581   581 D spi_rst_gpio_get_output: GPIO 145 value: 1
05-27 08:34:45.942   581   581 D spidev_ioctl: gpio status=1)
05-27 18:43:36.983 30773 30786 I dvr_service_: CameraX 1  audioOK: 26816000,audios:420
05-27 18:43:36.984   581   581 I SpiService: fgesysctrl_getGPIO_status success val=1
05-27 08:34:45.948   581   581 D spi_rst_gpio_get_output: GPIO 145 value: 1
05-27 08:34:45.948   581   581 D spidev_ioctl: gpio status=1)
05-27 18:43:36.989 13911 14183 I SentryImuMcuAngleSender: 179.97197rollDeg
05-27 18:43:36.989 13911 14183 I SentryImuMcuAngleSender: 1,0,0
05-27 18:43:36.989   581   581 I SpiService: fgesysctrl_getGPIO_status success val=1
05-27 08:34:45.954   581   581 D spi_rst_gpio_get_output: GPIO 145 value: 1
05-27 08:34:45.954   581   581 D spidev_ioctl: gpio status=1)
05-27 18:43:36.994   581   581 I SpiService: fgesysctrl_getGPIO_status success val=0
05-27 08:34:45.959   581   581 D spi_rst_gpio_get_output: GPIO 145 value: 0
05-27 08:34:45.959   581   581 D spidev_ioctl: gpio status=0)
05-27 18:43:37.005   299 30844 D EvsDriver: forwardFrame
05-27 18:43:37.005   299 30841 D EvsDriver: forwardFrame
05-27 18:43:37.006   299 30844 D EvsDriver: Delivered 0xb400007b7ca56900 as id 0
05-27 18:43:37.006  1167  1167 D evsmanagerd: /dev/video6 forwarded the buffer #0 to 0xb4000074bf5f5510 from 0xb4000074bf5f6d90
05-27 18:43:37.007   299 30841 D EvsDriver: Delivered 0xb400007b7ca56a60 as id 0
05-27 18:43:37.007  1167  1167 D evsmanagerd: /dev/video4 forwarded the buffer #0 to 0xb4000074bf5f6850 from 0xb4000074bf5f41d0
05-27 18:43:37.008   299  1153 D EvsDriver: doneWithFrame
05-27 18:43:37.008   581   581 I SpiService: fgesysctrl_getGPIO_status success val=1
05-27 08:34:45.973   581   581 D spi_rst_gpio_get_output: GPIO 145 value: 1
05-27 08:34:45.973   581   581 D spidev_ioctl: gpio status=1)
05-27 18:43:37.009   299  1153 D EvsDriver: doneWithFrame
05-27 18:43:37.009 13911 14183 I SentryImuMcuAngleSender: 179.97197rollDeg
05-27 18:43:37.010 13911 14183 I SentryImuMcuAngleSender: 1,0,0
05-27 18:43:37.012   536   536 D commservice260303: msg.id = 1028,0
05-27 18:43:37.012   536   536 D commservice260303: i = 170, msgid = 8A000404
05-27 18:43:37.012   536   536 D commservice260303: msgid = -1979710460,did=138
05-27 18:43:37.012   536   536 D commservice260303: CommProtocolLibCmdBaseI2C::dataproc {"command":{"id":"imu_status","sub":""},"content":{"TimeStamp":10,"FrameCounter":244967,"GD_X":-0.011453153565526009,"GD_Y":0.005802778527140617,"GD_Z":0.002213752595707774,"AD_X":-0.002300456166267395,"AD_Y":0.0025026705116033554,"AD_Z":-0.16947650909423828,"TempDsp":0,"Status":0,"CalibState":1,"SigAmpInvalid":0}},-1979710460
05-27 18:43:37.012   536   536 D commservice260303: send2Cluster len:316, 7B22636F6D6D616E64223A7B226964223A22696D755F737461747573222C22737562223A22227D2C22636F6E74656E74223A7B2254696D655374616D70223A31302C224672616D65436F756E746572223A3234343936372C2247445F58223A2D302E3031313435333135333536353532363030392C2247445F59223A302E3030353830323737383532373134303631372C2247445F5A223A302E3030323231333735323539353730373737342C2241445F58223A2D302E3030323330303435363136363236373339352C2241445F59223A302E303032353032363730353131363033333535342C2241445F5A223A2D302E31363934373635303930393432333832382C2254656D70447370223A302C22537461747573223A302C2243616C69625374617465223A312C22536967416D70496E76616C6964223A307D7D, 138 
