05-27 18:43:42.163   536   536 D commservice260303: send2Cluster len:316, 7B22636F6D6D616E64223A7B226964223A22696D755F737461747573222C22737562223A22227D2C22636F6E74656E74223A7B2254696D655374616D70223A31302C224672616D65436F756E746572223A3234353039342C2247445F58223A2D302E3031323036333830373830373836323735392C2247445F59223A302E3030353236383036353732343532313837352C2247445F5A223A302E303032323930323134363434373434393932332C2241445F58223A2D302E3030323232353232303230333339393635382C2241445F59223A2D382E303831373834343731383639343639452D352C2241445F5A223A2D302E313636343236363538363330333731312C2254656D70447370223A302C22537461747573223A302C2243616C69625374617465223A312C22536967416D70496E76616C6964223A307D7D, 138 
05-27 18:43:42.164   536   536 D commservice260303: Push Message into SendPool fn=-1745026304
05-27 18:43:42.164   536   536 D commservice260303: ComProtocolLibSend2Cluster::send2ClusterRaw fn=-1745026304 , len=332
05-27 18:43:42.164   536   536 D commservice260303: sendCmdToPort :332!!!
05-27 18:43:42.164   536   536 D commservice260303: send Cmd To Port ++++5AA501488A010003FD976A16CADE7B22636F6D6D616E64223A7B226964223A22696D755F737461747573222C22737562223A22227D2C22636F6E74656E74223A7B2254696D655374616D70223A31302C224672616D65436F756E746572223A3234353039342C2247445F58223A2D302E3031323036333830373830373836323735392C2247445F59223A302E3030353236383036353732343532313837352C2247445F5A223A302E303032323930323134363434373434393932332C2241445F58223A2D302E3030323232353232303230333339393635382C2241445F59223A2D382E303831373834343731383639343639452D352C2241445F5A223A2D302E313636343236363538363330333731312C2254656D70447370223A302C22537461747573223A302C2243616C69625374617465223A312C22536967416D70496E76616C6964223A307D7DB70F
05-27 18:43:42.164   536   536 D commservice260303: bufferevent_write retrun value = 0
05-27 18:43:42.164   536   560 D commservice260303: client datas send succeed,send finish
05-27 18:43:42.164 13911 14192 D Sentinelmode_1.2.5.17_sentry: <SentryImuClusterFgeSender>imu_status sent to Linux, frame=245094, tsNs=10489395, tsMs=10, intervalMs=41, ad=(-0.0022252202,-8.0817845E-5,-0.16642666), gd=(-0.012063808,0.0052680657,0.0022902146)
05-27 08:34:51.126   581   581 D spi_rst_gpio_get_output: GPIO 145 value: 1
05-27 08:34:51.126   581   581 D spidev_ioctl: gpio status=1)
05-27 18:43:42.164 30773 30786 I dvr_service_: CameraX 0  audioOK: 31936000,audios:500
05-27 18:43:42.165   299 30841 D EvsDriver: forwardFrame
05-27 18:43:42.167   581   581 I SpiService: fgesysctrl_getGPIO_status success val=0
05-27 18:43:42.167   299 30841 D EvsDriver: Delivered 0xb400007b7ca56a60 as id 0
05-27 18:43:42.168  1167  1479 D evsmanagerd: /dev/video4 forwarded the buffer #0 to 0xb4000074bf5f6850 from 0xb4000074bf5f41d0
05-27 18:43:42.171   299  1153 D EvsDriver: doneWithFrame
05-27 08:34:51.132   581   581 D spi_rst_gpio_get_output: GPIO 145 value: 0
05-27 08:34:51.132   581   581 D spidev_ioctl: gpio status=0)
05-27 18:43:42.171   299 30844 D EvsDriver: forwardFrame
05-27 18:43:42.174  1167  1479 D evsmanagerd: /dev/video6 forwarded the buffer #0 to 0xb4000074bf5f5510 from 0xb4000074bf5f6d90
05-27 18:43:42.174   299 30844 D EvsDriver: Delivered 0xb400007b7ca56900 as id 0
05-27 18:43:42.177  1008 30857 D [OMXB]  : usingANWBuffer: handle:0xee744630, format:1, w:1920, h:1080
05-27 18:43:42.179   299  1153 D EvsDriver: doneWithFrame
05-27 18:43:42.180   481   598 I mcuc    : rev,n=1,6AA6827374000209018B
05-27 18:43:42.182   581   581 I SpiService: fgesysctrl_getGPIO_status success val=1
05-27 18:43:42.185 13911 14183 I SentryImuMcuAngleSender: 179.99298rollDeg
05-27 18:43:42.186 13911 14183 I SentryImuMcuAngleSender: 1,0,0
05-27 18:43:42.188   581   581 I SpiService: fgesysctrl_getGPIO_status success val=1
05-27 08:34:51.147   581   581 D spi_rst_gpio_get_output: GPIO 145 value: 1
05-27 08:34:51.147   581   581 D spidev_ioctl: gpio status=1)
05-27 08:34:51.153   581   581 D spi_rst_gpio_get_output: GPIO 145 value: 1
05-27 08:34:51.153   581   581 D spidev_ioctl: gpio status=1)
05-27 18:43:42.194   581   581 I SpiService: fgesysctrl_getGPIO_status success val=1
05-27 18:43:42.194  1008 30856 D [OMXB]  : usingANWBuffer: handle:0xee7442c0, format:1, w:1920, h:1080
05-27 18:43:42.195 10188 16726 I ActivityManager: Death received in com.android.server.am.ActivityManagerService$AppDeathRecipient@d2b6d01 for thread android.os.BinderProxy@679e7a6, proc:ProcessRecord{406e1cd 31122:com.anwsdk.service:remote/1000}
05-27 08:34:51.158   581   581 D spi_rst_gpio_get_output: GPIO 145 value: 1
05-27 18:43:42.195 10188 16726 I ActivityManager: Process com.anwsdk.service:remote (pid 31122) has died: cch CACC
05-27 08:34:51.158   581   581 D spidev_ioctl: gpio status=1)
05-27 18:43:42.196 10188 16726 I am_proc_died: [0,31122,com.anwsdk.service:remote,900,17]
05-27 18:43:42.196 13435 13435 D BtManager: onServiceDisconnected
05-27 18:43:42.196 10188 16726 I ActivityManager: app ProcessRecord{406e1cd 31122:com.anwsdk.service:remote/1000} mThread:android.app.IApplicationThread$Stub$Proxy@6e065e7 mDeathRecipient:com.android.server.am.ActivityManagerService$AppDeathRecipient@d2b6d01 has been unlinked.
05-27 18:43:42.198 10188 10678 I libprocessgroup: Successfully killed process cgroup uid 1000 pid 31122 in 0ms
05-27 18:43:42.198 10188 10678 I ActivityManager: Got SIGCHLD from zygote: pid=31122, uid=1000, status=100
05-27 18:43:42.199 10188 10680 I ActivityManager: zygote: proc died: pid=31122 uid=1000, status=256
05-27 18:43:42.199 10188 10680 E UnisocStabilityCollection: getKill:true,cur=0,killType=3 ,name=proc_died:1000, reason=proc_died
05-27 18:43:42.199 10188 10680 E UnisocStabilityCollection: getKill sum:32
05-27 18:43:42.199 10188 16726 W ActivityManager: Scheduling restart of crashed service com.anwsdk.service/.anwbtservice in 0ms for persistent
05-27 18:43:42.199 10188 16726 I am_schedule_service_restart: [0,com.anwsdk.service/.anwbtservice,0]
05-27 18:43:42.199   581   581 I SpiService: fgesysctrl_getGPIO_status success val=1
05-27 18:43:42.200 10188 16726 I ActivityManager: note: ProcessRecord{406e1cd 31122:com.anwsdk.service:remote/1000} died, saving the exit info
05-27 18:43:42.201 10188 10680 I ActivityManager: Update process exit info for com.anwsdk.service(31122/u1000)
05-27 08:34:51.164   581   581 D spi_rst_gpio_get_output: GPIO 145 value: 1
05-27 08:34:51.164   581   581 D spidev_ioctl: gpio status=1)
05-27 18:43:42.201 10041 10041 I Zygote  : Process 31122 exited cleanly (1)
05-27 18:43:42.201 10188 16726 D ActivityTaskManager: put all activities to cleanup list, wpc=ProcessRecord{406e1cd 0:com.anwsdk.service:remote/1000} mHasActivities=false activeActivitySize=0
05-27 18:43:42.203 10188 10660 I ActivityManager: com.anwsdk.service is exempt from freezer
05-27 18:43:42.203   536   536 D commservice260303: msg.id = 1028,1
05-27 18:43:42.203   536   536 D commservice260303: i = 170, msgid = 8A000404
05-27 18:43:42.203   536   536 D commservice260303: msgid = -1979710460,did=138
05-27 18:43:42.203   536   536 D commservice260303: CommProtocolLibCmdBaseI2C::dataproc {"command":{"id":"imu_status","sub":""},"content":{"TimeStamp":10,"FrameCounter":245095,"GD_X":-0.01091896090656519,"GD_Y":0.004428025335073471,"GD_Z":0.0015271564479917288,"AD_X":-0.003439798951148987,"AD_Y":-0.0018935593543574214,"AD_Z":-0.17130661010742188,"TempDsp":0,"Status":0,"CalibState":1,"SigAmpInvalid":0}},-1979710460
05-27 18:43:42.203   536   536 D commservice260303: send2Cluster len:317, 7B22636F6D6D616E64223A7B226964223A22696D755F737461747573222C22737562223A22227D2C22636F6E74656E74223A7B2254696D655374616D70223A31302C224672616D65436F756E746572223A3234353039352C2247445F58223A2D302E30313039313839363039303635363531392C2247445F59223A302E3030343432383032353333353037333437312C2247445F5A223A302E303031353237313536343437393931373238382C2241445F58223A2D302E3030333433393739383935313134383938372C2241445F59223A2D302E303031383933353539333534333537343231342C2241445F5A223A2D302E31373133303636313031303734323138382C2254656D70447370223A302C22537461747573223A302C2243616C69625374617465223A312C22536967416D70496E76616C6964223A307D7D, 138 
05-27 18:43:42.203   536   536 D commservice260303: Push Message into SendPool fn=-1728249088
05-27 18:43:42.203   536   536 D commservice260303: ComProtocolLibSend2Cluster::send2ClusterRaw fn=-1728249088 , len=333
05-27 18:43:42.203   536   536 D commservice260303: sendCmdToPort :333!!!
05-27 18:43:42.203   536   536 D commservice260303: send Cmd To Port ++++5AA501498A010003FD986A16CADE7B22636F6D6D616E64223A7B226964223A22696D755F737461747573222C22737562223A22227D2C22636F6E74656E74223A7B2254696D655374616D70223A31302C224672616D65436F756E746572223A3234353039352C2247445F58223A2D302E30313039313839363039303635363531392C2247445F59223A302E3030343432383032353333353037333437312C2247445F5A223A302E303031353237313536343437393931373238382C2241445F58223A2D302E3030333433393739383935313134383938372C2241445F59223A2D302E303031383933353539333534333537343231342C2241445F5A223A2D302E31373133303636313031303734323138382C2254656D70447370223A302C22537461747573223A302C2243616C69625374617465223A312C22536967416D70496E76616C6964223A307D7D1509
05-27 18:43:42.203   536   536 D commservice260303: bufferevent_write retrun value = 0
05-27 18:43:42.204   536   560 D commservice260303: client datas send succeed,send finish
05-27 18:43:42.204 10188 10660 D CompatibilityChangeReporter: Compat change id reported: 135634846; UID 1000; state: DISABLED
05-27 18:43:42.204 10188 10660 D CompatibilityChangeReporter: Compat change id reported: 177438394; UID 1000; state: DISABLED
05-27 18:43:42.204 13911 14192 D Sentinelmode_1.2.5.17_sentry: <SentryImuClusterFgeSender>imu_status sent to Linux, frame=245095, tsNs=10489449, tsMs=10, intervalMs=40, ad=(-0.003439799,-0.0018935594,-0.17130661), gd=(-0.010918961,0.0044280253,0.0015271564)
05-27 18:43:42.204 10188 10188 D JobScheduler.Quota: Processing event 31 for <0>com.anwsdk.service
05-27 18:43:42.204 10188 10660 D CompatibilityChangeReporter: Compat change id reported: 135772972; UID 1000; state: DISABLED
05-27 18:43:42.204   299 30841 D EvsDriver: forwardFrame
05-27 18:43:42.204 10188 10660 D CompatibilityChangeReporter: Compat change id reported: 135754954; UID 1000; state: ENABLED
05-27 18:43:42.204 10188 10660 D ActivityManager: ProcessRecord{441f594 0:com.anwsdk.service:remote/1000} setPendingStart=true callers=com.android.server.am.ProcessList.startProcessLocked:1922 com.android.server.am.UnisocProcessList.startProcessLocked:320 com.android.server.am.ProcessList.startProcessLocked:2391 com.android.server.am.ProcessList.startProcessLocked:2534 com.android.server.am.ActivityManagerService.startProcessLocked:2890 com.android.server.am.ActiveServices.bringUpServiceLocked:4326 com.android.server.am.ActiveServices.performServiceRestartLocked:4104 com.android.server.am.ActiveServices$ServiceRestarter.run:3320 android.os.Handler.handleCallback:942 android.os.Handler.dispatchMessage:99 
05-27 18:43:42.205 10188 10660 I ActivityManager: Posting procStart msg for 0:com.anwsdk.service:remote/1000
05-27 18:43:42.205 10188 10661 D ActivityManager: asking zygote to start proc:ProcessRecord{441f594 0:com.anwsdk.service:remote/1000}
05-27 18:43:42.205   581   581 I SpiService: fgesysctrl_getGPIO_status success val=0
05-27 18:43:42.205 10188 10661 D Prefork : startResult is empty and running normal execution.
05-27 18:43:42.206   481   597 I mcuc    : send SPI:6AA6007375000206010F
05-27 18:43:42.206   299 30841 D EvsDriver: Delivered 0xb400007b7ca56a60 as id 0
05-27 18:43:42.206  1167  1479 D evsmanagerd: /dev/video4 forwarded the buffer #0 to 0xb4000074bf5f6850 from 0xb4000074bf5f41d0
05-27 18:43:42.207 13911 14183 I SentryImuMcuAngleSender: 179.99649rollDeg
05-27 18:43:42.207 13911 14183 I SentryImuMcuAngleSender: 1,0,0
05-27 18:43:42.209   299  1153 D EvsDriver: doneWithFrame
05-27 08:34:51.170   581   581 D spi_rst_gpio_get_output: GPIO 145 value: 0
05-27 08:34:51.170   581   581 D spidev_ioctl: gpio status=0)
05-27 18:43:42.210   299 30844 D EvsDriver: forwardFrame
05-27 18:43:42.212  1167  1479 D evsmanagerd: /dev/video6 forwarded the buffer #0 to 0xb4000074bf5f5510 from 0xb4000074bf5f6d90
05-27 18:43:42.212   299 30844 D EvsDriver: Delivered 0xb400007b7ca56900 as id 0
05-27 18:43:42.215  1008 30857 D [OMXB]  : usingANWBuffer: handle:0xee743240, format:1, w:1920, h:1080
05-27 18:43:42.219 13911 14183 I SentryImuMcuAngleSender: [4, 18, 1, 0, 0],5
05-27 18:43:42.220 13911 14183 I McuCommManager: mcuCommSendcmd [4, 18, 1, 0, 0]
05-27 18:43:42.220   299  1153 D EvsDriver: doneWithFrame
05-27 18:43:42.221   581   581 I SpiService: fgesysctrl_getGPIO_status success val=1
05-27 18:43:42.222 13911 14183 I SentryImuMcuAngleSender: true
05-27 18:43:42.222 13911 14183 W Sentinelmode_1.2.5.17_sentry: <SentryImuMcuAngleSender>MCU IMU send interval abnormal: 1001ms
05-27 08:34:51.186   581   581 D spi_rst_gpio_get_output: GPIO 145 value: 1
05-27 08:34:51.186   581   581 D spidev_ioctl: gpio status=1)
05-27 18:43:42.226 10041 10041 D Zygote  : Forked child process 31202
05-27 18:43:42.227   581   581 I SpiService: fgesysctrl_getGPIO_status success val=1
05-27 18:43:42.227 13911 14183 I SentryImuMcuAngleSender: 180.0rollDeg
05-27 18:43:42.227 13911 14183 I SentryImuMcuAngleSender: 1,0,0
05-27 18:43:42.227 10188 10661 I am_proc_start: [0,31202,1000,com.anwsdk.service:remote,service,{com.anwsdk.service/com.anwsdk.service.anwbtservice}]
05-27 18:43:42.227 10188 10661 I ActivityManager: Start proc 31202:com.anwsdk.service:remote/1000 for service {com.anwsdk.service/com.anwsdk.service.anwbtservice}
05-27 18:43:42.228 10188 10661 D ActivityManager: ProcessRecord{441f594 31202:com.anwsdk.service:remote/1000} setPendingStart=false callers=com.android.server.am.ProcessList.handleProcessStartedLocked:2646 com.android.server.am.UnisocProcessList.handleProcessStartedLocked:377 com.android.server.am.ProcessList.handleProcessStartedLocked:2585 com.android.server.am.ProcessList.lambda$handleProcessStart$1$com-android-server-am-ProcessList:1993 com.android.server.am.ProcessList$$ExternalSyntheticLambda1.run:22 com.android.server.am.ProcessList.handleProcessStart:2016 com.android.server.am.ProcessList.lambda$startProcessLocked$0$com-android-server-am-ProcessList:1950 com.android.server.am.ProcessList$$ExternalSyntheticLambda5.run:22 android.os.Handler.handleCallback:942 android.os.Handler.dispatchMessage:99 
05-27 08:34:51.192   581   581 D spi_rst_gpio_get_output: GPIO 145 value: 1
05-27 08:34:51.192   581   581 D spidev_ioctl: gpio status=1)
05-27 18:43:42.233   572   572 I Sensors : 230 GyroSensor: x:-0.012599,y:0.006337,z:0.002214
05-27 18:43:42.233   581   581 I SpiService: fgesysctrl_getGPIO_status success val=1
05-27 18:43:42.234   299 30841 D EvsDriver: forwardFrame
05-27 18:43:42.234 31202 31202 I Zygote  : seccomp disabled by setenforce 0
05-27 18:43:42.235   299 30841 D EvsDriver: Delivered 0xb400007b7ca56a60 as id 0
05-27 18:43:42.235  1167  1479 D evsmanagerd: /dev/video4 forwarded the buffer #0 to 0xb4000074bf5f6850 from 0xb4000074bf5f41d0
05-27 18:43:42.237  1008 30856 D [OMXB]  : usingANWBuffer: handle:0xee745600, format:1, w:1920, h:1080
05-27 08:34:51.198   581   581 D spi_rst_gpio_get_output: GPIO 145 value: 1
05-27 08:34:51.198   581   581 D spidev_ioctl: gpio status=1)
05-27 18:43:42.237   299 30844 D EvsDriver: forwardFrame
05-27 18:43:42.238   299 30844 D EvsDriver: Delivered 0xb400007b7ca56900 as id 0
05-27 18:43:42.238  1167  1167 D evsmanagerd: /dev/video6 forwarded the buffer #0 to 0xb4000074bf5f5510 from 0xb4000074bf5f6d90
05-27 18:43:42.239   581   581 I SpiService: fgesysctrl_getGPIO_status success val=1
05-27 08:34:51.203   581   581 D spi_rst_gpio_get_output: GPIO 145 value: 1
05-27 08:34:51.203   581   581 D spidev_ioctl: gpio status=1)
05-27 18:43:42.241 30773 30773 I auditd  : type=1400 audit(0.0:62233): avc: denied { call } for comm="CameraHelper" scontext=u:r:adayo_dvr_service:s0 tcontext=u:r:mediacodec:s0 tclass=binder permissive=1
05-27 18:43:42.241 30773 30773 I CameraHelper: type=1400 audit(0.0:62233): avc: denied { call } for scontext=u:r:adayo_dvr_service:s0 tcontext=u:r:mediacodec:s0 tclass=binder permissive=1
05-27 18:43:42.241 31035 31035 I auditd  : type=1400 audit(0.0:62234): avc: denied { append } for comm="logcat" path="/mnt/log_data/AndroidLog/logcat/logcat_2026_05_27_18_43_32_233-47.txt" dev="vda93" ino=180280 scontext=u:r:logpersist:s0 tcontext=u:object_r:log_data_file:s0 tclass=file permissive=1
05-27 18:43:42.241 31035 31035 I logcat  : type=1400 audit(0.0:62234): avc: denied { append } for path="/mnt/log_data/AndroidLog/logcat/logcat_2026_05_27_18_43_32_233-47.txt" dev="vda93" ino=180280 scontext=u:r:logpersist:s0 tcontext=u:object_r:log_data_file:s0 tclass=file permissive=1
05-27 08:34:51.210   581   581 D spi_rst_gpio_get_output: GPIO 145 value: 1
05-27 08:34:51.210   581   581 D spidev_ioctl: gpio status=1)
05-27 18:43:42.242   299  1153 D EvsDriver: doneWithFrame
05-27 18:43:42.244   283   307 I rvcservice: t.code = 3, t.value = 0
05-27 18:43:42.245 31202 31202 I .service:remote: Late-enabling -Xcheck:jni
05-27 18:43:42.246   581   581 I SpiService: fgesysctrl_getGPIO_status success val=1
05-27 18:43:42.246   299  1153 D EvsDriver: doneWithFrame
05-27 18:43:42.247   536   536 D commservice260303: msg.id = 1028,2
05-27 18:43:42.248   536   536 D commservice260303: i = 170, msgid = 8A000404
05-27 18:43:42.248   536   536 D commservice260303: msgid = -1979710460,did=138
05-27 18:43:42.248   536   536 D commservice260303: CommProtocolLibCmdBaseI2C::dataproc {"command":{"id":"imu_status","sub":""},"content":{"TimeStamp":10,"FrameCounter":245096,"GD_X":-0.012599040754139423,"GD_Y":0.006336971186101437,"GD_Z":0.002213752595707774,"AD_X":-0.004651546478271484,"AD_Y":-6.638473132625222E-4,"AD_Z":-0.16764545440673828,"TempDsp":0,"Status":0,"CalibState":1,"SigAmpInvalid":0}},-1979710460
05-27 18:43:42.248   536   536 D commservice260303: send2Cluster len:316, 7B22636F6D6D616E64223A7B226964223A22696D755F737461747573222C22737562223A22227D2C22636F6E74656E74223A7B2254696D655374616D70223A31302C224672616D65436F756E746572223A3234353039362C2247445F58223A2D302E3031323539393034303735343133393432332C2247445F59223A302E3030363333363937313138363130313433372C2247445F5A223A302E3030323231333735323539353730373737342C2241445F58223A2D302E3030343635313534363437383237313438342C2241445F59223A2D362E363338343733313332363235323232452D342C2241445F5A223A2D302E31363736343534353434303637333832382C2254656D70447370223A302C22537461747573223A302C2243616C69625374617465223A312C22536967416D70496E76616C6964223A307D7D, 138 
05-27 18:43:42.248   536   536 D commservice260303: Push Message into SendPool fn=-1711471872
05-27 18:43:42.248   536   536 D commservice260303: ComProtocolLibSend2Cluster::send2ClusterRaw fn=-1711471872 , len=332
05-27 18:43:42.248   536   536 D commservice260303: sendCmdToPort :332!!!
05-27 18:43:42.248   536   536 D commservice260303: send Cmd To Port ++++5AA501488A010003FD996A16CADE7B22636F6D6D616E64223A7B226964223A22696D755F737461747573222C22737562223A22227D2C22636F6E74656E74223A7B2254696D655374616D70223A31302C224672616D65436F756E746572223A3234353039362C2247445F58223A2D302E3031323539393034303735343133393432332C2247445F59223A302E3030363333363937313138363130313433372C2247445F5A223A302E3030323231333735323539353730373737342C2241445F58223A2D302E3030343635313534363437383237313438342C2241445F59223A2D362E363338343733313332363235323232452D342C2241445F5A223A2D302E31363736343534353434303637333832382C2254656D70447370223A302C22537461747573223A302C2243616C69625374617465223A312C22536967416D70496E76616C6964223A307D7D4118
05-27 18:43:42.248   536   536 D commservice260303: bufferevent_write retrun value = 0
05-27 18:43:42.248   536   560 D commservice260303: client datas send succeed,send finish
05-27 18:43:42.249 13911 14183 I SentryImuMcuAngleSender: 179.98949rollDeg
05-27 18:43:42.249 13911 14183 I SentryImuMcuAngleSender: 1,0,0
05-27 18:43:42.245 30773 30773 I auditd  : type=1400 audit(0.0:62235): avc: denied { use } for comm="CameraHelper" path="anon_inode:sync_file" dev="anon_inodefs" ino=14081 scontext=u:r:mediacodec:s0 tcontext=u:r:adayo_dvr_service:s0 tclass=fd permissive=1
05-27 18:43:42.245 30773 30773 I CameraHelper: type=1400 audit(0.0:62235): avc: denied { use } for path="anon_inode:sync_file" dev="anon_inodefs" ino=14081 scontext=u:r:mediacodec:s0 tcontext=u:r:adayo_dvr_service:s0 tclass=fd permissive=1
05-27 08:34:51.217   581   581 D spidev_ioctl: gpio status=0)
05-27 18:43:42.249  8130  8180 D ANWAPI  : (8130|0x05ECFCB0)[BTAPI] testing: step1: send HCI local read infor
05-27 18:43:42.249  8130  8180 D ANWStack: [  10489500][ANWBT] HCI: Sending HCI_ReadLocalVersionInformation command
05-27 18:43:42.249 13911 14192 D Sentinelmode_1.2.5.17_sentry: <SentryImuClusterFgeSender>imu_status sent to Linux, frame=245096, tsNs=10489484, tsMs=10, intervalMs=45, ad=(-0.0046515465,-6.638473E-4,-0.16764545), gd=(-0.012599041,0.006336971,0.0022137526)
05-27 18:43:42.250  8130  8180 D ANWStack: [  10489501][ANWBT] HCI Rx: CommandComplete event for ReadLocalVersionInformation, numCommandPackets=0x1, status=0x00 (Success)
05-27 18:43:42.250  8130  8180 D ANWStack: 
05-27 18:43:42.250  8130  8180 D ANWStack: [  10489501][ANWBT] HCI Rx:     CommandComplete Parameters: HCIversion=0xD, HCIrevision=0xB, LMP version=0xD, ManufacturerId=0xB3B, LMP subversion=0xB
05-27 18:43:42.250  8130  8180 D ANWStack: 
05-27 18:43:42.251  8130  8180 D ANWAPI  : (8130|0x05ECFCB0)[BTAPI] AnwhciEventCallback 14 1
05-27 18:43:42.251  8130  8180 D ANWAPI  : (8130|0x05ECFCB0)[BTAPI] btsdk_command_complete_event_handler cmdOpcode = 4097
05-27 18:43:42.251  8130  8180 D ANWAPI  : (8130|0x05ECFCB0)[BTAPI] testing: step2: receive complete(1)
05-27 18:43:42.252  8130  8180 D ANWStack: [  10489502][ANWBT] HCI: Host Controller manufacturer ID 0x0B3B
05-27 18:43:42.252  8130  8180 D ANWStack: 
05-27 18:43:42.252   581   581 I SpiService: fgesysctrl_getGPIO_status success val=0
05-27 18:43:42.253   481   597 I mcuc    : send SPI:6AA600737600050412010000FB
05-27 18:43:42.262  1008 30857 D [OMXB]  : usingANWBuffer: handle:0xee7454a0, format:1, w:1920, h:1080
05-27 18:43:42.267   581   581 I SpiService: fgesysctrl_getGPIO_status success val=1
05-27 08:34:51.232   581   581 D spi_rst_gpio_get_output: GPIO 145 value: 1
05-27 08:34:51.232   581   581 D spidev_ioctl: gpio status=1)
05-27 18:43:42.270 13911 14183 I SentryImuMcuAngleSender: 179.98598rollDeg
05-27 18:43:42.270 13911 14183 I SentryImuMcuAngleSender: 1,0,0
05-27 18:43:42.270   299 30841 D EvsDriver: forwardFrame
05-27 18:43:42.271   299 30844 D EvsDriver: forwardFrame
05-27 18:43:42.272   299 30841 D EvsDriver: Delivered 0xb400007b7ca56a60 as id 0
05-27 18:43:42.273  1167  1479 D evsmanagerd: /dev/video4 forwarded the buffer #0 to 0xb4000074bf5f6850 from 0xb4000074bf5f41d0
05-27 18:43:42.273   581   581 I SpiService: fgesysctrl_getGPIO_status success val=1
05-27 18:43:42.273  1167  1167 D evsmanagerd: /dev/video6 forwarded the buffer #0 to 0xb4000074bf5f5510 from 0xb4000074bf5f6d90
05-27 18:43:42.273   299 30844 D EvsDriver: Delivered 0xb400007b7ca56900 as id 0
05-27 18:43:42.273 30773 30783 I dvr_service_: [myNum:0][onFrameReceived] Received Surface:1 0
05-27 18:43:42.274 30773 30783 E dvr_service_: [myNum:0] Received S**** loss
05-27 18:43:42.274 30773 30773 I dvr_service_: [myNum:1][onFrameReceived] Received Surface:1 0
05-27 18:43:42.274 30773 30773 E dvr_service_: [myNum:1] Received S**** loss
05-27 18:43:42.274   299  1153 D EvsDriver: doneWithFrame
05-27 18:43:42.274   299  1153 D EvsDriver: doneWithFrame
05-27 08:34:51.237   581   581 D spi_rst_gpio_get_output: GPIO 145 value: 1
05-27 08:34:51.237   581   581 D spidev_ioctl: gpio status=1)
05-27 18:43:42.278   581   581 I SpiService: fgesysctrl_getGPIO_status success val=1
05-27 18:43:42.279  1008 30856 D [OMXB]  : usingANWBuffer: handle:0xee742320, format:1, w:1920, h:1080
05-27 08:34:51.243   581   581 D spi_rst_gpio_get_output: GPIO 145 value: 1
05-27 08:34:51.243   581   581 D spidev_ioctl: gpio status=1)
05-27 18:43:42.277 30773 30773 I auditd  : type=1400 audit(0.0:62236): avc: denied { call } for comm=4E444B204D65646961436F6465635F scontext=u:r:adayo_dvr_service:s0 tcontext=u:r:mediaswcodec:s0 tclass=binder permissive=1
05-27 18:43:42.277 30773 30773 I /system/bin/adayo_dvr_service: type=1400 audit(0.0:62236): avc: denied { call } for comm=4E444B204D65646961436F6465635F scontext=u:r:adayo_dvr_service:s0 tcontext=u:r:mediaswcodec:s0 tclass=binder permissive=1
05-27 18:43:42.277  1044  1044 I auditd  : type=1400 audit(0.0:62237): avc: denied { use } for comm="oid.aac.encoder" path="/dmabuf:" dev="dmabuf" ino=776943 scontext=u:r:mediaswcodec:s0 tcontext=u:r:adayo_dvr_service:s0 tclass=fd permissive=1
05-27 18:43:42.277  1044  1044 I oid.aac.encoder: type=1400 audit(0.0:62237): avc: denied { use } for path="/dmabuf:" dev="dmabuf" ino=776943 scontext=u:r:mediaswcodec:s0 tcontext=u:r:adayo_dvr_service:s0 tclass=fd permissive=1
05-27 18:43:42.282   586   614 D vendor.sprd.hardware.aprd-service: GPS Get GPSver failed No such file or directory
05-27 18:43:42.282   586   614 D vendor.sprd.hardware.aprd-service: GE xmlDoc is NULL, may not set GPS on.
05-27 18:43:42.284   581   581 I SpiService: fgesysctrl_getGPIO_status success val=1
05-27 08:34:51.248   581   581 D spi_rst_gpio_get_output: GPIO 145 value: 1
05-27 08:34:51.248   581   581 D spidev_ioctl: gpio status=1)
05-27 18:43:42.289   581   581 I SpiService: fgesysctrl_getGPIO_status success val=0
05-27 18:43:42.291   536   536 D commservice260303: msg.id = 1028,0
05-27 18:43:42.291   536   536 D commservice260303: i = 170, msgid = 8A000404
05-27 18:43:42.291   536   536 D commservice260303: msgid = -1979710460,did=138
05-27 18:43:42.291   536   536 D commservice260303: CommProtocolLibCmdBaseI2C::dataproc {"command":{"id":"imu_status","sub":""},"content":{"TimeStamp":10,"FrameCounter":245097,"GD_X":-0.011377211660146713,"GD_Y":0.005039200186729431,"GD_Z":0.0014501744881272316,"AD_X":-9.946227073669434E-4,"AD_Y":0.002375356387346983,"AD_Z":-0.1670370101928711,"TempDsp":0,"Status":0,"CalibState":1,"SigAmpInvalid":0}},-1979710460
05-27 18:43:42.291   536   536 D commservice260303: send2Cluster len:315, 7B22636F6D6D616E64223A7B226964223A22696D755F737461747573222C22737562223A22227D2C22636F6E74656E74223A7B2254696D655374616D70223A31302C224672616D65436F756E746572223A3234353039372C2247445F58223A2D302E3031313337373231313636303134363731332C2247445F59223A302E3030353033393230303138363732393433312C2247445F5A223A302E303031343530313734343838313237323331362C2241445F58223A2D392E393436323237303733363639343334452D342C2241445F59223A302E3030323337353335363338373334363938332C2241445F5A223A2D302E313637303337303130313932383731312C2254656D70447370223A302C22537461747573223A302C2243616C69625374617465223A312C22536967416D70496E76616C6964223A307D7D, 138 
05-27 18:43:42.291   536   536 D commservice260303: Push Message into SendPool fn=-1694694656
05-27 18:43:42.291   536   536 D commservice260303: ComProtocolLibSend2Cluster::send2ClusterRaw fn=-1694694656 , len=331
05-27 18:43:42.291   536   536 D commservice260303: sendCmdToPort :331!!!
05-27 18:43:42.291   536   536 D commservice260303: send Cmd To Port ++++5AA501478A010003FD9A6A16CADE7B22636F6D6D616E64223A7B226964223A22696D755F737461747573222C22737562223A22227D2C22636F6E74656E74223A7B2254696D655374616D70223A31302C224672616D65436F756E746572223A3234353039372C2247445F58223A2D302E3031313337373231313636303134363731332C2247445F59223A302E3030353033393230303138363732393433312C2247445F5A223A302E303031343530313734343838313237323331362C2241445F58223A2D392E393436323237303733363639343334452D342C2241445F59223A302E3030323337353335363338373334363938332C2241445F5A223A2D302E313637303337303130313932383731312C2254656D70447370223A302C22537461747573223A302C2243616C69625374617465223A312C22536967416D70496E76616C6964223A307D7D7B24
05-27 18:43:42.291   536   536 D commservice260303: bufferevent_write retrun value = 0
05-27 18:43:42.291 13911 14183 I SentryImuMcuAngleSender: 179.97197rollDeg
05-27 18:43:42.292 13911 14183 I SentryImuMcuAngleSender: 1,0,0
05-27 18:43:42.292 13911 14192 D Sentinelmode_1.2.5.17_sentry: <SentryImuClusterFgeSender>imu_status sent to Linux, frame=245097, tsNs=10489538, tsMs=10, intervalMs=43, ad=(-9.946227E-4,0.0023753564,-0.16703701), gd=(-0.011377212,0.0050392,0.0014501745)
05-27 08:34:51.254   581   581 D spi_rst_gpio_get_output: GPIO 145 value: 0
05-27 08:34:51.254   581   581 D spidev_ioctl: gpio status=0)
05-27 18:43:42.296 31202 31202 D .service:remote: Received session metadata: 3978565911882503708
05-27 18:43:42.296   536   560 D commservice260303: client datas send succeed,send finish
05-27 18:43:42.301  1008 30856 D [OMXB]  : usingANWBuffer: handle:0xee744bb0, format:1, w:1920, h:1080
05-27 08:34:51.265   303   303 I [Audio:SBLCK] p_tt: 1355716,1355716
05-27 18:43:42.304   581   581 I SpiService: fgesysctrl_getGPIO_status success val=1
05-27 08:34:51.268   581   581 D spi_rst_gpio_get_output: GPIO 145 value: 1
05-27 08:34:51.268   581   581 D spidev_ioctl: gpio status=1)
05-27 18:43:42.309   581   581 I SpiService: fgesysctrl_getGPIO_status success val=1
05-27 18:43:42.310   299 30841 D EvsDriver: forwardFrame
05-27 18:43:42.310   299 30844 D EvsDriver: forwardFrame
05-27 18:43:42.312   299 30841 D EvsDriver: Delivered 0xb400007b7ca56a60 as id 0
05-27 18:43:42.312   299 30844 D EvsDriver: Delivered 0xb400007b7ca56900 as id 0
05-27 18:43:42.312  1167  1167 D evsmanagerd: /dev/video4 forwarded the buffer #0 to 0xb4000074bf5f6850 from 0xb4000074bf5f41d0
05-27 18:43:42.312  1167  1479 D evsmanagerd: /dev/video6 forwarded the buffer #0 to 0xb4000074bf5f5510 from 0xb4000074bf5f6d90
05-27 08:34:51.274   581   581 D spi_rst_gpio_get_output: GPIO 145 value: 1
05-27 08:34:51.274   581   581 D spidev_ioctl: gpio status=1)
05-27 18:43:42.313 13911 14183 I SentryImuMcuAngleSender: 179.97197rollDeg
05-27 18:43:42.313 13911 14183 I SentryImuMcuAngleSender: 1,0,0
05-27 18:43:42.316   581   581 I SpiService: fgesysctrl_getGPIO_status success val=1
05-27 08:34:51.281   581   581 D spi_rst_gpio_get_output: GPIO 145 value: 1
05-27 08:34:51.281   581   581 D spidev_ioctl: gpio status=1)
05-27 18:43:42.318   299  1153 D EvsDriver: doneWithFrame
05-27 18:43:42.318  1008 30857 D [OMXB]  : usingANWBuffer: handle:0xee742060, format:1, w:1920, h:1080
05-27 18:43:42.319   299  1153 D EvsDriver: doneWithFrame
05-27 18:43:42.319 30773 30785 I dvr_service_: [EncoderHandler::runMediaThread] runMediaThread started:1,state:1, cam2:started:1,state:1, lastSwitch:1, mIsMuxerStart:1,format:0,is_str_ing:0
05-27 18:43:42.321  1116  1135 I adbd    : jdwp connection from 31202
05-27 18:43:42.322   581   581 I SpiService: fgesysctrl_getGPIO_status success val=1
05-27 08:34:51.287   581   581 D spi_rst_gpio_get_output: GPIO 145 value: 1
05-27 08:34:51.287   581   581 D spidev_ioctl: gpio status=1)
05-27 08:34:51.293   581   581 D spi_rst_gpio_get_output: GPIO 145 value: 1
05-27 08:34:51.293   581   581 D spidev_ioctl: gpio status=1)
05-27 18:43:42.329   581   581 I SpiService: fgesysctrl_getGPIO_status success val=1
05-27 18:43:42.332   536   536 D commservice260303: msg.id = 1028,0
05-27 18:43:42.332   536   536 D commservice260303: i = 170, msgid = 8A000404
05-27 18:43:42.332   536   536 D commservice260303: msgid = -1979710460,did=138
05-27 18:43:42.332   536   536 D commservice260303: CommProtocolLibCmdBaseI2C::dataproc {"command":{"id":"imu_status","sub":""},"content":{"TimeStamp":10,"FrameCounter":245098,"GD_X":-0.01091896090656519,"GD_Y":0.004656890872865915,"GD_Z":0.0019848872907459736,"AD_X":-0.002220049500465393,"AD_Y":-7.157819345593452E-5,"AD_Z":-0.17069625854492188,"TempDsp":0,"Status":0,"CalibState":1,"SigAmpInvalid":0}},-1979710460
05-27 18:43:42.332   536   536 D commservice260303: send2Cluster len:316, 7B22636F6D6D616E64223A7B226964223A22696D755F737461747573222C22737562223A22227D2C22636F6E74656E74223A7B2254696D655374616D70223A31302C224672616D65436F756E746572223A3234353039382C2247445F58223A2D302E30313039313839363039303635363531392C2247445F59223A302E3030343635363839303837323836353931352C2247445F5A223A302E303031393834383837323930373435393733362C2241445F58223A2D302E3030323232303034393530303436353339332C2241445F59223A2D372E313537383139333435353933343532452D352C2241445F5A223A2D302E31373036393632353835343439323138382C2254656D70447370223A302C22537461747573223A302C2243616C69625374617465223A312C22536967416D70496E76616C6964223A307D7D, 138 
05-27 18:43:42.332   536   536 D commservice260303: Push Message into SendPool fn=-1677917440
05-27 18:43:42.332   536   536 D commservice260303: ComProtocolLibSend2Cluster::send2ClusterRaw fn=-1677917440 , len=332
05-27 18:43:42.332   536   536 D commservice260303: sendCmdToPort :332!!!
05-27 18:43:42.332   536   536 D commservice260303: send Cmd To Port ++++5AA501488A010003FD9B6A16CADE7B22636F6D6D616E64223A7B226964223A22696D755F737461747573222C22737562223A22227D2C22636F6E74656E74223A7B2254696D655374616D70223A31302C224672616D65436F756E746572223A3234353039382C2247445F58223A2D302E30313039313839363039303635363531392C2247445F59223A302E3030343635363839303837323836353931352C2247445F5A223A302E303031393834383837323930373435393733362C2241445F58223A2D302E3030323232303034393530303436353339332C2241445F59223A2D372E313537383139333435353933343532452D352C2241445F5A223A2D302E31373036393632353835343439323138382C2254656D70447370223A302C22537461747573223A302C2243616C69625374617465223A312C22536967416D70496E76616C6964223A307D7DF082
05-27 18:43:42.332   536   536 D commservice260303: bufferevent_write retrun value = 0
05-27 18:43:42.332   536   560 D commservice260303: client datas send succeed,send finish
05-27 08:34:51.297   560   560 W audit   : audit_lost=35742 audit_rate_limit=5 audit_backlog_limit=64
05-27 08:34:51.297   560   560 E audit   : rate limit exceeded
05-27 18:43:42.334 13911 14183 I SentryImuMcuAngleSender: 179.986rollDeg
05-27 18:43:42.335   581   581 I SpiService: fgesysctrl_getGPIO_status success val=0
05-27 18:43:42.335   299 30844 D EvsDriver: forwardFrame
05-27 18:43:42.336 13911 14183 I SentryImuMcuAngleSender: 1,0,0
05-27 18:43:42.336 13911 14192 D Sentinelmode_1.2.5.17_sentry: <SentryImuClusterFgeSender>imu_status sent to Linux, frame=245098, tsNs=10489573, tsMs=10, intervalMs=44, ad=(-0.0022200495,-7.157819E-5,-0.17069626), gd=(-0.010918961,0.004656891,0.0019848873)
05-27 08:34:51.299   581   581 D spi_rst_gpio_get_output: GPIO 145 value: 0
05-27 08:34:51.299   581   581 D spidev_ioctl: gpio status=0)
05-27 18:43:42.339  1167  1479 D evsmanagerd: /dev/video6 forwarded the buffer #0 to 0xb4000074bf5f5510 from 0xb4000074bf5f6d90
05-27 18:43:42.339   299 30844 D EvsDriver: Delivered 0xb400007b7ca56900 as id 0
05-27 18:43:42.340 31202 31202 W ziparchive: Unable to open '/system_ext/framework/unisoc-framework.dm': No such file or directory
05-27 18:43:42.340 31202 31202 W ziparchive: Unable to open '/system_ext/framework/unisoc-framework.dm': No such file or directory
05-27 18:43:42.341   572   622 I Sensors : 230 AccelSensor: x:-0.169580,y:0.000000,z:-9.977160
05-27 18:43:42.341  1008 30856 D [OMXB]  : usingANWBuffer: handle:0xee742cc0, format:1, w:1920, h:1080
05-27 18:43:42.342   299 30841 D EvsDriver: forwardFrame
05-27 18:43:42.344  1167  1479 D evsmanagerd: /dev/video4 forwarded the buffer #0 to 0xb4000074bf5f6850 from 0xb4000074bf5f41d0
05-27 18:43:42.344   299 30841 D EvsDriver: Delivered 0xb400007b7ca56a60 as id 0
05-27 18:43:42.344   299  1153 D EvsDriver: doneWithFrame
05-27 18:43:42.345   283   307 I rvcservice: t.code = 2, t.value = 9976550
05-27 18:43:42.348   299  1153 D EvsDriver: doneWithFrame
05-27 18:43:42.350 10188 16726 I am_proc_bound: [0,31202,com.anwsdk.service:remote]
05-27 18:43:42.350   581   581 I SpiService: fgesysctrl_getGPIO_status success val=1
05-27 08:34:51.315   581   581 D spi_rst_gpio_get_output: GPIO 145 value: 1
05-27 08:34:51.315   581   581 D spidev_ioctl: gpio status=1)
05-27 18:43:42.353 10188 16726 I am_create_service: [0,208025669,.anwbtservice,1000,31202]
05-27 18:43:42.356   581   581 I SpiService: fgesysctrl_getGPIO_status success val=1
05-27 18:43:42.356 13911 14183 I SentryImuMcuAngleSender: 180.0rollDeg
05-27 18:43:42.356 13911 14183 I SentryImuMcuAngleSender: 1,0,0
05-27 08:34:51.320   581   581 D spi_rst_gpio_get_output: GPIO 145 value: 1
05-27 08:34:51.320   581   581 D spidev_ioctl: gpio status=1)
05-27 18:43:42.358 31202 31202 D CompatibilityChangeReporter: Compat change id reported: 171979766; UID 1000; state: ENABLED
05-27 18:43:42.361   581   581 I SpiService: fgesysctrl_getGPIO_status success val=1
05-27 08:34:51.326   581   581 D spi_rst_gpio_get_output: GPIO 145 value: 1
05-27 08:34:51.326   581   581 D spidev_ioctl: gpio status=1)
05-27 18:43:42.366 31202 31202 D CompatibilityInfo: applyToConfigurationCompat inoutConfig.densityDpi= 160
05-27 18:43:42.367   581   581 I SpiService: fgesysctrl_getGPIO_status success val=1
05-27 08:34:51.332   581   581 D spi_rst_gpio_get_output: GPIO 145 value: 1
05-27 08:34:51.332   581   581 D spidev_ioctl: gpio status=1)
05-27 18:43:42.371   536   536 D commservice260303: msg.id = 1028,0
05-27 18:43:42.371   536   536 D commservice260303: i = 170, msgid = 8A000404
05-27 18:43:42.371   536   536 D commservice260303: msgid = -1979710460,did=138
05-27 18:43:42.371   536   536 D commservice260303: CommProtocolLibCmdBaseI2C::dataproc {"command":{"id":"imu_status","sub":""},"content":{"TimeStamp":10,"FrameCounter":245099,"GD_X":-0.010994902811944485,"GD_Y":0.006108105648308992,"GD_Z":0.0017560218693688512,"AD_X":-0.00222034752368927,"AD_Y":-0.003103334456682205,"AD_Z":-0.1670370101928711,"TempDsp":0,"Status":0,"CalibState":1,"SigAmpInvalid":0}},-1979710460
05-27 18:43:42.371   536   536 D commservice260303: send2Cluster len:315, 7B22636F6D6D616E64223A7B226964223A22696D755F737461747573222C22737562223A22227D2C22636F6E74656E74223A7B2254696D655374616D70223A31302C224672616D65436F756E746572223A3234353039392C2247445F58223A2D302E3031303939343930323831313934343438352C2247445F59223A302E3030363130383130353634383330383939322C2247445F5A223A302E303031373536303231383639333638383531322C2241445F58223A2D302E30303232323033343735323336383932372C2241445F59223A2D302E3030333130333333343435363638323230352C2241445F5A223A2D302E313637303337303130313932383731312C2254656D70447370223A302C22537461747573223A302C2243616C69625374617465223A312C22536967416D70496E76616C6964223A307D7D, 138 
05-27 18:43:42.371   536   536 D commservice260303: Push Message into SendPool fn=-1661140224
05-27 18:43:42.371   536   536 D commservice260303: ComProtocolLibSend2Cluster::send2ClusterRaw fn=-1661140224 , len=331
05-27 18:43:42.371   536   536 D commservice260303: sendCmdToPort :331!!!
05-27 18:43:42.371   536   536 D commservice260303: send Cmd To Port ++++5AA501478A010003FD9C6A16CADE7B22636F6D6D616E64223A7B226964223A22696D755F737461747573222C22737562223A22227D2C22636F6E74656E74223A7B2254696D655374616D70223A31302C224672616D65436F756E746572223A3234353039392C2247445F58223A2D302E3031303939343930323831313934343438352C2247445F59223A302E3030363130383130353634383330383939322C2247445F5A223A302E303031373536303231383639333638383531322C2241445F58223A2D302E30303232323033343735323336383932372C2241445F59223A2D302E3030333130333333343435363638323230352C2241445F5A223A2D302E313637303337303130313932383731312C2254656D70447370223A302C22537461747573223A302C2243616C69625374617465223A312C22536967416D70496E76616C6964223A307D7D250B
05-27 18:43:42.371   536   536 D commservice260303: bufferevent_write retrun value = 0
05-27 18:43:42.371   536   560 D commservice260303: client datas send succeed,send finish
05-27 18:43:42.371   299 30841 D EvsDriver: forwardFrame
05-27 18:43:42.373   581   581 I SpiService: fgesysctrl_getGPIO_status success val=0
05-27 08:34:51.337   581   581 D spi_rst_gpio_get_output: GPIO 145 value: 0
05-27 08:34:51.337   581   581 D spidev_ioctl: gpio status=0)
05-27 18:43:42.373  1167  1479 D evsmanagerd: /dev/video4 forwarded the buffer #0 to 0xb4000074bf5f6850 from 0xb4000074bf5f41d0
05-27 18:43:42.376   299 30841 D EvsDriver: Delivered 0xb400007b7ca56a60 as id 0
05-27 18:43:42.376 13911 14192 D Sentinelmode_1.2.5.17_sentry: <SentryImuClusterFgeSender>imu_status sent to Linux, frame=245099, tsNs=10489609, tsMs=10, intervalMs=40, ad=(-0.0022203475,-0.0031033345,-0.16703701), gd=(-0.010994903,0.0061081056,0.0017560219)
05-27 18:43:42.376   299 30844 D EvsDriver: forwardFrame
05-27 08:34:51.355   581   581 D spi_rst_gpio_get_output: GPIO 145 value: 1
05-27 18:43:42.377   299  1153 D EvsDriver: doneWithFrame
05-27 18:43:42.377 13911 14183 I SentryImuMcuAngleSender: -179.99649rollDeg
05-27 18:43:42.377 13911 14183 I SentryImuMcuAngleSender: 1,0,0
05-27 18:43:42.378  1008 30857 D [OMXB]  : usingANWBuffer: handle:0xee743190, format:1, w:1920, h:1080
05-27 18:43:42.378  1167  1479 D evsmanagerd: /dev/video6 forwarded the buffer #0 to 0xb4000074bf5f5510 from 0xb4000074bf5f6d90
05-27 18:43:42.378   299 30844 D EvsDriver: Delivered 0xb400007b7ca56900 as id 0
05-27 18:43:42.380 31202 31202 D adservices: Registering AdServices's TopicsManager.
05-27 18:43:42.385   299  1153 D EvsDriver: doneWithFrame
05-27 18:43:42.389   566 11459 I gps_hdbd: Received: '$GNGGA,005933.000,,,,,0,00,,,M,,M,,*6A
'
05-27 18:43:42.390   581   581 I SpiService: fgesysctrl_getGPIO_status success val=1
05-27 18:43:42.394   566 11459 I gps_hdbd: Received: '$GNGSA,A,1,,,,,,,,,,,,,,,,1*1D
'
05-27 08:34:51.355   581   581 D spidev_ioctl: gpio status=1)
05-27 08:34:51.361   581   581 D spi_rst_gpio_get_output: GPIO 145 value: 1
05-27 08:34:51.361   581   581 D spidev_ioctl: gpio status=1)
05-27 08:34:51.367   581   581 D spi_rst_gpio_get_output: GPIO 145 value: 1
05-27 08:34:51.367   581   581 D spidev_ioctl: gpio status=1)
05-27 08:34:51.373   581   581 D spi_rst_gpio_get_output: GPIO 145 value: 1
05-27 08:34:51.373   581   581 D spidev_ioctl: gpio status=1)
05-27 18:43:42.396   581   581 I SpiService: fgesysctrl_getGPIO_status success val=1
05-27 18:43:42.398 31202 31202 D CompatibilityInfo: applyToConfigurationCompat inoutConfig.densityDpi= 160
05-27 18:43:42.400   566 11459 I gps_hdbd: Received: '$GNGSA,A,1,,,,,,,,,,,,,,,,4*18
'
05-27 18:43:42.400   566 11459 I gps_hdbd: Received: '$BDGSV,1,1,00,1*75
'
05-27 18:43:42.401  1008 30856 D [OMXB]  : usingANWBuffer: handle:0xee746c00, format:1, w:1920, h:1080
05-27 18:43:42.401 13911 14183 I SentryImuMcuAngleSender: 180.0rollDeg
05-27 18:43:42.401 13911 14183 I SentryImuMcuAngleSender: 1,0,0
05-27 18:43:42.402   581   581 I SpiService: fgesysctrl_getGPIO_status success val=1
05-27 08:34:51.379   581   581 D spi_rst_gpio_get_output: GPIO 145 value: 0
05-27 08:34:51.379   581   581 D spidev_ioctl: gpio status=0)
05-27 18:43:42.405   299 30841 D EvsDriver: forwardFrame
05-27 18:43:42.406   299 30844 D EvsDriver: forwardFrame
05-27 18:43:42.407   566 11459 I gps_hdbd: Received: '$BDGSV,1,1,00,5*71
'
05-27 18:43:42.408  1167  1479 D evsmanagerd: /dev/video4 forwarded the buffer #0 to 0xb4000074bf5f6850 from 0xb4000074bf5f41d0
05-27 18:43:42.408   581   581 I SpiService: fgesysctrl_getGPIO_status success val=1
05-27 18:43:42.409   566 11459 I gps_hdbd: Received: '$GPGSV,1,1,01,199,42,165,,1*60
'
05-27 18:43:42.412  1167  1479 D evsmanagerd: /dev/video6 forwarded the buffer #0 to 0xb4000074bf5f5510 from 0xb4000074bf5f6d90
05-27 18:43:42.412   299  1153 D EvsDriver: doneWithFrame
05-27 18:43:42.412   299 30844 D EvsDriver: Delivered 0xb400007b7ca56900 as id 0
05-27 18:43:42.412   566 11459 I gps_hdbd: Received: '$GPGSV,1,1,00,8*6D
'
05-27 18:43:42.413   566 11459 I gps_hdbd: Received: '$GAGSV,1,1,00,7*73
'
05-27 18:43:42.415   581   581 I SpiService: fgesysctrl_getGPIO_status success val=0
05-27 18:43:42.416   536   536 D commservice260303: msg.id = 1028,1
05-27 18:43:42.416   536   536 D commservice260303: i = 170, msgid = 8A000404
05-27 18:43:42.416   536   536 D commservice260303: msgid = -1979710460,did=138
05-27 18:43:42.416   536   536 D commservice260303: CommProtocolLibCmdBaseI2C::dataproc {"command":{"id":"imu_status","sub":""},"content":{"TimeStamp":10,"FrameCounter":245100,"GD_X":-0.01153013575822115,"GD_Y":0.005573912989348173,"GD_Z":0.0020608289632946253,"AD_X":-3.985762596130371E-4,"AD_Y":-0.002484903670847416,"AD_Z":-0.1652059555053711,"TempDsp":0,"Status":0,"CalibState":1,"SigAmpInvalid":0}},-1979710460
05-27 18:43:42.417   536   536 D commservice260303: send2Cluster len:315, 7B22636F6D6D616E64223A7B226964223A22696D755F737461747573222C22737562223A22227D2C22636F6E74656E74223A7B2254696D655374616D70223A31302C224672616D65436F756E746572223A3234353130302C2247445F58223A2D302E30313135333031333537353832323131352C2247445F59223A302E3030353537333931323938393334383137332C2247445F5A223A302E303032303630383238393633323934363235332C2241445F58223A2D332E393835373632353936313330333731452D342C2241445F59223A2D302E3030323438343930333637303834373431362C2241445F5A223A2D302E313635323035393535353035333731312C2254656D70447370223A302C22537461747573223A302C2243616C69625374617465223A312C22536967416D70496E76616C6964223A307D7D, 138 
05-27 18:43:42.417   536   536 D commservice260303: Push Message into SendPool fn=-1644363008
05-27 18:43:42.417   536   536 D commservice260303: ComProtocolLibSend2Cluster::send2ClusterRaw fn=-1644363008 , len=331
05-27 18:43:42.417   536   536 D commservice260303: sendCmdToPort :331!!!
05-27 18:43:42.417   536   536 D commservice260303: send Cmd To Port ++++5AA501478A010003FD9D6A16CADE7B22636F6D6D616E64223A7B226964223A22696D755F737461747573222C22737562223A22227D2C22636F6E74656E74223A7B2254696D655374616D70223A31302C224672616D65436F756E746572223A3234353130302C2247445F58223A2D302E30313135333031333537353832323131352C2247445F59223A302E3030353537333931323938393334383137332C2247445F5A223A302E303032303630383238393633323934363235332C2241445F58223A2D332E393835373632353936313330333731452D342C2241445F59223A2D302E3030323438343930333637303834373431362C2241445F5A223A2D302E313635323035393535353035333731312C2254656D70447370223A302C22537461747573223A302C2243616C69625374617465223A312C22536967416D70496E76616C6964223A307D7DAFD1
05-27 18:43:42.417   536   536 D commservice260303: bufferevent_write retrun value = 0
05-27 18:43:42.417 13911 14192 D Sentinelmode_1.2.5.17_sentry: <SentryImuClusterFgeSender>imu_status sent to Linux, frame=245100, tsNs=10489629, tsMs=10, intervalMs=41, ad=(-3.9857626E-4,-0.0024849037,-0.16520596), gd=(-0.011530136,0.005573913,0.002060829)
05-27 18:43:42.418   566 11459 I gps_hdbd: Received: '$GAGSV,1,1,00,1*75
'
05-27 18:43:42.418   536   560 D commservice260303: client datas send succeed,send finish
05-27 18:43:42.418   299  1153 D EvsDriver: doneWithFrame
05-27 18:43:42.420   299 30841 D EvsDriver: Delivered 0xb400007b7ca56a60 as id 0
05-27 18:43:42.422 10188  7589 I DexManager: com.anwsdk.service loads from null-0 : 0 : /system/framework/javax.obex.jar
05-27 18:43:42.422 10188  7589 I DexManager: Could not find owning package for dex file: /system/framework/javax.obex.jar
05-27 18:43:42.422   594   594 E vendor.sprd.hardware.memtrack-service: MemTrack_DEBUG--Open mali gpu_memory failed
05-27 18:43:42.424   566 11459 I gps_hdbd: Received: '$GNRMC,005933.000,V,,,,,,,270526,120.0,E,N,V*49
'
05-27 18:43:42.424 13911 14183 I SentryImuMcuAngleSender: -179.98248rollDeg
05-27 18:43:42.424 13911 14183 I SentryImuMcuAngleSender: 1,0,0
05-27 18:43:42.426  1008 30857 D [OMXB]  : usingANWBuffer: handle:0xee746310, format:1, w:1920, h:1080
05-27 18:43:42.427   566 11459 I gps_hdbd: RMC : CALL gnss_sv_status_cb, view_in_sat <1>
05-27 18:43:42.427   566 11459 I gps_hdbd: [reportSvStatus]--->PLATFORM_BSP::Enter
05-27 18:43:42.428  1083  1083 W MyAppLog: [2026-05-27 18:43:42.427 W tboxap gpsSyncGpsInfoToDm:361] [Gps] [gpsSyncGpsInfoToDm] fix=0 mode=49 corner:0x01 alt=0.00 sat=0 hdop=0.00 pdop=0.00 vdop=0.00
05-27 18:43:42.431   566 11459 I gps_hdbd: hy abnormal deal:hy_cnr30_satellite_cnt=0
05-27 18:43:42.431   566 11459 D gps_hdbd: hy abnormal deal:hy_fixStatus_fail_count=0
05-27 18:43:42.432   566 11459 I gps_hdbd: Received: '$GNZDA,005933.000,27,05,2026,00,00*42
'
05-27 18:43:42.432   581   581 I SpiService: fgesysctrl_getGPIO_status success val=1
05-27 08:34:51.396   581   581 D spi_rst_gpio_get_output: GPIO 145 value: 1
05-27 08:34:51.396   581   581 D spidev_ioctl: gpio status=1)
05-27 18:43:42.435   299 30841 D EvsDriver: forwardFrame
05-27 18:43:42.436   299 30841 D EvsDriver: Delivered 0xb400007b7ca56a60 as id 0
05-27 18:43:42.437  1167  1479 D evsmanagerd: /dev/video4 forwarded the buffer #0 to 0xb4000074bf5f6850 from 0xb4000074bf5f41d0
05-27 18:43:42.437 30773 30773 E dvr_service_: [myNum:0] Received S**** loss
05-27 18:43:42.437   299  1153 D EvsDriver: doneWithFrame
05-27 18:43:42.437   581   581 I SpiService: fgesysctrl_getGPIO_status success val=1
05-27 18:43:42.438 31202 31202 W .service:remote: ClassLoaderContext shared library size mismatch. Expected=0, found=1 (PCL[] | PCL[]{PCL[/system/framework/javax.obex.jar*2267184930]})
05-27 08:34:51.402   581   581 D spi_rst_gpio_get_output: GPIO 145 value: 1
05-27 08:34:51.402   581   581 D spidev_ioctl: gpio status=1)
05-27 18:43:42.440   299 30844 D EvsDriver: forwardFrame
05-27 18:43:42.442  1167  1479 D evsmanagerd: /dev/video6 forwarded the buffer #0 to 0xb4000074bf5f5510 from 0xb4000074bf5f6d90
05-27 18:43:42.442   299 30844 D EvsDriver: Delivered 0xb400007b7ca56900 as id 0
05-27 18:43:42.442 30773 30773 E dvr_service_: [myNum:1] Received S**** loss
05-27 18:43:42.443   299  1153 D EvsDriver: doneWithFrame
05-27 18:43:42.443  1008 30856 D [OMXB]  : usingANWBuffer: handle:0xee742530, format:1, w:1920, h:1080
05-27 18:43:42.443   581   581 I SpiService: fgesysctrl_getGPIO_status success val=1
05-27 18:43:42.444 13911 14183 I SentryImuMcuAngleSender: -179.98248rollDeg
05-27 18:43:42.444 13911 14183 I SentryImuMcuAngleSender: 1,0,0
05-27 08:34:51.407   581   581 D spi_rst_gpio_get_output: GPIO 145 value: 1
