05-27 18:43:41.823   581   581 I SpiService: fgesysctrl_getGPIO_status success val=1
05-27 18:43:41.823  1008 30856 D [OMXB]  : usingANWBuffer: handle:0xee744b00, format:1, w:1920, h:1080
05-27 08:34:50.787   581   581 D spi_rst_gpio_get_output: GPIO 145 value: 1
05-27 08:34:50.787   581   581 D spidev_ioctl: gpio status=1)
05-27 18:43:41.828   581   581 I SpiService: fgesysctrl_getGPIO_status success val=0
05-27 08:34:50.793   581   581 D spi_rst_gpio_get_output: GPIO 145 value: 0
05-27 08:34:50.793   581   581 D spidev_ioctl: gpio status=0)
05-27 18:43:41.834   299 30844 D EvsDriver: forwardFrame
05-27 18:43:41.836 13911 14183 I SentryImuMcuAngleSender: 179.96848rollDeg
05-27 18:43:41.836 13911 14183 I SentryImuMcuAngleSender: 1,0,0
05-27 18:43:41.836   299 30841 D EvsDriver: forwardFrame
05-27 18:43:41.836   299 30844 D EvsDriver: Delivered 0xb400007b7ca56900 as id 0
05-27 18:43:41.837  1167  1167 D evsmanagerd: /dev/video6 forwarded the buffer #0 to 0xb4000074bf5f5510 from 0xb4000074bf5f6d90
05-27 18:43:41.838   299 30841 D EvsDriver: Delivered 0xb400007b7ca56a60 as id 0
05-27 18:43:41.838  1167  1167 D evsmanagerd: /dev/video4 forwarded the buffer #0 to 0xb4000074bf5f6850 from 0xb4000074bf5f41d0
05-27 18:43:41.840   299  1163 D EvsDriver: doneWithFrame
05-27 18:43:41.840   299  1163 D EvsDriver: doneWithFrame
05-27 18:43:41.841   572   572 I Sensors : 230 GyroSensor: x:-0.011530,y:0.005192,z:0.001908
05-27 18:43:41.841   283   307 I rvcservice: t.code = 3, t.value = 0
05-27 18:43:41.841   536   536 D commservice260303: msg.id = 1028,0
05-27 18:43:41.841   536   536 D commservice260303: i = 170, msgid = 8A000404
05-27 18:43:41.841   536   536 D commservice260303: msgid = -1979710460,did=138
05-27 18:43:41.842   536   536 D commservice260303: CommProtocolLibCmdBaseI2C::dataproc {"command":{"id":"imu_status","sub":""},"content":{"TimeStamp":10,"FrameCounter":245086,"GD_X":-0.011377211660146713,"GD_Y":0.004580949433147907,"GD_Z":0.0022902146447449923,"AD_X":-0.004755169153213501,"AD_Y":0.0029778003226965666,"AD_Z":-0.17374610900878906,"TempDsp":0,"Status":0,"CalibState":1,"SigAmpInvalid":0}},-1979710460
05-27 18:43:41.842   536   536 D commservice260303: send2Cluster len:317, 7B22636F6D6D616E64223A7B226964223A22696D755F737461747573222C22737562223A22227D2C22636F6E74656E74223A7B2254696D655374616D70223A31302C224672616D65436F756E746572223A3234353038362C2247445F58223A2D302E3031313337373231313636303134363731332C2247445F59223A302E3030343538303934393433333134373930372C2247445F5A223A302E303032323930323134363434373434393932332C2241445F58223A2D302E3030343735353136393135333231333530312C2241445F59223A302E303032393737383030333232363936353636362C2241445F5A223A2D302E31373337343631303930303837383930362C2254656D70447370223A302C22537461747573223A302C2243616C69625374617465223A312C22536967416D70496E76616C6964223A307D7D, 138 
05-27 18:43:41.842   536   536 D commservice260303: Push Message into SendPool fn=-1879244032
05-27 18:43:41.842   536   536 D commservice260303: ComProtocolLibSend2Cluster::send2ClusterRaw fn=-1879244032 , len=333
05-27 18:43:41.842   536   536 D commservice260303: sendCmdToPort :333!!!
05-27 18:43:41.842   536   536 D commservice260303: send Cmd To Port ++++5AA501498A010003FD8F6A16CADD7B22636F6D6D616E64223A7B226964223A22696D755F737461747573222C22737562223A22227D2C22636F6E74656E74223A7B2254696D655374616D70223A31302C224672616D65436F756E746572223A3234353038362C2247445F58223A2D302E3031313337373231313636303134363731332C2247445F59223A302E3030343538303934393433333134373930372C2247445F5A223A302E303032323930323134363434373434393932332C2241445F58223A2D302E3030343735353136393135333231333530312C2241445F59223A302E303032393737383030333232363936353636362C2241445F5A223A2D302E31373337343631303930303837383930362C2254656D70447370223A302C22537461747573223A302C2243616C69625374617465223A312C22536967416D70496E76616C6964223A307D7D80E9
05-27 18:43:41.842   536   536 D commservice260303: bufferevent_write retrun value = 0
05-27 18:43:41.842   536   560 D commservice260303: client datas send succeed,send finish
05-27 18:43:41.842 13911 14192 D Sentinelmode_1.2.5.17_sentry: <SentryImuClusterFgeSender>imu_status sent to Linux, frame=245086, tsNs=10489074, tsMs=10, intervalMs=41, ad=(-0.004755169,0.0029778003,-0.17374611), gd=(-0.011377212,0.0045809494,0.0022902146)
05-27 18:43:41.843   581   581 I SpiService: fgesysctrl_getGPIO_status success val=1
05-27 08:34:50.807   581   581 D spi_rst_gpio_get_output: GPIO 145 value: 1
05-27 08:34:50.807   581   581 D spidev_ioctl: gpio status=1)
05-27 18:43:41.848  1008 30857 D [OMXB]  : usingANWBuffer: handle:0xee743710, format:1, w:1920, h:1080
05-27 18:43:41.848   581   581 I SpiService: fgesysctrl_getGPIO_status success val=1
05-27 08:34:50.813   581   581 D spi_rst_gpio_get_output: GPIO 145 value: 1
05-27 08:34:50.813   581   581 D spidev_ioctl: gpio status=1)
05-27 18:43:41.854   581   581 I SpiService: fgesysctrl_getGPIO_status success val=1
05-27 18:43:41.855 13911 14183 I SentryImuMcuAngleSender: 179.97197rollDeg
05-27 18:43:41.855 13911 14183 I SentryImuMcuAngleSender: 1,0,0
05-27 08:34:50.819   581   581 D spi_rst_gpio_get_output: GPIO 145 value: 1
05-27 08:34:50.819   581   581 D spidev_ioctl: gpio status=1)
05-27 18:43:41.860   581   581 I SpiService: fgesysctrl_getGPIO_status success val=1
05-27 08:34:50.824   581   581 D spi_rst_gpio_get_output: GPIO 145 value: 1
05-27 08:34:50.824   581   581 D spidev_ioctl: gpio status=1)
05-27 18:43:41.864  1008 30856 D [OMXB]  : usingANWBuffer: handle:0xee743ea0, format:1, w:1920, h:1080
05-27 18:43:41.865   581   581 I SpiService: fgesysctrl_getGPIO_status success val=1
05-27 08:34:50.830   581   581 D spi_rst_gpio_get_output: GPIO 145 value: 1
05-27 08:34:50.830   581   581 D spidev_ioctl: gpio status=1)
05-27 18:43:41.871   581   581 I SpiService: fgesysctrl_getGPIO_status success val=0
05-27 18:43:41.871   299 30844 D EvsDriver: forwardFrame
05-27 18:43:41.871   299 30841 D EvsDriver: forwardFrame
05-27 08:34:50.835   581   581 D spi_rst_gpio_get_output: GPIO 145 value: 0
05-27 08:34:50.835   581   581 D spidev_ioctl: gpio status=0)
05-27 18:43:41.873   299 30841 D EvsDriver: Delivered 0xb400007b7ca56a60 as id 0
05-27 18:43:41.873  1167  1167 D evsmanagerd: /dev/video4 forwarded the buffer #0 to 0xb4000074bf5f6850 from 0xb4000074bf5f41d0
05-27 18:43:41.874   299 30844 D EvsDriver: Delivered 0xb400007b7ca56900 as id 0
05-27 18:43:41.874  1167  1167 D evsmanagerd: /dev/video6 forwarded the buffer #0 to 0xb4000074bf5f5510 from 0xb4000074bf5f6d90
05-27 18:43:41.876 13911 14183 I SentryImuMcuAngleSender: 179.97897rollDeg
05-27 18:43:41.876 13911 14183 I SentryImuMcuAngleSender: 1,0,0
05-27 18:43:41.876   299  1163 D EvsDriver: doneWithFrame
05-27 18:43:41.880   299  1163 D EvsDriver: doneWithFrame
05-27 18:43:41.881   536   536 D commservice260303: msg.id = 1028,1
05-27 18:43:41.881   536   536 D commservice260303: i = 170, msgid = 8A000404
05-27 18:43:41.881   536   536 D commservice260303: msgid = -1979710460,did=138
05-27 18:43:41.881   536   536 D commservice260303: CommProtocolLibCmdBaseI2C::dataproc {"command":{"id":"imu_status","sub":""},"content":{"TimeStamp":10,"FrameCounter":245087,"GD_X":-0.011377211660146713,"GD_Y":0.005345047451555729,"GD_Z":0.0021378109231591225,"AD_X":-0.003525286912918091,"AD_Y":0.001132595119997859,"AD_Z":-0.1664266586303711,"TempDsp":0,"Status":0,"CalibState":1,"SigAmpInvalid":0}},-1979710460
05-27 18:43:41.882   536   536 D commservice260303: send2Cluster len:315, 7B22636F6D6D616E64223A7B226964223A22696D755F737461747573222C22737562223A22227D2C22636F6E74656E74223A7B2254696D655374616D70223A31302C224672616D65436F756E746572223A3234353038372C2247445F58223A2D302E3031313337373231313636303134363731332C2247445F59223A302E3030353334353034373435313535353732392C2247445F5A223A302E303032313337383130393233313539313232352C2241445F58223A2D302E3030333532353238363931323931383039312C2241445F59223A302E3030313133323539353131393939373835392C2241445F5A223A2D302E313636343236363538363330333731312C2254656D70447370223A302C22537461747573223A302C2243616C69625374617465223A312C22536967416D70496E76616C6964223A307D7D, 138 
05-27 18:43:41.882   536   536 D commservice260303: Push Message into SendPool fn=-1862466816
05-27 18:43:41.882   536   536 D commservice260303: ComProtocolLibSend2Cluster::send2ClusterRaw fn=-1862466816 , len=331
05-27 18:43:41.882   536   536 D commservice260303: sendCmdToPort :331!!!
05-27 18:43:41.882   536   536 D commservice260303: send Cmd To Port ++++5AA501478A010003FD906A16CADD7B22636F6D6D616E64223A7B226964223A22696D755F737461747573222C22737562223A22227D2C22636F6E74656E74223A7B2254696D655374616D70223A31302C224672616D65436F756E746572223A3234353038372C2247445F58223A2D302E3031313337373231313636303134363731332C2247445F59223A302E3030353334353034373435313535353732392C2247445F5A223A302E303032313337383130393233313539313232352C2241445F58223A2D302E3030333532353238363931323931383039312C2241445F59223A302E3030313133323539353131393939373835392C2241445F5A223A2D302E313636343236363538363330333731312C2254656D70447370223A302C22537461747573223A302C2243616C69625374617465223A312C22536967416D70496E76616C6964223A307D7D1B97
05-27 18:43:41.882   536   536 D commservice260303: bufferevent_write retrun value = 0
05-27 18:43:41.883   536   560 D commservice260303: client datas send succeed,send finish
05-27 18:43:41.883 13911 14192 D Sentinelmode_1.2.5.17_sentry: <SentryImuClusterFgeSender>imu_status sent to Linux, frame=245087, tsNs=10489128, tsMs=10, intervalMs=40, ad=(-0.003525287,0.0011325951,-0.16642666), gd=(-0.011377212,0.0053450475,0.002137811)
05-27 18:43:41.887  1008 30857 D [OMXB]  : usingANWBuffer: handle:0xee741c40, format:1, w:1920, h:1080
05-27 18:43:41.887   581   581 I SpiService: fgesysctrl_getGPIO_status success val=1
05-27 08:34:50.852   581   581 D spi_rst_gpio_get_output: GPIO 145 value: 1
05-27 08:34:50.852   581   581 D spidev_ioctl: gpio status=1)
05-27 18:43:41.893   581   581 I SpiService: fgesysctrl_getGPIO_status success val=1
05-27 18:43:41.896 13911 14183 I SentryImuMcuAngleSender: 179.97899rollDeg
05-27 18:43:41.896 13911 14183 I SentryImuMcuAngleSender: 1,0,0
05-27 08:34:50.857   581   581 D spi_rst_gpio_get_output: GPIO 145 value: 1
05-27 08:34:50.857   581   581 D spidev_ioctl: gpio status=1)
05-27 18:43:41.898   581   581 I SpiService: fgesysctrl_getGPIO_status success val=1
05-27 18:43:41.899   299 30841 D EvsDriver: forwardFrame
05-27 18:43:41.899  1008 30856 D [OMXB]  : usingANWBuffer: handle:0xee7406f0, format:1, w:1920, h:1080
05-27 08:34:50.863   581   581 D spi_rst_gpio_get_output: GPIO 145 value: 1
05-27 08:34:50.863   581   581 D spidev_ioctl: gpio status=1)
05-27 18:43:41.900   299 30841 D EvsDriver: Delivered 0xb400007b7ca56a60 as id 0
05-27 18:43:41.900   299 30844 D EvsDriver: forwardFrame
05-27 18:43:41.900  1167  1167 D evsmanagerd: /dev/video4 forwarded the buffer #0 to 0xb4000074bf5f6850 from 0xb4000074bf5f41d0
05-27 18:43:41.902  1167  1167 D evsmanagerd: /dev/video6 forwarded the buffer #0 to 0xb4000074bf5f5510 from 0xb4000074bf5f6d90
05-27 18:43:41.902   299 30844 D EvsDriver: Delivered 0xb400007b7ca56900 as id 0
05-27 18:43:41.904   581   581 I SpiService: fgesysctrl_getGPIO_status success val=1
05-27 18:43:41.905   299  1153 D EvsDriver: doneWithFrame
05-27 18:43:41.905   299  1163 D EvsDriver: doneWithFrame
05-27 08:34:50.868   581   581 D spi_rst_gpio_get_output: GPIO 145 value: 1
05-27 08:34:50.868   581   581 D spidev_ioctl: gpio status=1)
05-27 18:43:41.910   581   581 I SpiService: fgesysctrl_getGPIO_status success val=1
05-27 08:34:50.874   581   581 D spi_rst_gpio_get_output: GPIO 145 value: 1
05-27 08:34:50.874   581   581 D spidev_ioctl: gpio status=1)
05-27 18:43:41.915   581   581 I SpiService: fgesysctrl_getGPIO_status success val=0
05-27 18:43:41.916 13911 14183 I SentryImuMcuAngleSender: 179.97899rollDeg
05-27 18:43:41.916 13911 14183 I SentryImuMcuAngleSender: 1,0,0
05-27 08:34:50.880   581   581 D spi_rst_gpio_get_output: GPIO 145 value: 0
05-27 08:34:50.880   581   581 D spidev_ioctl: gpio status=0)
05-27 18:43:41.921   536   536 D commservice260303: msg.id = 1028,0
05-27 18:43:41.921   536   536 D commservice260303: i = 170, msgid = 8A000404
05-27 18:43:41.921   536   536 D commservice260303: msgid = -1979710460,did=138
05-27 18:43:41.921   536   536 D commservice260303: CommProtocolLibCmdBaseI2C::dataproc {"command":{"id":"imu_status","sub":""},"content":{"TimeStamp":10,"FrameCounter":245088,"GD_X":-0.011377211660146713,"GD_Y":0.005879240110516548,"GD_Z":0.0023671966046094894,"AD_X":-0.004732862114906311,"AD_Y":0.0011256677098572254,"AD_Z":-0.17191600799560547,"TempDsp":0,"Status":0,"CalibState":1,"SigAmpInvalid":0}},-1979710460
05-27 18:43:41.921   536   536 D commservice260303: send2Cluster len:317, 7B22636F6D6D616E64223A7B226964223A22696D755F737461747573222C22737562223A22227D2C22636F6E74656E74223A7B2254696D655374616D70223A31302C224672616D65436F756E746572223A3234353038382C2247445F58223A2D302E3031313337373231313636303134363731332C2247445F59223A302E3030353837393234303131303531363534382C2247445F5A223A302E303032333637313936363034363039343839342C2241445F58223A2D302E3030343733323836323131343930363331312C2241445F59223A302E303031313235363637373039383537323235342C2241445F5A223A2D302E31373139313630303739393536303534372C2254656D70447370223A302C22537461747573223A302C2243616C69625374617465223A312C22536967416D70496E76616C6964223A307D7D, 138 
05-27 18:43:41.921   536   536 D commservice260303: Push Message into SendPool fn=-1845689600
05-27 18:43:41.921   536   536 D commservice260303: ComProtocolLibSend2Cluster::send2ClusterRaw fn=-1845689600 , len=333
05-27 18:43:41.922   536   536 D commservice260303: sendCmdToPort :333!!!
05-27 18:43:41.922   536   536 D commservice260303: send Cmd To Port ++++5AA501498A010003FD916A16CADD7B22636F6D6D616E64223A7B226964223A22696D755F737461747573222C22737562223A22227D2C22636F6E74656E74223A7B2254696D655374616D70223A31302C224672616D65436F756E746572223A3234353038382C2247445F58223A2D302E3031313337373231313636303134363731332C2247445F59223A302E3030353837393234303131303531363534382C2247445F5A223A302E303032333637313936363034363039343839342C2241445F58223A2D302E3030343733323836323131343930363331312C2241445F59223A302E303031313235363637373039383537323235342C2241445F5A223A2D302E31373139313630303739393536303534372C2254656D70447370223A302C22537461747573223A302C2243616C69625374617465223A312C22536967416D70496E76616C6964223A307D7D5EA2
05-27 18:43:41.922   536   536 D commservice260303: bufferevent_write retrun value = 0
05-27 18:43:41.922   536   560 D commservice260303: client datas send succeed,send finish
05-27 18:43:41.922 13911 14192 D Sentinelmode_1.2.5.17_sentry: <SentryImuClusterFgeSender>imu_status sent to Linux, frame=245088, tsNs=10489163, tsMs=10, intervalMs=40, ad=(-0.004732862,0.0011256677,-0.17191601), gd=(-0.011377212,0.00587924,0.0023671966)
05-27 18:43:41.924  1008 30857 D [OMXB]  : usingANWBuffer: handle:0xee740e80, format:1, w:1920, h:1080
05-27 18:43:41.928  6212  6256 D VersionPrinter: com.yadea.setting- VersionName:[1.0.012_2026_0526_1408] - append:[] - active:[]
05-27 18:43:41.929   581   581 I SpiService: fgesysctrl_getGPIO_status success val=1
05-27 08:34:50.894   581   581 D spi_rst_gpio_get_output: GPIO 145 value: 1
05-27 08:34:50.894   581   581 D spidev_ioctl: gpio status=1)
05-27 18:43:41.935   581   581 I SpiService: fgesysctrl_getGPIO_status success val=1
05-27 18:43:41.936   299 30844 D EvsDriver: forwardFrame
05-27 18:43:41.936   299 30841 D EvsDriver: forwardFrame
05-27 18:43:41.937 13911 14183 I SentryImuMcuAngleSender: 179.986rollDeg
05-27 18:43:41.937 13911 14183 I SentryImuMcuAngleSender: 1,0,0
05-27 08:34:50.899   581   581 D spi_rst_gpio_get_output: GPIO 145 value: 1
05-27 08:34:50.899   581   581 D spidev_ioctl: gpio status=1)
05-27 18:43:41.938   299 30841 D EvsDriver: Delivered 0xb400007b7ca56a60 as id 0
05-27 18:43:41.939  1167  1167 D evsmanagerd: /dev/video4 forwarded the buffer #0 to 0xb4000074bf5f6850 from 0xb4000074bf5f41d0
05-27 18:43:41.939 30773 30783 E dvr_service_: [myNum:0] Received S**** loss
05-27 18:43:41.939   299 30844 D EvsDriver: Delivered 0xb400007b7ca56900 as id 0
05-27 18:43:41.939  1167  1479 D evsmanagerd: /dev/video6 forwarded the buffer #0 to 0xb4000074bf5f5510 from 0xb4000074bf5f6d90
05-27 18:43:41.939   299  1153 D EvsDriver: doneWithFrame
05-27 18:43:41.939 30773 30773 E dvr_service_: [myNum:1] Received S**** loss
05-27 18:43:41.940   299  1153 D EvsDriver: doneWithFrame
05-27 18:43:41.940   581   581 I SpiService: fgesysctrl_getGPIO_status success val=1
05-27 18:43:41.940  1008 30856 D [OMXB]  : usingANWBuffer: handle:0xee7407a0, format:1, w:1920, h:1080
05-27 08:34:50.905   581   581 D spi_rst_gpio_get_output: GPIO 145 value: 1
05-27 08:34:50.905   581   581 D spidev_ioctl: gpio status=1)
05-27 18:43:41.941   283   307 I rvcservice: t.code = 0, t.value = 5490
05-27 18:43:41.945   581   581 I SpiService: fgesysctrl_getGPIO_status success val=1
05-27 18:43:41.948   572   572 I Sensors : 230 AccelSensor: x:-0.170190,y:0.002440,z:-9.975940
05-27 08:34:50.910   581   581 D spi_rst_gpio_get_output: GPIO 145 value: 1
05-27 08:34:50.910   581   581 D spidev_ioctl: gpio status=1)
05-27 18:43:41.951   581   581 I SpiService: fgesysctrl_getGPIO_status success val=0
05-27 08:34:50.915   581   581 D spi_rst_gpio_get_output: GPIO 145 value: 0
05-27 08:34:50.915   581   581 D spidev_ioctl: gpio status=0)
05-27 18:43:41.957 13911 14183 I SentryImuMcuAngleSender: 179.986rollDeg
05-27 18:43:41.957 13911 14183 I SentryImuMcuAngleSender: 1,0,0
05-27 18:43:41.960   536   536 D commservice260303: msg.id = 1028,0
05-27 18:43:41.961   536   536 D commservice260303: i = 170, msgid = 8A000404
05-27 18:43:41.961   536   536 D commservice260303: msgid = -1979710460,did=138
05-27 18:43:41.961   536   536 D commservice260303: CommProtocolLibCmdBaseI2C::dataproc {"command":{"id":"imu_status","sub":""},"content":{"TimeStamp":10,"FrameCounter":245089,"GD_X":-0.011910883709788322,"GD_Y":0.0048857564106583595,"GD_Z":0.0019079053308814764,"AD_X":-0.004113942384719849,"AD_Y":-9.277160279452801E-5,"AD_Z":-0.17069625854492188,"TempDsp":0,"Status":0,"CalibState":1,"SigAmpInvalid":0}},-1979710460
05-27 18:43:41.961   536   536 D commservice260303: send2Cluster len:318, 7B22636F6D6D616E64223A7B226964223A22696D755F737461747573222C22737562223A22227D2C22636F6E74656E74223A7B2254696D655374616D70223A31302C224672616D65436F756E746572223A3234353038392C2247445F58223A2D302E3031313931303838333730393738383332322C2247445F59223A302E303034383835373536343130363538333539352C2247445F5A223A302E303031393037393035333330383831343736342C2241445F58223A2D302E3030343131333934323338343731393834392C2241445F59223A2D392E323737313630323739343532383031452D352C2241445F5A223A2D302E31373036393632353835343439323138382C2254656D70447370223A302C22537461747573223A302C2243616C69625374617465223A312C22536967416D70496E76616C6964223A307D7D, 138 
05-27 18:43:41.961   536   536 D commservice260303: Push Message into SendPool fn=-1828912384
05-27 18:43:41.961   536   536 D commservice260303: ComProtocolLibSend2Cluster::send2ClusterRaw fn=-1828912384 , len=334
05-27 18:43:41.961   536   536 D commservice260303: sendCmdToPort :334!!!
05-27 18:43:41.961   536   536 D commservice260303: send Cmd To Port ++++5AA5014A8A010003FD926A16CADD7B22636F6D6D616E64223A7B226964223A22696D755F737461747573222C22737562223A22227D2C22636F6E74656E74223A7B2254696D655374616D70223A31302C224672616D65436F756E746572223A3234353038392C2247445F58223A2D302E3031313931303838333730393738383332322C2247445F59223A302E303034383835373536343130363538333539352C2247445F5A223A302E303031393037393035333330383831343736342C2241445F58223A2D302E3030343131333934323338343731393834392C2241445F59223A2D392E323737313630323739343532383031452D352C2241445F5A223A2D302E31373036393632353835343439323138382C2254656D70447370223A302C22537461747573223A302C2243616C69625374617465223A312C22536967416D70496E76616C6964223A307D7D7AF3
05-27 18:43:41.961   536   536 D commservice260303: bufferevent_write retrun value = 0
05-27 18:43:41.961   536   560 D commservice260303: client datas send succeed,send finish
05-27 18:43:41.962 13911 14192 D Sentinelmode_1.2.5.17_sentry: <SentryImuClusterFgeSender>imu_status sent to Linux, frame=245089, tsNs=10489199, tsMs=10, intervalMs=39, ad=(-0.0041139424,-9.27716E-5,-0.17069626), gd=(-0.011910884,0.0048857564,0.0019079053)
05-27 18:43:41.965   581   581 I SpiService: fgesysctrl_getGPIO_status success val=1
05-27 08:34:50.929   581   581 D spi_rst_gpio_get_output: GPIO 145 value: 1
05-27 08:34:50.929   581   581 D spidev_ioctl: gpio status=1)
05-27 18:43:41.970   581   581 I SpiService: fgesysctrl_getGPIO_status success val=1
05-27 18:43:41.971   299 30841 D EvsDriver: forwardFrame
05-27 18:43:41.972   299 30841 D EvsDriver: Delivered 0xb400007b7ca56a60 as id 0
05-27 18:43:41.972   299 30844 D EvsDriver: forwardFrame
05-27 18:43:41.972  1167  1479 D evsmanagerd: /dev/video4 forwarded the buffer #0 to 0xb4000074bf5f6850 from 0xb4000074bf5f41d0
05-27 08:34:50.935   581   581 D spi_rst_gpio_get_output: GPIO 145 value: 1
05-27 08:34:50.935   581   581 D spidev_ioctl: gpio status=1)
05-27 18:43:41.975   299 30844 D EvsDriver: Delivered 0xb400007b7ca56900 as id 0
05-27 18:43:41.975  1167  1479 D evsmanagerd: /dev/video6 forwarded the buffer #0 to 0xb4000074bf5f5510 from 0xb4000074bf5f6d90
05-27 18:43:41.975   299  1153 D EvsDriver: doneWithFrame
05-27 18:43:41.976   581   581 I SpiService: fgesysctrl_getGPIO_status success val=1
05-27 08:34:50.940   581   581 D spi_rst_gpio_get_output: GPIO 145 value: 1
05-27 08:34:50.940   581   581 D spidev_ioctl: gpio status=1)
05-27 18:43:41.978 13911 14183 I SentryImuMcuAngleSender: 179.993rollDeg
05-27 18:43:41.978 13911 14183 I SentryImuMcuAngleSender: 1,0,0
05-27 18:43:41.982   299  1153 D EvsDriver: doneWithFrame
05-27 18:43:41.983   581   581 I SpiService: fgesysctrl_getGPIO_status success val=1
05-27 08:34:50.948   581   581 D spi_rst_gpio_get_output: GPIO 145 value: 1
05-27 08:34:50.948   581   581 D spidev_ioctl: gpio status=1)
05-27 18:43:41.989   581   581 I SpiService: fgesysctrl_getGPIO_status success val=1
05-27 08:34:50.953   581   581 D spi_rst_gpio_get_output: GPIO 145 value: 1
05-27 08:34:50.954   581   581 D spidev_ioctl: gpio status=1)
05-27 18:43:41.994   581   581 I SpiService: fgesysctrl_getGPIO_status success val=0
05-27 08:34:50.959   581   581 D spi_rst_gpio_get_output: GPIO 145 value: 0
05-27 08:34:50.959   581   581 D spidev_ioctl: gpio status=0)
05-27 18:43:41.998   299 30844 D EvsDriver: forwardFrame
05-27 18:43:41.998 13911 14183 I SentryImuMcuAngleSender: 179.98949rollDeg
05-27 18:43:41.998 13911 14183 I SentryImuMcuAngleSender: 1,0,0
05-27 18:43:41.999   299 30844 D EvsDriver: Delivered 0xb400007b7ca56900 as id 0
05-27 18:43:41.999  1167  1479 D evsmanagerd: /dev/video6 forwarded the buffer #0 to 0xb4000074bf5f5510 from 0xb4000074bf5f6d90
05-27 18:43:42.001   299  1153 D EvsDriver: doneWithFrame
05-27 18:43:42.001   536   536 D commservice260303: msg.id = 1028,0
05-27 18:43:42.001   536   536 D commservice260303: i = 170, msgid = 8A000404
05-27 18:43:42.001   536   536 D commservice260303: msgid = -1979710460,did=138
05-27 18:43:42.001   536   536 D commservice260303: CommProtocolLibCmdBaseI2C::dataproc {"command":{"id":"imu_status","sub":""},"content":{"TimeStamp":10,"FrameCounter":245090,"GD_X":-0.011377211660146713,"GD_Y":0.004656890872865915,"GD_Z":0.0022902146447449923,"AD_X":-0.007139578461647034,"AD_Y":-6.963323103263974E-4,"AD_Z":-0.17069625854492188,"TempDsp":0,"Status":0,"CalibState":1,"SigAmpInvalid":0}},-1979710460
05-27 18:43:42.001   536   536 D commservice260303: send2Cluster len:317, 7B22636F6D6D616E64223A7B226964223A22696D755F737461747573222C22737562223A22227D2C22636F6E74656E74223A7B2254696D655374616D70223A31302C224672616D65436F756E746572223A3234353039302C2247445F58223A2D302E3031313337373231313636303134363731332C2247445F59223A302E3030343635363839303837323836353931352C2247445F5A223A302E303032323930323134363434373434393932332C2241445F58223A2D302E3030373133393537383436313634373033342C2241445F59223A2D362E393633333233313033323633393734452D342C2241445F5A223A2D302E31373036393632353835343439323138382C2254656D70447370223A302C22537461747573223A302C2243616C69625374617465223A312C22536967416D70496E76616C6964223A307D7D, 138 
05-27 18:43:42.001   536   536 D commservice260303: Push Message into SendPool fn=-1812135168
05-27 18:43:42.001   536   536 D commservice260303: ComProtocolLibSend2Cluster::send2ClusterRaw fn=-1812135168 , len=333
05-27 18:43:42.001   536   536 D commservice260303: sendCmdToPort :333!!!
05-27 18:43:42.001   536   536 D commservice260303: send Cmd To Port ++++5AA501498A010003FD936A16CADE7B22636F6D6D616E64223A7B226964223A22696D755F737461747573222C22737562223A22227D2C22636F6E74656E74223A7B2254696D655374616D70223A31302C224672616D65436F756E746572223A3234353039302C2247445F58223A2D302E3031313337373231313636303134363731332C2247445F59223A302E3030343635363839303837323836353931352C2247445F5A223A302E303032323930323134363434373434393932332C2241445F58223A2D302E3030373133393537383436313634373033342C2241445F59223A2D362E393633333233313033323633393734452D342C2241445F5A223A2D302E31373036393632353835343439323138382C2254656D70447370223A302C22537461747573223A302C2243616C69625374617465223A312C22536967416D70496E76616C6964223A307D7D40BA
05-27 18:43:42.001   536   536 D commservice260303: bufferevent_write retrun value = 0
05-27 18:43:42.001   536   560 D commservice260303: client datas send succeed,send finish
05-27 18:43:42.001 13911 14192 D Sentinelmode_1.2.5.17_sentry: <SentryImuClusterFgeSender>imu_status sent to Linux, frame=245090, tsNs=10489235, tsMs=10, intervalMs=40, ad=(-0.0071395785,-6.963323E-4,-0.17069626), gd=(-0.011377212,0.004656891,0.0022902146)
05-27 18:43:42.004  1008 30857 D [OMXB]  : usingANWBuffer: handle:0xee740170, format:1, w:1920, h:1080
05-27 18:43:42.004  1008 30856 D [OMXB]  : usingANWBuffer: handle:0xee7428a0, format:1, w:1920, h:1080
05-27 18:43:42.005   299 30841 D EvsDriver: forwardFrame
05-27 18:43:42.006   299 30841 D EvsDriver: Delivered 0xb400007b7ca56a60 as id 0
05-27 18:43:42.006  1167  1479 D evsmanagerd: /dev/video4 forwarded the buffer #0 to 0xb4000074bf5f6850 from 0xb4000074bf5f41d0
05-27 18:43:42.009   299  1153 D EvsDriver: doneWithFrame
05-27 18:43:42.010   581   581 I SpiService: fgesysctrl_getGPIO_status success val=1
05-27 08:34:50.974   581   581 D spi_rst_gpio_get_output: GPIO 145 value: 1
05-27 08:34:50.974   581   581 D spidev_ioctl: gpio status=1)
05-27 18:43:42.016   581   581 I SpiService: fgesysctrl_getGPIO_status success val=1
05-27 08:34:50.980   581   581 D spi_rst_gpio_get_output: GPIO 145 value: 1
05-27 08:34:50.980   581   581 D spidev_ioctl: gpio status=1)
05-27 18:43:42.018 13911 14183 I SentryImuMcuAngleSender: 179.993rollDeg
05-27 18:43:42.019 13911 14183 I SentryImuMcuAngleSender: 1,0,0
05-27 18:43:42.021   581   581 I SpiService: fgesysctrl_getGPIO_status success val=1
05-27 08:34:50.986   581   581 D spi_rst_gpio_get_output: GPIO 145 value: 1
05-27 08:34:50.986   581   581 D spidev_ioctl: gpio status=1)
05-27 18:43:42.027   581   581 I SpiService: fgesysctrl_getGPIO_status success val=1
05-27 18:43:42.029  1008 30857 D [OMXB]  : usingANWBuffer: handle:0xee742480, format:1, w:1920, h:1080
05-27 08:34:50.991   581   581 D spi_rst_gpio_get_output: GPIO 145 value: 1
05-27 08:34:50.991   581   581 D spidev_ioctl: gpio status=1)
05-27 18:43:42.029   299 30841 D EvsDriver: forwardFrame
05-27 18:43:42.030   299 30841 D EvsDriver: Delivered 0xb400007b7ca56a60 as id 0
05-27 18:43:42.031  1167  1479 D evsmanagerd: /dev/video4 forwarded the buffer #0 to 0xb4000074bf5f6850 from 0xb4000074bf5f41d0
05-27 18:43:42.031   299 30844 D EvsDriver: forwardFrame
05-27 18:43:42.032   581   581 I SpiService: fgesysctrl_getGPIO_status success val=1
05-27 08:34:50.997   581   581 D spi_rst_gpio_get_output: GPIO 145 value: 1
05-27 08:34:50.997   581   581 D spidev_ioctl: gpio status=1)
05-27 18:43:42.033   299  1153 D EvsDriver: doneWithFrame
05-27 18:43:42.034  1167  1479 D evsmanagerd: /dev/video6 forwarded the buffer #0 to 0xb4000074bf5f5510 from 0xb4000074bf5f6d90
05-27 18:43:42.034   299 30844 D EvsDriver: Delivered 0xb400007b7ca56900 as id 0
05-27 18:43:42.038   572   622 I Sensors : 230 GyroSensor: x:-0.012140,y:0.004734,z:0.001832
05-27 18:43:42.038   581   581 I SpiService: fgesysctrl_getGPIO_status success val=0
05-27 18:43:42.039   299  1153 D EvsDriver: doneWithFrame
05-27 18:43:42.039 13911 14183 I SentryImuMcuAngleSender: 179.993rollDeg
05-27 18:43:42.039 13911 14183 I SentryImuMcuAngleSender: 1,0,0
05-27 08:34:51.003   581   581 D spi_rst_gpio_get_output: GPIO 145 value: 0
05-27 08:34:51.003   581   581 D spidev_ioctl: gpio status=0)
05-27 18:43:42.041   536   536 D commservice260303: msg.id = 1028,2
05-27 18:43:42.041   536   536 D commservice260303: i = 170, msgid = 8A000404
05-27 18:43:42.041   536   536 D commservice260303: msgid = -1979710460,did=138
05-27 18:43:42.041   536   536 D commservice260303: CommProtocolLibCmdBaseI2C::dataproc {"command":{"id":"imu_status","sub":""},"content":{"TimeStamp":10,"FrameCounter":245091,"GD_X":-0.012139749713242054,"GD_Y":0.004733873065561056,"GD_Z":0.0018319635419175029,"AD_X":-0.0022547096014022827,"AD_Y":-0.0012925812043249607,"AD_Z":-0.17191600799560547,"TempDsp":0,"Status":0,"CalibState":1,"SigAmpInvalid":0}},-1979710460
05-27 18:43:42.041   536   536 D commservice260303: send2Cluster len:319, 7B22636F6D6D616E64223A7B226964223A22696D755F737461747573222C22737562223A22227D2C22636F6E74656E74223A7B2254696D655374616D70223A31302C224672616D65436F756E746572223A3234353039312C2247445F58223A2D302E3031323133393734393731333234323035342C2247445F59223A302E3030343733333837333036353536313035362C2247445F5A223A302E303031383331393633353431393137353032392C2241445F58223A2D302E303032323534373039363031343032323832372C2241445F59223A2D302E303031323932353831323034333234393630372C2241445F5A223A2D302E31373139313630303739393536303534372C2254656D70447370223A302C22537461747573223A302C2243616C69625374617465223A312C22536967416D70496E76616C6964223A307D7D, 138 
05-27 18:43:42.041   536   536 D commservice260303: Push Message into SendPool fn=-1795357952
05-27 18:43:42.041   536   536 D commservice260303: ComProtocolLibSend2Cluster::send2ClusterRaw fn=-1795357952 , len=335
05-27 18:43:42.041   536   536 D commservice260303: sendCmdToPort :335!!!
05-27 18:43:42.042   536   536 D commservice260303: send Cmd To Port ++++5AA5014B8A010003FD946A16CADE7B22636F6D6D616E64223A7B226964223A22696D755F737461747573222C22737562223A22227D2C22636F6E74656E74223A7B2254696D655374616D70223A31302C224672616D65436F756E746572223A3234353039312C2247445F58223A2D302E3031323133393734393731333234323035342C2247445F59223A302E3030343733333837333036353536313035362C2247445F5A223A302E303031383331393633353431393137353032392C2241445F58223A2D302E303032323534373039363031343032323832372C2241445F59223A2D302E303031323932353831323034333234393630372C2241445F5A223A2D302E31373139313630303739393536303534372C2254656D70447370223A302C22537461747573223A302C2243616C69625374617465223A312C22536967416D70496E76616C6964223A307D7D1186
05-27 18:43:42.042   283   307 I rvcservice: t.code = 3, t.value = 0
05-27 18:43:42.042   536   536 D commservice260303: bufferevent_write retrun value = 0
05-27 18:43:42.042   536   560 D commservice260303: client datas send succeed,send finish
05-27 18:43:42.042 13911 14192 D Sentinelmode_1.2.5.17_sentry: <SentryImuClusterFgeSender>imu_status sent to Linux, frame=245091, tsNs=10489288, tsMs=10, intervalMs=41, ad=(-0.0022547096,-0.0012925812,-0.17191601), gd=(-0.01213975,0.004733873,0.0018319635)
05-27 18:43:42.043  1982  1982 E health_guardian: UID for PID 11579 is 1000
05-27 18:43:42.043  1982  1982 E health_guardian: The 1000 process is system app,I refused to kill it,try next one!
05-27 18:43:42.043  1982  1982 E health_guardian: UID for PID 13435 is 1000
05-27 18:43:42.043  1982  1982 E health_guardian: The 1000 process is system app,I refused to kill it,try next one!
05-27 18:43:42.043  1982  1982 E health_guardian: UID for PID 6212 is 1000
05-27 18:43:42.043  1982  1982 E health_guardian: The 1000 process is system app,I refused to kill it,try next one!
05-27 18:43:42.053  1008 30856 D [OMXB]  : usingANWBuffer: handle:0xee742ab0, format:1, w:1920, h:1080
05-27 08:34:51.021   581   581 D spi_rst_gpio_get_output: GPIO 145 value: 1
05-27 08:34:51.021   581   581 D spidev_ioctl: gpio status=1)
05-27 18:43:42.057   481   598 I mcuc    : rev,n=1,6AA681D346008C8305000055000000B00000000000010001000028FBADB15100E3AD54AD5135F2AD535AA4AD54B262A78B58C55200000000040000B3000000000000000000000000000000B44300000000000300000000000000AA000000E40701010000000000000000BB06050507EA051B000008009403CB00CC000000000000000000000000000000B50000000000000000AD
05-27 18:43:42.057   581   581 I SpiService: fgesysctrl_getGPIO_status success val=1
05-27 18:43:42.057   351   373 D automotive.vehicle@2.0-adayo-datacomm-mcu: MCUDatacomm sendMessageFromVehicle prop: 0x83, areaId: 0x5, status: 0x0, timestamp: 0x0
05-27 18:43:42.057   351   373 D automotive.vehicle@2.0-adayo-datacomm-mcu: MCUDatacomm 1sendMessageFromVehicle ---> type = 7 
05-27 18:43:42.057   351   373 I automotive.vehicle@2.0-adayo-func-mcu: MCUFunc :sendMessageFromVehicle  msgBuff[0] = 131 
05-27 18:43:42.057   351   373 I automotive.vehicle@2.0-adayo-func-mcu: MCUFunc :sendMessageFromVehicle  msgBuff[1] = 5 
05-27 18:43:42.057   351   373 I automotive.vehicle@2.0-adayo-func-mcu: MCUFunc :sendMessageFromVehicle  msgBuff[2] = 0 
05-27 18:43:42.057   351   373 I automotive.vehicle@2.0-adayo-func-mcu: MCUFunc :sendMessageFromVehicle  msgBuff[3] = 0 
05-27 18:43:42.057   351   373 I automotive.vehicle@2.0-adayo-func-mcu: MCUFunc :sendMessageFromVehicle  msgBuff[4] = 85 
05-27 18:43:42.057   351   373 I automotive.vehicle@2.0-adayo-func-mcu: MCUFunc :sendMessageFromVehicle  msgBuff[5] = 0 
05-27 18:43:42.059 13911 14183 I SentryImuMcuAngleSender: 179.993rollDeg
05-27 18:43:42.059 13911 14183 I SentryImuMcuAngleSender: 1,0,0
05-27 18:43:42.063   581   581 I SpiService: fgesysctrl_getGPIO_status success val=1
05-27 08:34:51.027   581   581 D spi_rst_gpio_get_output: GPIO 145 value: 1
05-27 08:34:51.027   581   581 D spidev_ioctl: gpio status=1)
05-27 18:43:42.065   299 30844 D EvsDriver: forwardFrame
05-27 18:43:42.066   299 30841 D EvsDriver: forwardFrame
05-27 18:43:42.067   299 30844 D EvsDriver: Delivered 0xb400007b7ca56900 as id 0
05-27 18:43:42.067  1167  1479 D evsmanagerd: /dev/video6 forwarded the buffer #0 to 0xb4000074bf5f5510 from 0xb4000074bf5f6d90
05-27 18:43:42.068 31122 31149 D ANWStack: Realtek Bluetooth :01 01 10 00
05-27 18:43:42.068   299 30841 D EvsDriver: Delivered 0xb400007b7ca56a60 as id 0
05-27 18:43:42.068  1167  1479 D evsmanagerd: /dev/video4 forwarded the buffer #0 to 0xb4000074bf5f6850 from 0xb4000074bf5f41d0
05-27 18:43:42.068   581   581 I SpiService: fgesysctrl_getGPIO_status success val=1
05-27 08:34:51.033   581   581 D spi_rst_gpio_get_output: GPIO 145 value: 1
05-27 08:34:51.033   581   581 D spidev_ioctl: gpio status=1)
05-27 18:43:42.071   299  1153 D EvsDriver: doneWithFrame
05-27 18:43:42.072   299  1153 D EvsDriver: doneWithFrame
05-27 18:43:42.072  1008 30857 D [OMXB]  : usingANWBuffer: handle:0xee740590, format:1, w:1920, h:1080
05-27 18:43:42.072 30773 30789 I dvr_service_: Camera 1: MediaOK:31829869, frames:750, isKeyFrame:0,pts:10488998521
05-27 18:43:42.075   581   581 I SpiService: fgesysctrl_getGPIO_status success val=1
05-27 08:34:51.039   581   581 D spi_rst_gpio_get_output: GPIO 145 value: 1
05-27 08:34:51.039   581   581 D spidev_ioctl: gpio status=1)
05-27 18:43:42.080 13911 14183 I SentryImuMcuAngleSender: 179.98248rollDeg
05-27 18:43:42.080 13911 14183 I SentryImuMcuAngleSender: 1,0,0
05-27 18:43:42.081   581   581 I SpiService: fgesysctrl_getGPIO_status success val=1
05-27 18:43:42.083   536   536 D commservice260303: msg.id = 1028,0
05-27 18:43:42.083   536   536 D commservice260303: i = 170, msgid = 8A000404
05-27 18:43:42.083   536   536 D commservice260303: msgid = -1979710460,did=138
05-27 18:43:42.083   536   536 D commservice260303: CommProtocolLibCmdBaseI2C::dataproc {"command":{"id":"imu_status","sub":""},"content":{"TimeStamp":10,"FrameCounter":245092,"GD_X":-0.011147825978696346,"GD_Y":0.00549693126231432,"GD_Z":0.0018319635419175029,"AD_X":-0.005901962518692017,"AD_Y":5.396388005465269E-4,"AD_Z":-0.1670370101928711,"TempDsp":0,"Status":0,"CalibState":1,"SigAmpInvalid":0}},-1979710460
05-27 18:43:42.083   536   536 D commservice260303: send2Cluster len:314, 7B22636F6D6D616E64223A7B226964223A22696D755F737461747573222C22737562223A22227D2C22636F6E74656E74223A7B2254696D655374616D70223A31302C224672616D65436F756E746572223A3234353039322C2247445F58223A2D302E3031313134373832353937383639363334362C2247445F59223A302E30303534393639333132363233313433322C2247445F5A223A302E303031383331393633353431393137353032392C2241445F58223A2D302E3030353930313936323531383639323031372C2241445F59223A352E333936333838303035343635323639452D342C2241445F5A223A2D302E313637303337303130313932383731312C2254656D70447370223A302C22537461747573223A302C2243616C69625374617465223A312C22536967416D70496E76616C6964223A307D7D, 138 
05-27 18:43:42.083   536   536 D commservice260303: Push Message into SendPool fn=-1778580736
05-27 18:43:42.083   536   536 D commservice260303: ComProtocolLibSend2Cluster::send2ClusterRaw fn=-1778580736 , len=330
05-27 18:43:42.083   536   536 D commservice260303: sendCmdToPort :330!!!
05-27 18:43:42.083   536   536 D commservice260303: send Cmd To Port ++++5AA501468A010003FD956A16CADE7B22636F6D6D616E64223A7B226964223A22696D755F737461747573222C22737562223A22227D2C22636F6E74656E74223A7B2254696D655374616D70223A31302C224672616D65436F756E746572223A3234353039322C2247445F58223A2D302E3031313134373832353937383639363334362C2247445F59223A302E30303534393639333132363233313433322C2247445F5A223A302E303031383331393633353431393137353032392C2241445F58223A2D302E3030353930313936323531383639323031372C2241445F59223A352E333936333838303035343635323639452D342C2241445F5A223A2D302E313637303337303130313932383731312C2254656D70447370223A302C22537461747573223A302C2243616C69625374617465223A312C22536967416D70496E76616C6964223A307D7D3948
05-27 18:43:42.083   536   536 D commservice260303: bufferevent_write retrun value = 0
05-27 18:43:42.083   536   560 D commservice260303: client datas send succeed,send finish
05-27 18:43:42.084 13911 14192 D Sentinelmode_1.2.5.17_sentry: <SentryImuClusterFgeSender>imu_status sent to Linux, frame=245092, tsNs=10489325, tsMs=10, intervalMs=41, ad=(-0.0059019625,5.396388E-4,-0.16703701), gd=(-0.011147826,0.0054969313,0.0018319635)
05-27 08:34:51.046   581   581 D spi_rst_gpio_get_output: GPIO 145 value: 1
05-27 08:34:51.046   581   581 D spidev_ioctl: gpio status=1)
05-27 18:43:42.087   581   581 I SpiService: fgesysctrl_getGPIO_status success val=0
05-27 18:43:42.087   481   597 I mcuc    : send SPI:6AA602D346000283055B
05-27 08:34:51.051   581   581 D spi_rst_gpio_get_output: GPIO 145 value: 0
05-27 08:34:51.051   581   581 D spidev_ioctl: gpio status=0)
05-27 18:43:42.090  1008 30856 D [OMXB]  : usingANWBuffer: handle:0xee742a00, format:1, w:1920, h:1080
05-27 18:43:42.097 11344 11344 E SystemUI_NavBarFragment: SysUIConfig.icCarServiceConnected：false
05-27 18:43:42.100 13911 14183 I SentryImuMcuAngleSender: 179.97897rollDeg
05-27 18:43:42.100 13911 14183 I SentryImuMcuAngleSender: 1,0,0
05-27 18:43:42.101   481   598 I mcuc    : rev,n=1,6AA681D347000A8900FC0104091412345618
05-27 18:43:42.101  1121  1144 I tboxmids_ap: [2026-05-27 18:43:42.101] [MCU RX] src=MCU dst=ZMQ len=10 type=BINARY data=00 08 FC 01 04 09 14 12 34 56 
05-27 18:43:42.101   351   373 D automotive.vehicle@2.0-adayo-datacomm-mcu: MCUDatacomm sendMessageFromVehicle prop: 0x89, areaId: 0x0, status: 0xfc, timestamp: 0x1
05-27 18:43:42.101   351   373 D automotive.vehicle@2.0-adayo-datacomm-mcu: MCUDatacomm 1sendMessageFromVehicle ---> type = 12 
05-27 18:43:42.101   581   581 I SpiService: fgesysctrl_getGPIO_status success val=1
05-27 18:43:42.102  1083  1083 I MyAppLog: [2026-05-27 18:43:42.101 I tboxap mcuCommTboxmidsRecvCb:97] [Mcu] [mcuCommTboxmidsRecvCb] recv from tboxmids, size:10
05-27 18:43:42.102  1083  1083 I MyAppLog: [2026-05-27 18:43:42.101 I tboxap mcuCommTboxmidsRecvCb:98] [Mcu] [tboxmids -> tboxap]: :00 08 FC 01 04 09 14 12 34 56
05-27 18:43:42.102  1083  1083 W MyAppLog: [2026-05-27 18:43:42.101 W tboxap mcuYadiFrameParse:852] [Mcu] [mcuYadiFrameParse] cmd:0914(MCU_SEC_BATT2_DYNAMIC_IND) payload too short:5 < 36
05-27 18:43:42.102  1083  1083 W MyAppLog: [2026-05-27 18:43:42.101 W tboxap mcuPtlParseData:982] [Mcu] [mcuPtlParseData] invalid yadi frame, len:10
05-27 18:43:42.103 30773 30786 I dvr_service_: CameraX 1  audioOK: 31936000,audios:500
05-27 18:43:42.104  1008 30857 D [OMXB]  : usingANWBuffer: handle:0xee7439d0, format:1, w:1920, h:1080
05-27 18:43:42.104   299 30841 D EvsDriver: forwardFrame
05-27 18:43:42.105   299 30844 D EvsDriver: forwardFrame
05-27 18:43:42.106   299 30841 D EvsDriver: Delivered 0xb400007b7ca56a60 as id 0
05-27 18:43:42.106  1167  1479 D evsmanagerd: /dev/video4 forwarded the buffer #0 to 0xb4000074bf5f6850 from 0xb4000074bf5f41d0
05-27 18:43:42.106 30773 30783 E dvr_service_: [myNum:0] Received S**** loss
05-27 18:43:42.107   581   581 I SpiService: fgesysctrl_getGPIO_status success val=1
05-27 18:43:42.107   299  1153 D EvsDriver: doneWithFrame
05-27 08:34:51.066   581   581 D spi_rst_gpio_get_output: GPIO 145 value: 1
05-27 08:34:51.066   581   581 D spidev_ioctl: gpio status=1)
05-27 08:34:51.071   581   581 D spi_rst_gpio_get_output: GPIO 145 value: 1
05-27 08:34:51.071   581   581 D spidev_ioctl: gpio status=1)
05-27 18:43:42.108   299 30844 D EvsDriver: Delivered 0xb400007b7ca56900 as id 0
05-27 18:43:42.108 30773 30783 E dvr_service_: [myNum:1] Received S**** loss
05-27 18:43:42.108   299  1153 D EvsDriver: doneWithFrame
05-27 18:43:42.112   581   581 I SpiService: fgesysctrl_getGPIO_status success val=1
05-27 08:34:51.077   581   581 D spi_rst_gpio_get_output: GPIO 145 value: 1
05-27 08:34:51.077   581   581 D spidev_ioctl: gpio status=1)
05-27 18:43:42.117   581   581 I SpiService: fgesysctrl_getGPIO_status success val=1
05-27 18:43:42.121 13911 14183 I SentryImuMcuAngleSender: 179.97897rollDeg
05-27 18:43:42.121 13911 14183 I SentryImuMcuAngleSender: 1,0,0
05-27 08:34:51.082   581   581 D spi_rst_gpio_get_output: GPIO 145 value: 1
05-27 08:34:51.082   581   581 D spidev_ioctl: gpio status=1)
05-27 18:43:42.122   536   536 D commservice260303: msg.id = 1028,1
05-27 18:43:42.122   536   536 D commservice260303: i = 170, msgid = 8A000404
05-27 18:43:42.122   536   536 D commservice260303: msgid = -1979710460,did=138
05-27 18:43:42.122   536   536 D commservice260303: CommProtocolLibCmdBaseI2C::dataproc {"command":{"id":"imu_status","sub":""},"content":{"TimeStamp":10,"FrameCounter":245093,"GD_X":-0.011070843786001205,"GD_Y":0.005345047451555729,"GD_Z":0.0019848872907459736,"AD_X":-0.004662930965423584,"AD_Y":0.0011416070628911257,"AD_Z":-0.16886615753173828,"TempDsp":0,"Status":0,"CalibState":1,"SigAmpInvalid":0}},-1979710460
05-27 18:43:42.122   536   536 D commservice260303: send2Cluster len:317, 7B22636F6D6D616E64223A7B226964223A22696D755F737461747573222C22737562223A22227D2C22636F6E74656E74223A7B2254696D655374616D70223A31302C224672616D65436F756E746572223A3234353039332C2247445F58223A2D302E3031313037303834333738363030313230352C2247445F59223A302E3030353334353034373435313535353732392C2247445F5A223A302E303031393834383837323930373435393733362C2241445F58223A2D302E3030343636323933303936353432333538342C2241445F59223A302E303031313431363037303632383931313235372C2241445F5A223A2D302E31363838363631353735333137333832382C2254656D70447370223A302C22537461747573223A302C2243616C69625374617465223A312C22536967416D70496E76616C6964223A307D7D, 138 
05-27 18:43:42.122   536   536 D commservice260303: Push Message into SendPool fn=-1761803520
05-27 18:43:42.122   536   536 D commservice260303: ComProtocolLibSend2Cluster::send2ClusterRaw fn=-1761803520 , len=333
05-27 18:43:42.123   536   536 D commservice260303: sendCmdToPort :333!!!
05-27 18:43:42.123   536   536 D commservice260303: send Cmd To Port ++++5AA501498A010003FD966A16CADE7B22636F6D6D616E64223A7B226964223A22696D755F737461747573222C22737562223A22227D2C22636F6E74656E74223A7B2254696D655374616D70223A31302C224672616D65436F756E746572223A3234353039332C2247445F58223A2D302E3031313037303834333738363030313230352C2247445F59223A302E3030353334353034373435313535353732392C2247445F5A223A302E303031393834383837323930373435393733362C2241445F58223A2D302E3030343636323933303936353432333538342C2241445F59223A302E303031313431363037303632383931313235372C2241445F5A223A2D302E31363838363631353735333137333832382C2254656D70447370223A302C22537461747573223A302C2243616C69625374617465223A312C22536967416D70496E76616C6964223A307D7D481E
05-27 18:43:42.123   536   536 D commservice260303: bufferevent_write retrun value = 0
05-27 18:43:42.123   581   581 I SpiService: fgesysctrl_getGPIO_status success val=1
05-27 18:43:42.123   536   560 D commservice260303: client datas send succeed,send finish
05-27 18:43:42.123 13911 14192 D Sentinelmode_1.2.5.17_sentry: <SentryImuClusterFgeSender>imu_status sent to Linux, frame=245093, tsNs=10489360, tsMs=10, intervalMs=40, ad=(-0.004662931,0.0011416071,-0.16886616), gd=(-0.011070844,0.0053450475,0.0019848873)
05-27 18:43:42.123  1083  1083 I MyAppLog: [2026-05-27 18:43:42.123 I tboxap mcuSendYadiTransfer:196] [Mcu] [mcuYadiSend]: :00 08 90 04 01 09 81 02 01 01
05-27 08:34:51.087   581   581 D spi_rst_gpio_get_output: GPIO 145 value: 1
05-27 08:34:51.087   581   581 D spidev_ioctl: gpio status=1)
05-27 18:43:42.124  1008 30856 D [OMXB]  : usingANWBuffer: handle:0xee741e50, format:1, w:1920, h:1080
05-27 18:43:42.125 30773 30789 I dvr_service_: Camera 0: MediaOK:32171643, frames:750, isKeyFrame:0,pts:10489229600
05-27 18:43:42.126   481   599 I mcuc    : start timer OK = 29556 
05-27 08:34:51.093   581   581 D spi_rst_gpio_get_output: GPIO 145 value: 0
05-27 08:34:51.093   581   581 D spidev_ioctl: gpio status=0)
05-27 18:43:42.129   581   581 I SpiService: fgesysctrl_getGPIO_status success val=0
05-27 18:43:42.129   481   597 I mcuc    : send SPI:6AA602D34700028900596AA601737400F80901900401098102010100000000000000000000000000000000000000000000000000000000000000000000000000000000000000000000000000000000000000000000000000000000000000000000000000000000000000000000000000000000000000000000000000000000000000000000000000000000000000000000000000000000000000000000000000000000000000000000000000000000000000000000000000000000000000000000000000000000000000000000000000000000000000000000000000000000000000000000000000000000000000000000000000000000000000000000000000000000000000000000F3
05-27 18:43:42.133  1008 30857 D [OMXB]  : usingANWBuffer: handle:0xee743c90, format:1, w:1920, h:1080
05-27 18:43:42.140 13911 14183 I SentryImuMcuAngleSender: 179.97899rollDeg
05-27 18:43:42.140 13911 14183 I SentryImuMcuAngleSender: 1,0,0
05-27 18:43:42.140   299 30844 D EvsDriver: forwardFrame
05-27 18:43:42.141   299 30841 D EvsDriver: forwardFrame
05-27 18:43:42.143   299 30841 D EvsDriver: Delivered 0xb400007b7ca56a60 as id 0
05-27 18:43:42.143  1167  1479 D evsmanagerd: /dev/video4 forwarded the buffer #0 to 0xb4000074bf5f6850 from 0xb4000074bf5f41d0
05-27 18:43:42.142   283   307 I rvcservice: t.code = 7, t.value = 10489252
05-27 18:43:42.143   299 30844 D EvsDriver: Delivered 0xb400007b7ca56900 as id 0
05-27 18:43:42.143  1167  1479 D evsmanagerd: /dev/video6 forwarded the buffer #0 to 0xb4000074bf5f5510 from 0xb4000074bf5f6d90
05-27 18:43:42.144   581   581 I SpiService: fgesysctrl_getGPIO_status success val=1
05-27 18:43:42.146   572   622 I Sensors : 230 AccelSensor: x:-0.168360,y:0.002440,z:-9.971670
05-27 18:43:42.148   299  1153 D EvsDriver: doneWithFrame
05-27 08:34:51.109   581   581 D spi_rst_gpio_get_output: GPIO 145 value: 1
05-27 08:34:51.109   581   581 D spidev_ioctl: gpio status=1)
05-27 08:34:51.115   581   581 D spi_rst_gpio_get_output: GPIO 145 value: 1
05-27 08:34:51.115   581   581 D spidev_ioctl: gpio status=1)
05-27 18:43:42.150   581   581 I SpiService: fgesysctrl_getGPIO_status success val=1
05-27 18:43:42.152   299  1153 D EvsDriver: doneWithFrame
05-27 18:43:42.153 13911 13911 I Sentinelmode_1.2.5.17_sentry: <SentinelCarServiceManager>sensorType:291504647
05-27 18:43:42.156   581   581 I SpiService: fgesysctrl_getGPIO_status success val=1
05-27 18:43:42.157  1008 30856 D [OMXB]  : usingANWBuffer: handle:0xee7433a0, format:1, w:1920, h:1080
05-27 08:34:51.120   581   581 D spi_rst_gpio_get_output: GPIO 145 value: 1
05-27 08:34:51.120   581   581 D spidev_ioctl: gpio status=1)
05-27 18:43:42.160 13911 14183 I SentryImuMcuAngleSender: 179.98598rollDeg
05-27 18:43:42.161 13911 14183 I SentryImuMcuAngleSender: 1,0,0
05-27 18:43:42.162   581   581 I SpiService: fgesysctrl_getGPIO_status success val=1
05-27 18:43:42.162   536   536 D commservice260303: msg.id = 1028,1
05-27 18:43:42.163   536   536 D commservice260303: i = 170, msgid = 8A000404
05-27 18:43:42.163   536   536 D commservice260303: msgid = -1979710460,did=138
05-27 18:43:42.163   536   536 D commservice260303: CommProtocolLibCmdBaseI2C::dataproc {"command":{"id":"imu_status","sub":""},"content":{"TimeStamp":10,"FrameCounter":245094,"GD_X":-0.012063807807862759,"GD_Y":0.005268065724521875,"GD_Z":0.0022902146447449923,"AD_X":-0.002225220203399658,"AD_Y":-8.081784471869469E-5,"AD_Z":-0.1664266586303711,"TempDsp":0,"Status":0,"CalibState":1,"SigAmpInvalid":0}},-1979710460
