05-27 18:43:39.818   351   516 D automotive.vehicle@2.0-adayo-func-bcm: BCMFunc sendMessageFromVehicle_l prop: 0x21400084 ,areaId: 0x0  SPLITE_BIT_DATA_INTEGER : 1
05-27 18:43:39.818   351   516 D automotive.vehicle@2.0-adayo-func-bcm: BCMFunc sendMessageFromVehicle_l id:557842564, area:0 not report! 
05-27 18:43:39.818   351   516 D automotive.vehicle@2.0-adayo-func-bcm: BCMFunc sendMessageFromVehicle_l dataType: 12,mByte=8,propid=0x21400085
05-27 18:43:39.818   351   516 D automotive.vehicle@2.0-adayo-func-bcm: BCMFunc sendMessageFromVehicle_l msgBuff[8]=0x1,start:0,len:8,temp:8,
05-27 18:43:39.818   351   516 D automotive.vehicle@2.0-adayo-func-bcm: BCMFunc sendMessageFromVehicle_l prop: 0x21400085 ,areaId: 0x0  SPLITE_BIT_DATA_INTEGER : 1
05-27 18:43:39.818   351   516 D automotive.vehicle@2.0-adayo-func-bcm: BCMFunc sendMessageFromVehicle_l id:557842565, area:0 not report! 
05-27 18:43:39.818   351   516 D automotive.vehicle@2.0-adayo-func-bcm: BCMFunc sendMessageFromVehicle_l dataType: 12,mByte=9,propid=0x214000a1
05-27 18:43:39.818   351   516 D automotive.vehicle@2.0-adayo-func-bcm: BCMFunc sendMessageFromVehicle_l msgBuff[9]=0x1,start:0,len:8,temp:8,
05-27 18:43:39.818   351   516 D automotive.vehicle@2.0-adayo-func-bcm: BCMFunc sendMessageFromVehicle_l prop: 0x214000a1 ,areaId: 0x0  SPLITE_BIT_DATA_INTEGER : 1
05-27 18:43:39.818   351   516 D automotive.vehicle@2.0-adayo-func-bcm: BCMFunc sendMessageFromVehicle_l id:557842593, area:0 not report! 
05-27 18:43:39.818   351   516 D automotive.vehicle@2.0-adayo-func-bcm: BCMFunc sendMessageFromVehicle_l dataType: 12,mByte=10,propid=0x214000a2
05-27 18:43:39.818   351   516 D automotive.vehicle@2.0-adayo-func-bcm: BCMFunc sendMessageFromVehicle_l msgBuff[10]=0x1,start:0,len:8,temp:8,
05-27 18:43:39.818   351   516 D automotive.vehicle@2.0-adayo-func-bcm: BCMFunc sendMessageFromVehicle_l prop: 0x214000a2 ,areaId: 0x0  SPLITE_BIT_DATA_INTEGER : 1
05-27 18:43:39.818   351   516 D automotive.vehicle@2.0-adayo-func-bcm: BCMFunc sendMessageFromVehicle_l id:557842594, area:0 not report! 
05-27 18:43:39.818   351   516 D automotive.vehicle@2.0-adayo-func-bcm: BCMFunc sendMessageFromVehicle_l dataType: 12,mByte=11,propid=0x21400080
05-27 18:43:39.818   351   516 D automotive.vehicle@2.0-adayo-func-bcm: BCMFunc sendMessageFromVehicle_l msgBuff[11]=0x1,start:0,len:8,temp:8,
05-27 18:43:39.818   351   516 D automotive.vehicle@2.0-adayo-func-bcm: BCMFunc sendMessageFromVehicle_l prop: 0x21400080 ,areaId: 0x0  SPLITE_BIT_DATA_INTEGER : 1
05-27 18:43:39.818   351   516 D automotive.vehicle@2.0-adayo-func-bcm: BCMFunc sendMessageFromVehicle_l id:557842560, area:0 not report! 
05-27 18:43:39.818   351   516 D automotive.vehicle@2.0-adayo-func-bcm: BCMFunc sendMessageFromVehicle_l dataType: 12,mByte=12,propid=0x214000b0
05-27 18:43:39.818   351   516 D automotive.vehicle@2.0-adayo-func-bcm: BCMFunc sendMessageFromVehicle_l msgBuff[12]=0x1,start:0,len:8,temp:8,
05-27 18:43:39.818   351   516 D automotive.vehicle@2.0-adayo-func-bcm: BCMFunc sendMessageFromVehicle_l prop: 0x214000b0 ,areaId: 0x0  SPLITE_BIT_DATA_INTEGER : 1
05-27 18:43:39.818   351   516 D automotive.vehicle@2.0-adayo-func-bcm: BCMFunc sendMessageFromVehicle_l id:557842608, area:0 not report! 
05-27 18:43:39.818   351   516 D automotive.vehicle@2.0-adayo-func-bcm: BCMFunc sendMessageFromVehicle_l dataType: 12,mByte=13,propid=0x2140007b
05-27 18:43:39.818   351   516 D automotive.vehicle@2.0-adayo-func-bcm: BCMFunc sendMessageFromVehicle_l msgBuff[13]=0x1,start:0,len:8,temp:8,
05-27 18:43:39.818   351   516 D automotive.vehicle@2.0-adayo-func-bcm: BCMFunc sendMessageFromVehicle_l prop: 0x2140007b ,areaId: 0x0  SPLITE_BIT_DATA_INTEGER : 1
05-27 18:43:39.819   351   516 D automotive.vehicle@2.0-adayo-func-bcm: BCMFunc sendMessageFromVehicle_l id:557842555, area:0 not report! 
05-27 18:43:39.819   351   516 D automotive.vehicle@2.0-adayo-func-bcm: BCMFunc sendMessageFromVehicle_l dataType: 12,mByte=14,propid=0x2140007c
05-27 18:43:39.819   351   516 D automotive.vehicle@2.0-adayo-func-bcm: BCMFunc sendMessageFromVehicle_l msgBuff[14]=0x1,start:0,len:8,temp:8,
05-27 18:43:39.819   351   516 D automotive.vehicle@2.0-adayo-func-bcm: BCMFunc sendMessageFromVehicle_l prop: 0x2140007c ,areaId: 0x0  SPLITE_BIT_DATA_INTEGER : 1
05-27 18:43:39.819   351   516 D automotive.vehicle@2.0-adayo-func-bcm: BCMFunc sendMessageFromVehicle_l id:557842556, area:0 not report! 
05-27 18:43:39.819   351   516 D automotive.vehicle@2.0-adayo-func-bcm: BCMFunc sendMessageFromVehicle_l dataType: 12,mByte=15,propid=0x21400081
05-27 18:43:39.819   351   516 D automotive.vehicle@2.0-adayo-func-bcm: BCMFunc sendMessageFromVehicle_l msgBuff[15]=0x1,start:0,len:8,temp:8,
05-27 18:43:39.819   351   516 D automotive.vehicle@2.0-adayo-func-bcm: BCMFunc sendMessageFromVehicle_l prop: 0x21400081 ,areaId: 0x0  SPLITE_BIT_DATA_INTEGER : 1
05-27 18:43:39.819   351   516 D automotive.vehicle@2.0-adayo-func-bcm: BCMFunc sendMessageFromVehicle_l id:557842561, area:0 not report! 
05-27 18:43:39.819   351   516 D automotive.vehicle@2.0-adayo-func-bcm: BCMFunc sendMessageFromVehicle_l dataType: 12,mByte=16,propid=0x214000a3
05-27 18:43:39.819   351   516 D automotive.vehicle@2.0-adayo-func-bcm: BCMFunc sendMessageFromVehicle_l msgBuff[16]=0x1,start:0,len:8,temp:8,
05-27 18:43:39.819   351   516 D automotive.vehicle@2.0-adayo-func-bcm: BCMFunc sendMessageFromVehicle_l prop: 0x214000a3 ,areaId: 0x0  SPLITE_BIT_DATA_INTEGER : 1
05-27 18:43:39.819   351   516 D automotive.vehicle@2.0-adayo-func-bcm: BCMFunc sendMessageFromVehicle_l id:557842595, area:0 not report! 
05-27 18:43:39.819   351   516 D automotive.vehicle@2.0-adayo-func-bcm: BCMFunc sendMessageFromVehicle_l dataType: 12,mByte=17,propid=0x2140007d
05-27 18:43:39.819   351   516 D automotive.vehicle@2.0-adayo-func-bcm: BCMFunc sendMessageFromVehicle_l msgBuff[17]=0x1,start:0,len:8,temp:8,
05-27 18:43:39.819   351   516 D automotive.vehicle@2.0-adayo-func-bcm: BCMFunc sendMessageFromVehicle_l prop: 0x2140007d ,areaId: 0x0  SPLITE_BIT_DATA_INTEGER : 1
05-27 18:43:39.819   351   516 D automotive.vehicle@2.0-adayo-func-bcm: BCMFunc sendMessageFromVehicle_l id:557842557, area:0 not report! 
05-27 18:43:39.819   351   516 D automotive.vehicle@2.0-adayo-func-bcm: BCMFunc sendMessageFromVehicle_l dataType: 12,mByte=18,propid=0x21400082
05-27 18:43:39.819   351   516 D automotive.vehicle@2.0-adayo-func-bcm: BCMFunc sendMessageFromVehicle_l msgBuff[18]=0x1,start:0,len:8,temp:8,
05-27 18:43:39.819   351   516 D automotive.vehicle@2.0-adayo-func-bcm: BCMFunc sendMessageFromVehicle_l prop: 0x21400082 ,areaId: 0x0  SPLITE_BIT_DATA_INTEGER : 1
05-27 18:43:39.819   351   516 D automotive.vehicle@2.0-adayo-func-bcm: BCMFunc sendMessageFromVehicle_l id:557842562, area:0 not report! 
05-27 18:43:39.819   351   516 D automotive.vehicle@2.0-adayo-func-bcm: BCMFunc sendMessageFromVehicle_l dataType: 12,mByte=19,propid=0x214000a4
05-27 18:43:39.819   351   516 D automotive.vehicle@2.0-adayo-func-bcm: BCMFunc sendMessageFromVehicle_l msgBuff[19]=0x1,start:0,len:8,temp:8,
05-27 18:43:39.819   351   516 D automotive.vehicle@2.0-adayo-func-bcm: BCMFunc sendMessageFromVehicle_l prop: 0x214000a4 ,areaId: 0x0  SPLITE_BIT_DATA_INTEGER : 1
05-27 18:43:39.819   351   516 D automotive.vehicle@2.0-adayo-func-bcm: BCMFunc sendMessageFromVehicle_l id:557842596, area:0 not report! 
05-27 18:43:39.819   351   516 D automotive.vehicle@2.0-adayo-func-bcm: BCMFunc sendMessageFromVehicle_l dataType: 12,mByte=20,propid=0x214000a5
05-27 18:43:39.819   351   516 D automotive.vehicle@2.0-adayo-func-bcm: BCMFunc sendMessageFromVehicle_l msgBuff[20]=0x0,start:0,len:8,temp:8,
05-27 18:43:39.819   351   516 D automotive.vehicle@2.0-adayo-func-bcm: BCMFunc sendMessageFromVehicle_l prop: 0x214000a5 ,areaId: 0x0  SPLITE_BIT_DATA_INTEGER : 0
05-27 18:43:39.819   351   516 D automotive.vehicle@2.0-adayo-func-bcm: BCMFunc sendMessageFromVehicle_l id:557842597, area:0 not report! 
05-27 18:43:39.819   351   516 D automotive.vehicle@2.0-adayo-func-bcm: BCMFunc sendMessageFromVehicle_l dataType: 12,mByte=21,propid=0x21400083
05-27 18:43:39.819   351   516 D automotive.vehicle@2.0-adayo-func-bcm: BCMFunc sendMessageFromVehicle_l msgBuff[21]=0x1,start:0,len:8,temp:8,
05-27 18:43:39.819   351   516 D automotive.vehicle@2.0-adayo-func-bcm: BCMFunc sendMessageFromVehicle_l prop: 0x21400083 ,areaId: 0x0  SPLITE_BIT_DATA_INTEGER : 1
05-27 18:43:39.819   351   516 D automotive.vehicle@2.0-adayo-func-bcm: BCMFunc sendMessageFromVehicle_l id:557842563, area:0 not report! 
05-27 18:43:39.819   351   516 D automotive.vehicle@2.0-adayo-func-bcm: BCMFunc sendMessageFromVehicle_l dataType: 12,mByte=22,propid=0x214000a6
05-27 18:43:39.819   351   516 D automotive.vehicle@2.0-adayo-func-bcm: BCMFunc sendMessageFromVehicle_l msgBuff[22]=0x1,start:0,len:8,temp:8,
05-27 18:43:39.819   351   516 D automotive.vehicle@2.0-adayo-func-bcm: BCMFunc sendMessageFromVehicle_l prop: 0x214000a6 ,areaId: 0x0  SPLITE_BIT_DATA_INTEGER : 1
05-27 18:43:39.819   351   516 D automotive.vehicle@2.0-adayo-func-bcm: BCMFunc sendMessageFromVehicle_l id:557842598, area:0 not report! 
05-27 18:43:39.819   351   516 D automotive.vehicle@2.0-adayo-func-bcm: BCMFunc sendMessageFromVehicle_l dataType: 12,mByte=23,propid=0x2140007e
05-27 18:43:39.819   351   516 D automotive.vehicle@2.0-adayo-func-bcm: BCMFunc sendMessageFromVehicle_l msgBuff[23]=0x1,start:0,len:8,temp:8,
05-27 18:43:39.819   351   516 D automotive.vehicle@2.0-adayo-func-bcm: BCMFunc sendMessageFromVehicle_l prop: 0x2140007e ,areaId: 0x0  SPLITE_BIT_DATA_INTEGER : 1
05-27 18:43:39.819   351   516 D automotive.vehicle@2.0-adayo-func-bcm: BCMFunc sendMessageFromVehicle_l id:557842558, area:0 not report! 
05-27 18:43:39.819   351   516 D automotive.vehicle@2.0-adayo-func-bcm: BCMFunc sendMessageFromVehicle_l dataType: 12,mByte=24,propid=0x214000a7
05-27 18:43:39.819   351   516 D automotive.vehicle@2.0-adayo-func-bcm: BCMFunc sendMessageFromVehicle_l msgBuff[24]=0x1,start:0,len:8,temp:8,
05-27 18:43:39.819   351   516 D automotive.vehicle@2.0-adayo-func-bcm: BCMFunc sendMessageFromVehicle_l prop: 0x214000a7 ,areaId: 0x0  SPLITE_BIT_DATA_INTEGER : 1
05-27 18:43:39.820   351   516 D automotive.vehicle@2.0-adayo-func-bcm: BCMFunc sendMessageFromVehicle_l id:557842599, area:0 not report! 
05-27 18:43:39.820   351   516 D automotive.vehicle@2.0-adayo-func-bcm: BCMFunc sendMessageFromVehicle_l dataType: 12,mByte=25,propid=0x2140007f
05-27 18:43:39.820   351   516 D automotive.vehicle@2.0-adayo-func-bcm: BCMFunc sendMessageFromVehicle_l msgBuff[25]=0x1,start:0,len:8,temp:8,
05-27 18:43:39.820   351   516 D automotive.vehicle@2.0-adayo-func-bcm: BCMFunc sendMessageFromVehicle_l prop: 0x2140007f ,areaId: 0x0  SPLITE_BIT_DATA_INTEGER : 1
05-27 18:43:39.820   351   516 D automotive.vehicle@2.0-adayo-func-bcm: BCMFunc sendMessageFromVehicle_l id:557842559, area:0 not report! 
05-27 18:43:39.820   351   516 D automotive.vehicle@2.0-adayo-func-bcm: BCMFunc sendMessageFromVehicle_l dataType: 12,mByte=26,propid=0x214000a8
05-27 18:43:39.820   351   516 D automotive.vehicle@2.0-adayo-func-bcm: BCMFunc sendMessageFromVehicle_l msgBuff[26]=0x1,start:0,len:8,temp:8,
05-27 18:43:39.820   481   598 I mcuc    : rev,n=2,6AA681D33D000A8900F8010409001234563A
05-27 18:43:39.820   351   516 D automotive.vehicle@2.0-adayo-func-bcm: BCMFunc sendMessageFromVehicle_l prop: 0x214000a8 ,areaId: 0x0  SPLITE_BIT_DATA_INTEGER : 1
05-27 18:43:39.820   351   373 D automotive.vehicle@2.0-adayo-datacomm-mcu: MCUDatacomm sendMessageFromVehicle prop: 0x89, areaId: 0x0, status: 0xf8, timestamp: 0x1
05-27 18:43:39.820  1121  1144 I tboxmids_ap: [2026-05-27 18:43:39.820] [MCU RX] src=MCU dst=ZMQ len=10 type=BINARY data=00 08 F8 01 04 09 00 12 34 56 
05-27 18:43:39.820   351   516 D automotive.vehicle@2.0-adayo-func-bcm: BCMFunc sendMessageFromVehicle_l id:557842600, area:0 not report! 
05-27 18:43:39.820   351   373 D automotive.vehicle@2.0-adayo-datacomm-mcu: MCUDatacomm 1sendMessageFromVehicle ---> type = 12 
05-27 18:43:39.820   351   516 D automotive.vehicle@2.0-adayo-func-bcm: BCMFunc sendMessageFromVehicle_l dataType: 12,mByte=27,propid=0x214000a9
05-27 18:43:39.820   351   516 D automotive.vehicle@2.0-adayo-func-bcm: BCMFunc sendMessageFromVehicle_l msgBuff[27]=0x1,start:0,len:8,temp:8,
05-27 18:43:39.820   351   516 D automotive.vehicle@2.0-adayo-func-bcm: BCMFunc sendMessageFromVehicle_l prop: 0x214000a9 ,areaId: 0x0  SPLITE_BIT_DATA_INTEGER : 1
05-27 18:43:39.820   351   516 D automotive.vehicle@2.0-adayo-func-bcm: BCMFunc sendMessageFromVehicle_l id:557842601, area:0 not report! 
05-27 18:43:39.820   351   516 D automotive.vehicle@2.0-adayo-func-bcm: BCMFunc sendMessageFromVehicle_l dataType: 12,mByte=28,propid=0x214000aa
05-27 18:43:39.820   351   516 D automotive.vehicle@2.0-adayo-func-bcm: BCMFunc sendMessageFromVehicle_l msgBuff[28]=0x1,start:0,len:8,temp:8,
05-27 18:43:39.820   351   516 D automotive.vehicle@2.0-adayo-func-bcm: BCMFunc sendMessageFromVehicle_l prop: 0x214000aa ,areaId: 0x0  SPLITE_BIT_DATA_INTEGER : 1
05-27 18:43:39.820   351   516 D automotive.vehicle@2.0-adayo-func-bcm: BCMFunc sendMessageFromVehicle_l id:557842602, area:0 not report! 
05-27 18:43:39.820   351   516 D automotive.vehicle@2.0-adayo-func-bcm: BCMFunc sendMessageFromVehicle_l dataType: 12,mByte=29,propid=0x214000ab
05-27 18:43:39.820   351   516 D automotive.vehicle@2.0-adayo-func-bcm: BCMFunc sendMessageFromVehicle_l msgBuff[29]=0x1,start:0,len:8,temp:8,
05-27 18:43:39.820   351   516 D automotive.vehicle@2.0-adayo-func-bcm: BCMFunc sendMessageFromVehicle_l prop: 0x214000ab ,areaId: 0x0  SPLITE_BIT_DATA_INTEGER : 1
05-27 18:43:39.820   351   516 D automotive.vehicle@2.0-adayo-func-bcm: BCMFunc sendMessageFromVehicle_l id:557842603, area:0 not report! 
05-27 18:43:39.820   351   516 D automotive.vehicle@2.0-adayo-func-bcm: BCMFunc sendMessageFromVehicle_l dataType: 12,mByte=30,propid=0x214000ac
05-27 18:43:39.820   351   516 D automotive.vehicle@2.0-adayo-func-bcm: BCMFunc sendMessageFromVehicle_l msgBuff[30]=0x1,start:0,len:8,temp:8,
05-27 18:43:39.820   351   516 D automotive.vehicle@2.0-adayo-func-bcm: BCMFunc sendMessageFromVehicle_l prop: 0x214000ac ,areaId: 0x0  SPLITE_BIT_DATA_INTEGER : 1
05-27 18:43:39.820   351   516 D automotive.vehicle@2.0-adayo-func-bcm: BCMFunc sendMessageFromVehicle_l id:557842604, area:0 not report! 
05-27 18:43:39.820   351   516 D automotive.vehicle@2.0-adayo-func-bcm: BCMFunc sendMessageFromVehicle_l dataType: 12,mByte=31,propid=0x214000ad
05-27 18:43:39.820   351   516 D automotive.vehicle@2.0-adayo-func-bcm: BCMFunc sendMessageFromVehicle_l msgBuff[31]=0x1,start:0,len:8,temp:8,
05-27 18:43:39.820   351   516 D automotive.vehicle@2.0-adayo-func-bcm: BCMFunc sendMessageFromVehicle_l prop: 0x214000ad ,areaId: 0x0  SPLITE_BIT_DATA_INTEGER : 1
05-27 18:43:39.820   351   516 D automotive.vehicle@2.0-adayo-func-bcm: BCMFunc sendMessageFromVehicle_l id:557842605, area:0 not report! 
05-27 18:43:39.820   351   516 D automotive.vehicle@2.0-adayo-func-bcm: BCMFunc sendMessageFromVehicle_l dataType: 12,mByte=32,propid=0x214000ae
05-27 18:43:39.820   351   516 D automotive.vehicle@2.0-adayo-func-bcm: BCMFunc sendMessageFromVehicle_l msgBuff[32]=0x1,start:0,len:8,temp:8,
05-27 18:43:39.820   351   516 D automotive.vehicle@2.0-adayo-func-bcm: BCMFunc sendMessageFromVehicle_l prop: 0x214000ae ,areaId: 0x0  SPLITE_BIT_DATA_INTEGER : 1
05-27 18:43:39.820   351   516 D automotive.vehicle@2.0-adayo-func-bcm: BCMFunc sendMessageFromVehicle_l id:557842606, area:0 not report! 
05-27 18:43:39.821   351   516 D automotive.vehicle@2.0-adayo-func-bcm: BCMFunc sendMessageFromVehicle_l dataType: 12,mByte=33,propid=0x2140007a
05-27 18:43:39.821   351   516 D automotive.vehicle@2.0-adayo-func-bcm: BCMFunc sendMessageFromVehicle_l msgBuff[33]=0x1,start:0,len:8,temp:8,
05-27 18:43:39.821   351   516 D automotive.vehicle@2.0-adayo-func-bcm: BCMFunc sendMessageFromVehicle_l prop: 0x2140007a ,areaId: 0x0  SPLITE_BIT_DATA_INTEGER : 1
05-27 18:43:39.821   351   516 D automotive.vehicle@2.0-adayo-func-bcm: BCMFunc sendMessageFromVehicle_l id:557842554, area:0 not report! 
05-27 18:43:39.821   351   516 D automotive.vehicle@2.0-adayo-func-bcm: BCMFunc sendMessageFromVehicle_l dataType: 12,mByte=34,propid=0x214000af
05-27 18:43:39.821   351   516 D automotive.vehicle@2.0-adayo-func-bcm: BCMFunc sendMessageFromVehicle_l msgBuff[34]=0x1,start:0,len:8,temp:8,
05-27 18:43:39.821   351   516 D automotive.vehicle@2.0-adayo-func-bcm: BCMFunc sendMessageFromVehicle_l prop: 0x214000af ,areaId: 0x0  SPLITE_BIT_DATA_INTEGER : 1
05-27 18:43:39.821   351   516 D automotive.vehicle@2.0-adayo-func-bcm: BCMFunc sendMessageFromVehicle_l id:557842607, area:0 not report! 
05-27 18:43:39.821   351   516 D automotive.vehicle@2.0-adayo-func-bcm: BCMFunc sendMessageFromVehicle_l dataType: 12,mByte=35,propid=0x21400079
05-27 18:43:39.821   351   516 D automotive.vehicle@2.0-adayo-func-bcm: BCMFunc sendMessageFromVehicle_l msgBuff[35]=0x1,start:0,len:8,temp:8,
05-27 18:43:39.821   351   516 D automotive.vehicle@2.0-adayo-func-bcm: BCMFunc sendMessageFromVehicle_l prop: 0x21400079 ,areaId: 0x0  SPLITE_BIT_DATA_INTEGER : 1
05-27 18:43:39.821   351   516 D automotive.vehicle@2.0-adayo-func-bcm: BCMFunc sendMessageFromVehicle_l id:557842553, area:0 not report! 
05-27 18:43:39.821  1083  1083 I MyAppLog: [2026-05-27 18:43:39.820 I tboxap mcuCommTboxmidsRecvCb:97] [Mcu] [mcuCommTboxmidsRecvCb] recv from tboxmids, size:10
05-27 18:43:39.821  1083  1083 I MyAppLog: [2026-05-27 18:43:39.820 I tboxap mcuCommTboxmidsRecvCb:98] [Mcu] [tboxmids -> tboxap]: :00 08 F8 01 04 09 00 12 34 56
05-27 18:43:39.821  1083  1083 I MyAppLog: [2026-05-27 18:43:39.820 I tboxap mcuPtlParseData:990] [Mcu] [Mcu  Parse]: (cmd):0900 (param):0900123456
05-27 18:43:39.821  1083  1083 W MyAppLog: [2026-05-27 18:43:39.821 W tboxap mcuParamDataRevPack:918] [Mcu] mcuParamDataRevPack start pack data!!!
05-27 18:43:39.821  1083  1083 I MyAppLog: [2026-05-27 18:43:39.821 I tboxap MCU_HANDSHAKE_IND_McuInd:317] [Mcu] [MCU_HANDSHAKE_IND_McuInd] wakeReason:0x12 -> loginReason:0x08 protoVer:0x34
05-27 18:43:39.821  1083  1083 W MyAppLog: [2026-05-27 18:43:39.821 W tboxap mcuHandleHandshakeInd:1654] [Mcu] [mcuHandleHandshakeInd] recv 0x0900 handshake response wakeReason:0x12 protoVer:0x34
05-27 18:43:39.822   581   581 I SpiService: fgesysctrl_getGPIO_status success val=1
05-27 18:43:39.827   581   581 I SpiService: fgesysctrl_getGPIO_status success val=1
05-27 18:43:39.830 13911 14183 I SentryImuMcuAngleSender: 179.993rollDeg
05-27 18:43:39.830 13911 14183 I SentryImuMcuAngleSender: 1,0,0
05-27 18:43:39.832   581   581 I SpiService: fgesysctrl_getGPIO_status success val=1
05-27 18:43:39.833   299 30841 D EvsDriver: forwardFrame
05-27 18:43:39.834   299 30841 D EvsDriver: Delivered 0xb400007b7ca56a60 as id 0
05-27 18:43:39.835  1167  1167 D evsmanagerd: /dev/video4 forwarded the buffer #0 to 0xb4000074bf5f6850 from 0xb4000074bf5f41d0
05-27 18:43:39.835   283   307 I rvcservice: t.code = 0, t.value = 0
05-27 18:43:39.837   299  1153 D EvsDriver: doneWithFrame
05-27 18:43:39.838   581   581 I SpiService: fgesysctrl_getGPIO_status success val=0
05-27 18:43:39.838   481   597 I mcuc    : send SPI:6AA602D33C00028900646AA602D33D0002890063
05-27 18:43:39.840  1008 30856 D [OMXB]  : usingANWBuffer: handle:0xee743ea0, format:1, w:1920, h:1080
05-27 18:43:39.840   299 30844 D EvsDriver: forwardFrame
05-27 08:34:48.803   581   581 D spi_rst_gpio_get_output: GPIO 145 value: 0
05-27 08:34:48.803   581   581 D spidev_ioctl: gpio status=0)
05-27 18:43:39.842   299 30844 D EvsDriver: Delivered 0xb400007b7ca56900 as id 0
05-27 18:43:39.842  1167  1167 D evsmanagerd: /dev/video6 forwarded the buffer #0 to 0xb4000074bf5f5510 from 0xb4000074bf5f6d90
05-27 18:43:39.846   299  1153 D EvsDriver: doneWithFrame
05-27 18:43:39.847   351   515 W automotive.vehicle@2.0-adayo-func-bcm: BCMFunc sendMessageFromClient_l sendMessage prop: 0x11500f31 not in table
05-27 18:43:39.850 13911 14183 I SentryImuMcuAngleSender: 180.0rollDeg
05-27 18:43:39.850 13911 14183 I SentryImuMcuAngleSender: 1,0,0
05-27 18:43:39.853   581   581 I SpiService: fgesysctrl_getGPIO_status success val=1
05-27 18:43:39.854  1008 30857 D [OMXB]  : usingANWBuffer: handle:0xee744630, format:1, w:1920, h:1080
05-27 18:43:39.856   536   536 D commservice260303: msg.id = 1028,1
05-27 18:43:39.856   536   536 D commservice260303: i = 170, msgid = 8A000404
05-27 18:43:39.856   536   536 D commservice260303: msgid = -1979710460,did=138
05-27 18:43:39.857   536   536 D commservice260303: CommProtocolLibCmdBaseI2C::dataproc {"command":{"id":"imu_status","sub":""},"content":{"TimeStamp":10,"FrameCounter":245037,"GD_X":-0.011377211660146713,"GD_Y":0.005420989356935024,"GD_Z":0.0019848872907459736,"AD_X":-0.002304568886756897,"AD_Y":-0.002567579271271825,"AD_Z":-0.17435646057128906,"TempDsp":0,"Status":0,"CalibState":1,"SigAmpInvalid":0}},-1979710460
05-27 18:43:39.857   536   536 D commservice260303: send2Cluster len:317, 7B22636F6D6D616E64223A7B226964223A22696D755F737461747573222C22737562223A22227D2C22636F6E74656E74223A7B2254696D655374616D70223A31302C224672616D65436F756E746572223A3234353033372C2247445F58223A2D302E3031313337373231313636303134363731332C2247445F59223A302E3030353432303938393335363933353032342C2247445F5A223A302E303031393834383837323930373435393733362C2241445F58223A2D302E3030323330343536383838363735363839372C2241445F59223A2D302E3030323536373537393237313237313832352C2241445F5A223A2D302E31373433353634363035373132383930362C2254656D70447370223A302C22537461747573223A302C2243616C69625374617465223A312C22536967416D70496E76616C6964223A307D7D, 138 
05-27 18:43:39.857   536   536 D commservice260303: Push Message into SendPool fn=1576862464
05-27 18:43:39.857   536   536 D commservice260303: ComProtocolLibSend2Cluster::send2ClusterRaw fn=1576862464 , len=333
05-27 18:43:39.857   536   536 D commservice260303: sendCmdToPort :333!!!
05-27 18:43:39.857   536   536 D commservice260303: send Cmd To Port ++++5AA501498A010003FD5D6A16CADB7B22636F6D6D616E64223A7B226964223A22696D755F737461747573222C22737562223A22227D2C22636F6E74656E74223A7B2254696D655374616D70223A31302C224672616D65436F756E746572223A3234353033372C2247445F58223A2D302E3031313337373231313636303134363731332C2247445F59223A302E3030353432303938393335363933353032342C2247445F5A223A302E303031393834383837323930373435393733362C2241445F58223A2D302E3030323330343536383838363735363839372C2241445F59223A2D302E3030323536373537393237313237313832352C2241445F5A223A2D302E31373433353634363035373132383930362C2254656D70447370223A302C22537461747573223A302C2243616C69625374617465223A312C22536967416D70496E76616C6964223A307D7D81F0
05-27 18:43:39.857   536   536 D commservice260303: bufferevent_write retrun value = 0
05-27 18:43:39.857   536   560 D commservice260303: client datas send succeed,send finish
05-27 18:43:39.857 13911 14192 D Sentinelmode_1.2.5.17_sentry: <SentryImuClusterFgeSender>imu_status sent to Linux, frame=245037, tsNs=10487095, tsMs=10, intervalMs=40, ad=(-0.002304569,-0.0025675793,-0.17435646), gd=(-0.011377212,0.0054209894,0.0019848873)
05-27 18:43:39.858   581   581 I SpiService: fgesysctrl_getGPIO_status success val=1
05-27 08:34:48.823   581   581 D spi_rst_gpio_get_output: GPIO 145 value: 1
05-27 18:43:39.863  1044 30796 D BufferPoolAccessor2.0: bufferpool2 0xb400006f82870318 : 1(6144 size) total buffers - 1(6144 size) used buffers - 135959/135961 (recycle/alloc) - 2/135960 (fetch/transfer)
05-27 18:43:39.864   581   581 I SpiService: fgesysctrl_getGPIO_status success val=1
05-27 08:34:48.828   581   581 D spidev_ioctl: gpio status=1)
05-27 18:43:39.868   299 30844 D EvsDriver: forwardFrame
05-27 18:43:39.869   581   581 I SpiService: fgesysctrl_getGPIO_status success val=1
05-27 18:43:39.870   299 30844 D EvsDriver: Delivered 0xb400007b7ca56900 as id 0
05-27 18:43:39.870   299 30841 D EvsDriver: forwardFrame
05-27 18:43:39.870  1167  1167 D evsmanagerd: /dev/video6 forwarded the buffer #0 to 0xb4000074bf5f5510 from 0xb4000074bf5f6d90
05-27 18:43:39.871 13911 14183 I SentryImuMcuAngleSender: 180.0rollDeg
05-27 18:43:39.871 13911 14183 I SentryImuMcuAngleSender: 1,0,0
05-27 18:43:39.872  1167  1167 D evsmanagerd: /dev/video4 forwarded the buffer #0 to 0xb4000074bf5f6850 from 0xb4000074bf5f41d0
05-27 18:43:39.872   299 30841 D EvsDriver: Delivered 0xb400007b7ca56a60 as id 0
05-27 18:43:39.875   581   581 I SpiService: fgesysctrl_getGPIO_status success val=0
05-27 18:43:39.876   299  1153 D EvsDriver: doneWithFrame
05-27 18:43:39.876   299  1163 D EvsDriver: doneWithFrame
05-27 18:43:39.881   572   572 I Sensors : 230 GyroSensor: x:-0.011835,y:0.004963,z:0.002214
05-27 18:43:39.885  1008 30857 D [OMXB]  : usingANWBuffer: handle:0xee741400, format:1, w:1920, h:1080
05-27 18:43:39.890   581   581 I SpiService: fgesysctrl_getGPIO_status success val=1
05-27 18:43:39.891 13911 14183 I SentryImuMcuAngleSender: 179.993rollDeg
05-27 18:43:39.891 13911 14183 I SentryImuMcuAngleSender: 1,0,0
05-27 18:43:39.896   581   581 I SpiService: fgesysctrl_getGPIO_status success val=1
05-27 18:43:39.897   536   536 D commservice260303: msg.id = 1028,1
05-27 18:43:39.897   536   536 D commservice260303: i = 170, msgid = 8A000404
05-27 18:43:39.897   536   536 D commservice260303: msgid = -1979710460,did=138
05-27 18:43:39.897   536   536 D commservice260303: CommProtocolLibCmdBaseI2C::dataproc {"command":{"id":"imu_status","sub":""},"content":{"TimeStamp":10,"FrameCounter":245038,"GD_X":-0.011834942735731602,"GD_Y":0.004963258747011423,"GD_Z":0.002213752595707774,"AD_X":-0.001703023910522461,"AD_Y":-0.0013344590552151203,"AD_Z":-0.17435646057128906,"TempDsp":0,"Status":0,"CalibState":1,"SigAmpInvalid":0}},-1979710460
05-27 18:43:39.897   536   536 D commservice260303: send2Cluster len:317, 7B22636F6D6D616E64223A7B226964223A22696D755F737461747573222C22737562223A22227D2C22636F6E74656E74223A7B2254696D655374616D70223A31302C224672616D65436F756E746572223A3234353033382C2247445F58223A2D302E3031313833343934323733353733313630322C2247445F59223A302E3030343936333235383734373031313432332C2247445F5A223A302E3030323231333735323539353730373737342C2241445F58223A2D302E3030313730333032333931303532323436312C2241445F59223A2D302E303031333334343539303535323135313230332C2241445F5A223A2D302E31373433353634363035373132383930362C2254656D70447370223A302C22537461747573223A302C2243616C69625374617465223A312C22536967416D70496E76616C6964223A307D7D, 138 
05-27 18:43:39.897   536   536 D commservice260303: Push Message into SendPool fn=1593639680
05-27 18:43:39.897   536   536 D commservice260303: ComProtocolLibSend2Cluster::send2ClusterRaw fn=1593639680 , len=333
05-27 18:43:39.897   536   536 D commservice260303: sendCmdToPort :333!!!
05-27 18:43:39.897   536   536 D commservice260303: send Cmd To Port ++++5AA501498A010003FD5E6A16CADB7B22636F6D6D616E64223A7B226964223A22696D755F737461747573222C22737562223A22227D2C22636F6E74656E74223A7B2254696D655374616D70223A31302C224672616D65436F756E746572223A3234353033382C2247445F58223A2D302E3031313833343934323733353733313630322C2247445F59223A302E3030343936333235383734373031313432332C2247445F5A223A302E3030323231333735323539353730373737342C2241445F58223A2D302E3030313730333032333931303532323436312C2241445F59223A2D302E303031333334343539303535323135313230332C2241445F5A223A2D302E31373433353634363035373132383930362C2254656D70447370223A302C22537461747573223A302C2243616C69625374617465223A312C22536967416D70496E76616C6964223A307D7D1DC5
05-27 18:43:39.897   536   536 D commservice260303: bufferevent_write retrun value = 0
05-27 18:43:39.897   536   560 D commservice260303: client datas send succeed,send finish
05-27 18:43:39.897 13911 14192 D Sentinelmode_1.2.5.17_sentry: <SentryImuClusterFgeSender>imu_status sent to Linux, frame=245038, tsNs=10487131, tsMs=10, intervalMs=40, ad=(-0.0017030239,-0.001334459,-0.17435646), gd=(-0.011834943,0.0049632587,0.0022137526)
05-27 18:43:39.901   581   581 I SpiService: fgesysctrl_getGPIO_status success val=1
05-27 18:43:39.902  1008 30856 D [OMXB]  : usingANWBuffer: handle:0xee744b00, format:1, w:1920, h:1080
05-27 18:43:39.905   299 30841 D EvsDriver: forwardFrame
05-27 18:43:39.905   299 30844 D EvsDriver: forwardFrame
05-27 18:43:39.907   581   581 I SpiService: fgesysctrl_getGPIO_status success val=1
05-27 18:43:39.908   299 30844 D EvsDriver: Delivered 0xb400007b7ca56900 as id 0
05-27 18:43:39.908   299 30841 D EvsDriver: Delivered 0xb400007b7ca56a60 as id 0
05-27 18:43:39.908  1167  1479 D evsmanagerd: /dev/video4 forwarded the buffer #0 to 0xb4000074bf5f6850 from 0xb4000074bf5f41d0
05-27 18:43:39.909  1167  1167 D evsmanagerd: /dev/video6 forwarded the buffer #0 to 0xb4000074bf5f5510 from 0xb4000074bf5f6d90
05-27 18:43:39.912  1083  1083 I MyAppLog: [2026-05-27 18:43:39.910 I tboxap mcuMainPeriodic100msTask:914] [Mcu] [mcuMainPeriodic100msTask] MCU version not ready, send 0x0981 item 0x01 retry:1
05-27 18:43:39.912  1083  1083 I MyAppLog: [2026-05-27 18:43:39.910 I tboxap mcuSendYadiTransfer:196] [Mcu] [mcuYadiSend]: :00 08 8E 04 01 09 81 02 01 01
05-27 18:43:39.912 13911 14183 I SentryImuMcuAngleSender: 179.986rollDeg
05-27 18:43:39.912 13911 14183 I SentryImuMcuAngleSender: 1,0,0
05-27 18:43:39.914   581   581 I SpiService: fgesysctrl_getGPIO_status success val=1
05-27 18:43:39.914   299  1163 D EvsDriver: doneWithFrame
05-27 18:43:39.914   299  1153 D EvsDriver: doneWithFrame
05-27 18:43:39.916   481   599 I mcuc    : start timer OK = 29551 
05-27 18:43:39.920   581   581 I SpiService: fgesysctrl_getGPIO_status success val=1
05-27 18:43:39.926   581   581 I SpiService: fgesysctrl_getGPIO_status success val=0
05-27 18:43:39.926   481   597 I mcuc    : send SPI:6AA601736F00F809018E0401098102010100000000000000000000000000000000000000000000000000000000000000000000000000000000000000000000000000000000000000000000000000000000000000000000000000000000000000000000000000000000000000000000000000000000000000000000000000000000000000000000000000000000000000000000000000000000000000000000000000000000000000000000000000000000000000000000000000000000000000000000000000000000000000000000000000000000000000000000000000000000000000000000000000000000000000000000000000000000000000000000FA
05-27 08:34:48.890   581   581 D spi_rst_gpio_get_output: GPIO 145 value: 0
05-27 18:43:39.930  1008 30857 D [OMXB]  : usingANWBuffer: handle:0xee7432f0, format:1, w:1920, h:1080
05-27 18:43:39.933 13911 14183 I SentryImuMcuAngleSender: 179.97899rollDeg
05-27 18:43:39.933 13911 14183 I SentryImuMcuAngleSender: 1,0,0
05-27 18:43:39.934   299 30841 D EvsDriver: forwardFrame
05-27 18:43:39.935   299 30841 D EvsDriver: Delivered 0xb400007b7ca56a60 as id 0
05-27 18:43:39.935  1167  1167 D evsmanagerd: /dev/video4 forwarded the buffer #0 to 0xb4000074bf5f6850 from 0xb4000074bf5f41d0
05-27 18:43:39.936 30773 30783 E dvr_service_: [myNum:0] Received S**** loss
05-27 18:43:39.936   283   307 I rvcservice: t.code = 3, t.value = 0
05-27 18:43:39.936   299  1163 D EvsDriver: doneWithFrame
05-27 18:43:39.936   299 30844 D EvsDriver: forwardFrame
05-27 18:43:39.937   299 30844 D EvsDriver: Delivered 0xb400007b7ca56900 as id 0
05-27 18:43:39.937   536   536 D commservice260303: msg.id = 1028,0
05-27 18:43:39.937   536   536 D commservice260303: i = 170, msgid = 8A000404
05-27 18:43:39.937   536   536 D commservice260303: msgid = -1979710460,did=138
05-27 18:43:39.938   536   536 D commservice260303: CommProtocolLibCmdBaseI2C::dataproc {"command":{"id":"imu_status","sub":""},"content":{"TimeStamp":10,"FrameCounter":245039,"GD_X":-0.011223767884075642,"GD_Y":0.005268065724521875,"GD_Z":0.0021378109231591225,"AD_X":-0.003532722592353821,"AD_Y":-1.1750124394893646E-4,"AD_Z":-0.16947650909423828,"TempDsp":0,"Status":0,"CalibState":1,"SigAmpInvalid":0}},-1979710460
05-27 18:43:39.938  1167  1167 D evsmanagerd: /dev/video6 forwarded the buffer #0 to 0xb4000074bf5f5510 from 0xb4000074bf5f6d90
05-27 18:43:39.938   536   536 D commservice260303: send2Cluster len:318, 7B22636F6D6D616E64223A7B226964223A22696D755F737461747573222C22737562223A22227D2C22636F6E74656E74223A7B2254696D655374616D70223A31302C224672616D65436F756E746572223A3234353033392C2247445F58223A2D302E3031313232333736373838343037353634322C2247445F59223A302E3030353236383036353732343532313837352C2247445F5A223A302E303032313337383130393233313539313232352C2241445F58223A2D302E3030333533323732323539323335333832312C2241445F59223A2D312E31373530313234333934383933363436452D342C2241445F5A223A2D302E31363934373635303930393432333832382C2254656D70447370223A302C22537461747573223A302C2243616C69625374617465223A312C22536967416D70496E76616C6964223A307D7D, 138 
05-27 18:43:39.938   536   536 D commservice260303: Push Message into SendPool fn=1610416896
05-27 18:43:39.938   536   536 D commservice260303: ComProtocolLibSend2Cluster::send2ClusterRaw fn=1610416896 , len=334
05-27 18:43:39.938   536   536 D commservice260303: sendCmdToPort :334!!!
05-27 18:43:39.938 30773 30783 E dvr_service_: [myNum:1] Received S**** loss
05-27 18:43:39.938   536   536 D commservice260303: send Cmd To Port ++++5AA5014A8A010003FD5F6A16CADB7B22636F6D6D616E64223A7B226964223A22696D755F737461747573222C22737562223A22227D2C22636F6E74656E74223A7B2254696D655374616D70223A31302C224672616D65436F756E746572223A3234353033392C2247445F58223A2D302E3031313232333736373838343037353634322C2247445F59223A302E3030353236383036353732343532313837352C2247445F5A223A302E303032313337383130393233313539313232352C2241445F58223A2D302E3030333533323732323539323335333832312C2241445F59223A2D312E31373530313234333934383933363436452D342C2241445F5A223A2D302E31363934373635303930393432333832382C2254656D70447370223A302C22537461747573223A302C2243616C69625374617465223A312C22536967416D70496E76616C6964223A307D7D9919
05-27 18:43:39.938   536   536 D commservice260303: bufferevent_write retrun value = 0
05-27 18:43:39.938   536   560 D commservice260303: client datas send succeed,send finish
05-27 18:43:39.938 13911 14192 D Sentinelmode_1.2.5.17_sentry: <SentryImuClusterFgeSender>imu_status sent to Linux, frame=245039, tsNs=10487184, tsMs=10, intervalMs=41, ad=(-0.0035327226,-1.17501244E-4,-0.16947651), gd=(-0.011223768,0.0052680657,0.002137811)
05-27 18:43:39.938   299  1163 D EvsDriver: doneWithFrame
05-27 18:43:39.940   581   581 I SpiService: fgesysctrl_getGPIO_status success val=1
05-27 18:43:39.944  1008 30856 D [OMXB]  : usingANWBuffer: handle:0xee741e50, format:1, w:1920, h:1080
05-27 18:43:39.946   581   581 I SpiService: fgesysctrl_getGPIO_status success val=1
05-27 08:34:48.910   581   581 D spidev_ioctl: gpio status=1)
05-27 18:43:39.950 13911 13911 I Sentinelmode_1.2.5.17_sentry: <SentinelCarServiceManager>sensorType:291504647
05-27 18:43:39.951   581   581 I SpiService: fgesysctrl_getGPIO_status success val=1
05-27 18:43:39.954 13911 14183 I SentryImuMcuAngleSender: 179.993rollDeg
05-27 18:43:39.954 13911 14183 I SentryImuMcuAngleSender: 1,0,0
05-27 18:43:39.957   581   581 I SpiService: fgesysctrl_getGPIO_status success val=1
05-27 18:43:39.962   581   581 I SpiService: fgesysctrl_getGPIO_status success val=1
05-27 18:43:39.967  1008 30856 D [OMXB]  : usingANWBuffer: handle:0xee742060, format:1, w:1920, h:1080
05-27 18:43:39.967   581   581 I SpiService: fgesysctrl_getGPIO_status success val=1
05-27 18:43:39.968   299 30841 D EvsDriver: forwardFrame
05-27 18:43:39.970  1167  1167 D evsmanagerd: /dev/video4 forwarded the buffer #0 to 0xb4000074bf5f6850 from 0xb4000074bf5f41d0
05-27 18:43:39.970   299 30841 D EvsDriver: Delivered 0xb400007b7ca56a60 as id 0
05-27 18:43:39.973   581   581 I SpiService: fgesysctrl_getGPIO_status success val=0
05-27 18:43:39.973   299  1163 D EvsDriver: doneWithFrame
05-27 18:43:39.974 13911 14183 I SentryImuMcuAngleSender: 179.9895rollDeg
05-27 18:43:39.974   299 30844 D EvsDriver: forwardFrame
05-27 18:43:39.975 13911 14183 I SentryImuMcuAngleSender: 1,0,0
05-27 18:43:39.978   536   536 D commservice260303: msg.id = 1028,0
05-27 18:43:39.978   536   536 D commservice260303: i = 170, msgid = 8A000404
05-27 18:43:39.978   536   536 D commservice260303: msgid = -1979710460,did=138
05-27 18:43:39.978   536   536 D commservice260303: CommProtocolLibCmdBaseI2C::dataproc {"command":{"id":"imu_status","sub":""},"content":{"TimeStamp":10,"FrameCounter":245040,"GD_X":-0.011759000830352306,"GD_Y":0.004809814505279064,"GD_Z":0.002213752595707774,"AD_X":-0.0035327374935150146,"AD_Y":-7.209175964817405E-4,"AD_Z":-0.17374610900878906,"TempDsp":0,"Status":0,"CalibState":1,"SigAmpInvalid":0}},-1979710460
05-27 18:43:39.978   536   536 D commservice260303: send2Cluster len:317, 7B22636F6D6D616E64223A7B226964223A22696D755F737461747573222C22737562223A22227D2C22636F6E74656E74223A7B2254696D655374616D70223A31302C224672616D65436F756E746572223A3234353034302C2247445F58223A2D302E3031313735393030303833303335323330362C2247445F59223A302E3030343830393831343530353237393036342C2247445F5A223A302E3030323231333735323539353730373737342C2241445F58223A2D302E303033353332373337343933353135303134362C2241445F59223A2D372E323039313735393634383137343035452D342C2241445F5A223A2D302E31373337343631303930303837383930362C2254656D70447370223A302C22537461747573223A302C2243616C69625374617465223A312C22536967416D70496E76616C6964223A307D7D, 138 
05-27 18:43:39.978   536   536 D commservice260303: Push Message into SendPool fn=1627194112
05-27 18:43:39.978   536   536 D commservice260303: ComProtocolLibSend2Cluster::send2ClusterRaw fn=1627194112 , len=333
05-27 18:43:39.978   536   536 D commservice260303: sendCmdToPort :333!!!
05-27 18:43:39.978   536   536 D commservice260303: send Cmd To Port ++++5AA501498A010003FD606A16CADB7B22636F6D6D616E64223A7B226964223A22696D755F737461747573222C22737562223A22227D2C22636F6E74656E74223A7B2254696D655374616D70223A31302C224672616D65436F756E746572223A3234353034302C2247445F58223A2D302E3031313735393030303833303335323330362C2247445F59223A302E3030343830393831343530353237393036342C2247445F5A223A302E3030323231333735323539353730373737342C2241445F58223A2D302E303033353332373337343933353135303134362C2241445F59223A2D372E323039313735393634383137343035452D342C2241445F5A223A2D302E31373337343631303930303837383930362C2254656D70447370223A302C22537461747573223A302C2243616C69625374617465223A312C22536967416D70496E76616C6964223A307D7DC821
05-27 18:43:39.978   536   536 D commservice260303: bufferevent_write retrun value = 0
05-27 18:43:39.978   536   560 D commservice260303: client datas send succeed,send finish
05-27 18:43:39.979 13911 14192 D Sentinelmode_1.2.5.17_sentry: <SentryImuClusterFgeSender>imu_status sent to Linux, frame=245040, tsNs=10487220, tsMs=10, intervalMs=40, ad=(-0.0035327375,-7.209176E-4,-0.17374611), gd=(-0.011759001,0.0048098145,0.0022137526)
05-27 18:43:39.979  1167  1167 D evsmanagerd: /dev/video6 forwarded the buffer #0 to 0xb4000074bf5f5510 from 0xb4000074bf5f6d90
05-27 18:43:39.979   299 30844 D EvsDriver: Delivered 0xb400007b7ca56900 as id 0
05-27 18:43:39.983   299  1163 D EvsDriver: doneWithFrame
05-27 18:43:39.985   481   598 I mcuc    : rev,n=1,6AA682736F0002090190
05-27 18:43:39.987   572   622 I Sensors : 230 AccelSensor: x:-0.170190,y:0.003050,z:-9.978380
05-27 18:43:39.988   581   581 I SpiService: fgesysctrl_getGPIO_status success val=1
05-27 18:43:39.989  1008 30857 D [OMXB]  : usingANWBuffer: handle:0xee740bc0, format:1, w:1920, h:1080
05-27 18:43:39.993   581   581 I SpiService: fgesysctrl_getGPIO_status success val=1
05-27 18:43:39.995 13911 14183 I SentryImuMcuAngleSender: 179.98248rollDeg
05-27 18:43:39.995 13911 14183 I SentryImuMcuAngleSender: 1,0,0
05-27 18:43:39.999   581   581 I SpiService: fgesysctrl_getGPIO_status success val=1
05-27 18:43:40.003   299 30844 D EvsDriver: forwardFrame
05-27 18:43:40.004   581   581 I SpiService: fgesysctrl_getGPIO_status success val=1
05-27 18:43:40.005   299 30844 D EvsDriver: Delivered 0xb400007b7ca56900 as id 0
05-27 18:43:40.005  1167  1167 D evsmanagerd: /dev/video6 forwarded the buffer #0 to 0xb4000074bf5f5510 from 0xb4000074bf5f6d90
05-27 18:43:40.005   299 30841 D EvsDriver: forwardFrame
05-27 18:43:40.007   299 30841 D EvsDriver: Delivered 0xb400007b7ca56a60 as id 0
05-27 18:43:40.007  1167  1167 D evsmanagerd: /dev/video4 forwarded the buffer #0 to 0xb4000074bf5f6850 from 0xb4000074bf5f41d0
05-27 18:43:40.007   299  1163 D EvsDriver: doneWithFrame
05-27 18:43:40.010   299  1163 D EvsDriver: doneWithFrame
05-27 18:43:40.010   581   581 I SpiService: fgesysctrl_getGPIO_status success val=1
05-27 18:43:40.015 13911 14183 I SentryImuMcuAngleSender: 179.97899rollDeg
05-27 18:43:40.015 13911 14183 I SentryImuMcuAngleSender: 1,0,0
05-27 18:43:40.016  1008 30856 D [OMXB]  : usingANWBuffer: handle:0xee745600, format:1, w:1920, h:1080
05-27 18:43:40.016   581   581 I SpiService: fgesysctrl_getGPIO_status success val=0
05-27 18:43:40.018   536   536 D commservice260303: msg.id = 1028,1
05-27 18:43:40.018   536   536 D commservice260303: i = 170, msgid = 8A000404
05-27 18:43:40.018   536   536 D commservice260303: msgid = -1979710460,did=138
05-27 18:43:40.018   536   536 D commservice260303: CommProtocolLibCmdBaseI2C::dataproc {"command":{"id":"imu_status","sub":""},"content":{"TimeStamp":10,"FrameCounter":245041,"GD_X":-0.01221725158393383,"GD_Y":0.005879240110516548,"GD_Z":0.002213752595707774,"AD_X":-0.004742354154586792,"AD_Y":0.001103810966014862,"AD_Z":-0.17191600799560547,"TempDsp":0,"Status":0,"CalibState":1,"SigAmpInvalid":0}},-1979710460
05-27 18:43:40.018   536   536 D commservice260303: send2Cluster len:314, 7B22636F6D6D616E64223A7B226964223A22696D755F737461747573222C22737562223A22227D2C22636F6E74656E74223A7B2254696D655374616D70223A31302C224672616D65436F756E746572223A3234353034312C2247445F58223A2D302E30313232313732353135383339333338332C2247445F59223A302E3030353837393234303131303531363534382C2247445F5A223A302E3030323231333735323539353730373737342C2241445F58223A2D302E3030343734323335343135343538363739322C2241445F59223A302E3030313130333831303936363031343836322C2241445F5A223A2D302E31373139313630303739393536303534372C2254656D70447370223A302C22537461747573223A302C2243616C69625374617465223A312C22536967416D70496E76616C6964223A307D7D, 138 
05-27 18:43:40.018   536   536 D commservice260303: Push Message into SendPool fn=1643971328
05-27 18:43:40.018   536   536 D commservice260303: ComProtocolLibSend2Cluster::send2ClusterRaw fn=1643971328 , len=330
05-27 18:43:40.018   536   536 D commservice260303: sendCmdToPort :330!!!
05-27 18:43:40.018   536   536 D commservice260303: send Cmd To Port ++++5AA501468A010003FD616A16CADC7B22636F6D6D616E64223A7B226964223A22696D755F737461747573222C22737562223A22227D2C22636F6E74656E74223A7B2254696D655374616D70223A31302C224672616D65436F756E746572223A3234353034312C2247445F58223A2D302E30313232313732353135383339333338332C2247445F59223A302E3030353837393234303131303531363534382C2247445F5A223A302E3030323231333735323539353730373737342C2241445F58223A2D302E3030343734323335343135343538363739322C2241445F59223A302E3030313130333831303936363031343836322C2241445F5A223A2D302E31373139313630303739393536303534372C2254656D70447370223A302C22537461747573223A302C2243616C69625374617465223A312C22536967416D70496E76616C6964223A307D7D2351
05-27 18:43:40.019   536   536 D commservice260303: bufferevent_write retrun value = 0
05-27 18:43:40.019   536   560 D commservice260303: client datas send succeed,send finish
05-27 18:43:40.019 13911 14192 D Sentinelmode_1.2.5.17_sentry: <SentryImuClusterFgeSender>imu_status sent to Linux, frame=245041, tsNs=10487255, tsMs=10, intervalMs=40, ad=(-0.004742354,0.001103811,-0.17191601), gd=(-0.012217252,0.00587924,0.0022137526)
05-27 18:43:40.026  1008 30857 D [OMXB]  : usingANWBuffer: handle:0xee740e80, format:1, w:1920, h:1080
05-27 18:43:40.028 30773 30789 I dvr_service_: Camera 1: MediaOK:29729338, frames:700, isKeyFrame:0,pts:10486897990
05-27 18:43:40.031  1982  1982 E health_guardian: UID for PID 11579 is 1000
05-27 18:43:40.031  1982  1982 E health_guardian: The 1000 process is system app,I refused to kill it,try next one!
05-27 18:43:40.031  1982  1982 E health_guardian: UID for PID 13435 is 1000
05-27 18:43:40.031  1982  1982 E health_guardian: The 1000 process is system app,I refused to kill it,try next one!
05-27 18:43:40.031  1982  1982 E health_guardian: UID for PID 6212 is 1000
05-27 18:43:40.031  1982  1982 E health_guardian: The 1000 process is system app,I refused to kill it,try next one!
05-27 18:43:40.031   581   581 I SpiService: fgesysctrl_getGPIO_status success val=1
05-27 18:43:40.034   299 30841 D EvsDriver: forwardFrame
05-27 18:43:40.035   299 30841 D EvsDriver: Delivered 0xb400007b7ca56a60 as id 0
05-27 18:43:40.035  1167  1479 D evsmanagerd: /dev/video4 forwarded the buffer #0 to 0xb4000074bf5f6850 from 0xb4000074bf5f41d0
05-27 18:43:40.035 13911 14183 I SentryImuMcuAngleSender: 179.993rollDeg
05-27 18:43:40.035 13911 14183 I SentryImuMcuAngleSender: 1,0,0
05-27 18:43:40.036   283   307 I rvcservice: t.code = 4, t.value = 0
05-27 18:43:40.037   581   581 I SpiService: fgesysctrl_getGPIO_status success val=1
05-27 18:43:40.037   299  1163 D EvsDriver: doneWithFrame
05-27 18:43:40.038   299 30844 D EvsDriver: forwardFrame
05-27 18:43:40.042  1167  1479 D evsmanagerd: /dev/video6 forwarded the buffer #0 to 0xb4000074bf5f5510 from 0xb4000074bf5f6d90
05-27 18:43:40.042   299 30844 D EvsDriver: Delivered 0xb400007b7ca56900 as id 0
05-27 18:43:40.042   581   581 I SpiService: fgesysctrl_getGPIO_status success val=1
05-27 18:43:40.046   299  1163 D EvsDriver: doneWithFrame
05-27 18:43:40.048   581   581 I SpiService: fgesysctrl_getGPIO_status success val=1
05-27 18:43:40.053   581   581 I SpiService: fgesysctrl_getGPIO_status success val=0
05-27 18:43:40.055 13911 14183 I SentryImuMcuAngleSender: 180.0rollDeg
05-27 18:43:40.055 13911 14183 I SentryImuMcuAngleSender: 1,0,0
05-27 18:43:40.056  1008 30857 D [OMXB]  : usingANWBuffer: handle:0xee741b90, format:1, w:1920, h:1080
05-27 18:43:40.058   536   536 D commservice260303: msg.id = 1028,1
05-27 18:43:40.058   536   536 D commservice260303: i = 170, msgid = 8A000404
05-27 18:43:40.058   536   536 D commservice260303: msgid = -1979710460,did=138
05-27 18:43:40.058   536   536 D commservice260303: CommProtocolLibCmdBaseI2C::dataproc {"command":{"id":"imu_status","sub":""},"content":{"TimeStamp":10,"FrameCounter":245042,"GD_X":-0.011759000830352306,"GD_Y":0.005345047451555729,"GD_Z":0.0019848872907459736,"AD_X":-0.0035149753093719482,"AD_Y":-0.002542588161304593,"AD_Z":-0.16947650909423828,"TempDsp":0,"Status":0,"CalibState":1,"SigAmpInvalid":0}},-1979710460
05-27 18:43:40.058   536   536 D commservice260303: send2Cluster len:318, 7B22636F6D6D616E64223A7B226964223A22696D755F737461747573222C22737562223A22227D2C22636F6E74656E74223A7B2254696D655374616D70223A31302C224672616D65436F756E746572223A3234353034322C2247445F58223A2D302E3031313735393030303833303335323330362C2247445F59223A302E3030353334353034373435313535353732392C2247445F5A223A302E303031393834383837323930373435393733362C2241445F58223A2D302E303033353134393735333039333731393438322C2241445F59223A2D302E3030323534323538383136313330343539332C2241445F5A223A2D302E31363934373635303930393432333832382C2254656D70447370223A302C22537461747573223A302C2243616C69625374617465223A312C22536967416D70496E76616C6964223A307D7D, 138 
05-27 18:43:40.058   536   536 D commservice260303: Push Message into SendPool fn=1660748544
05-27 18:43:40.058   536   536 D commservice260303: ComProtocolLibSend2Cluster::send2ClusterRaw fn=1660748544 , len=334
05-27 18:43:40.059   536   536 D commservice260303: sendCmdToPort :334!!!
05-27 18:43:40.059   536   536 D commservice260303: send Cmd To Port ++++5AA5014A8A010003FD626A16CADC7B22636F6D6D616E64223A7B226964223A22696D755F737461747573222C22737562223A22227D2C22636F6E74656E74223A7B2254696D655374616D70223A31302C224672616D65436F756E746572223A3234353034322C2247445F58223A2D302E3031313735393030303833303335323330362C2247445F59223A302E3030353334353034373435313535353732392C2247445F5A223A302E303031393834383837323930373435393733362C2241445F58223A2D302E303033353134393735333039333731393438322C2241445F59223A2D302E3030323534323538383136313330343539332C2241445F5A223A2D302E31363934373635303930393432333832382C2254656D70447370223A302C22537461747573223A302C2243616C69625374617465223A312C22536967416D70496E76616C6964223A307D7DFB06
05-27 18:43:40.059   536   536 D commservice260303: bufferevent_write retrun value = 0
05-27 18:43:40.059   536   560 D commservice260303: client datas send succeed,send finish
05-27 18:43:40.059 13911 14192 D Sentinelmode_1.2.5.17_sentry: <SentryImuClusterFgeSender>imu_status sent to Linux, frame=245042, tsNs=10487291, tsMs=10, intervalMs=41, ad=(-0.0035149753,-0.0025425882,-0.16947651), gd=(-0.011759001,0.0053450475,0.0019848873)
05-27 18:43:40.060 31122 31149 D ANWAPI_SECOND: (31122|0x293CFCB0)[BTAPI] set_bluetooth_power : open /sys/class/gpio/gpio142/value
05-27 18:43:40.060 31122 31149 D ANWAPI_SECOND: (31122|0x293CFCB0)[BTAPI] set_bluetooth_power : open(/sys/class/gpio/gpio142/value) for write failed,fd=-1
05-27 18:43:40.060 31122 31149 D ANWAPI_SECOND: (31122|0x293CFCB0)[BTAPI] open set_bluetooth_power : write(No such file or directory) failed,errno = 2
05-27 18:43:40.068   581   581 I SpiService: fgesysctrl_getGPIO_status success val=1
05-27 18:43:40.068   299 30844 D EvsDriver: forwardFrame
05-27 18:43:40.070   299 30844 D EvsDriver: Delivered 0xb400007b7ca56900 as id 0
05-27 18:43:40.070  1167  1479 D evsmanagerd: /dev/video6 forwarded the buffer #0 to 0xb4000074bf5f5510 from 0xb4000074bf5f6d90
05-27 18:43:40.072   299  1163 D EvsDriver: doneWithFrame
05-27 18:43:40.073   581   581 I SpiService: fgesysctrl_getGPIO_status success val=1
05-27 18:43:40.073   299 30841 D EvsDriver: forwardFrame
05-27 18:43:40.075  1167  1479 D evsmanagerd: /dev/video4 forwarded the buffer #0 to 0xb4000074bf5f6850 from 0xb4000074bf5f41d0
05-27 18:43:40.075   299 30841 D EvsDriver: Delivered 0xb400007b7ca56a60 as id 0
