05-27 18:43:38.471   581   581 I SpiService: fgesysctrl_getGPIO_status success val=0
05-27 08:34:47.435 30855 30855 W audit   : audit_lost=35708 audit_rate_limit=5 audit_backlog_limit=64
05-27 08:34:47.435 30855 30855 E audit   : rate limit exceeded
05-27 08:34:47.435   581   581 D spi_rst_gpio_get_output: GPIO 145 value: 0
05-27 08:34:47.436   581   581 D spidev_ioctl: gpio status=0)
05-27 18:43:38.474   299  1163 D EvsDriver: doneWithFrame
05-27 18:43:38.473 13911 14183 I SentryImuMcuAngleSender: 179.97899rollDeg
05-27 18:43:38.475 13911 14183 I SentryImuMcuAngleSender: 1,0,0
05-27 18:43:38.479   299 30844 D EvsDriver: forwardFrame
05-27 18:43:38.481   536   536 D commservice260303: msg.id = 1028,1
05-27 18:43:38.481   536   536 D commservice260303: i = 170, msgid = 8A000404
05-27 18:43:38.481   536   536 D commservice260303: msgid = -1979710460,did=138
05-27 18:43:38.481   536   536 D commservice260303: CommProtocolLibCmdBaseI2C::dataproc {"command":{"id":"imu_status","sub":""},"content":{"TimeStamp":10,"FrameCounter":245003,"GD_X":-0.011834942735731602,"GD_Y":0.004505007527768612,"GD_Z":0.0018319635419175029,"AD_X":-0.0061251819133758545,"AD_Y":0.0010742759332060814,"AD_Z":-0.17069149017333984,"TempDsp":0,"Status":0,"CalibState":1,"SigAmpInvalid":0}},-1979710460
05-27 18:43:38.481   536   536 D commservice260303: send2Cluster len:318, 7B22636F6D6D616E64223A7B226964223A22696D755F737461747573222C22737562223A22227D2C22636F6E74656E74223A7B2254696D655374616D70223A31302C224672616D65436F756E746572223A3234353030332C2247445F58223A2D302E3031313833343934323733353733313630322C2247445F59223A302E3030343530353030373532373736383631322C2247445F5A223A302E303031383331393633353431393137353032392C2241445F58223A2D302E303036313235313831393133333735383534352C2241445F59223A302E303031303734323735393333323036303831342C2241445F5A223A2D302E31373036393134393031373333333938342C2254656D70447370223A302C22537461747573223A302C2243616C69625374617465223A312C22536967416D70496E76616C6964223A307D7D, 138 
05-27 18:43:38.481   536   536 D commservice260303: Push Message into SendPool fn=989659904
05-27 18:43:38.481   536   536 D commservice260303: ComProtocolLibSend2Cluster::send2ClusterRaw fn=989659904 , len=334
05-27 18:43:38.481   536   536 D commservice260303: sendCmdToPort :334!!!
05-27 18:43:38.481   536   536 D commservice260303: send Cmd To Port ++++5AA5014A8A010003FD3A6A16CADA7B22636F6D6D616E64223A7B226964223A22696D755F737461747573222C22737562223A22227D2C22636F6E74656E74223A7B2254696D655374616D70223A31302C224672616D65436F756E746572223A3234353030332C2247445F58223A2D302E3031313833343934323733353733313630322C2247445F59223A302E3030343530353030373532373736383631322C2247445F5A223A302E303031383331393633353431393137353032392C2241445F58223A2D302E303036313235313831393133333735383534352C2241445F59223A302E303031303734323735393333323036303831342C2241445F5A223A2D302E31373036393134393031373333333938342C2254656D70447370223A302C22537461747573223A302C2243616C69625374617465223A312C22536967416D70496E76616C6964223A307D7D6B16
05-27 18:43:38.481   536   536 D commservice260303: bufferevent_write retrun value = 0
05-27 18:43:38.481   536   560 D commservice260303: client datas send succeed,send finish
05-27 18:43:38.481 13911 14192 D Sentinelmode_1.2.5.17_sentry: <SentryImuClusterFgeSender>imu_status sent to Linux, frame=245003, tsNs=10485717, tsMs=10, intervalMs=44, ad=(-0.006125182,0.0010742759,-0.17069149), gd=(-0.011834943,0.0045050075,0.0018319635)
05-27 18:43:38.481   299 30844 D EvsDriver: Delivered 0xb400007b7ca56900 as id 0
05-27 18:43:38.481  1167  1167 D evsmanagerd: /dev/video6 forwarded the buffer #0 to 0xb4000074bf5f5510 from 0xb4000074bf5f6d90
05-27 18:43:38.483   299  1163 D EvsDriver: doneWithFrame
05-27 18:43:38.486   581   581 I SpiService: fgesysctrl_getGPIO_status success val=1
05-27 08:34:47.451   581   581 D spi_rst_gpio_get_output: GPIO 145 value: 1
05-27 08:34:47.451   581   581 D spidev_ioctl: gpio status=1)
05-27 18:43:38.492   581   581 I SpiService: fgesysctrl_getGPIO_status success val=1
05-27 08:34:47.456   581   581 D spi_rst_gpio_get_output: GPIO 145 value: 1
05-27 08:34:47.456   581   581 D spidev_ioctl: gpio status=1)
05-27 18:43:38.495 13911 14183 I SentryImuMcuAngleSender: 179.97899rollDeg
05-27 18:43:38.495 13911 14183 I SentryImuMcuAngleSender: 1,0,0
05-27 18:43:38.497   581   581 I SpiService: fgesysctrl_getGPIO_status success val=1
05-27 08:34:47.462   581   581 D spi_rst_gpio_get_output: GPIO 145 value: 1
05-27 08:34:47.462   581   581 D spidev_ioctl: gpio status=1)
05-27 18:43:38.502  1008 30856 D [OMXB]  : usingANWBuffer: handle:0xee7406f0, format:1, w:1920, h:1080
05-27 18:43:38.503   581   581 I SpiService: fgesysctrl_getGPIO_status success val=1
05-27 08:34:47.468   581   581 D spi_rst_gpio_get_output: GPIO 145 value: 1
05-27 08:34:47.468   581   581 D spidev_ioctl: gpio status=1)
05-27 18:43:38.507   299 30841 D EvsDriver: forwardFrame
05-27 18:43:38.508   299 30844 D EvsDriver: forwardFrame
05-27 18:43:38.509   581   581 I SpiService: fgesysctrl_getGPIO_status success val=0
05-27 18:43:38.509   572   572 I Sensors : 230 GyroSensor: x:-0.011759,y:0.005497,z:0.002138
05-27 18:43:38.512  1167  1167 D evsmanagerd: /dev/video4 forwarded the buffer #0 to 0xb4000074bf5f6850 from 0xb4000074bf5f41d0
05-27 18:43:38.512   299 30841 D EvsDriver: Delivered 0xb400007b7ca56a60 as id 0
05-27 18:43:38.513   299 30844 D EvsDriver: Delivered 0xb400007b7ca56900 as id 0
05-27 18:43:38.513  1167  1167 D evsmanagerd: /dev/video6 forwarded the buffer #0 to 0xb4000074bf5f5510 from 0xb4000074bf5f6d90
05-27 08:34:47.473   581   581 D spi_rst_gpio_get_output: GPIO 145 value: 0
05-27 08:34:47.473   581   581 D spidev_ioctl: gpio status=0)
05-27 18:43:38.516 13911 14183 I SentryImuMcuAngleSender: 179.97197rollDeg
05-27 18:43:38.516 13911 14183 I SentryImuMcuAngleSender: 1,0,0
05-27 18:43:38.518   299  1163 D EvsDriver: doneWithFrame
05-27 18:43:38.519   299  1163 D EvsDriver: doneWithFrame
05-27 18:43:38.521   536   536 D commservice260303: msg.id = 1028,0
05-27 18:43:38.521   536   536 D commservice260303: i = 170, msgid = 8A000404
05-27 18:43:38.521   536   536 D commservice260303: msgid = -1979710460,did=138
05-27 18:43:38.521   536   536 D commservice260303: CommProtocolLibCmdBaseI2C::dataproc {"command":{"id":"imu_status","sub":""},"content":{"TimeStamp":10,"FrameCounter":245004,"GD_X":-0.011759000830352306,"GD_Y":0.00549693126231432,"GD_Z":0.0021378109231591225,"AD_X":-0.0036761462688446045,"AD_Y":0.0022816245909780264,"AD_Z":-0.16947174072265625,"TempDsp":0,"Status":0,"CalibState":1,"SigAmpInvalid":0}},-1979710460
05-27 18:43:38.521   536   536 D commservice260303: send2Cluster len:317, 7B22636F6D6D616E64223A7B226964223A22696D755F737461747573222C22737562223A22227D2C22636F6E74656E74223A7B2254696D655374616D70223A31302C224672616D65436F756E746572223A3234353030342C2247445F58223A2D302E3031313735393030303833303335323330362C2247445F59223A302E30303534393639333132363233313433322C2247445F5A223A302E303032313337383130393233313539313232352C2241445F58223A2D302E303033363736313436323638383434363034352C2241445F59223A302E303032323831363234353930393738303236342C2241445F5A223A2D302E31363934373137343037323236353632352C2254656D70447370223A302C22537461747573223A302C2243616C69625374617465223A312C22536967416D70496E76616C6964223A307D7D, 138 
05-27 18:43:38.521   536   536 D commservice260303: Push Message into SendPool fn=1006437120
05-27 18:43:38.521   536   536 D commservice260303: ComProtocolLibSend2Cluster::send2ClusterRaw fn=1006437120 , len=333
05-27 18:43:38.521   536   536 D commservice260303: sendCmdToPort :333!!!
05-27 18:43:38.521   536   536 D commservice260303: send Cmd To Port ++++5AA501498A010003FD3B6A16CADA7B22636F6D6D616E64223A7B226964223A22696D755F737461747573222C22737562223A22227D2C22636F6E74656E74223A7B2254696D655374616D70223A31302C224672616D65436F756E746572223A3234353030342C2247445F58223A2D302E3031313735393030303833303335323330362C2247445F59223A302E30303534393639333132363233313433322C2247445F5A223A302E303032313337383130393233313539313232352C2241445F58223A2D302E303033363736313436323638383434363034352C2241445F59223A302E303032323831363234353930393738303236342C2241445F5A223A2D302E31363934373137343037323236353632352C2254656D70447370223A302C22537461747573223A302C2243616C69625374617465223A312C22536967416D70496E76616C6964223A307D7DD743
05-27 18:43:38.521   536   536 D commservice260303: bufferevent_write retrun value = 0
05-27 18:43:38.522   536   560 D commservice260303: client datas send succeed,send finish
05-27 18:43:38.522 13911 14192 D Sentinelmode_1.2.5.17_sentry: <SentryImuClusterFgeSender>imu_status sent to Linux, frame=245004, tsNs=10485760, tsMs=10, intervalMs=40, ad=(-0.0036761463,0.0022816246,-0.16947174), gd=(-0.011759001,0.0054969313,0.002137811)
05-27 18:43:38.523 31122 31122 D .service:remote: Received session metadata: 7443865940867377716
05-27 18:43:38.524   581   581 I SpiService: fgesysctrl_getGPIO_status success val=1
05-27 08:34:47.489   581   581 D spi_rst_gpio_get_output: GPIO 145 value: 1
05-27 08:34:47.489   581   581 D spidev_ioctl: gpio status=1)
05-27 18:43:38.530   581   581 I SpiService: fgesysctrl_getGPIO_status success val=1
05-27 18:43:38.532   283   307 I rvcservice: t.code = 2, t.value = 9974720
05-27 08:34:47.494   581   581 D spi_rst_gpio_get_output: GPIO 145 value: 1
05-27 18:43:38.533  1008 30857 D [OMXB]  : usingANWBuffer: handle:0xee740220, format:1, w:1920, h:1080
05-27 08:34:47.494   581   581 D spidev_ioctl: gpio status=1)
05-27 18:43:38.535   299 30844 D EvsDriver: forwardFrame
05-27 18:43:38.535   581   581 I SpiService: fgesysctrl_getGPIO_status success val=1
05-27 18:43:38.537 13911 14183 I SentryImuMcuAngleSender: 179.96146rollDeg
05-27 18:43:38.537 13911 14183 I SentryImuMcuAngleSender: 1,0,0
05-27 18:43:38.537   566  1171 I gps_hdbd: [gps_upgrade_thread 3506]Enter
05-27 08:34:47.500   581   581 D spi_rst_gpio_get_output: GPIO 145 value: 1
05-27 08:34:47.500   581   581 D spidev_ioctl: gpio status=1)
05-27 18:43:38.538   566  1171 I gps_hdbd: [gps_upgrade_thread 3535] sys.gps.update:0 ,file:not ,upgrate_ing:0
05-27 18:43:38.538   299 30844 D EvsDriver: Delivered 0xb400007b7ca56900 as id 0
05-27 18:43:38.538  1167  1167 D evsmanagerd: /dev/video6 forwarded the buffer #0 to 0xb4000074bf5f5510 from 0xb4000074bf5f6d90
05-27 18:43:38.540   299 30841 D EvsDriver: forwardFrame
05-27 18:43:38.541   581   581 I SpiService: fgesysctrl_getGPIO_status success val=1
05-27 18:43:38.542   299 30841 D EvsDriver: Delivered 0xb400007b7ca56a60 as id 0
05-27 18:43:38.542  1167  1479 D evsmanagerd: /dev/video4 forwarded the buffer #0 to 0xb4000074bf5f6850 from 0xb4000074bf5f41d0
05-27 18:43:38.543   299  1163 D EvsDriver: doneWithFrame
05-27 18:43:38.544   536   760 I commservice260303: [mcuCommFunctionTcp::ProtocolCheckConnectTimeOutProc:613] keyID:256,tcpEvent:5,tcpcount:0,heartbeat:1,noHeartBeatNumber:0,endispatch:0,strState:0
05-27 18:43:38.544   536   760 D commservice260303: ProtocolCheckConnectTimeOutProc,629,clear heartbeat
05-27 18:43:38.545   299  1163 D EvsDriver: doneWithFrame
05-27 08:34:47.506   581   581 D spi_rst_gpio_get_output: GPIO 145 value: 1
05-27 08:34:47.506   581   581 D spidev_ioctl: gpio status=1)
05-27 18:43:38.547   581   581 I SpiService: fgesysctrl_getGPIO_status success val=0
05-27 18:43:38.548  1008 30856 D [OMXB]  : usingANWBuffer: handle:0xee741400, format:1, w:1920, h:1080
05-27 08:34:47.512   581   581 D spi_rst_gpio_get_output: GPIO 145 value: 0
05-27 08:34:47.512   581   581 D spidev_ioctl: gpio status=0)
05-27 18:43:38.556  1116  1135 I adbd    : jdwp connection from 31122
05-27 18:43:38.558 13911 14183 I SentryImuMcuAngleSender: 179.95795rollDeg
05-27 18:43:38.558 13911 14183 I SentryImuMcuAngleSender: 1,0,0
05-27 18:43:38.562   536   536 D commservice260303: msg.id = 1028,1
05-27 18:43:38.562   536   536 D commservice260303: i = 170, msgid = 8A000404
05-27 18:43:38.562   536   536 D commservice260303: msgid = -1979710460,did=138
05-27 18:43:38.562   536   536 D commservice260303: CommProtocolLibCmdBaseI2C::dataproc {"command":{"id":"imu_status","sub":""},"content":{"TimeStamp":10,"FrameCounter":245005,"GD_X":-0.01160607673227787,"GD_Y":0.0051151420921087265,"GD_Z":0.0020608289632946253,"AD_X":-0.004882395267486572,"AD_Y":0.004693449009209871,"AD_Z":-0.16825294494628906,"TempDsp":0,"Status":0,"CalibState":1,"SigAmpInvalid":0}},-1979710460
05-27 18:43:38.562   536   536 D commservice260303: send2Cluster len:316, 7B22636F6D6D616E64223A7B226964223A22696D755F737461747573222C22737562223A22227D2C22636F6E74656E74223A7B2254696D655374616D70223A31302C224672616D65436F756E746572223A3234353030352C2247445F58223A2D302E30313136303630373637333232373738372C2247445F59223A302E303035313135313432303932313038373236352C2247445F5A223A302E303032303630383238393633323934363235332C2241445F58223A2D302E3030343838323339353236373438363537322C2241445F59223A302E3030343639333434393030393230393837312C2241445F5A223A2D302E31363832353239343439343632383930362C2254656D70447370223A302C22537461747573223A302C2243616C69625374617465223A312C22536967416D70496E76616C6964223A307D7D, 138 
05-27 18:43:38.562   536   536 D commservice260303: Push Message into SendPool fn=1023214336
05-27 18:43:38.562   536   536 D commservice260303: ComProtocolLibSend2Cluster::send2ClusterRaw fn=1023214336 , len=332
05-27 18:43:38.562   536   536 D commservice260303: sendCmdToPort :332!!!
05-27 18:43:38.562   581   581 I SpiService: fgesysctrl_getGPIO_status success val=1
05-27 18:43:38.562   536   536 D commservice260303: send Cmd To Port ++++5AA501488A010003FD3C6A16CADA7B22636F6D6D616E64223A7B226964223A22696D755F737461747573222C22737562223A22227D2C22636F6E74656E74223A7B2254696D655374616D70223A31302C224672616D65436F756E746572223A3234353030352C2247445F58223A2D302E30313136303630373637333232373738372C2247445F59223A302E303035313135313432303932313038373236352C2247445F5A223A302E303032303630383238393633323934363235332C2241445F58223A2D302E3030343838323339353236373438363537322C2241445F59223A302E3030343639333434393030393230393837312C2241445F5A223A2D302E31363832353239343439343632383930362C2254656D70447370223A302C22537461747573223A302C2243616C69625374617465223A312C22536967416D70496E76616C6964223A307D7D441F
05-27 18:43:38.562   536   536 D commservice260303: bufferevent_write retrun value = 0
05-27 18:43:38.563 13911 14192 D Sentinelmode_1.2.5.17_sentry: <SentryImuClusterFgeSender>imu_status sent to Linux, frame=245005, tsNs=10485794, tsMs=10, intervalMs=41, ad=(-0.0048823953,0.004693449,-0.16825294), gd=(-0.011606077,0.005115142,0.002060829)
05-27 18:43:38.563   536   560 D commservice260303: client datas send succeed,send finish
05-27 08:34:47.527   581   581 D spi_rst_gpio_get_output: GPIO 145 value: 1
05-27 08:34:47.527   581   581 D spidev_ioctl: gpio status=1)
05-27 18:43:38.566   299 30844 D EvsDriver: forwardFrame
05-27 18:43:38.567  1008 30857 D [OMXB]  : usingANWBuffer: handle:0xee744160, format:1, w:1920, h:1080
05-27 18:43:38.567  1167  1479 D evsmanagerd: /dev/video6 forwarded the buffer #0 to 0xb4000074bf5f5510 from 0xb4000074bf5f6d90
05-27 18:43:38.568   581   581 I SpiService: fgesysctrl_getGPIO_status success val=1
05-27 18:43:38.569   299 30844 D EvsDriver: Delivered 0xb400007b7ca56900 as id 0
05-27 18:43:38.570   299  1163 D EvsDriver: doneWithFrame
05-27 18:43:38.571   566 11459 I gps_hdbd: nmea_cs <0> != calc_cs <b1>, return -1
05-27 08:34:47.532   581   581 D spi_rst_gpio_get_output: GPIO 145 value: 1
05-27 08:34:47.532   581   581 D spidev_ioctl: gpio status=1)
05-27 18:43:38.573   581   581 I SpiService: fgesysctrl_getGPIO_status success val=1
05-27 08:34:47.538   581   581 D spi_rst_gpio_get_output: GPIO 145 value: 1
05-27 08:34:47.538   581   581 D spidev_ioctl: gpio status=1)
05-27 18:43:38.577   299 30841 D EvsDriver: forwardFrame
05-27 18:43:38.578   566 11459 I gps_hdbd: nmea_cs <0> != calc_cs <95>, return -1
05-27 18:43:38.579 13911 14183 I SentryImuMcuAngleSender: 179.97548rollDeg
05-27 18:43:38.579 13911 14183 I SentryImuMcuAngleSender: 1,0,0
05-27 18:43:38.579   299 30841 D EvsDriver: Delivered 0xb400007b7ca56a60 as id 0
05-27 18:43:38.579  1167  1479 D evsmanagerd: /dev/video4 forwarded the buffer #0 to 0xb4000074bf5f6850 from 0xb4000074bf5f41d0
05-27 18:43:38.579   581   581 I SpiService: fgesysctrl_getGPIO_status success val=1
05-27 08:34:47.544   581   581 D spi_rst_gpio_get_output: GPIO 145 value: 1
05-27 08:34:47.544   581   581 D spidev_ioctl: gpio status=1)
05-27 18:43:38.582 31122 31122 W ziparchive: Unable to open '/system_ext/framework/unisoc-framework.dm': No such file or directory
05-27 18:43:38.582 31122 31122 W ziparchive: Unable to open '/system_ext/framework/unisoc-framework.dm': No such file or directory
05-27 18:43:38.582   299  1163 D EvsDriver: doneWithFrame
05-27 18:43:38.585 13911 14131 D SVR_MNG_SvrMngProxy: getServer: mSvrManger is null
05-27 18:43:38.585   581   581 I SpiService: fgesysctrl_getGPIO_status success val=1
05-27 18:43:38.585 13911 14131 D SVR_MNG_SvrMngProxy: getNewStub: 
05-27 18:43:38.585 13911 14131 D SVR_MNG_SvrMngProxy: getNewStub: getSvrManagerService start
05-27 18:43:38.586 13911 14131 D SVR_MNG_SvrMngProxy: getNewStub: getSvrManagerService end
05-27 18:43:38.587 13911 14131 D SVR_MNG_SvrMngProxy: getServer: svrMngService doesn't start
05-27 18:43:38.587  1008 30856 D [OMXB]  : usingANWBuffer: handle:0xee7404e0, format:1, w:1920, h:1080
05-27 18:43:38.588 10188  7589 I am_proc_bound: [0,31122,com.anwsdk.service:remote]
05-27 08:34:47.550   581   581 D spi_rst_gpio_get_output: GPIO 145 value: 1
05-27 08:34:47.550   581   581 D spidev_ioctl: gpio status=1)
05-27 18:43:38.590   581   581 I SpiService: fgesysctrl_getGPIO_status success val=0
05-27 08:34:47.555   581   581 D spi_rst_gpio_get_output: GPIO 145 value: 0
05-27 08:34:47.555   581   581 D spidev_ioctl: gpio status=0)
05-27 18:43:38.595 10188  7589 I am_create_service: [0,208025669,.anwbtservice,1000,31122]
05-27 18:43:38.596   566 11459 I gps_hdbd: nmea_cs <0> != calc_cs <d3>, return -1
05-27 18:43:38.599 13911 14183 I SentryImuMcuAngleSender: 179.97548rollDeg
05-27 18:43:38.599 13911 14183 I SentryImuMcuAngleSender: 1,0,0
05-27 18:43:38.600   299 30844 D EvsDriver: forwardFrame
05-27 18:43:38.602   536   536 D commservice260303: msg.id = 1028,0
05-27 18:43:38.602   299 30841 D EvsDriver: forwardFrame
05-27 18:43:38.602   536   536 D commservice260303: i = 170, msgid = 8A000404
05-27 18:43:38.602   536   536 D commservice260303: msgid = -1979710460,did=138
05-27 18:43:38.602   536   536 D commservice260303: CommProtocolLibCmdBaseI2C::dataproc {"command":{"id":"imu_status","sub":""},"content":{"TimeStamp":10,"FrameCounter":245006,"GD_X":-0.010537171736359596,"GD_Y":0.005420989356935024,"GD_Z":0.0019848872907459736,"AD_X":-0.0012256503105163574,"AD_Y":0.0016254822257906199,"AD_Z":-0.17191123962402344,"TempDsp":0,"Status":0,"CalibState":1,"SigAmpInvalid":0}},-1979710460
05-27 18:43:38.602   536   536 D commservice260303: send2Cluster len:318, 7B22636F6D6D616E64223A7B226964223A22696D755F737461747573222C22737562223A22227D2C22636F6E74656E74223A7B2254696D655374616D70223A31302C224672616D65436F756E746572223A3234353030362C2247445F58223A2D302E3031303533373137313733363335393539362C2247445F59223A302E3030353432303938393335363933353032342C2247445F5A223A302E303031393834383837323930373435393733362C2241445F58223A2D302E303031323235363530333130353136333537342C2241445F59223A302E303031363235343832323235373930363139392C2241445F5A223A2D302E31373139313132333936323430323334342C2254656D70447370223A302C22537461747573223A302C2243616C69625374617465223A312C22536967416D70496E76616C6964223A307D7D, 138 
05-27 18:43:38.602   536   536 D commservice260303: Push Message into SendPool fn=1039991552
05-27 18:43:38.602   536   536 D commservice260303: ComProtocolLibSend2Cluster::send2ClusterRaw fn=1039991552 , len=334
05-27 18:43:38.602   536   536 D commservice260303: sendCmdToPort :334!!!
05-27 18:43:38.602   536   536 D commservice260303: send Cmd To Port ++++5AA5014A8A010003FD3D6A16CADA7B22636F6D6D616E64223A7B226964223A22696D755F737461747573222C22737562223A22227D2C22636F6E74656E74223A7B2254696D655374616D70223A31302C224672616D65436F756E746572223A3234353030362C2247445F58223A2D302E3031303533373137313733363335393539362C2247445F59223A302E3030353432303938393335363933353032342C2247445F5A223A302E303031393834383837323930373435393733362C2241445F58223A2D302E303031323235363530333130353136333537342C2241445F59223A302E303031363235343832323235373930363139392C2241445F5A223A2D302E31373139313132333936323430323334342C2254656D70447370223A302C22537461747573223A302C2243616C69625374617465223A312C22536967416D70496E76616C6964223A307D7D266A
05-27 18:43:38.602 31122 31122 D CompatibilityChangeReporter: Compat change id reported: 171979766; UID 1000; state: ENABLED
05-27 18:43:38.603   536   536 D commservice260303: bufferevent_write retrun value = 0
05-27 18:43:38.603   536   560 D commservice260303: client datas send succeed,send finish
05-27 18:43:38.603 13911 14192 D Sentinelmode_1.2.5.17_sentry: <SentryImuClusterFgeSender>imu_status sent to Linux, frame=245006, tsNs=10485847, tsMs=10, intervalMs=41, ad=(-0.0012256503,0.0016254822,-0.17191124), gd=(-0.010537172,0.0054209894,0.0019848873)
05-27 18:43:38.604  1167  1479 D evsmanagerd: /dev/video6 forwarded the buffer #0 to 0xb4000074bf5f5510 from 0xb4000074bf5f6d90
05-27 18:43:38.604   299 30844 D EvsDriver: Delivered 0xb400007b7ca56900 as id 0
05-27 18:43:38.604 30773 30783 E dvr_service_: [myNum:1] Received S**** loss
05-27 08:34:47.569   581   581 D spi_rst_gpio_get_output: GPIO 145 value: 1
05-27 08:34:47.569   581   581 D spidev_ioctl: gpio status=1)
05-27 18:43:38.605  1167  1479 D evsmanagerd: /dev/video4 forwarded the buffer #0 to 0xb4000074bf5f6850 from 0xb4000074bf5f41d0
05-27 18:43:38.605   581   581 I SpiService: fgesysctrl_getGPIO_status success val=1
05-27 18:43:38.605   299  1163 D EvsDriver: doneWithFrame
05-27 18:43:38.605 30773 30783 E dvr_service_: [myNum:0] Received S**** loss
05-27 18:43:38.605   299 30841 D EvsDriver: Delivered 0xb400007b7ca56a60 as id 0
05-27 18:43:38.605   299  1163 D EvsDriver: doneWithFrame
05-27 18:43:38.610 31122 31122 D CompatibilityInfo: applyToConfigurationCompat inoutConfig.densityDpi= 160
05-27 18:43:38.610   581   581 I SpiService: fgesysctrl_getGPIO_status success val=1
05-27 08:34:47.575   581   581 D spi_rst_gpio_get_output: GPIO 145 value: 1
05-27 08:34:47.575   581   581 D spidev_ioctl: gpio status=1)
05-27 18:43:38.613  1008 30856 D [OMXB]  : usingANWBuffer: handle:0xee740590, format:1, w:1920, h:1080
05-27 18:43:38.614   566 11459 I gps_hdbd: nmea_cs <0> != calc_cs <bf>, return -1
05-27 18:43:38.615   572   622 I Sensors : 230 AccelSensor: x:-0.165920,y:0.003050,z:-9.976550
05-27 18:43:38.616   581   581 I SpiService: fgesysctrl_getGPIO_status success val=1
05-27 08:34:47.580   581   581 D spi_rst_gpio_get_output: GPIO 145 value: 1
05-27 08:34:47.580   581   581 D spidev_ioctl: gpio status=1)
05-27 18:43:38.619 13911 14183 I SentryImuMcuAngleSender: 179.98248rollDeg
05-27 18:43:38.620 13911 14183 I SentryImuMcuAngleSender: 1,0,0
05-27 18:43:38.621   581   581 I SpiService: fgesysctrl_getGPIO_status success val=1
05-27 08:34:47.586   581   581 D spi_rst_gpio_get_output: GPIO 145 value: 1
05-27 08:34:47.586   581   581 D spidev_ioctl: gpio status=1)
05-27 18:43:38.627   581   581 I SpiService: fgesysctrl_getGPIO_status success val=1
05-27 18:43:38.627  1008 30857 D [OMXB]  : usingANWBuffer: handle:0xee741e50, format:1, w:1920, h:1080
05-27 08:34:47.591   581   581 D spi_rst_gpio_get_output: GPIO 145 value: 1
05-27 08:34:47.591   581   581 D spidev_ioctl: gpio status=1)
05-27 18:43:38.631 31122 31122 D adservices: Registering AdServices's TopicsManager.
05-27 18:43:38.632   566 11459 I gps_hdbd: nmea_cs <0> != calc_cs <f9>, return -1
05-27 18:43:38.632   581   581 I SpiService: fgesysctrl_getGPIO_status success val=0
05-27 18:43:38.633   283   307 I rvcservice: t.code = 3, t.value = 0
05-27 08:34:47.597   581   581 D spidev_ioctl: gpio status=0)
05-27 18:43:38.635 31122 31122 D CompatibilityInfo: applyToConfigurationCompat inoutConfig.densityDpi= 160
05-27 18:43:38.638   299 30841 D EvsDriver: forwardFrame
05-27 18:43:38.639   299 30844 D EvsDriver: forwardFrame
05-27 18:43:38.640 13911 14183 I SentryImuMcuAngleSender: 179.986rollDeg
05-27 18:43:38.640 13911 14183 I SentryImuMcuAngleSender: 1,0,0
05-27 18:43:38.640   299 30841 D EvsDriver: Delivered 0xb400007b7ca56a60 as id 0
05-27 18:43:38.640  1167  1479 D evsmanagerd: /dev/video4 forwarded the buffer #0 to 0xb4000074bf5f6850 from 0xb4000074bf5f41d0
05-27 18:43:38.641   299 30844 D EvsDriver: Delivered 0xb400007b7ca56900 as id 0
05-27 18:43:38.641  1167  1479 D evsmanagerd: /dev/video6 forwarded the buffer #0 to 0xb4000074bf5f5510 from 0xb4000074bf5f6d90
05-27 08:34:47.612   581   581 D spi_rst_gpio_get_output: GPIO 145 value: 1
05-27 18:43:38.642   536   536 D commservice260303: msg.id = 1028,0
05-27 18:43:38.642   536   536 D commservice260303: i = 170, msgid = 8A000404
05-27 18:43:38.643   536   536 D commservice260303: msgid = -1979710460,did=138
05-27 18:43:38.643   536   536 D commservice260303: CommProtocolLibCmdBaseI2C::dataproc {"command":{"id":"imu_status","sub":""},"content":{"TimeStamp":10,"FrameCounter":245007,"GD_X":-0.010994902811944485,"GD_Y":0.004580949433147907,"GD_Z":0.0021378109231591225,"AD_X":-0.0012401491403579712,"AD_Y":-2.0558154210448265E-4,"AD_Z":-0.17069149017333984,"TempDsp":0,"Status":0,"CalibState":1,"SigAmpInvalid":0}},-1979710460
05-27 18:43:38.643   536   536 D commservice260303: send2Cluster len:319, 7B22636F6D6D616E64223A7B226964223A22696D755F737461747573222C22737562223A22227D2C22636F6E74656E74223A7B2254696D655374616D70223A31302C224672616D65436F756E746572223A3234353030372C2247445F58223A2D302E3031303939343930323831313934343438352C2247445F59223A302E3030343538303934393433333134373930372C2247445F5A223A302E303032313337383130393233313539313232352C2241445F58223A2D302E303031323430313439313430333537393731322C2241445F59223A2D322E30353538313534323130343438323635452D342C2241445F5A223A2D302E31373036393134393031373333333938342C2254656D70447370223A302C22537461747573223A302C2243616C69625374617465223A312C22536967416D70496E76616C6964223A307D7D, 138 
05-27 18:43:38.643   536   536 D commservice260303: Push Message into SendPool fn=1056768768
05-27 18:43:38.643   536   536 D commservice260303: ComProtocolLibSend2Cluster::send2ClusterRaw fn=1056768768 , len=335
05-27 18:43:38.643   536   536 D commservice260303: sendCmdToPort :335!!!
05-27 18:43:38.643   299  1163 D EvsDriver: doneWithFrame
05-27 18:43:38.644   536   536 D commservice260303: send Cmd To Port ++++5AA5014B8A010003FD3E6A16CADA7B22636F6D6D616E64223A7B226964223A22696D755F737461747573222C22737562223A22227D2C22636F6E74656E74223A7B2254696D655374616D70223A31302C224672616D65436F756E746572223A3234353030372C2247445F58223A2D302E3031303939343930323831313934343438352C2247445F59223A302E3030343538303934393433333134373930372C2247445F5A223A302E303032313337383130393233313539313232352C2241445F58223A2D302E303031323430313439313430333537393731322C2241445F59223A2D322E30353538313534323130343438323635452D342C2241445F5A223A2D302E31373036393134393031373333333938342C2254656D70447370223A302C22537461747573223A302C2243616C69625374617465223A312C22536967416D70496E76616C6964223A307D7DF2F3
05-27 18:43:38.644   536   536 D commservice260303: bufferevent_write retrun value = 0
05-27 18:43:38.645 13911 14192 D Sentinelmode_1.2.5.17_sentry: <SentryImuClusterFgeSender>imu_status sent to Linux, frame=245007, tsNs=10485883, tsMs=10, intervalMs=41, ad=(-0.0012401491,-2.0558154E-4,-0.17069149), gd=(-0.010994903,0.0045809494,0.002137811)
05-27 18:43:38.646   481   598 I mcuc    : rev,n=1,6AA681D336000A8900F60104093012345613
05-27 18:43:38.646  1121  1144 I tboxmids_ap: [2026-05-27 18:43:38.646] [MCU RX] src=MCU dst=ZMQ len=10 type=BINARY data=00 08 F6 01 04 09 30 12 34 56 
05-27 18:43:38.646   299  1163 D EvsDriver: doneWithFrame
05-27 18:43:38.646   351   373 D automotive.vehicle@2.0-adayo-datacomm-mcu: MCUDatacomm sendMessageFromVehicle prop: 0x89, areaId: 0x0, status: 0xf6, timestamp: 0x1
05-27 18:43:38.646  1008 30856 D [OMXB]  : usingANWBuffer: handle:0xee7454a0, format:1, w:1920, h:1080
05-27 18:43:38.646   536   560 D commservice260303: client datas send succeed,send finish
05-27 18:43:38.646   351   373 D automotive.vehicle@2.0-adayo-datacomm-mcu: MCUDatacomm 1sendMessageFromVehicle ---> type = 12 
05-27 18:43:38.647   581   581 I SpiService: fgesysctrl_getGPIO_status success val=1
05-27 18:43:38.649  1083  1083 I MyAppLog: [2026-05-27 18:43:38.648 I tboxap mcuCommTboxmidsRecvCb:97] [Mcu] [mcuCommTboxmidsRecvCb] recv from tboxmids, size:10
05-27 18:43:38.649  1083  1083 I MyAppLog: [2026-05-27 18:43:38.648 I tboxap mcuCommTboxmidsRecvCb:98] [Mcu] [tboxmids -> tboxap]: :00 08 F6 01 04 09 30 12 34 56
05-27 18:43:38.649  1083  1083 W MyAppLog: [2026-05-27 18:43:38.648 W tboxap mcuYadiFrameParse:852] [Mcu] [mcuYadiFrameParse] cmd:0930(MCU_REMOTE_CTRL_RSP_IND) payload too short:5 < 8
05-27 18:43:38.650  1083  1083 W MyAppLog: [2026-05-27 18:43:38.648 W tboxap mcuPtlParseData:982] [Mcu] [mcuPtlParseData] invalid yadi frame, len:10
05-27 18:43:38.651   566 11459 I gps_hdbd: nmea_cs <0> != calc_cs <b9>, return -1
05-27 18:43:38.653   581   581 I SpiService: fgesysctrl_getGPIO_status success val=1
05-27 18:43:38.654 10188  7589 I DexManager: com.anwsdk.service loads from null-0 : 0 : /system/framework/javax.obex.jar
05-27 18:43:38.654 10188  7589 I DexManager: Could not find owning package for dex file: /system/framework/javax.obex.jar
05-27 08:34:47.612   581   581 D spidev_ioctl: gpio status=1)
05-27 08:34:47.618   581   581 D spi_rst_gpio_get_output: GPIO 145 value: 1
05-27 08:34:47.618   581   581 D spidev_ioctl: gpio status=1)
05-27 08:34:47.624   581   581 D spi_rst_gpio_get_output: GPIO 145 value: 1
05-27 08:34:47.624   581   581 D spidev_ioctl: gpio status=1)
05-27 18:43:38.655   536   560 D commservice260303: recv len:77, 5AA50049060000003D626A16CADA7B22636F6D6D616E64223A7B226964223A226473695F6C7578222C22737562223A22227D2C22636F6E74656E74223A7B2276616C7565223A3230307D7DE619 from server
05-27 18:43:38.655   536  2578 D commservice260303: mcuDataAnalyzeHandle templen:77,len:77,pos:0, 5AA50049060000003D626A16CADA7B22636F6D6D616E64223A7B226964223A226473695F6C7578222C22737562223A22227D2C22636F6E74656E74223A7B2276616C7565223A3230307D7DE619 
05-27 18:43:38.655   536  2578 I commservice260303: checksumCal = 58905
05-27 18:43:38.655   536  2578 D commservice260303: CommProtocolLibCmdBaseC2I::dataproc {"command":{"id":"dsi_lux","sub":""},"content":{"value":200}},6
05-27 18:43:38.656   536  2578 D commservice260303: mcuCommMessageManager::notifyMsgToClient hwbinder OK
05-27 18:43:38.656   536  2578 D commservice260303: McuProtocolLibSend2Service::send2Service ret=1
05-27 18:43:38.656 12246 12440 D ivicomm_CommManager: fgeComServiceCallback: {"command":{"id":"dsi_lux","sub":""},"content":{"value":200}}
05-27 18:43:38.656 12246 12440 D ivicomm_CallbackManager: registerCallback DSI_LUX: {"value":200} mCommStateCallbackMap size:4
05-27 18:43:38.658 11579 11719 D NSLogUtils_VehicleService: L2A comm state: id=dsi_lux, value=200
05-27 18:43:38.659   581   581 I SpiService: fgesysctrl_getGPIO_status success val=1
05-27 18:43:38.660 11344  6590 D SystemUI_SystemSettingsControllerService: onCommState: commandID = dsi_lux; value = 200
05-27 18:43:38.660 13911 14183 I SentryImuMcuAngleSender: 179.97899rollDeg
05-27 18:43:38.660 13911 14183 I SentryImuMcuAngleSender: 1,0,0
05-27 18:43:38.662  1008 30857 D [OMXB]  : usingANWBuffer: handle:0xee7437c0, format:1, w:1920, h:1080
05-27 18:43:38.662 30773 30789 I dvr_service_: Camera 1: MediaOK:28431921, frames:670, isKeyFrame:0,pts:10485600573
05-27 18:43:38.665   581   581 I SpiService: fgesysctrl_getGPIO_status success val=1
05-27 18:43:38.666 31122 31122 W .service:remote: ClassLoaderContext shared library size mismatch. Expected=0, found=1 (PCL[] | PCL[]{PCL[/system/framework/javax.obex.jar*2267184930]})
05-27 18:43:38.668   566 11459 I gps_hdbd: nmea_cs <0> != calc_cs <9e>, return -1
05-27 08:34:47.629   581   581 D spi_rst_gpio_get_output: GPIO 145 value: 1
05-27 08:34:47.629   581   581 D spidev_ioctl: gpio status=1)
05-27 18:43:38.670   581   581 I SpiService: fgesysctrl_getGPIO_status success val=0
05-27 18:43:38.670   481   597 I mcuc    : send SPI:6AA602D336000289006A
05-27 08:34:47.635   581   581 D spi_rst_gpio_get_output: GPIO 145 value: 0
05-27 18:43:38.671   299 30841 D EvsDriver: forwardFrame
05-27 08:34:47.635   581   581 D spidev_ioctl: gpio status=0)
05-27 18:43:38.671   566 11459 I gps_hdbd: nmea_cs <0> != calc_cs <85>, return -1
05-27 18:43:38.672 10188  7589 I DexManager: com.anwsdk.service loads from com.anwsdk.service-1 : 0 : /system/app/BluetoothExt/BluetoothExt.apk
05-27 18:43:38.673   299 30844 D EvsDriver: forwardFrame
05-27 18:43:38.673   299 30841 D EvsDriver: Delivered 0xb400007b7ca56a60 as id 0
05-27 18:43:38.673  1167  1479 D evsmanagerd: /dev/video4 forwarded the buffer #0 to 0xb4000074bf5f6850 from 0xb4000074bf5f41d0
05-27 18:43:38.677  1167  1167 D evsmanagerd: /dev/video6 forwarded the buffer #0 to 0xb4000074bf5f5510 from 0xb4000074bf5f6d90
05-27 18:43:38.677   299 30844 D EvsDriver: Delivered 0xb400007b7ca56900 as id 0
05-27 18:43:38.678   299  1163 D EvsDriver: doneWithFrame
05-27 18:43:38.681   299  1163 D EvsDriver: doneWithFrame
05-27 18:43:38.683 13911 14183 I SentryImuMcuAngleSender: 179.98248rollDeg
05-27 18:43:38.683 13911 14183 I SentryImuMcuAngleSender: 1,0,0
05-27 18:43:38.683   536   536 D commservice260303: msg.id = 1028,1
05-27 18:43:38.683   536   536 D commservice260303: i = 170, msgid = 8A000404
05-27 18:43:38.683   536   536 D commservice260303: msgid = -1979710460,did=138
05-27 18:43:38.683   536   536 D commservice260303: CommProtocolLibCmdBaseI2C::dataproc {"command":{"id":"imu_status","sub":""},"content":{"TimeStamp":10,"FrameCounter":245008,"GD_X":-0.012139749713242054,"GD_Y":0.005573912989348173,"GD_Z":0.0019079053308814764,"AD_X":-0.002465978264808655,"AD_Y":4.0042842738330364E-4,"AD_Z":-0.16947174072265625,"TempDsp":0,"Status":0,"CalibState":1,"SigAmpInvalid":0}},-1979710460
05-27 18:43:38.683   536   536 D commservice260303: send2Cluster len:317, 7B22636F6D6D616E64223A7B226964223A22696D755F737461747573222C22737562223A22227D2C22636F6E74656E74223A7B2254696D655374616D70223A31302C224672616D65436F756E746572223A3234353030382C2247445F58223A2D302E3031323133393734393731333234323035342C2247445F59223A302E3030353537333931323938393334383137332C2247445F5A223A302E303031393037393035333330383831343736342C2241445F58223A2D302E3030323436353937383236343830383635352C2241445F59223A342E30303432383432373338333330333634452D342C2241445F5A223A2D302E31363934373137343037323236353632352C2254656D70447370223A302C22537461747573223A302C2243616C69625374617465223A312C22536967416D70496E76616C6964223A307D7D, 138 
05-27 18:43:38.683   536   536 D commservice260303: Push Message into SendPool fn=1073545984
05-27 18:43:38.683   536   536 D commservice260303: ComProtocolLibSend2Cluster::send2ClusterRaw fn=1073545984 , len=333
05-27 18:43:38.683   536   536 D commservice260303: sendCmdToPort :333!!!
05-27 18:43:38.684   536   536 D commservice260303: send Cmd To Port ++++5AA501498A010003FD3F6A16CADA7B22636F6D6D616E64223A7B226964223A22696D755F737461747573222C22737562223A22227D2C22636F6E74656E74223A7B2254696D655374616D70223A31302C224672616D65436F756E746572223A3234353030382C2247445F58223A2D302E3031323133393734393731333234323035342C2247445F59223A302E3030353537333931323938393334383137332C2247445F5A223A302E303031393037393035333330383831343736342C2241445F58223A2D302E3030323436353937383236343830383635352C2241445F59223A342E30303432383432373338333330333634452D342C2241445F5A223A2D302E31363934373137343037323236353632352C2254656D70447370223A302C22537461747573223A302C2243616C69625374617465223A312C22536967416D70496E76616C6964223A307D7DA27E
05-27 18:43:38.684   536   536 D commservice260303: bufferevent_write retrun value = 0
05-27 18:43:38.684   536   560 D commservice260303: client datas send succeed,send finish
05-27 18:43:38.684 13911 14192 D Sentinelmode_1.2.5.17_sentry: <SentryImuClusterFgeSender>imu_status sent to Linux, frame=245008, tsNs=10485919, tsMs=10, intervalMs=40, ad=(-0.0024659783,4.0042843E-4,-0.16947174), gd=(-0.01213975,0.005573913,0.0019079053)
05-27 18:43:38.685   566 11459 I gps_hdbd: nmea_cs <0> != calc_cs <4e>, return -1
05-27 18:43:38.685   581   581 I SpiService: fgesysctrl_getGPIO_status success val=1
05-27 18:43:38.688 31122 31122 D CompatibilityInfo: applyToConfigurationCompat inoutConfig.densityDpi= 160
05-27 08:34:47.650   581   581 D spi_rst_gpio_get_output: GPIO 145 value: 1
05-27 08:34:47.650   581   581 D spidev_ioctl: gpio status=1)
05-27 18:43:38.690  1008 30856 D [OMXB]  : usingANWBuffer: handle:0xee743190, format:1, w:1920, h:1080
05-27 18:43:38.691   581   581 I SpiService: fgesysctrl_getGPIO_status success val=1
05-27 08:34:47.656   581   581 D spi_rst_gpio_get_output: GPIO 145 value: 1
05-27 08:34:47.656   581   581 D spidev_ioctl: gpio status=1)
05-27 18:43:38.696 30773 30785 I dvr_service_: [EncoderHandler::runMediaThread] runMediaThread started:1,state:1, cam2:started:1,state:1, lastSwitch:1, mIsMuxerStart:1,format:0,is_str_ing:0
05-27 08:34:47.661   581   581 D spi_rst_gpio_get_output: GPIO 145 value: 1
05-27 08:34:47.661   581   581 D spidev_ioctl: gpio status=1)
05-27 18:43:38.697   581   581 I SpiService: fgesysctrl_getGPIO_status success val=1
05-27 18:43:38.698   299 30841 D EvsDriver: forwardFrame
05-27 18:43:38.700  1167  1167 D evsmanagerd: /dev/video4 forwarded the buffer #0 to 0xb4000074bf5f6850 from 0xb4000074bf5f41d0
05-27 18:43:38.700   299 30841 D EvsDriver: Delivered 0xb400007b7ca56a60 as id 0
05-27 08:34:47.667   581   581 D spi_rst_gpio_get_output: GPIO 145 value: 1
05-27 08:34:47.667   581   581 D spidev_ioctl: gpio status=1)
05-27 08:34:47.673   581   581 D spi_rst_gpio_get_output: GPIO 145 value: 1
05-27 08:34:47.673   581   581 D spidev_ioctl: gpio status=1)
05-27 18:43:38.702   581   581 I SpiService: fgesysctrl_getGPIO_status success val=1
05-27 18:43:38.703   299  1163 D EvsDriver: doneWithFrame
05-27 18:43:38.703   566 11459 I gps_hdbd: nmea_cs <0> != calc_cs <38>, return -1
05-27 18:43:38.703   572   622 I Sensors : 230 GyroSensor: x:-0.012522,y:0.006032,z:0.001985
05-27 18:43:38.703 13911 14183 I SentryImuMcuAngleSender: 179.986rollDeg
05-27 18:43:38.703 13911 14183 I SentryImuMcuAngleSender: 1,0,0
05-27 18:43:38.704   299 30844 D EvsDriver: forwardFrame
05-27 18:43:38.705   299 30844 D EvsDriver: Delivered 0xb400007b7ca56900 as id 0
05-27 18:43:38.706  1167  1167 D evsmanagerd: /dev/video6 forwarded the buffer #0 to 0xb4000074bf5f5510 from 0xb4000074bf5f6d90
05-27 18:43:38.706  1008 30857 D [OMXB]  : usingANWBuffer: handle:0xee7442c0, format:1, w:1920, h:1080
05-27 18:43:38.708   581   581 I SpiService: fgesysctrl_getGPIO_status success val=1
05-27 18:43:38.710   299  1163 D EvsDriver: doneWithFrame
05-27 18:43:38.714   581   581 I SpiService: fgesysctrl_getGPIO_status success val=0
05-27 08:34:47.679   581   581 D spi_rst_gpio_get_output: GPIO 145 value: 0
05-27 08:34:47.679   581   581 D spidev_ioctl: gpio status=0)
05-27 18:43:38.718 31122 31122 D libEGL  : <.service:remote>[setCacheFilename]: file=/data/user_de/0/com.anwsdk.service/code_cache/com.android.opengl.shaders_cache
05-27 18:43:38.721   566 11459 I gps_hdbd: nmea_cs <0> != calc_cs <50>, return -1
05-27 18:43:38.723   536   536 D commservice260303: msg.id = 1028,1
05-27 18:43:38.723   536   536 D commservice260303: i = 170, msgid = 8A000404
05-27 18:43:38.723   536   536 D commservice260303: msgid = -1979710460,did=138
05-27 18:43:38.723   536   536 D commservice260303: CommProtocolLibCmdBaseI2C::dataproc {"command":{"id":"imu_status","sub":""},"content":{"TimeStamp":10,"FrameCounter":245009,"GD_X":-0.01153013575822115,"GD_Y":0.005802778527140617,"GD_Z":0.0021378109231591225,"AD_X":-0.0012584030628204346,"AD_Y":0.0010080367792397738,"AD_Z":-0.16947174072265625,"TempDsp":0,"Status":0,"CalibState":1,"SigAmpInvalid":0}},-1979710460
05-27 18:43:38.723   536   536 D commservice260303: send2Cluster len:317, 7B22636F6D6D616E64223A7B226964223A22696D755F737461747573222C22737562223A22227D2C22636F6E74656E74223A7B2254696D655374616D70223A31302C224672616D65436F756E746572223A3234353030392C2247445F58223A2D302E30313135333031333537353832323131352C2247445F59223A302E3030353830323737383532373134303631372C2247445F5A223A302E303032313337383130393233313539313232352C2241445F58223A2D302E303031323538343033303632383230343334362C2241445F59223A302E303031303038303336373739323339373733382C2241445F5A223A2D302E31363934373137343037323236353632352C2254656D70447370223A302C22537461747573223A302C2243616C69625374617465223A312C22536967416D70496E76616C6964223A307D7D, 138 
05-27 18:43:38.723   536   536 D commservice260303: Push Message into SendPool fn=1090323200
05-27 18:43:38.723   536   536 D commservice260303: ComProtocolLibSend2Cluster::send2ClusterRaw fn=1090323200 , len=333
05-27 18:43:38.723   536   536 D commservice260303: sendCmdToPort :333!!!
05-27 18:43:38.723   536   536 D commservice260303: send Cmd To Port ++++5AA501498A010003FD406A16CADA7B22636F6D6D616E64223A7B226964223A22696D755F737461747573222C22737562223A22227D2C22636F6E74656E74223A7B2254696D655374616D70223A31302C224672616D65436F756E746572223A3234353030392C2247445F58223A2D302E30313135333031333537353832323131352C2247445F59223A302E3030353830323737383532373134303631372C2247445F5A223A302E303032313337383130393233313539313232352C2241445F58223A2D302E303031323538343033303632383230343334362C2241445F59223A302E303031303038303336373739323339373733382C2241445F5A223A2D302E31363934373137343037323236353632352C2254656D70447370223A302C22537461747573223A302C2243616C69625374617465223A312C22536967416D70496E76616C6964223A307D7D9F39
05-27 18:43:38.723   536   536 D commservice260303: bufferevent_write retrun value = 0
05-27 18:43:38.724   536   560 D commservice260303: client datas send succeed,send finish
05-27 18:43:38.724 13911 14192 D Sentinelmode_1.2.5.17_sentry: <SentryImuClusterFgeSender>imu_status sent to Linux, frame=245009, tsNs=10485972, tsMs=10, intervalMs=39, ad=(-0.0012584031,0.0010080368,-0.16947174), gd=(-0.011530136,0.0058027785,0.002137811)
05-27 18:43:38.724 13911 14183 I SentryImuMcuAngleSender: 179.97899rollDeg
05-27 18:43:38.724 13911 14183 I SentryImuMcuAngleSender: 1,0,0
05-27 18:43:38.724  1008 30856 D [OMXB]  : usingANWBuffer: handle:0xee741ae0, format:1, w:1920, h:1080
05-27 18:43:38.730   581   581 I SpiService: fgesysctrl_getGPIO_status success val=1
05-27 08:34:47.695   581   581 D spi_rst_gpio_get_output: GPIO 145 value: 1
05-27 08:34:47.695   581   581 D spidev_ioctl: gpio status=1)
05-27 08:34:47.697     0     0 W         : c6 [    C6] Irq_monitor:Irq                                           IPI[1]occur        7385 times interval 1028 ms
05-27 18:43:38.733   283   307 I rvcservice: t.code = 0, t.value = 4270
05-27 18:43:38.735   299 30841 D EvsDriver: forwardFrame
05-27 18:43:38.736   581   581 I SpiService: fgesysctrl_getGPIO_status success val=1
05-27 08:34:47.701   581   581 D spi_rst_gpio_get_output: GPIO 145 value: 1
05-27 08:34:47.701   581   581 D spidev_ioctl: gpio status=1)
05-27 18:43:38.737   299 30841 D EvsDriver: Delivered 0xb400007b7ca56a60 as id 0
05-27 18:43:38.737  1167  1167 D evsmanagerd: /dev/video4 forwarded the buffer #0 to 0xb4000074bf5f6850 from 0xb4000074bf5f41d0
05-27 18:43:38.739   566 11459 I gps_hdbd: nmea_cs <0> != calc_cs <c8>, return -1
05-27 18:43:38.739   299  1163 D EvsDriver: doneWithFrame
05-27 18:43:38.739 31122 31122 D NetworkSecurityConfig: No Network Security Config specified, using platform default
05-27 18:43:38.740   299 30844 D EvsDriver: forwardFrame
05-27 18:43:38.742   581   581 I SpiService: fgesysctrl_getGPIO_status success val=1
05-27 18:43:38.742 31122 31122 D NetworkSecurityConfig: No Network Security Config specified, using platform default
05-27 18:43:38.742   299 30844 D EvsDriver: Delivered 0xb400007b7ca56900 as id 0
05-27 18:43:38.743  1167  1167 D evsmanagerd: /dev/video6 forwarded the buffer #0 to 0xb4000074bf5f5510 from 0xb4000074bf5f6d90
05-27 08:34:47.707   581   581 D spi_rst_gpio_get_output: GPIO 145 value: 1
05-27 08:34:47.707   581   581 D spidev_ioctl: gpio status=1)
05-27 18:43:38.746 13911 14183 I SentryImuMcuAngleSender: 179.97899rollDeg
05-27 18:43:38.746 13911 14183 I SentryImuMcuAngleSender: 1,0,0
05-27 18:43:38.747  1008 30857 D [OMXB]  : usingANWBuffer: handle:0xee742530, format:1, w:1920, h:1080
05-27 18:43:38.748   299  1163 D EvsDriver: doneWithFrame
05-27 18:43:38.748   581   581 I SpiService: fgesysctrl_getGPIO_status success val=1
05-27 08:34:47.713   581   581 D spi_rst_gpio_get_output: GPIO 145 value: 1
05-27 08:34:47.713   581   581 D spidev_ioctl: gpio status=1)
05-27 18:43:38.752 13911 13911 I Sentinelmode_1.2.5.17_sentry: <SentinelCarServiceManager>sensorType:291504647
05-27 18:43:38.754   581   581 I SpiService: fgesysctrl_getGPIO_status success val=0
05-27 08:34:47.719   581   581 D spi_rst_gpio_get_output: GPIO 145 value: 0
05-27 08:34:47.719   581   581 D spidev_ioctl: gpio status=0)
05-27 18:43:38.757   566 11459 I gps_hdbd: nmea_cs <0> != calc_cs <72>, return -1
05-27 18:43:38.759  1008 30856 D [OMXB]  : usingANWBuffer: handle:0xee7439d0, format:1, w:1920, h:1080
05-27 18:43:38.765   536   536 D commservice260303: msg.id = 1028,0
05-27 18:43:38.765   536   536 D commservice260303: i = 170, msgid = 8A000404
05-27 18:43:38.765   536   536 D commservice260303: msgid = -1979710460,did=138
05-27 18:43:38.765   536   536 D commservice260303: CommProtocolLibCmdBaseI2C::dataproc {"command":{"id":"imu_status","sub":""},"content":{"TimeStamp":10,"FrameCounter":245010,"GD_X":-0.010841978713870049,"GD_Y":0.005039200186729431,"GD_Z":0.0022902146447449923,"AD_X":-0.002482175827026367,"AD_Y":-2.1351897157728672E-4,"AD_Z":-0.16947174072265625,"TempDsp":0,"Status":0,"CalibState":1,"SigAmpInvalid":0}},-1979710460
05-27 18:43:38.765   536   536 D commservice260303: send2Cluster len:318, 7B22636F6D6D616E64223A7B226964223A22696D755F737461747573222C22737562223A22227D2C22636F6E74656E74223A7B2254696D655374616D70223A31302C224672616D65436F756E746572223A3234353031302C2247445F58223A2D302E3031303834313937383731333837303034392C2247445F59223A302E3030353033393230303138363732393433312C2247445F5A223A302E303032323930323134363434373434393932332C2241445F58223A2D302E3030323438323137353832373032363336372C2241445F59223A2D322E31333531383937313537373238363732452D342C2241445F5A223A2D302E31363934373137343037323236353632352C2254656D70447370223A302C22537461747573223A302C2243616C69625374617465223A312C22536967416D70496E76616C6964223A307D7D, 138 
05-27 18:43:38.765   536   536 D commservice260303: Push Message into SendPool fn=1107100416
05-27 18:43:38.765   536   536 D commservice260303: ComProtocolLibSend2Cluster::send2ClusterRaw fn=1107100416 , len=334
05-27 18:43:38.765   536   536 D commservice260303: sendCmdToPort :334!!!
05-27 18:43:38.765   536   536 D commservice260303: send Cmd To Port ++++5AA5014A8A010003FD416A16CADA7B22636F6D6D616E64223A7B226964223A22696D755F737461747573222C22737562223A22227D2C22636F6E74656E74223A7B2254696D655374616D70223A31302C224672616D65436F756E746572223A3234353031302C2247445F58223A2D302E3031303834313937383731333837303034392C2247445F59223A302E3030353033393230303138363732393433312C2247445F5A223A302E303032323930323134363434373434393932332C2241445F58223A2D302E3030323438323137353832373032363336372C2241445F59223A2D322E31333531383937313537373238363732452D342C2241445F5A223A2D302E31363934373137343037323236353632352C2254656D70447370223A302C22537461747573223A302C2243616C69625374617465223A312C22536967416D70496E76616C6964223A307D7DC937
05-27 18:43:38.765   536   536 D commservice260303: bufferevent_write retrun value = 0
05-27 18:43:38.765   536   560 D commservice260303: client datas send succeed,send finish
05-27 18:43:38.765 13911 14192 D Sentinelmode_1.2.5.17_sentry: <SentryImuClusterFgeSender>imu_status sent to Linux, frame=245010, tsNs=10486008, tsMs=10, intervalMs=42, ad=(-0.0024821758,-2.1351897E-4,-0.16947174), gd=(-0.010841979,0.0050392,0.0022902146)
05-27 18:43:38.766 13911 14183 I SentryImuMcuAngleSender: 179.986rollDeg
05-27 18:43:38.766 13911 14183 I SentryImuMcuAngleSender: 1,0,0
05-27 18:43:38.770   581   581 I SpiService: fgesysctrl_getGPIO_status success val=1
05-27 18:43:38.770   299 30841 D EvsDriver: forwardFrame
05-27 18:43:38.772   566 11459 I gps_hdbd: nmea_cs <0> != calc_cs <71>, return -1
05-27 18:43:38.772   299 30841 D EvsDriver: Delivered 0xb400007b7ca56a60 as id 0
05-27 18:43:38.772  1167  1167 D evsmanagerd: /dev/video4 forwarded the buffer #0 to 0xb4000074bf5f6850 from 0xb4000074bf5f41d0
05-27 18:43:38.772 30773 30773 E dvr_service_: [myNum:0] Received S**** loss
05-27 18:43:38.772   299  1163 D EvsDriver: doneWithFrame
05-27 08:34:47.734   581   581 D spi_rst_gpio_get_output: GPIO 145 value: 1
05-27 08:34:47.734   581   581 D spidev_ioctl: gpio status=1)
05-27 18:43:38.775   566 11459 I gps_hdbd: nmea_cs <0> != calc_cs <9>, return -1
05-27 18:43:38.775   581   581 I SpiService: fgesysctrl_getGPIO_status success val=1
05-27 08:34:47.740   581   581 D spi_rst_gpio_get_output: GPIO 145 value: 1
05-27 08:34:47.740   581   581 D spidev_ioctl: gpio status=1)
05-27 18:43:38.778  1008 30857 D [OMXB]  : usingANWBuffer: handle:0xee740170, format:1, w:1920, h:1080
05-27 18:43:38.778   299 30844 D EvsDriver: forwardFrame
05-27 18:43:38.781   299 30844 D EvsDriver: Delivered 0xb400007b7ca56900 as id 0
05-27 18:43:38.781   581   581 I SpiService: fgesysctrl_getGPIO_status success val=1
05-27 18:43:38.781  1167  1167 D evsmanagerd: /dev/video6 forwarded the buffer #0 to 0xb4000074bf5f5510 from 0xb4000074bf5f6d90
05-27 18:43:38.781 30773 30773 E dvr_service_: [myNum:1] Received S**** loss
