05-27 18:43:40.773   351   516 D automotive.vehicle@2.0-adayo-func-bcm: BCMFunc sendMessageFromVehicle_l dataType: 12,mByte=12,propid=0x2140006d
05-27 18:43:40.773   351   516 D automotive.vehicle@2.0-adayo-func-bcm: BCMFunc sendMessageFromVehicle_l msgBuff[12]=0x40,start:0,len:6,temp:6,
05-27 18:43:40.773   299 30841 D EvsDriver: Delivered 0xb400007b7ca56a60 as id 0
05-27 18:43:40.773   351   516 D automotive.vehicle@2.0-adayo-func-bcm: BCMFunc sendMessageFromVehicle_l prop: 0x2140006d ,areaId: 0x0  SPLITE_BIT_DATA_INTEGER : 0
05-27 18:43:40.773   351   516 D automotive.vehicle@2.0-adayo-func-bcm: BCMFunc sendMessageFromVehicle_l id:557842541, area:0 not report! 
05-27 18:43:40.773   351   516 D automotive.vehicle@2.0-adayo-func-bcm: BCMFunc sendMessageFromVehicle_l dataType: 12,mByte=12,propid=0x2140006e
05-27 18:43:40.773   351   516 D automotive.vehicle@2.0-adayo-func-bcm: BCMFunc sendMessageFromVehicle_l msgBuff[12]=0x40,start:6,len:2,temp:2,
05-27 18:43:40.773   351   516 D automotive.vehicle@2.0-adayo-func-bcm: BCMFunc sendMessageFromVehicle_l prop: 0x2140006e ,areaId: 0x0  SPLITE_BIT_DATA_INTEGER : 1
05-27 18:43:40.773   351   516 D automotive.vehicle@2.0-adayo-func-bcm: BCMFunc sendMessageFromVehicle_l id:557842542, area:0 not report! 
05-27 18:43:40.773   351   516 D automotive.vehicle@2.0-adayo-func-bcm: BCMFunc sendMessageFromVehicle_l dataType: 12,mByte=16,propid=0x21600040
05-27 18:43:40.773   351   516 D automotive.vehicle@2.0-adayo-func-bcm: BCMFunc sendMessageFromVehicle_l msgBuff[16]=0x0,start:0,len:32,temp:8,
05-27 18:43:40.773   351   516 D automotive.vehicle@2.0-adayo-func-bcm: BCMFunc sendMessageFromVehicle_l msgBuff[15]=0x0,start:0,len:24,temp:8,
05-27 18:43:40.773   351   516 D automotive.vehicle@2.0-adayo-func-bcm: BCMFunc sendMessageFromVehicle_l msgBuff[14]=0x0,start:0,len:16,temp:8,
05-27 18:43:40.773   351   516 D automotive.vehicle@2.0-adayo-func-bcm: BCMFunc sendMessageFromVehicle_l msgBuff[13]=0x0,start:0,len:8,temp:8,
05-27 18:43:40.773   351   516 D automotive.vehicle@2.0-adayo-func-bcm: BCMFunc sendMessageFromVehicle_l prop: 0x21600040 , SPLITE_BIT_DATA_INTEGER1 data:0
05-27 18:43:40.773  1167  1167 D evsmanagerd: /dev/video4 forwarded the buffer #0 to 0xb4000074bf5f6850 from 0xb4000074bf5f41d0
05-27 18:43:40.773   351   516 D automotive.vehicle@2.0-adayo-func-bcm: BCMFunc sendMessageFromVehicle_l prop: 0x21600040 , SPLITE_BIT_DATA_INTEGER4 procotol.calc[0]:0.100000,procotol.calc[1]:0.000000
05-27 18:43:40.774 30773 30783 E dvr_service_: [myNum:0] Received S**** loss
05-27 18:43:40.774   299  1163 D EvsDriver: doneWithFrame
05-27 18:43:40.774   351   516 D automotive.vehicle@2.0-adayo-func-bcm: BCMFunc sendMessageFromVehicle_l prop: 0x21600040 ,areaId: 0x0  SPLITE_BIT_DATA_INTEGER : 0.000000,calc[0]:0.100000,calc[1]:0.000000
05-27 18:43:40.774   351   516 D automotive.vehicle@2.0-adayo-func-bcm: BCMFunc sendMessageFromVehicle_l id:559939648, area:0 not report! 
05-27 18:43:40.774   351   516 D automotive.vehicle@2.0-adayo-func-bcm: BCMFunc sendMessageFromVehicle_l dataType: 12,mByte=17,propid=0x2140006f
05-27 18:43:40.774   351   516 D automotive.vehicle@2.0-adayo-func-bcm: BCMFunc sendMessageFromVehicle_l msgBuff[17]=0x40,start:0,len:6,temp:6,
05-27 18:43:40.774   572   622 I Sensors : 230 AccelSensor: x:-0.168969,y:-0.000610,z:-9.978380
05-27 18:43:40.775   351   516 D automotive.vehicle@2.0-adayo-func-bcm: BCMFunc sendMessageFromVehicle_l prop: 0x2140006f ,areaId: 0x0  SPLITE_BIT_DATA_INTEGER : 0
05-27 18:43:40.775   351   516 D automotive.vehicle@2.0-adayo-func-bcm: BCMFunc sendMessageFromVehicle_l id:557842543, area:0 not report! 
05-27 18:43:40.775   351   516 D automotive.vehicle@2.0-adayo-func-bcm: BCMFunc sendMessageFromVehicle_l dataType: 12,mByte=17,propid=0x21400070
05-27 18:43:40.775   351   516 D automotive.vehicle@2.0-adayo-func-bcm: BCMFunc sendMessageFromVehicle_l msgBuff[17]=0x40,start:6,len:2,temp:2,
05-27 18:43:40.775   351   516 D automotive.vehicle@2.0-adayo-func-bcm: BCMFunc sendMessageFromVehicle_l prop: 0x21400070 ,areaId: 0x0  SPLITE_BIT_DATA_INTEGER : 1
05-27 18:43:40.775   351   516 D automotive.vehicle@2.0-adayo-func-bcm: BCMFunc sendMessageFromVehicle_l id:557842544, area:0 not report! 
05-27 18:43:40.775   351   516 D automotive.vehicle@2.0-adayo-func-bcm: BCMFunc sendMessageFromVehicle_l dataType: 12,mByte=21,propid=0x2160004c
05-27 18:43:40.775   351   516 D automotive.vehicle@2.0-adayo-func-bcm: BCMFunc sendMessageFromVehicle_l msgBuff[21]=0x35,start:0,len:32,temp:8,
05-27 18:43:40.775   351   516 D automotive.vehicle@2.0-adayo-func-bcm: BCMFunc sendMessageFromVehicle_l msgBuff[20]=0x5,start:0,len:24,temp:8,
05-27 18:43:40.775   351   516 D automotive.vehicle@2.0-adayo-func-bcm: BCMFunc sendMessageFromVehicle_l msgBuff[19]=0x0,start:0,len:16,temp:8,
05-27 18:43:40.775   351   516 D automotive.vehicle@2.0-adayo-func-bcm: BCMFunc sendMessageFromVehicle_l msgBuff[18]=0x0,start:0,len:8,temp:8,
05-27 18:43:40.775   351   516 D automotive.vehicle@2.0-adayo-func-bcm: BCMFunc sendMessageFromVehicle_l prop: 0x2160004c , SPLITE_BIT_DATA_INTEGER1 data:1333
05-27 18:43:40.775   351   516 D automotive.vehicle@2.0-adayo-func-bcm: BCMFunc sendMessageFromVehicle_l prop: 0x2160004c , SPLITE_BIT_DATA_INTEGER4 procotol.calc[0]:0.100000,procotol.calc[1]:0.000000
05-27 18:43:40.775   351   516 D automotive.vehicle@2.0-adayo-func-bcm: BCMFunc sendMessageFromVehicle_l prop: 0x2160004c ,areaId: 0x0  SPLITE_BIT_DATA_INTEGER : 133.300003,calc[0]:0.100000,calc[1]:0.000000
05-27 18:43:40.775   351   516 D automotive.vehicle@2.0-adayo-func-bcm: BCMFunc sendMessageFromVehicle_l id:559939660, area:0 not report! 
05-27 18:43:40.775   351   516 D automotive.vehicle@2.0-adayo-func-bcm: BCMFunc sendMessageFromVehicle_l dataType: 12,mByte=22,propid=0x21400071
05-27 18:43:40.775   351   516 D automotive.vehicle@2.0-adayo-func-bcm: BCMFunc sendMessageFromVehicle_l msgBuff[22]=0x40,start:0,len:6,temp:6,
05-27 18:43:40.775   351   516 D automotive.vehicle@2.0-adayo-func-bcm: BCMFunc sendMessageFromVehicle_l prop: 0x21400071 ,areaId: 0x0  SPLITE_BIT_DATA_INTEGER : 0
05-27 18:43:40.775   351   516 D automotive.vehicle@2.0-adayo-func-bcm: BCMFunc sendMessageFromVehicle_l id:557842545, area:0 not report! 
05-27 18:43:40.775   351   516 D automotive.vehicle@2.0-adayo-func-bcm: BCMFunc sendMessageFromVehicle_l dataType: 12,mByte=22,propid=0x21400072
05-27 18:43:40.775   351   516 D automotive.vehicle@2.0-adayo-func-bcm: BCMFunc sendMessageFromVehicle_l msgBuff[22]=0x40,start:6,len:2,temp:2,
05-27 18:43:40.775   351   516 D automotive.vehicle@2.0-adayo-func-bcm: BCMFunc sendMessageFromVehicle_l prop: 0x21400072 ,areaId: 0x0  SPLITE_BIT_DATA_INTEGER : 1
05-27 18:43:40.775   351   516 D automotive.vehicle@2.0-adayo-func-bcm: BCMFunc sendMessageFromVehicle_l id:557842546, area:0 not report! 
05-27 18:43:40.775   351   516 D automotive.vehicle@2.0-adayo-func-bcm: BCMFunc sendMessageFromVehicle_l dataType: 12,mByte=24,propid=0x21400050
05-27 18:43:40.775   351   516 D automotive.vehicle@2.0-adayo-func-bcm: BCMFunc sendMessageFromVehicle_l msgBuff[24]=0x0,start:0,len:16,temp:8,
05-27 18:43:40.775   351   516 D automotive.vehicle@2.0-adayo-func-bcm: BCMFunc sendMessageFromVehicle_l msgBuff[23]=0x0,start:0,len:8,temp:8,
05-27 18:43:40.775   351   516 D automotive.vehicle@2.0-adayo-func-bcm: BCMFunc sendMessageFromVehicle_l prop: 0x21400050 ,areaId: 0x0  SPLITE_BIT_DATA_INTEGER : 0
05-27 18:43:40.775   351   516 D automotive.vehicle@2.0-adayo-func-bcm: BCMFunc sendMessageFromVehicle_l id:557842512, area:0 not report! 
05-27 18:43:40.775   351   516 D automotive.vehicle@2.0-adayo-func-bcm: BCMFunc sendMessageFromVehicle_l dataType: 12,mByte=25,propid=0x21400051
05-27 18:43:40.776   351   516 D automotive.vehicle@2.0-adayo-func-bcm: BCMFunc sendMessageFromVehicle_l msgBuff[25]=0x0,start:0,len:8,temp:8,
05-27 18:43:40.776   351   516 D automotive.vehicle@2.0-adayo-func-bcm: BCMFunc sendMessageFromVehicle_l prop: 0x21400051 ,areaId: 0x0  SPLITE_BIT_DATA_INTEGER : 0
05-27 18:43:40.776   351   516 D automotive.vehicle@2.0-adayo-func-bcm: BCMFunc sendMessageFromVehicle_l id:557842513, area:0 not report! 
05-27 18:43:40.776   351   516 D automotive.vehicle@2.0-adayo-func-bcm: BCMFunc sendMessageFromVehicle_l dataType: 12,mByte=26,propid=0x21400052
05-27 18:43:40.776   351   516 D automotive.vehicle@2.0-adayo-func-bcm: BCMFunc sendMessageFromVehicle_l msgBuff[26]=0x0,start:0,len:8,temp:8,
05-27 18:43:40.776   351   516 D automotive.vehicle@2.0-adayo-func-bcm: BCMFunc sendMessageFromVehicle_l prop: 0x21400052 ,areaId: 0x0  SPLITE_BIT_DATA_INTEGER : 0
05-27 18:43:40.776   351   516 D automotive.vehicle@2.0-adayo-func-bcm: BCMFunc sendMessageFromVehicle_l id:557842514, area:0 not report! 
05-27 18:43:40.776   351   516 D automotive.vehicle@2.0-adayo-func-bcm: BCMFunc sendMessageFromVehicle_l dataType: 12,mByte=27,propid=0x21400073
05-27 18:43:40.776   351   516 D automotive.vehicle@2.0-adayo-func-bcm: BCMFunc sendMessageFromVehicle_l msgBuff[27]=0x40,start:0,len:6,temp:6,
05-27 18:43:40.776   351   516 D automotive.vehicle@2.0-adayo-func-bcm: BCMFunc sendMessageFromVehicle_l prop: 0x21400073 ,areaId: 0x0  SPLITE_BIT_DATA_INTEGER : 0
05-27 18:43:40.776   351   516 D automotive.vehicle@2.0-adayo-func-bcm: BCMFunc sendMessageFromVehicle_l id:557842547, area:0 not report! 
05-27 18:43:40.776   351   516 D automotive.vehicle@2.0-adayo-func-bcm: BCMFunc sendMessageFromVehicle_l dataType: 12,mByte=27,propid=0x21400074
05-27 18:43:40.776   351   516 D automotive.vehicle@2.0-adayo-func-bcm: BCMFunc sendMessageFromVehicle_l msgBuff[27]=0x40,start:6,len:2,temp:2,
05-27 18:43:40.776   351   516 D automotive.vehicle@2.0-adayo-func-bcm: BCMFunc sendMessageFromVehicle_l prop: 0x21400074 ,areaId: 0x0  SPLITE_BIT_DATA_INTEGER : 1
05-27 18:43:40.776   351   516 D automotive.vehicle@2.0-adayo-func-bcm: BCMFunc sendMessageFromVehicle_l id:557842548, area:0 not report! 
05-27 18:43:40.776   351   516 D automotive.vehicle@2.0-adayo-func-bcm: BCMFunc sendMessageFromVehicle_l dataType: 12,mByte=29,propid=0x21400053
05-27 18:43:40.776   351   516 D automotive.vehicle@2.0-adayo-func-bcm: BCMFunc sendMessageFromVehicle_l msgBuff[29]=0x59,start:0,len:16,temp:8,
05-27 18:43:40.776   351   516 D automotive.vehicle@2.0-adayo-func-bcm: BCMFunc sendMessageFromVehicle_l msgBuff[28]=0x0,start:0,len:8,temp:8,
05-27 18:43:40.776   351   516 D automotive.vehicle@2.0-adayo-func-bcm: BCMFunc sendMessageFromVehicle_l prop: 0x21400053 ,areaId: 0x0  SPLITE_BIT_DATA_INTEGER : 89
05-27 18:43:40.776   351   516 D automotive.vehicle@2.0-adayo-func-bcm: BCMFunc sendMessageFromVehicle_l id:557842515, area:0 not report! 
05-27 18:43:40.776   351   516 D automotive.vehicle@2.0-adayo-func-bcm: BCMFunc sendMessageFromVehicle_l dataType: 12,mByte=30,propid=0x21400054
05-27 18:43:40.776   351   516 D automotive.vehicle@2.0-adayo-func-bcm: BCMFunc sendMessageFromVehicle_l msgBuff[30]=0x23,start:0,len:8,temp:8,
05-27 18:43:40.776   351   516 D automotive.vehicle@2.0-adayo-func-bcm: BCMFunc sendMessageFromVehicle_l prop: 0x21400054 ,areaId: 0x0  SPLITE_BIT_DATA_INTEGER : 35
05-27 18:43:40.776   351   516 D automotive.vehicle@2.0-adayo-func-bcm: BCMFunc sendMessageFromVehicle_l id:557842516, area:0 not report! 
05-27 18:43:40.776   351   516 D automotive.vehicle@2.0-adayo-func-bcm: BCMFunc sendMessageFromVehicle_l dataType: 12,mByte=31,propid=0x21400055
05-27 18:43:40.776   351   516 D automotive.vehicle@2.0-adayo-func-bcm: BCMFunc sendMessageFromVehicle_l msgBuff[31]=0x1c,start:0,len:8,temp:8,
05-27 18:43:40.776   351   516 D automotive.vehicle@2.0-adayo-func-bcm: BCMFunc sendMessageFromVehicle_l prop: 0x21400055 ,areaId: 0x0  SPLITE_BIT_DATA_INTEGER : 28
05-27 18:43:40.776   351   516 D automotive.vehicle@2.0-adayo-func-bcm: BCMFunc sendMessageFromVehicle_l id:557842517, area:0 not report! 
05-27 18:43:40.776   351   516 D automotive.vehicle@2.0-adayo-func-bcm: BCMFunc sendMessageFromVehicle_l dataType: 12,mByte=32,propid=0x21400075
05-27 18:43:40.776   351   516 D automotive.vehicle@2.0-adayo-func-bcm: BCMFunc sendMessageFromVehicle_l msgBuff[32]=0x40,start:0,len:6,temp:6,
05-27 18:43:40.776   351   516 D automotive.vehicle@2.0-adayo-func-bcm: BCMFunc sendMessageFromVehicle_l prop: 0x21400075 ,areaId: 0x0  SPLITE_BIT_DATA_INTEGER : 0
05-27 18:43:40.776   351   516 D automotive.vehicle@2.0-adayo-func-bcm: BCMFunc sendMessageFromVehicle_l id:557842549, area:0 not report! 
05-27 18:43:40.776   351   516 D automotive.vehicle@2.0-adayo-func-bcm: BCMFunc sendMessageFromVehicle_l dataType: 12,mByte=32,propid=0x21400076
05-27 18:43:40.776   351   516 D automotive.vehicle@2.0-adayo-func-bcm: BCMFunc sendMessageFromVehicle_l msgBuff[32]=0x40,start:6,len:2,temp:2,
05-27 18:43:40.776   351   516 D automotive.vehicle@2.0-adayo-func-bcm: BCMFunc sendMessageFromVehicle_l prop: 0x21400076 ,areaId: 0x0  SPLITE_BIT_DATA_INTEGER : 1
05-27 18:43:40.776   351   516 D automotive.vehicle@2.0-adayo-func-bcm: BCMFunc sendMessageFromVehicle_l id:557842550, area:0 not report! 
05-27 18:43:40.776   351   516 D automotive.vehicle@2.0-adayo-func-bcm: BCMFunc sendMessageFromVehicle_l dataType: 12,mByte=34,propid=0x2140004b
05-27 18:43:40.776   351   516 D automotive.vehicle@2.0-adayo-func-bcm: BCMFunc sendMessageFromVehicle_l msgBuff[34]=0x0,start:0,len:16,temp:8,
05-27 18:43:40.776   351   516 D automotive.vehicle@2.0-adayo-func-bcm: BCMFunc sendMessageFromVehicle_l msgBuff[33]=0x0,start:0,len:8,temp:8,
05-27 18:43:40.776   351   516 D automotive.vehicle@2.0-adayo-func-bcm: BCMFunc sendMessageFromVehicle_l prop: 0x2140004b ,areaId: 0x0  SPLITE_BIT_DATA_INTEGER : 0
05-27 18:43:40.776   351   516 D automotive.vehicle@2.0-adayo-func-bcm: BCMFunc sendMessageFromVehicle_l id:557842507, area:0 not report! 
05-27 18:43:40.776   351   516 D automotive.vehicle@2.0-adayo-func-bcm: BCMFunc sendMessageFromVehicle_l dataType: 12,mByte=35,propid=0x21400077
05-27 18:43:40.777   351   516 D automotive.vehicle@2.0-adayo-func-bcm: BCMFunc sendMessageFromVehicle_l msgBuff[35]=0x40,start:0,len:6,temp:6,
05-27 18:43:40.777   351   516 D automotive.vehicle@2.0-adayo-func-bcm: BCMFunc sendMessageFromVehicle_l prop: 0x21400077 ,areaId: 0x0  SPLITE_BIT_DATA_INTEGER : 0
05-27 18:43:40.777   351   516 D automotive.vehicle@2.0-adayo-func-bcm: BCMFunc sendMessageFromVehicle_l id:557842551, area:0 not report! 
05-27 18:43:40.777   351   516 D automotive.vehicle@2.0-adayo-func-bcm: BCMFunc sendMessageFromVehicle_l dataType: 12,mByte=35,propid=0x21400078
05-27 18:43:40.777   351   516 D automotive.vehicle@2.0-adayo-func-bcm: BCMFunc sendMessageFromVehicle_l msgBuff[35]=0x40,start:6,len:2,temp:2,
05-27 18:43:40.777   351   516 D automotive.vehicle@2.0-adayo-func-bcm: BCMFunc sendMessageFromVehicle_l prop: 0x21400078 ,areaId: 0x0  SPLITE_BIT_DATA_INTEGER : 1
05-27 18:43:40.777   351   516 D automotive.vehicle@2.0-adayo-func-bcm: BCMFunc sendMessageFromVehicle_l id:557842552, area:0 not report! 
05-27 18:43:40.777   351   516 D automotive.vehicle@2.0-adayo-func-bcm: BCMFunc sendMessageFromVehicle_l dataType: 12,mByte=37,propid=0x2140004c
05-27 18:43:40.777   351   516 D automotive.vehicle@2.0-adayo-func-bcm: BCMFunc sendMessageFromVehicle_l msgBuff[37]=0x0,start:0,len:16,temp:8,
05-27 18:43:40.777   351   516 D automotive.vehicle@2.0-adayo-func-bcm: BCMFunc sendMessageFromVehicle_l msgBuff[36]=0x0,start:0,len:8,temp:8,
05-27 18:43:40.777   351   516 D automotive.vehicle@2.0-adayo-func-bcm: BCMFunc sendMessageFromVehicle_l prop: 0x2140004c ,areaId: 0x0  SPLITE_BIT_DATA_INTEGER : 0
05-27 18:43:40.777   351   516 D automotive.vehicle@2.0-adayo-func-bcm: BCMFunc sendMessageFromVehicle_l id:557842508, area:0 not report! 
05-27 18:43:40.777   351   516 D automotive.vehicle@2.0-adayo-func-bcm: BCMFunc sendMessageFromVehicle_l dataType: 12,mByte=38,propid=0x2140009b
05-27 18:43:40.777   351   516 D automotive.vehicle@2.0-adayo-func-bcm: BCMFunc sendMessageFromVehicle_l msgBuff[38]=0x0,start:0,len:8,temp:8,
05-27 18:43:40.777   351   516 D automotive.vehicle@2.0-adayo-func-bcm: BCMFunc sendMessageFromVehicle_l prop: 0x2140009b ,areaId: 0x0  SPLITE_BIT_DATA_INTEGER : 0
05-27 18:43:40.777   351   516 D automotive.vehicle@2.0-adayo-func-bcm: BCMFunc sendMessageFromVehicle_l id:557842587, area:0 not report! 
05-27 18:43:40.777   351   516 D automotive.vehicle@2.0-adayo-func-bcm: BCMFunc sendMessageFromVehicle_l dataType: 12,mByte=39,propid=0x2140009c
05-27 18:43:40.777   351   516 D automotive.vehicle@2.0-adayo-func-bcm: BCMFunc sendMessageFromVehicle_l msgBuff[39]=0x0,start:0,len:8,temp:8,
05-27 18:43:40.777   351   516 D automotive.vehicle@2.0-adayo-func-bcm: BCMFunc sendMessageFromVehicle_l prop: 0x2140009c ,areaId: 0x0  SPLITE_BIT_DATA_INTEGER : 0
05-27 18:43:40.777   351   516 D automotive.vehicle@2.0-adayo-func-bcm: BCMFunc sendMessageFromVehicle_l id:557842588, area:0 not report! 
05-27 18:43:40.777   351   516 D automotive.vehicle@2.0-adayo-func-bcm: BCMFunc sendMessageFromVehicle_l dataType: 12,mByte=40,propid=0x2140009d
05-27 18:43:40.777   351   516 D automotive.vehicle@2.0-adayo-func-bcm: BCMFunc sendMessageFromVehicle_l msgBuff[40]=0x0,start:0,len:8,temp:8,
05-27 18:43:40.777   351   516 D automotive.vehicle@2.0-adayo-func-bcm: BCMFunc sendMessageFromVehicle_l prop: 0x2140009d ,areaId: 0x0  SPLITE_BIT_DATA_INTEGER : 0
05-27 18:43:40.777   351   516 D automotive.vehicle@2.0-adayo-func-bcm: BCMFunc sendMessageFromVehicle_l id:557842589, area:0 not report! 
05-27 18:43:40.777   351   516 D automotive.vehicle@2.0-adayo-func-bcm: BCMFunc sendMessageFromVehicle_l dataType: 12,mByte=41,propid=0x2140009e
05-27 18:43:40.777   351   516 D automotive.vehicle@2.0-adayo-func-bcm: BCMFunc sendMessageFromVehicle_l msgBuff[41]=0x0,start:0,len:8,temp:8,
05-27 18:43:40.777   581   581 I SpiService: fgesysctrl_getGPIO_status success val=1
05-27 18:43:40.777   351   516 D automotive.vehicle@2.0-adayo-func-bcm: BCMFunc sendMessageFromVehicle_l prop: 0x2140009e ,areaId: 0x0  SPLITE_BIT_DATA_INTEGER : 0
05-27 18:43:40.777   351   516 D automotive.vehicle@2.0-adayo-func-bcm: BCMFunc sendMessageFromVehicle_l id:557842590, area:0 not report! 
05-27 18:43:40.777   351   516 D automotive.vehicle@2.0-adayo-func-bcm: BCMFunc sendMessageFromVehicle_l dataType: 12,mByte=43,propid=0x2160009f
05-27 18:43:40.777   351   516 D automotive.vehicle@2.0-adayo-func-bcm: BCMFunc sendMessageFromVehicle_l msgBuff[43]=0x0,start:0,len:16,temp:8,
05-27 18:43:40.777   351   516 D automotive.vehicle@2.0-adayo-func-bcm: BCMFunc sendMessageFromVehicle_l msgBuff[42]=0x0,start:0,len:8,temp:8,
05-27 18:43:40.777   351   516 D automotive.vehicle@2.0-adayo-func-bcm: BCMFunc sendMessageFromVehicle_l prop: 0x2160009f , SPLITE_BIT_DATA_INTEGER1 data:0
05-27 18:43:40.777   351   516 D automotive.vehicle@2.0-adayo-func-bcm: BCMFunc sendMessageFromVehicle_l prop: 0x2160009f , SPLITE_BIT_DATA_INTEGER4 procotol.calc[0]:0.100000,procotol.calc[1]:0.000000
05-27 18:43:40.777   351   516 D automotive.vehicle@2.0-adayo-func-bcm: BCMFunc sendMessageFromVehicle_l prop: 0x2160009f ,areaId: 0x0  SPLITE_BIT_DATA_INTEGER : 0.000000,calc[0]:0.100000,calc[1]:0.000000
05-27 18:43:40.777   351   516 D automotive.vehicle@2.0-adayo-func-bcm: BCMFunc sendMessageFromVehicle_l id:559939743, area:0 not report! 
05-27 18:43:40.777   351   516 D automotive.vehicle@2.0-adayo-func-bcm: BCMFunc sendMessageFromVehicle_l dataType: 12,mByte=45,propid=0x216000f3
05-27 18:43:40.777   351   516 D automotive.vehicle@2.0-adayo-func-bcm: BCMFunc sendMessageFromVehicle_l msgBuff[45]=0x0,start:0,len:16,temp:8,
05-27 18:43:40.777   351   516 D automotive.vehicle@2.0-adayo-func-bcm: BCMFunc sendMessageFromVehicle_l msgBuff[44]=0x0,start:0,len:8,temp:8,
05-27 18:43:40.777   351   516 D automotive.vehicle@2.0-adayo-func-bcm: BCMFunc sendMessageFromVehicle_l prop: 0x216000f3 , SPLITE_BIT_DATA_INTEGER1 data:0
05-27 18:43:40.777   351   516 D automotive.vehicle@2.0-adayo-func-bcm: BCMFunc sendMessageFromVehicle_l prop: 0x216000f3 , SPLITE_BIT_DATA_INTEGER4 procotol.calc[0]:0.100000,procotol.calc[1]:0.000000
05-27 18:43:40.777   351   516 D automotive.vehicle@2.0-adayo-func-bcm: BCMFunc sendMessageFromVehicle_l prop: 0x216000f3 ,areaId: 0x0  SPLITE_BIT_DATA_INTEGER : 0.000000,calc[0]:0.100000,calc[1]:0.000000
05-27 18:43:40.777   351   516 D automotive.vehicle@2.0-adayo-func-bcm: BCMFunc sendMessageFromVehicle_l id:559939827, area:0 not report! 
05-27 18:43:40.777   351   516 D automotive.vehicle@2.0-adayo-func-bcm: BCMFunc sendMessageFromVehicle_l dataType: 12,mByte=47,propid=0x214000f4
05-27 18:43:40.777   351   516 D automotive.vehicle@2.0-adayo-func-bcm: BCMFunc sendMessageFromVehicle_l msgBuff[47]=0x0,start:0,len:16,temp:8,
05-27 18:43:40.778   351   516 D automotive.vehicle@2.0-adayo-func-bcm: BCMFunc sendMessageFromVehicle_l msgBuff[46]=0x0,start:0,len:8,temp:8,
05-27 18:43:40.778   351   516 D automotive.vehicle@2.0-adayo-func-bcm: BCMFunc sendMessageFromVehicle_l prop: 0x214000f4 ,areaId: 0x0  SPLITE_BIT_DATA_INTEGER : 0
05-27 18:43:40.778   351   516 D automotive.vehicle@2.0-adayo-func-bcm: BCMFunc sendMessageFromVehicle_l id:557842676, area:0 not report! 
05-27 18:43:40.778   351   516 D automotive.vehicle@2.0-adayo-func-bcm: BCMFunc sendMessageFromVehicle_l dataType: 12,mByte=48,propid=0x214000fe
05-27 18:43:40.778   351   516 D automotive.vehicle@2.0-adayo-func-bcm: BCMFunc sendMessageFromVehicle_l msgBuff[48]=0x0,start:0,len:8,temp:8,
05-27 18:43:40.778   351   516 D automotive.vehicle@2.0-adayo-func-bcm: BCMFunc sendMessageFromVehicle_l prop: 0x214000fe ,areaId: 0x0  SPLITE_BIT_DATA_INTEGER : 0
05-27 18:43:40.778   351   516 D automotive.vehicle@2.0-adayo-func-bcm: BCMFunc sendMessageFromVehicle_l id:557842686, area:0 not report! 
05-27 18:43:40.778   351   516 D automotive.vehicle@2.0-adayo-func-bcm: BCMFunc sendMessageFromVehicle_l dataType: 12,mByte=49,propid=0x21400100
05-27 18:43:40.778   351   516 D automotive.vehicle@2.0-adayo-func-bcm: BCMFunc sendMessageFromVehicle_l msgBuff[49]=0x0,start:0,len:8,temp:8,
05-27 18:43:40.778   351   516 D automotive.vehicle@2.0-adayo-func-bcm: BCMFunc sendMessageFromVehicle_l prop: 0x21400100 ,areaId: 0x0  SPLITE_BIT_DATA_INTEGER : 0
05-27 18:43:40.778   351   516 D automotive.vehicle@2.0-adayo-func-bcm: BCMFunc sendMessageFromVehicle_l id:557842688, area:0 not report! 
05-27 18:43:40.778   351   516 D automotive.vehicle@2.0-adayo-func-bcm: BCMFunc sendMessageFromVehicle_l dataType: 12,mByte=50,propid=0x214000fa
05-27 18:43:40.778   351   516 D automotive.vehicle@2.0-adayo-func-bcm: BCMFunc sendMessageFromVehicle_l msgBuff[50]=0x0,start:0,len:8,temp:8,
05-27 18:43:40.778   351   516 D automotive.vehicle@2.0-adayo-func-bcm: BCMFunc sendMessageFromVehicle_l prop: 0x214000fa ,areaId: 0x0  SPLITE_BIT_DATA_INTEGER : 0
05-27 18:43:40.778   351   516 D automotive.vehicle@2.0-adayo-func-bcm: BCMFunc sendMessageFromVehicle_l id:557842682, area:0 not report! 
05-27 18:43:40.778   351   516 D automotive.vehicle@2.0-adayo-func-bcm: BCMFunc sendMessageFromVehicle_l dataType: 12,mByte=51,propid=0x214000fb
05-27 18:43:40.778   351   516 D automotive.vehicle@2.0-adayo-func-bcm: BCMFunc sendMessageFromVehicle_l msgBuff[51]=0x0,start:0,len:8,temp:8,
05-27 18:43:40.778   351   516 D automotive.vehicle@2.0-adayo-func-bcm: BCMFunc sendMessageFromVehicle_l prop: 0x214000fb ,areaId: 0x0  SPLITE_BIT_DATA_INTEGER : 0
05-27 18:43:40.778   351   516 D automotive.vehicle@2.0-adayo-func-bcm: BCMFunc sendMessageFromVehicle_l id:557842683, area:0 not report! 
05-27 18:43:40.778   351   516 D automotive.vehicle@2.0-adayo-func-bcm: BCMFunc sendMessageFromVehicle_l dataType: 12,mByte=52,propid=0x214000fc
05-27 18:43:40.778   351   516 D automotive.vehicle@2.0-adayo-func-bcm: BCMFunc sendMessageFromVehicle_l msgBuff[52]=0x0,start:0,len:8,temp:8,
05-27 18:43:40.778   351   516 D automotive.vehicle@2.0-adayo-func-bcm: BCMFunc sendMessageFromVehicle_l prop: 0x214000fc ,areaId: 0x0  SPLITE_BIT_DATA_INTEGER : 0
05-27 18:43:40.778   351   516 D automotive.vehicle@2.0-adayo-func-bcm: BCMFunc sendMessageFromVehicle_l id:557842684, area:0 not report! 
05-27 18:43:40.778   351   516 D automotive.vehicle@2.0-adayo-func-bcm: BCMFunc sendMessageFromVehicle_l dataType: 12,mByte=53,propid=0x21400106
05-27 18:43:40.778   351   516 D automotive.vehicle@2.0-adayo-func-bcm: BCMFunc sendMessageFromVehicle_l msgBuff[53]=0x1,start:0,len:8,temp:8,
05-27 18:43:40.778   351   516 D automotive.vehicle@2.0-adayo-func-bcm: BCMFunc sendMessageFromVehicle_l prop: 0x21400106 ,areaId: 0x0  SPLITE_BIT_DATA_INTEGER : 1
05-27 18:43:40.778   351   516 D automotive.vehicle@2.0-adayo-func-bcm: BCMFunc sendMessageFromVehicle_l id:557842694, area:0 not report! 
05-27 08:34:49.742   581   581 D spi_rst_gpio_get_output: GPIO 145 value: 1
05-27 08:34:49.742   581   581 D spidev_ioctl: gpio status=1)
05-27 08:34:49.745     0     0 W         : c6 [    C6] Irq_monitor:Irq                                           IPI[1]occur        7930 times interval 1024 ms
05-27 18:43:40.781 13911 14183 I SentryImuMcuAngleSender: -179.99649rollDeg
05-27 18:43:40.781 13911 14183 I SentryImuMcuAngleSender: 1,0,0
05-27 18:43:40.781  1008 30856 D [OMXB]  : usingANWBuffer: handle:0xee742060, format:1, w:1920, h:1080
05-27 18:43:40.783   581   581 I SpiService: fgesysctrl_getGPIO_status success val=1
05-27 08:34:49.747   581   581 D spi_rst_gpio_get_output: GPIO 145 value: 1
05-27 08:34:49.747   581   581 D spidev_ioctl: gpio status=1)
05-27 18:43:40.789   581   581 I SpiService: fgesysctrl_getGPIO_status success val=1
05-27 08:34:49.753   581   581 D spi_rst_gpio_get_output: GPIO 145 value: 1
05-27 18:43:40.789 15863 15863 D AIN-NaviLocationPresenter: ACC is OFF, skip upload location
05-27 08:34:49.753   581   581 D spidev_ioctl: gpio status=1)
05-27 18:43:40.789   536   536 D commservice260303: msg.id = 1028,1
05-27 18:43:40.789   536   536 D commservice260303: i = 170, msgid = 8A000404
05-27 18:43:40.789   536   536 D commservice260303: msgid = -1979710460,did=138
05-27 18:43:40.789   536   536 D commservice260303: CommProtocolLibCmdBaseI2C::dataproc {"command":{"id":"imu_status","sub":""},"content":{"TimeStamp":10,"FrameCounter":245060,"GD_X":-0.011070843786001205,"GD_Y":0.005573912989348173,"GD_Z":0.0020608289632946253,"AD_X":-0.0029419511556625366,"AD_Y":-0.0030552148818969727,"AD_Z":-0.17313194274902344,"TempDsp":0,"Status":0,"CalibState":1,"SigAmpInvalid":0}},-1979710460
05-27 18:43:40.789   536   536 D commservice260303: send2Cluster len:319, 7B22636F6D6D616E64223A7B226964223A22696D755F737461747573222C22737562223A22227D2C22636F6E74656E74223A7B2254696D655374616D70223A31302C224672616D65436F756E746572223A3234353036302C2247445F58223A2D302E3031313037303834333738363030313230352C2247445F59223A302E3030353537333931323938393334383137332C2247445F5A223A302E303032303630383238393633323934363235332C2241445F58223A2D302E303032393431393531313535363632353336362C2241445F59223A2D302E303033303535323134383831383936393732372C2241445F5A223A2D302E31373331333139343237343930323334342C2254656D70447370223A302C22537461747573223A302C2243616C69625374617465223A312C22536967416D70496E76616C6964223A307D7D, 138 
05-27 18:43:40.789   536   536 D commservice260303: Push Message into SendPool fn=1962738432
05-27 18:43:40.789   536   536 D commservice260303: ComProtocolLibSend2Cluster::send2ClusterRaw fn=1962738432 , len=335
05-27 18:43:40.790   536   536 D commservice260303: sendCmdToPort :335!!!
05-27 18:43:40.790   536   536 D commservice260303: send Cmd To Port ++++5AA5014B8A010003FD746A16CADC7B22636F6D6D616E64223A7B226964223A22696D755F737461747573222C22737562223A22227D2C22636F6E74656E74223A7B2254696D655374616D70223A31302C224672616D65436F756E746572223A3234353036302C2247445F58223A2D302E3031313037303834333738363030313230352C2247445F59223A302E3030353537333931323938393334383137332C2247445F5A223A302E303032303630383238393633323934363235332C2241445F58223A2D302E303032393431393531313535363632353336362C2241445F59223A2D302E303033303535323134383831383936393732372C2241445F5A223A2D302E31373331333139343237343930323334342C2254656D70447370223A302C22537461747573223A302C2243616C69625374617465223A312C22536967416D70496E76616C6964223A307D7D499F
05-27 18:43:40.790   536   536 D commservice260303: bufferevent_write retrun value = 0
05-27 18:43:40.790   536   560 D commservice260303: client datas send succeed,send finish
05-27 18:43:40.790 13911 14192 D Sentinelmode_1.2.5.17_sentry: <SentryImuClusterFgeSender>imu_status sent to Linux, frame=245060, tsNs=10488025, tsMs=10, intervalMs=41, ad=(-0.0029419512,-0.0030552149,-0.17313194), gd=(-0.011070844,0.005573913,0.002060829)
05-27 18:43:40.794   581   581 I SpiService: fgesysctrl_getGPIO_status success val=1
05-27 18:43:40.797  1008 30857 D [OMXB]  : usingANWBuffer: handle:0xee7433a0, format:1, w:1920, h:1080
05-27 08:34:49.759   581   581 D spi_rst_gpio_get_output: GPIO 145 value: 1
05-27 08:34:49.759   581   581 D spidev_ioctl: gpio status=1)
05-27 18:43:40.800   299 30841 D EvsDriver: forwardFrame
05-27 18:43:40.800   581   581 I SpiService: fgesysctrl_getGPIO_status success val=0
05-27 18:43:40.800   481   597 I mcuc    : send SPI:6AA602D33F0002890061
05-27 08:34:49.764   581   581 D spi_rst_gpio_get_output: GPIO 145 value: 0
05-27 08:34:49.764   581   581 D spidev_ioctl: gpio status=0)
05-27 18:43:40.802   299 30841 D EvsDriver: Delivered 0xb400007b7ca56a60 as id 0
05-27 18:43:40.802 13911 14183 I SentryImuMcuAngleSender: -179.993rollDeg
05-27 18:43:40.802  1167  1167 D evsmanagerd: /dev/video4 forwarded the buffer #0 to 0xb4000074bf5f6850 from 0xb4000074bf5f41d0
05-27 18:43:40.802 13911 14183 I SentryImuMcuAngleSender: 1,0,0
05-27 18:43:40.802   299 30844 D EvsDriver: forwardFrame
05-27 18:43:40.805   299 30844 D EvsDriver: Delivered 0xb400007b7ca56900 as id 0
05-27 18:43:40.805  1167  1167 D evsmanagerd: /dev/video6 forwarded the buffer #0 to 0xb4000074bf5f5510 from 0xb4000074bf5f6d90
05-27 18:43:40.809   299  1153 D EvsDriver: doneWithFrame
05-27 18:43:40.809   299  1163 D EvsDriver: doneWithFrame
05-27 18:43:40.816   481   598 I mcuc    : rev,n=1,6AA681D340000B8300E00000000000000000FE
05-27 18:43:40.816   351   373 D automotive.vehicle@2.0-adayo-datacomm-mcu: MCUDatacomm sendMessageFromVehicle prop: 0x83, areaId: 0x0, status: 0x0, timestamp: 0x0
05-27 18:43:40.816   351   373 D automotive.vehicle@2.0-adayo-datacomm-mcu: MCUDatacomm 1sendMessageFromVehicle ---> type = 7 
05-27 18:43:40.816   581   581 I SpiService: fgesysctrl_getGPIO_status success val=1
05-27 18:43:40.816   351   373 I automotive.vehicle@2.0-adayo-func-mcu: MCUFunc :sendMessageFromVehicle  msgBuff[0] = 131 
05-27 18:43:40.816   351   373 I automotive.vehicle@2.0-adayo-func-mcu: MCUFunc :sendMessageFromVehicle  msgBuff[1] = 0 
05-27 18:43:40.816   351   373 I automotive.vehicle@2.0-adayo-func-mcu: MCUFunc :sendMessageFromVehicle  msgBuff[2] = 0 
05-27 18:43:40.816   351   373 I automotive.vehicle@2.0-adayo-func-mcu: MCUFunc :sendMessageFromVehicle  msgBuff[3] = 0 
05-27 18:43:40.816   351   373 I automotive.vehicle@2.0-adayo-func-mcu: MCUFunc :sendMessageFromVehicle  msgBuff[4] = 3 
05-27 18:43:40.816   351   373 I automotive.vehicle@2.0-adayo-func-mcu: MCUFunc :sendMessageFromVehicle  msgBuff[5] = 1 
05-27 18:43:40.816   351   373 I automotive.vehicle@2.0-adayo-func-mcu: MCUFunc :sendMessageFromVehicle  msgBuff[6] = 0 
05-27 18:43:40.816   351   373 I automotive.vehicle@2.0-adayo-func-mcu: MCUFunc :sendMessageFromVehicle  msgBuff[7] = 0 
05-27 18:43:40.816   351   373 I automotive.vehicle@2.0-adayo-func-mcu: MCUFunc :sendMessageFromVehicle  msgBuff[8] = 0 
05-27 18:43:40.816   351   373 I automotive.vehicle@2.0-adayo-func-mcu: MCUFunc :sendMessageFromVehicle  msgBuff[9] = 0 
05-27 18:43:40.816   351   373 I automotive.vehicle@2.0-adayo-func-mcu: MCUFunc :sendMessageFromVehicle  msgBuff[10] = 0 
05-27 18:43:40.816   351   373 I automotive.vehicle@2.0-adayo-func-mcu: MCUFunc :sendMessageFromVehicle  msgBuff[11] = 0 
05-27 18:43:40.817   351   373 I automotive.vehicle@2.0-adayo-func-mcu: MCUFunc :sendMessageFromVehicle  msgBuff[12] = 0 
05-27 18:43:40.817   351   373 I automotive.vehicle@2.0-adayo-func-mcu: MCUFunc :sendMessageFromVehicle  msgBuff[13] = 0 
05-27 18:43:40.817   351   373 I automotive.vehicle@2.0-adayo-func-mcu: MCUFunc :sendMessageFromVehicle  msgBuff[14] = 0 
05-27 18:43:40.817   351   373 I automotive.vehicle@2.0-adayo-func-mcu: MCUFunc :sendMessageFromVehicle  msgBuff[15] = 0 
05-27 18:43:40.817   351   373 I automotive.vehicle@2.0-adayo-func-mcu: MCUFunc :sendMessageFromVehicle  msgBuff[16] = 0 
05-27 08:34:49.780   581   581 D spi_rst_gpio_get_output: GPIO 145 value: 1
05-27 08:34:49.781   581   581 D spidev_ioctl: gpio status=1)
05-27 18:43:40.818   481   598 I mcuc    : rev,n=2,6AA681D3410003841500CF
05-27 18:43:40.818  1008 30856 D [OMXB]  : usingANWBuffer: handle:0xee746310, format:1, w:1920, h:1080
05-27 18:43:40.820   481   598 I mcuc    : rev,n=3,6AA681D342008C8305000055000000B00000000000010001000028E4ACB1D900BEACDBACD935CBACDA59B2ACDBB260498B53C09600000000040000B3000000000000000000000000000000B44300000000000300000000000000AA000000E40701010000000000000000BB06050507EA051B000008009403CB00CC000000000000000000000000000000B500000000000000008D
05-27 18:43:40.820   351   373 D automotive.vehicle@2.0-adayo-datacomm-mcu: MCUDatacomm sendMessageFromVehicle prop: 0x83, areaId: 0x5, status: 0x0, timestamp: 0x0
05-27 18:43:40.821   351   373 D automotive.vehicle@2.0-adayo-datacomm-mcu: MCUDatacomm 1sendMessageFromVehicle ---> type = 7 
05-27 18:43:40.821   351   373 I automotive.vehicle@2.0-adayo-func-mcu: MCUFunc :sendMessageFromVehicle  msgBuff[0] = 131 
05-27 18:43:40.821   351   373 I automotive.vehicle@2.0-adayo-func-mcu: MCUFunc :sendMessageFromVehicle  msgBuff[1] = 5 
05-27 18:43:40.821   351   373 I automotive.vehicle@2.0-adayo-func-mcu: MCUFunc :sendMessageFromVehicle  msgBuff[2] = 0 
05-27 18:43:40.821   351   373 I automotive.vehicle@2.0-adayo-func-mcu: MCUFunc :sendMessageFromVehicle  msgBuff[3] = 0 
05-27 18:43:40.821   351   373 I automotive.vehicle@2.0-adayo-func-mcu: MCUFunc :sendMessageFromVehicle  msgBuff[4] = 85 
05-27 18:43:40.821   351   373 I automotive.vehicle@2.0-adayo-func-mcu: MCUFunc :sendMessageFromVehicle  msgBuff[5] = 0 
05-27 18:43:40.822   581   581 I SpiService: fgesysctrl_getGPIO_status success val=1
05-27 18:43:40.822   481   598 I mcuc    : rev,n=4,6AA681D343000A8900FA010409131234561F
05-27 18:43:40.823   351   373 D automotive.vehicle@2.0-adayo-datacomm-mcu: MCUDatacomm sendMessageFromVehicle prop: 0x89, areaId: 0x0, status: 0xfa, timestamp: 0x1
05-27 18:43:40.823 13911 14183 I SentryImuMcuAngleSender: 180.0rollDeg
05-27 18:43:40.823   351   373 D automotive.vehicle@2.0-adayo-datacomm-mcu: MCUDatacomm 1sendMessageFromVehicle ---> type = 12 
05-27 18:43:40.823 13911 14183 I SentryImuMcuAngleSender: 1,0,0
05-27 18:43:40.823  1121  1144 I tboxmids_ap: [2026-05-27 18:43:40.823] [MCU RX] src=MCU dst=ZMQ len=10 type=BINARY data=00 08 FA 01 04 09 13 12 34 56 
05-27 08:34:49.786   581   581 D spi_rst_gpio_get_output: GPIO 145 value: 1
05-27 08:34:49.786   581   581 D spidev_ioctl: gpio status=1)
05-27 18:43:40.824  1083  1083 I MyAppLog: [2026-05-27 18:43:40.823 I tboxap mcuCommTboxmidsRecvCb:97] [Mcu] [mcuCommTboxmidsRecvCb] recv from tboxmids, size:10
05-27 18:43:40.824  1083  1083 I MyAppLog: [2026-05-27 18:43:40.823 I tboxap mcuCommTboxmidsRecvCb:98] [Mcu] [tboxmids -> tboxap]: :00 08 FA 01 04 09 13 12 34 56
05-27 18:43:40.824  1083  1083 W MyAppLog: [2026-05-27 18:43:40.823 W tboxap mcuYadiFrameParse:852] [Mcu] [mcuYadiFrameParse] cmd:0913(MCU_SEC_BATT1_DYNAMIC_IND) payload too short:5 < 36
05-27 18:43:40.824  1083  1083 W MyAppLog: [2026-05-27 18:43:40.823 W tboxap mcuPtlParseData:982] [Mcu] [mcuPtlParseData] invalid yadi frame, len:10
05-27 18:43:40.825 30773 30786 I dvr_service_: CameraX 1  audioOK: 30656000,audios:480
05-27 18:43:40.827   581   581 I SpiService: fgesysctrl_getGPIO_status success val=1
05-27 08:34:49.792   581   581 D spi_rst_gpio_get_output: GPIO 145 value: 1
05-27 18:43:40.829   536   536 D commservice260303: msg.id = 1028,0
05-27 08:34:49.792   581   581 D spidev_ioctl: gpio status=1)
05-27 18:43:40.829   536   536 D commservice260303: i = 170, msgid = 8A000404
05-27 18:43:40.829   536   536 D commservice260303: msgid = -1979710460,did=138
05-27 18:43:40.829   536   536 D commservice260303: CommProtocolLibCmdBaseI2C::dataproc {"command":{"id":"imu_status","sub":""},"content":{"TimeStamp":10,"FrameCounter":245061,"GD_X":-0.011453153565526009,"GD_Y":0.0056498548947274685,"GD_Z":0.0016030981205403805,"AD_X":-0.001118883490562439,"AD_Y":-0.001809090725146234,"AD_Z":-0.17008209228515625,"TempDsp":0,"Status":0,"CalibState":1,"SigAmpInvalid":0}},-1979710460
05-27 18:43:40.829   536   536 D commservice260303: send2Cluster len:318, 7B22636F6D6D616E64223A7B226964223A22696D755F737461747573222C22737562223A22227D2C22636F6E74656E74223A7B2254696D655374616D70223A31302C224672616D65436F756E746572223A3234353036312C2247445F58223A2D302E3031313435333135333536353532363030392C2247445F59223A302E303035363439383534383934373237343638352C2247445F5A223A302E303031363033303938313230353430333830352C2241445F58223A2D302E3030313131383838333439303536323433392C2241445F59223A2D302E3030313830393039303732353134363233342C2241445F5A223A2D302E31373030383230393232383531353632352C2254656D70447370223A302C22537461747573223A302C2243616C69625374617465223A312C22536967416D70496E76616C6964223A307D7D, 138 
05-27 18:43:40.829   536   536 D commservice260303: Push Message into SendPool fn=1979515648
05-27 18:43:40.829   536   536 D commservice260303: ComProtocolLibSend2Cluster::send2ClusterRaw fn=1979515648 , len=334
05-27 18:43:40.829   536   536 D commservice260303: sendCmdToPort :334!!!
05-27 18:43:40.829   536   536 D commservice260303: send Cmd To Port ++++5AA5014A8A010003FD756A16CADC7B22636F6D6D616E64223A7B226964223A22696D755F737461747573222C22737562223A22227D2C22636F6E74656E74223A7B2254696D655374616D70223A31302C224672616D65436F756E746572223A3234353036312C2247445F58223A2D302E3031313435333135333536353532363030392C2247445F59223A302E303035363439383534383934373237343638352C2247445F5A223A302E303031363033303938313230353430333830352C2241445F58223A2D302E3030313131383838333439303536323433392C2241445F59223A2D302E3030313830393039303732353134363233342C2241445F5A223A2D302E31373030383230393232383531353632352C2254656D70447370223A302C22537461747573223A302C2243616C69625374617465223A312C22536967416D70496E76616C6964223A307D7DC3B9
05-27 18:43:40.829   536   536 D commservice260303: bufferevent_write retrun value = 0
05-27 18:43:40.830   536   560 D commservice260303: client datas send succeed,send finish
05-27 18:43:40.830 13911 14192 D Sentinelmode_1.2.5.17_sentry: <SentryImuClusterFgeSender>imu_status sent to Linux, frame=245061, tsNs=10488076, tsMs=10, intervalMs=39, ad=(-0.0011188835,-0.0018090907,-0.17008209), gd=(-0.011453154,0.005649855,0.0016030981)
05-27 18:43:40.832   581   581 I SpiService: fgesysctrl_getGPIO_status success val=1
05-27 08:34:49.797   581   581 D spi_rst_gpio_get_output: GPIO 145 value: 1
05-27 08:34:49.797   581   581 D spidev_ioctl: gpio status=1)
05-27 18:43:40.833  1008 30857 D [OMXB]  : usingANWBuffer: handle:0xee745600, format:1, w:1920, h:1080
05-27 18:43:40.834 30773 30789 I dvr_service_: Camera 1: MediaOK:30609760, frames:720, isKeyFrame:0,pts:10487778412
05-27 18:43:40.837   283   307 I rvcservice: t.code = 1, t.value = -165920
05-27 18:43:40.838   299 30844 D EvsDriver: forwardFrame
05-27 08:34:49.803   581   581 D spi_rst_gpio_get_output: GPIO 145 value: 1
05-27 08:34:49.803   581   581 D spidev_ioctl: gpio status=1)
05-27 18:43:40.838   581   581 I SpiService: fgesysctrl_getGPIO_status success val=1
05-27 18:43:40.839   299 30841 D EvsDriver: forwardFrame
05-27 18:43:40.840   299 30844 D EvsDriver: Delivered 0xb400007b7ca56900 as id 0
05-27 18:43:40.840  1167  1479 D evsmanagerd: /dev/video6 forwarded the buffer #0 to 0xb4000074bf5f5510 from 0xb4000074bf5f6d90
05-27 18:43:40.841  1167  1479 D evsmanagerd: /dev/video4 forwarded the buffer #0 to 0xb4000074bf5f6850 from 0xb4000074bf5f41d0
05-27 18:43:40.841   299 30841 D EvsDriver: Delivered 0xb400007b7ca56a60 as id 0
05-27 18:43:40.843 13911 14183 I SentryImuMcuAngleSender: 179.99649rollDeg
05-27 18:43:40.843 13911 14183 I SentryImuMcuAngleSender: 1,0,0
05-27 18:43:40.845   581   581 I SpiService: fgesysctrl_getGPIO_status success val=0
05-27 18:43:40.845   299  1163 D EvsDriver: doneWithFrame
05-27 18:43:40.845   481   597 I mcuc    : send SPI:6AA602D34000028300666AA602D341000284154F6AA602D342000283055F6AA602D343000289005D
05-27 18:43:40.846   299  1153 D EvsDriver: doneWithFrame
05-27 08:34:49.809   581   581 D spi_rst_gpio_get_output: GPIO 145 value: 0
05-27 08:34:49.809   581   581 D spidev_ioctl: gpio status=0)
05-27 18:43:40.854   269   269 D libvintf: HalManifest::getHidlTransport(framework): Cannot find android.hardware.usb@1.0::IUsb/default
05-27 18:43:40.855   269   269 D libvintf: HalManifest::getHidlTransport(device): Cannot find android.hardware.usb@1.0::IUsb/default
05-27 18:43:40.855   269   269 I hwservicemanager: getTransport: Cannot find entry android.hardware.usb@1.0::IUsb/default in either framework or device VINTF manifest.
05-27 18:43:40.855 12348 12448 E ExtUsbManager: UsbHalController: android.hardware.usb.V1_0.IUsb getService failed!
05-27 18:43:40.855 12348 12448 E ExtUsbManager: java.util.NoSuchElementException
05-27 18:43:40.855 12348 12448 E ExtUsbManager: 	at android.os.HwBinder.getService(Native Method)
05-27 18:43:40.855 12348 12448 E ExtUsbManager: 	at android.os.HwBinder.getService(HwBinder.java:81)
05-27 18:43:40.855 12348 12448 E ExtUsbManager: 	at android.hardware.usb.V1_0.IUsb.getService(IUsb.java:74)
05-27 18:43:40.855 12348 12448 E ExtUsbManager: 	at android.hardware.usb.V1_0.IUsb.getService(IUsb.java:84)
05-27 18:43:40.855 12348 12448 E ExtUsbManager: 	at ts.car.usb.UsbHalController.createService(UsbHalController.java:37)
05-27 18:43:40.855 12348 12448 E ExtUsbManager: 	at ts.car.usb.UsbHalController.createService(UsbHalController.java:18)
05-27 18:43:40.855 12348 12448 E ExtUsbManager: 	at ts.car.usb.utils.AutoServiceConnector4Hidl.autoConnect(AutoServiceConnector4Hidl.java:47)
05-27 18:43:40.855 12348 12448 E ExtUsbManager: 	at ts.car.usb.utils.AutoServiceConnector4Hidl$$ExternalSyntheticLambda0.run(Unknown Source:2)
05-27 18:43:40.855 12348 12448 E ExtUsbManager: 	at android.os.Handler.handleCallback(Handler.java:942)
05-27 18:43:40.855 12348 12448 E ExtUsbManager: 	at android.os.Handler.dispatchMessage(Handler.java:99)
05-27 18:43:40.855 12348 12448 E ExtUsbManager: 	at android.os.Looper.loopOnce(Looper.java:201)
05-27 18:43:40.855 12348 12448 E ExtUsbManager: 	at android.os.Looper.loop(Looper.java:288)
05-27 18:43:40.855 12348 12448 E ExtUsbManager: 	at android.os.HandlerThread.run(HandlerThread.java:67)
05-27 18:43:40.856   269   269 D libvintf: HalManifest::getHidlTransport(framework): Cannot find vendor.ts.usbext@1.0::IUsbext/default
05-27 18:43:40.856   269   269 D libvintf: HalManifest::getHidlTransport(device): Cannot find vendor.ts.usbext@1.0::IUsbext/default
05-27 18:43:40.856   269   269 I hwservicemanager: getTransport: Cannot find entry vendor.ts.usbext@1.0::IUsbext/default in either framework or device VINTF manifest.
05-27 18:43:40.856 12348 12448 E ExtUsbManager: UsbHalExtController: vendor.ts.usbext.V1_0.IUsbext getService failed!
05-27 18:43:40.856 12348 12448 E ExtUsbManager: java.util.NoSuchElementException
05-27 18:43:40.856 12348 12448 E ExtUsbManager: 	at android.os.HwBinder.getService(Native Method)
05-27 18:43:40.856 12348 12448 E ExtUsbManager: 	at android.os.HwBinder.getService(HwBinder.java:81)
05-27 18:43:40.856 12348 12448 E ExtUsbManager: 	at vendor.ts.usbext.V1_0.IUsbext.getService(IUsbext.java:74)
05-27 18:43:40.856 12348 12448 E ExtUsbManager: 	at vendor.ts.usbext.V1_0.IUsbext.getService(IUsbext.java:84)
05-27 18:43:40.856 12348 12448 E ExtUsbManager: 	at ts.car.usb.UsbHalExtController.createService(UsbHalExtController.java:37)
05-27 18:43:40.856 12348 12448 E ExtUsbManager: 	at ts.car.usb.UsbHalExtController.createService(UsbHalExtController.java:18)
05-27 18:43:40.856 12348 12448 E ExtUsbManager: 	at ts.car.usb.utils.AutoServiceConnector4Hidl.autoConnect(AutoServiceConnector4Hidl.java:47)
05-27 18:43:40.856 12348 12448 E ExtUsbManager: 	at ts.car.usb.utils.AutoServiceConnector4Hidl$$ExternalSyntheticLambda0.run(Unknown Source:2)
05-27 18:43:40.856 12348 12448 E ExtUsbManager: 	at android.os.Handler.handleCallback(Handler.java:942)
05-27 18:43:40.856 12348 12448 E ExtUsbManager: 	at android.os.Handler.dispatchMessage(Handler.java:99)
05-27 18:43:40.856 12348 12448 E ExtUsbManager: 	at android.os.Looper.loopOnce(Looper.java:201)
05-27 18:43:40.856 12348 12448 E ExtUsbManager: 	at android.os.Looper.loop(Looper.java:288)
05-27 18:43:40.856 12348 12448 E ExtUsbManager: 	at android.os.HandlerThread.run(HandlerThread.java:67)
05-27 18:43:40.856   269   269 D libvintf: HalManifest::getHidlTransport(framework): Cannot find android.hardware.usb.gadget@1.0::IUsbGadget/default
05-27 18:43:40.857   269   269 D libvintf: HalManifest::getHidlTransport(device): Cannot find android.hardware.usb.gadget@1.0::IUsbGadget/default
05-27 18:43:40.857   269   269 I hwservicemanager: getTransport: Cannot find entry android.hardware.usb.gadget@1.0::IUsbGadget/default in either framework or device VINTF manifest.
05-27 18:43:40.857 12348 12448 E ExtUsbManager: UsbGadgetController: android.hardware.usb.gadget.V1_0.IUsbGadget getService failed!
05-27 18:43:40.857 12348 12448 E ExtUsbManager: java.util.NoSuchElementException
05-27 18:43:40.857 12348 12448 E ExtUsbManager: 	at android.os.HwBinder.getService(Native Method)
05-27 18:43:40.857 12348 12448 E ExtUsbManager: 	at android.os.HwBinder.getService(HwBinder.java:81)
05-27 18:43:40.857 12348 12448 E ExtUsbManager: 	at android.hardware.usb.gadget.V1_0.IUsbGadget.getService(IUsbGadget.java:74)
05-27 18:43:40.857 12348 12448 E ExtUsbManager: 	at android.hardware.usb.gadget.V1_0.IUsbGadget.getService(IUsbGadget.java:84)
05-27 18:43:40.857 12348 12448 E ExtUsbManager: 	at ts.car.usb.UsbGadgetController.createService(UsbGadgetController.java:36)
05-27 18:43:40.857 12348 12448 E ExtUsbManager: 	at ts.car.usb.UsbGadgetController.createService(UsbGadgetController.java:17)
05-27 18:43:40.857 12348 12448 E ExtUsbManager: 	at ts.car.usb.utils.AutoServiceConnector4Hidl.autoConnect(AutoServiceConnector4Hidl.java:47)
05-27 18:43:40.857 12348 12448 E ExtUsbManager: 	at ts.car.usb.utils.AutoServiceConnector4Hidl$$ExternalSyntheticLambda0.run(Unknown Source:2)
05-27 18:43:40.857 12348 12448 E ExtUsbManager: 	at android.os.Handler.handleCallback(Handler.java:942)
05-27 18:43:40.857 12348 12448 E ExtUsbManager: 	at android.os.Handler.dispatchMessage(Handler.java:99)
05-27 18:43:40.857 12348 12448 E ExtUsbManager: 	at android.os.Looper.loopOnce(Looper.java:201)
05-27 18:43:40.857 12348 12448 E ExtUsbManager: 	at android.os.Looper.loop(Looper.java:288)
05-27 18:43:40.857 12348 12448 E ExtUsbManager: 	at android.os.HandlerThread.run(HandlerThread.java:67)
05-27 18:43:40.857  1008 30856 D [OMXB]  : usingANWBuffer: handle:0xee744fd0, format:1, w:1920, h:1080
05-27 18:43:40.860   581   581 I SpiService: fgesysctrl_getGPIO_status success val=1
05-27 08:34:49.825   581   581 D spi_rst_gpio_get_output: GPIO 145 value: 1
05-27 08:34:49.825   581   581 D spidev_ioctl: gpio status=1)
05-27 18:43:40.861   572   622 I Sensors : 230 GyroSensor: x:-0.011301,y:0.005115,z:0.002367
05-27 18:43:40.861   481   598 I mcuc    : rev,n=1,6AA681D344000A8900FB010409021234562E
05-27 18:43:40.862   351   373 D automotive.vehicle@2.0-adayo-datacomm-mcu: MCUDatacomm sendMessageFromVehicle prop: 0x89, areaId: 0x0, status: 0xfb, timestamp: 0x1
05-27 18:43:40.862  1121  1144 I tboxmids_ap: [2026-05-27 18:43:40.862] [MCU RX] src=MCU dst=ZMQ len=10 type=BINARY data=00 08 FB 01 04 09 02 12 34 56 
05-27 18:43:40.862   351   373 D automotive.vehicle@2.0-adayo-datacomm-mcu: MCUDatacomm 1sendMessageFromVehicle ---> type = 12 
05-27 18:43:40.863  1083  1083 I MyAppLog: [2026-05-27 18:43:40.863 I tboxap mcuCommTboxmidsRecvCb:97] [Mcu] [mcuCommTboxmidsRecvCb] recv from tboxmids, size:10
05-27 18:43:40.863  1083  1083 I MyAppLog: [2026-05-27 18:43:40.863 I tboxap mcuCommTboxmidsRecvCb:98] [Mcu] [tboxmids -> tboxap]: :00 08 FB 01 04 09 02 12 34 56
05-27 18:43:40.863 13911 14183 I SentryImuMcuAngleSender: 180.0rollDeg
05-27 18:43:40.863  1083  1083 I MyAppLog: [2026-05-27 18:43:40.863 I tboxap mcuPtlParseData:990] [Mcu] [Mcu  Parse]: (cmd):0902 (param):0902123456
05-27 18:43:40.863 13911 14183 I SentryImuMcuAngleSender: 1,0,0
05-27 18:43:40.864  1083  1083 W MyAppLog: [2026-05-27 18:43:40.863 W tboxap mcuParamDataRevPack:918] [Mcu] mcuParamDataRevPack start pack data!!!
05-27 18:43:40.864  1083  1083 W MyAppLog: [2026-05-27 18:43:40.863 W tboxap mcuHandlePowerReqInd:1739] [Mcu] [mcuHandlePowerReqInd] recv 0x0902 power req type:0x12
05-27 18:43:40.865  1008 30857 D [OMXB]  : usingANWBuffer: handle:0xee741400, format:1, w:1920, h:1080
05-27 18:43:40.866   581   581 I SpiService: fgesysctrl_getGPIO_status success val=1
05-27 18:43:40.867   299 30844 D EvsDriver: forwardFrame
05-27 08:34:49.831   581   581 D spi_rst_gpio_get_output: GPIO 145 value: 1
05-27 08:34:49.831   581   581 D spidev_ioctl: gpio status=1)
05-27 18:43:40.868   299 30841 D EvsDriver: forwardFrame
05-27 18:43:40.869  1167  1479 D evsmanagerd: /dev/video6 forwarded the buffer #0 to 0xb4000074bf5f5510 from 0xb4000074bf5f6d90
05-27 18:43:40.870   536   536 D commservice260303: msg.id = 1028,1
05-27 18:43:40.870   536   536 D commservice260303: i = 170, msgid = 8A000404
05-27 18:43:40.870   536   536 D commservice260303: msgid = -1979710460,did=138
