05-27 08:34:43.951   581   581 D spidev_ioctl: gpio status=0)
05-27 18:43:34.994 31065 31065 D NetworkSecurityConfig: No Network Security Config specified, using platform default
05-27 18:43:34.997 31065 31065 D NetworkSecurityConfig: No Network Security Config specified, using platform default
05-27 18:43:34.999   299 30841 D EvsDriver: forwardFrame
05-27 18:43:35.001   299 30841 D EvsDriver: Delivered 0xb400007b7ca56a60 as id 0
05-27 18:43:35.001  1167  1479 D evsmanagerd: /dev/video4 forwarded the buffer #0 to 0xb4000074bf5f6850 from 0xb4000074bf5f41d0
05-27 18:43:35.001   581   581 I SpiService: fgesysctrl_getGPIO_status success val=1
05-27 08:34:43.966   581   581 D spi_rst_gpio_get_output: GPIO 145 value: 1
05-27 08:34:43.966   581   581 D spidev_ioctl: gpio status=1)
05-27 18:43:35.002 13911 14183 I SentryImuMcuAngleSender: 179.98949rollDeg
05-27 18:43:35.002 13911 14183 I SentryImuMcuAngleSender: 1,0,0
05-27 18:43:35.004   299  1163 D EvsDriver: doneWithFrame
05-27 18:43:35.007   581   581 I SpiService: fgesysctrl_getGPIO_status success val=1
05-27 18:43:35.007   299 30844 D EvsDriver: forwardFrame
05-27 08:34:43.972   581   581 D spi_rst_gpio_get_output: GPIO 145 value: 1
05-27 08:34:43.972   581   581 D spidev_ioctl: gpio status=1)
05-27 18:43:35.008   299 30844 D EvsDriver: Delivered 0xb400007b7ca56900 as id 0
05-27 18:43:35.008  1167  1479 D evsmanagerd: /dev/video6 forwarded the buffer #0 to 0xb4000074bf5f5510 from 0xb4000074bf5f6d90
05-27 18:43:35.012   299  1163 D EvsDriver: doneWithFrame
05-27 18:43:35.012   581   581 I SpiService: fgesysctrl_getGPIO_status success val=1
05-27 08:34:43.977   581   581 D spi_rst_gpio_get_output: GPIO 145 value: 1
05-27 08:34:43.977   581   581 D spidev_ioctl: gpio status=1)
05-27 18:43:35.015  1008 30857 D [OMXB]  : usingANWBuffer: handle:0xee7433a0, format:1, w:1920, h:1080
05-27 18:43:35.018   581   581 I SpiService: fgesysctrl_getGPIO_status success val=1
05-27 08:34:43.983   581   581 D spi_rst_gpio_get_output: GPIO 145 value: 1
05-27 08:34:43.983   581   581 D spidev_ioctl: gpio status=1)
05-27 18:43:35.023 13911 14183 I SentryImuMcuAngleSender: 179.98598rollDeg
05-27 18:43:35.023 13911 14183 I SentryImuMcuAngleSender: 1,0,0
05-27 18:43:35.024   536   536 D commservice260303: msg.id = 1028,1
05-27 18:43:35.024   536   536 D commservice260303: i = 170, msgid = 8A000404
05-27 18:43:35.024   536   536 D commservice260303: msgid = -1979710460,did=138
05-27 18:43:35.024   536   536 D commservice260303: CommProtocolLibCmdBaseI2C::dataproc {"command":{"id":"imu_status","sub":""},"content":{"TimeStamp":10,"FrameCounter":244918,"GD_X":-0.011453153565526009,"GD_Y":0.005879240110516548,"GD_Z":0.0021378109231591225,"AD_X":-0.0011152178049087524,"AD_Y":2.0882580429315567E-4,"AD_Z":-0.16459178924560547,"TempDsp":0,"Status":0,"CalibState":1,"SigAmpInvalid":0}},-1979710460
05-27 18:43:35.024   536   536 D commservice260303: send2Cluster len:318, 7B22636F6D6D616E64223A7B226964223A22696D755F737461747573222C22737562223A22227D2C22636F6E74656E74223A7B2254696D655374616D70223A31302C224672616D65436F756E746572223A3234343931382C2247445F58223A2D302E3031313435333135333536353532363030392C2247445F59223A302E3030353837393234303131303531363534382C2247445F5A223A302E303032313337383130393233313539313232352C2241445F58223A2D302E303031313135323137383034393038373532342C2241445F59223A322E30383832353830343239333135353637452D342C2241445F5A223A2D302E31363435393137383932343536303534372C2254656D70447370223A302C22537461747573223A302C2243616C69625374617465223A312C22536967416D70496E76616C6964223A307D7D, 138 
05-27 18:43:35.024   536   536 D commservice260303: Push Message into SendPool fn=-470023424
05-27 18:43:35.024   536   536 D commservice260303: ComProtocolLibSend2Cluster::send2ClusterRaw fn=-470023424 , len=334
05-27 18:43:35.024   536   536 D commservice260303: sendCmdToPort :334!!!
05-27 18:43:35.024   536   536 D commservice260303: send Cmd To Port ++++5AA5014A8A010003FCE36A16CAD77B22636F6D6D616E64223A7B226964223A22696D755F737461747573222C22737562223A22227D2C22636F6E74656E74223A7B2254696D655374616D70223A31302C224672616D65436F756E746572223A3234343931382C2247445F58223A2D302E3031313435333135333536353532363030392C2247445F59223A302E3030353837393234303131303531363534382C2247445F5A223A302E303032313337383130393233313539313232352C2241445F58223A2D302E303031313135323137383034393038373532342C2241445F59223A322E30383832353830343239333135353637452D342C2241445F5A223A2D302E31363435393137383932343536303534372C2254656D70447370223A302C22537461747573223A302C2243616C69625374617465223A312C22536967416D70496E76616C6964223A307D7DF688
05-27 18:43:35.024   536   536 D commservice260303: bufferevent_write retrun value = 0
05-27 18:43:35.024   536   560 D commservice260303: client datas send succeed,send finish
05-27 08:34:43.989   581   581 D spi_rst_gpio_get_output: GPIO 145 value: 1
05-27 08:34:43.989   581   581 D spidev_ioctl: gpio status=1)
05-27 18:43:35.025 13911 14192 D Sentinelmode_1.2.5.17_sentry: <SentryImuClusterFgeSender>imu_status sent to Linux, frame=244918, tsNs=10482264, tsMs=10, intervalMs=41, ad=(-0.0011152178,2.088258E-4,-0.16459179), gd=(-0.011453154,0.00587924,0.002137811)
05-27 18:43:35.025   581   581 I SpiService: fgesysctrl_getGPIO_status success val=1
05-27 18:43:35.025   283   307 I rvcservice: t.code = 3, t.value = 0
05-27 18:43:35.030   581   581 I SpiService: fgesysctrl_getGPIO_status success val=0
05-27 08:34:43.995   581   581 D spi_rst_gpio_get_output: GPIO 145 value: 0
05-27 08:34:43.995   581   581 D spidev_ioctl: gpio status=0)
05-27 18:43:35.032   299 30844 D EvsDriver: forwardFrame
05-27 18:43:35.033  1167  1479 D evsmanagerd: /dev/video6 forwarded the buffer #0 to 0xb4000074bf5f5510 from 0xb4000074bf5f6d90
05-27 18:43:35.033   299 30844 D EvsDriver: Delivered 0xb400007b7ca56900 as id 0
05-27 18:43:35.034 31065 31065 I ANWJNI_SECOND: +++ JNI_OnLoad
05-27 18:43:35.034 31065 31065 I ANWJNI_SECOND: +++ registerNativeMethods
05-27 18:43:35.034 31065 31065 I ANWJNI_SECOND: numMethods = 245
05-27 18:43:35.034   299 30841 D EvsDriver: forwardFrame
05-27 18:43:35.035  1008 30856 D [OMXB]  : usingANWBuffer: handle:0xee743710, format:1, w:1920, h:1080
05-27 18:43:35.035 31065 31065 I ANWJNI_SECOND: --- registerNativeMethods
05-27 18:43:35.035  1167  1479 D evsmanagerd: /dev/video4 forwarded the buffer #0 to 0xb4000074bf5f6850 from 0xb4000074bf5f41d0
05-27 18:43:35.035   299 30841 D EvsDriver: Delivered 0xb400007b7ca56a60 as id 0
05-27 18:43:35.036 31065 31065 D ANWJNI_SECOND: (31065|0x5467E4F8)[BTAPP] read XML config file
05-27 18:43:35.036 31065 31065 D ANWJNI_SECOND: 
05-27 18:43:35.036 31065 31065 D ANWJNI_SECOND: (31065|0x5467E4F8)[BTAPP] run Read (/system/etc/bluetooth/btmonitor-config_second.xml) Start
05-27 18:43:35.036 31065 31065 D ANWJNI_SECOND: 
05-27 18:43:35.036 31065 31065 D ANWJNI_SECOND: (31065|0x5467E4F8)[BTAPP] run Read (btmonitor-config.xml) source_data != NULL
05-27 18:43:35.036 31065 31065 D ANWJNI_SECOND: 
05-27 18:43:35.036 31065 31065 D ANWJNI_SECOND: (31065|0x5467E4F8)[BTAPP] XML : find HID setting
05-27 18:43:35.036 31065 31065 D ANWJNI_SECOND: 
05-27 18:43:35.036 31065 31065 D ANWJNI_SECOND: (31065|0x5467E4F8)[BTAPP] HID set(close)
05-27 18:43:35.036 31065 31065 D ANWJNI_SECOND: 
05-27 18:43:35.036 31065 31065 D ANWJNI_SECOND: (31065|0x5467E4F8)[BTAPP] XML : find SPP setting
05-27 18:43:35.036 31065 31065 D ANWJNI_SECOND: 
05-27 18:43:35.036 31065 31065 D ANWJNI_SECOND: (31065|0x5467E4F8)[BTAPP] SPP set(close)
05-27 18:43:35.036 31065 31065 D ANWJNI_SECOND: 
05-27 18:43:35.036 31065 31065 D ANWJNI_SECOND: (31065|0x5467E4F8)[BTAPP] XML : find PINCode setting
05-27 18:43:35.036 31065 31065 D ANWJNI_SECOND: 
05-27 18:43:35.036 31065 31065 D ANWJNI_SECOND: (31065|0x5467E4F8)[BTAPP] PinCode set(close)
05-27 18:43:35.036 31065 31065 D ANWJNI_SECOND: 
05-27 18:43:35.037 31065 31065 D ANWJNI_SECOND: (31065|0x5467E4F8)[BTAPP] get setpincode data fail
05-27 18:43:35.037 31065 31065 D ANWJNI_SECOND: 
05-27 18:43:35.037 31065 31065 D ANWJNI_SECOND: (31065|0x5467E4F8)[BTAPP] get set_legacy_pin data fail
05-27 18:43:35.037 31065 31065 D ANWJNI_SECOND: 
05-27 18:43:35.037 31065 31065 D ANWJNI_SECOND: (31065|0x5467E4F8)[BTAPP] XML : find spp_uuid setting
05-27 18:43:35.037 31065 31065 D ANWJNI_SECOND: 
05-27 18:43:35.037 31065 31065 D ANWJNI_SECOND: (31065|0x5467E4F8)[BTAPP] XML : ca_spp_uuid len(32)
05-27 18:43:35.037 31065 31065 D ANWJNI_SECOND: 
05-27 18:43:35.037 31065 31065 D ANWJNI_SECOND: (31065|0x5467E4F8)[BTAPP] XML : SPP_UUID_fromXML len(16):(
05-27 18:43:35.037 31065 31065 D ANWJNI_SECOND: (31065|0x5467E4F8)[BTAPP] 0xfa 
05-27 18:43:35.037 31065 31065 D ANWJNI_SECOND: (31065|0x5467E4F8)[BTAPP] 0xeb 
05-27 18:43:35.037 31065 31065 D ANWJNI_SECOND: (31065|0x5467E4F8)[BTAPP] 0xdc 
05-27 18:43:35.037 31065 31065 D ANWJNI_SECOND: (31065|0x5467E4F8)[BTAPP] 0x12 
05-27 18:43:35.037 31065 31065 D ANWJNI_SECOND: (31065|0x5467E4F8)[BTAPP] 0x7 
05-27 18:43:35.037 31065 31065 D ANWJNI_SECOND: (31065|0x5467E4F8)[BTAPP] 0x2c 
05-27 18:43:35.037 31065 31065 D ANWJNI_SECOND: (31065|0x5467E4F8)[BTAPP] 0xb0 
05-27 18:43:35.037 31065 31065 D ANWJNI_SECOND: (31065|0x5467E4F8)[BTAPP] 0xa4 
05-27 18:43:35.037 31065 31065 D ANWJNI_SECOND: (31065|0x5467E4F8)[BTAPP] 0x10 
05-27 18:43:35.037 31065 31065 D ANWJNI_SECOND: (31065|0x5467E4F8)[BTAPP] 0xa 
05-27 18:43:35.038 31065 31065 D ANWJNI_SECOND: (31065|0x5467E4F8)[BTAPP] 0x5a 
05-27 18:43:35.038 31065 31065 D ANWJNI_SECOND: (31065|0x5467E4F8)[BTAPP] 0x61 
05-27 18:43:35.038 31065 31065 D ANWJNI_SECOND: (31065|0x5467E4F8)[BTAPP] 0x8d 
05-27 18:43:35.038 31065 31065 D ANWJNI_SECOND: (31065|0x5467E4F8)[BTAPP] 0xc9 
05-27 18:43:35.038 31065 31065 D ANWJNI_SECOND: (31065|0x5467E4F8)[BTAPP] 0x40 
05-27 18:43:35.038 31065 31065 D ANWJNI_SECOND: (31065|0x5467E4F8)[BTAPP] 0x1c 
05-27 18:43:35.038 31065 31065 D ANWJNI_SECOND: (31065|0x5467E4F8)[BTAPP] )
05-27 18:43:35.038 31065 31065 D ANWJNI_SECOND: 
05-27 18:43:35.038 31065 31065 D ANWJNI_SECOND: (31065|0x5467E4F8)[BTAPP] XML : find Apple spp_uuid setting
05-27 18:43:35.038 31065 31065 D ANWJNI_SECOND: 
05-27 18:43:35.038 31065 31065 D ANWJNI_SECOND: (31065|0x5467E4F8)[BTAPP] XML : Apple ca_spp_uuid len(32)
05-27 18:43:35.038 31065 31065 D ANWJNI_SECOND: 
05-27 18:43:35.038 31065 31065 D ANWJNI_SECOND: (31065|0x5467E4F8)[BTAPP] XML : Apple SPP_UUID_fromXML len(16):(
05-27 18:43:35.038 31065 31065 D ANWJNI_SECOND: (31065|0x5467E4F8)[BTAPP] 0x0 
05-27 18:43:35.038 31065 31065 D ANWJNI_SECOND: (31065|0x5467E4F8)[BTAPP] 0x0 
05-27 18:43:35.038 31065 31065 D ANWJNI_SECOND: (31065|0x5467E4F8)[BTAPP] 0x0 
05-27 18:43:35.038 31065 31065 D ANWJNI_SECOND: (31065|0x5467E4F8)[BTAPP] 0x0 
05-27 18:43:35.039 31065 31065 D ANWJNI_SECOND: (31065|0x5467E4F8)[BTAPP] 0xde 
05-27 18:43:35.039 31065 31065 D ANWJNI_SECOND: (31065|0x5467E4F8)[BTAPP] 0xca 
05-27 18:43:35.039 31065 31065 D ANWJNI_SECOND: (31065|0x5467E4F8)[BTAPP] 0xfa 
05-27 18:43:35.039 31065 31065 D ANWJNI_SECOND: (31065|0x5467E4F8)[BTAPP] 0xde 
05-27 18:43:35.039 31065 31065 D ANWJNI_SECOND: (31065|0x5467E4F8)[BTAPP] 0xde 
05-27 18:43:35.039 31065 31065 D ANWJNI_SECOND: (31065|0x5467E4F8)[BTAPP] 0xca 
05-27 18:43:35.039 31065 31065 D ANWJNI_SECOND: (31065|0x5467E4F8)[BTAPP] 0xde 
05-27 18:43:35.039 31065 31065 D ANWJNI_SECOND: (31065|0x5467E4F8)[BTAPP] 0xaf 
05-27 18:43:35.039 31065 31065 D ANWJNI_SECOND: (31065|0x5467E4F8)[BTAPP] 0xde 
05-27 18:43:35.039 31065 31065 D ANWJNI_SECOND: (31065|0x5467E4F8)[BTAPP] 0xca 
05-27 18:43:35.039 31065 31065 D ANWJNI_SECOND: (31065|0x5467E4F8)[BTAPP] 0xca 
05-27 18:43:35.039 31065 31065 D ANWJNI_SECOND: (31065|0x5467E4F8)[BTAPP] 0xfe 
05-27 18:43:35.039 31065 31065 D ANWJNI_SECOND: (31065|0x5467E4F8)[BTAPP] )
05-27 18:43:35.039 31065 31065 D ANWJNI_SECOND: 
05-27 18:43:35.039 31065 31065 D ANWJNI_SECOND: (31065|0x5467E4F8)[BTAPP] XML : find calllogsize setting
05-27 18:43:35.039 31065 31065 D ANWJNI_SECOND: 
05-27 18:43:35.039 31065 31065 D ANWJNI_SECOND: (31065|0x5467E4F8)[BTAPP] XML : find ca_calllogsize(100)(100)
05-27 18:43:35.039 31065 31065 D ANWJNI_SECOND: 
05-27 18:43:35.039 31065 31065 D ANWJNI_SECOND: (31065|0x5467E4F8)[BTAPP] get contactssize data fail
05-27 18:43:35.039 31065 31065 D ANWJNI_SECOND: 
05-27 18:43:35.039 31065 31065 D ANWJNI_SECOND: (31065|0x5467E4F8)[BTAPP] get mincallsize data fail
05-27 18:43:35.039 31065 31065 D ANWJNI_SECOND: 
05-27 18:43:35.039 31065 31065 D ANWJNI_SECOND: (31065|0x5467E4F8)[BTAPP] XML : find voice setting
05-27 18:43:35.039 31065 31065 D ANWJNI_SECOND: 
05-27 18:43:35.039 31065 31065 D ANWJNI_SECOND: (31065|0x5467E4F8)[BTAPP] voice set(close)
05-27 18:43:35.039 31065 31065 D ANWJNI_SECOND: 
05-27 18:43:35.039 31065 31065 D ANWJNI_SECOND: (31065|0x5467E4F8)[BTAPP] XML : find voicedelay setting
05-27 18:43:35.039 31065 31065 D ANWJNI_SECOND: 
05-27 18:43:35.040 31065 31065 D ANWJNI_SECOND: (31065|0x5467E4F8)[BTAPP] voicedelay set(close)
05-27 18:43:35.040 31065 31065 D ANWJNI_SECOND: 
05-27 18:43:35.040 31065 31065 D ANWJNI_SECOND: (31065|0x5467E4F8)[BTAPP] get wechatvoice data fail
05-27 18:43:35.040 31065 31065 D ANWJNI_SECOND: 
05-27 18:43:35.040 31065 31065 D ANWJNI_SECOND: (31065|0x5467E4F8)[BTAPP] XML : pair any way
05-27 18:43:35.040 31065 31065 D ANWJNI_SECOND: 
05-27 18:43:35.040 31065 31065 D ANWJNI_SECOND: (31065|0x5467E4F8)[BTAPP] pairing need confirmation  accept
05-27 18:43:35.040 31065 31065 D ANWJNI_SECOND: 
05-27 18:43:35.040 31065 31065 D ANWJNI_SECOND: (31065|0x5467E4F8)[BTAPP] get use_combine data fail
05-27 18:43:35.040 31065 31065 D ANWJNI_SECOND: 
05-27 18:43:35.040 31065 31065 D ANWJNI_SECOND: (31065|0x5467E4F8)[BTAPP] XML : select pbap_photo or not
05-27 18:43:35.040 31065 31065 D ANWJNI_SECOND: 
05-27 18:43:35.040 31065 31065 D ANWJNI_SECOND: (31065|0x5467E4F8)[BTAPP] select pbap_photo
05-27 18:43:35.040 31065 31065 D ANWJNI_SECOND: 
05-27 18:43:35.040 31065 31065 D ANWJNI_SECOND: (31065|0x5467E4F8)[BTAPP] XML : select pbap_email or not
05-27 18:43:35.040 31065 31065 D ANWJNI_SECOND: 
05-27 18:43:35.040 31065 31065 D ANWJNI_SECOND: (31065|0x5467E4F8)[BTAPP] select pbap_email
05-27 18:43:35.040 31065 31065 D ANWJNI_SECOND: 
05-27 18:43:35.040 31065 31065 D ANWJNI_SECOND: (31065|0x5467E4F8)[BTAPP] XML : select pbap_adr or not
05-27 18:43:35.040 31065 31065 D ANWJNI_SECOND: 
05-27 18:43:35.040 31065 31065 D ANWJNI_SECOND: (31065|0x5467E4F8)[BTAPP] select pbap_adr
05-27 18:43:35.040 31065 31065 D ANWJNI_SECOND: 
05-27 18:43:35.040 31065 31065 D ANWJNI_SECOND: (31065|0x5467E4F8)[BTAPP] XML : select pbap_url or not
05-27 18:43:35.040 31065 31065 D ANWJNI_SECOND: 
05-27 18:43:35.040 31065 31065 D ANWJNI_SECOND: (31065|0x5467E4F8)[BTAPP] select pbap_url
05-27 18:43:35.040 31065 31065 D ANWJNI_SECOND: 
05-27 18:43:35.040 31065 31065 D ANWJNI_SECOND: (31065|0x5467E4F8)[BTAPP] get volume_control data fail
05-27 18:43:35.040 31065 31065 D ANWJNI_SECOND: 
05-27 18:43:35.040 31065 31065 D ANWJNI_SECOND: (31065|0x5467E4F8)[BTAPP] get carplay data fail
05-27 18:43:35.040 31065 31065 D ANWJNI_SECOND: 
05-27 18:43:35.040 31065 31065 D ANWJNI_SECOND: (31065|0x5467E4F8)[BTAPP] XML : select socket or not
05-27 18:43:35.040 31065 31065 D ANWJNI_SECOND: 
05-27 18:43:35.040 31065 31065 D ANWJNI_SECOND: (31065|0x5467E4F8)[BTAPP]  support socket
05-27 18:43:35.040 31065 31065 D ANWJNI_SECOND: 
05-27 18:43:35.040 31065 31065 D ANWJNI_SECOND: (31065|0x5467E4F8)[BTAPP] get androidauto data fail
05-27 18:43:35.040 31065 31065 D ANWJNI_SECOND: 
05-27 18:43:35.041 31065 31065 D ANWJNI_SECOND: (31065|0x5467E4F8)[BTAPP] get auto_transfer data fail
05-27 18:43:35.041 31065 31065 D ANWJNI_SECOND: 
05-27 18:43:35.041 31065 31065 D ANWJNI_SECOND: (31065|0x5467E4F8)[BTAPP] get audio_dsp_mute data fail
05-27 18:43:35.041 31065 31065 D ANWJNI_SECOND: 
05-27 18:43:35.041 31065 31065 D ANWJNI_SECOND: (31065|0x5467E4F8)[BTAPP] get audio_dsp_delay data fail
05-27 18:43:35.041 31065 31065 D ANWJNI_SECOND: 
05-27 18:43:35.041 31065 31065 D ANWJNI_SECOND: (31065|0x5467E4F8)[BTAPP] XML : hfp_audio_driver_open 
05-27 18:43:35.041 31065 31065 D ANWJNI_SECOND: 
05-27 18:43:35.041 31065 31065 D ANWJNI_SECOND: (31065|0x5467E4F8)[BTAPP] hfp audio driver close
05-27 18:43:35.041 31065 31065 D ANWJNI_SECOND: 
05-27 18:43:35.041 31065 31065 D ANWJNI_SECOND: (31065|0x5467E4F8)[BTAPP] XML : hfp_wbs_open_data 
05-27 18:43:35.041 31065 31065 D ANWJNI_SECOND: 
05-27 08:34:44.011   581   581 D spi_rst_gpio_get_output: GPIO 145 value: 1
05-27 18:43:35.041 31065 31065 D ANWJNI_SECOND: (31065|0x5467E4F8)[BTAPP] hfp wbs enable
05-27 18:43:35.041 31065 31065 D ANWJNI_SECOND: 
05-27 18:43:35.041 31065 31065 D ANWJNI_SECOND: (31065|0x5467E4F8)[BTAPP] get avrcp_browsing_open data fail
05-27 18:43:35.041 31065 31065 D ANWJNI_SECOND: 
05-27 18:43:35.041 31065 31065 D ANWJNI_SECOND: (31065|0x5467E4F8)[BTAPP] get connect_special_profile_id data fail
05-27 18:43:35.041 31065 31065 D ANWJNI_SECOND: 
05-27 18:43:35.041 31065 31065 D ANWJNI_SECOND: (31065|0x5467E4F8)[BTAPP] XML : connect_single_profile 
05-27 18:43:35.041 31065 31065 D ANWJNI_SECOND: 
05-27 18:43:35.041 31065 31065 D ANWJNI_SECOND: (31065|0x5467E4F8)[BTAPP] connect_single_profile open
05-27 18:43:35.041 31065 31065 D ANWJNI_SECOND: 
05-27 18:43:35.041 31065 31065 D ANWJNI_SECOND: (31065|0x5467E4F8)[BTAPP] XML : find waveout_pre_buffer_count setting
05-27 18:43:35.041 31065 31065 D ANWJNI_SECOND: 
05-27 18:43:35.041   299  1163 D EvsDriver: doneWithFrame
05-27 18:43:35.041   299  1153 D EvsDriver: doneWithFrame
05-27 18:43:35.041 31065 31065 D ANWJNI_SECOND: (31065|0x5467E4F8)[BTAPP] XML : set waveout_pre_buffer_count success(101)
05-27 18:43:35.041 31065 31065 D ANWJNI_SECOND: 
05-27 08:34:44.017   581   581 D spi_rst_gpio_get_output: GPIO 145 value: 1
05-27 08:34:44.017   581   581 D spidev_ioctl: gpio status=1)
05-27 18:43:35.041 31065 31065 D ANWJNI_SECOND: (31065|0x5467E4F8)[BTAPP] XML : find waveout_pre_buffer_count setting
05-27 18:43:35.041 31065 31065 D ANWJNI_SECOND: 
05-27 18:43:35.041 31065 31065 D ANWJNI_SECOND: (31065|0x5467E4F8)[BTAPP] XML : set local_music_pre_buffer_count success(40)
05-27 18:43:35.041 31065 31065 D ANWJNI_SECOND: 
05-27 18:43:35.042 31065 31065 D ANWJNI_SECOND: (31065|0x5467E4F8)[BTAPP] XML : inband_ring 
05-27 18:43:35.042 31065 31065 D ANWJNI_SECOND: 
05-27 18:43:35.042 31065 31065 D ANWJNI_SECOND: (31065|0x5467E4F8)[BTAPP] inband_ring open
05-27 18:43:35.042 31065 31065 D ANWJNI_SECOND: 
05-27 18:43:35.042 31065 31065 D ANWJNI_SECOND: (31065|0x5467E4F8)[BTAPP] XML : find map_download_max_size setting
05-27 18:43:35.042 31065 31065 D ANWJNI_SECOND: 
05-27 18:43:35.042 31065 31065 D ANWJNI_SECOND: (31065|0x5467E4F8)[BTAPP] XML : set map_download_max_size failed(20)
05-27 18:43:35.042 31065 31065 D ANWJNI_SECOND: 
05-27 18:43:35.042 31065 31065 D ANWJNI_SECOND: (31065|0x5467E4F8)[BTAPP] XML : stack debug
05-27 18:43:35.042 31065 31065 D ANWJNI_SECOND: 
05-27 18:43:35.042 31065 31065 D ANWJNI_SECOND: (31065|0x5467E4F8)[BTAPP] XML : stack debug open
05-27 18:43:35.042 31065 31065 D ANWJNI_SECOND: 
05-27 18:43:35.042 31065 31065 D ANWAPI_SECOND: (31065|0x5467E4F8)[BTAPI] >>>AnWBT_Usr_DebugLog
05-27 18:43:35.042 31065 31065 D ANWAPI_SECOND: (31065|0x5467E4F8)[BTAPI] <<<<AnWBT_Usr_DebugLog: ret=0
05-27 18:43:35.042 31065 31065 D ANWJNI_SECOND: (31065|0x5467E4F8)[BTAPP] XML : app debug
05-27 18:43:35.042 31065 31065 D ANWJNI_SECOND: 
05-27 18:43:35.042 31065 31065 D ANWJNI_SECOND: (31065|0x5467E4F8)[BTAPP] XML : app debug open
05-27 18:43:35.042 31065 31065 D ANWJNI_SECOND: 
05-27 18:43:35.042 31065 31065 D ANWJNI_SECOND: (31065|0x5467E4F8)[BTAPP] XML : api debug
05-27 18:43:35.042 31065 31065 D ANWJNI_SECOND: 
05-27 18:43:35.042 31065 31065 D ANWJNI_SECOND: (31065|0x5467E4F8)[BTAPP] XML : api debug open
05-27 18:43:35.042 31065 31065 D ANWJNI_SECOND: 
05-27 18:43:35.042 31065 31065 D ANWJNI_SECOND: (31065|0x5467E4F8)[BTAPP] XML : hfp debug
05-27 18:43:35.042 31065 31065 D ANWJNI_SECOND: 
05-27 18:43:35.042 31065 31065 D ANWJNI_SECOND: (31065|0x5467E4F8)[BTAPP] XML : hfp debug open
05-27 18:43:35.042 31065 31065 D ANWJNI_SECOND: 
05-27 18:43:35.042 31065 31065 D ANWJNI_SECOND: (31065|0x5467E4F8)[BTAPP] XML : a2dp debug
05-27 18:43:35.042 31065 31065 D ANWJNI_SECOND: 
05-27 18:43:35.042 31065 31065 D ANWJNI_SECOND: (31065|0x5467E4F8)[BTAPP] XML : a2dp debug open
05-27 18:43:35.042 31065 31065 D ANWJNI_SECOND: 
05-27 18:43:35.043 31065 31065 D ANWJNI_SECOND: (31065|0x5467E4F8)[BTAPP] XML : waveout debug
05-27 18:43:35.043 31065 31065 D ANWJNI_SECOND: 
05-27 18:43:35.043 31065 31065 D ANWJNI_SECOND: (31065|0x5467E4F8)[BTAPP] XML : waveout debug open
05-27 18:43:35.043 31065 31065 D ANWJNI_SECOND: 
05-27 18:43:35.043 31065 31065 D ANWJNI_SECOND: (31065|0x5467E4F8)[BTAPP] XML : avrcp debug
05-27 18:43:35.043 31065 31065 D ANWJNI_SECOND: 
05-27 18:43:35.043 31065 31065 D ANWJNI_SECOND: (31065|0x5467E4F8)[BTAPP] XML : avrcp debug open
05-27 18:43:35.043 31065 31065 D ANWJNI_SECOND: 
05-27 18:43:35.043 31065 31065 D ANWJNI_SECOND: (31065|0x5467E4F8)[BTAPP] XML : pbap debug
05-27 18:43:35.043 31065 31065 D ANWJNI_SECOND: 
05-27 18:43:35.043 31065 31065 D ANWJNI_SECOND: (31065|0x5467E4F8)[BTAPP] XML : pbap debug open
05-27 18:43:35.043 31065 31065 D ANWJNI_SECOND: 
05-27 18:43:35.043 31065 31065 D ANWJNI_SECOND: (31065|0x5467E4F8)[BTAPP] XML : map debug
05-27 18:43:35.043 31065 31065 D ANWJNI_SECOND: 
05-27 18:43:35.043 31065 31065 D ANWJNI_SECOND: (31065|0x5467E4F8)[BTAPP] XML : map debug open
05-27 18:43:35.043 31065 31065 D ANWJNI_SECOND: 
05-27 18:43:35.043 31065 31065 D ANWJNI_SECOND: (31065|0x5467E4F8)[BTAPP] get debug_iap data fail
05-27 18:43:35.043 31065 31065 D ANWJNI_SECOND: 
05-27 18:43:35.043 31065 31065 D ANWJNI_SECOND: (31065|0x5467E4F8)[BTAPP] XML : btsnoop
05-27 18:43:35.043 31065 31065 D ANWJNI_SECOND: 
05-27 18:43:35.043 31065 31065 D ANWJNI_SECOND: (31065|0x5467E4F8)[BTAPP] XML : btsnoop open
05-27 18:43:35.043 31065 31065 D ANWJNI_SECOND: 
05-27 18:43:35.043 31065 31065 D ANWJNI_SECOND: (31065|0x5467E4F8)[BTAPP] XML : file_path 
05-27 18:43:35.043 31065 31065 D ANWJNI_SECOND: 
05-27 18:43:35.044 31065 31065 D ANWJNI_SECOND: (31065|0x5467E4F8)[BTAPP] XML : file_path /data/misc/anw/ is exist,so break
05-27 18:43:35.044 31065 31065 D ANWJNI_SECOND: 
05-27 18:43:35.044 13911 14183 I SentryImuMcuAngleSender: 179.97897rollDeg
05-27 18:43:35.044 31065 31065 D ANW_AVRCP_SECOND: AnWBT_Set_Storage_Path path /data/misc/anw/
05-27 18:43:35.044 13911 14183 I SentryImuMcuAngleSender: 1,0,0
05-27 18:43:35.044 31065 31065 D ANWJNI_SECOND: (31065|0x5467E4F8)[BTAPP] XML : btsnoop_file_path 
05-27 18:43:35.044 31065 31065 D ANWJNI_SECOND: 
05-27 18:43:35.044 31065 31065 D ANWJNI_SECOND: (31065|0x5467E4F8)[BTAPP] XML : btsnoop_path /data/misc/anw/logs/ is exist,so break
05-27 18:43:35.044 31065 31065 D ANWJNI_SECOND: 
05-27 18:43:35.044 31065 31065 D ANWJNI_SECOND: (31065|0x5467E4F8)[BTAPP] XML : find btsnoop_file_size_MB setting
05-27 18:43:35.044 31065 31065 D ANWJNI_SECOND: 
05-27 18:43:35.044 31065 31065 D ANWJNI_SECOND: (31065|0x5467E4F8)[BTAPP] XML : find maxBtSnoopFileSize_MB(100)(100)
05-27 18:43:35.044 31065 31065 D ANWJNI_SECOND: 
05-27 18:43:35.044 31065 31065 D ANWJNI_SECOND: (31065|0x5467E4F8)[BTAPP] XML : find rfkillstate_path:/sys/class/gpio/gpio142/value
05-27 18:43:35.044 31065 31065 D ANWJNI_SECOND: 
05-27 18:43:35.044 31065 31065 D ANWAPI_SECOND: (31065|0x5467E4F8)[BTAPI] AnW_BT_SetRfkillStatePath
05-27 18:43:35.045 31065 31065 D ANWJNI_SECOND: (31065|0x5467E4F8)[BTAPP] get dump_pcm data fail
05-27 18:43:35.045 31065 31065 D ANWJNI_SECOND: 
05-27 18:43:35.045 31065 31065 D ANWJNI_SECOND: (31065|0x5467E4F8)[BTAPP] XML : accept_avrcp_ct_control
05-27 18:43:35.045 31065 31065 D ANWJNI_SECOND: 
05-27 18:43:35.045 31065 31065 D ANWJNI_SECOND: (31065|0x5467E4F8)[BTAPP] XML : accept_avrcp_ct_control close
05-27 18:43:35.045 31065 31065 D ANWJNI_SECOND: 
05-27 18:43:35.045   481   598 I mcuc    : rev,n=1,6AA681D323001B8900EB0600030E3031323334353637383941424344454647000101F8
05-27 18:43:35.045   351   373 D automotive.vehicle@2.0-adayo-datacomm-mcu: MCUDatacomm sendMessageFromVehicle prop: 0x89, areaId: 0x0, status: 0xeb, timestamp: 0x6
05-27 18:43:35.045   351   373 D automotive.vehicle@2.0-adayo-datacomm-mcu: MCUDatacomm 1sendMessageFromVehicle ---> type = 3 
05-27 18:43:35.045   351   373 D automotive.vehicle@2.0-adayo-func-bcm: sendMessageFromVehicle sendMessageFromVehicle
05-27 18:43:35.046   351   516 D automotive.vehicle@2.0-adayo-func-bcm: jjfan1 ______procotolSize :1
05-27 18:43:35.046   351   516 D automotive.vehicle@2.0-adayo-func-bcm: BCMFunc sendMessageFromVehicle_l dataType: 13,mByte=7,propid=0x2110001a
05-27 18:43:35.046   351   516 D automotive.vehicle@2.0-adayo-func-bcm: BCMFunc VEHICLE_VIN_CODE111 0x2110001a 
05-27 18:43:35.046   351   516 E automotive.vehicle@2.0-adayo-func-bcm: byteArrayToASCIIString, index 7 hex: 30, ascii: 0
05-27 18:43:35.046   351   516 E automotive.vehicle@2.0-adayo-func-bcm: byteArrayToASCIIString, index 8 hex: 31, ascii: 01
05-27 18:43:35.046   351   516 E automotive.vehicle@2.0-adayo-func-bcm: byteArrayToASCIIString, index 9 hex: 32, ascii: 012
05-27 18:43:35.046   351   516 E automotive.vehicle@2.0-adayo-func-bcm: byteArrayToASCIIString, index 10 hex: 33, ascii: 0123
05-27 18:43:35.046   351   516 E automotive.vehicle@2.0-adayo-func-bcm: byteArrayToASCIIString, index 11 hex: 34, ascii: 01234
05-27 18:43:35.046   351   516 E automotive.vehicle@2.0-adayo-func-bcm: byteArrayToASCIIString, index 12 hex: 35, ascii: 012345
05-27 18:43:35.046   351   516 E automotive.vehicle@2.0-adayo-func-bcm: byteArrayToASCIIString, index 13 hex: 36, ascii: 0123456
05-27 18:43:35.046   351   516 E automotive.vehicle@2.0-adayo-func-bcm: byteArrayToASCIIString, index 14 hex: 37, ascii: 01234567
05-27 18:43:35.046   351   516 E automotive.vehicle@2.0-adayo-func-bcm: byteArrayToASCIIString, index 15 hex: 38, ascii: 012345678
05-27 18:43:35.046   351   516 E automotive.vehicle@2.0-adayo-func-bcm: byteArrayToASCIIString, index 16 hex: 39, ascii: 0123456789
05-27 18:43:35.046   351   516 E automotive.vehicle@2.0-adayo-func-bcm: byteArrayToASCIIString, index 17 hex: 41, ascii: 0123456789A
05-27 18:43:35.046   351   516 E automotive.vehicle@2.0-adayo-func-bcm: byteArrayToASCIIString, index 18 hex: 42, ascii: 0123456789AB
05-27 18:43:35.046   351   516 E automotive.vehicle@2.0-adayo-func-bcm: byteArrayToASCIIString, index 19 hex: 43, ascii: 0123456789ABC
05-27 18:43:35.046   351   516 E automotive.vehicle@2.0-adayo-func-bcm: byteArrayToASCIIString, index 20 hex: 44, ascii: 0123456789ABCD
05-27 18:43:35.046   351   516 E automotive.vehicle@2.0-adayo-func-bcm: byteArrayToASCIIString, index 21 hex: 45, ascii: 0123456789ABCDE
05-27 18:43:35.046   351   516 E automotive.vehicle@2.0-adayo-func-bcm: byteArrayToASCIIString, index 22 hex: 46, ascii: 0123456789ABCDEF
05-27 18:43:35.046   351   516 E automotive.vehicle@2.0-adayo-func-bcm: byteArrayToASCIIString, index 23 hex: 47, ascii: 0123456789ABCDEFG
05-27 18:43:35.046   351   516 D automotive.vehicle@2.0-adayo-func-bcm: BCMFunc VEHICLE_VIN_CODE222 0x2110001a ,value:0123456789ABCDEFG
05-27 18:43:35.046 31065 31065 D ANWJNI_SECOND: (31065|0x5467E4F8)[BTAPP] XML : find maxHFPAGConnNum setting
05-27 18:43:35.046 31065 31065 D ANWJNI_SECOND: 
05-27 18:43:35.046   351   516 D automotive.vehicle@2.0-adayo-func-bcm: BCMFunc sendMessageFromVehicle_l id:554696730, area:0 not report! 
05-27 18:43:35.046 31065 31065 D ANWJNI_SECOND: (31065|0x5467E4F8)[BTAPP] XML : find maxHFPAGConnNum(2)(2)
05-27 18:43:35.046 31065 31065 D ANWJNI_SECOND: 
05-27 18:43:35.047 31065 31065 D ANWJNI_SECOND: (31065|0x5467E4F8)[BTAPP] XML : find maxHFPHFConnNum setting
05-27 18:43:35.047 31065 31065 D ANWJNI_SECOND: 
05-27 18:43:35.047 31065 31065 D ANWJNI_SECOND: (31065|0x5467E4F8)[BTAPP] XML : find maxHFPHFConnNum(0)(0)
05-27 18:43:35.047 31065 31065 D ANWJNI_SECOND: 
05-27 18:43:35.047 31065 31065 D ANWJNI_SECOND: (31065|0x5467E4F8)[BTAPP] XML : find maxPBAPConnNum setting
05-27 18:43:35.047 31065 31065 D ANWJNI_SECOND: 
05-27 18:43:35.047 31065 31065 D ANWJNI_SECOND: (31065|0x5467E4F8)[BTAPP] XML : find maxPBAPConnNum(0)(0)
05-27 18:43:35.047 31065 31065 D ANWJNI_SECOND: 
05-27 18:43:35.047 31065 31065 D ANWJNI_SECOND: (31065|0x5467E4F8)[BTAPP] XML : find maxMAPConnNum setting
05-27 18:43:35.047 31065 31065 D ANWJNI_SECOND: 
05-27 18:43:35.047   581   581 I SpiService: fgesysctrl_getGPIO_status success val=1
05-27 18:43:35.047 31065 31065 D ANWJNI_SECOND: (31065|0x5467E4F8)[BTAPP] XML : find maxMAPConnNum(0)(0)
05-27 18:43:35.047 31065 31065 D ANWJNI_SECOND: 
05-27 18:43:35.047 31065 31065 D ANWJNI_SECOND: (31065|0x5467E4F8)[BTAPP] XML : find maxA2DPSinkConnNum setting
05-27 18:43:35.047 31065 31065 D ANWJNI_SECOND: 
05-27 18:43:35.047 31065 31065 D ANWJNI_SECOND: (31065|0x5467E4F8)[BTAPP] XML : find maxA2DPSinkConnNum(0)(0)
05-27 18:43:35.047 31065 31065 D ANWJNI_SECOND: 
05-27 18:43:35.047 31065 31065 D ANWJNI_SECOND: (31065|0x5467E4F8)[BTAPP] XML : find maxA2DPSourceConnNum setting
05-27 18:43:35.047 31065 31065 D ANWJNI_SECOND: 
05-27 18:43:35.047 31065 31065 D ANWJNI_SECOND: (31065|0x5467E4F8)[BTAPP] XML : find maxA2DPSourceConnNum(2)(2)
05-27 18:43:35.047 31065 31065 D ANWJNI_SECOND: 
05-27 18:43:35.047 31065 31065 D ANWJNI_SECOND: (31065|0x5467E4F8)[BTAPP] XML : find maxAVRCPCTConnNum setting
05-27 18:43:35.047 31065 31065 D ANWJNI_SECOND: 
05-27 18:43:35.047 31065 31065 D ANWJNI_SECOND: (31065|0x5467E4F8)[BTAPP] XML : find (0)(0)
05-27 18:43:35.047 31065 31065 D ANWJNI_SECOND: 
05-27 18:43:35.047 31065 31065 D ANWJNI_SECOND: (31065|0x5467E4F8)[BTAPP] XML : find maxAVRCPTGConnNum setting
05-27 18:43:35.047 31065 31065 D ANWJNI_SECOND: 
05-27 18:43:35.047 31065 31065 D ANWJNI_SECOND: (31065|0x5467E4F8)[BTAPP] XML : find maxAVRCPTGConnNum(2)(2)
05-27 18:43:35.047 31065 31065 D ANWJNI_SECOND: 
05-27 18:43:35.047 31065 31065 D ANWJNI_SECOND: (31065|0x5467E4F8)[BTAPP] XML : find maxDeviceConnNum setting
05-27 18:43:35.047 31065 31065 D ANWJNI_SECOND: 
05-27 18:43:35.047 31065 31065 D ANWJNI_SECOND: (31065|0x5467E4F8)[BTAPP] XML : find maxDeviceConnNum(2)(2)
05-27 18:43:35.047 31065 31065 D ANWJNI_SECOND: 
05-27 18:43:35.048 31065 31065 D ANWJNI_SECOND: (31065|0x5467E4F8)[BTAPP] XML : find maxSCOConnNum setting
05-27 18:43:35.048 31065 31065 D ANWJNI_SECOND: 
05-27 18:43:35.048 31065 31065 D ANWJNI_SECOND: (31065|0x5467E4F8)[BTAPP] XML : find maxSCOConnNum(2)(2)
05-27 18:43:35.048 31065 31065 D ANWJNI_SECOND: 
05-27 18:43:35.048 31065 31065 D ANWJNI_SECOND: (31065|0x5467E4F8)[BTAPP] XML : find maxHFSCOConnNum setting
05-27 18:43:35.048 31065 31065 D ANWJNI_SECOND: 
05-27 18:43:35.048 31065 31065 D ANWJNI_SECOND: (31065|0x5467E4F8)[BTAPP] XML : find maxHFSCOConnNum(0)(0)
05-27 18:43:35.048 31065 31065 D ANWJNI_SECOND: 
05-27 18:43:35.048 31065 31065 D ANWJNI_SECOND: (31065|0x5467E4F8)[BTAPP] XML : find maxAGSCOConnNum setting
05-27 18:43:35.048 31065 31065 D ANWJNI_SECOND: 
05-27 18:43:35.048 31065 31065 D ANWJNI_SECOND: (31065|0x5467E4F8)[BTAPP] XML : find maxAGSCOConnNum(2)(2)
05-27 18:43:35.048 31065 31065 D ANWJNI_SECOND: 
05-27 18:43:35.048 31065 31065 D ANWJNI_SECOND: (31065|0x5467E4F8)[BTAPP] XML : find maxOppConnNum_data setting
05-27 18:43:35.048 31065 31065 D ANWJNI_SECOND: 
05-27 18:43:35.048 31065 31065 D ANWJNI_SECOND: (31065|0x5467E4F8)[BTAPP] XML : find maxOPPConnNum(0)(0)
05-27 18:43:35.048 31065 31065 D ANWJNI_SECOND: 
05-27 18:43:35.048 31065 31065 D ANWJNI_SECOND: (31065|0x5467E4F8)[BTAPP] XML : find maxHidHostConnNum_data setting
05-27 18:43:35.048 31065 31065 D ANWJNI_SECOND: 
05-27 18:43:35.048 31065 31065 D ANWJNI_SECOND: (31065|0x5467E4F8)[BTAPP] XML : find maxHidHostConnNum(0)(0)
05-27 18:43:35.048 31065 31065 D ANWJNI_SECOND: 
05-27 18:43:35.048 31065 31065 D ANWJNI_SECOND: (31065|0x5467E4F8)[BTAPP] XML : music_mode_auto_select
05-27 18:43:35.048 31065 31065 D ANWJNI_SECOND: 
05-27 18:43:35.048 31065 31065 D ANWJNI_SECOND: (31065|0x5467E4F8)[BTAPP] XML : music_mode_auto_select open
05-27 18:43:35.048 31065 31065 D ANWJNI_SECOND: 
05-27 18:43:35.048 31065 31065 D ANWJNI_SECOND: (31065|0x5467E4F8)[BTAPP] XML : BQB_test_setting
05-27 18:43:35.048 31065 31065 D ANWJNI_SECOND: 
05-27 18:43:35.048 31065 31065 D ANWJNI_SECOND: (31065|0x5467E4F8)[BTAPP] XML : BQB_test_setting close
05-27 18:43:35.048 31065 31065 D ANWJNI_SECOND: 
05-27 18:43:35.048 31065 31065 D ANWJNI_SECOND: (31065|0x5467E4F8)[BTAPP] XML : find aaudio_device_id setting
05-27 18:43:35.048 31065 31065 D ANWJNI_SECOND: 
05-27 18:43:35.048 31065 31065 D ANWJNI_SECOND: (31065|0x5467E4F8)[BTAPP] XML : find aaudio_device_id(16)(16)
05-27 18:43:35.048 31065 31065 D ANWJNI_SECOND: 
05-27 18:43:35.049 31065 31065 D ANWJNI_SECOND: (31065|0x5467E4F8)[BTAPP] XML : local_device_name_data 
05-27 18:43:35.049 31065 31065 D ANWJNI_SECOND: 
05-27 18:43:35.050 31065 31065 D ANWAPI_SECOND: (31065|0x5467E4F8)[BTAPI] AnWBT_Set_Local_Device_Before_Init LJ_FUJIA
05-27 18:43:35.050 31065 31065 D ANWJNI_SECOND: (31065|0x5467E4F8)[BTAPP] get a2dp_sink_pcm data fail
05-27 18:43:35.050 31065 31065 D ANWJNI_SECOND: 
05-27 18:43:35.050 31065 31065 D ANWJNI_SECOND: (31065|0x5467E4F8)[BTAPP] XML : master_device_file_path 
05-27 18:43:35.050 31065 31065 D ANWJNI_SECOND: 
05-27 18:43:35.051 31065 31065 D ANWJNI_SECOND: (31065|0x5467E4F8)[BTAPP] XML : master_device_file_path /anw/target_device_info is not exist
05-27 18:43:35.051 31065 31065 D ANWJNI_SECOND: 
05-27 18:43:35.051 31065 31065 D ANWJNI_SECOND: (31065|0x5467E4F8)[BTAPP] XML : read_rssi_switch
05-27 18:43:35.051 31065 31065 D ANWJNI_SECOND: 
05-27 18:43:35.051 31065 31065 D ANWJNI_SECOND: (31065|0x5467E4F8)[BTAPP] XML : read_rssi_switch close
05-27 18:43:35.051 31065 31065 D ANWJNI_SECOND: 
05-27 18:43:35.051 31065 31065 D ANWJNI_SECOND: (31065|0x5467E4F8)[BTAPP] XML : pbapClient_autoConnectAndDownload
05-27 18:43:35.051 31065 31065 D ANWJNI_SECOND: 
05-27 18:43:35.051 31065 31065 D ANWJNI_SECOND: (31065|0x5467E4F8)[BTAPP] XML : PBAP Client auto connect an download close
05-27 18:43:35.051 31065 31065 D ANWJNI_SECOND: 
05-27 18:43:35.051 31065 31065 D ANWJNI_SECOND: (31065|0x5467E4F8)[BTAPP] get callDisconnect_AutoDownloadCalllog data fail
05-27 18:43:35.051 31065 31065 D ANWJNI_SECOND: 
05-27 18:43:35.051 31065 31065 D ANWJNI_SECOND: (31065|0x5467E4F8)[BTAPP] XML : UART_path 
05-27 18:43:35.051 31065 31065 D ANWJNI_SECOND: 
05-27 18:43:35.051 31065 31065 D ANWJNI_SECOND: (31065|0x5467E4F8)[BTAPP] XML : UART_path:[/dev/ttyS3]
05-27 18:43:35.051 31065 31065 D ANWJNI_SECOND: 
05-27 18:43:35.052 31065 31065 D ANWJNI_SECOND: (31065|0x5467E4F8)[BTAPP] get BTADDR_path data fail
05-27 18:43:35.052 31065 31065 D ANWJNI_SECOND: 
05-27 18:43:35.052 31065 31065 D ANWJNI_SECOND: (31065|0x5467E4F8)[BTAPP] XML : BTADDR path not find
05-27 18:43:35.052 31065 31065 D ANWJNI_SECOND: 
05-27 18:43:35.052 31065 31065 D ANWJNI_SECOND: (31065|0x5467E4F8)[BTAPP] XML : find UART_baudRate_init(115200)
05-27 18:43:35.052 31065 31065 D ANWJNI_SECOND: 
05-27 18:43:35.052 31065 31065 D ANWJNI_SECOND: (31065|0x5467E4F8)[BTAPP] XML : find UART_baudRate_normal(3000000)
05-27 18:43:35.052 31065 31065 D ANWJNI_SECOND: 
05-27 18:43:35.052 31065 31065 D ANWJNI_SECOND: (31065|0x5467E4F8)[BTAPP] XML : AVRCP_ABSOLUTE_VOLUME
05-27 18:43:35.052 31065 31065 D ANWJNI_SECOND: 
05-27 18:43:35.052 31065 31065 D ANWJNI_SECOND: (31065|0x5467E4F8)[BTAPP] XML : avrcp absolute volume change open
05-27 18:43:35.052 31065 31065 D ANWJNI_SECOND: 
05-27 18:43:35.052 31065 31065 D ANWAPI_SECOND: (31065|0x5467E4F8)[BTAPI] AnWBT_Set_Avrcp_Absoulte_Volume_Change[1]
05-27 18:43:35.052 31065 31065 D ANWJNI_SECOND: (31065|0x5467E4F8)[BTAPP] get generate_random_address data fail
05-27 18:43:35.052 31065 31065 D ANWJNI_SECOND: 
05-27 18:43:35.052 31065 31065 D ANWJNI_SECOND: (31065|0x5467E4F8)[BTAPP] get reject_a2dp_avrcp data fail
05-27 18:43:35.052 31065 31065 D ANWJNI_SECOND: 
05-27 18:43:35.052 31065 31065 D ANWJNI_SECOND: (31065|0x5467E4F8)[BTAPP] XML : find connect_by_sdp_limit setting
05-27 18:43:35.052 31065 31065 D ANWJNI_SECOND: 
05-27 18:43:35.052 31065 31065 D ANWJNI_SECOND: (31065|0x5467E4F8)[BTAPP] connect_by_sdp_limit set(close)
05-27 18:43:35.052 31065 31065 D ANWJNI_SECOND: 
05-27 18:43:35.052 31065 31065 D ANWJNI_SECOND: (31065|0x5467E4F8)[BTAPP] XML : find hfpag_auto_select_main_device setting
05-27 18:43:35.052 31065 31065 D ANWJNI_SECOND: 
05-27 18:43:35.052 31065 31065 D ANWJNI_SECOND: (31065|0x5467E4F8)[BTAPP] hfpag_auto_select_main_device set(open)
05-27 18:43:35.052 31065 31065 D ANWJNI_SECOND: 
05-27 18:43:35.052 31065 31065 D ANWJNI_SECOND: (31065|0x5467E4F8)[BTAPP] XML : find waveout_file_size_MB setting
05-27 18:43:35.052 31065 31065 D ANWJNI_SECOND: 
05-27 18:43:35.052   581   581 I SpiService: fgesysctrl_getGPIO_status success val=1
05-27 18:43:35.052 31065 31065 D ANWJNI_SECOND: (31065|0x5467E4F8)[BTAPP] XML : find waveout_file_size_MB_data(50)
05-27 18:43:35.052 31065 31065 D ANWJNI_SECOND: 
05-27 18:43:35.052 31065 31065 D ANWJNI_SECOND: (31065|0x5467E4F8)[BTAPP] free source_data
05-27 18:43:35.052 31065 31065 D ANWJNI_SECOND: 
05-27 18:43:35.052 31065 31065 D ANWJNI_SECOND: (31065|0x5467E4F8)[BTAPP] Read XMLfile End
05-27 18:43:35.052 31065 31065 D ANWJNI_SECOND: 
05-27 18:43:35.053 31065 31065 D ANWJNI_SECOND: (31065|0x5467E4F8)[BTAPP] run Read (/system/etc/bluetooth/anw_AA_CP_setting.cfg) Start
05-27 18:43:35.053 31065 31065 D ANWJNI_SECOND: 
05-27 18:43:35.053 31065 31065 D ANWJNI_SECOND: (31065|0x5467E4F8)[BTAPP] open BT config file (/system/etc/bluetooth/anw_AA_CP_setting.cfg) failed.
05-27 18:43:35.053 31065 31065 D ANWJNI_SECOND: 
05-27 18:43:35.053 31065 31065 D ANWJNI_SECOND: (31065|0x5467E4F8)[BTAPP] run Read (/data/misc/anw//btmonitor_lastrecord) Start
05-27 18:43:35.053 31065 31065 D ANWJNI_SECOND: 
05-27 18:43:35.053 31065 31065 D ANWJNI_SECOND: (31065|0x5467E4F8)[BTAPP] open BT last record file (/data/misc/anw//btmonitor_lastrecord) success.
05-27 18:43:35.053 31065 31065 D ANWJNI_SECOND: 
05-27 18:43:35.053 31065 31065 D ANWJNI_SECOND: (31065|0x5467E4F8)[BTAPP] read last_connected_device last_scan_mode::3
05-27 18:43:35.053 31065 31065 D ANWJNI_SECOND: 
05-27 18:43:35.053 31065 31065 D ANWJNI_SECOND: 
05-27 18:43:35.053 31065 31065 D ANWJNI_SECOND: (31065|0x5467E4F8)[BTAPP] read last_scan_mode
05-27 18:43:35.053 31065 31065 D ANWJNI_SECOND: 
05-27 18:43:35.053 31065 31065 D ANWJNI_SECOND: (31065|0x5467E4F8)[BTAPP] last_scan_mode find,value is 3
05-27 18:43:35.053 31065 31065 D ANWJNI_SECOND: 
05-27 18:43:35.053 31065 31065 D ANWJNI_SECOND: (31065|0x5467E4F8)[BTAPP] read last_poweron_state
05-27 18:43:35.053 31065 31065 D ANWJNI_SECOND: 
05-27 18:43:35.053 31065 31065 I ANWJNI_SECOND: --- JNI_OnLoad
05-27 18:43:35.058   581   581 I SpiService: fgesysctrl_getGPIO_status success val=1
05-27 18:43:35.059 31065 31065 D AnwSdkService: onCreate
05-27 18:43:35.059 30773 30787 I dvr_service_: [runShortMediaThread:298] cameraId:0 medias:300,audios:220,stateAudio:0,mShortState:0,warnEvent:0,state:1
05-27 18:43:35.059 31065 31065 D AnwSdkService: run createMessageHandleThread
05-27 18:43:35.060 31065 31065 D AnwSdkService: run createAudioFocusListenerMessageHandleThread
05-27 08:34:44.022   581   581 D spi_rst_gpio_get_output: GPIO 145 value: 1
05-27 08:34:44.022   581   581 D spidev_ioctl: gpio status=1)
05-27 18:43:35.061 31065 31065 I AnwSdkService: mhcilog1:
05-27 18:43:35.061 31065 31065 I AnwSdkService: mhcilog4:
05-27 18:43:35.062  1008 30857 D [OMXB]  : usingANWBuffer: handle:0xee7407a0, format:1, w:1920, h:1080
05-27 18:43:35.063   581   581 I SpiService: fgesysctrl_getGPIO_status success val=1
05-27 18:43:35.064 13911 14183 I SentryImuMcuAngleSender: 179.97897rollDeg
05-27 18:43:35.064 13911 14183 I SentryImuMcuAngleSender: 1,0,0
05-27 18:43:35.067   299 30844 D EvsDriver: forwardFrame
05-27 18:43:35.068   536   536 D commservice260303: msg.id = 1028,1
05-27 18:43:35.068   536   536 D commservice260303: i = 170, msgid = 8A000404
05-27 18:43:35.068   536   536 D commservice260303: msgid = -1979710460,did=138
05-27 18:43:35.068   536   536 D commservice260303: CommProtocolLibCmdBaseI2C::dataproc {"command":{"id":"imu_status","sub":""},"content":{"TimeStamp":10,"FrameCounter":244919,"GD_X":-0.011147825978696346,"GD_Y":0.005039200186729431,"GD_Z":0.0022902146447449923,"AD_X":-0.001126214861869812,"AD_Y":0.0014192124363034964,"AD_Z":-0.16825294494628906,"TempDsp":0,"Status":0,"CalibState":1,"SigAmpInvalid":0}},-1979710460
05-27 18:43:35.068 30773 30786 I dvr_service_: CameraX 1  audioOK: 24896000,audios:390
05-27 18:43:35.068   536   536 D commservice260303: send2Cluster len:317, 7B22636F6D6D616E64223A7B226964223A22696D755F737461747573222C22737562223A22227D2C22636F6E74656E74223A7B2254696D655374616D70223A31302C224672616D65436F756E746572223A3234343931392C2247445F58223A2D302E3031313134373832353937383639363334362C2247445F59223A302E3030353033393230303138363732393433312C2247445F5A223A302E303032323930323134363434373434393932332C2241445F58223A2D302E3030313132363231343836313836393831322C2241445F59223A302E303031343139323132343336333033343936342C2241445F5A223A2D302E31363832353239343439343632383930362C2254656D70447370223A302C22537461747573223A302C2243616C69625374617465223A312C22536967416D70496E76616C6964223A307D7D, 138 
05-27 18:43:35.068   536   536 D commservice260303: Push Message into SendPool fn=-453246208
05-27 18:43:35.068   536   536 D commservice260303: ComProtocolLibSend2Cluster::send2ClusterRaw fn=-453246208 , len=333
05-27 18:43:35.068   536   536 D commservice260303: sendCmdToPort :333!!!
05-27 18:43:35.068   536   536 D commservice260303: send Cmd To Port ++++5AA501498A010003FCE46A16CAD77B22636F6D6D616E64223A7B226964223A22696D755F737461747573222C22737562223A22227D2C22636F6E74656E74223A7B2254696D655374616D70223A31302C224672616D65436F756E746572223A3234343931392C2247445F58223A2D302E3031313134373832353937383639363334362C2247445F59223A302E3030353033393230303138363732393433312C2247445F5A223A302E303032323930323134363434373434393932332C2241445F58223A2D302E3030313132363231343836313836393831322C2241445F59223A302E303031343139323132343336333033343936342C2241445F5A223A2D302E31363832353239343439343632383930362C2254656D70447370223A302C22537461747573223A302C2243616C69625374617465223A312C22536967416D70496E76616C6964223A307D7DC110
05-27 18:43:35.068   536   536 D commservice260303: bufferevent_write retrun value = 0
05-27 18:43:35.069   299 30841 D EvsDriver: forwardFrame
05-27 18:43:35.069   536   560 D commservice260303: client datas send succeed,send finish
05-27 18:43:35.069   581   581 I SpiService: fgesysctrl_getGPIO_status success val=0
05-27 18:43:35.070   481   597 I mcuc    : send SPI:6AA602D323000289007D
05-27 18:43:35.071   299 30841 D EvsDriver: Delivered 0xb400007b7ca56a60 as id 0
05-27 18:43:35.072 31065 31065 I ANWJNI_SECOND: +++ InitialCallback=====
05-27 18:43:35.072 13911 14192 D Sentinelmode_1.2.5.17_sentry: <SentryImuClusterFgeSender>imu_status sent to Linux, frame=244919, tsNs=10482299, tsMs=10, intervalMs=48, ad=(-0.0011262149,0.0014192124,-0.16825294), gd=(-0.011147826,0.0050392,0.0022902146)
05-27 18:43:35.072  1167  1479 D evsmanagerd: /dev/video4 forwarded the buffer #0 to 0xb4000074bf5f6850 from 0xb4000074bf5f41d0
05-27 18:43:35.074 31065 31065 I ANWJNI_SECOND: --- InitialCallback(77)(78)
05-27 18:43:35.074 31065 31065 I ANWJNI_SECOND: --- InitialCallback(79)(80)
05-27 18:43:35.074 31065 31065 I ANWJNI_SECOND: --- InitialCallback:0
05-27 18:43:35.074 31065 31065 D AnwSdkService: onCreate:0,78,80
05-27 18:43:35.074 31065 31065 D AnwSdkService: pbap_socket_fd1 = 78
05-27 18:43:35.075 31065 31065 D AnwSdkService: run createPbapContactMessageHandleThread
05-27 18:43:35.076 30773 30785 I dvr_service_: [EncoderHandler::runMediaThread] runMediaThread started:1,state:1, cam2:started:1,state:1, lastSwitch:1, mIsMuxerStart:1,format:0,is_str_ing:0
05-27 18:43:35.077  1167  1479 D evsmanagerd: /dev/video6 forwarded the buffer #0 to 0xb4000074bf5f5510 from 0xb4000074bf5f6d90
05-27 18:43:35.077   299 30844 D EvsDriver: Delivered 0xb400007b7ca56900 as id 0
05-27 18:43:35.078 31065 31065 D AnwSdkService: run createPbapParsedDataUpdateMessageHandleThread
05-27 18:43:35.081   299  1163 D EvsDriver: doneWithFrame
05-27 18:43:35.082   299  1163 D EvsDriver: doneWithFrame
05-27 08:34:44.028   581   581 D spi_rst_gpio_get_output: GPIO 145 value: 1
05-27 18:43:35.084  1008 30856 D [OMXB]  : usingANWBuffer: handle:0xee742480, format:1, w:1920, h:1080
05-27 08:34:44.028   581   581 D spidev_ioctl: gpio status=1)
05-27 08:34:44.034   581   581 D spi_rst_gpio_get_output: GPIO 145 value: 0
05-27 08:34:44.034   581   581 D spidev_ioctl: gpio status=0)
05-27 18:43:35.084   572   572 I Sensors : 230 AccelSensor: x:-0.170190,y:0.003659,z:-9.974720
05-27 18:43:35.084 13911 14183 I SentryImuMcuAngleSender: 179.986rollDeg
05-27 18:43:35.085 13911 14183 I SentryImuMcuAngleSender: 1,0,0
05-27 18:43:35.085   581   581 I SpiService: fgesysctrl_getGPIO_status success val=1
05-27 18:43:35.087 31065 31065 W ContextImpl: Calling a method in the system process without a qualified user: android.app.ContextImpl.startService:1863 android.content.ContextWrapper.startService:817 com.anwsdk.service.anwbtservice.onCreate:7516 android.app.ActivityThread.handleCreateService:4616 android.app.ActivityThread.-$$Nest$mhandleCreateService:0 
05-27 08:34:44.049   581   581 D spi_rst_gpio_get_output: GPIO 145 value: 1
05-27 08:34:44.049   581   581 D spidev_ioctl: gpio status=1)
05-27 18:43:35.089 11344 11344 E SystemUI_NavBarFragment: SysUIConfig.icCarServiceConnected：false
05-27 18:43:35.089 10188  7589 W ActivityManager: Unable to start service Intent { cmp=com.anwsdk.service/.HfpClientConnectionService } U=0: not found with resolvedType = null, flags = 268436480, userId = 0, callingUid = 1000
05-27 18:43:35.090 31065 31065 D AnwSdkService: 20210721 checking self APK rom size
05-27 18:43:35.090   581   581 I SpiService: fgesysctrl_getGPIO_status success val=1
05-27 08:34:44.055   581   581 D spi_rst_gpio_get_output: GPIO 145 value: 1
05-27 08:34:44.055   581   581 D spidev_ioctl: gpio status=1)
05-27 18:43:35.096   581   581 I SpiService: fgesysctrl_getGPIO_status success val=1
05-27 08:34:44.061   581   581 D spi_rst_gpio_get_output: GPIO 145 value: 1
05-27 08:34:44.061   581   581 D spidev_ioctl: gpio status=1)
05-27 18:43:35.098   299 30841 D EvsDriver: forwardFrame
05-27 18:43:35.100   299 30841 D EvsDriver: Delivered 0xb400007b7ca56a60 as id 0
05-27 18:43:35.100  1167  1167 D evsmanagerd: /dev/video4 forwarded the buffer #0 to 0xb4000074bf5f6850 from 0xb4000074bf5f41d0
05-27 18:43:35.100 30773 30783 E dvr_service_: [myNum:0] Received S**** loss
05-27 18:43:35.101   299  1163 D EvsDriver: doneWithFrame
05-27 18:43:35.101   299 30844 D EvsDriver: forwardFrame
05-27 18:43:35.102   581   581 I SpiService: fgesysctrl_getGPIO_status success val=1
05-27 18:43:35.104   299 30844 D EvsDriver: Delivered 0xb400007b7ca56900 as id 0
05-27 18:43:35.104  1167  1167 D evsmanagerd: /dev/video6 forwarded the buffer #0 to 0xb4000074bf5f5510 from 0xb4000074bf5f6d90
05-27 18:43:35.104 30773 30783 E dvr_service_: [myNum:1] Received S**** loss
05-27 18:43:35.104   299  1163 D EvsDriver: doneWithFrame
05-27 18:43:35.104 13911 14183 I SentryImuMcuAngleSender: 179.98248rollDeg
05-27 18:43:35.104 13911 14183 I SentryImuMcuAngleSender: 1,0,0
05-27 08:34:44.066   581   581 D spi_rst_gpio_get_output: GPIO 145 value: 1
05-27 08:34:44.066   581   581 D spidev_ioctl: gpio status=1)
05-27 18:43:35.107   536   536 D commservice260303: msg.id = 1028,0
05-27 18:43:35.107   536   536 D commservice260303: i = 170, msgid = 8A000404
05-27 18:43:35.107   536   536 D commservice260303: msgid = -1979710460,did=138
05-27 18:43:35.107   536   536 D commservice260303: CommProtocolLibCmdBaseI2C::dataproc {"command":{"id":"imu_status","sub":""},"content":{"TimeStamp":10,"FrameCounter":244920,"GD_X":-0.01091896090656519,"GD_Y":0.00549693126231432,"GD_Z":0.0017560218693688512,"AD_X":-0.004778698086738586,"AD_Y":8.027637377381325E-4,"AD_Z":-0.16947174072265625,"TempDsp":0,"Status":0,"CalibState":1,"SigAmpInvalid":0}},-1979710460
05-27 18:43:35.107   536   536 D commservice260303: send2Cluster len:314, 7B22636F6D6D616E64223A7B226964223A22696D755F737461747573222C22737562223A22227D2C22636F6E74656E74223A7B2254696D655374616D70223A31302C224672616D65436F756E746572223A3234343932302C2247445F58223A2D302E30313039313839363039303635363531392C2247445F59223A302E30303534393639333132363233313433322C2247445F5A223A302E303031373536303231383639333638383531322C2241445F58223A2D302E3030343737383639383038363733383538362C2241445F59223A382E303237363337333737333831333235452D342C2241445F5A223A2D302E31363934373137343037323236353632352C2254656D70447370223A302C22537461747573223A302C2243616C69625374617465223A312C22536967416D70496E76616C6964223A307D7D, 138 
05-27 18:43:35.107   581   581 I SpiService: fgesysctrl_getGPIO_status success val=1
05-27 18:43:35.107   536   536 D commservice260303: Push Message into SendPool fn=-436468992
05-27 18:43:35.108   536   536 D commservice260303: ComProtocolLibSend2Cluster::send2ClusterRaw fn=-436468992 , len=330
05-27 18:43:35.108   536   536 D commservice260303: sendCmdToPort :330!!!
05-27 18:43:35.108   536   536 D commservice260303: send Cmd To Port ++++5AA501468A010003FCE56A16CAD77B22636F6D6D616E64223A7B226964223A22696D755F737461747573222C22737562223A22227D2C22636F6E74656E74223A7B2254696D655374616D70223A31302C224672616D65436F756E746572223A3234343932302C2247445F58223A2D302E30313039313839363039303635363531392C2247445F59223A302E30303534393639333132363233313433322C2247445F5A223A302E303031373536303231383639333638383531322C2241445F58223A2D302E3030343737383639383038363733383538362C2241445F59223A382E303237363337333737333831333235452D342C2241445F5A223A2D302E31363934373137343037323236353632352C2254656D70447370223A302C22537461747573223A302C2243616C69625374617465223A312C22536967416D70496E76616C6964223A307D7D5A7F
