05-27 08:34:48.441   581   581 D spidev_ioctl: gpio status=1)
05-27 18:43:39.480  1008 30856 D [OMXB]  : usingANWBuffer: handle:0xee741c40, format:1, w:1920, h:1080
05-27 18:43:39.482   581   581 I SpiService: fgesysctrl_getGPIO_status success val=1
05-27 08:34:48.447   581   581 D spi_rst_gpio_get_output: GPIO 145 value: 1
05-27 08:34:48.447   581   581 D spidev_ioctl: gpio status=1)
05-27 18:43:39.488   581   581 I SpiService: fgesysctrl_getGPIO_status success val=1
05-27 18:43:39.488   572   572 I Sensors : 230 GyroSensor: x:-0.012140,y:0.005650,z:0.001908
05-27 08:34:48.452   581   581 D spi_rst_gpio_get_output: GPIO 145 value: 1
05-27 08:34:48.452   581   581 D spidev_ioctl: gpio status=1)
05-27 18:43:39.492   536   536 D commservice260303: msg.id = 1028,0
05-27 18:43:39.492   536   536 D commservice260303: i = 170, msgid = 8A000404
05-27 18:43:39.492   536   536 D commservice260303: msgid = -1979710460,did=138
05-27 18:43:39.492   536   536 D commservice260303: CommProtocolLibCmdBaseI2C::dataproc {"command":{"id":"imu_status","sub":""},"content":{"TimeStamp":10,"FrameCounter":245028,"GD_X":-0.012139749713242054,"GD_Y":0.0056498548947274685,"GD_Z":0.0019079053308814764,"AD_X":-0.0073180049657821655,"AD_Y":0.0010312264785170555,"AD_Z":-0.17069149017333984,"TempDsp":0,"Status":0,"CalibState":1,"SigAmpInvalid":0}},-1979710460
05-27 18:43:39.492   536   536 D commservice260303: send2Cluster len:319, 7B22636F6D6D616E64223A7B226964223A22696D755F737461747573222C22737562223A22227D2C22636F6E74656E74223A7B2254696D655374616D70223A31302C224672616D65436F756E746572223A3234353032382C2247445F58223A2D302E3031323133393734393731333234323035342C2247445F59223A302E303035363439383534383934373237343638352C2247445F5A223A302E303031393037393035333330383831343736342C2241445F58223A2D302E303037333138303034393635373832313635352C2241445F59223A302E303031303331323236343738353137303535352C2241445F5A223A2D302E31373036393134393031373333333938342C2254656D70447370223A302C22537461747573223A302C2243616C69625374617465223A312C22536967416D70496E76616C6964223A307D7D, 138 
05-27 18:43:39.493   536   536 D commservice260303: Push Message into SendPool fn=1409090304
05-27 18:43:39.493   536   536 D commservice260303: ComProtocolLibSend2Cluster::send2ClusterRaw fn=1409090304 , len=335
05-27 18:43:39.493   536   536 D commservice260303: sendCmdToPort :335!!!
05-27 18:43:39.493   536   536 D commservice260303: send Cmd To Port ++++5AA5014B8A010003FD536A16CADB7B22636F6D6D616E64223A7B226964223A22696D755F737461747573222C22737562223A22227D2C22636F6E74656E74223A7B2254696D655374616D70223A31302C224672616D65436F756E746572223A3234353032382C2247445F58223A2D302E3031323133393734393731333234323035342C2247445F59223A302E303035363439383534383934373237343638352C2247445F5A223A302E303031393037393035333330383831343736342C2241445F58223A2D302E303037333138303034393635373832313635352C2241445F59223A302E303031303331323236343738353137303535352C2241445F5A223A2D302E31373036393134393031373333333938342C2254656D70447370223A302C22537461747573223A302C2243616C69625374617465223A312C22536967416D70496E76616C6964223A307D7D2A2D
05-27 18:43:39.493   536   536 D commservice260303: bufferevent_write retrun value = 0
05-27 18:43:39.493   536   560 D commservice260303: client datas send succeed,send finish
05-27 18:43:39.493 13911 14192 D Sentinelmode_1.2.5.17_sentry: <SentryImuClusterFgeSender>imu_status sent to Linux, frame=245028, tsNs=10486739, tsMs=10, intervalMs=41, ad=(-0.007318005,0.0010312265,-0.17069149), gd=(-0.01213975,0.005649855,0.0019079053)
05-27 18:43:39.493   581   581 I SpiService: fgesysctrl_getGPIO_status success val=1
05-27 18:43:39.496 13911 14183 I SentryImuMcuAngleSender: 179.97899rollDeg
05-27 18:43:39.496 13911 14183 I SentryImuMcuAngleSender: 1,0,0
05-27 08:34:48.458   581   581 D spi_rst_gpio_get_output: GPIO 145 value: 1
05-27 08:34:48.458   581   581 D spidev_ioctl: gpio status=1)
05-27 18:43:39.499   581   581 I SpiService: fgesysctrl_getGPIO_status success val=0
05-27 08:34:48.463   581   581 D spi_rst_gpio_get_output: GPIO 145 value: 0
05-27 08:34:48.463   581   581 D spidev_ioctl: gpio status=0)
05-27 18:43:39.502  1008 30857 D [OMXB]  : usingANWBuffer: handle:0xee7437c0, format:1, w:1920, h:1080
05-27 18:43:39.503   299 30841 D EvsDriver: forwardFrame
05-27 18:43:39.507   299 30844 D EvsDriver: forwardFrame
05-27 18:43:39.507   299 30841 D EvsDriver: Delivered 0xb400007b7ca56a60 as id 0
05-27 18:43:39.508  1167  1479 D evsmanagerd: /dev/video4 forwarded the buffer #0 to 0xb4000074bf5f6850 from 0xb4000074bf5f41d0
05-27 18:43:39.512   299  1163 D EvsDriver: doneWithFrame
05-27 18:43:39.512  1167  1479 D evsmanagerd: /dev/video6 forwarded the buffer #0 to 0xb4000074bf5f5510 from 0xb4000074bf5f6d90
05-27 18:43:39.514   299 30844 D EvsDriver: Delivered 0xb400007b7ca56900 as id 0
05-27 18:43:39.514   581   581 I SpiService: fgesysctrl_getGPIO_status success val=1
05-27 18:43:39.516 13911 14183 I SentryImuMcuAngleSender: 179.99649rollDeg
05-27 18:43:39.516 13911 14183 I SentryImuMcuAngleSender: 1,0,0
05-27 08:34:48.479   581   581 D spi_rst_gpio_get_output: GPIO 145 value: 1
05-27 08:34:48.479   581   581 D spidev_ioctl: gpio status=1)
05-27 18:43:39.519   299  1163 D EvsDriver: doneWithFrame
05-27 18:43:39.520   581   581 I SpiService: fgesysctrl_getGPIO_status success val=1
05-27 08:34:48.484   581   581 D spi_rst_gpio_get_output: GPIO 145 value: 1
05-27 08:34:48.484   581   581 D spidev_ioctl: gpio status=1)
05-27 18:43:39.524  1008 30856 D [OMXB]  : usingANWBuffer: handle:0xee7454a0, format:1, w:1920, h:1080
05-27 18:43:39.525   581   581 I SpiService: fgesysctrl_getGPIO_status success val=1
05-27 08:34:48.490   581   581 D spi_rst_gpio_get_output: GPIO 145 value: 1
05-27 08:34:48.490   581   581 D spidev_ioctl: gpio status=1)
05-27 18:43:39.531   581   581 I SpiService: fgesysctrl_getGPIO_status success val=1
05-27 18:43:39.525 31154 31154 I auditd  : type=1400 audit(0.0:62213): avc: denied { append } for comm="sh" name="default-1.txt" dev="vda93" ino=180272 scontext=u:r:init:s0 tcontext=u:object_r:log_data_file:s0 tclass=file permissive=1
05-27 08:34:48.496   581   581 D spi_rst_gpio_get_output: GPIO 145 value: 1
05-27 08:34:48.496   581   581 D spidev_ioctl: gpio status=1)
05-27 18:43:39.533   536   536 D commservice260303: msg.id = 1028,0
05-27 18:43:39.533   536   536 D commservice260303: i = 170, msgid = 8A000404
05-27 18:43:39.533   536   536 D commservice260303: msgid = -1979710460,did=138
05-27 18:43:39.533   536   536 D commservice260303: CommProtocolLibCmdBaseI2C::dataproc {"command":{"id":"imu_status","sub":""},"content":{"TimeStamp":10,"FrameCounter":245029,"GD_X":-0.011453153565526009,"GD_Y":0.005420989356935024,"GD_Z":0.0019848872907459736,"AD_X":-0.0024334341287612915,"AD_Y":-0.0032210801728069782,"AD_Z":-0.17069149017333984,"TempDsp":0,"Status":0,"CalibState":1,"SigAmpInvalid":0}},-1979710460
05-27 18:43:39.533   536   536 D commservice260303: send2Cluster len:319, 7B22636F6D6D616E64223A7B226964223A22696D755F737461747573222C22737562223A22227D2C22636F6E74656E74223A7B2254696D655374616D70223A31302C224672616D65436F756E746572223A3234353032392C2247445F58223A2D302E3031313435333135333536353532363030392C2247445F59223A302E3030353432303938393335363933353032342C2247445F5A223A302E303031393834383837323930373435393733362C2241445F58223A2D302E303032343333343334313238373631323931352C2241445F59223A2D302E303033323231303830313732383036393738322C2241445F5A223A2D302E31373036393134393031373333333938342C2254656D70447370223A302C22537461747573223A302C2243616C69625374617465223A312C22536967416D70496E76616C6964223A307D7D, 138 
05-27 18:43:39.533   536   536 D commservice260303: Push Message into SendPool fn=1425867520
05-27 18:43:39.533   536   536 D commservice260303: ComProtocolLibSend2Cluster::send2ClusterRaw fn=1425867520 , len=335
05-27 18:43:39.533   536   536 D commservice260303: sendCmdToPort :335!!!
05-27 18:43:39.533   536   536 D commservice260303: send Cmd To Port ++++5AA5014B8A010003FD546A16CADB7B22636F6D6D616E64223A7B226964223A22696D755F737461747573222C22737562223A22227D2C22636F6E74656E74223A7B2254696D655374616D70223A31302C224672616D65436F756E746572223A3234353032392C2247445F58223A2D302E3031313435333135333536353532363030392C2247445F59223A302E3030353432303938393335363933353032342C2247445F5A223A302E303031393834383837323930373435393733362C2241445F58223A2D302E303032343333343334313238373631323931352C2241445F59223A2D302E303033323231303830313732383036393738322C2241445F5A223A2D302E31373036393134393031373333333938342C2254656D70447370223A302C22537461747573223A302C2243616C69625374617465223A312C22536967416D70496E76616C6964223A307D7D617D
05-27 18:43:39.534   536   536 D commservice260303: bufferevent_write retrun value = 0
05-27 18:43:39.534   536   560 D commservice260303: client datas send succeed,send finish
05-27 18:43:39.534 13911 14192 D Sentinelmode_1.2.5.17_sentry: <SentryImuClusterFgeSender>imu_status sent to Linux, frame=245029, tsNs=10486774, tsMs=10, intervalMs=40, ad=(-0.0024334341,-0.0032210802,-0.17069149), gd=(-0.011453154,0.0054209894,0.0019848873)
05-27 18:43:39.535   283   307 I rvcservice: t.code = 7, t.value = 10486597
05-27 18:43:39.529 31174 31174 I auditd  : type=1400 audit(0.0:62214): avc: denied { append } for comm="cat" path="/mnt/log_data/AndroidLog/kernel/default-1.txt" dev="vda93" ino=180272 scontext=u:r:toolbox:s0 tcontext=u:object_r:log_data_file:s0 tclass=file permissive=1
05-27 18:43:39.529 31174 31174 I cat     : type=1400 audit(0.0:62214): avc: denied { append } for path="/mnt/log_data/AndroidLog/kernel/default-1.txt" dev="vda93" ino=180272 scontext=u:r:toolbox:s0 tcontext=u:object_r:log_data_file:s0 tclass=file permissive=1
05-27 18:43:39.537   581   581 I SpiService: fgesysctrl_getGPIO_status success val=1
05-27 18:43:39.537 13911 14183 I SentryImuMcuAngleSender: -179.99649rollDeg
05-27 18:43:39.537 13911 14183 I SentryImuMcuAngleSender: 1,0,0
05-27 08:34:48.501   581   581 D spi_rst_gpio_get_output: GPIO 145 value: 1
05-27 08:34:48.501   581   581 D spidev_ioctl: gpio status=1)
05-27 18:43:39.538   299 30841 D EvsDriver: forwardFrame
05-27 18:43:39.540  1167  1479 D evsmanagerd: /dev/video4 forwarded the buffer #0 to 0xb4000074bf5f6850 from 0xb4000074bf5f41d0
05-27 18:43:39.540   299 30841 D EvsDriver: Delivered 0xb400007b7ca56a60 as id 0
05-27 18:43:39.543   581   581 I SpiService: fgesysctrl_getGPIO_status success val=0
05-27 18:43:39.544   299 30844 D EvsDriver: forwardFrame
05-27 18:43:39.544   299  1163 D EvsDriver: doneWithFrame
05-27 08:34:48.507   581   581 D spi_rst_gpio_get_output: GPIO 145 value: 0
05-27 08:34:48.507   581   581 D spidev_ioctl: gpio status=0)
05-27 18:43:39.548  1008 30857 D [OMXB]  : usingANWBuffer: handle:0xee740590, format:1, w:1920, h:1080
05-27 18:43:39.548  1167  1479 D evsmanagerd: /dev/video6 forwarded the buffer #0 to 0xb4000074bf5f5510 from 0xb4000074bf5f6d90
05-27 18:43:39.550   299 30844 D EvsDriver: Delivered 0xb400007b7ca56900 as id 0
05-27 18:43:39.545 31174 31174 I auditd  : type=1400 audit(0.0:62215): avc: denied { read } for comm="cat" name="kmsg" dev="proc" ino=4026532264 scontext=u:r:toolbox:s0 tcontext=u:object_r:proc_kmsg:s0 tclass=file permissive=1
05-27 18:43:39.545 31174 31174 I cat     : type=1400 audit(0.0:62215): avc: denied { read } for name="kmsg" dev="proc" ino=4026532264 scontext=u:r:toolbox:s0 tcontext=u:object_r:proc_kmsg:s0 tclass=file permissive=1
05-27 18:43:39.545 31174 31174 I auditd  : type=1400 audit(0.0:62216): avc: denied { open } for comm="cat" path="/proc/kmsg" dev="proc" ino=4026532264 scontext=u:r:toolbox:s0 tcontext=u:object_r:proc_kmsg:s0 tclass=file permissive=1
05-27 18:43:39.545 31174 31174 I cat     : type=1400 audit(0.0:62216): avc: denied { open } for path="/proc/kmsg" dev="proc" ino=4026532264 scontext=u:r:toolbox:s0 tcontext=u:object_r:proc_kmsg:s0 tclass=file permissive=1
05-27 18:43:39.545 31174 31174 I auditd  : type=1400 audit(0.0:62217): avc: denied { syslog } for comm="cat" capability=34 scontext=u:r:toolbox:s0 tcontext=u:r:toolbox:s0 tclass=capability2 permissive=1
05-27 18:43:39.545 31174 31174 I cat     : type=1400 audit(0.0:62217): avc: denied { syslog } for capability=34 scontext=u:r:toolbox:s0 tcontext=u:r:toolbox:s0 tclass=capability2 permissive=1
05-27 08:34:48.517 30476 30476 I iowait  : 228   39   15    0    0    0    0    0    0    0    0    0
05-27 18:43:39.551 30773 30789 I dvr_service_: Camera 1: MediaOK:29257213, frames:690, isKeyFrame:0,pts:10486425865
05-27 18:43:39.554   299  1163 D EvsDriver: doneWithFrame
05-27 18:43:39.555 30773 30786 I dvr_service_: CameraX 1  audioOK: 29376000,audios:460
05-27 18:43:39.558 13911 14183 I SentryImuMcuAngleSender: 179.993rollDeg
05-27 18:43:39.558 13911 14183 I SentryImuMcuAngleSender: 1,0,0
05-27 18:43:39.558  1008 30856 D [OMXB]  : usingANWBuffer: handle:0xee740170, format:1, w:1920, h:1080
05-27 18:43:39.558   536  2579 D commservice260303: send heart beat package to Cluster
05-27 18:43:39.558   536  2579 D commservice260303: send2Cluster len:40, 7B22636F6D6D616E64223A7B226964223A22686561727462656174222C22737562223A22227D7D0A, 129 
05-27 18:43:39.558   536  2579 D commservice260303: Push Message into SendPool fn=1442644736
05-27 18:43:39.558   536  2579 D commservice260303: ComProtocolLibSend2Cluster::send2ClusterRaw fn=1442644736 , len=56
05-27 18:43:39.559   536  2579 D commservice260303: sendCmdToPort :56!!!
05-27 18:43:39.559   536  2579 D commservice260303: send Cmd To Port ++++5AA5003481010003FD556A16CADB7B22636F6D6D616E64223A7B226964223A22686561727462656174222C22737562223A22227D7D0A64D2
05-27 18:43:39.559   536  2579 D commservice260303: bufferevent_write retrun value = 0
05-27 18:43:39.559   536   560 D commservice260303: client datas send succeed,send finish
05-27 18:43:39.561   581   581 I SpiService: fgesysctrl_getGPIO_status success val=1
05-27 18:43:39.561   536   560 D commservice260303: recv len:91, 5AA50057010000003D636A16CADB7B22636F6D6D616E64223A7B226964223A22686561727462656174222C22737562223A22227D2C22726573706F6E65223A7B22636F6465223A302C226D657373616765223A226F6B227D7D3002 from server
05-27 18:43:39.561   536  2578 D commservice260303: mcuDataAnalyzeHandle templen:91,len:91,pos:0, 5AA50057010000003D636A16CADB7B22636F6D6D616E64223A7B226964223A22686561727462656174222C22737562223A22227D2C22726573706F6E65223A7B22636F6465223A302C226D657373616765223A226F6B227D7D3002 
05-27 18:43:39.561   536  2578 I commservice260303: checksumCal = 12290
05-27 18:43:39.561   536  2578 D commservice260303: Protocol_C2I_Commservice::dataproc {"command":{"id":"heartbeat","sub":""},"respone":{"code":0,"message":"ok"}},1
05-27 18:43:39.561   536  2578 D commservice260303: Protocol_C2I_Commservice::dataproc Receive a heartbeat command from Cluster, setTcpHeartbeat = EID_UID_HEARTBEAT
05-27 18:43:39.566   581   581 I SpiService: fgesysctrl_getGPIO_status success val=1
05-27 18:43:39.569   299 30841 D EvsDriver: forwardFrame
05-27 18:43:39.571   299 30844 D EvsDriver: forwardFrame
05-27 18:43:39.571   299 30841 D EvsDriver: Delivered 0xb400007b7ca56a60 as id 0
05-27 18:43:39.571  1167  1479 D evsmanagerd: /dev/video4 forwarded the buffer #0 to 0xb4000074bf5f6850 from 0xb4000074bf5f41d0
05-27 18:43:39.572   581   581 I SpiService: fgesysctrl_getGPIO_status success val=1
05-27 18:43:39.575   299  1163 D EvsDriver: doneWithFrame
05-27 18:43:39.575  1167  1167 D evsmanagerd: /dev/video6 forwarded the buffer #0 to 0xb4000074bf5f5510 from 0xb4000074bf5f6d90
05-27 18:43:39.575   536   536 D commservice260303: msg.id = 1028,0
05-27 18:43:39.575   299 30844 D EvsDriver: Delivered 0xb400007b7ca56900 as id 0
05-27 18:43:39.575   536   536 D commservice260303: i = 170, msgid = 8A000404
05-27 18:43:39.575   536   536 D commservice260303: msgid = -1979710460,did=138
05-27 18:43:39.576   536   536 D commservice260303: CommProtocolLibCmdBaseI2C::dataproc {"command":{"id":"imu_status","sub":""},"content":{"TimeStamp":10,"FrameCounter":245030,"GD_X":-0.011453153565526009,"GD_Y":0.005268065724521875,"GD_Z":0.002443138277158141,"AD_X":-0.004868730902671814,"AD_Y":0.0010496252216398716,"AD_Z":-0.17374134063720703,"TempDsp":0,"Status":0,"CalibState":1,"SigAmpInvalid":0}},-1979710460
05-27 18:43:39.576   536   536 D commservice260303: send2Cluster len:316, 7B22636F6D6D616E64223A7B226964223A22696D755F737461747573222C22737562223A22227D2C22636F6E74656E74223A7B2254696D655374616D70223A31302C224672616D65436F756E746572223A3234353033302C2247445F58223A2D302E3031313435333135333536353532363030392C2247445F59223A302E3030353236383036353732343532313837352C2247445F5A223A302E3030323434333133383237373135383134312C2241445F58223A2D302E3030343836383733303930323637313831342C2241445F59223A302E303031303439363235323231363339383731362C2241445F5A223A2D302E31373337343133343036333732303730332C2254656D70447370223A302C22537461747573223A302C2243616C69625374617465223A312C22536967416D70496E76616C6964223A307D7D, 138 
05-27 18:43:39.576   536   536 D commservice260303: Push Message into SendPool fn=1459421952
05-27 18:43:39.576   536   536 D commservice260303: ComProtocolLibSend2Cluster::send2ClusterRaw fn=1459421952 , len=332
05-27 18:43:39.576   536   536 D commservice260303: sendCmdToPort :332!!!
05-27 18:43:39.576   536   536 D commservice260303: send Cmd To Port ++++5AA501488A010003FD566A16CADB7B22636F6D6D616E64223A7B226964223A22696D755F737461747573222C22737562223A22227D2C22636F6E74656E74223A7B2254696D655374616D70223A31302C224672616D65436F756E746572223A3234353033302C2247445F58223A2D302E3031313435333135333536353532363030392C2247445F59223A302E3030353236383036353732343532313837352C2247445F5A223A302E3030323434333133383237373135383134312C2241445F58223A2D302E3030343836383733303930323637313831342C2241445F59223A302E303031303439363235323231363339383731362C2241445F5A223A2D302E31373337343133343036333732303730332C2254656D70447370223A302C22537461747573223A302C2243616C69625374617465223A312C22536967416D70496E76616C6964223A307D7DEC02
05-27 18:43:39.576   536   536 D commservice260303: bufferevent_write retrun value = 0
05-27 18:43:39.576   536   560 D commservice260303: client datas send succeed,send finish
05-27 18:43:39.578 13911 14192 D Sentinelmode_1.2.5.17_sentry: <SentryImuClusterFgeSender>imu_status sent to Linux, frame=245030, tsNs=10486811, tsMs=10, intervalMs=44, ad=(-0.004868731,0.0010496252,-0.17374134), gd=(-0.011453154,0.0052680657,0.0024431383)
05-27 18:43:39.578   581   581 I SpiService: fgesysctrl_getGPIO_status success val=1
05-27 18:43:39.579 13911 14183 I SentryImuMcuAngleSender: 179.97899rollDeg
05-27 18:43:39.579 13911 14183 I SentryImuMcuAngleSender: 1,0,0
05-27 18:43:39.581   299  1163 D EvsDriver: doneWithFrame
05-27 18:43:39.584   581   581 I SpiService: fgesysctrl_getGPIO_status success val=1
05-27 18:43:39.587 13911 14131 D SVR_MNG_SvrMngProxy: getServer: mSvrManger is null
05-27 18:43:39.587 13911 14131 D SVR_MNG_SvrMngProxy: getNewStub: 
05-27 18:43:39.587 13911 14131 D SVR_MNG_SvrMngProxy: getNewStub: getSvrManagerService start
05-27 18:43:39.588 13911 14131 D SVR_MNG_SvrMngProxy: getNewStub: getSvrManagerService end
05-27 18:43:39.588 13911 14131 D SVR_MNG_SvrMngProxy: getServer: svrMngService doesn't start
05-27 18:43:39.588  1008 30857 D [OMXB]  : usingANWBuffer: handle:0xee743190, format:1, w:1920, h:1080
05-27 18:43:39.589   581   581 I SpiService: fgesysctrl_getGPIO_status success val=0
05-27 18:43:39.595 13911 14147 I Sentinelmode_1.2.5.17_sentry: <SentryModeAuto>[SentryTrace] apply tick openMethod=2 intentOn=true inGard=0 time=0|0|0|0 repeat=0|1|2|3|4|5|6
05-27 18:43:39.595   572   622 I Sensors : 230 AccelSensor: x:-0.171410,y:0.003659,z:-9.977772
05-27 18:43:39.595 13911 14147 D Sentinelmode_1.2.5.17_sentry: <SentryModeAuto>applySentrySettings sentry_mode=-1 openMethod=2 intentOn=true time=0|0|0|0 repeat=0|1|2|3|4|5|6
05-27 18:43:39.597 13911 14147 D Sentinelmode_1.2.5.17_sentry: <SentryModeAuto>[SentryTrace] schedule time all day: "0|0|0|0"
05-27 18:43:39.597 13911 14147 I Sentinelmode_1.2.5.17_sentry: <SentryModeAuto>[SentryTrace] schedule shouldActivate=true inRepeat=true inWindow=true locationBlocked=false
05-27 18:43:39.597 13911 14147 I Sentinelmode_1.2.5.17_sentry: <PicketModeManager>getDvrEnableState=true (MMKV DVR_ENABLE_STATE)
05-27 18:43:39.598 13911 14147 I Sentinelmode_1.2.5.17_sentry: <SentryModeAuto>[SentryTrace] start gard GARD_MODE_STATE=15
05-27 18:43:39.598 13911 14147 I Sentinelmode_1.2.5.17_sentry: <PicketModeManager>onSettingsPutInt：true name:persist.gard.mode value:15
05-27 18:43:39.598 13911 14147 I Sentinelmode_1.2.5.17_sentry: <PicketModeManager>[SentryTrace] mode_status=15
05-27 18:43:39.598 13911 14147 D SensorManager: unregisterListenerImpl sensor = {Sensor name="ASM330LHH 3-axis Accelerometer Sensor", vendor="STMicroelectronics", version=1, type=1, maxRange=78.4532, resolution=9.35235E-6, power=0.6, minDelay=2000}, listener = com.incall.sentinelmode.manager.PicketModeManager$2@dd928ed
05-27 18:43:39.598 13911 14147 I Sentinelmode_1.2.5.17_sentry: <PicketModeManager>getDvrEnableState=true (MMKV DVR_ENABLE_STATE)
05-27 18:43:39.599 13911 14147 I Sentinelmode_1.2.5.17_sentry: <PicketModeManager>getRemoteOpen isRemoteOpen = false
05-27 18:43:39.599 13911 14147 W Sentinelmode_1.2.5.17_sentry: <PicketModeManager>[SentryTrace] mode15 camera fault, continue to mode2 (LGRD may fail until camera ok)
05-27 18:43:39.599 13911 14183 I SentryImuMcuAngleSender: 179.97899rollDeg
05-27 18:43:39.599 13911 14183 I SentryImuMcuAngleSender: 1,0,0
05-27 18:43:39.599 13911 14147 I Sentinelmode_1.2.5.17_sentry: <PicketModeManager>onSettingsPutInt：true name:persist.gard.mode value:2
05-27 18:43:39.599 13911 14147 I Sentinelmode_1.2.5.17_sentry: <PicketModeManager>[SentryTrace] mode15 -> mode2 starting
05-27 18:43:39.599 13911 14147 I Sentinelmode_1.2.5.17_sentry: <TlvManager>toCloud_SentryModePerHourMile:12
05-27 18:43:39.599 13911 14147 I Sentinelmode_1.2.5.17_sentry: <TlvManager>toCloud_GuardModeLeftTime:43200
05-27 18:43:39.599 13911 14147 I Sentinelmode_1.2.5.17_sentry: <PicketModeManager>onGradModeStatusChanage: mode_status = 2
05-27 18:43:39.599 13911 14147 D Sentinelmode_1.2.5.17_sentry: <PicketModeManager>noticeSensorWithPowerUp GardMode() = 2
05-27 18:43:39.599 13911 14147 I Sentinelmode_1.2.5.17_sentry: <SentinelCarServiceManager>[SentryTrace] getBmcValue: bodyMix unavailable, fallback=3 (powerUp ok)
05-27 18:43:39.600 13911 14148 I Sentinelmode_1.2.5.17_sentry: <PicketModeManager>setSentryModeAlarm：9:2
05-27 18:43:39.600 13911 14148 I Sentinelmode_1.2.5.17_sentry: <PicketModeManager>setSentryModeAlarm：12:1
05-27 18:43:39.600 13911 14147 I Sentinelmode_1.2.5.17_sentry: <PicketModeManager>onSettingsPutInt：true name:persist.gard.sum.up.show value:0
05-27 18:43:39.600 13911 14147 D Sentinelmode_1.2.5.17_sentry: <PicketModeManager>shakeLevel2:1
05-27 18:43:39.600 13911 14147 I Sentinelmode_1.2.5.17_sentry: <TlvManager>toCloud_GuardSensitivityLocalChange1
05-27 18:43:39.602   481   598 I mcuc    : rev,n=1,6AA681D33A008C8305000055000000B00000000000010001000028CDACB1610099AC62AC6135A5AC6158C3AC62B25DEC8B4FBBDD00000000040000B3000000000000000000000000000000B44300000000000300000000000000AA000000E40701010000000000000000BB06050507EA051B000008009403CB00CC000000000000000000000000000000B5000000000000000064
05-27 18:43:39.602   351   373 D automotive.vehicle@2.0-adayo-datacomm-mcu: MCUDatacomm sendMessageFromVehicle prop: 0x83, areaId: 0x5, status: 0x0, timestamp: 0x0
05-27 18:43:39.602   351   373 D automotive.vehicle@2.0-adayo-datacomm-mcu: MCUDatacomm 1sendMessageFromVehicle ---> type = 7 
05-27 18:43:39.602   351   373 I automotive.vehicle@2.0-adayo-func-mcu: MCUFunc :sendMessageFromVehicle  msgBuff[0] = 131 
05-27 18:43:39.602   351   373 I automotive.vehicle@2.0-adayo-func-mcu: MCUFunc :sendMessageFromVehicle  msgBuff[1] = 5 
05-27 18:43:39.602   351   373 I automotive.vehicle@2.0-adayo-func-mcu: MCUFunc :sendMessageFromVehicle  msgBuff[2] = 0 
05-27 18:43:39.602   351   373 I automotive.vehicle@2.0-adayo-func-mcu: MCUFunc :sendMessageFromVehicle  msgBuff[3] = 0 
05-27 18:43:39.602   351   373 I automotive.vehicle@2.0-adayo-func-mcu: MCUFunc :sendMessageFromVehicle  msgBuff[4] = 85 
05-27 18:43:39.602   351   373 I automotive.vehicle@2.0-adayo-func-mcu: MCUFunc :sendMessageFromVehicle  msgBuff[5] = 0 
05-27 18:43:39.602   299 30844 D EvsDriver: forwardFrame
05-27 18:43:39.603   299 30844 D EvsDriver: Delivered 0xb400007b7ca56900 as id 0
05-27 18:43:39.603  1167  1167 D evsmanagerd: /dev/video6 forwarded the buffer #0 to 0xb4000074bf5f5510 from 0xb4000074bf5f6d90
05-27 18:43:39.603 30773 30773 E dvr_service_: [myNum:1] Received S**** loss
05-27 18:43:39.603   299  1163 D EvsDriver: doneWithFrame
05-27 18:43:39.604   481   598 I mcuc    : rev,n=2,6AA681D33B009E8B3002B901020403A0030000030100000100000000002901A100000000003B000202000002020002A208FA29018000028000038000048000A3058000068000070000080000000000A4000000000000000000000101000700A502000000050102000200FF0100A6BADD01010101010000000101010000000A0A0A0000010101040402020000000000000000000000000000000000000000000000000000EE49
05-27 18:43:39.604   581   581 I SpiService: fgesysctrl_getGPIO_status success val=1
05-27 18:43:39.604 30773 30785 I dvr_service_: [EncoderHandler::runMediaThread] runMediaThread started:1,state:1, cam2:started:1,state:1, lastSwitch:1, mIsMuxerStart:1,format:0,is_str_ing:0
05-27 18:43:39.605  1008 30856 D [OMXB]  : usingANWBuffer: handle:0xee743710, format:1, w:1920, h:1080
05-27 18:43:39.605   299 30841 D EvsDriver: forwardFrame
05-27 18:43:39.607  1167  1167 D evsmanagerd: /dev/video4 forwarded the buffer #0 to 0xb4000074bf5f6850 from 0xb4000074bf5f41d0
05-27 18:43:39.607   299 30841 D EvsDriver: Delivered 0xb400007b7ca56a60 as id 0
05-27 18:43:39.608 30773 30773 E dvr_service_: [myNum:0] Received S**** loss
05-27 18:43:39.608   299  1163 D EvsDriver: doneWithFrame
05-27 18:43:39.609   581   581 I SpiService: fgesysctrl_getGPIO_status success val=1
05-27 18:43:39.615   581   581 I SpiService: fgesysctrl_getGPIO_status success val=1
05-27 18:43:39.615   536   536 D commservice260303: msg.id = 1028,0
05-27 18:43:39.615   536   536 D commservice260303: i = 170, msgid = 8A000404
05-27 18:43:39.615   536   536 D commservice260303: msgid = -1979710460,did=138
05-27 18:43:39.615   536   536 D commservice260303: CommProtocolLibCmdBaseI2C::dataproc {"command":{"id":"imu_status","sub":""},"content":{"TimeStamp":10,"FrameCounter":245031,"GD_X":-0.011910883709788322,"GD_Y":0.004656890872865915,"GD_Z":0.0021378109231591225,"AD_X":-0.005454614758491516,"AD_Y":0.001040085218846798,"AD_Z":-0.17252349853515625,"TempDsp":0,"Status":0,"CalibState":1,"SigAmpInvalid":0}},-1979710460
05-27 18:43:39.616   536   536 D commservice260303: send2Cluster len:316, 7B22636F6D6D616E64223A7B226964223A22696D755F737461747573222C22737562223A22227D2C22636F6E74656E74223A7B2254696D655374616D70223A31302C224672616D65436F756E746572223A3234353033312C2247445F58223A2D302E3031313931303838333730393738383332322C2247445F59223A302E3030343635363839303837323836353931352C2247445F5A223A302E303032313337383130393233313539313232352C2241445F58223A2D302E3030353435343631343735383439313531362C2241445F59223A302E3030313034303038353231383834363739382C2241445F5A223A2D302E31373235323334393835333531353632352C2254656D70447370223A302C22537461747573223A302C2243616C69625374617465223A312C22536967416D70496E76616C6964223A307D7D, 138 
05-27 18:43:39.616   536   536 D commservice260303: Push Message into SendPool fn=1476199168
05-27 18:43:39.616   536   536 D commservice260303: ComProtocolLibSend2Cluster::send2ClusterRaw fn=1476199168 , len=332
05-27 18:43:39.616   536   536 D commservice260303: sendCmdToPort :332!!!
05-27 18:43:39.616   536   536 D commservice260303: send Cmd To Port ++++5AA501488A010003FD576A16CADB7B22636F6D6D616E64223A7B226964223A22696D755F737461747573222C22737562223A22227D2C22636F6E74656E74223A7B2254696D655374616D70223A31302C224672616D65436F756E746572223A3234353033312C2247445F58223A2D302E3031313931303838333730393738383332322C2247445F59223A302E3030343635363839303837323836353931352C2247445F5A223A302E303032313337383130393233313539313232352C2241445F58223A2D302E3030353435343631343735383439313531362C2241445F59223A302E3030313034303038353231383834363739382C2241445F5A223A2D302E31373235323334393835333531353632352C2254656D70447370223A302C22537461747573223A302C2243616C69625374617465223A312C22536967416D70496E76616C6964223A307D7DBC52
05-27 18:43:39.616   536   536 D commservice260303: bufferevent_write retrun value = 0
05-27 18:43:39.616   536   560 D commservice260303: client datas send succeed,send finish
05-27 18:43:39.616 13911 14192 D Sentinelmode_1.2.5.17_sentry: <SentryImuClusterFgeSender>imu_status sent to Linux, frame=245031, tsNs=10486863, tsMs=10, intervalMs=39, ad=(-0.0054546148,0.0010400852,-0.1725235), gd=(-0.011910884,0.004656891,0.002137811)
05-27 18:43:39.619 13911 14183 I SentryImuMcuAngleSender: 179.97899rollDeg
05-27 18:43:39.619 13911 14183 I SentryImuMcuAngleSender: 1,0,0
05-27 18:43:39.619 13911 14147 I SVR_MNG_BaseProxy: isBinderActive: clientBinder is null
05-27 18:43:39.620 13911 14147 D SVR_MNG_SvrMngProxy: getServer: mSvrManger is null
05-27 18:43:39.620 13911 14147 D SVR_MNG_SvrMngProxy: getNewStub: 
05-27 18:43:39.620 13911 14147 D SVR_MNG_SvrMngProxy: getNewStub: getSvrManagerService start
05-27 18:43:39.620   581   581 I SpiService: fgesysctrl_getGPIO_status success val=1
05-27 18:43:39.620 13911 14147 D SVR_MNG_SvrMngProxy: getNewStub: getSvrManagerService end
05-27 18:43:39.620 13911 14147 D SVR_MNG_SvrMngProxy: getServer: svrMngService doesn't start
05-27 18:43:39.620 13911 14147 D SVR_MNG_SvrMngProxy: getClientBinder: binderName = com.incall.network.NETWORK_SERVICE
05-27 18:43:39.620 13911 14147 I SVR_MNG_BaseProxy: getInterface: mInterface = null
05-27 18:43:39.621 13911 14147 I SVR_MNG_BaseProxy: isBinderActive: clientBinder is null
05-27 18:43:39.621 13911 14147 I SVR_MNG_BaseProxy: isBinderActive: clientBinder is null
05-27 18:43:39.621 13911 14147 D SVR_MNG_SvrMngProxy: getServer: mSvrManger is null
05-27 18:43:39.621 13911 14147 D SVR_MNG_SvrMngProxy: getNewStub: 
05-27 18:43:39.621 13911 14147 D SVR_MNG_SvrMngProxy: getNewStub: getSvrManagerService start
05-27 18:43:39.621 13911 14147 D SVR_MNG_SvrMngProxy: getNewStub: getSvrManagerService end
05-27 18:43:39.621 13911 14147 D SVR_MNG_SvrMngProxy: getServer: svrMngService doesn't start
05-27 18:43:39.621 13911 14147 D SVR_MNG_SvrMngProxy: getClientBinder: binderName = com.incall.network.NETWORK_SERVICE
05-27 18:43:39.621 13911 14147 I SVR_MNG_BaseProxy: getInterface: mInterface = null
05-27 18:43:39.621 13911 14147 I SVR_MNG_BaseProxy: isBinderActive: clientBinder is null
05-27 18:43:39.622 13911 14147 I PicketModeManager: getProfileDetail: ["{\"name\":\"sentryModeSwitchSts\",\"value\":2,\"timeStamp\":\"1670000000000\"}","{\"name\":\"SentryModeSensitivity\",\"value\":-1,\"timeStamp\":\"1779878619600\"}"]
05-27 18:43:39.622 13911 14147 D Sentinelmode_1.2.5.17_sentry: <PicketModeManager>queryGuardInfo = {access_token=null, lastSyncTimeStramp=1779878619600, profileDetail=["{\"name\":\"sentryModeSwitchSts\",\"value\":2,\"timeStamp\":\"1670000000000\"}","{\"name\":\"SentryModeSensitivity\",\"value\":-1,\"timeStamp\":\"1779878619600\"}"], sign=sign, nonce=0WpDvHj95Z}
05-27 18:43:39.622 13911 14147 I SVR_MNG_BaseProxy: isBinderActive: clientBinder is null
05-27 18:43:39.622 13911 14147 D SVR_MNG_SvrMngProxy: getServer: mSvrManger is null
05-27 18:43:39.622 13911 14147 D SVR_MNG_SvrMngProxy: getNewStub: 
05-27 18:43:39.622 13911 14147 D SVR_MNG_SvrMngProxy: getNewStub: getSvrManagerService start
05-27 18:43:39.622 13911 14147 D SVR_MNG_SvrMngProxy: getNewStub: getSvrManagerService end
05-27 18:43:39.622 13911 14147 D SVR_MNG_SvrMngProxy: getServer: svrMngService doesn't start
05-27 18:43:39.622 13911 14147 D SVR_MNG_SvrMngProxy: getClientBinder: binderName = com.incall.network.NETWORK_SERVICE
05-27 18:43:39.622 13911 14147 I SVR_MNG_BaseProxy: getInterface: mInterface = null
05-27 18:43:39.622 13911 14147 I SVR_MNG_BaseProxy: isBinderActive: clientBinder is null
05-27 18:43:39.622 13911 14147 E Sentinelmode_1.2.5.17_sentry: <PicketModeManager>updateProfileCallBack onError:2817---Remote Service Exception
05-27 18:43:39.623 13911 14147 D Sentinelmode_1.2.5.17_sentry: <PicketModeManager>consumeMsg result = 1000
05-27 18:43:39.623 13911 14147 I SVR_MNG_BaseProxy: isBinderActive: clientBinder is null
05-27 18:43:39.623 13911 14147 D SVR_MNG_SvrMngProxy: getServer: mSvrManger is null
05-27 18:43:39.623 13911 14147 D SVR_MNG_SvrMngProxy: getNewStub: 
05-27 18:43:39.623 13911 14147 D SVR_MNG_SvrMngProxy: getNewStub: getSvrManagerService start
05-27 18:43:39.623 13911 14147 D SVR_MNG_SvrMngProxy: getNewStub: getSvrManagerService end
05-27 18:43:39.623 13911 14147 D SVR_MNG_SvrMngProxy: getServer: svrMngService doesn't start
05-27 18:43:39.623 13911 14147 D SVR_MNG_SvrMngProxy: getClientBinder: binderName = com.incall.network.NETWORK_SERVICE
05-27 18:43:39.623 30773 30786 I dvr_service_: CameraX 0  audioOK: 29376000,audios:460
05-27 18:43:39.623 13911 14147 I SVR_MNG_BaseProxy: getInterface: mInterface = null
05-27 18:43:39.623 13911 14147 I SVR_MNG_BaseProxy: isBinderActive: clientBinder is null
05-27 18:43:39.624 13911 14147 I SVR_MNG_BaseProxy: isBinderActive: clientBinder is null
05-27 18:43:39.624 13911 14147 D SVR_MNG_SvrMngProxy: getServer: mSvrManger is null
05-27 18:43:39.624 13911 14147 D SVR_MNG_SvrMngProxy: getNewStub: 
05-27 18:43:39.624 13911 14147 D SVR_MNG_SvrMngProxy: getNewStub: getSvrManagerService start
05-27 18:43:39.624 13911 14147 D SVR_MNG_SvrMngProxy: getNewStub: getSvrManagerService end
05-27 18:43:39.624 13911 14147 D SVR_MNG_SvrMngProxy: getServer: svrMngService doesn't start
05-27 18:43:39.624 13911 14147 D SVR_MNG_SvrMngProxy: getClientBinder: binderName = com.incall.network.NETWORK_SERVICE
05-27 18:43:39.624 13911 14147 I SVR_MNG_BaseProxy: getInterface: mInterface = null
05-27 18:43:39.624 13911 14147 I SVR_MNG_BaseProxy: isBinderActive: clientBinder is null
05-27 18:43:39.624 13911 14147 I SVR_MNG_BaseProxy: isBinderActive: clientBinder is null
05-27 18:43:39.624 13911 14147 D SVR_MNG_SvrMngProxy: getServer: mSvrManger is null
05-27 18:43:39.624 13911 14147 D SVR_MNG_SvrMngProxy: getNewStub: 
05-27 18:43:39.624 13911 14147 D SVR_MNG_SvrMngProxy: getNewStub: getSvrManagerService start
05-27 18:43:39.625 13911 14147 D SVR_MNG_SvrMngProxy: getNewStub: getSvrManagerService end
05-27 18:43:39.625 13911 14147 D SVR_MNG_SvrMngProxy: getServer: svrMngService doesn't start
05-27 18:43:39.625 13911 14147 D SVR_MNG_SvrMngProxy: getClientBinder: binderName = com.incall.network.NETWORK_SERVICE
05-27 18:43:39.625 13911 14147 I SVR_MNG_BaseProxy: getInterface: mInterface = null
05-27 18:43:39.625 13911 14147 I SVR_MNG_BaseProxy: isBinderActive: clientBinder is null
05-27 18:43:39.625 13911 14147 E Sentinelmode_1.2.5.17_sentry: <PicketModeManager>consumeProfileCallBack onError:2817---Remote Service Exception
05-27 18:43:39.625 13911 14147 I Sentinelmode_1.2.5.17_sentry: <SentinelCarServiceManager>[SentryTrace] getBCM_Status: bodyMix unavailable, fallback=2
05-27 18:43:39.625 13911 14147 D Sentinelmode_1.2.5.17_sentry: <PicketModeManager>BCM_Status1:2
05-27 18:43:39.625 13911 14147 I Sentinelmode_1.2.5.17_sentry: <SentinelCarServiceManager>[SentryTrace] getBCM_Status: bodyMix unavailable, fallback=2
05-27 18:43:39.625 13911 14147 I DvrLog_Ser->: (DvrLocalServiceManager.java:setGardModeStatus)1979 setGardModeStatus state = 2
05-27 18:43:39.625 13911 14147 D Sentinelmode_1.2.5.17_sentry: <PicketModeManager>gardMode SettingsObserver onChange  option persist.gard.mode
05-27 18:43:39.625 13911 14147 I Sentinelmode_1.2.5.17_sentry: <PicketModeManager>[SentryTrace] mode_status=2
05-27 18:43:39.625   581   581 I SpiService: fgesysctrl_getGPIO_status success val=1
05-27 18:43:39.625 13911 14147 D SensorManager: unregisterListenerImpl sensor = {Sensor name="ASM330LHH 3-axis Accelerometer Sensor", vendor="STMicroelectronics", version=1, type=1, maxRange=78.4532, resolution=9.35235E-6, power=0.6, minDelay=2000}, listener = com.incall.sentinelmode.manager.PicketModeManager$2@dd928ed
05-27 18:43:39.625 13911 14147 I Sentinelmode_1.2.5.17_sentry: <TlvManager>toCloud_SentryModePerHourMile:12
05-27 18:43:39.626 13911 14147 I Sentinelmode_1.2.5.17_sentry: <TlvManager>toCloud_GuardModeLeftTime:43200
05-27 18:43:39.626 13911 14147 I Sentinelmode_1.2.5.17_sentry: <PicketModeManager>onGradModeStatusChanage: mode_status = 2
05-27 18:43:39.626 13911 14147 D Sentinelmode_1.2.5.17_sentry: <PicketModeManager>noticeSensorWithPowerUp GardMode() = 2
05-27 18:43:39.626 13911 14148 I Sentinelmode_1.2.5.17_sentry: <PicketModeManager>setSentryModeAlarm：9:2
05-27 18:43:39.626 13911 14147 I Sentinelmode_1.2.5.17_sentry: <SentinelCarServiceManager>[SentryTrace] getBmcValue: bodyMix unavailable, fallback=3 (powerUp ok)
05-27 18:43:39.626 13911 14148 I Sentinelmode_1.2.5.17_sentry: <PicketModeManager>setSentryModeAlarm：12:1
05-27 18:43:39.626 13911 14147 I Sentinelmode_1.2.5.17_sentry: <PicketModeManager>onSettingsPutInt：true name:persist.gard.sum.up.show value:0
05-27 18:43:39.626 13911 14147 D Sentinelmode_1.2.5.17_sentry: <PicketModeManager>shakeLevel2:1
05-27 18:43:39.626 13911 14147 I Sentinelmode_1.2.5.17_sentry: <TlvManager>toCloud_GuardSensitivityLocalChange1
05-27 08:34:48.590   581   581 D spidev_ioctl: gpio status=1)
05-27 18:43:39.631   581   581 I SpiService: fgesysctrl_getGPIO_status success val=1
05-27 18:43:39.635   283   307 I rvcservice: t.code = 3, t.value = 0
05-27 18:43:39.636   581   581 I SpiService: fgesysctrl_getGPIO_status success val=0
05-27 18:43:39.636   481   597 I mcuc    : send SPI:6AA602D33A00028305676AA602D33B00028B3033
05-27 08:34:48.601   581   581 D spi_rst_gpio_get_output: GPIO 145 value: 0
05-27 08:34:48.601   581   581 D spidev_ioctl: gpio status=0)
05-27 18:43:39.637   299 30844 D EvsDriver: forwardFrame
05-27 18:43:39.638  1167  1167 D evsmanagerd: /dev/video6 forwarded the buffer #0 to 0xb4000074bf5f5510 from 0xb4000074bf5f6d90
05-27 18:43:39.639   299 30844 D EvsDriver: Delivered 0xb400007b7ca56900 as id 0
05-27 18:43:39.639   299 30841 D EvsDriver: forwardFrame
05-27 18:43:39.640 13911 14183 I SentryImuMcuAngleSender: 179.97548rollDeg
05-27 18:43:39.640 13911 14183 I SentryImuMcuAngleSender: 1,0,0
05-27 18:43:39.642  1167  1167 D evsmanagerd: /dev/video4 forwarded the buffer #0 to 0xb4000074bf5f6850 from 0xb4000074bf5f41d0
05-27 18:43:39.642   299 30841 D EvsDriver: Delivered 0xb400007b7ca56a60 as id 0
05-27 18:43:39.643   299  1163 D EvsDriver: doneWithFrame
05-27 18:43:39.644   299  1153 D EvsDriver: doneWithFrame
05-27 18:43:39.646  1008 30856 D [OMXB]  : usingANWBuffer: handle:0xee744fd0, format:1, w:1920, h:1080
05-27 18:43:39.646  1008 30857 D [OMXB]  : usingANWBuffer: handle:0xee7406f0, format:1, w:1920, h:1080
05-27 18:43:39.650 10188  7589 D NetworkPolicy: Blocked state of 10080: {blocked=NONE,allowed=FOREGROUND|METERED_FOREGROUND,effective=NONE}
05-27 18:43:39.652   581   581 I SpiService: fgesysctrl_getGPIO_status success val=1
05-27 18:43:39.655   536   536 D commservice260303: msg.id = 1028,1
05-27 18:43:39.655   536   536 D commservice260303: i = 170, msgid = 8A000404
05-27 18:43:39.655   536   536 D commservice260303: msgid = -1979710460,did=138
05-27 18:43:39.655   536   536 D commservice260303: CommProtocolLibCmdBaseI2C::dataproc {"command":{"id":"imu_status","sub":""},"content":{"TimeStamp":10,"FrameCounter":245032,"GD_X":-0.011682018637657166,"GD_Y":0.0057257963344454765,"GD_Z":0.0023671966046094894,"AD_X":-0.004831969738006592,"AD_Y":0.001031816704198718,"AD_Z":-0.17008209228515625,"TempDsp":0,"Status":0,"CalibState":1,"SigAmpInvalid":0}},-1979710460
05-27 18:43:39.655   536   536 D commservice260303: send2Cluster len:317, 7B22636F6D6D616E64223A7B226964223A22696D755F737461747573222C22737562223A22227D2C22636F6E74656E74223A7B2254696D655374616D70223A31302C224672616D65436F756E746572223A3234353033322C2247445F58223A2D302E3031313638323031383633373635373136362C2247445F59223A302E303035373235373936333334343435343736352C2247445F5A223A302E303032333637313936363034363039343839342C2241445F58223A2D302E3030343833313936393733383030363539322C2241445F59223A302E3030313033313831363730343139383731382C2241445F5A223A2D302E31373030383230393232383531353632352C2254656D70447370223A302C22537461747573223A302C2243616C69625374617465223A312C22536967416D70496E76616C6964223A307D7D, 138 
05-27 18:43:39.655   536   536 D commservice260303: Push Message into SendPool fn=1492976384
05-27 18:43:39.656   536   536 D commservice260303: ComProtocolLibSend2Cluster::send2ClusterRaw fn=1492976384 , len=333
05-27 18:43:39.656   536   536 D commservice260303: sendCmdToPort :333!!!
05-27 18:43:39.656   536   536 D commservice260303: send Cmd To Port ++++5AA501498A010003FD586A16CADB7B22636F6D6D616E64223A7B226964223A22696D755F737461747573222C22737562223A22227D2C22636F6E74656E74223A7B2254696D655374616D70223A31302C224672616D65436F756E746572223A3234353033322C2247445F58223A2D302E3031313638323031383633373635373136362C2247445F59223A302E303035373235373936333334343435343736352C2247445F5A223A302E303032333637313936363034363039343839342C2241445F58223A2D302E3030343833313936393733383030363539322C2241445F59223A302E3030313033313831363730343139383731382C2241445F5A223A2D302E31373030383230393232383531353632352C2254656D70447370223A302C22537461747573223A302C2243616C69625374617465223A312C22536967416D70496E76616C6964223A307D7DA50B
05-27 18:43:39.656   536   536 D commservice260303: bufferevent_write retrun value = 0
05-27 18:43:39.656   536   560 D commservice260303: client datas send succeed,send finish
05-27 18:43:39.656 13911 14192 D Sentinelmode_1.2.5.17_sentry: <SentryImuClusterFgeSender>imu_status sent to Linux, frame=245032, tsNs=10486899, tsMs=10, intervalMs=40, ad=(-0.0048319697,0.0010318167,-0.17008209), gd=(-0.011682019,0.0057257963,0.0023671966)
05-27 18:43:39.657   581   581 I SpiService: fgesysctrl_getGPIO_status success val=1
05-27 18:43:39.659 13911 14147 I SVR_MNG_BaseProxy: isBinderActive: clientBinder is null
05-27 18:43:39.659 13911 14147 D SVR_MNG_SvrMngProxy: getServer: mSvrManger is null
05-27 18:43:39.659 13911 14147 D SVR_MNG_SvrMngProxy: getNewStub: 
05-27 18:43:39.659 13911 14147 D SVR_MNG_SvrMngProxy: getNewStub: getSvrManagerService start
05-27 18:43:39.660 13911 14147 D SVR_MNG_SvrMngProxy: getNewStub: getSvrManagerService end
05-27 18:43:39.660 13911 14147 D SVR_MNG_SvrMngProxy: getServer: svrMngService doesn't start
05-27 18:43:39.660 13911 14147 D SVR_MNG_SvrMngProxy: getClientBinder: binderName = com.incall.network.NETWORK_SERVICE
05-27 18:43:39.660 13911 14147 I SVR_MNG_BaseProxy: getInterface: mInterface = null
05-27 18:43:39.660 13911 14147 I SVR_MNG_BaseProxy: isBinderActive: clientBinder is null
05-27 18:43:39.661 13911 14183 I SentryImuMcuAngleSender: 179.97899rollDeg
05-27 18:43:39.661 13911 14183 I SentryImuMcuAngleSender: 1,0,0
05-27 18:43:39.661 13911 14147 I SVR_MNG_BaseProxy: isBinderActive: clientBinder is null
05-27 18:43:39.661 13911 14147 D SVR_MNG_SvrMngProxy: getServer: mSvrManger is null
05-27 18:43:39.661 13911 14147 D SVR_MNG_SvrMngProxy: getNewStub: 
05-27 18:43:39.661 13911 14147 D SVR_MNG_SvrMngProxy: getNewStub: getSvrManagerService start
05-27 18:43:39.662 13911 14147 D SVR_MNG_SvrMngProxy: getNewStub: getSvrManagerService end
05-27 18:43:39.662 13911 14147 D SVR_MNG_SvrMngProxy: getServer: svrMngService doesn't start
05-27 18:43:39.662 13911 14147 D SVR_MNG_SvrMngProxy: getClientBinder: binderName = com.incall.network.NETWORK_SERVICE
05-27 18:43:39.662 13911 14147 I SVR_MNG_BaseProxy: getInterface: mInterface = null
05-27 18:43:39.662   581   581 I SpiService: fgesysctrl_getGPIO_status success val=1
05-27 18:43:39.663 13911 14147 I SVR_MNG_BaseProxy: isBinderActive: clientBinder is null
05-27 18:43:39.663 13911 14147 I PicketModeManager: getProfileDetail: ["{\"name\":\"sentryModeSwitchSts\",\"value\":2,\"timeStamp\":\"1670000000000\"}","{\"name\":\"SentryModeSensitivity\",\"value\":-1,\"timeStamp\":\"1779878619626\"}"]
05-27 18:43:39.664 13911 14147 D Sentinelmode_1.2.5.17_sentry: <PicketModeManager>queryGuardInfo = {access_token=null, lastSyncTimeStramp=1779878619626, profileDetail=["{\"name\":\"sentryModeSwitchSts\",\"value\":2,\"timeStamp\":\"1670000000000\"}","{\"name\":\"SentryModeSensitivity\",\"value\":-1,\"timeStamp\":\"1779878619626\"}"], sign=sign, nonce=MHTOHBMRsn}
05-27 18:43:39.664 13911 14147 I SVR_MNG_BaseProxy: isBinderActive: clientBinder is null
05-27 18:43:39.664 13911 14147 D SVR_MNG_SvrMngProxy: getServer: mSvrManger is null
05-27 18:43:39.664 13911 14147 D SVR_MNG_SvrMngProxy: getNewStub: 
05-27 18:43:39.664 13911 14147 D SVR_MNG_SvrMngProxy: getNewStub: getSvrManagerService start
05-27 18:43:39.664 13911 14147 D SVR_MNG_SvrMngProxy: getNewStub: getSvrManagerService end
05-27 18:43:39.665 13911 14147 D SVR_MNG_SvrMngProxy: getServer: svrMngService doesn't start
05-27 18:43:39.665 13911 14147 D SVR_MNG_SvrMngProxy: getClientBinder: binderName = com.incall.network.NETWORK_SERVICE
05-27 18:43:39.665 13911 14147 I SVR_MNG_BaseProxy: getInterface: mInterface = null
05-27 18:43:39.665 13911 14147 I SVR_MNG_BaseProxy: isBinderActive: clientBinder is null
05-27 18:43:39.665 13911 14147 E Sentinelmode_1.2.5.17_sentry: <PicketModeManager>updateProfileCallBack onError:2817---Remote Service Exception
05-27 18:43:39.665 13911 14147 D Sentinelmode_1.2.5.17_sentry: <PicketModeManager>consumeMsg result = 1000
05-27 18:43:39.665 13911 14147 I SVR_MNG_BaseProxy: isBinderActive: clientBinder is null
05-27 18:43:39.665 13911 14147 D SVR_MNG_SvrMngProxy: getServer: mSvrManger is null
05-27 18:43:39.665 13911 14147 D SVR_MNG_SvrMngProxy: getNewStub: 
05-27 18:43:39.665 13911 14147 D SVR_MNG_SvrMngProxy: getNewStub: getSvrManagerService start
05-27 18:43:39.666 13911 14147 D SVR_MNG_SvrMngProxy: getNewStub: getSvrManagerService end
05-27 18:43:39.666 13911 14147 D SVR_MNG_SvrMngProxy: getServer: svrMngService doesn't start
05-27 18:43:39.666 13911 14147 D SVR_MNG_SvrMngProxy: getClientBinder: binderName = com.incall.network.NETWORK_SERVICE
05-27 18:43:39.666 13911 14147 I SVR_MNG_BaseProxy: getInterface: mInterface = null
05-27 18:43:39.666 13911 14147 I SVR_MNG_BaseProxy: isBinderActive: clientBinder is null
05-27 18:43:39.666 13911 14147 I SVR_MNG_BaseProxy: isBinderActive: clientBinder is null
05-27 18:43:39.666 13911 14147 D SVR_MNG_SvrMngProxy: getServer: mSvrManger is null
05-27 18:43:39.666 13911 14147 D SVR_MNG_SvrMngProxy: getNewStub: 
05-27 18:43:39.666 13911 14147 D SVR_MNG_SvrMngProxy: getNewStub: getSvrManagerService start
05-27 18:43:39.666 13911 14147 D SVR_MNG_SvrMngProxy: getNewStub: getSvrManagerService end
05-27 18:43:39.666 13911 14147 D SVR_MNG_SvrMngProxy: getServer: svrMngService doesn't start
05-27 18:43:39.666 13911 14147 D SVR_MNG_SvrMngProxy: getClientBinder: binderName = com.incall.network.NETWORK_SERVICE
05-27 18:43:39.667 13911 14147 I SVR_MNG_BaseProxy: getInterface: mInterface = null
05-27 18:43:39.667 13911 14147 I SVR_MNG_BaseProxy: isBinderActive: clientBinder is null
05-27 18:43:39.667 13911 14147 I SVR_MNG_BaseProxy: isBinderActive: clientBinder is null
05-27 18:43:39.667 13911 14147 D SVR_MNG_SvrMngProxy: getServer: mSvrManger is null
05-27 18:43:39.667 13911 14147 D SVR_MNG_SvrMngProxy: getNewStub: 
05-27 18:43:39.667 13911 14147 D SVR_MNG_SvrMngProxy: getNewStub: getSvrManagerService start
05-27 18:43:39.667 13911 14147 D SVR_MNG_SvrMngProxy: getNewStub: getSvrManagerService end
05-27 18:43:39.667 13911 14147 D SVR_MNG_SvrMngProxy: getServer: svrMngService doesn't start
05-27 18:43:39.667 13911 14147 D SVR_MNG_SvrMngProxy: getClientBinder: binderName = com.incall.network.NETWORK_SERVICE
05-27 18:43:39.667 13911 14147 I SVR_MNG_BaseProxy: getInterface: mInterface = null
05-27 18:43:39.667 13911 14147 I SVR_MNG_BaseProxy: isBinderActive: clientBinder is null
05-27 18:43:39.667 13911 14147 E Sentinelmode_1.2.5.17_sentry: <PicketModeManager>consumeProfileCallBack onError:2817---Remote Service Exception
05-27 18:43:39.668 13911 14147 I Sentinelmode_1.2.5.17_sentry: <SentinelCarServiceManager>[SentryTrace] getBCM_Status: bodyMix unavailable, fallback=2
05-27 18:43:39.668 13911 14147 D Sentinelmode_1.2.5.17_sentry: <PicketModeManager>BCM_Status1:2
05-27 18:43:39.668 13911 14147 I Sentinelmode_1.2.5.17_sentry: <SentinelCarServiceManager>[SentryTrace] getBCM_Status: bodyMix unavailable, fallback=2
05-27 18:43:39.668   581   581 I SpiService: fgesysctrl_getGPIO_status success val=1
05-27 18:43:39.668 13911 14147 I DvrLog_Ser->: (DvrLocalServiceManager.java:setGardModeStatus)1979 setGardModeStatus state = 2
05-27 18:43:39.668   299 30841 D EvsDriver: forwardFrame
05-27 18:43:39.668 13911 14147 D Sentinelmode_1.2.5.17_sentry: <PicketModeManager>gardMode SettingsObserver onChange  option persist.gard.mode
05-27 18:43:39.669 13911 14147 I Sentinelmode_1.2.5.17_sentry: <PicketModeManager>[SentryTrace] mode_status=2
05-27 18:43:39.669 13911 14147 D SensorManager: unregisterListenerImpl sensor = {Sensor name="ASM330LHH 3-axis Accelerometer Sensor", vendor="STMicroelectronics", version=1, type=1, maxRange=78.4532, resolution=9.35235E-6, power=0.6, minDelay=2000}, listener = com.incall.sentinelmode.manager.PicketModeManager$2@dd928ed
05-27 18:43:39.669 13911 14147 I Sentinelmode_1.2.5.17_sentry: <TlvManager>toCloud_SentryModePerHourMile:12
05-27 18:43:39.669 13911 14147 I Sentinelmode_1.2.5.17_sentry: <TlvManager>toCloud_GuardModeLeftTime:43200
05-27 18:43:39.669 13911 14147 I Sentinelmode_1.2.5.17_sentry: <PicketModeManager>onGradModeStatusChanage: mode_status = 2
05-27 18:43:39.670 13911 14147 D Sentinelmode_1.2.5.17_sentry: <PicketModeManager>noticeSensorWithPowerUp GardMode() = 2
05-27 18:43:39.670 13911 14148 I Sentinelmode_1.2.5.17_sentry: <PicketModeManager>setSentryModeAlarm：9:2
05-27 18:43:39.670 13911 14148 I Sentinelmode_1.2.5.17_sentry: <PicketModeManager>setSentryModeAlarm：12:1
