05-27 18:43:40.462   536   536 D commservice260303: send2Cluster len:317, 7B22636F6D6D616E64223A7B226964223A22696D755F737461747573222C22737562223A22227D2C22636F6E74656E74223A7B2254696D655374616D70223A31302C224672616D65436F756E746572223A3234353035322C2247445F58223A2D302E30313039313839363039303635363531392C2247445F59223A302E3030343936333235383734373031313432332C2247445F5A223A302E303031393834383837323930373435393733362C2241445F58223A2D302E3030333533313332313838333230313539392C2241445F59223A2D302E303031323233343232383139373438353230392C2241445F5A223A2D302E31363934373635303930393432333832382C2254656D70447370223A302C22537461747573223A302C2243616C69625374617465223A312C22536967416D70496E76616C6964223A307D7D, 138 
05-27 18:43:40.462   536   536 D commservice260303: Push Message into SendPool fn=1828520704
05-27 18:43:40.462   581   581 I SpiService: fgesysctrl_getGPIO_status success val=1
05-27 18:43:40.463   536   536 D commservice260303: ComProtocolLibSend2Cluster::send2ClusterRaw fn=1828520704 , len=333
05-27 18:43:40.463   536   536 D commservice260303: sendCmdToPort :333!!!
05-27 18:43:40.463   536   536 D commservice260303: send Cmd To Port ++++5AA501498A010003FD6C6A16CADC7B22636F6D6D616E64223A7B226964223A22696D755F737461747573222C22737562223A22227D2C22636F6E74656E74223A7B2254696D655374616D70223A31302C224672616D65436F756E746572223A3234353035322C2247445F58223A2D302E30313039313839363039303635363531392C2247445F59223A302E3030343936333235383734373031313432332C2247445F5A223A302E303031393834383837323930373435393733362C2241445F58223A2D302E3030333533313332313838333230313539392C2241445F59223A2D302E303031323233343232383139373438353230392C2241445F5A223A2D302E31363934373635303930393432333832382C2254656D70447370223A302C22537461747573223A302C2243616C69625374617465223A312C22536967416D70496E76616C6964223A307D7DC37B
05-27 18:43:40.463   536   536 D commservice260303: bufferevent_write retrun value = 0
05-27 18:43:40.463 13911 14192 D Sentinelmode_1.2.5.17_sentry: <SentryImuClusterFgeSender>imu_status sent to Linux, frame=245052, tsNs=10487670, tsMs=10, intervalMs=40, ad=(-0.0035313219,-0.0012234228,-0.16947651), gd=(-0.010918961,0.0049632587,0.0019848873)
05-27 18:43:40.463   536   560 D commservice260303: client datas send succeed,send finish
05-27 18:43:40.463   299 30844 D EvsDriver: forwardFrame
05-27 18:43:40.464   299 30844 D EvsDriver: Delivered 0xb400007b7ca56900 as id 0
05-27 18:43:40.464  1167  1167 D evsmanagerd: /dev/video6 forwarded the buffer #0 to 0xb4000074bf5f5510 from 0xb4000074bf5f6d90
05-27 08:34:49.427   581   581 D spi_rst_gpio_get_output: GPIO 145 value: 1
05-27 08:34:49.427   581   581 D spidev_ioctl: gpio status=1)
05-27 18:43:40.465   566 11459 I gps_hdbd: Received: '$GNTXT,INSTALL,0.00,0.00,0.00,0.00,0.00,0.00,0*20
'
05-27 18:43:40.466   299 30841 D EvsDriver: forwardFrame
05-27 18:43:40.468   299 30841 D EvsDriver: Delivered 0xb400007b7ca56a60 as id 0
05-27 18:43:40.468  1167  1479 D evsmanagerd: /dev/video4 forwarded the buffer #0 to 0xb4000074bf5f6850 from 0xb4000074bf5f41d0
05-27 18:43:40.468   581   581 I SpiService: fgesysctrl_getGPIO_status success val=0
05-27 18:43:40.469   299  1163 D EvsDriver: doneWithFrame
05-27 18:43:40.470 13911 14183 I SentryImuMcuAngleSender: 179.993rollDeg
05-27 18:43:40.470 13911 14183 I SentryImuMcuAngleSender: 1,0,0
05-27 18:43:40.472   299  1163 D EvsDriver: doneWithFrame
05-27 08:34:49.433   581   581 D spi_rst_gpio_get_output: GPIO 145 value: 0
05-27 08:34:49.433   581   581 D spidev_ioctl: gpio status=0)
05-27 18:43:40.473  1008 30856 D [OMXB]  : usingANWBuffer: handle:0xee7439d0, format:1, w:1920, h:1080
05-27 18:43:40.477   572   572 I Sensors : 230 GyroSensor: x:-0.011682,y:0.005650,z:0.002061
05-27 18:43:40.486   581   581 I SpiService: fgesysctrl_getGPIO_status success val=1
05-27 08:34:49.451   581   581 D spi_rst_gpio_get_output: GPIO 145 value: 1
05-27 08:34:49.451   581   581 D spidev_ioctl: gpio status=1)
05-27 18:43:40.490  1008 30857 D [OMXB]  : usingANWBuffer: handle:0xee743190, format:1, w:1920, h:1080
05-27 18:43:40.491 13911 14183 I SentryImuMcuAngleSender: 179.98598rollDeg
05-27 18:43:40.491 13911 14183 I SentryImuMcuAngleSender: 1,0,0
05-27 18:43:40.492   581   581 I SpiService: fgesysctrl_getGPIO_status success val=1
05-27 08:34:49.457   581   581 D spi_rst_gpio_get_output: GPIO 145 value: 1
05-27 08:34:49.457   581   581 D spidev_ioctl: gpio status=1)
05-27 18:43:40.498   581   581 I SpiService: fgesysctrl_getGPIO_status success val=1
05-27 08:34:49.462   581   581 D spi_rst_gpio_get_output: GPIO 145 value: 1
05-27 08:34:49.462   581   581 D spidev_ioctl: gpio status=1)
05-27 18:43:40.503   536   536 D commservice260303: msg.id = 1028,0
05-27 18:43:40.503   536   536 D commservice260303: i = 170, msgid = 8A000404
05-27 18:43:40.503   536   536 D commservice260303: msgid = -1979710460,did=138
05-27 18:43:40.503   536   536 D commservice260303: CommProtocolLibCmdBaseI2C::dataproc {"command":{"id":"imu_status","sub":""},"content":{"TimeStamp":10,"FrameCounter":245053,"GD_X":-0.011453153565526009,"GD_Y":0.0056498548947274685,"GD_Z":0.0019079053308814764,"AD_X":-0.0011024773120880127,"AD_Y":1.2001488357782364E-5,"AD_Z":-0.1682577133178711,"TempDsp":0,"Status":0,"CalibState":1,"SigAmpInvalid":0}},-1979710460
05-27 18:43:40.503   536   536 D commservice260303: send2Cluster len:318, 7B22636F6D6D616E64223A7B226964223A22696D755F737461747573222C22737562223A22227D2C22636F6E74656E74223A7B2254696D655374616D70223A31302C224672616D65436F756E746572223A3234353035332C2247445F58223A2D302E3031313435333135333536353532363030392C2247445F59223A302E303035363439383534383934373237343638352C2247445F5A223A302E303031393037393035333330383831343736342C2241445F58223A2D302E303031313032343737333132303838303132372C2241445F59223A312E32303031343838333537373832333634452D352C2241445F5A223A2D302E313638323537373133333137383731312C2254656D70447370223A302C22537461747573223A302C2243616C69625374617465223A312C22536967416D70496E76616C6964223A307D7D, 138 
05-27 18:43:40.503   536   536 D commservice260303: Push Message into SendPool fn=1845297920
05-27 18:43:40.503   536   536 D commservice260303: ComProtocolLibSend2Cluster::send2ClusterRaw fn=1845297920 , len=334
05-27 18:43:40.503   536   536 D commservice260303: sendCmdToPort :334!!!
05-27 18:43:40.503   536   536 D commservice260303: send Cmd To Port ++++5AA5014A8A010003FD6D6A16CADC7B22636F6D6D616E64223A7B226964223A22696D755F737461747573222C22737562223A22227D2C22636F6E74656E74223A7B2254696D655374616D70223A31302C224672616D65436F756E746572223A3234353035332C2247445F58223A2D302E3031313435333135333536353532363030392C2247445F59223A302E303035363439383534383934373237343638352C2247445F5A223A302E303031393037393035333330383831343736342C2241445F58223A2D302E303031313032343737333132303838303132372C2241445F59223A312E32303031343838333537373832333634452D352C2241445F5A223A2D302E313638323537373133333137383731312C2254656D70447370223A302C22537461747573223A302C2243616C69625374617465223A312C22536967416D70496E76616C6964223A307D7D121A
05-27 18:43:40.503   581   581 I SpiService: fgesysctrl_getGPIO_status success val=1
05-27 18:43:40.504   536   536 D commservice260303: bufferevent_write retrun value = 0
05-27 18:43:40.504   536   560 D commservice260303: client datas send succeed,send finish
05-27 18:43:40.504 13911 14192 D Sentinelmode_1.2.5.17_sentry: <SentryImuClusterFgeSender>imu_status sent to Linux, frame=245053, tsNs=10487737, tsMs=10, intervalMs=40, ad=(-0.0011024773,1.2001488E-5,-0.16825771), gd=(-0.011453154,0.005649855,0.0019079053)
05-27 08:34:49.468   581   581 D spi_rst_gpio_get_output: GPIO 145 value: 1
05-27 08:34:49.468   581   581 D spidev_ioctl: gpio status=1)
05-27 18:43:40.505  1008 30856 D [OMXB]  : usingANWBuffer: handle:0xee742ab0, format:1, w:1920, h:1080
05-27 18:43:40.509 30773 30785 I dvr_service_: [EncoderHandler::runMediaThread] runMediaThread started:1,state:1, cam2:started:1,state:1, lastSwitch:1, mIsMuxerStart:1,format:0,is_str_ing:0
05-27 18:43:40.509   581   581 I SpiService: fgesysctrl_getGPIO_status success val=1
05-27 18:43:40.512 13911 14183 I SentryImuMcuAngleSender: 179.986rollDeg
05-27 18:43:40.512 13911 14183 I SentryImuMcuAngleSender: 1,0,0
05-27 08:34:49.474   581   581 D spi_rst_gpio_get_output: GPIO 145 value: 1
05-27 08:34:49.474   581   581 D spidev_ioctl: gpio status=1)
05-27 18:43:40.514   299 30841 D EvsDriver: forwardFrame
05-27 18:43:40.514   299 30844 D EvsDriver: forwardFrame
05-27 18:43:40.516   581   581 I SpiService: fgesysctrl_getGPIO_status success val=0
05-27 08:34:49.480   581   581 D spi_rst_gpio_get_output: GPIO 145 value: 0
05-27 08:34:49.481   581   581 D spidev_ioctl: gpio status=0)
05-27 18:43:40.518   299 30844 D EvsDriver: Delivered 0xb400007b7ca56900 as id 0
05-27 18:43:40.518   299 30841 D EvsDriver: Delivered 0xb400007b7ca56a60 as id 0
05-27 18:43:40.518  1167  1479 D evsmanagerd: /dev/video4 forwarded the buffer #0 to 0xb4000074bf5f6850 from 0xb4000074bf5f41d0
05-27 18:43:40.518  1167  1167 D evsmanagerd: /dev/video6 forwarded the buffer #0 to 0xb4000074bf5f5510 from 0xb4000074bf5f6d90
05-27 18:43:40.522   299  1163 D EvsDriver: doneWithFrame
05-27 08:34:49.485 11060 11060 E Time_printk_thread: 2026-05-27 18:43:40
05-27 18:43:40.526  1008 30857 D [OMXB]  : usingANWBuffer: handle:0xee744fd0, format:1, w:1920, h:1080
05-27 18:43:40.526   299  1153 D EvsDriver: doneWithFrame
05-27 18:43:40.533   581   581 I SpiService: fgesysctrl_getGPIO_status success val=1
05-27 18:43:40.533 13911 14183 I SentryImuMcuAngleSender: 179.993rollDeg
05-27 18:43:40.533 13911 14183 I SentryImuMcuAngleSender: 1,0,0
05-27 08:34:49.498   581   581 D spi_rst_gpio_get_output: GPIO 145 value: 1
05-27 08:34:49.498   581   581 D spidev_ioctl: gpio status=1)
05-27 18:43:40.537   283   307 I rvcservice: t.code = 3, t.value = 0
05-27 18:43:40.539   581   581 I SpiService: fgesysctrl_getGPIO_status success val=1
05-27 08:34:49.503   581   581 D spi_rst_gpio_get_output: GPIO 145 value: 1
05-27 08:34:49.503   581   581 D spidev_ioctl: gpio status=1)
05-27 18:43:40.541  1008 30856 D [OMXB]  : usingANWBuffer: handle:0xee742a00, format:1, w:1920, h:1080
05-27 18:43:40.541   299 30841 D EvsDriver: forwardFrame
05-27 18:43:40.542 30773 30789 I dvr_service_: Camera 0: MediaOK:30502827, frames:710, isKeyFrame:0,pts:10487560784
05-27 18:43:40.543   299 30841 D EvsDriver: Delivered 0xb400007b7ca56a60 as id 0
05-27 18:43:40.544  1167  1479 D evsmanagerd: /dev/video4 forwarded the buffer #0 to 0xb4000074bf5f6850 from 0xb4000074bf5f41d0
05-27 18:43:40.545   536   760 I commservice260303: [mcuCommFunctionTcp::ProtocolCheckConnectTimeOutProc:613] keyID:256,tcpEvent:5,tcpcount:0,heartbeat:1,noHeartBeatNumber:0,endispatch:0,strState:0
05-27 18:43:40.545   536   760 D commservice260303: ProtocolCheckConnectTimeOutProc,629,clear heartbeat
05-27 18:43:40.545   536   536 D commservice260303: msg.id = 1028,3
05-27 18:43:40.545   536   536 D commservice260303: i = 170, msgid = 8A000404
05-27 18:43:40.545   536   536 D commservice260303: msgid = -1979710460,did=138
05-27 18:43:40.545   536   536 D commservice260303: CommProtocolLibCmdBaseI2C::dataproc {"command":{"id":"imu_status","sub":""},"content":{"TimeStamp":10,"FrameCounter":245054,"GD_X":-0.011987865902483463,"GD_Y":0.00519212381914258,"GD_Z":0.0029768107924610376,"AD_X":-0.005361631512641907,"AD_Y":-0.0011992633808404207,"AD_Z":-0.17069625854492188,"TempDsp":0,"Status":0,"CalibState":1,"SigAmpInvalid":0}},-1979710460
05-27 18:43:40.545   581   581 I SpiService: fgesysctrl_getGPIO_status success val=1
05-27 18:43:40.545   536   536 D commservice260303: send2Cluster len:317, 7B22636F6D6D616E64223A7B226964223A22696D755F737461747573222C22737562223A22227D2C22636F6E74656E74223A7B2254696D655374616D70223A31302C224672616D65436F756E746572223A3234353035342C2247445F58223A2D302E3031313938373836353930323438333436332C2247445F59223A302E30303531393231323338313931343235382C2247445F5A223A302E303032393736383130373932343631303337362C2241445F58223A2D302E3030353336313633313531323634313930372C2241445F59223A2D302E303031313939323633333830383430343230372C2241445F5A223A2D302E31373036393632353835343439323138382C2254656D70447370223A302C22537461747573223A302C2243616C69625374617465223A312C22536967416D70496E76616C6964223A307D7D, 138 
05-27 18:43:40.546   536   536 D commservice260303: Push Message into SendPool fn=1862075136
05-27 18:43:40.546   536   536 D commservice260303: ComProtocolLibSend2Cluster::send2ClusterRaw fn=1862075136 , len=333
05-27 18:43:40.546   536   536 D commservice260303: sendCmdToPort :333!!!
05-27 18:43:40.546   536   536 D commservice260303: send Cmd To Port ++++5AA501498A010003FD6E6A16CADC7B22636F6D6D616E64223A7B226964223A22696D755F737461747573222C22737562223A22227D2C22636F6E74656E74223A7B2254696D655374616D70223A31302C224672616D65436F756E746572223A3234353035342C2247445F58223A2D302E3031313938373836353930323438333436332C2247445F59223A302E30303531393231323338313931343235382C2247445F5A223A302E303032393736383130373932343631303337362C2241445F58223A2D302E3030353336313633313531323634313930372C2241445F59223A2D302E303031313939323633333830383430343230372C2241445F5A223A2D302E31373036393632353835343439323138382C2254656D70447370223A302C22537461747573223A302C2243616C69625374617465223A312C22536967416D70496E76616C6964223A307D7DC66C
05-27 18:43:40.546   536   536 D commservice260303: bufferevent_write retrun value = 0
05-27 18:43:40.547   536   560 D commservice260303: client datas send succeed,send finish
05-27 18:43:40.547 13911 14192 D Sentinelmode_1.2.5.17_sentry: <SentryImuClusterFgeSender>imu_status sent to Linux, frame=245054, tsNs=10487791, tsMs=10, intervalMs=44, ad=(-0.0053616315,-0.0011992634,-0.17069626), gd=(-0.011987866,0.005192124,0.0029768108)
05-27 08:34:49.510   581   581 D spi_rst_gpio_get_output: GPIO 145 value: 1
05-27 08:34:49.510   581   581 D spidev_ioctl: gpio status=1)
05-27 18:43:40.550   299 30844 D EvsDriver: forwardFrame
05-27 18:43:40.550   299  1153 D EvsDriver: doneWithFrame
05-27 18:43:40.552   581   581 I SpiService: fgesysctrl_getGPIO_status success val=1
05-27 08:34:49.517   581   581 D spi_rst_gpio_get_output: GPIO 145 value: 1
05-27 08:34:49.517   581   581 D spidev_ioctl: gpio status=1)
05-27 18:43:40.553   299 30844 D EvsDriver: Delivered 0xb400007b7ca56900 as id 0
05-27 18:43:40.553  1167  1479 D evsmanagerd: /dev/video6 forwarded the buffer #0 to 0xb4000074bf5f5510 from 0xb4000074bf5f6d90
05-27 18:43:40.553 13911 14183 I SentryImuMcuAngleSender: 179.993rollDeg
05-27 18:43:40.554 13911 14183 I SentryImuMcuAngleSender: 1,0,0
05-27 18:43:40.558   299  1153 D EvsDriver: doneWithFrame
05-27 18:43:40.558   581   581 I SpiService: fgesysctrl_getGPIO_status success val=0
05-27 08:34:49.523   581   581 D spi_rst_gpio_get_output: GPIO 145 value: 0
05-27 08:34:49.523   581   581 D spidev_ioctl: gpio status=0)
05-27 18:43:40.569  1008 30857 D [OMXB]  : usingANWBuffer: handle:0xee743c90, format:1, w:1920, h:1080
05-27 18:43:40.571   299 30844 D EvsDriver: forwardFrame
05-27 18:43:40.571   299 30841 D EvsDriver: forwardFrame
05-27 18:43:40.573   581   581 I SpiService: fgesysctrl_getGPIO_status success val=1
05-27 18:43:40.574 13911 14183 I SentryImuMcuAngleSender: 179.97897rollDeg
05-27 18:43:40.574 13911 14183 I SentryImuMcuAngleSender: 1,0,0
05-27 18:43:40.575   299 30844 D EvsDriver: Delivered 0xb400007b7ca56900 as id 0
05-27 18:43:40.575   299 30841 D EvsDriver: Delivered 0xb400007b7ca56a60 as id 0
05-27 18:43:40.576   572   622 I Sensors : 230 AccelSensor: x:-0.167749,y:0.006100,z:-9.972281
05-27 18:43:40.576  1167  1479 D evsmanagerd: /dev/video6 forwarded the buffer #0 to 0xb4000074bf5f5510 from 0xb4000074bf5f6d90
05-27 18:43:40.576  1167  1167 D evsmanagerd: /dev/video4 forwarded the buffer #0 to 0xb4000074bf5f6850 from 0xb4000074bf5f41d0
05-27 08:34:49.537   581   581 D spi_rst_gpio_get_output: GPIO 145 value: 1
05-27 08:34:49.538   581   581 D spidev_ioctl: gpio status=1)
05-27 18:43:40.579   581   581 I SpiService: fgesysctrl_getGPIO_status success val=1
05-27 18:43:40.580   299  1153 D EvsDriver: doneWithFrame
05-27 08:34:49.544   581   581 D spi_rst_gpio_get_output: GPIO 145 value: 1
05-27 08:34:49.544   581   581 D spidev_ioctl: gpio status=1)
05-27 18:43:40.582  1008 30856 D [OMXB]  : usingANWBuffer: handle:0xee7428a0, format:1, w:1920, h:1080
05-27 18:43:40.583   299  1153 D EvsDriver: doneWithFrame
05-27 18:43:40.584   536   536 D commservice260303: msg.id = 1028,0
05-27 18:43:40.584   536   536 D commservice260303: i = 170, msgid = 8A000404
05-27 18:43:40.584   536   536 D commservice260303: msgid = -1979710460,did=138
05-27 18:43:40.584   536   536 D commservice260303: CommProtocolLibCmdBaseI2C::dataproc {"command":{"id":"imu_status","sub":""},"content":{"TimeStamp":10,"FrameCounter":245055,"GD_X":-0.01153013575822115,"GD_Y":0.005039200186729431,"GD_Z":0.0019848872907459736,"AD_X":-0.0017016977071762085,"AD_Y":0.003664787160232663,"AD_Z":-0.1670370101928711,"TempDsp":0,"Status":0,"CalibState":1,"SigAmpInvalid":0}},-1979710460
05-27 18:43:40.585   536   536 D commservice260303: send2Cluster len:315, 7B22636F6D6D616E64223A7B226964223A22696D755F737461747573222C22737562223A22227D2C22636F6E74656E74223A7B2254696D655374616D70223A31302C224672616D65436F756E746572223A3234353035352C2247445F58223A2D302E30313135333031333537353832323131352C2247445F59223A302E3030353033393230303138363732393433312C2247445F5A223A302E303031393834383837323930373435393733362C2241445F58223A2D302E303031373031363937373037313736323038352C2241445F59223A302E3030333636343738373136303233323636332C2241445F5A223A2D302E313637303337303130313932383731312C2254656D70447370223A302C22537461747573223A302C2243616C69625374617465223A312C22536967416D70496E76616C6964223A307D7D, 138 
05-27 18:43:40.585   536   536 D commservice260303: Push Message into SendPool fn=1878852352
05-27 18:43:40.585   536   536 D commservice260303: ComProtocolLibSend2Cluster::send2ClusterRaw fn=1878852352 , len=331
05-27 18:43:40.585   536   536 D commservice260303: sendCmdToPort :331!!!
05-27 18:43:40.585   536   536 D commservice260303: send Cmd To Port ++++5AA501478A010003FD6F6A16CADC7B22636F6D6D616E64223A7B226964223A22696D755F737461747573222C22737562223A22227D2C22636F6E74656E74223A7B2254696D655374616D70223A31302C224672616D65436F756E746572223A3234353035352C2247445F58223A2D302E30313135333031333537353832323131352C2247445F59223A302E3030353033393230303138363732393433312C2247445F5A223A302E303031393834383837323930373435393733362C2241445F58223A2D302E303031373031363937373037313736323038352C2241445F59223A302E3030333636343738373136303233323636332C2241445F5A223A2D302E313637303337303130313932383731312C2254656D70447370223A302C22537461747573223A302C2243616C69625374617465223A312C22536967416D70496E76616C6964223A307D7DA310
05-27 18:43:40.585   581   581 I SpiService: fgesysctrl_getGPIO_status success val=1
05-27 18:43:40.585   536   536 D commservice260303: bufferevent_write retrun value = 0
05-27 18:43:40.585   536   560 D commservice260303: client datas send succeed,send finish
05-27 18:43:40.585 13911 14192 D Sentinelmode_1.2.5.17_sentry: <SentryImuClusterFgeSender>imu_status sent to Linux, frame=245055, tsNs=10487826, tsMs=10, intervalMs=38, ad=(-0.0017016977,0.0036647872,-0.16703701), gd=(-0.011530136,0.0050392,0.0019848873)
05-27 18:43:40.588 13911 14131 D SVR_MNG_SvrMngProxy: getServer: mSvrManger is null
05-27 18:43:40.588 13911 14131 D SVR_MNG_SvrMngProxy: getNewStub: 
05-27 18:43:40.588 13911 14131 D SVR_MNG_SvrMngProxy: getNewStub: getSvrManagerService start
05-27 08:34:49.549   581   581 D spi_rst_gpio_get_output: GPIO 145 value: 1
05-27 08:34:49.549   581   581 D spidev_ioctl: gpio status=1)
05-27 18:43:40.590 13911 14131 D SVR_MNG_SvrMngProxy: getNewStub: getSvrManagerService end
05-27 18:43:40.591 13911 14131 D SVR_MNG_SvrMngProxy: getServer: svrMngService doesn't start
05-27 18:43:40.591   581   581 I SpiService: fgesysctrl_getGPIO_status success val=1
05-27 08:34:49.555   581   581 D spi_rst_gpio_get_output: GPIO 145 value: 1
05-27 08:34:49.555   581   581 D spidev_ioctl: gpio status=1)
05-27 18:43:40.594 13911 14183 I SentryImuMcuAngleSender: 179.97197rollDeg
05-27 18:43:40.594 13911 14183 I SentryImuMcuAngleSender: 1,0,0
05-27 18:43:40.596   581   581 I SpiService: fgesysctrl_getGPIO_status success val=0
05-27 08:34:49.561   581   581 D spi_rst_gpio_get_output: GPIO 145 value: 0
05-27 08:34:49.561   581   581 D spidev_ioctl: gpio status=0)
05-27 18:43:40.600   299 30841 D EvsDriver: forwardFrame
05-27 18:43:40.601   299 30844 D EvsDriver: forwardFrame
05-27 18:43:40.602   299 30844 D EvsDriver: Delivered 0xb400007b7ca56900 as id 0
05-27 18:43:40.602   299 30841 D EvsDriver: Delivered 0xb400007b7ca56a60 as id 0
05-27 18:43:40.602  1167  1479 D evsmanagerd: /dev/video6 forwarded the buffer #0 to 0xb4000074bf5f5510 from 0xb4000074bf5f6d90
05-27 18:43:40.602  1167  1167 D evsmanagerd: /dev/video4 forwarded the buffer #0 to 0xb4000074bf5f6850 from 0xb4000074bf5f41d0
05-27 18:43:40.603 30773 30783 E dvr_service_: [myNum:1] Received S**** loss
05-27 18:43:40.603 30773 30773 E dvr_service_: [myNum:0] Received S**** loss
05-27 18:43:40.603   299  1153 D EvsDriver: doneWithFrame
05-27 18:43:40.603   299  1163 D EvsDriver: doneWithFrame
05-27 18:43:40.604  1008 30857 D [OMXB]  : usingANWBuffer: handle:0xee742320, format:1, w:1920, h:1080
05-27 18:43:40.610   581   581 I SpiService: fgesysctrl_getGPIO_status success val=1
05-27 08:34:49.575   581   581 D spi_rst_gpio_get_output: GPIO 145 value: 1
05-27 08:34:49.575   581   581 D spidev_ioctl: gpio status=1)
05-27 18:43:40.615 13911 14183 I SentryImuMcuAngleSender: 179.98248rollDeg
05-27 18:43:40.615 13911 14183 I SentryImuMcuAngleSender: 1,0,0
05-27 18:43:40.616   581   581 I SpiService: fgesysctrl_getGPIO_status success val=1
05-27 08:34:49.580   581   581 D spi_rst_gpio_get_output: GPIO 145 value: 1
05-27 08:34:49.580   581   581 D spidev_ioctl: gpio status=1)
05-27 18:43:40.619  1008 30856 D [OMXB]  : usingANWBuffer: handle:0xee741e50, format:1, w:1920, h:1080
05-27 18:43:40.621   581   581 I SpiService: fgesysctrl_getGPIO_status success val=1
05-27 18:43:40.626   536   536 D commservice260303: msg.id = 1028,1
05-27 18:43:40.626   536   536 D commservice260303: i = 170, msgid = 8A000404
05-27 18:43:40.626   536   536 D commservice260303: msgid = -1979710460,did=138
05-27 18:43:40.626   536   536 D commservice260303: CommProtocolLibCmdBaseI2C::dataproc {"command":{"id":"imu_status","sub":""},"content":{"TimeStamp":10,"FrameCounter":245056,"GD_X":-0.010994902811944485,"GD_Y":0.004580949433147907,"GD_Z":0.0022902146447449923,"AD_X":-0.0041413456201553345,"AD_Y":6.052148528397083E-4,"AD_Z":-0.1682577133178711,"TempDsp":0,"Status":0,"CalibState":1,"SigAmpInvalid":0}},-1979710460
05-27 18:43:40.626   536   536 D commservice260303: send2Cluster len:316, 7B22636F6D6D616E64223A7B226964223A22696D755F737461747573222C22737562223A22227D2C22636F6E74656E74223A7B2254696D655374616D70223A31302C224672616D65436F756E746572223A3234353035362C2247445F58223A2D302E3031303939343930323831313934343438352C2247445F59223A302E3030343538303934393433333134373930372C2247445F5A223A302E303032323930323134363434373434393932332C2241445F58223A2D302E303034313431333435363230313535333334352C2241445F59223A362E303532313438353238333937303833452D342C2241445F5A223A2D302E313638323537373133333137383731312C2254656D70447370223A302C22537461747573223A302C2243616C69625374617465223A312C22536967416D70496E76616C6964223A307D7D, 138 
05-27 18:43:40.626   536   536 D commservice260303: Push Message into SendPool fn=1895629568
05-27 18:43:40.626   536   536 D commservice260303: ComProtocolLibSend2Cluster::send2ClusterRaw fn=1895629568 , len=332
05-27 18:43:40.626   536   536 D commservice260303: sendCmdToPort :332!!!
05-27 18:43:40.626   536   536 D commservice260303: send Cmd To Port ++++5AA501488A010003FD706A16CADC7B22636F6D6D616E64223A7B226964223A22696D755F737461747573222C22737562223A22227D2C22636F6E74656E74223A7B2254696D655374616D70223A31302C224672616D65436F756E746572223A3234353035362C2247445F58223A2D302E3031303939343930323831313934343438352C2247445F59223A302E3030343538303934393433333134373930372C2247445F5A223A302E303032323930323134363434373434393932332C2241445F58223A2D302E303034313431333435363230313535333334352C2241445F59223A362E303532313438353238333937303833452D342C2241445F5A223A2D302E313638323537373133333137383731312C2254656D70447370223A302C22537461747573223A302C2243616C69625374617465223A312C22536967416D70496E76616C6964223A307D7DC047
05-27 18:43:40.626   536   536 D commservice260303: bufferevent_write retrun value = 0
05-27 18:43:40.626   536   560 D commservice260303: client datas send succeed,send finish
05-27 08:34:49.586   581   581 D spi_rst_gpio_get_output: GPIO 145 value: 1
05-27 08:34:49.586   581   581 D spidev_ioctl: gpio status=1)
05-27 18:43:40.626 13911 14192 D Sentinelmode_1.2.5.17_sentry: <SentryImuClusterFgeSender>imu_status sent to Linux, frame=245056, tsNs=10487862, tsMs=10, intervalMs=41, ad=(-0.0041413456,6.0521485E-4,-0.16825771), gd=(-0.010994903,0.0045809494,0.0022902146)
05-27 18:43:40.627   581   581 I SpiService: fgesysctrl_getGPIO_status success val=1
05-27 08:34:49.591   581   581 D spi_rst_gpio_get_output: GPIO 145 value: 1
05-27 08:34:49.591   581   581 D spidev_ioctl: gpio status=1)
05-27 18:43:40.632   581   581 I SpiService: fgesysctrl_getGPIO_status success val=1
05-27 08:34:49.597   581   581 D spi_rst_gpio_get_output: GPIO 145 value: 1
05-27 08:34:49.597   581   581 D spidev_ioctl: gpio status=1)
05-27 18:43:40.633  1008 30857 D [OMXB]  : usingANWBuffer: handle:0xee744630, format:1, w:1920, h:1080
05-27 18:43:40.635 13911 14183 I SentryImuMcuAngleSender: 179.97546rollDeg
05-27 18:43:40.636 13911 14183 I SentryImuMcuAngleSender: 1,0,0
05-27 18:43:40.637   283   307 I rvcservice: t.code = 4, t.value = 0
05-27 18:43:40.637   581   581 I SpiService: fgesysctrl_getGPIO_status success val=0
05-27 18:43:40.633   581   581 I auditd  : type=1400 audit(0.0:62223): avc: denied { ioctl } for comm="spi@1.0-service" path="/dev/spidev2.0" dev="tmpfs" ino=23621 ioctlcmd=0x6b00 scontext=u:r:hal_spi_default:s0 tcontext=u:object_r:spi_consumerir_device:s0 tclass=chr_file permissive=1
05-27 18:43:40.633   581   581 I spi@1.0-service: type=1400 audit(0.0:62223): avc: denied { ioctl } for path="/dev/spidev2.0" dev="tmpfs" ino=23621 ioctlcmd=0x6b00 scontext=u:r:hal_spi_default:s0 tcontext=u:object_r:spi_consumerir_device:s0 tclass=chr_file permissive=1
05-27 18:43:40.639   299 30841 D EvsDriver: forwardFrame
05-27 18:43:40.639   299 30844 D EvsDriver: forwardFrame
05-27 18:43:40.640   299 30844 D EvsDriver: Delivered 0xb400007b7ca56900 as id 0
05-27 18:43:40.641  1167  1167 D evsmanagerd: /dev/video6 forwarded the buffer #0 to 0xb4000074bf5f5510 from 0xb4000074bf5f6d90
05-27 08:34:49.602   581   581 D spi_rst_gpio_get_output: GPIO 145 value: 0
05-27 08:34:49.602   581   581 D spidev_ioctl: gpio status=0)
05-27 18:43:40.647   299  1163 D EvsDriver: doneWithFrame
05-27 18:43:40.647  1167  1167 D evsmanagerd: /dev/video4 forwarded the buffer #0 to 0xb4000074bf5f6850 from 0xb4000074bf5f41d0
05-27 18:43:40.649   299 30841 D EvsDriver: Delivered 0xb400007b7ca56a60 as id 0
05-27 18:43:40.649   581   581 I auditd  : type=1400 audit(0.0:62224): avc: denied { read write } for comm="spi@1.0-service" name="spidev2.0" dev="tmpfs" ino=23621 scontext=u:r:hal_spi_default:s0 tcontext=u:object_r:spi_consumerir_device:s0 tclass=chr_file permissive=1
05-27 18:43:40.649   581   581 I spi@1.0-service: type=1400 audit(0.0:62224): avc: denied { read write } for name="spidev2.0" dev="tmpfs" ino=23621 scontext=u:r:hal_spi_default:s0 tcontext=u:object_r:spi_consumerir_device:s0 tclass=chr_file permissive=1
05-27 18:43:40.649   581   581 I auditd  : type=1400 audit(0.0:62225): avc: denied { open } for comm="spi@1.0-service" path="/dev/spidev2.0" dev="tmpfs" ino=23621 scontext=u:r:hal_spi_default:s0 tcontext=u:object_r:spi_consumerir_device:s0 tclass=chr_file permissive=1
05-27 18:43:40.649   581   581 I spi@1.0-service: type=1400 audit(0.0:62225): avc: denied { open } for path="/dev/spidev2.0" dev="tmpfs" ino=23621 scontext=u:r:hal_spi_default:s0 tcontext=u:object_r:spi_consumerir_device:s0 tclass=chr_file permissive=1
05-27 18:43:40.654   581   581 I SpiService: fgesysctrl_getGPIO_status success val=1
05-27 18:43:40.656   299  1163 D EvsDriver: doneWithFrame
05-27 08:34:49.618   581   581 D spi_rst_gpio_get_output: GPIO 145 value: 1
05-27 08:34:49.618   581   581 D spidev_ioctl: gpio status=1)
05-27 18:43:40.658 13911 14183 I SentryImuMcuAngleSender: 179.97197rollDeg
05-27 18:43:40.658 13911 14183 I SentryImuMcuAngleSender: 1,0,0
05-27 18:43:40.660   581   581 I SpiService: fgesysctrl_getGPIO_status success val=1
05-27 18:43:40.661  1008 30856 D [OMXB]  : usingANWBuffer: handle:0xee740bc0, format:1, w:1920, h:1080
05-27 08:34:49.624   581   581 D spi_rst_gpio_get_output: GPIO 145 value: 1
05-27 08:34:49.624   581   581 D spidev_ioctl: gpio status=1)
05-27 18:43:40.665   572   622 I Sensors : 230 GyroSensor: x:-0.011071,y:0.005115,z:0.002138
05-27 18:43:40.666   581   581 I SpiService: fgesysctrl_getGPIO_status success val=1
05-27 08:34:49.630   581   581 D spi_rst_gpio_get_output: GPIO 145 value: 1
05-27 08:34:49.630   581   581 D spidev_ioctl: gpio status=1)
05-27 18:43:40.666   299 30841 D EvsDriver: forwardFrame
05-27 18:43:40.666   299 30844 D EvsDriver: forwardFrame
05-27 08:34:49.636   581   581 D spi_rst_gpio_get_output: GPIO 145 value: 1
05-27 08:34:49.636   581   581 D spidev_ioctl: gpio status=1)
05-27 18:43:40.670   299 30844 D EvsDriver: Delivered 0xb400007b7ca56900 as id 0
05-27 18:43:40.670  1167  1167 D evsmanagerd: /dev/video6 forwarded the buffer #0 to 0xb4000074bf5f5510 from 0xb4000074bf5f6d90
05-27 18:43:40.671   536   536 D commservice260303: msg.id = 1028,1
05-27 18:43:40.671   536   536 D commservice260303: i = 170, msgid = 8A000404
05-27 18:43:40.671   536   536 D commservice260303: msgid = -1979710460,did=138
05-27 18:43:40.671   536   536 D commservice260303: CommProtocolLibCmdBaseI2C::dataproc {"command":{"id":"imu_status","sub":""},"content":{"TimeStamp":10,"FrameCounter":245057,"GD_X":-0.010461229830980301,"GD_Y":0.0051151420921087265,"GD_Z":0.0022902146447449923,"AD_X":-0.0047383904457092285,"AD_Y":0.002421425189822912,"AD_Z":-0.16947650909423828,"TempDsp":0,"Status":0,"CalibState":1,"SigAmpInvalid":0}},-1979710460
05-27 18:43:40.671   581   581 I SpiService: fgesysctrl_getGPIO_status success val=1
05-27 18:43:40.671   536   536 D commservice260303: send2Cluster len:318, 7B22636F6D6D616E64223A7B226964223A22696D755F737461747573222C22737562223A22227D2C22636F6E74656E74223A7B2254696D655374616D70223A31302C224672616D65436F756E746572223A3234353035372C2247445F58223A2D302E3031303436313232393833303938303330312C2247445F59223A302E303035313135313432303932313038373236352C2247445F5A223A302E303032323930323134363434373434393932332C2241445F58223A2D302E303034373338333930343435373039323238352C2241445F59223A302E3030323432313432353138393832323931322C2241445F5A223A2D302E31363934373635303930393432333832382C2254656D70447370223A302C22537461747573223A302C2243616C69625374617465223A312C22536967416D70496E76616C6964223A307D7D, 138 
05-27 18:43:40.671   536   536 D commservice260303: Push Message into SendPool fn=1912406784
05-27 18:43:40.671   536   536 D commservice260303: ComProtocolLibSend2Cluster::send2ClusterRaw fn=1912406784 , len=334
05-27 18:43:40.672   536   536 D commservice260303: sendCmdToPort :334!!!
05-27 18:43:40.672   536   536 D commservice260303: send Cmd To Port ++++5AA5014A8A010003FD716A16CADC7B22636F6D6D616E64223A7B226964223A22696D755F737461747573222C22737562223A22227D2C22636F6E74656E74223A7B2254696D655374616D70223A31302C224672616D65436F756E746572223A3234353035372C2247445F58223A2D302E3031303436313232393833303938303330312C2247445F59223A302E303035313135313432303932313038373236352C2247445F5A223A302E303032323930323134363434373434393932332C2241445F58223A2D302E303034373338333930343435373039323238352C2241445F59223A302E3030323432313432353138393832323931322C2241445F5A223A2D302E31363934373635303930393432333832382C2254656D70447370223A302C22537461747573223A302C2243616C69625374617465223A312C22536967416D70496E76616C6964223A307D7D2067
05-27 18:43:40.672   536   536 D commservice260303: bufferevent_write retrun value = 0
05-27 18:43:40.672   536   560 D commservice260303: client datas send succeed,send finish
05-27 18:43:40.672 13911 14192 D Sentinelmode_1.2.5.17_sentry: <SentryImuClusterFgeSender>imu_status sent to Linux, frame=245057, tsNs=10487898, tsMs=10, intervalMs=46, ad=(-0.0047383904,0.0024214252,-0.16947651), gd=(-0.01046123,0.005115142,0.0022902146)
05-27 18:43:40.674   299 30841 D EvsDriver: Delivered 0xb400007b7ca56a60 as id 0
05-27 18:43:40.674  1167  1167 D evsmanagerd: /dev/video4 forwarded the buffer #0 to 0xb4000074bf5f6850 from 0xb4000074bf5f41d0
05-27 18:43:40.676   299  1163 D EvsDriver: doneWithFrame
05-27 18:43:40.677   581   581 I SpiService: fgesysctrl_getGPIO_status success val=0
05-27 08:34:49.642   581   581 D spi_rst_gpio_get_output: GPIO 145 value: 0
05-27 08:34:49.642   581   581 D spidev_ioctl: gpio status=0)
05-27 18:43:40.677   299  1163 D EvsDriver: doneWithFrame
05-27 18:43:40.678 13911 14183 I SentryImuMcuAngleSender: 179.97197rollDeg
05-27 18:43:40.678 13911 14183 I SentryImuMcuAngleSender: 1,0,0
05-27 18:43:40.684  1008 30857 D [OMXB]  : usingANWBuffer: handle:0xee7442c0, format:1, w:1920, h:1080
05-27 18:43:40.681 30773 30773 I auditd  : type=1400 audit(0.0:62226): avc: denied { use } for comm=4E444B204D65646961436F6465635F path="/dmabuf:" dev="dmabuf" ino=1960919 scontext=u:r:adayo_dvr_service:s0 tcontext=u:r:mediaswcodec:s0 tclass=fd permissive=1
05-27 18:43:40.681 30773 30773 I /system/bin/adayo_dvr_service: type=1400 audit(0.0:62226): avc: denied { use } for comm=4E444B204D65646961436F6465635F path="/dmabuf:" dev="dmabuf" ino=1960919 scontext=u:r:adayo_dvr_service:s0 tcontext=u:r:mediaswcodec:s0 tclass=fd permissive=1
05-27 18:43:40.692   481   598 I mcuc    : rev,n=1,6AA681D33E000A8900F90104091012345628
05-27 18:43:40.692  1121  1144 I tboxmids_ap: [2026-05-27 18:43:40.692] [MCU RX] src=MCU dst=ZMQ len=10 type=BINARY data=00 08 F9 01 04 09 10 12 34 56 
05-27 18:43:40.692   351   373 D automotive.vehicle@2.0-adayo-datacomm-mcu: MCUDatacomm sendMessageFromVehicle prop: 0x89, areaId: 0x0, status: 0xf9, timestamp: 0x1
05-27 18:43:40.692   351   373 D automotive.vehicle@2.0-adayo-datacomm-mcu: MCUDatacomm 1sendMessageFromVehicle ---> type = 12 
05-27 18:43:40.692   581   581 I SpiService: fgesysctrl_getGPIO_status success val=1
05-27 08:34:49.657   581   581 D spi_rst_gpio_get_output: GPIO 145 value: 1
05-27 08:34:49.657   581   581 D spidev_ioctl: gpio status=1)
05-27 18:43:40.693  1083  1083 I MyAppLog: [2026-05-27 18:43:40.692 I tboxap mcuCommTboxmidsRecvCb:97] [Mcu] [mcuCommTboxmidsRecvCb] recv from tboxmids, size:10
05-27 18:43:40.693  1083  1083 I MyAppLog: [2026-05-27 18:43:40.692 I tboxap mcuCommTboxmidsRecvCb:98] [Mcu] [tboxmids -> tboxap]: :00 08 F9 01 04 09 10 12 34 56
05-27 18:43:40.693  1083  1083 I MyAppLog: [2026-05-27 18:43:40.692 I tboxap mcuPtlParseData:990] [Mcu] [Mcu  Parse]: (cmd):0910 (param):0910123456
05-27 18:43:40.693  1083  1083 W MyAppLog: [2026-05-27 18:43:40.692 W tboxap mcuParamDataRevPack:918] [Mcu] mcuParamDataRevPack start pack data!!!
05-27 18:43:40.693  1083  1083 I MyAppLog: [2026-05-27 18:43:40.692 I tboxap MCU_BATT_STATIC_DATA_IND_McuInd:515] [Mcu] [MCU_BATT_STATIC_DATA_IND_McuInd] staticData type:0x12 len:5
05-27 18:43:40.696   299 30841 D EvsDriver: forwardFrame
05-27 18:43:40.697   581   581 I SpiService: fgesysctrl_getGPIO_status success val=1
05-27 18:43:40.698   299 30841 D EvsDriver: Delivered 0xb400007b7ca56a60 as id 0
05-27 18:43:40.698  1167  1167 D evsmanagerd: /dev/video4 forwarded the buffer #0 to 0xb4000074bf5f6850 from 0xb4000074bf5f41d0
05-27 18:43:40.698 13911 14183 I SentryImuMcuAngleSender: 179.97198rollDeg
05-27 18:43:40.698 13911 14183 I SentryImuMcuAngleSender: 1,0,0
05-27 18:43:40.699   299  1163 D EvsDriver: doneWithFrame
05-27 18:43:40.700  1008 30856 D [OMXB]  : usingANWBuffer: handle:0xee742530, format:1, w:1920, h:1080
05-27 08:34:49.662   581   581 D spi_rst_gpio_get_output: GPIO 145 value: 1
05-27 08:34:49.662   581   581 D spidev_ioctl: gpio status=1)
05-27 18:43:40.703   581   581 I SpiService: fgesysctrl_getGPIO_status success val=1
05-27 18:43:40.703   299 30844 D EvsDriver: forwardFrame
05-27 08:34:49.668   581   581 D spi_rst_gpio_get_output: GPIO 145 value: 1
05-27 08:34:49.668   581   581 D spidev_ioctl: gpio status=1)
05-27 18:43:40.705   299 30844 D EvsDriver: Delivered 0xb400007b7ca56900 as id 0
05-27 18:43:40.705  1167  1167 D evsmanagerd: /dev/video6 forwarded the buffer #0 to 0xb4000074bf5f5510 from 0xb4000074bf5f6d90
05-27 18:43:40.708   299  1163 D EvsDriver: doneWithFrame
05-27 18:43:40.709   581   581 I SpiService: fgesysctrl_getGPIO_status success val=1
05-27 18:43:40.710   536   536 D commservice260303: msg.id = 1028,0
05-27 18:43:40.710   536   536 D commservice260303: i = 170, msgid = 8A000404
05-27 18:43:40.710   536   536 D commservice260303: msgid = -1979710460,did=138
05-27 18:43:40.710   536   536 D commservice260303: CommProtocolLibCmdBaseI2C::dataproc {"command":{"id":"imu_status","sub":""},"content":{"TimeStamp":10,"FrameCounter":245058,"GD_X":-0.011223767884075642,"GD_Y":0.0056498548947274685,"GD_Z":0.002443138277158141,"AD_X":1.1989474296569824E-4,"AD_Y":-3.325962461531162E-5,"AD_Z":-0.17191600799560547,"TempDsp":0,"Status":0,"CalibState":1,"SigAmpInvalid":0}},-1979710460
05-27 18:43:40.710   536   536 D commservice260303: send2Cluster len:317, 7B22636F6D6D616E64223A7B226964223A22696D755F737461747573222C22737562223A22227D2C22636F6E74656E74223A7B2254696D655374616D70223A31302C224672616D65436F756E746572223A3234353035382C2247445F58223A2D302E3031313232333736373838343037353634322C2247445F59223A302E303035363439383534383934373237343638352C2247445F5A223A302E3030323434333133383237373135383134312C2241445F58223A312E31393839343734323936353639383234452D342C2241445F59223A2D332E333235393632343631353331313632452D352C2241445F5A223A2D302E31373139313630303739393536303534372C2254656D70447370223A302C22537461747573223A302C2243616C69625374617465223A312C22536967416D70496E76616C6964223A307D7D, 138 
05-27 18:43:40.710   536   536 D commservice260303: Push Message into SendPool fn=1929184000
05-27 18:43:40.710   536   536 D commservice260303: ComProtocolLibSend2Cluster::send2ClusterRaw fn=1929184000 , len=333
05-27 18:43:40.710   536   536 D commservice260303: sendCmdToPort :333!!!
05-27 18:43:40.710   536   536 D commservice260303: send Cmd To Port ++++5AA501498A010003FD726A16CADC7B22636F6D6D616E64223A7B226964223A22696D755F737461747573222C22737562223A22227D2C22636F6E74656E74223A7B2254696D655374616D70223A31302C224672616D65436F756E746572223A3234353035382C2247445F58223A2D302E3031313232333736373838343037353634322C2247445F59223A302E303035363439383534383934373237343638352C2247445F5A223A302E3030323434333133383237373135383134312C2241445F58223A312E31393839343734323936353639383234452D342C2241445F59223A2D332E333235393632343631353331313632452D352C2241445F5A223A2D302E31373139313630303739393536303534372C2254656D70447370223A302C22537461747573223A302C2243616C69625374617465223A312C22536967416D70496E76616C6964223A307D7DC178
05-27 18:43:40.710   536   536 D commservice260303: bufferevent_write retrun value = 0
05-27 18:43:40.711   536   560 D commservice260303: client datas send succeed,send finish
05-27 18:43:40.711 13911 14192 D Sentinelmode_1.2.5.17_sentry: <SentryImuClusterFgeSender>imu_status sent to Linux, frame=245058, tsNs=10487951, tsMs=10, intervalMs=38, ad=(1.1989474E-4,-3.3259625E-5,-0.17191601), gd=(-0.011223768,0.005649855,0.0024431383)
05-27 08:34:49.673   581   581 D spi_rst_gpio_get_output: GPIO 145 value: 1
05-27 08:34:49.673   581   581 D spidev_ioctl: gpio status=1)
05-27 18:43:40.714   581   581 I SpiService: fgesysctrl_getGPIO_status success val=1
05-27 08:34:49.679   581   581 D spi_rst_gpio_get_output: GPIO 145 value: 1
05-27 08:34:49.679   581   581 D spidev_ioctl: gpio status=1)
05-27 18:43:40.718 13911 14183 I SentryImuMcuAngleSender: 179.993rollDeg
05-27 18:43:40.718 13911 14183 I SentryImuMcuAngleSender: 1,0,0
05-27 18:43:40.720   581   581 I SpiService: fgesysctrl_getGPIO_status success val=0
05-27 18:43:40.720   481   597 I mcuc    : send SPI:6AA602D33E0002890062
05-27 08:34:49.684   581   581 D spi_rst_gpio_get_output: GPIO 145 value: 0
05-27 08:34:49.684   581   581 D spidev_ioctl: gpio status=0)
05-27 18:43:40.721  1008 30857 D [OMXB]  : usingANWBuffer: handle:0xee743240, format:1, w:1920, h:1080
05-27 08:34:49.690     1     1 I init    : starting service 'trace_resource'...
05-27 18:43:40.734   581   581 I SpiService: fgesysctrl_getGPIO_status success val=1
05-27 08:34:49.698   581   581 D spi_rst_gpio_get_output: GPIO 145 value: 1
05-27 08:34:49.699   581   581 D spidev_ioctl: gpio status=1)
05-27 18:43:40.737   283   307 I rvcservice: t.code = 3, t.value = 0
05-27 18:43:40.738   299 30844 D EvsDriver: forwardFrame
05-27 18:43:40.739 13911 14183 I SentryImuMcuAngleSender: 179.99649rollDeg
05-27 18:43:40.739 13911 14183 I SentryImuMcuAngleSender: 1,0,0
05-27 18:43:40.739   299 30844 D EvsDriver: Delivered 0xb400007b7ca56900 as id 0
05-27 18:43:40.739  1167  1167 D evsmanagerd: /dev/video6 forwarded the buffer #0 to 0xb4000074bf5f5510 from 0xb4000074bf5f6d90
05-27 18:43:40.739   581   581 I SpiService: fgesysctrl_getGPIO_status success val=1
05-27 08:34:49.704   581   581 D spi_rst_gpio_get_output: GPIO 145 value: 1
05-27 08:34:49.704   581   581 D spidev_ioctl: gpio status=1)
05-27 18:43:40.742   299  1163 D EvsDriver: doneWithFrame
05-27 18:43:40.742  1008 30856 D [OMXB]  : usingANWBuffer: handle:0xee741b90, format:1, w:1920, h:1080
05-27 08:34:49.707     1     1 I init    : Service 'trace_resource' (pid 31192) exited with status 127
05-27 08:34:49.707     1     1 I init    : Sending signal 9 to service 'trace_resource' (pid 31192) process group...
05-27 08:34:49.707     1     1 I libprocessgroup: Successfully killed process cgroup uid 0 pid 31192 in 0ms
05-27 08:34:49.710   581   581 D spi_rst_gpio_get_output: GPIO 145 value: 1
05-27 08:34:49.710   581   581 D spidev_ioctl: gpio status=1)
05-27 18:43:40.745   581   581 I SpiService: fgesysctrl_getGPIO_status success val=1
05-27 18:43:40.747   299 30841 D EvsDriver: forwardFrame
05-27 18:43:40.748   299 30841 D EvsDriver: Delivered 0xb400007b7ca56a60 as id 0
05-27 18:43:40.748  1167  1167 D evsmanagerd: /dev/video4 forwarded the buffer #0 to 0xb4000074bf5f6850 from 0xb4000074bf5f41d0
05-27 18:43:40.749   536   536 D commservice260303: msg.id = 1028,0
05-27 18:43:40.749   536   536 D commservice260303: i = 170, msgid = 8A000404
05-27 18:43:40.749   536   536 D commservice260303: msgid = -1979710460,did=138
05-27 18:43:40.749   536   536 D commservice260303: CommProtocolLibCmdBaseI2C::dataproc {"command":{"id":"imu_status","sub":""},"content":{"TimeStamp":10,"FrameCounter":245059,"GD_X":-0.011223767884075642,"GD_Y":0.004733873065561056,"GD_Z":0.0019848872907459736,"AD_X":-0.0011118203401565552,"AD_Y":-0.0018525823252275586,"AD_Z":-0.16886138916015625,"TempDsp":0,"Status":0,"CalibState":1,"SigAmpInvalid":0}},-1979710460
05-27 18:43:40.749   536   536 D commservice260303: send2Cluster len:319, 7B22636F6D6D616E64223A7B226964223A22696D755F737461747573222C22737562223A22227D2C22636F6E74656E74223A7B2254696D655374616D70223A31302C224672616D65436F756E746572223A3234353035392C2247445F58223A2D302E3031313232333736373838343037353634322C2247445F59223A302E3030343733333837333036353536313035362C2247445F5A223A302E303031393834383837323930373435393733362C2241445F58223A2D302E303031313131383230333430313536353535322C2241445F59223A2D302E303031383532353832333235323237353538362C2241445F5A223A2D302E31363838363133383931363031353632352C2254656D70447370223A302C22537461747573223A302C2243616C69625374617465223A312C22536967416D70496E76616C6964223A307D7D, 138 
05-27 18:43:40.749   536   536 D commservice260303: Push Message into SendPool fn=1945961216
05-27 18:43:40.749   536   536 D commservice260303: ComProtocolLibSend2Cluster::send2ClusterRaw fn=1945961216 , len=335
05-27 18:43:40.749   536   536 D commservice260303: sendCmdToPort :335!!!
05-27 18:43:40.749   536   536 D commservice260303: send Cmd To Port ++++5AA5014B8A010003FD736A16CADC7B22636F6D6D616E64223A7B226964223A22696D755F737461747573222C22737562223A22227D2C22636F6E74656E74223A7B2254696D655374616D70223A31302C224672616D65436F756E746572223A3234353035392C2247445F58223A2D302E3031313232333736373838343037353634322C2247445F59223A302E3030343733333837333036353536313035362C2247445F5A223A302E303031393834383837323930373435393733362C2241445F58223A2D302E303031313131383230333430313536353535322C2241445F59223A2D302E303031383532353832333235323237353538362C2241445F5A223A2D302E31363838363133383931363031353632352C2254656D70447370223A302C22537461747573223A302C2243616C69625374617465223A312C22536967416D70496E76616C6964223A307D7D6667
05-27 18:43:40.749   536   536 D commservice260303: bufferevent_write retrun value = 0
05-27 18:43:40.750 13911 14192 D Sentinelmode_1.2.5.17_sentry: <SentryImuClusterFgeSender>imu_status sent to Linux, frame=245059, tsNs=10487987, tsMs=10, intervalMs=39, ad=(-0.0011118203,-0.0018525823,-0.16886139), gd=(-0.011223768,0.004733873,0.0019848873)
05-27 18:43:40.750   536   560 D commservice260303: client datas send succeed,send finish
05-27 18:43:40.751   581   581 I SpiService: fgesysctrl_getGPIO_status success val=1
05-27 08:34:49.715   581   581 D spi_rst_gpio_get_output: GPIO 145 value: 1
05-27 08:34:49.715   581   581 D spidev_ioctl: gpio status=1)
05-27 18:43:40.752   299  1163 D EvsDriver: doneWithFrame
05-27 18:43:40.756   581   581 I SpiService: fgesysctrl_getGPIO_status success val=0
05-27 08:34:49.721   581   581 D spi_rst_gpio_get_output: GPIO 145 value: 0
05-27 08:34:49.721   581   581 D spidev_ioctl: gpio status=0)
05-27 18:43:40.760 13911 14183 I SentryImuMcuAngleSender: 180.0rollDeg
05-27 18:43:40.760 13911 14183 I SentryImuMcuAngleSender: 1,0,0
05-27 18:43:40.765   299 30844 D EvsDriver: forwardFrame
05-27 18:43:40.766   299 30844 D EvsDriver: Delivered 0xb400007b7ca56900 as id 0
05-27 18:43:40.766  1167  1167 D evsmanagerd: /dev/video6 forwarded the buffer #0 to 0xb4000074bf5f5510 from 0xb4000074bf5f6d90
05-27 18:43:40.767 30773 30783 E dvr_service_: [myNum:1] Received S**** loss
05-27 18:43:40.767   299  1163 D EvsDriver: doneWithFrame
05-27 18:43:40.767  1008 30857 D [OMXB]  : usingANWBuffer: handle:0xee744bb0, format:1, w:1920, h:1080
05-27 18:43:40.771   299 30841 D EvsDriver: forwardFrame
05-27 18:43:40.771   581   581 I SpiService: fgesysctrl_getGPIO_status success val=1
05-27 18:43:40.772   481   598 I mcuc    : rev,n=1,6AA681D33F006B8900F10600030A4000003419400000000040000005354000000000400059231C40000040000000000000000000000000000000000001000000000000000000000000000000000000000000000000000000000000000000000000000000000000000000000000000000000095
05-27 18:43:40.772   351   373 D automotive.vehicle@2.0-adayo-datacomm-mcu: MCUDatacomm sendMessageFromVehicle prop: 0x89, areaId: 0x0, status: 0xf1, timestamp: 0x6
05-27 18:43:40.772   351   373 D automotive.vehicle@2.0-adayo-datacomm-mcu: MCUDatacomm 1sendMessageFromVehicle ---> type = 3 
05-27 18:43:40.772   351   373 D automotive.vehicle@2.0-adayo-func-bcm: sendMessageFromVehicle sendMessageFromVehicle
05-27 18:43:40.773   351   516 D automotive.vehicle@2.0-adayo-func-bcm: jjfan1 ______procotolSize :38
05-27 18:43:40.773   351   516 D automotive.vehicle@2.0-adayo-func-bcm: BCMFunc sendMessageFromVehicle_l dataType: 12,mByte=7,propid=0x2140006b
05-27 18:43:40.773   351   516 D automotive.vehicle@2.0-adayo-func-bcm: BCMFunc sendMessageFromVehicle_l msgBuff[7]=0x40,start:0,len:6,temp:6,
05-27 18:43:40.773   351   516 D automotive.vehicle@2.0-adayo-func-bcm: BCMFunc sendMessageFromVehicle_l prop: 0x2140006b ,areaId: 0x0  SPLITE_BIT_DATA_INTEGER : 0
05-27 18:43:40.773   351   516 D automotive.vehicle@2.0-adayo-func-bcm: BCMFunc sendMessageFromVehicle_l id:557842539, area:0 not report! 
05-27 18:43:40.773   351   516 D automotive.vehicle@2.0-adayo-func-bcm: BCMFunc sendMessageFromVehicle_l dataType: 12,mByte=7,propid=0x2140006c
05-27 08:34:49.736   581   581 D spi_rst_gpio_get_output: GPIO 145 value: 1
05-27 08:34:49.736   581   581 D spidev_ioctl: gpio status=1)
05-27 18:43:40.773   351   516 D automotive.vehicle@2.0-adayo-func-bcm: BCMFunc sendMessageFromVehicle_l msgBuff[7]=0x40,start:6,len:2,temp:2,
05-27 18:43:40.773   351   516 D automotive.vehicle@2.0-adayo-func-bcm: BCMFunc sendMessageFromVehicle_l prop: 0x2140006c ,areaId: 0x0  SPLITE_BIT_DATA_INTEGER : 1
05-27 18:43:40.773   351   516 D automotive.vehicle@2.0-adayo-func-bcm: BCMFunc sendMessageFromVehicle_l id:557842540, area:0 not report! 
05-27 18:43:40.773   351   516 D automotive.vehicle@2.0-adayo-func-bcm: BCMFunc sendMessageFromVehicle_l dataType: 12,mByte=11,propid=0x2140004a
05-27 18:43:40.773   351   516 D automotive.vehicle@2.0-adayo-func-bcm: BCMFunc sendMessageFromVehicle_l msgBuff[11]=0x19,start:0,len:32,temp:8,
05-27 18:43:40.773   351   516 D automotive.vehicle@2.0-adayo-func-bcm: BCMFunc sendMessageFromVehicle_l msgBuff[10]=0x34,start:0,len:24,temp:8,
05-27 18:43:40.773   351   516 D automotive.vehicle@2.0-adayo-func-bcm: BCMFunc sendMessageFromVehicle_l msgBuff[9]=0x0,start:0,len:16,temp:8,
05-27 18:43:40.773   351   516 D automotive.vehicle@2.0-adayo-func-bcm: BCMFunc sendMessageFromVehicle_l msgBuff[8]=0x0,start:0,len:8,temp:8,
05-27 18:43:40.773   351   516 D automotive.vehicle@2.0-adayo-func-bcm: BCMFunc sendMessageFromVehicle_l prop: 0x2140004a ,areaId: 0x0  SPLITE_BIT_DATA_INTEGER : 13337
05-27 18:43:40.773   351   516 D automotive.vehicle@2.0-adayo-func-bcm: BCMFunc sendMessageFromVehicle_l id:557842506, area:0 not report! 
