05-27 18:43:35.720   536   536 D commservice260303: send2Cluster len:316, 7B22636F6D6D616E64223A7B226964223A22696D755F737461747573222C22737562223A22227D2C22636F6E74656E74223A7B2254696D655374616D70223A31302C224672616D65436F756E746572223A3234343933352C2247445F58223A2D302E3031313435333135333536353532363030392C2247445F59223A302E3030353236383036353732343532313837352C2247445F5A223A302E3030323434333133383237373135383134312C2241445F58223A2D302E3030343139353739343436333135373635342C2241445F59223A312E33323130313832303738313832363937452D342C2241445F5A223A2D302E31363832353239343439343632383930362C2254656D70447370223A302C22537461747573223A302C2243616C69625374617465223A312C22536967416D70496E76616C6964223A307D7D, 138 
05-27 18:43:35.720   536   536 D commservice260303: Push Message into SendPool fn=-168033536
05-27 18:43:35.720   536   536 D commservice260303: ComProtocolLibSend2Cluster::send2ClusterRaw fn=-168033536 , len=332
05-27 18:43:35.720   536   536 D commservice260303: sendCmdToPort :332!!!
05-27 18:43:35.720   536   536 D commservice260303: send Cmd To Port ++++5AA501488A010003FCF56A16CAD77B22636F6D6D616E64223A7B226964223A22696D755F737461747573222C22737562223A22227D2C22636F6E74656E74223A7B2254696D655374616D70223A31302C224672616D65436F756E746572223A3234343933352C2247445F58223A2D302E3031313435333135333536353532363030392C2247445F59223A302E3030353236383036353732343532313837352C2247445F5A223A302E3030323434333133383237373135383134312C2241445F58223A2D302E3030343139353739343436333135373635342C2241445F59223A312E33323130313832303738313832363937452D342C2241445F5A223A2D302E31363832353239343439343632383930362C2254656D70447370223A302C22537461747573223A302C2243616C69625374617465223A312C22536967416D70496E76616C6964223A307D7D6277
05-27 08:34:44.683   581   581 D spi_rst_gpio_get_output: GPIO 145 value: 1
05-27 08:34:44.683   581   581 D spidev_ioctl: gpio status=1)
05-27 18:43:35.720   536   536 D commservice260303: bufferevent_write retrun value = 0
05-27 18:43:35.720   536   560 D commservice260303: client datas send succeed,send finish
05-27 18:43:35.721 13911 14192 D Sentinelmode_1.2.5.17_sentry: <SentryImuClusterFgeSender>imu_status sent to Linux, frame=244935, tsNs=10482959, tsMs=10, intervalMs=40, ad=(-0.0041957945,1.3210182E-4,-0.16825294), gd=(-0.011453154,0.0052680657,0.0024431383)
05-27 18:43:35.724   581   581 I SpiService: fgesysctrl_getGPIO_status success val=0
05-27 08:34:44.686     1     1 I init    : starting service 'trace_resource'...
05-27 08:34:44.689   581   581 D spi_rst_gpio_get_output: GPIO 145 value: 0
05-27 18:43:35.725 13911 14183 I SentryImuMcuAngleSender: 179.98598rollDeg
05-27 18:43:35.725 13911 14183 I SentryImuMcuAngleSender: 1,0,0
05-27 18:43:35.733   299 30844 D EvsDriver: Delivered 0xb400007b7ca56900 as id 0
05-27 18:43:35.733  1167  1167 D evsmanagerd: /dev/video6 forwarded the buffer #0 to 0xb4000074bf5f5510 from 0xb4000074bf5f6d90
05-27 18:43:35.735   299 30841 D EvsDriver: Delivered 0xb400007b7ca56a60 as id 0
05-27 18:43:35.735  1167  1479 D evsmanagerd: /dev/video4 forwarded the buffer #0 to 0xb4000074bf5f6850 from 0xb4000074bf5f41d0
05-27 18:43:35.736   299  1163 D EvsDriver: doneWithFrame
05-27 18:43:35.736  1008 30857 D [OMXB]  : usingANWBuffer: handle:0xee742320, format:1, w:1920, h:1080
05-27 18:43:35.738   481   598 I mcuc    : rev,n=1,6AA6827361000209019E
05-27 08:34:44.705   581   581 D spi_rst_gpio_get_output: GPIO 145 value: 1
05-27 08:34:44.705   581   581 D spidev_ioctl: gpio status=1)
05-27 18:43:35.739   299  1163 D EvsDriver: doneWithFrame
05-27 18:43:35.741   581   581 I SpiService: fgesysctrl_getGPIO_status success val=1
05-27 18:43:35.746 13911 14183 I SentryImuMcuAngleSender: 179.986rollDeg
05-27 18:43:35.746 13911 14183 I SentryImuMcuAngleSender: 1,0,0
05-27 18:43:35.747   581   581 I SpiService: fgesysctrl_getGPIO_status success val=1
05-27 08:34:44.712   581   581 D spi_rst_gpio_get_output: GPIO 145 value: 1
05-27 08:34:44.712   581   581 D spidev_ioctl: gpio status=1)
05-27 08:34:44.712     1     1 I init    : Service 'trace_resource' (pid 31102) exited with status 127
05-27 08:34:44.712     1     1 I init    : Sending signal 9 to service 'trace_resource' (pid 31102) process group...
05-27 08:34:44.712     1     1 I libprocessgroup: Successfully killed process cgroup uid 0 pid 31102 in 0ms
05-27 18:43:35.753   581   581 I SpiService: fgesysctrl_getGPIO_status success val=1
05-27 08:34:44.717   581   581 D spi_rst_gpio_get_output: GPIO 145 value: 1
05-27 08:34:44.717   581   581 D spidev_ioctl: gpio status=1)
05-27 18:43:35.753  1008 30856 D [OMXB]  : usingANWBuffer: handle:0xee742cc0, format:1, w:1920, h:1080
05-27 18:43:35.758   581   581 I SpiService: fgesysctrl_getGPIO_status success val=1
05-27 18:43:35.760   536   536 D commservice260303: msg.id = 1028,1
05-27 18:43:35.760   536   536 D commservice260303: i = 170, msgid = 8A000404
05-27 18:43:35.760   536   536 D commservice260303: msgid = -1979710460,did=138
05-27 18:43:35.760   536   536 D commservice260303: CommProtocolLibCmdBaseI2C::dataproc {"command":{"id":"imu_status","sub":""},"content":{"TimeStamp":10,"FrameCounter":244936,"GD_X":-0.010994902811944485,"GD_Y":0.00519212381914258,"GD_Z":0.0023671966046094894,"AD_X":-0.0035792291164398193,"AD_Y":0.0013469415716826916,"AD_Z":-0.17069625854492188,"TempDsp":0,"Status":0,"CalibState":1,"SigAmpInvalid":0}},-1979710460
05-27 18:43:35.760   536   536 D commservice260303: send2Cluster len:317, 7B22636F6D6D616E64223A7B226964223A22696D755F737461747573222C22737562223A22227D2C22636F6E74656E74223A7B2254696D655374616D70223A31302C224672616D65436F756E746572223A3234343933362C2247445F58223A2D302E3031303939343930323831313934343438352C2247445F59223A302E30303531393231323338313931343235382C2247445F5A223A302E303032333637313936363034363039343839342C2241445F58223A2D302E303033353739323239313136343339383139332C2241445F59223A302E303031333436393431353731363832363931362C2241445F5A223A2D302E31373036393632353835343439323138382C2254656D70447370223A302C22537461747573223A302C2243616C69625374617465223A312C22536967416D70496E76616C6964223A307D7D, 138 
05-27 18:43:35.760   536   536 D commservice260303: Push Message into SendPool fn=-151256320
05-27 18:43:35.760   536   536 D commservice260303: ComProtocolLibSend2Cluster::send2ClusterRaw fn=-151256320 , len=333
05-27 18:43:35.760   536   536 D commservice260303: sendCmdToPort :333!!!
05-27 18:43:35.760   536   536 D commservice260303: send Cmd To Port ++++5AA501498A010003FCF66A16CAD77B22636F6D6D616E64223A7B226964223A22696D755F737461747573222C22737562223A22227D2C22636F6E74656E74223A7B2254696D655374616D70223A31302C224672616D65436F756E746572223A3234343933362C2247445F58223A2D302E3031303939343930323831313934343438352C2247445F59223A302E30303531393231323338313931343235382C2247445F5A223A302E303032333637313936363034363039343839342C2241445F58223A2D302E303033353739323239313136343339383139332C2241445F59223A302E303031333436393431353731363832363931362C2241445F5A223A2D302E31373036393632353835343439323138382C2254656D70447370223A302C22537461747573223A302C2243616C69625374617465223A312C22536967416D70496E76616C6964223A307D7D27BA
05-27 18:43:35.760   536   536 D commservice260303: bufferevent_write retrun value = 0
05-27 18:43:35.760   536   560 D commservice260303: client datas send succeed,send finish
05-27 18:43:35.760 13911 14192 D Sentinelmode_1.2.5.17_sentry: <SentryImuClusterFgeSender>imu_status sent to Linux, frame=244936, tsNs=10482995, tsMs=10, intervalMs=40, ad=(-0.0035792291,0.0013469416,-0.17069626), gd=(-0.010994903,0.005192124,0.0023671966)
05-27 08:34:44.723   581   581 D spi_rst_gpio_get_output: GPIO 145 value: 1
05-27 08:34:44.723   581   581 D spidev_ioctl: gpio status=1)
05-27 18:43:35.762   572   622 I Sensors : 230 GyroSensor: x:-0.010461,y:0.004963,z:0.002061
05-27 18:43:35.763   581   581 I SpiService: fgesysctrl_getGPIO_status success val=1
05-27 18:43:35.764 30773 30786 I dvr_service_: CameraX 0  audioOK: 25536000,audios:400
05-27 08:34:44.728   581   581 D spi_rst_gpio_get_output: GPIO 145 value: 1
05-27 08:34:44.728   581   581 D spidev_ioctl: gpio status=1)
05-27 18:43:35.765   299 30844 D EvsDriver: forwardFrame
05-27 18:43:35.767 13911 14183 I SentryImuMcuAngleSender: 179.97546rollDeg
05-27 18:43:35.767 13911 14183 I SentryImuMcuAngleSender: 1,0,0
05-27 18:43:35.767   299 30844 D EvsDriver: Delivered 0xb400007b7ca56900 as id 0
05-27 18:43:35.767  1167  1479 D evsmanagerd: /dev/video6 forwarded the buffer #0 to 0xb4000074bf5f5510 from 0xb4000074bf5f6d90
05-27 18:43:35.767 30773 30783 E dvr_service_: [myNum:1] Received S**** loss
05-27 18:43:35.767   299  1163 D EvsDriver: doneWithFrame
05-27 18:43:35.769   581   581 I SpiService: fgesysctrl_getGPIO_status success val=0
05-27 18:43:35.772   299 30841 D EvsDriver: forwardFrame
05-27 08:34:44.733   581   581 D spi_rst_gpio_get_output: GPIO 145 value: 0
05-27 08:34:44.733   581   581 D spidev_ioctl: gpio status=0)
05-27 18:43:35.773   299 30841 D EvsDriver: Delivered 0xb400007b7ca56a60 as id 0
05-27 18:43:35.773  1167  1479 D evsmanagerd: /dev/video4 forwarded the buffer #0 to 0xb4000074bf5f6850 from 0xb4000074bf5f41d0
05-27 18:43:35.774 30773 30783 E dvr_service_: [myNum:0] Received S**** loss
05-27 18:43:35.774   299  1163 D EvsDriver: doneWithFrame
05-27 18:43:35.776  1008 30857 D [OMXB]  : usingANWBuffer: handle:0xee743c90, format:1, w:1920, h:1080
05-27 18:43:35.778 30773 30789 I dvr_service_: Camera 1: MediaOK:25426542, frames:600, isKeyFrame:0,pts:10482595194
05-27 18:43:35.783   581   581 I SpiService: fgesysctrl_getGPIO_status success val=1
05-27 08:34:44.748   581   581 D spi_rst_gpio_get_output: GPIO 145 value: 1
05-27 08:34:44.748   581   581 D spidev_ioctl: gpio status=1)
05-27 18:43:35.787 13911 14183 I SentryImuMcuAngleSender: 179.98949rollDeg
05-27 18:43:35.787 13911 14183 I SentryImuMcuAngleSender: 1,0,0
05-27 18:43:35.788   581   581 I SpiService: fgesysctrl_getGPIO_status success val=1
05-27 08:34:44.753   581   581 D spi_rst_gpio_get_output: GPIO 145 value: 1
05-27 08:34:44.753   581   581 D spidev_ioctl: gpio status=1)
05-27 18:43:35.791  1008 30856 D [OMXB]  : usingANWBuffer: handle:0xee746cb0, format:1, w:1920, h:1080
05-27 18:43:35.794   581   581 I SpiService: fgesysctrl_getGPIO_status success val=1
05-27 08:34:44.759   581   581 D spi_rst_gpio_get_output: GPIO 145 value: 1
05-27 08:34:44.759   581   581 D spidev_ioctl: gpio status=1)
05-27 18:43:35.799   299 30841 D EvsDriver: forwardFrame
05-27 18:43:35.800   536   536 D commservice260303: msg.id = 1028,1
05-27 18:43:35.800   536   536 D commservice260303: i = 170, msgid = 8A000404
05-27 18:43:35.800   536   536 D commservice260303: msgid = -1979710460,did=138
05-27 18:43:35.800   536   536 D commservice260303: CommProtocolLibCmdBaseI2C::dataproc {"command":{"id":"imu_status","sub":""},"content":{"TimeStamp":10,"FrameCounter":244937,"GD_X":-0.011147825978696346,"GD_Y":0.0048857564106583595,"GD_Z":0.002213752595707774,"AD_X":-0.005392253398895264,"AD_Y":-0.0010925419628620148,"AD_Z":-0.17191600799560547,"TempDsp":0,"Status":0,"CalibState":1,"SigAmpInvalid":0}},-1979710460
05-27 18:43:35.800   536   536 D commservice260303: send2Cluster len:318, 7B22636F6D6D616E64223A7B226964223A22696D755F737461747573222C22737562223A22227D2C22636F6E74656E74223A7B2254696D655374616D70223A31302C224672616D65436F756E746572223A3234343933372C2247445F58223A2D302E3031313134373832353937383639363334362C2247445F59223A302E303034383835373536343130363538333539352C2247445F5A223A302E3030323231333735323539353730373737342C2241445F58223A2D302E3030353339323235333339383839353236342C2241445F59223A2D302E303031303932353431393632383632303134382C2241445F5A223A2D302E31373139313630303739393536303534372C2254656D70447370223A302C22537461747573223A302C2243616C69625374617465223A312C22536967416D70496E76616C6964223A307D7D, 138 
05-27 18:43:35.800   536   536 D commservice260303: Push Message into SendPool fn=-134479104
05-27 18:43:35.800   536   536 D commservice260303: ComProtocolLibSend2Cluster::send2ClusterRaw fn=-134479104 , len=334
05-27 18:43:35.800   536   536 D commservice260303: sendCmdToPort :334!!!
05-27 18:43:35.800   536   536 D commservice260303: send Cmd To Port ++++5AA5014A8A010003FCF76A16CAD77B22636F6D6D616E64223A7B226964223A22696D755F737461747573222C22737562223A22227D2C22636F6E74656E74223A7B2254696D655374616D70223A31302C224672616D65436F756E746572223A3234343933372C2247445F58223A2D302E3031313134373832353937383639363334362C2247445F59223A302E303034383835373536343130363538333539352C2247445F5A223A302E3030323231333735323539353730373737342C2241445F58223A2D302E3030353339323235333339383839353236342C2241445F59223A2D302E303031303932353431393632383632303134382C2241445F5A223A2D302E31373139313630303739393536303534372C2254656D70447370223A302C22537461747573223A302C2243616C69625374617465223A312C22536967416D70496E76616C6964223A307D7D0B35
05-27 18:43:35.800   581   581 I SpiService: fgesysctrl_getGPIO_status success val=1
05-27 18:43:35.800   536   536 D commservice260303: bufferevent_write retrun value = 0
05-27 18:43:35.800   536   560 D commservice260303: client datas send succeed,send finish
05-27 18:43:35.800   299 30841 D EvsDriver: Delivered 0xb400007b7ca56a60 as id 0
05-27 18:43:35.800 13911 14192 D Sentinelmode_1.2.5.17_sentry: <SentryImuClusterFgeSender>imu_status sent to Linux, frame=244937, tsNs=10483048, tsMs=10, intervalMs=40, ad=(-0.0053922534,-0.001092542,-0.17191601), gd=(-0.011147826,0.0048857564,0.0022137526)
05-27 18:43:35.801   299 30844 D EvsDriver: forwardFrame
05-27 18:43:35.801  1167  1479 D evsmanagerd: /dev/video4 forwarded the buffer #0 to 0xb4000074bf5f6850 from 0xb4000074bf5f41d0
05-27 18:43:35.803  1167  1479 D evsmanagerd: /dev/video6 forwarded the buffer #0 to 0xb4000074bf5f5510 from 0xb4000074bf5f6d90
05-27 18:43:35.803   299 30844 D EvsDriver: Delivered 0xb400007b7ca56900 as id 0
05-27 08:34:44.765   581   581 D spi_rst_gpio_get_output: GPIO 145 value: 1
05-27 08:34:44.765   581   581 D spidev_ioctl: gpio status=1)
05-27 18:43:35.806   581   581 I SpiService: fgesysctrl_getGPIO_status success val=0
05-27 18:43:35.806   299  1163 D EvsDriver: doneWithFrame
05-27 18:43:35.807   299  1153 D EvsDriver: doneWithFrame
05-27 18:43:35.807 13911 14183 I SentryImuMcuAngleSender: 179.993rollDeg
05-27 08:34:44.771   581   581 D spi_rst_gpio_get_output: GPIO 145 value: 0
05-27 18:43:35.807 13911 14183 I SentryImuMcuAngleSender: 1,0,0
05-27 08:34:44.771   581   581 D spidev_ioctl: gpio status=0)
05-27 18:43:35.812  1008 30857 D [OMXB]  : usingANWBuffer: handle:0xee740170, format:1, w:1920, h:1080
05-27 18:43:35.822   581   581 I SpiService: fgesysctrl_getGPIO_status success val=1
05-27 08:34:44.786   581   581 D spi_rst_gpio_get_output: GPIO 145 value: 1
05-27 08:34:44.786   581   581 D spidev_ioctl: gpio status=1)
05-27 18:43:35.827   283   307 I rvcservice: t.code = 3, t.value = 0
05-27 18:43:35.827 13911 14183 I SentryImuMcuAngleSender: 179.98248rollDeg
05-27 18:43:35.827 13911 14183 I SentryImuMcuAngleSender: 1,0,0
05-27 18:43:35.827   581   581 I SpiService: fgesysctrl_getGPIO_status success val=1
05-27 08:34:44.792   581   581 D spi_rst_gpio_get_output: GPIO 145 value: 1
05-27 08:34:44.792   581   581 D spidev_ioctl: gpio status=1)
05-27 18:43:35.831  1008 30856 D [OMXB]  : usingANWBuffer: handle:0xee7433a0, format:1, w:1920, h:1080
05-27 18:43:35.833   581   581 I SpiService: fgesysctrl_getGPIO_status success val=1
05-27 08:34:44.798   581   581 D spi_rst_gpio_get_output: GPIO 145 value: 1
05-27 08:34:44.798   581   581 D spidev_ioctl: gpio status=1)
05-27 18:43:35.838   299 30841 D EvsDriver: forwardFrame
05-27 18:43:35.839   299 30844 D EvsDriver: forwardFrame
05-27 18:43:35.839   581   581 I SpiService: fgesysctrl_getGPIO_status success val=1
05-27 08:34:44.803   581   581 D spi_rst_gpio_get_output: GPIO 145 value: 1
05-27 08:34:44.803   581   581 D spidev_ioctl: gpio status=1)
05-27 18:43:35.842   299 30844 D EvsDriver: Delivered 0xb400007b7ca56900 as id 0
05-27 18:43:35.842   299 30841 D EvsDriver: Delivered 0xb400007b7ca56a60 as id 0
05-27 18:43:35.842   536   536 D commservice260303: msg.id = 1028,0
05-27 18:43:35.842  1167  1167 D evsmanagerd: /dev/video6 forwarded the buffer #0 to 0xb4000074bf5f5510 from 0xb4000074bf5f6d90
05-27 18:43:35.842  1167  1479 D evsmanagerd: /dev/video4 forwarded the buffer #0 to 0xb4000074bf5f6850 from 0xb4000074bf5f41d0
05-27 18:43:35.842   536   536 D commservice260303: i = 170, msgid = 8A000404
05-27 18:43:35.842   536   536 D commservice260303: msgid = -1979710460,did=138
05-27 18:43:35.842   536   536 D commservice260303: CommProtocolLibCmdBaseI2C::dataproc {"command":{"id":"imu_status","sub":""},"content":{"TimeStamp":10,"FrameCounter":244938,"GD_X":-0.011453153565526009,"GD_Y":0.006032164208590984,"GD_Z":0.0016030981205403805,"AD_X":-0.004160717129707336,"AD_Y":-0.0010911254212260246,"AD_Z":-0.16764545440673828,"TempDsp":0,"Status":0,"CalibState":1,"SigAmpInvalid":0}},-1979710460
05-27 18:43:35.843   536   536 D commservice260303: send2Cluster len:318, 7B22636F6D6D616E64223A7B226964223A22696D755F737461747573222C22737562223A22227D2C22636F6E74656E74223A7B2254696D655374616D70223A31302C224672616D65436F756E746572223A3234343933382C2247445F58223A2D302E3031313435333135333536353532363030392C2247445F59223A302E3030363033323136343230383539303938342C2247445F5A223A302E303031363033303938313230353430333830352C2241445F58223A2D302E3030343136303731373132393730373333362C2241445F59223A2D302E303031303931313235343231323236303234362C2241445F5A223A2D302E31363736343534353434303637333832382C2254656D70447370223A302C22537461747573223A302C2243616C69625374617465223A312C22536967416D70496E76616C6964223A307D7D, 138 
05-27 18:43:35.843   536   536 D commservice260303: Push Message into SendPool fn=-117701888
05-27 18:43:35.843   536   536 D commservice260303: ComProtocolLibSend2Cluster::send2ClusterRaw fn=-117701888 , len=334
05-27 18:43:35.843   536   536 D commservice260303: sendCmdToPort :334!!!
05-27 18:43:35.843   536   536 D commservice260303: send Cmd To Port ++++5AA5014A8A010003FCF86A16CAD77B22636F6D6D616E64223A7B226964223A22696D755F737461747573222C22737562223A22227D2C22636F6E74656E74223A7B2254696D655374616D70223A31302C224672616D65436F756E746572223A3234343933382C2247445F58223A2D302E3031313435333135333536353532363030392C2247445F59223A302E3030363033323136343230383539303938342C2247445F5A223A302E303031363033303938313230353430333830352C2241445F58223A2D302E3030343136303731373132393730373333362C2241445F59223A2D302E303031303931313235343231323236303234362C2241445F5A223A2D302E31363736343534353434303637333832382C2254656D70447370223A302C22537461747573223A302C2243616C69625374617465223A312C22536967416D70496E76616C6964223A307D7D5117
05-27 18:43:35.843   536   536 D commservice260303: bufferevent_write retrun value = 0
05-27 18:43:35.843   536   560 D commservice260303: client datas send succeed,send finish
05-27 18:43:35.844 13911 14192 D Sentinelmode_1.2.5.17_sentry: <SentryImuClusterFgeSender>imu_status sent to Linux, frame=244938, tsNs=10483084, tsMs=10, intervalMs=44, ad=(-0.004160717,-0.0010911254,-0.16764545), gd=(-0.011453154,0.006032164,0.0016030981)
05-27 18:43:35.845   581   581 I SpiService: fgesysctrl_getGPIO_status success val=1
05-27 18:43:35.846   299  1163 D EvsDriver: doneWithFrame
05-27 18:43:35.846   299  1153 D EvsDriver: doneWithFrame
05-27 18:43:35.848 13911 14183 I SentryImuMcuAngleSender: 179.99298rollDeg
05-27 18:43:35.848 13911 14183 I SentryImuMcuAngleSender: 1,0,0
05-27 08:34:44.810   581   581 D spi_rst_gpio_get_output: GPIO 145 value: 1
05-27 08:34:44.810   581   581 D spidev_ioctl: gpio status=1)
05-27 18:43:35.851   581   581 I SpiService: fgesysctrl_getGPIO_status success val=0
05-27 08:34:44.815   581   581 D spi_rst_gpio_get_output: GPIO 145 value: 0
05-27 08:34:44.815   581   581 D spidev_ioctl: gpio status=0)
05-27 18:43:35.857  1008 30857 D [OMXB]  : usingANWBuffer: handle:0xee741ae0, format:1, w:1920, h:1080
05-27 18:43:35.865   581   581 I SpiService: fgesysctrl_getGPIO_status success val=1
05-27 08:34:44.829   581   581 D spi_rst_gpio_get_output: GPIO 145 value: 1
05-27 18:43:35.865   481   598 I mcuc    : rev,n=1,6AA681D328000B8300E0000000000000000016
05-27 18:43:35.865   351   373 D automotive.vehicle@2.0-adayo-datacomm-mcu: MCUDatacomm sendMessageFromVehicle prop: 0x83, areaId: 0x0, status: 0x0, timestamp: 0x0
05-27 18:43:35.865   351   373 D automotive.vehicle@2.0-adayo-datacomm-mcu: MCUDatacomm 1sendMessageFromVehicle ---> type = 7 
05-27 18:43:35.865   351   373 I automotive.vehicle@2.0-adayo-func-mcu: MCUFunc :sendMessageFromVehicle  msgBuff[0] = 131 
05-27 18:43:35.865   351   373 I automotive.vehicle@2.0-adayo-func-mcu: MCUFunc :sendMessageFromVehicle  msgBuff[1] = 0 
05-27 18:43:35.865   351   373 I automotive.vehicle@2.0-adayo-func-mcu: MCUFunc :sendMessageFromVehicle  msgBuff[2] = 0 
05-27 18:43:35.865   351   373 I automotive.vehicle@2.0-adayo-func-mcu: MCUFunc :sendMessageFromVehicle  msgBuff[3] = 0 
05-27 08:34:44.829   581   581 D spidev_ioctl: gpio status=1)
05-27 18:43:35.865   351   373 I automotive.vehicle@2.0-adayo-func-mcu: MCUFunc :sendMessageFromVehicle  msgBuff[4] = 3 
05-27 18:43:35.865   351   373 I automotive.vehicle@2.0-adayo-func-mcu: MCUFunc :sendMessageFromVehicle  msgBuff[5] = 1 
05-27 18:43:35.865   351   373 I automotive.vehicle@2.0-adayo-func-mcu: MCUFunc :sendMessageFromVehicle  msgBuff[6] = 0 
05-27 18:43:35.865   351   373 I automotive.vehicle@2.0-adayo-func-mcu: MCUFunc :sendMessageFromVehicle  msgBuff[7] = 0 
05-27 18:43:35.865   351   373 I automotive.vehicle@2.0-adayo-func-mcu: MCUFunc :sendMessageFromVehicle  msgBuff[8] = 0 
05-27 18:43:35.865   351   373 I automotive.vehicle@2.0-adayo-func-mcu: MCUFunc :sendMessageFromVehicle  msgBuff[9] = 0 
05-27 18:43:35.865   351   373 I automotive.vehicle@2.0-adayo-func-mcu: MCUFunc :sendMessageFromVehicle  msgBuff[10] = 0 
05-27 18:43:35.865   351   373 I automotive.vehicle@2.0-adayo-func-mcu: MCUFunc :sendMessageFromVehicle  msgBuff[11] = 0 
05-27 18:43:35.865   351   373 I automotive.vehicle@2.0-adayo-func-mcu: MCUFunc :sendMessageFromVehicle  msgBuff[12] = 0 
05-27 18:43:35.865   351   373 I automotive.vehicle@2.0-adayo-func-mcu: MCUFunc :sendMessageFromVehicle  msgBuff[13] = 0 
05-27 18:43:35.865   351   373 I automotive.vehicle@2.0-adayo-func-mcu: MCUFunc :sendMessageFromVehicle  msgBuff[14] = 0 
05-27 18:43:35.865   351   373 I automotive.vehicle@2.0-adayo-func-mcu: MCUFunc :sendMessageFromVehicle  msgBuff[15] = 0 
05-27 18:43:35.865   351   373 I automotive.vehicle@2.0-adayo-func-mcu: MCUFunc :sendMessageFromVehicle  msgBuff[16] = 0 
05-27 18:43:35.867   481   598 I mcuc    : rev,n=2,6AA681D3290003841500E7
05-27 18:43:35.869 13911 14183 I SentryImuMcuAngleSender: 179.99298rollDeg
05-27 18:43:35.869 13911 14183 I SentryImuMcuAngleSender: 1,0,0
05-27 18:43:35.869   481   598 I mcuc    : rev,n=3,6AA681D32A008C8305000055000000B0000000000001000100002882AAB1F40025AAF7AAF4352DAAF655E9AAF7B256D68B46ADB000000000040000B3000000000000000000000000000000B44300000000000300000000000000AA000000E40701010000000000000000BB06050507EA051B000008009403CB00CC000000000000000000000000000000B500000000000000000E
05-27 18:43:35.869   351   373 D automotive.vehicle@2.0-adayo-datacomm-mcu: MCUDatacomm sendMessageFromVehicle prop: 0x83, areaId: 0x5, status: 0x0, timestamp: 0x0
05-27 18:43:35.869   351   373 D automotive.vehicle@2.0-adayo-datacomm-mcu: MCUDatacomm 1sendMessageFromVehicle ---> type = 7 
05-27 18:43:35.869   351   373 I automotive.vehicle@2.0-adayo-func-mcu: MCUFunc :sendMessageFromVehicle  msgBuff[0] = 131 
05-27 18:43:35.869   351   373 I automotive.vehicle@2.0-adayo-func-mcu: MCUFunc :sendMessageFromVehicle  msgBuff[1] = 5 
05-27 18:43:35.869   351   373 I automotive.vehicle@2.0-adayo-func-mcu: MCUFunc :sendMessageFromVehicle  msgBuff[2] = 0 
05-27 18:43:35.869   351   373 I automotive.vehicle@2.0-adayo-func-mcu: MCUFunc :sendMessageFromVehicle  msgBuff[3] = 0 
05-27 18:43:35.869   351   373 I automotive.vehicle@2.0-adayo-func-mcu: MCUFunc :sendMessageFromVehicle  msgBuff[4] = 85 
05-27 18:43:35.869   351   373 I automotive.vehicle@2.0-adayo-func-mcu: MCUFunc :sendMessageFromVehicle  msgBuff[5] = 0 
05-27 18:43:35.870   299 30841 D EvsDriver: forwardFrame
05-27 18:43:35.870   581   581 I SpiService: fgesysctrl_getGPIO_status success val=1
05-27 18:43:35.871   572   622 I Sensors : 230 AccelSensor: x:-0.169580,y:0.002440,z:-9.973500
05-27 18:43:35.871   299 30844 D EvsDriver: forwardFrame
05-27 08:34:44.835   581   581 D spi_rst_gpio_get_output: GPIO 145 value: 1
05-27 08:34:44.835   581   581 D spidev_ioctl: gpio status=1)
05-27 18:43:35.873   299 30841 D EvsDriver: Delivered 0xb400007b7ca56a60 as id 0
05-27 18:43:35.873   299 30844 D EvsDriver: Delivered 0xb400007b7ca56900 as id 0
05-27 18:43:35.873  1167  1479 D evsmanagerd: /dev/video4 forwarded the buffer #0 to 0xb4000074bf5f6850 from 0xb4000074bf5f41d0
05-27 18:43:35.873  1167  1167 D evsmanagerd: /dev/video6 forwarded the buffer #0 to 0xb4000074bf5f5510 from 0xb4000074bf5f6d90
05-27 18:43:35.876   581   581 I SpiService: fgesysctrl_getGPIO_status success val=1
05-27 18:43:35.876   299  1153 D EvsDriver: doneWithFrame
05-27 18:43:35.876   299  1163 D EvsDriver: doneWithFrame
05-27 08:34:44.841   581   581 D spi_rst_gpio_get_output: GPIO 145 value: 1
05-27 08:34:44.841   581   581 D spidev_ioctl: gpio status=1)
05-27 18:43:35.881   536   536 D commservice260303: msg.id = 1028,1
05-27 18:43:35.881   581   581 I SpiService: fgesysctrl_getGPIO_status success val=1
05-27 18:43:35.881   536   536 D commservice260303: i = 170, msgid = 8A000404
05-27 18:43:35.882   536   536 D commservice260303: msgid = -1979710460,did=138
05-27 18:43:35.882   536   536 D commservice260303: CommProtocolLibCmdBaseI2C::dataproc {"command":{"id":"imu_status","sub":""},"content":{"TimeStamp":10,"FrameCounter":244939,"GD_X":-0.011300750076770782,"GD_Y":0.005039200186729431,"GD_Z":0.001679039909504354,"AD_X":-0.003545910120010376,"AD_Y":1.3152067549526691E-4,"AD_Z":-0.1682577133178711,"TempDsp":0,"Status":0,"CalibState":1,"SigAmpInvalid":0}},-1979710460
05-27 18:43:35.882   536   536 D commservice260303: send2Cluster len:315, 7B22636F6D6D616E64223A7B226964223A22696D755F737461747573222C22737562223A22227D2C22636F6E74656E74223A7B2254696D655374616D70223A31302C224672616D65436F756E746572223A3234343933392C2247445F58223A2D302E3031313330303735303037363737303738322C2247445F59223A302E3030353033393230303138363732393433312C2247445F5A223A302E3030313637393033393930393530343335342C2241445F58223A2D302E3030333534353931303132303031303337362C2241445F59223A312E33313532303637353439353236363931452D342C2241445F5A223A2D302E313638323537373133333137383731312C2254656D70447370223A302C22537461747573223A302C2243616C69625374617465223A312C22536967416D70496E76616C6964223A307D7D, 138 
05-27 18:43:35.882   536   536 D commservice260303: Push Message into SendPool fn=-100924672
05-27 18:43:35.882   536   536 D commservice260303: ComProtocolLibSend2Cluster::send2ClusterRaw fn=-100924672 , len=331
05-27 18:43:35.882   536   536 D commservice260303: sendCmdToPort :331!!!
05-27 18:43:35.882   536   536 D commservice260303: send Cmd To Port ++++5AA501478A010003FCF96A16CAD77B22636F6D6D616E64223A7B226964223A22696D755F737461747573222C22737562223A22227D2C22636F6E74656E74223A7B2254696D655374616D70223A31302C224672616D65436F756E746572223A3234343933392C2247445F58223A2D302E3031313330303735303037363737303738322C2247445F59223A302E3030353033393230303138363732393433312C2247445F5A223A302E3030313637393033393930393530343335342C2241445F58223A2D302E3030333534353931303132303031303337362C2241445F59223A312E33313532303637353439353236363931452D342C2241445F5A223A2D302E313638323537373133333137383731312C2254656D70447370223A302C22537461747573223A302C2243616C69625374617465223A312C22536967416D70496E76616C6964223A307D7DEF9D
05-27 18:43:35.882   536   536 D commservice260303: bufferevent_write retrun value = 0
05-27 18:43:35.882   536   560 D commservice260303: client datas send succeed,send finish
05-27 18:43:35.883 13911 14192 D Sentinelmode_1.2.5.17_sentry: <SentryImuClusterFgeSender>imu_status sent to Linux, frame=244939, tsNs=10483120, tsMs=10, intervalMs=38, ad=(-0.0035459101,1.3152068E-4,-0.16825771), gd=(-0.01130075,0.0050392,0.0016790399)
05-27 08:34:44.846   581   581 D spi_rst_gpio_get_output: GPIO 145 value: 1
05-27 08:34:44.846   581   581 D spidev_ioctl: gpio status=1)
05-27 18:43:35.886  1008 30856 D [OMXB]  : usingANWBuffer: handle:0xee742530, format:1, w:1920, h:1080
05-27 18:43:35.887   581   581 I SpiService: fgesysctrl_getGPIO_status success val=0
05-27 18:43:35.888   481   597 I mcuc    : send SPI:6AA602D328000283007E6AA602D32900028415676AA602D32A0002830577
05-27 08:34:44.852   581   581 D spi_rst_gpio_get_output: GPIO 145 value: 0
05-27 08:34:44.852   581   581 D spidev_ioctl: gpio status=0)
05-27 18:43:35.890 13911 14183 I SentryImuMcuAngleSender: 179.986rollDeg
05-27 18:43:35.890 13911 14183 I SentryImuMcuAngleSender: 1,0,0
05-27 18:43:35.901  1008 30857 D [OMXB]  : usingANWBuffer: handle:0xee740bc0, format:1, w:1920, h:1080
05-27 18:43:35.902   581   581 I SpiService: fgesysctrl_getGPIO_status success val=1
05-27 18:43:35.902   299 30841 D EvsDriver: forwardFrame
05-27 18:43:35.903   299 30844 D EvsDriver: forwardFrame
05-27 08:34:44.867   581   581 D spi_rst_gpio_get_output: GPIO 145 value: 1
05-27 08:34:44.867   581   581 D spidev_ioctl: gpio status=1)
05-27 08:34:44.873   581   581 D spi_rst_gpio_get_output: GPIO 145 value: 1
05-27 08:34:44.873   581   581 D spidev_ioctl: gpio status=1)
05-27 18:43:35.908   299 30841 D EvsDriver: Delivered 0xb400007b7ca56a60 as id 0
05-27 18:43:35.908  1167  1479 D evsmanagerd: /dev/video4 forwarded the buffer #0 to 0xb4000074bf5f6850 from 0xb4000074bf5f41d0
05-27 18:43:35.908   581   581 I SpiService: fgesysctrl_getGPIO_status success val=1
05-27 18:43:35.908   299 30844 D EvsDriver: Delivered 0xb400007b7ca56900 as id 0
05-27 18:43:35.908  1167  1479 D evsmanagerd: /dev/video6 forwarded the buffer #0 to 0xb4000074bf5f5510 from 0xb4000074bf5f6d90
05-27 18:43:35.914 13911 14183 I SentryImuMcuAngleSender: 179.98949rollDeg
05-27 18:43:35.914   581   581 I SpiService: fgesysctrl_getGPIO_status success val=1
05-27 18:43:35.915   299  1153 D EvsDriver: doneWithFrame
05-27 18:43:35.915 13911 14183 I SentryImuMcuAngleSender: 1,0,0
05-27 08:34:44.879   581   581 D spi_rst_gpio_get_output: GPIO 145 value: 1
05-27 08:34:44.879   581   581 D spidev_ioctl: gpio status=1)
05-27 18:43:35.917   299  1163 D EvsDriver: doneWithFrame
05-27 18:43:35.918 10188  7589 D NetworkPolicy: Blocked state of 10080: {blocked=NONE,allowed=FOREGROUND|METERED_FOREGROUND,effective=NONE}
05-27 18:43:35.919 10188  7589 D NetworkPolicy: Blocked state of 10080: {blocked=NONE,allowed=FOREGROUND|METERED_FOREGROUND,effective=NONE}
05-27 18:43:35.920   581   581 I SpiService: fgesysctrl_getGPIO_status success val=1
05-27 18:43:35.921  1008 30856 D [OMXB]  : usingANWBuffer: handle:0xee741b90, format:1, w:1920, h:1080
05-27 08:34:44.884   581   581 D spi_rst_gpio_get_output: GPIO 145 value: 1
05-27 08:34:44.884   581   581 D spidev_ioctl: gpio status=1)
05-27 18:43:35.921   536   536 D commservice260303: msg.id = 1028,0
05-27 18:43:35.921   536   536 D commservice260303: i = 170, msgid = 8A000404
05-27 18:43:35.921   536   536 D commservice260303: msgid = -1979710460,did=138
05-27 18:43:35.922   536   536 D commservice260303: CommProtocolLibCmdBaseI2C::dataproc {"command":{"id":"imu_status","sub":""},"content":{"TimeStamp":10,"FrameCounter":244940,"GD_X":-0.010766036808490753,"GD_Y":0.005268065724521875,"GD_Z":0.0019079053308814764,"AD_X":-0.002326875925064087,"AD_Y":-4.773553228005767E-4,"AD_Z":-0.16825294494628906,"TempDsp":0,"Status":0,"CalibState":1,"SigAmpInvalid":0}},-1979710460
05-27 18:43:35.922   536   536 D commservice260303: send2Cluster len:317, 7B22636F6D6D616E64223A7B226964223A22696D755F737461747573222C22737562223A22227D2C22636F6E74656E74223A7B2254696D655374616D70223A31302C224672616D65436F756E746572223A3234343934302C2247445F58223A2D302E3031303736363033363830383439303735332C2247445F59223A302E3030353236383036353732343532313837352C2247445F5A223A302E303031393037393035333330383831343736342C2241445F58223A2D302E3030323332363837353932353036343038372C2241445F59223A2D342E373733353533323238303035373637452D342C2241445F5A223A2D302E31363832353239343439343632383930362C2254656D70447370223A302C22537461747573223A302C2243616C69625374617465223A312C22536967416D70496E76616C6964223A307D7D, 138 
05-27 18:43:35.922   536   536 D commservice260303: Push Message into SendPool fn=-84147456
05-27 18:43:35.922   536   536 D commservice260303: ComProtocolLibSend2Cluster::send2ClusterRaw fn=-84147456 , len=333
05-27 18:43:35.922   536   536 D commservice260303: sendCmdToPort :333!!!
05-27 18:43:35.922   536   536 D commservice260303: send Cmd To Port ++++5AA501498A010003FCFA6A16CAD77B22636F6D6D616E64223A7B226964223A22696D755F737461747573222C22737562223A22227D2C22636F6E74656E74223A7B2254696D655374616D70223A31302C224672616D65436F756E746572223A3234343934302C2247445F58223A2D302E3031303736363033363830383439303735332C2247445F59223A302E3030353236383036353732343532313837352C2247445F5A223A302E303031393037393035333330383831343736342C2241445F58223A2D302E3030323332363837353932353036343038372C2241445F59223A2D342E373733353533323238303035373637452D342C2241445F5A223A2D302E31363832353239343439343632383930362C2254656D70447370223A302C22537461747573223A302C2243616C69625374617465223A312C22536967416D70496E76616C6964223A307D7D5050
05-27 18:43:35.922   536   536 D commservice260303: bufferevent_write retrun value = 0
05-27 18:43:35.922   536   560 D commservice260303: client datas send succeed,send finish
05-27 18:43:35.924 13911 14192 D Sentinelmode_1.2.5.17_sentry: <SentryImuClusterFgeSender>imu_status sent to Linux, frame=244940, tsNs=10483155, tsMs=10, intervalMs=41, ad=(-0.002326876,-4.7735532E-4,-0.16825294), gd=(-0.010766037,0.0052680657,0.0019079053)
05-27 18:43:35.925   581   581 I SpiService: fgesysctrl_getGPIO_status success val=1
05-27 18:43:35.927   283   307 I rvcservice: t.code = 3, t.value = 0
05-27 08:34:44.890   581   581 D spi_rst_gpio_get_output: GPIO 145 value: 1
05-27 08:34:44.890   581   581 D spidev_ioctl: gpio status=1)
05-27 18:43:35.931   581   581 I SpiService: fgesysctrl_getGPIO_status success val=0
05-27 08:34:44.895   581   581 D spi_rst_gpio_get_output: GPIO 145 value: 0
05-27 08:34:44.895   581   581 D spidev_ioctl: gpio status=0)
05-27 18:43:35.935   299 30844 D EvsDriver: forwardFrame
05-27 18:43:35.936   299 30841 D EvsDriver: forwardFrame
05-27 18:43:35.935 13911 14183 I SentryImuMcuAngleSender: 179.99298rollDeg
05-27 18:43:35.936 13911 14183 I SentryImuMcuAngleSender: 1,0,0
05-27 18:43:35.938   299 30841 D EvsDriver: Delivered 0xb400007b7ca56a60 as id 0
05-27 18:43:35.938   299 30844 D EvsDriver: Delivered 0xb400007b7ca56900 as id 0
05-27 18:43:35.938  1167  1479 D evsmanagerd: /dev/video4 forwarded the buffer #0 to 0xb4000074bf5f6850 from 0xb4000074bf5f41d0
05-27 18:43:35.938  1167  1167 D evsmanagerd: /dev/video6 forwarded the buffer #0 to 0xb4000074bf5f5510 from 0xb4000074bf5f6d90
05-27 18:43:35.938 30773 30773 E dvr_service_: [myNum:0] Received S**** loss
05-27 18:43:35.938 30773 30783 E dvr_service_: [myNum:1] Received S**** loss
05-27 18:43:35.938   299  1163 D EvsDriver: doneWithFrame
05-27 18:43:35.939   299  1163 D EvsDriver: doneWithFrame
05-27 18:43:35.942  1008 30857 D [OMXB]  : usingANWBuffer: handle:0xee743710, format:1, w:1920, h:1080
05-27 18:43:35.945   581   581 I SpiService: fgesysctrl_getGPIO_status success val=1
05-27 08:34:44.910   581   581 D spi_rst_gpio_get_output: GPIO 145 value: 1
05-27 08:34:44.910   581   581 D spidev_ioctl: gpio status=1)
05-27 18:43:35.951   581   581 I SpiService: fgesysctrl_getGPIO_status success val=1
05-27 08:34:44.916   581   581 D spi_rst_gpio_get_output: GPIO 145 value: 1
05-27 08:34:44.916   581   581 D spidev_ioctl: gpio status=1)
05-27 18:43:35.955  1008 30856 D [OMXB]  : usingANWBuffer: handle:0xee7439d0, format:1, w:1920, h:1080
05-27 18:43:35.957   581   581 I SpiService: fgesysctrl_getGPIO_status success val=1
05-27 18:43:35.957 13911 14183 I SentryImuMcuAngleSender: 179.993rollDeg
05-27 18:43:35.957 13911 14183 I SentryImuMcuAngleSender: 1,0,0
05-27 08:34:44.921   581   581 D spi_rst_gpio_get_output: GPIO 145 value: 1
05-27 08:34:44.921   581   581 D spidev_ioctl: gpio status=1)
05-27 18:43:35.958   572   572 I Sensors : 230 GyroSensor: x:-0.011377,y:0.005574,z:0.002519
05-27 18:43:35.962   581   581 I SpiService: fgesysctrl_getGPIO_status success val=1
05-27 18:43:35.963   536   536 D commservice260303: msg.id = 1028,0
05-27 18:43:35.963   536   536 D commservice260303: i = 170, msgid = 8A000404
05-27 18:43:35.963   536   536 D commservice260303: msgid = -1979710460,did=138
05-27 18:43:35.963   536   536 D commservice260303: CommProtocolLibCmdBaseI2C::dataproc {"command":{"id":"imu_status","sub":""},"content":{"TimeStamp":10,"FrameCounter":244941,"GD_X":-0.011377211660146713,"GD_Y":0.005573912989348173,"GD_Z":0.002519079949706793,"AD_X":-0.0035447627305984497,"AD_Y":-4.6854407992213964E-4,"AD_Z":-0.16886615753173828,"TempDsp":0,"Status":0,"CalibState":1,"SigAmpInvalid":0}},-1979710460
05-27 18:43:35.963   536   536 D commservice260303: send2Cluster len:318, 7B22636F6D6D616E64223A7B226964223A22696D755F737461747573222C22737562223A22227D2C22636F6E74656E74223A7B2254696D655374616D70223A31302C224672616D65436F756E746572223A3234343934312C2247445F58223A2D302E3031313337373231313636303134363731332C2247445F59223A302E3030353537333931323938393334383137332C2247445F5A223A302E3030323531393037393934393730363739332C2241445F58223A2D302E303033353434373632373330353938343439372C2241445F59223A2D342E36383534343037393932323133393634452D342C2241445F5A223A2D302E31363838363631353735333137333832382C2254656D70447370223A302C22537461747573223A302C2243616C69625374617465223A312C22536967416D70496E76616C6964223A307D7D, 138 
05-27 18:43:35.963   536   536 D commservice260303: Push Message into SendPool fn=-67370240
05-27 18:43:35.963   536   536 D commservice260303: ComProtocolLibSend2Cluster::send2ClusterRaw fn=-67370240 , len=334
05-27 18:43:35.963   536   536 D commservice260303: sendCmdToPort :334!!!
05-27 18:43:35.963   536   536 D commservice260303: send Cmd To Port ++++5AA5014A8A010003FCFB6A16CAD77B22636F6D6D616E64223A7B226964223A22696D755F737461747573222C22737562223A22227D2C22636F6E74656E74223A7B2254696D655374616D70223A31302C224672616D65436F756E746572223A3234343934312C2247445F58223A2D302E3031313337373231313636303134363731332C2247445F59223A302E3030353537333931323938393334383137332C2247445F5A223A302E3030323531393037393934393730363739332C2241445F58223A2D302E303033353434373632373330353938343439372C2241445F59223A2D342E36383534343037393932323133393634452D342C2241445F5A223A2D302E31363838363631353735333137333832382C2254656D70447370223A302C22537461747573223A302C2243616C69625374617465223A312C22536967416D70496E76616C6964223A307D7D4102
05-27 18:43:35.963   536   536 D commservice260303: bufferevent_write retrun value = 0
05-27 18:43:35.963 13911 14192 D Sentinelmode_1.2.5.17_sentry: <SentryImuClusterFgeSender>imu_status sent to Linux, frame=244941, tsNs=10483209, tsMs=10, intervalMs=40, ad=(-0.0035447627,-4.6854408E-4,-0.16886616), gd=(-0.011377212,0.005573913,0.00251908)
05-27 18:43:35.963   536   560 D commservice260303: client datas send succeed,send finish
05-27 08:34:44.927   581   581 D spi_rst_gpio_get_output: GPIO 145 value: 1
05-27 08:34:44.927   581   581 D spidev_ioctl: gpio status=1)
05-27 18:43:35.968   581   581 I SpiService: fgesysctrl_getGPIO_status success val=0
05-27 08:34:44.932   581   581 D spi_rst_gpio_get_output: GPIO 145 value: 0
05-27 08:34:44.932   581   581 D spidev_ioctl: gpio status=0)
05-27 18:43:35.970  1008 30857 D [OMXB]  : usingANWBuffer: handle:0xee742480, format:1, w:1920, h:1080
05-27 18:43:35.971   299 30844 D EvsDriver: forwardFrame
05-27 18:43:35.971   299 30841 D EvsDriver: forwardFrame
05-27 18:43:35.973  1167  1479 D evsmanagerd: /dev/video6 forwarded the buffer #0 to 0xb4000074bf5f5510 from 0xb4000074bf5f6d90
05-27 18:43:35.973   299 30844 D EvsDriver: Delivered 0xb400007b7ca56900 as id 0
05-27 18:43:35.974   299 30841 D EvsDriver: Delivered 0xb400007b7ca56a60 as id 0
05-27 18:43:35.974  1167  1479 D evsmanagerd: /dev/video4 forwarded the buffer #0 to 0xb4000074bf5f6850 from 0xb4000074bf5f41d0
05-27 18:43:35.978 13911 14183 I SentryImuMcuAngleSender: 179.98949rollDeg
05-27 18:43:35.978 13911 14183 I SentryImuMcuAngleSender: 1,0,0
05-27 18:43:35.980   299  1163 D EvsDriver: doneWithFrame
05-27 18:43:35.980   299  1153 D EvsDriver: doneWithFrame
05-27 18:43:35.980 30773 30785 I dvr_service_: [EncoderHandler::runMediaThread] runMediaThread started:1,state:1, cam2:started:1,state:1, lastSwitch:1, mIsMuxerStart:1,format:0,is_str_ing:0
05-27 18:43:35.984   581   581 I SpiService: fgesysctrl_getGPIO_status success val=1
05-27 08:34:44.948   581   581 D spi_rst_gpio_get_output: GPIO 145 value: 1
05-27 08:34:44.949   581   581 D spidev_ioctl: gpio status=1)
05-27 18:43:35.990   581   581 I SpiService: fgesysctrl_getGPIO_status success val=1
05-27 08:34:44.954   581   581 D spi_rst_gpio_get_output: GPIO 145 value: 1
05-27 08:34:44.954   581   581 D spidev_ioctl: gpio status=1)
05-27 18:43:35.996   581   581 I SpiService: fgesysctrl_getGPIO_status success val=1
05-27 08:34:44.960   581   581 D spi_rst_gpio_get_output: GPIO 145 value: 1
05-27 08:34:44.960   581   581 D spidev_ioctl: gpio status=1)
05-27 18:43:35.998  1008 30856 D [OMXB]  : usingANWBuffer: handle:0xee7406f0, format:1, w:1920, h:1080
05-27 18:43:35.999 13911 14183 I SentryImuMcuAngleSender: 179.98598rollDeg
05-27 18:43:35.999 13911 14183 I SentryImuMcuAngleSender: 1,0,0
05-27 18:43:36.001   299 30841 D EvsDriver: forwardFrame
05-27 18:43:36.001   299 30844 D EvsDriver: forwardFrame
05-27 18:43:36.002   581   581 I SpiService: fgesysctrl_getGPIO_status success val=1
05-27 08:34:44.966   581   581 D spi_rst_gpio_get_output: GPIO 145 value: 1
05-27 08:34:44.966   581   581 D spidev_ioctl: gpio status=1)
05-27 18:43:36.006   299 30844 D EvsDriver: Delivered 0xb400007b7ca56900 as id 0
05-27 18:43:36.006  1167  1479 D evsmanagerd: /dev/video6 forwarded the buffer #0 to 0xb4000074bf5f5510 from 0xb4000074bf5f6d90
05-27 18:43:36.006   536   536 D commservice260303: msg.id = 1028,0
05-27 18:43:36.007   536   536 D commservice260303: i = 170, msgid = 8A000404
05-27 18:43:36.007   536   536 D commservice260303: msgid = -1979710460,did=138
05-27 18:43:36.007   536   536 D commservice260303: CommProtocolLibCmdBaseI2C::dataproc {"command":{"id":"imu_status","sub":""},"content":{"TimeStamp":10,"FrameCounter":244942,"GD_X":-0.011147825978696346,"GD_Y":0.005802778527140617,"GD_Z":0.0016030981205403805,"AD_X":-0.0029346346855163574,"AD_Y":1.4103506691753864E-4,"AD_Z":-0.1670370101928711,"TempDsp":0,"Status":0,"CalibState":1,"SigAmpInvalid":0}},-1979710460
05-27 18:43:36.007   536   536 D commservice260303: send2Cluster len:317, 7B22636F6D6D616E64223A7B226964223A22696D755F737461747573222C22737562223A22227D2C22636F6E74656E74223A7B2254696D655374616D70223A31302C224672616D65436F756E746572223A3234343934322C2247445F58223A2D302E3031313134373832353937383639363334362C2247445F59223A302E3030353830323737383532373134303631372C2247445F5A223A302E303031363033303938313230353430333830352C2241445F58223A2D302E303032393334363334363835353136333537342C2241445F59223A312E34313033353036363931373533383634452D342C2241445F5A223A2D302E313637303337303130313932383731312C2254656D70447370223A302C22537461747573223A302C2243616C69625374617465223A312C22536967416D70496E76616C6964223A307D7D, 138 
05-27 18:43:36.007   536   536 D commservice260303: Push Message into SendPool fn=-50593024
05-27 18:43:36.007   536   536 D commservice260303: ComProtocolLibSend2Cluster::send2ClusterRaw fn=-50593024 , len=333
05-27 18:43:36.007   536   536 D commservice260303: sendCmdToPort :333!!!
05-27 18:43:36.007   536   536 D commservice260303: send Cmd To Port ++++5AA501498A010003FCFC6A16CAD87B22636F6D6D616E64223A7B226964223A22696D755F737461747573222C22737562223A22227D2C22636F6E74656E74223A7B2254696D655374616D70223A31302C224672616D65436F756E746572223A3234343934322C2247445F58223A2D302E3031313134373832353937383639363334362C2247445F59223A302E3030353830323737383532373134303631372C2247445F5A223A302E303031363033303938313230353430333830352C2241445F58223A2D302E303032393334363334363835353136333537342C2241445F59223A312E34313033353036363931373533383634452D342C2241445F5A223A2D302E313637303337303130313932383731312C2254656D70447370223A302C22537461747573223A302C2243616C69625374617465223A312C22536967416D70496E76616C6964223A307D7D67F4
05-27 18:43:36.007   536   536 D commservice260303: bufferevent_write retrun value = 0
05-27 18:43:36.007   536   560 D commservice260303: client datas send succeed,send finish
05-27 18:43:36.007 13911 14192 D Sentinelmode_1.2.5.17_sentry: <SentryImuClusterFgeSender>imu_status sent to Linux, frame=244942, tsNs=10483244, tsMs=10, intervalMs=44, ad=(-0.0029346347,1.4103507E-4,-0.16703701), gd=(-0.011147826,0.0058027785,0.0016030981)
05-27 18:43:36.007   581   581 I SpiService: fgesysctrl_getGPIO_status success val=1
05-27 18:43:36.008   299 30841 D EvsDriver: Delivered 0xb400007b7ca56a60 as id 0
05-27 18:43:36.008   299  1153 D EvsDriver: doneWithFrame
05-27 18:43:36.008  1167  1167 D evsmanagerd: /dev/video4 forwarded the buffer #0 to 0xb4000074bf5f6850 from 0xb4000074bf5f41d0
05-27 08:34:44.972   581   581 D spi_rst_gpio_get_output: GPIO 145 value: 1
05-27 08:34:44.972   581   581 D spidev_ioctl: gpio status=1)
05-27 18:43:36.012   299  1153 D EvsDriver: doneWithFrame
05-27 18:43:36.012  1982  1982 E health_guardian: UID for PID 11579 is 1000
05-27 18:43:36.012  1982  1982 E health_guardian: The 1000 process is system app,I refused to kill it,try next one!
05-27 18:43:36.012  1982  1982 E health_guardian: UID for PID 13435 is 1000
05-27 18:43:36.013  1982  1982 E health_guardian: The 1000 process is system app,I refused to kill it,try next one!
05-27 18:43:36.013  1982  1982 E health_guardian: UID for PID 6212 is 1000
05-27 18:43:36.013  1982  1982 E health_guardian: The 1000 process is system app,I refused to kill it,try next one!
05-27 18:43:36.013   581   581 I SpiService: fgesysctrl_getGPIO_status success val=0
05-27 08:34:44.978   581   581 D spi_rst_gpio_get_output: GPIO 145 value: 0
05-27 08:34:44.978   581   581 D spidev_ioctl: gpio status=0)
05-27 18:43:36.018  1008 30857 D [OMXB]  : usingANWBuffer: handle:0xee7412a0, format:1, w:1920, h:1080
05-27 18:43:36.020 13911 14183 I SentryImuMcuAngleSender: 180.0rollDeg
05-27 18:43:36.020 13911 14183 I SentryImuMcuAngleSender: 1,0,0
05-27 18:43:36.028   581   581 I SpiService: fgesysctrl_getGPIO_status success val=1
05-27 18:43:36.028   283   307 I rvcservice: t.code = 0, t.value = 0
05-27 08:34:44.992   581   581 D spi_rst_gpio_get_output: GPIO 145 value: 1
05-27 08:34:44.992   581   581 D spidev_ioctl: gpio status=1)
05-27 18:43:36.033   581   581 I SpiService: fgesysctrl_getGPIO_status success val=1
05-27 18:43:36.033  1008 30856 D [OMXB]  : usingANWBuffer: handle:0xee740e80, format:1, w:1920, h:1080
05-27 18:43:36.034 30773 30789 I dvr_service_: Camera 0: MediaOK:25906530, frames:600, isKeyFrame:0,pts:10482964487
05-27 08:34:44.998   581   581 D spi_rst_gpio_get_output: GPIO 145 value: 1
05-27 08:34:44.998   581   581 D spidev_ioctl: gpio status=1)
05-27 18:43:36.037   299 30841 D EvsDriver: forwardFrame
05-27 18:43:36.037   299 30844 D EvsDriver: forwardFrame
05-27 18:43:36.038   299 30841 D EvsDriver: Delivered 0xb400007b7ca56a60 as id 0
05-27 18:43:36.038   299 30844 D EvsDriver: Delivered 0xb400007b7ca56900 as id 0
05-27 18:43:36.038  1167  1479 D evsmanagerd: /dev/video6 forwarded the buffer #0 to 0xb4000074bf5f5510 from 0xb4000074bf5f6d90
05-27 18:43:36.038   581   581 I SpiService: fgesysctrl_getGPIO_status success val=1
05-27 18:43:36.038  1167  1167 D evsmanagerd: /dev/video4 forwarded the buffer #0 to 0xb4000074bf5f6850 from 0xb4000074bf5f41d0
05-27 18:43:36.040 13911 14183 I SentryImuMcuAngleSender: -179.993rollDeg
05-27 18:43:36.040 13911 14183 I SentryImuMcuAngleSender: 1,0,0
05-27 08:34:45.003   581   581 D spi_rst_gpio_get_output: GPIO 145 value: 1
05-27 08:34:45.003   581   581 D spidev_ioctl: gpio status=1)
05-27 18:43:36.041   299  1153 D EvsDriver: doneWithFrame
05-27 18:43:36.041   299  1163 D EvsDriver: doneWithFrame
05-27 18:43:36.043   536   536 D commservice260303: msg.id = 1028,1
05-27 18:43:36.044   536   536 D commservice260303: i = 170, msgid = 8A000404
05-27 18:43:36.044   536   536 D commservice260303: msgid = -1979710460,did=138
05-27 18:43:36.044   536   536 D commservice260303: CommProtocolLibCmdBaseI2C::dataproc {"command":{"id":"imu_status","sub":""},"content":{"TimeStamp":10,"FrameCounter":244943,"GD_X":-0.011759000830352306,"GD_Y":0.005420989356935024,"GD_Z":0.0019848872907459736,"AD_X":-0.0047552138566970825,"AD_Y":-0.003500427585095167,"AD_Z":-0.16947650909423828,"TempDsp":0,"Status":0,"CalibState":1,"SigAmpInvalid":0}},-1979710460
05-27 18:43:36.044   536   536 D commservice260303: send2Cluster len:318, 7B22636F6D6D616E64223A7B226964223A22696D755F737461747573222C22737562223A22227D2C22636F6E74656E74223A7B2254696D655374616D70223A31302C224672616D65436F756E746572223A3234343934332C2247445F58223A2D302E3031313735393030303833303335323330362C2247445F59223A302E3030353432303938393335363933353032342C2247445F5A223A302E303031393834383837323930373435393733362C2241445F58223A2D302E303034373535323133383536363937303832352C2241445F59223A2D302E3030333530303432373538353039353136372C2241445F5A223A2D302E31363934373635303930393432333832382C2254656D70447370223A302C22537461747573223A302C2243616C69625374617465223A312C22536967416D70496E76616C6964223A307D7D, 138 
05-27 18:43:36.044   536   536 D commservice260303: Push Message into SendPool fn=-33815808
