05-27 18:43:37.339   536   536 D commservice260303: send Cmd To Port ++++5AA501488A010003FD1D6A16CAD97B22636F6D6D616E64223A7B226964223A22696D755F737461747573222C22737562223A22227D2C22636F6E74656E74223A7B2254696D655374616D70223A31302C224672616D65436F756E746572223A3234343937352C2247445F58223A2D302E3031313037303834333738363030313230352C2247445F59223A302E30303531393231323338313931343235382C2247445F5A223A302E303031393834383837323930373435393733362C2241445F58223A2D302E303031313534323239303434393134323435362C2241445F59223A302E3030323431393932383738373237363134392C2241445F5A223A2D302E31373036393134393031373333333938342C2254656D70447370223A302C22537461747573223A302C2243616C69625374617465223A312C22536967416D70496E76616C6964223A307D7D91B0
05-27 18:43:37.339   536   536 D commservice260303: bufferevent_write retrun value = 0
05-27 18:43:37.339   536   560 D commservice260303: client datas send succeed,send finish
05-27 18:43:37.339   299 30844 D EvsDriver: forwardFrame
05-27 18:43:37.339 13911 14192 D Sentinelmode_1.2.5.17_sentry: <SentryImuClusterFgeSender>imu_status sent to Linux, frame=244975, tsNs=10484581, tsMs=10, intervalMs=40, ad=(-0.001154229,0.0024199288,-0.17069149), gd=(-0.011070844,0.005192124,0.0019848873)
05-27 08:34:46.305   581   581 D spi_rst_gpio_get_output: GPIO 145 value: 1
05-27 08:34:46.305   581   581 D spidev_ioctl: gpio status=1)
05-27 18:43:37.341 13911 14183 I SentryImuMcuAngleSender: 179.97197rollDeg
05-27 18:43:37.341 13911 14183 I SentryImuMcuAngleSender: 1,0,0
05-27 18:43:37.341  1167  1479 D evsmanagerd: /dev/video6 forwarded the buffer #0 to 0xb4000074bf5f5510 from 0xb4000074bf5f6d90
05-27 18:43:37.342   299 30844 D EvsDriver: Delivered 0xb400007b7ca56900 as id 0
05-27 18:43:37.343  1167  1479 D evsmanagerd: /dev/video4 forwarded the buffer #0 to 0xb4000074bf5f6850 from 0xb4000074bf5f41d0
05-27 18:43:37.343   299 30841 D EvsDriver: Delivered 0xb400007b7ca56a60 as id 0
05-27 18:43:37.348   299  1153 D EvsDriver: doneWithFrame
05-27 18:43:37.348   581   581 I SpiService: fgesysctrl_getGPIO_status success val=1
05-27 08:34:46.313   581   581 D spi_rst_gpio_get_output: GPIO 145 value: 1
05-27 08:34:46.313   581   581 D spidev_ioctl: gpio status=1)
05-27 18:43:37.351   299  1153 D EvsDriver: doneWithFrame
05-27 18:43:37.354   581   581 I SpiService: fgesysctrl_getGPIO_status success val=1
05-27 18:43:37.355  1008 30857 D [OMXB]  : usingANWBuffer: handle:0xee740220, format:1, w:1920, h:1080
05-27 08:34:46.318   581   581 D spi_rst_gpio_get_output: GPIO 145 value: 1
05-27 08:34:46.318   581   581 D spidev_ioctl: gpio status=1)
05-27 18:43:37.359   581   581 I SpiService: fgesysctrl_getGPIO_status success val=1
05-27 08:34:46.324   581   581 D spi_rst_gpio_get_output: GPIO 145 value: 1
05-27 08:34:46.324   581   581 D spidev_ioctl: gpio status=1)
05-27 18:43:37.362 13911 14183 I SentryImuMcuAngleSender: 179.97899rollDeg
05-27 18:43:37.362 13911 14183 I SentryImuMcuAngleSender: 1,0,0
05-27 18:43:37.365   581   581 I SpiService: fgesysctrl_getGPIO_status success val=0
05-27 08:34:46.329   581   581 D spi_rst_gpio_get_output: GPIO 145 value: 0
05-27 08:34:46.329   581   581 D spidev_ioctl: gpio status=0)
05-27 18:43:37.372   299 30844 D EvsDriver: forwardFrame
05-27 18:43:37.373   299 30844 D EvsDriver: Delivered 0xb400007b7ca56900 as id 0
05-27 18:43:37.373  1008 30856 D [OMXB]  : usingANWBuffer: handle:0xee7444d0, format:1, w:1920, h:1080
05-27 18:43:37.374  1167  1479 D evsmanagerd: /dev/video6 forwarded the buffer #0 to 0xb4000074bf5f5510 from 0xb4000074bf5f6d90
05-27 18:43:37.374   299 30841 D EvsDriver: forwardFrame
05-27 18:43:37.375   299 30841 D EvsDriver: Delivered 0xb400007b7ca56a60 as id 0
05-27 18:43:37.376  1167  1479 D evsmanagerd: /dev/video4 forwarded the buffer #0 to 0xb4000074bf5f6850 from 0xb4000074bf5f41d0
05-27 18:43:37.378   536   536 D commservice260303: msg.id = 1028,0
05-27 18:43:37.379   536   536 D commservice260303: i = 170, msgid = 8A000404
05-27 18:43:37.379   536   536 D commservice260303: msgid = -1979710460,did=138
05-27 08:34:46.343   581   581 D spi_rst_gpio_get_output: GPIO 145 value: 1
05-27 08:34:46.343   581   581 D spidev_ioctl: gpio status=1)
05-27 18:43:37.379   536   536 D commservice260303: CommProtocolLibCmdBaseI2C::dataproc {"command":{"id":"imu_status","sub":""},"content":{"TimeStamp":10,"FrameCounter":244976,"GD_X":-0.012139749713242054,"GD_Y":0.005268065724521875,"GD_Z":0.0022902146447449923,"AD_X":-0.0017750263214111328,"AD_Y":-2.3355241864919662E-5,"AD_Z":-0.16947174072265625,"TempDsp":0,"Status":0,"CalibState":1,"SigAmpInvalid":0}},-1979710460
05-27 18:43:37.379   581   581 I SpiService: fgesysctrl_getGPIO_status success val=1
05-27 18:43:37.379   536   536 D commservice260303: send2Cluster len:319, 7B22636F6D6D616E64223A7B226964223A22696D755F737461747573222C22737562223A22227D2C22636F6E74656E74223A7B2254696D655374616D70223A31302C224672616D65436F756E746572223A3234343937362C2247445F58223A2D302E3031323133393734393731333234323035342C2247445F59223A302E3030353236383036353732343532313837352C2247445F5A223A302E303032323930323134363434373434393932332C2241445F58223A2D302E303031373735303236333231343131313332382C2241445F59223A2D322E33333535323431383634393139363632452D352C2241445F5A223A2D302E31363934373137343037323236353632352C2254656D70447370223A302C22537461747573223A302C2243616C69625374617465223A312C22536967416D70496E76616C6964223A307D7D, 138 
05-27 18:43:37.379   536   536 D commservice260303: Push Message into SendPool fn=519897856
05-27 18:43:37.379   536   536 D commservice260303: ComProtocolLibSend2Cluster::send2ClusterRaw fn=519897856 , len=335
05-27 18:43:37.379   536   536 D commservice260303: sendCmdToPort :335!!!
05-27 18:43:37.379   536   536 D commservice260303: send Cmd To Port ++++5AA5014B8A010003FD1E6A16CAD97B22636F6D6D616E64223A7B226964223A22696D755F737461747573222C22737562223A22227D2C22636F6E74656E74223A7B2254696D655374616D70223A31302C224672616D65436F756E746572223A3234343937362C2247445F58223A2D302E3031323133393734393731333234323035342C2247445F59223A302E3030353236383036353732343532313837352C2247445F5A223A302E303032323930323134363434373434393932332C2241445F58223A2D302E303031373735303236333231343131313332382C2241445F59223A2D322E33333535323431383634393139363632452D352C2241445F5A223A2D302E31363934373137343037323236353632352C2254656D70447370223A302C22537461747573223A302C2243616C69625374617465223A312C22536967416D70496E76616C6964223A307D7DF1C8
05-27 18:43:37.379   536   536 D commservice260303: bufferevent_write retrun value = 0
05-27 18:43:37.379   536   560 D commservice260303: client datas send succeed,send finish
05-27 18:43:37.379   299  1153 D EvsDriver: doneWithFrame
05-27 18:43:37.381   299  1153 D EvsDriver: doneWithFrame
05-27 18:43:37.382 13911 14183 I SentryImuMcuAngleSender: 179.986rollDeg
05-27 18:43:37.382 13911 14192 D Sentinelmode_1.2.5.17_sentry: <SentryImuClusterFgeSender>imu_status sent to Linux, frame=244976, tsNs=10484618, tsMs=10, intervalMs=43, ad=(-0.0017750263,-2.3355242E-5,-0.16947174), gd=(-0.01213975,0.0052680657,0.0022902146)
05-27 18:43:37.382 13911 14183 I SentryImuMcuAngleSender: 1,0,0
05-27 18:43:37.384   581   581 I SpiService: fgesysctrl_getGPIO_status success val=1
05-27 08:34:46.349   581   581 D spi_rst_gpio_get_output: GPIO 145 value: 1
05-27 08:34:46.349   581   581 D spidev_ioctl: gpio status=1)
05-27 18:43:37.390   581   581 I SpiService: fgesysctrl_getGPIO_status success val=1
05-27 18:43:37.391   566 11459 I gps_hdbd: Received: '$GNGGA,005928.000,,,,,0,00,,,M,,M,,*60
'
05-27 18:43:37.391   566 11459 I gps_hdbd: Received: '$GNGSA,A,1,,,,,,,,,,,,,,,,1*1D
'
05-27 08:34:46.354   581   581 D spi_rst_gpio_get_output: GPIO 145 value: 1
05-27 08:34:46.354   581   581 D spidev_ioctl: gpio status=1)
05-27 18:43:37.395   581   581 I SpiService: fgesysctrl_getGPIO_status success val=1
05-27 18:43:37.396   566 11459 I gps_hdbd: Received: '$GNGSA,A,1,,,,,,,,,,,,,,,,3*1F
'
05-27 18:43:37.396   566 11459 I gps_hdbd: Received: '$GNGSA,A,1,,,,,,,,,,,,,,,,4*18
'
05-27 18:43:37.396   566 11459 I gps_hdbd: Received: '$BDGSV,1,1,00,1*75
'
05-27 08:34:46.360   581   581 D spi_rst_gpio_get_output: GPIO 145 value: 1
05-27 08:34:46.360   581   581 D spidev_ioctl: gpio status=1)
05-27 18:43:37.399  1008 30857 D [OMXB]  : usingANWBuffer: handle:0xee7432f0, format:1, w:1920, h:1080
05-27 18:43:37.400 30773 30789 I dvr_service_: Camera 1: MediaOK:27155785, frames:640, isKeyFrame:0,pts:10484324437
05-27 18:43:37.401   581   581 I SpiService: fgesysctrl_getGPIO_status success val=1
05-27 08:34:46.365   581   581 D spi_rst_gpio_get_output: GPIO 145 value: 1
05-27 08:34:46.365   581   581 D spidev_ioctl: gpio status=1)
05-27 18:43:37.401   299 30841 D EvsDriver: forwardFrame
05-27 18:43:37.402 13911 14183 I SentryImuMcuAngleSender: 179.986rollDeg
05-27 18:43:37.403 13911 14183 I SentryImuMcuAngleSender: 1,0,0
05-27 18:43:37.403   566 11459 I gps_hdbd: Received: '$BDGSV,1,1,00,5*71
'
05-27 18:43:37.404  1167  1479 D evsmanagerd: /dev/video4 forwarded the buffer #0 to 0xb4000074bf5f6850 from 0xb4000074bf5f41d0
05-27 18:43:37.404   299 30841 D EvsDriver: Delivered 0xb400007b7ca56a60 as id 0
05-27 18:43:37.407   581   581 I SpiService: fgesysctrl_getGPIO_status success val=0
05-27 18:43:37.407   299  1153 D EvsDriver: doneWithFrame
05-27 08:34:46.371   581   581 D spi_rst_gpio_get_output: GPIO 145 value: 0
05-27 08:34:46.371   581   581 D spidev_ioctl: gpio status=0)
05-27 18:43:37.409   566 11459 I gps_hdbd: Received: '$GPGSV,1,1,01,199,42,165,,1*60
'
05-27 18:43:37.409   299 30844 D EvsDriver: forwardFrame
05-27 18:43:37.412  1167  1479 D evsmanagerd: /dev/video6 forwarded the buffer #0 to 0xb4000074bf5f5510 from 0xb4000074bf5f6d90
05-27 18:43:37.414   299  1153 D EvsDriver: doneWithFrame
05-27 18:43:37.415   299 30844 D EvsDriver: Delivered 0xb400007b7ca56900 as id 0
05-27 18:43:37.415   566 11459 I gps_hdbd: Received: '$GPGSV,1,1,00,8*6D
'
05-27 18:43:37.416   566 11459 I gps_hdbd: Received: '$GAGSV,1,1,00,7*73
'
05-27 18:43:37.417   566 11459 I gps_hdbd: Received: '$GAGSV,1,1,00,1*75
'
05-27 18:43:37.419   536   536 D commservice260303: msg.id = 1028,0
05-27 18:43:37.419   536   536 D commservice260303: i = 170, msgid = 8A000404
05-27 18:43:37.419   536   536 D commservice260303: msgid = -1979710460,did=138
05-27 18:43:37.419   536   536 D commservice260303: CommProtocolLibCmdBaseI2C::dataproc {"command":{"id":"imu_status","sub":""},"content":{"TimeStamp":10,"FrameCounter":244977,"GD_X":-0.012139749713242054,"GD_Y":0.004963258747011423,"GD_Z":0.0021378109231591225,"AD_X":-0.002996593713760376,"AD_Y":-2.2939173504710197E-5,"AD_Z":-0.16886138916015625,"TempDsp":0,"Status":0,"CalibState":1,"SigAmpInvalid":0}},-1979710460
05-27 18:43:37.419   536   536 D commservice260303: send2Cluster len:318, 7B22636F6D6D616E64223A7B226964223A22696D755F737461747573222C22737562223A22227D2C22636F6E74656E74223A7B2254696D655374616D70223A31302C224672616D65436F756E746572223A3234343937372C2247445F58223A2D302E3031323133393734393731333234323035342C2247445F59223A302E3030343936333235383734373031313432332C2247445F5A223A302E303032313337383130393233313539313232352C2241445F58223A2D302E3030323939363539333731333736303337362C2241445F59223A2D322E32393339313733353034373130313937452D352C2241445F5A223A2D302E31363838363133383931363031353632352C2254656D70447370223A302C22537461747573223A302C2243616C69625374617465223A312C22536967416D70496E76616C6964223A307D7D, 138 
05-27 18:43:37.419   536   536 D commservice260303: Push Message into SendPool fn=536675072
05-27 18:43:37.419   536   536 D commservice260303: ComProtocolLibSend2Cluster::send2ClusterRaw fn=536675072 , len=334
05-27 18:43:37.419   536   536 D commservice260303: sendCmdToPort :334!!!
05-27 18:43:37.419   536   536 D commservice260303: send Cmd To Port ++++5AA5014A8A010003FD1F6A16CAD97B22636F6D6D616E64223A7B226964223A22696D755F737461747573222C22737562223A22227D2C22636F6E74656E74223A7B2254696D655374616D70223A31302C224672616D65436F756E746572223A3234343937372C2247445F58223A2D302E3031323133393734393731333234323035342C2247445F59223A302E3030343936333235383734373031313432332C2247445F5A223A302E303032313337383130393233313539313232352C2241445F58223A2D302E3030323939363539333731333736303337362C2241445F59223A2D322E32393339313733353034373130313937452D352C2241445F5A223A2D302E31363838363133383931363031353632352C2254656D70447370223A302C22537461747573223A302C2243616C69625374617465223A312C22536967416D70496E76616C6964223A307D7DE05D
05-27 18:43:37.419   536   536 D commservice260303: bufferevent_write retrun value = 0
05-27 18:43:37.419   536   560 D commservice260303: client datas send succeed,send finish
05-27 18:43:37.419  1008 30856 D [OMXB]  : usingANWBuffer: handle:0xee742ed0, format:1, w:1920, h:1080
05-27 18:43:37.420 13911 14192 D Sentinelmode_1.2.5.17_sentry: <SentryImuClusterFgeSender>imu_status sent to Linux, frame=244977, tsNs=10484654, tsMs=10, intervalMs=37, ad=(-0.0029965937,-2.2939174E-5,-0.16886139), gd=(-0.01213975,0.0049632587,0.002137811)
05-27 18:43:37.420   566 11459 I gps_hdbd: Received: '$GNRMC,005928.000,V,,,,,,,270526,120.0,E,N,V*43
'
05-27 18:43:37.421   566 11459 I gps_hdbd: RMC : CALL gnss_sv_status_cb, view_in_sat <1>
05-27 18:43:37.421   566 11459 I gps_hdbd: [reportSvStatus]--->PLATFORM_BSP::Enter
05-27 18:43:37.421   566 11459 I gps_hdbd: hy abnormal deal:hy_cnr30_satellite_cnt=0
05-27 18:43:37.421   566 11459 D gps_hdbd: hy abnormal deal:hy_fixStatus_fail_count=0
05-27 18:43:37.421   481   598 I mcuc    : rev,n=1,6AA681D32D000A8900F10104091112345640
05-27 18:43:37.421  1121  1144 I tboxmids_ap: [2026-05-27 18:43:37.421] [MCU RX] src=MCU dst=ZMQ len=10 type=BINARY data=00 08 F1 01 04 09 11 12 34 56 
05-27 18:43:37.421   351   373 D automotive.vehicle@2.0-adayo-datacomm-mcu: MCUDatacomm sendMessageFromVehicle prop: 0x89, areaId: 0x0, status: 0xf1, timestamp: 0x1
05-27 18:43:37.421   581   581 I SpiService: fgesysctrl_getGPIO_status success val=1
05-27 18:43:37.421   351   373 D automotive.vehicle@2.0-adayo-datacomm-mcu: MCUDatacomm 1sendMessageFromVehicle ---> type = 12 
05-27 18:43:37.422  1083  1083 W MyAppLog: [2026-05-27 18:43:37.421 W tboxap gpsSyncGpsInfoToDm:361] [Gps] [gpsSyncGpsInfoToDm] fix=0 mode=49 corner:0x01 alt=0.00 sat=0 hdop=0.00 pdop=0.00 vdop=0.00
05-27 18:43:37.422  1083  1083 I MyAppLog: [2026-05-27 18:43:37.422 I tboxap mcuCommTboxmidsRecvCb:97] [Mcu] [mcuCommTboxmidsRecvCb] recv from tboxmids, size:10
05-27 18:43:37.422   566 11459 I gps_hdbd: Received: '$GNZDA,005928.000,27,05,2026,00,00*48
'
05-27 18:43:37.422  1083  1083 I MyAppLog: [2026-05-27 18:43:37.422 I tboxap mcuCommTboxmidsRecvCb:98] [Mcu] [tboxmids -> tboxap]: :00 08 F1 01 04 09 11 12 34 56
05-27 18:43:37.422  1083  1083 W MyAppLog: [2026-05-27 18:43:37.422 W tboxap mcuYadiFrameParse:852] [Mcu] [mcuYadiFrameParse] cmd:0911(MCU_VHL_DYNAMIC_DATA_IND) payload too short:5 < 54
05-27 18:43:37.423  1083  1083 W MyAppLog: [2026-05-27 18:43:37.422 W tboxap mcuPtlParseData:982] [Mcu] [mcuPtlParseData] invalid yadi frame, len:10
05-27 18:43:37.423 13911 14183 I SentryImuMcuAngleSender: 179.98598rollDeg
05-27 18:43:37.423 13911 14183 I SentryImuMcuAngleSender: 1,0,0
05-27 08:34:46.386   581   581 D spi_rst_gpio_get_output: GPIO 145 value: 1
05-27 08:34:46.386   581   581 D spidev_ioctl: gpio status=1)
05-27 18:43:37.427   581   581 I SpiService: fgesysctrl_getGPIO_status success val=1
05-27 08:34:46.391   581   581 D spi_rst_gpio_get_output: GPIO 145 value: 1
05-27 08:34:46.391   581   581 D spidev_ioctl: gpio status=1)
05-27 18:43:37.431   283   307 I rvcservice: t.code = 4, t.value = 0
05-27 18:43:37.432   581   581 I SpiService: fgesysctrl_getGPIO_status success val=1
05-27 08:34:46.397   581   581 D spi_rst_gpio_get_output: GPIO 145 value: 1
05-27 08:34:46.397   581   581 D spidev_ioctl: gpio status=1)
05-27 18:43:37.437   581   581 I SpiService: fgesysctrl_getGPIO_status success val=1
05-27 18:43:37.440   299 30841 D EvsDriver: forwardFrame
05-27 18:43:37.440   299 30844 D EvsDriver: forwardFrame
05-27 08:34:46.402   581   581 D spi_rst_gpio_get_output: GPIO 145 value: 1
05-27 08:34:46.402   581   581 D spidev_ioctl: gpio status=1)
05-27 18:43:37.442   299 30844 D EvsDriver: Delivered 0xb400007b7ca56900 as id 0
05-27 18:43:37.442  1167  1479 D evsmanagerd: /dev/video6 forwarded the buffer #0 to 0xb4000074bf5f5510 from 0xb4000074bf5f6d90
05-27 18:43:37.442   299 30841 D EvsDriver: Delivered 0xb400007b7ca56a60 as id 0
05-27 18:43:37.442  1167  1167 D evsmanagerd: /dev/video4 forwarded the buffer #0 to 0xb4000074bf5f6850 from 0xb4000074bf5f41d0
05-27 18:43:37.442 30773 30783 E dvr_service_: [myNum:0] Received S**** loss
05-27 18:43:37.442 30773 30773 E dvr_service_: [myNum:1] Received S**** loss
05-27 18:43:37.442   299  1153 D EvsDriver: doneWithFrame
05-27 18:43:37.442   299  1163 D EvsDriver: doneWithFrame
05-27 18:43:37.443   566 11459 I gps_hdbd: Received: '$GNINS,1,1,TYPE,I,V,005928.000,19079000,FUS,-5,0,0,0,MOT,V,1,PATT,0.00,0.00,0.00,VEL,0.000,0.000,0.000,POS,40.0001330924,116.0001570688,84.176,IIA,1,0.00,0.00,0.00,BGA,0.31,-0.66,-0.13,0.000,0.000,0.000,IGA,0,-1,0,0,-2,98,VG,16c2ff1*15
'
05-27 18:43:37.443   581   581 I SpiService: fgesysctrl_getGPIO_status success val=0
05-27 18:43:37.443   481   597 I mcuc    : send SPI:6AA602D32D0002890073
05-27 18:43:37.443  1008 30856 D [OMXB]  : usingANWBuffer: handle:0xee7433a0, format:1, w:1920, h:1080
05-27 18:43:37.443 13911 14183 I SentryImuMcuAngleSender: 179.986rollDeg
05-27 18:43:37.443 13911 14183 I SentryImuMcuAngleSender: 1,0,0
05-27 08:34:46.407   581   581 D spi_rst_gpio_get_output: GPIO 145 value: 0
05-27 08:34:46.407   581   581 D spidev_ioctl: gpio status=0)
05-27 18:43:37.454   566 11459 I gps_hdbd: Received: '$GNINS,CARSPEED,ADR_STATUS,0,Pulse_count,0,1,0,0,19079000,104640,0.000,0.000,0.000*07
'
05-27 18:43:37.457   581   581 I SpiService: fgesysctrl_getGPIO_status success val=1
05-27 18:43:37.457  1008 30857 D [OMXB]  : usingANWBuffer: handle:0xee742320, format:1, w:1920, h:1080
05-27 18:43:37.459   536   536 D commservice260303: msg.id = 1028,0
05-27 18:43:37.459   536   536 D commservice260303: i = 170, msgid = 8A000404
05-27 18:43:37.460   536   536 D commservice260303: msgid = -1979710460,did=138
05-27 18:43:37.460   536   536 D commservice260303: CommProtocolLibCmdBaseI2C::dataproc {"command":{"id":"imu_status","sub":""},"content":{"TimeStamp":10,"FrameCounter":244978,"GD_X":-0.011834942735731602,"GD_Y":0.0056498548947274685,"GD_Z":0.0022902146447449923,"AD_X":4.2945146560668945E-5,"AD_Y":-2.273241989314556E-5,"AD_Z":-0.16947174072265625,"TempDsp":0,"Status":0,"CalibState":1,"SigAmpInvalid":0}},-1979710460
05-27 18:43:37.460   536   536 D commservice260303: send2Cluster len:318, 7B22636F6D6D616E64223A7B226964223A22696D755F737461747573222C22737562223A22227D2C22636F6E74656E74223A7B2254696D655374616D70223A31302C224672616D65436F756E746572223A3234343937382C2247445F58223A2D302E3031313833343934323733353733313630322C2247445F59223A302E303035363439383534383934373237343638352C2247445F5A223A302E303032323930323134363434373434393932332C2241445F58223A342E32393435313436353630363638393435452D352C2241445F59223A2D322E323733323431393839333134353536452D352C2241445F5A223A2D302E31363934373137343037323236353632352C2254656D70447370223A302C22537461747573223A302C2243616C69625374617465223A312C22536967416D70496E76616C6964223A307D7D, 138 
05-27 18:43:37.460   536   536 D commservice260303: Push Message into SendPool fn=553452288
05-27 18:43:37.460   536   536 D commservice260303: ComProtocolLibSend2Cluster::send2ClusterRaw fn=553452288 , len=334
05-27 18:43:37.460   536   536 D commservice260303: sendCmdToPort :334!!!
05-27 18:43:37.460   536   536 D commservice260303: send Cmd To Port ++++5AA5014A8A010003FD206A16CAD97B22636F6D6D616E64223A7B226964223A22696D755F737461747573222C22737562223A22227D2C22636F6E74656E74223A7B2254696D655374616D70223A31302C224672616D65436F756E746572223A3234343937382C2247445F58223A2D302E3031313833343934323733353733313630322C2247445F59223A302E303035363439383534383934373237343638352C2247445F5A223A302E303032323930323134363434373434393932332C2241445F58223A342E32393435313436353630363638393435452D352C2241445F59223A2D322E323733323431393839333134353536452D352C2241445F5A223A2D302E31363934373137343037323236353632352C2254656D70447370223A302C22537461747573223A302C2243616C69625374617465223A312C22536967416D70496E76616C6964223A307D7DF3A8
05-27 18:43:37.460   536   536 D commservice260303: bufferevent_write retrun value = 0
05-27 18:43:37.460   536   560 D commservice260303: client datas send succeed,send finish
05-27 18:43:37.460   566 11459 I gps_hdbd: Received: '$GNTXT,04,01,04,INS,V,1,,,,FLG,1,000000,1,0,1,0,0,Con,0*71
'
05-27 18:43:37.460 13911 14192 D Sentinelmode_1.2.5.17_sentry: <SentryImuClusterFgeSender>imu_status sent to Linux, frame=244978, tsNs=10484676, tsMs=10, intervalMs=41, ad=(4.2945147E-5,-2.273242E-5,-0.16947174), gd=(-0.011834943,0.005649855,0.0022902146)
05-27 18:43:37.460   566 11459 I gps_hdbd: Received: '$GNTXT,INSTALL,0.00,0.00,0.00,0.00,0.00,0.00,0*20
'
05-27 08:34:46.422   581   581 D spi_rst_gpio_get_output: GPIO 145 value: 1
05-27 08:34:46.422   581   581 D spidev_ioctl: gpio status=1)
05-27 18:43:37.463   581   581 I SpiService: fgesysctrl_getGPIO_status success val=1
05-27 18:43:37.464 13911 14183 I SentryImuMcuAngleSender: 179.986rollDeg
05-27 18:43:37.464 13911 14183 I SentryImuMcuAngleSender: 1,0,0
05-27 08:34:46.427   581   581 D spi_rst_gpio_get_output: GPIO 145 value: 1
05-27 08:34:46.427   581   581 D spidev_ioctl: gpio status=1)
05-27 18:43:37.466   572   572 I Sensors : 230 AccelSensor: x:-0.164700,y:0.002440,z:-9.975330
05-27 18:43:37.467   299 30844 D EvsDriver: forwardFrame
05-27 18:43:37.468   581   581 I SpiService: fgesysctrl_getGPIO_status success val=1
05-27 18:43:37.468   299 30844 D EvsDriver: Delivered 0xb400007b7ca56900 as id 0
05-27 18:43:37.468  1167  1479 D evsmanagerd: /dev/video6 forwarded the buffer #0 to 0xb4000074bf5f5510 from 0xb4000074bf5f6d90
05-27 08:34:46.433   581   581 D spi_rst_gpio_get_output: GPIO 145 value: 1
05-27 08:34:46.433   581   581 D spidev_ioctl: gpio status=1)
05-27 18:43:37.469   299 30841 D EvsDriver: forwardFrame
05-27 18:43:37.470   299 30841 D EvsDriver: Delivered 0xb400007b7ca56a60 as id 0
05-27 18:43:37.470  1167  1479 D evsmanagerd: /dev/video4 forwarded the buffer #0 to 0xb4000074bf5f6850 from 0xb4000074bf5f41d0
05-27 18:43:37.473   299  1163 D EvsDriver: doneWithFrame
05-27 18:43:37.474   299  1153 D EvsDriver: doneWithFrame
05-27 18:43:37.474   581   581 I SpiService: fgesysctrl_getGPIO_status success val=1
05-27 08:34:46.438   581   581 D spi_rst_gpio_get_output: GPIO 145 value: 1
05-27 08:34:46.438   581   581 D spidev_ioctl: gpio status=1)
05-27 18:43:37.480   581   581 I SpiService: fgesysctrl_getGPIO_status success val=1
05-27 08:34:46.444   581   581 D spi_rst_gpio_get_output: GPIO 145 value: 1
05-27 08:34:46.444   581   581 D spidev_ioctl: gpio status=1)
05-27 18:43:37.482  1008 30856 D [OMXB]  : usingANWBuffer: handle:0xee742480, format:1, w:1920, h:1080
05-27 18:43:37.484 13911 14183 I SentryImuMcuAngleSender: 179.986rollDeg
05-27 18:43:37.485 13911 14183 I SentryImuMcuAngleSender: 1,0,0
05-27 18:43:37.485   581   581 I SpiService: fgesysctrl_getGPIO_status success val=0
05-27 08:34:46.450   581   581 D spi_rst_gpio_get_output: GPIO 145 value: 0
05-27 08:34:46.450   581   581 D spidev_ioctl: gpio status=0)
05-27 18:43:37.492  1008 30857 D [OMXB]  : usingANWBuffer: handle:0xee7454a0, format:1, w:1920, h:1080
05-27 18:43:37.500   581   581 I SpiService: fgesysctrl_getGPIO_status success val=1
05-27 18:43:37.500   536   536 D commservice260303: msg.id = 1028,1
05-27 18:43:37.500   536   536 D commservice260303: i = 170, msgid = 8A000404
05-27 18:43:37.500   536   536 D commservice260303: msgid = -1979710460,did=138
05-27 18:43:37.500   536   536 D commservice260303: CommProtocolLibCmdBaseI2C::dataproc {"command":{"id":"imu_status","sub":""},"content":{"TimeStamp":10,"FrameCounter":244979,"GD_X":-0.01160607673227787,"GD_Y":0.005802778527140617,"GD_Z":0.0020608289632946253,"AD_X":-0.004241466522216797,"AD_Y":-2.190796658396721E-5,"AD_Z":-0.17191123962402344,"TempDsp":0,"Status":0,"CalibState":1,"SigAmpInvalid":0}},-1979710460
05-27 18:43:37.500   536   536 D commservice260303: send2Cluster len:316, 7B22636F6D6D616E64223A7B226964223A22696D755F737461747573222C22737562223A22227D2C22636F6E74656E74223A7B2254696D655374616D70223A31302C224672616D65436F756E746572223A3234343937392C2247445F58223A2D302E30313136303630373637333232373738372C2247445F59223A302E3030353830323737383532373134303631372C2247445F5A223A302E303032303630383238393633323934363235332C2241445F58223A2D302E3030343234313436363532323231363739372C2241445F59223A2D322E313930373936363538333936373231452D352C2241445F5A223A2D302E31373139313132333936323430323334342C2254656D70447370223A302C22537461747573223A302C2243616C69625374617465223A312C22536967416D70496E76616C6964223A307D7D, 138 
05-27 18:43:37.500   536   536 D commservice260303: Push Message into SendPool fn=570229504
05-27 18:43:37.500   536   536 D commservice260303: ComProtocolLibSend2Cluster::send2ClusterRaw fn=570229504 , len=332
05-27 18:43:37.500   536   536 D commservice260303: sendCmdToPort :332!!!
05-27 18:43:37.500   536   536 D commservice260303: send Cmd To Port ++++5AA501488A010003FD216A16CAD97B22636F6D6D616E64223A7B226964223A22696D755F737461747573222C22737562223A22227D2C22636F6E74656E74223A7B2254696D655374616D70223A31302C224672616D65436F756E746572223A3234343937392C2247445F58223A2D302E30313136303630373637333232373738372C2247445F59223A302E3030353830323737383532373134303631372C2247445F5A223A302E303032303630383238393633323934363235332C2241445F58223A2D302E3030343234313436363532323231363739372C2241445F59223A2D322E313930373936363538333936373231452D352C2241445F5A223A2D302E31373139313132333936323430323334342C2254656D70447370223A302C22537461747573223A302C2243616C69625374617465223A312C22536967416D70496E76616C6964223A307D7D92D3
05-27 18:43:37.500   536   536 D commservice260303: bufferevent_write retrun value = 0
05-27 18:43:37.500   536   560 D commservice260303: client datas send succeed,send finish
05-27 18:43:37.500 13911 14192 D Sentinelmode_1.2.5.17_sentry: <SentryImuClusterFgeSender>imu_status sent to Linux, frame=244979, tsNs=10484742, tsMs=10, intervalMs=40, ad=(-0.0042414665,-2.1907967E-5,-0.17191124), gd=(-0.011606077,0.0058027785,0.002060829)
05-27 08:34:46.464   581   581 D spi_rst_gpio_get_output: GPIO 145 value: 1
05-27 08:34:46.464   581   581 D spidev_ioctl: gpio status=1)
05-27 18:43:37.503   299 30844 D EvsDriver: forwardFrame
05-27 18:43:37.505 13911 14183 I SentryImuMcuAngleSender: 179.986rollDeg
05-27 18:43:37.505   581   581 I SpiService: fgesysctrl_getGPIO_status success val=1
05-27 18:43:37.505   299 30844 D EvsDriver: Delivered 0xb400007b7ca56900 as id 0
05-27 18:43:37.505 13911 14183 I SentryImuMcuAngleSender: 1,0,0
05-27 18:43:37.506  1167  1167 D evsmanagerd: /dev/video6 forwarded the buffer #0 to 0xb4000074bf5f5510 from 0xb4000074bf5f6d90
05-27 18:43:37.506   299 30841 D EvsDriver: forwardFrame
05-27 18:43:37.508   299 30841 D EvsDriver: Delivered 0xb400007b7ca56a60 as id 0
05-27 18:43:37.508  1167  1167 D evsmanagerd: /dev/video4 forwarded the buffer #0 to 0xb4000074bf5f6850 from 0xb4000074bf5f41d0
05-27 08:34:46.470   581   581 D spi_rst_gpio_get_output: GPIO 145 value: 1
05-27 08:34:46.470   581   581 D spidev_ioctl: gpio status=1)
05-27 18:43:37.510   299  1153 D EvsDriver: doneWithFrame
05-27 18:43:37.511   581   581 I SpiService: fgesysctrl_getGPIO_status success val=1
05-27 18:43:37.511   299  1153 D EvsDriver: doneWithFrame
05-27 08:34:46.476   581   581 D spi_rst_gpio_get_output: GPIO 145 value: 1
05-27 08:34:46.476   581   581 D spidev_ioctl: gpio status=1)
05-27 18:43:37.517   581   581 I SpiService: fgesysctrl_getGPIO_status success val=1
05-27 08:34:46.481   581   581 D spi_rst_gpio_get_output: GPIO 145 value: 1
05-27 08:34:46.481   581   581 D spidev_ioctl: gpio status=1)
05-27 18:43:37.519  1008 30857 D [OMXB]  : usingANWBuffer: handle:0xee742530, format:1, w:1920, h:1080
05-27 18:43:37.522   581   581 I SpiService: fgesysctrl_getGPIO_status success val=1
05-27 08:34:46.487   581   581 D spi_rst_gpio_get_output: GPIO 145 value: 1
05-27 08:34:46.487   581   581 D spidev_ioctl: gpio status=1)
05-27 18:43:37.525 13911 14183 I SentryImuMcuAngleSender: 179.97899rollDeg
05-27 18:43:37.526 13911 14183 I SentryImuMcuAngleSender: 1,0,0
05-27 18:43:37.527   572   622 I Sensors : 230 GyroSensor: x:-0.011988,y:0.005192,z:0.002519
05-27 18:43:37.528   581   581 I SpiService: fgesysctrl_getGPIO_status success val=1
05-27 08:34:46.492   581   581 D spi_rst_gpio_get_output: GPIO 145 value: 1
05-27 08:34:46.492   581   581 D spidev_ioctl: gpio status=1)
05-27 18:43:37.531   283   307 I rvcservice: t.code = 3, t.value = 0
05-27 18:43:37.533   581   581 I SpiService: fgesysctrl_getGPIO_status success val=0
05-27 18:43:37.534   299 30844 D EvsDriver: forwardFrame
05-27 18:43:37.536  1167  1167 D evsmanagerd: /dev/video6 forwarded the buffer #0 to 0xb4000074bf5f5510 from 0xb4000074bf5f6d90
05-27 18:43:37.536   299 30844 D EvsDriver: Delivered 0xb400007b7ca56900 as id 0
05-27 08:34:46.498   581   581 D spi_rst_gpio_get_output: GPIO 145 value: 0
05-27 08:34:46.498   581   581 D spidev_ioctl: gpio status=0)
05-27 18:43:37.538  1008 30856 D [OMXB]  : usingANWBuffer: handle:0xee7412a0, format:1, w:1920, h:1080
05-27 18:43:37.540   536   536 D commservice260303: msg.id = 1028,1
05-27 18:43:37.540   536   536 D commservice260303: i = 170, msgid = 8A000404
05-27 18:43:37.540   536   536 D commservice260303: msgid = -1979710460,did=138
05-27 18:43:37.540   536   536 D commservice260303: CommProtocolLibCmdBaseI2C::dataproc {"command":{"id":"imu_status","sub":""},"content":{"TimeStamp":10,"FrameCounter":244980,"GD_X":-0.011987865902483463,"GD_Y":0.00519212381914258,"GD_Z":0.002519079949706793,"AD_X":-0.0030173063278198242,"AD_Y":0.0011900956742465496,"AD_Z":-0.17252349853515625,"TempDsp":0,"Status":0,"CalibState":1,"SigAmpInvalid":0}},-1979710460
05-27 18:43:37.540   299  1153 D EvsDriver: doneWithFrame
05-27 18:43:37.540   536   536 D commservice260303: send2Cluster len:316, 7B22636F6D6D616E64223A7B226964223A22696D755F737461747573222C22737562223A22227D2C22636F6E74656E74223A7B2254696D655374616D70223A31302C224672616D65436F756E746572223A3234343938302C2247445F58223A2D302E3031313938373836353930323438333436332C2247445F59223A302E30303531393231323338313931343235382C2247445F5A223A302E3030323531393037393934393730363739332C2241445F58223A2D302E303033303137333036333237383139383234322C2241445F59223A302E303031313930303935363734323436353439362C2241445F5A223A2D302E31373235323334393835333531353632352C2254656D70447370223A302C22537461747573223A302C2243616C69625374617465223A312C22536967416D70496E76616C6964223A307D7D, 138 
05-27 18:43:37.540   536   536 D commservice260303: Push Message into SendPool fn=587006720
05-27 18:43:37.540   536   536 D commservice260303: ComProtocolLibSend2Cluster::send2ClusterRaw fn=587006720 , len=332
05-27 18:43:37.540   536   536 D commservice260303: sendCmdToPort :332!!!
05-27 18:43:37.540   536   536 D commservice260303: send Cmd To Port ++++5AA501488A010003FD226A16CAD97B22636F6D6D616E64223A7B226964223A22696D755F737461747573222C22737562223A22227D2C22636F6E74656E74223A7B2254696D655374616D70223A31302C224672616D65436F756E746572223A3234343938302C2247445F58223A2D302E3031313938373836353930323438333436332C2247445F59223A302E30303531393231323338313931343235382C2247445F5A223A302E3030323531393037393934393730363739332C2241445F58223A2D302E303033303137333036333237383139383234322C2241445F59223A302E303031313930303935363734323436353439362C2241445F5A223A2D302E31373235323334393835333531353632352C2254656D70447370223A302C22537461747573223A302C2243616C69625374617465223A312C22536967416D70496E76616C6964223A307D7DE265
05-27 18:43:37.540   536   536 D commservice260303: bufferevent_write retrun value = 0
05-27 18:43:37.541   536   560 D commservice260303: client datas send succeed,send finish
05-27 18:43:37.541 13911 14192 D Sentinelmode_1.2.5.17_sentry: <SentryImuClusterFgeSender>imu_status sent to Linux, frame=244980, tsNs=10484777, tsMs=10, intervalMs=40, ad=(-0.0030173063,0.0011900957,-0.1725235), gd=(-0.011987866,0.005192124,0.00251908)
05-27 18:43:37.543   299 30841 D EvsDriver: forwardFrame
05-27 18:43:37.546 13911 14183 I SentryImuMcuAngleSender: 179.97899rollDeg
05-27 18:43:37.546 13911 14183 I SentryImuMcuAngleSender: 1,0,0
05-27 18:43:37.547   299 30841 D EvsDriver: Delivered 0xb400007b7ca56a60 as id 0
05-27 18:43:37.547  1167  1167 D evsmanagerd: /dev/video4 forwarded the buffer #0 to 0xb4000074bf5f6850 from 0xb4000074bf5f41d0
05-27 18:43:37.548   581   581 I SpiService: fgesysctrl_getGPIO_status success val=1
05-27 08:34:46.512   581   581 D spi_rst_gpio_get_output: GPIO 145 value: 1
05-27 08:34:46.512   581   581 D spidev_ioctl: gpio status=1)
05-27 18:43:37.550   299  1153 D EvsDriver: doneWithFrame
05-27 18:43:37.552 13911 13911 I Sentinelmode_1.2.5.17_sentry: <SentinelCarServiceManager>sensorType:291504647
05-27 18:43:37.553   581   581 I SpiService: fgesysctrl_getGPIO_status success val=1
05-27 08:34:46.518   581   581 D spi_rst_gpio_get_output: GPIO 145 value: 1
05-27 08:34:46.518   581   581 D spidev_ioctl: gpio status=1)
05-27 18:43:37.558   536  2579 D commservice260303: send heart beat package to Cluster
05-27 18:43:37.558   536  2579 D commservice260303: send2Cluster len:40, 7B22636F6D6D616E64223A7B226964223A22686561727462656174222C22737562223A22227D7D0A, 129 
05-27 18:43:37.558   536  2579 D commservice260303: Push Message into SendPool fn=603783936
05-27 18:43:37.559   536  2579 D commservice260303: ComProtocolLibSend2Cluster::send2ClusterRaw fn=603783936 , len=56
05-27 18:43:37.559   536  2579 D commservice260303: sendCmdToPort :56!!!
05-27 18:43:37.559   536  2579 D commservice260303: send Cmd To Port ++++5AA5003481010003FD236A16CAD97B22636F6D6D616E64223A7B226964223A22686561727462656174222C22737562223A22227D7D0A170B
05-27 18:43:37.559   581   581 I SpiService: fgesysctrl_getGPIO_status success val=1
05-27 18:43:37.559   536  2579 D commservice260303: bufferevent_write retrun value = 0
05-27 18:43:37.559   536   560 D commservice260303: client datas send succeed,send finish
05-27 18:43:37.560  1008 30857 D [OMXB]  : usingANWBuffer: handle:0xee740bc0, format:1, w:1920, h:1080
05-27 08:34:46.523   581   581 D spi_rst_gpio_get_output: GPIO 145 value: 1
05-27 08:34:46.523   581   581 D spidev_ioctl: gpio status=1)
05-27 18:43:37.562   536   560 D commservice260303: recv len:91, 5AA50057010000003D606A16CAD97B22636F6D6D616E64223A7B226964223A22686561727462656174222C22737562223A22227D2C22726573706F6E65223A7B22636F6465223A302C226D657373616765223A226F6B227D7D0382 from server
05-27 18:43:37.562   536  2578 D commservice260303: mcuDataAnalyzeHandle templen:91,len:91,pos:0, 5AA50057010000003D606A16CAD97B22636F6D6D616E64223A7B226964223A22686561727462656174222C22737562223A22227D2C22726573706F6E65223A7B22636F6465223A302C226D657373616765223A226F6B227D7D0382 
05-27 18:43:37.562   536  2578 I commservice260303: checksumCal = 898
05-27 18:43:37.562   536  2578 D commservice260303: Protocol_C2I_Commservice::dataproc {"command":{"id":"heartbeat","sub":""},"respone":{"code":0,"message":"ok"}},1
05-27 18:43:37.562   536  2578 D commservice260303: Protocol_C2I_Commservice::dataproc Receive a heartbeat command from Cluster, setTcpHeartbeat = EID_UID_HEARTBEAT
05-27 18:43:37.564   581   581 I SpiService: fgesysctrl_getGPIO_status success val=1
05-27 08:34:46.529   581   581 D spi_rst_gpio_get_output: GPIO 145 value: 1
05-27 08:34:46.529   581   581 D spidev_ioctl: gpio status=1)
05-27 18:43:37.566 13911 14183 I SentryImuMcuAngleSender: 179.986rollDeg
05-27 18:43:37.566 13911 14183 I SentryImuMcuAngleSender: 1,0,0
05-27 18:43:37.570   581   581 I SpiService: fgesysctrl_getGPIO_status success val=0
05-27 18:43:37.570   299 30844 D EvsDriver: forwardFrame
05-27 18:43:37.570   299 30841 D EvsDriver: forwardFrame
05-27 18:43:37.572   299 30841 D EvsDriver: Delivered 0xb400007b7ca56a60 as id 0
05-27 18:43:37.572  1167  1167 D evsmanagerd: /dev/video4 forwarded the buffer #0 to 0xb4000074bf5f6850 from 0xb4000074bf5f41d0
05-27 18:43:37.572  1167  1479 D evsmanagerd: /dev/video6 forwarded the buffer #0 to 0xb4000074bf5f5510 from 0xb4000074bf5f6d90
05-27 18:43:37.573   299 30844 D EvsDriver: Delivered 0xb400007b7ca56900 as id 0
05-27 08:34:46.534   581   581 D spi_rst_gpio_get_output: GPIO 145 value: 0
05-27 08:34:46.534   581   581 D spidev_ioctl: gpio status=0)
05-27 18:43:37.576   299  1153 D EvsDriver: doneWithFrame
05-27 18:43:37.577   299  1163 D EvsDriver: doneWithFrame
05-27 18:43:37.580   536   536 D commservice260303: msg.id = 1028,0
05-27 18:43:37.580   536   536 D commservice260303: i = 170, msgid = 8A000404
05-27 18:43:37.580   536   536 D commservice260303: msgid = -1979710460,did=138
05-27 18:43:37.580   536   536 D commservice260303: CommProtocolLibCmdBaseI2C::dataproc {"command":{"id":"imu_status","sub":""},"content":{"TimeStamp":10,"FrameCounter":244981,"GD_X":-0.01221725158393383,"GD_Y":0.00549693126231432,"GD_Z":0.0023671966046094894,"AD_X":-0.0036242902278900146,"AD_Y":-2.87606380879879E-5,"AD_Z":-0.17374134063720703,"TempDsp":0,"Status":0,"CalibState":1,"SigAmpInvalid":0}},-1979710460
05-27 18:43:37.580   536   536 D commservice260303: send2Cluster len:315, 7B22636F6D6D616E64223A7B226964223A22696D755F737461747573222C22737562223A22227D2C22636F6E74656E74223A7B2254696D655374616D70223A31302C224672616D65436F756E746572223A3234343938312C2247445F58223A2D302E30313232313732353135383339333338332C2247445F59223A302E30303534393639333132363233313433322C2247445F5A223A302E303032333637313936363034363039343839342C2241445F58223A2D302E303033363234323930323237383930303134362C2241445F59223A2D322E3837363036333830383739383739452D352C2241445F5A223A2D302E31373337343133343036333732303730332C2254656D70447370223A302C22537461747573223A302C2243616C69625374617465223A312C22536967416D70496E76616C6964223A307D7D, 138 
05-27 18:43:37.581   536   536 D commservice260303: Push Message into SendPool fn=620561152
05-27 18:43:37.581   536   536 D commservice260303: ComProtocolLibSend2Cluster::send2ClusterRaw fn=620561152 , len=331
05-27 18:43:37.581   536   536 D commservice260303: sendCmdToPort :331!!!
05-27 18:43:37.581   536   536 D commservice260303: send Cmd To Port ++++5AA501478A010003FD246A16CAD97B22636F6D6D616E64223A7B226964223A22696D755F737461747573222C22737562223A22227D2C22636F6E74656E74223A7B2254696D655374616D70223A31302C224672616D65436F756E746572223A3234343938312C2247445F58223A2D302E30313232313732353135383339333338332C2247445F59223A302E30303534393639333132363233313433322C2247445F5A223A302E303032333637313936363034363039343839342C2241445F58223A2D302E303033363234323930323237383930303134362C2241445F59223A2D322E3837363036333830383739383739452D352C2241445F5A223A2D302E31373337343133343036333732303730332C2254656D70447370223A302C22537461747573223A302C2243616C69625374617465223A312C22536967416D70496E76616C6964223A307D7D2429
05-27 18:43:37.581   536   536 D commservice260303: bufferevent_write retrun value = 0
05-27 18:43:37.582   536   560 D commservice260303: client datas send succeed,send finish
05-27 18:43:37.582 13911 14192 D Sentinelmode_1.2.5.17_sentry: <SentryImuClusterFgeSender>imu_status sent to Linux, frame=244981, tsNs=10484813, tsMs=10, intervalMs=42, ad=(-0.0036242902,-2.8760638E-5,-0.17374134), gd=(-0.012217252,0.0054969313,0.0023671966)
05-27 18:43:37.583 13911 14131 D SVR_MNG_SvrMngProxy: getServer: mSvrManger is null
05-27 18:43:37.583 13911 14131 D SVR_MNG_SvrMngProxy: getNewStub: 
05-27 18:43:37.583 13911 14131 D SVR_MNG_SvrMngProxy: getNewStub: getSvrManagerService start
05-27 18:43:37.583 13911 14131 D SVR_MNG_SvrMngProxy: getNewStub: getSvrManagerService end
05-27 18:43:37.583 13911 14131 D SVR_MNG_SvrMngProxy: getServer: svrMngService doesn't start
05-27 18:43:37.584   481   598 I mcuc    : rev,n=1,6AA681D32E000A8900F2010409201234562F
05-27 18:43:37.584  1121  1144 I tboxmids_ap: [2026-05-27 18:43:37.584] [MCU RX] src=MCU dst=ZMQ len=10 type=BINARY data=00 08 F2 01 04 09 20 12 34 56 
05-27 18:43:37.584   351   373 D automotive.vehicle@2.0-adayo-datacomm-mcu: MCUDatacomm sendMessageFromVehicle prop: 0x89, areaId: 0x0, status: 0xf2, timestamp: 0x1
05-27 18:43:37.584   351   373 D automotive.vehicle@2.0-adayo-datacomm-mcu: MCUDatacomm 1sendMessageFromVehicle ---> type = 12 
05-27 18:43:37.584   581   581 I SpiService: fgesysctrl_getGPIO_status success val=1
05-27 08:34:46.549   581   581 D spi_rst_gpio_get_output: GPIO 145 value: 1
05-27 08:34:46.549   581   581 D spidev_ioctl: gpio status=1)
05-27 18:43:37.585  1083  1083 I MyAppLog: [2026-05-27 18:43:37.584 I tboxap mcuCommTboxmidsRecvCb:97] [Mcu] [mcuCommTboxmidsRecvCb] recv from tboxmids, size:10
05-27 18:43:37.585  1083  1083 I MyAppLog: [2026-05-27 18:43:37.584 I tboxap mcuCommTboxmidsRecvCb:98] [Mcu] [tboxmids -> tboxap]: :00 08 F2 01 04 09 20 12 34 56
05-27 18:43:37.585  1083  1083 I MyAppLog: [2026-05-27 18:43:37.585 I tboxap mcuPtlParseData:990] [Mcu] [Mcu  Parse]: (cmd):0920 (param):0920123456
05-27 18:43:37.586  1083  1083 W MyAppLog: [2026-05-27 18:43:37.585 W tboxap mcuParamDataRevPack:918] [Mcu] mcuParamDataRevPack start pack data!!!
05-27 18:43:37.586  1083  1083 W MyAppLog: [2026-05-27 18:43:37.585 W tboxap mcuHandleTrigAlarmInd:1906] [Mcu] [mcuHandleTrigAlarmInd] trig alarm rpt, msgId:0x0200 alarmType:0x12 12VBatt:0x34
05-27 18:43:37.586  1083  1083 I MyAppLog: [2026-05-27 18:43:37.585 I tboxap mcuSendYadiTransfer:196] [Mcu] [mcuYadiSend]: :00 06 8A 04 01 09 A0 01
05-27 18:43:37.586  1083  1083 W MyAppLog: [2026-05-27 18:43:37.585 W tboxap tsp_ExternalEvent:109] [Tsp] [tsp_ExternalEvent] recv ExternalEvent = 61, size:4
05-27 18:43:37.586  1083  1083 W MyAppLog: [2026-05-27 18:43:37.585 W tboxap tsp_TrigAlarmFilter:621] [Tsp] [tsp_TrigAlarmFilter] bit[1] check start: isActive:1 wasActive:1 lastReport:1779875391 delta:3226 severeCnt:0 severeDelta:-1
05-27 18:43:37.586 13911 14183 I SentryImuMcuAngleSender: 179.97899rollDeg
05-27 18:43:37.586  1083  1083 W MyAppLog: [2026-05-27 18:43:37.585 W tboxap tsp_TrigAlarmFilter:668] [Tsp] [tsp_TrigAlarmFilter] bit[1] check done: allow:0 outAlarmType:0x00 outBatt:0x00
05-27 18:43:37.586 13911 14183 I SentryImuMcuAngleSender: 1,0,0
05-27 18:43:37.586  1083  1083 W MyAppLog: [2026-05-27 18:43:37.585 W tboxap tsp_TrigAlarmFilter:621] [Tsp] [tsp_TrigAlarmFilter] bit[10] check start: isActive:1 wasActive:1 lastReport:1779875391 delta:3226 severeCnt:0 severeDelta:-1
05-27 18:43:37.586  1083  1083 W MyAppLog: [2026-05-27 18:43:37.585 W tboxap tsp_TrigAlarmFilter:668] [Tsp] [tsp_TrigAlarmFilter] bit[10] check done: allow:0 outAlarmType:0x00 outBatt:0x00
05-27 18:43:37.587  1083  1083 W MyAppLog: [2026-05-27 18:43:37.585 W tboxap tsp_TrigAlarmFilter:677] [Tsp] [tsp_TrigAlarmFilter] input alarmType:0x02 batt:0x04 output alarmType:0x00 batt:0x00 severeCnt:0
05-27 18:43:37.588   481   599 I mcuc    : start timer OK = 29542 
05-27 18:43:37.588  1008 30856 D [OMXB]  : usingANWBuffer: handle:0xee740e80, format:1, w:1920, h:1080
05-27 18:43:37.590   581   581 I SpiService: fgesysctrl_getGPIO_status success val=1
05-27 08:34:46.555   581   581 D spi_rst_gpio_get_output: GPIO 145 value: 1
05-27 08:34:46.555   581   581 D spidev_ioctl: gpio status=1)
05-27 18:43:37.596   581   581 I SpiService: fgesysctrl_getGPIO_status success val=1
05-27 08:34:46.560   581   581 D spi_rst_gpio_get_output: GPIO 145 value: 1
05-27 08:34:46.560   581   581 D spidev_ioctl: gpio status=1)
05-27 18:43:37.597   299 30841 D EvsDriver: forwardFrame
05-27 18:43:37.597   299 30844 D EvsDriver: forwardFrame
05-27 18:43:37.599   299 30841 D EvsDriver: Delivered 0xb400007b7ca56a60 as id 0
05-27 18:43:37.600  1167  1167 D evsmanagerd: /dev/video4 forwarded the buffer #0 to 0xb4000074bf5f6850 from 0xb4000074bf5f41d0
05-27 18:43:37.600 30773 30773 E dvr_service_: [myNum:0] Received S**** loss
05-27 18:43:37.600   299  1163 D EvsDriver: doneWithFrame
05-27 18:43:37.600   299 30844 D EvsDriver: Delivered 0xb400007b7ca56900 as id 0
05-27 18:43:37.600  1167  1167 D evsmanagerd: /dev/video6 forwarded the buffer #0 to 0xb4000074bf5f5510 from 0xb4000074bf5f6d90
05-27 18:43:37.600 30773 30773 E dvr_service_: [myNum:1] Received S**** loss
05-27 18:43:37.601   299  1163 D EvsDriver: doneWithFrame
05-27 18:43:37.601   581   581 I SpiService: fgesysctrl_getGPIO_status success val=1
05-27 08:34:46.566   581   581 D spi_rst_gpio_get_output: GPIO 145 value: 1
05-27 08:34:46.566   581   581 D spidev_ioctl: gpio status=1)
05-27 18:43:37.605  1008 30857 D [OMXB]  : usingANWBuffer: handle:0xee741c40, format:1, w:1920, h:1080
05-27 18:43:37.607   581   581 I SpiService: fgesysctrl_getGPIO_status success val=0
05-27 18:43:37.607   481   597 I mcuc    : send SPI:6AA602D32E00028900726AA601736600F809018A040109A001000000000000000000000000000000000000000000000000000000000000000000000000000000000000000000000000000000000000000000000000000000000000000000000000000000000000000000000000000000000000000000000000000000000000000000000000000000000000000000000000000000000000000000000000000000000000000000000000000000000000000000000000000000000000000000000000000000000000000000000000000000000000000000000000000000000000000000000000000000000000000000000000000000000000000000000000000000000000000000000000EB
05-27 18:43:37.607 13911 14183 I SentryImuMcuAngleSender: 179.986rollDeg
05-27 18:43:37.608 13911 14183 I SentryImuMcuAngleSender: 1,0,0
05-27 08:34:46.571   581   581 D spi_rst_gpio_get_output: GPIO 145 value: 0
05-27 08:34:46.571   581   581 D spidev_ioctl: gpio status=0)
05-27 18:43:37.619  1008 30856 D [OMXB]  : usingANWBuffer: handle:0xee742a00, format:1, w:1920, h:1080
05-27 18:43:37.622   536   536 D commservice260303: msg.id = 1028,1
05-27 18:43:37.622   536   536 D commservice260303: i = 170, msgid = 8A000404
05-27 18:43:37.622   536   536 D commservice260303: msgid = -1979710460,did=138
05-27 18:43:37.622   536   536 D commservice260303: CommProtocolLibCmdBaseI2C::dataproc {"command":{"id":"imu_status","sub":""},"content":{"TimeStamp":10,"FrameCounter":244982,"GD_X":-0.011223767884075642,"GD_Y":0.0056498548947274685,"GD_Z":0.0017560218693688512,"AD_X":-0.0054429322481155396,"AD_Y":-0.002463941927999258,"AD_Z":-0.17008209228515625,"TempDsp":0,"Status":0,"CalibState":1,"SigAmpInvalid":0}},-1979710460
05-27 18:43:37.622   581   581 I SpiService: fgesysctrl_getGPIO_status success val=1
05-27 18:43:37.622   536   536 D commservice260303: send2Cluster len:319, 7B22636F6D6D616E64223A7B226964223A22696D755F737461747573222C22737562223A22227D2C22636F6E74656E74223A7B2254696D655374616D70223A31302C224672616D65436F756E746572223A3234343938322C2247445F58223A2D302E3031313232333736373838343037353634322C2247445F59223A302E303035363439383534383934373237343638352C2247445F5A223A302E303031373536303231383639333638383531322C2241445F58223A2D302E303035343432393332323438313135353339362C2241445F59223A2D302E3030323436333934313932373939393235382C2241445F5A223A2D302E31373030383230393232383531353632352C2254656D70447370223A302C22537461747573223A302C2243616C69625374617465223A312C22536967416D70496E76616C6964223A307D7D, 138 
05-27 18:43:37.623   536   536 D commservice260303: Push Message into SendPool fn=637338368
05-27 18:43:37.623   536   536 D commservice260303: ComProtocolLibSend2Cluster::send2ClusterRaw fn=637338368 , len=335
05-27 18:43:37.623   536   536 D commservice260303: sendCmdToPort :335!!!
05-27 18:43:37.623   536   536 D commservice260303: send Cmd To Port ++++5AA5014B8A010003FD256A16CAD97B22636F6D6D616E64223A7B226964223A22696D755F737461747573222C22737562223A22227D2C22636F6E74656E74223A7B2254696D655374616D70223A31302C224672616D65436F756E746572223A3234343938322C2247445F58223A2D302E3031313232333736373838343037353634322C2247445F59223A302E303035363439383534383934373237343638352C2247445F5A223A302E303031373536303231383639333638383531322C2241445F58223A2D302E303035343432393332323438313135353339362C2241445F59223A2D302E3030323436333934313932373939393235382C2241445F5A223A2D302E31373030383230393232383531353632352C2254656D70447370223A302C22537461747573223A302C2243616C69625374617465223A312C22536967416D70496E76616C6964223A307D7D70CF
05-27 18:43:37.623   536   536 D commservice260303: bufferevent_write retrun value = 0
05-27 18:43:37.623   536   560 D commservice260303: client datas send succeed,send finish
05-27 18:43:37.623 30773 30786 I dvr_service_: CameraX 1  audioOK: 27456000,audios:430
05-27 18:43:37.624 13911 14192 D Sentinelmode_1.2.5.17_sentry: <SentryImuClusterFgeSender>imu_status sent to Linux, frame=244982, tsNs=10484867, tsMs=10, intervalMs=41, ad=(-0.0054429322,-0.002463942,-0.17008209), gd=(-0.011223768,0.005649855,0.0017560219)
05-27 08:34:46.587   581   581 D spi_rst_gpio_get_output: GPIO 145 value: 1
05-27 08:34:46.587   581   581 D spidev_ioctl: gpio status=1)
05-27 18:43:37.628 13911 14183 I SentryImuMcuAngleSender: 180.0rollDeg
05-27 18:43:37.628 13911 14183 I SentryImuMcuAngleSender: 1,0,0
05-27 18:43:37.629   581   581 I SpiService: fgesysctrl_getGPIO_status success val=1
05-27 18:43:37.631   283   307 I rvcservice: t.code = 1, t.value = -167140
05-27 08:34:46.593   581   581 D spi_rst_gpio_get_output: GPIO 145 value: 1
05-27 08:34:46.593   581   581 D spidev_ioctl: gpio status=1)
05-27 18:43:37.633   536   560 D commservice260303: recv len:77, 5AA50049060000003D616A16CAD97B22636F6D6D616E64223A7B226964223A226473695F6C7578222C22737562223A22227D2C22636F6E74656E74223A7B2276616C7565223A3230307D7DBFDC from server
05-27 18:43:37.633   536  2578 D commservice260303: mcuDataAnalyzeHandle templen:77,len:77,pos:0, 5AA50049060000003D616A16CAD97B22636F6D6D616E64223A7B226964223A226473695F6C7578222C22737562223A22227D2C22636F6E74656E74223A7B2276616C7565223A3230307D7DBFDC 
05-27 18:43:37.633   536  2578 I commservice260303: checksumCal = 49116
