05-27 18:43:36.409   536   536 D commservice260303: msg.id = 1028,1
05-27 18:43:36.409   536   536 D commservice260303: i = 170, msgid = 8A000404
05-27 18:43:36.409   536   536 D commservice260303: msgid = -1979710460,did=138
05-27 18:43:36.409   536   536 D commservice260303: CommProtocolLibCmdBaseI2C::dataproc {"command":{"id":"imu_status","sub":""},"content":{"TimeStamp":10,"FrameCounter":244952,"GD_X":-0.011377211660146713,"GD_Y":0.005039200186729431,"GD_Z":0.0019848872907459736,"AD_X":-0.005900591611862183,"AD_Y":-0.0010603591799736023,"AD_Z":-0.16947650909423828,"TempDsp":0,"Status":0,"CalibState":1,"SigAmpInvalid":0}},-1979710460
05-27 18:43:36.409   536   536 D commservice260303: send2Cluster len:318, 7B22636F6D6D616E64223A7B226964223A22696D755F737461747573222C22737562223A22227D2C22636F6E74656E74223A7B2254696D655374616D70223A31302C224672616D65436F756E746572223A3234343935322C2247445F58223A2D302E3031313337373231313636303134363731332C2247445F59223A302E3030353033393230303138363732393433312C2247445F5A223A302E303031393834383837323930373435393733362C2241445F58223A2D302E3030353930303539313631313836323138332C2241445F59223A2D302E303031303630333539313739393733363032332C2241445F5A223A2D302E31363934373635303930393432333832382C2254656D70447370223A302C22537461747573223A302C2243616C69625374617465223A312C22536967416D70496E76616C6964223A307D7D, 138 
05-27 18:43:36.409   536   536 D commservice260303: Push Message into SendPool fn=117244672
05-27 18:43:36.409   536   536 D commservice260303: ComProtocolLibSend2Cluster::send2ClusterRaw fn=117244672 , len=334
05-27 18:43:36.410   536   536 D commservice260303: sendCmdToPort :334!!!
05-27 18:43:36.410   536   536 D commservice260303: send Cmd To Port ++++5AA5014A8A010003FD066A16CAD87B22636F6D6D616E64223A7B226964223A22696D755F737461747573222C22737562223A22227D2C22636F6E74656E74223A7B2254696D655374616D70223A31302C224672616D65436F756E746572223A3234343935322C2247445F58223A2D302E3031313337373231313636303134363731332C2247445F59223A302E3030353033393230303138363732393433312C2247445F5A223A302E303031393834383837323930373435393733362C2241445F58223A2D302E3030353930303539313631313836323138332C2241445F59223A2D302E303031303630333539313739393733363032332C2241445F5A223A2D302E31363934373635303930393432333832382C2254656D70447370223A302C22537461747573223A302C2243616C69625374617465223A312C22536967416D70496E76616C6964223A307D7D338A
05-27 18:43:36.410   536   536 D commservice260303: bufferevent_write retrun value = 0
05-27 18:43:36.410   536   560 D commservice260303: client datas send succeed,send finish
05-27 18:43:36.410 13911 14192 D Sentinelmode_1.2.5.17_sentry: <SentryImuClusterFgeSender>imu_status sent to Linux, frame=244952, tsNs=10483656, tsMs=10, intervalMs=37, ad=(-0.0059005916,-0.0010603592,-0.16947651), gd=(-0.011377212,0.0050392,0.0019848873)
05-27 18:43:36.411   566 11459 I gps_hdbd: Received: '$GPGSV,1,1,01,199,42,165,,1*60
'
05-27 18:43:36.411   566 11459 I gps_hdbd: Received: '$GPGSV,1,1,00,8*6D
'
05-27 18:43:36.411   566 11459 I gps_hdbd: Received: '$GAGSV,1,1,00,7*73
'
05-27 18:43:36.414   581   581 I SpiService: fgesysctrl_getGPIO_status success val=1
05-27 18:43:36.416 13911 14183 I SentryImuMcuAngleSender: 179.993rollDeg
05-27 18:43:36.416   566 11459 I gps_hdbd: Received: '$GAGSV,1,1,00,1*75
'
05-27 18:43:36.416 13911 14183 I SentryImuMcuAngleSender: 1,0,0
05-27 08:34:45.378   581   581 D spi_rst_gpio_get_output: GPIO 145 value: 1
05-27 08:34:45.378   581   581 D spidev_ioctl: gpio status=1)
05-27 08:34:45.384   581   581 D spi_rst_gpio_get_output: GPIO 145 value: 1
05-27 08:34:45.384   581   581 D spidev_ioctl: gpio status=1)
05-27 18:43:36.419   581   581 I SpiService: fgesysctrl_getGPIO_status success val=1
05-27 18:43:36.422   566 11459 I gps_hdbd: Received: '$GNRMC,005927.000,V,,,,,,,270526,120.0,E,N,V*4C
'
05-27 18:43:36.422   566 11459 I gps_hdbd: RMC : CALL gnss_sv_status_cb, view_in_sat <1>
05-27 18:43:36.422   566 11459 I gps_hdbd: [reportSvStatus]--->PLATFORM_BSP::Enter
05-27 18:43:36.422   566 11459 I gps_hdbd: hy abnormal deal:hy_cnr30_satellite_cnt=0
05-27 18:43:36.422   566 11459 D gps_hdbd: hy abnormal deal:hy_fixStatus_fail_count=0
05-27 18:43:36.423   566 11459 I gps_hdbd: Received: '$GNZDA,005927.000,27,05,2026,00,00*47
'
05-27 18:43:36.423  1083  1083 W MyAppLog: [2026-05-27 18:43:36.422 W tboxap gpsSyncGpsInfoToDm:361] [Gps] [gpsSyncGpsInfoToDm] fix=0 mode=49 corner:0x01 alt=0.00 sat=0 hdop=0.00 pdop=0.00 vdop=0.00
05-27 18:43:36.423  1008 30856 D [OMXB]  : usingANWBuffer: handle:0xee7437c0, format:1, w:1920, h:1080
05-27 08:34:45.389   581   581 D spi_rst_gpio_get_output: GPIO 145 value: 0
05-27 18:43:36.425   581   581 I SpiService: fgesysctrl_getGPIO_status success val=0
05-27 08:34:45.389   581   581 D spidev_ioctl: gpio status=0)
05-27 18:43:36.429   283   307 I rvcservice: t.code = 1, t.value = -172019
05-27 18:43:36.434   299 30841 D EvsDriver: forwardFrame
05-27 18:43:36.434   299 30844 D EvsDriver: forwardFrame
05-27 18:43:36.437   299 30844 D EvsDriver: Delivered 0xb400007b7ca56900 as id 0
05-27 18:43:36.437 13911 14183 I SentryImuMcuAngleSender: 179.986rollDeg
05-27 18:43:36.437 13911 14183 I SentryImuMcuAngleSender: 1,0,0
05-27 18:43:36.437  1167  1167 D evsmanagerd: /dev/video6 forwarded the buffer #0 to 0xb4000074bf5f5510 from 0xb4000074bf5f6d90
05-27 18:43:36.437 30773 30783 E dvr_service_: [myNum:1] Received S**** loss
05-27 18:43:36.438   299  1153 D EvsDriver: doneWithFrame
05-27 18:43:36.438   299 30841 D EvsDriver: Delivered 0xb400007b7ca56a60 as id 0
05-27 18:43:36.438  1167  1167 D evsmanagerd: /dev/video4 forwarded the buffer #0 to 0xb4000074bf5f6850 from 0xb4000074bf5f41d0
05-27 18:43:36.438 30773 30783 E dvr_service_: [myNum:0] Received S**** loss
05-27 18:43:36.439   581   581 I SpiService: fgesysctrl_getGPIO_status success val=1
05-27 18:43:36.439   299  1153 D EvsDriver: doneWithFrame
05-27 08:34:45.403   581   581 D spi_rst_gpio_get_output: GPIO 145 value: 1
05-27 08:34:45.403   581   581 D spidev_ioctl: gpio status=1)
05-27 18:43:36.444  1008 30857 D [OMXB]  : usingANWBuffer: handle:0xee746c00, format:1, w:1920, h:1080
05-27 18:43:36.444   581   581 I SpiService: fgesysctrl_getGPIO_status success val=1
05-27 08:34:45.409   581   581 D spi_rst_gpio_get_output: GPIO 145 value: 1
05-27 18:43:36.445   566 11459 I gps_hdbd: Received: '$GNINS,1,1,TYPE,I,V,005927.000,19078000,FUS,-3,0,0,0,MOT,V,1,PATT,0.00,0.00,0.00,VEL,0.000,0.000,0.000,POS,40.0001330924,116.0001570688,84.176,IIA,1,0.00,0.00,0.00,BGA,0.31,-0.66,-0.13,0.000,0.000,0.000,IGA,0,-1,0,0,-2,98,VG,16c2ff1*1D
'
05-27 08:34:45.409   581   581 D spidev_ioctl: gpio status=1)
05-27 18:43:36.450   581   581 I SpiService: fgesysctrl_getGPIO_status success val=1
05-27 18:43:36.451   536   536 D commservice260303: msg.id = 1028,1
05-27 18:43:36.451   536   536 D commservice260303: i = 170, msgid = 8A000404
05-27 18:43:36.451   536   536 D commservice260303: msgid = -1979710460,did=138
05-27 18:43:36.451   536   536 D commservice260303: CommProtocolLibCmdBaseI2C::dataproc {"command":{"id":"imu_status","sub":""},"content":{"TimeStamp":10,"FrameCounter":244953,"GD_X":-0.012370175682008266,"GD_Y":0.005268065724521875,"GD_Z":0.0022902146447449923,"AD_X":-0.0034601837396621704,"AD_Y":1.585718709975481E-4,"AD_Z":-0.17130661010742188,"TempDsp":0,"Status":0,"CalibState":1,"SigAmpInvalid":0}},-1979710460
05-27 18:43:36.451   536   536 D commservice260303: send2Cluster len:317, 7B22636F6D6D616E64223A7B226964223A22696D755F737461747573222C22737562223A22227D2C22636F6E74656E74223A7B2254696D655374616D70223A31302C224672616D65436F756E746572223A3234343935332C2247445F58223A2D302E3031323337303137353638323030383236362C2247445F59223A302E3030353236383036353732343532313837352C2247445F5A223A302E303032323930323134363434373434393932332C2241445F58223A2D302E303033343630313833373339363632313730342C2241445F59223A312E353835373138373039393735343831452D342C2241445F5A223A2D302E31373133303636313031303734323138382C2254656D70447370223A302C22537461747573223A302C2243616C69625374617465223A312C22536967416D70496E76616C6964223A307D7D, 138 
05-27 18:43:36.451   536   536 D commservice260303: Push Message into SendPool fn=134021888
05-27 18:43:36.451   536   536 D commservice260303: ComProtocolLibSend2Cluster::send2ClusterRaw fn=134021888 , len=333
05-27 18:43:36.451   536   536 D commservice260303: sendCmdToPort :333!!!
05-27 18:43:36.451   536   536 D commservice260303: send Cmd To Port ++++5AA501498A010003FD076A16CAD87B22636F6D6D616E64223A7B226964223A22696D755F737461747573222C22737562223A22227D2C22636F6E74656E74223A7B2254696D655374616D70223A31302C224672616D65436F756E746572223A3234343935332C2247445F58223A2D302E3031323337303137353638323030383236362C2247445F59223A302E3030353236383036353732343532313837352C2247445F5A223A302E303032323930323134363434373434393932332C2241445F58223A2D302E303033343630313833373339363632313730342C2241445F59223A312E353835373138373039393735343831452D342C2241445F5A223A2D302E31373133303636313031303734323138382C2254656D70447370223A302C22537461747573223A302C2243616C69625374617465223A312C22536967416D70496E76616C6964223A307D7DA80F
05-27 18:43:36.451   536   536 D commservice260303: bufferevent_write retrun value = 0
05-27 18:43:36.451   536   560 D commservice260303: client datas send succeed,send finish
05-27 18:43:36.451 13911 14192 D Sentinelmode_1.2.5.17_sentry: <SentryImuClusterFgeSender>imu_status sent to Linux, frame=244953, tsNs=10483678, tsMs=10, intervalMs=41, ad=(-0.0034601837,1.5857187E-4,-0.17130661), gd=(-0.012370176,0.0052680657,0.0022902146)
05-27 08:34:45.414   581   581 D spi_rst_gpio_get_output: GPIO 145 value: 1
05-27 08:34:45.414   581   581 D spidev_ioctl: gpio status=1)
05-27 18:43:36.455   581   581 I SpiService: fgesysctrl_getGPIO_status success val=1
05-27 18:43:36.456   566 11459 I gps_hdbd: Received: '$GNINS,CARSPEED,ADR_STATUS,0,Pulse_count,0,1,0,0,19078000,104630,0.000,0.000,0.000*01
'
05-27 08:34:45.420   581   581 D spi_rst_gpio_get_output: GPIO 145 value: 1
05-27 08:34:45.420   581   581 D spidev_ioctl: gpio status=1)
05-27 18:43:36.457 13911 14183 I SentryImuMcuAngleSender: 179.986rollDeg
05-27 18:43:36.457 13911 14183 I SentryImuMcuAngleSender: 1,0,0
05-27 18:43:36.461   581   581 I SpiService: fgesysctrl_getGPIO_status success val=0
05-27 18:43:36.463   566 11459 I gps_hdbd: Received: '$GNTXT,04,01,04,INS,V,1,,,,FLG,1,000000,1,0,1,0,0,Con,0*71
'
05-27 18:43:36.463   566 11459 I gps_hdbd: Received: '$GNTXT,INSTALL,0.00,0.00,0.00,0.00,0.00,0.00,0*20
'
05-27 08:34:45.425   581   581 D spi_rst_gpio_get_output: GPIO 145 value: 0
05-27 08:34:45.425   581   581 D spidev_ioctl: gpio status=0)
05-27 18:43:36.470   299 30844 D EvsDriver: forwardFrame
05-27 18:43:36.470   299 30841 D EvsDriver: forwardFrame
05-27 18:43:36.471   299 30844 D EvsDriver: Delivered 0xb400007b7ca56900 as id 0
05-27 18:43:36.472  1167  1167 D evsmanagerd: /dev/video6 forwarded the buffer #0 to 0xb4000074bf5f5510 from 0xb4000074bf5f6d90
05-27 18:43:36.473   299 30841 D EvsDriver: Delivered 0xb400007b7ca56a60 as id 0
05-27 18:43:36.473  1167  1167 D evsmanagerd: /dev/video4 forwarded the buffer #0 to 0xb4000074bf5f6850 from 0xb4000074bf5f41d0
05-27 08:34:45.440   581   581 D spi_rst_gpio_get_output: GPIO 145 value: 1
05-27 08:34:45.440   581   581 D spidev_ioctl: gpio status=1)
05-27 18:43:36.476   581   581 I SpiService: fgesysctrl_getGPIO_status success val=1
05-27 18:43:36.477   299  1163 D EvsDriver: doneWithFrame
05-27 18:43:36.477   572   572 I Sensors : 230 AccelSensor: x:-0.167140,y:0.002440,z:-9.975940
05-27 18:43:36.477   299  1153 D EvsDriver: doneWithFrame
05-27 18:43:36.478 13911 14183 I SentryImuMcuAngleSender: 179.97899rollDeg
05-27 18:43:36.478 13911 14183 I SentryImuMcuAngleSender: 1,0,0
05-27 18:43:36.478  1008 30856 D [OMXB]  : usingANWBuffer: handle:0xee745600, format:1, w:1920, h:1080
05-27 18:43:36.479 30773 30789 I dvr_service_: Camera 0: MediaOK:26328898, frames:610, isKeyFrame:0,pts:10483386855
05-27 18:43:36.481   581   581 I SpiService: fgesysctrl_getGPIO_status success val=1
05-27 08:34:45.446   581   581 D spi_rst_gpio_get_output: GPIO 145 value: 1
05-27 08:34:45.446   581   581 D spidev_ioctl: gpio status=1)
05-27 18:43:36.487   581   581 I SpiService: fgesysctrl_getGPIO_status success val=1
05-27 08:34:45.452   581   581 D spi_rst_gpio_get_output: GPIO 145 value: 1
05-27 08:34:45.452   581   581 D spidev_ioctl: gpio status=1)
05-27 18:43:36.489  1008 30857 D [OMXB]  : usingANWBuffer: handle:0xee742270, format:1, w:1920, h:1080
05-27 18:43:36.491   536   536 D commservice260303: msg.id = 1028,0
05-27 18:43:36.491   536   536 D commservice260303: i = 170, msgid = 8A000404
05-27 18:43:36.491   536   536 D commservice260303: msgid = -1979710460,did=138
05-27 18:43:36.491   536   536 D commservice260303: CommProtocolLibCmdBaseI2C::dataproc {"command":{"id":"imu_status","sub":""},"content":{"TimeStamp":10,"FrameCounter":244954,"GD_X":-0.012293193489313126,"GD_Y":0.0056498548947274685,"GD_Z":0.002213752595707774,"AD_X":-0.0022575408220291138,"AD_Y":-0.001670144614763558,"AD_Z":-0.17069625854492188,"TempDsp":0,"Status":0,"CalibState":1,"SigAmpInvalid":0}},-1979710460
05-27 18:43:36.491 10188 11505 E SSense.fps: We could not find the file :/sys/class/display/dispc0/frame_count
05-27 18:43:36.491   536   536 D commservice260303: send2Cluster len:318, 7B22636F6D6D616E64223A7B226964223A22696D755F737461747573222C22737562223A22227D2C22636F6E74656E74223A7B2254696D655374616D70223A31302C224672616D65436F756E746572223A3234343935342C2247445F58223A2D302E3031323239333139333438393331333132362C2247445F59223A302E303035363439383534383934373237343638352C2247445F5A223A302E3030323231333735323539353730373737342C2241445F58223A2D302E303032323537353430383232303239313133382C2241445F59223A2D302E3030313637303134343631343736333535382C2241445F5A223A2D302E31373036393632353835343439323138382C2254656D70447370223A302C22537461747573223A302C2243616C69625374617465223A312C22536967416D70496E76616C6964223A307D7D, 138 
05-27 18:43:36.491   536   536 D commservice260303: Push Message into SendPool fn=150799104
05-27 18:43:36.491   536   536 D commservice260303: ComProtocolLibSend2Cluster::send2ClusterRaw fn=150799104 , len=334
05-27 18:43:36.491   536   536 D commservice260303: sendCmdToPort :334!!!
05-27 18:43:36.491   536   536 D commservice260303: send Cmd To Port ++++5AA5014A8A010003FD086A16CAD87B22636F6D6D616E64223A7B226964223A22696D755F737461747573222C22737562223A22227D2C22636F6E74656E74223A7B2254696D655374616D70223A31302C224672616D65436F756E746572223A3234343935342C2247445F58223A2D302E3031323239333139333438393331333132362C2247445F59223A302E303035363439383534383934373237343638352C2247445F5A223A302E3030323231333735323539353730373737342C2241445F58223A2D302E303032323537353430383232303239313133382C2241445F59223A2D302E3030313637303134343631343736333535382C2241445F5A223A2D302E31373036393632353835343439323138382C2254656D70447370223A302C22537461747573223A302C2243616C69625374617465223A312C22536967416D70496E76616C6964223A307D7DCC3D
05-27 18:43:36.491   536   536 D commservice260303: bufferevent_write retrun value = 0
05-27 18:43:36.491   536   560 D commservice260303: client datas send succeed,send finish
05-27 18:43:36.491 13911 14192 D Sentinelmode_1.2.5.17_sentry: <SentryImuClusterFgeSender>imu_status sent to Linux, frame=244954, tsNs=10483728, tsMs=10, intervalMs=40, ad=(-0.0022575408,-0.0016701446,-0.17069626), gd=(-0.0122931935,0.005649855,0.0022137526)
05-27 18:43:36.492   581   581 I SpiService: fgesysctrl_getGPIO_status success val=1
05-27 08:34:45.457   581   581 D spi_rst_gpio_get_output: GPIO 145 value: 1
05-27 08:34:45.457   581   581 D spidev_ioctl: gpio status=1)
05-27 18:43:36.497   299 30841 D EvsDriver: forwardFrame
05-27 18:43:36.497   299 30844 D EvsDriver: forwardFrame
05-27 18:43:36.499   581   581 I SpiService: fgesysctrl_getGPIO_status success val=1
05-27 18:43:36.500   299 30841 D EvsDriver: Delivered 0xb400007b7ca56a60 as id 0
05-27 18:43:36.500   299 30844 D EvsDriver: Delivered 0xb400007b7ca56900 as id 0
05-27 18:43:36.500  1167  1479 D evsmanagerd: /dev/video6 forwarded the buffer #0 to 0xb4000074bf5f5510 from 0xb4000074bf5f6d90
05-27 18:43:36.500  1167  1167 D evsmanagerd: /dev/video4 forwarded the buffer #0 to 0xb4000074bf5f6850 from 0xb4000074bf5f41d0
05-27 08:34:45.463   581   581 D spi_rst_gpio_get_output: GPIO 145 value: 1
05-27 08:34:45.463   581   581 D spidev_ioctl: gpio status=1)
05-27 18:43:36.504   581   581 I SpiService: fgesysctrl_getGPIO_status success val=0
05-27 18:43:36.505   299  1163 D EvsDriver: doneWithFrame
05-27 08:34:45.469   581   581 D spi_rst_gpio_get_output: GPIO 145 value: 0
05-27 08:34:45.469   581   581 D spidev_ioctl: gpio status=0)
05-27 18:43:36.506   299  1153 D EvsDriver: doneWithFrame
05-27 18:43:36.511 13911 14183 I SentryImuMcuAngleSender: 179.99649rollDeg
05-27 18:43:36.511 13911 14183 I SentryImuMcuAngleSender: 1,0,0
05-27 18:43:36.512  1008 30856 D [OMXB]  : usingANWBuffer: handle:0xee7432f0, format:1, w:1920, h:1080
05-27 18:43:36.519   581   581 I SpiService: fgesysctrl_getGPIO_status success val=1
05-27 08:34:45.484   581   581 D spi_rst_gpio_get_output: GPIO 145 value: 1
05-27 08:34:45.484   581   581 D spidev_ioctl: gpio status=1)
05-27 18:43:36.525   581   581 I SpiService: fgesysctrl_getGPIO_status success val=1
05-27 08:34:45.490   581   581 D spi_rst_gpio_get_output: GPIO 145 value: 1
05-27 08:34:45.490   581   581 D spidev_ioctl: gpio status=1)
05-27 18:43:36.529   283   307 I rvcservice: t.code = 3, t.value = 0
05-27 18:43:36.531   581   581 I SpiService: fgesysctrl_getGPIO_status success val=1
05-27 18:43:36.531   536   536 D commservice260303: msg.id = 1028,0
05-27 18:43:36.531   536   536 D commservice260303: i = 170, msgid = 8A000404
05-27 18:43:36.531   536   536 D commservice260303: msgid = -1979710460,did=138
05-27 18:43:36.531   536   536 D commservice260303: CommProtocolLibCmdBaseI2C::dataproc {"command":{"id":"imu_status","sub":""},"content":{"TimeStamp":10,"FrameCounter":244955,"GD_X":-0.011300750076770782,"GD_Y":0.005573912989348173,"GD_Z":0.0016030981205403805,"AD_X":-0.0028705447912216187,"AD_Y":1.640652772039175E-4,"AD_Z":-0.17008686065673828,"TempDsp":0,"Status":0,"CalibState":1,"SigAmpInvalid":0}},-1979710460
05-27 18:43:36.531   536   536 D commservice260303: send2Cluster len:317, 7B22636F6D6D616E64223A7B226964223A22696D755F737461747573222C22737562223A22227D2C22636F6E74656E74223A7B2254696D655374616D70223A31302C224672616D65436F756E746572223A3234343935352C2247445F58223A2D302E3031313330303735303037363737303738322C2247445F59223A302E3030353537333931323938393334383137332C2247445F5A223A302E303031363033303938313230353430333830352C2241445F58223A2D302E303032383730353434373931323231363138372C2241445F59223A312E363430363532373732303339313735452D342C2241445F5A223A2D302E31373030383638363036353637333832382C2254656D70447370223A302C22537461747573223A302C2243616C69625374617465223A312C22536967416D70496E76616C6964223A307D7D, 138 
05-27 18:43:36.531   536   536 D commservice260303: Push Message into SendPool fn=167576320
05-27 18:43:36.531   536   536 D commservice260303: ComProtocolLibSend2Cluster::send2ClusterRaw fn=167576320 , len=333
05-27 18:43:36.531   536   536 D commservice260303: sendCmdToPort :333!!!
05-27 18:43:36.531   536   536 D commservice260303: send Cmd To Port ++++5AA501498A010003FD096A16CAD87B22636F6D6D616E64223A7B226964223A22696D755F737461747573222C22737562223A22227D2C22636F6E74656E74223A7B2254696D655374616D70223A31302C224672616D65436F756E746572223A3234343935352C2247445F58223A2D302E3031313330303735303037363737303738322C2247445F59223A302E3030353537333931323938393334383137332C2247445F5A223A302E303031363033303938313230353430333830352C2241445F58223A2D302E303032383730353434373931323231363138372C2241445F59223A312E363430363532373732303339313735452D342C2241445F5A223A2D302E31373030383638363036353637333832382C2254656D70447370223A302C22537461747573223A302C2243616C69625374617465223A312C22536967416D70496E76616C6964223A307D7D2BB7
05-27 18:43:36.531   536   536 D commservice260303: bufferevent_write retrun value = 0
05-27 18:43:36.531   536   560 D commservice260303: client datas send succeed,send finish
05-27 18:43:36.531 13911 14183 I SentryImuMcuAngleSender: 179.986rollDeg
05-27 18:43:36.531 13911 14183 I SentryImuMcuAngleSender: 1,0,0
05-27 18:43:36.531 13911 14192 D Sentinelmode_1.2.5.17_sentry: <SentryImuClusterFgeSender>imu_status sent to Linux, frame=244955, tsNs=10483779, tsMs=10, intervalMs=40, ad=(-0.0028705448,1.6406528E-4,-0.17008686), gd=(-0.01130075,0.005573913,0.0016030981)
05-27 08:34:45.495   581   581 D spi_rst_gpio_get_output: GPIO 145 value: 1
05-27 08:34:45.495   581   581 D spidev_ioctl: gpio status=1)
05-27 18:43:36.533   299 30841 D EvsDriver: forwardFrame
05-27 18:43:36.533  1008 30857 D [OMXB]  : usingANWBuffer: handle:0xee743ea0, format:1, w:1920, h:1080
05-27 18:43:36.534   299 30841 D EvsDriver: Delivered 0xb400007b7ca56a60 as id 0
05-27 18:43:36.534  1167  1167 D evsmanagerd: /dev/video4 forwarded the buffer #0 to 0xb4000074bf5f6850 from 0xb4000074bf5f41d0
05-27 18:43:36.535   299 30844 D EvsDriver: forwardFrame
05-27 18:43:36.538   581   581 I SpiService: fgesysctrl_getGPIO_status success val=1
05-27 18:43:36.539   299 30844 D EvsDriver: Delivered 0xb400007b7ca56900 as id 0
05-27 18:43:36.539  1167  1167 D evsmanagerd: /dev/video6 forwarded the buffer #0 to 0xb4000074bf5f5510 from 0xb4000074bf5f6d90
05-27 08:34:45.502   581   581 D spi_rst_gpio_get_output: GPIO 145 value: 1
05-27 08:34:45.502   581   581 D spidev_ioctl: gpio status=1)
05-27 18:43:36.543   299  1163 D EvsDriver: doneWithFrame
05-27 18:43:36.543   299  1163 D EvsDriver: doneWithFrame
05-27 18:43:36.544   581   581 I SpiService: fgesysctrl_getGPIO_status success val=0
05-27 08:34:45.508   581   581 D spi_rst_gpio_get_output: GPIO 145 value: 0
05-27 08:34:45.508   581   581 D spidev_ioctl: gpio status=0)
05-27 18:43:36.544   536   760 I commservice260303: [mcuCommFunctionTcp::ProtocolCheckConnectTimeOutProc:613] keyID:256,tcpEvent:5,tcpcount:0,heartbeat:1,noHeartBeatNumber:0,endispatch:0,strState:0
05-27 18:43:36.544   536   760 D commservice260303: ProtocolCheckConnectTimeOutProc,629,clear heartbeat
05-27 18:43:36.546   572   622 I Sensors : 230 GyroSensor: x:-0.011835,y:0.005650,z:0.001603
05-27 18:43:36.551  1008 30856 D [OMXB]  : usingANWBuffer: handle:0xee742320, format:1, w:1920, h:1080
05-27 18:43:36.552 13911 14183 I SentryImuMcuAngleSender: -179.993rollDeg
05-27 18:43:36.552 13911 14183 I SentryImuMcuAngleSender: 1,0,0
05-27 18:43:36.558   581   581 I SpiService: fgesysctrl_getGPIO_status success val=1
05-27 08:34:45.523   581   581 D spi_rst_gpio_get_output: GPIO 145 value: 1
05-27 08:34:45.523   581   581 D spidev_ioctl: gpio status=1)
05-27 18:43:36.557   536   536 I auditd  : type=1400 audit(0.0:62179): avc: denied { getattr } for comm="fgecomservice@1" path="socket:[34776]" dev="sockfs" ino=34776 scontext=u:r:hal_fgecomservice_default:s0 tcontext=u:r:hal_fgecomservice_default:s0 tclass=vsock_socket permissive=1
05-27 18:43:36.557   536   536 I fgecomservice@1: type=1400 audit(0.0:62179): avc: denied { getattr } for path="socket:[34776]" dev="sockfs" ino=34776 scontext=u:r:hal_fgecomservice_default:s0 tcontext=u:r:hal_fgecomservice_default:s0 tclass=vsock_socket permissive=1
05-27 18:43:36.557   536   536 I auditd  : type=1400 audit(0.0:62180): avc: denied { read } for comm="fgecomservice@1" path="socket:[34776]" dev="sockfs" ino=34776 scontext=u:r:hal_fgecomservice_default:s0 tcontext=u:r:hal_fgecomservice_default:s0 tclass=vsock_socket permissive=1
05-27 18:43:36.557   536   536 I fgecomservice@1: type=1400 audit(0.0:62180): avc: denied { read } for path="socket:[34776]" dev="sockfs" ino=34776 scontext=u:r:hal_fgecomservice_default:s0 tcontext=u:r:hal_fgecomservice_default:s0 tclass=vsock_socket permissive=1
05-27 08:34:45.528   581   581 D spi_rst_gpio_get_output: GPIO 145 value: 1
05-27 18:43:36.564   581   581 I SpiService: fgesysctrl_getGPIO_status success val=1
05-27 18:43:36.564   536  2578 D commservice260303: mcuDataAnalyzeHandle templen:87,len:87,pos:0, 5AA50053060000003D5E6A16CAD87B22636F6D6D616E64223A7B226964223A2268656172745F42656174222C22737562223A22227D2C22636F6E74656E74223A7B2274797065223A322C2276616C7565223A307D7D922F 
05-27 18:43:36.564   536  2578 I commservice260303: checksumCal = 37423
05-27 18:43:36.564   536  2578 D commservice260303: CommProtocolLibCmdBaseC2I::dataproc {"command":{"id":"heart_Beat","sub":""},"content":{"type":2,"value":0}},6
05-27 18:43:36.564   536  2578 D commservice260303: mcuCommMessageManager::notifyMsgToClient hwbinder OK
05-27 18:43:36.564   536  2578 D commservice260303: McuProtocolLibSend2Service::send2Service ret=1
05-27 18:43:36.564 12246 12440 D ivicomm_CommManager: fgeComServiceCallback: {"command":{"id":"heart_Beat","sub":""},"content":{"type":2,"value":0}}
05-27 18:43:36.565 12246 12440 D ivicomm_ConnectStateManager: registerCallback HEART_BEAT: {"type":2,"value":0}
05-27 08:34:45.528   581   581 D spidev_ioctl: gpio status=1)
05-27 18:43:36.565 12246 12440 D ivicomm_ConnectStateManager: notifyState newState=0curState=0
05-27 18:43:36.566  1008 30857 D [OMXB]  : usingANWBuffer: handle:0xee742cc0, format:1, w:1920, h:1080
05-27 18:43:36.567   299 30844 D EvsDriver: forwardFrame
05-27 18:43:36.569   299 30841 D EvsDriver: forwardFrame
05-27 18:43:36.570   581   581 I SpiService: fgesysctrl_getGPIO_status success val=1
05-27 18:43:36.570   299 30844 D EvsDriver: Delivered 0xb400007b7ca56900 as id 0
05-27 18:43:36.571  1167  1167 D evsmanagerd: /dev/video6 forwarded the buffer #0 to 0xb4000074bf5f5510 from 0xb4000074bf5f6d90
05-27 08:34:45.534   581   581 D spi_rst_gpio_get_output: GPIO 145 value: 1
05-27 08:34:45.534   581   581 D spidev_ioctl: gpio status=1)
05-27 18:43:36.572   536   536 D commservice260303: msg.id = 1028,2
05-27 18:43:36.572   536   536 D commservice260303: i = 170, msgid = 8A000404
05-27 18:43:36.572   536   536 D commservice260303: msgid = -1979710460,did=138
05-27 18:43:36.572   536   536 D commservice260303: CommProtocolLibCmdBaseI2C::dataproc {"command":{"id":"imu_status","sub":""},"content":{"TimeStamp":10,"FrameCounter":244956,"GD_X":-0.01153013575822115,"GD_Y":0.0057257963344454765,"GD_Z":0.0016030981205403805,"AD_X":-0.003478214144706726,"AD_Y":-0.0034737209789454937,"AD_Z":-0.17069625854492188,"TempDsp":0,"Status":0,"CalibState":1,"SigAmpInvalid":0}},-1979710460
05-27 18:43:36.572   536   536 D commservice260303: send2Cluster len:318, 7B22636F6D6D616E64223A7B226964223A22696D755F737461747573222C22737562223A22227D2C22636F6E74656E74223A7B2254696D655374616D70223A31302C224672616D65436F756E746572223A3234343935362C2247445F58223A2D302E30313135333031333537353832323131352C2247445F59223A302E303035373235373936333334343435343736352C2247445F5A223A302E303031363033303938313230353430333830352C2241445F58223A2D302E3030333437383231343134343730363732362C2241445F59223A2D302E303033343733373230393738393435343933372C2241445F5A223A2D302E31373036393632353835343439323138382C2254656D70447370223A302C22537461747573223A302C2243616C69625374617465223A312C22536967416D70496E76616C6964223A307D7D, 138 
05-27 18:43:36.572   536   536 D commservice260303: Push Message into SendPool fn=184353536
05-27 18:43:36.573   536   536 D commservice260303: ComProtocolLibSend2Cluster::send2ClusterRaw fn=184353536 , len=334
05-27 18:43:36.573   536   536 D commservice260303: sendCmdToPort :334!!!
05-27 18:43:36.573   536   536 D commservice260303: send Cmd To Port ++++5AA5014A8A010003FD0A6A16CAD87B22636F6D6D616E64223A7B226964223A22696D755F737461747573222C22737562223A22227D2C22636F6E74656E74223A7B2254696D655374616D70223A31302C224672616D65436F756E746572223A3234343935362C2247445F58223A2D302E30313135333031333537353832323131352C2247445F59223A302E303035373235373936333334343435343736352C2247445F5A223A302E303031363033303938313230353430333830352C2241445F58223A2D302E3030333437383231343134343730363732362C2241445F59223A2D302E303033343733373230393738393435343933372C2241445F5A223A2D302E31373036393632353835343439323138382C2254656D70447370223A302C22537461747573223A302C2243616C69625374617465223A312C22536967416D70496E76616C6964223A307D7DF317
05-27 18:43:36.573   536   536 D commservice260303: bufferevent_write retrun value = 0
05-27 18:43:36.573   536   560 D commservice260303: client datas send succeed,send finish
05-27 18:43:36.573 13911 14183 I SentryImuMcuAngleSender: -179.993rollDeg
05-27 18:43:36.574 13911 14183 I SentryImuMcuAngleSender: 1,0,0
05-27 18:43:36.576   581   581 I SpiService: fgesysctrl_getGPIO_status success val=1
05-27 18:43:36.576   299  1163 D EvsDriver: doneWithFrame
05-27 08:34:45.540   581   581 D spi_rst_gpio_get_output: GPIO 145 value: 1
05-27 08:34:45.540   581   581 D spidev_ioctl: gpio status=1)
05-27 18:43:36.577  1167  1167 D evsmanagerd: /dev/video4 forwarded the buffer #0 to 0xb4000074bf5f6850 from 0xb4000074bf5f41d0
05-27 18:43:36.577   299 30841 D EvsDriver: Delivered 0xb400007b7ca56a60 as id 0
05-27 18:43:36.579 13911 14131 D SVR_MNG_SvrMngProxy: getServer: mSvrManger is null
05-27 18:43:36.579 13911 14131 D SVR_MNG_SvrMngProxy: getNewStub: 
05-27 18:43:36.579 13911 14131 D SVR_MNG_SvrMngProxy: getNewStub: getSvrManagerService start
05-27 18:43:36.581 13911 14192 D Sentinelmode_1.2.5.17_sentry: <SentryImuClusterFgeSender>imu_status sent to Linux, frame=244956, tsNs=10483815, tsMs=10, intervalMs=46, ad=(-0.0034782141,-0.003473721,-0.17069626), gd=(-0.011530136,0.0057257963,0.0016030981)
05-27 18:43:36.581   581   581 I SpiService: fgesysctrl_getGPIO_status success val=1
05-27 18:43:36.582 13911 14131 D SVR_MNG_SvrMngProxy: getNewStub: getSvrManagerService end
05-27 18:43:36.582   299  1163 D EvsDriver: doneWithFrame
05-27 18:43:36.582 13911 14131 D SVR_MNG_SvrMngProxy: getServer: svrMngService doesn't start
05-27 08:34:45.546   581   581 D spi_rst_gpio_get_output: GPIO 145 value: 1
05-27 08:34:45.546   581   581 D spidev_ioctl: gpio status=1)
05-27 18:43:36.587   581   581 I SpiService: fgesysctrl_getGPIO_status success val=0
05-27 08:34:45.551   581   581 D spi_rst_gpio_get_output: GPIO 145 value: 0
05-27 08:34:45.551   581   581 D spidev_ioctl: gpio status=0)
05-27 18:43:36.593  1008 30856 D [OMXB]  : usingANWBuffer: handle:0xee744630, format:1, w:1920, h:1080
05-27 18:43:36.593 13911 14183 I SentryImuMcuAngleSender: -179.99298rollDeg
05-27 18:43:36.593 13911 14183 I SentryImuMcuAngleSender: 1,0,0
05-27 18:43:36.600   299 30841 D EvsDriver: forwardFrame
05-27 18:43:36.601   581   581 I SpiService: fgesysctrl_getGPIO_status success val=1
05-27 18:43:36.602   299 30841 D EvsDriver: Delivered 0xb400007b7ca56a60 as id 0
05-27 18:43:36.602  1167  1167 D evsmanagerd: /dev/video4 forwarded the buffer #0 to 0xb4000074bf5f6850 from 0xb4000074bf5f41d0
05-27 18:43:36.602 30773 30773 E dvr_service_: [myNum:0] Received S**** loss
05-27 18:43:36.603   299  1163 D EvsDriver: doneWithFrame
05-27 18:43:36.604   299 30844 D EvsDriver: forwardFrame
05-27 08:34:45.566   581   581 D spi_rst_gpio_get_output: GPIO 145 value: 1
05-27 08:34:45.566   581   581 D spidev_ioctl: gpio status=1)
05-27 18:43:36.605   299 30844 D EvsDriver: Delivered 0xb400007b7ca56900 as id 0
05-27 18:43:36.605  1167  1167 D evsmanagerd: /dev/video6 forwarded the buffer #0 to 0xb4000074bf5f5510 from 0xb4000074bf5f6d90
05-27 18:43:36.606 30773 30773 E dvr_service_: [myNum:1] Received S**** loss
05-27 18:43:36.606   299  1163 D EvsDriver: doneWithFrame
05-27 18:43:36.607   581   581 I SpiService: fgesysctrl_getGPIO_status success val=1
05-27 18:43:36.607  1008 30857 D [OMXB]  : usingANWBuffer: handle:0xee7454a0, format:1, w:1920, h:1080
05-27 18:43:36.608 30773 30789 I dvr_service_: Camera 1: MediaOK:26332646, frames:620, isKeyFrame:0,pts:10483501298
05-27 08:34:45.571   581   581 D spi_rst_gpio_get_output: GPIO 145 value: 1
05-27 08:34:45.571   581   581 D spidev_ioctl: gpio status=1)
05-27 18:43:36.612   536   536 D commservice260303: msg.id = 1028,1
05-27 18:43:36.612   536   536 D commservice260303: i = 170, msgid = 8A000404
05-27 18:43:36.612   536   536 D commservice260303: msgid = -1979710460,did=138
05-27 18:43:36.612   536   536 D commservice260303: CommProtocolLibCmdBaseI2C::dataproc {"command":{"id":"imu_status","sub":""},"content":{"TimeStamp":10,"FrameCounter":244957,"GD_X":-0.01160607673227787,"GD_Y":0.006032164208590984,"GD_Z":0.0018319635419175029,"AD_X":-4.337728023529053E-4,"AD_Y":-0.0016263426514342427,"AD_Z":-0.1652059555053711,"TempDsp":0,"Status":0,"CalibState":1,"SigAmpInvalid":0}},-1979710460
05-27 18:43:36.612   581   581 I SpiService: fgesysctrl_getGPIO_status success val=1
05-27 18:43:36.612   536   536 D commservice260303: send2Cluster len:316, 7B22636F6D6D616E64223A7B226964223A22696D755F737461747573222C22737562223A22227D2C22636F6E74656E74223A7B2254696D655374616D70223A31302C224672616D65436F756E746572223A3234343935372C2247445F58223A2D302E30313136303630373637333232373738372C2247445F59223A302E3030363033323136343230383539303938342C2247445F5A223A302E303031383331393633353431393137353032392C2241445F58223A2D342E333337373238303233353239303533452D342C2241445F59223A2D302E303031363236333432363531343334323432372C2241445F5A223A2D302E313635323035393535353035333731312C2254656D70447370223A302C22537461747573223A302C2243616C69625374617465223A312C22536967416D70496E76616C6964223A307D7D, 138 
05-27 18:43:36.612   536   536 D commservice260303: Push Message into SendPool fn=201130752
05-27 18:43:36.612   536   536 D commservice260303: ComProtocolLibSend2Cluster::send2ClusterRaw fn=201130752 , len=332
05-27 18:43:36.612   536   536 D commservice260303: sendCmdToPort :332!!!
05-27 18:43:36.612   536   536 D commservice260303: send Cmd To Port ++++5AA501488A010003FD0B6A16CAD87B22636F6D6D616E64223A7B226964223A22696D755F737461747573222C22737562223A22227D2C22636F6E74656E74223A7B2254696D655374616D70223A31302C224672616D65436F756E746572223A3234343935372C2247445F58223A2D302E30313136303630373637333232373738372C2247445F59223A302E3030363033323136343230383539303938342C2247445F5A223A302E303031383331393633353431393137353032392C2241445F58223A2D342E333337373238303233353239303533452D342C2241445F59223A2D302E303031363236333432363531343334323432372C2241445F5A223A2D302E313635323035393535353035333731312C2254656D70447370223A302C22537461747573223A302C2243616C69625374617465223A312C22536967416D70496E76616C6964223A307D7DD585
05-27 18:43:36.613   536   536 D commservice260303: bufferevent_write retrun value = 0
05-27 18:43:36.613   536   560 D commservice260303: client datas send succeed,send finish
05-27 18:43:36.613 13911 14192 D Sentinelmode_1.2.5.17_sentry: <SentryImuClusterFgeSender>imu_status sent to Linux, frame=244957, tsNs=10483850, tsMs=10, intervalMs=36, ad=(-4.337728E-4,-0.0016263427,-0.16520596), gd=(-0.011606077,0.006032164,0.0018319635)
05-27 08:34:45.577   581   581 D spi_rst_gpio_get_output: GPIO 145 value: 1
05-27 18:43:36.613 13911 14183 I SentryImuMcuAngleSender: 179.99649rollDeg
05-27 08:34:45.577   581   581 D spidev_ioctl: gpio status=1)
05-27 18:43:36.613 13911 14183 I SentryImuMcuAngleSender: 1,0,0
05-27 18:43:36.616 15286 29833 D okhttp.TaskRunner: Q10007 scheduled after   0 µs: OkHttp ConnectionPool
05-27 18:43:36.616 15286 28715 D okhttp.TaskRunner: Q10007 starting              : OkHttp ConnectionPool
05-27 18:43:36.616 15286 28715 D okhttp.TaskRunner: Q10007 run again after 300 s : OkHttp ConnectionPool
05-27 18:43:36.617 15286 28715 D okhttp.TaskRunner: Q10007 finished run in 202 µs: OkHttp ConnectionPool
05-27 18:43:36.618   581   581 I SpiService: fgesysctrl_getGPIO_status success val=1
05-27 08:34:45.582   581   581 D spi_rst_gpio_get_output: GPIO 145 value: 1
05-27 08:34:45.582   581   581 D spidev_ioctl: gpio status=1)
05-27 18:43:36.623   581   581 I SpiService: fgesysctrl_getGPIO_status success val=1
05-27 18:43:36.623  1008 30856 D [OMXB]  : usingANWBuffer: handle:0xee742ed0, format:1, w:1920, h:1080
05-27 08:34:45.588   581   581 D spi_rst_gpio_get_output: GPIO 145 value: 1
05-27 08:34:45.588   581   581 D spidev_ioctl: gpio status=1)
05-27 18:43:36.629   581   581 I SpiService: fgesysctrl_getGPIO_status success val=0
05-27 08:34:45.593   581   581 D spi_rst_gpio_get_output: GPIO 145 value: 0
05-27 08:34:45.593   581   581 D spidev_ioctl: gpio status=0)
05-27 18:43:36.629   283   307 I rvcservice: t.code = 0, t.value = 0
05-27 18:43:36.630 15286 31107 D okhttp.TaskRunner: Q10007 scheduled after   0 µs: OkHttp ConnectionPool
05-27 18:43:36.630 15286 28715 D okhttp.TaskRunner: Q10007 starting              : OkHttp ConnectionPool
05-27 18:43:36.631 15286 28715 D okhttp.TaskRunner: Q10007 run again after 300 s : OkHttp ConnectionPool
05-27 18:43:36.631 15286 28715 D okhttp.TaskRunner: Q10007 finished run in 187 µs: OkHttp ConnectionPool
05-27 18:43:36.633 13911 14183 I SentryImuMcuAngleSender: 179.97897rollDeg
05-27 18:43:36.633 13911 14183 I SentryImuMcuAngleSender: 1,0,0
05-27 18:43:36.635   299 30841 D EvsDriver: forwardFrame
05-27 18:43:36.637  1167  1167 D evsmanagerd: /dev/video4 forwarded the buffer #0 to 0xb4000074bf5f6850 from 0xb4000074bf5f41d0
05-27 18:43:36.637   299 30841 D EvsDriver: Delivered 0xb400007b7ca56a60 as id 0
05-27 18:43:36.639   299 30844 D EvsDriver: forwardFrame
05-27 18:43:36.642   299 30844 D EvsDriver: Delivered 0xb400007b7ca56900 as id 0
05-27 18:43:36.642  1167  1479 D evsmanagerd: /dev/video6 forwarded the buffer #0 to 0xb4000074bf5f5510 from 0xb4000074bf5f6d90
05-27 18:43:36.642   299  1163 D EvsDriver: doneWithFrame
05-27 18:43:36.643   581   581 I SpiService: fgesysctrl_getGPIO_status success val=1
05-27 18:43:36.644   481   598 I mcuc    : rev,n=1,6AA681D32B000A8900F00104091412345640
05-27 18:43:36.644  1121  1144 I tboxmids_ap: [2026-05-27 18:43:36.644] [MCU RX] src=MCU dst=ZMQ len=10 type=BINARY data=00 08 F0 01 04 09 14 12 34 56 
05-27 18:43:36.644   299  1163 D EvsDriver: doneWithFrame
05-27 08:34:45.608   581   581 D spi_rst_gpio_get_output: GPIO 145 value: 1
05-27 08:34:45.608   581   581 D spidev_ioctl: gpio status=1)
05-27 18:43:36.646   351   373 D automotive.vehicle@2.0-adayo-datacomm-mcu: MCUDatacomm sendMessageFromVehicle prop: 0x89, areaId: 0x0, status: 0xf0, timestamp: 0x1
05-27 18:43:36.646   351   373 D automotive.vehicle@2.0-adayo-datacomm-mcu: MCUDatacomm 1sendMessageFromVehicle ---> type = 12 
05-27 18:43:36.646   536   560 D commservice260303: recv len:77, 5AA50049060000003D5F6A16CAD87B22636F6D6D616E64223A7B226964223A226473695F6C7578222C22737562223A22227D2C22636F6E74656E74223A7B2276616C7565223A3230307D7DB064 from server
05-27 18:43:36.646   536  2578 D commservice260303: mcuDataAnalyzeHandle templen:77,len:77,pos:0, 5AA50049060000003D5F6A16CAD87B22636F6D6D616E64223A7B226964223A226473695F6C7578222C22737562223A22227D2C22636F6E74656E74223A7B2276616C7565223A3230307D7DB064 
05-27 18:43:36.646   536  2578 I commservice260303: checksumCal = 45156
05-27 18:43:36.646   536  2578 D commservice260303: CommProtocolLibCmdBaseC2I::dataproc {"command":{"id":"dsi_lux","sub":""},"content":{"value":200}},6
05-27 18:43:36.646   536  2578 D commservice260303: mcuCommMessageManager::notifyMsgToClient hwbinder OK
05-27 18:43:36.646   536  2578 D commservice260303: McuProtocolLibSend2Service::send2Service ret=1
05-27 18:43:36.647  1083  1083 I MyAppLog: [2026-05-27 18:43:36.647 I tboxap mcuCommTboxmidsRecvCb:97] [Mcu] [mcuCommTboxmidsRecvCb] recv from tboxmids, size:10
05-27 18:43:36.647  1083  1083 I MyAppLog: [2026-05-27 18:43:36.647 I tboxap mcuCommTboxmidsRecvCb:98] [Mcu] [tboxmids -> tboxap]: :00 08 F0 01 04 09 14 12 34 56
05-27 18:43:36.647  1083  1083 W MyAppLog: [2026-05-27 18:43:36.647 W tboxap mcuYadiFrameParse:852] [Mcu] [mcuYadiFrameParse] cmd:0914(MCU_SEC_BATT2_DYNAMIC_IND) payload too short:5 < 36
05-27 18:43:36.647  1083  1083 W MyAppLog: [2026-05-27 18:43:36.647 W tboxap mcuPtlParseData:982] [Mcu] [mcuPtlParseData] invalid yadi frame, len:10
05-27 18:43:36.647  1008 30857 D [OMXB]  : usingANWBuffer: handle:0xee7433a0, format:1, w:1920, h:1080
05-27 18:43:36.649   581   581 I SpiService: fgesysctrl_getGPIO_status success val=1
05-27 18:43:36.649 12246 12440 D ivicomm_CommManager: fgeComServiceCallback: {"command":{"id":"dsi_lux","sub":""},"content":{"value":200}}
05-27 18:43:36.650 12246 12440 D ivicomm_CallbackManager: registerCallback DSI_LUX: {"value":200} mCommStateCallbackMap size:4
05-27 18:43:36.650   536   536 D commservice260303: msg.id = 1028,1
05-27 18:43:36.651   536   536 D commservice260303: i = 170, msgid = 8A000404
05-27 18:43:36.651   536   536 D commservice260303: msgid = -1979710460,did=138
05-27 18:43:36.651   536   536 D commservice260303: CommProtocolLibCmdBaseI2C::dataproc {"command":{"id":"imu_status","sub":""},"content":{"TimeStamp":10,"FrameCounter":244958,"GD_X":-0.011682018637657166,"GD_Y":0.005345047451555729,"GD_Z":0.0021378109231591225,"AD_X":-0.0010613948106765747,"AD_Y":0.0020231090020388365,"AD_Z":-0.16886615753173828,"TempDsp":0,"Status":0,"CalibState":1,"SigAmpInvalid":0}},-1979710460
05-27 18:43:36.651   536   536 D commservice260303: send2Cluster len:318, 7B22636F6D6D616E64223A7B226964223A22696D755F737461747573222C22737562223A22227D2C22636F6E74656E74223A7B2254696D655374616D70223A31302C224672616D65436F756E746572223A3234343935382C2247445F58223A2D302E3031313638323031383633373635373136362C2247445F59223A302E3030353334353034373435313535353732392C2247445F5A223A302E303032313337383130393233313539313232352C2241445F58223A2D302E303031303631333934383130363736353734372C2241445F59223A302E303032303233313039303032303338383336352C2241445F5A223A2D302E31363838363631353735333137333832382C2254656D70447370223A302C22537461747573223A302C2243616C69625374617465223A312C22536967416D70496E76616C6964223A307D7D, 138 
05-27 18:43:36.651   536   536 D commservice260303: Push Message into SendPool fn=217907968
05-27 18:43:36.651   536   536 D commservice260303: ComProtocolLibSend2Cluster::send2ClusterRaw fn=217907968 , len=334
05-27 18:43:36.651   536   536 D commservice260303: sendCmdToPort :334!!!
05-27 18:43:36.651   536   536 D commservice260303: send Cmd To Port ++++5AA5014A8A010003FD0C6A16CAD87B22636F6D6D616E64223A7B226964223A22696D755F737461747573222C22737562223A22227D2C22636F6E74656E74223A7B2254696D655374616D70223A31302C224672616D65436F756E746572223A3234343935382C2247445F58223A2D302E3031313638323031383633373635373136362C2247445F59223A302E3030353334353034373435313535353732392C2247445F5A223A302E303032313337383130393233313539313232352C2241445F58223A2D302E303031303631333934383130363736353734372C2241445F59223A302E303032303233313039303032303338383336352C2241445F5A223A2D302E31363838363631353735333137333832382C2254656D70447370223A302C22537461747573223A302C2243616C69625374617465223A312C22536967416D70496E76616C6964223A307D7D9535
05-27 18:43:36.651   536   536 D commservice260303: bufferevent_write retrun value = 0
05-27 18:43:36.651   536   560 D commservice260303: client datas send succeed,send finish
05-27 18:43:36.652 13911 14192 D Sentinelmode_1.2.5.17_sentry: <SentryImuClusterFgeSender>imu_status sent to Linux, frame=244958, tsNs=10483886, tsMs=10, intervalMs=38, ad=(-0.0010613948,0.002023109,-0.16886616), gd=(-0.011682019,0.0053450475,0.002137811)
05-27 18:43:36.652 11579 11719 D NSLogUtils_VehicleService: L2A comm state: id=dsi_lux, value=200
05-27 08:34:45.613   581   581 D spi_rst_gpio_get_output: GPIO 145 value: 1
05-27 08:34:45.613   581   581 D spidev_ioctl: gpio status=1)
05-27 18:43:36.653 11344  6590 D SystemUI_SystemSettingsControllerService: onCommState: commandID = dsi_lux; value = 200
05-27 18:43:36.653 13911 14183 I SentryImuMcuAngleSender: 179.97546rollDeg
05-27 18:43:36.653 13911 14183 I SentryImuMcuAngleSender: 1,0,0
05-27 18:43:36.654   572   622 I Sensors : 230 AccelSensor: x:-0.168360,y:0.003659,z:-9.971060
05-27 18:43:36.655   581   581 I SpiService: fgesysctrl_getGPIO_status success val=1
05-27 08:34:45.619   581   581 D spi_rst_gpio_get_output: GPIO 145 value: 1
05-27 08:34:45.619   581   581 D spidev_ioctl: gpio status=1)
05-27 18:43:36.660   581   581 I SpiService: fgesysctrl_getGPIO_status success val=1
05-27 08:34:45.625   581   581 D spi_rst_gpio_get_output: GPIO 145 value: 1
05-27 08:34:45.625   581   581 D spidev_ioctl: gpio status=1)
05-27 18:43:36.662  1008 30856 D [OMXB]  : usingANWBuffer: handle:0xee741ae0, format:1, w:1920, h:1080
05-27 18:43:36.665   581   581 I SpiService: fgesysctrl_getGPIO_status success val=0
05-27 18:43:36.666   481   597 I mcuc    : send SPI:6AA602D32B0002890075
05-27 18:43:36.666   299 30841 D EvsDriver: forwardFrame
05-27 18:43:36.667   299 30844 D EvsDriver: forwardFrame
05-27 08:34:45.630   581   581 D spi_rst_gpio_get_output: GPIO 145 value: 0
05-27 18:43:36.668   299 30844 D EvsDriver: Delivered 0xb400007b7ca56900 as id 0
05-27 08:34:45.630   581   581 D spidev_ioctl: gpio status=0)
05-27 18:43:36.668  1167  1479 D evsmanagerd: /dev/video6 forwarded the buffer #0 to 0xb4000074bf5f5510 from 0xb4000074bf5f6d90
05-27 18:43:36.669  1167  1479 D evsmanagerd: /dev/video4 forwarded the buffer #0 to 0xb4000074bf5f6850 from 0xb4000074bf5f41d0
05-27 18:43:36.669   299 30841 D EvsDriver: Delivered 0xb400007b7ca56a60 as id 0
05-27 18:43:36.671   299  1163 D EvsDriver: doneWithFrame
05-27 18:43:36.675   299  1163 D EvsDriver: doneWithFrame
05-27 18:43:36.677 13911 14183 I SentryImuMcuAngleSender: 179.97897rollDeg
05-27 18:43:36.677 13911 14183 I SentryImuMcuAngleSender: 1,0,0
05-27 18:43:36.680   581   581 I SpiService: fgesysctrl_getGPIO_status success val=1
05-27 08:34:45.644   581   581 D spi_rst_gpio_get_output: GPIO 145 value: 1
05-27 08:34:45.644   581   581 D spidev_ioctl: gpio status=1)
05-27 08:34:45.645     0     0 W         : c6 [    C6] Irq_monitor:Irq                                           IPI[1]occur        7478 times interval 1024 ms
05-27 18:43:36.686   581   581 I SpiService: fgesysctrl_getGPIO_status success val=1
05-27 08:34:45.650   581   581 D spi_rst_gpio_get_output: GPIO 145 value: 1
05-27 08:34:45.650   581   581 D spidev_ioctl: gpio status=1)
05-27 18:43:36.690  1008 30857 D [OMXB]  : usingANWBuffer: handle:0xee742530, format:1, w:1920, h:1080
05-27 18:43:36.691   536   536 D commservice260303: msg.id = 1028,0
05-27 18:43:36.691   581   581 I SpiService: fgesysctrl_getGPIO_status success val=1
05-27 18:43:36.691   536   536 D commservice260303: i = 170, msgid = 8A000404
05-27 18:43:36.691   536   536 D commservice260303: msgid = -1979710460,did=138
05-27 18:43:36.691   536   536 D commservice260303: CommProtocolLibCmdBaseI2C::dataproc {"command":{"id":"imu_status","sub":""},"content":{"TimeStamp":10,"FrameCounter":244959,"GD_X":-0.011300750076770782,"GD_Y":0.0056498548947274685,"GD_Z":0.0022902146447449923,"AD_X":-0.001070454716682434,"AD_Y":1.8699094653129578E-4,"AD_Z":-0.1682577133178711,"TempDsp":0,"Status":0,"CalibState":1,"SigAmpInvalid":0}},-1979710460
05-27 18:43:36.692   536   536 D commservice260303: send2Cluster len:317, 7B22636F6D6D616E64223A7B226964223A22696D755F737461747573222C22737562223A22227D2C22636F6E74656E74223A7B2254696D655374616D70223A31302C224672616D65436F756E746572223A3234343935392C2247445F58223A2D302E3031313330303735303037363737303738322C2247445F59223A302E303035363439383534383934373237343638352C2247445F5A223A302E303032323930323134363434373434393932332C2241445F58223A2D302E3030313037303435343731363638323433342C2241445F59223A312E38363939303934363533313239353738452D342C2241445F5A223A2D302E313638323537373133333137383731312C2254656D70447370223A302C22537461747573223A302C2243616C69625374617465223A312C22536967416D70496E76616C6964223A307D7D, 138 
05-27 18:43:36.692   536   536 D commservice260303: Push Message into SendPool fn=234685184
05-27 18:43:36.692   536   536 D commservice260303: ComProtocolLibSend2Cluster::send2ClusterRaw fn=234685184 , len=333
05-27 18:43:36.692   536   536 D commservice260303: sendCmdToPort :333!!!
05-27 18:43:36.692   536   536 D commservice260303: send Cmd To Port ++++5AA501498A010003FD0D6A16CAD87B22636F6D6D616E64223A7B226964223A22696D755F737461747573222C22737562223A22227D2C22636F6E74656E74223A7B2254696D655374616D70223A31302C224672616D65436F756E746572223A3234343935392C2247445F58223A2D302E3031313330303735303037363737303738322C2247445F59223A302E303035363439383534383934373237343638352C2247445F5A223A302E303032323930323134363434373434393932332C2241445F58223A2D302E3030313037303435343731363638323433342C2241445F59223A312E38363939303934363533313239353738452D342C2241445F5A223A2D302E313638323537373133333137383731312C2254656D70447370223A302C22537461747573223A302C2243616C69625374617465223A312C22536967416D70496E76616C6964223A307D7D0DF2
05-27 18:43:36.692   536   536 D commservice260303: bufferevent_write retrun value = 0
05-27 18:43:36.692   536   560 D commservice260303: client datas send succeed,send finish
05-27 08:34:45.656   581   581 D spi_rst_gpio_get_output: GPIO 145 value: 1
05-27 08:34:45.656   581   581 D spidev_ioctl: gpio status=1)
05-27 18:43:36.693 13911 14192 D Sentinelmode_1.2.5.17_sentry: <SentryImuClusterFgeSender>imu_status sent to Linux, frame=244959, tsNs=10483940, tsMs=10, intervalMs=41, ad=(-0.0010704547,1.8699095E-4,-0.16825771), gd=(-0.01130075,0.005649855,0.0022902146)
05-27 18:43:36.696   581   581 I SpiService: fgesysctrl_getGPIO_status success val=1
05-27 08:34:45.661   581   581 D spi_rst_gpio_get_output: GPIO 145 value: 1
05-27 08:34:45.661   581   581 D spidev_ioctl: gpio status=1)
05-27 18:43:36.698 13911 14183 I SentryImuMcuAngleSender: 179.98598rollDeg
05-27 18:43:36.698 13911 14183 I SentryImuMcuAngleSender: 1,0,0
05-27 18:43:36.702   581   581 I SpiService: fgesysctrl_getGPIO_status success val=1
05-27 18:43:36.703   299 30841 D EvsDriver: forwardFrame
05-27 18:43:36.703   299 30844 D EvsDriver: forwardFrame
05-27 08:34:45.666   581   581 D spi_rst_gpio_get_output: GPIO 145 value: 1
05-27 08:34:45.666   581   581 D spidev_ioctl: gpio status=1)
05-27 18:43:36.705   299 30844 D EvsDriver: Delivered 0xb400007b7ca56900 as id 0
