05-27 18:43:33.155   536   536 D commservice260303: send2Cluster len:319, 7B22636F6D6D616E64223A7B226964223A22696D755F737461747573222C22737562223A22227D2C22636F6E74656E74223A7B2254696D655374616D70223A31302C224672616D65436F756E746572223A3234343837332C2247445F58223A2D302E3031323539393034303735343133393432332C2247445F59223A302E303035363439383534383934373237343638352C2247445F5A223A302E303031383331393633353431393137353032392C2241445F58223A2D302E303032313035383437303031303735373434362C2241445F59223A302E303031353737303938313535333934313936352C2241445F5A223A2D302E31373133303636313031303734323138382C2254656D70447370223A302C22537461747573223A302C2243616C69625374617465223A312C22536967416D70496E76616C6964223A307D7D, 138 
05-27 18:43:33.156   536   536 D commservice260303: Push Message into SendPool fn=-1241775360
05-27 08:34:42.119   581   581 D spi_rst_gpio_get_output: GPIO 145 value: 1
05-27 08:34:42.119   581   581 D spidev_ioctl: gpio status=1)
05-27 08:34:42.124   581   581 D spi_rst_gpio_get_output: GPIO 145 value: 1
05-27 08:34:42.124   581   581 D spidev_ioctl: gpio status=1)
05-27 18:43:33.156   536   536 D commservice260303: ComProtocolLibSend2Cluster::send2ClusterRaw fn=-1241775360 , len=335
05-27 18:43:33.156   536   536 D commservice260303: sendCmdToPort :335!!!
05-27 18:43:33.156   536   536 D commservice260303: send Cmd To Port ++++5AA5014B8A010003FCB56A16CAD57B22636F6D6D616E64223A7B226964223A22696D755F737461747573222C22737562223A22227D2C22636F6E74656E74223A7B2254696D655374616D70223A31302C224672616D65436F756E746572223A3234343837332C2247445F58223A2D302E3031323539393034303735343133393432332C2247445F59223A302E303035363439383534383934373237343638352C2247445F5A223A302E303031383331393633353431393137353032392C2241445F58223A2D302E303032313035383437303031303735373434362C2241445F59223A302E303031353737303938313535333934313936352C2241445F5A223A2D302E31373133303636313031303734323138382C2254656D70447370223A302C22537461747573223A302C2243616C69625374617465223A312C22536967416D70496E76616C6964223A307D7D9447
05-27 18:43:33.156   536   536 D commservice260303: bufferevent_write retrun value = 0
05-27 18:43:33.156   536   560 D commservice260303: client datas send succeed,send finish
05-27 18:43:33.156 13911 14192 D Sentinelmode_1.2.5.17_sentry: <SentryImuClusterFgeSender>imu_status sent to Linux, frame=244873, tsNs=10480374, tsMs=10, intervalMs=47, ad=(-0.002105847,0.0015770982,-0.17130661), gd=(-0.012599041,0.005649855,0.0018319635)
05-27 18:43:33.160   581   581 I SpiService: fgesysctrl_getGPIO_status success val=1
05-27 18:43:33.165   581   581 I SpiService: fgesysctrl_getGPIO_status success val=1
05-27 18:43:33.168 13911 14183 I SentryImuMcuAngleSender: 179.99298rollDeg
05-27 18:43:33.168 13911 14183 I SentryImuMcuAngleSender: 1,0,0
05-27 08:34:42.130   581   581 D spi_rst_gpio_get_output: GPIO 145 value: 1
05-27 08:34:42.130   581   581 D spidev_ioctl: gpio status=1)
05-27 18:43:33.171   581   581 I SpiService: fgesysctrl_getGPIO_status success val=1
05-27 08:34:42.135   581   581 D spi_rst_gpio_get_output: GPIO 145 value: 1
05-27 08:34:42.135   581   581 D spidev_ioctl: gpio status=1)
05-27 18:43:33.173  1008 30857 D [OMXB]  : usingANWBuffer: handle:0xee745600, format:1, w:1920, h:1080
05-27 18:43:33.174   299 30844 D EvsDriver: forwardFrame
05-27 18:43:33.174   299 30841 D EvsDriver: forwardFrame
05-27 18:43:33.175 30773 30789 I dvr_service_: Camera 1: MediaOK:22995576, frames:550, isKeyFrame:0,pts:10480164228
05-27 18:43:33.178   581   581 I SpiService: fgesysctrl_getGPIO_status success val=0
05-27 18:43:33.178   481   597 I mcuc    : send SPI:6AA602D3170002890089
05-27 08:34:42.142   581   581 D spi_rst_gpio_get_output: GPIO 145 value: 0
05-27 08:34:42.142   581   581 D spidev_ioctl: gpio status=0)
05-27 18:43:33.182  1167  1479 D evsmanagerd: /dev/video4 forwarded the buffer #0 to 0xb4000074bf5f6850 from 0xb4000074bf5f41d0
05-27 18:43:33.182  1167  1167 D evsmanagerd: /dev/video6 forwarded the buffer #0 to 0xb4000074bf5f5510 from 0xb4000074bf5f6d90
05-27 18:43:33.182   299 30844 D EvsDriver: Delivered 0xb400007b7ca56900 as id 0
05-27 18:43:33.183   299 30841 D EvsDriver: Delivered 0xb400007b7ca56a60 as id 0
05-27 18:43:33.188   299  1163 D EvsDriver: doneWithFrame
05-27 18:43:33.188 13911 14183 I SentryImuMcuAngleSender: 179.99298rollDeg
05-27 18:43:33.188 13911 14183 I SentryImuMcuAngleSender: 1,0,0
05-27 18:43:33.190   299  1163 D EvsDriver: doneWithFrame
05-27 18:43:33.193  1008 30856 D [OMXB]  : usingANWBuffer: handle:0xee744790, format:1, w:1920, h:1080
05-27 18:43:33.194 13911 14183 I SentryImuMcuAngleSender: [4, 18, 1, 0, 0],5
05-27 18:43:33.194   581   581 I SpiService: fgesysctrl_getGPIO_status success val=1
05-27 18:43:33.194 13911 14183 I McuCommManager: mcuCommSendcmd [4, 18, 1, 0, 0]
05-27 18:43:33.194   536   536 D commservice260303: msg.id = 1028,1
05-27 18:43:33.194   536   536 D commservice260303: i = 170, msgid = 8A000404
05-27 18:43:33.194   536   536 D commservice260303: msgid = -1979710460,did=138
05-27 18:43:33.194   536   536 D commservice260303: CommProtocolLibCmdBaseI2C::dataproc {"command":{"id":"imu_status","sub":""},"content":{"TimeStamp":10,"FrameCounter":244874,"GD_X":-0.011377211660146713,"GD_Y":0.004963258747011423,"GD_Z":0.002213752595707774,"AD_X":-9.01535153388977E-4,"AD_Y":-8.568125776946545E-4,"AD_Z":-0.1682577133178711,"TempDsp":0,"Status":0,"CalibState":1,"SigAmpInvalid":0}},-1979710460
05-27 18:43:33.195   536   536 D commservice260303: send2Cluster len:314, 7B22636F6D6D616E64223A7B226964223A22696D755F737461747573222C22737562223A22227D2C22636F6E74656E74223A7B2254696D655374616D70223A31302C224672616D65436F756E746572223A3234343837342C2247445F58223A2D302E3031313337373231313636303134363731332C2247445F59223A302E3030343936333235383734373031313432332C2247445F5A223A302E3030323231333735323539353730373737342C2241445F58223A2D392E3031353335313533333838393737452D342C2241445F59223A2D382E353638313235373736393436353435452D342C2241445F5A223A2D302E313638323537373133333137383731312C2254656D70447370223A302C22537461747573223A302C2243616C69625374617465223A312C22536967416D70496E76616C6964223A307D7D, 138 
05-27 18:43:33.195   536   536 D commservice260303: Push Message into SendPool fn=-1224998144
05-27 18:43:33.195   536   536 D commservice260303: ComProtocolLibSend2Cluster::send2ClusterRaw fn=-1224998144 , len=330
05-27 18:43:33.195   536   536 D commservice260303: sendCmdToPort :330!!!
05-27 18:43:33.195   536   536 D commservice260303: send Cmd To Port ++++5AA501468A010003FCB66A16CAD57B22636F6D6D616E64223A7B226964223A22696D755F737461747573222C22737562223A22227D2C22636F6E74656E74223A7B2254696D655374616D70223A31302C224672616D65436F756E746572223A3234343837342C2247445F58223A2D302E3031313337373231313636303134363731332C2247445F59223A302E3030343936333235383734373031313432332C2247445F5A223A302E3030323231333735323539353730373737342C2241445F58223A2D392E3031353335313533333838393737452D342C2241445F59223A2D382E353638313235373736393436353435452D342C2241445F5A223A2D302E313638323537373133333137383731312C2254656D70447370223A302C22537461747573223A302C2243616C69625374617465223A312C22536967416D70496E76616C6964223A307D7D308C
05-27 18:43:33.195   536   536 D commservice260303: bufferevent_write retrun value = 0
05-27 18:43:33.195 13911 14192 D Sentinelmode_1.2.5.17_sentry: <SentryImuClusterFgeSender>imu_status sent to Linux, frame=244874, tsNs=10480427, tsMs=10, intervalMs=39, ad=(-9.0153515E-4,-8.568126E-4,-0.16825771), gd=(-0.011377212,0.0049632587,0.0022137526)
05-27 18:43:33.195   536   560 D commservice260303: client datas send succeed,send finish
05-27 08:34:42.158   581   581 D spi_rst_gpio_get_output: GPIO 145 value: 1
05-27 08:34:42.158   581   581 D spidev_ioctl: gpio status=1)
05-27 18:43:33.197 13911 14183 I SentryImuMcuAngleSender: true
05-27 18:43:33.197 13911 14183 W Sentinelmode_1.2.5.17_sentry: <SentryImuMcuAngleSender>MCU IMU send interval abnormal: 1006ms
05-27 18:43:33.199   581   581 I SpiService: fgesysctrl_getGPIO_status success val=1
05-27 08:34:42.164   581   581 D spi_rst_gpio_get_output: GPIO 145 value: 1
05-27 08:34:42.164   581   581 D spidev_ioctl: gpio status=1)
05-27 18:43:33.204 30773 30786 I dvr_service_: CameraX 0  audioOK: 22976000,audios:360
05-27 18:43:33.205   581   581 I SpiService: fgesysctrl_getGPIO_status success val=1
05-27 18:43:33.208 13911 14183 I SentryImuMcuAngleSender: 180.0rollDeg
05-27 18:43:33.208 13911 14183 I SentryImuMcuAngleSender: 1,0,0
05-27 08:34:42.169   581   581 D spi_rst_gpio_get_output: GPIO 145 value: 1
05-27 08:34:42.169   581   581 D spidev_ioctl: gpio status=1)
05-27 18:43:33.209   299 30844 D EvsDriver: forwardFrame
05-27 18:43:33.210   299 30841 D EvsDriver: forwardFrame
05-27 18:43:33.211   581   581 I SpiService: fgesysctrl_getGPIO_status success val=1
05-27 18:43:33.212   299 30844 D EvsDriver: Delivered 0xb400007b7ca56900 as id 0
05-27 18:43:33.212  1167  1479 D evsmanagerd: /dev/video6 forwarded the buffer #0 to 0xb4000074bf5f5510 from 0xb4000074bf5f6d90
05-27 18:43:33.212   572   622 I Sensors : 230 GyroSensor: x:-0.011606,y:0.005192,z:0.002214
05-27 08:34:42.175   581   581 D spi_rst_gpio_get_output: GPIO 145 value: 1
05-27 08:34:42.175   581   581 D spidev_ioctl: gpio status=1)
05-27 18:43:33.215   299  1163 D EvsDriver: doneWithFrame
05-27 18:43:33.216   581   581 I SpiService: fgesysctrl_getGPIO_status success val=1
05-27 18:43:33.217   299 30841 D EvsDriver: Delivered 0xb400007b7ca56a60 as id 0
05-27 18:43:33.217  1167  1479 D evsmanagerd: /dev/video4 forwarded the buffer #0 to 0xb4000074bf5f6850 from 0xb4000074bf5f41d0
05-27 08:34:42.181   581   581 D spi_rst_gpio_get_output: GPIO 145 value: 1
05-27 08:34:42.181   581   581 D spidev_ioctl: gpio status=1)
05-27 18:43:33.219   283   307 I rvcservice: t.code = 1, t.value = -168360
05-27 18:43:33.220   299  1163 D EvsDriver: doneWithFrame
05-27 18:43:33.222   581   581 I SpiService: fgesysctrl_getGPIO_status success val=0
05-27 18:43:33.222   481   597 I mcuc    : send SPI:6AA600735B0005041201000016
05-27 18:43:33.224  1008 30857 D [OMXB]  : usingANWBuffer: handle:0xee743710, format:1, w:1920, h:1080
05-27 08:34:42.186   581   581 D spi_rst_gpio_get_output: GPIO 145 value: 0
05-27 08:34:42.186   581   581 D spidev_ioctl: gpio status=0)
05-27 18:43:33.229 13911 14183 I SentryImuMcuAngleSender: -179.99298rollDeg
05-27 18:43:33.229 13911 14183 I SentryImuMcuAngleSender: 1,0,0
05-27 18:43:33.231   299 30844 D EvsDriver: forwardFrame
05-27 18:43:33.233  1167  1479 D evsmanagerd: /dev/video6 forwarded the buffer #0 to 0xb4000074bf5f5510 from 0xb4000074bf5f6d90
05-27 18:43:33.233   299 30844 D EvsDriver: Delivered 0xb400007b7ca56900 as id 0
05-27 18:43:33.235   299  1163 D EvsDriver: doneWithFrame
05-27 18:43:33.236   536   536 D commservice260303: msg.id = 1028,1
05-27 18:43:33.236   536   536 D commservice260303: i = 170, msgid = 8A000404
05-27 18:43:33.236   536   536 D commservice260303: msgid = -1979710460,did=138
05-27 18:43:33.236   536   536 D commservice260303: CommProtocolLibCmdBaseI2C::dataproc {"command":{"id":"imu_status","sub":""},"content":{"TimeStamp":10,"FrameCounter":244875,"GD_X":-0.011910883709788322,"GD_Y":0.005573912989348173,"GD_Z":0.0017560218693688512,"AD_X":-9.123831987380981E-4,"AD_Y":-0.004485068377107382,"AD_Z":-0.1670370101928711,"TempDsp":0,"Status":0,"CalibState":1,"SigAmpInvalid":0}},-1979710460
05-27 18:43:33.236   536   536 D commservice260303: send2Cluster len:316, 7B22636F6D6D616E64223A7B226964223A22696D755F737461747573222C22737562223A22227D2C22636F6E74656E74223A7B2254696D655374616D70223A31302C224672616D65436F756E746572223A3234343837352C2247445F58223A2D302E3031313931303838333730393738383332322C2247445F59223A302E3030353537333931323938393334383137332C2247445F5A223A302E303031373536303231383639333638383531322C2241445F58223A2D392E313233383331393837333830393831452D342C2241445F59223A2D302E3030343438353036383337373130373338322C2241445F5A223A2D302E313637303337303130313932383731312C2254656D70447370223A302C22537461747573223A302C2243616C69625374617465223A312C22536967416D70496E76616C6964223A307D7D, 138 
05-27 18:43:33.236   536   536 D commservice260303: Push Message into SendPool fn=-1208220928
05-27 18:43:33.236   536   536 D commservice260303: ComProtocolLibSend2Cluster::send2ClusterRaw fn=-1208220928 , len=332
05-27 18:43:33.236   536   536 D commservice260303: sendCmdToPort :332!!!
05-27 18:43:33.237   536   536 D commservice260303: send Cmd To Port ++++5AA501488A010003FCB76A16CAD57B22636F6D6D616E64223A7B226964223A22696D755F737461747573222C22737562223A22227D2C22636F6E74656E74223A7B2254696D655374616D70223A31302C224672616D65436F756E746572223A3234343837352C2247445F58223A2D302E3031313931303838333730393738383332322C2247445F59223A302E3030353537333931323938393334383137332C2247445F5A223A302E303031373536303231383639333638383531322C2241445F58223A2D392E313233383331393837333830393831452D342C2241445F59223A2D302E3030343438353036383337373130373338322C2241445F5A223A2D302E313637303337303130313932383731312C2254656D70447370223A302C22537461747573223A302C2243616C69625374617465223A312C22536967416D70496E76616C6964223A307D7DE743
05-27 18:43:33.237   581   581 I SpiService: fgesysctrl_getGPIO_status success val=1
05-27 18:43:33.237   536   536 D commservice260303: bufferevent_write retrun value = 0
05-27 08:34:42.201   581   581 D spi_rst_gpio_get_output: GPIO 145 value: 1
05-27 08:34:42.201   581   581 D spidev_ioctl: gpio status=1)
05-27 18:43:33.237   536   560 D commservice260303: client datas send succeed,send finish
05-27 18:43:33.237 13911 14192 D Sentinelmode_1.2.5.17_sentry: <SentryImuClusterFgeSender>imu_status sent to Linux, frame=244875, tsNs=10480481, tsMs=10, intervalMs=42, ad=(-9.123832E-4,-0.0044850684,-0.16703701), gd=(-0.011910884,0.005573913,0.0017560219)
05-27 18:43:33.242   581   581 I SpiService: fgesysctrl_getGPIO_status success val=1
05-27 18:43:33.244   299 30841 D EvsDriver: forwardFrame
05-27 08:34:42.207   581   581 D spi_rst_gpio_get_output: GPIO 145 value: 1
05-27 08:34:42.207   581   581 D spidev_ioctl: gpio status=1)
05-27 18:43:33.246   299 30841 D EvsDriver: Delivered 0xb400007b7ca56a60 as id 0
05-27 18:43:33.246  1167  1479 D evsmanagerd: /dev/video4 forwarded the buffer #0 to 0xb4000074bf5f6850 from 0xb4000074bf5f41d0
05-27 18:43:33.248   581   581 I SpiService: fgesysctrl_getGPIO_status success val=1
05-27 08:34:42.213   581   581 D spi_rst_gpio_get_output: GPIO 145 value: 1
05-27 08:34:42.213   581   581 D spidev_ioctl: gpio status=1)
05-27 18:43:33.250 13911 14183 I SentryImuMcuAngleSender: -179.98598rollDeg
05-27 18:43:33.250 13911 14183 I SentryImuMcuAngleSender: 1,0,0
05-27 18:43:33.250   299  1163 D EvsDriver: doneWithFrame
05-27 18:43:33.253  1008 30856 D [OMXB]  : usingANWBuffer: handle:0xee740220, format:1, w:1920, h:1080
05-27 18:43:33.254   581   581 I SpiService: fgesysctrl_getGPIO_status success val=1
05-27 08:34:42.219   581   581 D spi_rst_gpio_get_output: GPIO 145 value: 1
05-27 08:34:42.219   581   581 D spidev_ioctl: gpio status=1)
05-27 18:43:33.259   581   581 I SpiService: fgesysctrl_getGPIO_status success val=1
05-27 08:34:42.224   581   581 D spi_rst_gpio_get_output: GPIO 145 value: 1
05-27 08:34:42.224   581   581 D spidev_ioctl: gpio status=1)
05-27 18:43:33.262 30773 30785 I dvr_service_: [EncoderHandler::runMediaThread] runMediaThread started:1,state:1, cam2:started:1,state:1, lastSwitch:1, mIsMuxerStart:1,format:0,is_str_ing:0
05-27 18:43:33.265   581   581 I SpiService: fgesysctrl_getGPIO_status success val=0
05-27 18:43:33.268   299 30841 D EvsDriver: forwardFrame
05-27 18:43:33.271   299 30841 D EvsDriver: Delivered 0xb400007b7ca56a60 as id 0
05-27 08:34:42.230   581   581 D spi_rst_gpio_get_output: GPIO 145 value: 0
05-27 08:34:42.230   581   581 D spidev_ioctl: gpio status=0)
05-27 18:43:33.271  1167  1479 D evsmanagerd: /dev/video4 forwarded the buffer #0 to 0xb4000074bf5f6850 from 0xb4000074bf5f41d0
05-27 18:43:33.271 30773 30773 I dvr_service_: [myNum:0][onFrameReceived] Received Surface:1 0
05-27 18:43:33.271   299 30844 D EvsDriver: forwardFrame
05-27 18:43:33.271 30773 30773 E dvr_service_: [myNum:0] Received S**** loss
05-27 18:43:33.271 13911 14183 I SentryImuMcuAngleSender: 179.99298rollDeg
05-27 18:43:33.271 13911 14183 I SentryImuMcuAngleSender: 1,0,0
05-27 18:43:33.273   299 30844 D EvsDriver: Delivered 0xb400007b7ca56900 as id 0
05-27 18:43:33.273  1167  1479 D evsmanagerd: /dev/video6 forwarded the buffer #0 to 0xb4000074bf5f5510 from 0xb4000074bf5f6d90
05-27 18:43:33.273   299  1163 D EvsDriver: doneWithFrame
05-27 18:43:33.273 30773 30773 I dvr_service_: [myNum:1][onFrameReceived] Received Surface:1 0
05-27 18:43:33.273 30773 30773 E dvr_service_: [myNum:1] Received S**** loss
05-27 18:43:33.274  1008 30857 D [OMXB]  : usingANWBuffer: handle:0xee7407a0, format:1, w:1920, h:1080
05-27 18:43:33.274   299  1163 D EvsDriver: doneWithFrame
05-27 18:43:33.277   536   536 D commservice260303: msg.id = 1028,1
05-27 18:43:33.277   536   536 D commservice260303: i = 170, msgid = 8A000404
05-27 18:43:33.277   536   536 D commservice260303: msgid = -1979710460,did=138
05-27 18:43:33.277   536   536 D commservice260303: CommProtocolLibCmdBaseI2C::dataproc {"command":{"id":"imu_status","sub":""},"content":{"TimeStamp":10,"FrameCounter":244876,"GD_X":-0.011987865902483463,"GD_Y":0.00549693126231432,"GD_Z":0.0017560218693688512,"AD_X":0.001504451036453247,"AD_Y":0.0010043957736343145,"AD_Z":-0.1682577133178711,"TempDsp":0,"Status":0,"CalibState":1,"SigAmpInvalid":0}},-1979710460
05-27 18:43:33.277   536   536 D commservice260303: send2Cluster len:314, 7B22636F6D6D616E64223A7B226964223A22696D755F737461747573222C22737562223A22227D2C22636F6E74656E74223A7B2254696D655374616D70223A31302C224672616D65436F756E746572223A3234343837362C2247445F58223A2D302E3031313938373836353930323438333436332C2247445F59223A302E30303534393639333132363233313433322C2247445F5A223A302E303031373536303231383639333638383531322C2241445F58223A302E3030313530343435313033363435333234372C2241445F59223A302E303031303034333935373733363334333134352C2241445F5A223A2D302E313638323537373133333137383731312C2254656D70447370223A302C22537461747573223A302C2243616C69625374617465223A312C22536967416D70496E76616C6964223A307D7D, 138 
05-27 18:43:33.277   536   536 D commservice260303: Push Message into SendPool fn=-1191443712
05-27 18:43:33.277   536   536 D commservice260303: ComProtocolLibSend2Cluster::send2ClusterRaw fn=-1191443712 , len=330
05-27 18:43:33.277   536   536 D commservice260303: sendCmdToPort :330!!!
05-27 18:43:33.277   536   536 D commservice260303: send Cmd To Port ++++5AA501468A010003FCB86A16CAD57B22636F6D6D616E64223A7B226964223A22696D755F737461747573222C22737562223A22227D2C22636F6E74656E74223A7B2254696D655374616D70223A31302C224672616D65436F756E746572223A3234343837362C2247445F58223A2D302E3031313938373836353930323438333436332C2247445F59223A302E30303534393639333132363233313433322C2247445F5A223A302E303031373536303231383639333638383531322C2241445F58223A302E3030313530343435313033363435333234372C2241445F59223A302E303031303034333935373733363334333134352C2241445F5A223A2D302E313638323537373133333137383731312C2254656D70447370223A302C22537461747573223A302C2243616C69625374617465223A312C22536967416D70496E76616C6964223A307D7DE787
05-27 18:43:33.278   536   536 D commservice260303: bufferevent_write retrun value = 0
05-27 18:43:33.278   536   560 D commservice260303: client datas send succeed,send finish
05-27 18:43:33.278 13911 14192 D Sentinelmode_1.2.5.17_sentry: <SentryImuClusterFgeSender>imu_status sent to Linux, frame=244876, tsNs=10480518, tsMs=10, intervalMs=41, ad=(0.001504451,0.0010043958,-0.16825771), gd=(-0.011987866,0.0054969313,0.0017560219)
05-27 18:43:33.279   581   581 I SpiService: fgesysctrl_getGPIO_status success val=1
05-27 08:34:42.244   581   581 D spi_rst_gpio_get_output: GPIO 145 value: 1
05-27 08:34:42.244   581   581 D spidev_ioctl: gpio status=1)
05-27 18:43:33.285   581   581 I SpiService: fgesysctrl_getGPIO_status success val=1
05-27 08:34:42.249   581   581 D spi_rst_gpio_get_output: GPIO 145 value: 1
05-27 08:34:42.249   581   581 D spidev_ioctl: gpio status=1)
05-27 18:43:33.290   581   581 I SpiService: fgesysctrl_getGPIO_status success val=1
05-27 18:43:33.291 13911 14183 I SentryImuMcuAngleSender: 179.986rollDeg
05-27 18:43:33.292 13911 14183 I SentryImuMcuAngleSender: 1,0,0
05-27 08:34:42.255   581   581 D spi_rst_gpio_get_output: GPIO 145 value: 1
05-27 08:34:42.255   581   581 D spidev_ioctl: gpio status=1)
05-27 18:43:33.296   581   581 I SpiService: fgesysctrl_getGPIO_status success val=1
05-27 08:34:42.261   581   581 D spi_rst_gpio_get_output: GPIO 145 value: 1
05-27 08:34:42.261   581   581 D spidev_ioctl: gpio status=1)
05-27 18:43:33.301   581   581 I SpiService: fgesysctrl_getGPIO_status success val=1
05-27 18:43:33.304  1008 30856 D [OMXB]  : usingANWBuffer: handle:0xee742ab0, format:1, w:1920, h:1080
05-27 18:43:33.305   299 30841 D EvsDriver: forwardFrame
05-27 18:43:33.306   299 30844 D EvsDriver: forwardFrame
05-27 18:43:33.307   581   581 I SpiService: fgesysctrl_getGPIO_status success val=0
05-27 18:43:33.309  1167  1479 D evsmanagerd: /dev/video4 forwarded the buffer #0 to 0xb4000074bf5f6850 from 0xb4000074bf5f41d0
05-27 08:34:42.266   581   581 D spi_rst_gpio_get_output: GPIO 145 value: 1
05-27 08:34:42.266   581   581 D spidev_ioctl: gpio status=1)
05-27 08:34:42.272   581   581 D spi_rst_gpio_get_output: GPIO 145 value: 0
05-27 08:34:42.272   581   581 D spidev_ioctl: gpio status=0)
05-27 18:43:33.312   299  1163 D EvsDriver: doneWithFrame
05-27 18:43:33.312   299 30841 D EvsDriver: Delivered 0xb400007b7ca56a60 as id 0
05-27 18:43:33.313  1167  1479 D evsmanagerd: /dev/video6 forwarded the buffer #0 to 0xb4000074bf5f5510 from 0xb4000074bf5f6d90
05-27 18:43:33.317   299 30844 D EvsDriver: Delivered 0xb400007b7ca56900 as id 0
05-27 18:43:33.317 13911 14183 I SentryImuMcuAngleSender: 179.97899rollDeg
05-27 18:43:33.318 13911 14183 I SentryImuMcuAngleSender: 1,0,0
05-27 18:43:33.318   299  1163 D EvsDriver: doneWithFrame
05-27 18:43:33.319   572   572 I Sensors : 230 AccelSensor: x:-0.169580,y:0.002440,z:-9.974720
05-27 18:43:33.320   283   307 I rvcservice: t.code = 3, t.value = 0
05-27 18:43:33.323   581   581 I SpiService: fgesysctrl_getGPIO_status success val=1
05-27 18:43:33.324   536   536 D commservice260303: msg.id = 1028,1
05-27 18:43:33.324   536   536 D commservice260303: i = 170, msgid = 8A000404
05-27 18:43:33.324   536   536 D commservice260303: msgid = -1979710460,did=138
05-27 18:43:33.324   536   536 D commservice260303: CommProtocolLibCmdBaseI2C::dataproc {"command":{"id":"imu_status","sub":""},"content":{"TimeStamp":10,"FrameCounter":244877,"GD_X":-0.011987865902483463,"GD_Y":0.005573912989348173,"GD_Z":0.0021378109231591225,"AD_X":-0.0021682530641555786,"AD_Y":0.0016072920989245176,"AD_Z":-0.17069625854492188,"TempDsp":0,"Status":0,"CalibState":1,"SigAmpInvalid":0}},-1979710460
05-27 18:43:33.324   536   536 D commservice260303: send2Cluster len:318, 7B22636F6D6D616E64223A7B226964223A22696D755F737461747573222C22737562223A22227D2C22636F6E74656E74223A7B2254696D655374616D70223A31302C224672616D65436F756E746572223A3234343837372C2247445F58223A2D302E3031313938373836353930323438333436332C2247445F59223A302E3030353537333931323938393334383137332C2247445F5A223A302E303032313337383130393233313539313232352C2241445F58223A2D302E303032313638323533303634313535353738362C2241445F59223A302E303031363037323932303938393234353137362C2241445F5A223A2D302E31373036393632353835343439323138382C2254656D70447370223A302C22537461747573223A302C2243616C69625374617465223A312C22536967416D70496E76616C6964223A307D7D, 138 
05-27 18:43:33.324   536   536 D commservice260303: Push Message into SendPool fn=-1174666496
05-27 18:43:33.324   536   536 D commservice260303: ComProtocolLibSend2Cluster::send2ClusterRaw fn=-1174666496 , len=334
05-27 18:43:33.324   536   536 D commservice260303: sendCmdToPort :334!!!
05-27 18:43:33.324   536   536 D commservice260303: send Cmd To Port ++++5AA5014A8A010003FCB96A16CAD57B22636F6D6D616E64223A7B226964223A22696D755F737461747573222C22737562223A22227D2C22636F6E74656E74223A7B2254696D655374616D70223A31302C224672616D65436F756E746572223A3234343837372C2247445F58223A2D302E3031313938373836353930323438333436332C2247445F59223A302E3030353537333931323938393334383137332C2247445F5A223A302E303032313337383130393233313539313232352C2241445F58223A2D302E303032313638323533303634313535353738362C2241445F59223A302E303031363037323932303938393234353137362C2241445F5A223A2D302E31373036393632353835343439323138382C2254656D70447370223A302C22537461747573223A302C2243616C69625374617465223A312C22536967416D70496E76616C6964223A307D7D2EAF
05-27 18:43:33.325   536   536 D commservice260303: bufferevent_write retrun value = 0
05-27 18:43:33.325   536   560 D commservice260303: client datas send succeed,send finish
05-27 18:43:33.325 13911 14192 D Sentinelmode_1.2.5.17_sentry: <SentryImuClusterFgeSender>imu_status sent to Linux, frame=244877, tsNs=10480552, tsMs=10, intervalMs=47, ad=(-0.002168253,0.0016072921,-0.17069626), gd=(-0.011987866,0.005573913,0.002137811)
05-27 08:34:42.287   581   581 D spi_rst_gpio_get_output: GPIO 145 value: 1
05-27 08:34:42.287   581   581 D spidev_ioctl: gpio status=1)
05-27 18:43:33.328   581   581 I SpiService: fgesysctrl_getGPIO_status success val=1
05-27 08:34:42.293   581   581 D spi_rst_gpio_get_output: GPIO 145 value: 1
05-27 08:34:42.293   581   581 D spidev_ioctl: gpio status=1)
05-27 18:43:33.331  1008 30857 D [OMXB]  : usingANWBuffer: handle:0xee746310, format:1, w:1920, h:1080
05-27 18:43:33.334   581   581 I SpiService: fgesysctrl_getGPIO_status success val=1
05-27 18:43:33.334   299 30841 D EvsDriver: forwardFrame
05-27 18:43:33.335   299 30841 D EvsDriver: Delivered 0xb400007b7ca56a60 as id 0
05-27 18:43:33.335  1167  1479 D evsmanagerd: /dev/video4 forwarded the buffer #0 to 0xb4000074bf5f6850 from 0xb4000074bf5f41d0
05-27 08:34:42.298   581   581 D spi_rst_gpio_get_output: GPIO 145 value: 1
05-27 08:34:42.298   581   581 D spidev_ioctl: gpio status=1)
05-27 18:43:33.337   299 30844 D EvsDriver: forwardFrame
05-27 18:43:33.337 13911 14183 I SentryImuMcuAngleSender: 179.986rollDeg
05-27 18:43:33.337 13911 14183 I SentryImuMcuAngleSender: 1,0,0
05-27 18:43:33.338   299 30844 D EvsDriver: Delivered 0xb400007b7ca56900 as id 0
05-27 18:43:33.338  1167  1479 D evsmanagerd: /dev/video6 forwarded the buffer #0 to 0xb4000074bf5f5510 from 0xb4000074bf5f6d90
05-27 18:43:33.338   299  1163 D EvsDriver: doneWithFrame
05-27 18:43:33.340   581   581 I SpiService: fgesysctrl_getGPIO_status success val=1
05-27 08:34:42.304   581   581 D spi_rst_gpio_get_output: GPIO 145 value: 1
05-27 08:34:42.304   581   581 D spidev_ioctl: gpio status=1)
05-27 18:43:33.340   299  1163 D EvsDriver: doneWithFrame
05-27 18:43:33.345   581   581 I SpiService: fgesysctrl_getGPIO_status success val=0
05-27 08:34:42.310   581   581 D spi_rst_gpio_get_output: GPIO 145 value: 0
05-27 08:34:42.310   581   581 D spidev_ioctl: gpio status=0)
05-27 18:43:33.358 13911 14183 I SentryImuMcuAngleSender: 179.97897rollDeg
05-27 18:43:33.358 13911 14183 I SentryImuMcuAngleSender: 1,0,0
05-27 18:43:33.359   581   581 I SpiService: fgesysctrl_getGPIO_status success val=1
05-27 08:34:42.324   581   581 D spi_rst_gpio_get_output: GPIO 145 value: 1
05-27 08:34:42.324   581   581 D spidev_ioctl: gpio status=1)
05-27 18:43:33.364   536   536 D commservice260303: msg.id = 1028,0
05-27 18:43:33.364   536   536 D commservice260303: i = 170, msgid = 8A000404
05-27 18:43:33.364   536   536 D commservice260303: msgid = -1979710460,did=138
05-27 18:43:33.364   536   536 D commservice260303: CommProtocolLibCmdBaseI2C::dataproc {"command":{"id":"imu_status","sub":""},"content":{"TimeStamp":10,"FrameCounter":244878,"GD_X":-0.01221725158393383,"GD_Y":0.004733873065561056,"GD_Z":0.00259606190957129,"AD_X":-0.003387466073036194,"AD_Y":0.0015999858733266592,"AD_Z":-0.1670370101928711,"TempDsp":0,"Status":0,"CalibState":1,"SigAmpInvalid":0}},-1979710460
05-27 18:43:33.364   536   536 D commservice260303: send2Cluster len:313, 7B22636F6D6D616E64223A7B226964223A22696D755F737461747573222C22737562223A22227D2C22636F6E74656E74223A7B2254696D655374616D70223A31302C224672616D65436F756E746572223A3234343837382C2247445F58223A2D302E30313232313732353135383339333338332C2247445F59223A302E3030343733333837333036353536313035362C2247445F5A223A302E30303235393630363139303935373132392C2241445F58223A2D302E3030333338373436363037333033363139342C2241445F59223A302E303031353939393835383733333236363539322C2241445F5A223A2D302E313637303337303130313932383731312C2254656D70447370223A302C22537461747573223A302C2243616C69625374617465223A312C22536967416D70496E76616C6964223A307D7D, 138 
05-27 18:43:33.365   536   536 D commservice260303: Push Message into SendPool fn=-1157889280
05-27 18:43:33.365   536   536 D commservice260303: ComProtocolLibSend2Cluster::send2ClusterRaw fn=-1157889280 , len=329
05-27 18:43:33.365   536   536 D commservice260303: sendCmdToPort :329!!!
05-27 18:43:33.365   536   536 D commservice260303: send Cmd To Port ++++5AA501458A010003FCBA6A16CAD57B22636F6D6D616E64223A7B226964223A22696D755F737461747573222C22737562223A22227D2C22636F6E74656E74223A7B2254696D655374616D70223A31302C224672616D65436F756E746572223A3234343837382C2247445F58223A2D302E30313232313732353135383339333338332C2247445F59223A302E3030343733333837333036353536313035362C2247445F5A223A302E30303235393630363139303935373132392C2241445F58223A2D302E3030333338373436363037333033363139342C2241445F59223A302E303031353939393835383733333236363539322C2241445F5A223A2D302E313637303337303130313932383731312C2254656D70447370223A302C22537461747573223A302C2243616C69625374617465223A312C22536967416D70496E76616C6964223A307D7D90E9
05-27 18:43:33.365   581   581 I SpiService: fgesysctrl_getGPIO_status success val=1
05-27 18:43:33.365   536   536 D commservice260303: bufferevent_write retrun value = 0
05-27 18:43:33.365 13911 14192 D Sentinelmode_1.2.5.17_sentry: <SentryImuClusterFgeSender>imu_status sent to Linux, frame=244878, tsNs=10480606, tsMs=10, intervalMs=40, ad=(-0.003387466,0.0015999859,-0.16703701), gd=(-0.012217252,0.004733873,0.002596062)
05-27 18:43:33.365   536   560 D commservice260303: client datas send succeed,send finish
05-27 08:34:42.329   581   581 D spi_rst_gpio_get_output: GPIO 145 value: 1
05-27 08:34:42.329   581   581 D spidev_ioctl: gpio status=1)
05-27 18:43:33.369  1008 30856 D [OMXB]  : usingANWBuffer: handle:0xee741400, format:1, w:1920, h:1080
05-27 08:34:42.335   581   581 D spi_rst_gpio_get_output: GPIO 145 value: 1
05-27 18:43:33.370   299 30841 D EvsDriver: forwardFrame
05-27 18:43:33.370   581   581 I SpiService: fgesysctrl_getGPIO_status success val=1
05-27 08:34:42.335   581   581 D spidev_ioctl: gpio status=1)
05-27 18:43:33.371   299 30844 D EvsDriver: forwardFrame
05-27 18:43:33.373  1167  1479 D evsmanagerd: /dev/video4 forwarded the buffer #0 to 0xb4000074bf5f6850 from 0xb4000074bf5f41d0
05-27 18:43:33.373   299 30841 D EvsDriver: Delivered 0xb400007b7ca56a60 as id 0
05-27 18:43:33.374  1167  1479 D evsmanagerd: /dev/video6 forwarded the buffer #0 to 0xb4000074bf5f5510 from 0xb4000074bf5f6d90
05-27 18:43:33.377   581   581 I SpiService: fgesysctrl_getGPIO_status success val=1
05-27 18:43:33.378   299 30844 D EvsDriver: Delivered 0xb400007b7ca56900 as id 0
05-27 18:43:33.378   299  1163 D EvsDriver: doneWithFrame
05-27 18:43:33.379 13911 14183 I SentryImuMcuAngleSender: 179.97897rollDeg
05-27 18:43:33.379 13911 14183 I SentryImuMcuAngleSender: 1,0,0
05-27 08:34:42.342   581   581 D spi_rst_gpio_get_output: GPIO 145 value: 1
05-27 08:34:42.342   581   581 D spidev_ioctl: gpio status=1)
05-27 18:43:33.383   581   581 I SpiService: fgesysctrl_getGPIO_status success val=1
05-27 18:43:33.384   299  1163 D EvsDriver: doneWithFrame
05-27 08:34:42.348   581   581 D spi_rst_gpio_get_output: GPIO 145 value: 1
05-27 08:34:42.348   581   581 D spidev_ioctl: gpio status=1)
05-27 18:43:33.389   566 11459 I gps_hdbd: Received: '$GNGGA,005924.000,,,,,0,00,,,M,,M,,*6C
'
05-27 18:43:33.389   581   581 I SpiService: fgesysctrl_getGPIO_status success val=0
05-27 18:43:33.391  1008 30857 D [OMXB]  : usingANWBuffer: handle:0xee742a00, format:1, w:1920, h:1080
05-27 18:43:33.394   566 11459 I gps_hdbd: Received: '$GNGSA,A,1,,,,,,,,,,,,,,,,1*1D
'
05-27 18:43:33.397 30963 30991 D ANWAPI_SECOND: (30963|0x283D6CB0)[BTAPI] run AnWBT_WaitInitFinish
05-27 18:43:33.397 30963 30991 D ANWAPI_SECOND: (30963|0x283D6CB0)[BTAPI] bb_vendor(3)hcit_type(3)
05-27 18:43:33.397 30963 30991 D ANWAPI_SECOND: (30963|0x283D6CB0)[BTAPI] RTL8761, config_uart_path[/dev/ttyS3], baudrate_init(115200), baudrate_normal(3000000)
05-27 18:43:33.397 30963 30991 D ANWAPI_SECOND: (30963|0x283D6CB0)[BTAPI] RTL8761, config_BT_ADDR_path[]
05-27 18:43:33.397 30963 30991 D ANWAPI_SECOND: (30963|0x283D6CB0)[BTAPI] BTUart_Configure start
05-27 18:43:33.398 30963 30991 I ANWStack: [  10480648][ANWBT] Device name = /dev/ttyS3,baudrate_init =115200(115200),baudrate =3000000(3000000)
05-27 18:43:33.398 30963 30991 I ANWStack: 
05-27 08:34:42.354   581   581 D spi_rst_gpio_get_output: GPIO 145 value: 0
05-27 08:34:42.354   581   581 D spidev_ioctl: gpio status=0)
05-27 18:43:33.398 30963 30991 I ANWStack: [  10480649][ANWBT] BTUart_StartUp  speed = 115200
05-27 18:43:33.398 30963 30991 I ANWStack: 
05-27 18:43:33.398 30963 30991 D ANWStack: Mac Address /data/vendor/bluetooth/btmac.txt open fail - No such file or directory
05-27 08:34:42.363 30991 30991 W audit   : audit_lost=35657 audit_rate_limit=5 audit_backlog_limit=64
05-27 18:43:33.398 30963 30991 D ANWStack: Mac Address from file  /data/vendor/bluetooth/btmac.txt -  (1)
05-27 18:43:33.399   566 11459 I gps_hdbd: Received: '$GNGSA,A,1,,,,,,,,,,,,,,,,3*1F
'
05-27 18:43:33.400 13911 14183 I SentryImuMcuAngleSender: 179.98247rollDeg
05-27 18:43:33.400 13911 14183 I SentryImuMcuAngleSender: 1,0,0
05-27 18:43:33.400   566 11459 I gps_hdbd: Received: '$GNGSA,A,1,,,,,,,,,,,,,,,,4*18
'
05-27 18:43:33.400   566 11459 I gps_hdbd: Received: '$BDGSV,1,1,00,1*75
'
05-27 18:43:33.401   299 30841 D EvsDriver: forwardFrame
05-27 18:43:33.401 30963 30991 D ANWStack: rtk_8761C_init@1, fd 0x55
05-27 18:43:33.401 30963 30991 D ANWStack: type RTL_8761C, init speed 115200
05-27 18:43:33.401 30963 30991 D ANWStack: rtk_8761C_init@2, fd 0x55
05-27 18:43:33.402 30963 30991 D ANWStack: Realtek Bluetooth init uart with init speed:115200, type:HCI UART H4
05-27 18:43:33.402 30963 30991 D ANWStack: Realtek Bluetooth :Realtek hciattach version 3.1.d5a90fd.20250813-162457 
05-27 18:43:33.402 30963 30991 D ANWStack: 
05-27 18:43:33.402   481   598 I mcuc    : rev,n=1,6AA681D318000B8300E0000000000000000026
05-27 18:43:33.402 30963 30991 D ANWStack: Realtek Bluetooth :Use epoll
05-27 18:43:33.402 30963 30991 D ANWStack: Realtek Bluetooth :Realtek H4 IC
05-27 18:43:33.402   351   373 D automotive.vehicle@2.0-adayo-datacomm-mcu: MCUDatacomm sendMessageFromVehicle prop: 0x83, areaId: 0x0, status: 0x0, timestamp: 0x0
05-27 18:43:33.402   351   373 D automotive.vehicle@2.0-adayo-datacomm-mcu: MCUDatacomm 1sendMessageFromVehicle ---> type = 7 
05-27 18:43:33.402   351   373 I automotive.vehicle@2.0-adayo-func-mcu: MCUFunc :sendMessageFromVehicle  msgBuff[0] = 131 
05-27 18:43:33.402   351   373 I automotive.vehicle@2.0-adayo-func-mcu: MCUFunc :sendMessageFromVehicle  msgBuff[1] = 0 
05-27 18:43:33.402   351   373 I automotive.vehicle@2.0-adayo-func-mcu: MCUFunc :sendMessageFromVehicle  msgBuff[2] = 0 
05-27 18:43:33.402   351   373 I automotive.vehicle@2.0-adayo-func-mcu: MCUFunc :sendMessageFromVehicle  msgBuff[3] = 0 
05-27 18:43:33.402   351   373 I automotive.vehicle@2.0-adayo-func-mcu: MCUFunc :sendMessageFromVehicle  msgBuff[4] = 3 
05-27 18:43:33.402   351   373 I automotive.vehicle@2.0-adayo-func-mcu: MCUFunc :sendMessageFromVehicle  msgBuff[5] = 1 
05-27 18:43:33.402   351   373 I automotive.vehicle@2.0-adayo-func-mcu: MCUFunc :sendMessageFromVehicle  msgBuff[6] = 0 
05-27 18:43:33.402   351   373 I automotive.vehicle@2.0-adayo-func-mcu: MCUFunc :sendMessageFromVehicle  msgBuff[7] = 0 
05-27 18:43:33.402   351   373 I automotive.vehicle@2.0-adayo-func-mcu: MCUFunc :sendMessageFromVehicle  msgBuff[8] = 0 
05-27 18:43:33.402   351   373 I automotive.vehicle@2.0-adayo-func-mcu: MCUFunc :sendMessageFromVehicle  msgBuff[9] = 0 
05-27 18:43:33.402   351   373 I automotive.vehicle@2.0-adayo-func-mcu: MCUFunc :sendMessageFromVehicle  msgBuff[10] = 0 
05-27 18:43:33.402   351   373 I automotive.vehicle@2.0-adayo-func-mcu: MCUFunc :sendMessageFromVehicle  msgBuff[11] = 0 
05-27 18:43:33.402   351   373 I automotive.vehicle@2.0-adayo-func-mcu: MCUFunc :sendMessageFromVehicle  msgBuff[12] = 0 
05-27 18:43:33.402   351   373 I automotive.vehicle@2.0-adayo-func-mcu: MCUFunc :sendMessageFromVehicle  msgBuff[13] = 0 
05-27 18:43:33.402   351   373 I automotive.vehicle@2.0-adayo-func-mcu: MCUFunc :sendMessageFromVehicle  msgBuff[14] = 0 
05-27 18:43:33.402   351   373 I automotive.vehicle@2.0-adayo-func-mcu: MCUFunc :sendMessageFromVehicle  msgBuff[15] = 0 
05-27 18:43:33.402   299 30841 D EvsDriver: Delivered 0xb400007b7ca56a60 as id 0
05-27 18:43:33.402   351   373 I automotive.vehicle@2.0-adayo-func-mcu: MCUFunc :sendMessageFromVehicle  msgBuff[16] = 0 
05-27 18:43:33.402  1167  1479 D evsmanagerd: /dev/video4 forwarded the buffer #0 to 0xb4000074bf5f6850 from 0xb4000074bf5f41d0
05-27 18:43:33.403   299 30844 D EvsDriver: forwardFrame
05-27 08:34:42.363 30991 30991 E audit   : rate limit exceeded
05-27 08:34:42.365 30991 30991 E sprd_serial 20230000.serial: request TX DMA channel failed, ret = -19
05-27 08:34:42.366 30991 30991 E sprd_serial 20230000.serial: request RX DMA channel failed, ret = -19
05-27 08:34:42.369   581   581 D spi_rst_gpio_get_output: GPIO 145 value: 1
05-27 08:34:42.369   581   581 D spidev_ioctl: gpio status=1)
05-27 18:43:33.404   481   598 I mcuc    : rev,n=2,6AA681D3190003841500F7
05-27 18:43:33.404   581   581 I SpiService: fgesysctrl_getGPIO_status success val=1
05-27 18:43:33.404  1167  1479 D evsmanagerd: /dev/video6 forwarded the buffer #0 to 0xb4000074bf5f5510 from 0xb4000074bf5f6d90
05-27 18:43:33.405   299  1163 D EvsDriver: doneWithFrame
05-27 18:43:33.405   299 30844 D EvsDriver: Delivered 0xb400007b7ca56900 as id 0
05-27 18:43:33.406   481   598 I mcuc    : rev,n=3,6AA681D31A008C8305000055000000B000000000000100010000284FAAB104FFCCAA05AA0434D1AA045409AA05B2521A8B3DA43800000000040000B3000000000000000000000000000000B44300000000000300000000000000AA000000E40701010000000000000000BB06050507EA051B000008009403CB00CC000000000000000000000000000000B50000000000000000E9
05-27 18:43:33.406   351   373 D automotive.vehicle@2.0-adayo-datacomm-mcu: MCUDatacomm sendMessageFromVehicle prop: 0x83, areaId: 0x5, status: 0x0, timestamp: 0x0
05-27 18:43:33.406   351   373 D automotive.vehicle@2.0-adayo-datacomm-mcu: MCUDatacomm 1sendMessageFromVehicle ---> type = 7 
05-27 18:43:33.406   351   373 I automotive.vehicle@2.0-adayo-func-mcu: MCUFunc :sendMessageFromVehicle  msgBuff[0] = 131 
05-27 18:43:33.406   351   373 I automotive.vehicle@2.0-adayo-func-mcu: MCUFunc :sendMessageFromVehicle  msgBuff[1] = 5 
05-27 18:43:33.406   351   373 I automotive.vehicle@2.0-adayo-func-mcu: MCUFunc :sendMessageFromVehicle  msgBuff[2] = 0 
05-27 18:43:33.406   351   373 I automotive.vehicle@2.0-adayo-func-mcu: MCUFunc :sendMessageFromVehicle  msgBuff[3] = 0 
05-27 18:43:33.406   351   373 I automotive.vehicle@2.0-adayo-func-mcu: MCUFunc :sendMessageFromVehicle  msgBuff[4] = 85 
05-27 18:43:33.406   351   373 I automotive.vehicle@2.0-adayo-func-mcu: MCUFunc :sendMessageFromVehicle  msgBuff[5] = 0 
05-27 18:43:33.407   299  1163 D EvsDriver: doneWithFrame
05-27 18:43:33.408   566 11459 I gps_hdbd: Received: '$BDGSV,1,1,00,5*71
'
05-27 18:43:33.409   481   598 I mcuc    : rev,n=4,6AA681D31B009E8B3002B801020403A0030000030100000100000000002901A100000000003B000202000002020002A208FA29018000028000038000048000A3058000068000070000080000000000A4000000000000000000000101000700A502000000090102000200FF0100A6B9DD01010101010000000101010000000A0A0A0000010101040402020000000000000000000000000000000000000000000000000000EE67
05-27 18:43:33.409   566 11459 I gps_hdbd: Received: '$GPGSV,1,1,01,199,42,165,,1*60
'
05-27 18:43:33.409   536   536 D commservice260303: msg.id = 1028,0
05-27 18:43:33.409   536   536 D commservice260303: i = 170, msgid = 8A000404
05-27 18:43:33.409   536   536 D commservice260303: msgid = -1979710460,did=138
05-27 18:43:33.409   536   536 D commservice260303: CommProtocolLibCmdBaseI2C::dataproc {"command":{"id":"imu_status","sub":""},"content":{"TimeStamp":10,"FrameCounter":244879,"GD_X":-0.011987865902483463,"GD_Y":0.005345047451555729,"GD_Z":0.0015271564479917288,"AD_X":-0.003990069031715393,"AD_Y":9.827965404838324E-4,"AD_Z":-0.1664266586303711,"TempDsp":0,"Status":0,"CalibState":1,"SigAmpInvalid":0}},-1979710460
05-27 18:43:33.410   536   536 D commservice260303: send2Cluster len:315, 7B22636F6D6D616E64223A7B226964223A22696D755F737461747573222C22737562223A22227D2C22636F6E74656E74223A7B2254696D655374616D70223A31302C224672616D65436F756E746572223A3234343837392C2247445F58223A2D302E3031313938373836353930323438333436332C2247445F59223A302E3030353334353034373435313535353732392C2247445F5A223A302E303031353237313536343437393931373238382C2241445F58223A2D302E3030333939303036393033313731353339332C2241445F59223A392E383237393635343034383338333234452D342C2241445F5A223A2D302E313636343236363538363330333731312C2254656D70447370223A302C22537461747573223A302C2243616C69625374617465223A312C22536967416D70496E76616C6964223A307D7D, 138 
05-27 18:43:33.410   536   536 D commservice260303: Push Message into SendPool fn=-1141112064
05-27 18:43:33.410   536   536 D commservice260303: ComProtocolLibSend2Cluster::send2ClusterRaw fn=-1141112064 , len=331
05-27 18:43:33.410   536   536 D commservice260303: sendCmdToPort :331!!!
05-27 18:43:33.410   536   536 D commservice260303: send Cmd To Port ++++5AA501478A010003FCBB6A16CAD57B22636F6D6D616E64223A7B226964223A22696D755F737461747573222C22737562223A22227D2C22636F6E74656E74223A7B2254696D655374616D70223A31302C224672616D65436F756E746572223A3234343837392C2247445F58223A2D302E3031313938373836353930323438333436332C2247445F59223A302E3030353334353034373435313535353732392C2247445F5A223A302E303031353237313536343437393931373238382C2241445F58223A2D302E3030333939303036393033313731353339332C2241445F59223A392E383237393635343034383338333234452D342C2241445F5A223A2D302E313636343236363538363330333731312C2254656D70447370223A302C22537461747573223A302C2243616C69625374617465223A312C22536967416D70496E76616C6964223A307D7D24E3
05-27 18:43:33.410   536   536 D commservice260303: bufferevent_write retrun value = 0
05-27 18:43:33.410   581   581 I SpiService: fgesysctrl_getGPIO_status success val=1
05-27 18:43:33.410   536   560 D commservice260303: client datas send succeed,send finish
05-27 18:43:33.411   481   598 I mcuc    : rev,n=5,6AA681D31C00028B32D1
05-27 18:43:33.411 13911 14192 D Sentinelmode_1.2.5.17_sentry: <SentryImuClusterFgeSender>imu_status sent to Linux, frame=244879, tsNs=10480645, tsMs=10, intervalMs=46, ad=(-0.003990069,9.827965E-4,-0.16642666), gd=(-0.011987866,0.0053450475,0.0015271564)
05-27 18:43:33.411   566 11459 I gps_hdbd: Received: '$GPGSV,1,1,00,8*6D
'
05-27 18:43:33.412   566 11459 I gps_hdbd: Received: '$GAGSV,1,1,00,7*73
'
05-27 08:34:42.374   581   581 D spi_rst_gpio_get_output: GPIO 145 value: 1
05-27 08:34:42.374   581   581 D spidev_ioctl: gpio status=1)
05-27 18:43:33.415   572   622 I Sensors : 230 GyroSensor: x:-0.011530,y:0.005039,z:0.001756
05-27 18:43:33.416   581   581 I SpiService: fgesysctrl_getGPIO_status success val=1
05-27 08:34:42.380   581   581 D spi_rst_gpio_get_output: GPIO 145 value: 1
05-27 08:34:42.380   581   581 D spidev_ioctl: gpio status=1)
05-27 18:43:33.417   566 11459 I gps_hdbd: Received: '$GAGSV,1,1,00,1*75
'
05-27 18:43:33.420   283   307 I rvcservice: t.code = 0, t.value = 0
05-27 18:43:33.420 13911 14183 I SentryImuMcuAngleSender: 179.97899rollDeg
05-27 18:43:33.420 13911 14183 I SentryImuMcuAngleSender: 1,0,0
05-27 18:43:33.421   581   581 I SpiService: fgesysctrl_getGPIO_status success val=1
05-27 08:34:42.386   581   581 D spi_rst_gpio_get_output: GPIO 145 value: 1
05-27 08:34:42.386   581   581 D spidev_ioctl: gpio status=1)
05-27 18:43:33.424   566 11459 I gps_hdbd: Received: '$GNRMC,005924.000,V,,,,,,,270526,120.0,E,N,V*4F
'
05-27 18:43:33.424   566 11459 I gps_hdbd: RMC : CALL gnss_sv_status_cb, view_in_sat <1>
05-27 18:43:33.424   566 11459 I gps_hdbd: [reportSvStatus]--->PLATFORM_BSP::Enter
05-27 18:43:33.424   566 11459 I gps_hdbd: hy abnormal deal:hy_cnr30_satellite_cnt=0
05-27 18:43:33.424   566 11459 D gps_hdbd: hy abnormal deal:hy_fixStatus_fail_count=0
05-27 18:43:33.425   566 11459 I gps_hdbd: Received: '$GNZDA,005924.000,27,05,2026,00,00*44
'
05-27 18:43:33.425  1083  1083 W MyAppLog: [2026-05-27 18:43:33.424 W tboxap gpsSyncGpsInfoToDm:361] [Gps] [gpsSyncGpsInfoToDm] fix=0 mode=49 corner:0x01 alt=0.00 sat=0 hdop=0.00 pdop=0.00 vdop=0.00
05-27 18:43:33.427   581   581 I SpiService: fgesysctrl_getGPIO_status success val=0
05-27 18:43:33.427   481   597 I mcuc    : send SPI:6AA602D318000283008E6AA602D31900028415776AA602D31A00028305876AA602D31B00028B30536AA602D31C00028B3250
05-27 08:34:42.391   581   581 D spi_rst_gpio_get_output: GPIO 145 value: 0
05-27 08:34:42.391   581   581 D spidev_ioctl: gpio status=0)
05-27 18:43:33.435  1008 30856 D [OMXB]  : usingANWBuffer: handle:0xee744b00, format:1, w:1920, h:1080
05-27 18:43:33.438   299 30844 D EvsDriver: forwardFrame
05-27 18:43:33.439   299 30844 D EvsDriver: Delivered 0xb400007b7ca56900 as id 0
05-27 18:43:33.439   299 30841 D EvsDriver: forwardFrame
05-27 18:43:33.440  1167  1479 D evsmanagerd: /dev/video6 forwarded the buffer #0 to 0xb4000074bf5f5510 from 0xb4000074bf5f6d90
05-27 18:43:33.440 30773 30783 E dvr_service_: [myNum:1] Received S**** loss
05-27 18:43:33.441   299  1163 D EvsDriver: doneWithFrame
05-27 18:43:33.441 13911 14183 I SentryImuMcuAngleSender: 179.97899rollDeg
05-27 18:43:33.441   581   581 I SpiService: fgesysctrl_getGPIO_status success val=1
05-27 18:43:33.441 13911 14183 I SentryImuMcuAngleSender: 1,0,0
05-27 18:43:33.442   299 30841 D EvsDriver: Delivered 0xb400007b7ca56a60 as id 0
05-27 18:43:33.442  1167  1479 D evsmanagerd: /dev/video4 forwarded the buffer #0 to 0xb4000074bf5f6850 from 0xb4000074bf5f41d0
05-27 18:43:33.442 30773 30783 E dvr_service_: [myNum:0] Received S**** loss
05-27 18:43:33.442   299  1163 D EvsDriver: doneWithFrame
05-27 08:34:42.406   581   581 D spi_rst_gpio_get_output: GPIO 145 value: 1
05-27 08:34:42.406   581   581 D spidev_ioctl: gpio status=1)
05-27 08:34:42.411   581   581 D spi_rst_gpio_get_output: GPIO 145 value: 1
05-27 08:34:42.411   581   581 D spidev_ioctl: gpio status=1)
05-27 18:43:33.445   536   536 D commservice260303: msg.id = 1028,0
05-27 18:43:33.446   536   536 D commservice260303: i = 170, msgid = 8A000404
05-27 18:43:33.446   536   536 D commservice260303: msgid = -1979710460,did=138
05-27 18:43:33.446   536   536 D commservice260303: CommProtocolLibCmdBaseI2C::dataproc {"command":{"id":"imu_status","sub":""},"content":{"TimeStamp":10,"FrameCounter":244880,"GD_X":-0.01153013575822115,"GD_Y":0.005039200186729431,"GD_Z":0.0017560218693688512,"AD_X":-0.0033782124519348145,"AD_Y":0.0015868933405727148,"AD_Z":-0.16947650909423828,"TempDsp":0,"Status":0,"CalibState":1,"SigAmpInvalid":0}},-1979710460
05-27 18:43:33.446   536   536 D commservice260303: send2Cluster len:317, 7B22636F6D6D616E64223A7B226964223A22696D755F737461747573222C22737562223A22227D2C22636F6E74656E74223A7B2254696D655374616D70223A31302C224672616D65436F756E746572223A3234343838302C2247445F58223A2D302E30313135333031333537353832323131352C2247445F59223A302E3030353033393230303138363732393433312C2247445F5A223A302E303031373536303231383639333638383531322C2241445F58223A2D302E303033333738323132343531393334383134352C2241445F59223A302E303031353836383933333430353732373134382C2241445F5A223A2D302E31363934373635303930393432333832382C2254656D70447370223A302C22537461747573223A302C2243616C69625374617465223A312C22536967416D70496E76616C6964223A307D7D, 138 
05-27 18:43:33.446   536   536 D commservice260303: Push Message into SendPool fn=-1124334848
05-27 18:43:33.446   536   536 D commservice260303: ComProtocolLibSend2Cluster::send2ClusterRaw fn=-1124334848 , len=333
05-27 18:43:33.446   536   536 D commservice260303: sendCmdToPort :333!!!
05-27 18:43:33.446   536   536 D commservice260303: send Cmd To Port ++++5AA501498A010003FCBC6A16CAD57B22636F6D6D616E64223A7B226964223A22696D755F737461747573222C22737562223A22227D2C22636F6E74656E74223A7B2254696D655374616D70223A31302C224672616D65436F756E746572223A3234343838302C2247445F58223A2D302E30313135333031333537353832323131352C2247445F59223A302E3030353033393230303138363732393433312C2247445F5A223A302E303031373536303231383639333638383531322C2241445F58223A2D302E303033333738323132343531393334383134352C2241445F59223A302E303031353836383933333430353732373134382C2241445F5A223A2D302E31363934373635303930393432333832382C2254656D70447370223A302C22537461747573223A302C2243616C69625374617465223A312C22536967416D70496E76616C6964223A307D7D34FA
05-27 18:43:33.446   536   536 D commservice260303: bufferevent_write retrun value = 0
05-27 18:43:33.446   566 11459 I gps_hdbd: Received: '$GNINS,1,1,TYPE,I,V,005924.000,19075000,FUS,-16,0,0,0,MOT,V,1,PATT,0.00,0.00,0.00,VEL,0.000,0.000,0.000,POS,40.0001330924,116.0001570688,84.176,IIA,1,0.00,0.00,0.00,BGA,0.31,-0.66,-0.13,0.000,0.000,0.000,IGA,0,-1,0,0,-2,98,VG,16c2ff1*27
'
05-27 18:43:33.446 13911 14192 D Sentinelmode_1.2.5.17_sentry: <SentryImuClusterFgeSender>imu_status sent to Linux, frame=244880, tsNs=10480665, tsMs=10, intervalMs=35, ad=(-0.0033782125,0.0015868933,-0.16947651), gd=(-0.011530136,0.0050392,0.0017560219)
