05-27 18:43:32.834 12348 12448 E ExtUsbManager: 	at android.os.Looper.loop(Looper.java:288)
05-27 18:43:32.834 12348 12448 E ExtUsbManager: 	at android.os.HandlerThread.run(HandlerThread.java:67)
05-27 18:43:32.835   269   269 D libvintf: HalManifest::getHidlTransport(framework): Cannot find android.hardware.usb.gadget@1.0::IUsbGadget/default
05-27 18:43:32.835   269   269 D libvintf: HalManifest::getHidlTransport(device): Cannot find android.hardware.usb.gadget@1.0::IUsbGadget/default
05-27 18:43:32.835   269   269 I hwservicemanager: getTransport: Cannot find entry android.hardware.usb.gadget@1.0::IUsbGadget/default in either framework or device VINTF manifest.
05-27 18:43:32.836 12348 12448 E ExtUsbManager: UsbGadgetController: android.hardware.usb.gadget.V1_0.IUsbGadget getService failed!
05-27 18:43:32.836 12348 12448 E ExtUsbManager: java.util.NoSuchElementException
05-27 18:43:32.836 12348 12448 E ExtUsbManager: 	at android.os.HwBinder.getService(Native Method)
05-27 18:43:32.836 12348 12448 E ExtUsbManager: 	at android.os.HwBinder.getService(HwBinder.java:81)
05-27 18:43:32.836 12348 12448 E ExtUsbManager: 	at android.hardware.usb.gadget.V1_0.IUsbGadget.getService(IUsbGadget.java:74)
05-27 18:43:32.836 12348 12448 E ExtUsbManager: 	at android.hardware.usb.gadget.V1_0.IUsbGadget.getService(IUsbGadget.java:84)
05-27 18:43:32.836 12348 12448 E ExtUsbManager: 	at ts.car.usb.UsbGadgetController.createService(UsbGadgetController.java:36)
05-27 18:43:32.836 12348 12448 E ExtUsbManager: 	at ts.car.usb.UsbGadgetController.createService(UsbGadgetController.java:17)
05-27 18:43:32.836 12348 12448 E ExtUsbManager: 	at ts.car.usb.utils.AutoServiceConnector4Hidl.autoConnect(AutoServiceConnector4Hidl.java:47)
05-27 18:43:32.836 12348 12448 E ExtUsbManager: 	at ts.car.usb.utils.AutoServiceConnector4Hidl$$ExternalSyntheticLambda0.run(Unknown Source:2)
05-27 18:43:32.836 12348 12448 E ExtUsbManager: 	at android.os.Handler.handleCallback(Handler.java:942)
05-27 18:43:32.836 12348 12448 E ExtUsbManager: 	at android.os.Handler.dispatchMessage(Handler.java:99)
05-27 18:43:32.836 12348 12448 E ExtUsbManager: 	at android.os.Looper.loopOnce(Looper.java:201)
05-27 18:43:32.836 12348 12448 E ExtUsbManager: 	at android.os.Looper.loop(Looper.java:288)
05-27 18:43:32.836 12348 12448 E ExtUsbManager: 	at android.os.HandlerThread.run(HandlerThread.java:67)
05-27 18:43:32.836 13911 14183 I SentryImuMcuAngleSender: -179.993rollDeg
05-27 18:43:32.836 13911 14183 I SentryImuMcuAngleSender: 1,0,0
05-27 18:43:32.837   581   581 I SpiService: fgesysctrl_getGPIO_status success val=1
05-27 18:43:32.838   299 30844 D EvsDriver: forwardFrame
05-27 18:43:32.840   299 30844 D EvsDriver: Delivered 0xb400007b7ca56900 as id 0
05-27 18:43:32.840  1167  1167 D evsmanagerd: /dev/video6 forwarded the buffer #0 to 0xb4000074bf5f5510 from 0xb4000074bf5f6d90
05-27 18:43:32.840   299 30841 D EvsDriver: forwardFrame
05-27 18:43:32.843   581   581 I SpiService: fgesysctrl_getGPIO_status success val=0
05-27 18:43:32.843   299 30841 D EvsDriver: Delivered 0xb400007b7ca56a60 as id 0
05-27 18:43:32.844  1167  1167 D evsmanagerd: /dev/video4 forwarded the buffer #0 to 0xb4000074bf5f6850 from 0xb4000074bf5f41d0
05-27 18:43:32.845   299  1163 D EvsDriver: doneWithFrame
05-27 18:43:32.851   299  1163 D EvsDriver: doneWithFrame
05-27 18:43:32.854   481   598 I mcuc    : rev,n=1,6AA682735A00020901A5
05-27 18:43:32.856 13911 14183 I SentryImuMcuAngleSender: -179.99298rollDeg
05-27 18:43:32.857 13911 14183 I SentryImuMcuAngleSender: 1,0,0
05-27 18:43:32.857   536   536 D commservice260303: msg.id = 1028,1
05-27 18:43:32.857   536   536 D commservice260303: i = 170, msgid = 8A000404
05-27 18:43:32.857   536   536 D commservice260303: msgid = -1979710460,did=138
05-27 18:43:32.857   536   536 D commservice260303: CommProtocolLibCmdBaseI2C::dataproc {"command":{"id":"imu_status","sub":""},"content":{"TimeStamp":10,"FrameCounter":244866,"GD_X":-0.011453153565526009,"GD_Y":0.00549693126231432,"GD_Z":0.0019079053308814764,"AD_X":-8.686333894729614E-4,"AD_Y":-0.004536394961178303,"AD_Z":-0.16947650909423828,"TempDsp":0,"Status":0,"CalibState":1,"SigAmpInvalid":0}},-1979710460
05-27 18:43:32.857   536   536 D commservice260303: send2Cluster len:316, 7B22636F6D6D616E64223A7B226964223A22696D755F737461747573222C22737562223A22227D2C22636F6E74656E74223A7B2254696D655374616D70223A31302C224672616D65436F756E746572223A3234343836362C2247445F58223A2D302E3031313435333135333536353532363030392C2247445F59223A302E30303534393639333132363233313433322C2247445F5A223A302E303031393037393035333330383831343736342C2241445F58223A2D382E363836333333383934373239363134452D342C2241445F59223A2D302E3030343533363339343936313137383330332C2241445F5A223A2D302E31363934373635303930393432333832382C2254656D70447370223A302C22537461747573223A302C2243616C69625374617465223A312C22536967416D70496E76616C6964223A307D7D, 138 
05-27 18:43:32.857   536   536 D commservice260303: Push Message into SendPool fn=-1359215872
05-27 18:43:32.857   536   536 D commservice260303: ComProtocolLibSend2Cluster::send2ClusterRaw fn=-1359215872 , len=332
05-27 18:43:32.857   536   536 D commservice260303: sendCmdToPort :332!!!
05-27 18:43:32.858   536   536 D commservice260303: send Cmd To Port ++++5AA501488A010003FCAE6A16CAD47B22636F6D6D616E64223A7B226964223A22696D755F737461747573222C22737562223A22227D2C22636F6E74656E74223A7B2254696D655374616D70223A31302C224672616D65436F756E746572223A3234343836362C2247445F58223A2D302E3031313435333135333536353532363030392C2247445F59223A302E30303534393639333132363233313433322C2247445F5A223A302E303031393037393035333330383831343736342C2241445F58223A2D382E363836333333383934373239363134452D342C2241445F59223A2D302E3030343533363339343936313137383330332C2241445F5A223A2D302E31363934373635303930393432333832382C2254656D70447370223A302C22537461747573223A302C2243616C69625374617465223A312C22536967416D70496E76616C6964223A307D7D872F
05-27 18:43:32.858   536   536 D commservice260303: bufferevent_write retrun value = 0
05-27 18:43:32.858   536   560 D commservice260303: client datas send succeed,send finish
05-27 18:43:32.858 13911 14192 D Sentinelmode_1.2.5.17_sentry: <SentryImuClusterFgeSender>imu_status sent to Linux, frame=244866, tsNs=10480089, tsMs=10, intervalMs=40, ad=(-8.686334E-4,-0.004536395,-0.16947651), gd=(-0.011453154,0.0054969313,0.0019079053)
05-27 18:43:32.859   581   581 I SpiService: fgesysctrl_getGPIO_status success val=1
05-27 18:43:32.859  1008 30857 D [OMXB]  : usingANWBuffer: handle:0xee742480, format:1, w:1920, h:1080
05-27 18:43:32.861   536   536 W commservice260303: [FgeComService::getAQConnectStatus:378]
05-27 18:43:32.861   536   536 W commservice260303: [mcuCommFunctionTcp::getAQConnectStatus:406] 1
05-27 18:43:32.861   536   536 W commservice260303: [FgeComService::getAQConnectStatus:380] status:1
05-27 18:43:32.861 12246 12246 E ivicomm_CommManager: getA2lConnectStatus aqConnectStatus:1
05-27 18:43:32.862 12246 12246 D ivicomm_ConnectStateManager: notifyState newState=1curState=1
05-27 18:43:32.865   581   581 I SpiService: fgesysctrl_getGPIO_status success val=1
05-27 08:34:41.833     1     1 I init    : Service 'trace_logcat' (pid 25060) received signal 9
05-27 18:43:32.870  1008 30856 D [OMXB]  : usingANWBuffer: handle:0xee740bc0, format:1, w:1920, h:1080
05-27 18:43:32.871   581   581 I SpiService: fgesysctrl_getGPIO_status success val=1
05-27 08:34:41.835   581   581 D spi_rst_gpio_get_output: GPIO 145 value: 1
05-27 08:34:41.835   581   581 D spidev_ioctl: gpio status=1)
05-27 18:43:32.872 13549 13800 I ADAYO_LOG_: executeSaveLogcat_l(LogcatFunc.java:186)path:/mnt/log_data/AndroidLog/logcat/logcat_2026_05_27_18_43_32_233-47.txt
05-27 08:34:41.837     1     1 I init    : Untracked pid 25082 received signal 9
05-27 08:34:41.837     1     1 I init    : Untracked pid 25082 did not have an associated service entry and will not be reaped
05-27 18:43:32.876 13911 14183 I SentryImuMcuAngleSender: 179.99649rollDeg
05-27 18:43:32.876   581   581 I SpiService: fgesysctrl_getGPIO_status success val=1
05-27 18:43:32.876 13911 14183 I SentryImuMcuAngleSender: 1,0,0
05-27 08:34:41.841   581   581 D spi_rst_gpio_get_output: GPIO 145 value: 1
05-27 08:34:41.841   581   581 D spidev_ioctl: gpio status=1)
05-27 18:43:32.879   299 30841 D EvsDriver: forwardFrame
05-27 18:43:32.879   299 30844 D EvsDriver: forwardFrame
05-27 18:43:32.881   299 30841 D EvsDriver: Delivered 0xb400007b7ca56a60 as id 0
05-27 18:43:32.882  1167  1167 D evsmanagerd: /dev/video4 forwarded the buffer #0 to 0xb4000074bf5f6850 from 0xb4000074bf5f41d0
05-27 18:43:32.882   299 30844 D EvsDriver: Delivered 0xb400007b7ca56900 as id 0
05-27 18:43:32.882   581   581 I SpiService: fgesysctrl_getGPIO_status success val=0
05-27 18:43:32.882  1167  1167 D evsmanagerd: /dev/video6 forwarded the buffer #0 to 0xb4000074bf5f5510 from 0xb4000074bf5f6d90
05-27 08:34:41.846     1     1 I init    : processing action (persist.log.adayo_collect.logcat=1) from (/system/etc/init/hw/init.rc:1406)
05-27 08:34:41.847   581   581 D spi_rst_gpio_get_output: GPIO 145 value: 0
05-27 08:34:41.847   581   581 D spidev_ioctl: gpio status=0)
05-27 18:43:32.884 13549 13800 I ADAYO_LOG_: executeSaveLogcat_l(LogcatFunc.java:189)COLLECT_INT_START
05-27 18:43:32.886   299  1163 D EvsDriver: doneWithFrame
05-27 08:34:41.851     1     1 I init    : starting service 'trace_logcat'...
05-27 18:43:32.889   299  1163 D EvsDriver: doneWithFrame
05-27 18:43:32.890 13549 13800 I ADAYO_LOG_: startZip(LogcatFunc.java:393)logcat file is zip packing, zipFilePath: /mnt/log_data/AndroidLog/logcat/logcat_2026_05_27_18_43_32_232-46.zip
05-27 18:43:32.890 13549 13800 I ADAYO_LOG_: startZip(LogcatFunc.java:396)isOpenEncrypt: false
05-27 18:43:32.885 13549 13549 I auditd  : type=1400 audit(0.0:62091): avc: denied { write } for comm="CACHEABLE" name="logcat" dev="vda93" ino=180226 scontext=u:r:system_app:s0 tcontext=u:object_r:log_data_file:s0 tclass=dir permissive=1
05-27 18:43:32.885 13549 13549 I CACHEABLE: type=1400 audit(0.0:62091): avc: denied { write } for name="logcat" dev="vda93" ino=180226 scontext=u:r:system_app:s0 tcontext=u:object_r:log_data_file:s0 tclass=dir permissive=1
05-27 18:43:32.885 13549 13549 I auditd  : type=1400 audit(0.0:62092): avc: denied { add_name } for comm="CACHEABLE" name="logcat_2026_05_27_18_43_32_232-46.zip" scontext=u:r:system_app:s0 tcontext=u:object_r:log_data_file:s0 tclass=dir permissive=1
05-27 18:43:32.885 13549 13549 I CACHEABLE: type=1400 audit(0.0:62092): avc: denied { add_name } for name="logcat_2026_05_27_18_43_32_232-46.zip" scontext=u:r:system_app:s0 tcontext=u:object_r:log_data_file:s0 tclass=dir permissive=1
05-27 18:43:32.885 13549 13549 I auditd  : type=1400 audit(0.0:62093): avc: denied { create } for comm="CACHEABLE" name="logcat_2026_05_27_18_43_32_232-46.zip" scontext=u:r:system_app:s0 tcontext=u:object_r:log_data_file:s0 tclass=file permissive=1
05-27 18:43:32.885 13549 13549 I CACHEABLE: type=1400 audit(0.0:62093): avc: denied { create } for name="logcat_2026_05_27_18_43_32_232-46.zip" scontext=u:r:system_app:s0 tcontext=u:object_r:log_data_file:s0 tclass=file permissive=1
05-27 18:43:32.885 13549 13549 I auditd  : type=1400 audit(0.0:62094): avc: denied { write open } for comm="CACHEABLE" path="/mnt/log_data/AndroidLog/logcat/logcat_2026_05_27_18_43_32_232-46.zip" dev="vda93" ino=180278 scontext=u:r:system_app:s0 tcontext=u:object_r:log_data_file:s0 tclass=file permissive=1
05-27 18:43:32.885 13549 13549 I CACHEABLE: type=1400 audit(0.0:62094): avc: denied { write open } for path="/mnt/log_data/AndroidLog/logcat/logcat_2026_05_27_18_43_32_232-46.zip" dev="vda93" ino=180278 scontext=u:r:system_app:s0 tcontext=u:object_r:log_data_file:s0 tclass=file permissive=1
05-27 18:43:32.895  1008 30857 D [OMXB]  : usingANWBuffer: handle:0xee746cb0, format:1, w:1920, h:1080
05-27 08:34:41.862   581   581 D spi_rst_gpio_get_output: GPIO 145 value: 1
05-27 08:34:41.862   581   581 D spidev_ioctl: gpio status=1)
05-27 08:34:41.868   581   581 D spi_rst_gpio_get_output: GPIO 145 value: 1
05-27 08:34:41.868   581   581 D spidev_ioctl: gpio status=1)
05-27 08:34:41.873   581   581 D spi_rst_gpio_get_output: GPIO 145 value: 1
05-27 08:34:41.873   581   581 D spidev_ioctl: gpio status=1)
05-27 18:43:32.897 13911 14183 I SentryImuMcuAngleSender: 179.98949rollDeg
05-27 18:43:32.897 13911 14183 I SentryImuMcuAngleSender: 1,0,0
05-27 18:43:32.897   581   581 I SpiService: fgesysctrl_getGPIO_status success val=1
05-27 18:43:32.899   481   598 I mcuc    : rev,n=1,6AA681D316000A8900E9010409031234566D
05-27 18:43:32.899   351   373 D automotive.vehicle@2.0-adayo-datacomm-mcu: MCUDatacomm sendMessageFromVehicle prop: 0x89, areaId: 0x0, status: 0xe9, timestamp: 0x1
05-27 18:43:32.899   351   373 D automotive.vehicle@2.0-adayo-datacomm-mcu: MCUDatacomm 1sendMessageFromVehicle ---> type = 12 
05-27 18:43:32.899  1121  1144 I tboxmids_ap: [2026-05-27 18:43:32.899] [MCU RX] src=MCU dst=ZMQ len=10 type=BINARY data=00 08 E9 01 04 09 03 12 34 56 
05-27 18:43:32.901   536   536 D commservice260303: msg.id = 1028,0
05-27 18:43:32.901   536   536 D commservice260303: i = 170, msgid = 8A000404
05-27 18:43:32.901   536   536 D commservice260303: msgid = -1979710460,did=138
05-27 18:43:32.901   536   536 D commservice260303: CommProtocolLibCmdBaseI2C::dataproc {"command":{"id":"imu_status","sub":""},"content":{"TimeStamp":10,"FrameCounter":244867,"GD_X":-0.01153013575822115,"GD_Y":0.0056498548947274685,"GD_Z":0.002213752595707774,"AD_X":0.0015376955270767212,"AD_Y":-2.505305455997586E-4,"AD_Z":-0.16947650909423828,"TempDsp":0,"Status":0,"CalibState":1,"SigAmpInvalid":0}},-1979710460
05-27 18:43:32.901   536   536 D commservice260303: send2Cluster len:316, 7B22636F6D6D616E64223A7B226964223A22696D755F737461747573222C22737562223A22227D2C22636F6E74656E74223A7B2254696D655374616D70223A31302C224672616D65436F756E746572223A3234343836372C2247445F58223A2D302E30313135333031333537353832323131352C2247445F59223A302E303035363439383534383934373237343638352C2247445F5A223A302E3030323231333735323539353730373737342C2241445F58223A302E303031353337363935353237303736373231322C2241445F59223A2D322E353035333035343535393937353836452D342C2241445F5A223A2D302E31363934373635303930393432333832382C2254656D70447370223A302C22537461747573223A302C2243616C69625374617465223A312C22536967416D70496E76616C6964223A307D7D, 138 
05-27 18:43:32.901   536   536 D commservice260303: Push Message into SendPool fn=-1342438656
05-27 18:43:32.901   536   536 D commservice260303: ComProtocolLibSend2Cluster::send2ClusterRaw fn=-1342438656 , len=332
05-27 18:43:32.901   536   536 D commservice260303: sendCmdToPort :332!!!
05-27 18:43:32.901   536   536 D commservice260303: send Cmd To Port ++++5AA501488A010003FCAF6A16CAD47B22636F6D6D616E64223A7B226964223A22696D755F737461747573222C22737562223A22227D2C22636F6E74656E74223A7B2254696D655374616D70223A31302C224672616D65436F756E746572223A3234343836372C2247445F58223A2D302E30313135333031333537353832323131352C2247445F59223A302E303035363439383534383934373237343638352C2247445F5A223A302E3030323231333735323539353730373737342C2241445F58223A302E303031353337363935353237303736373231322C2241445F59223A2D322E353035333035343535393937353836452D342C2241445F5A223A2D302E31363934373635303930393432333832382C2254656D70447370223A302C22537461747573223A302C2243616C69625374617465223A312C22536967416D70496E76616C6964223A307D7D43C6
05-27 18:43:32.901   536   536 D commservice260303: bufferevent_write retrun value = 0
05-27 18:43:32.902   536   560 D commservice260303: client datas send succeed,send finish
05-27 18:43:32.902 13911 14192 D Sentinelmode_1.2.5.17_sentry: <SentryImuClusterFgeSender>imu_status sent to Linux, frame=244867, tsNs=10480143, tsMs=10, intervalMs=44, ad=(0.0015376955,-2.5053055E-4,-0.16947651), gd=(-0.011530136,0.005649855,0.0022137526)
05-27 18:43:32.902  1083  1083 I MyAppLog: [2026-05-27 18:43:32.900 I tboxap mcuCommTboxmidsRecvCb:97] [Mcu] [mcuCommTboxmidsRecvCb] recv from tboxmids, size:10
05-27 18:43:32.902  1083  1083 I MyAppLog: [2026-05-27 18:43:32.901 I tboxap mcuCommTboxmidsRecvCb:98] [Mcu] [tboxmids -> tboxap]: :00 08 E9 01 04 09 03 12 34 56
05-27 18:43:32.902  1083  1083 I MyAppLog: [2026-05-27 18:43:32.901 I tboxap mcuPtlParseData:990] [Mcu] [Mcu  Parse]: (cmd):0903 (param):0903123456
05-27 18:43:32.903   581   581 I SpiService: fgesysctrl_getGPIO_status success val=1
05-27 18:43:32.903   299 30841 D EvsDriver: forwardFrame
05-27 18:43:32.903  1083  1083 W MyAppLog: [2026-05-27 18:43:32.901 W tboxap mcuParamDataRevPack:918] [Mcu] mcuParamDataRevPack start pack data!!!
05-27 18:43:32.904  1083  1083 W MyAppLog: [2026-05-27 18:43:32.901 W tboxap mcuHandlePowerResultInd:1777] [Mcu] [mcuHandlePowerResultInd] recv 0x0903 power result type:0x12 result:0x34
05-27 18:43:32.906   299 30841 D EvsDriver: Delivered 0xb400007b7ca56a60 as id 0
05-27 18:43:32.906   299 30844 D EvsDriver: forwardFrame
05-27 18:43:32.906  1167  1167 D evsmanagerd: /dev/video4 forwarded the buffer #0 to 0xb4000074bf5f6850 from 0xb4000074bf5f41d0
05-27 18:43:32.908  1167  1167 D evsmanagerd: /dev/video6 forwarded the buffer #0 to 0xb4000074bf5f5510 from 0xb4000074bf5f6d90
05-27 18:43:32.908   299 30844 D EvsDriver: Delivered 0xb400007b7ca56900 as id 0
05-27 18:43:32.909   581   581 I SpiService: fgesysctrl_getGPIO_status success val=1
05-27 18:43:32.910  1008 30856 D [OMXB]  : usingANWBuffer: handle:0xee742060, format:1, w:1920, h:1080
05-27 18:43:32.911   299  1163 D EvsDriver: doneWithFrame
05-27 18:43:32.911   299  1163 D EvsDriver: doneWithFrame
05-27 18:43:32.915   581   581 I SpiService: fgesysctrl_getGPIO_status success val=1
05-27 08:34:41.879   581   581 D spi_rst_gpio_get_output: GPIO 145 value: 1
05-27 08:34:41.879   581   581 D spidev_ioctl: gpio status=1)
05-27 18:43:32.917 13911 14183 I SentryImuMcuAngleSender: 179.98248rollDeg
05-27 18:43:32.917 13911 14183 I SentryImuMcuAngleSender: 1,0,0
05-27 18:43:32.918 13549 13549 I ADAYO_LOG_: handleMessage(UsbFunc.java:352)copyQnx = 0
05-27 18:43:32.918   283   307 I rvcservice: t.code = 3, t.value = 0
05-27 18:43:32.918 13549 13549 I ADAYO_LOG_: handleMessage(UsbFunc.java:404)copyState = 2
05-27 08:34:41.885   581   581 D spi_rst_gpio_get_output: GPIO 145 value: 1
05-27 08:34:41.885   581   581 D spidev_ioctl: gpio status=1)
05-27 18:43:32.920   581   581 I SpiService: fgesysctrl_getGPIO_status success val=1
05-27 18:43:32.925   581   581 I SpiService: fgesysctrl_getGPIO_status success val=0
05-27 18:43:32.926   481   597 I mcuc    : send SPI:6AA602D316000289008A
05-27 18:43:32.927   572   622 I Sensors : 230 AccelSensor: x:-0.168969,y:0.002440,z:-9.974110
05-27 08:34:41.890   581   581 D spi_rst_gpio_get_output: GPIO 145 value: 0
05-27 08:34:41.890   581   581 D spidev_ioctl: gpio status=0)
05-27 18:43:32.931   299 30844 D EvsDriver: forwardFrame
05-27 18:43:32.933   299 30844 D EvsDriver: Delivered 0xb400007b7ca56900 as id 0
05-27 18:43:32.933 31012 31012 I ADAYO_LOG_TRACE_LOGCAT: execute start
05-27 18:43:32.933  1167  1167 D evsmanagerd: /dev/video6 forwarded the buffer #0 to 0xb4000074bf5f5510 from 0xb4000074bf5f6d90
05-27 18:43:32.933 30773 30773 E dvr_service_: [myNum:1] Received S**** loss
05-27 18:43:32.934   299  1163 D EvsDriver: doneWithFrame
05-27 18:43:32.937 15858 15972 D MessageCenterService: 服务运行中
05-27 18:43:32.938 13911 14183 I SentryImuMcuAngleSender: 179.98598rollDeg
05-27 18:43:32.938 13911 14183 I SentryImuMcuAngleSender: 1,0,0
05-27 18:43:32.939   299 30841 D EvsDriver: forwardFrame
05-27 18:43:32.940   581   581 I SpiService: fgesysctrl_getGPIO_status success val=1
05-27 08:34:41.904   581   581 D spi_rst_gpio_get_output: GPIO 145 value: 1
05-27 08:34:41.905   581   581 D spidev_ioctl: gpio status=1)
05-27 18:43:32.942   299 30841 D EvsDriver: Delivered 0xb400007b7ca56a60 as id 0
05-27 18:43:32.942  1167  1167 D evsmanagerd: /dev/video4 forwarded the buffer #0 to 0xb4000074bf5f6850 from 0xb4000074bf5f41d0
05-27 18:43:32.942   536   536 D commservice260303: msg.id = 1028,0
05-27 18:43:32.942   536   536 D commservice260303: i = 170, msgid = 8A000404
05-27 18:43:32.942   536   536 D commservice260303: msgid = -1979710460,did=138
05-27 18:43:32.942   536   536 D commservice260303: CommProtocolLibCmdBaseI2C::dataproc {"command":{"id":"imu_status","sub":""},"content":{"TimeStamp":10,"FrameCounter":244868,"GD_X":-0.012139749713242054,"GD_Y":0.006185087841004133,"GD_Z":0.002519079949706793,"AD_X":-0.0027422457933425903,"AD_Y":3.5569933243095875E-4,"AD_Z":-0.16886615753173828,"TempDsp":0,"Status":0,"CalibState":1,"SigAmpInvalid":0}},-1979710460
05-27 18:43:32.942   536   536 D commservice260303: send2Cluster len:317, 7B22636F6D6D616E64223A7B226964223A22696D755F737461747573222C22737562223A22227D2C22636F6E74656E74223A7B2254696D655374616D70223A31302C224672616D65436F756E746572223A3234343836382C2247445F58223A2D302E3031323133393734393731333234323035342C2247445F59223A302E3030363138353038373834313030343133332C2247445F5A223A302E3030323531393037393934393730363739332C2241445F58223A2D302E303032373432323435373933333432353930332C2241445F59223A332E35353639393333323433303935383735452D342C2241445F5A223A2D302E31363838363631353735333137333832382C2254656D70447370223A302C22537461747573223A302C2243616C69625374617465223A312C22536967416D70496E76616C6964223A307D7D, 138 
05-27 18:43:32.942   536   536 D commservice260303: Push Message into SendPool fn=-1325661440
05-27 18:43:32.942   536   536 D commservice260303: ComProtocolLibSend2Cluster::send2ClusterRaw fn=-1325661440 , len=333
05-27 18:43:32.942   536   536 D commservice260303: sendCmdToPort :333!!!
05-27 18:43:32.942 30773 30773 E dvr_service_: [myNum:0] Received S**** loss
05-27 18:43:32.942   536   536 D commservice260303: send Cmd To Port ++++5AA501498A010003FCB06A16CAD47B22636F6D6D616E64223A7B226964223A22696D755F737461747573222C22737562223A22227D2C22636F6E74656E74223A7B2254696D655374616D70223A31302C224672616D65436F756E746572223A3234343836382C2247445F58223A2D302E3031323133393734393731333234323035342C2247445F59223A302E3030363138353038373834313030343133332C2247445F5A223A302E3030323531393037393934393730363739332C2241445F58223A2D302E303032373432323435373933333432353930332C2241445F59223A332E35353639393333323433303935383735452D342C2241445F5A223A2D302E31363838363631353735333137333832382C2254656D70447370223A302C22537461747573223A302C2243616C69625374617465223A312C22536967416D70496E76616C6964223A307D7DC7A9
05-27 18:43:32.942   536   536 D commservice260303: bufferevent_write retrun value = 0
05-27 18:43:32.942   536   560 D commservice260303: client datas send succeed,send finish
05-27 18:43:32.943 13911 14192 D Sentinelmode_1.2.5.17_sentry: <SentryImuClusterFgeSender>imu_status sent to Linux, frame=244868, tsNs=10480178, tsMs=10, intervalMs=41, ad=(-0.0027422458,3.5569933E-4,-0.16886616), gd=(-0.01213975,0.006185088,0.00251908)
05-27 18:43:32.943   299  1163 D EvsDriver: doneWithFrame
05-27 18:43:32.945   581   581 I SpiService: fgesysctrl_getGPIO_status success val=1
05-27 08:34:41.910   581   581 D spi_rst_gpio_get_output: GPIO 145 value: 1
05-27 08:34:41.910   581   581 D spidev_ioctl: gpio status=1)
05-27 18:43:32.951   581   581 I SpiService: fgesysctrl_getGPIO_status success val=1
05-27 18:43:32.952  1008 30857 D [OMXB]  : usingANWBuffer: handle:0xee7412a0, format:1, w:1920, h:1080
05-27 08:34:41.915   581   581 D spi_rst_gpio_get_output: GPIO 145 value: 1
05-27 08:34:41.915   581   581 D spidev_ioctl: gpio status=1)
05-27 18:43:32.956   581   581 I SpiService: fgesysctrl_getGPIO_status success val=1
05-27 08:34:41.921   581   581 D spi_rst_gpio_get_output: GPIO 145 value: 1
05-27 08:34:41.921   581   581 D spidev_ioctl: gpio status=1)
05-27 18:43:32.959 13911 14183 I SentryImuMcuAngleSender: 179.99649rollDeg
05-27 18:43:32.959 13911 14183 I SentryImuMcuAngleSender: 1,0,0
05-27 18:43:32.959 31014 31014 I ADAYO_LOG_TRACE_LOGCAT: executing
05-27 18:43:32.963   581   581 I SpiService: fgesysctrl_getGPIO_status success val=1
05-27 18:43:32.965  1008 30856 D [OMXB]  : usingANWBuffer: handle:0xee7439d0, format:1, w:1920, h:1080
05-27 18:43:32.966 30773 30789 I dvr_service_: Camera 0: MediaOK:22876246, frames:540, isKeyFrame:0,pts:10479934203
05-27 18:43:32.967   299 30841 D EvsDriver: forwardFrame
05-27 08:34:41.927   581   581 D spi_rst_gpio_get_output: GPIO 145 value: 1
05-27 08:34:41.927   581   581 D spidev_ioctl: gpio status=1)
05-27 08:34:41.933   581   581 D spi_rst_gpio_get_output: GPIO 145 value: 0
05-27 08:34:41.933   581   581 D spidev_ioctl: gpio status=0)
05-27 18:43:32.968   581   581 I SpiService: fgesysctrl_getGPIO_status success val=0
05-27 18:43:32.968   299 30841 D EvsDriver: Delivered 0xb400007b7ca56a60 as id 0
05-27 18:43:32.969  1167  1167 D evsmanagerd: /dev/video4 forwarded the buffer #0 to 0xb4000074bf5f6850 from 0xb4000074bf5f41d0
05-27 18:43:32.969   299 30844 D EvsDriver: forwardFrame
05-27 18:43:32.971   299 30844 D EvsDriver: Delivered 0xb400007b7ca56900 as id 0
05-27 18:43:32.971  1167  1167 D evsmanagerd: /dev/video6 forwarded the buffer #0 to 0xb4000074bf5f5510 from 0xb4000074bf5f6d90
05-27 18:43:32.977   299  1163 D EvsDriver: doneWithFrame
05-27 18:43:32.977   299  1153 D EvsDriver: doneWithFrame
05-27 18:43:32.978 13911 14183 I SentryImuMcuAngleSender: 179.99649rollDeg
05-27 18:43:32.978 13911 14183 I SentryImuMcuAngleSender: 1,0,0
05-27 18:43:32.982   581   581 I SpiService: fgesysctrl_getGPIO_status success val=1
05-27 18:43:32.983   536   536 D commservice260303: msg.id = 1028,0
05-27 18:43:32.983   536   536 D commservice260303: i = 170, msgid = 8A000404
05-27 18:43:32.983   536   536 D commservice260303: msgid = -1979710460,did=138
05-27 18:43:32.984   536   536 D commservice260303: CommProtocolLibCmdBaseI2C::dataproc {"command":{"id":"imu_status","sub":""},"content":{"TimeStamp":10,"FrameCounter":244869,"GD_X":-0.011223767884075642,"GD_Y":0.006032164208590984,"GD_Z":0.0019848872907459736,"AD_X":-0.0021359920501708984,"AD_Y":-0.0014642305904999375,"AD_Z":-0.16947650909423828,"TempDsp":0,"Status":0,"CalibState":1,"SigAmpInvalid":0}},-1979710460
05-27 18:43:32.984   536   536 D commservice260303: send2Cluster len:319, 7B22636F6D6D616E64223A7B226964223A22696D755F737461747573222C22737562223A22227D2C22636F6E74656E74223A7B2254696D655374616D70223A31302C224672616D65436F756E746572223A3234343836392C2247445F58223A2D302E3031313232333736373838343037353634322C2247445F59223A302E3030363033323136343230383539303938342C2247445F5A223A302E303031393834383837323930373435393733362C2241445F58223A2D302E303032313335393932303530313730383938342C2241445F59223A2D302E303031343634323330353930343939393337352C2241445F5A223A2D302E31363934373635303930393432333832382C2254656D70447370223A302C22537461747573223A302C2243616C69625374617465223A312C22536967416D70496E76616C6964223A307D7D, 138 
05-27 18:43:32.984   536   536 D commservice260303: Push Message into SendPool fn=-1308884224
05-27 18:43:32.984   536   536 D commservice260303: ComProtocolLibSend2Cluster::send2ClusterRaw fn=-1308884224 , len=335
05-27 18:43:32.984   536   536 D commservice260303: sendCmdToPort :335!!!
05-27 18:43:32.984   536   536 D commservice260303: send Cmd To Port ++++5AA5014B8A010003FCB16A16CAD47B22636F6D6D616E64223A7B226964223A22696D755F737461747573222C22737562223A22227D2C22636F6E74656E74223A7B2254696D655374616D70223A31302C224672616D65436F756E746572223A3234343836392C2247445F58223A2D302E3031313232333736373838343037353634322C2247445F59223A302E3030363033323136343230383539303938342C2247445F5A223A302E303031393834383837323930373435393733362C2241445F58223A2D302E303032313335393932303530313730383938342C2241445F59223A2D302E303031343634323330353930343939393337352C2241445F5A223A2D302E31363934373635303930393432333832382C2254656D70447370223A302C22537461747573223A302C2243616C69625374617465223A312C22536967416D70496E76616C6964223A307D7D44CE
05-27 18:43:32.984   536   536 D commservice260303: bufferevent_write retrun value = 0
05-27 18:43:32.984   536   560 D commservice260303: client datas send succeed,send finish
05-27 18:43:32.984 13911 14192 D Sentinelmode_1.2.5.17_sentry: <SentryImuClusterFgeSender>imu_status sent to Linux, frame=244869, tsNs=10480213, tsMs=10, intervalMs=42, ad=(-0.002135992,-0.0014642306,-0.16947651), gd=(-0.011223768,0.006032164,0.0019848873)
05-27 08:34:41.947   581   581 D spi_rst_gpio_get_output: GPIO 145 value: 1
05-27 08:34:41.947   581   581 D spidev_ioctl: gpio status=1)
05-27 18:43:32.988   581   581 I SpiService: fgesysctrl_getGPIO_status success val=1
05-27 08:34:41.953   581   581 D spi_rst_gpio_get_output: GPIO 145 value: 1
05-27 08:34:41.953   581   581 D spidev_ioctl: gpio status=1)
05-27 18:43:32.991 31016 31016 I ADAYO_LOG_TRACE_LOGCAT: collect_dest_path:/mnt/log_data/AndroidLog/logcat
05-27 18:43:32.994   581   581 I SpiService: fgesysctrl_getGPIO_status success val=1
05-27 08:34:41.958   581   581 D spi_rst_gpio_get_output: GPIO 145 value: 1
05-27 08:34:41.958   581   581 D spidev_ioctl: gpio status=1)
05-27 18:43:32.999 13911 14183 I SentryImuMcuAngleSender: 179.98598rollDeg
05-27 18:43:32.999 13911 14183 I SentryImuMcuAngleSender: 1,0,0
05-27 18:43:32.999   581   581 I SpiService: fgesysctrl_getGPIO_status success val=1
05-27 08:34:41.964   581   581 D spi_rst_gpio_get_output: GPIO 145 value: 1
05-27 08:34:41.964   581   581 D spidev_ioctl: gpio status=1)
05-27 18:43:33.001   299 30841 D EvsDriver: forwardFrame
05-27 18:43:33.001  1008 30857 D [OMXB]  : usingANWBuffer: handle:0xee741c40, format:1, w:1920, h:1080
05-27 18:43:33.003   299 30844 D EvsDriver: forwardFrame
05-27 18:43:33.003   299 30841 D EvsDriver: Delivered 0xb400007b7ca56a60 as id 0
05-27 18:43:33.003  1167  1167 D evsmanagerd: /dev/video4 forwarded the buffer #0 to 0xb4000074bf5f6850 from 0xb4000074bf5f41d0
05-27 18:43:33.005   581   581 I SpiService: fgesysctrl_getGPIO_status success val=0
05-27 08:34:41.969   581   581 D spi_rst_gpio_get_output: GPIO 145 value: 0
05-27 08:34:41.969   581   581 D spidev_ioctl: gpio status=0)
05-27 18:43:33.006  1167  1479 D evsmanagerd: /dev/video6 forwarded the buffer #0 to 0xb4000074bf5f5510 from 0xb4000074bf5f6d90
05-27 18:43:33.007   299 30844 D EvsDriver: Delivered 0xb400007b7ca56900 as id 0
05-27 18:43:33.014   299  1153 D EvsDriver: doneWithFrame
05-27 18:43:33.015   299  1163 D EvsDriver: doneWithFrame
05-27 18:43:33.016   572   572 I Sensors : 230 GyroSensor: x:-0.011148,y:0.005421,z:0.001832
05-27 18:43:33.019   283   307 I rvcservice: t.code = 4, t.value = 0
05-27 18:43:33.019 13911 14183 I SentryImuMcuAngleSender: 179.98949rollDeg
05-27 18:43:33.019 13911 14183 I SentryImuMcuAngleSender: 1,0,0
05-27 18:43:33.020   581   581 I SpiService: fgesysctrl_getGPIO_status success val=1
05-27 08:34:41.985   581   581 D spi_rst_gpio_get_output: GPIO 145 value: 1
05-27 08:34:41.985   581   581 D spidev_ioctl: gpio status=1)
05-27 18:43:33.024   536   536 D commservice260303: msg.id = 1028,1
05-27 18:43:33.025   536   536 D commservice260303: i = 170, msgid = 8A000404
05-27 18:43:33.025   536   536 D commservice260303: msgid = -1979710460,did=138
05-27 18:43:33.025   536   536 D commservice260303: CommProtocolLibCmdBaseI2C::dataproc {"command":{"id":"imu_status","sub":""},"content":{"TimeStamp":10,"FrameCounter":244870,"GD_X":-0.011147825978696346,"GD_Y":0.005420989356935024,"GD_Z":0.0018319635419175029,"AD_X":-0.006392031908035278,"AD_Y":-2.500334521755576E-4,"AD_Z":-0.17069625854492188,"TempDsp":0,"Status":0,"CalibState":1,"SigAmpInvalid":0}},-1979710460
05-27 18:43:33.025   536   536 D commservice260303: send2Cluster len:317, 7B22636F6D6D616E64223A7B226964223A22696D755F737461747573222C22737562223A22227D2C22636F6E74656E74223A7B2254696D655374616D70223A31302C224672616D65436F756E746572223A3234343837302C2247445F58223A2D302E3031313134373832353937383639363334362C2247445F59223A302E3030353432303938393335363933353032342C2247445F5A223A302E303031383331393633353431393137353032392C2241445F58223A2D302E3030363339323033313930383033353237382C2241445F59223A2D322E353030333334353231373535353736452D342C2241445F5A223A2D302E31373036393632353835343439323138382C2254656D70447370223A302C22537461747573223A302C2243616C69625374617465223A312C22536967416D70496E76616C6964223A307D7D, 138 
05-27 18:43:33.025   536   536 D commservice260303: Push Message into SendPool fn=-1292107008
05-27 18:43:33.025   536   536 D commservice260303: ComProtocolLibSend2Cluster::send2ClusterRaw fn=-1292107008 , len=333
05-27 18:43:33.025   536   536 D commservice260303: sendCmdToPort :333!!!
05-27 18:43:33.025   536   536 D commservice260303: send Cmd To Port ++++5AA501498A010003FCB26A16CAD57B22636F6D6D616E64223A7B226964223A22696D755F737461747573222C22737562223A22227D2C22636F6E74656E74223A7B2254696D655374616D70223A31302C224672616D65436F756E746572223A3234343837302C2247445F58223A2D302E3031313134373832353937383639363334362C2247445F59223A302E3030353432303938393335363933353032342C2247445F5A223A302E303031383331393633353431393137353032392C2241445F58223A2D302E3030363339323033313930383033353237382C2241445F59223A2D322E353030333334353231373535353736452D342C2241445F5A223A2D302E31373036393632353835343439323138382C2254656D70447370223A302C22537461747573223A302C2243616C69625374617465223A312C22536967416D70496E76616C6964223A307D7D3662
05-27 18:43:33.025   536   536 D commservice260303: bufferevent_write retrun value = 0
05-27 18:43:33.025   581   581 I SpiService: fgesysctrl_getGPIO_status success val=1
05-27 18:43:33.026   536   560 D commservice260303: client datas send succeed,send finish
05-27 18:43:33.027  1008 30856 D [OMXB]  : usingANWBuffer: handle:0xee740170, format:1, w:1920, h:1080
05-27 18:43:33.027 13911 14192 D Sentinelmode_1.2.5.17_sentry: <SentryImuClusterFgeSender>imu_status sent to Linux, frame=244870, tsNs=10480267, tsMs=10, intervalMs=43, ad=(-0.006392032,-2.5003345E-4,-0.17069626), gd=(-0.011147826,0.0054209894,0.0018319635)
05-27 08:34:41.990   581   581 D spi_rst_gpio_get_output: GPIO 145 value: 1
05-27 08:34:41.990   581   581 D spidev_ioctl: gpio status=1)
05-27 08:34:41.996   581   581 D spi_rst_gpio_get_output: GPIO 145 value: 1
05-27 08:34:41.996   581   581 D spidev_ioctl: gpio status=1)
05-27 18:43:33.031   581   581 I SpiService: fgesysctrl_getGPIO_status success val=1
05-27 18:43:33.036   299 30841 D EvsDriver: forwardFrame
05-27 18:43:33.037   581   581 I SpiService: fgesysctrl_getGPIO_status success val=1
05-27 08:34:42.002   581   581 D spi_rst_gpio_get_output: GPIO 145 value: 1
05-27 08:34:42.002   581   581 D spidev_ioctl: gpio status=1)
05-27 18:43:33.038   299 30844 D EvsDriver: forwardFrame
05-27 18:43:33.039 13911 14183 I SentryImuMcuAngleSender: 179.99649rollDeg
05-27 18:43:33.039 13911 14183 I SentryImuMcuAngleSender: 1,0,0
05-27 18:43:33.043  1167  1167 D evsmanagerd: /dev/video6 forwarded the buffer #0 to 0xb4000074bf5f5510 from 0xb4000074bf5f6d90
05-27 18:43:33.043  1167  1479 D evsmanagerd: /dev/video4 forwarded the buffer #0 to 0xb4000074bf5f6850 from 0xb4000074bf5f41d0
05-27 18:43:33.044   581   581 I SpiService: fgesysctrl_getGPIO_status success val=1
05-27 18:43:33.044   299 30844 D EvsDriver: Delivered 0xb400007b7ca56900 as id 0
05-27 08:34:42.008   581   581 D spi_rst_gpio_get_output: GPIO 145 value: 1
05-27 08:34:42.008   581   581 D spidev_ioctl: gpio status=1)
05-27 18:43:33.045   299 30841 D EvsDriver: Delivered 0xb400007b7ca56a60 as id 0
05-27 18:43:33.046   299  1163 D EvsDriver: doneWithFrame
05-27 18:43:33.049   299  1163 D EvsDriver: doneWithFrame
05-27 18:43:33.050   581   581 I SpiService: fgesysctrl_getGPIO_status success val=0
05-27 08:34:42.014   581   581 D spi_rst_gpio_get_output: GPIO 145 value: 0
05-27 08:34:42.014   581   581 D spidev_ioctl: gpio status=0)
05-27 18:43:33.055  1008 30857 D [OMXB]  : usingANWBuffer: handle:0xee744630, format:1, w:1920, h:1080
05-27 18:43:33.060 13911 14183 I SentryImuMcuAngleSender: 179.993rollDeg
05-27 18:43:33.060 13911 14183 I SentryImuMcuAngleSender: 1,0,0
05-27 18:43:33.065   581   581 I SpiService: fgesysctrl_getGPIO_status success val=1
05-27 18:43:33.067   536   536 D commservice260303: msg.id = 1028,0
05-27 18:43:33.067   536   536 D commservice260303: i = 170, msgid = 8A000404
05-27 18:43:33.067   536   536 D commservice260303: msgid = -1979710460,did=138
05-27 18:43:33.067   536   536 D commservice260303: CommProtocolLibCmdBaseI2C::dataproc {"command":{"id":"imu_status","sub":""},"content":{"TimeStamp":10,"FrameCounter":244871,"GD_X":-0.011759000830352306,"GD_Y":0.00519212381914258,"GD_Z":0.0018319635419175029,"AD_X":-0.005758553743362427,"AD_Y":-8.514951914548874E-4,"AD_Z":-0.17069625854492188,"TempDsp":0,"Status":0,"CalibState":1,"SigAmpInvalid":0}},-1979710460
05-27 18:43:33.067   536   536 D commservice260303: send2Cluster len:316, 7B22636F6D6D616E64223A7B226964223A22696D755F737461747573222C22737562223A22227D2C22636F6E74656E74223A7B2254696D655374616D70223A31302C224672616D65436F756E746572223A3234343837312C2247445F58223A2D302E3031313735393030303833303335323330362C2247445F59223A302E30303531393231323338313931343235382C2247445F5A223A302E303031383331393633353431393137353032392C2241445F58223A2D302E3030353735383535333734333336323432372C2241445F59223A2D382E353134393531393134353438383734452D342C2241445F5A223A2D302E31373036393632353835343439323138382C2254656D70447370223A302C22537461747573223A302C2243616C69625374617465223A312C22536967416D70496E76616C6964223A307D7D, 138 
05-27 18:43:33.067   536   536 D commservice260303: Push Message into SendPool fn=-1275329792
05-27 18:43:33.067   536   536 D commservice260303: ComProtocolLibSend2Cluster::send2ClusterRaw fn=-1275329792 , len=332
05-27 18:43:33.067   536   536 D commservice260303: sendCmdToPort :332!!!
05-27 18:43:33.067   536   536 D commservice260303: send Cmd To Port ++++5AA501488A010003FCB36A16CAD57B22636F6D6D616E64223A7B226964223A22696D755F737461747573222C22737562223A22227D2C22636F6E74656E74223A7B2254696D655374616D70223A31302C224672616D65436F756E746572223A3234343837312C2247445F58223A2D302E3031313735393030303833303335323330362C2247445F59223A302E30303531393231323338313931343235382C2247445F5A223A302E303031383331393633353431393137353032392C2241445F58223A2D302E3030353735383535333734333336323432372C2241445F59223A2D382E353134393531393134353438383734452D342C2241445F5A223A2D302E31373036393632353835343439323138382C2254656D70447370223A302C22537461747573223A302C2243616C69625374617465223A312C22536967416D70496E76616C6964223A307D7DB717
05-27 18:43:33.067   536   536 D commservice260303: bufferevent_write retrun value = 0
05-27 18:43:33.067   536   560 D commservice260303: client datas send succeed,send finish
05-27 18:43:33.068 13911 14192 D Sentinelmode_1.2.5.17_sentry: <SentryImuClusterFgeSender>imu_status sent to Linux, frame=244871, tsNs=10480304, tsMs=10, intervalMs=40, ad=(-0.0057585537,-8.514952E-4,-0.17069626), gd=(-0.011759001,0.005192124,0.0018319635)
05-27 08:34:42.030   581   581 D spi_rst_gpio_get_output: GPIO 145 value: 1
05-27 08:34:42.030   581   581 D spidev_ioctl: gpio status=1)
05-27 18:43:33.069   299 30841 D EvsDriver: forwardFrame
05-27 18:43:33.070   581   581 I SpiService: fgesysctrl_getGPIO_status success val=1
05-27 08:34:42.035   581   581 D spi_rst_gpio_get_output: GPIO 145 value: 1
05-27 08:34:42.035   581   581 D spidev_ioctl: gpio status=1)
05-27 18:43:33.074  1167  1479 D evsmanagerd: /dev/video4 forwarded the buffer #0 to 0xb4000074bf5f6850 from 0xb4000074bf5f41d0
05-27 18:43:33.074   299 30841 D EvsDriver: Delivered 0xb400007b7ca56a60 as id 0
05-27 08:34:42.041   581   581 D spi_rst_gpio_get_output: GPIO 145 value: 1
05-27 08:34:42.041   581   581 D spidev_ioctl: gpio status=1)
05-27 18:43:33.077   581   581 I SpiService: fgesysctrl_getGPIO_status success val=1
05-27 18:43:33.077   299  1163 D EvsDriver: doneWithFrame
05-27 18:43:33.078   299 30844 D EvsDriver: forwardFrame
05-27 18:43:33.079 13911 14183 I SentryImuMcuAngleSender: 179.98949rollDeg
05-27 18:43:33.080 13911 14183 I SentryImuMcuAngleSender: 1,0,0
05-27 18:43:33.080  1167  1479 D evsmanagerd: /dev/video6 forwarded the buffer #0 to 0xb4000074bf5f5510 from 0xb4000074bf5f6d90
05-27 18:43:33.083   581   581 I SpiService: fgesysctrl_getGPIO_status success val=1
05-27 18:43:33.086   299 30844 D EvsDriver: Delivered 0xb400007b7ca56900 as id 0
05-27 18:43:33.086   299  1163 D EvsDriver: doneWithFrame
05-27 08:34:42.047   581   581 D spi_rst_gpio_get_output: GPIO 145 value: 1
05-27 08:34:42.047   581   581 D spidev_ioctl: gpio status=1)
05-27 18:43:33.086 11344 11344 E SystemUI_NavBarFragment: SysUIConfig.icCarServiceConnected：false
05-27 08:34:42.053   581   581 D spi_rst_gpio_get_output: GPIO 145 value: 0
05-27 08:34:42.053   581   581 D spidev_ioctl: gpio status=0)
05-27 18:43:33.088   581   581 I SpiService: fgesysctrl_getGPIO_status success val=0
05-27 18:43:33.089  1008 30856 D [OMXB]  : usingANWBuffer: handle:0xee7406f0, format:1, w:1920, h:1080
05-27 18:43:33.090 31023 31023 I ADAYO_LOG_TRACE_LOGCAT: file_path:/mnt/log_data/AndroidLog/logcat/logcat_2026_05_27_18_43_32_233-47.txt
05-27 18:43:33.099 13911 14183 I SentryImuMcuAngleSender: 179.986rollDeg
05-27 18:43:33.099 13911 14183 I SentryImuMcuAngleSender: 1,0,0
05-27 18:43:33.104   581   581 I SpiService: fgesysctrl_getGPIO_status success val=1
05-27 08:34:42.069   581   581 D spi_rst_gpio_get_output: GPIO 145 value: 1
05-27 18:43:33.106   536   536 D commservice260303: msg.id = 1028,1
05-27 08:34:42.069   581   581 D spidev_ioctl: gpio status=1)
05-27 18:43:33.106   536   536 D commservice260303: i = 170, msgid = 8A000404
05-27 18:43:33.106   536   536 D commservice260303: msgid = -1979710460,did=138
05-27 18:43:33.106   536   536 D commservice260303: CommProtocolLibCmdBaseI2C::dataproc {"command":{"id":"imu_status","sub":""},"content":{"TimeStamp":10,"FrameCounter":244872,"GD_X":-0.012063807807862759,"GD_Y":0.00549693126231432,"GD_Z":0.001679039909504354,"AD_X":-0.002100735902786255,"AD_Y":3.676437772810459E-4,"AD_Z":-0.17191600799560547,"TempDsp":0,"Status":0,"CalibState":1,"SigAmpInvalid":0}},-1979710460
05-27 18:43:33.106   536   536 D commservice260303: send2Cluster len:314, 7B22636F6D6D616E64223A7B226964223A22696D755F737461747573222C22737562223A22227D2C22636F6E74656E74223A7B2254696D655374616D70223A31302C224672616D65436F756E746572223A3234343837322C2247445F58223A2D302E3031323036333830373830373836323735392C2247445F59223A302E30303534393639333132363233313433322C2247445F5A223A302E3030313637393033393930393530343335342C2241445F58223A2D302E3030323130303733353930323738363235352C2241445F59223A332E363736343337373732383130343539452D342C2241445F5A223A2D302E31373139313630303739393536303534372C2254656D70447370223A302C22537461747573223A302C2243616C69625374617465223A312C22536967416D70496E76616C6964223A307D7D, 138 
05-27 18:43:33.106   536   536 D commservice260303: Push Message into SendPool fn=-1258552576
05-27 18:43:33.106   536   536 D commservice260303: ComProtocolLibSend2Cluster::send2ClusterRaw fn=-1258552576 , len=330
05-27 18:43:33.106   536   536 D commservice260303: sendCmdToPort :330!!!
05-27 18:43:33.106   536   536 D commservice260303: send Cmd To Port ++++5AA501468A010003FCB46A16CAD57B22636F6D6D616E64223A7B226964223A22696D755F737461747573222C22737562223A22227D2C22636F6E74656E74223A7B2254696D655374616D70223A31302C224672616D65436F756E746572223A3234343837322C2247445F58223A2D302E3031323036333830373830373836323735392C2247445F59223A302E30303534393639333132363233313433322C2247445F5A223A302E3030313637393033393930393530343335342C2241445F58223A2D302E3030323130303733353930323738363235352C2241445F59223A332E363736343337373732383130343539452D342C2241445F5A223A2D302E31373139313630303739393536303534372C2254656D70447370223A302C22537461747573223A302C2243616C69625374617465223A312C22536967416D70496E76616C6964223A307D7DBE21
05-27 18:43:33.107   536   536 D commservice260303: bufferevent_write retrun value = 0
05-27 18:43:33.107   536   560 D commservice260303: client datas send succeed,send finish
05-27 18:43:33.107  1008 30857 D [OMXB]  : usingANWBuffer: handle:0xee740e80, format:1, w:1920, h:1080
05-27 18:43:33.109 13911 14192 D Sentinelmode_1.2.5.17_sentry: <SentryImuClusterFgeSender>imu_status sent to Linux, frame=244872, tsNs=10480338, tsMs=10, intervalMs=42, ad=(-0.002100736,3.6764378E-4,-0.17191601), gd=(-0.012063808,0.0054969313,0.0016790399)
05-27 18:43:33.110   581   581 I SpiService: fgesysctrl_getGPIO_status success val=1
05-27 08:34:42.075   581   581 D spi_rst_gpio_get_output: GPIO 145 value: 1
05-27 08:34:42.075   581   581 D spidev_ioctl: gpio status=1)
05-27 18:43:33.115   299 30841 D EvsDriver: forwardFrame
05-27 18:43:33.116   581   581 I SpiService: fgesysctrl_getGPIO_status success val=1
05-27 08:34:42.080   581   581 D spi_rst_gpio_get_output: GPIO 145 value: 1
05-27 08:34:42.080   581   581 D spidev_ioctl: gpio status=1)
05-27 18:43:33.119   283   307 I rvcservice: t.code = 3, t.value = 0
05-27 18:43:33.119 13911 14183 I SentryImuMcuAngleSender: 179.97899rollDeg
05-27 18:43:33.119   299 30844 D EvsDriver: forwardFrame
05-27 18:43:33.120  1167  1479 D evsmanagerd: /dev/video4 forwarded the buffer #0 to 0xb4000074bf5f6850 from 0xb4000074bf5f41d0
05-27 18:43:33.120   299 30841 D EvsDriver: Delivered 0xb400007b7ca56a60 as id 0
05-27 18:43:33.120 30773 30773 E dvr_service_: [myNum:0] Received S**** loss
05-27 18:43:33.121   299  1163 D EvsDriver: doneWithFrame
05-27 18:43:33.122   581   581 I SpiService: fgesysctrl_getGPIO_status success val=1
05-27 18:43:33.122  1167  1479 D evsmanagerd: /dev/video6 forwarded the buffer #0 to 0xb4000074bf5f5510 from 0xb4000074bf5f6d90
05-27 18:43:33.123 30773 30773 E dvr_service_: [myNum:1] Received S**** loss
05-27 18:43:33.123   299 30844 D EvsDriver: Delivered 0xb400007b7ca56900 as id 0
05-27 18:43:33.119 13911 14183 I SentryImuMcuAngleSender: 1,0,0
05-27 18:43:33.123   572   572 I Sensors : 230 AccelSensor: x:-0.168360,y:0.003659,z:-9.976550
05-27 18:43:33.125   299  1163 D EvsDriver: doneWithFrame
05-27 08:34:42.087   581   581 D spi_rst_gpio_get_output: GPIO 145 value: 1
05-27 08:34:42.087   581   581 D spidev_ioctl: gpio status=1)
05-27 18:43:33.128   581   581 I SpiService: fgesysctrl_getGPIO_status success val=0
05-27 08:34:42.093   581   581 D spi_rst_gpio_get_output: GPIO 145 value: 0
05-27 08:34:42.093   581   581 D spidev_ioctl: gpio status=0)
05-27 18:43:33.129  1008 30856 D [OMXB]  : usingANWBuffer: handle:0xee743c90, format:1, w:1920, h:1080
05-27 18:43:33.135   299 30844 D EvsDriver: forwardFrame
05-27 18:43:33.137   299 30841 D EvsDriver: forwardFrame
05-27 18:43:33.138  1167  1479 D evsmanagerd: /dev/video6 forwarded the buffer #0 to 0xb4000074bf5f5510 from 0xb4000074bf5f6d90
05-27 18:43:33.138   299 30844 D EvsDriver: Delivered 0xb400007b7ca56900 as id 0
05-27 18:43:33.140  1167  1479 D evsmanagerd: /dev/video4 forwarded the buffer #0 to 0xb4000074bf5f6850 from 0xb4000074bf5f41d0
05-27 18:43:33.140   299 30841 D EvsDriver: Delivered 0xb400007b7ca56a60 as id 0
05-27 18:43:33.140   481   598 I mcuc    : rev,n=1,6AA681D317000A8900EA010409301234563E
05-27 18:43:33.141  1121  1144 I tboxmids_ap: [2026-05-27 18:43:33.141] [MCU RX] src=MCU dst=ZMQ len=10 type=BINARY data=00 08 EA 01 04 09 30 12 34 56 
05-27 18:43:33.141   351   373 D automotive.vehicle@2.0-adayo-datacomm-mcu: MCUDatacomm sendMessageFromVehicle prop: 0x89, areaId: 0x0, status: 0xea, timestamp: 0x1
05-27 18:43:33.141   351   373 D automotive.vehicle@2.0-adayo-datacomm-mcu: MCUDatacomm 1sendMessageFromVehicle ---> type = 12 
05-27 18:43:33.143  1083  1083 I MyAppLog: [2026-05-27 18:43:33.142 I tboxap mcuCommTboxmidsRecvCb:97] [Mcu] [mcuCommTboxmidsRecvCb] recv from tboxmids, size:10
05-27 18:43:33.143  1083  1083 I MyAppLog: [2026-05-27 18:43:33.142 I tboxap mcuCommTboxmidsRecvCb:98] [Mcu] [tboxmids -> tboxap]: :00 08 EA 01 04 09 30 12 34 56
05-27 18:43:33.143  1083  1083 W MyAppLog: [2026-05-27 18:43:33.142 W tboxap mcuYadiFrameParse:852] [Mcu] [mcuYadiFrameParse] cmd:0930(MCU_REMOTE_CTRL_RSP_IND) payload too short:5 < 8
05-27 18:43:33.143  1083  1083 W MyAppLog: [2026-05-27 18:43:33.142 W tboxap mcuPtlParseData:982] [Mcu] [mcuPtlParseData] invalid yadi frame, len:10
05-27 18:43:33.143   581   581 I SpiService: fgesysctrl_getGPIO_status success val=1
05-27 18:43:33.143 31026 31026 I ADAYO_LOG_TRACE_LOGCAT: folder_size:
05-27 18:43:33.144 30773 30786 I dvr_service_: CameraX 1  audioOK: 22976000,audios:360
05-27 18:43:33.145  1008 30857 D [OMXB]  : usingANWBuffer: handle:0xee7444d0, format:1, w:1920, h:1080
05-27 18:43:33.145   299  1163 D EvsDriver: doneWithFrame
05-27 18:43:33.147   299  1163 D EvsDriver: doneWithFrame
05-27 18:43:33.148 13911 14183 I SentryImuMcuAngleSender: 179.97899rollDeg
05-27 18:43:33.148 13911 14183 I SentryImuMcuAngleSender: 1,0,0
05-27 18:43:33.149   581   581 I SpiService: fgesysctrl_getGPIO_status success val=1
05-27 18:43:33.150 13911 13911 I Sentinelmode_1.2.5.17_sentry: <SentinelCarServiceManager>sensorType:291504647
05-27 08:34:42.108   581   581 D spi_rst_gpio_get_output: GPIO 145 value: 1
05-27 08:34:42.108   581   581 D spidev_ioctl: gpio status=1)
05-27 08:34:42.113   581   581 D spi_rst_gpio_get_output: GPIO 145 value: 1
05-27 08:34:42.113   581   581 D spidev_ioctl: gpio status=1)
05-27 18:43:33.154   581   581 I SpiService: fgesysctrl_getGPIO_status success val=1
05-27 18:43:33.155   536   536 D commservice260303: msg.id = 1028,0
05-27 18:43:33.155   536   536 D commservice260303: i = 170, msgid = 8A000404
05-27 18:43:33.155   536   536 D commservice260303: msgid = -1979710460,did=138
05-27 18:43:33.155   536   536 D commservice260303: CommProtocolLibCmdBaseI2C::dataproc {"command":{"id":"imu_status","sub":""},"content":{"TimeStamp":10,"FrameCounter":244873,"GD_X":-0.012599040754139423,"GD_Y":0.0056498548947274685,"GD_Z":0.0018319635419175029,"AD_X":-0.0021058470010757446,"AD_Y":0.0015770981553941965,"AD_Z":-0.17130661010742188,"TempDsp":0,"Status":0,"CalibState":1,"SigAmpInvalid":0}},-1979710460
