05-27 18:43:32.536  1083  1083 W MyAppLog: [2026-05-27 18:43:32.531 W tboxap mcuHandleQueryInd:1700] [Mcu] [mcuHandleQueryInd] unknown query item:0x56
05-27 18:43:32.536   572   572 I Sensors : 230 AccelSensor: x:-0.165920,y:0.001220,z:-9.974720
05-27 18:43:32.536  1083  1083 W MyAppLog: [2026-05-27 18:43:32.531 W tboxap mcuHandleQueryInd:1700] [Mcu] [mcuHandleQueryInd] unknown query item:0x56
05-27 18:43:32.536   299 30844 D EvsDriver: forwardFrame
05-27 18:43:32.536  1083  1083 W MyAppLog: [2026-05-27 18:43:32.531 W tboxap mcuHandleQueryInd:1700] [Mcu] [mcuHandleQueryInd] unknown query item:0x56
05-27 18:43:32.536  1083  1083 W MyAppLog: [2026-05-27 18:43:32.531 W tboxap mcuHandleQueryInd:1700] [Mcu] [mcuHandleQueryInd] unknown query item:0x56
05-27 18:43:32.536   566  1171 I gps_hdbd: [gps_upgrade_thread 3506]Enter
05-27 18:43:32.537   299 30841 D EvsDriver: Delivered 0xb400007b7ca56a60 as id 0
05-27 18:43:32.537  1167  1479 D evsmanagerd: /dev/video4 forwarded the buffer #0 to 0xb4000074bf5f6850 from 0xb4000074bf5f41d0
05-27 18:43:32.537  1083  1083 W MyAppLog: [2026-05-27 18:43:32.531 W tboxap mcuHandleQueryInd:1700] [Mcu] [mcuHandleQueryInd] unknown query item:0x56
05-27 18:43:32.537   566  1171 I gps_hdbd: [gps_upgrade_thread 3535] sys.gps.update:0 ,file:not ,upgrate_ing:0
05-27 18:43:32.537  1083  1083 W MyAppLog: [2026-05-27 18:43:32.531 W tboxap mcuHandleQueryInd:1700] [Mcu] [mcuHandleQueryInd] unknown query item:0x56
05-27 18:43:32.537  1167  1479 D evsmanagerd: /dev/video6 forwarded the buffer #0 to 0xb4000074bf5f5510 from 0xb4000074bf5f6d90
05-27 18:43:32.537  1083  1083 W MyAppLog: [2026-05-27 18:43:32.531 W tboxap mcuHandleQueryInd:1700] [Mcu] [mcuHandleQueryInd] unknown query item:0x56
05-27 18:43:32.537   299 30844 D EvsDriver: Delivered 0xb400007b7ca56900 as id 0
05-27 18:43:32.537  1083  1083 W MyAppLog: [2026-05-27 18:43:32.531 W tboxap mcuHandleQueryInd:1700] [Mcu] [mcuHandleQueryInd] unknown query item:0x56
05-27 18:43:32.538  1083  1083 W MyAppLog: [2026-05-27 18:43:32.531 W tboxap mcuHandleQueryInd:1700] [Mcu] [mcuHandleQueryInd] unknown query item:0x56
05-27 18:43:32.538  1083  1083 W MyAppLog: [2026-05-27 18:43:32.531 W tboxap mcuHandleQueryInd:1700] [Mcu] [mcuHandleQueryInd] unknown query item:0x56
05-27 18:43:32.538  1083  1083 W MyAppLog: [2026-05-27 18:43:32.531 W tboxap mcuHandleQueryInd:1700] [Mcu] [mcuHandleQueryInd] unknown query item:0x56
05-27 18:43:32.538  1083  1083 W MyAppLog: [2026-05-27 18:43:32.531 W tboxap mcuHandleQueryInd:1700] [Mcu] [mcuHandleQueryInd] unknown query item:0x56
05-27 18:43:32.538  1083  1083 W MyAppLog: [2026-05-27 18:43:32.531 W tboxap mcuHandleQueryInd:1700] [Mcu] [mcuHandleQueryInd] unknown query item:0x56
05-27 18:43:32.538  1083  1083 W MyAppLog: [2026-05-27 18:43:32.531 W tboxap mcuHandleQueryInd:1700] [Mcu] [mcuHandleQueryInd] unknown query item:0x56
05-27 18:43:32.539  1083  1083 W MyAppLog: [2026-05-27 18:43:32.531 W tboxap mcuHandleQueryInd:1700] [Mcu] [mcuHandleQueryInd] unknown query item:0x56
05-27 18:43:32.539  1083  1083 W MyAppLog: [2026-05-27 18:43:32.531 W tboxap mcuHandleQueryInd:1700] [Mcu] [mcuHandleQueryInd] unknown query item:0x56
05-27 18:43:32.539  1083  1083 W MyAppLog: [2026-05-27 18:43:32.531 W tboxap mcuHandleQueryInd:1700] [Mcu] [mcuHandleQueryInd] unknown query item:0x56
05-27 18:43:32.539  1083  1083 W MyAppLog: [2026-05-27 18:43:32.531 W tboxap mcuHandleQueryInd:1700] [Mcu] [mcuHandleQueryInd] unknown query item:0x56
05-27 18:43:32.539  1083  1083 W MyAppLog: [2026-05-27 18:43:32.531 W tboxap mcuHandleQueryInd:1700] [Mcu] [mcuHandleQueryInd] unknown query item:0x56
05-27 18:43:32.539  1083  1083 W MyAppLog: [2026-05-27 18:43:32.531 W tboxap mcuHandleQueryInd:1700] [Mcu] [mcuHandleQueryInd] unknown query item:0x56
05-27 18:43:32.539   299  1153 D EvsDriver: doneWithFrame
05-27 18:43:32.539  1083  1083 W MyAppLog: [2026-05-27 18:43:32.531 W tboxap mcuHandleQueryInd:1700] [Mcu] [mcuHandleQueryInd] unknown query item:0x56
05-27 18:43:32.539   299  1163 D EvsDriver: doneWithFrame
05-27 18:43:32.539  1083  1083 W MyAppLog: [2026-05-27 18:43:32.531 W tboxap mcuHandleQueryInd:1700] [Mcu] [mcuHandleQueryInd] unknown query item:0x56
05-27 18:43:32.540  1083  1083 W MyAppLog: [2026-05-27 18:43:32.531 W tboxap mcuHandleQueryInd:1700] [Mcu] [mcuHandleQueryInd] unknown query item:0x56
05-27 18:43:32.540  1083  1083 W MyAppLog: [2026-05-27 18:43:32.531 W tboxap mcuHandleQueryInd:1700] [Mcu] [mcuHandleQueryInd] unknown query item:0x56
05-27 18:43:32.540  1083  1083 W MyAppLog: [2026-05-27 18:43:32.531 W tboxap mcuHandleQueryInd:1700] [Mcu] [mcuHandleQueryInd] unknown query item:0x56
05-27 18:43:32.540   581   581 I SpiService: fgesysctrl_getGPIO_status success val=1
05-27 18:43:32.540  1083  1083 W MyAppLog: [2026-05-27 18:43:32.531 W tboxap mcuHandleQueryInd:1700] [Mcu] [mcuHandleQueryInd] unknown query item:0x56
05-27 18:43:32.541  1008 30857 D [OMXB]  : usingANWBuffer: handle:0xee7433a0, format:1, w:1920, h:1080
05-27 18:43:32.544   536   760 I commservice260303: [mcuCommFunctionTcp::ProtocolCheckConnectTimeOutProc:613] keyID:256,tcpEvent:5,tcpcount:0,heartbeat:1,noHeartBeatNumber:0,endispatch:0,strState:0
05-27 18:43:32.544   536   760 D commservice260303: ProtocolCheckConnectTimeOutProc,629,clear heartbeat
05-27 18:43:32.545 13911 14183 I SentryImuMcuAngleSender: 179.993rollDeg
05-27 18:43:32.545 13911 14183 I SentryImuMcuAngleSender: 1,0,0
05-27 18:43:32.546   581   581 I SpiService: fgesysctrl_getGPIO_status success val=1
05-27 18:43:32.551   581   581 I SpiService: fgesysctrl_getGPIO_status success val=1
05-27 18:43:32.557   581   581 I SpiService: fgesysctrl_getGPIO_status success val=0
05-27 18:43:32.557   481   597 I mcuc    : send SPI:6AA602D314000289008C
05-27 18:43:32.560  1008 30856 D [OMXB]  : usingANWBuffer: handle:0xee742a00, format:1, w:1920, h:1080
05-27 18:43:32.560 30773 30789 I dvr_service_: Camera 0: MediaOK:22438890, frames:530, isKeyFrame:0,pts:10479496847
05-27 18:43:32.563 30773 30786 I dvr_service_: CameraX 0  audioOK: 22336000,audios:350
05-27 18:43:32.565 13911 14183 I SentryImuMcuAngleSender: 179.986rollDeg
05-27 18:43:32.565 13911 14183 I SentryImuMcuAngleSender: 1,0,0
05-27 18:43:32.569 13911 14131 D SVR_MNG_SvrMngProxy: getServer: mSvrManger is null
05-27 18:43:32.569 13911 14131 D SVR_MNG_SvrMngProxy: getNewStub: 
05-27 18:43:32.569 13911 14131 D SVR_MNG_SvrMngProxy: getNewStub: getSvrManagerService start
05-27 18:43:32.570 13911 14131 D SVR_MNG_SvrMngProxy: getNewStub: getSvrManagerService end
05-27 18:43:32.570 13911 14131 D SVR_MNG_SvrMngProxy: getServer: svrMngService doesn't start
05-27 18:43:32.571   536   536 D commservice260303: msg.id = 1028,1
05-27 18:43:32.571   536   536 D commservice260303: i = 170, msgid = 8A000404
05-27 18:43:32.571   536   536 D commservice260303: msgid = -1979710460,did=138
05-27 18:43:32.571   536   536 D commservice260303: CommProtocolLibCmdBaseI2C::dataproc {"command":{"id":"imu_status","sub":""},"content":{"TimeStamp":10,"FrameCounter":244859,"GD_X":-0.011377211660146713,"GD_Y":0.005039200186729431,"GD_Z":0.0019848872907459736,"AD_X":3.8680434226989746E-4,"AD_Y":2.804407849907875E-4,"AD_Z":-0.17008686065673828,"TempDsp":0,"Status":0,"CalibState":1,"SigAmpInvalid":0}},-1979710460
05-27 18:43:32.571   536   536 D commservice260303: send2Cluster len:316, 7B22636F6D6D616E64223A7B226964223A22696D755F737461747573222C22737562223A22227D2C22636F6E74656E74223A7B2254696D655374616D70223A31302C224672616D65436F756E746572223A3234343835392C2247445F58223A2D302E3031313337373231313636303134363731332C2247445F59223A302E3030353033393230303138363732393433312C2247445F5A223A302E303031393834383837323930373435393733362C2241445F58223A332E38363830343334323236393839373436452D342C2241445F59223A322E383034343037383439393037383735452D342C2241445F5A223A2D302E31373030383638363036353637333832382C2254656D70447370223A302C22537461747573223A302C2243616C69625374617465223A312C22536967416D70496E76616C6964223A307D7D, 138 
05-27 18:43:32.571   536   536 D commservice260303: Push Message into SendPool fn=-1476656384
05-27 18:43:32.571   536   536 D commservice260303: ComProtocolLibSend2Cluster::send2ClusterRaw fn=-1476656384 , len=332
05-27 18:43:32.571   536   536 D commservice260303: sendCmdToPort :332!!!
05-27 18:43:32.571   536   536 D commservice260303: send Cmd To Port ++++5AA501488A010003FCA76A16CAD47B22636F6D6D616E64223A7B226964223A22696D755F737461747573222C22737562223A22227D2C22636F6E74656E74223A7B2254696D655374616D70223A31302C224672616D65436F756E746572223A3234343835392C2247445F58223A2D302E3031313337373231313636303134363731332C2247445F59223A302E3030353033393230303138363732393433312C2247445F5A223A302E303031393834383837323930373435393733362C2241445F58223A332E38363830343334323236393839373436452D342C2241445F59223A322E383034343037383439393037383735452D342C2241445F5A223A2D302E31373030383638363036353637333832382C2254656D70447370223A302C22537461747573223A302C2243616C69625374617465223A312C22536967416D70496E76616C6964223A307D7D26D6
05-27 18:43:32.571   536   536 D commservice260303: bufferevent_write retrun value = 0
05-27 18:43:32.571   536   560 D commservice260303: client datas send succeed,send finish
05-27 18:43:32.571   536   560 D commservice260303: recv len:77, 5AA50049060000003D596A16CAD47B22636F6D6D616E64223A7B226964223A226473695F6C7578222C22737562223A22227D2C22636F6E74656E74223A7B2276616C7565223A3230307D7D1AD5 from server
05-27 18:43:32.571 13911 14192 D Sentinelmode_1.2.5.17_sentry: <SentryImuClusterFgeSender>imu_status sent to Linux, frame=244859, tsNs=10479803, tsMs=10, intervalMs=40, ad=(3.8680434E-4,2.8044078E-4,-0.17008686), gd=(-0.011377212,0.0050392,0.0019848873)
05-27 18:43:32.571   536  2578 D commservice260303: mcuDataAnalyzeHandle templen:77,len:77,pos:0, 5AA50049060000003D596A16CAD47B22636F6D6D616E64223A7B226964223A226473695F6C7578222C22737562223A22227D2C22636F6E74656E74223A7B2276616C7565223A3230307D7D1AD5 
05-27 18:43:32.571   536  2578 I commservice260303: checksumCal = 6869
05-27 18:43:32.572   536  2578 D commservice260303: CommProtocolLibCmdBaseC2I::dataproc {"command":{"id":"dsi_lux","sub":""},"content":{"value":200}},6
05-27 18:43:32.572   536  2578 D commservice260303: mcuCommMessageManager::notifyMsgToClient hwbinder OK
05-27 18:43:32.572   581   581 I SpiService: fgesysctrl_getGPIO_status success val=1
05-27 18:43:32.572   536  2578 D commservice260303: McuProtocolLibSend2Service::send2Service ret=1
05-27 18:43:32.572 12246 12440 D ivicomm_CommManager: fgeComServiceCallback: {"command":{"id":"dsi_lux","sub":""},"content":{"value":200}}
05-27 18:43:32.572 12246 12440 D ivicomm_CallbackManager: registerCallback DSI_LUX: {"value":200} mCommStateCallbackMap size:4
05-27 18:43:32.572   299 30841 D EvsDriver: forwardFrame
05-27 18:43:32.573   299 30844 D EvsDriver: forwardFrame
05-27 18:43:32.574 11579 11719 D NSLogUtils_VehicleService: L2A comm state: id=dsi_lux, value=200
05-27 18:43:32.575   299 30841 D EvsDriver: Delivered 0xb400007b7ca56a60 as id 0
05-27 18:43:32.575   299 30844 D EvsDriver: Delivered 0xb400007b7ca56900 as id 0
05-27 18:43:32.575  1167  1479 D evsmanagerd: /dev/video4 forwarded the buffer #0 to 0xb4000074bf5f6850 from 0xb4000074bf5f41d0
05-27 18:43:32.575  1167  1167 D evsmanagerd: /dev/video6 forwarded the buffer #0 to 0xb4000074bf5f5510 from 0xb4000074bf5f6d90
05-27 18:43:32.576 11344  6590 D SystemUI_SystemSettingsControllerService: onCommState: commandID = dsi_lux; value = 200
05-27 18:43:32.578   581   581 I SpiService: fgesysctrl_getGPIO_status success val=1
05-27 18:43:32.580   299  1153 D EvsDriver: doneWithFrame
05-27 18:43:32.583   299  1163 D EvsDriver: doneWithFrame
05-27 18:43:32.583   581   581 I SpiService: fgesysctrl_getGPIO_status success val=1
05-27 18:43:32.585 13911 14183 I SentryImuMcuAngleSender: 179.97899rollDeg
05-27 18:43:32.585 13911 14183 I SentryImuMcuAngleSender: 1,0,0
05-27 18:43:32.587  1008 30857 D [OMXB]  : usingANWBuffer: handle:0xee746c00, format:1, w:1920, h:1080
05-27 18:43:32.589   581   581 I SpiService: fgesysctrl_getGPIO_status success val=1
05-27 18:43:32.595   581   581 I SpiService: fgesysctrl_getGPIO_status success val=0
05-27 18:43:32.599   299 30844 D EvsDriver: forwardFrame
05-27 18:43:32.599   299 30841 D EvsDriver: forwardFrame
05-27 18:43:32.601   299 30844 D EvsDriver: Delivered 0xb400007b7ca56900 as id 0
05-27 18:43:32.601  1167  1167 D evsmanagerd: /dev/video6 forwarded the buffer #0 to 0xb4000074bf5f5510 from 0xb4000074bf5f6d90
05-27 18:43:32.602 30773 30783 E dvr_service_: [myNum:1] Received S**** loss
05-27 18:43:32.602   299  1163 D EvsDriver: doneWithFrame
05-27 18:43:32.602   299 30841 D EvsDriver: Delivered 0xb400007b7ca56a60 as id 0
05-27 18:43:32.602  1167  1167 D evsmanagerd: /dev/video4 forwarded the buffer #0 to 0xb4000074bf5f6850 from 0xb4000074bf5f41d0
05-27 18:43:32.602 30773 30783 E dvr_service_: [myNum:0] Received S**** loss
05-27 18:43:32.603   299  1163 D EvsDriver: doneWithFrame
05-27 18:43:32.605 13911 14183 I SentryImuMcuAngleSender: 179.98949rollDeg
05-27 18:43:32.605 13911 14183 I SentryImuMcuAngleSender: 1,0,0
05-27 18:43:32.609   581   581 I SpiService: fgesysctrl_getGPIO_status success val=1
05-27 18:43:32.611   536   536 D commservice260303: msg.id = 1028,0
05-27 18:43:32.611   536   536 D commservice260303: i = 170, msgid = 8A000404
05-27 18:43:32.611   536   536 D commservice260303: msgid = -1979710460,did=138
05-27 18:43:32.611   536   536 D commservice260303: CommProtocolLibCmdBaseI2C::dataproc {"command":{"id":"imu_status","sub":""},"content":{"TimeStamp":10,"FrameCounter":244860,"GD_X":-0.011682018637657166,"GD_Y":0.005573912989348173,"GD_Z":0.0019848872907459736,"AD_X":-0.002070710062980652,"AD_Y":-9.392048232257366E-4,"AD_Z":-0.16886615753173828,"TempDsp":0,"Status":0,"CalibState":1,"SigAmpInvalid":0}},-1979710460
05-27 18:43:32.611   536   536 D commservice260303: send2Cluster len:317, 7B22636F6D6D616E64223A7B226964223A22696D755F737461747573222C22737562223A22227D2C22636F6E74656E74223A7B2254696D655374616D70223A31302C224672616D65436F756E746572223A3234343836302C2247445F58223A2D302E3031313638323031383633373635373136362C2247445F59223A302E3030353537333931323938393334383137332C2247445F5A223A302E303031393834383837323930373435393733362C2241445F58223A2D302E3030323037303731303036323938303635322C2241445F59223A2D392E333932303438323332323537333636452D342C2241445F5A223A2D302E31363838363631353735333137333832382C2254656D70447370223A302C22537461747573223A302C2243616C69625374617465223A312C22536967416D70496E76616C6964223A307D7D, 138 
05-27 18:43:32.611   536   536 D commservice260303: Push Message into SendPool fn=-1459879168
05-27 18:43:32.611   536   536 D commservice260303: ComProtocolLibSend2Cluster::send2ClusterRaw fn=-1459879168 , len=333
05-27 18:43:32.611   536   536 D commservice260303: sendCmdToPort :333!!!
05-27 18:43:32.611   536   536 D commservice260303: send Cmd To Port ++++5AA501498A010003FCA86A16CAD47B22636F6D6D616E64223A7B226964223A22696D755F737461747573222C22737562223A22227D2C22636F6E74656E74223A7B2254696D655374616D70223A31302C224672616D65436F756E746572223A3234343836302C2247445F58223A2D302E3031313638323031383633373635373136362C2247445F59223A302E3030353537333931323938393334383137332C2247445F5A223A302E303031393834383837323930373435393733362C2241445F58223A2D302E3030323037303731303036323938303635322C2241445F59223A2D392E333932303438323332323537333636452D342C2241445F5A223A2D302E31363838363631353735333137333832382C2254656D70447370223A302C22537461747573223A302C2243616C69625374617465223A312C22536967416D70496E76616C6964223A307D7DAF7D
05-27 08:34:41.807   581   581 D spi_rst_gpio_get_output: GPIO 145 value: 0
05-27 18:43:32.611   536   536 D commservice260303: bufferevent_write retrun value = 0
05-27 18:43:32.611   536   560 D commservice260303: client datas send succeed,send finish
05-27 18:43:32.612 13911 14192 D Sentinelmode_1.2.5.17_sentry: <SentryImuClusterFgeSender>imu_status sent to Linux, frame=244860, tsNs=10479857, tsMs=10, intervalMs=40, ad=(-0.00207071,-9.392048E-4,-0.16886616), gd=(-0.011682019,0.005573913,0.0019848873)
05-27 18:43:32.615   581   581 I SpiService: fgesysctrl_getGPIO_status success val=1
05-27 18:43:32.615  1008 30856 D [OMXB]  : usingANWBuffer: handle:0xee743190, format:1, w:1920, h:1080
05-27 18:43:32.617   283   307 I rvcservice: t.code = 3, t.value = 0
05-27 18:43:32.620   581   581 I SpiService: fgesysctrl_getGPIO_status success val=1
05-27 18:43:32.621  1083  1083 I MyAppLog: [2026-05-27 18:43:32.620 I tboxap mcuSendYadiTransfer:196] [Mcu] [mcuYadiSend]: :00 08 84 04 01 09 81 02 01 01
05-27 18:43:32.624   481   599 I mcuc    : start timer OK = 29529 
05-27 18:43:32.624   572   572 I Sensors : 230 GyroSensor: x:-0.011377,y:0.006032,z:0.001832
05-27 18:43:32.626 13911 14183 I SentryImuMcuAngleSender: 179.99298rollDeg
05-27 08:34:41.807   581   581 D spidev_ioctl: gpio status=0)
05-27 18:43:32.626 13911 14183 I SentryImuMcuAngleSender: 1,0,0
05-27 18:43:32.626   581   581 I SpiService: fgesysctrl_getGPIO_status success val=1
05-27 18:43:32.630  1008 30857 D [OMXB]  : usingANWBuffer: handle:0xee742320, format:1, w:1920, h:1080
05-27 18:43:32.631   581   581 I SpiService: fgesysctrl_getGPIO_status success val=1
05-27 18:43:32.636   299 30844 D EvsDriver: forwardFrame
05-27 18:43:32.636   299 30841 D EvsDriver: forwardFrame
05-27 18:43:32.637   581   581 I SpiService: fgesysctrl_getGPIO_status success val=0
05-27 18:43:32.638   481   597 I mcuc    : send SPI:6AA601735900F809018404010981020101000000000000000000000000000000000000000000000000000000000000000000000000000000000000000000000000000000000000000000000000000000000000000000000000000000000000000000000000000000000000000000000000000000000000000000000000000000000000000000000000000000000000000000000000000000000000000000000000000000000000000000000000000000000000000000000000000000000000000000000000000000000000000000000000000000000000000000000000000000000000000000000000000000000000000000000000000000000000000000001A
05-27 18:43:32.638   299 30844 D EvsDriver: Delivered 0xb400007b7ca56900 as id 0
05-27 18:43:32.639  1167  1167 D evsmanagerd: /dev/video6 forwarded the buffer #0 to 0xb4000074bf5f5510 from 0xb4000074bf5f6d90
05-27 18:43:32.640   299 30841 D EvsDriver: Delivered 0xb400007b7ca56a60 as id 0
05-27 18:43:32.640  1167  1167 D evsmanagerd: /dev/video4 forwarded the buffer #0 to 0xb4000074bf5f6850 from 0xb4000074bf5f41d0
05-27 18:43:32.645   299  1153 D EvsDriver: doneWithFrame
05-27 18:43:32.647   299  1163 D EvsDriver: doneWithFrame
05-27 18:43:32.648 13911 14183 I SentryImuMcuAngleSender: 179.99298rollDeg
05-27 18:43:32.648 13911 14183 I SentryImuMcuAngleSender: 1,0,0
05-27 18:43:32.651   536   536 D commservice260303: msg.id = 1028,0
05-27 18:43:32.651   536   536 D commservice260303: i = 170, msgid = 8A000404
05-27 18:43:32.651   536   536 D commservice260303: msgid = -1979710460,did=138
05-27 18:43:32.651   536   536 D commservice260303: CommProtocolLibCmdBaseI2C::dataproc {"command":{"id":"imu_status","sub":""},"content":{"TimeStamp":10,"FrameCounter":244861,"GD_X":-0.011834942735731602,"GD_Y":0.006032164208590984,"GD_Z":0.0021378109231591225,"AD_X":-0.002680748701095581,"AD_Y":2.824540715664625E-4,"AD_Z":-0.16764545440673828,"TempDsp":0,"Status":0,"CalibState":1,"SigAmpInvalid":0}},-1979710460
05-27 18:43:32.651   536   536 D commservice260303: send2Cluster len:316, 7B22636F6D6D616E64223A7B226964223A22696D755F737461747573222C22737562223A22227D2C22636F6E74656E74223A7B2254696D655374616D70223A31302C224672616D65436F756E746572223A3234343836312C2247445F58223A2D302E3031313833343934323733353733313630322C2247445F59223A302E3030363033323136343230383539303938342C2247445F5A223A302E303032313337383130393233313539313232352C2241445F58223A2D302E3030323638303734383730313039353538312C2241445F59223A322E383234353430373135363634363235452D342C2241445F5A223A2D302E31363736343534353434303637333832382C2254656D70447370223A302C22537461747573223A302C2243616C69625374617465223A312C22536967416D70496E76616C6964223A307D7D, 138 
05-27 08:34:41.817     1     1 I init    : processing action (persist.log.adayo_collect.logcat=2) from (/system/etc/init/hw/init.rc:1409)
05-27 08:34:41.817     1     1 I init    : Sending signal 9 to service 'trace_logcat' (pid 25060) process group...
05-27 18:43:32.651   536   536 D commservice260303: Push Message into SendPool fn=-1443101952
05-27 18:43:32.652   536   536 D commservice260303: ComProtocolLibSend2Cluster::send2ClusterRaw fn=-1443101952 , len=332
05-27 18:43:32.652   536   536 D commservice260303: sendCmdToPort :332!!!
05-27 18:43:32.652   536   536 D commservice260303: send Cmd To Port ++++5AA501488A010003FCA96A16CAD47B22636F6D6D616E64223A7B226964223A22696D755F737461747573222C22737562223A22227D2C22636F6E74656E74223A7B2254696D655374616D70223A31302C224672616D65436F756E746572223A3234343836312C2247445F58223A2D302E3031313833343934323733353733313630322C2247445F59223A302E3030363033323136343230383539303938342C2247445F5A223A302E303032313337383130393233313539313232352C2241445F58223A2D302E3030323638303734383730313039353538312C2241445F59223A322E383234353430373135363634363235452D342C2241445F5A223A2D302E31363736343534353434303637333832382C2254656D70447370223A302C22537461747573223A302C2243616C69625374617465223A312C22536967416D70496E76616C6964223A307D7D3CD2
05-27 18:43:32.652   536   536 D commservice260303: bufferevent_write retrun value = 0
05-27 18:43:32.652 13911 14192 D Sentinelmode_1.2.5.17_sentry: <SentryImuClusterFgeSender>imu_status sent to Linux, frame=244861, tsNs=10479894, tsMs=10, intervalMs=41, ad=(-0.0026807487,2.8245407E-4,-0.16764545), gd=(-0.011834943,0.006032164,0.002137811)
05-27 18:43:32.652   536   560 D commservice260303: client datas send succeed,send finish
05-27 18:43:32.654   581   581 I SpiService: fgesysctrl_getGPIO_status success val=1
05-27 18:43:32.654  1008 30856 D [OMXB]  : usingANWBuffer: handle:0xee742ed0, format:1, w:1920, h:1080
05-27 18:43:32.660   581   581 I SpiService: fgesysctrl_getGPIO_status success val=1
05-27 18:43:32.665   581   581 I SpiService: fgesysctrl_getGPIO_status success val=1
05-27 18:43:32.665   299 30844 D EvsDriver: forwardFrame
05-27 18:43:32.667  1167  1167 D evsmanagerd: /dev/video6 forwarded the buffer #0 to 0xb4000074bf5f5510 from 0xb4000074bf5f6d90
05-27 18:43:32.667   299 30844 D EvsDriver: Delivered 0xb400007b7ca56900 as id 0
05-27 18:43:32.668  1008 30857 D [OMXB]  : usingANWBuffer: handle:0xee7437c0, format:1, w:1920, h:1080
05-27 18:43:32.668 13911 14183 I SentryImuMcuAngleSender: 179.99298rollDeg
05-27 18:43:32.669 13911 14183 I SentryImuMcuAngleSender: 1,0,0
05-27 18:43:32.670 15863 16024 D AIN-ExternalMapLocation: MSG_LOCATE
05-27 18:43:32.670 15863 16024 D AIN-CustomMapProxy: sendMsgToCustomMap hascallback : true
05-27 18:43:32.670 15863 16024 D AIN-ServiceHub: getService with: name = service_multi_dhu_control
05-27 18:43:32.670 15863 16024 D AIN-NaviThirdPartyAccessor: hasCallback : true
05-27 18:43:32.670 15863 16024 D AIN-NaviThirdPartyAccessor: sendMsgToCustomMap msg : {"needResponse":true,"protocolFrom":"com.aispeech.lyra.daemon","protocolId":14012,"protocolVersion":"v1","requestCode":"99b0b2ee-f56f-430e-9dea-46f2d88acaff"}
05-27 18:43:32.671   581   581 I SpiService: fgesysctrl_getGPIO_status success val=1
05-27 18:43:32.671 17284 17302 D AIN-AiNaviManager: speech send msg to navi : {"needResponse":true,"protocolFrom":"com.aispeech.lyra.daemon","protocolId":14012,"protocolVersion":"v1","requestCode":"99b0b2ee-f56f-430e-9dea-46f2d88acaff"}
05-27 18:43:32.671   299  1163 D EvsDriver: doneWithFrame
05-27 18:43:32.671 17284 17302 I AIN-MapAccessLayer: onMessage_with: protocolMsg = [{"needResponse":true,"protocolFrom":"com.aispeech.lyra.daemon","protocolId":14012,"protocolVersion":"v1","requestCode":"99b0b2ee-f56f-430e-9dea-46f2d88acaff"}]
05-27 18:43:32.672 17284 17344 D AIN-MapAccessLayer: 请求定位 14012
05-27 18:43:32.672 15863 16024 D AIN-NaviThirdPartyAccessor: callback[navi_com.aispeech.lyra.assistant] is invoked
05-27 18:43:32.672 15863 16024 I AIN-CustomMapProxy: requestCurLocation，requestLocationCount=1981 callTag=toLocate
05-27 18:43:32.674   299 30841 D EvsDriver: forwardFrame
05-27 18:43:32.676   299 30841 D EvsDriver: Delivered 0xb400007b7ca56a60 as id 0
05-27 18:43:32.676  1167  1167 D evsmanagerd: /dev/video4 forwarded the buffer #0 to 0xb4000074bf5f6850 from 0xb4000074bf5f41d0
05-27 18:43:32.676   581   581 I SpiService: fgesysctrl_getGPIO_status success val=0
05-27 18:43:32.681   299  1163 D EvsDriver: doneWithFrame
05-27 18:43:32.689  1008 30856 D [OMXB]  : usingANWBuffer: handle:0xee7442c0, format:1, w:1920, h:1080
05-27 18:43:32.691   481   598 I mcuc    : rev,n=1,6AA682735900020901A6
05-27 18:43:32.692   581   581 I SpiService: fgesysctrl_getGPIO_status success val=1
05-27 18:43:32.693 13911 14183 I SentryImuMcuAngleSender: 179.99298rollDeg
05-27 18:43:32.693 13911 14183 I SentryImuMcuAngleSender: 1,0,0
05-27 18:43:32.693   536   536 D commservice260303: msg.id = 1028,0
05-27 18:43:32.693   536   536 D commservice260303: i = 170, msgid = 8A000404
05-27 18:43:32.693   536   536 D commservice260303: msgid = -1979710460,did=138
05-27 18:43:32.693   536   536 D commservice260303: CommProtocolLibCmdBaseI2C::dataproc {"command":{"id":"imu_status","sub":""},"content":{"TimeStamp":10,"FrameCounter":244862,"GD_X":-0.011834942735731602,"GD_Y":0.00549693126231432,"GD_Z":0.0022902146447449923,"AD_X":-8.612722158432007E-4,"AD_Y":-9.306308347731829E-4,"AD_Z":-0.1682577133178711,"TempDsp":0,"Status":0,"CalibState":1,"SigAmpInvalid":0}},-1979710460
05-27 18:43:32.693   536   536 D commservice260303: send2Cluster len:315, 7B22636F6D6D616E64223A7B226964223A22696D755F737461747573222C22737562223A22227D2C22636F6E74656E74223A7B2254696D655374616D70223A31302C224672616D65436F756E746572223A3234343836322C2247445F58223A2D302E3031313833343934323733353733313630322C2247445F59223A302E30303534393639333132363233313433322C2247445F5A223A302E303032323930323134363434373434393932332C2241445F58223A2D382E363132373232313538343332303037452D342C2241445F59223A2D392E333036333038333437373331383239452D342C2241445F5A223A2D302E313638323537373133333137383731312C2254656D70447370223A302C22537461747573223A302C2243616C69625374617465223A312C22536967416D70496E76616C6964223A307D7D, 138 
05-27 18:43:32.693   536   536 D commservice260303: Push Message into SendPool fn=-1426324736
05-27 18:43:32.693   536   536 D commservice260303: ComProtocolLibSend2Cluster::send2ClusterRaw fn=-1426324736 , len=331
05-27 18:43:32.693   536   536 D commservice260303: sendCmdToPort :331!!!
05-27 18:43:32.693   536   536 D commservice260303: send Cmd To Port ++++5AA501478A010003FCAA6A16CAD47B22636F6D6D616E64223A7B226964223A22696D755F737461747573222C22737562223A22227D2C22636F6E74656E74223A7B2254696D655374616D70223A31302C224672616D65436F756E746572223A3234343836322C2247445F58223A2D302E3031313833343934323733353733313630322C2247445F59223A302E30303534393639333132363233313433322C2247445F5A223A302E303032323930323134363434373434393932332C2241445F58223A2D382E363132373232313538343332303037452D342C2241445F59223A2D392E333036333038333437373331383239452D342C2241445F5A223A2D302E313638323537373133333137383731312C2254656D70447370223A302C22537461747573223A302C2243616C69625374617465223A312C22536967416D70496E76616C6964223A307D7DDA5F
05-27 18:43:32.693   536   536 D commservice260303: bufferevent_write retrun value = 0
05-27 18:43:32.694 13911 14192 D Sentinelmode_1.2.5.17_sentry: <SentryImuClusterFgeSender>imu_status sent to Linux, frame=244862, tsNs=10479928, tsMs=10, intervalMs=41, ad=(-8.612722E-4,-9.3063083E-4,-0.16825771), gd=(-0.011834943,0.0054969313,0.0022902146)
05-27 18:43:32.694   536   560 D commservice260303: client datas send succeed,send finish
05-27 18:43:32.697   581   581 I SpiService: fgesysctrl_getGPIO_status success val=1
05-27 18:43:32.700   299 30844 D EvsDriver: forwardFrame
05-27 18:43:32.701   299 30841 D EvsDriver: forwardFrame
05-27 18:43:32.702   299 30841 D EvsDriver: Delivered 0xb400007b7ca56a60 as id 0
05-27 18:43:32.703  1167  1167 D evsmanagerd: /dev/video4 forwarded the buffer #0 to 0xb4000074bf5f6850 from 0xb4000074bf5f41d0
05-27 18:43:32.703   581   581 I SpiService: fgesysctrl_getGPIO_status success val=1
05-27 18:43:32.704   299 30844 D EvsDriver: Delivered 0xb400007b7ca56900 as id 0
05-27 18:43:32.704  1167  1167 D evsmanagerd: /dev/video6 forwarded the buffer #0 to 0xb4000074bf5f5510 from 0xb4000074bf5f6d90
05-27 18:43:32.707   299  1163 D EvsDriver: doneWithFrame
05-27 18:43:32.707   299  1163 D EvsDriver: doneWithFrame
05-27 18:43:32.709   581   581 I SpiService: fgesysctrl_getGPIO_status success val=1
05-27 18:43:32.712 13911 14183 I SentryImuMcuAngleSender: 179.993rollDeg
05-27 18:43:32.712 13911 14183 I SentryImuMcuAngleSender: 1,0,0
05-27 18:43:32.714   581   581 I SpiService: fgesysctrl_getGPIO_status success val=1
05-27 18:43:32.716  1008 30856 D [OMXB]  : usingANWBuffer: handle:0xee744000, format:1, w:1920, h:1080
05-27 18:43:32.718   283   307 I rvcservice: t.code = 3, t.value = 0
05-27 18:43:32.720   581   581 I SpiService: fgesysctrl_getGPIO_status success val=0
05-27 18:43:32.730   299 30841 D EvsDriver: forwardFrame
05-27 18:43:32.731   299 30841 D EvsDriver: Delivered 0xb400007b7ca56a60 as id 0
05-27 18:43:32.731  1167  1167 D evsmanagerd: /dev/video4 forwarded the buffer #0 to 0xb4000074bf5f6850 from 0xb4000074bf5f41d0
05-27 18:43:32.731   572   572 I Sensors : 230 AccelSensor: x:-0.169580,y:-0.000610,z:-9.975940
05-27 18:43:32.732  1008 30857 D [OMXB]  : usingANWBuffer: handle:0xee742cc0, format:1, w:1920, h:1080
05-27 18:43:32.733 13911 14183 I SentryImuMcuAngleSender: -179.99649rollDeg
05-27 18:43:32.733 13911 14183 I SentryImuMcuAngleSender: 1,0,0
05-27 18:43:32.733   299  1163 D EvsDriver: doneWithFrame
05-27 18:43:32.734 30773 30789 I dvr_service_: Camera 1: MediaOK:22595218, frames:540, isKeyFrame:0,pts:10479763870
05-27 18:43:32.735   581   581 I SpiService: fgesysctrl_getGPIO_status success val=1
05-27 18:43:32.736   536   536 D commservice260303: msg.id = 1028,0
05-27 18:43:32.736   536   536 D commservice260303: i = 170, msgid = 8A000404
05-27 18:43:32.736   536   536 D commservice260303: msgid = -1979710460,did=138
05-27 18:43:32.736   536   536 D commservice260303: CommProtocolLibCmdBaseI2C::dataproc {"command":{"id":"imu_status","sub":""},"content":{"TimeStamp":10,"FrameCounter":244863,"GD_X":-0.012063807807862759,"GD_Y":0.00519212381914258,"GD_Z":0.00259606190957129,"AD_X":-0.003312721848487854,"AD_Y":-0.002746306359767914,"AD_Z":-0.17069625854492188,"TempDsp":0,"Status":0,"CalibState":1,"SigAmpInvalid":0}},-1979710460
05-27 18:43:32.736   536   536 D commservice260303: send2Cluster len:314, 7B22636F6D6D616E64223A7B226964223A22696D755F737461747573222C22737562223A22227D2C22636F6E74656E74223A7B2254696D655374616D70223A31302C224672616D65436F756E746572223A3234343836332C2247445F58223A2D302E3031323036333830373830373836323735392C2247445F59223A302E30303531393231323338313931343235382C2247445F5A223A302E30303235393630363139303935373132392C2241445F58223A2D302E3030333331323732313834383438373835342C2241445F59223A2D302E3030323734363330363335393736373931342C2241445F5A223A2D302E31373036393632353835343439323138382C2254656D70447370223A302C22537461747573223A302C2243616C69625374617465223A312C22536967416D70496E76616C6964223A307D7D, 138 
05-27 18:43:32.736   536   536 D commservice260303: Push Message into SendPool fn=-1409547520
05-27 18:43:32.736   536   536 D commservice260303: ComProtocolLibSend2Cluster::send2ClusterRaw fn=-1409547520 , len=330
05-27 18:43:32.736   536   536 D commservice260303: sendCmdToPort :330!!!
05-27 18:43:32.736   536   536 D commservice260303: send Cmd To Port ++++5AA501468A010003FCAB6A16CAD47B22636F6D6D616E64223A7B226964223A22696D755F737461747573222C22737562223A22227D2C22636F6E74656E74223A7B2254696D655374616D70223A31302C224672616D65436F756E746572223A3234343836332C2247445F58223A2D302E3031323036333830373830373836323735392C2247445F59223A302E30303531393231323338313931343235382C2247445F5A223A302E30303235393630363139303935373132392C2241445F58223A2D302E3030333331323732313834383438373835342C2241445F59223A2D302E3030323734363330363335393736373931342C2241445F5A223A2D302E31373036393632353835343439323138382C2254656D70447370223A302C22537461747573223A302C2243616C69625374617465223A312C22536967416D70496E76616C6964223A307D7DB1E5
05-27 18:43:32.736   536   536 D commservice260303: bufferevent_write retrun value = 0
05-27 18:43:32.737   536   560 D commservice260303: client datas send succeed,send finish
05-27 18:43:32.737 13911 14192 D Sentinelmode_1.2.5.17_sentry: <SentryImuClusterFgeSender>imu_status sent to Linux, frame=244863, tsNs=10479982, tsMs=10, intervalMs=44, ad=(-0.0033127218,-0.0027463064,-0.17069626), gd=(-0.012063808,0.005192124,0.002596062)
05-27 18:43:32.742   581   581 I SpiService: fgesysctrl_getGPIO_status success val=1
05-27 18:43:32.745   299 30844 D EvsDriver: forwardFrame
05-27 18:43:32.747   299 30844 D EvsDriver: Delivered 0xb400007b7ca56900 as id 0
05-27 18:43:32.747  1167  1167 D evsmanagerd: /dev/video6 forwarded the buffer #0 to 0xb4000074bf5f5510 from 0xb4000074bf5f6d90
05-27 18:43:32.747   581   581 I SpiService: fgesysctrl_getGPIO_status success val=1
05-27 18:43:32.751   299  1163 D EvsDriver: doneWithFrame
05-27 18:43:32.752   581   581 I SpiService: fgesysctrl_getGPIO_status success val=1
05-27 18:43:32.754 13911 14183 I SentryImuMcuAngleSender: 180.0rollDeg
05-27 18:43:32.754 13911 14183 I SentryImuMcuAngleSender: 1,0,0
05-27 18:43:32.754  1008 30856 D [OMXB]  : usingANWBuffer: handle:0xee744160, format:1, w:1920, h:1080
05-27 18:43:32.758   581   581 I SpiService: fgesysctrl_getGPIO_status success val=0
05-27 18:43:32.764   299 30841 D EvsDriver: forwardFrame
05-27 18:43:32.766   299 30841 D EvsDriver: Delivered 0xb400007b7ca56a60 as id 0
05-27 18:43:32.766  1167  1167 D evsmanagerd: /dev/video4 forwarded the buffer #0 to 0xb4000074bf5f6850 from 0xb4000074bf5f41d0
05-27 18:43:32.766 30773 30783 E dvr_service_: [myNum:0] Received S**** loss
05-27 18:43:32.767   299  1163 D EvsDriver: doneWithFrame
05-27 18:43:32.768   299 30844 D EvsDriver: forwardFrame
05-27 18:43:32.769  1008 30857 D [OMXB]  : usingANWBuffer: handle:0xee743ea0, format:1, w:1920, h:1080
05-27 18:43:32.770   299 30844 D EvsDriver: Delivered 0xb400007b7ca56900 as id 0
05-27 18:43:32.770  1167  1167 D evsmanagerd: /dev/video6 forwarded the buffer #0 to 0xb4000074bf5f5510 from 0xb4000074bf5f6d90
05-27 18:43:32.770 30773 30783 E dvr_service_: [myNum:1] Received S**** loss
--------- beginning of events
05-27 18:43:32.853  1008  1008 I auditd  : type=1400 audit(0.0:62090): avc: denied { call } for comm="OMXCallbackDisp" scontext=u:r:mediacodec:s0 tcontext=u:r:adayo_dvr_service:s0 tclass=binder permissive=1
05-27 18:43:32.853  1008  1008 I OMXCallbackDisp: type=1400 audit(0.0:62090): avc: denied { call } for scontext=u:r:mediacodec:s0 tcontext=u:r:adayo_dvr_service:s0 tclass=binder permissive=1
05-27 08:34:41.823     1     1 I libprocessgroup: Successfully killed process cgroup uid 0 pid 25060 in 5ms
05-27 08:34:41.824   581   581 D spi_rst_gpio_get_output: GPIO 145 value: 1
05-27 18:43:32.771   299  1163 D EvsDriver: doneWithFrame
05-27 08:34:41.824   581   581 D spidev_ioctl: gpio status=1)
05-27 18:43:32.771   481   598 I mcuc    : rev,n=1,6AA681D315000A8900E80104092112345651
05-27 18:43:32.771   351   373 D automotive.vehicle@2.0-adayo-datacomm-mcu: MCUDatacomm sendMessageFromVehicle prop: 0x89, areaId: 0x0, status: 0xe8, timestamp: 0x1
05-27 18:43:32.771  1121  1144 I tboxmids_ap: [2026-05-27 18:43:32.771] [MCU RX] src=MCU dst=ZMQ len=10 type=BINARY data=00 08 E8 01 04 09 21 12 34 56 
05-27 18:43:32.771   351   373 D automotive.vehicle@2.0-adayo-datacomm-mcu: MCUDatacomm 1sendMessageFromVehicle ---> type = 12 
05-27 18:43:32.773  1083  1083 I MyAppLog: [2026-05-27 18:43:32.772 I tboxap mcuCommTboxmidsRecvCb:97] [Mcu] [mcuCommTboxmidsRecvCb] recv from tboxmids, size:10
05-27 18:43:32.773  1083  1083 I MyAppLog: [2026-05-27 18:43:32.772 I tboxap mcuCommTboxmidsRecvCb:98] [Mcu] [tboxmids -> tboxap]: :00 08 E8 01 04 09 21 12 34 56
05-27 18:43:32.773  1083  1083 I MyAppLog: [2026-05-27 18:43:32.772 I tboxap mcuPtlParseData:990] [Mcu] [Mcu  Parse]: (cmd):0921 (param):0921123456
05-27 18:43:32.773   581   581 I SpiService: fgesysctrl_getGPIO_status success val=1
05-27 18:43:32.773  1083  1083 W MyAppLog: [2026-05-27 18:43:32.772 W tboxap mcuParamDataRevPack:918] [Mcu] mcuParamDataRevPack start pack data!!!
05-27 18:43:32.773  1083  1083 W MyAppLog: [2026-05-27 18:43:32.772 W tboxap mcuHandleFaultCodeInd:1947] [Mcu] [mcuHandleFaultCodeInd] recv 0x0921 fault count:18 stored:2 firstCode:0x34
05-27 18:43:32.773  1083  1083 I MyAppLog: [2026-05-27 18:43:32.772 I tboxap mcuSendYadiTransfer:196] [Mcu] [mcuYadiSend]: :00 06 85 04 01 09 A1 01
05-27 18:43:32.773  1083  1083 W MyAppLog: [2026-05-27 18:43:32.772 W tboxap tsp_ExternalEvent:109] [Tsp] [tsp_ExternalEvent] recv ExternalEvent = 55, size:2
05-27 18:43:32.774 13911 14183 I SentryImuMcuAngleSender: 179.993rollDeg
05-27 18:43:32.774 13911 14183 I SentryImuMcuAngleSender: 1,0,0
05-27 18:43:32.776   536   536 D commservice260303: msg.id = 1028,2
05-27 18:43:32.776   536   536 D commservice260303: i = 170, msgid = 8A000404
05-27 18:43:32.776   481   599 I mcuc    : start timer OK = 29530 
05-27 18:43:32.776   536   536 D commservice260303: msgid = -1979710460,did=138
05-27 18:43:32.776   536   536 D commservice260303: CommProtocolLibCmdBaseI2C::dataproc {"command":{"id":"imu_status","sub":""},"content":{"TimeStamp":10,"FrameCounter":244864,"GD_X":-0.011759000830352306,"GD_Y":0.005268065724521875,"GD_Z":0.0021378109231591225,"AD_X":-0.004521414637565613,"AD_Y":-9.056045673787594E-4,"AD_Z":-0.1694812774658203,"TempDsp":0,"Status":0,"CalibState":1,"SigAmpInvalid":0}},-1979710460
05-27 18:43:32.776   536   536 D commservice260303: send2Cluster len:316, 7B22636F6D6D616E64223A7B226964223A22696D755F737461747573222C22737562223A22227D2C22636F6E74656E74223A7B2254696D655374616D70223A31302C224672616D65436F756E746572223A3234343836342C2247445F58223A2D302E3031313735393030303833303335323330362C2247445F59223A302E3030353236383036353732343532313837352C2247445F5A223A302E303032313337383130393233313539313232352C2241445F58223A2D302E3030343532313431343633373536353631332C2241445F59223A2D392E303536303435363733373837353934452D342C2241445F5A223A2D302E313639343831323737343635383230332C2254656D70447370223A302C22537461747573223A302C2243616C69625374617465223A312C22536967416D70496E76616C6964223A307D7D, 138 
05-27 18:43:32.776   536   536 D commservice260303: Push Message into SendPool fn=-1392770304
05-27 18:43:32.776   536   536 D commservice260303: ComProtocolLibSend2Cluster::send2ClusterRaw fn=-1392770304 , len=332
05-27 18:43:32.777   536   536 D commservice260303: sendCmdToPort :332!!!
05-27 18:43:32.777   536   536 D commservice260303: send Cmd To Port ++++5AA501488A010003FCAC6A16CAD47B22636F6D6D616E64223A7B226964223A22696D755F737461747573222C22737562223A22227D2C22636F6E74656E74223A7B2254696D655374616D70223A31302C224672616D65436F756E746572223A3234343836342C2247445F58223A2D302E3031313735393030303833303335323330362C2247445F59223A302E3030353236383036353732343532313837352C2247445F5A223A302E303032313337383130393233313539313232352C2241445F58223A2D302E3030343532313431343633373536353631332C2241445F59223A2D392E303536303435363733373837353934452D342C2241445F5A223A2D302E313639343831323737343635383230332C2254656D70447370223A302C22537461747573223A302C2243616C69625374617465223A312C22536967416D70496E76616C6964223A307D7DD330
05-27 18:43:32.777   536   536 D commservice260303: bufferevent_write retrun value = 0
05-27 18:43:32.777 15863 15863 D AIN-NaviLocationPresenter: ACC is OFF, skip upload location
05-27 18:43:32.777   536   560 D commservice260303: client datas send succeed,send finish
05-27 18:43:32.777 13911 14192 D Sentinelmode_1.2.5.17_sentry: <SentryImuClusterFgeSender>imu_status sent to Linux, frame=244864, tsNs=10480018, tsMs=10, intervalMs=40, ad=(-0.0045214146,-9.0560457E-4,-0.16948128), gd=(-0.011759001,0.0052680657,0.002137811)
05-27 18:43:32.779   581   581 I SpiService: fgesysctrl_getGPIO_status success val=1
05-27 18:43:32.784   581   581 I SpiService: fgesysctrl_getGPIO_status success val=1
05-27 18:43:32.787  1008 30856 D [OMXB]  : usingANWBuffer: handle:0xee741e50, format:1, w:1920, h:1080
05-27 18:43:32.789   581   581 I SpiService: fgesysctrl_getGPIO_status success val=1
05-27 18:43:32.795 13911 14183 I SentryImuMcuAngleSender: 179.98949rollDeg
05-27 18:43:32.795 13911 14183 I SentryImuMcuAngleSender: 1,0,0
05-27 18:43:32.795   581   581 I SpiService: fgesysctrl_getGPIO_status success val=1
05-27 18:43:32.800   581   581 I SpiService: fgesysctrl_getGPIO_status success val=0
05-27 18:43:32.801   481   597 I mcuc    : send SPI:6AA602D315000289008B6AA601735A00F8090185040109A101000000000000000000000000000000000000000000000000000000000000000000000000000000000000000000000000000000000000000000000000000000000000000000000000000000000000000000000000000000000000000000000000000000000000000000000000000000000000000000000000000000000000000000000000000000000000000000000000000000000000000000000000000000000000000000000000000000000000000000000000000000000000000000000000000000000000000000000000000000000000000000000000000000000000000000000000000000000000000000000000FB
05-27 18:43:32.801  1008 30857 D [OMXB]  : usingANWBuffer: handle:0xee742530, format:1, w:1920, h:1080
05-27 18:43:32.802   299 30844 D EvsDriver: forwardFrame
05-27 18:43:32.804   299 30844 D EvsDriver: Delivered 0xb400007b7ca56900 as id 0
05-27 18:43:32.804  1167  1167 D evsmanagerd: /dev/video6 forwarded the buffer #0 to 0xb4000074bf5f5510 from 0xb4000074bf5f6d90
05-27 18:43:32.805   299 30841 D EvsDriver: forwardFrame
05-27 18:43:32.807  1167  1167 D evsmanagerd: /dev/video4 forwarded the buffer #0 to 0xb4000074bf5f6850 from 0xb4000074bf5f41d0
05-27 18:43:32.807   299 30841 D EvsDriver: Delivered 0xb400007b7ca56a60 as id 0
05-27 18:43:32.809   299  1163 D EvsDriver: doneWithFrame
05-27 18:43:32.810   299  1163 D EvsDriver: doneWithFrame
05-27 18:43:32.815   581   581 I SpiService: fgesysctrl_getGPIO_status success val=1
05-27 18:43:32.816 13911 14183 I SentryImuMcuAngleSender: 179.993rollDeg
05-27 18:43:32.816 13911 14183 I SentryImuMcuAngleSender: 1,0,0
05-27 18:43:32.816   536   536 D commservice260303: msg.id = 1028,0
05-27 18:43:32.816   536   536 D commservice260303: i = 170, msgid = 8A000404
05-27 18:43:32.817   536   536 D commservice260303: msgid = -1979710460,did=138
05-27 18:43:32.817   536   536 D commservice260303: CommProtocolLibCmdBaseI2C::dataproc {"command":{"id":"imu_status","sub":""},"content":{"TimeStamp":10,"FrameCounter":244865,"GD_X":-0.011759000830352306,"GD_Y":0.005420989356935024,"GD_Z":0.0022902146447449923,"AD_X":-0.0032994449138641357,"AD_Y":-9.015437681227922E-4,"AD_Z":-0.1707010269165039,"TempDsp":0,"Status":0,"CalibState":1,"SigAmpInvalid":0}},-1979710460
05-27 18:43:32.817   536   536 D commservice260303: send2Cluster len:317, 7B22636F6D6D616E64223A7B226964223A22696D755F737461747573222C22737562223A22227D2C22636F6E74656E74223A7B2254696D655374616D70223A31302C224672616D65436F756E746572223A3234343836352C2247445F58223A2D302E3031313735393030303833303335323330362C2247445F59223A302E3030353432303938393335363933353032342C2247445F5A223A302E303032323930323134363434373434393932332C2241445F58223A2D302E303033323939343434393133383634313335372C2241445F59223A2D392E303135343337363831323237393232452D342C2241445F5A223A2D302E313730373031303236393136353033392C2254656D70447370223A302C22537461747573223A302C2243616C69625374617465223A312C22536967416D70496E76616C6964223A307D7D, 138 
05-27 18:43:32.817   536   536 D commservice260303: Push Message into SendPool fn=-1375993088
05-27 18:43:32.817   536   536 D commservice260303: ComProtocolLibSend2Cluster::send2ClusterRaw fn=-1375993088 , len=333
05-27 18:43:32.817   536   536 D commservice260303: sendCmdToPort :333!!!
05-27 18:43:32.817   536   536 D commservice260303: send Cmd To Port ++++5AA501498A010003FCAD6A16CAD47B22636F6D6D616E64223A7B226964223A22696D755F737461747573222C22737562223A22227D2C22636F6E74656E74223A7B2254696D655374616D70223A31302C224672616D65436F756E746572223A3234343836352C2247445F58223A2D302E3031313735393030303833303335323330362C2247445F59223A302E3030353432303938393335363933353032342C2247445F5A223A302E303032323930323134363434373434393932332C2241445F58223A2D302E303033323939343434393133383634313335372C2241445F59223A2D392E303135343337363831323237393232452D342C2241445F5A223A2D302E313730373031303236393136353033392C2254656D70447370223A302C22537461747573223A302C2243616C69625374617465223A312C22536967416D70496E76616C6964223A307D7D3325
05-27 18:43:32.817   536   536 D commservice260303: bufferevent_write retrun value = 0
05-27 18:43:32.817   536   560 D commservice260303: client datas send succeed,send finish
05-27 18:43:32.817 13911 14192 D Sentinelmode_1.2.5.17_sentry: <SentryImuClusterFgeSender>imu_status sent to Linux, frame=244865, tsNs=10480053, tsMs=10, intervalMs=40, ad=(-0.003299445,-9.0154377E-4,-0.17070103), gd=(-0.011759001,0.0054209894,0.0022902146)
05-27 18:43:32.818   283   307 I rvcservice: t.code = 0, t.value = 0
05-27 18:43:32.820   572   622 I Sensors : 230 GyroSensor: x:-0.011759,y:0.004963,z:0.001985
05-27 18:43:32.820   581   581 I SpiService: fgesysctrl_getGPIO_status success val=1
05-27 18:43:32.826   581   581 I SpiService: fgesysctrl_getGPIO_status success val=1
05-27 18:43:32.829 13549 13800 I ADAYO_LOG_: execute(CmdFunc.java:99)logcat execute command finally : [logcat -b all -c]
05-27 08:34:41.830   581   581 D spi_rst_gpio_get_output: GPIO 145 value: 1
05-27 18:43:32.830 13549 13800 I ADAYO_LOG_: execute(CmdFunc.java:117)logcatexecute command end, errorMsg: , and status: 0: 
05-27 08:34:41.830   581   581 D spidev_ioctl: gpio status=1)
05-27 18:43:32.830   269   269 D libvintf: HalManifest::getHidlTransport(framework): Cannot find android.hardware.usb@1.0::IUsb/default
05-27 18:43:32.830   269   269 D libvintf: HalManifest::getHidlTransport(device): Cannot find android.hardware.usb@1.0::IUsb/default
05-27 18:43:32.830   269   269 I hwservicemanager: getTransport: Cannot find entry android.hardware.usb@1.0::IUsb/default in either framework or device VINTF manifest.
05-27 18:43:32.830  1008 30856 D [OMXB]  : usingANWBuffer: handle:0xee742270, format:1, w:1920, h:1080
05-27 18:43:32.831   581   581 I SpiService: fgesysctrl_getGPIO_status success val=1
05-27 18:43:32.832 12348 12448 E ExtUsbManager: UsbHalController: android.hardware.usb.V1_0.IUsb getService failed!
05-27 18:43:32.832 12348 12448 E ExtUsbManager: java.util.NoSuchElementException
05-27 18:43:32.832 12348 12448 E ExtUsbManager: 	at android.os.HwBinder.getService(Native Method)
05-27 18:43:32.832 12348 12448 E ExtUsbManager: 	at android.os.HwBinder.getService(HwBinder.java:81)
05-27 18:43:32.832 12348 12448 E ExtUsbManager: 	at android.hardware.usb.V1_0.IUsb.getService(IUsb.java:74)
05-27 18:43:32.832 12348 12448 E ExtUsbManager: 	at android.hardware.usb.V1_0.IUsb.getService(IUsb.java:84)
05-27 18:43:32.832 12348 12448 E ExtUsbManager: 	at ts.car.usb.UsbHalController.createService(UsbHalController.java:37)
05-27 18:43:32.832 12348 12448 E ExtUsbManager: 	at ts.car.usb.UsbHalController.createService(UsbHalController.java:18)
05-27 18:43:32.832 12348 12448 E ExtUsbManager: 	at ts.car.usb.utils.AutoServiceConnector4Hidl.autoConnect(AutoServiceConnector4Hidl.java:47)
05-27 18:43:32.832 12348 12448 E ExtUsbManager: 	at ts.car.usb.utils.AutoServiceConnector4Hidl$$ExternalSyntheticLambda0.run(Unknown Source:2)
05-27 18:43:32.832 12348 12448 E ExtUsbManager: 	at android.os.Handler.handleCallback(Handler.java:942)
05-27 18:43:32.832 12348 12448 E ExtUsbManager: 	at android.os.Handler.dispatchMessage(Handler.java:99)
05-27 18:43:32.832 12348 12448 E ExtUsbManager: 	at android.os.Looper.loopOnce(Looper.java:201)
05-27 18:43:32.832 12348 12448 E ExtUsbManager: 	at android.os.Looper.loop(Looper.java:288)
05-27 18:43:32.832 12348 12448 E ExtUsbManager: 	at android.os.HandlerThread.run(HandlerThread.java:67)
05-27 18:43:32.832   269   269 D libvintf: HalManifest::getHidlTransport(framework): Cannot find vendor.ts.usbext@1.0::IUsbext/default
05-27 18:43:32.832   269   269 D libvintf: HalManifest::getHidlTransport(device): Cannot find vendor.ts.usbext@1.0::IUsbext/default
05-27 18:43:32.832   269   269 I hwservicemanager: getTransport: Cannot find entry vendor.ts.usbext@1.0::IUsbext/default in either framework or device VINTF manifest.
05-27 18:43:32.834 12348 12448 E ExtUsbManager: UsbHalExtController: vendor.ts.usbext.V1_0.IUsbext getService failed!
05-27 18:43:32.834 12348 12448 E ExtUsbManager: java.util.NoSuchElementException
05-27 18:43:32.834 12348 12448 E ExtUsbManager: 	at android.os.HwBinder.getService(Native Method)
05-27 18:43:32.834 12348 12448 E ExtUsbManager: 	at android.os.HwBinder.getService(HwBinder.java:81)
05-27 18:43:32.834 12348 12448 E ExtUsbManager: 	at vendor.ts.usbext.V1_0.IUsbext.getService(IUsbext.java:74)
05-27 18:43:32.834 12348 12448 E ExtUsbManager: 	at vendor.ts.usbext.V1_0.IUsbext.getService(IUsbext.java:84)
05-27 18:43:32.834 12348 12448 E ExtUsbManager: 	at ts.car.usb.UsbHalExtController.createService(UsbHalExtController.java:37)
05-27 18:43:32.834 12348 12448 E ExtUsbManager: 	at ts.car.usb.UsbHalExtController.createService(UsbHalExtController.java:18)
05-27 18:43:32.834 12348 12448 E ExtUsbManager: 	at ts.car.usb.utils.AutoServiceConnector4Hidl.autoConnect(AutoServiceConnector4Hidl.java:47)
05-27 18:43:32.834 12348 12448 E ExtUsbManager: 	at ts.car.usb.utils.AutoServiceConnector4Hidl$$ExternalSyntheticLambda0.run(Unknown Source:2)
05-27 18:43:32.834 12348 12448 E ExtUsbManager: 	at android.os.Handler.handleCallback(Handler.java:942)
05-27 18:43:32.834 12348 12448 E ExtUsbManager: 	at android.os.Handler.dispatchMessage(Handler.java:99)
05-27 18:43:32.834 12348 12448 E ExtUsbManager: 	at android.os.Looper.loopOnce(Looper.java:201)
