05-27 18:48:43.774   481   597 I mcuc    : send SPI:6AA602D95700028305446AA602D95800028B30106AA602D95900028B310E6AA60076D900050412010000956AA60176DA00F809011B0401098102010100000000000000000000000000000000000000000000000000000000000000000000000000000000000000000000000000000000000000000000000000000000000000000000000000000000000000000000000000000000000000000000000000000000000000000000000000000000000000000000000000000000000000000000000000000000000000000000000000000000000000000000000000000000000000000000000000000000000000000000000000000000000000000000000000000000000000000000000000000000000000000000000000000000000000000000000000000000000000000000
05-27 18:48:43.775  1008 30856 D [OMXB]  : usingANWBuffer: handle:0xee745760, format:1, w:1920, h:1080
05-27 08:39:52.738   581   581 D spidev_ioctl: gpio status=0)
05-27 18:48:43.788   581   581 I SpiService: fgesysctrl_getGPIO_status success val=1
05-27 08:39:52.752   581   581 D spidev_ioctl: gpio status=1)
05-27 18:48:43.789   536   536 D commservice260303: msg.id = 1028,1
05-27 18:48:43.789   536   536 D commservice260303: i = 170, msgid = 8A000404
05-27 18:48:43.789   536   536 D commservice260303: msgid = -1979710460,did=138
05-27 18:48:43.789   536   536 D commservice260303: CommProtocolLibCmdBaseI2C::dataproc {"command":{"id":"imu_status","sub":""},"content":{"TimeStamp":10,"FrameCounter":252520,"GD_X":-0.011223767884075642,"GD_Y":0.004733873065561056,"GD_Z":0.00259606190957129,"AD_X":-0.003990471363067627,"AD_Y":-0.002684334060177207,"AD_Z":-0.1670370101928711,"TempDsp":0,"Status":0,"CalibState":1,"SigAmpInvalid":0}},-1979710460
05-27 18:48:43.790   536   536 D commservice260303: send2Cluster len:314, 7B22636F6D6D616E64223A7B226964223A22696D755F737461747573222C22737562223A22227D2C22636F6E74656E74223A7B2254696D655374616D70223A31302C224672616D65436F756E746572223A3235323532302C2247445F58223A2D302E3031313232333736373838343037353634322C2247445F59223A302E3030343733333837333036353536313035362C2247445F5A223A302E30303235393630363139303935373132392C2241445F58223A2D302E3030333939303437313336333036373632372C2241445F59223A2D302E3030323638343333343036303137373230372C2241445F5A223A2D302E313637303337303130313932383731312C2254656D70447370223A302C22537461747573223A302C2243616C69625374617465223A312C22536967416D70496E76616C6964223A307D7D, 138 
05-27 18:48:43.790   536   536 D commservice260303: Push Message into SendPool fn=807076864
05-27 18:48:43.790   536   536 D commservice260303: ComProtocolLibSend2Cluster::send2ClusterRaw fn=807076864 , len=330
05-27 18:48:43.790   536   536 D commservice260303: sendCmdToPort :330!!!
05-27 18:48:43.790   536   536 D commservice260303: send Cmd To Port ++++5AA501468A0100041B306A16CC0B7B22636F6D6D616E64223A7B226964223A22696D755F737461747573222C22737562223A22227D2C22636F6E74656E74223A7B2254696D655374616D70223A31302C224672616D65436F756E746572223A3235323532302C2247445F58223A2D302E3031313232333736373838343037353634322C2247445F59223A302E3030343733333837333036353536313035362C2247445F5A223A302E30303235393630363139303935373132392C2241445F58223A2D302E3030333939303437313336333036373632372C2241445F59223A2D302E3030323638343333343036303137373230372C2241445F5A223A2D302E313637303337303130313932383731312C2254656D70447370223A302C22537461747573223A302C2243616C69625374617465223A312C22536967416D70496E76616C6964223A307D7D2284
05-27 18:48:43.790   536   536 D commservice260303: bufferevent_write retrun value = 0
05-27 18:48:43.790   536   560 D commservice260303: client datas send succeed,send finish
05-27 18:48:43.790 13911 14192 D Sentinelmode_1.2.5.17_sentry: <SentryImuClusterFgeSender>imu_status sent to Linux, frame=252520, tsNs=10791024, tsMs=10, intervalMs=41, ad=(-0.0039904714,-0.002684334,-0.16703701), gd=(-0.011223768,0.004733873,0.002596062)
05-27 18:48:43.793 13911 14183 I SentryImuMcuAngleSender: 179.98949rollDeg
05-27 18:48:43.793 13911 14183 I SentryImuMcuAngleSender: 1,0,0
05-27 18:48:43.793   581   581 I SpiService: fgesysctrl_getGPIO_status success val=1
05-27 18:48:43.793   299 30844 D EvsDriver: forwardFrame
05-27 18:48:43.795   299 30844 D EvsDriver: Delivered 0xb400007b7ca56900 as id 0
05-27 18:48:43.795   299 30841 D EvsDriver: forwardFrame
05-27 18:48:43.795  1167  1184 D evsmanagerd: /dev/video6 forwarded the buffer #0 to 0xb4000074bf5f5510 from 0xb4000074bf5f6d90
05-27 18:48:43.796  1167  1184 D evsmanagerd: /dev/video4 forwarded the buffer #0 to 0xb4000074bf5f6850 from 0xb4000074bf5f41d0
05-27 18:48:43.796   299 30841 D EvsDriver: Delivered 0xb400007b7ca56a60 as id 0
05-27 18:48:43.796   299  1163 D EvsDriver: doneWithFrame
05-27 18:48:43.798   299  1163 D EvsDriver: doneWithFrame
05-27 18:48:43.799   581   581 I SpiService: fgesysctrl_getGPIO_status success val=1
05-27 18:48:43.805  1008 30857 D [OMXB]  : usingANWBuffer: handle:0xee742270, format:1, w:1920, h:1080
05-27 18:48:43.805   581   581 I SpiService: fgesysctrl_getGPIO_status success val=1
05-27 18:48:43.811   581   581 I SpiService: fgesysctrl_getGPIO_status success val=0
05-27 18:48:43.812   283   307 I rvcservice: t.code = 7, t.value = 10790934
05-27 18:48:43.814 13911 14183 I SentryImuMcuAngleSender: 180.0rollDeg
05-27 18:48:43.814 13911 14183 I SentryImuMcuAngleSender: 1,0,0
05-27 18:48:43.816  1008 30856 D [OMXB]  : usingANWBuffer: handle:0xee742530, format:1, w:1920, h:1080
05-27 18:48:43.822   481   598 I mcuc    : rev,n=1,6AA68276DA0002090122
05-27 18:48:43.825   581   581 I SpiService: fgesysctrl_getGPIO_status success val=1
05-27 18:48:43.829   536   536 D commservice260303: msg.id = 1028,0
05-27 18:48:43.829   536   536 D commservice260303: i = 170, msgid = 8A000404
05-27 18:48:43.829   536   536 D commservice260303: msgid = -1979710460,did=138
05-27 18:48:43.829   536   536 D commservice260303: CommProtocolLibCmdBaseI2C::dataproc {"command":{"id":"imu_status","sub":""},"content":{"TimeStamp":10,"FrameCounter":252521,"GD_X":-0.012139749713242054,"GD_Y":0.00549693126231432,"GD_Z":0.0020608289632946253,"AD_X":-0.0021664798259735107,"AD_Y":-0.005096074193716049,"AD_Z":-0.17130661010742188,"TempDsp":0,"Status":0,"CalibState":1,"SigAmpInvalid":0}},-1979710460
05-27 18:48:43.829   536   536 D commservice260303: send2Cluster len:317, 7B22636F6D6D616E64223A7B226964223A22696D755F737461747573222C22737562223A22227D2C22636F6E74656E74223A7B2254696D655374616D70223A31302C224672616D65436F756E746572223A3235323532312C2247445F58223A2D302E3031323133393734393731333234323035342C2247445F59223A302E30303534393639333132363233313433322C2247445F5A223A302E303032303630383238393633323934363235332C2241445F58223A2D302E303032313636343739383235393733353130372C2241445F59223A2D302E3030353039363037343139333731363034392C2241445F5A223A2D302E31373133303636313031303734323138382C2254656D70447370223A302C22537461747573223A302C2243616C69625374617465223A312C22536967416D70496E76616C6964223A307D7D, 138 
05-27 18:48:43.829   536   536 D commservice260303: Push Message into SendPool fn=823854080
05-27 18:48:43.829   536   536 D commservice260303: ComProtocolLibSend2Cluster::send2ClusterRaw fn=823854080 , len=333
05-27 18:48:43.829   536   536 D commservice260303: sendCmdToPort :333!!!
05-27 18:48:43.829   536   536 D commservice260303: send Cmd To Port ++++5AA501498A0100041B316A16CC0B7B22636F6D6D616E64223A7B226964223A22696D755F737461747573222C22737562223A22227D2C22636F6E74656E74223A7B2254696D655374616D70223A31302C224672616D65436F756E746572223A3235323532312C2247445F58223A2D302E3031323133393734393731333234323035342C2247445F59223A302E30303534393639333132363233313433322C2247445F5A223A302E303032303630383238393633323934363235332C2241445F58223A2D302E303032313636343739383235393733353130372C2241445F59223A2D302E3030353039363037343139333731363034392C2241445F5A223A2D302E31373133303636313031303734323138382C2254656D70447370223A302C22537461747573223A302C2243616C69625374617465223A312C22536967416D70496E76616C6964223A307D7D1A5E
05-27 18:48:43.829   536   536 D commservice260303: bufferevent_write retrun value = 0
05-27 18:48:43.830   536   560 D commservice260303: client datas send succeed,send finish
05-27 18:48:43.830 13911 14192 D Sentinelmode_1.2.5.17_sentry: <SentryImuClusterFgeSender>imu_status sent to Linux, frame=252521, tsNs=10791075, tsMs=10, intervalMs=39, ad=(-0.0021664798,-0.005096074,-0.17130661), gd=(-0.01213975,0.0054969313,0.002060829)
05-27 18:48:43.831   581   581 I SpiService: fgesysctrl_getGPIO_status success val=1
05-27 18:48:43.831   299 30844 D EvsDriver: forwardFrame
05-27 18:48:43.832   299 30841 D EvsDriver: forwardFrame
05-27 18:48:43.833   299 30844 D EvsDriver: Delivered 0xb400007b7ca56900 as id 0
05-27 18:48:43.833  1167  1184 D evsmanagerd: /dev/video6 forwarded the buffer #0 to 0xb4000074bf5f5510 from 0xb4000074bf5f6d90
05-27 18:48:43.833   536   560 D commservice260303: recv len:77, 5AA50049060000003F2C6A16CC0B7B22636F6D6D616E64223A7B226964223A226473695F6C7578222C22737562223A22227D2C22636F6E74656E74223A7B2276616C7565223A3230307D7DE330 from server
05-27 18:48:43.833   299 30841 D EvsDriver: Delivered 0xb400007b7ca56a60 as id 0
05-27 18:48:43.833  1167  1184 D evsmanagerd: /dev/video4 forwarded the buffer #0 to 0xb4000074bf5f6850 from 0xb4000074bf5f41d0
05-27 18:48:43.834   536  2578 D commservice260303: mcuDataAnalyzeHandle templen:77,len:77,pos:0, 5AA50049060000003F2C6A16CC0B7B22636F6D6D616E64223A7B226964223A226473695F6C7578222C22737562223A22227D2C22636F6E74656E74223A7B2276616C7565223A3230307D7DE330 
05-27 18:48:43.834   536  2578 I commservice260303: checksumCal = 58160
05-27 18:48:43.834   536  2578 D commservice260303: CommProtocolLibCmdBaseC2I::dataproc {"command":{"id":"dsi_lux","sub":""},"content":{"value":200}},6
05-27 18:48:43.834 30773 30785 I dvr_service_: [EncoderHandler::runMediaThread] runMediaThread started:1,state:1, cam2:started:1,state:1, lastSwitch:1, mIsMuxerStart:1,format:0,is_str_ing:0
05-27 18:48:43.834   536  2578 D commservice260303: mcuCommMessageManager::notifyMsgToClient hwbinder OK
05-27 18:48:43.834   536  2578 D commservice260303: McuProtocolLibSend2Service::send2Service ret=1
05-27 18:48:43.835 13911 14183 I SentryImuMcuAngleSender: -179.986rollDeg
05-27 18:48:43.835 13911 14183 I SentryImuMcuAngleSender: 1,0,0
05-27 18:48:43.835 12246 12440 D ivicomm_CommManager: fgeComServiceCallback: {"command":{"id":"dsi_lux","sub":""},"content":{"value":200}}
05-27 18:48:43.835   299  1163 D EvsDriver: doneWithFrame
05-27 18:48:43.836 12246 12440 D ivicomm_CallbackManager: registerCallback DSI_LUX: {"value":200} mCommStateCallbackMap size:4
05-27 18:48:43.836   581   581 I SpiService: fgesysctrl_getGPIO_status success val=1
05-27 18:48:43.837 11579 11719 D NSLogUtils_VehicleService: L2A comm state: id=dsi_lux, value=200
05-27 18:48:43.837   299  1163 D EvsDriver: doneWithFrame
05-27 18:48:43.838  1008 30857 D [OMXB]  : usingANWBuffer: handle:0xee741400, format:1, w:1920, h:1080
05-27 18:48:43.839 30773 30789 I dvr_service_: Camera 1: MediaOK:153419391, frames:3440, isKeyFrame:0,pts:10790763801
05-27 18:48:43.839 11344  6594 D SystemUI_SystemSettingsControllerService: onCommState: commandID = dsi_lux; value = 200
05-27 18:48:43.843   581   581 I SpiService: fgesysctrl_getGPIO_status success val=1
05-27 18:48:43.848   581   581 I SpiService: fgesysctrl_getGPIO_status success val=1
05-27 18:48:43.854   581   581 I SpiService: fgesysctrl_getGPIO_status success val=0
05-27 18:48:43.855 13911 14183 I SentryImuMcuAngleSender: -179.993rollDeg
05-27 18:48:43.855 13911 14183 I SentryImuMcuAngleSender: 1,0,0
05-27 18:48:43.860   299 30841 D EvsDriver: forwardFrame
05-27 18:48:43.861   299 30844 D EvsDriver: forwardFrame
05-27 18:48:43.862   572   622 I Sensors : 230 GyroSensor: x:-0.011377,y:0.005192,z:0.002061
05-27 18:48:43.862   299 30844 D EvsDriver: Delivered 0xb400007b7ca56900 as id 0
05-27 18:48:43.862  1167  1184 D evsmanagerd: /dev/video6 forwarded the buffer #0 to 0xb4000074bf5f5510 from 0xb4000074bf5f6d90
05-27 18:48:43.863   299 30841 D EvsDriver: Delivered 0xb400007b7ca56a60 as id 0
05-27 18:48:43.863  1167  1184 D evsmanagerd: /dev/video4 forwarded the buffer #0 to 0xb4000074bf5f6850 from 0xb4000074bf5f41d0
05-27 18:48:43.864   299  1163 D EvsDriver: doneWithFrame
05-27 18:48:43.866   299  1163 D EvsDriver: doneWithFrame
05-27 18:48:43.869   536   536 D commservice260303: msg.id = 1028,0
05-27 18:48:43.869   536   536 D commservice260303: i = 170, msgid = 8A000404
05-27 18:48:43.869   536   536 D commservice260303: msgid = -1979710460,did=138
05-27 18:48:43.869   536   536 D commservice260303: CommProtocolLibCmdBaseI2C::dataproc {"command":{"id":"imu_status","sub":""},"content":{"TimeStamp":10,"FrameCounter":252522,"GD_X":-0.011377211660146713,"GD_Y":0.00519212381914258,"GD_Z":0.0020608289632946253,"AD_X":-0.0021711885929107666,"AD_Y":-0.0014186336193233728,"AD_Z":-0.17191600799560547,"TempDsp":0,"Status":0,"CalibState":1,"SigAmpInvalid":0}},-1979710460
05-27 18:48:43.869   536   536 D commservice260303: send2Cluster len:318, 7B22636F6D6D616E64223A7B226964223A22696D755F737461747573222C22737562223A22227D2C22636F6E74656E74223A7B2254696D655374616D70223A31302C224672616D65436F756E746572223A3235323532322C2247445F58223A2D302E3031313337373231313636303134363731332C2247445F59223A302E30303531393231323338313931343235382C2247445F5A223A302E303032303630383238393633323934363235332C2241445F58223A2D302E303032313731313838353932393130373636362C2241445F59223A2D302E303031343138363333363139333233333732382C2241445F5A223A2D302E31373139313630303739393536303534372C2254656D70447370223A302C22537461747573223A302C2243616C69625374617465223A312C22536967416D70496E76616C6964223A307D7D, 138 
05-27 18:48:43.869   536   536 D commservice260303: Push Message into SendPool fn=840631296
05-27 18:48:43.869   536   536 D commservice260303: ComProtocolLibSend2Cluster::send2ClusterRaw fn=840631296 , len=334
05-27 18:48:43.869   536   536 D commservice260303: sendCmdToPort :334!!!
05-27 18:48:43.869   536   536 D commservice260303: send Cmd To Port ++++5AA5014A8A0100041B326A16CC0B7B22636F6D6D616E64223A7B226964223A22696D755F737461747573222C22737562223A22227D2C22636F6E74656E74223A7B2254696D655374616D70223A31302C224672616D65436F756E746572223A3235323532322C2247445F58223A2D302E3031313337373231313636303134363731332C2247445F59223A302E30303531393231323338313931343235382C2247445F5A223A302E303032303630383238393633323934363235332C2241445F58223A2D302E303032313731313838353932393130373636362C2241445F59223A2D302E303031343138363333363139333233333732382C2241445F5A223A2D302E31373139313630303739393536303534372C2254656D70447370223A302C22537461747573223A302C2243616C69625374617465223A312C22536967416D70496E76616C6964223A307D7D4B85
05-27 18:48:43.869   536   536 D commservice260303: bufferevent_write retrun value = 0
05-27 18:48:43.869   581   581 I SpiService: fgesysctrl_getGPIO_status success val=1
05-27 18:48:43.870   536   560 D commservice260303: client datas send succeed,send finish
05-27 18:48:43.870  1008 30856 D [OMXB]  : usingANWBuffer: handle:0xee745fa0, format:1, w:1920, h:1080
05-27 18:48:43.870 13911 14192 D Sentinelmode_1.2.5.17_sentry: <SentryImuClusterFgeSender>imu_status sent to Linux, frame=252522, tsNs=10791112, tsMs=10, intervalMs=41, ad=(-0.0021711886,-0.0014186336,-0.17191601), gd=(-0.011377212,0.005192124,0.002060829)
05-27 08:39:52.834   581   581 D spidev_ioctl: gpio status=1)
05-27 18:48:43.875   581   581 I SpiService: fgesysctrl_getGPIO_status success val=1
05-27 18:48:43.876 13911 14183 I SentryImuMcuAngleSender: 179.993rollDeg
05-27 18:48:43.876 13911 14183 I SentryImuMcuAngleSender: 1,0,0
05-27 18:48:43.880   581   581 I SpiService: fgesysctrl_getGPIO_status success val=1
05-27 18:48:43.884 30773 30786 I dvr_service_: CameraX 1  audioOK: 153734785,audios:2290
05-27 18:48:43.886  1008 30857 D [OMXB]  : usingANWBuffer: handle:0xee744fd0, format:1, w:1920, h:1080
05-27 18:48:43.886   581   581 I SpiService: fgesysctrl_getGPIO_status success val=1
05-27 18:48:43.891   581   581 I SpiService: fgesysctrl_getGPIO_status success val=1
05-27 18:48:43.896 13911 14183 I SentryImuMcuAngleSender: 179.993rollDeg
05-27 18:48:43.896 13911 14183 I SentryImuMcuAngleSender: 1,0,0
05-27 18:48:43.897   299 30844 D EvsDriver: forwardFrame
05-27 18:48:43.897   581   581 I SpiService: fgesysctrl_getGPIO_status success val=0
05-27 18:48:43.898   299 30844 D EvsDriver: Delivered 0xb400007b7ca56900 as id 0
05-27 18:48:43.898  1167  1184 D evsmanagerd: /dev/video6 forwarded the buffer #0 to 0xb4000074bf5f5510 from 0xb4000074bf5f6d90
05-27 18:48:43.901   299  1163 D EvsDriver: doneWithFrame
05-27 18:48:43.902  1008 30856 D [OMXB]  : usingANWBuffer: handle:0xee745600, format:1, w:1920, h:1080
05-27 18:48:43.906   299 30841 D EvsDriver: forwardFrame
05-27 18:48:43.909   299 30841 D EvsDriver: Delivered 0xb400007b7ca56a60 as id 0
05-27 18:48:43.910  1167  1184 D evsmanagerd: /dev/video4 forwarded the buffer #0 to 0xb4000074bf5f6850 from 0xb4000074bf5f41d0
05-27 18:48:43.910   536   536 D commservice260303: msg.id = 1028,0
05-27 18:48:43.910   536   536 D commservice260303: i = 170, msgid = 8A000404
05-27 18:48:43.910   536   536 D commservice260303: msgid = -1979710460,did=138
05-27 18:48:43.910   536   536 D commservice260303: CommProtocolLibCmdBaseI2C::dataproc {"command":{"id":"imu_status","sub":""},"content":{"TimeStamp":10,"FrameCounter":252523,"GD_X":-0.011987865902483463,"GD_Y":0.004580949433147907,"GD_Z":0.002213752595707774,"AD_X":-0.004605889320373535,"AD_Y":-0.0014093169011175632,"AD_Z":-0.17069625854492188,"TempDsp":0,"Status":0,"CalibState":1,"SigAmpInvalid":0}},-1979710460
05-27 18:48:43.910   536   536 D commservice260303: send2Cluster len:317, 7B22636F6D6D616E64223A7B226964223A22696D755F737461747573222C22737562223A22227D2C22636F6E74656E74223A7B2254696D655374616D70223A31302C224672616D65436F756E746572223A3235323532332C2247445F58223A2D302E3031313938373836353930323438333436332C2247445F59223A302E3030343538303934393433333134373930372C2247445F5A223A302E3030323231333735323539353730373737342C2241445F58223A2D302E3030343630353838393332303337333533352C2241445F59223A2D302E303031343039333136393031313137353633322C2241445F5A223A2D302E31373036393632353835343439323138382C2254656D70447370223A302C22537461747573223A302C2243616C69625374617465223A312C22536967416D70496E76616C6964223A307D7D, 138 
05-27 18:48:43.910   536   536 D commservice260303: Push Message into SendPool fn=857408512
05-27 18:48:43.910   536   536 D commservice260303: ComProtocolLibSend2Cluster::send2ClusterRaw fn=857408512 , len=333
05-27 18:48:43.910   536   536 D commservice260303: sendCmdToPort :333!!!
05-27 18:48:43.910   536   536 D commservice260303: send Cmd To Port ++++5AA501498A0100041B336A16CC0B7B22636F6D6D616E64223A7B226964223A22696D755F737461747573222C22737562223A22227D2C22636F6E74656E74223A7B2254696D655374616D70223A31302C224672616D65436F756E746572223A3235323532332C2247445F58223A2D302E3031313938373836353930323438333436332C2247445F59223A302E3030343538303934393433333134373930372C2247445F5A223A302E3030323231333735323539353730373737342C2241445F58223A2D302E3030343630353838393332303337333533352C2241445F59223A2D302E303031343039333136393031313137353633322C2241445F5A223A2D302E31373036393632353835343439323138382C2254656D70447370223A302C22537461747573223A302C2243616C69625374617465223A312C22536967416D70496E76616C6964223A307D7D488C
05-27 18:48:43.910   536   536 D commservice260303: bufferevent_write retrun value = 0
05-27 18:48:43.910   536   560 D commservice260303: client datas send succeed,send finish
05-27 18:48:43.911 13911 14192 D Sentinelmode_1.2.5.17_sentry: <SentryImuClusterFgeSender>imu_status sent to Linux, frame=252523, tsNs=10791147, tsMs=10, intervalMs=41, ad=(-0.0046058893,-0.0014093169,-0.17069626), gd=(-0.011987866,0.0045809494,0.0022137526)
05-27 18:48:43.912   283   307 I rvcservice: t.code = 3, t.value = 0
05-27 18:48:43.914   581   581 I SpiService: fgesysctrl_getGPIO_status success val=1
05-27 18:48:43.915   299  1163 D EvsDriver: doneWithFrame
05-27 18:48:43.916 13911 14183 I SentryImuMcuAngleSender: 179.986rollDeg
05-27 18:48:43.916 13911 14183 I SentryImuMcuAngleSender: 1,0,0
05-27 18:48:43.920   581   581 I SpiService: fgesysctrl_getGPIO_status success val=1
05-27 18:48:43.922  1008 30857 D [OMXB]  : usingANWBuffer: handle:0xee742ab0, format:1, w:1920, h:1080
05-27 18:48:43.926   581   581 I SpiService: fgesysctrl_getGPIO_status success val=1
05-27 18:48:43.927   299 30844 D EvsDriver: forwardFrame
05-27 18:48:43.928   299 30844 D EvsDriver: Delivered 0xb400007b7ca56900 as id 0
05-27 18:48:43.928  1167  1184 D evsmanagerd: /dev/video6 forwarded the buffer #0 to 0xb4000074bf5f5510 from 0xb4000074bf5f6d90
05-27 18:48:43.928 30773 30773 E dvr_service_: [myNum:1] Received S**** loss
05-27 18:48:43.929   299  1163 D EvsDriver: doneWithFrame
05-27 18:48:43.931   299 30841 D EvsDriver: forwardFrame
05-27 18:48:43.932   581   581 I SpiService: fgesysctrl_getGPIO_status success val=0
05-27 18:48:43.934   299 30841 D EvsDriver: Delivered 0xb400007b7ca56a60 as id 0
05-27 18:48:43.934  1167  1184 D evsmanagerd: /dev/video4 forwarded the buffer #0 to 0xb4000074bf5f6850 from 0xb4000074bf5f41d0
05-27 18:48:43.934 30773 30773 E dvr_service_: [myNum:0] Received S**** loss
05-27 18:48:43.934   299  1163 D EvsDriver: doneWithFrame
05-27 18:48:43.936 13911 14183 I SentryImuMcuAngleSender: 179.986rollDeg
05-27 18:48:43.936 13911 14183 I SentryImuMcuAngleSender: 1,0,0
05-27 18:48:43.939  1008 30856 D [OMXB]  : usingANWBuffer: handle:0xee746aa0, format:1, w:1920, h:1080
05-27 18:48:43.943 30773 30786 I dvr_service_: CameraX 0  audioOK: 153734785,audios:2290
05-27 18:48:43.947   581   581 I SpiService: fgesysctrl_getGPIO_status success val=1
05-27 18:48:43.949   536   536 D commservice260303: msg.id = 1028,0
05-27 18:48:43.949   536   536 D commservice260303: i = 170, msgid = 8A000404
05-27 18:48:43.949   536   536 D commservice260303: msgid = -1979710460,did=138
05-27 18:48:43.949   536   536 D commservice260303: CommProtocolLibCmdBaseI2C::dataproc {"command":{"id":"imu_status","sub":""},"content":{"TimeStamp":10,"FrameCounter":252524,"GD_X":-0.012139749713242054,"GD_Y":0.00519212381914258,"GD_Z":0.002519079949706793,"AD_X":-0.007627695798873901,"AD_Y":-1.88509002327919E-4,"AD_Z":-0.17130661010742188,"TempDsp":0,"Status":0,"CalibState":1,"SigAmpInvalid":0}},-1979710460
05-27 18:48:43.950   536   536 D commservice260303: send2Cluster len:314, 7B22636F6D6D616E64223A7B226964223A22696D755F737461747573222C22737562223A22227D2C22636F6E74656E74223A7B2254696D655374616D70223A31302C224672616D65436F756E746572223A3235323532342C2247445F58223A2D302E3031323133393734393731333234323035342C2247445F59223A302E30303531393231323338313931343235382C2247445F5A223A302E3030323531393037393934393730363739332C2241445F58223A2D302E3030373632373639353739383837333930312C2241445F59223A2D312E3838353039303032333237393139452D342C2241445F5A223A2D302E31373133303636313031303734323138382C2254656D70447370223A302C22537461747573223A302C2243616C69625374617465223A312C22536967416D70496E76616C6964223A307D7D, 138 
05-27 18:48:43.950   536   536 D commservice260303: Push Message into SendPool fn=874185728
05-27 18:48:43.950   536   536 D commservice260303: ComProtocolLibSend2Cluster::send2ClusterRaw fn=874185728 , len=330
05-27 18:48:43.950   536   536 D commservice260303: sendCmdToPort :330!!!
05-27 18:48:43.950   536   536 D commservice260303: send Cmd To Port ++++5AA501468A0100041B346A16CC0B7B22636F6D6D616E64223A7B226964223A22696D755F737461747573222C22737562223A22227D2C22636F6E74656E74223A7B2254696D655374616D70223A31302C224672616D65436F756E746572223A3235323532342C2247445F58223A2D302E3031323133393734393731333234323035342C2247445F59223A302E30303531393231323338313931343235382C2247445F5A223A302E3030323531393037393934393730363739332C2241445F58223A2D302E3030373632373639353739383837333930312C2241445F59223A2D312E3838353039303032333237393139452D342C2241445F5A223A2D302E31373133303636313031303734323138382C2254656D70447370223A302C22537461747573223A302C2243616C69625374617465223A312C22536967416D70496E76616C6964223A307D7D416A
05-27 18:48:43.950   536   536 D commservice260303: bufferevent_write retrun value = 0
05-27 18:48:43.950   536   560 D commservice260303: client datas send succeed,send finish
05-27 18:48:43.950 13911 14192 D Sentinelmode_1.2.5.17_sentry: <SentryImuClusterFgeSender>imu_status sent to Linux, frame=252524, tsNs=10791183, tsMs=10, intervalMs=39, ad=(-0.007627696,-1.88509E-4,-0.17130661), gd=(-0.01213975,0.005192124,0.00251908)
05-27 18:48:43.952   581   581 I SpiService: fgesysctrl_getGPIO_status success val=1
05-27 18:48:43.953  1008 30857 D [OMXB]  : usingANWBuffer: handle:0xee744bb0, format:1, w:1920, h:1080
05-27 18:48:43.957 13911 14183 I SentryImuMcuAngleSender: 179.99649rollDeg
05-27 18:48:43.957 13911 14183 I SentryImuMcuAngleSender: 1,0,0
05-27 18:48:43.957   581   581 I SpiService: fgesysctrl_getGPIO_status success val=1
05-27 18:48:43.959   299 30844 D EvsDriver: forwardFrame
05-27 18:48:43.961   299 30844 D EvsDriver: Delivered 0xb400007b7ca56900 as id 0
05-27 18:48:43.961  1167  1184 D evsmanagerd: /dev/video6 forwarded the buffer #0 to 0xb4000074bf5f5510 from 0xb4000074bf5f6d90
05-27 18:48:43.963   581   581 I SpiService: fgesysctrl_getGPIO_status success val=1
05-27 18:48:43.963   299  1163 D EvsDriver: doneWithFrame
05-27 18:48:43.966   299 30841 D EvsDriver: forwardFrame
05-27 18:48:43.969   572   572 I Sensors : 230 AccelSensor: x:-0.170190,y:-0.001220,z:-9.977160
05-27 18:48:43.969   581   581 I SpiService: fgesysctrl_getGPIO_status success val=1
05-27 18:48:43.970   299 30841 D EvsDriver: Delivered 0xb400007b7ca56a60 as id 0
05-27 18:48:43.970  1167  1184 D evsmanagerd: /dev/video4 forwarded the buffer #0 to 0xb4000074bf5f6850 from 0xb4000074bf5f41d0
05-27 18:48:43.973   299  1163 D EvsDriver: doneWithFrame
05-27 18:48:43.974   581   581 I SpiService: fgesysctrl_getGPIO_status success val=0
05-27 18:48:43.978 13911 14183 I SentryImuMcuAngleSender: -179.993rollDeg
05-27 18:48:43.978 13911 14183 I SentryImuMcuAngleSender: 1,0,0
05-27 18:48:43.979  1008 30857 D [OMXB]  : usingANWBuffer: handle:0xee7437c0, format:1, w:1920, h:1080
05-27 18:48:43.989   581   581 I SpiService: fgesysctrl_getGPIO_status success val=1
05-27 18:48:43.990   536   536 D commservice260303: msg.id = 1028,0
05-27 18:48:43.990   536   536 D commservice260303: i = 170, msgid = 8A000404
05-27 18:48:43.990   536   536 D commservice260303: msgid = -1979710460,did=138
05-27 18:48:43.990   536   536 D commservice260303: CommProtocolLibCmdBaseI2C::dataproc {"command":{"id":"imu_status","sub":""},"content":{"TimeStamp":10,"FrameCounter":252525,"GD_X":-0.01221725158393383,"GD_Y":0.005345047451555729,"GD_Z":0.0017560218693688512,"AD_X":-0.0027350038290023804,"AD_Y":-0.003817551303654909,"AD_Z":-0.17313671112060547,"TempDsp":0,"Status":0,"CalibState":1,"SigAmpInvalid":0}},-1979710460
05-27 18:48:43.990   536   536 D commservice260303: send2Cluster len:317, 7B22636F6D6D616E64223A7B226964223A22696D755F737461747573222C22737562223A22227D2C22636F6E74656E74223A7B2254696D655374616D70223A31302C224672616D65436F756E746572223A3235323532352C2247445F58223A2D302E30313232313732353135383339333338332C2247445F59223A302E3030353334353034373435313535353732392C2247445F5A223A302E303031373536303231383639333638383531322C2241445F58223A2D302E303032373335303033383239303032333830342C2241445F59223A2D302E3030333831373535313330333635343930392C2241445F5A223A2D302E31373331333637313131323036303534372C2254656D70447370223A302C22537461747573223A302C2243616C69625374617465223A312C22536967416D70496E76616C6964223A307D7D, 138 
05-27 18:48:43.990   536   536 D commservice260303: Push Message into SendPool fn=890962944
05-27 18:48:43.990   536   536 D commservice260303: ComProtocolLibSend2Cluster::send2ClusterRaw fn=890962944 , len=333
05-27 18:48:43.990   536   536 D commservice260303: sendCmdToPort :333!!!
05-27 18:48:43.990   536   536 D commservice260303: send Cmd To Port ++++5AA501498A0100041B356A16CC0B7B22636F6D6D616E64223A7B226964223A22696D755F737461747573222C22737562223A22227D2C22636F6E74656E74223A7B2254696D655374616D70223A31302C224672616D65436F756E746572223A3235323532352C2247445F58223A2D302E30313232313732353135383339333338332C2247445F59223A302E3030353334353034373435313535353732392C2247445F5A223A302E303031373536303231383639333638383531322C2241445F58223A2D302E303032373335303033383239303032333830342C2241445F59223A2D302E3030333831373535313330333635343930392C2241445F5A223A2D302E31373331333637313131323036303534372C2254656D70447370223A302C22537461747573223A302C2243616C69625374617465223A312C22536967416D70496E76616C6964223A307D7DB2ED
05-27 18:48:43.990   536   536 D commservice260303: bufferevent_write retrun value = 0
05-27 18:48:43.990   536   560 D commservice260303: client datas send succeed,send finish
05-27 18:48:43.991 13911 14192 D Sentinelmode_1.2.5.17_sentry: <SentryImuClusterFgeSender>imu_status sent to Linux, frame=252525, tsNs=10791237, tsMs=10, intervalMs=40, ad=(-0.0027350038,-0.0038175513,-0.17313671), gd=(-0.012217252,0.0053450475,0.0017560219)
05-27 18:48:43.993   299 30841 D EvsDriver: forwardFrame
05-27 18:48:43.993  1008 30856 D [OMXB]  : usingANWBuffer: handle:0xee7432f0, format:1, w:1920, h:1080
05-27 18:48:43.994   299 30841 D EvsDriver: Delivered 0xb400007b7ca56a60 as id 0
05-27 18:48:43.994   581   581 I SpiService: fgesysctrl_getGPIO_status success val=1
05-27 18:48:43.994  1167  1184 D evsmanagerd: /dev/video4 forwarded the buffer #0 to 0xb4000074bf5f6850 from 0xb4000074bf5f41d0
05-27 18:48:43.998   299 30844 D EvsDriver: forwardFrame
05-27 18:48:43.998 13911 14183 I SentryImuMcuAngleSender: -179.993rollDeg
05-27 18:48:43.998 13911 14183 I SentryImuMcuAngleSender: 1,0,0
05-27 18:48:43.999   299 30844 D EvsDriver: Delivered 0xb400007b7ca56900 as id 0
05-27 18:48:44.000  1167  1184 D evsmanagerd: /dev/video6 forwarded the buffer #0 to 0xb4000074bf5f5510 from 0xb4000074bf5f6d90
05-27 18:48:44.000   581   581 I SpiService: fgesysctrl_getGPIO_status success val=1
05-27 18:48:44.000   299  1163 D EvsDriver: doneWithFrame
05-27 18:48:44.004   299  1163 D EvsDriver: doneWithFrame
05-27 18:48:44.006   581   581 I SpiService: fgesysctrl_getGPIO_status success val=1
05-27 18:48:44.011   581   581 I SpiService: fgesysctrl_getGPIO_status success val=1
05-27 18:48:44.013   283   307 I rvcservice: t.code = 2, t.value = 9976550
05-27 18:48:44.014  1008 30857 D [OMXB]  : usingANWBuffer: handle:0xee740bc0, format:1, w:1920, h:1080
05-27 18:48:44.018   581   581 I SpiService: fgesysctrl_getGPIO_status success val=0
05-27 18:48:44.018 13911 14183 I SentryImuMcuAngleSender: 179.986rollDeg
05-27 18:48:44.019 13911 14183 I SentryImuMcuAngleSender: 1,0,0
05-27 18:48:44.028   299 30841 D EvsDriver: forwardFrame
05-27 18:48:44.030  1008 30856 D [OMXB]  : usingANWBuffer: handle:0xee742ed0, format:1, w:1920, h:1080
05-27 18:48:44.030  1167  1167 D evsmanagerd: /dev/video4 forwarded the buffer #0 to 0xb4000074bf5f6850 from 0xb4000074bf5f41d0
05-27 18:48:44.030   299 30841 D EvsDriver: Delivered 0xb400007b7ca56a60 as id 0
05-27 18:48:44.032   536   536 D commservice260303: msg.id = 1028,1
05-27 18:48:44.032   536   536 D commservice260303: i = 170, msgid = 8A000404
05-27 18:48:44.033   536   536 D commservice260303: msgid = -1979710460,did=138
05-27 18:48:44.033   536   536 D commservice260303: CommProtocolLibCmdBaseI2C::dataproc {"command":{"id":"imu_status","sub":""},"content":{"TimeStamp":10,"FrameCounter":252526,"GD_X":-0.011759000830352306,"GD_Y":0.005573912989348173,"GD_Z":0.0015271564479917288,"AD_X":-0.004559263586997986,"AD_Y":0.002276063896715641,"AD_Z":-0.17313671112060547,"TempDsp":0,"Status":0,"CalibState":1,"SigAmpInvalid":0}},-1979710460
05-27 18:48:44.033   581   581 I SpiService: fgesysctrl_getGPIO_status success val=1
05-27 18:48:44.033   536   536 D commservice260303: send2Cluster len:316, 7B22636F6D6D616E64223A7B226964223A22696D755F737461747573222C22737562223A22227D2C22636F6E74656E74223A7B2254696D655374616D70223A31302C224672616D65436F756E746572223A3235323532362C2247445F58223A2D302E3031313735393030303833303335323330362C2247445F59223A302E3030353537333931323938393334383137332C2247445F5A223A302E303031353237313536343437393931373238382C2241445F58223A2D302E3030343535393236333538363939373938362C2241445F59223A302E3030323237363036333839363731353634312C2241445F5A223A2D302E31373331333637313131323036303534372C2254656D70447370223A302C22537461747573223A302C2243616C69625374617465223A312C22536967416D70496E76616C6964223A307D7D, 138 
05-27 18:48:44.033   536   536 D commservice260303: Push Message into SendPool fn=907740160
05-27 18:48:44.033   536   536 D commservice260303: ComProtocolLibSend2Cluster::send2ClusterRaw fn=907740160 , len=332
05-27 18:48:44.033   536   536 D commservice260303: sendCmdToPort :332!!!
05-27 18:48:44.033   536   536 D commservice260303: send Cmd To Port ++++5AA501488A0100041B366A16CC0C7B22636F6D6D616E64223A7B226964223A22696D755F737461747573222C22737562223A22227D2C22636F6E74656E74223A7B2254696D655374616D70223A31302C224672616D65436F756E746572223A3235323532362C2247445F58223A2D302E3031313735393030303833303335323330362C2247445F59223A302E3030353537333931323938393334383137332C2247445F5A223A302E303031353237313536343437393931373238382C2241445F58223A2D302E3030343535393236333538363939373938362C2241445F59223A302E3030323237363036333839363731353634312C2241445F5A223A2D302E31373331333637313131323036303534372C2254656D70447370223A302C22537461747573223A302C2243616C69625374617465223A312C22536967416D70496E76616C6964223A307D7D26CE
05-27 18:48:44.033   536   536 D commservice260303: bufferevent_write retrun value = 0
05-27 18:48:44.033   536   560 D commservice260303: client datas send succeed,send finish
05-27 18:48:44.034 13911 14192 D Sentinelmode_1.2.5.17_sentry: <SentryImuClusterFgeSender>imu_status sent to Linux, frame=252526, tsNs=10791271, tsMs=10, intervalMs=43, ad=(-0.0045592636,0.002276064,-0.17313671), gd=(-0.011759001,0.005573913,0.0015271564)
05-27 18:48:44.035   299 30844 D EvsDriver: forwardFrame
05-27 18:48:44.037   299 30844 D EvsDriver: Delivered 0xb400007b7ca56900 as id 0
05-27 18:48:44.037  1167  1167 D evsmanagerd: /dev/video6 forwarded the buffer #0 to 0xb4000074bf5f5510 from 0xb4000074bf5f6d90
05-27 18:48:44.038   299  1163 D EvsDriver: doneWithFrame
05-27 18:48:44.039 13911 14183 I SentryImuMcuAngleSender: 179.97198rollDeg
05-27 18:48:44.039   581   581 I SpiService: fgesysctrl_getGPIO_status success val=1
05-27 18:48:44.039 13911 14183 I SentryImuMcuAngleSender: 1,0,0
05-27 18:48:44.042   299  1163 D EvsDriver: doneWithFrame
05-27 18:48:44.045   581   581 I SpiService: fgesysctrl_getGPIO_status success val=1
05-27 18:48:44.050  1008 30857 D [OMXB]  : usingANWBuffer: handle:0xee744790, format:1, w:1920, h:1080
05-27 18:48:44.051   581   581 I SpiService: fgesysctrl_getGPIO_status success val=1
05-27 18:48:44.056   581   581 I SpiService: fgesysctrl_getGPIO_status success val=0
05-27 08:39:53.021   581   581 D spi_rst_gpio_get_output: GPIO 145 value: 0
05-27 08:39:53.021   581   581 D spidev_ioctl: gpio status=0)
05-27 18:48:44.057   572   622 I Sensors : 230 GyroSensor: x:-0.012064,y:0.005345,z:0.002138
05-27 18:48:44.060 13911 14183 I SentryImuMcuAngleSender: 179.97548rollDeg
05-27 18:48:44.060 13911 14183 I SentryImuMcuAngleSender: 1,0,0
05-27 18:48:44.063   299 30844 D EvsDriver: forwardFrame
05-27 18:48:44.065   299 30841 D EvsDriver: forwardFrame
05-27 18:48:44.065   299 30844 D EvsDriver: Delivered 0xb400007b7ca56900 as id 0
05-27 18:48:44.065  1167  1167 D evsmanagerd: /dev/video6 forwarded the buffer #0 to 0xb4000074bf5f5510 from 0xb4000074bf5f6d90
05-27 18:48:44.066  1008 30856 D [OMXB]  : usingANWBuffer: handle:0xee7421c0, format:1, w:1920, h:1080
05-27 18:48:44.061  1008  1008 I auditd  : type=1400 audit(0.0:65756): avc: denied { call } for comm="OMXCallbackDisp" scontext=u:r:mediacodec:s0 tcontext=u:r:adayo_dvr_service:s0 tclass=binder permissive=1
05-27 18:48:44.061  1008  1008 I OMXCallbackDisp: type=1400 audit(0.0:65756): avc: denied { call } for scontext=u:r:mediacodec:s0 tcontext=u:r:adayo_dvr_service:s0 tclass=binder permissive=1
05-27 18:48:44.067  1167  1184 D evsmanagerd: /dev/video4 forwarded the buffer #0 to 0xb4000074bf5f6850 from 0xb4000074bf5f41d0
05-27 18:48:44.067   299 30841 D EvsDriver: Delivered 0xb400007b7ca56a60 as id 0
05-27 18:48:44.067   299  1163 D EvsDriver: doneWithFrame
05-27 18:48:44.071   581   581 I SpiService: fgesysctrl_getGPIO_status success val=1
05-27 18:48:44.072   536   536 D commservice260303: msg.id = 1028,0
05-27 18:48:44.072   536   536 D commservice260303: i = 170, msgid = 8A000404
05-27 18:48:44.072   536   536 D commservice260303: msgid = -1979710460,did=138
05-27 18:48:44.072   536   536 D commservice260303: CommProtocolLibCmdBaseI2C::dataproc {"command":{"id":"imu_status","sub":""},"content":{"TimeStamp":10,"FrameCounter":252527,"GD_X":-0.012063807807862759,"GD_Y":0.005345047451555729,"GD_Z":0.0021378109231591225,"AD_X":-0.003333643078804016,"AD_Y":0.0016548172570765018,"AD_Z":-0.17313671112060547,"TempDsp":0,"Status":0,"CalibState":1,"SigAmpInvalid":0}},-1979710460
05-27 18:48:44.072   536   536 D commservice260303: send2Cluster len:317, 7B22636F6D6D616E64223A7B226964223A22696D755F737461747573222C22737562223A22227D2C22636F6E74656E74223A7B2254696D655374616D70223A31302C224672616D65436F756E746572223A3235323532372C2247445F58223A2D302E3031323036333830373830373836323735392C2247445F59223A302E3030353334353034373435313535353732392C2247445F5A223A302E303032313337383130393233313539313232352C2241445F58223A2D302E3030333333333634333037383830343031362C2241445F59223A302E303031363534383137323537303736353031382C2241445F5A223A2D302E31373331333637313131323036303534372C2254656D70447370223A302C22537461747573223A302C2243616C69625374617465223A312C22536967416D70496E76616C6964223A307D7D, 138 
05-27 18:48:44.072   536   536 D commservice260303: Push Message into SendPool fn=924517376
05-27 18:48:44.072   536   536 D commservice260303: ComProtocolLibSend2Cluster::send2ClusterRaw fn=924517376 , len=333
05-27 18:48:44.072   536   536 D commservice260303: sendCmdToPort :333!!!
05-27 18:48:44.072   536   536 D commservice260303: send Cmd To Port ++++5AA501498A0100041B376A16CC0C7B22636F6D6D616E64223A7B226964223A22696D755F737461747573222C22737562223A22227D2C22636F6E74656E74223A7B2254696D655374616D70223A31302C224672616D65436F756E746572223A3235323532372C2247445F58223A2D302E3031323036333830373830373836323735392C2247445F59223A302E3030353334353034373435313535353732392C2247445F5A223A302E303032313337383130393233313539313232352C2241445F58223A2D302E3030333333333634333037383830343031362C2241445F59223A302E303031363534383137323537303736353031382C2241445F5A223A2D302E31373331333637313131323036303534372C2254656D70447370223A302C22537461747573223A302C2243616C69625374617465223A312C22536967416D70496E76616C6964223A307D7D50FC
05-27 18:48:44.072   536   536 D commservice260303: bufferevent_write retrun value = 0
05-27 18:48:44.072   536   560 D commservice260303: client datas send succeed,send finish
05-27 18:48:44.073 13911 14192 D Sentinelmode_1.2.5.17_sentry: <SentryImuClusterFgeSender>imu_status sent to Linux, frame=252527, tsNs=10791308, tsMs=10, intervalMs=39, ad=(-0.003333643,0.0016548173,-0.17313671), gd=(-0.012063808,0.0053450475,0.002137811)
05-27 18:48:44.073   299  1163 D EvsDriver: doneWithFrame
05-27 18:48:44.077   581   581 I SpiService: fgesysctrl_getGPIO_status success val=1
05-27 18:48:44.080 13911 14183 I SentryImuMcuAngleSender: 179.96848rollDeg
05-27 18:48:44.080 13911 14183 I SentryImuMcuAngleSender: 1,0,0
05-27 18:48:44.082   581   581 I SpiService: fgesysctrl_getGPIO_status success val=1
05-27 18:48:44.084 11346 12168 D CarStorageMonitoringService: about to send android.car.storagemonitoring.EXCESSIVE_IO
05-27 18:48:44.084 11346 12168 W CarStorageMonitoringService: sending android.car.storagemonitoring.EXCESSIVE_IO
05-27 18:48:44.085 11346 12168 W ContextImpl: Calling a method in the system process without a qualified user: android.app.ContextImpl.sendBroadcast:1204 android.content.ContextWrapper.sendBroadcast:505 android.content.ContextWrapper.sendBroadcast:505 android.content.ContextWrapper.sendBroadcast:505 com.android.car.CarStorageMonitoringService.sendExcessiveIoBroadcast:322 
05-27 18:48:44.085 10188 16726 D BroadcastQueue: Add broadcast <BroadcastRecord{e7bf2c2 u0 android.car.storagemonitoring.EXCESSIVE_IO}> into [ordered | foreground], pending size 0
05-27 18:48:44.085 10188 16726 D BroadcastQueue: Header is BroadcastRecord{e7bf2c2 u0 android.car.storagemonitoring.EXCESSIVE_IO} now
05-27 18:48:44.086  1008 30857 D [OMXB]  : usingANWBuffer: handle:0xee744160, format:1, w:1920, h:1080
05-27 18:48:44.086 10902 11822 D APM_AudioPolicyManager: setAppState(portId:48, state:2)
05-27 18:48:44.086 10188 10188 D JobScheduler.Quota: Processing event 31 for <0>com.google.android.car.defaultstoragemonitoringcompanionapp
05-27 18:48:44.087 10188 10188 D JobScheduler: pending queue: 0 jobs.
05-27 18:48:44.087 10188 11485 D PowerController.AppState: - reportAppProcStateInfo() E -
05-27 18:48:44.087 10188 10188 D JobScheduler.Concurrency: Pending queue: 
05-27 18:48:44.087 26069 26069 D ExcessiveIoIntentReceiver: excessive I/O activity detected.
05-27 18:48:44.088 10188 16726 D BroadcastQueue: Finished with ordered broadcast BroadcastRecord{e7bf2c2 u0 android.car.storagemonitoring.EXCESSIVE_IO} receivers:([ResolveInfo{2c9a8d3 com.google.android.car.defaultstoragemonitoringcompanionapp/.ExcessiveIoIntentReceiver m=0x0}]) take 2ms in [foreground], remains -1
05-27 18:48:44.088   581   581 I SpiService: fgesysctrl_getGPIO_status success val=1
05-27 18:48:44.090   299 30841 D EvsDriver: forwardFrame
05-27 18:48:44.090 10188 11499 D PowerController.RecogA: handleMessage(MSG_REPORT_EVENT)
05-27 18:48:44.090 10902 11822 D APM_AudioPolicyManager: setAppState(portId:48, state:2)
05-27 18:48:44.090 10188 10188 D JobScheduler: pending queue: 0 jobs.
05-27 18:48:44.091 10188 10188 D JobScheduler.Concurrency: Pending queue: 
05-27 18:48:44.091   299 30841 D EvsDriver: Delivered 0xb400007b7ca56a60 as id 0
05-27 18:48:44.091  1167  1167 D evsmanagerd: /dev/video4 forwarded the buffer #0 to 0xb4000074bf5f6850 from 0xb4000074bf5f41d0
05-27 18:48:44.091 30773 30781 E dvr_service_: [myNum:0] Received S**** loss
05-27 18:48:44.091   299  1163 D EvsDriver: doneWithFrame
05-27 18:48:44.093   581   581 I SpiService: fgesysctrl_getGPIO_status success val=1
05-27 08:39:53.058   581   581 D spi_rst_gpio_get_output: GPIO 145 value: 1
05-27 18:48:44.099   299 30844 D EvsDriver: forwardFrame
05-27 18:48:44.099   581   581 I SpiService: fgesysctrl_getGPIO_status success val=0
05-27 18:48:44.100   299 30844 D EvsDriver: Delivered 0xb400007b7ca56900 as id 0
05-27 18:48:44.100  1167  1167 D evsmanagerd: /dev/video6 forwarded the buffer #0 to 0xb4000074bf5f5510 from 0xb4000074bf5f6d90
05-27 18:48:44.100 30773 30781 E dvr_service_: [myNum:1] Received S**** loss
05-27 08:39:53.064   581   581 D spi_rst_gpio_get_output: GPIO 145 value: 0
05-27 18:48:44.101   299  1163 D EvsDriver: doneWithFrame
05-27 18:48:44.101 13911 14183 I SentryImuMcuAngleSender: 179.97198rollDeg
05-27 18:48:44.101 13911 14183 I SentryImuMcuAngleSender: 1,0,0
05-27 18:48:44.109  1008 30857 D [OMXB]  : usingANWBuffer: handle:0xee742f80, format:1, w:1920, h:1080
05-27 18:48:44.113   283   307 I rvcservice: t.code = 3, t.value = 0
05-27 18:48:44.113   536   536 D commservice260303: msg.id = 1028,1
05-27 18:48:44.113   536   536 D commservice260303: i = 170, msgid = 8A000404
05-27 18:48:44.114   581   581 I SpiService: fgesysctrl_getGPIO_status success val=1
05-27 18:48:44.114   536   536 D commservice260303: msgid = -1979710460,did=138
05-27 18:48:44.114   536   536 D commservice260303: CommProtocolLibCmdBaseI2C::dataproc {"command":{"id":"imu_status","sub":""},"content":{"TimeStamp":10,"FrameCounter":252528,"GD_X":-0.011834942735731602,"GD_Y":0.0048857564106583595,"GD_Z":0.0019079053308814764,"AD_X":-0.0027254223823547363,"AD_Y":0.0022478827740997076,"AD_Z":-0.17313671112060547,"TempDsp":0,"Status":0,"CalibState":1,"SigAmpInvalid":0}},-1979710460
05-27 18:48:44.114   536   536 D commservice260303: send2Cluster len:319, 7B22636F6D6D616E64223A7B226964223A22696D755F737461747573222C22737562223A22227D2C22636F6E74656E74223A7B2254696D655374616D70223A31302C224672616D65436F756E746572223A3235323532382C2247445F58223A2D302E3031313833343934323733353733313630322C2247445F59223A302E303034383835373536343130363538333539352C2247445F5A223A302E303031393037393035333330383831343736342C2241445F58223A2D302E303032373235343232333832333534373336332C2241445F59223A302E303032323437383832373734303939373037362C2241445F5A223A2D302E31373331333637313131323036303534372C2254656D70447370223A302C22537461747573223A302C2243616C69625374617465223A312C22536967416D70496E76616C6964223A307D7D, 138 
05-27 18:48:44.114   536   536 D commservice260303: Push Message into SendPool fn=941294592
05-27 18:48:44.114   536   536 D commservice260303: ComProtocolLibSend2Cluster::send2ClusterRaw fn=941294592 , len=335
05-27 18:48:44.114   536   536 D commservice260303: sendCmdToPort :335!!!
05-27 18:48:44.114   536   536 D commservice260303: send Cmd To Port ++++5AA5014B8A0100041B386A16CC0C7B22636F6D6D616E64223A7B226964223A22696D755F737461747573222C22737562223A22227D2C22636F6E74656E74223A7B2254696D655374616D70223A31302C224672616D65436F756E746572223A3235323532382C2247445F58223A2D302E3031313833343934323733353733313630322C2247445F59223A302E303034383835373536343130363538333539352C2247445F5A223A302E303031393037393035333330383831343736342C2241445F58223A2D302E303032373235343232333832333534373336332C2241445F59223A302E303032323437383832373734303939373037362C2241445F5A223A2D302E31373331333637313131323036303534372C2254656D70447370223A302C22537461747573223A302C2243616C69625374617465223A312C22536967416D70496E76616C6964223A307D7D8E3E
05-27 18:48:44.114   536   536 D commservice260303: bufferevent_write retrun value = 0
05-27 18:48:44.114   536   560 D commservice260303: client datas send succeed,send finish
05-27 18:48:44.115 13911 14192 D Sentinelmode_1.2.5.17_sentry: <SentryImuClusterFgeSender>imu_status sent to Linux, frame=252528, tsNs=10791344, tsMs=10, intervalMs=42, ad=(-0.0027254224,0.0022478828,-0.17313671), gd=(-0.011834943,0.0048857564,0.0019079053)
05-27 08:39:53.078   581   581 D spidev_ioctl: gpio status=1)
05-27 18:48:44.119   581   581 I SpiService: fgesysctrl_getGPIO_status success val=1
05-27 08:39:53.084   581   581 D spi_rst_gpio_get_output: GPIO 145 value: 1
05-27 18:48:44.122 13911 14183 I SentryImuMcuAngleSender: 179.986rollDeg
05-27 18:48:44.122 13911 14183 I SentryImuMcuAngleSender: 1,0,0
05-27 18:48:44.124   299 30841 D EvsDriver: forwardFrame
05-27 18:48:44.124  1008 30856 D [OMXB]  : usingANWBuffer: handle:0xee746ec0, format:1, w:1920, h:1080
05-27 18:48:44.124   581   581 I SpiService: fgesysctrl_getGPIO_status success val=1
05-27 18:48:44.125   299 30841 D EvsDriver: Delivered 0xb400007b7ca56a60 as id 0
05-27 18:48:44.125  1167  1167 D evsmanagerd: /dev/video4 forwarded the buffer #0 to 0xb4000074bf5f6850 from 0xb4000074bf5f41d0
05-27 18:48:44.130   299  1163 D EvsDriver: doneWithFrame
05-27 18:48:44.131   581   581 I SpiService: fgesysctrl_getGPIO_status success val=1
05-27 08:39:53.095   581   581 D spi_rst_gpio_get_output: GPIO 145 value: 1
05-27 18:48:44.135   299 30844 D EvsDriver: forwardFrame
05-27 18:48:44.137   581   581 I SpiService: fgesysctrl_getGPIO_status success val=1
05-27 18:48:44.137   299 30844 D EvsDriver: Delivered 0xb400007b7ca56900 as id 0
05-27 18:48:44.137  1167  1167 D evsmanagerd: /dev/video6 forwarded the buffer #0 to 0xb4000074bf5f5510 from 0xb4000074bf5f6d90
05-27 18:48:44.141   299  1163 D EvsDriver: doneWithFrame
05-27 18:48:44.142   581   581 I SpiService: fgesysctrl_getGPIO_status success val=0
05-27 18:48:44.143 13911 14183 I SentryImuMcuAngleSender: 179.986rollDeg
05-27 18:48:44.143 13911 14183 I SentryImuMcuAngleSender: 1,0,0
05-27 08:39:53.107   581   581 D spidev_ioctl: gpio status=0)
05-27 18:48:44.146  1008 30857 D [OMXB]  : usingANWBuffer: handle:0xee743240, format:1, w:1920, h:1080
05-27 18:48:44.153   536   536 D commservice260303: msg.id = 1028,1
05-27 18:48:44.153   536   536 D commservice260303: i = 170, msgid = 8A000404
05-27 18:48:44.153   536   536 D commservice260303: msgid = -1979710460,did=138
05-27 18:48:44.153   536   536 D commservice260303: CommProtocolLibCmdBaseI2C::dataproc {"command":{"id":"imu_status","sub":""},"content":{"TimeStamp":10,"FrameCounter":252529,"GD_X":-0.011223767884075642,"GD_Y":0.0051151420921087265,"GD_Z":0.0019079053308814764,"AD_X":-0.003929659724235535,"AD_Y":-1.8965452909469604E-4,"AD_Z":-0.17069625854492188,"TempDsp":0,"Status":0,"CalibState":1,"SigAmpInvalid":0}},-1979710460
05-27 18:48:44.153   536   536 D commservice260303: send2Cluster len:319, 7B22636F6D6D616E64223A7B226964223A22696D755F737461747573222C22737562223A22227D2C22636F6E74656E74223A7B2254696D655374616D70223A31302C224672616D65436F756E746572223A3235323532392C2247445F58223A2D302E3031313232333736373838343037353634322C2247445F59223A302E303035313135313432303932313038373236352C2247445F5A223A302E303031393037393035333330383831343736342C2241445F58223A2D302E3030333932393635393732343233353533352C2241445F59223A2D312E38393635343532393039343639363034452D342C2241445F5A223A2D302E31373036393632353835343439323138382C2254656D70447370223A302C22537461747573223A302C2243616C69625374617465223A312C22536967416D70496E76616C6964223A307D7D, 138 
05-27 18:48:44.153   536   536 D commservice260303: Push Message into SendPool fn=958071808
05-27 18:48:44.153   536   536 D commservice260303: ComProtocolLibSend2Cluster::send2ClusterRaw fn=958071808 , len=335
05-27 18:48:44.153   536   536 D commservice260303: sendCmdToPort :335!!!
