05-27 18:48:44.970   351   373 D automotive.vehicle@2.0-adayo-datacomm-mcu: MCUDatacomm sendMessageFromVehicle prop: 0x83, areaId: 0x0, status: 0x0, timestamp: 0x0
05-27 18:48:44.970   351   373 D automotive.vehicle@2.0-adayo-datacomm-mcu: MCUDatacomm 1sendMessageFromVehicle ---> type = 7 
05-27 18:48:44.970   351   373 I automotive.vehicle@2.0-adayo-func-mcu: MCUFunc :sendMessageFromVehicle  msgBuff[0] = 131 
05-27 18:48:44.970   351   373 I automotive.vehicle@2.0-adayo-func-mcu: MCUFunc :sendMessageFromVehicle  msgBuff[1] = 0 
05-27 18:48:44.970   351   373 I automotive.vehicle@2.0-adayo-func-mcu: MCUFunc :sendMessageFromVehicle  msgBuff[2] = 0 
05-27 18:48:44.970   351   373 I automotive.vehicle@2.0-adayo-func-mcu: MCUFunc :sendMessageFromVehicle  msgBuff[3] = 0 
05-27 18:48:44.970   351   373 I automotive.vehicle@2.0-adayo-func-mcu: MCUFunc :sendMessageFromVehicle  msgBuff[4] = 3 
05-27 18:48:44.970   351   373 I automotive.vehicle@2.0-adayo-func-mcu: MCUFunc :sendMessageFromVehicle  msgBuff[5] = 1 
05-27 18:48:44.970   351   373 I automotive.vehicle@2.0-adayo-func-mcu: MCUFunc :sendMessageFromVehicle  msgBuff[6] = 0 
05-27 18:48:44.970   351   373 I automotive.vehicle@2.0-adayo-func-mcu: MCUFunc :sendMessageFromVehicle  msgBuff[7] = 0 
05-27 18:48:44.970   351   373 I automotive.vehicle@2.0-adayo-func-mcu: MCUFunc :sendMessageFromVehicle  msgBuff[8] = 0 
05-27 18:48:44.970   351   373 I automotive.vehicle@2.0-adayo-func-mcu: MCUFunc :sendMessageFromVehicle  msgBuff[9] = 0 
05-27 18:48:44.970   351   373 I automotive.vehicle@2.0-adayo-func-mcu: MCUFunc :sendMessageFromVehicle  msgBuff[10] = 0 
05-27 18:48:44.970   351   373 I automotive.vehicle@2.0-adayo-func-mcu: MCUFunc :sendMessageFromVehicle  msgBuff[11] = 0 
05-27 18:48:44.970   351   373 I automotive.vehicle@2.0-adayo-func-mcu: MCUFunc :sendMessageFromVehicle  msgBuff[12] = 0 
05-27 18:48:44.970   351   373 I automotive.vehicle@2.0-adayo-func-mcu: MCUFunc :sendMessageFromVehicle  msgBuff[13] = 0 
05-27 18:48:44.970   351   373 I automotive.vehicle@2.0-adayo-func-mcu: MCUFunc :sendMessageFromVehicle  msgBuff[14] = 0 
05-27 18:48:44.970   351   373 I automotive.vehicle@2.0-adayo-func-mcu: MCUFunc :sendMessageFromVehicle  msgBuff[15] = 0 
05-27 18:48:44.970   351   373 I automotive.vehicle@2.0-adayo-func-mcu: MCUFunc :sendMessageFromVehicle  msgBuff[16] = 0 
05-27 18:48:44.972   481   598 I mcuc    : rev,n=3,6AA681D9600003841500AA
05-27 18:48:44.973   299 30841 D EvsDriver: forwardFrame
05-27 18:48:44.974   581   581 I SpiService: fgesysctrl_getGPIO_status success val=1
05-27 18:48:44.974   481   598 I mcuc    : rev,n=4,6AA681D961008C8305000055000000B0000000000001000100003E7C21B11E27032121211E5D6F212042432121B2A5A78EC94B5300000000040000B3000000000000000000000000000000B44300000000000300000000000000AA000000E40701010000000000000000BB06050507EA051B000008009403CB00CC000000000000000000000000000000B50000000000000000FF
05-27 18:48:44.974   351   373 D automotive.vehicle@2.0-adayo-datacomm-mcu: MCUDatacomm sendMessageFromVehicle prop: 0x83, areaId: 0x5, status: 0x0, timestamp: 0x0
05-27 18:48:44.974   351   373 D automotive.vehicle@2.0-adayo-datacomm-mcu: MCUDatacomm 1sendMessageFromVehicle ---> type = 7 
05-27 18:48:44.974   351   373 I automotive.vehicle@2.0-adayo-func-mcu: MCUFunc :sendMessageFromVehicle  msgBuff[0] = 131 
05-27 18:48:44.974   351   373 I automotive.vehicle@2.0-adayo-func-mcu: MCUFunc :sendMessageFromVehicle  msgBuff[1] = 5 
05-27 18:48:44.974   351   373 I automotive.vehicle@2.0-adayo-func-mcu: MCUFunc :sendMessageFromVehicle  msgBuff[2] = 0 
05-27 18:48:44.975   351   373 I automotive.vehicle@2.0-adayo-func-mcu: MCUFunc :sendMessageFromVehicle  msgBuff[3] = 0 
05-27 18:48:44.975   351   373 I automotive.vehicle@2.0-adayo-func-mcu: MCUFunc :sendMessageFromVehicle  msgBuff[4] = 85 
05-27 18:48:44.975   351   373 I automotive.vehicle@2.0-adayo-func-mcu: MCUFunc :sendMessageFromVehicle  msgBuff[5] = 0 
05-27 18:48:44.975   299 30841 D EvsDriver: Delivered 0xb400007b7ca56a60 as id 0
05-27 18:48:44.975  1167  1167 D evsmanagerd: /dev/video4 forwarded the buffer #0 to 0xb4000074bf5f6850 from 0xb4000074bf5f41d0
05-27 08:39:53.938   581   581 D spi_rst_gpio_get_output: GPIO 145 value: 1
05-27 08:39:53.938   581   581 D spidev_ioctl: gpio status=1)
05-27 18:48:44.978   299  1153 D EvsDriver: doneWithFrame
05-27 18:48:44.979   581   581 I SpiService: fgesysctrl_getGPIO_status success val=1
05-27 08:39:53.944   581   581 D spi_rst_gpio_get_output: GPIO 145 value: 1
05-27 08:39:53.944   581   581 D spidev_ioctl: gpio status=1)
05-27 18:48:44.983  1008 30856 D [OMXB]  : usingANWBuffer: handle:0xee742ed0, format:1, w:1920, h:1080
05-27 18:48:44.985 13911 14183 I SentryImuMcuAngleSender: 179.97197rollDeg
05-27 18:48:44.985 13911 14183 I SentryImuMcuAngleSender: 1,0,0
05-27 18:48:44.985   581   581 I SpiService: fgesysctrl_getGPIO_status success val=1
05-27 08:39:53.950   581   581 D spi_rst_gpio_get_output: GPIO 145 value: 1
05-27 08:39:53.950   581   581 D spidev_ioctl: gpio status=1)
05-27 18:48:44.991   581   581 I SpiService: fgesysctrl_getGPIO_status success val=1
05-27 08:39:53.956   581   581 D spi_rst_gpio_get_output: GPIO 145 value: 1
05-27 08:39:53.956   581   581 D spidev_ioctl: gpio status=1)
05-27 18:48:44.996   581   581 I SpiService: fgesysctrl_getGPIO_status success val=0
05-27 08:39:53.961   581   581 D spi_rst_gpio_get_output: GPIO 145 value: 0
05-27 18:48:44.997   481   597 I mcuc    : send SPI:6AA602D95E000289003C6AA602D95F00028300416AA602D960000284152A6AA602D961000283053A
05-27 08:39:53.961   581   581 D spidev_ioctl: gpio status=0)
05-27 18:48:44.998   299 30841 D EvsDriver: forwardFrame
05-27 18:48:45.000   299 30841 D EvsDriver: Delivered 0xb400007b7ca56a60 as id 0
05-27 18:48:45.000  1167  1167 D evsmanagerd: /dev/video4 forwarded the buffer #0 to 0xb4000074bf5f6850 from 0xb4000074bf5f41d0
05-27 18:48:45.004   299 30844 D EvsDriver: forwardFrame
05-27 18:48:45.007   299  1153 D EvsDriver: doneWithFrame
05-27 18:48:45.007 13911 14183 I SentryImuMcuAngleSender: 179.99649rollDeg
05-27 18:48:45.007 13911 14183 I SentryImuMcuAngleSender: 1,0,0
05-27 18:48:45.007   299 30844 D EvsDriver: Delivered 0xb400007b7ca56900 as id 0
05-27 18:48:45.008  1008 30857 D [OMXB]  : usingANWBuffer: handle:0xee743ea0, format:1, w:1920, h:1080
05-27 18:48:45.008  1167  1167 D evsmanagerd: /dev/video6 forwarded the buffer #0 to 0xb4000074bf5f5510 from 0xb4000074bf5f6d90
05-27 18:48:45.008   536   536 D commservice260303: msg.id = 1028,1
05-27 18:48:45.008   536   536 D commservice260303: i = 170, msgid = 8A000404
05-27 18:48:45.008   536   536 D commservice260303: msgid = -1979710460,did=138
05-27 18:48:45.008   536   536 D commservice260303: CommProtocolLibCmdBaseI2C::dataproc {"command":{"id":"imu_status","sub":""},"content":{"TimeStamp":10,"FrameCounter":252550,"GD_X":-0.01153013575822115,"GD_Y":0.005345047451555729,"GD_Z":0.0023671966046094894,"AD_X":-0.008206412196159363,"AD_Y":-5.1240669563412666E-5,"AD_Z":-0.1682577133178711,"TempDsp":0,"Status":0,"CalibState":1,"SigAmpInvalid":0}},-1979710460
05-27 18:48:45.009   536   536 D commservice260303: send2Cluster len:316, 7B22636F6D6D616E64223A7B226964223A22696D755F737461747573222C22737562223A22227D2C22636F6E74656E74223A7B2254696D655374616D70223A31302C224672616D65436F756E746572223A3235323535302C2247445F58223A2D302E30313135333031333537353832323131352C2247445F59223A302E3030353334353034373435313535353732392C2247445F5A223A302E303032333637313936363034363039343839342C2241445F58223A2D302E3030383230363431323139363135393336332C2241445F59223A2D352E31323430363639353633343132363636452D352C2241445F5A223A2D302E313638323537373133333137383731312C2254656D70447370223A302C22537461747573223A302C2243616C69625374617465223A312C22536967416D70496E76616C6964223A307D7D, 138 
05-27 18:48:45.009   536   536 D commservice260303: Push Message into SendPool fn=1310393344
05-27 18:48:45.009   536   536 D commservice260303: ComProtocolLibSend2Cluster::send2ClusterRaw fn=1310393344 , len=332
05-27 18:48:45.009   536   536 D commservice260303: sendCmdToPort :332!!!
05-27 18:48:45.009   536   536 D commservice260303: send Cmd To Port ++++5AA501488A0100041B4E6A16CC0D7B22636F6D6D616E64223A7B226964223A22696D755F737461747573222C22737562223A22227D2C22636F6E74656E74223A7B2254696D655374616D70223A31302C224672616D65436F756E746572223A3235323535302C2247445F58223A2D302E30313135333031333537353832323131352C2247445F59223A302E3030353334353034373435313535353732392C2247445F5A223A302E303032333637313936363034363039343839342C2241445F58223A2D302E3030383230363431323139363135393336332C2241445F59223A2D352E31323430363639353633343132363636452D352C2241445F5A223A2D302E313638323537373133333137383731312C2254656D70447370223A302C22537461747573223A302C2243616C69625374617465223A312C22536967416D70496E76616C6964223A307D7D3F31
05-27 18:48:45.009   536   536 D commservice260303: bufferevent_write retrun value = 0
05-27 18:48:45.009   536   560 D commservice260303: client datas send succeed,send finish
05-27 18:48:45.009 13911 14192 D Sentinelmode_1.2.5.17_sentry: <SentryImuClusterFgeSender>imu_status sent to Linux, frame=252550, tsNs=10792235, tsMs=10, intervalMs=42, ad=(-0.008206412,-5.124067E-5,-0.16825771), gd=(-0.011530136,0.0053450475,0.0023671966)
05-27 18:48:45.013   581   581 I SpiService: fgesysctrl_getGPIO_status success val=1
05-27 08:39:53.977   581   581 D spi_rst_gpio_get_output: GPIO 145 value: 1
05-27 08:39:53.977   581   581 D spidev_ioctl: gpio status=1)
05-27 18:48:45.013   299  1153 D EvsDriver: doneWithFrame
05-27 18:48:45.015   283   307 I rvcservice: t.code = 7, t.value = 10792074
05-27 18:48:45.018   581   581 I SpiService: fgesysctrl_getGPIO_status success val=1
05-27 18:48:45.020  1008 30856 D [OMXB]  : usingANWBuffer: handle:0xee743190, format:1, w:1920, h:1080
05-27 08:39:53.983   581   581 D spi_rst_gpio_get_output: GPIO 145 value: 1
05-27 08:39:53.983   581   581 D spidev_ioctl: gpio status=1)
05-27 18:48:45.021 30773 30789 I dvr_service_: Camera 0: MediaOK:154921799, frames:3500, isKeyFrame:0,pts:10792081723
05-27 18:48:45.023   299 30841 D EvsDriver: forwardFrame
05-27 18:48:45.024   581   581 I SpiService: fgesysctrl_getGPIO_status success val=1
05-27 08:39:53.988   581   581 D spi_rst_gpio_get_output: GPIO 145 value: 1
05-27 08:39:53.988   581   581 D spidev_ioctl: gpio status=1)
05-27 18:48:45.025   299 30841 D EvsDriver: Delivered 0xb400007b7ca56a60 as id 0
05-27 18:48:45.025  1167  1167 D evsmanagerd: /dev/video4 forwarded the buffer #0 to 0xb4000074bf5f6850 from 0xb4000074bf5f41d0
05-27 18:48:45.027 13911 14183 I SentryImuMcuAngleSender: 180.0rollDeg
05-27 18:48:45.027 13911 14183 I SentryImuMcuAngleSender: 1,0,0
05-27 18:48:45.027   299  1153 D EvsDriver: doneWithFrame
05-27 18:48:45.029   581   581 I SpiService: fgesysctrl_getGPIO_status success val=1
05-27 08:39:53.994   581   581 D spi_rst_gpio_get_output: GPIO 145 value: 1
05-27 18:48:45.033   299 30844 D EvsDriver: forwardFrame
05-27 08:39:53.994   581   581 D spidev_ioctl: gpio status=1)
05-27 18:48:45.035   581   581 I SpiService: fgesysctrl_getGPIO_status success val=0
05-27 18:48:45.035   299 30844 D EvsDriver: Delivered 0xb400007b7ca56900 as id 0
05-27 18:48:45.035  1167  1167 D evsmanagerd: /dev/video6 forwarded the buffer #0 to 0xb4000074bf5f5510 from 0xb4000074bf5f6d90
05-27 08:39:53.999   581   581 D spi_rst_gpio_get_output: GPIO 145 value: 0
05-27 08:39:53.999   581   581 D spidev_ioctl: gpio status=0)
05-27 08:39:54.001     0     0 W         : c6 [    C6] Irq_monitor:Irq                                           IPI[1]occur        7608 times interval 1028 ms
05-27 18:48:45.037   299  1153 D EvsDriver: doneWithFrame
05-27 18:48:45.038   572   622 I Sensors : 230 GyroSensor: x:-0.011606,y:0.004734,z:0.002214
05-27 18:48:45.047   536   536 D commservice260303: msg.id = 1028,0
05-27 18:48:45.047   536   536 D commservice260303: i = 170, msgid = 8A000404
05-27 18:48:45.047   536   536 D commservice260303: msgid = -1979710460,did=138
05-27 18:48:45.047   536   536 D commservice260303: CommProtocolLibCmdBaseI2C::dataproc {"command":{"id":"imu_status","sub":""},"content":{"TimeStamp":10,"FrameCounter":252551,"GD_X":-0.01160607673227787,"GD_Y":0.004733873065561056,"GD_Z":0.002213752595707774,"AD_X":-0.006932288408279419,"AD_Y":-0.0018604606157168746,"AD_Z":-0.1700916290283203,"TempDsp":0,"Status":0,"CalibState":1,"SigAmpInvalid":0}},-1979710460
05-27 18:48:45.047   536   536 D commservice260303: send2Cluster len:315, 7B22636F6D6D616E64223A7B226964223A22696D755F737461747573222C22737562223A22227D2C22636F6E74656E74223A7B2254696D655374616D70223A31302C224672616D65436F756E746572223A3235323535312C2247445F58223A2D302E30313136303630373637333232373738372C2247445F59223A302E3030343733333837333036353536313035362C2247445F5A223A302E3030323231333735323539353730373737342C2241445F58223A2D302E3030363933323238383430383237393431392C2241445F59223A2D302E303031383630343630363135373136383734362C2241445F5A223A2D302E313730303931363239303238333230332C2254656D70447370223A302C22537461747573223A302C2243616C69625374617465223A312C22536967416D70496E76616C6964223A307D7D, 138 
05-27 18:48:45.047   536   536 D commservice260303: Push Message into SendPool fn=1327170560
05-27 18:48:45.047   536   536 D commservice260303: ComProtocolLibSend2Cluster::send2ClusterRaw fn=1327170560 , len=331
05-27 18:48:45.047   536   536 D commservice260303: sendCmdToPort :331!!!
05-27 18:48:45.047   536   536 D commservice260303: send Cmd To Port ++++5AA501478A0100041B4F6A16CC0D7B22636F6D6D616E64223A7B226964223A22696D755F737461747573222C22737562223A22227D2C22636F6E74656E74223A7B2254696D655374616D70223A31302C224672616D65436F756E746572223A3235323535312C2247445F58223A2D302E30313136303630373637333232373738372C2247445F59223A302E3030343733333837333036353536313035362C2247445F5A223A302E3030323231333735323539353730373737342C2241445F58223A2D302E3030363933323238383430383237393431392C2241445F59223A2D302E303031383630343630363135373136383734362C2241445F5A223A2D302E313730303931363239303238333230332C2254656D70447370223A302C22537461747573223A302C2243616C69625374617465223A312C22536967416D70496E76616C6964223A307D7D2C96
05-27 18:48:45.048   536   536 D commservice260303: bufferevent_write retrun value = 0
05-27 18:48:45.048   536   560 D commservice260303: client datas send succeed,send finish
05-27 18:48:45.048 13911 14192 D Sentinelmode_1.2.5.17_sentry: <SentryImuClusterFgeSender>imu_status sent to Linux, frame=252551, tsNs=10792289, tsMs=10, intervalMs=38, ad=(-0.0069322884,-0.0018604606,-0.17009163), gd=(-0.011606077,0.004733873,0.0022137526)
05-27 18:48:45.048 13911 14183 I SentryImuMcuAngleSender: 179.99649rollDeg
05-27 18:48:45.048 13911 14183 I SentryImuMcuAngleSender: 1,0,0
05-27 18:48:45.049   581   581 I SpiService: fgesysctrl_getGPIO_status success val=1
05-27 08:39:54.014   581   581 D spi_rst_gpio_get_output: GPIO 145 value: 1
05-27 08:39:54.014   581   581 D spidev_ioctl: gpio status=1)
05-27 18:48:45.054  1008 30856 D [OMXB]  : usingANWBuffer: handle:0xee742f80, format:1, w:1920, h:1080
05-27 18:48:45.055   581   581 I SpiService: fgesysctrl_getGPIO_status success val=1
05-27 08:39:54.019   581   581 D spi_rst_gpio_get_output: GPIO 145 value: 1
05-27 08:39:54.019   581   581 D spidev_ioctl: gpio status=1)
05-27 18:48:45.060   581   581 I SpiService: fgesysctrl_getGPIO_status success val=1
05-27 08:39:54.025   581   581 D spi_rst_gpio_get_output: GPIO 145 value: 1
05-27 08:39:54.025   581   581 D spidev_ioctl: gpio status=1)
05-27 18:48:45.065   581   581 I SpiService: fgesysctrl_getGPIO_status success val=1
05-27 18:48:45.067   299 30844 D EvsDriver: forwardFrame
05-27 18:48:45.067  1008 30857 D [OMXB]  : usingANWBuffer: handle:0xee740d20, format:1, w:1920, h:1080
05-27 18:48:45.068 13911 14183 I SentryImuMcuAngleSender: 179.97548rollDeg
05-27 18:48:45.068 13911 14183 I SentryImuMcuAngleSender: 1,0,0
05-27 08:39:54.030   581   581 D spi_rst_gpio_get_output: GPIO 145 value: 1
05-27 08:39:54.030   581   581 D spidev_ioctl: gpio status=1)
05-27 18:48:45.069   299 30844 D EvsDriver: Delivered 0xb400007b7ca56900 as id 0
05-27 18:48:45.069  1167  1167 D evsmanagerd: /dev/video6 forwarded the buffer #0 to 0xb4000074bf5f5510 from 0xb4000074bf5f6d90
05-27 18:48:45.070   299 30841 D EvsDriver: forwardFrame
05-27 18:48:45.072   581   581 I SpiService: fgesysctrl_getGPIO_status success val=1
05-27 08:39:54.036   581   581 D spi_rst_gpio_get_output: GPIO 145 value: 1
05-27 18:48:45.074   299  1153 D EvsDriver: doneWithFrame
05-27 18:48:45.076  1167  1167 D evsmanagerd: /dev/video4 forwarded the buffer #0 to 0xb4000074bf5f6850 from 0xb4000074bf5f41d0
05-27 08:39:54.036   581   581 D spidev_ioctl: gpio status=1)
05-27 18:48:45.076   299 30841 D EvsDriver: Delivered 0xb400007b7ca56a60 as id 0
05-27 18:48:45.079   581   581 I SpiService: fgesysctrl_getGPIO_status success val=0
05-27 08:39:54.043   581   581 D spi_rst_gpio_get_output: GPIO 145 value: 0
05-27 08:39:54.043   581   581 D spidev_ioctl: gpio status=0)
05-27 18:48:45.082   299  1153 D EvsDriver: doneWithFrame
05-27 18:48:45.087  1008 30856 D [OMXB]  : usingANWBuffer: handle:0xee743c90, format:1, w:1920, h:1080
05-27 18:48:45.088   536   536 D commservice260303: msg.id = 1028,0
05-27 18:48:45.088   536   536 D commservice260303: i = 170, msgid = 8A000404
05-27 18:48:45.088   536   536 D commservice260303: msgid = -1979710460,did=138
05-27 18:48:45.088   536   536 D commservice260303: CommProtocolLibCmdBaseI2C::dataproc {"command":{"id":"imu_status","sub":""},"content":{"TimeStamp":10,"FrameCounter":252552,"GD_X":-0.011453153565526009,"GD_Y":0.004963258747011423,"GD_Z":0.00137423281557858,"AD_X":-8.352100849151611E-4,"AD_Y":0.0036124996840953827,"AD_Z":-0.17557621002197266,"TempDsp":0,"Status":0,"CalibState":1,"SigAmpInvalid":0}},-1979710460
05-27 18:48:45.088 13911 14183 I SentryImuMcuAngleSender: 179.96498rollDeg
05-27 18:48:45.088 13911 14183 I SentryImuMcuAngleSender: 1,0,0
05-27 18:48:45.088   536   536 D commservice260303: send2Cluster len:315, 7B22636F6D6D616E64223A7B226964223A22696D755F737461747573222C22737562223A22227D2C22636F6E74656E74223A7B2254696D655374616D70223A31302C224672616D65436F756E746572223A3235323535322C2247445F58223A2D302E3031313435333135333536353532363030392C2247445F59223A302E3030343936333235383734373031313432332C2247445F5A223A302E30303133373432333238313535373835382C2241445F58223A2D382E333532313030383439313531363131452D342C2241445F59223A302E303033363132343939363834303935333832372C2241445F5A223A2D302E31373535373632313030323139373236362C2254656D70447370223A302C22537461747573223A302C2243616C69625374617465223A312C22536967416D70496E76616C6964223A307D7D, 138 
05-27 18:48:45.088   536   536 D commservice260303: Push Message into SendPool fn=1343947776
05-27 18:48:45.088   536   536 D commservice260303: ComProtocolLibSend2Cluster::send2ClusterRaw fn=1343947776 , len=331
05-27 18:48:45.088   536   536 D commservice260303: sendCmdToPort :331!!!
05-27 18:48:45.088   536   536 D commservice260303: send Cmd To Port ++++5AA501478A0100041B506A16CC0D7B22636F6D6D616E64223A7B226964223A22696D755F737461747573222C22737562223A22227D2C22636F6E74656E74223A7B2254696D655374616D70223A31302C224672616D65436F756E746572223A3235323535322C2247445F58223A2D302E3031313435333135333536353532363030392C2247445F59223A302E3030343936333235383734373031313432332C2247445F5A223A302E30303133373432333238313535373835382C2241445F58223A2D382E333532313030383439313531363131452D342C2241445F59223A302E303033363132343939363834303935333832372C2241445F5A223A2D302E31373535373632313030323139373236362C2254656D70447370223A302C22537461747573223A302C2243616C69625374617465223A312C22536967416D70496E76616C6964223A307D7D12BE
05-27 18:48:45.088   536   536 D commservice260303: bufferevent_write retrun value = 0
05-27 18:48:45.088   536   560 D commservice260303: client datas send succeed,send finish
05-27 18:48:45.089 13911 14192 D Sentinelmode_1.2.5.17_sentry: <SentryImuClusterFgeSender>imu_status sent to Linux, frame=252552, tsNs=10792324, tsMs=10, intervalMs=41, ad=(-8.352101E-4,0.0036124997,-0.17557621), gd=(-0.011453154,0.0049632587,0.0013742328)
05-27 18:48:45.094   581   581 I SpiService: fgesysctrl_getGPIO_status success val=1
05-27 08:39:54.059   581   581 D spi_rst_gpio_get_output: GPIO 145 value: 1
05-27 08:39:54.059   581   581 D spidev_ioctl: gpio status=1)
05-27 18:48:45.097   299 30841 D EvsDriver: forwardFrame
05-27 18:48:45.099   299 30844 D EvsDriver: forwardFrame
05-27 18:48:45.100   299 30841 D EvsDriver: Delivered 0xb400007b7ca56a60 as id 0
05-27 18:48:45.100  1167  1167 D evsmanagerd: /dev/video4 forwarded the buffer #0 to 0xb4000074bf5f6850 from 0xb4000074bf5f41d0
05-27 18:48:45.100   299 30844 D EvsDriver: Delivered 0xb400007b7ca56900 as id 0
05-27 18:48:45.100  1167  1167 D evsmanagerd: /dev/video6 forwarded the buffer #0 to 0xb4000074bf5f5510 from 0xb4000074bf5f6d90
05-27 18:48:45.100 30773 30773 E dvr_service_: [myNum:0] Received S**** loss
05-27 18:48:45.100   581   581 I SpiService: fgesysctrl_getGPIO_status success val=1
05-27 18:48:45.100   299  1153 D EvsDriver: doneWithFrame
05-27 18:48:45.100 30773 30781 E dvr_service_: [myNum:1] Received S**** loss
05-27 18:48:45.101   299  1153 D EvsDriver: doneWithFrame
05-27 08:39:54.065   581   581 D spi_rst_gpio_get_output: GPIO 145 value: 1
05-27 08:39:54.065   581   581 D spidev_ioctl: gpio status=1)
05-27 18:48:45.105   581   581 I SpiService: fgesysctrl_getGPIO_status success val=1
05-27 18:48:45.108  1008 30857 D [OMXB]  : usingANWBuffer: handle:0xee742950, format:1, w:1920, h:1080
05-27 18:48:45.109 13911 14183 I SentryImuMcuAngleSender: 179.97899rollDeg
05-27 18:48:45.109 13911 14183 I SentryImuMcuAngleSender: 1,0,0
05-27 08:39:54.070   581   581 D spi_rst_gpio_get_output: GPIO 145 value: 1
05-27 08:39:54.070   581   581 D spidev_ioctl: gpio status=1)
05-27 18:48:45.111   581   581 I SpiService: fgesysctrl_getGPIO_status success val=1
05-27 08:39:54.075   581   581 D spi_rst_gpio_get_output: GPIO 145 value: 1
05-27 08:39:54.075   581   581 D spidev_ioctl: gpio status=1)
05-27 18:48:45.115   283   307 I rvcservice: t.code = 3, t.value = 0
05-27 18:48:45.116   581   581 I SpiService: fgesysctrl_getGPIO_status success val=1
05-27 08:39:54.081   581   581 D spi_rst_gpio_get_output: GPIO 145 value: 1
05-27 18:48:45.117 15863 15863 D AIN-NaviLocationPresenter: ACC is OFF, skip upload location
05-27 08:39:54.081   581   581 D spidev_ioctl: gpio status=1)
05-27 18:48:45.121   581   581 I SpiService: fgesysctrl_getGPIO_status success val=0
05-27 18:48:45.123 15863 15914 W AIN-DaemonApplication: dds kernel success.
05-27 18:48:45.123  1008 30856 D [OMXB]  : usingANWBuffer: handle:0xee744210, format:1, w:1920, h:1080
05-27 08:39:54.086   581   581 D spi_rst_gpio_get_output: GPIO 145 value: 0
05-27 08:39:54.086   581   581 D spidev_ioctl: gpio status=0)
05-27 18:48:45.128   536   536 D commservice260303: msg.id = 1028,0
05-27 18:48:45.128   536   536 D commservice260303: i = 170, msgid = 8A000404
05-27 18:48:45.128   536   536 D commservice260303: msgid = -1979710460,did=138
05-27 18:48:45.128   536   536 D commservice260303: CommProtocolLibCmdBaseI2C::dataproc {"command":{"id":"imu_status","sub":""},"content":{"TimeStamp":10,"FrameCounter":252553,"GD_X":-0.01153013575822115,"GD_Y":0.005345047451555729,"GD_Z":0.0020608289632946253,"AD_X":-2.561807632446289E-4,"AD_Y":-0.0036915361415594816,"AD_Z":-0.16947650909423828,"TempDsp":0,"Status":0,"CalibState":1,"SigAmpInvalid":0}},-1979710460
05-27 18:48:45.128   536   536 D commservice260303: send2Cluster len:317, 7B22636F6D6D616E64223A7B226964223A22696D755F737461747573222C22737562223A22227D2C22636F6E74656E74223A7B2254696D655374616D70223A31302C224672616D65436F756E746572223A3235323535332C2247445F58223A2D302E30313135333031333537353832323131352C2247445F59223A302E3030353334353034373435313535353732392C2247445F5A223A302E303032303630383238393633323934363235332C2241445F58223A2D322E353631383037363332343436323839452D342C2241445F59223A2D302E303033363931353336313431353539343831362C2241445F5A223A2D302E31363934373635303930393432333832382C2254656D70447370223A302C22537461747573223A302C2243616C69625374617465223A312C22536967416D70496E76616C6964223A307D7D, 138 
05-27 18:48:45.128   536   536 D commservice260303: Push Message into SendPool fn=1360724992
05-27 18:48:45.128   536   536 D commservice260303: ComProtocolLibSend2Cluster::send2ClusterRaw fn=1360724992 , len=333
05-27 18:48:45.128   536   536 D commservice260303: sendCmdToPort :333!!!
05-27 18:48:45.128   536   536 D commservice260303: send Cmd To Port ++++5AA501498A0100041B516A16CC0D7B22636F6D6D616E64223A7B226964223A22696D755F737461747573222C22737562223A22227D2C22636F6E74656E74223A7B2254696D655374616D70223A31302C224672616D65436F756E746572223A3235323535332C2247445F58223A2D302E30313135333031333537353832323131352C2247445F59223A302E3030353334353034373435313535353732392C2247445F5A223A302E303032303630383238393633323934363235332C2241445F58223A2D322E353631383037363332343436323839452D342C2241445F59223A2D302E303033363931353336313431353539343831362C2241445F5A223A2D302E31363934373635303930393432333832382C2254656D70447370223A302C22537461747573223A302C2243616C69625374617465223A312C22536967416D70496E76616C6964223A307D7D0FB1
05-27 18:48:45.128   536   536 D commservice260303: bufferevent_write retrun value = 0
05-27 18:48:45.128   536   560 D commservice260303: client datas send succeed,send finish
05-27 18:48:45.128 13911 14192 D Sentinelmode_1.2.5.17_sentry: <SentryImuClusterFgeSender>imu_status sent to Linux, frame=252553, tsNs=10792377, tsMs=10, intervalMs=40, ad=(-2.5618076E-4,-0.0036915361,-0.16947651), gd=(-0.011530136,0.0053450475,0.002060829)
05-27 18:48:45.128 13911 14183 I SentryImuMcuAngleSender: -179.993rollDeg
05-27 18:48:45.128 13911 14183 I SentryImuMcuAngleSender: 1,0,0
05-27 18:48:45.134   299 30841 D EvsDriver: forwardFrame
05-27 18:48:45.135   581   581 I SpiService: fgesysctrl_getGPIO_status success val=1
05-27 18:48:45.136   299 30841 D EvsDriver: Delivered 0xb400007b7ca56a60 as id 0
05-27 18:48:45.136  1167  1167 D evsmanagerd: /dev/video4 forwarded the buffer #0 to 0xb4000074bf5f6850 from 0xb4000074bf5f41d0
05-27 08:39:54.100   581   581 D spi_rst_gpio_get_output: GPIO 145 value: 1
05-27 08:39:54.100   581   581 D spidev_ioctl: gpio status=1)
05-27 18:48:45.139   299 30844 D EvsDriver: forwardFrame
05-27 18:48:45.139   299  1153 D EvsDriver: doneWithFrame
05-27 18:48:45.140   299 30844 D EvsDriver: Delivered 0xb400007b7ca56900 as id 0
05-27 18:48:45.140  1167  1167 D evsmanagerd: /dev/video6 forwarded the buffer #0 to 0xb4000074bf5f5510 from 0xb4000074bf5f6d90
05-27 18:48:45.141   581   581 I SpiService: fgesysctrl_getGPIO_status success val=1
05-27 18:48:45.143   299  1153 D EvsDriver: doneWithFrame
05-27 08:39:54.105   581   581 D spi_rst_gpio_get_output: GPIO 145 value: 1
05-27 08:39:54.105   581   581 D spidev_ioctl: gpio status=1)
05-27 18:48:45.145   572   622 I Sensors : 230 AccelSensor: x:-0.168360,y:-0.000610,z:-9.973500
05-27 18:48:45.147   581   581 I SpiService: fgesysctrl_getGPIO_status success val=1
05-27 18:48:45.148 13911 14183 I SentryImuMcuAngleSender: -179.99649rollDeg
05-27 18:48:45.148 13911 14183 I SentryImuMcuAngleSender: 1,0,0
05-27 08:39:54.111   581   581 D spi_rst_gpio_get_output: GPIO 145 value: 1
05-27 08:39:54.111   581   581 D spidev_ioctl: gpio status=1)
05-27 18:48:45.152   581   581 I SpiService: fgesysctrl_getGPIO_status success val=1
05-27 18:48:45.152  1008 30857 D [OMXB]  : usingANWBuffer: handle:0xee742a00, format:1, w:1920, h:1080
05-27 08:39:54.117   581   581 D spi_rst_gpio_get_output: GPIO 145 value: 1
05-27 08:39:54.117   581   581 D spidev_ioctl: gpio status=1)
05-27 18:48:45.158   581   581 I SpiService: fgesysctrl_getGPIO_status success val=0
05-27 18:48:45.160   299 30841 D EvsDriver: forwardFrame
05-27 08:39:54.122   581   581 D spi_rst_gpio_get_output: GPIO 145 value: 0
05-27 08:39:54.122   581   581 D spidev_ioctl: gpio status=0)
05-27 18:48:45.163 30773 30786 I dvr_service_: CameraX 1  audioOK: 155014785,audios:2310
05-27 18:48:45.163  1167  1167 D evsmanagerd: /dev/video4 forwarded the buffer #0 to 0xb4000074bf5f6850 from 0xb4000074bf5f41d0
05-27 18:48:45.163   299 30841 D EvsDriver: Delivered 0xb400007b7ca56a60 as id 0
05-27 18:48:45.164   299 30844 D EvsDriver: forwardFrame
05-27 18:48:45.167   299  1153 D EvsDriver: doneWithFrame
05-27 18:48:45.168   299 30844 D EvsDriver: Delivered 0xb400007b7ca56900 as id 0
05-27 18:48:45.168  1167  1167 D evsmanagerd: /dev/video6 forwarded the buffer #0 to 0xb4000074bf5f5510 from 0xb4000074bf5f6d90
05-27 18:48:45.169 13911 14183 I SentryImuMcuAngleSender: 179.993rollDeg
05-27 18:48:45.169   536   536 D commservice260303: msg.id = 1028,1
05-27 18:48:45.169   536   536 D commservice260303: i = 170, msgid = 8A000404
05-27 18:48:45.169 13911 14183 I SentryImuMcuAngleSender: 1,0,0
05-27 18:48:45.169   536   536 D commservice260303: msgid = -1979710460,did=138
05-27 18:48:45.169   536   536 D commservice260303: CommProtocolLibCmdBaseI2C::dataproc {"command":{"id":"imu_status","sub":""},"content":{"TimeStamp":10,"FrameCounter":252554,"GD_X":-0.011377211660146713,"GD_Y":0.004963258747011423,"GD_Z":0.0020608289632946253,"AD_X":-0.004522696137428284,"AD_Y":-0.001236440148204565,"AD_Z":-0.1688709259033203,"TempDsp":0,"Status":0,"CalibState":1,"SigAmpInvalid":0}},-1979710460
05-27 18:48:45.169   536   536 D commservice260303: send2Cluster len:316, 7B22636F6D6D616E64223A7B226964223A22696D755F737461747573222C22737562223A22227D2C22636F6E74656E74223A7B2254696D655374616D70223A31302C224672616D65436F756E746572223A3235323535342C2247445F58223A2D302E3031313337373231313636303134363731332C2247445F59223A302E3030343936333235383734373031313432332C2247445F5A223A302E303032303630383238393633323934363235332C2241445F58223A2D302E3030343532323639363133373432383238342C2241445F59223A2D302E3030313233363434303134383230343536352C2241445F5A223A2D302E313638383730393235393033333230332C2254656D70447370223A302C22537461747573223A302C2243616C69625374617465223A312C22536967416D70496E76616C6964223A307D7D, 138 
05-27 18:48:45.169   536   536 D commservice260303: Push Message into SendPool fn=1377502208
05-27 18:48:45.169   536   536 D commservice260303: ComProtocolLibSend2Cluster::send2ClusterRaw fn=1377502208 , len=332
05-27 18:48:45.169   536   536 D commservice260303: sendCmdToPort :332!!!
05-27 18:48:45.169   536   536 D commservice260303: send Cmd To Port ++++5AA501488A0100041B526A16CC0D7B22636F6D6D616E64223A7B226964223A22696D755F737461747573222C22737562223A22227D2C22636F6E74656E74223A7B2254696D655374616D70223A31302C224672616D65436F756E746572223A3235323535342C2247445F58223A2D302E3031313337373231313636303134363731332C2247445F59223A302E3030343936333235383734373031313432332C2247445F5A223A302E303032303630383238393633323934363235332C2241445F58223A2D302E3030343532323639363133373432383238342C2241445F59223A2D302E3030313233363434303134383230343536352C2241445F5A223A2D302E313638383730393235393033333230332C2254656D70447370223A302C22537461747573223A302C2243616C69625374617465223A312C22536967416D70496E76616C6964223A307D7D1D1E
05-27 18:48:45.169   536   536 D commservice260303: bufferevent_write retrun value = 0
05-27 18:48:45.170   536   560 D commservice260303: client datas send succeed,send finish
05-27 18:48:45.170 13911 14192 D Sentinelmode_1.2.5.17_sentry: <SentryImuClusterFgeSender>imu_status sent to Linux, frame=252554, tsNs=10792413, tsMs=10, intervalMs=41, ad=(-0.004522696,-0.0012364401,-0.16887093), gd=(-0.011377212,0.0049632587,0.002060829)
05-27 18:48:45.171   299  1153 D EvsDriver: doneWithFrame
05-27 08:39:54.137   581   581 D spi_rst_gpio_get_output: GPIO 145 value: 1
05-27 08:39:54.137   581   581 D spidev_ioctl: gpio status=1)
05-27 18:48:45.173   581   581 I SpiService: fgesysctrl_getGPIO_status success val=1
05-27 18:48:45.178  1008 30856 D [OMXB]  : usingANWBuffer: handle:0xee7427f0, format:1, w:1920, h:1080
05-27 18:48:45.178   581   581 I SpiService: fgesysctrl_getGPIO_status success val=1
05-27 08:39:54.143   581   581 D spi_rst_gpio_get_output: GPIO 145 value: 1
05-27 08:39:54.143   581   581 D spidev_ioctl: gpio status=1)
05-27 18:48:45.184   581   581 I SpiService: fgesysctrl_getGPIO_status success val=1
05-27 08:39:54.148   581   581 D spi_rst_gpio_get_output: GPIO 145 value: 1
05-27 08:39:54.148   581   581 D spidev_ioctl: gpio status=1)
05-27 18:48:45.189 13911 14183 I SentryImuMcuAngleSender: 179.993rollDeg
05-27 18:48:45.189   581   581 I SpiService: fgesysctrl_getGPIO_status success val=1
05-27 18:48:45.189 13911 14183 I SentryImuMcuAngleSender: 1,0,0
05-27 08:39:54.154   581   581 D spi_rst_gpio_get_output: GPIO 145 value: 1
05-27 08:39:54.154   581   581 D spidev_ioctl: gpio status=1)
05-27 18:48:45.195   581   581 I SpiService: fgesysctrl_getGPIO_status success val=1
05-27 18:48:45.195   299 30844 D EvsDriver: forwardFrame
05-27 08:39:54.159   581   581 D spi_rst_gpio_get_output: GPIO 145 value: 1
05-27 08:39:54.159   581   581 D spidev_ioctl: gpio status=1)
05-27 18:48:45.197  1167  1167 D evsmanagerd: /dev/video6 forwarded the buffer #0 to 0xb4000074bf5f5510 from 0xb4000074bf5f6d90
05-27 18:48:45.197   299 30844 D EvsDriver: Delivered 0xb400007b7ca56900 as id 0
05-27 18:48:45.197   299 30841 D EvsDriver: forwardFrame
05-27 18:48:45.199   299 30841 D EvsDriver: Delivered 0xb400007b7ca56a60 as id 0
05-27 18:48:45.199  1167  1167 D evsmanagerd: /dev/video4 forwarded the buffer #0 to 0xb4000074bf5f6850 from 0xb4000074bf5f41d0
05-27 18:48:45.200   299  1153 D EvsDriver: doneWithFrame
05-27 18:48:45.200   581   581 I SpiService: fgesysctrl_getGPIO_status success val=0
05-27 08:39:54.165   581   581 D spi_rst_gpio_get_output: GPIO 145 value: 0
05-27 08:39:54.165   581   581 D spidev_ioctl: gpio status=0)
05-27 18:48:45.201   299  1153 D EvsDriver: doneWithFrame
05-27 18:48:45.205 15863 16069 D AIN-HttpHealthPolicy: call() called start, host=www.12306.cn
05-27 18:48:45.207  1008 30857 D [OMXB]  : usingANWBuffer: handle:0xee741e50, format:1, w:1920, h:1080
05-27 18:48:45.207 10046  5043 D resolv  : GetAddrInfoHandler::run: {103 786535 103 983143 1000 0}
05-27 18:48:45.208 10046  5043 D resolv  : resolv_getaddrinfo: explore_fqdn(): ai_family=0 ai_socktype=1 ai_protocol=6
05-27 18:48:45.208   536   536 D commservice260303: msg.id = 1028,0
05-27 18:48:45.209   536   536 D commservice260303: i = 170, msgid = 8A000404
05-27 18:48:45.209   536   536 D commservice260303: msgid = -1979710460,did=138
05-27 18:48:45.209   536   536 D commservice260303: CommProtocolLibCmdBaseI2C::dataproc {"command":{"id":"imu_status","sub":""},"content":{"TimeStamp":10,"FrameCounter":252555,"GD_X":-0.011834942735731602,"GD_Y":0.00519212381914258,"GD_Z":0.0019079053308814764,"AD_X":-0.004508361220359802,"AD_Y":-0.0036614371929317713,"AD_Z":-0.1694812774658203,"TempDsp":0,"Status":0,"CalibState":1,"SigAmpInvalid":0}},-1979710460
05-27 18:48:45.209   536   536 D commservice260303: send2Cluster len:316, 7B22636F6D6D616E64223A7B226964223A22696D755F737461747573222C22737562223A22227D2C22636F6E74656E74223A7B2254696D655374616D70223A31302C224672616D65436F756E746572223A3235323535352C2247445F58223A2D302E3031313833343934323733353733313630322C2247445F59223A302E30303531393231323338313931343235382C2247445F5A223A302E303031393037393035333330383831343736342C2241445F58223A2D302E3030343530383336313232303335393830322C2241445F59223A2D302E303033363631343337313932393331373731332C2241445F5A223A2D302E313639343831323737343635383230332C2254656D70447370223A302C22537461747573223A302C2243616C69625374617465223A312C22536967416D70496E76616C6964223A307D7D, 138 
05-27 18:48:45.209   536   536 D commservice260303: Push Message into SendPool fn=1394279424
05-27 18:48:45.209   536   536 D commservice260303: ComProtocolLibSend2Cluster::send2ClusterRaw fn=1394279424 , len=332
05-27 18:48:45.209   536   536 D commservice260303: sendCmdToPort :332!!!
05-27 18:48:45.209   536   536 D commservice260303: send Cmd To Port ++++5AA501488A0100041B536A16CC0D7B22636F6D6D616E64223A7B226964223A22696D755F737461747573222C22737562223A22227D2C22636F6E74656E74223A7B2254696D655374616D70223A31302C224672616D65436F756E746572223A3235323535352C2247445F58223A2D302E3031313833343934323733353733313630322C2247445F59223A302E30303531393231323338313931343235382C2247445F5A223A302E303031393037393035333330383831343736342C2241445F58223A2D302E3030343530383336313232303335393830322C2241445F59223A2D302E303033363631343337313932393331373731332C2241445F5A223A2D302E313639343831323737343635383230332C2254656D70447370223A302C22537461747573223A302C2243616C69625374617465223A312C22536967416D70496E76616C6964223A307D7D88C6
05-27 18:48:45.209 13911 14183 I SentryImuMcuAngleSender: -179.993rollDeg
05-27 18:48:45.210 13911 14183 I SentryImuMcuAngleSender: 1,0,0
05-27 18:48:45.210   536   536 D commservice260303: bufferevent_write retrun value = 0
05-27 18:48:45.210   536   560 D commservice260303: client datas send succeed,send finish
05-27 18:48:45.210 13911 14192 D Sentinelmode_1.2.5.17_sentry: <SentryImuClusterFgeSender>imu_status sent to Linux, frame=252555, tsNs=10792449, tsMs=10, intervalMs=40, ad=(-0.004508361,-0.0036614372,-0.16948128), gd=(-0.011834943,0.005192124,0.0019079053)
05-27 18:48:45.211 10046  5044 D resolv  : doQuery: (1, 1)
05-27 18:48:45.211 10046  5044 D resolv  : res_nmkquery: (QUERY, IN, A)
05-27 18:48:45.211 10046  5044 D resolv  : res_nsend
05-27 18:48:45.211 10046  5044 I resolv  : resolv_cache_lookup: lookup
05-27 18:48:45.211 10046  5044 I resolv  : resolv_cache_lookup: FOUND IN CACHE entry=0xb4000072a546c090
05-27 18:48:45.211 10046  5044 D resolv  : doQuery: rcode=0, ancount=3
05-27 18:48:45.214 15863 16069 D TrafficStats: tagSocket(164) with statsTag=0xffffffff, statsUid=-1
05-27 18:48:45.214   581   581 I SpiService: fgesysctrl_getGPIO_status success val=1
05-27 18:48:45.215   283   307 I rvcservice: t.code = 3, t.value = 0
05-27 08:39:54.179   581   581 D spi_rst_gpio_get_output: GPIO 145 value: 1
05-27 08:39:54.179   581   581 D spidev_ioctl: gpio status=1)
05-27 18:48:45.220   581   581 I SpiService: fgesysctrl_getGPIO_status success val=1
05-27 08:39:54.184   581   581 D spi_rst_gpio_get_output: GPIO 145 value: 1
05-27 08:39:54.184   581   581 D spidev_ioctl: gpio status=1)
05-27 18:48:45.222  1008 30856 D [OMXB]  : usingANWBuffer: handle:0xee740dd0, format:1, w:1920, h:1080
05-27 18:48:45.222   299 30844 D EvsDriver: forwardFrame
05-27 18:48:45.217 30773 30773 I auditd  : type=1400 audit(0.0:65762): avc: denied { call } for comm=4E444B204D65646961436F6465635F scontext=u:r:adayo_dvr_service:s0 tcontext=u:r:mediaswcodec:s0 tclass=binder permissive=1
05-27 18:48:45.217 30773 30773 I /system/bin/adayo_dvr_service: type=1400 audit(0.0:65762): avc: denied { call } for comm=4E444B204D65646961436F6465635F scontext=u:r:adayo_dvr_service:s0 tcontext=u:r:mediaswcodec:s0 tclass=binder permissive=1
05-27 18:48:45.224  1167  1167 D evsmanagerd: /dev/video6 forwarded the buffer #0 to 0xb4000074bf5f5510 from 0xb4000074bf5f6d90
05-27 18:48:45.224   299 30844 D EvsDriver: Delivered 0xb400007b7ca56900 as id 0
05-27 18:48:45.225 30773 30786 I dvr_service_: CameraX 0  audioOK: 155014785,audios:2310
05-27 18:48:45.226   581   581 I SpiService: fgesysctrl_getGPIO_status success val=1
05-27 08:39:54.190   581   581 D spi_rst_gpio_get_output: GPIO 145 value: 1
05-27 08:39:54.190   581   581 D spidev_ioctl: gpio status=1)
05-27 18:48:45.230 13911 14183 I SentryImuMcuAngleSender: -179.993rollDeg
05-27 18:48:45.230 13911 14183 I SentryImuMcuAngleSender: 1,0,0
05-27 18:48:45.231   299  1153 D EvsDriver: doneWithFrame
05-27 18:48:45.231   581   581 I SpiService: fgesysctrl_getGPIO_status success val=1
05-27 08:39:54.196   581   581 D spi_rst_gpio_get_output: GPIO 145 value: 1
05-27 08:39:54.196   581   581 D spidev_ioctl: gpio status=1)
05-27 18:48:45.233   299 30841 D EvsDriver: forwardFrame
05-27 18:48:45.235   572   572 I Sensors : 230 GyroSensor: x:-0.011682,y:0.005268,z:0.001832
05-27 18:48:45.235   299 30841 D EvsDriver: Delivered 0xb400007b7ca56a60 as id 0
05-27 18:48:45.235  1167  1167 D evsmanagerd: /dev/video4 forwarded the buffer #0 to 0xb4000074bf5f6850 from 0xb4000074bf5f41d0
05-27 18:48:45.237   581   581 I SpiService: fgesysctrl_getGPIO_status success val=1
05-27 18:48:45.238   299  1153 D EvsDriver: doneWithFrame
05-27 08:39:54.201   581   581 D spi_rst_gpio_get_output: GPIO 145 value: 1
05-27 08:39:54.201   581   581 D spidev_ioctl: gpio status=1)
05-27 18:48:45.242   581   581 I SpiService: fgesysctrl_getGPIO_status success val=0
05-27 18:48:45.244  1008 30857 D [OMXB]  : usingANWBuffer: handle:0xee7404e0, format:1, w:1920, h:1080
05-27 08:39:54.207   581   581 D spi_rst_gpio_get_output: GPIO 145 value: 0
05-27 08:39:54.207   581   581 D spidev_ioctl: gpio status=0)
05-27 18:48:45.249   536   536 D commservice260303: msg.id = 1028,1
05-27 18:48:45.249   536   536 D commservice260303: i = 170, msgid = 8A000404
05-27 18:48:45.249   536   536 D commservice260303: msgid = -1979710460,did=138
05-27 18:48:45.249   536   536 D commservice260303: CommProtocolLibCmdBaseI2C::dataproc {"command":{"id":"imu_status","sub":""},"content":{"TimeStamp":10,"FrameCounter":252556,"GD_X":-0.011682018637657166,"GD_Y":0.005268065724521875,"GD_Z":0.0018319635419175029,"AD_X":-0.0081414133310318,"AD_Y":-0.0012046268675476313,"AD_Z":-0.1694812774658203,"TempDsp":0,"Status":0,"CalibState":1,"SigAmpInvalid":0}},-1979710460
05-27 18:48:45.249   536   536 D commservice260303: send2Cluster len:315, 7B22636F6D6D616E64223A7B226964223A22696D755F737461747573222C22737562223A22227D2C22636F6E74656E74223A7B2254696D655374616D70223A31302C224672616D65436F756E746572223A3235323535362C2247445F58223A2D302E3031313638323031383633373635373136362C2247445F59223A302E3030353236383036353732343532313837352C2247445F5A223A302E303031383331393633353431393137353032392C2241445F58223A2D302E303038313431343133333331303331382C2241445F59223A2D302E303031323034363236383637353437363331332C2241445F5A223A2D302E313639343831323737343635383230332C2254656D70447370223A302C22537461747573223A302C2243616C69625374617465223A312C22536967416D70496E76616C6964223A307D7D, 138 
05-27 18:48:45.249   536   536 D commservice260303: Push Message into SendPool fn=1411056640
05-27 18:48:45.249   536   536 D commservice260303: ComProtocolLibSend2Cluster::send2ClusterRaw fn=1411056640 , len=331
05-27 18:48:45.249   536   536 D commservice260303: sendCmdToPort :331!!!
05-27 18:48:45.249   536   536 D commservice260303: send Cmd To Port ++++5AA501478A0100041B546A16CC0D7B22636F6D6D616E64223A7B226964223A22696D755F737461747573222C22737562223A22227D2C22636F6E74656E74223A7B2254696D655374616D70223A31302C224672616D65436F756E746572223A3235323535362C2247445F58223A2D302E3031313638323031383633373635373136362C2247445F59223A302E3030353236383036353732343532313837352C2247445F5A223A302E303031383331393633353431393137353032392C2241445F58223A2D302E303038313431343133333331303331382C2241445F59223A2D302E303031323034363236383637353437363331332C2241445F5A223A2D302E313639343831323737343635383230332C2254656D70447370223A302C22537461747573223A302C2243616C69625374617465223A312C22536967416D70496E76616C6964223A307D7D78F1
05-27 18:48:45.249   536   536 D commservice260303: bufferevent_write retrun value = 0
05-27 18:48:45.249   536   560 D commservice260303: client datas send succeed,send finish
05-27 18:48:45.250 13911 14192 D Sentinelmode_1.2.5.17_sentry: <SentryImuClusterFgeSender>imu_status sent to Linux, frame=252556, tsNs=10792485, tsMs=10, intervalMs=40, ad=(-0.008141413,-0.0012046269,-0.16948128), gd=(-0.011682019,0.0052680657,0.0018319635)
05-27 18:48:45.250 13911 14183 I SentryImuMcuAngleSender: 179.993rollDeg
05-27 18:48:45.250 13911 14183 I SentryImuMcuAngleSender: 1,0,0
05-27 18:48:45.256   481   598 I mcuc    : rev,n=1,6AA681D962000A89009E0104091312345656
05-27 18:48:45.256  1121  1144 I tboxmids_ap: [2026-05-27 18:48:45.256] [MCU RX] src=MCU dst=ZMQ len=10 type=BINARY data=00 08 9E 01 04 09 13 12 34 56 
05-27 18:48:45.256   351   373 D automotive.vehicle@2.0-adayo-datacomm-mcu: MCUDatacomm sendMessageFromVehicle prop: 0x89, areaId: 0x0, status: 0x9e, timestamp: 0x1
05-27 18:48:45.256   351   373 D automotive.vehicle@2.0-adayo-datacomm-mcu: MCUDatacomm 1sendMessageFromVehicle ---> type = 12 
05-27 18:48:45.256   581   581 I SpiService: fgesysctrl_getGPIO_status success val=1
05-27 08:39:54.221   581   581 D spi_rst_gpio_get_output: GPIO 145 value: 1
05-27 08:39:54.221   581   581 D spidev_ioctl: gpio status=1)
05-27 18:48:45.258  1083  1083 I MyAppLog: [2026-05-27 18:48:45.257 I tboxap mcuCommTboxmidsRecvCb:97] [Mcu] [mcuCommTboxmidsRecvCb] recv from tboxmids, size:10
05-27 18:48:45.258  1083  1083 I MyAppLog: [2026-05-27 18:48:45.257 I tboxap mcuCommTboxmidsRecvCb:98] [Mcu] [tboxmids -> tboxap]: :00 08 9E 01 04 09 13 12 34 56
05-27 18:48:45.258  1083  1083 W MyAppLog: [2026-05-27 18:48:45.257 W tboxap mcuYadiFrameParse:852] [Mcu] [mcuYadiFrameParse] cmd:0913(MCU_SEC_BATT1_DYNAMIC_IND) payload too short:5 < 36
05-27 18:48:45.258  1083  1083 W MyAppLog: [2026-05-27 18:48:45.257 W tboxap mcuPtlParseData:982] [Mcu] [mcuPtlParseData] invalid yadi frame, len:10
05-27 18:48:45.262   299 30841 D EvsDriver: forwardFrame
05-27 18:48:45.263   581   581 I SpiService: fgesysctrl_getGPIO_status success val=1
05-27 18:48:45.263   299 30841 D EvsDriver: Delivered 0xb400007b7ca56a60 as id 0
05-27 18:48:45.263  1167  1167 D evsmanagerd: /dev/video4 forwarded the buffer #0 to 0xb4000074bf5f6850 from 0xb4000074bf5f41d0
05-27 18:48:45.264 30773 30773 I dvr_service_: [myNum:0][onFrameReceived] Received Surface:1 0
05-27 18:48:45.264 30773 30773 E dvr_service_: [myNum:0] Received S**** loss
05-27 18:48:45.264   299  1153 D EvsDriver: doneWithFrame
05-27 08:39:54.227   581   581 D spi_rst_gpio_get_output: GPIO 145 value: 1
05-27 08:39:54.227   581   581 D spidev_ioctl: gpio status=1)
05-27 18:48:45.265  1008 30856 D [OMXB]  : usingANWBuffer: handle:0xee7421c0, format:1, w:1920, h:1080
05-27 18:48:45.269   581   581 I SpiService: fgesysctrl_getGPIO_status success val=1
05-27 18:48:45.270 13911 14183 I SentryImuMcuAngleSender: 179.986rollDeg
05-27 18:48:45.270 13911 14183 I SentryImuMcuAngleSender: 1,0,0
05-27 18:48:45.273   299 30844 D EvsDriver: forwardFrame
05-27 08:39:54.234   581   581 D spi_rst_gpio_get_output: GPIO 145 value: 1
05-27 08:39:54.234   581   581 D spidev_ioctl: gpio status=1)
05-27 18:48:45.275   581   581 I SpiService: fgesysctrl_getGPIO_status success val=1
05-27 18:48:45.275  1167  1167 D evsmanagerd: /dev/video6 forwarded the buffer #0 to 0xb4000074bf5f5510 from 0xb4000074bf5f6d90
05-27 18:48:45.275   299 30844 D EvsDriver: Delivered 0xb400007b7ca56900 as id 0
05-27 18:48:45.276 30773 30773 I dvr_service_: [myNum:1][onFrameReceived] Received Surface:1 0
05-27 18:48:45.276 30773 30773 E dvr_service_: [myNum:1] Received S**** loss
05-27 18:48:45.276   299  1153 D EvsDriver: doneWithFrame
05-27 08:39:54.240   581   581 D spi_rst_gpio_get_output: GPIO 145 value: 1
05-27 08:39:54.240   581   581 D spidev_ioctl: gpio status=1)
05-27 18:48:45.280   536   536 W commservice260303: [FgeComService::getAQConnectStatus:378]
05-27 18:48:45.280   536   536 W commservice260303: [mcuCommFunctionTcp::getAQConnectStatus:406] 1
05-27 18:48:45.280   536   536 W commservice260303: [FgeComService::getAQConnectStatus:380] status:1
05-27 18:48:45.280 12246 12246 E ivicomm_CommManager: getA2lConnectStatus aqConnectStatus:1
05-27 18:48:45.280 12246 12246 D ivicomm_ConnectStateManager: notifyState newState=1curState=1
05-27 18:48:45.280   581   581 I SpiService: fgesysctrl_getGPIO_status success val=0
05-27 18:48:45.281   481   597 I mcuc    : send SPI:6AA602D9620002890038
05-27 08:39:54.245   581   581 D spi_rst_gpio_get_output: GPIO 145 value: 0
05-27 08:39:54.245   581   581 D spidev_ioctl: gpio status=0)
05-27 18:48:45.281  1008 30857 D [OMXB]  : usingANWBuffer: handle:0xee743500, format:1, w:1920, h:1080
05-27 18:48:45.287   566 11459 I gps_hdbd: nmea_cs <0> != calc_cs <91>, return -1
05-27 18:48:45.290   536   536 D commservice260303: msg.id = 1028,0
05-27 18:48:45.290   536   536 D commservice260303: i = 170, msgid = 8A000404
05-27 18:48:45.290   536   536 D commservice260303: msgid = -1979710460,did=138
05-27 18:48:45.290   536   536 D commservice260303: CommProtocolLibCmdBaseI2C::dataproc {"command":{"id":"imu_status","sub":""},"content":{"TimeStamp":10,"FrameCounter":252557,"GD_X":-0.01153013575822115,"GD_Y":0.005268065724521875,"GD_Z":0.001679039909504354,"AD_X":-0.004460617899894714,"AD_Y":0.002446889877319336,"AD_Z":-0.1719207763671875,"TempDsp":0,"Status":0,"CalibState":1,"SigAmpInvalid":0}},-1979710460
05-27 18:48:45.290   536   536 D commservice260303: send2Cluster len:313, 7B22636F6D6D616E64223A7B226964223A22696D755F737461747573222C22737562223A22227D2C22636F6E74656E74223A7B2254696D655374616D70223A31302C224672616D65436F756E746572223A3235323535372C2247445F58223A2D302E30313135333031333537353832323131352C2247445F59223A302E3030353236383036353732343532313837352C2247445F5A223A302E3030313637393033393930393530343335342C2241445F58223A2D302E3030343436303631373839393839343731342C2241445F59223A302E3030323434363838393837373331393333362C2241445F5A223A2D302E313731393230373736333637313837352C2254656D70447370223A302C22537461747573223A302C2243616C69625374617465223A312C22536967416D70496E76616C6964223A307D7D, 138 
05-27 18:48:45.290 13911 14183 I SentryImuMcuAngleSender: 179.96848rollDeg
05-27 18:48:45.290 13911 14183 I SentryImuMcuAngleSender: 1,0,0
05-27 18:48:45.290   536   536 D commservice260303: Push Message into SendPool fn=1427833856
05-27 18:48:45.290   536   536 D commservice260303: ComProtocolLibSend2Cluster::send2ClusterRaw fn=1427833856 , len=329
05-27 18:48:45.290   536   536 D commservice260303: sendCmdToPort :329!!!
