05-27 18:48:38.741   536   536 D commservice260303: sendCmdToPort :335!!!
05-27 18:48:38.742   536   536 D commservice260303: send Cmd To Port ++++5AA5014B8A0100041AB16A16CC067B22636F6D6D616E64223A7B226964223A22696D755F737461747573222C22737562223A22227D2C22636F6E74656E74223A7B2254696D655374616D70223A31302C224672616D65436F756E746572223A3235323339362C2247445F58223A2D302E3031313134373832353937383639363334362C2247445F59223A302E3030353830323737383532373134303631372C2247445F5A223A302E303032323930323134363434373434393932332C2241445F58223A2D302E303032313337363331313737393032323231372C2241445F59223A2D312E36323234313938303433333436343035452D342C2241445F5A223A2D302E31363934373635303930393432333832382C2254656D70447370223A302C22537461747573223A302C2243616C69625374617465223A312C22536967416D70496E76616C6964223A307D7D7609
05-27 18:48:38.742   536   536 D commservice260303: bufferevent_write retrun value = 0
05-27 18:48:38.742 13911 14192 D Sentinelmode_1.2.5.17_sentry: <SentryImuClusterFgeSender>imu_status sent to Linux, frame=252396, tsNs=10785976, tsMs=10, intervalMs=38, ad=(-0.0021376312,-1.6224198E-4,-0.16947651), gd=(-0.011147826,0.0058027785,0.0022902146)
05-27 18:48:38.742 13911 14183 I SentryImuMcuAngleSender: true
05-27 18:48:38.742 13911 14183 W Sentinelmode_1.2.5.17_sentry: <SentryImuMcuAngleSender>MCU IMU send interval abnormal: 1002ms
05-27 18:48:38.743   536   560 D commservice260303: client datas send succeed,send finish
05-27 18:48:38.745  1008 30857 D [OMXB]  : usingANWBuffer: handle:0xee744790, format:1, w:1920, h:1080
05-27 18:48:38.750   581   581 I SpiService: fgesysctrl_getGPIO_status success val=1
05-27 18:48:38.751 13911 14183 I SentryImuMcuAngleSender: 179.99298rollDeg
05-27 18:48:38.751 13911 14183 I SentryImuMcuAngleSender: 1,0,0
05-27 08:39:47.715   581   581 D spi_rst_gpio_get_output: GPIO 145 value: 1
05-27 08:39:47.715   581   581 D spidev_ioctl: gpio status=1)
05-27 18:48:38.756   581   581 I SpiService: fgesysctrl_getGPIO_status success val=1
05-27 08:39:47.720   581   581 D spi_rst_gpio_get_output: GPIO 145 value: 1
05-27 08:39:47.720   581   581 D spidev_ioctl: gpio status=1)
05-27 08:39:47.725   303   303 I [Audio:SBLCK] p_tt: 1394137,1394137
05-27 18:48:38.761   581   581 I SpiService: fgesysctrl_getGPIO_status success val=1
05-27 18:48:38.761   299 30841 D EvsDriver: forwardFrame
05-27 18:48:38.762   299 30844 D EvsDriver: forwardFrame
05-27 18:48:38.762   572   572 I Sensors : 230 GyroSensor: x:-0.012064,y:0.005039,z:0.001985
05-27 18:48:38.763   299 30844 D EvsDriver: Delivered 0xb400007b7ca56900 as id 0
05-27 18:48:38.763  1167  1167 D evsmanagerd: /dev/video6 forwarded the buffer #0 to 0xb4000074bf5f5510 from 0xb4000074bf5f6d90
05-27 18:48:38.763  1167  1184 D evsmanagerd: /dev/video4 forwarded the buffer #0 to 0xb4000074bf5f6850 from 0xb4000074bf5f41d0
05-27 18:48:38.763 30773 30781 E dvr_service_: [myNum:1] Received S**** loss
05-27 18:48:38.763 30773 30773 E dvr_service_: [myNum:0] Received S**** loss
05-27 18:48:38.763   299 30841 D EvsDriver: Delivered 0xb400007b7ca56a60 as id 0
05-27 18:48:38.764   299  1163 D EvsDriver: doneWithFrame
05-27 18:48:38.764   299  1153 D EvsDriver: doneWithFrame
05-27 18:48:38.764 30773 30786 I dvr_service_: CameraX 1  audioOK: 148614785,audios:2210
05-27 18:48:38.764  1008 30856 D [OMXB]  : usingANWBuffer: handle:0xee744160, format:1, w:1920, h:1080
05-27 08:39:47.726   581   581 D spi_rst_gpio_get_output: GPIO 145 value: 1
05-27 08:39:47.726   581   581 D spidev_ioctl: gpio status=1)
05-27 18:48:38.767   581   581 I SpiService: fgesysctrl_getGPIO_status success val=1
05-27 08:39:47.731   581   581 D spi_rst_gpio_get_output: GPIO 145 value: 1
05-27 08:39:47.731   581   581 D spidev_ioctl: gpio status=1)
05-27 18:48:38.771 13911 14183 I SentryImuMcuAngleSender: -179.99298rollDeg
05-27 18:48:38.771 13911 14183 I SentryImuMcuAngleSender: 1,0,0
05-27 18:48:38.772   581   581 I SpiService: fgesysctrl_getGPIO_status success val=0
05-27 18:48:38.772   481   597 I mcuc    : send SPI:6AA60076CA00050412010000A4
05-27 08:39:47.737   581   581 D spi_rst_gpio_get_output: GPIO 145 value: 0
05-27 08:39:47.737   581   581 D spidev_ioctl: gpio status=0)
05-27 18:48:38.777 30773 30787 I dvr_service_: [runShortMediaThread:298] cameraId:0 medias:300,audios:220,stateAudio:0,mShortState:0,warnEvent:0,state:1
05-27 18:48:38.780   536   536 D commservice260303: msg.id = 1028,1
05-27 18:48:38.780   536   536 D commservice260303: i = 170, msgid = 8A000404
05-27 18:48:38.780   536   536 D commservice260303: msgid = -1979710460,did=138
05-27 18:48:38.781   536   536 D commservice260303: CommProtocolLibCmdBaseI2C::dataproc {"command":{"id":"imu_status","sub":""},"content":{"TimeStamp":10,"FrameCounter":252397,"GD_X":-0.01153013575822115,"GD_Y":0.0048857564106583595,"GD_Z":0.0015271564479917288,"AD_X":-0.0021327435970306396,"AD_Y":-0.003793190000578761,"AD_Z":-0.16764545440673828,"TempDsp":0,"Status":0,"CalibState":1,"SigAmpInvalid":0}},-1979710460
05-27 18:48:38.781   536   536 D commservice260303: send2Cluster len:318, 7B22636F6D6D616E64223A7B226964223A22696D755F737461747573222C22737562223A22227D2C22636F6E74656E74223A7B2254696D655374616D70223A31302C224672616D65436F756E746572223A3235323339372C2247445F58223A2D302E30313135333031333537353832323131352C2247445F59223A302E303034383835373536343130363538333539352C2247445F5A223A302E303031353237313536343437393931373238382C2241445F58223A2D302E303032313332373433353937303330363339362C2241445F59223A2D302E3030333739333139303030303537383736312C2241445F5A223A2D302E31363736343534353434303637333832382C2254656D70447370223A302C22537461747573223A302C2243616C69625374617465223A312C22536967416D70496E76616C6964223A307D7D, 138 
05-27 18:48:38.781   536   536 D commservice260303: Push Message into SendPool fn=-1306917888
05-27 18:48:38.781   536   536 D commservice260303: ComProtocolLibSend2Cluster::send2ClusterRaw fn=-1306917888 , len=334
05-27 18:48:38.781   536   536 D commservice260303: sendCmdToPort :334!!!
05-27 18:48:38.781   536   536 D commservice260303: send Cmd To Port ++++5AA5014A8A0100041AB26A16CC067B22636F6D6D616E64223A7B226964223A22696D755F737461747573222C22737562223A22227D2C22636F6E74656E74223A7B2254696D655374616D70223A31302C224672616D65436F756E746572223A3235323339372C2247445F58223A2D302E30313135333031333537353832323131352C2247445F59223A302E303034383835373536343130363538333539352C2247445F5A223A302E303031353237313536343437393931373238382C2241445F58223A2D302E303032313332373433353937303330363339362C2241445F59223A2D302E3030333739333139303030303537383736312C2241445F5A223A2D302E31363736343534353434303637333832382C2254656D70447370223A302C22537461747573223A302C2243616C69625374617465223A312C22536967416D70496E76616C6964223A307D7DE789
05-27 18:48:38.781   536   536 D commservice260303: bufferevent_write retrun value = 0
05-27 18:48:38.781   536   560 D commservice260303: client datas send succeed,send finish
05-27 18:48:38.781 13911 14192 D Sentinelmode_1.2.5.17_sentry: <SentryImuClusterFgeSender>imu_status sent to Linux, frame=252397, tsNs=10786030, tsMs=10, intervalMs=39, ad=(-0.0021327436,-0.00379319,-0.16764545), gd=(-0.011530136,0.0048857564,0.0015271564)
05-27 18:48:38.783  1008 30857 D [OMXB]  : usingANWBuffer: handle:0xee744bb0, format:1, w:1920, h:1080
05-27 18:48:38.784   481   598 I mcuc    : rev,n=1,6AA681D93E008C8305000055000000B0000000000001000100003DC11EB1C325651EC41EC35BC21EC33D881EC4B299D68EA533B000000000040000B3000000000000000000000000000000B44300000000000300000000000000AA000000E40701010000000000000000BB06050507EA051B000008009403CB00CC000000000000000000000000000000B5000000000000000085
05-27 18:48:38.785   351   373 D automotive.vehicle@2.0-adayo-datacomm-mcu: MCUDatacomm sendMessageFromVehicle prop: 0x83, areaId: 0x5, status: 0x0, timestamp: 0x0
05-27 18:48:38.785   351   373 D automotive.vehicle@2.0-adayo-datacomm-mcu: MCUDatacomm 1sendMessageFromVehicle ---> type = 7 
05-27 18:48:38.785   351   373 I automotive.vehicle@2.0-adayo-func-mcu: MCUFunc :sendMessageFromVehicle  msgBuff[0] = 131 
05-27 18:48:38.785   351   373 I automotive.vehicle@2.0-adayo-func-mcu: MCUFunc :sendMessageFromVehicle  msgBuff[1] = 5 
05-27 18:48:38.785   351   373 I automotive.vehicle@2.0-adayo-func-mcu: MCUFunc :sendMessageFromVehicle  msgBuff[2] = 0 
05-27 18:48:38.785   351   373 I automotive.vehicle@2.0-adayo-func-mcu: MCUFunc :sendMessageFromVehicle  msgBuff[3] = 0 
05-27 18:48:38.785   351   373 I automotive.vehicle@2.0-adayo-func-mcu: MCUFunc :sendMessageFromVehicle  msgBuff[4] = 85 
05-27 18:48:38.785   351   373 I automotive.vehicle@2.0-adayo-func-mcu: MCUFunc :sendMessageFromVehicle  msgBuff[5] = 0 
05-27 18:48:38.786   581   581 I SpiService: fgesysctrl_getGPIO_status success val=1
05-27 08:39:47.751   581   581 D spi_rst_gpio_get_output: GPIO 145 value: 1
05-27 08:39:47.751   581   581 D spidev_ioctl: gpio status=1)
05-27 18:48:38.791 13911 14183 I SentryImuMcuAngleSender: -179.99298rollDeg
05-27 18:48:38.791 13911 14183 I SentryImuMcuAngleSender: 1,0,0
05-27 18:48:38.792   581   581 I SpiService: fgesysctrl_getGPIO_status success val=1
05-27 08:39:47.756   581   581 D spi_rst_gpio_get_output: GPIO 145 value: 1
05-27 08:39:47.757   581   581 D spidev_ioctl: gpio status=1)
05-27 18:48:38.795   283   307 I rvcservice: t.code = 3, t.value = 0
05-27 18:48:38.797   299 30844 D EvsDriver: forwardFrame
05-27 18:48:38.797   299 30841 D EvsDriver: forwardFrame
05-27 18:48:38.798   581   581 I SpiService: fgesysctrl_getGPIO_status success val=1
05-27 18:48:38.798   299 30844 D EvsDriver: Delivered 0xb400007b7ca56900 as id 0
05-27 18:48:38.798  1167  1167 D evsmanagerd: /dev/video6 forwarded the buffer #0 to 0xb4000074bf5f5510 from 0xb4000074bf5f6d90
05-27 18:48:38.798   299 30841 D EvsDriver: Delivered 0xb400007b7ca56a60 as id 0
05-27 18:48:38.798  1167  1167 D evsmanagerd: /dev/video4 forwarded the buffer #0 to 0xb4000074bf5f6850 from 0xb4000074bf5f41d0
05-27 18:48:38.799  1008 30856 D [OMXB]  : usingANWBuffer: handle:0xee742ab0, format:1, w:1920, h:1080
05-27 18:48:38.800   299  1163 D EvsDriver: doneWithFrame
05-27 18:48:38.802   299  1163 D EvsDriver: doneWithFrame
05-27 18:48:38.803   581   581 I SpiService: fgesysctrl_getGPIO_status success val=1
05-27 08:39:47.762   581   581 D spi_rst_gpio_get_output: GPIO 145 value: 1
05-27 08:39:47.762   581   581 D spidev_ioctl: gpio status=1)
05-27 08:39:47.768   581   581 D spi_rst_gpio_get_output: GPIO 145 value: 1
05-27 08:39:47.768   581   581 D spidev_ioctl: gpio status=1)
05-27 18:48:38.809   581   581 I SpiService: fgesysctrl_getGPIO_status success val=1
05-27 18:48:38.811 13911 14183 I SentryImuMcuAngleSender: -179.99649rollDeg
05-27 18:48:38.812 13911 14183 I SentryImuMcuAngleSender: 1,0,0
05-27 18:48:38.812  4814  4849 D ANWStack: Realtek Bluetooth :01 01 10 00
05-27 08:39:47.774   581   581 D spi_rst_gpio_get_output: GPIO 145 value: 1
05-27 08:39:47.774   581   581 D spidev_ioctl: gpio status=1)
05-27 18:48:38.814   581   581 I SpiService: fgesysctrl_getGPIO_status success val=0
05-27 18:48:38.814   481   597 I mcuc    : send SPI:6AA602D93E000283055D
05-27 08:39:47.779   581   581 D spi_rst_gpio_get_output: GPIO 145 value: 0
05-27 08:39:47.779   581   581 D spidev_ioctl: gpio status=0)
05-27 18:48:38.821   536   536 D commservice260303: msg.id = 1028,0
05-27 18:48:38.821   536   536 D commservice260303: i = 170, msgid = 8A000404
05-27 18:48:38.821   536   536 D commservice260303: msgid = -1979710460,did=138
05-27 18:48:38.821   536   536 D commservice260303: CommProtocolLibCmdBaseI2C::dataproc {"command":{"id":"imu_status","sub":""},"content":{"TimeStamp":10,"FrameCounter":252398,"GD_X":-0.012139749713242054,"GD_Y":0.005420989356935024,"GD_Z":0.0020608289632946253,"AD_X":-0.0015299171209335327,"AD_Y":-0.0037706312723457813,"AD_Z":-0.17069625854492188,"TempDsp":0,"Status":0,"CalibState":1,"SigAmpInvalid":0}},-1979710460
05-27 18:48:38.821   536   536 D commservice260303: send2Cluster len:319, 7B22636F6D6D616E64223A7B226964223A22696D755F737461747573222C22737562223A22227D2C22636F6E74656E74223A7B2254696D655374616D70223A31302C224672616D65436F756E746572223A3235323339382C2247445F58223A2D302E3031323133393734393731333234323035342C2247445F59223A302E3030353432303938393335363933353032342C2247445F5A223A302E303032303630383238393633323934363235332C2241445F58223A2D302E303031353239393137313230393333353332372C2241445F59223A2D302E303033373730363331323732333435373831332C2241445F5A223A2D302E31373036393632353835343439323138382C2254656D70447370223A302C22537461747573223A302C2243616C69625374617465223A312C22536967416D70496E76616C6964223A307D7D, 138 
05-27 18:48:38.821   536   536 D commservice260303: Push Message into SendPool fn=-1290140672
05-27 18:48:38.821   536   536 D commservice260303: ComProtocolLibSend2Cluster::send2ClusterRaw fn=-1290140672 , len=335
05-27 18:48:38.821   536   536 D commservice260303: sendCmdToPort :335!!!
05-27 18:48:38.821   536   536 D commservice260303: send Cmd To Port ++++5AA5014B8A0100041AB36A16CC067B22636F6D6D616E64223A7B226964223A22696D755F737461747573222C22737562223A22227D2C22636F6E74656E74223A7B2254696D655374616D70223A31302C224672616D65436F756E746572223A3235323339382C2247445F58223A2D302E3031323133393734393731333234323035342C2247445F59223A302E3030353432303938393335363933353032342C2247445F5A223A302E303032303630383238393633323934363235332C2241445F58223A2D302E303031353239393137313230393333353332372C2241445F59223A2D302E303033373730363331323732333435373831332C2241445F5A223A2D302E31373036393632353835343439323138382C2254656D70447370223A302C22537461747573223A302C2243616C69625374617465223A312C22536967416D70496E76616C6964223A307D7D37DD
05-27 18:48:38.821   536   536 D commservice260303: bufferevent_write retrun value = 0
05-27 18:48:38.821   536   560 D commservice260303: client datas send succeed,send finish
05-27 18:48:38.821 13911 14192 D Sentinelmode_1.2.5.17_sentry: <SentryImuClusterFgeSender>imu_status sent to Linux, frame=252398, tsNs=10786065, tsMs=10, intervalMs=40, ad=(-0.0015299171,-0.0037706313,-0.17069626), gd=(-0.01213975,0.0054209894,0.002060829)
05-27 18:48:38.824 30773 30786 I dvr_service_: CameraX 0  audioOK: 148614785,audios:2210
05-27 18:48:38.828   481   598 I mcuc    : rev,n=1,6AA681D93F000A89008F010409201234567B
05-27 18:48:38.828  1121  1144 I tboxmids_ap: [2026-05-27 18:48:38.828] [MCU RX] src=MCU dst=ZMQ len=10 type=BINARY data=00 08 8F 01 04 09 20 12 34 56 
05-27 18:48:38.828   299 30844 D EvsDriver: forwardFrame
05-27 18:48:38.828   351   373 D automotive.vehicle@2.0-adayo-datacomm-mcu: MCUDatacomm sendMessageFromVehicle prop: 0x89, areaId: 0x0, status: 0x8f, timestamp: 0x1
05-27 18:48:38.828   351   373 D automotive.vehicle@2.0-adayo-datacomm-mcu: MCUDatacomm 1sendMessageFromVehicle ---> type = 12 
05-27 08:39:47.793   581   581 D spi_rst_gpio_get_output: GPIO 145 value: 1
05-27 08:39:47.793   581   581 D spidev_ioctl: gpio status=1)
05-27 18:48:38.829   581   581 I SpiService: fgesysctrl_getGPIO_status success val=1
05-27 18:48:38.830   299 30844 D EvsDriver: Delivered 0xb400007b7ca56900 as id 0
05-27 18:48:38.830  1167  1167 D evsmanagerd: /dev/video6 forwarded the buffer #0 to 0xb4000074bf5f5510 from 0xb4000074bf5f6d90
05-27 18:48:38.830  1083  1083 I MyAppLog: [2026-05-27 18:48:38.829 I tboxap mcuCommTboxmidsRecvCb:97] [Mcu] [mcuCommTboxmidsRecvCb] recv from tboxmids, size:10
05-27 18:48:38.830  1083  1083 I MyAppLog: [2026-05-27 18:48:38.829 I tboxap mcuCommTboxmidsRecvCb:98] [Mcu] [tboxmids -> tboxap]: :00 08 8F 01 04 09 20 12 34 56
05-27 18:48:38.830  1083  1083 I MyAppLog: [2026-05-27 18:48:38.829 I tboxap mcuPtlParseData:990] [Mcu] [Mcu  Parse]: (cmd):0920 (param):0920123456
05-27 18:48:38.830  1083  1083 W MyAppLog: [2026-05-27 18:48:38.829 W tboxap mcuParamDataRevPack:918] [Mcu] mcuParamDataRevPack start pack data!!!
05-27 18:48:38.830  1083  1083 W MyAppLog: [2026-05-27 18:48:38.829 W tboxap mcuHandleTrigAlarmInd:1906] [Mcu] [mcuHandleTrigAlarmInd] trig alarm rpt, msgId:0x0200 alarmType:0x12 12VBatt:0x34
05-27 18:48:38.831  1083  1083 I MyAppLog: [2026-05-27 18:48:38.829 I tboxap mcuSendYadiTransfer:196] [Mcu] [mcuYadiSend]: :00 06 15 04 01 09 A0 01
05-27 18:48:38.831  1083  1083 W MyAppLog: [2026-05-27 18:48:38.829 W tboxap tsp_ExternalEvent:109] [Tsp] [tsp_ExternalEvent] recv ExternalEvent = 61, size:4
05-27 18:48:38.831  1083  1083 W MyAppLog: [2026-05-27 18:48:38.829 W tboxap tsp_TrigAlarmFilter:621] [Tsp] [tsp_TrigAlarmFilter] bit[1] check start: isActive:1 wasActive:1 lastReport:1779875391 delta:3527 severeCnt:0 severeDelta:-1
05-27 18:48:38.831  1083  1083 W MyAppLog: [2026-05-27 18:48:38.829 W tboxap tsp_TrigAlarmFilter:668] [Tsp] [tsp_TrigAlarmFilter] bit[1] check done: allow:0 outAlarmType:0x00 outBatt:0x00
05-27 18:48:38.831  1083  1083 W MyAppLog: [2026-05-27 18:48:38.829 W tboxap tsp_TrigAlarmFilter:621] [Tsp] [tsp_TrigAlarmFilter] bit[10] check start: isActive:1 wasActive:1 lastReport:1779875391 delta:3527 severeCnt:0 severeDelta:-1
05-27 18:48:38.831  1083  1083 W MyAppLog: [2026-05-27 18:48:38.829 W tboxap tsp_TrigAlarmFilter:668] [Tsp] [tsp_TrigAlarmFilter] bit[10] check done: allow:0 outAlarmType:0x00 outBatt:0x00
05-27 18:48:38.831  1083  1083 W MyAppLog: [2026-05-27 18:48:38.829 W tboxap tsp_TrigAlarmFilter:677] [Tsp] [tsp_TrigAlarmFilter] input alarmType:0x02 batt:0x04 output alarmType:0x00 batt:0x00 severeCnt:0
05-27 18:48:38.831 13911 14183 I SentryImuMcuAngleSender: -179.993rollDeg
05-27 18:48:38.831 13911 14183 I SentryImuMcuAngleSender: 1,0,0
05-27 18:48:38.832   481   599 I mcuc    : start timer OK = 30411 
05-27 18:48:38.832   299  1163 D EvsDriver: doneWithFrame
05-27 18:48:38.833   536   560 D commservice260303: recv len:77, 5AA50049060000003F246A16CC067B22636F6D6D616E64223A7B226964223A226473695F6C7578222C22737562223A22227D2C22636F6E74656E74223A7B2276616C7565223A3230307D7DCD84 from server
05-27 18:48:38.834   536  2578 D commservice260303: mcuDataAnalyzeHandle templen:77,len:77,pos:0, 5AA50049060000003F246A16CC067B22636F6D6D616E64223A7B226964223A226473695F6C7578222C22737562223A22227D2C22636F6E74656E74223A7B2276616C7565223A3230307D7DCD84 
05-27 18:48:38.834   536  2578 I commservice260303: checksumCal = 52612
05-27 18:48:38.834   536  2578 D commservice260303: CommProtocolLibCmdBaseC2I::dataproc {"command":{"id":"dsi_lux","sub":""},"content":{"value":200}},6
05-27 18:48:38.834   536  2578 D commservice260303: mcuCommMessageManager::notifyMsgToClient hwbinder OK
05-27 18:48:38.834   536  2578 D commservice260303: McuProtocolLibSend2Service::send2Service ret=1
05-27 18:48:38.834  1008 30857 D [OMXB]  : usingANWBuffer: handle:0xee743500, format:1, w:1920, h:1080
05-27 18:48:38.834   581   581 I SpiService: fgesysctrl_getGPIO_status success val=1
05-27 18:48:38.835 12246 12440 D ivicomm_CommManager: fgeComServiceCallback: {"command":{"id":"dsi_lux","sub":""},"content":{"value":200}}
05-27 18:48:38.836 12246 12440 D ivicomm_CallbackManager: registerCallback DSI_LUX: {"value":200} mCommStateCallbackMap size:4
05-27 18:48:38.836 15863 16069 D AIN-HttpHealthPolicy: call() called start, host=www.baidu.com
05-27 08:39:47.799   581   581 D spi_rst_gpio_get_output: GPIO 145 value: 1
05-27 08:39:47.799   581   581 D spidev_ioctl: gpio status=1)
05-27 18:48:38.837 11579 11719 D NSLogUtils_VehicleService: L2A comm state: id=dsi_lux, value=200
05-27 18:48:38.829   536   536 I auditd  : type=1400 audit(0.0:65687): avc: denied { getattr } for comm="fgecomservice@1" path="socket:[34776]" dev="sockfs" ino=34776 scontext=u:r:hal_fgecomservice_default:s0 tcontext=u:r:hal_fgecomservice_default:s0 tclass=vsock_socket permissive=1
05-27 18:48:38.829   536   536 I fgecomservice@1: type=1400 audit(0.0:65687): avc: denied { getattr } for path="socket:[34776]" dev="sockfs" ino=34776 scontext=u:r:hal_fgecomservice_default:s0 tcontext=u:r:hal_fgecomservice_default:s0 tclass=vsock_socket permissive=1
05-27 18:48:38.829   536   536 I auditd  : type=1400 audit(0.0:65688): avc: denied { read } for comm="fgecomservice@1" path="socket:[34776]" dev="sockfs" ino=34776 scontext=u:r:hal_fgecomservice_default:s0 tcontext=u:r:hal_fgecomservice_default:s0 tclass=vsock_socket permissive=1
05-27 18:48:38.829   536   536 I fgecomservice@1: type=1400 audit(0.0:65688): avc: denied { read } for path="socket:[34776]" dev="sockfs" ino=34776 scontext=u:r:hal_fgecomservice_default:s0 tcontext=u:r:hal_fgecomservice_default:s0 tclass=vsock_socket permissive=1
05-27 08:39:47.805   581   581 D spi_rst_gpio_get_output: GPIO 145 value: 1
05-27 08:39:47.805   581   581 D spidev_ioctl: gpio status=1)
05-27 08:39:47.810   581   581 D spi_rst_gpio_get_output: GPIO 145 value: 1
05-27 08:39:47.810   581   581 D spidev_ioctl: gpio status=1)
05-27 18:48:38.838 10046  4920 D resolv  : GetAddrInfoHandler::run: {103 786535 103 983143 1000 0}
05-27 18:48:38.838 10046  4920 D resolv  : resolv_getaddrinfo: explore_fqdn(): ai_family=0 ai_socktype=1 ai_protocol=6
05-27 18:48:38.838 11344  6594 D SystemUI_SystemSettingsControllerService: onCommState: commandID = dsi_lux; value = 200
05-27 18:48:38.839 10046  4921 D resolv  : doQuery: (1, 1)
05-27 18:48:38.839 10046  4921 D resolv  : res_nmkquery: (QUERY, IN, A)
05-27 18:48:38.839 10046  4921 D resolv  : res_nsend
05-27 18:48:38.839 10046  4921 I resolv  : resolv_cache_lookup: lookup
05-27 18:48:38.839 10046  4921 I resolv  : resolv_cache_lookup: NOT IN CACHE (STALE ENTRY 0xb400007285468650DISCARDED)
05-27 18:48:38.839 10046  4921 I resolv  : _cache_remove_p: entry 798 removed (count=34)
05-27 18:48:38.839 10046  4921 I resolv  : resolv_populate_res_for_net: netid=103
05-27 18:48:38.840 10046  4921 I resolv  : res_stats_usable_server: NS stats: S 63 + E 0 + T 0 + I 1 = 64, rtt = 32, min_samples = 8
05-27 18:48:38.840 10046  4921 I resolv  : res_stats_usable_server: success rate 98
05-27 18:48:38.840 10046  4921 D resolv  : res_nsend: Querying server (# 1) address = 10.254.254.254:53
05-27 18:48:38.840   299 30841 D EvsDriver: forwardFrame
05-27 18:48:38.840 10046  4921 D resolv  : send_dg: new DG socket
05-27 18:48:38.840   581   581 I SpiService: fgesysctrl_getGPIO_status success val=1
05-27 18:48:38.840 10046  4921 I resolv  : get_timeout: using timeout of 5000 msec
05-27 18:48:38.841 10046  4921 I resolv  : retrying_poll: 48 retrying_poll
05-27 18:48:38.841   299 30841 D EvsDriver: Delivered 0xb400007b7ca56a60 as id 0
05-27 18:48:38.842  1167  1167 D evsmanagerd: /dev/video4 forwarded the buffer #0 to 0xb4000074bf5f6850 from 0xb4000074bf5f41d0
05-27 18:48:38.844   299  1163 D EvsDriver: doneWithFrame
05-27 18:48:38.846   581   581 I SpiService: fgesysctrl_getGPIO_status success val=1
05-27 18:48:38.850  1008 30856 D [OMXB]  : usingANWBuffer: handle:0xee740590, format:1, w:1920, h:1080
05-27 18:48:38.851 13911 14183 I SentryImuMcuAngleSender: 179.986rollDeg
05-27 18:48:38.851 13911 14183 I SentryImuMcuAngleSender: 1,0,0
05-27 18:48:38.851   581   581 I SpiService: fgesysctrl_getGPIO_status success val=1
05-27 08:39:47.816   581   581 D spi_rst_gpio_get_output: GPIO 145 value: 1
05-27 08:39:47.816   581   581 D spidev_ioctl: gpio status=1)
05-27 18:48:38.857   581   581 I SpiService: fgesysctrl_getGPIO_status success val=0
05-27 18:48:38.857   481   597 I mcuc    : send SPI:6AA602D93F000289005B6AA60176CB00F8090115040109A001000000000000000000000000000000000000000000000000000000000000000000000000000000000000000000000000000000000000000000000000000000000000000000000000000000000000000000000000000000000000000000000000000000000000000000000000000000000000000000000000000000000000000000000000000000000000000000000000000000000000000000000000000000000000000000000000000000000000000000000000000000000000000000000000000000000000000000000000000000000000000000000000000000000000000000000000000000000000000000000000F8
05-27 08:39:47.821   581   581 D spi_rst_gpio_get_output: GPIO 145 value: 0
05-27 08:39:47.821   581   581 D spidev_ioctl: gpio status=0)
05-27 18:48:38.861   536   536 D commservice260303: msg.id = 1028,0
05-27 18:48:38.861   536   536 D commservice260303: i = 170, msgid = 8A000404
05-27 18:48:38.861   536   536 D commservice260303: msgid = -1979710460,did=138
05-27 18:48:38.861   536   536 D commservice260303: CommProtocolLibCmdBaseI2C::dataproc {"command":{"id":"imu_status","sub":""},"content":{"TimeStamp":10,"FrameCounter":252399,"GD_X":-0.011453153565526009,"GD_Y":0.004580949433147907,"GD_Z":0.002900869119912386,"AD_X":-0.004570469260215759,"AD_Y":-1.0164431296288967E-4,"AD_Z":-0.17069625854492188,"TempDsp":0,"Status":0,"CalibState":1,"SigAmpInvalid":0}},-1979710460
05-27 18:48:38.861   536   536 D commservice260303: send2Cluster len:317, 7B22636F6D6D616E64223A7B226964223A22696D755F737461747573222C22737562223A22227D2C22636F6E74656E74223A7B2254696D655374616D70223A31302C224672616D65436F756E746572223A3235323339392C2247445F58223A2D302E3031313435333135333536353532363030392C2247445F59223A302E3030343538303934393433333134373930372C2247445F5A223A302E3030323930303836393131393931323338362C2241445F58223A2D302E3030343537303436393236303231353735392C2241445F59223A2D312E30313634343331323936323838393637452D342C2241445F5A223A2D302E31373036393632353835343439323138382C2254656D70447370223A302C22537461747573223A302C2243616C69625374617465223A312C22536967416D70496E76616C6964223A307D7D, 138 
05-27 18:48:38.861   536   536 D commservice260303: Push Message into SendPool fn=-1273363456
05-27 18:48:38.861   536   536 D commservice260303: ComProtocolLibSend2Cluster::send2ClusterRaw fn=-1273363456 , len=333
05-27 18:48:38.861   536   536 D commservice260303: sendCmdToPort :333!!!
05-27 18:48:38.861   536   536 D commservice260303: send Cmd To Port ++++5AA501498A0100041AB46A16CC067B22636F6D6D616E64223A7B226964223A22696D755F737461747573222C22737562223A22227D2C22636F6E74656E74223A7B2254696D655374616D70223A31302C224672616D65436F756E746572223A3235323339392C2247445F58223A2D302E3031313435333135333536353532363030392C2247445F59223A302E3030343538303934393433333134373930372C2247445F5A223A302E3030323930303836393131393931323338362C2241445F58223A2D302E3030343537303436393236303231353735392C2241445F59223A2D312E30313634343331323936323838393637452D342C2241445F5A223A2D302E31373036393632353835343439323138382C2254656D70447370223A302C22537461747573223A302C2243616C69625374617465223A312C22536967416D70496E76616C6964223A307D7D6266
05-27 18:48:38.861   536   536 D commservice260303: bufferevent_write retrun value = 0
05-27 18:48:38.861   536   560 D commservice260303: client datas send succeed,send finish
05-27 18:48:38.861 13911 14192 D Sentinelmode_1.2.5.17_sentry: <SentryImuClusterFgeSender>imu_status sent to Linux, frame=252399, tsNs=10786101, tsMs=10, intervalMs=40, ad=(-0.0045704693,-1.0164431E-4,-0.17069626), gd=(-0.011453154,0.0045809494,0.0029008691)
05-27 18:48:38.864 10046  4921 I resolv  : retrying_poll: 48 retrying_poll returning 1
05-27 18:48:38.864 10046  4921 I resolv  : res_nsend: used send_dg 506 terrno: 0
05-27 18:48:38.864 10046  4921 I resolv  : res_stats_set_sample: rcode = 0, sec = 23
05-27 18:48:38.864 10046  4921 I resolv  : res_cache_add_stats_sample_locked: adding sample to stats, next = 21, count = 64
05-27 18:48:38.864 10046  4921 D resolv  : res_nsend: got answer:
05-27 18:48:38.864 10046  4921 I resolv  : answer_getTTL: TTL = 208
05-27 18:48:38.864 10046  4921 I resolv  : _cache_add_p: entry 835 added (count=35)
05-27 18:48:38.864 10046  4921 I resolv  : cache_dump_mru_locked: MRU LIST (35):  835 830 821 820 819 834 804 833 818 817 803 790 829 828 832 831 813 825 777 824 786 823 799 812 771 770 561 504 510 508 507 372 3 2 1
05-27 18:48:38.865 10046  4921 D resolv  : doQuery: rcode=0, ancount=2
05-27 18:48:38.866   299 30844 D EvsDriver: forwardFrame
05-27 18:48:38.866 15863 16069 D TrafficStats: tagSocket(166) with statsTag=0xffffffff, statsUid=-1
05-27 18:48:38.866   299 30841 D EvsDriver: forwardFrame
05-27 08:39:47.837   581   581 D spi_rst_gpio_get_output: GPIO 145 value: 1
05-27 08:39:47.837   581   581 D spidev_ioctl: gpio status=1)
05-27 08:39:47.843   581   581 D spi_rst_gpio_get_output: GPIO 145 value: 1
05-27 08:39:47.843   581   581 D spidev_ioctl: gpio status=1)
05-27 18:48:38.868   299 30841 D EvsDriver: Delivered 0xb400007b7ca56a60 as id 0
05-27 18:48:38.868  1167  1167 D evsmanagerd: /dev/video6 forwarded the buffer #0 to 0xb4000074bf5f5510 from 0xb4000074bf5f6d90
05-27 18:48:38.868  1167  1184 D evsmanagerd: /dev/video4 forwarded the buffer #0 to 0xb4000074bf5f6850 from 0xb4000074bf5f41d0
05-27 18:48:38.871 11472 26284 D NetworkMonitor/103: isDataStall: result=-1, tcp packets received=81, latest tcp fail rate=-1
05-27 18:48:38.872 13911 14183 I SentryImuMcuAngleSender: 179.986rollDeg
05-27 18:48:38.872 13911 14183 I SentryImuMcuAngleSender: 1,0,0
05-27 18:48:38.872   572   572 I Sensors : 230 AccelSensor: x:-0.172019,y:0.002440,z:-9.975940
05-27 18:48:38.873   581   581 I SpiService: fgesysctrl_getGPIO_status success val=1
05-27 18:48:38.873   299  1163 D EvsDriver: doneWithFrame
05-27 18:48:38.873   299  1153 D EvsDriver: doneWithFrame
05-27 18:48:38.874   299 30844 D EvsDriver: Delivered 0xb400007b7ca56900 as id 0
05-27 18:48:38.878   581   581 I SpiService: fgesysctrl_getGPIO_status success val=1
05-27 18:48:38.882  1008 30856 D [OMXB]  : usingANWBuffer: handle:0xee740170, format:1, w:1920, h:1080
05-27 08:39:47.849   581   581 D spi_rst_gpio_get_output: GPIO 145 value: 1
05-27 08:39:47.849   581   581 D spidev_ioctl: gpio status=1)
05-27 18:48:38.884   581   581 I SpiService: fgesysctrl_getGPIO_status success val=1
05-27 18:48:38.885 30773 30789 I dvr_service_: Camera 0: MediaOK:148606871, frames:3350, isKeyFrame:0,pts:10785766795
05-27 18:48:38.887   566 11459 I gps_hdbd: nmea_cs <0> != calc_cs <bc>, return -1
05-27 18:48:38.890   581   581 I SpiService: fgesysctrl_getGPIO_status success val=1
05-27 18:48:38.893 13911 14183 I SentryImuMcuAngleSender: 180.0rollDeg
05-27 18:48:38.893 13911 14183 I SentryImuMcuAngleSender: 1,0,0
05-27 08:39:47.855   581   581 D spi_rst_gpio_get_output: GPIO 145 value: 1
05-27 08:39:47.855   581   581 D spidev_ioctl: gpio status=1)
05-27 08:39:47.857     0     0 W         : c6 [    C6] Irq_monitor:Irq                                           IPI[1]occur        6457 times interval 1032 ms
05-27 18:48:38.894   299 30841 D EvsDriver: forwardFrame
05-27 18:48:38.894   299 30844 D EvsDriver: forwardFrame
05-27 18:48:38.896   299 30841 D EvsDriver: Delivered 0xb400007b7ca56a60 as id 0
05-27 18:48:38.896   283   307 I rvcservice: t.code = 0, t.value = 0
05-27 18:48:38.896  1167  1167 D evsmanagerd: /dev/video4 forwarded the buffer #0 to 0xb4000074bf5f6850 from 0xb4000074bf5f41d0
05-27 18:48:38.896  1167  1184 D evsmanagerd: /dev/video6 forwarded the buffer #0 to 0xb4000074bf5f5510 from 0xb4000074bf5f6d90
05-27 18:48:38.896   581   581 I SpiService: fgesysctrl_getGPIO_status success val=0
05-27 18:48:38.896   299 30844 D EvsDriver: Delivered 0xb400007b7ca56900 as id 0
05-27 08:39:47.861   581   581 D spi_rst_gpio_get_output: GPIO 145 value: 0
05-27 08:39:47.861   581   581 D spidev_ioctl: gpio status=0)
05-27 18:48:38.898   299  1163 D EvsDriver: doneWithFrame
05-27 18:48:38.901   299  1163 D EvsDriver: doneWithFrame
05-27 18:48:38.901  1008 30857 D [OMXB]  : usingANWBuffer: handle:0xee741da0, format:1, w:1920, h:1080
05-27 18:48:38.902   536   536 D commservice260303: msg.id = 1028,0
05-27 18:48:38.903   536   536 D commservice260303: i = 170, msgid = 8A000404
05-27 18:48:38.903   536   536 D commservice260303: msgid = -1979710460,did=138
05-27 18:48:38.903   536   536 D commservice260303: CommProtocolLibCmdBaseI2C::dataproc {"command":{"id":"imu_status","sub":""},"content":{"TimeStamp":10,"FrameCounter":252400,"GD_X":-0.009621189907193184,"GD_Y":0.0051151420921087265,"GD_Z":0.0022902146447449923,"AD_X":-0.005164340138435364,"AD_Y":-0.0025327703915536404,"AD_Z":-0.17252826690673828,"TempDsp":0,"Status":0,"CalibState":1,"SigAmpInvalid":0}},-1979710460
05-27 18:48:38.903   536   536 D commservice260303: send2Cluster len:319, 7B22636F6D6D616E64223A7B226964223A22696D755F737461747573222C22737562223A22227D2C22636F6E74656E74223A7B2254696D655374616D70223A31302C224672616D65436F756E746572223A3235323430302C2247445F58223A2D302E3030393632313138393930373139333138342C2247445F59223A302E303035313135313432303932313038373236352C2247445F5A223A302E303032323930323134363434373434393932332C2241445F58223A2D302E3030353136343334303133383433353336342C2241445F59223A2D302E303032353332373730333931353533363430342C2241445F5A223A2D302E31373235323832363639303637333832382C2254656D70447370223A302C22537461747573223A302C2243616C69625374617465223A312C22536967416D70496E76616C6964223A307D7D, 138 
05-27 18:48:38.903   536   536 D commservice260303: Push Message into SendPool fn=-1256586240
05-27 18:48:38.903   536   536 D commservice260303: ComProtocolLibSend2Cluster::send2ClusterRaw fn=-1256586240 , len=335
05-27 18:48:38.903   536   536 D commservice260303: sendCmdToPort :335!!!
05-27 18:48:38.903   536   536 D commservice260303: send Cmd To Port ++++5AA5014B8A0100041AB56A16CC067B22636F6D6D616E64223A7B226964223A22696D755F737461747573222C22737562223A22227D2C22636F6E74656E74223A7B2254696D655374616D70223A31302C224672616D65436F756E746572223A3235323430302C2247445F58223A2D302E3030393632313138393930373139333138342C2247445F59223A302E303035313135313432303932313038373236352C2247445F5A223A302E303032323930323134363434373434393932332C2241445F58223A2D302E3030353136343334303133383433353336342C2241445F59223A2D302E303032353332373730333931353533363430342C2241445F5A223A2D302E31373235323832363639303637333832382C2254656D70447370223A302C22537461747573223A302C2243616C69625374617465223A312C22536967416D70496E76616C6964223A307D7D485F
05-27 18:48:38.903   536   536 D commservice260303: bufferevent_write retrun value = 0
05-27 18:48:38.903   536   560 D commservice260303: client datas send succeed,send finish
05-27 18:48:38.903 13911 14192 D Sentinelmode_1.2.5.17_sentry: <SentryImuClusterFgeSender>imu_status sent to Linux, frame=252400, tsNs=10786138, tsMs=10, intervalMs=42, ad=(-0.00516434,-0.0025327704,-0.17252827), gd=(-0.00962119,0.005115142,0.0022902146)
05-27 18:48:38.906   481   598 I mcuc    : rev,n=1,6AA68276CB0002090131
05-27 18:48:38.911   581   581 I SpiService: fgesysctrl_getGPIO_status success val=1
05-27 18:48:38.912 13911 14183 I SentryImuMcuAngleSender: 180.0rollDeg
05-27 18:48:38.913 13911 14183 I SentryImuMcuAngleSender: 1,0,0
05-27 08:39:47.876   581   581 D spi_rst_gpio_get_output: GPIO 145 value: 1
05-27 08:39:47.876   581   581 D spidev_ioctl: gpio status=1)
05-27 18:48:38.917   581   581 I SpiService: fgesysctrl_getGPIO_status success val=1
05-27 08:39:47.881   581   581 D spi_rst_gpio_get_output: GPIO 145 value: 1
05-27 08:39:47.881   581   581 D spidev_ioctl: gpio status=1)
05-27 18:48:38.921 10188  6929 I ActivityManager: Death received in com.android.server.am.ActivityManagerService$AppDeathRecipient@d2c7c29 for thread android.os.BinderProxy@a7b8bae, proc:ProcessRecord{b0f50a 4814:com.anwsdk.service:remote/1000}
05-27 18:48:38.921 10188  6929 I ActivityManager: Process com.anwsdk.service:remote (pid 4814) has died: cch CACC
05-27 18:48:38.922 10188  6929 I am_proc_died: [0,4814,com.anwsdk.service:remote,900,17]
05-27 18:48:38.922 13435 13435 D BtManager: onServiceDisconnected
05-27 18:48:38.922 10188  6929 I ActivityManager: app ProcessRecord{b0f50a 4814:com.anwsdk.service:remote/1000} mThread:android.app.IApplicationThread$Stub$Proxy@1bdad4f mDeathRecipient:com.android.server.am.ActivityManagerService$AppDeathRecipient@d2c7c29 has been unlinked.
05-27 18:48:38.922   581   581 I SpiService: fgesysctrl_getGPIO_status success val=1
05-27 18:48:38.922 10188  6929 W ActivityManager: Scheduling restart of crashed service com.anwsdk.service/.anwbtservice in 0ms for persistent
05-27 18:48:38.923 10188  6929 I am_schedule_service_restart: [0,com.anwsdk.service/.anwbtservice,0]
05-27 18:48:38.923 10188  6929 I ActivityManager: note: ProcessRecord{b0f50a 4814:com.anwsdk.service:remote/1000} died, saving the exit info
05-27 18:48:38.923 10188 10680 I ActivityManager: Update process exit info for com.anwsdk.service(4814/u1000)
05-27 18:48:38.923 10188 10678 I libprocessgroup: Successfully killed process cgroup uid 1000 pid 4814 in 0ms
05-27 18:48:38.923 10188  6929 D ActivityTaskManager: put all activities to cleanup list, wpc=ProcessRecord{b0f50a 0:com.anwsdk.service:remote/1000} mHasActivities=false activeActivitySize=0
05-27 08:39:47.887   581   581 D spi_rst_gpio_get_output: GPIO 145 value: 1
05-27 08:39:47.887   581   581 D spidev_ioctl: gpio status=1)
05-27 18:48:38.924 10041 10041 I Zygote  : Process 4814 exited cleanly (1)
05-27 18:48:38.924  1008 30856 D [OMXB]  : usingANWBuffer: handle:0xee746ec0, format:1, w:1920, h:1080
05-27 18:48:38.925 10188 10188 D JobScheduler.Quota: Processing event 31 for <0>com.anwsdk.service
05-27 18:48:38.926 10188 10660 I ActivityManager: com.anwsdk.service is exempt from freezer
05-27 18:48:38.928   581   581 I SpiService: fgesysctrl_getGPIO_status success val=1
05-27 18:48:38.928 10188 10660 D CompatibilityChangeReporter: Compat change id reported: 135634846; UID 1000; state: DISABLED
05-27 18:48:38.928 10188 10660 D CompatibilityChangeReporter: Compat change id reported: 177438394; UID 1000; state: DISABLED
05-27 18:48:38.928 10188 10678 I ActivityManager: Got SIGCHLD from zygote: pid=4814, uid=1000, status=100
05-27 18:48:38.928 10188 10660 D CompatibilityChangeReporter: Compat change id reported: 135772972; UID 1000; state: DISABLED
05-27 18:48:38.928 10188 10680 I ActivityManager: zygote: proc died: pid=4814 uid=1000, status=256
05-27 18:48:38.928 10188 10680 E UnisocStabilityCollection: getKill:true,cur=1,killType=3 ,name=proc_died:1000, reason=proc_died
05-27 18:48:38.929 10188 10680 E UnisocStabilityCollection: getKill sum:15
05-27 18:48:38.929 10188 10660 D CompatibilityChangeReporter: Compat change id reported: 135754954; UID 1000; state: ENABLED
05-27 08:39:47.892   581   581 D spi_rst_gpio_get_output: GPIO 145 value: 1
05-27 08:39:47.892   581   581 D spidev_ioctl: gpio status=1)
05-27 18:48:38.929 10188 10660 D ActivityManager: ProcessRecord{2ab0cdc 0:com.anwsdk.service:remote/1000} setPendingStart=true callers=com.android.server.am.ProcessList.startProcessLocked:1922 com.android.server.am.UnisocProcessList.startProcessLocked:320 com.android.server.am.ProcessList.startProcessLocked:2391 com.android.server.am.ProcessList.startProcessLocked:2534 com.android.server.am.ActivityManagerService.startProcessLocked:2890 com.android.server.am.ActiveServices.bringUpServiceLocked:4326 com.android.server.am.ActiveServices.performServiceRestartLocked:4104 com.android.server.am.ActiveServices$ServiceRestarter.run:3320 android.os.Handler.handleCallback:942 android.os.Handler.dispatchMessage:99 
05-27 18:48:38.929 10188 10660 I ActivityManager: Posting procStart msg for 0:com.anwsdk.service:remote/1000
05-27 18:48:38.930 10188 10661 D ActivityManager: asking zygote to start proc:ProcessRecord{2ab0cdc 0:com.anwsdk.service:remote/1000}
05-27 18:48:38.930 10188 10661 D Prefork : startResult is empty and running normal execution.
05-27 18:48:38.930   299 30844 D EvsDriver: forwardFrame
05-27 18:48:38.931   299 30841 D EvsDriver: forwardFrame
05-27 18:48:38.932   299 30841 D EvsDriver: Delivered 0xb400007b7ca56a60 as id 0
05-27 18:48:38.932  1167  1184 D evsmanagerd: /dev/video4 forwarded the buffer #0 to 0xb4000074bf5f6850 from 0xb4000074bf5f41d0
05-27 18:48:38.932   299 30844 D EvsDriver: Delivered 0xb400007b7ca56900 as id 0
05-27 18:48:38.932 30773 30773 E dvr_service_: [myNum:0] Received S**** loss
05-27 18:48:38.932  1167  1167 D evsmanagerd: /dev/video6 forwarded the buffer #0 to 0xb4000074bf5f5510 from 0xb4000074bf5f6d90
05-27 18:48:38.932 30773 30781 E dvr_service_: [myNum:1] Received S**** loss
05-27 18:48:38.932 13911 14183 I SentryImuMcuAngleSender: 179.986rollDeg
05-27 18:48:38.932 13911 14183 I SentryImuMcuAngleSender: 1,0,0
05-27 18:48:38.933   299  1163 D EvsDriver: doneWithFrame
05-27 18:48:38.933   299  1153 D EvsDriver: doneWithFrame
05-27 18:48:38.933   581   581 I SpiService: fgesysctrl_getGPIO_status success val=1
05-27 08:39:47.898   581   581 D spi_rst_gpio_get_output: GPIO 145 value: 1
05-27 08:39:47.898   581   581 D spidev_ioctl: gpio status=1)
05-27 18:48:38.938   581   581 I SpiService: fgesysctrl_getGPIO_status success val=0
05-27 08:39:47.903   581   581 D spi_rst_gpio_get_output: GPIO 145 value: 0
05-27 08:39:47.903   581   581 D spidev_ioctl: gpio status=0)
05-27 18:48:38.943   536   536 D commservice260303: msg.id = 1028,1
05-27 18:48:38.944   536   536 D commservice260303: i = 170, msgid = 8A000404
05-27 18:48:38.944   536   536 D commservice260303: msgid = -1979710460,did=138
05-27 18:48:38.944   536   536 D commservice260303: CommProtocolLibCmdBaseI2C::dataproc {"command":{"id":"imu_status","sub":""},"content":{"TimeStamp":10,"FrameCounter":252401,"GD_X":-0.011223767884075642,"GD_Y":0.005802778527140617,"GD_Z":0.0019079053308814764,"AD_X":-0.003326728940010071,"AD_Y":-8.399155922234058E-5,"AD_Z":-0.1682577133178711,"TempDsp":0,"Status":0,"CalibState":1,"SigAmpInvalid":0}},-1979710460
05-27 18:48:38.944   536   536 D commservice260303: send2Cluster len:316, 7B22636F6D6D616E64223A7B226964223A22696D755F737461747573222C22737562223A22227D2C22636F6E74656E74223A7B2254696D655374616D70223A31302C224672616D65436F756E746572223A3235323430312C2247445F58223A2D302E3031313232333736373838343037353634322C2247445F59223A302E3030353830323737383532373134303631372C2247445F5A223A302E303031393037393035333330383831343736342C2241445F58223A2D302E3030333332363732383934303031303037312C2241445F59223A2D382E333939313535393232323334303538452D352C2241445F5A223A2D302E313638323537373133333137383731312C2254656D70447370223A302C22537461747573223A302C2243616C69625374617465223A312C22536967416D70496E76616C6964223A307D7D, 138 
05-27 18:48:38.944   536   536 D commservice260303: Push Message into SendPool fn=-1239809024
05-27 18:48:38.944   536   536 D commservice260303: ComProtocolLibSend2Cluster::send2ClusterRaw fn=-1239809024 , len=332
05-27 18:48:38.944   536   536 D commservice260303: sendCmdToPort :332!!!
05-27 18:48:38.944   536   536 D commservice260303: send Cmd To Port ++++5AA501488A0100041AB66A16CC067B22636F6D6D616E64223A7B226964223A22696D755F737461747573222C22737562223A22227D2C22636F6E74656E74223A7B2254696D655374616D70223A31302C224672616D65436F756E746572223A3235323430312C2247445F58223A2D302E3031313232333736373838343037353634322C2247445F59223A302E3030353830323737383532373134303631372C2247445F5A223A302E303031393037393035333330383831343736342C2241445F58223A2D302E3030333332363732383934303031303037312C2241445F59223A2D382E333939313535393232323334303538452D352C2241445F5A223A2D302E313638323537373133333137383731312C2254656D70447370223A302C22537461747573223A302C2243616C69625374617465223A312C22536967416D70496E76616C6964223A307D7D9C0C
05-27 18:48:38.944 10041 10041 D Zygote  : Forked child process 4922
05-27 18:48:38.944   536   536 D commservice260303: bufferevent_write retrun value = 0
05-27 18:48:38.944   536   560 D commservice260303: client datas send succeed,send finish
05-27 18:48:38.945 13911 14192 D Sentinelmode_1.2.5.17_sentry: <SentryImuClusterFgeSender>imu_status sent to Linux, frame=252401, tsNs=10786191, tsMs=10, intervalMs=42, ad=(-0.003326729,-8.399156E-5,-0.16825771), gd=(-0.011223768,0.0058027785,0.0019079053)
05-27 18:48:38.945 10188 10661 I am_proc_start: [0,4922,1000,com.anwsdk.service:remote,service,{com.anwsdk.service/com.anwsdk.service.anwbtservice}]
05-27 18:48:38.945 10188 10661 I ActivityManager: Start proc 4922:com.anwsdk.service:remote/1000 for service {com.anwsdk.service/com.anwsdk.service.anwbtservice}
05-27 18:48:38.945 10188 10661 D ActivityManager: ProcessRecord{2ab0cdc 4922:com.anwsdk.service:remote/1000} setPendingStart=false callers=com.android.server.am.ProcessList.handleProcessStartedLocked:2646 com.android.server.am.UnisocProcessList.handleProcessStartedLocked:377 com.android.server.am.ProcessList.handleProcessStartedLocked:2585 com.android.server.am.ProcessList.lambda$handleProcessStart$1$com-android-server-am-ProcessList:1993 com.android.server.am.ProcessList$$ExternalSyntheticLambda1.run:22 com.android.server.am.ProcessList.handleProcessStart:2016 com.android.server.am.ProcessList.lambda$startProcessLocked$0$com-android-server-am-ProcessList:1950 com.android.server.am.ProcessList$$ExternalSyntheticLambda5.run:22 android.os.Handler.handleCallback:942 android.os.Handler.dispatchMessage:99 
05-27 18:48:38.951  1008 30857 D [OMXB]  : usingANWBuffer: handle:0xee744210, format:1, w:1920, h:1080
05-27 18:48:38.953   581   581 I SpiService: fgesysctrl_getGPIO_status success val=1
05-27 18:48:38.953 13911 14183 I SentryImuMcuAngleSender: 179.98598rollDeg
05-27 08:39:47.917   581   581 D spi_rst_gpio_get_output: GPIO 145 value: 1
05-27 18:48:38.953 13911 14183 I SentryImuMcuAngleSender: 1,0,0
05-27 08:39:47.917   581   581 D spidev_ioctl: gpio status=1)
05-27 18:48:38.955   481   598 I mcuc    : rev,n=1,6AA681D940006B8900380600030A4000003419400000000040000005354000000000400059231C40000040000000000000000000000000000000000001000000000000000000000000000000000000000000000000000000000000000000000000000000000000000000000000000000000047
05-27 18:48:38.955   351   373 D automotive.vehicle@2.0-adayo-datacomm-mcu: MCUDatacomm sendMessageFromVehicle prop: 0x89, areaId: 0x0, status: 0x38, timestamp: 0x6
05-27 18:48:38.955   351   373 D automotive.vehicle@2.0-adayo-datacomm-mcu: MCUDatacomm 1sendMessageFromVehicle ---> type = 3 
05-27 18:48:38.955   351   373 D automotive.vehicle@2.0-adayo-func-bcm: sendMessageFromVehicle sendMessageFromVehicle
05-27 18:48:38.955   351   516 D automotive.vehicle@2.0-adayo-func-bcm: jjfan1 ______procotolSize :38
05-27 18:48:38.955   351   516 D automotive.vehicle@2.0-adayo-func-bcm: BCMFunc sendMessageFromVehicle_l dataType: 12,mByte=7,propid=0x2140006b
05-27 18:48:38.955   351   516 D automotive.vehicle@2.0-adayo-func-bcm: BCMFunc sendMessageFromVehicle_l msgBuff[7]=0x40,start:0,len:6,temp:6,
05-27 18:48:38.955   351   516 D automotive.vehicle@2.0-adayo-func-bcm: BCMFunc sendMessageFromVehicle_l prop: 0x2140006b ,areaId: 0x0  SPLITE_BIT_DATA_INTEGER : 0
05-27 18:48:38.955   351   516 D automotive.vehicle@2.0-adayo-func-bcm: BCMFunc sendMessageFromVehicle_l id:557842539, area:0 not report! 
05-27 18:48:38.955   351   516 D automotive.vehicle@2.0-adayo-func-bcm: BCMFunc sendMessageFromVehicle_l dataType: 12,mByte=7,propid=0x2140006c
05-27 18:48:38.955   351   516 D automotive.vehicle@2.0-adayo-func-bcm: BCMFunc sendMessageFromVehicle_l msgBuff[7]=0x40,start:6,len:2,temp:2,
05-27 18:48:38.955   351   516 D automotive.vehicle@2.0-adayo-func-bcm: BCMFunc sendMessageFromVehicle_l prop: 0x2140006c ,areaId: 0x0  SPLITE_BIT_DATA_INTEGER : 1
05-27 18:48:38.955   351   516 D automotive.vehicle@2.0-adayo-func-bcm: BCMFunc sendMessageFromVehicle_l id:557842540, area:0 not report! 
05-27 18:48:38.955   351   516 D automotive.vehicle@2.0-adayo-func-bcm: BCMFunc sendMessageFromVehicle_l dataType: 12,mByte=11,propid=0x2140004a
05-27 18:48:38.955   351   516 D automotive.vehicle@2.0-adayo-func-bcm: BCMFunc sendMessageFromVehicle_l msgBuff[11]=0x19,start:0,len:32,temp:8,
05-27 18:48:38.955   351   516 D automotive.vehicle@2.0-adayo-func-bcm: BCMFunc sendMessageFromVehicle_l msgBuff[10]=0x34,start:0,len:24,temp:8,
05-27 18:48:38.955   351   516 D automotive.vehicle@2.0-adayo-func-bcm: BCMFunc sendMessageFromVehicle_l msgBuff[9]=0x0,start:0,len:16,temp:8,
05-27 18:48:38.955   351   516 D automotive.vehicle@2.0-adayo-func-bcm: BCMFunc sendMessageFromVehicle_l msgBuff[8]=0x0,start:0,len:8,temp:8,
05-27 18:48:38.955   351   516 D automotive.vehicle@2.0-adayo-func-bcm: BCMFunc sendMessageFromVehicle_l prop: 0x2140004a ,areaId: 0x0  SPLITE_BIT_DATA_INTEGER : 13337
05-27 18:48:38.955   351   516 D automotive.vehicle@2.0-adayo-func-bcm: BCMFunc sendMessageFromVehicle_l id:557842506, area:0 not report! 
05-27 18:48:38.955   351   516 D automotive.vehicle@2.0-adayo-func-bcm: BCMFunc sendMessageFromVehicle_l dataType: 12,mByte=12,propid=0x2140006d
05-27 18:48:38.955  4922  4922 I Zygote  : seccomp disabled by setenforce 0
05-27 18:48:38.955   351   516 D automotive.vehicle@2.0-adayo-func-bcm: BCMFunc sendMessageFromVehicle_l msgBuff[12]=0x40,start:0,len:6,temp:6,
05-27 18:48:38.955   351   516 D automotive.vehicle@2.0-adayo-func-bcm: BCMFunc sendMessageFromVehicle_l prop: 0x2140006d ,areaId: 0x0  SPLITE_BIT_DATA_INTEGER : 0
05-27 18:48:38.955   351   516 D automotive.vehicle@2.0-adayo-func-bcm: BCMFunc sendMessageFromVehicle_l id:557842541, area:0 not report! 
05-27 18:48:38.955   351   516 D automotive.vehicle@2.0-adayo-func-bcm: BCMFunc sendMessageFromVehicle_l dataType: 12,mByte=12,propid=0x2140006e
05-27 18:48:38.955   351   516 D automotive.vehicle@2.0-adayo-func-bcm: BCMFunc sendMessageFromVehicle_l msgBuff[12]=0x40,start:6,len:2,temp:2,
05-27 18:48:38.955   351   516 D automotive.vehicle@2.0-adayo-func-bcm: BCMFunc sendMessageFromVehicle_l prop: 0x2140006e ,areaId: 0x0  SPLITE_BIT_DATA_INTEGER : 1
05-27 18:48:38.955   351   516 D automotive.vehicle@2.0-adayo-func-bcm: BCMFunc sendMessageFromVehicle_l id:557842542, area:0 not report! 
05-27 18:48:38.955   351   516 D automotive.vehicle@2.0-adayo-func-bcm: BCMFunc sendMessageFromVehicle_l dataType: 12,mByte=16,propid=0x21600040
05-27 18:48:38.955   351   516 D automotive.vehicle@2.0-adayo-func-bcm: BCMFunc sendMessageFromVehicle_l msgBuff[16]=0x0,start:0,len:32,temp:8,
05-27 18:48:38.955   351   516 D automotive.vehicle@2.0-adayo-func-bcm: BCMFunc sendMessageFromVehicle_l msgBuff[15]=0x0,start:0,len:24,temp:8,
05-27 18:48:38.955   351   516 D automotive.vehicle@2.0-adayo-func-bcm: BCMFunc sendMessageFromVehicle_l msgBuff[14]=0x0,start:0,len:16,temp:8,
05-27 18:48:38.955   351   516 D automotive.vehicle@2.0-adayo-func-bcm: BCMFunc sendMessageFromVehicle_l msgBuff[13]=0x0,start:0,len:8,temp:8,
