05-27 18:48:43.055  4980  4980 D ANWJNI_SECOND: (4980|0x5467E4F8)[BTAPP] XML : hfp debug open
05-27 18:48:43.055  4980  4980 D ANWJNI_SECOND: 
05-27 18:48:43.055  4980  4980 D ANWJNI_SECOND: (4980|0x5467E4F8)[BTAPP] XML : a2dp debug
05-27 18:48:43.055  4980  4980 D ANWJNI_SECOND: 
05-27 18:48:43.055  4980  4980 D ANWJNI_SECOND: (4980|0x5467E4F8)[BTAPP] XML : a2dp debug open
05-27 18:48:43.055  4980  4980 D ANWJNI_SECOND: 
05-27 18:48:43.055  4980  4980 D ANWJNI_SECOND: (4980|0x5467E4F8)[BTAPP] XML : waveout debug
05-27 18:48:43.055  4980  4980 D ANWJNI_SECOND: 
05-27 18:48:43.055  4980  4980 D ANWJNI_SECOND: (4980|0x5467E4F8)[BTAPP] XML : waveout debug open
05-27 18:48:43.055  4980  4980 D ANWJNI_SECOND: 
05-27 18:48:43.055  4980  4980 D ANWJNI_SECOND: (4980|0x5467E4F8)[BTAPP] XML : avrcp debug
05-27 18:48:43.055  4980  4980 D ANWJNI_SECOND: 
05-27 18:48:43.055  4980  4980 D ANWJNI_SECOND: (4980|0x5467E4F8)[BTAPP] XML : avrcp debug open
05-27 18:48:43.055  4980  4980 D ANWJNI_SECOND: 
05-27 18:48:43.055  4980  4980 D ANWJNI_SECOND: (4980|0x5467E4F8)[BTAPP] XML : pbap debug
05-27 18:48:43.055  4980  4980 D ANWJNI_SECOND: 
05-27 18:48:43.055  4980  4980 D ANWJNI_SECOND: (4980|0x5467E4F8)[BTAPP] XML : pbap debug open
05-27 18:48:43.055  4980  4980 D ANWJNI_SECOND: 
05-27 18:48:43.055  4980  4980 D ANWJNI_SECOND: (4980|0x5467E4F8)[BTAPP] XML : map debug
05-27 18:48:43.055  4980  4980 D ANWJNI_SECOND: 
05-27 18:48:43.055  4980  4980 D ANWJNI_SECOND: (4980|0x5467E4F8)[BTAPP] XML : map debug open
05-27 18:48:43.055  4980  4980 D ANWJNI_SECOND: 
05-27 18:48:43.055  4980  4980 D ANWJNI_SECOND: (4980|0x5467E4F8)[BTAPP] get debug_iap data fail
05-27 18:48:43.055  4980  4980 D ANWJNI_SECOND: 
05-27 18:48:43.055  4980  4980 D ANWJNI_SECOND: (4980|0x5467E4F8)[BTAPP] XML : btsnoop
05-27 18:48:43.055  4980  4980 D ANWJNI_SECOND: 
05-27 18:48:43.055  4980  4980 D ANWJNI_SECOND: (4980|0x5467E4F8)[BTAPP] XML : btsnoop open
05-27 18:48:43.055  4980  4980 D ANWJNI_SECOND: 
05-27 18:48:43.055  4980  4980 D ANWJNI_SECOND: (4980|0x5467E4F8)[BTAPP] XML : file_path 
05-27 18:48:43.055  4980  4980 D ANWJNI_SECOND: 
05-27 18:48:43.055  4980  4980 D ANWJNI_SECOND: (4980|0x5467E4F8)[BTAPP] XML : file_path /data/misc/anw/ is exist,so break
05-27 18:48:43.055  4980  4980 D ANWJNI_SECOND: 
05-27 18:48:43.056  4980  4980 D ANW_AVRCP_SECOND: AnWBT_Set_Storage_Path path /data/misc/anw/
05-27 18:48:43.056  4980  4980 D ANWJNI_SECOND: (4980|0x5467E4F8)[BTAPP] XML : btsnoop_file_path 
05-27 18:48:43.056  4980  4980 D ANWJNI_SECOND: 
05-27 18:48:43.056  4980  4980 D ANWJNI_SECOND: (4980|0x5467E4F8)[BTAPP] XML : btsnoop_path /data/misc/anw/logs/ is exist,so break
05-27 18:48:43.056  4980  4980 D ANWJNI_SECOND: 
05-27 18:48:43.056  4980  4980 D ANWJNI_SECOND: (4980|0x5467E4F8)[BTAPP] XML : find btsnoop_file_size_MB setting
05-27 18:48:43.056  4980  4980 D ANWJNI_SECOND: 
05-27 18:48:43.056  4980  4980 D ANWJNI_SECOND: (4980|0x5467E4F8)[BTAPP] XML : find maxBtSnoopFileSize_MB(100)(100)
05-27 18:48:43.056  4980  4980 D ANWJNI_SECOND: 
05-27 18:48:43.056  4980  4980 D ANWJNI_SECOND: (4980|0x5467E4F8)[BTAPP] XML : find rfkillstate_path:/sys/class/gpio/gpio142/value
05-27 18:48:43.056  4980  4980 D ANWJNI_SECOND: 
05-27 18:48:43.056  4980  4980 D ANWAPI_SECOND: (4980|0x5467E4F8)[BTAPI] AnW_BT_SetRfkillStatePath
05-27 18:48:43.056  4980  4980 D ANWJNI_SECOND: (4980|0x5467E4F8)[BTAPP] get dump_pcm data fail
05-27 18:48:43.056  4980  4980 D ANWJNI_SECOND: 
05-27 18:48:43.056  4980  4980 D ANWJNI_SECOND: (4980|0x5467E4F8)[BTAPP] XML : accept_avrcp_ct_control
05-27 18:48:43.056  4980  4980 D ANWJNI_SECOND: 
05-27 18:48:43.056  4980  4980 D ANWJNI_SECOND: (4980|0x5467E4F8)[BTAPP] XML : accept_avrcp_ct_control close
05-27 18:48:43.056  4980  4980 D ANWJNI_SECOND: 
05-27 18:48:43.056  4980  4980 D ANWJNI_SECOND: (4980|0x5467E4F8)[BTAPP] XML : find maxHFPAGConnNum setting
05-27 18:48:43.056  4980  4980 D ANWJNI_SECOND: 
05-27 18:48:43.056  4980  4980 D ANWJNI_SECOND: (4980|0x5467E4F8)[BTAPP] XML : find maxHFPAGConnNum(2)(2)
05-27 18:48:43.056  4980  4980 D ANWJNI_SECOND: 
05-27 18:48:43.056   581   581 I SpiService: fgesysctrl_getGPIO_status success val=1
05-27 18:48:43.056  4980  4980 D ANWJNI_SECOND: (4980|0x5467E4F8)[BTAPP] XML : find maxHFPHFConnNum setting
05-27 18:48:43.056  4980  4980 D ANWJNI_SECOND: 
05-27 18:48:43.057  4980  4980 D ANWJNI_SECOND: (4980|0x5467E4F8)[BTAPP] XML : find maxHFPHFConnNum(0)(0)
05-27 18:48:43.057  4980  4980 D ANWJNI_SECOND: 
05-27 18:48:43.057  4980  4980 D ANWJNI_SECOND: (4980|0x5467E4F8)[BTAPP] XML : find maxPBAPConnNum setting
05-27 18:48:43.057  4980  4980 D ANWJNI_SECOND: 
05-27 18:48:43.057  4980  4980 D ANWJNI_SECOND: (4980|0x5467E4F8)[BTAPP] XML : find maxPBAPConnNum(0)(0)
05-27 18:48:43.057  4980  4980 D ANWJNI_SECOND: 
05-27 18:48:43.057  4980  4980 D ANWJNI_SECOND: (4980|0x5467E4F8)[BTAPP] XML : find maxMAPConnNum setting
05-27 18:48:43.057  4980  4980 D ANWJNI_SECOND: 
05-27 18:48:43.057  4980  4980 D ANWJNI_SECOND: (4980|0x5467E4F8)[BTAPP] XML : find maxMAPConnNum(0)(0)
05-27 18:48:43.057  4980  4980 D ANWJNI_SECOND: 
05-27 18:48:43.057  4980  4980 D ANWJNI_SECOND: (4980|0x5467E4F8)[BTAPP] XML : find maxA2DPSinkConnNum setting
05-27 18:48:43.057  4980  4980 D ANWJNI_SECOND: 
05-27 18:48:43.057  4980  4980 D ANWJNI_SECOND: (4980|0x5467E4F8)[BTAPP] XML : find maxA2DPSinkConnNum(0)(0)
05-27 18:48:43.057  4980  4980 D ANWJNI_SECOND: 
05-27 18:48:43.057  4980  4980 D ANWJNI_SECOND: (4980|0x5467E4F8)[BTAPP] XML : find maxA2DPSourceConnNum setting
05-27 18:48:43.057  4980  4980 D ANWJNI_SECOND: 
05-27 18:48:43.057  4980  4980 D ANWJNI_SECOND: (4980|0x5467E4F8)[BTAPP] XML : find maxA2DPSourceConnNum(2)(2)
05-27 18:48:43.057  4980  4980 D ANWJNI_SECOND: 
05-27 18:48:43.057  4980  4980 D ANWJNI_SECOND: (4980|0x5467E4F8)[BTAPP] XML : find maxAVRCPCTConnNum setting
05-27 18:48:43.057  4980  4980 D ANWJNI_SECOND: 
05-27 18:48:43.058  4980  4980 D ANWJNI_SECOND: (4980|0x5467E4F8)[BTAPP] XML : find (0)(0)
05-27 18:48:43.058  4980  4980 D ANWJNI_SECOND: 
05-27 18:48:43.058  4980  4980 D ANWJNI_SECOND: (4980|0x5467E4F8)[BTAPP] XML : find maxAVRCPTGConnNum setting
05-27 18:48:43.058  4980  4980 D ANWJNI_SECOND: 
05-27 18:48:43.058  4980  4980 D ANWJNI_SECOND: (4980|0x5467E4F8)[BTAPP] XML : find maxAVRCPTGConnNum(2)(2)
05-27 18:48:43.058  4980  4980 D ANWJNI_SECOND: 
05-27 18:48:43.058  4980  4980 D ANWJNI_SECOND: (4980|0x5467E4F8)[BTAPP] XML : find maxDeviceConnNum setting
05-27 18:48:43.058  4980  4980 D ANWJNI_SECOND: 
05-27 18:48:43.058  4980  4980 D ANWJNI_SECOND: (4980|0x5467E4F8)[BTAPP] XML : find maxDeviceConnNum(2)(2)
05-27 18:48:43.058  4980  4980 D ANWJNI_SECOND: 
05-27 18:48:43.058  4980  4980 D ANWJNI_SECOND: (4980|0x5467E4F8)[BTAPP] XML : find maxSCOConnNum setting
05-27 18:48:43.058  4980  4980 D ANWJNI_SECOND: 
05-27 18:48:43.058  4980  4980 D ANWJNI_SECOND: (4980|0x5467E4F8)[BTAPP] XML : find maxSCOConnNum(2)(2)
05-27 18:48:43.058  4980  4980 D ANWJNI_SECOND: 
05-27 18:48:43.058  1008 30857 D [OMXB]  : usingANWBuffer: handle:0xee741da0, format:1, w:1920, h:1080
05-27 18:48:43.058  4980  4980 D ANWJNI_SECOND: (4980|0x5467E4F8)[BTAPP] XML : find maxHFSCOConnNum setting
05-27 18:48:43.058  4980  4980 D ANWJNI_SECOND: 
05-27 18:48:43.058  4980  4980 D ANWJNI_SECOND: (4980|0x5467E4F8)[BTAPP] XML : find maxHFSCOConnNum(0)(0)
05-27 18:48:43.058  4980  4980 D ANWJNI_SECOND: 
05-27 18:48:43.058  4980  4980 D ANWJNI_SECOND: (4980|0x5467E4F8)[BTAPP] XML : find maxAGSCOConnNum setting
05-27 18:48:43.058  4980  4980 D ANWJNI_SECOND: 
05-27 18:48:43.058  4980  4980 D ANWJNI_SECOND: (4980|0x5467E4F8)[BTAPP] XML : find maxAGSCOConnNum(2)(2)
05-27 18:48:43.058  4980  4980 D ANWJNI_SECOND: 
05-27 18:48:43.058  4980  4980 D ANWJNI_SECOND: (4980|0x5467E4F8)[BTAPP] XML : find maxOppConnNum_data setting
05-27 18:48:43.058  4980  4980 D ANWJNI_SECOND: 
05-27 18:48:43.058  4980  4980 D ANWJNI_SECOND: (4980|0x5467E4F8)[BTAPP] XML : find maxOPPConnNum(0)(0)
05-27 18:48:43.058  4980  4980 D ANWJNI_SECOND: 
05-27 18:48:43.058  4980  4980 D ANWJNI_SECOND: (4980|0x5467E4F8)[BTAPP] XML : find maxHidHostConnNum_data setting
05-27 18:48:43.058  4980  4980 D ANWJNI_SECOND: 
05-27 18:48:43.058  4980  4980 D ANWJNI_SECOND: (4980|0x5467E4F8)[BTAPP] XML : find maxHidHostConnNum(0)(0)
05-27 18:48:43.058  4980  4980 D ANWJNI_SECOND: 
05-27 18:48:43.058  4980  4980 D ANWJNI_SECOND: (4980|0x5467E4F8)[BTAPP] XML : music_mode_auto_select
05-27 18:48:43.058  4980  4980 D ANWJNI_SECOND: 
05-27 18:48:43.058  4980  4980 D ANWJNI_SECOND: (4980|0x5467E4F8)[BTAPP] XML : music_mode_auto_select open
05-27 18:48:43.058  4980  4980 D ANWJNI_SECOND: 
05-27 18:48:43.059  4980  4980 D ANWJNI_SECOND: (4980|0x5467E4F8)[BTAPP] XML : BQB_test_setting
05-27 18:48:43.059  4980  4980 D ANWJNI_SECOND: 
05-27 18:48:43.059  4980  4980 D ANWJNI_SECOND: (4980|0x5467E4F8)[BTAPP] XML : BQB_test_setting close
05-27 18:48:43.059  4980  4980 D ANWJNI_SECOND: 
05-27 18:48:43.059  4980  4980 D ANWJNI_SECOND: (4980|0x5467E4F8)[BTAPP] XML : find aaudio_device_id setting
05-27 18:48:43.059  4980  4980 D ANWJNI_SECOND: 
05-27 18:48:43.059  4980  4980 D ANWJNI_SECOND: (4980|0x5467E4F8)[BTAPP] XML : find aaudio_device_id(16)(16)
05-27 18:48:43.059  4980  4980 D ANWJNI_SECOND: 
05-27 18:48:43.059 13911 14183 I SentryImuMcuAngleSender: 179.99298rollDeg
05-27 18:48:43.059  4980  4980 D ANWJNI_SECOND: (4980|0x5467E4F8)[BTAPP] XML : local_device_name_data 
05-27 18:48:43.059  4980  4980 D ANWJNI_SECOND: 
05-27 18:48:43.059 13911 14183 I SentryImuMcuAngleSender: 1,0,0
05-27 18:48:43.059  4980  4980 D ANWAPI_SECOND: (4980|0x5467E4F8)[BTAPI] AnWBT_Set_Local_Device_Before_Init LJ_FUJIA
05-27 18:48:43.060  4980  4980 D ANWJNI_SECOND: (4980|0x5467E4F8)[BTAPP] get a2dp_sink_pcm data fail
05-27 18:48:43.060  4980  4980 D ANWJNI_SECOND: 
05-27 18:48:43.060  4980  4980 D ANWJNI_SECOND: (4980|0x5467E4F8)[BTAPP] XML : master_device_file_path 
05-27 18:48:43.060  4980  4980 D ANWJNI_SECOND: 
05-27 18:48:43.060  4980  4980 D ANWJNI_SECOND: (4980|0x5467E4F8)[BTAPP] XML : master_device_file_path /anw/target_device_info is not exist
05-27 18:48:43.060  4980  4980 D ANWJNI_SECOND: 
05-27 18:48:43.060  4980  4980 D ANWJNI_SECOND: (4980|0x5467E4F8)[BTAPP] XML : read_rssi_switch
05-27 18:48:43.060  4980  4980 D ANWJNI_SECOND: 
05-27 18:48:43.060  4980  4980 D ANWJNI_SECOND: (4980|0x5467E4F8)[BTAPP] XML : read_rssi_switch close
05-27 18:48:43.060  4980  4980 D ANWJNI_SECOND: 
05-27 18:48:43.060  4980  4980 D ANWJNI_SECOND: (4980|0x5467E4F8)[BTAPP] XML : pbapClient_autoConnectAndDownload
05-27 18:48:43.060  4980  4980 D ANWJNI_SECOND: 
05-27 18:48:43.060  4980  4980 D ANWJNI_SECOND: (4980|0x5467E4F8)[BTAPP] XML : PBAP Client auto connect an download close
05-27 18:48:43.060  4980  4980 D ANWJNI_SECOND: 
05-27 18:48:43.060  4980  4980 D ANWJNI_SECOND: (4980|0x5467E4F8)[BTAPP] get callDisconnect_AutoDownloadCalllog data fail
05-27 18:48:43.060  4980  4980 D ANWJNI_SECOND: 
05-27 18:48:43.060  4980  4980 D ANWJNI_SECOND: (4980|0x5467E4F8)[BTAPP] XML : UART_path 
05-27 18:48:43.060  4980  4980 D ANWJNI_SECOND: 
05-27 18:48:43.060  4980  4980 D ANWJNI_SECOND: (4980|0x5467E4F8)[BTAPP] XML : UART_path:[/dev/ttyS3]
05-27 18:48:43.060  4980  4980 D ANWJNI_SECOND: 
05-27 18:48:43.060  4980  4980 D ANWJNI_SECOND: (4980|0x5467E4F8)[BTAPP] get BTADDR_path data fail
05-27 18:48:43.060  4980  4980 D ANWJNI_SECOND: 
05-27 18:48:43.060  4980  4980 D ANWJNI_SECOND: (4980|0x5467E4F8)[BTAPP] XML : BTADDR path not find
05-27 18:48:43.060  4980  4980 D ANWJNI_SECOND: 
05-27 18:48:43.060  4980  4980 D ANWJNI_SECOND: (4980|0x5467E4F8)[BTAPP] XML : find UART_baudRate_init(115200)
05-27 18:48:43.060  4980  4980 D ANWJNI_SECOND: 
05-27 18:48:43.060  4980  4980 D ANWJNI_SECOND: (4980|0x5467E4F8)[BTAPP] XML : find UART_baudRate_normal(3000000)
05-27 18:48:43.060  4980  4980 D ANWJNI_SECOND: 
05-27 18:48:43.060  4980  4980 D ANWJNI_SECOND: (4980|0x5467E4F8)[BTAPP] XML : AVRCP_ABSOLUTE_VOLUME
05-27 18:48:43.060  4980  4980 D ANWJNI_SECOND: 
05-27 18:48:43.060  4980  4980 D ANWJNI_SECOND: (4980|0x5467E4F8)[BTAPP] XML : avrcp absolute volume change open
05-27 18:48:43.060  4980  4980 D ANWJNI_SECOND: 
05-27 18:48:43.060  4980  4980 D ANWAPI_SECOND: (4980|0x5467E4F8)[BTAPI] AnWBT_Set_Avrcp_Absoulte_Volume_Change[1]
05-27 18:48:43.061  4980  4980 D ANWJNI_SECOND: (4980|0x5467E4F8)[BTAPP] get generate_random_address data fail
05-27 18:48:43.061  4980  4980 D ANWJNI_SECOND: 
05-27 18:48:43.061  4980  4980 D ANWJNI_SECOND: (4980|0x5467E4F8)[BTAPP] get reject_a2dp_avrcp data fail
05-27 18:48:43.061  4980  4980 D ANWJNI_SECOND: 
05-27 18:48:43.061   536   536 D commservice260303: msg.id = 1028,1
05-27 18:48:43.061  4980  4980 D ANWJNI_SECOND: (4980|0x5467E4F8)[BTAPP] XML : find connect_by_sdp_limit setting
05-27 18:48:43.061  4980  4980 D ANWJNI_SECOND: 
05-27 18:48:43.061   536   536 D commservice260303: i = 170, msgid = 8A000404
05-27 18:48:43.061  4980  4980 D ANWJNI_SECOND: (4980|0x5467E4F8)[BTAPP] connect_by_sdp_limit set(close)
05-27 18:48:43.061  4980  4980 D ANWJNI_SECOND: 
05-27 18:48:43.061   536   536 D commservice260303: msgid = -1979710460,did=138
05-27 18:48:43.061  4980  4980 D ANWJNI_SECOND: (4980|0x5467E4F8)[BTAPP] XML : find hfpag_auto_select_main_device setting
05-27 18:48:43.061  4980  4980 D ANWJNI_SECOND: 
05-27 18:48:43.061   536   536 D commservice260303: CommProtocolLibCmdBaseI2C::dataproc {"command":{"id":"imu_status","sub":""},"content":{"TimeStamp":10,"FrameCounter":252502,"GD_X":-0.011834942735731602,"GD_Y":0.005039200186729431,"GD_Z":0.0021378109231591225,"AD_X":0.0015366077423095703,"AD_Y":-0.0014210487715899944,"AD_Z":-0.16764545440673828,"TempDsp":0,"Status":0,"CalibState":1,"SigAmpInvalid":0}},-1979710460
05-27 18:48:43.061  4980  4980 D ANWJNI_SECOND: (4980|0x5467E4F8)[BTAPP] hfpag_auto_select_main_device set(open)
05-27 18:48:43.061  4980  4980 D ANWJNI_SECOND: 
05-27 18:48:43.061  4980  4980 D ANWJNI_SECOND: (4980|0x5467E4F8)[BTAPP] XML : find waveout_file_size_MB setting
05-27 18:48:43.061  4980  4980 D ANWJNI_SECOND: 
05-27 18:48:43.061  4980  4980 D ANWJNI_SECOND: (4980|0x5467E4F8)[BTAPP] XML : find waveout_file_size_MB_data(50)
05-27 18:48:43.061  4980  4980 D ANWJNI_SECOND: 
05-27 18:48:43.061  4980  4980 D ANWJNI_SECOND: (4980|0x5467E4F8)[BTAPP] free source_data
05-27 18:48:43.061  4980  4980 D ANWJNI_SECOND: 
05-27 18:48:43.061   536   536 D commservice260303: send2Cluster len:318, 7B22636F6D6D616E64223A7B226964223A22696D755F737461747573222C22737562223A22227D2C22636F6E74656E74223A7B2254696D655374616D70223A31302C224672616D65436F756E746572223A3235323530322C2247445F58223A2D302E3031313833343934323733353733313630322C2247445F59223A302E3030353033393230303138363732393433312C2247445F5A223A302E303032313337383130393233313539313232352C2241445F58223A302E303031353336363037373432333039353730332C2241445F59223A2D302E303031343231303438373731353839393934342C2241445F5A223A2D302E31363736343534353434303637333832382C2254656D70447370223A302C22537461747573223A302C2243616C69625374617465223A312C22536967416D70496E76616C6964223A307D7D, 138 
05-27 18:48:43.061  4980  4980 D ANWJNI_SECOND: (4980|0x5467E4F8)[BTAPP] Read XMLfile End
05-27 18:48:43.061  4980  4980 D ANWJNI_SECOND: 
05-27 18:48:43.061   536   536 D commservice260303: Push Message into SendPool fn=488309760
05-27 18:48:43.061  4980  4980 D ANWJNI_SECOND: (4980|0x5467E4F8)[BTAPP] run Read (/system/etc/bluetooth/anw_AA_CP_setting.cfg) Start
05-27 18:48:43.061  4980  4980 D ANWJNI_SECOND: 
05-27 18:48:43.061   536   536 D commservice260303: ComProtocolLibSend2Cluster::send2ClusterRaw fn=488309760 , len=334
05-27 18:48:43.061   536   536 D commservice260303: sendCmdToPort :334!!!
05-27 18:48:43.061  4980  4980 D ANWJNI_SECOND: (4980|0x5467E4F8)[BTAPP] open BT config file (/system/etc/bluetooth/anw_AA_CP_setting.cfg) failed.
05-27 18:48:43.061  4980  4980 D ANWJNI_SECOND: 
05-27 18:48:43.061  4980  4980 D ANWJNI_SECOND: (4980|0x5467E4F8)[BTAPP] run Read (/data/misc/anw//btmonitor_lastrecord) Start
05-27 18:48:43.061  4980  4980 D ANWJNI_SECOND: 
05-27 18:48:43.061   536   536 D commservice260303: send Cmd To Port ++++5AA5014A8A0100041B1D6A16CC0B7B22636F6D6D616E64223A7B226964223A22696D755F737461747573222C22737562223A22227D2C22636F6E74656E74223A7B2254696D655374616D70223A31302C224672616D65436F756E746572223A3235323530322C2247445F58223A2D302E3031313833343934323733353733313630322C2247445F59223A302E3030353033393230303138363732393433312C2247445F5A223A302E303032313337383130393233313539313232352C2241445F58223A302E303031353336363037373432333039353730332C2241445F59223A2D302E303031343231303438373731353839393934342C2241445F5A223A2D302E31363736343534353434303637333832382C2254656D70447370223A302C22537461747573223A302C2243616C69625374617465223A312C22536967416D70496E76616C6964223A307D7D59A0
05-27 18:48:43.061  4980  4980 D ANWJNI_SECOND: (4980|0x5467E4F8)[BTAPP] open BT last record file (/data/misc/anw//btmonitor_lastrecord) success.
05-27 18:48:43.061  4980  4980 D ANWJNI_SECOND: 
05-27 18:48:43.062   536   536 D commservice260303: bufferevent_write retrun value = 0
05-27 18:48:43.062  4980  4980 D ANWJNI_SECOND: (4980|0x5467E4F8)[BTAPP] read last_connected_device last_scan_mode::3
05-27 18:48:43.062  4980  4980 D ANWJNI_SECOND: 
05-27 18:48:43.062  4980  4980 D ANWJNI_SECOND: 
05-27 18:48:43.062   536   560 D commservice260303: client datas send succeed,send finish
05-27 18:48:43.062  4980  4980 D ANWJNI_SECOND: (4980|0x5467E4F8)[BTAPP] read last_scan_mode
05-27 18:48:43.062  4980  4980 D ANWJNI_SECOND: 
05-27 18:48:43.062  4980  4980 D ANWJNI_SECOND: (4980|0x5467E4F8)[BTAPP] last_scan_mode find,value is 3
05-27 18:48:43.062  4980  4980 D ANWJNI_SECOND: 
05-27 18:48:43.062   581   581 I SpiService: fgesysctrl_getGPIO_status success val=1
05-27 18:48:43.062  4980  4980 D ANWJNI_SECOND: (4980|0x5467E4F8)[BTAPP] read last_poweron_state
05-27 18:48:43.062  4980  4980 D ANWJNI_SECOND: 
05-27 18:48:43.062  4980  4980 I ANWJNI_SECOND: --- JNI_OnLoad
05-27 18:48:43.065 13911 14192 D Sentinelmode_1.2.5.17_sentry: <SentryImuClusterFgeSender>imu_status sent to Linux, frame=252502, tsNs=10790274, tsMs=10, intervalMs=47, ad=(0.0015366077,-0.0014210488,-0.16764545), gd=(-0.011834943,0.0050392,0.002137811)
05-27 18:48:43.065   299 30841 D EvsDriver: forwardFrame
05-27 18:48:43.066   299 30844 D EvsDriver: forwardFrame
05-27 18:48:43.068   581   581 I SpiService: fgesysctrl_getGPIO_status success val=1
05-27 18:48:43.069   299 30844 D EvsDriver: Delivered 0xb400007b7ca56900 as id 0
05-27 18:48:43.069  1167  1167 D evsmanagerd: /dev/video6 forwarded the buffer #0 to 0xb4000074bf5f5510 from 0xb4000074bf5f6d90
05-27 18:48:43.070  1167  1167 D evsmanagerd: /dev/video4 forwarded the buffer #0 to 0xb4000074bf5f6850 from 0xb4000074bf5f41d0
05-27 18:48:43.073   299  1153 D EvsDriver: doneWithFrame
05-27 18:48:43.072   299 30841 D EvsDriver: Delivered 0xb400007b7ca56a60 as id 0
05-27 18:48:43.074   581   581 I SpiService: fgesysctrl_getGPIO_status success val=1
05-27 18:48:43.075  4980  4980 D AnwSdkService: onCreate
05-27 18:48:43.075  4980  4980 D AnwSdkService: run createMessageHandleThread
05-27 18:48:43.076   572   572 I Sensors : 230 GyroSensor: x:-0.012446,y:0.005039,z:0.001832
05-27 18:48:43.078   299  1153 D EvsDriver: doneWithFrame
05-27 18:48:43.078 10188 10959 E UnisocStabilityCollection: getLoadAvgInfo:9/2637
05-27 18:48:43.078 10188 10959 E UnisocStabilityCollection: getLoadAvgInfo index:1
05-27 08:39:52.059   581   581 D spidev_ioctl: gpio status=1)
05-27 08:39:52.064   581   581 D spi_rst_gpio_get_output: GPIO 145 value: 1
05-27 08:39:52.064   581   581 D spidev_ioctl: gpio status=1)
05-27 18:48:43.079 10188 10959 E UnisocStabilityCollection: getLoadAvgInfo str1:9
05-27 18:48:43.079 10188 10959 E UnisocStabilityCollection: getLoadAvgInfo str1:2637
05-27 18:48:43.079 13911 14183 I SentryImuMcuAngleSender: 179.98248rollDeg
05-27 18:48:43.079 13911 14183 I SentryImuMcuAngleSender: 1,0,0
05-27 18:48:43.079 10188 10959 E UnisocStabilityCollection: checkLastPressure[/proc/pressure/memory] some (0.0,0.0,0.0)
05-27 18:48:43.079 10188 10959 E UnisocStabilityCollection: checkLastPressure[/proc/pressure/memory] full (0.0,0.0,0.0)
05-27 18:48:43.080 10188 10959 E UnisocStabilityCollection: checkLastPressure[/proc/pressure/io] some (0.73,1.96,2.58)
05-27 18:48:43.080 10188 10959 E UnisocStabilityCollection: checkLastPressure[/proc/pressure/io] full (0.19,0.99,1.37)
05-27 18:48:43.080 10188 10959 E UnisocStabilityCollection: handleMessage UNISOCCOLLECTION_EVENT_SYSTEM:1,sum=3
05-27 18:48:43.080   581   581 I SpiService: fgesysctrl_getGPIO_status success val=0
05-27 18:48:43.081  4980  4980 D AnwSdkService: run createAudioFocusListenerMessageHandleThread
05-27 18:48:43.082  4980  4980 I AnwSdkService: mhcilog1:
05-27 18:48:43.083  4980  4980 I AnwSdkService: mhcilog4:
05-27 18:48:43.085  1008 30856 D [OMXB]  : usingANWBuffer: handle:0xee746aa0, format:1, w:1920, h:1080
05-27 18:48:43.090  4980  4980 I ANWJNI_SECOND: +++ InitialCallback=====
05-27 18:48:43.091  4980  4980 I ANWJNI_SECOND: --- InitialCallback(77)(78)
05-27 18:48:43.092  4980  4980 I ANWJNI_SECOND: --- InitialCallback(79)(80)
05-27 18:48:43.092  4980  4980 I ANWJNI_SECOND: --- InitialCallback:0
05-27 18:48:43.092  4980  4980 D AnwSdkService: onCreate:0,78,80
05-27 18:48:43.092  4980  4980 D AnwSdkService: pbap_socket_fd1 = 78
05-27 18:48:43.092  4980  4980 D AnwSdkService: run createPbapContactMessageHandleThread
05-27 18:48:43.094   581   581 I SpiService: fgesysctrl_getGPIO_status success val=1
05-27 18:48:43.095  4980  4980 D AnwSdkService: run createPbapParsedDataUpdateMessageHandleThread
05-27 18:48:43.096   299 30844 D EvsDriver: forwardFrame
05-27 18:48:43.098   299 30844 D EvsDriver: Delivered 0xb400007b7ca56900 as id 0
05-27 18:48:43.098  1167  1167 D evsmanagerd: /dev/video6 forwarded the buffer #0 to 0xb4000074bf5f5510 from 0xb4000074bf5f6d90
05-27 18:48:43.098 30773 30773 E dvr_service_: [myNum:1] Received S**** loss
05-27 18:48:43.098   299  1153 D EvsDriver: doneWithFrame
05-27 18:48:43.098   299 30841 D EvsDriver: forwardFrame
05-27 18:48:43.099 13911 14183 I SentryImuMcuAngleSender: 179.97197rollDeg
05-27 18:48:43.099 13911 14183 I SentryImuMcuAngleSender: 1,0,0
05-27 18:48:43.099   299 30841 D EvsDriver: Delivered 0xb400007b7ca56a60 as id 0
05-27 18:48:43.099  1167  1167 D evsmanagerd: /dev/video4 forwarded the buffer #0 to 0xb4000074bf5f6850 from 0xb4000074bf5f41d0
05-27 18:48:43.099   581   581 I SpiService: fgesysctrl_getGPIO_status success val=1
05-27 18:48:43.099 30773 30773 E dvr_service_: [myNum:0] Received S**** loss
05-27 18:48:43.100   299  1153 D EvsDriver: doneWithFrame
05-27 18:48:43.100   536   536 D commservice260303: msg.id = 1028,0
05-27 18:48:43.100   536   536 D commservice260303: i = 170, msgid = 8A000404
05-27 18:48:43.100   536   536 D commservice260303: msgid = -1979710460,did=138
05-27 18:48:43.100   536   536 D commservice260303: CommProtocolLibCmdBaseI2C::dataproc {"command":{"id":"imu_status","sub":""},"content":{"TimeStamp":10,"FrameCounter":252503,"GD_X":-0.011453153565526009,"GD_Y":0.004580949433147907,"GD_Z":0.0015271564479917288,"AD_X":-0.004592135548591614,"AD_Y":0.002239176305010915,"AD_Z":-0.16764545440673828,"TempDsp":0,"Status":0,"CalibState":1,"SigAmpInvalid":0}},-1979710460
05-27 18:48:43.101   536   536 D commservice260303: send2Cluster len:316, 7B22636F6D6D616E64223A7B226964223A22696D755F737461747573222C22737562223A22227D2C22636F6E74656E74223A7B2254696D655374616D70223A31302C224672616D65436F756E746572223A3235323530332C2247445F58223A2D302E3031313435333135333536353532363030392C2247445F59223A302E3030343538303934393433333134373930372C2247445F5A223A302E303031353237313536343437393931373238382C2241445F58223A2D302E3030343539323133353534383539313631342C2241445F59223A302E3030323233393137363330353031303931352C2241445F5A223A2D302E31363736343534353434303637333832382C2254656D70447370223A302C22537461747573223A302C2243616C69625374617465223A312C22536967416D70496E76616C6964223A307D7D, 138 
05-27 18:48:43.101   536   536 D commservice260303: Push Message into SendPool fn=505086976
05-27 18:48:43.101   536   536 D commservice260303: ComProtocolLibSend2Cluster::send2ClusterRaw fn=505086976 , len=332
05-27 18:48:43.101   536   536 D commservice260303: sendCmdToPort :332!!!
05-27 18:48:43.101   536   536 D commservice260303: send Cmd To Port ++++5AA501488A0100041B1E6A16CC0B7B22636F6D6D616E64223A7B226964223A22696D755F737461747573222C22737562223A22227D2C22636F6E74656E74223A7B2254696D655374616D70223A31302C224672616D65436F756E746572223A3235323530332C2247445F58223A2D302E3031313435333135333536353532363030392C2247445F59223A302E3030343538303934393433333134373930372C2247445F5A223A302E303031353237313536343437393931373238382C2241445F58223A2D302E3030343539323133353534383539313631342C2241445F59223A302E3030323233393137363330353031303931352C2241445F5A223A2D302E31363736343534353434303637333832382C2254656D70447370223A302C22537461747573223A302C2243616C69625374617465223A312C22536967416D70496E76616C6964223A307D7DF1D7
05-27 18:48:43.101   536   536 D commservice260303: bufferevent_write retrun value = 0
05-27 18:48:43.101   536   560 D commservice260303: client datas send succeed,send finish
05-27 18:48:43.101 13911 14192 D Sentinelmode_1.2.5.17_sentry: <SentryImuClusterFgeSender>imu_status sent to Linux, frame=252503, tsNs=10790345, tsMs=10, intervalMs=36, ad=(-0.0045921355,0.0022391763,-0.16764545), gd=(-0.011453154,0.0045809494,0.0015271564)
05-27 18:48:43.104  4980  4980 W ContextImpl: Calling a method in the system process without a qualified user: android.app.ContextImpl.startService:1863 android.content.ContextWrapper.startService:817 com.anwsdk.service.anwbtservice.onCreate:7516 android.app.ActivityThread.handleCreateService:4616 android.app.ActivityThread.-$$Nest$mhandleCreateService:0 
05-27 18:48:43.105   581   581 I SpiService: fgesysctrl_getGPIO_status success val=1
05-27 18:48:43.106 10188 16726 W ActivityManager: Unable to start service Intent { cmp=com.anwsdk.service/.HfpClientConnectionService } U=0: not found with resolvedType = null, flags = 268436480, userId = 0, callingUid = 1000
05-27 18:48:43.106  4980  4980 D AnwSdkService: 20210721 checking self APK rom size
05-27 08:39:52.069   581   581 D spi_rst_gpio_get_output: GPIO 145 value: 1
05-27 08:39:52.069   581   581 D spidev_ioctl: gpio status=1)
05-27 18:48:43.110   283   307 I rvcservice: t.code = 1, t.value = -174459
05-27 18:48:43.110   581   581 I SpiService: fgesysctrl_getGPIO_status success val=1
05-27 08:39:52.075   581   581 D spi_rst_gpio_get_output: GPIO 145 value: 1
05-27 08:39:52.075   581   581 D spidev_ioctl: gpio status=1)
05-27 18:48:43.115 15863 15863 D AIN-NaviLocationPresenter: ACC is OFF, skip upload location
05-27 08:39:52.080   581   581 D spi_rst_gpio_get_output: GPIO 145 value: 0
05-27 08:39:52.080   581   581 D spidev_ioctl: gpio status=0)
05-27 18:48:43.116   581   581 I SpiService: fgesysctrl_getGPIO_status success val=0
05-27 18:48:43.120 13911 14183 I SentryImuMcuAngleSender: 179.97197rollDeg
05-27 18:48:43.120 13911 14183 I SentryImuMcuAngleSender: 1,0,0
05-27 18:48:43.120 15863 16024 D AIN-ExternalMapLocation: MSG_LOCATE
05-27 18:48:43.120 15863 16024 D AIN-CustomMapProxy: sendMsgToCustomMap hascallback : true
05-27 18:48:43.120 15863 16024 D AIN-ServiceHub: getService with: name = service_multi_dhu_control
05-27 18:48:43.120 15863 16024 D AIN-NaviThirdPartyAccessor: hasCallback : true
05-27 18:48:43.120 15863 16024 D AIN-NaviThirdPartyAccessor: sendMsgToCustomMap msg : {"needResponse":true,"protocolFrom":"com.aispeech.lyra.daemon","protocolId":14012,"protocolVersion":"v1","requestCode":"4cfaff17-7207-4708-a050-dbbf1fc0a2c9"}
05-27 18:48:43.121 17284 17302 D AIN-AiNaviManager: speech send msg to navi : {"needResponse":true,"protocolFrom":"com.aispeech.lyra.daemon","protocolId":14012,"protocolVersion":"v1","requestCode":"4cfaff17-7207-4708-a050-dbbf1fc0a2c9"}
05-27 18:48:43.121 17284 17302 I AIN-MapAccessLayer: onMessage_with: protocolMsg = [{"needResponse":true,"protocolFrom":"com.aispeech.lyra.daemon","protocolId":14012,"protocolVersion":"v1","requestCode":"4cfaff17-7207-4708-a050-dbbf1fc0a2c9"}]
05-27 18:48:43.121 17284 17344 D AIN-MapAccessLayer: 请求定位 14012
05-27 18:48:43.121 15863 16024 D AIN-NaviThirdPartyAccessor: callback[navi_com.aispeech.lyra.assistant] is invoked
05-27 18:48:43.122 15863 16024 I AIN-CustomMapProxy: requestCurLocation，requestLocationCount=2043 callTag=toLocate
05-27 18:48:43.123   351   351 D DefaultVehicleHal: setProperty setValues start
05-27 18:48:43.124   351   351 D 2026-5-19:FakeVehicleHardware: setProperty FakeVehicleHardware  ID: 0x11500f31
05-27 18:48:43.124   351   351 D 2026-5-19:FakeVehicleHardware: setProperty id:0x11500f31,value:10790374
05-27 18:48:43.124   351   351 D DefaultVehicleHal: setProperty setValues end
05-27 18:48:43.124   351   368 D 2026-5-19:FakeVehicleHardware: setProperty FakeVehicleHardware  setValue START
05-27 18:48:43.124  1008 30856 D [OMXB]  : usingANWBuffer: handle:0xee743240, format:1, w:1920, h:1080
05-27 18:48:43.125   351   368 D 2026-5-19:FakeVehicleHardware: setProperty FakeVehicleHardware  setValue end
05-27 18:48:43.130   581   581 I SpiService: fgesysctrl_getGPIO_status success val=1
05-27 18:48:43.131   299 30841 D EvsDriver: forwardFrame
05-27 18:48:43.132   299 30844 D EvsDriver: forwardFrame
05-27 08:39:52.095   581   581 D spi_rst_gpio_get_output: GPIO 145 value: 1
05-27 08:39:52.095   581   581 D spidev_ioctl: gpio status=1)
05-27 18:48:43.133  1167  1167 D evsmanagerd: /dev/video4 forwarded the buffer #0 to 0xb4000074bf5f6850 from 0xb4000074bf5f41d0
05-27 18:48:43.134  1167  1184 D evsmanagerd: /dev/video6 forwarded the buffer #0 to 0xb4000074bf5f5510 from 0xb4000074bf5f6d90
05-27 18:48:43.134   299 30841 D EvsDriver: Delivered 0xb400007b7ca56a60 as id 0
05-27 18:48:43.135   581   581 I SpiService: fgesysctrl_getGPIO_status success val=1
05-27 18:48:43.136   299  1153 D EvsDriver: doneWithFrame
05-27 08:39:52.100   581   581 D spi_rst_gpio_get_output: GPIO 145 value: 1
05-27 08:39:52.100   581   581 D spidev_ioctl: gpio status=1)
05-27 18:48:43.137   299 30844 D EvsDriver: Delivered 0xb400007b7ca56900 as id 0
05-27 18:48:43.138   299  1153 D EvsDriver: doneWithFrame
05-27 18:48:43.138  4980  4980 D AnwSdkService: apk rom size:40.90M
05-27 18:48:43.140 13911 14183 I SentryImuMcuAngleSender: 179.97899rollDeg
05-27 18:48:43.140 13911 14183 I SentryImuMcuAngleSender: 1,0,0
05-27 18:48:43.140  4980  4980 D AnwSdkService: [android.permission.READ_EXTERNAL_STORAGE] permision is GRANTED
05-27 18:48:43.141  4980  4980 D AnwSdkService: [android.permission.WRITE_EXTERNAL_STORAGE] permision is GRANTED
05-27 18:48:43.141   581   581 I SpiService: fgesysctrl_getGPIO_status success val=1
05-27 18:48:43.142   536   536 D commservice260303: msg.id = 1028,2
05-27 18:48:43.142   536   536 D commservice260303: i = 170, msgid = 8A000404
05-27 18:48:43.142   536   536 D commservice260303: msgid = -1979710460,did=138
05-27 18:48:43.142   536   536 D commservice260303: CommProtocolLibCmdBaseI2C::dataproc {"command":{"id":"imu_status","sub":""},"content":{"TimeStamp":10,"FrameCounter":252504,"GD_X":-0.01160607673227787,"GD_Y":0.005573912989348173,"GD_Z":0.0017560218693688512,"AD_X":-0.004581063985824585,"AD_Y":0.001008564606308937,"AD_Z":-0.16947650909423828,"TempDsp":0,"Status":0,"CalibState":1,"SigAmpInvalid":0}},-1979710460
05-27 18:48:43.142   536   536 D commservice260303: send2Cluster len:315, 7B22636F6D6D616E64223A7B226964223A22696D755F737461747573222C22737562223A22227D2C22636F6E74656E74223A7B2254696D655374616D70223A31302C224672616D65436F756E746572223A3235323530342C2247445F58223A2D302E30313136303630373637333232373738372C2247445F59223A302E3030353537333931323938393334383137332C2247445F5A223A302E303031373536303231383639333638383531322C2241445F58223A2D302E3030343538313036333938353832343538352C2241445F59223A302E3030313030383536343630363330383933372C2241445F5A223A2D302E31363934373635303930393432333832382C2254656D70447370223A302C22537461747573223A302C2243616C69625374617465223A312C22536967416D70496E76616C6964223A307D7D, 138 
05-27 18:48:43.143   536   536 D commservice260303: Push Message into SendPool fn=521864192
05-27 18:48:43.143   536   536 D commservice260303: ComProtocolLibSend2Cluster::send2ClusterRaw fn=521864192 , len=331
05-27 18:48:43.143   536   536 D commservice260303: sendCmdToPort :331!!!
05-27 18:48:43.143   536   536 D commservice260303: send Cmd To Port ++++5AA501478A0100041B1F6A16CC0B7B22636F6D6D616E64223A7B226964223A22696D755F737461747573222C22737562223A22227D2C22636F6E74656E74223A7B2254696D655374616D70223A31302C224672616D65436F756E746572223A3235323530342C2247445F58223A2D302E30313136303630373637333232373738372C2247445F59223A302E3030353537333931323938393334383137332C2247445F5A223A302E303031373536303231383639333638383531322C2241445F58223A2D302E3030343538313036333938353832343538352C2241445F59223A302E3030313030383536343630363330383933372C2241445F5A223A2D302E31363934373635303930393432333832382C2254656D70447370223A302C22537461747573223A302C2243616C69625374617465223A312C22536967416D70496E76616C6964223A307D7DD8D7
05-27 18:48:43.143   536   536 D commservice260303: bufferevent_write retrun value = 0
05-27 18:48:43.143   536   560 D commservice260303: client datas send succeed,send finish
05-27 18:48:43.143 13911 14192 D Sentinelmode_1.2.5.17_sentry: <SentryImuClusterFgeSender>imu_status sent to Linux, frame=252504, tsNs=10790381, tsMs=10, intervalMs=42, ad=(-0.004581064,0.0010085646,-0.16947651), gd=(-0.011606077,0.005573913,0.0017560219)
05-27 18:48:43.144  1008 30857 D [OMXB]  : usingANWBuffer: handle:0xee745760, format:1, w:1920, h:1080
05-27 08:39:52.106   581   581 D spi_rst_gpio_get_output: GPIO 145 value: 1
05-27 08:39:52.106   581   581 D spidev_ioctl: gpio status=1)
05-27 18:48:43.147   581   581 I SpiService: fgesysctrl_getGPIO_status success val=1
05-27 08:39:52.111   581   581 D spi_rst_gpio_get_output: GPIO 145 value: 1
05-27 08:39:52.111   581   581 D spidev_ioctl: gpio status=1)
05-27 18:48:43.152   581   581 I SpiService: fgesysctrl_getGPIO_status success val=1
05-27 18:48:43.152  4980  4980 D AnwSdkService: onCreate end
05-27 18:48:43.153  4980  4980 D AnwSdkService: onBind
05-27 08:39:52.117   581   581 D spi_rst_gpio_get_output: GPIO 145 value: 1
05-27 08:39:52.117   581   581 D spidev_ioctl: gpio status=1)
05-27 18:48:43.155 13435 13435 D BtManager: onServiceConnected
05-27 18:48:43.155  4980  4996 D AnwSdkService: GetPowerStatus = POWER_OFF
05-27 18:48:43.155  4980  4996 D AnwSdkService: ANWBT_GetBTPowerStatus() POWER_OFF
05-27 18:48:43.155  4980  4996 D AnwSdkService: GetPowerStatus = POWER_OFF
05-27 18:48:43.155 13435 13435 D BtManager: ANWBT_BTPowerOn
05-27 18:48:43.155 13435 13435 D BtManager: ANWBT_GetBTPowerStatus
05-27 18:48:43.156  4980  4996 D AnwSdkService: GetPowerStatus = POWER_OFF
05-27 18:48:43.156  4980  4996 D AnwSdkService: ANWBT_GetBTPowerStatus() POWER_OFF
05-27 18:48:43.156  4980  4996 D AnwSdkService: GetPowerStatus = POWER_OFF
05-27 18:48:43.157  4980  4996 D AnwSdkService: anw-update,bt_java_data:20260516
05-27 18:48:43.157  4980  4996 D AnwSdkService: ANWBT_BTPowerOn()
05-27 18:48:43.157  4980  4996 D AnwSdkService: GetPowerStatus = POWER_OFF
05-27 18:48:43.157  4980  4996 D AnwSdkService: SetPowerStatus = POWER_ONING
05-27 18:48:43.158   581   581 I SpiService: fgesysctrl_getGPIO_status success val=0
05-27 18:48:43.158   299 30841 D EvsDriver: forwardFrame
05-27 18:48:43.159   299 30844 D EvsDriver: forwardFrame
05-27 18:48:43.159  4980  5025 I ANWJNI_SECOND: anw-update,bt_jni_data: 20260516
05-27 18:48:43.159  4980  5025 D ANWAPI_SECOND: (4980|0x297E1CB0)[BTAPI] SDK >>>>AnWBT_Snoop_Open
05-27 18:48:43.159  4980  5025 D ANWJNI_SECOND: (4980|0x297E1CB0)[BTAPP] PowOn_Thread
05-27 18:48:43.159  4980  5025 D ANWJNI_SECOND: 
05-27 18:48:43.160 13911 14183 I SentryImuMcuAngleSender: 179.993rollDeg
05-27 18:48:43.160 13911 14183 I SentryImuMcuAngleSender: 1,0,0
05-27 18:48:43.160  4980  5026 D ANWJNI_SECOND: (4980|0x296D7CB0)[BTAPP] BTPowerOn!!
05-27 18:48:43.160  1167  1184 D evsmanagerd: /dev/video6 forwarded the buffer #0 to 0xb4000074bf5f5510 from 0xb4000074bf5f6d90
05-27 18:48:43.160  4980  5026 D ANWJNI_SECOND: (4980|0x296D7CB0)[BTAPP] in thread_power_on_func,getpid()=4980, priority = 10
05-27 18:48:43.160  4980  5026 D ANWJNI_SECOND: 
05-27 18:48:43.160  4980  5026 D ANWJNI_SECOND: (4980|0x296D7CB0)[BTAPP] doPowerOn_Timeout_Thread_Create
05-27 18:48:43.160  4980  5026 D ANWJNI_SECOND: 
05-27 18:48:43.161  4980  5026 D ANWJNI_SECOND: (4980|0x296D7CB0)[BTAPP] AnWBT_SetInitialValue(hfphf:0)(hfpag:2)(pbap:0)(map:0)(a2dpsink:0)(a2dpsource:2)(avrcpct:0)(avrcttg:2)
05-27 18:48:43.161  4980  5026 D ANWJNI_SECOND: 
05-27 18:48:43.161  4980  5026 D ANWAPI_SECOND: (4980|0x296D7CB0)[BTAPI] SDK >>>>AnWBT_SetInitialValue devclass: 0x3c020c
05-27 18:48:43.161  1167  1184 D evsmanagerd: /dev/video4 forwarded the buffer #0 to 0xb4000074bf5f6850 from 0xb4000074bf5f41d0
05-27 18:48:43.161  4980  5026 D ANWAPI_SECOND: (4980|0x296D7CB0)[BTAPI] AnWBT_SetInitialValue avrcp_tg_attribute=6
05-27 18:48:43.161  4980  5026 D ANWAPI_SECOND: (4980|0x296D7CB0)[BTAPI] SDK <<<<AnWBT_SetInitialValue 0x0
05-27 18:48:43.161  4980  5026 D ANWAPI_SECOND: (4980|0x296D7CB0)[BTAPI] SDK >>>>AnWBT_HFP_Enable_WBS 1
05-27 18:48:43.161  4980  5026 D ANWAPI_SECOND: (4980|0x296D7CB0)[BTAPI] SDK <<<<AnWBT_HFP_Enable_WBS 0
05-27 18:48:43.161  4980  5026 D ANW_WAVEOUT_SECOND: (4980|0x296D7CB0)[WAVEOUT] init Audio PCM Thread Mute(800)(101)
05-27 18:48:43.161  4980  5026 D ANW_WAVEOUT_SECOND: 
05-27 18:48:43.161  4980  5026 D ANWAPI_SECOND: (4980|0x296D7CB0)[BTAPI] anw-update,bt_sdk_data:20260516-not_supportLea
05-27 18:48:43.161  4980  5026 D ANWAPI_SECOND: (4980|0x296D7CB0)[BTAPI] SDK >>>>AnWBT_Init
05-27 18:48:43.161  4980  5026 D ANWAPI_SECOND: (4980|0x296D7CB0)[BTAPI] AnWBTSDK_Version=0x0300002a
05-27 18:48:43.161   299 30841 D EvsDriver: Delivered 0xb400007b7ca56a60 as id 0
05-27 18:48:43.162  4980  5026 D ANWAPI_SECOND: (4980|0x296D7CB0)[BTAPI] >>>>AnWBT_EEPROM_Read 
05-27 18:48:43.162  4980  5026 D ANWAPI_SECOND: (4980|0x296D7CB0)[BTAPI] B:Rpaired_storage[0]name[]addr[00:00:00:00:00:00]linkkey[00:00:00:00:00:00:00:00:00:00:00:00:00:00:00:00]
05-27 18:48:43.162  4980  5026 D ANWAPI_SECOND: (4980|0x296D7CB0)[BTAPI] B:Rpaired_storage[1]name[]addr[00:00:00:00:00:00]linkkey[00:00:00:00:00:00:00:00:00:00:00:00:00:00:00:00]
05-27 18:48:43.162  4980  5026 D ANWAPI_SECOND: (4980|0x296D7CB0)[BTAPI] B:Rpaired_storage[2]name[]addr[00:00:00:00:00:00]linkkey[00:00:00:00:00:00:00:00:00:00:00:00:00:00:00:00]
05-27 18:48:43.162  4980  5026 D ANWAPI_SECOND: (4980|0x296D7CB0)[BTAPI] B:Rpaired_storage[3]name[]addr[00:00:00:00:00:00]linkkey[00:00:00:00:00:00:00:00:00:00:00:00:00:00:00:00]
05-27 18:48:43.162  4980  5026 D ANWAPI_SECOND: (4980|0x296D7CB0)[BTAPI] B:Rpaired_storage[4]name[]addr[00:00:00:00:00:00]linkkey[00:00:00:00:00:00:00:00:00:00:00:00:00:00:00:00]
05-27 18:48:43.162  4980  5026 D ANWAPI_SECOND: (4980|0x296D7CB0)[BTAPI] B:Rpaired_storage[5]name[]addr[00:00:00:00:00:00]linkkey[00:00:00:00:00:00:00:00:00:00:00:00:00:00:00:00]
05-27 18:48:43.162  4980  5026 D ANWAPI_SECOND: (4980|0x296D7CB0)[BTAPI] B:Rpaired_storage[6]name[]addr[00:00:00:00:00:00]linkkey[00:00:00:00:00:00:00:00:00:00:00:00:00:00:00:00]
05-27 18:48:43.162  4980  5026 D ANWAPI_SECOND: (4980|0x296D7CB0)[BTAPI] B:Rpaired_storage[7]name[]addr[00:00:00:00:00:00]linkkey[00:00:00:00:00:00:00:00:00:00:00:00:00:00:00:00]
05-27 18:48:43.162  4980  5026 D ANWAPI_SECOND: (4980|0x296D7CB0)[BTAPI] B:Rpaired_storage[8]name[]addr[00:00:00:00:00:00]linkkey[00:00:00:00:00:00:00:00:00:00:00:00:00:00:00:00]
05-27 18:48:43.162  4980  5026 D ANWAPI_SECOND: (4980|0x296D7CB0)[BTAPI] B:Rpaired_storage[9]name[]addr[00:00:00:00:00:00]linkkey[00:00:00:00:00:00:00:00:00:00:00:00:00:00:00:00]
05-27 18:48:43.162  4980  5026 D ANWAPI_SECOND: (4980|0x296D7CB0)[BTAPI] B:Rpaired_storage[10]name[]addr[00:00:00:00:00:00]linkkey[00:00:00:00:00:00:00:00:00:00:00:00:00:00:00:00]
05-27 18:48:43.162  4980  5026 D ANW_AVRCP_SECOND: AnWBT_ReadStorage =/data/misc/anw//anwbt_storage.bin
05-27 18:48:43.162  4980  5026 D ANW_AVRCP_SECOND: AnWBT_ReadStorage open anwbt_bt_storage success
05-27 18:48:43.162  4980  5026 D ANW_AVRCP_SECOND: 
05-27 18:48:43.163  4980  5026 D ANW_AVRCP_SECOND: read storage size=6600
05-27 18:48:43.163  4980  5026 D ANW_AVRCP_SECOND: 
05-27 18:48:43.164  4980  5026 D ANWAPI_SECOND: (4980|0x296D7CB0)[BTAPI] A:Readpaired_storage[0]name[]cod[0]support[0]addr[00:00:00:00:00:00]linkkey[00:00:00:00:00:00:00:00:00:00:00:00:00:00:00:00]
05-27 18:48:43.164  4980  5026 D ANWAPI_SECOND: (4980|0x296D7CB0)[BTAPI] A:Readpaired_storage[1]name[]cod[0]support[0]addr[00:00:00:00:00:00]linkkey[00:00:00:00:00:00:00:00:00:00:00:00:00:00:00:00]
05-27 18:48:43.164  4980  5026 D ANWAPI_SECOND: (4980|0x296D7CB0)[BTAPI] A:Readpaired_storage[2]name[]cod[0]support[0]addr[00:00:00:00:00:00]linkkey[00:00:00:00:00:00:00:00:00:00:00:00:00:00:00:00]
05-27 18:48:43.164  4980  5026 D ANWAPI_SECOND: (4980|0x296D7CB0)[BTAPI] A:Readpaired_storage[3]name[]cod[0]support[0]addr[00:00:00:00:00:00]linkkey[00:00:00:00:00:00:00:00:00:00:00:00:00:00:00:00]
05-27 18:48:43.164  4980  5026 D ANWAPI_SECOND: (4980|0x296D7CB0)[BTAPI] A:Readpaired_storage[4]name[]cod[0]support[0]addr[00:00:00:00:00:00]linkkey[00:00:00:00:00:00:00:00:00:00:00:00:00:00:00:00]
05-27 18:48:43.165  4980  5026 D ANWAPI_SECOND: (4980|0x296D7CB0)[BTAPI] A:Readpaired_storage[5]name[]cod[0]support[0]addr[00:00:00:00:00:00]linkkey[00:00:00:00:00:00:00:00:00:00:00:00:00:00:00:00]
05-27 18:48:43.165  4980  5026 D ANWAPI_SECOND: (4980|0x296D7CB0)[BTAPI] A:Readpaired_storage[6]name[]cod[0]support[0]addr[00:00:00:00:00:00]linkkey[00:00:00:00:00:00:00:00:00:00:00:00:00:00:00:00]
05-27 18:48:43.165  4980  5026 D ANWAPI_SECOND: (4980|0x296D7CB0)[BTAPI] A:Readpaired_storage[7]name[]cod[0]support[0]addr[00:00:00:00:00:00]linkkey[00:00:00:00:00:00:00:00:00:00:00:00:00:00:00:00]
05-27 18:48:43.165  4980  5026 D ANWAPI_SECOND: (4980|0x296D7CB0)[BTAPI] A:Readpaired_storage[8]name[]cod[0]support[0]addr[00:00:00:00:00:00]linkkey[00:00:00:00:00:00:00:00:00:00:00:00:00:00:00:00]
05-27 18:48:43.167   299  1153 D EvsDriver: doneWithFrame
05-27 18:48:43.168  4980  5026 D ANWAPI_SECOND: (4980|0x296D7CB0)[BTAPI] A:Readpaired_storage[9]name[]cod[0]support[0]addr[00:00:00:00:00:00]linkkey[00:00:00:00:00:00:00:00:00:00:00:00:00:00:00:00]
05-27 18:48:43.168  4980  5026 D ANWAPI_SECOND: (4980|0x296D7CB0)[BTAPI] A:Readpaired_storage[10]name[]cod[0]support[0]addr[00:00:00:00:00:00]linkkey[00:00:00:00:00:00:00:00:00:00:00:00:00:00:00:00]
05-27 18:48:43.168  4980  5026 D ANWAPI_SECOND: (4980|0x296D7CB0)[BTAPI] <<<<AnWBT_EEPROM_Read ret = 0
05-27 18:48:43.168  4980  5026 D ANWAPI_SECOND: (4980|0x296D7CB0)[BTAPI] local_name_set=0
05-27 18:48:43.168   299 30844 D EvsDriver: Delivered 0xb400007b7ca56900 as id 0
05-27 18:48:43.169   299  1153 D EvsDriver: doneWithFrame
05-27 18:48:43.169  4980  5027 D ANWJNI_SECOND: (4980|0x295D9CB0)[BTAPP] doPowerOn_Timeout_Thread
05-27 18:48:43.169  4980  5027 D ANWJNI_SECOND: 
05-27 18:48:43.170  4980  5026 D ANWAPI_SECOND: (4980|0x296D7CB0)[BTAPI] [Paired DevInf] Storage Write
05-27 18:48:43.170  4980  5026 D ANW_AVRCP_SECOND: AnWBT_WriteStorage =/data/misc/anw//anwbt_storage.bin
05-27 18:48:43.171  4980  5026 D ANW_AVRCP_SECOND: AnWBT_WriteStorage open anwbt_bt_storage success
05-27 18:48:43.171  4980  5026 D ANW_AVRCP_SECOND: 
05-27 18:48:43.173   581   581 I SpiService: fgesysctrl_getGPIO_status success val=1
05-27 18:48:43.174   351   515 W automotive.vehicle@2.0-adayo-func-bcm: BCMFunc sendMessageFromClient_l sendMessage prop: 0x11500f31 not in table
05-27 18:48:43.179 13435 13435 D BtManager: ret = 2
05-27 18:48:43.180  1008 30857 D [OMXB]  : usingANWBuffer: handle:0xee742530, format:1, w:1920, h:1080
05-27 18:48:43.180 13911 14183 I SentryImuMcuAngleSender: 180.0rollDeg
05-27 18:48:43.181 13911 14183 I SentryImuMcuAngleSender: 1,0,0
05-27 08:39:52.143   581   581 D spi_rst_gpio_get_output: GPIO 145 value: 1
05-27 08:39:52.143   581   581 D spidev_ioctl: gpio status=1)
05-27 18:48:43.183   536   536 D commservice260303: msg.id = 1028,1
05-27 18:48:43.183   572   572 I Sensors : 230 AccelSensor: x:-0.166530,y:0.002440,z:-9.977160
05-27 18:48:43.184   536   536 D commservice260303: i = 170, msgid = 8A000404
05-27 18:48:43.184   581   581 I SpiService: fgesysctrl_getGPIO_status success val=1
05-27 18:48:43.185   536   536 D commservice260303: msgid = -1979710460,did=138
05-27 18:48:43.185   536   536 D commservice260303: CommProtocolLibCmdBaseI2C::dataproc {"command":{"id":"imu_status","sub":""},"content":{"TimeStamp":10,"FrameCounter":252505,"GD_X":-0.01160607673227787,"GD_Y":0.005573912989348173,"GD_Z":0.0019848872907459736,"AD_X":-0.001532718539237976,"AD_Y":-0.0026372638531029224,"AD_Z":-0.17191600799560547,"TempDsp":0,"Status":0,"CalibState":1,"SigAmpInvalid":0}},-1979710460
05-27 08:39:52.148   581   581 D spi_rst_gpio_get_output: GPIO 145 value: 1
05-27 08:39:52.149   581   581 D spidev_ioctl: gpio status=1)
05-27 18:48:43.185   536   536 D commservice260303: send2Cluster len:317, 7B22636F6D6D616E64223A7B226964223A22696D755F737461747573222C22737562223A22227D2C22636F6E74656E74223A7B2254696D655374616D70223A31302C224672616D65436F756E746572223A3235323530352C2247445F58223A2D302E30313136303630373637333232373738372C2247445F59223A302E3030353537333931323938393334383137332C2247445F5A223A302E303031393834383837323930373435393733362C2241445F58223A2D302E3030313533323731383533393233373937362C2241445F59223A2D302E303032363337323633383533313032393232342C2241445F5A223A2D302E31373139313630303739393536303534372C2254656D70447370223A302C22537461747573223A302C2243616C69625374617465223A312C22536967416D70496E76616C6964223A307D7D, 138 
05-27 18:48:43.185   536   536 D commservice260303: Push Message into SendPool fn=538641408
05-27 18:48:43.185   536   536 D commservice260303: ComProtocolLibSend2Cluster::send2ClusterRaw fn=538641408 , len=333
05-27 18:48:43.185   536   536 D commservice260303: sendCmdToPort :333!!!
05-27 18:48:43.185   536   536 D commservice260303: send Cmd To Port ++++5AA501498A0100041B206A16CC0B7B22636F6D6D616E64223A7B226964223A22696D755F737461747573222C22737562223A22227D2C22636F6E74656E74223A7B2254696D655374616D70223A31302C224672616D65436F756E746572223A3235323530352C2247445F58223A2D302E30313136303630373637333232373738372C2247445F59223A302E3030353537333931323938393334383137332C2247445F5A223A302E303031393834383837323930373435393733362C2241445F58223A2D302E3030313533323731383533393233373937362C2241445F59223A2D302E303032363337323633383533313032393232342C2241445F5A223A2D302E31373139313630303739393536303534372C2254656D70447370223A302C22537461747573223A302C2243616C69625374617465223A312C22536967416D70496E76616C6964223A307D7DE6C3
05-27 18:48:43.186   536   536 D commservice260303: bufferevent_write retrun value = 0
05-27 18:48:43.186   536   560 D commservice260303: client datas send succeed,send finish
05-27 18:48:43.186 13911 14192 D Sentinelmode_1.2.5.17_sentry: <SentryImuClusterFgeSender>imu_status sent to Linux, frame=252505, tsNs=10790418, tsMs=10, intervalMs=43, ad=(-0.0015327185,-0.0026372639,-0.17191601), gd=(-0.011606077,0.005573913,0.0019848873)
05-27 18:48:43.190   581   581 I SpiService: fgesysctrl_getGPIO_status success val=1
05-27 18:48:43.190  4980  5026 D ANW_AVRCP_SECOND: write storage size=6600
05-27 18:48:43.190  4980  5026 D ANW_AVRCP_SECOND: 
05-27 18:48:43.190  4980  5026 D ANWAPI_SECOND: (4980|0x296D7CB0)[BTAPI] >>>>AnWBT_EEPROM_Read 
05-27 18:48:43.190  4980  5026 D ANWAPI_SECOND: (4980|0x296D7CB0)[BTAPI] B:Rpaired_storage[0]name[]addr[00:00:00:00:00:00]linkkey[00:00:00:00:00:00:00:00:00:00:00:00:00:00:00:00]
05-27 18:48:43.190  4980  5026 D ANWAPI_SECOND: (4980|0x296D7CB0)[BTAPI] B:Rpaired_storage[1]name[]addr[00:00:00:00:00:00]linkkey[00:00:00:00:00:00:00:00:00:00:00:00:00:00:00:00]
05-27 18:48:43.190  4980  5026 D ANWAPI_SECOND: (4980|0x296D7CB0)[BTAPI] B:Rpaired_storage[2]name[]addr[00:00:00:00:00:00]linkkey[00:00:00:00:00:00:00:00:00:00:00:00:00:00:00:00]
05-27 18:48:43.190  4980  5026 D ANWAPI_SECOND: (4980|0x296D7CB0)[BTAPI] B:Rpaired_storage[3]name[]addr[00:00:00:00:00:00]linkkey[00:00:00:00:00:00:00:00:00:00:00:00:00:00:00:00]
05-27 18:48:43.191  4980  5026 D ANWAPI_SECOND: (4980|0x296D7CB0)[BTAPI] B:Rpaired_storage[4]name[]addr[00:00:00:00:00:00]linkkey[00:00:00:00:00:00:00:00:00:00:00:00:00:00:00:00]
05-27 18:48:43.191  4980  5026 D ANWAPI_SECOND: (4980|0x296D7CB0)[BTAPI] B:Rpaired_storage[5]name[]addr[00:00:00:00:00:00]linkkey[00:00:00:00:00:00:00:00:00:00:00:00:00:00:00:00]
05-27 18:48:43.191  4980  5026 D ANWAPI_SECOND: (4980|0x296D7CB0)[BTAPI] B:Rpaired_storage[6]name[]addr[00:00:00:00:00:00]linkkey[00:00:00:00:00:00:00:00:00:00:00:00:00:00:00:00]
05-27 18:48:43.191  4980  5026 D ANWAPI_SECOND: (4980|0x296D7CB0)[BTAPI] B:Rpaired_storage[7]name[]addr[00:00:00:00:00:00]linkkey[00:00:00:00:00:00:00:00:00:00:00:00:00:00:00:00]
05-27 18:48:43.191  4980  5026 D ANWAPI_SECOND: (4980|0x296D7CB0)[BTAPI] B:Rpaired_storage[8]name[]addr[00:00:00:00:00:00]linkkey[00:00:00:00:00:00:00:00:00:00:00:00:00:00:00:00]
05-27 18:48:43.191  4980  5026 D ANWAPI_SECOND: (4980|0x296D7CB0)[BTAPI] B:Rpaired_storage[9]name[]addr[00:00:00:00:00:00]linkkey[00:00:00:00:00:00:00:00:00:00:00:00:00:00:00:00]
05-27 18:48:43.191  4980  5026 D ANWAPI_SECOND: (4980|0x296D7CB0)[BTAPI] B:Rpaired_storage[10]name[]addr[00:00:00:00:00:00]linkkey[00:00:00:00:00:00:00:00:00:00:00:00:00:00:00:00]
05-27 18:48:43.191  4980  5026 D ANW_AVRCP_SECOND: AnWBT_ReadStorage =/data/misc/anw//anwbt_storage.bin
05-27 18:48:43.191  4980  5026 D ANW_AVRCP_SECOND: AnWBT_ReadStorage open anwbt_bt_storage success
05-27 18:48:43.191  4980  5026 D ANW_AVRCP_SECOND: 
05-27 18:48:43.191  4980  5026 D ANW_AVRCP_SECOND: read storage size=6600
