05-27 18:48:44.671   299 30841 D EvsDriver: Delivered 0xb400007b7ca56a60 as id 0
05-27 18:48:44.671  1167  1184 D evsmanagerd: /dev/video4 forwarded the buffer #0 to 0xb4000074bf5f6850 from 0xb4000074bf5f41d0
05-27 18:48:44.675   299  1153 D EvsDriver: doneWithFrame
05-27 18:48:44.675   299  1153 D EvsDriver: doneWithFrame
05-27 18:48:44.675 13911 14183 I SentryImuMcuAngleSender: 179.99649rollDeg
05-27 18:48:44.675 13911 14183 I SentryImuMcuAngleSender: 1,0,0
05-27 18:48:44.676 30773 30788 I dvr_service_: [runShortMediaThread:298] cameraId:1 medias:300,audios:220,stateAudio:0,mShortState:0,warnEvent:0,state:1
05-27 18:48:44.681   536   536 D commservice260303: msg.id = 1028,1
05-27 18:48:44.681   536   536 D commservice260303: i = 170, msgid = 8A000404
05-27 18:48:44.681   536   536 D commservice260303: msgid = -1979710460,did=138
05-27 18:48:44.681   536   536 D commservice260303: CommProtocolLibCmdBaseI2C::dataproc {"command":{"id":"imu_status","sub":""},"content":{"TimeStamp":10,"FrameCounter":252542,"GD_X":-0.011682018637657166,"GD_Y":0.0057257963344454765,"GD_Z":0.0028249274473637342,"AD_X":3.0371546745300293E-4,"AD_Y":-0.0019211441976949573,"AD_Z":-0.1658163070678711,"TempDsp":0,"Status":0,"CalibState":1,"SigAmpInvalid":0}},-1979710460
05-27 18:48:44.681   536   536 D commservice260303: send2Cluster len:318, 7B22636F6D6D616E64223A7B226964223A22696D755F737461747573222C22737562223A22227D2C22636F6E74656E74223A7B2254696D655374616D70223A31302C224672616D65436F756E746572223A3235323534322C2247445F58223A2D302E3031313638323031383633373635373136362C2247445F59223A302E303035373235373936333334343435343736352C2247445F5A223A302E303032383234393237343437333633373334322C2241445F58223A332E30333731353436373435333030323933452D342C2241445F59223A2D302E303031393231313434313937363934393537332C2241445F5A223A2D302E313635383136333037303637383731312C2254656D70447370223A302C22537461747573223A302C2243616C69625374617465223A312C22536967416D70496E76616C6964223A307D7D, 138 
05-27 18:48:44.681   536   536 D commservice260303: Push Message into SendPool fn=1176175616
05-27 18:48:44.681   536   536 D commservice260303: ComProtocolLibSend2Cluster::send2ClusterRaw fn=1176175616 , len=334
05-27 18:48:44.682   536   536 D commservice260303: sendCmdToPort :334!!!
05-27 18:48:44.682   536   536 D commservice260303: send Cmd To Port ++++5AA5014A8A0100041B466A16CC0C7B22636F6D6D616E64223A7B226964223A22696D755F737461747573222C22737562223A22227D2C22636F6E74656E74223A7B2254696D655374616D70223A31302C224672616D65436F756E746572223A3235323534322C2247445F58223A2D302E3031313638323031383633373635373136362C2247445F59223A302E303035373235373936333334343435343736352C2247445F5A223A302E303032383234393237343437333633373334322C2241445F58223A332E30333731353436373435333030323933452D342C2241445F59223A2D302E303031393231313434313937363934393537332C2241445F5A223A2D302E313635383136333037303637383731312C2254656D70447370223A302C22537461747573223A302C2243616C69625374617465223A312C22536967416D70496E76616C6964223A307D7D9F28
05-27 18:48:44.682   536   536 D commservice260303: bufferevent_write retrun value = 0
05-27 18:48:44.682   536   560 D commservice260303: client datas send succeed,send finish
05-27 18:48:44.682 13911 14192 D Sentinelmode_1.2.5.17_sentry: <SentryImuClusterFgeSender>imu_status sent to Linux, frame=252542, tsNs=10791913, tsMs=10, intervalMs=41, ad=(3.0371547E-4,-0.0019211442,-0.1658163), gd=(-0.011682019,0.0057257963,0.0028249274)
05-27 18:48:44.683  1008 30856 D [OMXB]  : usingANWBuffer: handle:0xee740d20, format:1, w:1920, h:1080
05-27 18:48:44.684   581   581 I SpiService: fgesysctrl_getGPIO_status success val=1
05-27 08:39:53.649   581   581 D spi_rst_gpio_get_output: GPIO 145 value: 1
05-27 08:39:53.649   581   581 D spidev_ioctl: gpio status=1)
05-27 18:48:44.690   581   581 I SpiService: fgesysctrl_getGPIO_status success val=1
05-27 08:39:53.655   581   581 D spi_rst_gpio_get_output: GPIO 145 value: 1
05-27 08:39:53.655   581   581 D spidev_ioctl: gpio status=1)
05-27 18:48:44.694  5041  5041 I ADAYO_LOG_TRACE_KERNEL: execute end
05-27 18:48:44.696 13911 14183 I SentryImuMcuAngleSender: 180.0rollDeg
05-27 18:48:44.696   581   581 I SpiService: fgesysctrl_getGPIO_status success val=1
05-27 18:48:44.696 13911 14183 I SentryImuMcuAngleSender: 1,0,0
05-27 18:48:44.696   299 30841 D EvsDriver: forwardFrame
05-27 18:48:44.696   299 30844 D EvsDriver: forwardFrame
05-27 08:39:53.660   581   581 D spi_rst_gpio_get_output: GPIO 145 value: 1
05-27 08:39:53.660   581   581 D spidev_ioctl: gpio status=1)
05-27 18:48:44.699   299 30841 D EvsDriver: Delivered 0xb400007b7ca56a60 as id 0
05-27 18:48:44.699  1167  1184 D evsmanagerd: /dev/video4 forwarded the buffer #0 to 0xb4000074bf5f6850 from 0xb4000074bf5f41d0
05-27 18:48:44.699   299 30844 D EvsDriver: Delivered 0xb400007b7ca56900 as id 0
05-27 18:48:44.699  1167  1167 D evsmanagerd: /dev/video6 forwarded the buffer #0 to 0xb4000074bf5f5510 from 0xb4000074bf5f6d90
05-27 08:39:53.663     1     1 I init    : Service 'trace_kernel' (pid 4987) exited with status 0
05-27 08:39:53.663     1     1 I init    : Sending signal 9 to service 'trace_kernel' (pid 4987) process group...
05-27 08:39:53.664     1     1 I libprocessgroup: Successfully killed process cgroup uid 0 pid 4987 in 1ms
05-27 18:48:44.703   299  1153 D EvsDriver: doneWithFrame
05-27 18:48:44.703   299  1163 D EvsDriver: doneWithFrame
05-27 18:48:44.703  1008 30857 D [OMXB]  : usingANWBuffer: handle:0xee744bb0, format:1, w:1920, h:1080
05-27 18:48:44.709   581   581 I SpiService: fgesysctrl_getGPIO_status success val=1
05-27 08:39:53.667   581   581 D spidev_ioctl: gpio status=1)
05-27 08:39:53.673   581   581 D spi_rst_gpio_get_output: GPIO 145 value: 1
05-27 08:39:53.673   581   581 D spidev_ioctl: gpio status=1)
05-27 18:48:44.714   283   307 I rvcservice: t.code = 3, t.value = 0
05-27 18:48:44.714   581   581 I SpiService: fgesysctrl_getGPIO_status success val=0
05-27 18:48:44.717 13911 14183 I SentryImuMcuAngleSender: 180.0rollDeg
05-27 18:48:44.717  1008 30856 D [OMXB]  : usingANWBuffer: handle:0xee745fa0, format:1, w:1920, h:1080
05-27 18:48:44.717 13911 14183 I SentryImuMcuAngleSender: 1,0,0
05-27 08:39:53.679   581   581 D spi_rst_gpio_get_output: GPIO 145 value: 0
05-27 08:39:53.679   581   581 D spidev_ioctl: gpio status=0)
05-27 18:48:44.723   536   536 D commservice260303: msg.id = 1028,0
05-27 18:48:44.723   536   536 D commservice260303: i = 170, msgid = 8A000404
05-27 18:48:44.723   536   536 D commservice260303: msgid = -1979710460,did=138
05-27 18:48:44.723   536   536 D commservice260303: CommProtocolLibCmdBaseI2C::dataproc {"command":{"id":"imu_status","sub":""},"content":{"TimeStamp":10,"FrameCounter":252543,"GD_X":-0.011453153565526009,"GD_Y":0.0057257963344454765,"GD_Z":0.0020608289632946253,"AD_X":-9.394288063049316E-4,"AD_Y":-0.003723371075466275,"AD_Z":-0.17191600799560547,"TempDsp":0,"Status":0,"CalibState":1,"SigAmpInvalid":0}},-1979710460
05-27 18:48:44.723   536   536 D commservice260303: send2Cluster len:318, 7B22636F6D6D616E64223A7B226964223A22696D755F737461747573222C22737562223A22227D2C22636F6E74656E74223A7B2254696D655374616D70223A31302C224672616D65436F756E746572223A3235323534332C2247445F58223A2D302E3031313435333135333536353532363030392C2247445F59223A302E303035373235373936333334343435343736352C2247445F5A223A302E303032303630383238393633323934363235332C2241445F58223A2D392E333934323838303633303439333136452D342C2241445F59223A2D302E3030333732333337313037353436363237352C2241445F5A223A2D302E31373139313630303739393536303534372C2254656D70447370223A302C22537461747573223A302C2243616C69625374617465223A312C22536967416D70496E76616C6964223A307D7D, 138 
05-27 18:48:44.723   536   536 D commservice260303: Push Message into SendPool fn=1192952832
05-27 18:48:44.724   536   536 D commservice260303: ComProtocolLibSend2Cluster::send2ClusterRaw fn=1192952832 , len=334
05-27 18:48:44.724   536   536 D commservice260303: sendCmdToPort :334!!!
05-27 18:48:44.724   536   536 D commservice260303: send Cmd To Port ++++5AA5014A8A0100041B476A16CC0C7B22636F6D6D616E64223A7B226964223A22696D755F737461747573222C22737562223A22227D2C22636F6E74656E74223A7B2254696D655374616D70223A31302C224672616D65436F756E746572223A3235323534332C2247445F58223A2D302E3031313435333135333536353532363030392C2247445F59223A302E303035373235373936333334343435343736352C2247445F5A223A302E303032303630383238393633323934363235332C2241445F58223A2D392E333934323838303633303439333136452D342C2241445F59223A2D302E3030333732333337313037353436363237352C2241445F5A223A2D302E31373139313630303739393536303534372C2254656D70447370223A302C22537461747573223A302C2243616C69625374617465223A312C22536967416D70496E76616C6964223A307D7D85CA
05-27 18:48:44.724   536   536 D commservice260303: bufferevent_write retrun value = 0
05-27 18:48:44.724   536   560 D commservice260303: client datas send succeed,send finish
05-27 18:48:44.724 13911 14192 D Sentinelmode_1.2.5.17_sentry: <SentryImuClusterFgeSender>imu_status sent to Linux, frame=252543, tsNs=10791967, tsMs=10, intervalMs=42, ad=(-9.394288E-4,-0.003723371,-0.17191601), gd=(-0.011453154,0.0057257963,0.002060829)
05-27 18:48:44.727   299 30841 D EvsDriver: forwardFrame
05-27 18:48:44.727   299 30844 D EvsDriver: forwardFrame
05-27 18:48:44.728   299 30844 D EvsDriver: Delivered 0xb400007b7ca56900 as id 0
05-27 18:48:44.728   299 30841 D EvsDriver: Delivered 0xb400007b7ca56a60 as id 0
05-27 18:48:44.728  1167  1184 D evsmanagerd: /dev/video4 forwarded the buffer #0 to 0xb4000074bf5f6850 from 0xb4000074bf5f41d0
05-27 18:48:44.728  1167  1167 D evsmanagerd: /dev/video6 forwarded the buffer #0 to 0xb4000074bf5f5510 from 0xb4000074bf5f6d90
05-27 18:48:44.729   581   581 I SpiService: fgesysctrl_getGPIO_status success val=1
05-27 18:48:44.731   299  1153 D EvsDriver: doneWithFrame
05-27 18:48:44.733   299  1153 D EvsDriver: doneWithFrame
05-27 08:39:53.694   581   581 D spi_rst_gpio_get_output: GPIO 145 value: 1
05-27 08:39:53.694   581   581 D spidev_ioctl: gpio status=1)
05-27 18:48:44.735   581   581 I SpiService: fgesysctrl_getGPIO_status success val=1
05-27 08:39:53.699   581   581 D spi_rst_gpio_get_output: GPIO 145 value: 1
05-27 08:39:53.700   581   581 D spidev_ioctl: gpio status=1)
05-27 18:48:44.738 13911 14183 I SentryImuMcuAngleSender: 180.0rollDeg
05-27 18:48:44.738 13911 14183 I SentryImuMcuAngleSender: 1,0,0
05-27 18:48:44.739 30773 30785 I dvr_service_: [EncoderHandler::runMediaThread] runMediaThread started:1,state:1, cam2:started:1,state:1, lastSwitch:1, mIsMuxerStart:1,format:0,is_str_ing:0
05-27 18:48:44.740  1008 30857 D [OMXB]  : usingANWBuffer: handle:0xee740bc0, format:1, w:1920, h:1080
05-27 18:48:44.741   581   581 I SpiService: fgesysctrl_getGPIO_status success val=1
05-27 08:39:53.705   581   581 D spi_rst_gpio_get_output: GPIO 145 value: 1
05-27 08:39:53.705   581   581 D spidev_ioctl: gpio status=1)
05-27 18:48:44.746   581   581 I SpiService: fgesysctrl_getGPIO_status success val=1
05-27 08:39:53.711   581   581 D spi_rst_gpio_get_output: GPIO 145 value: 1
05-27 08:39:53.711   581   581 D spidev_ioctl: gpio status=1)
05-27 18:48:44.750 13911 14183 I SentryImuMcuAngleSender: [4, 18, 1, 0, 0],5
05-27 18:48:44.750 13911 14183 I McuCommManager: mcuCommSendcmd [4, 18, 1, 0, 0]
05-27 18:48:44.750 13911 14183 I SentryImuMcuAngleSender: true
05-27 18:48:44.750 13911 14183 W Sentinelmode_1.2.5.17_sentry: <SentryImuMcuAngleSender>MCU IMU send interval abnormal: 1000ms
05-27 18:48:44.752   572   622 I Sensors : 230 AccelSensor: x:-0.173239,y:0.001220,z:-9.974720
05-27 18:48:44.752   581   581 I SpiService: fgesysctrl_getGPIO_status success val=0
05-27 18:48:44.752   481   597 I mcuc    : send SPI:6AA60076DD0005041201000091
05-27 08:39:53.716   581   581 D spi_rst_gpio_get_output: GPIO 145 value: 0
05-27 08:39:53.716   581   581 D spidev_ioctl: gpio status=0)
05-27 18:48:44.753  1008 30856 D [OMXB]  : usingANWBuffer: handle:0xee744000, format:1, w:1920, h:1080
05-27 18:48:44.749 30773 30773 I auditd  : type=1400 audit(0.0:65761): avc: denied { call } for comm="CodecLooper" scontext=u:r:adayo_dvr_service:s0 tcontext=u:r:mediacodec:s0 tclass=binder permissive=1
05-27 18:48:44.749 30773 30773 I CodecLooper: type=1400 audit(0.0:65761): avc: denied { call } for scontext=u:r:adayo_dvr_service:s0 tcontext=u:r:mediacodec:s0 tclass=binder permissive=1
05-27 18:48:44.759 13911 14183 I SentryImuMcuAngleSender: 179.993rollDeg
05-27 18:48:44.759 13911 14183 I SentryImuMcuAngleSender: 1,0,0
05-27 18:48:44.759   299 30844 D EvsDriver: forwardFrame
05-27 18:48:44.761   299 30844 D EvsDriver: Delivered 0xb400007b7ca56900 as id 0
05-27 18:48:44.761  1167  1167 D evsmanagerd: /dev/video6 forwarded the buffer #0 to 0xb4000074bf5f5510 from 0xb4000074bf5f6d90
05-27 18:48:44.761 30773 30781 E dvr_service_: [myNum:1] Received S**** loss
05-27 18:48:44.762   299  1153 D EvsDriver: doneWithFrame
05-27 18:48:44.763   536   536 D commservice260303: msg.id = 1028,0
05-27 18:48:44.763   536   536 D commservice260303: i = 170, msgid = 8A000404
05-27 18:48:44.763   536   536 D commservice260303: msgid = -1979710460,did=138
05-27 18:48:44.763   536   536 D commservice260303: CommProtocolLibCmdBaseI2C::dataproc {"command":{"id":"imu_status","sub":""},"content":{"TimeStamp":10,"FrameCounter":252544,"GD_X":-0.011682018637657166,"GD_Y":0.005039200186729431,"GD_Z":0.0017560218693688512,"AD_X":-0.007021501660346985,"AD_Y":-0.0012700725346803665,"AD_Z":-0.16947650909423828,"TempDsp":0,"Status":0,"CalibState":1,"SigAmpInvalid":0}},-1979710460
05-27 18:48:44.763   536   536 D commservice260303: send2Cluster len:318, 7B22636F6D6D616E64223A7B226964223A22696D755F737461747573222C22737562223A22227D2C22636F6E74656E74223A7B2254696D655374616D70223A31302C224672616D65436F756E746572223A3235323534342C2247445F58223A2D302E3031313638323031383633373635373136362C2247445F59223A302E3030353033393230303138363732393433312C2247445F5A223A302E303031373536303231383639333638383531322C2241445F58223A2D302E3030373032313530313636303334363938352C2241445F59223A2D302E303031323730303732353334363830333636352C2241445F5A223A2D302E31363934373635303930393432333832382C2254656D70447370223A302C22537461747573223A302C2243616C69625374617465223A312C22536967416D70496E76616C6964223A307D7D, 138 
05-27 18:48:44.763   536   536 D commservice260303: Push Message into SendPool fn=1209730048
05-27 18:48:44.763   536   536 D commservice260303: ComProtocolLibSend2Cluster::send2ClusterRaw fn=1209730048 , len=334
05-27 18:48:44.763   536   536 D commservice260303: sendCmdToPort :334!!!
05-27 18:48:44.763   536   536 D commservice260303: send Cmd To Port ++++5AA5014A8A0100041B486A16CC0C7B22636F6D6D616E64223A7B226964223A22696D755F737461747573222C22737562223A22227D2C22636F6E74656E74223A7B2254696D655374616D70223A31302C224672616D65436F756E746572223A3235323534342C2247445F58223A2D302E3031313638323031383633373635373136362C2247445F59223A302E3030353033393230303138363732393433312C2247445F5A223A302E303031373536303231383639333638383531322C2241445F58223A2D302E3030373032313530313636303334363938352C2241445F59223A2D302E303031323730303732353334363830333636352C2241445F5A223A2D302E31363934373635303930393432333832382C2254656D70447370223A302C22537461747573223A302C2243616C69625374617465223A312C22536967416D70496E76616C6964223A307D7D7D2C
05-27 18:48:44.763   536   536 D commservice260303: bufferevent_write retrun value = 0
05-27 18:48:44.764   536   560 D commservice260303: client datas send succeed,send finish
05-27 18:48:44.764 13911 14192 D Sentinelmode_1.2.5.17_sentry: <SentryImuClusterFgeSender>imu_status sent to Linux, frame=252544, tsNs=10792002, tsMs=10, intervalMs=39, ad=(-0.0070215017,-0.0012700725,-0.16947651), gd=(-0.011682019,0.0050392,0.0017560219)
05-27 18:48:44.765   299 30841 D EvsDriver: forwardFrame
05-27 18:48:44.766   299 30841 D EvsDriver: Delivered 0xb400007b7ca56a60 as id 0
05-27 18:48:44.766  1167  1167 D evsmanagerd: /dev/video4 forwarded the buffer #0 to 0xb4000074bf5f6850 from 0xb4000074bf5f41d0
05-27 18:48:44.766 30773 30781 E dvr_service_: [myNum:0] Received S**** loss
05-27 18:48:44.767   581   581 I SpiService: fgesysctrl_getGPIO_status success val=1
05-27 18:48:44.767   299  1153 D EvsDriver: doneWithFrame
05-27 18:48:44.768  1008 30857 D [OMXB]  : usingANWBuffer: handle:0xee745600, format:1, w:1920, h:1080
05-27 08:39:53.731   581   581 D spi_rst_gpio_get_output: GPIO 145 value: 1
05-27 08:39:53.731   581   581 D spidev_ioctl: gpio status=1)
05-27 18:48:44.772   581   581 I SpiService: fgesysctrl_getGPIO_status success val=1
05-27 08:39:53.737   581   581 D spi_rst_gpio_get_output: GPIO 145 value: 1
05-27 08:39:53.737   581   581 D spidev_ioctl: gpio status=1)
05-27 18:48:44.778   581   581 I SpiService: fgesysctrl_getGPIO_status success val=1
05-27 18:48:44.780 13911 14183 I SentryImuMcuAngleSender: 180.0rollDeg
05-27 18:48:44.780 13911 14183 I SentryImuMcuAngleSender: 1,0,0
05-27 08:39:53.742   581   581 D spi_rst_gpio_get_output: GPIO 145 value: 1
05-27 08:39:53.742   581   581 D spidev_ioctl: gpio status=1)
05-27 18:48:44.783  1008 30856 D [OMXB]  : usingANWBuffer: handle:0xee744790, format:1, w:1920, h:1080
05-27 18:48:44.783   581   581 I SpiService: fgesysctrl_getGPIO_status success val=1
05-27 08:39:53.748   581   581 D spi_rst_gpio_get_output: GPIO 145 value: 1
05-27 08:39:53.748   581   581 D spidev_ioctl: gpio status=1)
05-27 18:48:44.789   581   581 I SpiService: fgesysctrl_getGPIO_status success val=1
05-27 08:39:53.753   581   581 D spi_rst_gpio_get_output: GPIO 145 value: 1
05-27 08:39:53.753   581   581 D spidev_ioctl: gpio status=1)
05-27 18:48:44.790   299 30841 D EvsDriver: forwardFrame
05-27 18:48:44.791   299 30841 D EvsDriver: Delivered 0xb400007b7ca56a60 as id 0
05-27 18:48:44.791  1167  1167 D evsmanagerd: /dev/video4 forwarded the buffer #0 to 0xb4000074bf5f6850 from 0xb4000074bf5f41d0
05-27 18:48:44.794   581   581 I SpiService: fgesysctrl_getGPIO_status success val=0
05-27 18:48:44.795   299 30844 D EvsDriver: forwardFrame
05-27 18:48:44.795   299  1153 D EvsDriver: doneWithFrame
05-27 18:48:44.796   299 30844 D EvsDriver: Delivered 0xb400007b7ca56900 as id 0
05-27 18:48:44.796  1167  1167 D evsmanagerd: /dev/video6 forwarded the buffer #0 to 0xb4000074bf5f5510 from 0xb4000074bf5f6d90
05-27 08:39:53.759   581   581 D spi_rst_gpio_get_output: GPIO 145 value: 0
05-27 08:39:53.759   581   581 D spidev_ioctl: gpio status=0)
05-27 18:48:44.799 30773 30787 I dvr_service_: [runShortMediaThread:298] cameraId:0 medias:300,audios:220,stateAudio:0,mShortState:0,warnEvent:0,state:1
05-27 18:48:44.800   299  1153 D EvsDriver: doneWithFrame
05-27 18:48:44.800 13911 14183 I SentryImuMcuAngleSender: 179.99649rollDeg
05-27 18:48:44.800 13911 14183 I SentryImuMcuAngleSender: 1,0,0
05-27 18:48:44.803   536   536 D commservice260303: msg.id = 1028,1
05-27 18:48:44.803   536   536 D commservice260303: i = 170, msgid = 8A000404
05-27 18:48:44.803   536   536 D commservice260303: msgid = -1979710460,did=138
05-27 18:48:44.803   536   536 D commservice260303: CommProtocolLibCmdBaseI2C::dataproc {"command":{"id":"imu_status","sub":""},"content":{"TimeStamp":10,"FrameCounter":252545,"GD_X":-0.010841978713870049,"GD_Y":0.005268065724521875,"GD_Z":0.00259606190957129,"AD_X":-0.005778759717941284,"AD_Y":-0.001866147737018764,"AD_Z":-0.17252826690673828,"TempDsp":0,"Status":0,"CalibState":1,"SigAmpInvalid":0}},-1979710460
05-27 18:48:44.803   536   536 D commservice260303: send2Cluster len:315, 7B22636F6D6D616E64223A7B226964223A22696D755F737461747573222C22737562223A22227D2C22636F6E74656E74223A7B2254696D655374616D70223A31302C224672616D65436F756E746572223A3235323534352C2247445F58223A2D302E3031303834313937383731333837303034392C2247445F59223A302E3030353236383036353732343532313837352C2247445F5A223A302E30303235393630363139303935373132392C2241445F58223A2D302E3030353737383735393731373934313238342C2241445F59223A2D302E3030313836363134373733373031383736342C2241445F5A223A2D302E31373235323832363639303637333832382C2254656D70447370223A302C22537461747573223A302C2243616C69625374617465223A312C22536967416D70496E76616C6964223A307D7D, 138 
05-27 18:48:44.803   536   536 D commservice260303: Push Message into SendPool fn=1226507264
05-27 18:48:44.803   536   536 D commservice260303: ComProtocolLibSend2Cluster::send2ClusterRaw fn=1226507264 , len=331
05-27 18:48:44.803   536   536 D commservice260303: sendCmdToPort :331!!!
05-27 18:48:44.803   536   536 D commservice260303: send Cmd To Port ++++5AA501478A0100041B496A16CC0C7B22636F6D6D616E64223A7B226964223A22696D755F737461747573222C22737562223A22227D2C22636F6E74656E74223A7B2254696D655374616D70223A31302C224672616D65436F756E746572223A3235323534352C2247445F58223A2D302E3031303834313937383731333837303034392C2247445F59223A302E3030353236383036353732343532313837352C2247445F5A223A302E30303235393630363139303935373132392C2241445F58223A2D302E3030353737383735393731373934313238342C2241445F59223A2D302E3030313836363134373733373031383736342C2241445F5A223A2D302E31373235323832363639303637333832382C2254656D70447370223A302C22537461747573223A302C2243616C69625374617465223A312C22536967416D70496E76616C6964223A307D7D79ED
05-27 18:48:44.804   536   536 D commservice260303: bufferevent_write retrun value = 0
05-27 18:48:44.804   536   560 D commservice260303: client datas send succeed,send finish
05-27 18:48:44.804 13911 14192 D Sentinelmode_1.2.5.17_sentry: <SentryImuClusterFgeSender>imu_status sent to Linux, frame=252545, tsNs=10792039, tsMs=10, intervalMs=41, ad=(-0.0057787597,-0.0018661477,-0.17252827), gd=(-0.010841979,0.0052680657,0.002596062)
05-27 18:48:44.807  1008 30857 D [OMXB]  : usingANWBuffer: handle:0xee744fd0, format:1, w:1920, h:1080
05-27 18:48:44.809   581   581 I SpiService: fgesysctrl_getGPIO_status success val=1
05-27 08:39:53.774   581   581 D spi_rst_gpio_get_output: GPIO 145 value: 1
05-27 08:39:53.774   581   581 D spidev_ioctl: gpio status=1)
05-27 18:48:44.814   283   307 I rvcservice: t.code = 0, t.value = 2440
05-27 18:48:44.814   581   581 I SpiService: fgesysctrl_getGPIO_status success val=1
05-27 08:39:53.779   581   581 D spi_rst_gpio_get_output: GPIO 145 value: 1
05-27 08:39:53.779   581   581 D spidev_ioctl: gpio status=1)
05-27 18:48:44.819  1008 30856 D [OMXB]  : usingANWBuffer: handle:0xee7432f0, format:1, w:1920, h:1080
05-27 18:48:44.820   581   581 I SpiService: fgesysctrl_getGPIO_status success val=1
05-27 18:48:44.820 13911 14183 I SentryImuMcuAngleSender: 179.986rollDeg
05-27 18:48:44.820 13911 14183 I SentryImuMcuAngleSender: 1,0,0
05-27 08:39:53.784   581   581 D spi_rst_gpio_get_output: GPIO 145 value: 1
05-27 08:39:53.784   581   581 D spidev_ioctl: gpio status=1)
05-27 18:48:44.824   299 30841 D EvsDriver: forwardFrame
05-27 18:48:44.826   581   581 I SpiService: fgesysctrl_getGPIO_status success val=1
05-27 18:48:44.826   299 30841 D EvsDriver: Delivered 0xb400007b7ca56a60 as id 0
05-27 18:48:44.826  1167  1167 D evsmanagerd: /dev/video4 forwarded the buffer #0 to 0xb4000074bf5f6850 from 0xb4000074bf5f41d0
05-27 08:39:53.790   581   581 D spi_rst_gpio_get_output: GPIO 145 value: 1
05-27 08:39:53.790   581   581 D spidev_ioctl: gpio status=1)
05-27 18:48:44.829   299  1153 D EvsDriver: doneWithFrame
05-27 18:48:44.831   581   581 I SpiService: fgesysctrl_getGPIO_status success val=0
05-27 18:48:44.834   299 30844 D EvsDriver: forwardFrame
05-27 08:39:53.796   581   581 D spi_rst_gpio_get_output: GPIO 145 value: 0
05-27 08:39:53.796   581   581 D spidev_ioctl: gpio status=0)
05-27 18:48:44.835   299 30844 D EvsDriver: Delivered 0xb400007b7ca56900 as id 0
05-27 18:48:44.836  1167  1167 D evsmanagerd: /dev/video6 forwarded the buffer #0 to 0xb4000074bf5f5510 from 0xb4000074bf5f6d90
05-27 18:48:44.838   299  1153 D EvsDriver: doneWithFrame
05-27 18:48:44.839  1008 30857 D [OMXB]  : usingANWBuffer: handle:0xee742530, format:1, w:1920, h:1080
05-27 18:48:44.841 13911 14183 I SentryImuMcuAngleSender: 179.986rollDeg
05-27 18:48:44.841 13911 14183 I SentryImuMcuAngleSender: 1,0,0
05-27 18:48:44.842   572   622 I Sensors : 230 GyroSensor: x:-0.012293,y:0.004657,z:0.001985
05-27 18:48:44.843   536   536 D commservice260303: msg.id = 1028,0
05-27 18:48:44.843   536   536 D commservice260303: i = 170, msgid = 8A000404
05-27 18:48:44.843   536   536 D commservice260303: msgid = -1979710460,did=138
05-27 18:48:44.843   536   536 D commservice260303: CommProtocolLibCmdBaseI2C::dataproc {"command":{"id":"imu_status","sub":""},"content":{"TimeStamp":10,"FrameCounter":252546,"GD_X":-0.012293193489313126,"GD_Y":0.004656890872865915,"GD_Z":0.0019848872907459736,"AD_X":-0.003333359956741333,"AD_Y":-3.609084524214268E-5,"AD_Z":-0.16947650909423828,"TempDsp":0,"Status":0,"CalibState":1,"SigAmpInvalid":0}},-1979710460
05-27 18:48:44.843   536   536 D commservice260303: send2Cluster len:317, 7B22636F6D6D616E64223A7B226964223A22696D755F737461747573222C22737562223A22227D2C22636F6E74656E74223A7B2254696D655374616D70223A31302C224672616D65436F756E746572223A3235323534362C2247445F58223A2D302E3031323239333139333438393331333132362C2247445F59223A302E3030343635363839303837323836353931352C2247445F5A223A302E303031393834383837323930373435393733362C2241445F58223A2D302E3030333333333335393935363734313333332C2241445F59223A2D332E363039303834353234323134323638452D352C2241445F5A223A2D302E31363934373635303930393432333832382C2254656D70447370223A302C22537461747573223A302C2243616C69625374617465223A312C22536967416D70496E76616C6964223A307D7D, 138 
05-27 18:48:44.843   536   536 D commservice260303: Push Message into SendPool fn=1243284480
05-27 18:48:44.843   536   536 D commservice260303: ComProtocolLibSend2Cluster::send2ClusterRaw fn=1243284480 , len=333
05-27 18:48:44.843   536   536 D commservice260303: sendCmdToPort :333!!!
05-27 18:48:44.843   536   536 D commservice260303: send Cmd To Port ++++5AA501498A0100041B4A6A16CC0C7B22636F6D6D616E64223A7B226964223A22696D755F737461747573222C22737562223A22227D2C22636F6E74656E74223A7B2254696D655374616D70223A31302C224672616D65436F756E746572223A3235323534362C2247445F58223A2D302E3031323239333139333438393331333132362C2247445F59223A302E3030343635363839303837323836353931352C2247445F5A223A302E303031393834383837323930373435393733362C2241445F58223A2D302E3030333333333335393935363734313333332C2241445F59223A2D332E363039303834353234323134323638452D352C2241445F5A223A2D302E31363934373635303930393432333832382C2254656D70447370223A302C22537461747573223A302C2243616C69625374617465223A312C22536967416D70496E76616C6964223A307D7D2F79
05-27 18:48:44.844   536   536 D commservice260303: bufferevent_write retrun value = 0
05-27 18:48:44.844   536   560 D commservice260303: client datas send succeed,send finish
05-27 18:48:44.844 13911 14192 D Sentinelmode_1.2.5.17_sentry: <SentryImuClusterFgeSender>imu_status sent to Linux, frame=252546, tsNs=10792093, tsMs=10, intervalMs=39, ad=(-0.00333336,-3.6090845E-5,-0.16947651), gd=(-0.0122931935,0.004656891,0.0019848873)
05-27 18:48:44.846   581   581 I SpiService: fgesysctrl_getGPIO_status success val=1
05-27 18:48:44.848   536   560 D commservice260303: recv len:77, 5AA50049060000003F2D6A16CC0C7B22636F6D6D616E64223A7B226964223A226473695F6C7578222C22737562223A22227D2C22636F6E74656E74223A7B2276616C7565223A3230307D7DDC9A from server
05-27 18:48:44.848   536  2578 D commservice260303: mcuDataAnalyzeHandle templen:77,len:77,pos:0, 5AA50049060000003F2D6A16CC0C7B22636F6D6D616E64223A7B226964223A226473695F6C7578222C22737562223A22227D2C22636F6E74656E74223A7B2276616C7565223A3230307D7DDC9A 
05-27 18:48:44.848   536  2578 I commservice260303: checksumCal = 56474
05-27 18:48:44.848   536  2578 D commservice260303: CommProtocolLibCmdBaseC2I::dataproc {"command":{"id":"dsi_lux","sub":""},"content":{"value":200}},6
05-27 18:48:44.849   536  2578 D commservice260303: mcuCommMessageManager::notifyMsgToClient hwbinder OK
05-27 18:48:44.849   536  2578 D commservice260303: McuProtocolLibSend2Service::send2Service ret=1
05-27 08:39:53.810   581   581 D spi_rst_gpio_get_output: GPIO 145 value: 1
05-27 08:39:53.810   581   581 D spidev_ioctl: gpio status=1)
05-27 18:48:44.849 12246 12440 D ivicomm_CommManager: fgeComServiceCallback: {"command":{"id":"dsi_lux","sub":""},"content":{"value":200}}
05-27 18:48:44.850 12246 12440 D ivicomm_CallbackManager: registerCallback DSI_LUX: {"value":200} mCommStateCallbackMap size:4
05-27 18:48:44.850 11579 11719 D NSLogUtils_VehicleService: L2A comm state: id=dsi_lux, value=200
05-27 18:48:44.851 11344  6594 D SystemUI_SystemSettingsControllerService: onCommState: commandID = dsi_lux; value = 200
05-27 18:48:44.851   581   581 I SpiService: fgesysctrl_getGPIO_status success val=1
05-27 08:39:53.816   581   581 D spi_rst_gpio_get_output: GPIO 145 value: 1
05-27 08:39:53.816   581   581 D spidev_ioctl: gpio status=1)
05-27 18:48:44.857   581   581 I SpiService: fgesysctrl_getGPIO_status success val=1
05-27 08:39:53.821   581   581 D spi_rst_gpio_get_output: GPIO 145 value: 1
05-27 08:39:53.821   581   581 D spidev_ioctl: gpio status=1)
05-27 18:48:44.860   299 30841 D EvsDriver: forwardFrame
05-27 18:48:44.861   299 30841 D EvsDriver: Delivered 0xb400007b7ca56a60 as id 0
05-27 18:48:44.861  1167  1167 D evsmanagerd: /dev/video4 forwarded the buffer #0 to 0xb4000074bf5f6850 from 0xb4000074bf5f41d0
05-27 18:48:44.862 13911 14183 I SentryImuMcuAngleSender: 179.97197rollDeg
05-27 18:48:44.862 13911 14183 I SentryImuMcuAngleSender: 1,0,0
05-27 18:48:44.862   581   581 I SpiService: fgesysctrl_getGPIO_status success val=1
05-27 18:48:44.863   299  1153 D EvsDriver: doneWithFrame
05-27 08:39:53.827   581   581 D spi_rst_gpio_get_output: GPIO 145 value: 1
05-27 08:39:53.827   581   581 D spidev_ioctl: gpio status=1)
05-27 18:48:44.866  1008 30856 D [OMXB]  : usingANWBuffer: handle:0xee744160, format:1, w:1920, h:1080
05-27 18:48:44.867  1083  1083 I MyAppLog: [2026-05-27 18:48:44.867 I tboxap mcuSendYadiTransfer:196] [Mcu] [mcuYadiSend]: :00 08 1D 04 01 09 81 02 01 01
05-27 18:48:44.867   581   581 I SpiService: fgesysctrl_getGPIO_status success val=1
05-27 08:39:53.832   581   581 D spi_rst_gpio_get_output: GPIO 145 value: 1
05-27 08:39:53.832   581   581 D spidev_ioctl: gpio status=1)
05-27 18:48:44.870   481   599 I mcuc    : start timer OK = 30430 
05-27 18:48:44.872   299 30844 D EvsDriver: forwardFrame
05-27 18:48:44.873   581   581 I SpiService: fgesysctrl_getGPIO_status success val=0
05-27 18:48:44.873   299 30844 D EvsDriver: Delivered 0xb400007b7ca56900 as id 0
05-27 18:48:44.873   481   597 I mcuc    : send SPI:6AA60176DE00F809011D0401098102010100000000000000000000000000000000000000000000000000000000000000000000000000000000000000000000000000000000000000000000000000000000000000000000000000000000000000000000000000000000000000000000000000000000000000000000000000000000000000000000000000000000000000000000000000000000000000000000000000000000000000000000000000000000000000000000000000000000000000000000000000000000000000000000000000000000000000000000000000000000000000000000000000000000000000000000000000000000000000000000F9
05-27 18:48:44.874  1167  1167 D evsmanagerd: /dev/video6 forwarded the buffer #0 to 0xb4000074bf5f5510 from 0xb4000074bf5f6d90
05-27 18:48:44.876   299  1153 D EvsDriver: doneWithFrame
05-27 08:39:53.838   581   581 D spi_rst_gpio_get_output: GPIO 145 value: 0
05-27 08:39:53.838   581   581 D spidev_ioctl: gpio status=0)
05-27 18:48:44.881   586   613 D vendor.sprd.hardware.aprd-service: WCN Get CP2Ver failed
05-27 18:48:44.881   586   613 D vendor.sprd.hardware.aprd-service: WCNInfoThread::GetVer
05-27 18:48:44.882   586   613 D vendor.sprd.hardware.aprd-service: WCNcmdReqRsp: waiting for server wcnd
05-27 18:48:44.882 13911 14183 I SentryImuMcuAngleSender: 179.97197rollDeg
05-27 18:48:44.882 13911 14183 I SentryImuMcuAngleSender: 1,0,0
05-27 18:48:44.882  2166  2197 D WCND    : wcnd got 12 from accept
05-27 18:48:44.883  2166  2197 D WCND    : Socket client fd = 5, max fd = 12
05-27 18:48:44.883  2166  2197 D WCND    : process_active_socket_client_fd: active client fd is 12
05-27 18:48:44.883  2166  2197 D WCND    : wcnd_runcommand : argv :  at+spatgetcp2info
05-27 18:48:44.883   536   536 D commservice260303: msg.id = 1028,0
05-27 18:48:44.883   536   536 D commservice260303: i = 170, msgid = 8A000404
05-27 18:48:44.883   536   536 D commservice260303: msgid = -1979710460,did=138
05-27 18:48:44.884   536   536 D commservice260303: CommProtocolLibCmdBaseI2C::dataproc {"command":{"id":"imu_status","sub":""},"content":{"TimeStamp":10,"FrameCounter":252547,"GD_X":-0.011300750076770782,"GD_Y":0.006185087841004133,"GD_Z":0.0021378109231591225,"AD_X":3.099590539932251E-4,"AD_Y":0.0023849583230912685,"AD_Z":-0.16947650909423828,"TempDsp":0,"Status":0,"CalibState":1,"SigAmpInvalid":0}},-1979710460
05-27 18:48:44.884  2166  2197 E wcn_vendor: open(/sys/class/misc/wcn/devices/sw_ver) for read failed: No such file or directory (2)
05-27 18:48:44.884  2166  2197 D WCND    : Reply Socket : FAIL Unknown
05-27 18:48:44.884   536   536 D commservice260303: send2Cluster len:316, 7B22636F6D6D616E64223A7B226964223A22696D755F737461747573222C22737562223A22227D2C22636F6E74656E74223A7B2254696D655374616D70223A31302C224672616D65436F756E746572223A3235323534372C2247445F58223A2D302E3031313330303735303037363737303738322C2247445F59223A302E3030363138353038373834313030343133332C2247445F5A223A302E303032313337383130393233313539313232352C2241445F58223A332E303939353930353339393332323531452D342C2241445F59223A302E303032333834393538333233303931323638352C2241445F5A223A2D302E31363934373635303930393432333832382C2254656D70447370223A302C22537461747573223A302C2243616C69625374617465223A312C22536967416D70496E76616C6964223A307D7D, 138 
05-27 18:48:44.884   536   536 D commservice260303: Push Message into SendPool fn=1260061696
05-27 18:48:44.884   536   536 D commservice260303: ComProtocolLibSend2Cluster::send2ClusterRaw fn=1260061696 , len=332
05-27 18:48:44.884  2166  2197 D WCND    : Socket client fd = 5, max fd = 12
05-27 18:48:44.884   586   613 D vendor.sprd.hardware.aprd-service: WCNcmdReqRsp: get 13 bytes FAIL Unknown
05-27 18:48:44.884   536   536 D commservice260303: sendCmdToPort :332!!!
05-27 18:48:44.884   536   536 D commservice260303: send Cmd To Port ++++5AA501488A0100041B4B6A16CC0C7B22636F6D6D616E64223A7B226964223A22696D755F737461747573222C22737562223A22227D2C22636F6E74656E74223A7B2254696D655374616D70223A31302C224672616D65436F756E746572223A3235323534372C2247445F58223A2D302E3031313330303735303037363737303738322C2247445F59223A302E3030363138353038373834313030343133332C2247445F5A223A302E303032313337383130393233313539313232352C2241445F58223A332E303939353930353339393332323531452D342C2241445F59223A302E303032333834393538333233303931323638352C2241445F5A223A2D302E31363934373635303930393432333832382C2254656D70447370223A302C22537461747573223A302C2243616C69625374617465223A312C22536967416D70496E76616C6964223A307D7D8FDF
05-27 18:48:44.884   586   613 D vendor.sprd.hardware.aprd-service: wcn AT+spatgetcp2info, ret=0, rsp:FAIL Unknown
05-27 18:48:44.884  2166  2197 D WCND    : process_active_socket_client_fd: active client fd is 12
05-27 18:48:44.884   536   536 D commservice260303: bufferevent_write retrun value = 0
05-27 18:48:44.884  2166  2197 D WCND    : Client socket fd : 12 closed
05-27 18:48:44.884  2166  2197 D WCND    : Socket client fd = 5, max fd = 11
05-27 18:48:44.884   536   560 D commservice260303: client datas send succeed,send finish
05-27 18:48:44.884 13911 14192 D Sentinelmode_1.2.5.17_sentry: <SentryImuClusterFgeSender>imu_status sent to Linux, frame=252547, tsNs=10792128, tsMs=10, intervalMs=41, ad=(3.0995905E-4,0.0023849583,-0.16947651), gd=(-0.01130075,0.006185088,0.002137811)
05-27 18:48:44.886  1008 30857 D [OMXB]  : usingANWBuffer: handle:0xee746aa0, format:1, w:1920, h:1080
05-27 18:48:44.887   481   598 I mcuc    : rev,n=1,6AA681D95D000A89009C010409021234566E
05-27 18:48:44.887   351   373 D automotive.vehicle@2.0-adayo-datacomm-mcu: MCUDatacomm sendMessageFromVehicle prop: 0x89, areaId: 0x0, status: 0x9c, timestamp: 0x1
05-27 18:48:44.887  1121  1144 I tboxmids_ap: [2026-05-27 18:48:44.887] [MCU RX] src=MCU dst=ZMQ len=10 type=BINARY data=00 08 9C 01 04 09 02 12 34 56 
05-27 18:48:44.888   351   373 D automotive.vehicle@2.0-adayo-datacomm-mcu: MCUDatacomm 1sendMessageFromVehicle ---> type = 12 
05-27 18:48:44.888   581   581 I SpiService: fgesysctrl_getGPIO_status success val=1
05-27 18:48:44.889  1083  1083 I MyAppLog: [2026-05-27 18:48:44.888 I tboxap mcuCommTboxmidsRecvCb:97] [Mcu] [mcuCommTboxmidsRecvCb] recv from tboxmids, size:10
05-27 18:48:44.889  1083  1083 I MyAppLog: [2026-05-27 18:48:44.888 I tboxap mcuCommTboxmidsRecvCb:98] [Mcu] [tboxmids -> tboxap]: :00 08 9C 01 04 09 02 12 34 56
05-27 18:48:44.889  1083  1083 I MyAppLog: [2026-05-27 18:48:44.888 I tboxap mcuPtlParseData:990] [Mcu] [Mcu  Parse]: (cmd):0902 (param):0902123456
05-27 18:48:44.889  1083  1083 W MyAppLog: [2026-05-27 18:48:44.888 W tboxap mcuParamDataRevPack:918] [Mcu] mcuParamDataRevPack start pack data!!!
05-27 18:48:44.889  1083  1083 W MyAppLog: [2026-05-27 18:48:44.888 W tboxap mcuHandlePowerReqInd:1739] [Mcu] [mcuHandlePowerReqInd] recv 0x0902 power req type:0x12
05-27 08:39:53.853   581   581 D spi_rst_gpio_get_output: GPIO 145 value: 1
05-27 08:39:53.853   581   581 D spidev_ioctl: gpio status=1)
05-27 18:48:44.894   581   581 I SpiService: fgesysctrl_getGPIO_status success val=1
05-27 08:39:53.859   581   581 D spi_rst_gpio_get_output: GPIO 145 value: 1
05-27 18:48:44.897   299 30844 D EvsDriver: forwardFrame
05-27 08:39:53.859   581   581 D spidev_ioctl: gpio status=1)
05-27 18:48:44.898   299 30841 D EvsDriver: forwardFrame
05-27 18:48:44.898   299 30844 D EvsDriver: Delivered 0xb400007b7ca56900 as id 0
05-27 18:48:44.899  1167  1167 D evsmanagerd: /dev/video6 forwarded the buffer #0 to 0xb4000074bf5f5510 from 0xb4000074bf5f6d90
05-27 18:48:44.900   299 30841 D EvsDriver: Delivered 0xb400007b7ca56a60 as id 0
05-27 18:48:44.900   581   581 I SpiService: fgesysctrl_getGPIO_status success val=1
05-27 18:48:44.900  1167  1167 D evsmanagerd: /dev/video4 forwarded the buffer #0 to 0xb4000074bf5f6850 from 0xb4000074bf5f41d0
05-27 08:39:53.864   581   581 D spi_rst_gpio_get_output: GPIO 145 value: 1
05-27 08:39:53.864   581   581 D spidev_ioctl: gpio status=1)
05-27 18:48:44.902 13911 14183 I SentryImuMcuAngleSender: 179.993rollDeg
05-27 18:48:44.902 13911 14183 I SentryImuMcuAngleSender: 1,0,0
05-27 18:48:44.902   299  1163 D EvsDriver: doneWithFrame
05-27 18:48:44.904   299  1153 D EvsDriver: doneWithFrame
05-27 18:48:44.906   581   581 I SpiService: fgesysctrl_getGPIO_status success val=1
05-27 08:39:53.870   581   581 D spi_rst_gpio_get_output: GPIO 145 value: 1
05-27 08:39:53.870   581   581 D spidev_ioctl: gpio status=1)
05-27 18:48:44.910  1008 30856 D [OMXB]  : usingANWBuffer: handle:0xee7437c0, format:1, w:1920, h:1080
05-27 18:48:44.911   581   581 I SpiService: fgesysctrl_getGPIO_status success val=1
05-27 08:39:53.876   581   581 D spi_rst_gpio_get_output: GPIO 145 value: 1
05-27 08:39:53.876   581   581 D spidev_ioctl: gpio status=1)
05-27 18:48:44.914   283   307 I rvcservice: t.code = 3, t.value = 0
05-27 18:48:44.917   581   581 I SpiService: fgesysctrl_getGPIO_status success val=0
05-27 18:48:44.917   481   597 I mcuc    : send SPI:6AA602D95D000289003D
05-27 08:39:53.882   581   581 D spi_rst_gpio_get_output: GPIO 145 value: 0
05-27 08:39:53.882   581   581 D spidev_ioctl: gpio status=0)
05-27 18:48:44.922  1008 30857 D [OMXB]  : usingANWBuffer: handle:0xee743240, format:1, w:1920, h:1080
05-27 18:48:44.922 13911 14183 I SentryImuMcuAngleSender: -179.99649rollDeg
05-27 18:48:44.923 13911 14183 I SentryImuMcuAngleSender: 1,0,0
05-27 18:48:44.924   536   536 D commservice260303: msg.id = 1028,0
05-27 18:48:44.924   536   536 D commservice260303: i = 170, msgid = 8A000404
05-27 18:48:44.924   536   536 D commservice260303: msgid = -1979710460,did=138
05-27 18:48:44.924   536   536 D commservice260303: CommProtocolLibCmdBaseI2C::dataproc {"command":{"id":"imu_status","sub":""},"content":{"TimeStamp":10,"FrameCounter":252548,"GD_X":-0.011759000830352306,"GD_Y":0.005268065724521875,"GD_Z":0.002213752595707774,"AD_X":-0.0015292167663574219,"AD_Y":-0.003090694546699524,"AD_Z":-0.17313671112060547,"TempDsp":0,"Status":0,"CalibState":1,"SigAmpInvalid":0}},-1979710460
05-27 18:48:44.924   536   536 D commservice260303: send2Cluster len:317, 7B22636F6D6D616E64223A7B226964223A22696D755F737461747573222C22737562223A22227D2C22636F6E74656E74223A7B2254696D655374616D70223A31302C224672616D65436F756E746572223A3235323534382C2247445F58223A2D302E3031313735393030303833303335323330362C2247445F59223A302E3030353236383036353732343532313837352C2247445F5A223A302E3030323231333735323539353730373737342C2241445F58223A2D302E303031353239323136373636333537343231392C2241445F59223A2D302E3030333039303639343534363639393532342C2241445F5A223A2D302E31373331333637313131323036303534372C2254656D70447370223A302C22537461747573223A302C2243616C69625374617465223A312C22536967416D70496E76616C6964223A307D7D, 138 
05-27 18:48:44.924   536   536 D commservice260303: Push Message into SendPool fn=1276838912
05-27 18:48:44.924   536   536 D commservice260303: ComProtocolLibSend2Cluster::send2ClusterRaw fn=1276838912 , len=333
05-27 18:48:44.924   536   536 D commservice260303: sendCmdToPort :333!!!
05-27 18:48:44.924   536   536 D commservice260303: send Cmd To Port ++++5AA501498A0100041B4C6A16CC0C7B22636F6D6D616E64223A7B226964223A22696D755F737461747573222C22737562223A22227D2C22636F6E74656E74223A7B2254696D655374616D70223A31302C224672616D65436F756E746572223A3235323534382C2247445F58223A2D302E3031313735393030303833303335323330362C2247445F59223A302E3030353236383036353732343532313837352C2247445F5A223A302E3030323231333735323539353730373737342C2241445F58223A2D302E303031353239323136373636333537343231392C2241445F59223A2D302E3030333039303639343534363639393532342C2241445F5A223A2D302E31373331333637313131323036303534372C2254656D70447370223A302C22537461747573223A302C2243616C69625374617465223A312C22536967416D70496E76616C6964223A307D7D9BC5
05-27 18:48:44.924   536   536 D commservice260303: bufferevent_write retrun value = 0
05-27 18:48:44.924   536   560 D commservice260303: client datas send succeed,send finish
05-27 18:48:44.925 13911 14192 D Sentinelmode_1.2.5.17_sentry: <SentryImuClusterFgeSender>imu_status sent to Linux, frame=252548, tsNs=10792163, tsMs=10, intervalMs=40, ad=(-0.0015292168,-0.0030906945,-0.17313671), gd=(-0.011759001,0.0052680657,0.0022137526)
05-27 18:48:44.929   481   598 I mcuc    : rev,n=1,6AA68276DE000209011E
05-27 18:48:44.930   299 30844 D EvsDriver: forwardFrame
05-27 18:48:44.932   581   581 I SpiService: fgesysctrl_getGPIO_status success val=1
05-27 18:48:44.932   299 30844 D EvsDriver: Delivered 0xb400007b7ca56900 as id 0
05-27 18:48:44.933  1167  1167 D evsmanagerd: /dev/video6 forwarded the buffer #0 to 0xb4000074bf5f5510 from 0xb4000074bf5f6d90
05-27 18:48:44.933 30773 30773 E dvr_service_: [myNum:1] Received S**** loss
05-27 18:48:44.933   299 30841 D EvsDriver: forwardFrame
05-27 08:39:53.896   581   581 D spi_rst_gpio_get_output: GPIO 145 value: 1
05-27 08:39:53.896   581   581 D spidev_ioctl: gpio status=1)
05-27 18:48:44.933   299  1153 D EvsDriver: doneWithFrame
05-27 18:48:44.934   299 30841 D EvsDriver: Delivered 0xb400007b7ca56a60 as id 0
05-27 18:48:44.934  1167  1167 D evsmanagerd: /dev/video4 forwarded the buffer #0 to 0xb4000074bf5f6850 from 0xb4000074bf5f41d0
05-27 18:48:44.934 30773 30773 E dvr_service_: [myNum:0] Received S**** loss
05-27 18:48:44.935   299  1153 D EvsDriver: doneWithFrame
05-27 18:48:44.937   581   581 I SpiService: fgesysctrl_getGPIO_status success val=1
05-27 08:39:53.902   581   581 D spi_rst_gpio_get_output: GPIO 145 value: 1
05-27 08:39:53.902   581   581 D spidev_ioctl: gpio status=1)
05-27 18:48:44.942   581   581 I SpiService: fgesysctrl_getGPIO_status success val=1
05-27 18:48:44.943 13911 14183 I SentryImuMcuAngleSender: 179.9895rollDeg
05-27 18:48:44.943 13911 14183 I SentryImuMcuAngleSender: 1,0,0
05-27 18:48:44.944  1008 30856 D [OMXB]  : usingANWBuffer: handle:0xee746310, format:1, w:1920, h:1080
05-27 08:39:53.907   581   581 D spi_rst_gpio_get_output: GPIO 145 value: 1
05-27 08:39:53.907   581   581 D spidev_ioctl: gpio status=1)
05-27 18:48:44.948   581   581 I SpiService: fgesysctrl_getGPIO_status success val=1
05-27 08:39:53.912   581   581 D spi_rst_gpio_get_output: GPIO 145 value: 1
05-27 08:39:53.912   581   581 D spidev_ioctl: gpio status=1)
05-27 18:48:44.949   572   572 I Sensors : 230 AccelSensor: x:-0.170800,y:0.004270,z:-9.978380
05-27 18:48:44.950 13911 13911 I Sentinelmode_1.2.5.17_sentry: <SentinelCarServiceManager>sensorType:291504647
05-27 18:48:44.953   581   581 I SpiService: fgesysctrl_getGPIO_status success val=0
05-27 08:39:53.918   581   581 D spi_rst_gpio_get_output: GPIO 145 value: 0
05-27 08:39:53.918   581   581 D spidev_ioctl: gpio status=0)
05-27 18:48:44.958  1008 30857 D [OMXB]  : usingANWBuffer: handle:0xee7406f0, format:1, w:1920, h:1080
05-27 18:48:44.958 30773 30789 I dvr_service_: Camera 1: MediaOK:154642830, frames:3470, isKeyFrame:0,pts:10791987240
05-27 18:48:44.961   299 30844 D EvsDriver: forwardFrame
05-27 18:48:44.963  1167  1167 D evsmanagerd: /dev/video6 forwarded the buffer #0 to 0xb4000074bf5f5510 from 0xb4000074bf5f6d90
05-27 18:48:44.963   299 30844 D EvsDriver: Delivered 0xb400007b7ca56900 as id 0
05-27 18:48:44.964 13911 14183 I SentryImuMcuAngleSender: 179.97548rollDeg
05-27 18:48:44.964 13911 14183 I SentryImuMcuAngleSender: 1,0,0
05-27 18:48:44.966   536   536 D commservice260303: msg.id = 1028,0
05-27 18:48:44.966   536   536 D commservice260303: i = 170, msgid = 8A000404
05-27 18:48:44.966   536   536 D commservice260303: msgid = -1979710460,did=138
05-27 18:48:44.966   536   536 D commservice260303: CommProtocolLibCmdBaseI2C::dataproc {"command":{"id":"imu_status","sub":""},"content":{"TimeStamp":10,"FrameCounter":252549,"GD_X":-0.011834942735731602,"GD_Y":0.006108105648308992,"GD_Z":0.0019079053308814764,"AD_X":-0.004577800631523132,"AD_Y":0.0017867109272629023,"AD_Z":-0.17313671112060547,"TempDsp":0,"Status":0,"CalibState":1,"SigAmpInvalid":0}},-1979710460
05-27 18:48:44.966   536   536 D commservice260303: send2Cluster len:317, 7B22636F6D6D616E64223A7B226964223A22696D755F737461747573222C22737562223A22227D2C22636F6E74656E74223A7B2254696D655374616D70223A31302C224672616D65436F756E746572223A3235323534392C2247445F58223A2D302E3031313833343934323733353733313630322C2247445F59223A302E3030363130383130353634383330383939322C2247445F5A223A302E303031393037393035333330383831343736342C2241445F58223A2D302E3030343537373830303633313532333133322C2241445F59223A302E303031373836373130393237323632393032332C2241445F5A223A2D302E31373331333637313131323036303534372C2254656D70447370223A302C22537461747573223A302C2243616C69625374617465223A312C22536967416D70496E76616C6964223A307D7D, 138 
05-27 18:48:44.966   536   536 D commservice260303: Push Message into SendPool fn=1293616128
05-27 18:48:44.966   536   536 D commservice260303: ComProtocolLibSend2Cluster::send2ClusterRaw fn=1293616128 , len=333
05-27 18:48:44.966   536   536 D commservice260303: sendCmdToPort :333!!!
05-27 18:48:44.966   536   536 D commservice260303: send Cmd To Port ++++5AA501498A0100041B4D6A16CC0C7B22636F6D6D616E64223A7B226964223A22696D755F737461747573222C22737562223A22227D2C22636F6E74656E74223A7B2254696D655374616D70223A31302C224672616D65436F756E746572223A3235323534392C2247445F58223A2D302E3031313833343934323733353733313630322C2247445F59223A302E3030363130383130353634383330383939322C2247445F5A223A302E303031393037393035333330383831343736342C2241445F58223A2D302E3030343537373830303633313532333133322C2241445F59223A302E303031373836373130393237323632393032332C2241445F5A223A2D302E31373331333637313131323036303534372C2254656D70447370223A302C22537461747573223A302C2243616C69625374617465223A312C22536967416D70496E76616C6964223A307D7D3B36
05-27 18:48:44.966   536   536 D commservice260303: bufferevent_write retrun value = 0
05-27 18:48:44.966   536   560 D commservice260303: client datas send succeed,send finish
05-27 18:48:44.966   299  1153 D EvsDriver: doneWithFrame
05-27 18:48:44.967   481   598 I mcuc    : rev,n=1,6AA681D95E000A89009D010409111234565D
05-27 18:48:44.967  1121  1144 I tboxmids_ap: [2026-05-27 18:48:44.967] [MCU RX] src=MCU dst=ZMQ len=10 type=BINARY data=00 08 9D 01 04 09 11 12 34 56 
05-27 18:48:44.967   351   373 D automotive.vehicle@2.0-adayo-datacomm-mcu: MCUDatacomm sendMessageFromVehicle prop: 0x89, areaId: 0x0, status: 0x9d, timestamp: 0x1
05-27 18:48:44.968   351   373 D automotive.vehicle@2.0-adayo-datacomm-mcu: MCUDatacomm 1sendMessageFromVehicle ---> type = 12 
05-27 18:48:44.968   581   581 I SpiService: fgesysctrl_getGPIO_status success val=1
05-27 18:48:44.968 13911 14192 D Sentinelmode_1.2.5.17_sentry: <SentryImuClusterFgeSender>imu_status sent to Linux, frame=252549, tsNs=10792199, tsMs=10, intervalMs=43, ad=(-0.0045778006,0.0017867109,-0.17313671), gd=(-0.011834943,0.0061081056,0.0019079053)
05-27 08:39:53.932   581   581 D spi_rst_gpio_get_output: GPIO 145 value: 1
05-27 08:39:53.932   581   581 D spidev_ioctl: gpio status=1)
05-27 18:48:44.969  1083  1083 I MyAppLog: [2026-05-27 18:48:44.968 I tboxap mcuCommTboxmidsRecvCb:97] [Mcu] [mcuCommTboxmidsRecvCb] recv from tboxmids, size:10
05-27 18:48:44.969  1083  1083 I MyAppLog: [2026-05-27 18:48:44.969 I tboxap mcuCommTboxmidsRecvCb:98] [Mcu] [tboxmids -> tboxap]: :00 08 9D 01 04 09 11 12 34 56
05-27 18:48:44.969  1083  1083 W MyAppLog: [2026-05-27 18:48:44.969 W tboxap mcuYadiFrameParse:852] [Mcu] [mcuYadiFrameParse] cmd:0911(MCU_VHL_DYNAMIC_DATA_IND) payload too short:5 < 54
05-27 18:48:44.969  1083  1083 W MyAppLog: [2026-05-27 18:48:44.969 W tboxap mcuPtlParseData:982] [Mcu] [mcuPtlParseData] invalid yadi frame, len:10
05-27 18:48:44.969   481   598 I mcuc    : rev,n=2,6AA681D95F000B8300E00000000000000000D9
