05-27 18:48:35.576  4814  4814 D AnwSdkService: run createMessageHandleThread
05-27 18:48:35.577   299  1163 D EvsDriver: doneWithFrame
05-27 18:48:35.578   536   536 D commservice260303: msg.id = 1028,0
05-27 18:48:35.578   536   536 D commservice260303: i = 170, msgid = 8A000404
05-27 18:48:35.578   536   536 D commservice260303: msgid = -1979710460,did=138
05-27 18:48:35.578   536   536 D commservice260303: CommProtocolLibCmdBaseI2C::dataproc {"command":{"id":"imu_status","sub":""},"content":{"TimeStamp":10,"FrameCounter":252319,"GD_X":-0.011377211660146713,"GD_Y":0.005879240110516548,"GD_Z":0.002443138277158141,"AD_X":3.654211759567261E-4,"AD_Y":-0.004543478600680828,"AD_Z":-0.1688709259033203,"TempDsp":0,"Status":0,"CalibState":1,"SigAmpInvalid":0}},-1979710460
05-27 18:48:35.579  4814  4814 D AnwSdkService: run createAudioFocusListenerMessageHandleThread
05-27 18:48:35.579   536   536 D commservice260303: send2Cluster len:314, 7B22636F6D6D616E64223A7B226964223A22696D755F737461747573222C22737562223A22227D2C22636F6E74656E74223A7B2254696D655374616D70223A31302C224672616D65436F756E746572223A3235323331392C2247445F58223A2D302E3031313337373231313636303134363731332C2247445F59223A302E3030353837393234303131303531363534382C2247445F5A223A302E3030323434333133383237373135383134312C2241445F58223A332E363534323131373539353637323631452D342C2241445F59223A2D302E3030343534333437383630303638303832382C2241445F5A223A2D302E313638383730393235393033333230332C2254656D70447370223A302C22537461747573223A302C2243616C69625374617465223A312C22536967416D70496E76616C6964223A307D7D, 138 
05-27 18:48:35.579   536   536 D commservice260303: Push Message into SendPool fn=1662649344
05-27 18:48:35.579   536   536 D commservice260303: ComProtocolLibSend2Cluster::send2ClusterRaw fn=1662649344 , len=330
05-27 18:48:35.579   536   536 D commservice260303: sendCmdToPort :330!!!
05-27 18:48:35.579   536   536 D commservice260303: send Cmd To Port ++++5AA501468A0100041A636A16CC037B22636F6D6D616E64223A7B226964223A22696D755F737461747573222C22737562223A22227D2C22636F6E74656E74223A7B2254696D655374616D70223A31302C224672616D65436F756E746572223A3235323331392C2247445F58223A2D302E3031313337373231313636303134363731332C2247445F59223A302E3030353837393234303131303531363534382C2247445F5A223A302E3030323434333133383237373135383134312C2241445F58223A332E363534323131373539353637323631452D342C2241445F59223A2D302E3030343534333437383630303638303832382C2241445F5A223A2D302E313638383730393235393033333230332C2254656D70447370223A302C22537461747573223A302C2243616C69625374617465223A312C22536967416D70496E76616C6964223A307D7DA662
05-27 18:48:35.579   536   536 D commservice260303: bufferevent_write retrun value = 0
05-27 18:48:35.579 13911 14192 D Sentinelmode_1.2.5.17_sentry: <SentryImuClusterFgeSender>imu_status sent to Linux, frame=252319, tsNs=10782804, tsMs=10, intervalMs=44, ad=(3.6542118E-4,-0.0045434786,-0.16887093), gd=(-0.011377212,0.00587924,0.0024431383)
05-27 18:48:35.581  4814  4814 I AnwSdkService: mhcilog1:
05-27 18:48:35.581   536   560 D commservice260303: client datas send succeed,send finish
05-27 18:48:35.581  4814  4814 I AnwSdkService: mhcilog4:
05-27 18:48:35.584  1008 30857 D [OMXB]  : usingANWBuffer: handle:0xee746ec0, format:1, w:1920, h:1080
05-27 18:48:35.588   283   307 I rvcservice: t.code = 3, t.value = 0
05-27 18:48:35.588   566  1171 I gps_hdbd: [gps_upgrade_thread 3506]Enter
05-27 18:48:35.588   581   581 I SpiService: fgesysctrl_getGPIO_status success val=1
05-27 18:48:35.588   566  1171 I gps_hdbd: [gps_upgrade_thread 3535] sys.gps.update:0 ,file:not ,upgrate_ing:0
05-27 18:48:35.593  4814  4814 I ANWJNI_SECOND: +++ InitialCallback=====
05-27 18:48:35.594   581   581 I SpiService: fgesysctrl_getGPIO_status success val=1
05-27 18:48:35.595  4814  4814 I ANWJNI_SECOND: --- InitialCallback(77)(78)
05-27 18:48:35.595  4814  4814 I ANWJNI_SECOND: --- InitialCallback(79)(80)
05-27 18:48:35.595  4814  4814 I ANWJNI_SECOND: --- InitialCallback:0
05-27 18:48:35.595  4814  4814 D AnwSdkService: onCreate:0,78,80
05-27 18:48:35.595  4814  4814 D AnwSdkService: pbap_socket_fd1 = 78
05-27 18:48:35.595  4814  4814 D AnwSdkService: run createPbapContactMessageHandleThread
05-27 08:39:45.078   581   581 D spi_rst_gpio_get_output: GPIO 145 value: 1
05-27 08:39:45.078   581   581 D spidev_ioctl: gpio status=1)
05-27 08:39:45.081     1     1 I libprocessgroup: Successfully killed process cgroup uid 0 pid 31011 in 5ms
05-27 18:48:35.596   299 30844 D EvsDriver: forwardFrame
05-27 18:48:35.597 13911 14183 I SentryImuMcuAngleSender: 179.993rollDeg
05-27 18:48:35.597 13911 14183 I SentryImuMcuAngleSender: 1,0,0
05-27 18:48:35.597   299 30841 D EvsDriver: forwardFrame
05-27 18:48:35.597   299 30844 D EvsDriver: Delivered 0xb400007b7ca56900 as id 0
05-27 18:48:35.598  1167  1167 D evsmanagerd: /dev/video6 forwarded the buffer #0 to 0xb4000074bf5f5510 from 0xb4000074bf5f6d90
05-27 18:48:35.598 30773 30773 E dvr_service_: [myNum:1] Received S**** loss
05-27 08:39:45.081     1     1 I init    : Service 'trace_logcat' (pid 31011) received signal 9
05-27 18:48:35.599   299 30841 D EvsDriver: Delivered 0xb400007b7ca56a60 as id 0
05-27 18:48:35.599  1167  1167 D evsmanagerd: /dev/video4 forwarded the buffer #0 to 0xb4000074bf5f6850 from 0xb4000074bf5f41d0
05-27 18:48:35.599 30773 30781 E dvr_service_: [myNum:0] Received S**** loss
05-27 18:48:35.599   299  1163 D EvsDriver: doneWithFrame
05-27 18:48:35.599  4814  4814 D AnwSdkService: run createPbapParsedDataUpdateMessageHandleThread
05-27 18:48:35.599   299  1163 D EvsDriver: doneWithFrame
05-27 18:48:35.599   581   581 I SpiService: fgesysctrl_getGPIO_status success val=1
05-27 18:48:35.604  1008 30856 D [OMXB]  : usingANWBuffer: handle:0xee742270, format:1, w:1920, h:1080
--------- beginning of system
05-27 18:48:35.604  4814  4814 W ContextImpl: Calling a method in the system process without a qualified user: android.app.ContextImpl.startService:1863 android.content.ContextWrapper.startService:817 com.anwsdk.service.anwbtservice.onCreate:7516 android.app.ActivityThread.handleCreateService:4616 android.app.ActivityThread.-$$Nest$mhandleCreateService:0 
05-27 18:48:35.605   581   581 I SpiService: fgesysctrl_getGPIO_status success val=1
05-27 18:48:35.605 30773 30789 I dvr_service_: Camera 0: Buffer reuse stats - Total: 214000, Reused: 105850, New: 108150, Rate: 49.5%
05-27 18:48:35.605 30773 30789 I dvr_service_: Camera 0: MediaOK:145441188, frames:3280, isKeyFrame:0,pts:10782601112
05-27 18:48:35.610 10188  6929 W ActivityManager: Unable to start service Intent { cmp=com.anwsdk.service/.HfpClientConnectionService } U=0: not found with resolvedType = null, flags = 268436480, userId = 0, callingUid = 1000
05-27 18:48:35.610   581   581 I SpiService: fgesysctrl_getGPIO_status success val=0
05-27 18:48:35.611  4814  4814 D AnwSdkService: 20210721 checking self APK rom size
05-27 18:48:35.617  1008 30857 D [OMXB]  : usingANWBuffer: handle:0xee743ea0, format:1, w:1920, h:1080
05-27 18:48:35.617 13911 14183 I SentryImuMcuAngleSender: 179.97897rollDeg
05-27 18:48:35.617 13911 14183 I SentryImuMcuAngleSender: 1,0,0
05-27 18:48:35.619   536   536 D commservice260303: msg.id = 1028,1
05-27 18:48:35.619   536   536 D commservice260303: i = 170, msgid = 8A000404
05-27 18:48:35.619   536   536 D commservice260303: msgid = -1979710460,did=138
05-27 18:48:35.619   536   536 D commservice260303: CommProtocolLibCmdBaseI2C::dataproc {"command":{"id":"imu_status","sub":""},"content":{"TimeStamp":10,"FrameCounter":252320,"GD_X":-0.010841978713870049,"GD_Y":0.005268065724521875,"GD_Z":0.0019848872907459736,"AD_X":-8.703321218490601E-4,"AD_Y":9.598934557288885E-4,"AD_Z":-0.16886615753173828,"TempDsp":0,"Status":0,"CalibState":1,"SigAmpInvalid":0}},-1979710460
05-27 18:48:35.619   536   536 D commservice260303: send2Cluster len:316, 7B22636F6D6D616E64223A7B226964223A22696D755F737461747573222C22737562223A22227D2C22636F6E74656E74223A7B2254696D655374616D70223A31302C224672616D65436F756E746572223A3235323332302C2247445F58223A2D302E3031303834313937383731333837303034392C2247445F59223A302E3030353236383036353732343532313837352C2247445F5A223A302E303031393834383837323930373435393733362C2241445F58223A2D382E373033333231323138343930363031452D342C2241445F59223A392E353938393334353537323838383835452D342C2241445F5A223A2D302E31363838363631353735333137333832382C2254656D70447370223A302C22537461747573223A302C2243616C69625374617465223A312C22536967416D70496E76616C6964223A307D7D, 138 
05-27 18:48:35.619   536   536 D commservice260303: Push Message into SendPool fn=1679426560
05-27 18:48:35.619   536   536 D commservice260303: ComProtocolLibSend2Cluster::send2ClusterRaw fn=1679426560 , len=332
05-27 18:48:35.619   536   536 D commservice260303: sendCmdToPort :332!!!
05-27 18:48:35.619   536   536 D commservice260303: send Cmd To Port ++++5AA501488A0100041A646A16CC037B22636F6D6D616E64223A7B226964223A22696D755F737461747573222C22737562223A22227D2C22636F6E74656E74223A7B2254696D655374616D70223A31302C224672616D65436F756E746572223A3235323332302C2247445F58223A2D302E3031303834313937383731333837303034392C2247445F59223A302E3030353236383036353732343532313837352C2247445F5A223A302E303031393834383837323930373435393733362C2241445F58223A2D382E373033333231323138343930363031452D342C2241445F59223A392E353938393334353537323838383835452D342C2241445F5A223A2D302E31363838363631353735333137333832382C2254656D70447370223A302C22537461747573223A302C2243616C69625374617465223A312C22536967416D70496E76616C6964223A307D7D7BFB
05-27 18:48:35.619   536   536 D commservice260303: bufferevent_write retrun value = 0
05-27 18:48:35.619   536   560 D commservice260303: client datas send succeed,send finish
05-27 18:48:35.619 13911 14192 D Sentinelmode_1.2.5.17_sentry: <SentryImuClusterFgeSender>imu_status sent to Linux, frame=252320, tsNs=10782858, tsMs=10, intervalMs=40, ad=(-8.703321E-4,9.5989346E-4,-0.16886616), gd=(-0.010841979,0.0052680657,0.0019848873)
05-27 18:48:35.623 30773 30786 I dvr_service_: CameraX 0  audioOK: 145414785,audios:2160
05-27 18:48:35.624   299 30841 D EvsDriver: forwardFrame
05-27 18:48:35.625   572   622 I Sensors : 230 GyroSensor: x:-0.011071,y:0.005879,z:0.001908
05-27 18:48:35.625   581   581 I SpiService: fgesysctrl_getGPIO_status success val=1
05-27 18:48:35.625   299 30841 D EvsDriver: Delivered 0xb400007b7ca56a60 as id 0
05-27 18:48:35.625  1167  1167 D evsmanagerd: /dev/video4 forwarded the buffer #0 to 0xb4000074bf5f6850 from 0xb4000074bf5f41d0
05-27 18:48:35.628   299  1163 D EvsDriver: doneWithFrame
05-27 18:48:35.631   581   581 I SpiService: fgesysctrl_getGPIO_status success val=1
05-27 18:48:35.635  1008 30856 D [OMXB]  : usingANWBuffer: handle:0xee7428a0, format:1, w:1920, h:1080
05-27 18:48:35.635   299 30844 D EvsDriver: forwardFrame
05-27 18:48:35.637   581   581 I SpiService: fgesysctrl_getGPIO_status success val=1
05-27 18:48:35.636   299 30844 D EvsDriver: Delivered 0xb400007b7ca56900 as id 0
05-27 18:48:35.637  1167  1167 D evsmanagerd: /dev/video6 forwarded the buffer #0 to 0xb4000074bf5f5510 from 0xb4000074bf5f6d90
05-27 18:48:35.638 13911 14183 I SentryImuMcuAngleSender: 179.97899rollDeg
05-27 18:48:35.638 13911 14183 I SentryImuMcuAngleSender: 1,0,0
05-27 18:48:35.639   299  1163 D EvsDriver: doneWithFrame
05-27 18:48:35.642   581   581 I SpiService: fgesysctrl_getGPIO_status success val=1
05-27 18:48:35.648   581   581 I SpiService: fgesysctrl_getGPIO_status success val=1
05-27 18:48:35.650  4814  4814 D AnwSdkService: apk rom size:40.90M
05-27 18:48:35.651  4814  4814 D AnwSdkService: [android.permission.READ_EXTERNAL_STORAGE] permision is GRANTED
05-27 18:48:35.651  4814  4814 D AnwSdkService: [android.permission.WRITE_EXTERNAL_STORAGE] permision is GRANTED
05-27 18:48:35.653   581   581 I SpiService: fgesysctrl_getGPIO_status success val=0
05-27 18:48:35.656  4814  4814 D AnwSdkService: onCreate end
05-27 18:48:35.657 30773 30788 I dvr_service_: [runShortMediaThread:298] cameraId:1 medias:300,audios:220,stateAudio:0,mShortState:0,warnEvent:0,state:1
05-27 18:48:35.657  4814  4814 D AnwSdkService: onBind
05-27 18:48:35.658 13911 14183 I SentryImuMcuAngleSender: 179.97548rollDeg
05-27 18:48:35.658 13911 14183 I SentryImuMcuAngleSender: 1,0,0
05-27 18:48:35.659   536   536 D commservice260303: msg.id = 1028,0
05-27 18:48:35.659   536   536 D commservice260303: i = 170, msgid = 8A000404
05-27 18:48:35.659   536   536 D commservice260303: msgid = -1979710460,did=138
05-27 18:48:35.659   536   536 D commservice260303: CommProtocolLibCmdBaseI2C::dataproc {"command":{"id":"imu_status","sub":""},"content":{"TimeStamp":10,"FrameCounter":252321,"GD_X":-0.011682018637657166,"GD_Y":0.006032164208590984,"GD_Z":0.0017560218693688512,"AD_X":3.295093774795532E-4,"AD_Y":0.0015635392628610134,"AD_Z":-0.17069625854492188,"TempDsp":0,"Status":0,"CalibState":1,"SigAmpInvalid":0}},-1979710460
05-27 08:39:45.083   581   581 D spi_rst_gpio_get_output: GPIO 145 value: 1
05-27 18:48:35.659   536   536 D commservice260303: send2Cluster len:316, 7B22636F6D6D616E64223A7B226964223A22696D755F737461747573222C22737562223A22227D2C22636F6E74656E74223A7B2254696D655374616D70223A31302C224672616D65436F756E746572223A3235323332312C2247445F58223A2D302E3031313638323031383633373635373136362C2247445F59223A302E3030363033323136343230383539303938342C2247445F5A223A302E303031373536303231383639333638383531322C2241445F58223A332E323935303933373734373935353332452D342C2241445F59223A302E303031353633353339323632383631303133342C2241445F5A223A2D302E31373036393632353835343439323138382C2254656D70447370223A302C22537461747573223A302C2243616C69625374617465223A312C22536967416D70496E76616C6964223A307D7D, 138 
05-27 08:39:45.083   581   581 D spidev_ioctl: gpio status=1)
05-27 18:48:35.659   536   536 D commservice260303: Push Message into SendPool fn=1696203776
05-27 18:48:35.659   536   536 D commservice260303: ComProtocolLibSend2Cluster::send2ClusterRaw fn=1696203776 , len=332
05-27 18:48:35.659   536   536 D commservice260303: sendCmdToPort :332!!!
05-27 18:48:35.659   536   536 D commservice260303: send Cmd To Port ++++5AA501488A0100041A656A16CC037B22636F6D6D616E64223A7B226964223A22696D755F737461747573222C22737562223A22227D2C22636F6E74656E74223A7B2254696D655374616D70223A31302C224672616D65436F756E746572223A3235323332312C2247445F58223A2D302E3031313638323031383633373635373136362C2247445F59223A302E3030363033323136343230383539303938342C2247445F5A223A302E303031373536303231383639333638383531322C2241445F58223A332E323935303933373734373935353332452D342C2241445F59223A302E303031353633353339323632383631303133342C2241445F5A223A2D302E31373036393632353835343439323138382C2254656D70447370223A302C22537461747573223A302C2243616C69625374617465223A312C22536967416D70496E76616C6964223A307D7D4A19
05-27 18:48:35.659   536   536 D commservice260303: bufferevent_write retrun value = 0
05-27 18:48:35.659 13435 13435 D BtManager: onServiceConnected
05-27 18:48:35.659   536   560 D commservice260303: client datas send succeed,send finish
05-27 18:48:35.659 13911 14192 D Sentinelmode_1.2.5.17_sentry: <SentryImuClusterFgeSender>imu_status sent to Linux, frame=252321, tsNs=10782892, tsMs=10, intervalMs=40, ad=(3.2950938E-4,0.0015635393,-0.17069626), gd=(-0.011682019,0.006032164,0.0017560219)
05-27 18:48:35.659  4814  4833 D AnwSdkService: GetPowerStatus = POWER_OFF
05-27 18:48:35.660  4814  4833 D AnwSdkService: ANWBT_GetBTPowerStatus() POWER_OFF
05-27 18:48:35.660  4814  4833 D AnwSdkService: GetPowerStatus = POWER_OFF
05-27 18:48:35.660   299 30841 D EvsDriver: forwardFrame
05-27 18:48:35.661 13435 13435 D BtManager: ANWBT_BTPowerOn
05-27 18:48:35.661 13435 13435 D BtManager: ANWBT_GetBTPowerStatus
05-27 18:48:35.661 15863 16069 D AIN-HttpHealthPolicy: call() called start, host=www.zhihu.com
05-27 18:48:35.661  1167  1167 D evsmanagerd: /dev/video4 forwarded the buffer #0 to 0xb4000074bf5f6850 from 0xb4000074bf5f41d0
05-27 18:48:35.661  4814  4833 D AnwSdkService: GetPowerStatus = POWER_OFF
05-27 18:48:35.662  4814  4833 D AnwSdkService: ANWBT_GetBTPowerStatus() POWER_OFF
05-27 18:48:35.662  4814  4833 D AnwSdkService: GetPowerStatus = POWER_OFF
05-27 18:48:35.662   299 30841 D EvsDriver: Delivered 0xb400007b7ca56a60 as id 0
05-27 18:48:35.663  4814  4833 D AnwSdkService: anw-update,bt_java_data:20260516
05-27 18:48:35.663  4814  4833 D AnwSdkService: ANWBT_BTPowerOn()
05-27 18:48:35.663 10046  4844 D resolv  : GetAddrInfoHandler::run: {103 786535 103 983143 1000 0}
05-27 18:48:35.663 10046  4844 D resolv  : resolv_getaddrinfo: explore_fqdn(): ai_family=0 ai_socktype=1 ai_protocol=6
05-27 18:48:35.663   299 30844 D EvsDriver: forwardFrame
05-27 18:48:35.663  4814  4833 D AnwSdkService: GetPowerStatus = POWER_OFF
05-27 18:48:35.664  4814  4833 D AnwSdkService: SetPowerStatus = POWER_ONING
05-27 18:48:35.664   299 30844 D EvsDriver: Delivered 0xb400007b7ca56900 as id 0
05-27 18:48:35.664  1167  1167 D evsmanagerd: /dev/video6 forwarded the buffer #0 to 0xb4000074bf5f5510 from 0xb4000074bf5f6d90
05-27 18:48:35.664   299  1163 D EvsDriver: doneWithFrame
05-27 18:48:35.665  1008 30856 D [OMXB]  : usingANWBuffer: handle:0xee744bb0, format:1, w:1920, h:1080
05-27 18:48:35.667  4814  4845 I ANWJNI_SECOND: anw-update,bt_jni_data: 20260516
05-27 18:48:35.667 10046  4846 D resolv  : doQuery: (1, 1)
05-27 18:48:35.667  4814  4845 D ANWAPI_SECOND: (4814|0x285ABCB0)[BTAPI] SDK >>>>AnWBT_Snoop_Open
05-27 18:48:35.667 10046  4846 D resolv  : res_nmkquery: (QUERY, IN, A)
05-27 18:48:35.668   581   581 I SpiService: fgesysctrl_getGPIO_status success val=1
05-27 18:48:35.668   299  1163 D EvsDriver: doneWithFrame
05-27 18:48:35.668  4814  4845 D ANWJNI_SECOND: (4814|0x285ABCB0)[BTAPP] PowOn_Thread
05-27 18:48:35.668  4814  4845 D ANWJNI_SECOND: 
05-27 18:48:35.669 10046  4846 D resolv  : res_nsend
05-27 18:48:35.669 10046  4846 I resolv  : resolv_cache_lookup: lookup
05-27 18:48:35.669 10046  4846 I resolv  : resolv_cache_lookup: FOUND IN CACHE entry=0xb4000072a5465010
05-27 18:48:35.669 10046  4846 D resolv  : doQuery: rcode=0, ancount=4
05-27 18:48:35.672 13435 13435 I BtManager: ANWBT_BTPowerOn result = 0
05-27 18:48:35.672 13435 13435 D BtManager: ret = 2
05-27 18:48:35.673 15863 16069 D TrafficStats: tagSocket(244) with statsTag=0xffffffff, statsUid=-1
05-27 18:48:35.674   581   581 I SpiService: fgesysctrl_getGPIO_status success val=1
05-27 18:48:35.674  4814  4847 D ANWJNI_SECOND: (4814|0x284A1CB0)[BTAPP] BTPowerOn!!
05-27 18:48:35.674  4814  4847 D ANWJNI_SECOND: (4814|0x284A1CB0)[BTAPP] in thread_power_on_func,getpid()=4814, priority = 10
05-27 18:48:35.674  4814  4847 D ANWJNI_SECOND: 
05-27 18:48:35.674  4814  4847 D ANWJNI_SECOND: (4814|0x284A1CB0)[BTAPP] doPowerOn_Timeout_Thread_Create
05-27 18:48:35.674  4814  4847 D ANWJNI_SECOND: 
05-27 18:48:35.675  4814  4847 D ANWJNI_SECOND: (4814|0x284A1CB0)[BTAPP] AnWBT_SetInitialValue(hfphf:0)(hfpag:2)(pbap:0)(map:0)(a2dpsink:0)(a2dpsource:2)(avrcpct:0)(avrcttg:2)
05-27 18:48:35.675  4814  4847 D ANWJNI_SECOND: 
05-27 18:48:35.675  4814  4847 D ANWAPI_SECOND: (4814|0x284A1CB0)[BTAPI] SDK >>>>AnWBT_SetInitialValue devclass: 0x3c020c
05-27 18:48:35.675  4814  4847 D ANWAPI_SECOND: (4814|0x284A1CB0)[BTAPI] AnWBT_SetInitialValue avrcp_tg_attribute=6
05-27 18:48:35.675  4814  4847 D ANWAPI_SECOND: (4814|0x284A1CB0)[BTAPI] SDK <<<<AnWBT_SetInitialValue 0x0
05-27 18:48:35.675  4814  4847 D ANWAPI_SECOND: (4814|0x284A1CB0)[BTAPI] SDK >>>>AnWBT_HFP_Enable_WBS 1
05-27 18:48:35.675  4814  4847 D ANWAPI_SECOND: (4814|0x284A1CB0)[BTAPI] SDK <<<<AnWBT_HFP_Enable_WBS 0
05-27 18:48:35.675  4814  4847 D ANW_WAVEOUT_SECOND: (4814|0x284A1CB0)[WAVEOUT] init Audio PCM Thread Mute(800)(101)
05-27 18:48:35.675  4814  4847 D ANW_WAVEOUT_SECOND: 
05-27 18:48:35.675  4814  4847 D ANWAPI_SECOND: (4814|0x284A1CB0)[BTAPI] anw-update,bt_sdk_data:20260516-not_supportLea
05-27 18:48:35.675  4814  4847 D ANWAPI_SECOND: (4814|0x284A1CB0)[BTAPI] SDK >>>>AnWBT_Init
05-27 18:48:35.675  4814  4847 D ANWAPI_SECOND: (4814|0x284A1CB0)[BTAPI] AnWBTSDK_Version=0x0300002a
05-27 18:48:35.675  4814  4847 D ANWAPI_SECOND: (4814|0x284A1CB0)[BTAPI] >>>>AnWBT_EEPROM_Read 
05-27 18:48:35.675  4814  4847 D ANWAPI_SECOND: (4814|0x284A1CB0)[BTAPI] B:Rpaired_storage[0]name[]addr[00:00:00:00:00:00]linkkey[00:00:00:00:00:00:00:00:00:00:00:00:00:00:00:00]
05-27 18:48:35.675  4814  4847 D ANWAPI_SECOND: (4814|0x284A1CB0)[BTAPI] B:Rpaired_storage[1]name[]addr[00:00:00:00:00:00]linkkey[00:00:00:00:00:00:00:00:00:00:00:00:00:00:00:00]
05-27 18:48:35.675  4814  4847 D ANWAPI_SECOND: (4814|0x284A1CB0)[BTAPI] B:Rpaired_storage[2]name[]addr[00:00:00:00:00:00]linkkey[00:00:00:00:00:00:00:00:00:00:00:00:00:00:00:00]
05-27 18:48:35.675  4814  4847 D ANWAPI_SECOND: (4814|0x284A1CB0)[BTAPI] B:Rpaired_storage[3]name[]addr[00:00:00:00:00:00]linkkey[00:00:00:00:00:00:00:00:00:00:00:00:00:00:00:00]
05-27 18:48:35.676  4814  4847 D ANWAPI_SECOND: (4814|0x284A1CB0)[BTAPI] B:Rpaired_storage[4]name[]addr[00:00:00:00:00:00]linkkey[00:00:00:00:00:00:00:00:00:00:00:00:00:00:00:00]
05-27 18:48:35.676  4814  4847 D ANWAPI_SECOND: (4814|0x284A1CB0)[BTAPI] B:Rpaired_storage[5]name[]addr[00:00:00:00:00:00]linkkey[00:00:00:00:00:00:00:00:00:00:00:00:00:00:00:00]
05-27 18:48:35.676  4814  4847 D ANWAPI_SECOND: (4814|0x284A1CB0)[BTAPI] B:Rpaired_storage[6]name[]addr[00:00:00:00:00:00]linkkey[00:00:00:00:00:00:00:00:00:00:00:00:00:00:00:00]
05-27 18:48:35.676  4814  4847 D ANWAPI_SECOND: (4814|0x284A1CB0)[BTAPI] B:Rpaired_storage[7]name[]addr[00:00:00:00:00:00]linkkey[00:00:00:00:00:00:00:00:00:00:00:00:00:00:00:00]
05-27 18:48:35.676  4814  4847 D ANWAPI_SECOND: (4814|0x284A1CB0)[BTAPI] B:Rpaired_storage[8]name[]addr[00:00:00:00:00:00]linkkey[00:00:00:00:00:00:00:00:00:00:00:00:00:00:00:00]
05-27 18:48:35.676  4814  4847 D ANWAPI_SECOND: (4814|0x284A1CB0)[BTAPI] B:Rpaired_storage[9]name[]addr[00:00:00:00:00:00]linkkey[00:00:00:00:00:00:00:00:00:00:00:00:00:00:00:00]
05-27 18:48:35.676  4814  4847 D ANWAPI_SECOND: (4814|0x284A1CB0)[BTAPI] B:Rpaired_storage[10]name[]addr[00:00:00:00:00:00]linkkey[00:00:00:00:00:00:00:00:00:00:00:00:00:00:00:00]
05-27 18:48:35.676  4814  4847 D ANW_AVRCP_SECOND: AnWBT_ReadStorage =/data/misc/anw//anwbt_storage.bin
05-27 18:48:35.676  4814  4847 D ANW_AVRCP_SECOND: AnWBT_ReadStorage open anwbt_bt_storage success
05-27 18:48:35.676  4814  4847 D ANW_AVRCP_SECOND: 
05-27 18:48:35.676  4814  4847 D ANW_AVRCP_SECOND: read storage size=6600
05-27 18:48:35.676  4814  4847 D ANW_AVRCP_SECOND: 
05-27 18:48:35.676  4814  4847 D ANWAPI_SECOND: (4814|0x284A1CB0)[BTAPI] A:Readpaired_storage[0]name[]cod[0]support[0]addr[00:00:00:00:00:00]linkkey[00:00:00:00:00:00:00:00:00:00:00:00:00:00:00:00]
05-27 18:48:35.676  4814  4847 D ANWAPI_SECOND: (4814|0x284A1CB0)[BTAPI] A:Readpaired_storage[1]name[]cod[0]support[0]addr[00:00:00:00:00:00]linkkey[00:00:00:00:00:00:00:00:00:00:00:00:00:00:00:00]
05-27 18:48:35.676  4814  4847 D ANWAPI_SECOND: (4814|0x284A1CB0)[BTAPI] A:Readpaired_storage[2]name[]cod[0]support[0]addr[00:00:00:00:00:00]linkkey[00:00:00:00:00:00:00:00:00:00:00:00:00:00:00:00]
05-27 18:48:35.676  4814  4847 D ANWAPI_SECOND: (4814|0x284A1CB0)[BTAPI] A:Readpaired_storage[3]name[]cod[0]support[0]addr[00:00:00:00:00:00]linkkey[00:00:00:00:00:00:00:00:00:00:00:00:00:00:00:00]
05-27 18:48:35.676  4814  4847 D ANWAPI_SECOND: (4814|0x284A1CB0)[BTAPI] A:Readpaired_storage[4]name[]cod[0]support[0]addr[00:00:00:00:00:00]linkkey[00:00:00:00:00:00:00:00:00:00:00:00:00:00:00:00]
05-27 18:48:35.676  4814  4847 D ANWAPI_SECOND: (4814|0x284A1CB0)[BTAPI] A:Readpaired_storage[5]name[]cod[0]support[0]addr[00:00:00:00:00:00]linkkey[00:00:00:00:00:00:00:00:00:00:00:00:00:00:00:00]
05-27 18:48:35.676  4814  4847 D ANWAPI_SECOND: (4814|0x284A1CB0)[BTAPI] A:Readpaired_storage[6]name[]cod[0]support[0]addr[00:00:00:00:00:00]linkkey[00:00:00:00:00:00:00:00:00:00:00:00:00:00:00:00]
05-27 18:48:35.677  4814  4847 D ANWAPI_SECOND: (4814|0x284A1CB0)[BTAPI] A:Readpaired_storage[7]name[]cod[0]support[0]addr[00:00:00:00:00:00]linkkey[00:00:00:00:00:00:00:00:00:00:00:00:00:00:00:00]
05-27 18:48:35.677  4814  4847 D ANWAPI_SECOND: (4814|0x284A1CB0)[BTAPI] A:Readpaired_storage[8]name[]cod[0]support[0]addr[00:00:00:00:00:00]linkkey[00:00:00:00:00:00:00:00:00:00:00:00:00:00:00:00]
05-27 18:48:35.677  4814  4847 D ANWAPI_SECOND: (4814|0x284A1CB0)[BTAPI] A:Readpaired_storage[9]name[]cod[0]support[0]addr[00:00:00:00:00:00]linkkey[00:00:00:00:00:00:00:00:00:00:00:00:00:00:00:00]
05-27 18:48:35.677  4814  4847 D ANWAPI_SECOND: (4814|0x284A1CB0)[BTAPI] A:Readpaired_storage[10]name[]cod[0]support[0]addr[00:00:00:00:00:00]linkkey[00:00:00:00:00:00:00:00:00:00:00:00:00:00:00:00]
05-27 18:48:35.677  4814  4847 D ANWAPI_SECOND: (4814|0x284A1CB0)[BTAPI] <<<<AnWBT_EEPROM_Read ret = 0
05-27 18:48:35.677  4814  4847 D ANWAPI_SECOND: (4814|0x284A1CB0)[BTAPI] local_name_set=0
05-27 18:48:35.677  4814  4847 D ANWAPI_SECOND: (4814|0x284A1CB0)[BTAPI] [Paired DevInf] Storage Write
05-27 18:48:35.677  4814  4848 D ANWJNI_SECOND: (4814|0x283A3CB0)[BTAPP] doPowerOn_Timeout_Thread
05-27 18:48:35.677  4814  4848 D ANWJNI_SECOND: 
05-27 18:48:35.677  4814  4847 D ANW_AVRCP_SECOND: AnWBT_WriteStorage =/data/misc/anw//anwbt_storage.bin
05-27 18:48:35.677  4814  4847 D ANW_AVRCP_SECOND: AnWBT_WriteStorage open anwbt_bt_storage success
05-27 18:48:35.677  4814  4847 D ANW_AVRCP_SECOND: 
05-27 18:48:35.678 13911 14183 I SentryImuMcuAngleSender: 179.98598rollDeg
05-27 18:48:35.678 13911 14183 I SentryImuMcuAngleSender: 1,0,0
05-27 18:48:35.679   581   581 I SpiService: fgesysctrl_getGPIO_status success val=1
05-27 18:48:35.682 30773 30790 D BufferPoolAccessor2.0: bufferpool2 0xb400007447813a38 : 4(16384 size) total buffers - 4(16384 size) used buffers - 0/5 (recycle/alloc) - 183/280711 (fetch/transfer)
05-27 18:48:35.685   581   581 I SpiService: fgesysctrl_getGPIO_status success val=1
05-27 18:48:35.686 30773 30785 I dvr_service_: [EncoderHandler::runMediaThread] runMediaThread started:1,state:1, cam2:started:1,state:1, lastSwitch:1, mIsMuxerStart:1,format:0,is_str_ing:0
05-27 18:48:35.688   283   307 I rvcservice: t.code = 0, t.value = 0
05-27 18:48:35.689  1008 30857 D [OMXB]  : usingANWBuffer: handle:0xee742ab0, format:1, w:1920, h:1080
05-27 18:48:35.690  4814  4847 D ANW_AVRCP_SECOND: write storage size=6600
05-27 18:48:35.690  4814  4847 D ANW_AVRCP_SECOND: 
05-27 18:48:35.690  4814  4847 D ANWAPI_SECOND: (4814|0x284A1CB0)[BTAPI] >>>>AnWBT_EEPROM_Read 
05-27 18:48:35.690  4814  4847 D ANWAPI_SECOND: (4814|0x284A1CB0)[BTAPI] B:Rpaired_storage[0]name[]addr[00:00:00:00:00:00]linkkey[00:00:00:00:00:00:00:00:00:00:00:00:00:00:00:00]
05-27 18:48:35.690  4814  4847 D ANWAPI_SECOND: (4814|0x284A1CB0)[BTAPI] B:Rpaired_storage[1]name[]addr[00:00:00:00:00:00]linkkey[00:00:00:00:00:00:00:00:00:00:00:00:00:00:00:00]
05-27 18:48:35.690  4814  4847 D ANWAPI_SECOND: (4814|0x284A1CB0)[BTAPI] B:Rpaired_storage[2]name[]addr[00:00:00:00:00:00]linkkey[00:00:00:00:00:00:00:00:00:00:00:00:00:00:00:00]
05-27 18:48:35.690  4814  4847 D ANWAPI_SECOND: (4814|0x284A1CB0)[BTAPI] B:Rpaired_storage[3]name[]addr[00:00:00:00:00:00]linkkey[00:00:00:00:00:00:00:00:00:00:00:00:00:00:00:00]
05-27 18:48:35.690  4814  4847 D ANWAPI_SECOND: (4814|0x284A1CB0)[BTAPI] B:Rpaired_storage[4]name[]addr[00:00:00:00:00:00]linkkey[00:00:00:00:00:00:00:00:00:00:00:00:00:00:00:00]
05-27 18:48:35.690  4814  4847 D ANWAPI_SECOND: (4814|0x284A1CB0)[BTAPI] B:Rpaired_storage[5]name[]addr[00:00:00:00:00:00]linkkey[00:00:00:00:00:00:00:00:00:00:00:00:00:00:00:00]
05-27 18:48:35.690  4814  4847 D ANWAPI_SECOND: (4814|0x284A1CB0)[BTAPI] B:Rpaired_storage[6]name[]addr[00:00:00:00:00:00]linkkey[00:00:00:00:00:00:00:00:00:00:00:00:00:00:00:00]
05-27 18:48:35.690  4814  4847 D ANWAPI_SECOND: (4814|0x284A1CB0)[BTAPI] B:Rpaired_storage[7]name[]addr[00:00:00:00:00:00]linkkey[00:00:00:00:00:00:00:00:00:00:00:00:00:00:00:00]
05-27 18:48:35.690  4814  4847 D ANWAPI_SECOND: (4814|0x284A1CB0)[BTAPI] B:Rpaired_storage[8]name[]addr[00:00:00:00:00:00]linkkey[00:00:00:00:00:00:00:00:00:00:00:00:00:00:00:00]
05-27 18:48:35.690  4814  4847 D ANWAPI_SECOND: (4814|0x284A1CB0)[BTAPI] B:Rpaired_storage[9]name[]addr[00:00:00:00:00:00]linkkey[00:00:00:00:00:00:00:00:00:00:00:00:00:00:00:00]
05-27 18:48:35.690  4814  4847 D ANWAPI_SECOND: (4814|0x284A1CB0)[BTAPI] B:Rpaired_storage[10]name[]addr[00:00:00:00:00:00]linkkey[00:00:00:00:00:00:00:00:00:00:00:00:00:00:00:00]
05-27 18:48:35.690  4814  4847 D ANW_AVRCP_SECOND: AnWBT_ReadStorage =/data/misc/anw//anwbt_storage.bin
05-27 18:48:35.691  4814  4847 D ANW_AVRCP_SECOND: AnWBT_ReadStorage open anwbt_bt_storage success
05-27 18:48:35.691  4814  4847 D ANW_AVRCP_SECOND: 
05-27 18:48:35.691   581   581 I SpiService: fgesysctrl_getGPIO_status success val=0
05-27 18:48:35.691  4814  4847 D ANW_AVRCP_SECOND: read storage size=6600
05-27 18:48:35.691  4814  4847 D ANW_AVRCP_SECOND: 
05-27 18:48:35.691  4814  4847 D ANWAPI_SECOND: (4814|0x284A1CB0)[BTAPI] A:Readpaired_storage[0]name[]cod[0]support[0]addr[00:00:00:00:00:00]linkkey[00:00:00:00:00:00:00:00:00:00:00:00:00:00:00:00]
05-27 18:48:35.691  4814  4847 D ANWAPI_SECOND: (4814|0x284A1CB0)[BTAPI] A:Readpaired_storage[1]name[]cod[0]support[0]addr[00:00:00:00:00:00]linkkey[00:00:00:00:00:00:00:00:00:00:00:00:00:00:00:00]
05-27 18:48:35.691  4814  4847 D ANWAPI_SECOND: (4814|0x284A1CB0)[BTAPI] A:Readpaired_storage[2]name[]cod[0]support[0]addr[00:00:00:00:00:00]linkkey[00:00:00:00:00:00:00:00:00:00:00:00:00:00:00:00]
05-27 08:39:45.089   581   581 D spi_rst_gpio_get_output: GPIO 145 value: 1
05-27 18:48:35.691  4814  4847 D ANWAPI_SECOND: (4814|0x284A1CB0)[BTAPI] A:Readpaired_storage[3]name[]cod[0]support[0]addr[00:00:00:00:00:00]linkkey[00:00:00:00:00:00:00:00:00:00:00:00:00:00:00:00]
05-27 08:39:45.089   581   581 D spidev_ioctl: gpio status=1)
05-27 18:48:35.691  4814  4847 D ANWAPI_SECOND: (4814|0x284A1CB0)[BTAPI] A:Readpaired_storage[4]name[]cod[0]support[0]addr[00:00:00:00:00:00]linkkey[00:00:00:00:00:00:00:00:00:00:00:00:00:00:00:00]
05-27 18:48:35.691  4814  4847 D ANWAPI_SECOND: (4814|0x284A1CB0)[BTAPI] A:Readpaired_storage[5]name[]cod[0]support[0]addr[00:00:00:00:00:00]linkkey[00:00:00:00:00:00:00:00:00:00:00:00:00:00:00:00]
05-27 08:39:45.093     1     1 I init    : Untracked pid 31035 received signal 9
05-27 18:48:35.691  4814  4847 D ANWAPI_SECOND: (4814|0x284A1CB0)[BTAPI] A:Readpaired_storage[6]name[]cod[0]support[0]addr[00:00:00:00:00:00]linkkey[00:00:00:00:00:00:00:00:00:00:00:00:00:00:00:00]
05-27 08:39:45.093     1     1 I init    : Untracked pid 31035 did not have an associated service entry and will not be reaped
05-27 18:48:35.691  4814  4847 D ANWAPI_SECOND: (4814|0x284A1CB0)[BTAPI] A:Readpaired_storage[7]name[]cod[0]support[0]addr[00:00:00:00:00:00]linkkey[00:00:00:00:00:00:00:00:00:00:00:00:00:00:00:00]
05-27 18:48:35.691  4814  4847 D ANWAPI_SECOND: (4814|0x284A1CB0)[BTAPI] A:Readpaired_storage[8]name[]cod[0]support[0]addr[00:00:00:00:00:00]linkkey[00:00:00:00:00:00:00:00:00:00:00:00:00:00:00:00]
05-27 18:48:35.691  4814  4847 D ANWAPI_SECOND: (4814|0x284A1CB0)[BTAPI] A:Readpaired_storage[9]name[]cod[0]support[0]addr[00:00:00:00:00:00]linkkey[00:00:00:00:00:00:00:00:00:00:00:00:00:00:00:00]
05-27 18:48:35.691  4814  4847 D ANWAPI_SECOND: (4814|0x284A1CB0)[BTAPI] A:Readpaired_storage[10]name[]cod[0]support[0]addr[00:00:00:00:00:00]linkkey[00:00:00:00:00:00:00:00:00:00:00:00:00:00:00:00]
05-27 18:48:35.691  4814  4847 D ANWAPI_SECOND: (4814|0x284A1CB0)[BTAPI] <<<<AnWBT_EEPROM_Read ret = 0
05-27 18:48:35.691  4814  4847 D ANWAPI_SECOND: (4814|0x284A1CB0)[BTAPI] >>>>AnWBT_EEPROM_Read 
05-27 18:48:35.691  4814  4847 D ANWAPI_SECOND: (4814|0x284A1CB0)[BTAPI] B:Rle_paired_storage[0]addr[00:00:00:00:00:00]linkkey[00:00:00:00:00:00:00:00:00:00:00:00:00:00:00:00]
05-27 18:48:35.691  4814  4847 D ANWAPI_SECOND: (4814|0x284A1CB0)[BTAPI] B:Rle_paired_storage[1]addr[00:00:00:00:00:00]linkkey[00:00:00:00:00:00:00:00:00:00:00:00:00:00:00:00]
05-27 18:48:35.691  4814  4847 D ANWAPI_SECOND: (4814|0x284A1CB0)[BTAPI] B:Rle_paired_storage[2]addr[00:00:00:00:00:00]linkkey[00:00:00:00:00:00:00:00:00:00:00:00:00:00:00:00]
05-27 18:48:35.691  4814  4847 D ANWAPI_SECOND: (4814|0x284A1CB0)[BTAPI] B:Rle_paired_storage[3]addr[00:00:00:00:00:00]linkkey[00:00:00:00:00:00:00:00:00:00:00:00:00:00:00:00]
05-27 18:48:35.692  4814  4847 D ANWAPI_SECOND: (4814|0x284A1CB0)[BTAPI] B:Rle_paired_storage[4]addr[00:00:00:00:00:00]linkkey[00:00:00:00:00:00:00:00:00:00:00:00:00:00:00:00]
05-27 18:48:35.692  4814  4847 D ANWAPI_SECOND: (4814|0x284A1CB0)[BTAPI] B:Rle_paired_storage[5]addr[00:00:00:00:00:00]linkkey[00:00:00:00:00:00:00:00:00:00:00:00:00:00:00:00]
05-27 18:48:35.692  4814  4847 D ANWAPI_SECOND: (4814|0x284A1CB0)[BTAPI] B:Rle_paired_storage[6]addr[00:00:00:00:00:00]linkkey[00:00:00:00:00:00:00:00:00:00:00:00:00:00:00:00]
05-27 18:48:35.692  4814  4847 D ANW_AVRCP_SECOND: AnWBT_ReadStorage =/data/misc/anw//anwble_storage.bin
05-27 18:48:35.692  4814  4847 D ANW_AVRCP_SECOND: AnWBT_ReadStorage open anwbt_bt_storage success
05-27 18:48:35.692  4814  4847 D ANW_AVRCP_SECOND: 
05-27 18:48:35.692  4814  4847 D ANW_AVRCP_SECOND: read storage size=1336
05-27 18:48:35.692  4814  4847 D ANW_AVRCP_SECOND: 
05-27 18:48:35.692  4814  4847 D ANWAPI_SECOND: (4814|0x284A1CB0)[BTAPI] A:Rle_paired_storage[0]addr[00:00:00:00:00:00]linkkey[00:00:00:00:00:00:00:00:00:00:00:00:00:00:00:00]
05-27 18:48:35.692  4814  4847 D ANWAPI_SECOND: (4814|0x284A1CB0)[BTAPI] A:Rle_paired_storage[1]addr[00:00:00:00:00:00]linkkey[00:00:00:00:00:00:00:00:00:00:00:00:00:00:00:00]
05-27 18:48:35.692  4814  4847 D ANWAPI_SECOND: (4814|0x284A1CB0)[BTAPI] A:Rle_paired_storage[2]addr[00:00:00:00:00:00]linkkey[00:00:00:00:00:00:00:00:00:00:00:00:00:00:00:00]
05-27 18:48:35.692  4814  4847 D ANWAPI_SECOND: (4814|0x284A1CB0)[BTAPI] A:Rle_paired_storage[3]addr[00:00:00:00:00:00]linkkey[00:00:00:00:00:00:00:00:00:00:00:00:00:00:00:00]
05-27 18:48:35.692  4814  4847 D ANWAPI_SECOND: (4814|0x284A1CB0)[BTAPI] A:Rle_paired_storage[4]addr[00:00:00:00:00:00]linkkey[00:00:00:00:00:00:00:00:00:00:00:00:00:00:00:00]
05-27 18:48:35.692  4814  4847 D ANWAPI_SECOND: (4814|0x284A1CB0)[BTAPI] A:Rle_paired_storage[5]addr[00:00:00:00:00:00]linkkey[00:00:00:00:00:00:00:00:00:00:00:00:00:00:00:00]
05-27 18:48:35.692  4814  4847 D ANWAPI_SECOND: (4814|0x284A1CB0)[BTAPI] A:Rle_paired_storage[6]addr[00:00:00:00:00:00]linkkey[00:00:00:00:00:00:00:00:00:00:00:00:00:00:00:00]
05-27 18:48:35.692  4814  4847 D ANWAPI_SECOND: (4814|0x284A1CB0)[BTAPI] <<<<AnWBT_EEPROM_Read ret = 0
05-27 18:48:35.692  4814  4847 D ANWAPI_SECOND: (4814|0x284A1CB0)[BTAPI] btsdk_initial_param.flag=0x4000
05-27 18:48:35.692  4814  4847 D ANWAPI_SECOND: (4814|0x284A1CB0)[BTAPI] [Paired DevInf] Storage Write
05-27 18:48:35.693  4814  4847 D ANW_AVRCP_SECOND: AnWBT_WriteStorage =/data/misc/anw//anwbt_storage.bin
05-27 18:48:35.693  4814  4847 D ANW_AVRCP_SECOND: AnWBT_WriteStorage open anwbt_bt_storage success
05-27 18:48:35.693  4814  4847 D ANW_AVRCP_SECOND: 
05-27 18:48:35.695   299 30841 D EvsDriver: forwardFrame
05-27 18:48:35.696   299 30841 D EvsDriver: Delivered 0xb400007b7ca56a60 as id 0
05-27 18:48:35.696  1167  1167 D evsmanagerd: /dev/video4 forwarded the buffer #0 to 0xb4000074bf5f6850 from 0xb4000074bf5f41d0
05-27 18:48:35.697  4814  4847 D ANW_AVRCP_SECOND: write storage size=6600
05-27 18:48:35.697  4814  4847 D ANW_AVRCP_SECOND: 
05-27 18:48:35.697  4814  4847 D ANWAPI_SECOND: (4814|0x284A1CB0)[BTAPI] >>>>AnWBT_EEPROM_Read 
05-27 18:48:35.697  4814  4847 D ANWAPI_SECOND: (4814|0x284A1CB0)[BTAPI] B:Rpaired_storage[0]name[]addr[00:00:00:00:00:00]linkkey[00:00:00:00:00:00:00:00:00:00:00:00:00:00:00:00]
05-27 18:48:35.697  4814  4847 D ANWAPI_SECOND: (4814|0x284A1CB0)[BTAPI] B:Rpaired_storage[1]name[]addr[00:00:00:00:00:00]linkkey[00:00:00:00:00:00:00:00:00:00:00:00:00:00:00:00]
05-27 18:48:35.697  4814  4847 D ANWAPI_SECOND: (4814|0x284A1CB0)[BTAPI] B:Rpaired_storage[2]name[]addr[00:00:00:00:00:00]linkkey[00:00:00:00:00:00:00:00:00:00:00:00:00:00:00:00]
05-27 18:48:35.697  4814  4847 D ANWAPI_SECOND: (4814|0x284A1CB0)[BTAPI] B:Rpaired_storage[3]name[]addr[00:00:00:00:00:00]linkkey[00:00:00:00:00:00:00:00:00:00:00:00:00:00:00:00]
05-27 18:48:35.697  4814  4847 D ANWAPI_SECOND: (4814|0x284A1CB0)[BTAPI] B:Rpaired_storage[4]name[]addr[00:00:00:00:00:00]linkkey[00:00:00:00:00:00:00:00:00:00:00:00:00:00:00:00]
05-27 18:48:35.697  4814  4847 D ANWAPI_SECOND: (4814|0x284A1CB0)[BTAPI] B:Rpaired_storage[5]name[]addr[00:00:00:00:00:00]linkkey[00:00:00:00:00:00:00:00:00:00:00:00:00:00:00:00]
05-27 18:48:35.697  4814  4847 D ANWAPI_SECOND: (4814|0x284A1CB0)[BTAPI] B:Rpaired_storage[6]name[]addr[00:00:00:00:00:00]linkkey[00:00:00:00:00:00:00:00:00:00:00:00:00:00:00:00]
05-27 18:48:35.697  4814  4847 D ANWAPI_SECOND: (4814|0x284A1CB0)[BTAPI] B:Rpaired_storage[7]name[]addr[00:00:00:00:00:00]linkkey[00:00:00:00:00:00:00:00:00:00:00:00:00:00:00:00]
05-27 18:48:35.697  4814  4847 D ANWAPI_SECOND: (4814|0x284A1CB0)[BTAPI] B:Rpaired_storage[8]name[]addr[00:00:00:00:00:00]linkkey[00:00:00:00:00:00:00:00:00:00:00:00:00:00:00:00]
05-27 18:48:35.697  4814  4847 D ANWAPI_SECOND: (4814|0x284A1CB0)[BTAPI] B:Rpaired_storage[9]name[]addr[00:00:00:00:00:00]linkkey[00:00:00:00:00:00:00:00:00:00:00:00:00:00:00:00]
05-27 18:48:35.698  4814  4847 D ANWAPI_SECOND: (4814|0x284A1CB0)[BTAPI] B:Rpaired_storage[10]name[]addr[00:00:00:00:00:00]linkkey[00:00:00:00:00:00:00:00:00:00:00:00:00:00:00:00]
05-27 18:48:35.698  4814  4847 D ANW_AVRCP_SECOND: AnWBT_ReadStorage =/data/misc/anw//anwbt_storage.bin
05-27 18:48:35.698  4814  4847 D ANW_AVRCP_SECOND: AnWBT_ReadStorage open anwbt_bt_storage success
05-27 18:48:35.698  4814  4847 D ANW_AVRCP_SECOND: 
05-27 18:48:35.698  4814  4847 D ANW_AVRCP_SECOND: read storage size=6600
05-27 18:48:35.698  4814  4847 D ANW_AVRCP_SECOND: 
05-27 18:48:35.698  4814  4847 D ANWAPI_SECOND: (4814|0x284A1CB0)[BTAPI] A:Readpaired_storage[0]name[]cod[0]support[0]addr[00:00:00:00:00:00]linkkey[00:00:00:00:00:00:00:00:00:00:00:00:00:00:00:00]
05-27 18:48:35.698  4814  4847 D ANWAPI_SECOND: (4814|0x284A1CB0)[BTAPI] A:Readpaired_storage[1]name[]cod[0]support[0]addr[00:00:00:00:00:00]linkkey[00:00:00:00:00:00:00:00:00:00:00:00:00:00:00:00]
05-27 18:48:35.698  4814  4847 D ANWAPI_SECOND: (4814|0x284A1CB0)[BTAPI] A:Readpaired_storage[2]name[]cod[0]support[0]addr[00:00:00:00:00:00]linkkey[00:00:00:00:00:00:00:00:00:00:00:00:00:00:00:00]
05-27 18:48:35.698  4814  4847 D ANWAPI_SECOND: (4814|0x284A1CB0)[BTAPI] A:Readpaired_storage[3]name[]cod[0]support[0]addr[00:00:00:00:00:00]linkkey[00:00:00:00:00:00:00:00:00:00:00:00:00:00:00:00]
05-27 18:48:35.698 13911 14183 I SentryImuMcuAngleSender: 179.993rollDeg
--------- beginning of events
05-27 18:48:36.039   299 30841 I liblog  : 58
05-27 18:48:36.040   299 30844 I liblog  : 1
05-27 18:48:36.050 13911 14183 I liblog  : 46
05-27 18:48:36.052  1008 30856 I liblog  : 17
05-27 18:48:36.052  1008 30856 D [OMXB]  : usingANWBuffer: handle:0xee7412a0, format:1, w:1920, h:1080
05-27 18:48:36.054   581   581 I liblog  : 47
05-27 18:48:36.060   299 30844 I liblog  : 5
05-27 18:48:36.060   299 30844 D EvsDriver: forwardFrame
05-27 18:48:36.062   299 30844 D EvsDriver: Delivered 0xb400007b7ca56900 as id 0
05-27 18:48:36.062  1167  1167 I liblog  : 21
05-27 18:48:36.062  1167  1167 D evsmanagerd: /dev/video6 forwarded the buffer #0 to 0xb4000074bf5f5510 from 0xb4000074bf5f6d90
05-27 18:48:36.069   299 30841 D EvsDriver: forwardFrame
05-27 18:48:36.069   299  1163 D EvsDriver: doneWithFrame
05-27 18:48:36.071   581   581 I liblog  : 1
05-27 18:48:36.071   581   581 I SpiService: fgesysctrl_getGPIO_status success val=1
05-27 18:48:36.071   299 30841 D EvsDriver: Delivered 0xb400007b7ca56a60 as id 0
05-27 18:48:36.071  1167  1167 D evsmanagerd: /dev/video4 forwarded the buffer #0 to 0xb4000074bf5f6850 from 0xb4000074bf5f41d0
05-27 18:48:36.071 13911 14183 I liblog  : 2
05-27 18:48:36.071 13911 14183 I SentryImuMcuAngleSender: 179.99298rollDeg
05-27 18:48:36.071 13911 14183 I SentryImuMcuAngleSender: 1,0,0
05-27 18:48:36.073   536   536 I liblog  : 99
05-27 18:48:36.073   536   536 D commservice260303: msg.id = 1028,0
05-27 18:48:36.073   536   536 D commservice260303: i = 170, msgid = 8A000404
05-27 18:48:36.073   536   536 D commservice260303: msgid = -1979710460,did=138
05-27 18:48:36.073   536   536 D commservice260303: CommProtocolLibCmdBaseI2C::dataproc {"command":{"id":"imu_status","sub":""},"content":{"TimeStamp":10,"FrameCounter":252331,"GD_X":-0.011987865902483463,"GD_Y":0.005802778527140617,"GD_Z":0.0018319635419175029,"AD_X":-0.003972455859184265,"AD_Y":-0.0015436443500220776,"AD_Z":-0.1658163070678711,"TempDsp":0,"Status":0,"CalibState":1,"SigAmpInvalid":0}},-1979710460
05-27 18:48:36.074   536   536 D commservice260303: send2Cluster len:317, 7B22636F6D6D616E64223A7B226964223A22696D755F737461747573222C22737562223A22227D2C22636F6E74656E74223A7B2254696D655374616D70223A31302C224672616D65436F756E746572223A3235323333312C2247445F58223A2D302E3031313938373836353930323438333436332C2247445F59223A302E3030353830323737383532373134303631372C2247445F5A223A302E303031383331393633353431393137353032392C2241445F58223A2D302E3030333937323435353835393138343236352C2241445F59223A2D302E303031353433363434333530303232303737362C2241445F5A223A2D302E313635383136333037303637383731312C2254656D70447370223A302C22537461747573223A302C2243616C69625374617465223A312C22536967416D70496E76616C6964223A307D7D, 138 
05-27 18:48:36.074   536   536 D commservice260303: Push Message into SendPool fn=1863975936
05-27 18:48:36.074   536   536 D commservice260303: ComProtocolLibSend2Cluster::send2ClusterRaw fn=1863975936 , len=333
05-27 18:48:36.074   536   536 D commservice260303: sendCmdToPort :333!!!
05-27 18:48:36.074   536   536 D commservice260303: send Cmd To Port ++++5AA501498A0100041A6F6A16CC047B22636F6D6D616E64223A7B226964223A22696D755F737461747573222C22737562223A22227D2C22636F6E74656E74223A7B2254696D655374616D70223A31302C224672616D65436F756E746572223A3235323333312C2247445F58223A2D302E3031313938373836353930323438333436332C2247445F59223A302E3030353830323737383532373134303631372C2247445F5A223A302E303031383331393633353431393137353032392C2241445F58223A2D302E3030333937323435353835393138343236352C2241445F59223A2D302E303031353433363434333530303232303737362C2241445F5A223A2D302E313635383136333037303637383731312C2254656D70447370223A302C22537461747573223A302C2243616C69625374617465223A312C22536967416D70496E76616C6964223A307D7DCE36
05-27 18:48:36.074   536   536 D commservice260303: bufferevent_write retrun value = 0
05-27 18:48:36.074   536   560 D commservice260303: client datas send succeed,send finish
05-27 18:48:36.074   299  1163 D EvsDriver: doneWithFrame
05-27 18:48:36.075 13911 14192 D Sentinelmode_1.2.5.17_sentry: <SentryImuClusterFgeSender>imu_status sent to Linux, frame=252331, tsNs=10783303, tsMs=10, intervalMs=46, ad=(-0.003972456,-0.0015436444,-0.1658163), gd=(-0.011987866,0.0058027785,0.0018319635)
05-27 18:48:36.075   566 11459 I gps_hdbd: nmea_cs <0> != calc_cs <24>, return -1
05-27 18:48:36.077   581   581 I SpiService: fgesysctrl_getGPIO_status success val=1
05-27 18:48:36.081  1008 30857 D [OMXB]  : usingANWBuffer: handle:0xee742530, format:1, w:1920, h:1080
05-27 18:48:36.082   581   581 I SpiService: fgesysctrl_getGPIO_status success val=1
05-27 18:48:36.088   581   581 I SpiService: fgesysctrl_getGPIO_status success val=1
05-27 18:48:36.088   283   307 I liblog  : 3
05-27 18:48:36.088   283   307 I rvcservice: t.code = 3, t.value = 0
05-27 18:48:36.090 13549 13800 I ADAYO_LOG_: execute(CmdFunc.java:99)logcat execute command finally : [logcat -b all -c]
05-27 18:48:36.091 13549 13800 I ADAYO_LOG_: execute(CmdFunc.java:117)logcatexecute command end, errorMsg: , and status: 0: 
05-27 18:48:36.091 13911 14183 I SentryImuMcuAngleSender: -179.99298rollDeg
05-27 18:48:36.091 13911 14183 I SentryImuMcuAngleSender: 1,0,0
05-27 18:48:36.093   581   581 I SpiService: fgesysctrl_getGPIO_status success val=0
05-27 18:48:36.094   299 30844 D EvsDriver: forwardFrame
05-27 18:48:36.095   299 30844 D EvsDriver: Delivered 0xb400007b7ca56900 as id 0
05-27 18:48:36.095  1167  1167 D evsmanagerd: /dev/video6 forwarded the buffer #0 to 0xb4000074bf5f5510 from 0xb4000074bf5f6d90
05-27 18:48:36.095 30773 30773 I liblog  : 7
05-27 18:48:36.095 30773 30773 E dvr_service_: [myNum:1] Received S**** loss
05-27 18:48:36.096   299  1163 D EvsDriver: doneWithFrame
05-27 18:48:36.097  1008 30856 D [OMXB]  : usingANWBuffer: handle:0xee744790, format:1, w:1920, h:1080
05-27 18:48:36.099   299 30841 D EvsDriver: forwardFrame
05-27 18:48:36.100   299 30841 D EvsDriver: Delivered 0xb400007b7ca56a60 as id 0
05-27 18:48:36.100  1167  1167 D evsmanagerd: /dev/video4 forwarded the buffer #0 to 0xb4000074bf5f6850 from 0xb4000074bf5f41d0
05-27 18:48:36.101 30773 30773 E dvr_service_: [myNum:0] Received S**** loss
05-27 18:48:36.101   299  1163 D EvsDriver: doneWithFrame
05-27 08:39:45.094   581   581 D spi_rst_gpio_get_output: GPIO 145 value: 1
05-27 18:48:36.107   581   581 I SpiService: fgesysctrl_getGPIO_status success val=1
05-27 08:39:45.094   581   581 D spidev_ioctl: gpio status=1)
05-27 08:39:45.098     1     1 I init    : starting service 'trace_resource'...
05-27 18:48:36.111 13911 14183 I SentryImuMcuAngleSender: 180.0rollDeg
05-27 18:48:36.111 13911 14183 I SentryImuMcuAngleSender: 1,0,0
05-27 18:48:36.113   581   581 I SpiService: fgesysctrl_getGPIO_status success val=1
05-27 18:48:36.113   536   536 D commservice260303: msg.id = 1028,0
05-27 18:48:36.113   536   536 D commservice260303: i = 170, msgid = 8A000404
05-27 18:48:36.113   536   536 D commservice260303: msgid = -1979710460,did=138
05-27 18:48:36.113   536   536 D commservice260303: CommProtocolLibCmdBaseI2C::dataproc {"command":{"id":"imu_status","sub":""},"content":{"TimeStamp":10,"FrameCounter":252332,"GD_X":-0.011987865902483463,"GD_Y":0.005345047451555729,"GD_Z":0.0019848872907459736,"AD_X":-0.0033490508794784546,"AD_Y":-0.002731155138462782,"AD_Z":-0.1645965576171875,"TempDsp":0,"Status":0,"CalibState":1,"SigAmpInvalid":0}},-1979710460
05-27 18:48:36.114   536   536 D commservice260303: send2Cluster len:317, 7B22636F6D6D616E64223A7B226964223A22696D755F737461747573222C22737562223A22227D2C22636F6E74656E74223A7B2254696D655374616D70223A31302C224672616D65436F756E746572223A3235323333322C2247445F58223A2D302E3031313938373836353930323438333436332C2247445F59223A302E3030353334353034373435313535353732392C2247445F5A223A302E303031393834383837323930373435393733362C2241445F58223A2D302E303033333439303530383739343738343534362C2241445F59223A2D302E3030323733313135353133383436323738322C2241445F5A223A2D302E313634353936353537363137313837352C2254656D70447370223A302C22537461747573223A302C2243616C69625374617465223A312C22536967416D70496E76616C6964223A307D7D, 138 
05-27 18:48:36.114   536   536 D commservice260303: Push Message into SendPool fn=1880753152
05-27 18:48:36.114   536   536 D commservice260303: ComProtocolLibSend2Cluster::send2ClusterRaw fn=1880753152 , len=333
05-27 18:48:36.114   536   536 D commservice260303: sendCmdToPort :333!!!
05-27 18:48:36.114   536   536 D commservice260303: send Cmd To Port ++++5AA501498A0100041A706A16CC047B22636F6D6D616E64223A7B226964223A22696D755F737461747573222C22737562223A22227D2C22636F6E74656E74223A7B2254696D655374616D70223A31302C224672616D65436F756E746572223A3235323333322C2247445F58223A2D302E3031313938373836353930323438333436332C2247445F59223A302E3030353334353034373435313535353732392C2247445F5A223A302E303031393834383837323930373435393733362C2241445F58223A2D302E303033333439303530383739343738343534362C2241445F59223A2D302E3030323733313135353133383436323738322C2241445F5A223A2D302E313634353936353537363137313837352C2254656D70447370223A302C22537461747573223A302C2243616C69625374617465223A312C22536967416D70496E76616C6964223A307D7DBF75
05-27 18:48:36.114   536   536 D commservice260303: bufferevent_write retrun value = 0
05-27 18:48:36.114   536   560 D commservice260303: client datas send succeed,send finish
05-27 18:48:36.114 13911 14192 D Sentinelmode_1.2.5.17_sentry: <SentryImuClusterFgeSender>imu_status sent to Linux, frame=252332, tsNs=10783356, tsMs=10, intervalMs=40, ad=(-0.0033490509,-0.0027311551,-0.16459656), gd=(-0.011987866,0.0053450475,0.0019848873)
05-27 18:48:36.118  1008 30856 D [OMXB]  : usingANWBuffer: handle:0xee741da0, format:1, w:1920, h:1080
05-27 18:48:36.119   581   581 I SpiService: fgesysctrl_getGPIO_status success val=1
05-27 18:48:36.124   572   572 I liblog  : 4
05-27 18:48:36.124   572   572 I Sensors : 230 AccelSensor: x:-0.170190,y:0.001829,z:-9.971060
05-27 18:48:36.124   581   581 I SpiService: fgesysctrl_getGPIO_status success val=1
05-27 18:48:36.127 13549 13800 I ADAYO_LOG_: executeSaveLogcat_l(LogcatFunc.java:186)path:/mnt/log_data/AndroidLog/logcat/logcat_2026_05_27_18_48_35_420-48.txt
05-27 18:48:36.127   299 30841 D EvsDriver: forwardFrame
05-27 18:48:36.128  1167  1167 D evsmanagerd: /dev/video4 forwarded the buffer #0 to 0xb4000074bf5f6850 from 0xb4000074bf5f41d0
05-27 18:48:36.129   299 30841 D EvsDriver: Delivered 0xb400007b7ca56a60 as id 0
05-27 18:48:36.130   581   581 I SpiService: fgesysctrl_getGPIO_status success val=1
05-27 18:48:36.131   299 30844 D EvsDriver: forwardFrame
05-27 18:48:36.132 13911 14183 I SentryImuMcuAngleSender: 179.98949rollDeg
05-27 18:48:36.132 13911 14183 I SentryImuMcuAngleSender: 1,0,0
05-27 18:48:36.132   299  1163 D EvsDriver: doneWithFrame
05-27 18:48:36.133   299 30844 D EvsDriver: Delivered 0xb400007b7ca56900 as id 0
05-27 18:48:36.133  1167  1167 D evsmanagerd: /dev/video6 forwarded the buffer #0 to 0xb4000074bf5f5510 from 0xb4000074bf5f6d90
05-27 18:48:36.135   581   581 I SpiService: fgesysctrl_getGPIO_status success val=1
05-27 18:48:36.136   299  1163 D EvsDriver: doneWithFrame
05-27 08:39:45.100   581   581 D spi_rst_gpio_get_output: GPIO 145 value: 1
05-27 08:39:45.100   581   581 D spidev_ioctl: gpio status=1)
