05-27 18:48:43.464   536   536 D commservice260303: send Cmd To Port ++++5AA5014A8A0100041B276A16CC0B7B22636F6D6D616E64223A7B226964223A22696D755F737461747573222C22737562223A22227D2C22636F6E74656E74223A7B2254696D655374616D70223A31302C224672616D65436F756E746572223A3235323531322C2247445F58223A2D302E3031303736363033363830383439303735332C2247445F59223A302E303035363439383534383934373237343638352C2247445F5A223A302E303031393037393035333330383831343736342C2241445F58223A2D302E3030323738393631363538343737373833322C2241445F59223A302E303033343631343838303536393237393139342C2241445F5A223A2D302E31363934373635303930393432333832382C2254656D70447370223A302C22537461747573223A302C2243616C69625374617465223A312C22536967416D70496E76616C6964223A307D7DA928
05-27 18:48:43.464   536   536 D commservice260303: bufferevent_write retrun value = 0
05-27 18:48:43.464   536   560 D commservice260303: client datas send succeed,send finish
05-27 18:48:43.464   566 11459 I gps_hdbd: Received: '$GNTXT,INSTALL,0.00,0.00,0.00,0.00,0.00,0.00,0*20
'
05-27 18:48:43.465 13911 14192 D Sentinelmode_1.2.5.17_sentry: <SentryImuClusterFgeSender>imu_status sent to Linux, frame=252512, tsNs=10790669, tsMs=10, intervalMs=40, ad=(-0.0027896166,0.003461488,-0.16947651), gd=(-0.010766037,0.005649855,0.0019079053)
05-27 18:48:43.467 13911 14183 I SentryImuMcuAngleSender: 179.96497rollDeg
05-27 18:48:43.467 13911 14183 I SentryImuMcuAngleSender: 1,0,0
05-27 18:48:43.469   581   581 I SpiService: fgesysctrl_getGPIO_status success val=1
05-27 18:48:43.474   581   581 I SpiService: fgesysctrl_getGPIO_status success val=1
05-27 18:48:43.475   572   572 I Sensors : 230 GyroSensor: x:-0.011759,y:0.005574,z:0.001832
05-27 18:48:43.480   581   581 I SpiService: fgesysctrl_getGPIO_status success val=1
05-27 18:48:43.485   581   581 I SpiService: fgesysctrl_getGPIO_status success val=0
05-27 18:48:43.485   481   597 I mcuc    : send SPI:6AA602D9560002890044
05-27 18:48:43.487 13911 14183 I SentryImuMcuAngleSender: 179.97899rollDeg
05-27 18:48:43.487 13911 14183 I SentryImuMcuAngleSender: 1,0,0
05-27 18:48:43.494  1008 30856 D [OMXB]  : usingANWBuffer: handle:0xee7427f0, format:1, w:1920, h:1080
05-27 18:48:43.494   299 30841 D EvsDriver: forwardFrame
05-27 18:48:43.495   299 30841 D EvsDriver: Delivered 0xb400007b7ca56a60 as id 0
05-27 18:48:43.495  1167  1184 D evsmanagerd: /dev/video4 forwarded the buffer #0 to 0xb4000074bf5f6850 from 0xb4000074bf5f41d0
05-27 18:48:43.498   299  1153 D EvsDriver: doneWithFrame
05-27 18:48:43.499   581   581 I SpiService: fgesysctrl_getGPIO_status success val=1
05-27 18:48:43.503 11344 11344 E SystemUI_NavBarFragment: SysUIConfig.icCarServiceConnected：false
05-27 18:48:43.503   536   536 D commservice260303: msg.id = 1028,1
05-27 18:48:43.503   536   536 D commservice260303: i = 170, msgid = 8A000404
05-27 18:48:43.503   536   536 D commservice260303: msgid = -1979710460,did=138
05-27 18:48:43.504   536   536 D commservice260303: CommProtocolLibCmdBaseI2C::dataproc {"command":{"id":"imu_status","sub":""},"content":{"TimeStamp":10,"FrameCounter":252513,"GD_X":-0.011834942735731602,"GD_Y":0.0057257963344454765,"GD_Z":0.001679039909504354,"AD_X":-0.004019901156425476,"AD_Y":9.984055068343878E-4,"AD_Z":-0.16947650909423828,"TempDsp":0,"Status":0,"CalibState":1,"SigAmpInvalid":0}},-1979710460
05-27 18:48:43.504   536   536 D commservice260303: send2Cluster len:316, 7B22636F6D6D616E64223A7B226964223A22696D755F737461747573222C22737562223A22227D2C22636F6E74656E74223A7B2254696D655374616D70223A31302C224672616D65436F756E746572223A3235323531332C2247445F58223A2D302E3031313833343934323733353733313630322C2247445F59223A302E303035373235373936333334343435343736352C2247445F5A223A302E3030313637393033393930393530343335342C2241445F58223A2D302E3030343031393930313135363432353437362C2241445F59223A392E393834303535303638333433383738452D342C2241445F5A223A2D302E31363934373635303930393432333832382C2254656D70447370223A302C22537461747573223A302C2243616C69625374617465223A312C22536967416D70496E76616C6964223A307D7D, 138 
05-27 18:48:43.504   536   536 D commservice260303: Push Message into SendPool fn=672859136
05-27 18:48:43.504   536   536 D commservice260303: ComProtocolLibSend2Cluster::send2ClusterRaw fn=672859136 , len=332
05-27 18:48:43.504   536   536 D commservice260303: sendCmdToPort :332!!!
05-27 18:48:43.504   536   536 D commservice260303: send Cmd To Port ++++5AA501488A0100041B286A16CC0B7B22636F6D6D616E64223A7B226964223A22696D755F737461747573222C22737562223A22227D2C22636F6E74656E74223A7B2254696D655374616D70223A31302C224672616D65436F756E746572223A3235323531332C2247445F58223A2D302E3031313833343934323733353733313630322C2247445F59223A302E303035373235373936333334343435343736352C2247445F5A223A302E3030313637393033393930393530343335342C2241445F58223A2D302E3030343031393930313135363432353437362C2241445F59223A392E393834303535303638333433383738452D342C2241445F5A223A2D302E31363934373635303930393432333832382C2254656D70447370223A302C22537461747573223A302C2243616C69625374617465223A312C22536967416D70496E76616C6964223A307D7DA678
05-27 18:48:43.504   536   536 D commservice260303: bufferevent_write retrun value = 0
05-27 18:48:43.504   536   560 D commservice260303: client datas send succeed,send finish
05-27 18:48:43.505 13911 14192 D Sentinelmode_1.2.5.17_sentry: <SentryImuClusterFgeSender>imu_status sent to Linux, frame=252513, tsNs=10790737, tsMs=10, intervalMs=40, ad=(-0.004019901,9.984055E-4,-0.16947651), gd=(-0.011834943,0.0057257963,0.0016790399)
05-27 18:48:43.505   581   581 I SpiService: fgesysctrl_getGPIO_status success val=1
05-27 18:48:43.505   299 30844 D EvsDriver: forwardFrame
05-27 18:48:43.507   299 30844 D EvsDriver: Delivered 0xb400007b7ca56900 as id 0
05-27 18:48:43.508  1167  1184 D evsmanagerd: /dev/video6 forwarded the buffer #0 to 0xb4000074bf5f5510 from 0xb4000074bf5f6d90
05-27 18:48:43.508 13911 14183 I SentryImuMcuAngleSender: 179.97899rollDeg
05-27 18:48:43.508 13911 14183 I SentryImuMcuAngleSender: 1,0,0
05-27 18:48:43.510   299  1153 D EvsDriver: doneWithFrame
05-27 18:48:43.511   581   581 I SpiService: fgesysctrl_getGPIO_status success val=1
05-27 18:48:43.511   283   307 I rvcservice: t.code = 3, t.value = 0
05-27 18:48:43.516   581   581 I SpiService: fgesysctrl_getGPIO_status success val=1
05-27 18:48:43.516  1008 30857 D [OMXB]  : usingANWBuffer: handle:0xee7406f0, format:1, w:1920, h:1080
05-27 18:48:43.521   581   581 I SpiService: fgesysctrl_getGPIO_status success val=1
05-27 18:48:43.527   581   581 I SpiService: fgesysctrl_getGPIO_status success val=0
05-27 18:48:43.527 13911 14183 I SentryImuMcuAngleSender: 179.96498rollDeg
05-27 18:48:43.527 13911 14183 I SentryImuMcuAngleSender: 1,0,0
05-27 18:48:43.528   269   269 D libvintf: HalManifest::getHidlTransport(framework): Cannot find android.hardware.usb@1.0::IUsb/default
05-27 18:48:43.528   269   269 D libvintf: HalManifest::getHidlTransport(device): Cannot find android.hardware.usb@1.0::IUsb/default
05-27 18:48:43.529   269   269 I hwservicemanager: getTransport: Cannot find entry android.hardware.usb@1.0::IUsb/default in either framework or device VINTF manifest.
05-27 18:48:43.529 12348 12448 E ExtUsbManager: UsbHalController: android.hardware.usb.V1_0.IUsb getService failed!
05-27 18:48:43.529 12348 12448 E ExtUsbManager: java.util.NoSuchElementException
05-27 18:48:43.529 12348 12448 E ExtUsbManager: 	at android.os.HwBinder.getService(Native Method)
05-27 18:48:43.529 12348 12448 E ExtUsbManager: 	at android.os.HwBinder.getService(HwBinder.java:81)
05-27 18:48:43.529 12348 12448 E ExtUsbManager: 	at android.hardware.usb.V1_0.IUsb.getService(IUsb.java:74)
05-27 18:48:43.529 12348 12448 E ExtUsbManager: 	at android.hardware.usb.V1_0.IUsb.getService(IUsb.java:84)
05-27 18:48:43.529 12348 12448 E ExtUsbManager: 	at ts.car.usb.UsbHalController.createService(UsbHalController.java:37)
05-27 18:48:43.529 12348 12448 E ExtUsbManager: 	at ts.car.usb.UsbHalController.createService(UsbHalController.java:18)
05-27 18:48:43.529 12348 12448 E ExtUsbManager: 	at ts.car.usb.utils.AutoServiceConnector4Hidl.autoConnect(AutoServiceConnector4Hidl.java:47)
05-27 18:48:43.529 12348 12448 E ExtUsbManager: 	at ts.car.usb.utils.AutoServiceConnector4Hidl$$ExternalSyntheticLambda0.run(Unknown Source:2)
05-27 18:48:43.529 12348 12448 E ExtUsbManager: 	at android.os.Handler.handleCallback(Handler.java:942)
05-27 18:48:43.529 12348 12448 E ExtUsbManager: 	at android.os.Handler.dispatchMessage(Handler.java:99)
05-27 18:48:43.529 12348 12448 E ExtUsbManager: 	at android.os.Looper.loopOnce(Looper.java:201)
05-27 18:48:43.529 12348 12448 E ExtUsbManager: 	at android.os.Looper.loop(Looper.java:288)
05-27 18:48:43.529 12348 12448 E ExtUsbManager: 	at android.os.HandlerThread.run(HandlerThread.java:67)
05-27 18:48:43.529   299 30844 D EvsDriver: forwardFrame
05-27 18:48:43.530   269   269 D libvintf: HalManifest::getHidlTransport(framework): Cannot find vendor.ts.usbext@1.0::IUsbext/default
05-27 18:48:43.530   269   269 D libvintf: HalManifest::getHidlTransport(device): Cannot find vendor.ts.usbext@1.0::IUsbext/default
05-27 18:48:43.530   269   269 I hwservicemanager: getTransport: Cannot find entry vendor.ts.usbext@1.0::IUsbext/default in either framework or device VINTF manifest.
05-27 18:48:43.530 12348 12448 E ExtUsbManager: UsbHalExtController: vendor.ts.usbext.V1_0.IUsbext getService failed!
05-27 18:48:43.530 12348 12448 E ExtUsbManager: java.util.NoSuchElementException
05-27 18:48:43.530 12348 12448 E ExtUsbManager: 	at android.os.HwBinder.getService(Native Method)
05-27 18:48:43.530 12348 12448 E ExtUsbManager: 	at android.os.HwBinder.getService(HwBinder.java:81)
05-27 18:48:43.530 12348 12448 E ExtUsbManager: 	at vendor.ts.usbext.V1_0.IUsbext.getService(IUsbext.java:74)
05-27 18:48:43.530 12348 12448 E ExtUsbManager: 	at vendor.ts.usbext.V1_0.IUsbext.getService(IUsbext.java:84)
05-27 18:48:43.530 12348 12448 E ExtUsbManager: 	at ts.car.usb.UsbHalExtController.createService(UsbHalExtController.java:37)
05-27 18:48:43.530 12348 12448 E ExtUsbManager: 	at ts.car.usb.UsbHalExtController.createService(UsbHalExtController.java:18)
05-27 18:48:43.530 12348 12448 E ExtUsbManager: 	at ts.car.usb.utils.AutoServiceConnector4Hidl.autoConnect(AutoServiceConnector4Hidl.java:47)
05-27 18:48:43.530 12348 12448 E ExtUsbManager: 	at ts.car.usb.utils.AutoServiceConnector4Hidl$$ExternalSyntheticLambda0.run(Unknown Source:2)
05-27 18:48:43.530 12348 12448 E ExtUsbManager: 	at android.os.Handler.handleCallback(Handler.java:942)
05-27 18:48:43.530 12348 12448 E ExtUsbManager: 	at android.os.Handler.dispatchMessage(Handler.java:99)
05-27 18:48:43.530 12348 12448 E ExtUsbManager: 	at android.os.Looper.loopOnce(Looper.java:201)
05-27 18:48:43.530 12348 12448 E ExtUsbManager: 	at android.os.Looper.loop(Looper.java:288)
05-27 18:48:43.530 12348 12448 E ExtUsbManager: 	at android.os.HandlerThread.run(HandlerThread.java:67)
05-27 18:48:43.531   269   269 D libvintf: HalManifest::getHidlTransport(framework): Cannot find android.hardware.usb.gadget@1.0::IUsbGadget/default
05-27 18:48:43.531   299 30841 D EvsDriver: forwardFrame
05-27 18:48:43.531   269   269 D libvintf: HalManifest::getHidlTransport(device): Cannot find android.hardware.usb.gadget@1.0::IUsbGadget/default
05-27 18:48:43.531   299 30844 D EvsDriver: Delivered 0xb400007b7ca56900 as id 0
05-27 18:48:43.531   269   269 I hwservicemanager: getTransport: Cannot find entry android.hardware.usb.gadget@1.0::IUsbGadget/default in either framework or device VINTF manifest.
05-27 18:48:43.531  1167  1184 D evsmanagerd: /dev/video6 forwarded the buffer #0 to 0xb4000074bf5f5510 from 0xb4000074bf5f6d90
05-27 18:48:43.532  1167  1184 D evsmanagerd: /dev/video4 forwarded the buffer #0 to 0xb4000074bf5f6850 from 0xb4000074bf5f41d0
05-27 18:48:43.532   299 30841 D EvsDriver: Delivered 0xb400007b7ca56a60 as id 0
05-27 18:48:43.533 12348 12448 E ExtUsbManager: UsbGadgetController: android.hardware.usb.gadget.V1_0.IUsbGadget getService failed!
05-27 18:48:43.533 12348 12448 E ExtUsbManager: java.util.NoSuchElementException
05-27 18:48:43.533 12348 12448 E ExtUsbManager: 	at android.os.HwBinder.getService(Native Method)
05-27 18:48:43.533 12348 12448 E ExtUsbManager: 	at android.os.HwBinder.getService(HwBinder.java:81)
05-27 18:48:43.533 12348 12448 E ExtUsbManager: 	at android.hardware.usb.gadget.V1_0.IUsbGadget.getService(IUsbGadget.java:74)
05-27 18:48:43.533 12348 12448 E ExtUsbManager: 	at android.hardware.usb.gadget.V1_0.IUsbGadget.getService(IUsbGadget.java:84)
05-27 18:48:43.533 12348 12448 E ExtUsbManager: 	at ts.car.usb.UsbGadgetController.createService(UsbGadgetController.java:36)
05-27 18:48:43.533 12348 12448 E ExtUsbManager: 	at ts.car.usb.UsbGadgetController.createService(UsbGadgetController.java:17)
05-27 18:48:43.533 12348 12448 E ExtUsbManager: 	at ts.car.usb.utils.AutoServiceConnector4Hidl.autoConnect(AutoServiceConnector4Hidl.java:47)
05-27 18:48:43.533 12348 12448 E ExtUsbManager: 	at ts.car.usb.utils.AutoServiceConnector4Hidl$$ExternalSyntheticLambda0.run(Unknown Source:2)
05-27 18:48:43.533 12348 12448 E ExtUsbManager: 	at android.os.Handler.handleCallback(Handler.java:942)
05-27 18:48:43.533 12348 12448 E ExtUsbManager: 	at android.os.Handler.dispatchMessage(Handler.java:99)
05-27 18:48:43.533 12348 12448 E ExtUsbManager: 	at android.os.Looper.loopOnce(Looper.java:201)
05-27 18:48:43.533 12348 12448 E ExtUsbManager: 	at android.os.Looper.loop(Looper.java:288)
05-27 18:48:43.533 12348 12448 E ExtUsbManager: 	at android.os.HandlerThread.run(HandlerThread.java:67)
05-27 18:48:43.534   299  1153 D EvsDriver: doneWithFrame
05-27 18:48:43.536   299  1153 D EvsDriver: doneWithFrame
05-27 18:48:43.539  1008 30856 D [OMXB]  : usingANWBuffer: handle:0xee744210, format:1, w:1920, h:1080
05-27 18:48:43.541   581   581 I SpiService: fgesysctrl_getGPIO_status success val=1
05-27 18:48:43.543   536   536 D commservice260303: msg.id = 1028,1
05-27 18:48:43.543   536   536 D commservice260303: i = 170, msgid = 8A000404
05-27 18:48:43.543   536   536 D commservice260303: msgid = -1979710460,did=138
05-27 18:48:43.543   536   536 D commservice260303: CommProtocolLibCmdBaseI2C::dataproc {"command":{"id":"imu_status","sub":""},"content":{"TimeStamp":10,"FrameCounter":252514,"GD_X":-0.011147825978696346,"GD_Y":0.0059551820158958435,"GD_Z":0.0015271564479917288,"AD_X":-0.003401339054107666,"AD_Y":0.002194450469687581,"AD_Z":-0.17252826690673828,"TempDsp":0,"Status":0,"CalibState":1,"SigAmpInvalid":0}},-1979710460
05-27 18:48:43.544   536   536 D commservice260303: send2Cluster len:317, 7B22636F6D6D616E64223A7B226964223A22696D755F737461747573222C22737562223A22227D2C22636F6E74656E74223A7B2254696D655374616D70223A31302C224672616D65436F756E746572223A3235323531342C2247445F58223A2D302E3031313134373832353937383639363334362C2247445F59223A302E303035393535313832303135383935383433352C2247445F5A223A302E303031353237313536343437393931373238382C2241445F58223A2D302E3030333430313333393035343130373636362C2241445F59223A302E3030323139343435303436393638373538312C2241445F5A223A2D302E31373235323832363639303637333832382C2254656D70447370223A302C22537461747573223A302C2243616C69625374617465223A312C22536967416D70496E76616C6964223A307D7D, 138 
05-27 18:48:43.544   536   536 D commservice260303: Push Message into SendPool fn=689636352
05-27 18:48:43.544   536   536 D commservice260303: ComProtocolLibSend2Cluster::send2ClusterRaw fn=689636352 , len=333
05-27 18:48:43.544   536   536 D commservice260303: sendCmdToPort :333!!!
05-27 18:48:43.544   536   536 D commservice260303: send Cmd To Port ++++5AA501498A0100041B296A16CC0B7B22636F6D6D616E64223A7B226964223A22696D755F737461747573222C22737562223A22227D2C22636F6E74656E74223A7B2254696D655374616D70223A31302C224672616D65436F756E746572223A3235323531342C2247445F58223A2D302E3031313134373832353937383639363334362C2247445F59223A302E303035393535313832303135383935383433352C2247445F5A223A302E303031353237313536343437393931373238382C2241445F58223A2D302E3030333430313333393035343130373636362C2241445F59223A302E3030323139343435303436393638373538312C2241445F5A223A2D302E31373235323832363639303637333832382C2254656D70447370223A302C22537461747573223A302C2243616C69625374617465223A312C22536967416D70496E76616C6964223A307D7DC3FC
05-27 18:48:43.544   536   536 D commservice260303: bufferevent_write retrun value = 0
05-27 18:48:43.544   536   560 D commservice260303: client datas send succeed,send finish
05-27 18:48:43.544 13911 14192 D Sentinelmode_1.2.5.17_sentry: <SentryImuClusterFgeSender>imu_status sent to Linux, frame=252514, tsNs=10790791, tsMs=10, intervalMs=40, ad=(-0.003401339,0.0021944505,-0.17252827), gd=(-0.011147826,0.005955182,0.0015271564)
05-27 18:48:43.547   581   581 I SpiService: fgesysctrl_getGPIO_status success val=1
05-27 18:48:43.547 13911 14183 I SentryImuMcuAngleSender: 179.97198rollDeg
05-27 18:48:43.548 13911 14183 I SentryImuMcuAngleSender: 1,0,0
05-27 18:48:43.550 10188 11670 D NetworkAdapter: GetWcnChipTemp loopcnt=1029
05-27 18:48:43.550 10046 10046 E OemNetd : getwcnChipThermal
05-27 18:48:43.550 10046 10046 E ExtDataController: getwcnChipThermal: wlan0
05-27 18:48:43.550 10046 10046 E ExtDataController: getwcnChipThermal: index[32]
05-27 18:48:43.550 10046 10046 E ExtDataController: nl_send ret 44
05-27 18:48:43.550 10046 10046 E ExtDataController: errHandler
05-27 18:48:43.550 10046 10046 E ExtDataController: errHandler: err[-95]
05-27 18:48:43.550 10046 10046 E ExtDataController: nl_recv ret -10
05-27 18:48:43.550 10046 10046 E ExtDataController: temperature: 0
05-27 18:48:43.550 10188 11670 D NetworkAdapter: getwcnChipThermal: 0
05-27 18:48:43.552   581   581 I SpiService: fgesysctrl_getGPIO_status success val=1
05-27 18:48:43.553  1008 30857 D [OMXB]  : usingANWBuffer: handle:0xee741e50, format:1, w:1920, h:1080
05-27 18:48:43.557   581   581 I SpiService: fgesysctrl_getGPIO_status success val=1
05-27 18:48:43.558   536  2579 D commservice260303: send heart beat package to Cluster
05-27 18:48:43.558   299 30844 D EvsDriver: forwardFrame
05-27 18:48:43.558   536  2579 D commservice260303: send2Cluster len:40, 7B22636F6D6D616E64223A7B226964223A22686561727462656174222C22737562223A22227D7D0A, 129 
05-27 18:48:43.558   536  2579 D commservice260303: Push Message into SendPool fn=706413568
05-27 18:48:43.558   536  2579 D commservice260303: ComProtocolLibSend2Cluster::send2ClusterRaw fn=706413568 , len=56
05-27 18:48:43.558   536  2579 D commservice260303: sendCmdToPort :56!!!
05-27 18:48:43.559   536  2579 D commservice260303: send Cmd To Port ++++5AA50034810100041B2A6A16CC0B7B22636F6D6D616E64223A7B226964223A22686561727462656174222C22737562223A22227D7D0AFFB5
05-27 18:48:43.559   536  2579 D commservice260303: bufferevent_write retrun value = 0
05-27 18:48:43.559   536   560 D commservice260303: client datas send succeed,send finish
05-27 18:48:43.560   299 30841 D EvsDriver: forwardFrame
05-27 18:48:43.561   299 30841 D EvsDriver: Delivered 0xb400007b7ca56a60 as id 0
05-27 18:48:43.561  1167  1184 D evsmanagerd: /dev/video4 forwarded the buffer #0 to 0xb4000074bf5f6850 from 0xb4000074bf5f41d0
05-27 18:48:43.562  1167  1184 D evsmanagerd: /dev/video6 forwarded the buffer #0 to 0xb4000074bf5f5510 from 0xb4000074bf5f6d90
05-27 18:48:43.562   299 30844 D EvsDriver: Delivered 0xb400007b7ca56900 as id 0
05-27 18:48:43.564   536   560 D commservice260303: recv len:91, 5AA50057010000003F2B6A16CC0B7B22636F6D6D616E64223A7B226964223A22686561727462656174222C22737562223A22227D2C22726573706F6E65223A7B22636F6465223A302C226D657373616765223A226F6B227D7DE678 from server
05-27 18:48:43.564   581   581 I SpiService: fgesysctrl_getGPIO_status success val=1
05-27 18:48:43.566   536  2578 D commservice260303: mcuDataAnalyzeHandle templen:91,len:91,pos:0, 5AA50057010000003F2B6A16CC0B7B22636F6D6D616E64223A7B226964223A22686561727462656174222C22737562223A22227D2C22726573706F6E65223A7B22636F6465223A302C226D657373616765223A226F6B227D7DE678 
05-27 18:48:43.566   536  2578 I commservice260303: checksumCal = 59000
05-27 18:48:43.566   536  2578 D commservice260303: Protocol_C2I_Commservice::dataproc {"command":{"id":"heartbeat","sub":""},"respone":{"code":0,"message":"ok"}},1
05-27 18:48:43.566   536  2578 D commservice260303: Protocol_C2I_Commservice::dataproc Receive a heartbeat command from Cluster, setTcpHeartbeat = EID_UID_HEARTBEAT
05-27 18:48:43.566   299  1153 D EvsDriver: doneWithFrame
05-27 18:48:43.567   299  1163 D EvsDriver: doneWithFrame
05-27 18:48:43.568 13911 14183 I SentryImuMcuAngleSender: 179.97899rollDeg
05-27 18:48:43.568 13911 14183 I SentryImuMcuAngleSender: 1,0,0
05-27 18:48:43.570   581   581 I SpiService: fgesysctrl_getGPIO_status success val=0
05-27 18:48:43.576   572   572 I Sensors : 230 AccelSensor: x:-0.171410,y:0.002440,z:-9.973500
05-27 18:48:43.577  1008 30856 D [OMXB]  : usingANWBuffer: handle:0xee746310, format:1, w:1920, h:1080
05-27 18:48:43.583   536   536 D commservice260303: msg.id = 1028,0
05-27 18:48:43.583   536   536 D commservice260303: i = 170, msgid = 8A000404
05-27 18:48:43.583   536   536 D commservice260303: msgid = -1979710460,did=138
05-27 18:48:43.583   536   536 D commservice260303: CommProtocolLibCmdBaseI2C::dataproc {"command":{"id":"imu_status","sub":""},"content":{"TimeStamp":10,"FrameCounter":252515,"GD_X":-0.010613113641738892,"GD_Y":0.00519212381914258,"GD_Z":0.002213752595707774,"AD_X":-0.00522160530090332,"AD_Y":-2.473653294146061E-4,"AD_Z":-0.1682577133178711,"TempDsp":0,"Status":0,"CalibState":1,"SigAmpInvalid":0}},-1979710460
05-27 18:48:43.583   536   536 D commservice260303: send2Cluster len:313, 7B22636F6D6D616E64223A7B226964223A22696D755F737461747573222C22737562223A22227D2C22636F6E74656E74223A7B2254696D655374616D70223A31302C224672616D65436F756E746572223A3235323531352C2247445F58223A2D302E3031303631333131333634313733383839322C2247445F59223A302E30303531393231323338313931343235382C2247445F5A223A302E3030323231333735323539353730373737342C2241445F58223A2D302E30303532323136303533303039303333322C2241445F59223A2D322E343733363533323934313436303631452D342C2241445F5A223A2D302E313638323537373133333137383731312C2254656D70447370223A302C22537461747573223A302C2243616C69625374617465223A312C22536967416D70496E76616C6964223A307D7D, 138 
05-27 18:48:43.584   536   536 D commservice260303: Push Message into SendPool fn=723190784
05-27 18:48:43.584   536   536 D commservice260303: ComProtocolLibSend2Cluster::send2ClusterRaw fn=723190784 , len=329
05-27 18:48:43.584   536   536 D commservice260303: sendCmdToPort :329!!!
05-27 18:48:43.584   536   536 D commservice260303: send Cmd To Port ++++5AA501458A0100041B2B6A16CC0B7B22636F6D6D616E64223A7B226964223A22696D755F737461747573222C22737562223A22227D2C22636F6E74656E74223A7B2254696D655374616D70223A31302C224672616D65436F756E746572223A3235323531352C2247445F58223A2D302E3031303631333131333634313733383839322C2247445F59223A302E30303531393231323338313931343235382C2247445F5A223A302E3030323231333735323539353730373737342C2241445F58223A2D302E30303532323136303533303039303333322C2241445F59223A2D322E343733363533323934313436303631452D342C2241445F5A223A2D302E313638323537373133333137383731312C2254656D70447370223A302C22537461747573223A302C2243616C69625374617465223A312C22536967416D70496E76616C6964223A307D7D6F98
05-27 18:48:43.584   536   536 D commservice260303: bufferevent_write retrun value = 0
05-27 18:48:43.584   536   560 D commservice260303: client datas send succeed,send finish
05-27 18:48:43.584 13911 14192 D Sentinelmode_1.2.5.17_sentry: <SentryImuClusterFgeSender>imu_status sent to Linux, frame=252515, tsNs=10790827, tsMs=10, intervalMs=40, ad=(-0.0052216053,-2.4736533E-4,-0.16825771), gd=(-0.010613114,0.005192124,0.0022137526)
05-27 18:48:43.584   581   581 I SpiService: fgesysctrl_getGPIO_status success val=1
05-27 18:48:43.589 13911 14183 I SentryImuMcuAngleSender: 179.98598rollDeg
05-27 18:48:43.589 13911 14183 I SentryImuMcuAngleSender: 1,0,0
05-27 18:48:43.590   581   581 I SpiService: fgesysctrl_getGPIO_status success val=1
05-27 18:48:43.595   581   581 I SpiService: fgesysctrl_getGPIO_status success val=1
05-27 18:48:43.595  1008 30857 D [OMXB]  : usingANWBuffer: handle:0xee743500, format:1, w:1920, h:1080
05-27 18:48:43.598   299 30841 D EvsDriver: forwardFrame
05-27 18:48:43.599   299 30844 D EvsDriver: forwardFrame
05-27 18:48:43.602   581   581 I SpiService: fgesysctrl_getGPIO_status success val=1
05-27 18:48:43.603  1167  1184 D evsmanagerd: /dev/video4 forwarded the buffer #0 to 0xb4000074bf5f6850 from 0xb4000074bf5f41d0
05-27 18:48:43.603   299 30841 D EvsDriver: Delivered 0xb400007b7ca56a60 as id 0
05-27 18:48:43.603 30773 30773 E dvr_service_: [myNum:0] Received S**** loss
05-27 18:48:43.604   299  1163 D EvsDriver: doneWithFrame
05-27 18:48:43.604   299 30844 D EvsDriver: Delivered 0xb400007b7ca56900 as id 0
05-27 18:48:43.604  1167  1184 D evsmanagerd: /dev/video6 forwarded the buffer #0 to 0xb4000074bf5f5510 from 0xb4000074bf5f6d90
05-27 18:48:43.604 30773 30773 E dvr_service_: [myNum:1] Received S**** loss
05-27 18:48:43.605   299  1163 D EvsDriver: doneWithFrame
05-27 18:48:43.608   581   581 I SpiService: fgesysctrl_getGPIO_status success val=0
05-27 18:48:43.609 13911 14183 I SentryImuMcuAngleSender: 179.99649rollDeg
05-27 18:48:43.609 13911 14183 I SentryImuMcuAngleSender: 1,0,0
05-27 18:48:43.611  1008 30856 D [OMXB]  : usingANWBuffer: handle:0xee740d20, format:1, w:1920, h:1080
05-27 18:48:43.611   283   307 I rvcservice: t.code = 0, t.value = 4880
05-27 18:48:43.622   581   581 I SpiService: fgesysctrl_getGPIO_status success val=1
05-27 18:48:43.624   536   536 D commservice260303: msg.id = 1028,1
05-27 18:48:43.624   536   536 D commservice260303: i = 170, msgid = 8A000404
05-27 18:48:43.624   536   536 D commservice260303: msgid = -1979710460,did=138
05-27 18:48:43.624   536   536 D commservice260303: CommProtocolLibCmdBaseI2C::dataproc {"command":{"id":"imu_status","sub":""},"content":{"TimeStamp":10,"FrameCounter":252516,"GD_X":-0.010690094903111458,"GD_Y":0.0051151420921087265,"GD_Z":0.0020608289632946253,"AD_X":-0.0033828318119049072,"AD_Y":-2.3964210413396358E-4,"AD_Z":-0.16947650909423828,"TempDsp":0,"Status":0,"CalibState":1,"SigAmpInvalid":0}},-1979710460
05-27 18:48:43.624   536   536 D commservice260303: send2Cluster len:320, 7B22636F6D6D616E64223A7B226964223A22696D755F737461747573222C22737562223A22227D2C22636F6E74656E74223A7B2254696D655374616D70223A31302C224672616D65436F756E746572223A3235323531362C2247445F58223A2D302E3031303639303039343930333131313435382C2247445F59223A302E303035313135313432303932313038373236352C2247445F5A223A302E303032303630383238393633323934363235332C2241445F58223A2D302E303033333832383331383131393034393037322C2241445F59223A2D322E33393634323130343133333936333538452D342C2241445F5A223A2D302E31363934373635303930393432333832382C2254656D70447370223A302C22537461747573223A302C2243616C69625374617465223A312C22536967416D70496E76616C6964223A307D7D, 138 
05-27 18:48:43.624   536   536 D commservice260303: Push Message into SendPool fn=739968000
05-27 18:48:43.625   536   536 D commservice260303: ComProtocolLibSend2Cluster::send2ClusterRaw fn=739968000 , len=336
05-27 18:48:43.625   536   536 D commservice260303: sendCmdToPort :336!!!
05-27 18:48:43.625   536   536 D commservice260303: send Cmd To Port ++++5AA5014C8A0100041B2C6A16CC0B7B22636F6D6D616E64223A7B226964223A22696D755F737461747573222C22737562223A22227D2C22636F6E74656E74223A7B2254696D655374616D70223A31302C224672616D65436F756E746572223A3235323531362C2247445F58223A2D302E3031303639303039343930333131313435382C2247445F59223A302E303035313135313432303932313038373236352C2247445F5A223A302E303032303630383238393633323934363235332C2241445F58223A2D302E303033333832383331383131393034393037322C2241445F59223A2D322E33393634323130343133333936333538452D342C2241445F5A223A2D302E31363934373635303930393432333832382C2254656D70447370223A302C22537461747573223A302C2243616C69625374617465223A312C22536967416D70496E76616C6964223A307D7D7C93
05-27 18:48:43.625   536   536 D commservice260303: bufferevent_write retrun value = 0
05-27 18:48:43.625   536   560 D commservice260303: client datas send succeed,send finish
05-27 18:48:43.625 13911 14192 D Sentinelmode_1.2.5.17_sentry: <SentryImuClusterFgeSender>imu_status sent to Linux, frame=252516, tsNs=10790861, tsMs=10, intervalMs=41, ad=(-0.0033828318,-2.396421E-4,-0.16947651), gd=(-0.010690095,0.005115142,0.002060829)
05-27 18:48:43.628   581   581 I SpiService: fgesysctrl_getGPIO_status success val=1
05-27 18:48:43.629 13911 14183 I SentryImuMcuAngleSender: 179.986rollDeg
05-27 18:48:43.629 13911 14183 I SentryImuMcuAngleSender: 1,0,0
05-27 18:48:43.633  1008 30857 D [OMXB]  : usingANWBuffer: handle:0xee742a00, format:1, w:1920, h:1080
05-27 18:48:43.633   581   581 I SpiService: fgesysctrl_getGPIO_status success val=1
05-27 18:48:43.638   299 30841 D EvsDriver: forwardFrame
05-27 18:48:43.639   581   581 I SpiService: fgesysctrl_getGPIO_status success val=1
05-27 18:48:43.639  1167  1184 D evsmanagerd: /dev/video4 forwarded the buffer #0 to 0xb4000074bf5f6850 from 0xb4000074bf5f41d0
05-27 18:48:43.639   299 30841 D EvsDriver: Delivered 0xb400007b7ca56a60 as id 0
05-27 18:48:43.640   299 30844 D EvsDriver: forwardFrame
05-27 18:48:43.644  1167  1184 D evsmanagerd: /dev/video6 forwarded the buffer #0 to 0xb4000074bf5f5510 from 0xb4000074bf5f6d90
05-27 18:48:43.644   299  1163 D EvsDriver: doneWithFrame
05-27 18:48:43.644   299 30844 D EvsDriver: Delivered 0xb400007b7ca56900 as id 0
05-27 18:48:43.645   581   581 I SpiService: fgesysctrl_getGPIO_status success val=0
05-27 18:48:43.649   299  1163 D EvsDriver: doneWithFrame
05-27 18:48:43.650 13911 14183 I SentryImuMcuAngleSender: 179.97198rollDeg
05-27 18:48:43.650 13911 14183 I SentryImuMcuAngleSender: 1,0,0
05-27 18:48:43.652   594   594 E vendor.sprd.hardware.memtrack-service: MemTrack_DEBUG--Open mali gpu_memory failed
05-27 18:48:43.657  1008 30856 D [OMXB]  : usingANWBuffer: handle:0xee744000, format:1, w:1920, h:1080
05-27 18:48:43.658   299 30841 D EvsDriver: forwardFrame
05-27 18:48:43.658   299 30844 D EvsDriver: forwardFrame
05-27 18:48:43.660   581   581 I SpiService: fgesysctrl_getGPIO_status success val=1
05-27 18:48:43.661   299 30841 D EvsDriver: Delivered 0xb400007b7ca56a60 as id 0
05-27 18:48:43.661  1167  1184 D evsmanagerd: /dev/video4 forwarded the buffer #0 to 0xb4000074bf5f6850 from 0xb4000074bf5f41d0
05-27 18:48:43.653   581   581 I auditd  : type=1400 audit(0.0:65752): avc: denied { read write } for comm="spi@1.0-service" name="spidev2.0" dev="tmpfs" ino=23621 scontext=u:r:hal_spi_default:s0 tcontext=u:object_r:spi_consumerir_device:s0 tclass=chr_file permissive=1
05-27 18:48:43.653   581   581 I spi@1.0-service: type=1400 audit(0.0:65752): avc: denied { read write } for name="spidev2.0" dev="tmpfs" ino=23621 scontext=u:r:hal_spi_default:s0 tcontext=u:object_r:spi_consumerir_device:s0 tclass=chr_file permissive=1
05-27 18:48:43.653   581   581 I auditd  : type=1400 audit(0.0:65753): avc: denied { open } for comm="spi@1.0-service" path="/dev/spidev2.0" dev="tmpfs" ino=23621 scontext=u:r:hal_spi_default:s0 tcontext=u:object_r:spi_consumerir_device:s0 tclass=chr_file permissive=1
05-27 18:48:43.653   581   581 I spi@1.0-service: type=1400 audit(0.0:65753): avc: denied { open } for path="/dev/spidev2.0" dev="tmpfs" ino=23621 scontext=u:r:hal_spi_default:s0 tcontext=u:object_r:spi_consumerir_device:s0 tclass=chr_file permissive=1
05-27 18:48:43.653   581   581 I auditd  : type=1400 audit(0.0:65754): avc: denied { ioctl } for comm="spi@1.0-service" path="/dev/spidev2.0" dev="tmpfs" ino=23621 ioctlcmd=0x6b06 scontext=u:r:hal_spi_default:s0 tcontext=u:object_r:spi_consumerir_device:s0 tclass=chr_file permissive=1
05-27 18:48:43.653   581   581 I spi@1.0-service: type=1400 audit(0.0:65754): avc: denied { ioctl } for path="/dev/spidev2.0" dev="tmpfs" ino=23621 ioctlcmd=0x6b06 scontext=u:r:hal_spi_default:s0 tcontext=u:object_r:spi_consumerir_device:s0 tclass=chr_file permissive=1
05-27 18:48:43.665  1167  1184 D evsmanagerd: /dev/video6 forwarded the buffer #0 to 0xb4000074bf5f5510 from 0xb4000074bf5f6d90
05-27 18:48:43.665   299 30844 D EvsDriver: Delivered 0xb400007b7ca56900 as id 0
05-27 18:48:43.666   536   536 D commservice260303: msg.id = 1028,2
05-27 18:48:43.667   536   536 D commservice260303: i = 170, msgid = 8A000404
05-27 18:48:43.667   536   536 D commservice260303: msgid = -1979710460,did=138
05-27 18:48:43.667   536   536 D commservice260303: CommProtocolLibCmdBaseI2C::dataproc {"command":{"id":"imu_status","sub":""},"content":{"TimeStamp":10,"FrameCounter":252517,"GD_X":-0.011223767884075642,"GD_Y":0.004809814505279064,"GD_Z":0.0022902146447449923,"AD_X":-0.0033797770738601685,"AD_Y":0.0027947500348091125,"AD_Z":-0.17069625854492188,"TempDsp":0,"Status":0,"CalibState":1,"SigAmpInvalid":0}},-1979710460
05-27 18:48:43.667   536   536 D commservice260303: send2Cluster len:318, 7B22636F6D6D616E64223A7B226964223A22696D755F737461747573222C22737562223A22227D2C22636F6E74656E74223A7B2254696D655374616D70223A31302C224672616D65436F756E746572223A3235323531372C2247445F58223A2D302E3031313232333736373838343037353634322C2247445F59223A302E3030343830393831343530353237393036342C2247445F5A223A302E303032323930323134363434373434393932332C2241445F58223A2D302E303033333739373737303733383630313638352C2241445F59223A302E303032373934373530303334383039313132352C2241445F5A223A2D302E31373036393632353835343439323138382C2254656D70447370223A302C22537461747573223A302C2243616C69625374617465223A312C22536967416D70496E76616C6964223A307D7D, 138 
05-27 18:48:43.667   536   536 D commservice260303: Push Message into SendPool fn=756745216
05-27 18:48:43.667   536   536 D commservice260303: ComProtocolLibSend2Cluster::send2ClusterRaw fn=756745216 , len=334
05-27 18:48:43.667   536   536 D commservice260303: sendCmdToPort :334!!!
05-27 18:48:43.667   536   536 D commservice260303: send Cmd To Port ++++5AA5014A8A0100041B2D6A16CC0B7B22636F6D6D616E64223A7B226964223A22696D755F737461747573222C22737562223A22227D2C22636F6E74656E74223A7B2254696D655374616D70223A31302C224672616D65436F756E746572223A3235323531372C2247445F58223A2D302E3031313232333736373838343037353634322C2247445F59223A302E3030343830393831343530353237393036342C2247445F5A223A302E303032323930323134363434373434393932332C2241445F58223A2D302E303033333739373737303733383630313638352C2241445F59223A302E303032373934373530303334383039313132352C2241445F5A223A2D302E31373036393632353835343439323138382C2254656D70447370223A302C22537461747573223A302C2243616C69625374617465223A312C22536967416D70496E76616C6964223A307D7D598D
05-27 18:48:43.667   572   572 I Sensors : 230 GyroSensor: x:-0.011988,y:0.005039,z:0.002290
05-27 18:48:43.668   536   536 D commservice260303: bufferevent_write retrun value = 0
05-27 18:48:43.668   536   560 D commservice260303: client datas send succeed,send finish
05-27 18:48:43.669   299  1163 D EvsDriver: doneWithFrame
05-27 18:48:43.670   581   581 I SpiService: fgesysctrl_getGPIO_status success val=1
05-27 18:48:43.670 13911 14192 D Sentinelmode_1.2.5.17_sentry: <SentryImuClusterFgeSender>imu_status sent to Linux, frame=252517, tsNs=10790899, tsMs=10, intervalMs=45, ad=(-0.003379777,0.00279475,-0.17069626), gd=(-0.011223768,0.0048098145,0.0022902146)
05-27 18:48:43.670 13911 14183 I SentryImuMcuAngleSender: 179.97899rollDeg
05-27 18:48:43.670 13911 14183 I SentryImuMcuAngleSender: 1,0,0
05-27 18:48:43.673   299  1163 D EvsDriver: doneWithFrame
05-27 18:48:43.674  1008 30857 D [OMXB]  : usingANWBuffer: handle:0xee7404e0, format:1, w:1920, h:1080
05-27 18:48:43.675   581   581 I SpiService: fgesysctrl_getGPIO_status success val=1
05-27 18:48:43.681   581   581 I SpiService: fgesysctrl_getGPIO_status success val=1
05-27 18:48:43.686   581   581 I SpiService: fgesysctrl_getGPIO_status success val=0
05-27 08:39:52.651   581   581 D spi_rst_gpio_get_output: GPIO 145 value: 0
05-27 18:48:43.691 13911 14183 I SentryImuMcuAngleSender: 179.986rollDeg
05-27 18:48:43.691 13911 14183 I SentryImuMcuAngleSender: 1,0,0
05-27 18:48:43.692  1008 30856 D [OMXB]  : usingANWBuffer: handle:0xee741da0, format:1, w:1920, h:1080
05-27 18:48:43.699   299 30844 D EvsDriver: forwardFrame
05-27 18:48:43.701   581   581 I SpiService: fgesysctrl_getGPIO_status success val=1
05-27 18:48:43.702   299 30841 D EvsDriver: forwardFrame
05-27 18:48:43.702  1167  1184 D evsmanagerd: /dev/video6 forwarded the buffer #0 to 0xb4000074bf5f5510 from 0xb4000074bf5f6d90
05-27 08:39:52.666   581   581 D spidev_ioctl: gpio status=1)
05-27 18:48:43.705   299 30844 D EvsDriver: Delivered 0xb400007b7ca56900 as id 0
05-27 18:48:43.706   299  1163 D EvsDriver: doneWithFrame
05-27 18:48:43.707   581   581 I SpiService: fgesysctrl_getGPIO_status success val=1
05-27 18:48:43.708   536   536 D commservice260303: msg.id = 1028,0
05-27 18:48:43.708   536   536 D commservice260303: i = 170, msgid = 8A000404
05-27 18:48:43.708   536   536 D commservice260303: msgid = -1979710460,did=138
05-27 18:48:43.708   536   536 D commservice260303: CommProtocolLibCmdBaseI2C::dataproc {"command":{"id":"imu_status","sub":""},"content":{"TimeStamp":10,"FrameCounter":252518,"GD_X":-0.011759000830352306,"GD_Y":0.00641395291313529,"GD_Z":0.0018319635419175029,"AD_X":-0.0033867210149765015,"AD_Y":9.591460693627596E-4,"AD_Z":-0.16947650909423828,"TempDsp":0,"Status":0,"CalibState":1,"SigAmpInvalid":0}},-1979710460
05-27 18:48:43.708   299 30841 D EvsDriver: Delivered 0xb400007b7ca56a60 as id 0
05-27 18:48:43.708  1167  1184 D evsmanagerd: /dev/video4 forwarded the buffer #0 to 0xb4000074bf5f6850 from 0xb4000074bf5f41d0
05-27 18:48:43.709   536   536 D commservice260303: send2Cluster len:316, 7B22636F6D6D616E64223A7B226964223A22696D755F737461747573222C22737562223A22227D2C22636F6E74656E74223A7B2254696D655374616D70223A31302C224672616D65436F756E746572223A3235323531382C2247445F58223A2D302E3031313735393030303833303335323330362C2247445F59223A302E30303634313339353239313331333532392C2247445F5A223A302E303031383331393633353431393137353032392C2241445F58223A2D302E303033333836373231303134393736353031352C2241445F59223A392E353931343630363933363237353936452D342C2241445F5A223A2D302E31363934373635303930393432333832382C2254656D70447370223A302C22537461747573223A302C2243616C69625374617465223A312C22536967416D70496E76616C6964223A307D7D, 138 
05-27 18:48:43.709   536   536 D commservice260303: Push Message into SendPool fn=773522432
05-27 18:48:43.709   536   536 D commservice260303: ComProtocolLibSend2Cluster::send2ClusterRaw fn=773522432 , len=332
05-27 18:48:43.709   536   536 D commservice260303: sendCmdToPort :332!!!
05-27 18:48:43.709   536   536 D commservice260303: send Cmd To Port ++++5AA501488A0100041B2E6A16CC0B7B22636F6D6D616E64223A7B226964223A22696D755F737461747573222C22737562223A22227D2C22636F6E74656E74223A7B2254696D655374616D70223A31302C224672616D65436F756E746572223A3235323531382C2247445F58223A2D302E3031313735393030303833303335323330362C2247445F59223A302E30303634313339353239313331333532392C2247445F5A223A302E303031383331393633353431393137353032392C2241445F58223A2D302E303033333836373231303134393736353031352C2241445F59223A392E353931343630363933363237353936452D342C2241445F5A223A2D302E31363934373635303930393432333832382C2254656D70447370223A302C22537461747573223A302C2243616C69625374617465223A312C22536967416D70496E76616C6964223A307D7D9177
05-27 18:48:43.709   536   536 D commservice260303: bufferevent_write retrun value = 0
05-27 18:48:43.709   536   560 D commservice260303: client datas send succeed,send finish
05-27 18:48:43.710 13911 14192 D Sentinelmode_1.2.5.17_sentry: <SentryImuClusterFgeSender>imu_status sent to Linux, frame=252518, tsNs=10790952, tsMs=10, intervalMs=39, ad=(-0.003386721,9.5914607E-4,-0.16947651), gd=(-0.011759001,0.006413953,0.0018319635)
05-27 18:48:43.711   299  1163 D EvsDriver: doneWithFrame
05-27 18:48:43.712   283   307 I rvcservice: t.code = 3, t.value = 0
05-27 18:48:43.712 13911 14183 I SentryImuMcuAngleSender: 179.97899rollDeg
05-27 18:48:43.712 13911 14183 I SentryImuMcuAngleSender: 1,0,0
05-27 18:48:43.712   581   581 I SpiService: fgesysctrl_getGPIO_status success val=1
05-27 18:48:43.718   581   581 I SpiService: fgesysctrl_getGPIO_status success val=1
05-27 18:48:43.719  1008 30857 D [OMXB]  : usingANWBuffer: handle:0xee740dd0, format:1, w:1920, h:1080
05-27 18:48:43.724   581   581 I SpiService: fgesysctrl_getGPIO_status success val=1
05-27 08:39:52.689   581   581 D spidev_ioctl: gpio status=1)
05-27 18:48:43.727   299 30844 D EvsDriver: forwardFrame
05-27 18:48:43.729   299 30844 D EvsDriver: Delivered 0xb400007b7ca56900 as id 0
05-27 18:48:43.729  1167  1184 D evsmanagerd: /dev/video6 forwarded the buffer #0 to 0xb4000074bf5f5510 from 0xb4000074bf5f6d90
05-27 18:48:43.730   581   581 I SpiService: fgesysctrl_getGPIO_status success val=0
05-27 18:48:43.732 13911 14183 I SentryImuMcuAngleSender: 179.97899rollDeg
05-27 18:48:43.733 13911 14183 I SentryImuMcuAngleSender: 1,0,0
05-27 18:48:43.733   299 30841 D EvsDriver: forwardFrame
05-27 18:48:43.733   299  1163 D EvsDriver: doneWithFrame
05-27 18:48:43.736  1167  1184 D evsmanagerd: /dev/video4 forwarded the buffer #0 to 0xb4000074bf5f6850 from 0xb4000074bf5f41d0
05-27 18:48:43.737   299 30841 D EvsDriver: Delivered 0xb400007b7ca56a60 as id 0
05-27 18:48:43.739   299  1163 D EvsDriver: doneWithFrame
05-27 18:48:43.740  1008 30856 D [OMXB]  : usingANWBuffer: handle:0xee740430, format:1, w:1920, h:1080
05-27 18:48:43.741 30773 30789 I dvr_service_: Camera 0: MediaOK:153661764, frames:3470, isKeyFrame:0,pts:10790821688
05-27 18:48:43.745   481   598 I mcuc    : rev,n=1,6AA681D957008C8305000055000000B0000000000001000100003E5620B1A626AE20A820A65D1620A7414D20A8B2A3498EC1469700000000040000B3000000000000000000000000000000B44300000000000300000000000000AA000000E40701010000000000000000BB06050507EA051B000008009403CB00CC000000000000000000000000000000B500000000000000005E
05-27 18:48:43.745   351   373 D automotive.vehicle@2.0-adayo-datacomm-mcu: MCUDatacomm sendMessageFromVehicle prop: 0x83, areaId: 0x5, status: 0x0, timestamp: 0x0
05-27 18:48:43.745   351   373 D automotive.vehicle@2.0-adayo-datacomm-mcu: MCUDatacomm 1sendMessageFromVehicle ---> type = 7 
05-27 18:48:43.745   351   373 I automotive.vehicle@2.0-adayo-func-mcu: MCUFunc :sendMessageFromVehicle  msgBuff[0] = 131 
05-27 18:48:43.745   351   373 I automotive.vehicle@2.0-adayo-func-mcu: MCUFunc :sendMessageFromVehicle  msgBuff[1] = 5 
05-27 18:48:43.745   351   373 I automotive.vehicle@2.0-adayo-func-mcu: MCUFunc :sendMessageFromVehicle  msgBuff[2] = 0 
05-27 18:48:43.745   351   373 I automotive.vehicle@2.0-adayo-func-mcu: MCUFunc :sendMessageFromVehicle  msgBuff[3] = 0 
05-27 18:48:43.745   351   373 I automotive.vehicle@2.0-adayo-func-mcu: MCUFunc :sendMessageFromVehicle  msgBuff[4] = 85 
05-27 18:48:43.745   351   373 I automotive.vehicle@2.0-adayo-func-mcu: MCUFunc :sendMessageFromVehicle  msgBuff[5] = 0 
05-27 18:48:43.745   581   581 I SpiService: fgesysctrl_getGPIO_status success val=1
05-27 18:48:43.747   481   598 I mcuc    : rev,n=2,6AA681D958009E8B3002EB01020403A0030000030100000100000000002901A100000000003B000202000002020002A208FA29018000028000038000048000A3058000068000070000080000000000A4000000000000000000000101000700A502000000000102000200FF0100A6ECDD01010101010000000101010000000A0A0A0000010101040402020000000000000000000000000000000000000000000000000000EEC7
05-27 18:48:43.748  1041  1051 I ThermalCvtGovernor: soc(default) curTemp: 90095 tripTemp: 95000 setPollingDelay: 2000
05-27 08:39:52.710   581   581 D spi_rst_gpio_get_output: GPIO 145 value: 1
05-27 18:48:43.749   536   536 D commservice260303: msg.id = 1028,1
05-27 18:48:43.749   536   536 D commservice260303: i = 170, msgid = 8A000404
05-27 18:48:43.749   536   536 D commservice260303: msgid = -1979710460,did=138
05-27 18:48:43.749   536   536 D commservice260303: CommProtocolLibCmdBaseI2C::dataproc {"command":{"id":"imu_status","sub":""},"content":{"TimeStamp":10,"FrameCounter":252519,"GD_X":-0.010766036808490753,"GD_Y":0.005420989356935024,"GD_Z":0.0022902146447449923,"AD_X":-0.002170860767364502,"AD_Y":-2.621016465127468E-4,"AD_Z":-0.17191600799560547,"TempDsp":0,"Status":0,"CalibState":1,"SigAmpInvalid":0}},-1979710460
05-27 18:48:43.749   536   536 D commservice260303: send2Cluster len:317, 7B22636F6D6D616E64223A7B226964223A22696D755F737461747573222C22737562223A22227D2C22636F6E74656E74223A7B2254696D655374616D70223A31302C224672616D65436F756E746572223A3235323531392C2247445F58223A2D302E3031303736363033363830383439303735332C2247445F59223A302E3030353432303938393335363933353032342C2247445F5A223A302E303032323930323134363434373434393932332C2241445F58223A2D302E3030323137303836303736373336343530322C2241445F59223A2D322E363231303136343635313237343638452D342C2241445F5A223A2D302E31373139313630303739393536303534372C2254656D70447370223A302C22537461747573223A302C2243616C69625374617465223A312C22536967416D70496E76616C6964223A307D7D, 138 
05-27 18:48:43.749   536   536 D commservice260303: Push Message into SendPool fn=790299648
05-27 18:48:43.749   536   536 D commservice260303: ComProtocolLibSend2Cluster::send2ClusterRaw fn=790299648 , len=333
05-27 18:48:43.749   536   536 D commservice260303: sendCmdToPort :333!!!
05-27 18:48:43.749   536   536 D commservice260303: send Cmd To Port ++++5AA501498A0100041B2F6A16CC0B7B22636F6D6D616E64223A7B226964223A22696D755F737461747573222C22737562223A22227D2C22636F6E74656E74223A7B2254696D655374616D70223A31302C224672616D65436F756E746572223A3235323531392C2247445F58223A2D302E3031303736363033363830383439303735332C2247445F59223A302E3030353432303938393335363933353032342C2247445F5A223A302E303032323930323134363434373434393932332C2241445F58223A2D302E3030323137303836303736373336343530322C2241445F59223A2D322E363231303136343635313237343638452D342C2241445F5A223A2D302E31373139313630303739393536303534372C2254656D70447370223A302C22537461747573223A302C2243616C69625374617465223A312C22536967416D70496E76616C6964223A307D7DF975
05-27 18:48:43.749   481   598 I mcuc    : rev,n=3,6AA681D95900388B31000000000000000000F1000208FA00000000F20004EBE000000000F30000000000000000F400000000000000000000000000000002F5C5
05-27 18:48:43.749   536   536 D commservice260303: bufferevent_write retrun value = 0
05-27 18:48:43.750 13911 14192 D Sentinelmode_1.2.5.17_sentry: <SentryImuClusterFgeSender>imu_status sent to Linux, frame=252519, tsNs=10790987, tsMs=10, intervalMs=40, ad=(-0.0021708608,-2.6210165E-4,-0.17191601), gd=(-0.010766037,0.0054209894,0.0022902146)
05-27 18:48:43.750   536   560 D commservice260303: client datas send succeed,send finish
05-27 18:48:43.750 13911 14183 I SentryImuMcuAngleSender: [4, 18, 1, 0, 0],5
05-27 18:48:43.750 13911 14183 I McuCommManager: mcuCommSendcmd [4, 18, 1, 0, 0]
05-27 18:48:43.750 13911 13911 I Sentinelmode_1.2.5.17_sentry: <SentinelCarServiceManager>sensorType:291504647
05-27 18:48:43.750 13911 14183 I SentryImuMcuAngleSender: true
05-27 18:48:43.750 13911 14183 W Sentinelmode_1.2.5.17_sentry: <SentryImuMcuAngleSender>MCU IMU send interval abnormal: 1004ms
05-27 18:48:43.750   581   581 I SpiService: fgesysctrl_getGPIO_status success val=1
05-27 18:48:43.753 13911 14183 I SentryImuMcuAngleSender: 179.986rollDeg
05-27 18:48:43.753 13911 14183 I SentryImuMcuAngleSender: 1,0,0
05-27 18:48:43.756   581   581 I SpiService: fgesysctrl_getGPIO_status success val=1
05-27 18:48:43.757  1083  1083 I MyAppLog: [2026-05-27 18:48:43.756 I tboxap mcuSendYadiTransfer:196] [Mcu] [mcuYadiSend]: :00 08 1B 04 01 09 81 02 01 01
05-27 18:48:43.760   481   599 I mcuc    : start timer OK = 30426 
05-27 18:48:43.760  1008 30857 D [OMXB]  : usingANWBuffer: handle:0xee740170, format:1, w:1920, h:1080
05-27 18:48:43.762   581   581 I SpiService: fgesysctrl_getGPIO_status success val=1
05-27 18:48:43.761 30773 30773 I auditd  : type=1400 audit(0.0:65755): avc: denied { use } for comm=4E444B204D65646961436F6465635F path="/dmabuf:" dev="dmabuf" ino=1960919 scontext=u:r:adayo_dvr_service:s0 tcontext=u:r:mediaswcodec:s0 tclass=fd permissive=1
05-27 18:48:43.761 30773 30773 I /system/bin/adayo_dvr_service: type=1400 audit(0.0:65755): avc: denied { use } for comm=4E444B204D65646961436F6465635F path="/dmabuf:" dev="dmabuf" ino=1960919 scontext=u:r:adayo_dvr_service:s0 tcontext=u:r:mediaswcodec:s0 tclass=fd permissive=1
05-27 18:48:43.764   299 30841 D EvsDriver: forwardFrame
05-27 18:48:43.765   299 30844 D EvsDriver: forwardFrame
05-27 18:48:43.768   581   581 I SpiService: fgesysctrl_getGPIO_status success val=1
05-27 18:48:43.768   299 30844 D EvsDriver: Delivered 0xb400007b7ca56900 as id 0
05-27 18:48:43.768  1167  1184 D evsmanagerd: /dev/video6 forwarded the buffer #0 to 0xb4000074bf5f5510 from 0xb4000074bf5f6d90
05-27 18:48:43.769 30773 30781 E dvr_service_: [myNum:1] Received S**** loss
05-27 18:48:43.769   299  1163 D EvsDriver: doneWithFrame
05-27 18:48:43.769  1167  1184 D evsmanagerd: /dev/video4 forwarded the buffer #0 to 0xb4000074bf5f6850 from 0xb4000074bf5f41d0
05-27 18:48:43.769   299 30841 D EvsDriver: Delivered 0xb400007b7ca56a60 as id 0
05-27 18:48:43.769 30773 30781 E dvr_service_: [myNum:0] Received S**** loss
05-27 18:48:43.770   299  1163 D EvsDriver: doneWithFrame
05-27 18:48:43.772 13911 14183 I SentryImuMcuAngleSender: 180.0rollDeg
05-27 18:48:43.772 13911 14183 I SentryImuMcuAngleSender: 1,0,0
05-27 18:48:43.773   581   581 I SpiService: fgesysctrl_getGPIO_status success val=0
05-27 18:48:43.774   572   572 I Sensors : 230 AccelSensor: x:-0.170190,y:0.000000,z:-9.972281
