05-27 18:48:44.321  1083  1083 I MyAppLog: [2026-05-27 18:48:44.320 I tboxap mcuSendYadiTransfer:196] [Mcu] [mcuYadiSend]: :00 06 1C 04 01 09 A0 01
05-27 18:48:44.321  1083  1083 W MyAppLog: [2026-05-27 18:48:44.320 W tboxap tsp_ExternalEvent:109] [Tsp] [tsp_ExternalEvent] recv ExternalEvent = 61, size:4
05-27 18:48:44.321 13911 14192 D Sentinelmode_1.2.5.17_sentry: <SentryImuClusterFgeSender>imu_status sent to Linux, frame=252533, tsNs=10791558, tsMs=10, intervalMs=41, ad=(-9.585023E-4,-0.0037513927,-0.17130661), gd=(-0.011223768,0.0045809494,0.0022137526)
05-27 18:48:44.321  1083  1083 W MyAppLog: [2026-05-27 18:48:44.320 W tboxap tsp_TrigAlarmFilter:621] [Tsp] [tsp_TrigAlarmFilter] bit[1] check start: isActive:1 wasActive:1 lastReport:1779875391 delta:3533 severeCnt:0 severeDelta:-1
05-27 18:48:44.321  1083  1083 W MyAppLog: [2026-05-27 18:48:44.320 W tboxap tsp_TrigAlarmFilter:668] [Tsp] [tsp_TrigAlarmFilter] bit[1] check done: allow:0 outAlarmType:0x00 outBatt:0x00
05-27 18:48:44.321  1083  1083 W MyAppLog: [2026-05-27 18:48:44.320 W tboxap tsp_TrigAlarmFilter:621] [Tsp] [tsp_TrigAlarmFilter] bit[10] check start: isActive:1 wasActive:1 lastReport:1779875391 delta:3533 severeCnt:0 severeDelta:-1
05-27 18:48:44.321  1083  1083 W MyAppLog: [2026-05-27 18:48:44.320 W tboxap tsp_TrigAlarmFilter:668] [Tsp] [tsp_TrigAlarmFilter] bit[10] check done: allow:0 outAlarmType:0x00 outBatt:0x00
05-27 18:48:44.321  1083  1083 W MyAppLog: [2026-05-27 18:48:44.320 W tboxap tsp_TrigAlarmFilter:677] [Tsp] [tsp_TrigAlarmFilter] input alarmType:0x02 batt:0x04 output alarmType:0x00 batt:0x00 severeCnt:0
05-27 18:48:44.324   481   599 I mcuc    : start timer OK = 30428 
05-27 18:48:44.325   581   581 I SpiService: fgesysctrl_getGPIO_status success val=1
05-27 18:48:44.326  1008 30857 D [OMXB]  : usingANWBuffer: handle:0xee742a00, format:1, w:1920, h:1080
05-27 18:48:44.327 13911 14183 I SentryImuMcuAngleSender: -179.993rollDeg
05-27 18:48:44.327 13911 14183 I SentryImuMcuAngleSender: 1,0,0
05-27 18:48:44.330   581   581 I SpiService: fgesysctrl_getGPIO_status success val=1
05-27 18:48:44.331   299 30841 D EvsDriver: forwardFrame
05-27 18:48:44.334   299 30844 D EvsDriver: forwardFrame
05-27 18:48:44.334  1167  1167 D evsmanagerd: /dev/video4 forwarded the buffer #0 to 0xb4000074bf5f6850 from 0xb4000074bf5f41d0
05-27 18:48:44.334   299 30841 D EvsDriver: Delivered 0xb400007b7ca56a60 as id 0
05-27 18:48:44.336   581   581 I SpiService: fgesysctrl_getGPIO_status success val=1
05-27 18:48:44.337   299 30844 D EvsDriver: Delivered 0xb400007b7ca56900 as id 0
05-27 18:48:44.337  1167  1167 D evsmanagerd: /dev/video6 forwarded the buffer #0 to 0xb4000074bf5f5510 from 0xb4000074bf5f6d90
05-27 18:48:44.337   299  1163 D EvsDriver: doneWithFrame
05-27 18:48:44.341   299  1163 D EvsDriver: doneWithFrame
05-27 18:48:44.342   581   581 I SpiService: fgesysctrl_getGPIO_status success val=0
05-27 18:48:44.343   481   597 I mcuc    : send SPI:6AA602D95B000289003F6AA60176DC00F809011C040109A001000000000000000000000000000000000000000000000000000000000000000000000000000000000000000000000000000000000000000000000000000000000000000000000000000000000000000000000000000000000000000000000000000000000000000000000000000000000000000000000000000000000000000000000000000000000000000000000000000000000000000000000000000000000000000000000000000000000000000000000000000000000000000000000000000000000000000000000000000000000000000000000000000000000000000000000000000000000000000000000000E0
05-27 18:48:44.347 13911 14183 I SentryImuMcuAngleSender: 180.0rollDeg
05-27 18:48:44.347 13911 14183 I SentryImuMcuAngleSender: 1,0,0
05-27 18:48:44.351  1008 30857 D [OMXB]  : usingANWBuffer: handle:0xee744210, format:1, w:1920, h:1080
05-27 18:48:44.357   581   581 I SpiService: fgesysctrl_getGPIO_status success val=1
05-27 18:48:44.359   536   536 D commservice260303: msg.id = 1028,0
05-27 18:48:44.360   536   536 D commservice260303: i = 170, msgid = 8A000404
05-27 18:48:44.360   536   536 D commservice260303: msgid = -1979710460,did=138
05-27 18:48:44.360   536   536 D commservice260303: CommProtocolLibCmdBaseI2C::dataproc {"command":{"id":"imu_status","sub":""},"content":{"TimeStamp":10,"FrameCounter":252534,"GD_X":-0.01221725158393383,"GD_Y":0.00549693126231432,"GD_Z":0.0020608289632946253,"AD_X":-0.007038399577140808,"AD_Y":-0.002510557183995843,"AD_Z":-0.16947650909423828,"TempDsp":0,"Status":0,"CalibState":1,"SigAmpInvalid":0}},-1979710460
05-27 18:48:44.360   536   536 D commservice260303: send2Cluster len:315, 7B22636F6D6D616E64223A7B226964223A22696D755F737461747573222C22737562223A22227D2C22636F6E74656E74223A7B2254696D655374616D70223A31302C224672616D65436F756E746572223A3235323533342C2247445F58223A2D302E30313232313732353135383339333338332C2247445F59223A302E30303534393639333132363233313433322C2247445F5A223A302E303032303630383238393633323934363235332C2241445F58223A2D302E3030373033383339393537373134303830382C2241445F59223A2D302E3030323531303535373138333939353834332C2241445F5A223A2D302E31363934373635303930393432333832382C2254656D70447370223A302C22537461747573223A302C2243616C69625374617465223A312C22536967416D70496E76616C6964223A307D7D, 138 
05-27 18:48:44.360   536   536 D commservice260303: Push Message into SendPool fn=1041957888
05-27 18:48:44.360   536   536 D commservice260303: ComProtocolLibSend2Cluster::send2ClusterRaw fn=1041957888 , len=331
05-27 18:48:44.360   536   536 D commservice260303: sendCmdToPort :331!!!
05-27 18:48:44.360   536   536 D commservice260303: send Cmd To Port ++++5AA501478A0100041B3E6A16CC0C7B22636F6D6D616E64223A7B226964223A22696D755F737461747573222C22737562223A22227D2C22636F6E74656E74223A7B2254696D655374616D70223A31302C224672616D65436F756E746572223A3235323533342C2247445F58223A2D302E30313232313732353135383339333338332C2247445F59223A302E30303534393639333132363233313433322C2247445F5A223A302E303032303630383238393633323934363235332C2241445F58223A2D302E3030373033383339393537373134303830382C2241445F59223A2D302E3030323531303535373138333939353834332C2241445F5A223A2D302E31363934373635303930393432333832382C2254656D70447370223A302C22537461747573223A302C2243616C69625374617465223A312C22536967416D70496E76616C6964223A307D7D5DD2
05-27 18:48:44.360   536   536 D commservice260303: bufferevent_write retrun value = 0
05-27 18:48:44.360   536   560 D commservice260303: client datas send succeed,send finish
05-27 18:48:44.360 13911 14192 D Sentinelmode_1.2.5.17_sentry: <SentryImuClusterFgeSender>imu_status sent to Linux, frame=252534, tsNs=10791593, tsMs=10, intervalMs=39, ad=(-0.0070383996,-0.0025105572,-0.16947651), gd=(-0.012217252,0.0054969313,0.002060829)
05-27 18:48:44.360   572   622 I Sensors : 230 AccelSensor: x:-0.173239,y:0.001829,z:-9.975940
05-27 18:48:44.362   581   581 I SpiService: fgesysctrl_getGPIO_status success val=1
05-27 18:48:44.365  1008 30856 D [OMXB]  : usingANWBuffer: handle:0xee741e50, format:1, w:1920, h:1080
05-27 18:48:44.367   299 30841 D EvsDriver: forwardFrame
05-27 18:48:44.368 13911 14183 I SentryImuMcuAngleSender: 179.98949rollDeg
05-27 18:48:44.368 13911 14183 I SentryImuMcuAngleSender: 1,0,0
05-27 18:48:44.368   299 30844 D EvsDriver: forwardFrame
05-27 18:48:44.368   581   581 I SpiService: fgesysctrl_getGPIO_status success val=1
05-27 18:48:44.369   299 30844 D EvsDriver: Delivered 0xb400007b7ca56900 as id 0
05-27 18:48:44.369   299 30841 D EvsDriver: Delivered 0xb400007b7ca56a60 as id 0
05-27 18:48:44.369  1167  1184 D evsmanagerd: /dev/video4 forwarded the buffer #0 to 0xb4000074bf5f6850 from 0xb4000074bf5f41d0
05-27 18:48:44.369  1167  1167 D evsmanagerd: /dev/video6 forwarded the buffer #0 to 0xb4000074bf5f5510 from 0xb4000074bf5f6d90
05-27 18:48:44.372   299  1163 D EvsDriver: doneWithFrame
05-27 18:48:44.374   299  1163 D EvsDriver: doneWithFrame
05-27 18:48:44.374   581   581 I SpiService: fgesysctrl_getGPIO_status success val=1
05-27 18:48:44.379   581   581 I SpiService: fgesysctrl_getGPIO_status success val=1
05-27 18:48:44.385   581   581 I SpiService: fgesysctrl_getGPIO_status success val=0
05-27 18:48:44.388   566 11459 I gps_hdbd: Received: '$GNGGA,010435.000,,,,,0,00,,,M,,M,,*65
'
05-27 18:48:44.389 13911 14183 I SentryImuMcuAngleSender: 179.97899rollDeg
05-27 18:48:44.389 13911 14183 I SentryImuMcuAngleSender: 1,0,0
05-27 18:48:44.394   299 30841 D EvsDriver: forwardFrame
05-27 18:48:44.394   299 30844 D EvsDriver: forwardFrame
05-27 18:48:44.394   566 11459 I gps_hdbd: Received: '$GNGSA,A,1,,,,,,,,,,,,,,,,1*1D
'
05-27 18:48:44.395   566 11459 I gps_hdbd: Received: '$GNGSA,A,1,,,,,,,,,,,,,,,,3*1F
'
05-27 18:48:44.395   299 30844 D EvsDriver: Delivered 0xb400007b7ca56900 as id 0
05-27 18:48:44.395   299 30841 D EvsDriver: Delivered 0xb400007b7ca56a60 as id 0
05-27 18:48:44.395  1167  1167 D evsmanagerd: /dev/video4 forwarded the buffer #0 to 0xb4000074bf5f6850 from 0xb4000074bf5f41d0
05-27 18:48:44.395  1167  1184 D evsmanagerd: /dev/video6 forwarded the buffer #0 to 0xb4000074bf5f5510 from 0xb4000074bf5f6d90
05-27 18:48:44.397   481   598 I mcuc    : rev,n=1,6AA68276DC0002090120
05-27 18:48:44.397   299  1163 D EvsDriver: doneWithFrame
05-27 18:48:44.399   299  1163 D EvsDriver: doneWithFrame
05-27 18:48:44.399  1008 30857 D [OMXB]  : usingANWBuffer: handle:0xee743c90, format:1, w:1920, h:1080
05-27 18:48:44.399   581   581 I SpiService: fgesysctrl_getGPIO_status success val=1
05-27 18:48:44.399   536   536 D commservice260303: msg.id = 1028,0
05-27 18:48:44.399   536   536 D commservice260303: i = 170, msgid = 8A000404
05-27 18:48:44.399   536   536 D commservice260303: msgid = -1979710460,did=138
05-27 18:48:44.399   536   536 D commservice260303: CommProtocolLibCmdBaseI2C::dataproc {"command":{"id":"imu_status","sub":""},"content":{"TimeStamp":10,"FrameCounter":252535,"GD_X":-0.01153013575822115,"GD_Y":0.005268065724521875,"GD_Z":0.0021378109231591225,"AD_X":-0.005795523524284363,"AD_Y":0.00114733655937016,"AD_Z":-0.17191600799560547,"TempDsp":0,"Status":0,"CalibState":1,"SigAmpInvalid":0}},-1979710460
05-27 18:48:44.399   536   536 D commservice260303: send2Cluster len:314, 7B22636F6D6D616E64223A7B226964223A22696D755F737461747573222C22737562223A22227D2C22636F6E74656E74223A7B2254696D655374616D70223A31302C224672616D65436F756E746572223A3235323533352C2247445F58223A2D302E30313135333031333537353832323131352C2247445F59223A302E3030353236383036353732343532313837352C2247445F5A223A302E303032313337383130393233313539313232352C2241445F58223A2D302E3030353739353532333532343238343336332C2241445F59223A302E30303131343733333635353933373031362C2241445F5A223A2D302E31373139313630303739393536303534372C2254656D70447370223A302C22537461747573223A302C2243616C69625374617465223A312C22536967416D70496E76616C6964223A307D7D, 138 
05-27 18:48:44.400   536   536 D commservice260303: Push Message into SendPool fn=1058735104
05-27 18:48:44.400   536   536 D commservice260303: ComProtocolLibSend2Cluster::send2ClusterRaw fn=1058735104 , len=330
05-27 18:48:44.400   536   536 D commservice260303: sendCmdToPort :330!!!
05-27 18:48:44.400   536   536 D commservice260303: send Cmd To Port ++++5AA501468A0100041B3F6A16CC0C7B22636F6D6D616E64223A7B226964223A22696D755F737461747573222C22737562223A22227D2C22636F6E74656E74223A7B2254696D655374616D70223A31302C224672616D65436F756E746572223A3235323533352C2247445F58223A2D302E30313135333031333537353832323131352C2247445F59223A302E3030353236383036353732343532313837352C2247445F5A223A302E303032313337383130393233313539313232352C2241445F58223A2D302E3030353739353532333532343238343336332C2241445F59223A302E30303131343733333635353933373031362C2241445F5A223A2D302E31373139313630303739393536303534372C2254656D70447370223A302C22537461747573223A302C2243616C69625374617465223A312C22536967416D70496E76616C6964223A307D7D54AF
05-27 18:48:44.400   536   536 D commservice260303: bufferevent_write retrun value = 0
05-27 18:48:44.400   536   560 D commservice260303: client datas send succeed,send finish
05-27 18:48:44.400 13911 14192 D Sentinelmode_1.2.5.17_sentry: <SentryImuClusterFgeSender>imu_status sent to Linux, frame=252535, tsNs=10791629, tsMs=10, intervalMs=40, ad=(-0.0057955235,0.0011473366,-0.17191601), gd=(-0.011530136,0.0052680657,0.002137811)
05-27 18:48:44.400   566 11459 I gps_hdbd: Received: '$GNGSA,A,1,,,,,,,,,,,,,,,,4*18
'
05-27 18:48:44.402   566 11459 I gps_hdbd: Received: '$BDGSV,1,1,00,1*75
'
05-27 18:48:44.404   581   581 I SpiService: fgesysctrl_getGPIO_status success val=1
05-27 18:48:44.406   566 11459 I gps_hdbd: Received: '$BDGSV,1,1,00,5*71
'
05-27 18:48:44.407   566 11459 I gps_hdbd: Received: '$GPGSV,1,1,01,199,42,165,,1*60
'
05-27 18:48:44.410 13911 14183 I SentryImuMcuAngleSender: 179.97197rollDeg
05-27 18:48:44.410 13911 14183 I SentryImuMcuAngleSender: 1,0,0
05-27 18:48:44.410   581   581 I SpiService: fgesysctrl_getGPIO_status success val=1
05-27 18:48:44.412   566 11459 I gps_hdbd: Received: '$GPGSV,1,1,00,8*6D
'
05-27 18:48:44.412   566 11459 I gps_hdbd: Received: '$GAGSV,1,1,00,7*73
'
05-27 18:48:44.412   566 11459 I gps_hdbd: Received: '$GAGSV,1,1,00,1*75
'
05-27 18:48:44.413   283   307 I rvcservice: t.code = 7, t.value = 10791504
05-27 18:48:44.415   581   581 I SpiService: fgesysctrl_getGPIO_status success val=1
05-27 18:48:44.420  8130  8180 D ANWAPI  : (8130|0x05ECFCB0)[BTAPI] testing: step3: (2)
05-27 18:48:44.420  8130  8180 D ANWAPI  : (8130|0x05ECFCB0)[BTAPI] testing: step1: send HCI local read infor
05-27 18:48:44.420  8130  8180 D ANWStack: [  10791671][ANWBT] HCI: Sending HCI_ReadLocalVersionInformation command
05-27 18:48:44.420   581   581 I SpiService: fgesysctrl_getGPIO_status success val=1
05-27 18:48:44.421  8130  8180 D ANWStack: [  10791671][ANWBT] HCI Rx: CommandComplete event for ReadLocalVersionInformation, numCommandPackets=0x1, status=0x00 (Success)
05-27 18:48:44.421  8130  8180 D ANWStack: 
05-27 18:48:44.421  8130  8180 D ANWStack: [  10791672][ANWBT] HCI Rx:     CommandComplete Parameters: HCIversion=0xD, HCIrevision=0xB, LMP version=0xD, ManufacturerId=0xB3B, LMP subversion=0xB
05-27 18:48:44.421  8130  8180 D ANWStack: 
05-27 18:48:44.421  8130  8180 D ANWAPI  : (8130|0x05ECFCB0)[BTAPI] AnwhciEventCallback 14 1
05-27 18:48:44.421  8130  8180 D ANWAPI  : (8130|0x05ECFCB0)[BTAPI] btsdk_command_complete_event_handler cmdOpcode = 4097
05-27 18:48:44.421  8130  8180 D ANWAPI  : (8130|0x05ECFCB0)[BTAPI] testing: step2: receive complete(1)
05-27 18:48:44.421  8130  8180 D ANWStack: [  10791672][ANWBT] HCI: Host Controller manufacturer ID 0x0B3B
05-27 18:48:44.421  8130  8180 D ANWStack: 
05-27 18:48:44.423   566 11459 I gps_hdbd: Received: '$GNRMC,010435.000,V,,,,,,,270526,120.0,E,N,V*46
'
05-27 18:48:44.424   566 11459 I gps_hdbd: RMC : CALL gnss_sv_status_cb, view_in_sat <1>
05-27 18:48:44.424   566 11459 I gps_hdbd: [reportSvStatus]--->PLATFORM_BSP::Enter
05-27 18:48:44.424   566 11459 I gps_hdbd: hy abnormal deal:hy_cnr30_satellite_cnt=0
05-27 18:48:44.424   566 11459 D gps_hdbd: hy abnormal deal:hy_fixStatus_fail_count=0
05-27 18:48:44.424   566 11459 I gps_hdbd: Received: '$GNZDA,010435.000,27,05,2026,00,00*4D
'
05-27 18:48:44.425  1083  1083 W MyAppLog: [2026-05-27 18:48:44.424 W tboxap gpsSyncGpsInfoToDm:361] [Gps] [gpsSyncGpsInfoToDm] fix=0 mode=49 corner:0x01 alt=0.00 sat=0 hdop=0.00 pdop=0.00 vdop=0.00
05-27 18:48:44.426   581   581 I SpiService: fgesysctrl_getGPIO_status success val=0
05-27 18:48:44.427   299 30841 D EvsDriver: forwardFrame
05-27 18:48:44.429  1008 30856 D [OMXB]  : usingANWBuffer: handle:0xee7427f0, format:1, w:1920, h:1080
05-27 18:48:44.430  1167  1184 D evsmanagerd: /dev/video4 forwarded the buffer #0 to 0xb4000074bf5f6850 from 0xb4000074bf5f41d0
05-27 18:48:44.430 30773 30773 E dvr_service_: [myNum:0] Received S**** loss
05-27 18:48:44.430   299 30841 D EvsDriver: Delivered 0xb400007b7ca56a60 as id 0
05-27 18:48:44.430 13911 14131 D SVR_MNG_SvrMngProxy: getServer: mSvrManger is null
05-27 18:48:44.430 13911 14131 D SVR_MNG_SvrMngProxy: getNewStub: 
05-27 18:48:44.430 13911 14131 D SVR_MNG_SvrMngProxy: getNewStub: getSvrManagerService start
05-27 18:48:44.430 13911 14183 I SentryImuMcuAngleSender: 179.97198rollDeg
05-27 18:48:44.431 13911 14183 I SentryImuMcuAngleSender: 1,0,0
05-27 18:48:44.431   299 30844 D EvsDriver: forwardFrame
05-27 18:48:44.432 13911 14131 D SVR_MNG_SvrMngProxy: getNewStub: getSvrManagerService end
05-27 18:48:44.432 13911 14131 D SVR_MNG_SvrMngProxy: getServer: svrMngService doesn't start
05-27 18:48:44.432   299 30844 D EvsDriver: Delivered 0xb400007b7ca56900 as id 0
05-27 18:48:44.433  1167  1184 D evsmanagerd: /dev/video6 forwarded the buffer #0 to 0xb4000074bf5f5510 from 0xb4000074bf5f6d90
05-27 18:48:44.433 30773 30773 E dvr_service_: [myNum:1] Received S**** loss
05-27 18:48:44.433   299  1163 D EvsDriver: doneWithFrame
05-27 18:48:44.435   299  1163 D EvsDriver: doneWithFrame
05-27 18:48:44.437  1008 30857 D [OMXB]  : usingANWBuffer: handle:0xee7404e0, format:1, w:1920, h:1080
05-27 18:48:44.440   536   536 D commservice260303: msg.id = 1028,0
05-27 18:48:44.440   536   536 D commservice260303: i = 170, msgid = 8A000404
05-27 18:48:44.440   536   536 D commservice260303: msgid = -1979710460,did=138
05-27 18:48:44.440   536   536 D commservice260303: CommProtocolLibCmdBaseI2C::dataproc {"command":{"id":"imu_status","sub":""},"content":{"TimeStamp":10,"FrameCounter":252536,"GD_X":-0.011834942735731602,"GD_Y":0.004809814505279064,"GD_Z":0.0019079053308814764,"AD_X":-0.003956496715545654,"AD_Y":0.0023530293256044388,"AD_Z":-0.17191600799560547,"TempDsp":0,"Status":0,"CalibState":1,"SigAmpInvalid":0}},-1979710460
05-27 18:48:44.440   536   536 D commservice260303: send2Cluster len:317, 7B22636F6D6D616E64223A7B226964223A22696D755F737461747573222C22737562223A22227D2C22636F6E74656E74223A7B2254696D655374616D70223A31302C224672616D65436F756E746572223A3235323533362C2247445F58223A2D302E3031313833343934323733353733313630322C2247445F59223A302E3030343830393831343530353237393036342C2247445F5A223A302E303031393037393035333330383831343736342C2241445F58223A2D302E3030333935363439363731353534353635342C2241445F59223A302E303032333533303239333235363034343338382C2241445F5A223A2D302E31373139313630303739393536303534372C2254656D70447370223A302C22537461747573223A302C2243616C69625374617465223A312C22536967416D70496E76616C6964223A307D7D, 138 
05-27 18:48:44.440   536   536 D commservice260303: Push Message into SendPool fn=1075512320
05-27 18:48:44.440   536   536 D commservice260303: ComProtocolLibSend2Cluster::send2ClusterRaw fn=1075512320 , len=333
05-27 18:48:44.440   536   536 D commservice260303: sendCmdToPort :333!!!
05-27 18:48:44.440   581   581 I SpiService: fgesysctrl_getGPIO_status success val=1
05-27 18:48:44.440   536   536 D commservice260303: send Cmd To Port ++++5AA501498A0100041B406A16CC0C7B22636F6D6D616E64223A7B226964223A22696D755F737461747573222C22737562223A22227D2C22636F6E74656E74223A7B2254696D655374616D70223A31302C224672616D65436F756E746572223A3235323533362C2247445F58223A2D302E3031313833343934323733353733313630322C2247445F59223A302E3030343830393831343530353237393036342C2247445F5A223A302E303031393037393035333330383831343736342C2241445F58223A2D302E3030333935363439363731353534353635342C2241445F59223A302E303032333533303239333235363034343338382C2241445F5A223A2D302E31373139313630303739393536303534372C2254656D70447370223A302C22537461747573223A302C2243616C69625374617465223A312C22536967416D70496E76616C6964223A307D7D3089
05-27 18:48:44.440   536   536 D commservice260303: bufferevent_write retrun value = 0
05-27 18:48:44.440   536   560 D commservice260303: client datas send succeed,send finish
05-27 18:48:44.440 13911 14192 D Sentinelmode_1.2.5.17_sentry: <SentryImuClusterFgeSender>imu_status sent to Linux, frame=252536, tsNs=10791668, tsMs=10, intervalMs=40, ad=(-0.0039564967,0.0023530293,-0.17191601), gd=(-0.011834943,0.0048098145,0.0019079053)
05-27 18:48:44.445   581   581 I SpiService: fgesysctrl_getGPIO_status success val=1
05-27 18:48:44.446   566 11459 I gps_hdbd: Received: '$GNINS,1,1,TYPE,I,V,010435.000,19386000,FUS,-11,0,0,0,MOT,V,1,PATT,0.00,0.00,0.00,VEL,0.000,0.000,0.000,POS,40.0001330924,116.0001570688,84.176,IIA,1,0.00,0.00,0.00,BGA,0.31,-0.66,-0.13,0.000,0.000,0.000,IGA,0,-1,0,0,-2,98,VG,16c2ff1*26
'
05-27 18:48:44.450 15863 15925 D VersionPrinter: com.aispeech.lyra.daemon- VersionName:[8.0.1_260520.0.yadi_HuoXing] - append:[] - active:[]
05-27 18:48:44.451 13911 14183 I SentryImuMcuAngleSender: 179.97198rollDeg
05-27 18:48:44.451 13911 14183 I SentryImuMcuAngleSender: 1,0,0
05-27 18:48:44.451   581   581 I SpiService: fgesysctrl_getGPIO_status success val=1
05-27 18:48:44.452   566 11459 I gps_hdbd: Received: '$GNINS,CARSPEED,ADR_STATUS,0,Pulse_count,0,1,0,0,19386000,107710,0.000,0.000,0.000*03
'
05-27 18:48:44.456   581   581 I SpiService: fgesysctrl_getGPIO_status success val=1
05-27 18:48:44.458   566 11459 I gps_hdbd: Received: '$GNTXT,04,01,04,INS,V,1,,,,FLG,1,000000,1,0,1,0,0,Con,0*71
'
05-27 18:48:44.462   581   581 I SpiService: fgesysctrl_getGPIO_status success val=1
05-27 18:48:44.462  1008 30856 D [OMXB]  : usingANWBuffer: handle:0xee743500, format:1, w:1920, h:1080
05-27 18:48:44.463   566 11459 I gps_hdbd: Received: '$GNTXT,INSTALL,0.00,0.00,0.00,0.00,0.00,0.00,0*20
'
05-27 18:48:44.467   581   581 I SpiService: fgesysctrl_getGPIO_status success val=0
05-27 18:48:44.469   572   622 I Sensors : 230 GyroSensor: x:-0.010842,y:0.005650,z:0.001756
05-27 18:48:44.471   299 30841 D EvsDriver: forwardFrame
05-27 18:48:44.471   299 30844 D EvsDriver: forwardFrame
05-27 18:48:44.471 13911 14183 I SentryImuMcuAngleSender: 179.97899rollDeg
05-27 18:48:44.471 13911 14183 I SentryImuMcuAngleSender: 1,0,0
05-27 18:48:44.472   299 30844 D EvsDriver: Delivered 0xb400007b7ca56900 as id 0
05-27 18:48:44.472  1167  1184 D evsmanagerd: /dev/video6 forwarded the buffer #0 to 0xb4000074bf5f5510 from 0xb4000074bf5f6d90
05-27 18:48:44.474   299 30841 D EvsDriver: Delivered 0xb400007b7ca56a60 as id 0
05-27 18:48:44.474  1167  1184 D evsmanagerd: /dev/video4 forwarded the buffer #0 to 0xb4000074bf5f6850 from 0xb4000074bf5f41d0
05-27 18:48:44.477   299  1163 D EvsDriver: doneWithFrame
05-27 18:48:44.480   536   536 D commservice260303: msg.id = 1028,0
05-27 18:48:44.480   536   536 D commservice260303: i = 170, msgid = 8A000404
05-27 18:48:44.480   299  1163 D EvsDriver: doneWithFrame
05-27 18:48:44.480   536   536 D commservice260303: msgid = -1979710460,did=138
05-27 18:48:44.480   536   536 D commservice260303: CommProtocolLibCmdBaseI2C::dataproc {"command":{"id":"imu_status","sub":""},"content":{"TimeStamp":10,"FrameCounter":252537,"GD_X":-0.01038424763828516,"GD_Y":0.004733873065561056,"GD_Z":0.0020608289632946253,"AD_X":-0.002131715416908264,"AD_Y":0.0011184141039848328,"AD_Z":-0.17313671112060547,"TempDsp":0,"Status":0,"CalibState":1,"SigAmpInvalid":0}},-1979710460
05-27 18:48:44.480   536   536 D commservice260303: send2Cluster len:316, 7B22636F6D6D616E64223A7B226964223A22696D755F737461747573222C22737562223A22227D2C22636F6E74656E74223A7B2254696D655374616D70223A31302C224672616D65436F756E746572223A3235323533372C2247445F58223A2D302E30313033383432343736333832383531362C2247445F59223A302E3030343733333837333036353536313035362C2247445F5A223A302E303032303630383238393633323934363235332C2241445F58223A2D302E3030323133313731353431363930383236342C2241445F59223A302E303031313138343134313033393834383332382C2241445F5A223A2D302E31373331333637313131323036303534372C2254656D70447370223A302C22537461747573223A302C2243616C69625374617465223A312C22536967416D70496E76616C6964223A307D7D, 138 
05-27 18:48:44.480   536   536 D commservice260303: Push Message into SendPool fn=1092289536
05-27 18:48:44.480   536   536 D commservice260303: ComProtocolLibSend2Cluster::send2ClusterRaw fn=1092289536 , len=332
05-27 18:48:44.480   536   536 D commservice260303: sendCmdToPort :332!!!
05-27 18:48:44.481   536   536 D commservice260303: send Cmd To Port ++++5AA501488A0100041B416A16CC0C7B22636F6D6D616E64223A7B226964223A22696D755F737461747573222C22737562223A22227D2C22636F6E74656E74223A7B2254696D655374616D70223A31302C224672616D65436F756E746572223A3235323533372C2247445F58223A2D302E30313033383432343736333832383531362C2247445F59223A302E3030343733333837333036353536313035362C2247445F5A223A302E303032303630383238393633323934363235332C2241445F58223A2D302E3030323133313731353431363930383236342C2241445F59223A302E303031313138343134313033393834383332382C2241445F5A223A2D302E31373331333637313131323036303534372C2254656D70447370223A302C22537461747573223A302C2243616C69625374617465223A312C22536967416D70496E76616C6964223A307D7D7E6E
05-27 18:48:44.481   536   536 D commservice260303: bufferevent_write retrun value = 0
05-27 18:48:44.481   536   560 D commservice260303: client datas send succeed,send finish
05-27 18:48:44.481 13911 14192 D Sentinelmode_1.2.5.17_sentry: <SentryImuClusterFgeSender>imu_status sent to Linux, frame=252537, tsNs=10791726, tsMs=10, intervalMs=41, ad=(-0.0021317154,0.0011184141,-0.17313671), gd=(-0.010384248,0.004733873,0.002060829)
05-27 18:48:44.482   581   581 I SpiService: fgesysctrl_getGPIO_status success val=1
05-27 18:48:44.485  1008 30857 D [OMXB]  : usingANWBuffer: handle:0xee740dd0, format:1, w:1920, h:1080
05-27 18:48:44.487   581   581 I SpiService: fgesysctrl_getGPIO_status success val=1
05-27 18:48:44.492 13911 14183 I SentryImuMcuAngleSender: 179.97899rollDeg
05-27 18:48:44.492 13911 14183 I SentryImuMcuAngleSender: 1,0,0
05-27 18:48:44.493   581   581 I SpiService: fgesysctrl_getGPIO_status success val=1
05-27 18:48:44.498   581   581 I SpiService: fgesysctrl_getGPIO_status success val=1
05-27 18:48:44.498   299 30841 D EvsDriver: forwardFrame
05-27 18:48:44.498   299 30844 D EvsDriver: forwardFrame
05-27 18:48:44.501   299 30841 D EvsDriver: Delivered 0xb400007b7ca56a60 as id 0
05-27 18:48:44.501   299 30844 D EvsDriver: Delivered 0xb400007b7ca56900 as id 0
05-27 18:48:44.501  1167  1167 D evsmanagerd: /dev/video4 forwarded the buffer #0 to 0xb4000074bf5f6850 from 0xb4000074bf5f41d0
05-27 18:48:44.501  1167  1184 D evsmanagerd: /dev/video6 forwarded the buffer #0 to 0xb4000074bf5f5510 from 0xb4000074bf5f6d90
05-27 18:48:44.504   581   581 I SpiService: fgesysctrl_getGPIO_status success val=1
05-27 18:48:44.505   299  1163 D EvsDriver: doneWithFrame
05-27 18:48:44.505   299  1153 D EvsDriver: doneWithFrame
05-27 18:48:44.505 11344 11344 E SystemUI_NavBarFragment: SysUIConfig.icCarServiceConnected：false
05-27 18:48:44.509  1008 30856 D [OMXB]  : usingANWBuffer: handle:0xee7412a0, format:1, w:1920, h:1080
05-27 18:48:44.510   581   581 I SpiService: fgesysctrl_getGPIO_status success val=0
05-27 18:48:44.512 13911 14183 I SentryImuMcuAngleSender: 179.97548rollDeg
05-27 18:48:44.513 13911 14183 I SentryImuMcuAngleSender: 1,0,0
05-27 18:48:44.513   283   307 I rvcservice: t.code = 3, t.value = 0
05-27 18:48:44.521   536   536 D commservice260303: msg.id = 1028,0
05-27 18:48:44.521   536   536 D commservice260303: i = 170, msgid = 8A000404
05-27 18:48:44.521   536   536 D commservice260303: msgid = -1979710460,did=138
05-27 18:48:44.521   536   536 D commservice260303: CommProtocolLibCmdBaseI2C::dataproc {"command":{"id":"imu_status","sub":""},"content":{"TimeStamp":10,"FrameCounter":252538,"GD_X":-0.011300750076770782,"GD_Y":0.0051151420921087265,"GD_Z":0.0019848872907459736,"AD_X":-0.004566580057144165,"AD_Y":0.0017210147343575954,"AD_Z":-0.17069625854492188,"TempDsp":0,"Status":0,"CalibState":1,"SigAmpInvalid":0}},-1979710460
05-27 18:48:44.521   536   536 D commservice260303: send2Cluster len:318, 7B22636F6D6D616E64223A7B226964223A22696D755F737461747573222C22737562223A22227D2C22636F6E74656E74223A7B2254696D655374616D70223A31302C224672616D65436F756E746572223A3235323533382C2247445F58223A2D302E3031313330303735303037363737303738322C2247445F59223A302E303035313135313432303932313038373236352C2247445F5A223A302E303031393834383837323930373435393733362C2241445F58223A2D302E3030343536363538303035373134343136352C2241445F59223A302E303031373231303134373334333537353935342C2241445F5A223A2D302E31373036393632353835343439323138382C2254656D70447370223A302C22537461747573223A302C2243616C69625374617465223A312C22536967416D70496E76616C6964223A307D7D, 138 
05-27 18:48:44.521   536   536 D commservice260303: Push Message into SendPool fn=1109066752
05-27 18:48:44.521   536   536 D commservice260303: ComProtocolLibSend2Cluster::send2ClusterRaw fn=1109066752 , len=334
05-27 18:48:44.521   536   536 D commservice260303: sendCmdToPort :334!!!
05-27 18:48:44.521   536   536 D commservice260303: send Cmd To Port ++++5AA5014A8A0100041B426A16CC0C7B22636F6D6D616E64223A7B226964223A22696D755F737461747573222C22737562223A22227D2C22636F6E74656E74223A7B2254696D655374616D70223A31302C224672616D65436F756E746572223A3235323533382C2247445F58223A2D302E3031313330303735303037363737303738322C2247445F59223A302E303035313135313432303932313038373236352C2247445F5A223A302E303031393834383837323930373435393733362C2241445F58223A2D302E3030343536363538303035373134343136352C2241445F59223A302E303031373231303134373334333537353935342C2241445F5A223A2D302E31373036393632353835343439323138382C2254656D70447370223A302C22537461747573223A302C2243616C69625374617465223A312C22536967416D70496E76616C6964223A307D7DB487
05-27 18:48:44.521   536   536 D commservice260303: bufferevent_write retrun value = 0
05-27 18:48:44.521   536   560 D commservice260303: client datas send succeed,send finish
05-27 18:48:44.521 13911 14192 D Sentinelmode_1.2.5.17_sentry: <SentryImuClusterFgeSender>imu_status sent to Linux, frame=252538, tsNs=10791754, tsMs=10, intervalMs=40, ad=(-0.00456658,0.0017210147,-0.17069626), gd=(-0.01130075,0.005115142,0.0019848873)
05-27 18:48:44.524  1008 30857 D [OMXB]  : usingANWBuffer: handle:0xee741400, format:1, w:1920, h:1080
05-27 18:48:44.524   581   581 I SpiService: fgesysctrl_getGPIO_status success val=1
05-27 18:48:44.524 30773 30786 I dvr_service_: CameraX 1  audioOK: 154374785,audios:2300
05-27 18:48:44.526   299 30841 D EvsDriver: forwardFrame
05-27 18:48:44.526   299 30844 D EvsDriver: forwardFrame
05-27 18:48:44.528   299 30841 D EvsDriver: Delivered 0xb400007b7ca56a60 as id 0
05-27 18:48:44.528  1167  1184 D evsmanagerd: /dev/video4 forwarded the buffer #0 to 0xb4000074bf5f6850 from 0xb4000074bf5f41d0
05-27 18:48:44.528   299 30844 D EvsDriver: Delivered 0xb400007b7ca56900 as id 0
05-27 18:48:44.528  1167  1167 D evsmanagerd: /dev/video6 forwarded the buffer #0 to 0xb4000074bf5f5510 from 0xb4000074bf5f6d90
05-27 18:48:44.530   581   581 I SpiService: fgesysctrl_getGPIO_status success val=1
05-27 18:48:44.530   299  1163 D EvsDriver: doneWithFrame
05-27 18:48:44.531   299  1153 D EvsDriver: doneWithFrame
05-27 18:48:44.533 13911 14183 I SentryImuMcuAngleSender: 179.97197rollDeg
05-27 18:48:44.533 13911 14183 I SentryImuMcuAngleSender: 1,0,0
05-27 18:48:44.535   581   581 I SpiService: fgesysctrl_getGPIO_status success val=1
05-27 18:48:44.541   581   581 I SpiService: fgesysctrl_getGPIO_status success val=1
05-27 18:48:44.544   536   760 I commservice260303: [mcuCommFunctionTcp::ProtocolCheckConnectTimeOutProc:613] keyID:256,tcpEvent:5,tcpcount:0,heartbeat:1,noHeartBeatNumber:0,endispatch:0,strState:0
05-27 18:48:44.544   536   760 D commservice260303: ProtocolCheckConnectTimeOutProc,629,clear heartbeat
05-27 18:48:44.546   581   581 I SpiService: fgesysctrl_getGPIO_status success val=0
05-27 18:48:44.554 13911 14183 I SentryImuMcuAngleSender: 179.98598rollDeg
05-27 18:48:44.554 13911 14183 I SentryImuMcuAngleSender: 1,0,0
05-27 18:48:44.556   572   572 I Sensors : 230 AccelSensor: x:-0.170190,y:0.001220,z:-9.972281
05-27 18:48:44.560   581   581 I SpiService: fgesysctrl_getGPIO_status success val=1
05-27 18:48:44.561   536   536 D commservice260303: msg.id = 1028,0
05-27 18:48:44.561   536   536 D commservice260303: i = 170, msgid = 8A000404
05-27 18:48:44.561   536   536 D commservice260303: msgid = -1979710460,did=138
05-27 18:48:44.561   536   536 D commservice260303: CommProtocolLibCmdBaseI2C::dataproc {"command":{"id":"imu_status","sub":""},"content":{"TimeStamp":10,"FrameCounter":252539,"GD_X":-0.010154861956834793,"GD_Y":0.004505007527768612,"GD_Z":0.0020608289632946253,"AD_X":-0.0039430707693099976,"AD_Y":-0.0013313740491867065,"AD_Z":-0.1670370101928711,"TempDsp":0,"Status":0,"CalibState":1,"SigAmpInvalid":0}},-1979710460
05-27 18:48:44.561   536   536 D commservice260303: send2Cluster len:318, 7B22636F6D6D616E64223A7B226964223A22696D755F737461747573222C22737562223A22227D2C22636F6E74656E74223A7B2254696D655374616D70223A31302C224672616D65436F756E746572223A3235323533392C2247445F58223A2D302E3031303135343836313935363833343739332C2247445F59223A302E3030343530353030373532373736383631322C2247445F5A223A302E303032303630383238393633323934363235332C2241445F58223A2D302E303033393433303730373639333039393937362C2241445F59223A2D302E303031333331333734303439313836373036352C2241445F5A223A2D302E313637303337303130313932383731312C2254656D70447370223A302C22537461747573223A302C2243616C69625374617465223A312C22536967416D70496E76616C6964223A307D7D, 138 
05-27 18:48:44.561   536   536 D commservice260303: Push Message into SendPool fn=1125843968
05-27 18:48:44.561   536   536 D commservice260303: ComProtocolLibSend2Cluster::send2ClusterRaw fn=1125843968 , len=334
05-27 18:48:44.561   536   536 D commservice260303: sendCmdToPort :334!!!
05-27 18:48:44.561   536   536 D commservice260303: send Cmd To Port ++++5AA5014A8A0100041B436A16CC0C7B22636F6D6D616E64223A7B226964223A22696D755F737461747573222C22737562223A22227D2C22636F6E74656E74223A7B2254696D655374616D70223A31302C224672616D65436F756E746572223A3235323533392C2247445F58223A2D302E3031303135343836313935363833343739332C2247445F59223A302E3030343530353030373532373736383631322C2247445F5A223A302E303032303630383238393633323934363235332C2241445F58223A2D302E303033393433303730373639333039393937362C2241445F59223A2D302E303031333331333734303439313836373036352C2241445F5A223A2D302E313637303337303130313932383731312C2254656D70447370223A302C22537461747573223A302C2243616C69625374617465223A312C22536967416D70496E76616C6964223A307D7D90B5
05-27 18:48:44.561   536   536 D commservice260303: bufferevent_write retrun value = 0
05-27 18:48:44.561   536   560 D commservice260303: client datas send succeed,send finish
05-27 18:48:44.561  1008 30856 D [OMXB]  : usingANWBuffer: handle:0xee740170, format:1, w:1920, h:1080
05-27 18:48:44.561 13911 14192 D Sentinelmode_1.2.5.17_sentry: <SentryImuClusterFgeSender>imu_status sent to Linux, frame=252539, tsNs=10791806, tsMs=10, intervalMs=40, ad=(-0.003943071,-0.001331374,-0.16703701), gd=(-0.010154862,0.0045050075,0.002060829)
05-27 18:48:44.562   299 30844 D EvsDriver: forwardFrame
05-27 18:48:44.563   299 30841 D EvsDriver: forwardFrame
05-27 18:48:44.565   299 30841 D EvsDriver: Delivered 0xb400007b7ca56a60 as id 0
05-27 18:48:44.565   299 30844 D EvsDriver: Delivered 0xb400007b7ca56900 as id 0
05-27 18:48:44.565  1167  1167 D evsmanagerd: /dev/video6 forwarded the buffer #0 to 0xb4000074bf5f5510 from 0xb4000074bf5f6d90
05-27 18:48:44.565  1167  1184 D evsmanagerd: /dev/video4 forwarded the buffer #0 to 0xb4000074bf5f6850 from 0xb4000074bf5f41d0
05-27 18:48:44.566   581   581 I SpiService: fgesysctrl_getGPIO_status success val=1
05-27 18:48:44.569   299  1153 D EvsDriver: doneWithFrame
05-27 18:48:44.570   299  1153 D EvsDriver: doneWithFrame
05-27 18:48:44.572   581   581 I SpiService: fgesysctrl_getGPIO_status success val=1
05-27 18:48:44.573 13911 14183 I SentryImuMcuAngleSender: 179.99298rollDeg
05-27 18:48:44.574 13911 14183 I SentryImuMcuAngleSender: 1,0,0
05-27 18:48:44.577   581   581 I SpiService: fgesysctrl_getGPIO_status success val=1
05-27 18:48:44.583 30773 30786 I dvr_service_: CameraX 0  audioOK: 154374785,audios:2300
05-27 18:48:44.583   581   581 I SpiService: fgesysctrl_getGPIO_status success val=1
05-27 18:48:44.584  1008 30857 D [OMXB]  : usingANWBuffer: handle:0xee742ab0, format:1, w:1920, h:1080
05-27 18:48:44.584 30773 30789 I dvr_service_: Camera 1: MediaOK:154250881, frames:3460, isKeyFrame:0,pts:10791595291
05-27 18:48:44.588   581   581 I SpiService: fgesysctrl_getGPIO_status success val=1
05-27 18:48:44.590   566  1171 I gps_hdbd: [gps_upgrade_thread 3506]Enter
05-27 18:48:44.590   566  1171 I gps_hdbd: [gps_upgrade_thread 3535] sys.gps.update:0 ,file:not ,upgrate_ing:0
05-27 18:48:44.590   299 30841 D EvsDriver: forwardFrame
05-27 18:48:44.593   299 30841 D EvsDriver: Delivered 0xb400007b7ca56a60 as id 0
05-27 18:48:44.593  1167  1184 D evsmanagerd: /dev/video4 forwarded the buffer #0 to 0xb4000074bf5f6850 from 0xb4000074bf5f41d0
05-27 18:48:44.593 30773 30781 E dvr_service_: [myNum:0] Received S**** loss
05-27 18:48:44.593 13911 14183 I SentryImuMcuAngleSender: 179.99298rollDeg
05-27 18:48:44.593 13911 14183 I SentryImuMcuAngleSender: 1,0,0
05-27 18:48:44.593   299 30844 D EvsDriver: forwardFrame
05-27 18:48:44.594   299  1153 D EvsDriver: doneWithFrame
05-27 18:48:44.594   581   581 I SpiService: fgesysctrl_getGPIO_status success val=0
05-27 18:48:44.595   299 30844 D EvsDriver: Delivered 0xb400007b7ca56900 as id 0
05-27 18:48:44.595  1167  1184 D evsmanagerd: /dev/video6 forwarded the buffer #0 to 0xb4000074bf5f5510 from 0xb4000074bf5f6d90
05-27 18:48:44.595 30773 30781 E dvr_service_: [myNum:1] Received S**** loss
05-27 18:48:44.595   299  1153 D EvsDriver: doneWithFrame
05-27 18:48:44.601   536   536 D commservice260303: msg.id = 1028,0
05-27 18:48:44.601   536   536 D commservice260303: i = 170, msgid = 8A000404
05-27 18:48:44.601   536   536 D commservice260303: msgid = -1979710460,did=138
05-27 18:48:44.601   536   536 D commservice260303: CommProtocolLibCmdBaseI2C::dataproc {"command":{"id":"imu_status","sub":""},"content":{"TimeStamp":10,"FrameCounter":252540,"GD_X":-0.010994902811944485,"GD_Y":0.005268065724521875,"GD_Z":0.002519079949706793,"AD_X":-0.003327667713165283,"AD_Y":-0.0013186275027692318,"AD_Z":-0.1670370101928711,"TempDsp":0,"Status":0,"CalibState":1,"SigAmpInvalid":0}},-1979710460
05-27 18:48:44.601   536   536 D commservice260303: send2Cluster len:316, 7B22636F6D6D616E64223A7B226964223A22696D755F737461747573222C22737562223A22227D2C22636F6E74656E74223A7B2254696D655374616D70223A31302C224672616D65436F756E746572223A3235323534302C2247445F58223A2D302E3031303939343930323831313934343438352C2247445F59223A302E3030353236383036353732343532313837352C2247445F5A223A302E3030323531393037393934393730363739332C2241445F58223A2D302E3030333332373636373731333136353238332C2241445F59223A2D302E303031333138363237353032373639323331382C2241445F5A223A2D302E313637303337303130313932383731312C2254656D70447370223A302C22537461747573223A302C2243616C69625374617465223A312C22536967416D70496E76616C6964223A307D7D, 138 
05-27 18:48:44.601   536   536 D commservice260303: Push Message into SendPool fn=1142621184
05-27 18:48:44.601   536   536 D commservice260303: ComProtocolLibSend2Cluster::send2ClusterRaw fn=1142621184 , len=332
05-27 18:48:44.601   536   536 D commservice260303: sendCmdToPort :332!!!
05-27 18:48:44.601   536   536 D commservice260303: send Cmd To Port ++++5AA501488A0100041B446A16CC0C7B22636F6D6D616E64223A7B226964223A22696D755F737461747573222C22737562223A22227D2C22636F6E74656E74223A7B2254696D655374616D70223A31302C224672616D65436F756E746572223A3235323534302C2247445F58223A2D302E3031303939343930323831313934343438352C2247445F59223A302E3030353236383036353732343532313837352C2247445F5A223A302E3030323531393037393934393730363739332C2241445F58223A2D302E3030333332373636373731333136353238332C2241445F59223A2D302E303031333138363237353032373639323331382C2241445F5A223A2D302E313637303337303130313932383731312C2254656D70447370223A302C22537461747573223A302C2243616C69625374617465223A312C22536967416D70496E76616C6964223A307D7DA6DF
05-27 18:48:44.602   536   536 D commservice260303: bufferevent_write retrun value = 0
05-27 18:48:44.602   536   560 D commservice260303: client datas send succeed,send finish
05-27 18:48:44.602 13911 14192 D Sentinelmode_1.2.5.17_sentry: <SentryImuClusterFgeSender>imu_status sent to Linux, frame=252540, tsNs=10791843, tsMs=10, intervalMs=40, ad=(-0.0033276677,-0.0013186275,-0.16703701), gd=(-0.010994903,0.0052680657,0.00251908)
05-27 18:48:44.606  1008 30856 D [OMXB]  : usingANWBuffer: handle:0xee741da0, format:1, w:1920, h:1080
05-27 18:48:44.608   581   581 I SpiService: fgesysctrl_getGPIO_status success val=1
05-27 18:48:44.613 13911 14183 I SentryImuMcuAngleSender: 179.98598rollDeg
05-27 18:48:44.613 13911 14183 I SentryImuMcuAngleSender: 1,0,0
05-27 18:48:44.614   283   307 I rvcservice: t.code = 2, t.value = 9980820
05-27 18:48:44.614   581   581 I SpiService: fgesysctrl_getGPIO_status success val=1
05-27 18:48:44.619   581   581 I SpiService: fgesysctrl_getGPIO_status success val=1
05-27 18:48:44.623  1008 30857 D [OMXB]  : usingANWBuffer: handle:0xee742270, format:1, w:1920, h:1080
05-27 18:48:44.625   581   581 I SpiService: fgesysctrl_getGPIO_status success val=1
05-27 18:48:44.627   299 30844 D EvsDriver: forwardFrame
05-27 18:48:44.627   299 30841 D EvsDriver: forwardFrame
05-27 18:48:44.630   299 30844 D EvsDriver: Delivered 0xb400007b7ca56900 as id 0
05-27 18:48:44.630  1167  1184 D evsmanagerd: /dev/video6 forwarded the buffer #0 to 0xb4000074bf5f5510 from 0xb4000074bf5f6d90
05-27 18:48:44.630   299 30841 D EvsDriver: Delivered 0xb400007b7ca56a60 as id 0
05-27 18:48:44.630  1167  1184 D evsmanagerd: /dev/video4 forwarded the buffer #0 to 0xb4000074bf5f6850 from 0xb4000074bf5f41d0
05-27 18:48:44.630   581   581 I SpiService: fgesysctrl_getGPIO_status success val=0
05-27 18:48:44.634 13911 14183 I SentryImuMcuAngleSender: 179.98598rollDeg
05-27 18:48:44.634 13911 14183 I SentryImuMcuAngleSender: 1,0,0
05-27 18:48:44.634   299  1153 D EvsDriver: doneWithFrame
05-27 18:48:44.635   299  1163 D EvsDriver: doneWithFrame
05-27 18:48:44.641   536   536 D commservice260303: msg.id = 1028,0
05-27 18:48:44.641   536   536 D commservice260303: i = 170, msgid = 8A000404
05-27 18:48:44.641   536   536 D commservice260303: msgid = -1979710460,did=138
05-27 18:48:44.641   536   536 D commservice260303: CommProtocolLibCmdBaseI2C::dataproc {"command":{"id":"imu_status","sub":""},"content":{"TimeStamp":10,"FrameCounter":252541,"GD_X":-0.012063807807862759,"GD_Y":0.005802778527140617,"GD_Z":0.002213752595707774,"AD_X":-8.965283632278442E-4,"AD_Y":-9.840354323387146E-5,"AD_Z":-0.1682577133178711,"TempDsp":0,"Status":0,"CalibState":1,"SigAmpInvalid":0}},-1979710460
05-27 18:48:44.641   536   536 D commservice260303: send2Cluster len:315, 7B22636F6D6D616E64223A7B226964223A22696D755F737461747573222C22737562223A22227D2C22636F6E74656E74223A7B2254696D655374616D70223A31302C224672616D65436F756E746572223A3235323534312C2247445F58223A2D302E3031323036333830373830373836323735392C2247445F59223A302E3030353830323737383532373134303631372C2247445F5A223A302E3030323231333735323539353730373737342C2241445F58223A2D382E393635323833363332323738343432452D342C2241445F59223A2D392E383430333534333233333837313436452D352C2241445F5A223A2D302E313638323537373133333137383731312C2254656D70447370223A302C22537461747573223A302C2243616C69625374617465223A312C22536967416D70496E76616C6964223A307D7D, 138 
05-27 18:48:44.641   536   536 D commservice260303: Push Message into SendPool fn=1159398400
05-27 18:48:44.641   536   536 D commservice260303: ComProtocolLibSend2Cluster::send2ClusterRaw fn=1159398400 , len=331
05-27 18:48:44.641   536   536 D commservice260303: sendCmdToPort :331!!!
05-27 18:48:44.641   536   536 D commservice260303: send Cmd To Port ++++5AA501478A0100041B456A16CC0C7B22636F6D6D616E64223A7B226964223A22696D755F737461747573222C22737562223A22227D2C22636F6E74656E74223A7B2254696D655374616D70223A31302C224672616D65436F756E746572223A3235323534312C2247445F58223A2D302E3031323036333830373830373836323735392C2247445F59223A302E3030353830323737383532373134303631372C2247445F5A223A302E3030323231333735323539353730373737342C2241445F58223A2D382E393635323833363332323738343432452D342C2241445F59223A2D392E383430333534333233333837313436452D352C2241445F5A223A2D302E313638323537373133333137383731312C2254656D70447370223A302C22537461747573223A302C2243616C69625374617465223A312C22536967416D70496E76616C6964223A307D7D480D
05-27 18:48:44.641   536   536 D commservice260303: bufferevent_write retrun value = 0
05-27 18:48:44.641   536   560 D commservice260303: client datas send succeed,send finish
05-27 18:48:44.641 13911 14192 D Sentinelmode_1.2.5.17_sentry: <SentryImuClusterFgeSender>imu_status sent to Linux, frame=252541, tsNs=10791879, tsMs=10, intervalMs=40, ad=(-8.9652836E-4,-9.840354E-5,-0.16825771), gd=(-0.012063808,0.0058027785,0.0022137526)
05-27 18:48:44.642  1008 30856 D [OMXB]  : usingANWBuffer: handle:0xee740430, format:1, w:1920, h:1080
05-27 18:48:44.643 30773 30789 I dvr_service_: Camera 0: MediaOK:154498548, frames:3490, isKeyFrame:0,pts:10791658472
05-27 18:48:44.645   581   581 I SpiService: fgesysctrl_getGPIO_status success val=1
05-27 18:48:44.645   572   572 I Sensors : 230 GyroSensor: x:-0.011682,y:0.005879,z:0.002443
05-27 18:48:44.647   481   598 I mcuc    : rev,n=1,6AA681D95C001B89003E0600030E303132333435363738394142434445464700000068
05-27 18:48:44.647   351   373 D automotive.vehicle@2.0-adayo-datacomm-mcu: MCUDatacomm sendMessageFromVehicle prop: 0x89, areaId: 0x0, status: 0x3e, timestamp: 0x6
05-27 18:48:44.647   351   373 D automotive.vehicle@2.0-adayo-datacomm-mcu: MCUDatacomm 1sendMessageFromVehicle ---> type = 3 
05-27 18:48:44.647   351   373 D automotive.vehicle@2.0-adayo-func-bcm: sendMessageFromVehicle sendMessageFromVehicle
05-27 18:48:44.648   351   516 D automotive.vehicle@2.0-adayo-func-bcm: jjfan1 ______procotolSize :1
05-27 18:48:44.648   351   516 D automotive.vehicle@2.0-adayo-func-bcm: BCMFunc sendMessageFromVehicle_l dataType: 13,mByte=7,propid=0x2110001a
05-27 18:48:44.648   351   516 D automotive.vehicle@2.0-adayo-func-bcm: BCMFunc VEHICLE_VIN_CODE111 0x2110001a 
05-27 18:48:44.648   351   516 E automotive.vehicle@2.0-adayo-func-bcm: byteArrayToASCIIString, index 7 hex: 30, ascii: 0
05-27 18:48:44.648   351   516 E automotive.vehicle@2.0-adayo-func-bcm: byteArrayToASCIIString, index 8 hex: 31, ascii: 01
05-27 18:48:44.648   351   516 E automotive.vehicle@2.0-adayo-func-bcm: byteArrayToASCIIString, index 9 hex: 32, ascii: 012
05-27 18:48:44.648   351   516 E automotive.vehicle@2.0-adayo-func-bcm: byteArrayToASCIIString, index 10 hex: 33, ascii: 0123
05-27 18:48:44.648   351   516 E automotive.vehicle@2.0-adayo-func-bcm: byteArrayToASCIIString, index 11 hex: 34, ascii: 01234
05-27 18:48:44.648   351   516 E automotive.vehicle@2.0-adayo-func-bcm: byteArrayToASCIIString, index 12 hex: 35, ascii: 012345
05-27 18:48:44.648   351   516 E automotive.vehicle@2.0-adayo-func-bcm: byteArrayToASCIIString, index 13 hex: 36, ascii: 0123456
05-27 18:48:44.648   351   516 E automotive.vehicle@2.0-adayo-func-bcm: byteArrayToASCIIString, index 14 hex: 37, ascii: 01234567
05-27 18:48:44.648   351   516 E automotive.vehicle@2.0-adayo-func-bcm: byteArrayToASCIIString, index 15 hex: 38, ascii: 012345678
05-27 18:48:44.648   351   516 E automotive.vehicle@2.0-adayo-func-bcm: byteArrayToASCIIString, index 16 hex: 39, ascii: 0123456789
05-27 18:48:44.648   351   516 E automotive.vehicle@2.0-adayo-func-bcm: byteArrayToASCIIString, index 17 hex: 41, ascii: 0123456789A
05-27 18:48:44.648   351   516 E automotive.vehicle@2.0-adayo-func-bcm: byteArrayToASCIIString, index 18 hex: 42, ascii: 0123456789AB
05-27 18:48:44.648   351   516 E automotive.vehicle@2.0-adayo-func-bcm: byteArrayToASCIIString, index 19 hex: 43, ascii: 0123456789ABC
05-27 18:48:44.648   351   516 E automotive.vehicle@2.0-adayo-func-bcm: byteArrayToASCIIString, index 20 hex: 44, ascii: 0123456789ABCD
05-27 18:48:44.648   351   516 E automotive.vehicle@2.0-adayo-func-bcm: byteArrayToASCIIString, index 21 hex: 45, ascii: 0123456789ABCDE
05-27 18:48:44.648   351   516 E automotive.vehicle@2.0-adayo-func-bcm: byteArrayToASCIIString, index 22 hex: 46, ascii: 0123456789ABCDEF
05-27 18:48:44.648   351   516 E automotive.vehicle@2.0-adayo-func-bcm: byteArrayToASCIIString, index 23 hex: 47, ascii: 0123456789ABCDEFG
05-27 18:48:44.648   351   516 D automotive.vehicle@2.0-adayo-func-bcm: BCMFunc VEHICLE_VIN_CODE222 0x2110001a ,value:0123456789ABCDEFG
05-27 18:48:44.648   351   516 D automotive.vehicle@2.0-adayo-func-bcm: BCMFunc sendMessageFromVehicle_l id:554696730, area:0 not report! 
05-27 18:48:44.651   581   581 I SpiService: fgesysctrl_getGPIO_status success val=1
05-27 08:39:53.616   581   581 D spi_rst_gpio_get_output: GPIO 145 value: 1
05-27 08:39:53.616   581   581 D spidev_ioctl: gpio status=1)
05-27 18:48:44.654 13911 14183 I SentryImuMcuAngleSender: 179.98598rollDeg
05-27 18:48:44.655 13911 14183 I SentryImuMcuAngleSender: 1,0,0
05-27 18:48:44.657   581   581 I SpiService: fgesysctrl_getGPIO_status success val=1
05-27 18:48:44.659  1008 30857 D [OMXB]  : usingANWBuffer: handle:0xee745760, format:1, w:1920, h:1080
05-27 08:39:53.622   581   581 D spi_rst_gpio_get_output: GPIO 145 value: 1
05-27 08:39:53.622   581   581 D spidev_ioctl: gpio status=1)
05-27 18:48:44.663   581   581 I SpiService: fgesysctrl_getGPIO_status success val=1
05-27 08:39:53.627   581   581 D spi_rst_gpio_get_output: GPIO 145 value: 1
05-27 08:39:53.627   581   581 D spidev_ioctl: gpio status=1)
05-27 18:48:44.668   581   581 I SpiService: fgesysctrl_getGPIO_status success val=0
05-27 18:48:44.668   299 30844 D EvsDriver: forwardFrame
05-27 18:48:44.668   481   597 I mcuc    : send SPI:6AA602D95C000289003E
05-27 18:48:44.668   299 30841 D EvsDriver: forwardFrame
05-27 08:39:53.633   581   581 D spi_rst_gpio_get_output: GPIO 145 value: 0
05-27 08:39:53.633   581   581 D spidev_ioctl: gpio status=0)
05-27 18:48:44.670  1167  1184 D evsmanagerd: /dev/video6 forwarded the buffer #0 to 0xb4000074bf5f5510 from 0xb4000074bf5f6d90
05-27 18:48:44.670  5040  5040 I ADAYO_LOG_TRACE_KERNEL: execute interrupt
05-27 18:48:44.670   299 30844 D EvsDriver: Delivered 0xb400007b7ca56900 as id 0
