05-27 18:48:37.165   299 30844 D EvsDriver: Delivered 0xb400007b7ca56900 as id 0
05-27 18:48:37.165  1167  1167 D evsmanagerd: /dev/video6 forwarded the buffer #0 to 0xb4000074bf5f5510 from 0xb4000074bf5f6d90
05-27 18:48:37.166 13911 14183 I SentryImuMcuAngleSender: 179.99298rollDeg
05-27 18:48:37.166 13911 14183 I SentryImuMcuAngleSender: 1,0,0
05-27 18:48:37.167  1008 30856 D [OMXB]  : usingANWBuffer: handle:0xee7404e0, format:1, w:1920, h:1080
05-27 18:48:37.168   351   515 W automotive.vehicle@2.0-adayo-func-bcm: BCMFunc sendMessageFromClient_l sendMessage prop: 0x11500f31 not in table
05-27 18:48:37.168   581   581 I SpiService: fgesysctrl_getGPIO_status success val=0
05-27 18:48:37.168   481   597 I mcuc    : send SPI:6AA602D9370002890063
05-27 18:48:37.169   299  1153 D EvsDriver: doneWithFrame
05-27 08:39:46.133   581   581 D spi_rst_gpio_get_output: GPIO 145 value: 0
05-27 08:39:46.133   581   581 D spidev_ioctl: gpio status=0)
05-27 18:48:37.173   536   536 D commservice260303: msg.id = 1028,1
05-27 18:48:37.173   536   536 D commservice260303: i = 170, msgid = 8A000404
05-27 18:48:37.173   536   536 D commservice260303: msgid = -1979710460,did=138
05-27 18:48:37.173   536   536 D commservice260303: CommProtocolLibCmdBaseI2C::dataproc {"command":{"id":"imu_status","sub":""},"content":{"TimeStamp":10,"FrameCounter":252358,"GD_X":-0.01091896090656519,"GD_Y":0.006108105648308992,"GD_Z":0.002213752595707774,"AD_X":-0.0046419501304626465,"AD_Y":-0.0015443547163158655,"AD_Z":-0.1682577133178711,"TempDsp":0,"Status":0,"CalibState":1,"SigAmpInvalid":0}},-1979710460
05-27 18:48:37.174   536   536 D commservice260303: send2Cluster len:316, 7B22636F6D6D616E64223A7B226964223A22696D755F737461747573222C22737562223A22227D2C22636F6E74656E74223A7B2254696D655374616D70223A31302C224672616D65436F756E746572223A3235323335382C2247445F58223A2D302E30313039313839363039303635363531392C2247445F59223A302E3030363130383130353634383330383939322C2247445F5A223A302E3030323231333735323539353730373737342C2241445F58223A2D302E303034363431393530313330343632363436352C2241445F59223A2D302E303031353434333534373136333135383635352C2241445F5A223A2D302E313638323537373133333137383731312C2254656D70447370223A302C22537461747573223A302C2243616C69625374617465223A312C22536967416D70496E76616C6964223A307D7D, 138 
05-27 18:48:37.174   536   536 D commservice260303: Push Message into SendPool fn=-1978006528
05-27 18:48:37.174   536   536 D commservice260303: ComProtocolLibSend2Cluster::send2ClusterRaw fn=-1978006528 , len=332
05-27 18:48:37.174   536   536 D commservice260303: sendCmdToPort :332!!!
05-27 18:48:37.174   536   536 D commservice260303: send Cmd To Port ++++5AA501488A0100041A8A6A16CC057B22636F6D6D616E64223A7B226964223A22696D755F737461747573222C22737562223A22227D2C22636F6E74656E74223A7B2254696D655374616D70223A31302C224672616D65436F756E746572223A3235323335382C2247445F58223A2D302E30313039313839363039303635363531392C2247445F59223A302E3030363130383130353634383330383939322C2247445F5A223A302E3030323231333735323539353730373737342C2241445F58223A2D302E303034363431393530313330343632363436352C2241445F59223A2D302E303031353434333534373136333135383635352C2241445F5A223A2D302E313638323537373133333137383731312C2254656D70447370223A302C22537461747573223A302C2243616C69625374617465223A312C22536967416D70496E76616C6964223A307D7D98CD
05-27 18:48:37.174   536   536 D commservice260303: bufferevent_write retrun value = 0
05-27 18:48:37.175 13911 14192 D Sentinelmode_1.2.5.17_sentry: <SentryImuClusterFgeSender>imu_status sent to Linux, frame=252358, tsNs=10784407, tsMs=10, intervalMs=39, ad=(-0.00464195,-0.0015443547,-0.16825771), gd=(-0.010918961,0.0061081056,0.0022137526)
05-27 18:48:37.177   536   560 D commservice260303: client datas send succeed,send finish
05-27 18:48:37.182   594   594 E vendor.sprd.hardware.memtrack-service: MemTrack_DEBUG--Open mali gpu_memory failed
05-27 18:48:37.182   581   581 I SpiService: fgesysctrl_getGPIO_status success val=1
05-27 08:39:46.147   581   581 D spi_rst_gpio_get_output: GPIO 145 value: 1
05-27 08:39:46.147   581   581 D spidev_ioctl: gpio status=1)
05-27 18:48:37.186 13911 14183 I SentryImuMcuAngleSender: 179.98598rollDeg
05-27 18:48:37.186 13911 14183 I SentryImuMcuAngleSender: 1,0,0
05-27 18:48:37.188   581   581 I SpiService: fgesysctrl_getGPIO_status success val=1
05-27 18:48:37.188  1008 30857 D [OMXB]  : usingANWBuffer: handle:0xee741da0, format:1, w:1920, h:1080
05-27 08:39:46.152   581   581 D spi_rst_gpio_get_output: GPIO 145 value: 1
05-27 08:39:46.152   581   581 D spidev_ioctl: gpio status=1)
05-27 18:48:37.191   283   307 I rvcservice: t.code = 0, t.value = 2440
05-27 18:48:37.193   572   622 I Sensors : 230 GyroSensor: x:-0.011606,y:0.005574,z:0.002290
05-27 18:48:37.193   581   581 I SpiService: fgesysctrl_getGPIO_status success val=1
05-27 08:39:46.158   581   581 D spi_rst_gpio_get_output: GPIO 145 value: 1
05-27 08:39:46.158   581   581 D spidev_ioctl: gpio status=1)
05-27 18:48:37.196   299 30841 D EvsDriver: forwardFrame
05-27 18:48:37.199   581   581 I SpiService: fgesysctrl_getGPIO_status success val=1
05-27 18:48:37.199   299 30844 D EvsDriver: forwardFrame
05-27 18:48:37.200   299 30841 D EvsDriver: Delivered 0xb400007b7ca56a60 as id 0
05-27 18:48:37.200  1167  1167 D evsmanagerd: /dev/video4 forwarded the buffer #0 to 0xb4000074bf5f6850 from 0xb4000074bf5f41d0
05-27 18:48:37.202  1167  1167 D evsmanagerd: /dev/video6 forwarded the buffer #0 to 0xb4000074bf5f5510 from 0xb4000074bf5f6d90
05-27 08:39:46.163   581   581 D spi_rst_gpio_get_output: GPIO 145 value: 1
05-27 08:39:46.163   581   581 D spidev_ioctl: gpio status=1)
05-27 18:48:37.202   299 30844 D EvsDriver: Delivered 0xb400007b7ca56900 as id 0
05-27 18:48:37.205   581   581 I SpiService: fgesysctrl_getGPIO_status success val=1
05-27 18:48:37.207   299  1153 D EvsDriver: doneWithFrame
05-27 08:39:46.169   581   581 D spi_rst_gpio_get_output: GPIO 145 value: 1
05-27 08:39:46.169   581   581 D spidev_ioctl: gpio status=1)
05-27 18:48:37.209   299  1163 D EvsDriver: doneWithFrame
05-27 18:48:37.211   581   581 I SpiService: fgesysctrl_getGPIO_status success val=0
05-27 08:39:46.175   581   581 D spi_rst_gpio_get_output: GPIO 145 value: 0
05-27 08:39:46.175   581   581 D spidev_ioctl: gpio status=0)
05-27 18:48:37.212 13911 14183 I SentryImuMcuAngleSender: 179.986rollDeg
05-27 18:48:37.212 13911 14183 I SentryImuMcuAngleSender: 1,0,0
05-27 18:48:37.213   536   536 D commservice260303: msg.id = 1028,0
05-27 18:48:37.213   536   536 D commservice260303: i = 170, msgid = 8A000404
05-27 18:48:37.213   536   536 D commservice260303: msgid = -1979710460,did=138
05-27 18:48:37.213   536   536 D commservice260303: CommProtocolLibCmdBaseI2C::dataproc {"command":{"id":"imu_status","sub":""},"content":{"TimeStamp":10,"FrameCounter":252359,"GD_X":-0.01160607673227787,"GD_Y":0.004963258747011423,"GD_Z":0.002519079949706793,"AD_X":-9.893327951431274E-4,"AD_Y":2.8681219555437565E-4,"AD_Z":-0.17191600799560547,"TempDsp":0,"Status":0,"CalibState":1,"SigAmpInvalid":0}},-1979710460
05-27 18:48:37.213   536   536 D commservice260303: send2Cluster len:315, 7B22636F6D6D616E64223A7B226964223A22696D755F737461747573222C22737562223A22227D2C22636F6E74656E74223A7B2254696D655374616D70223A31302C224672616D65436F756E746572223A3235323335392C2247445F58223A2D302E30313136303630373637333232373738372C2247445F59223A302E3030343936333235383734373031313432332C2247445F5A223A302E3030323531393037393934393730363739332C2241445F58223A2D392E383933333237393531343331323734452D342C2241445F59223A322E38363831323139353535343337353635452D342C2241445F5A223A2D302E31373139313630303739393536303534372C2254656D70447370223A302C22537461747573223A302C2243616C69625374617465223A312C22536967416D70496E76616C6964223A307D7D, 138 
05-27 18:48:37.213   536   536 D commservice260303: Push Message into SendPool fn=-1961229312
05-27 18:48:37.213   536   536 D commservice260303: ComProtocolLibSend2Cluster::send2ClusterRaw fn=-1961229312 , len=331
05-27 18:48:37.213   536   536 D commservice260303: sendCmdToPort :331!!!
05-27 18:48:37.214   536   536 D commservice260303: send Cmd To Port ++++5AA501478A0100041A8B6A16CC057B22636F6D6D616E64223A7B226964223A22696D755F737461747573222C22737562223A22227D2C22636F6E74656E74223A7B2254696D655374616D70223A31302C224672616D65436F756E746572223A3235323335392C2247445F58223A2D302E30313136303630373637333232373738372C2247445F59223A302E3030343936333235383734373031313432332C2247445F5A223A302E3030323531393037393934393730363739332C2241445F58223A2D392E383933333237393531343331323734452D342C2241445F59223A322E38363831323139353535343337353635452D342C2241445F5A223A2D302E31373139313630303739393536303534372C2254656D70447370223A302C22537461747573223A302C2243616C69625374617465223A312C22536967416D70496E76616C6964223A307D7DEC4C
05-27 18:48:37.214   536   536 D commservice260303: bufferevent_write retrun value = 0
05-27 18:48:37.214   536   560 D commservice260303: client datas send succeed,send finish
05-27 18:48:37.214 13911 14192 D Sentinelmode_1.2.5.17_sentry: <SentryImuClusterFgeSender>imu_status sent to Linux, frame=252359, tsNs=10784462, tsMs=10, intervalMs=40, ad=(-9.893328E-4,2.868122E-4,-0.17191601), gd=(-0.011606077,0.0049632587,0.00251908)
05-27 18:48:37.215  1008 30856 D [OMXB]  : usingANWBuffer: handle:0xee741b90, format:1, w:1920, h:1080
05-27 18:48:37.225   581   581 I SpiService: fgesysctrl_getGPIO_status success val=1
05-27 18:48:37.228   299 30844 D EvsDriver: forwardFrame
05-27 18:48:37.228   299 30841 D EvsDriver: forwardFrame
05-27 18:48:37.231   581   581 I SpiService: fgesysctrl_getGPIO_status success val=1
05-27 08:39:46.190   581   581 D spi_rst_gpio_get_output: GPIO 145 value: 1
05-27 08:39:46.190   581   581 D spidev_ioctl: gpio status=1)
05-27 08:39:46.196   581   581 D spi_rst_gpio_get_output: GPIO 145 value: 1
05-27 08:39:46.196   581   581 D spidev_ioctl: gpio status=1)
05-27 18:48:37.231  1167  1184 D evsmanagerd: /dev/video4 forwarded the buffer #0 to 0xb4000074bf5f6850 from 0xb4000074bf5f41d0
05-27 18:48:37.232   299 30841 D EvsDriver: Delivered 0xb400007b7ca56a60 as id 0
05-27 18:48:37.234  1167  1184 D evsmanagerd: /dev/video6 forwarded the buffer #0 to 0xb4000074bf5f5510 from 0xb4000074bf5f6d90
05-27 18:48:37.234 13911 14183 I SentryImuMcuAngleSender: 179.98248rollDeg
05-27 18:48:37.234 13911 14183 I SentryImuMcuAngleSender: 1,0,0
05-27 18:48:37.234   299 30844 D EvsDriver: Delivered 0xb400007b7ca56900 as id 0
05-27 18:48:37.235   299  1163 D EvsDriver: doneWithFrame
05-27 18:48:37.237   581   581 I SpiService: fgesysctrl_getGPIO_status success val=1
05-27 18:48:37.237   299  1163 D EvsDriver: doneWithFrame
05-27 08:39:46.201   581   581 D spi_rst_gpio_get_output: GPIO 145 value: 1
05-27 08:39:46.201   581   581 D spidev_ioctl: gpio status=1)
05-27 18:48:37.243   581   581 I SpiService: fgesysctrl_getGPIO_status success val=1
05-27 08:39:46.207   581   581 D spi_rst_gpio_get_output: GPIO 145 value: 1
05-27 08:39:46.207   581   581 D spidev_ioctl: gpio status=1)
05-27 18:48:37.248   581   581 I SpiService: fgesysctrl_getGPIO_status success val=0
05-27 08:39:46.213   581   581 D spi_rst_gpio_get_output: GPIO 145 value: 0
05-27 08:39:46.213   581   581 D spidev_ioctl: gpio status=0)
05-27 18:48:37.252  1008 30857 D [OMXB]  : usingANWBuffer: handle:0xee740430, format:1, w:1920, h:1080
05-27 18:48:37.255 13911 14183 I SentryImuMcuAngleSender: 179.97897rollDeg
05-27 18:48:37.255 13911 14183 I SentryImuMcuAngleSender: 1,0,0
05-27 18:48:37.258   536   536 D commservice260303: msg.id = 1028,0
05-27 18:48:37.258   536   536 D commservice260303: i = 170, msgid = 8A000404
05-27 18:48:37.258   536   536 D commservice260303: msgid = -1979710460,did=138
05-27 18:48:37.258   536   536 D commservice260303: CommProtocolLibCmdBaseI2C::dataproc {"command":{"id":"imu_status","sub":""},"content":{"TimeStamp":10,"FrameCounter":252360,"GD_X":-0.011834942735731602,"GD_Y":0.0048857564106583595,"GD_Z":0.002213752595707774,"AD_X":-0.0034332871437072754,"AD_Y":8.8656903244555E-4,"AD_Z":-0.1682577133178711,"TempDsp":0,"Status":0,"CalibState":1,"SigAmpInvalid":0}},-1979710460
05-27 18:48:37.258   536   536 D commservice260303: send2Cluster len:314, 7B22636F6D6D616E64223A7B226964223A22696D755F737461747573222C22737562223A22227D2C22636F6E74656E74223A7B2254696D655374616D70223A31302C224672616D65436F756E746572223A3235323336302C2247445F58223A2D302E3031313833343934323733353733313630322C2247445F59223A302E303034383835373536343130363538333539352C2247445F5A223A302E3030323231333735323539353730373737342C2241445F58223A2D302E303033343333323837313433373037323735342C2241445F59223A382E38363536393033323434353535452D342C2241445F5A223A2D302E313638323537373133333137383731312C2254656D70447370223A302C22537461747573223A302C2243616C69625374617465223A312C22536967416D70496E76616C6964223A307D7D, 138 
05-27 18:48:37.258   536   536 D commservice260303: Push Message into SendPool fn=-1944452096
05-27 18:48:37.258   536   536 D commservice260303: ComProtocolLibSend2Cluster::send2ClusterRaw fn=-1944452096 , len=330
05-27 18:48:37.258   536   536 D commservice260303: sendCmdToPort :330!!!
05-27 18:48:37.258   536   536 D commservice260303: send Cmd To Port ++++5AA501468A0100041A8C6A16CC057B22636F6D6D616E64223A7B226964223A22696D755F737461747573222C22737562223A22227D2C22636F6E74656E74223A7B2254696D655374616D70223A31302C224672616D65436F756E746572223A3235323336302C2247445F58223A2D302E3031313833343934323733353733313630322C2247445F59223A302E303034383835373536343130363538333539352C2247445F5A223A302E3030323231333735323539353730373737342C2241445F58223A2D302E303033343333323837313433373037323735342C2241445F59223A382E38363536393033323434353535452D342C2241445F5A223A2D302E313638323537373133333137383731312C2254656D70447370223A302C22537461747573223A302C2243616C69625374617465223A312C22536967416D70496E76616C6964223A307D7D2CFE
05-27 18:48:37.258   536   536 D commservice260303: bufferevent_write retrun value = 0
05-27 18:48:37.259   536   560 D commservice260303: client datas send succeed,send finish
05-27 18:48:37.259 13911 14192 D Sentinelmode_1.2.5.17_sentry: <SentryImuClusterFgeSender>imu_status sent to Linux, frame=252360, tsNs=10784497, tsMs=10, intervalMs=45, ad=(-0.0034332871,8.8656903E-4,-0.16825771), gd=(-0.011834943,0.0048857564,0.0022137526)
05-27 18:48:37.263   581   581 I SpiService: fgesysctrl_getGPIO_status success val=1
05-27 08:39:46.228   581   581 D spi_rst_gpio_get_output: GPIO 145 value: 1
05-27 08:39:46.228   581   581 D spidev_ioctl: gpio status=1)
05-27 18:48:37.266   299 30844 D EvsDriver: forwardFrame
05-27 18:48:37.267  1167  1184 D evsmanagerd: /dev/video6 forwarded the buffer #0 to 0xb4000074bf5f5510 from 0xb4000074bf5f6d90
05-27 18:48:37.268 30773 30781 I dvr_service_: [myNum:1][onFrameReceived] Received Surface:1 0
05-27 18:48:37.268   299 30841 D EvsDriver: forwardFrame
05-27 18:48:37.268 30773 30781 E dvr_service_: [myNum:1] Received S**** loss
05-27 18:48:37.267   299 30844 D EvsDriver: Delivered 0xb400007b7ca56900 as id 0
05-27 18:48:37.268  1008 30856 D [OMXB]  : usingANWBuffer: handle:0xee745760, format:1, w:1920, h:1080
05-27 18:48:37.268   299  1163 D EvsDriver: doneWithFrame
05-27 18:48:37.269   581   581 I SpiService: fgesysctrl_getGPIO_status success val=1
05-27 18:48:37.270   299 30841 D EvsDriver: Delivered 0xb400007b7ca56a60 as id 0
05-27 18:48:37.270  1167  1184 D evsmanagerd: /dev/video4 forwarded the buffer #0 to 0xb4000074bf5f6850 from 0xb4000074bf5f41d0
05-27 18:48:37.270 30773 30781 I dvr_service_: [myNum:0][onFrameReceived] Received Surface:1 0
05-27 18:48:37.270 30773 30781 E dvr_service_: [myNum:0] Received S**** loss
05-27 18:48:37.270   299  1163 D EvsDriver: doneWithFrame
05-27 18:48:37.270   536   536 W commservice260303: [FgeComService::getAQConnectStatus:378]
05-27 18:48:37.270   536   536 W commservice260303: [mcuCommFunctionTcp::getAQConnectStatus:406] 1
05-27 18:48:37.270   536   536 W commservice260303: [FgeComService::getAQConnectStatus:380] status:1
05-27 18:48:37.270 12246 12246 E ivicomm_CommManager: getA2lConnectStatus aqConnectStatus:1
05-27 18:48:37.270 12246 12246 D ivicomm_ConnectStateManager: notifyState newState=1curState=1
05-27 08:39:46.233   581   581 D spi_rst_gpio_get_output: GPIO 145 value: 1
05-27 08:39:46.233   581   581 D spidev_ioctl: gpio status=1)
05-27 18:48:37.275   581   581 I SpiService: fgesysctrl_getGPIO_status success val=1
05-27 18:48:37.275 13911 14183 I SentryImuMcuAngleSender: 179.986rollDeg
05-27 18:48:37.275 13911 14183 I SentryImuMcuAngleSender: 1,0,0
05-27 08:39:46.239   581   581 D spi_rst_gpio_get_output: GPIO 145 value: 1
05-27 08:39:46.239   581   581 D spidev_ioctl: gpio status=1)
05-27 18:48:37.280   581   581 I SpiService: fgesysctrl_getGPIO_status success val=1
05-27 08:39:46.245   581   581 D spi_rst_gpio_get_output: GPIO 145 value: 1
05-27 08:39:46.245   581   581 D spidev_ioctl: gpio status=1)
05-27 18:48:37.286   581   581 I SpiService: fgesysctrl_getGPIO_status success val=1
05-27 08:39:46.250   581   581 D spi_rst_gpio_get_output: GPIO 145 value: 1
05-27 08:39:46.250   581   581 D spidev_ioctl: gpio status=1)
05-27 18:48:37.291   283   307 I rvcservice: t.code = 3, t.value = 0
05-27 18:48:37.291   581   581 I SpiService: fgesysctrl_getGPIO_status success val=0
05-27 18:48:37.292  1008 30857 D [OMXB]  : usingANWBuffer: handle:0xee7432f0, format:1, w:1920, h:1080
05-27 08:39:46.256   581   581 D spi_rst_gpio_get_output: GPIO 145 value: 0
05-27 08:39:46.256   581   581 D spidev_ioctl: gpio status=0)
05-27 18:48:37.296 13911 14183 I SentryImuMcuAngleSender: 179.98248rollDeg
05-27 18:48:37.296   536   536 D commservice260303: msg.id = 1028,0
05-27 18:48:37.296 13911 14183 I SentryImuMcuAngleSender: 1,0,0
05-27 18:48:37.296   536   536 D commservice260303: i = 170, msgid = 8A000404
05-27 18:48:37.296   536   536 D commservice260303: msgid = -1979710460,did=138
05-27 18:48:37.296   536   536 D commservice260303: CommProtocolLibCmdBaseI2C::dataproc {"command":{"id":"imu_status","sub":""},"content":{"TimeStamp":10,"FrameCounter":252361,"GD_X":-0.010994902811944485,"GD_Y":0.005802778527140617,"GD_Z":0.002443138277158141,"AD_X":-0.007069528102874756,"AD_Y":2.779732458293438E-4,"AD_Z":-0.17069625854492188,"TempDsp":0,"Status":0,"CalibState":1,"SigAmpInvalid":0}},-1979710460
05-27 18:48:37.296   536   536 D commservice260303: send2Cluster len:315, 7B22636F6D6D616E64223A7B226964223A22696D755F737461747573222C22737562223A22227D2C22636F6E74656E74223A7B2254696D655374616D70223A31302C224672616D65436F756E746572223A3235323336312C2247445F58223A2D302E3031303939343930323831313934343438352C2247445F59223A302E3030353830323737383532373134303631372C2247445F5A223A302E3030323434333133383237373135383134312C2241445F58223A2D302E3030373036393532383130323837343735362C2241445F59223A322E373739373332343538323933343338452D342C2241445F5A223A2D302E31373036393632353835343439323138382C2254656D70447370223A302C22537461747573223A302C2243616C69625374617465223A312C22536967416D70496E76616C6964223A307D7D, 138 
05-27 18:48:37.296   536   536 D commservice260303: Push Message into SendPool fn=-1927674880
05-27 18:48:37.296   536   536 D commservice260303: ComProtocolLibSend2Cluster::send2ClusterRaw fn=-1927674880 , len=331
05-27 18:48:37.296   536   536 D commservice260303: sendCmdToPort :331!!!
05-27 18:48:37.296   536   536 D commservice260303: send Cmd To Port ++++5AA501478A0100041A8D6A16CC057B22636F6D6D616E64223A7B226964223A22696D755F737461747573222C22737562223A22227D2C22636F6E74656E74223A7B2254696D655374616D70223A31302C224672616D65436F756E746572223A3235323336312C2247445F58223A2D302E3031303939343930323831313934343438352C2247445F59223A302E3030353830323737383532373134303631372C2247445F5A223A302E3030323434333133383237373135383134312C2241445F58223A2D302E3030373036393532383130323837343735362C2241445F59223A322E373739373332343538323933343338452D342C2241445F5A223A2D302E31373036393632353835343439323138382C2254656D70447370223A302C22537461747573223A302C2243616C69625374617465223A312C22536967416D70496E76616C6964223A307D7D08DC
05-27 18:48:37.296   536   536 D commservice260303: bufferevent_write retrun value = 0
05-27 18:48:37.297   536   560 D commservice260303: client datas send succeed,send finish
05-27 18:48:37.298 13911 14192 D Sentinelmode_1.2.5.17_sentry: <SentryImuClusterFgeSender>imu_status sent to Linux, frame=252361, tsNs=10784532, tsMs=10, intervalMs=37, ad=(-0.007069528,2.7797325E-4,-0.17069626), gd=(-0.010994903,0.0058027785,0.0024431383)
05-27 18:48:37.300   572   572 I Sensors : 230 AccelSensor: x:-0.173239,y:0.002440,z:-9.976550
05-27 18:48:37.304   299 30841 D EvsDriver: forwardFrame
05-27 18:48:37.304   299 30844 D EvsDriver: forwardFrame
05-27 18:48:37.306   299 30841 D EvsDriver: Delivered 0xb400007b7ca56a60 as id 0
05-27 18:48:37.306   299 30844 D EvsDriver: Delivered 0xb400007b7ca56900 as id 0
05-27 18:48:37.306  1167  1184 D evsmanagerd: /dev/video4 forwarded the buffer #0 to 0xb4000074bf5f6850 from 0xb4000074bf5f41d0
05-27 18:48:37.306  1167  1167 D evsmanagerd: /dev/video6 forwarded the buffer #0 to 0xb4000074bf5f5510 from 0xb4000074bf5f6d90
05-27 18:48:37.307   581   581 I SpiService: fgesysctrl_getGPIO_status success val=1
05-27 08:39:46.272   581   581 D spi_rst_gpio_get_output: GPIO 145 value: 1
05-27 08:39:46.272   581   581 D spidev_ioctl: gpio status=1)
05-27 18:48:37.308   299  1163 D EvsDriver: doneWithFrame
05-27 18:48:37.309   299  1153 D EvsDriver: doneWithFrame
05-27 18:48:37.311  1008 30856 D [OMXB]  : usingANWBuffer: handle:0xee742530, format:1, w:1920, h:1080
05-27 18:48:37.313   581   581 I SpiService: fgesysctrl_getGPIO_status success val=1
05-27 08:39:46.278   581   581 D spi_rst_gpio_get_output: GPIO 145 value: 1
05-27 08:39:46.278   581   581 D spidev_ioctl: gpio status=1)
05-27 18:48:37.317 13549 13549 I ADAYO_LOG_: handleMessage(UsbFunc.java:352)copyQnx = 0
05-27 18:48:37.317 13549 13549 I ADAYO_LOG_: handleMessage(UsbFunc.java:404)copyState = 2
05-27 18:48:37.318 13911 14183 I SentryImuMcuAngleSender: 179.986rollDeg
05-27 18:48:37.318 13911 14183 I SentryImuMcuAngleSender: 1,0,0
05-27 18:48:37.319   581   581 I SpiService: fgesysctrl_getGPIO_status success val=1
05-27 08:39:46.283   581   581 D spi_rst_gpio_get_output: GPIO 145 value: 1
05-27 08:39:46.283   581   581 D spidev_ioctl: gpio status=1)
05-27 18:48:37.321   586   614 D vendor.sprd.hardware.aprd-service: GPS Get GPSver failed No such file or directory
05-27 18:48:37.322   586   614 D vendor.sprd.hardware.aprd-service: GE xmlDoc is NULL, may not set GPS on.
05-27 18:48:37.324   581   581 I SpiService: fgesysctrl_getGPIO_status success val=1
05-27 08:39:46.289   581   581 D spi_rst_gpio_get_output: GPIO 145 value: 1
05-27 08:39:46.289   581   581 D spidev_ioctl: gpio status=1)
05-27 18:48:37.330   581   581 I SpiService: fgesysctrl_getGPIO_status success val=0
05-27 18:48:37.332   299 30841 D EvsDriver: forwardFrame
05-27 18:48:37.333   299 30844 D EvsDriver: forwardFrame
05-27 08:39:46.295   581   581 D spi_rst_gpio_get_output: GPIO 145 value: 0
05-27 08:39:46.295   581   581 D spidev_ioctl: gpio status=0)
05-27 18:48:37.333  1167  1167 D evsmanagerd: /dev/video4 forwarded the buffer #0 to 0xb4000074bf5f6850 from 0xb4000074bf5f41d0
05-27 18:48:37.334   299 30841 D EvsDriver: Delivered 0xb400007b7ca56a60 as id 0
05-27 18:48:37.334   299 30844 D EvsDriver: Delivered 0xb400007b7ca56900 as id 0
05-27 18:48:37.334  1167  1167 D evsmanagerd: /dev/video6 forwarded the buffer #0 to 0xb4000074bf5f5510 from 0xb4000074bf5f6d90
05-27 18:48:37.337   299  1153 D EvsDriver: doneWithFrame
05-27 18:48:37.337   299  1153 D EvsDriver: doneWithFrame
05-27 18:48:37.338   536   536 D commservice260303: msg.id = 1028,0
05-27 18:48:37.338   536   536 D commservice260303: i = 170, msgid = 8A000404
05-27 18:48:37.338   536   536 D commservice260303: msgid = -1979710460,did=138
05-27 18:48:37.338   536   536 D commservice260303: CommProtocolLibCmdBaseI2C::dataproc {"command":{"id":"imu_status","sub":""},"content":{"TimeStamp":10,"FrameCounter":252362,"GD_X":-0.011300750076770782,"GD_Y":0.00549693126231432,"GD_Z":0.0019079053308814764,"AD_X":-0.00521928071975708,"AD_Y":-3.2985140569508076E-4,"AD_Z":-0.17069625854492188,"TempDsp":0,"Status":0,"CalibState":1,"SigAmpInvalid":0}},-1979710460
05-27 18:48:37.338   536   536 D commservice260303: send2Cluster len:316, 7B22636F6D6D616E64223A7B226964223A22696D755F737461747573222C22737562223A22227D2C22636F6E74656E74223A7B2254696D655374616D70223A31302C224672616D65436F756E746572223A3235323336322C2247445F58223A2D302E3031313330303735303037363737303738322C2247445F59223A302E30303534393639333132363233313433322C2247445F5A223A302E303031393037393035333330383831343736342C2241445F58223A2D302E30303532313932383037313937353730382C2241445F59223A2D332E32393835313430353639353038303736452D342C2241445F5A223A2D302E31373036393632353835343439323138382C2254656D70447370223A302C22537461747573223A302C2243616C69625374617465223A312C22536967416D70496E76616C6964223A307D7D, 138 
05-27 18:48:37.338   536   536 D commservice260303: Push Message into SendPool fn=-1910897664
05-27 18:48:37.338   536   536 D commservice260303: ComProtocolLibSend2Cluster::send2ClusterRaw fn=-1910897664 , len=332
05-27 18:48:37.338   536   536 D commservice260303: sendCmdToPort :332!!!
05-27 18:48:37.338   536   536 D commservice260303: send Cmd To Port ++++5AA501488A0100041A8E6A16CC057B22636F6D6D616E64223A7B226964223A22696D755F737461747573222C22737562223A22227D2C22636F6E74656E74223A7B2254696D655374616D70223A31302C224672616D65436F756E746572223A3235323336322C2247445F58223A2D302E3031313330303735303037363737303738322C2247445F59223A302E30303534393639333132363233313433322C2247445F5A223A302E303031393037393035333330383831343736342C2241445F58223A2D302E30303532313932383037313937353730382C2241445F59223A2D332E32393835313430353639353038303736452D342C2241445F5A223A2D302E31373036393632353835343439323138382C2254656D70447370223A302C22537461747573223A302C2243616C69625374617465223A312C22536967416D70496E76616C6964223A307D7DBB87
05-27 18:48:37.338   536   536 D commservice260303: bufferevent_write retrun value = 0
05-27 18:48:37.340   536   560 D commservice260303: client datas send succeed,send finish
05-27 18:48:37.340 13911 14183 I SentryImuMcuAngleSender: 179.97197rollDeg
05-27 18:48:37.340 13911 14183 I SentryImuMcuAngleSender: 1,0,0
05-27 18:48:37.341 13911 14192 D Sentinelmode_1.2.5.17_sentry: <SentryImuClusterFgeSender>imu_status sent to Linux, frame=252362, tsNs=10784568, tsMs=10, intervalMs=45, ad=(-0.0052192807,-3.298514E-4,-0.17069626), gd=(-0.01130075,0.0054969313,0.0019079053)
05-27 18:48:37.344  1008 30857 D [OMXB]  : usingANWBuffer: handle:0xee746aa0, format:1, w:1920, h:1080
05-27 18:48:37.346   581   581 I SpiService: fgesysctrl_getGPIO_status success val=1
05-27 08:39:46.311   581   581 D spi_rst_gpio_get_output: GPIO 145 value: 1
05-27 08:39:46.311   581   581 D spidev_ioctl: gpio status=1)
05-27 18:48:37.352   581   581 I SpiService: fgesysctrl_getGPIO_status success val=1
05-27 08:39:46.316   581   581 D spi_rst_gpio_get_output: GPIO 145 value: 1
05-27 08:39:46.316   581   581 D spidev_ioctl: gpio status=1)
05-27 18:48:37.357   581   581 I SpiService: fgesysctrl_getGPIO_status success val=1
05-27 18:48:37.361 13911 14183 I SentryImuMcuAngleSender: 179.97197rollDeg
05-27 18:48:37.361 13911 14183 I SentryImuMcuAngleSender: 1,0,0
05-27 18:48:37.361   299 30841 D EvsDriver: forwardFrame
05-27 08:39:46.322   581   581 D spi_rst_gpio_get_output: GPIO 145 value: 1
05-27 08:39:46.322   581   581 D spidev_ioctl: gpio status=1)
05-27 18:48:37.362   299 30841 D EvsDriver: Delivered 0xb400007b7ca56a60 as id 0
05-27 18:48:37.362  1167  1167 D evsmanagerd: /dev/video4 forwarded the buffer #0 to 0xb4000074bf5f6850 from 0xb4000074bf5f41d0
05-27 18:48:37.363   581   581 I SpiService: fgesysctrl_getGPIO_status success val=1
05-27 08:39:46.327   581   581 D spi_rst_gpio_get_output: GPIO 145 value: 1
05-27 08:39:46.327   581   581 D spidev_ioctl: gpio status=1)
05-27 18:48:37.365   299 30844 D EvsDriver: forwardFrame
05-27 18:48:37.366   299 30844 D EvsDriver: Delivered 0xb400007b7ca56900 as id 0
05-27 18:48:37.366  1167  1184 D evsmanagerd: /dev/video6 forwarded the buffer #0 to 0xb4000074bf5f5510 from 0xb4000074bf5f6d90
05-27 18:48:37.367   299  1153 D EvsDriver: doneWithFrame
05-27 18:48:37.368   581   581 I SpiService: fgesysctrl_getGPIO_status success val=1
05-27 08:39:46.333   581   581 D spi_rst_gpio_get_output: GPIO 145 value: 1
05-27 08:39:46.333   581   581 D spidev_ioctl: gpio status=1)
05-27 18:48:37.369   299  1153 D EvsDriver: doneWithFrame
05-27 18:48:37.374   581   581 I SpiService: fgesysctrl_getGPIO_status success val=0
05-27 08:39:46.338   581   581 D spi_rst_gpio_get_output: GPIO 145 value: 0
05-27 08:39:46.338   581   581 D spidev_ioctl: gpio status=0)
05-27 18:48:37.376  1008 30856 D [OMXB]  : usingANWBuffer: handle:0xee742270, format:1, w:1920, h:1080
05-27 18:48:37.377   536   536 D commservice260303: msg.id = 1028,0
05-27 18:48:37.377   536   536 D commservice260303: i = 170, msgid = 8A000404
05-27 18:48:37.377   536   536 D commservice260303: msgid = -1979710460,did=138
05-27 18:48:37.377   536   536 D commservice260303: CommProtocolLibCmdBaseI2C::dataproc {"command":{"id":"imu_status","sub":""},"content":{"TimeStamp":10,"FrameCounter":252363,"GD_X":-0.011223767884075642,"GD_Y":0.00549693126231432,"GD_Z":0.0023671966046094894,"AD_X":-3.462284803390503E-4,"AD_Y":0.002096806652843952,"AD_Z":-0.17130661010742188,"TempDsp":0,"Status":0,"CalibState":1,"SigAmpInvalid":0}},-1979710460
05-27 18:48:37.377   536   536 D commservice260303: send2Cluster len:315, 7B22636F6D6D616E64223A7B226964223A22696D755F737461747573222C22737562223A22227D2C22636F6E74656E74223A7B2254696D655374616D70223A31302C224672616D65436F756E746572223A3235323336332C2247445F58223A2D302E3031313232333736373838343037353634322C2247445F59223A302E30303534393639333132363233313433322C2247445F5A223A302E303032333637313936363034363039343839342C2241445F58223A2D332E343632323834383033333930353033452D342C2241445F59223A302E3030323039363830363635323834333935322C2241445F5A223A2D302E31373133303636313031303734323138382C2254656D70447370223A302C22537461747573223A302C2243616C69625374617465223A312C22536967416D70496E76616C6964223A307D7D, 138 
05-27 18:48:37.377   536   536 D commservice260303: Push Message into SendPool fn=-1894120448
05-27 18:48:37.377   536   536 D commservice260303: ComProtocolLibSend2Cluster::send2ClusterRaw fn=-1894120448 , len=331
05-27 18:48:37.377   536   536 D commservice260303: sendCmdToPort :331!!!
05-27 18:48:37.377   536   536 D commservice260303: send Cmd To Port ++++5AA501478A0100041A8F6A16CC057B22636F6D6D616E64223A7B226964223A22696D755F737461747573222C22737562223A22227D2C22636F6E74656E74223A7B2254696D655374616D70223A31302C224672616D65436F756E746572223A3235323336332C2247445F58223A2D302E3031313232333736373838343037353634322C2247445F59223A302E30303534393639333132363233313433322C2247445F5A223A302E303032333637313936363034363039343839342C2241445F58223A2D332E343632323834383033333930353033452D342C2241445F59223A302E3030323039363830363635323834333935322C2241445F5A223A2D302E31373133303636313031303734323138382C2254656D70447370223A302C22537461747573223A302C2243616C69625374617465223A312C22536967416D70496E76616C6964223A307D7DD951
05-27 18:48:37.378   536   536 D commservice260303: bufferevent_write retrun value = 0
05-27 18:48:37.378   536   560 D commservice260303: client datas send succeed,send finish
05-27 18:48:37.378 13911 14192 D Sentinelmode_1.2.5.17_sentry: <SentryImuClusterFgeSender>imu_status sent to Linux, frame=252363, tsNs=10784603, tsMs=10, intervalMs=37, ad=(-3.4622848E-4,0.0020968067,-0.17130661), gd=(-0.011223768,0.0054969313,0.0023671966)
05-27 18:48:37.382 13911 14183 I SentryImuMcuAngleSender: 179.97899rollDeg
05-27 18:48:37.382 13911 14183 I SentryImuMcuAngleSender: 1,0,0
05-27 18:48:37.387   566 11459 I gps_hdbd: Received: '$GNGGA,010428.000,,,,,0,00,,,M,,M,,*69
'
05-27 18:48:37.388   581   581 I SpiService: fgesysctrl_getGPIO_status success val=1
05-27 08:39:46.352   581   581 D spi_rst_gpio_get_output: GPIO 145 value: 1
05-27 08:39:46.352   581   581 D spidev_ioctl: gpio status=1)
05-27 18:48:37.390  1083  1083 I MyAppLog: [2026-05-27 18:48:37.389 I tboxap mcuSendYadiTransfer:196] [Mcu] [mcuYadiSend]: :00 08 13 04 01 09 81 02 01 01
05-27 18:48:37.391   283   307 I rvcservice: t.code = 7, t.value = 10784480
05-27 18:48:37.392   566 11459 I gps_hdbd: Received: '$GNGSA,A,1,,,,,,,,,,,,,,,,1*1D
'
05-27 18:48:37.392   481   599 I mcuc    : start timer OK = 30406 
05-27 18:48:37.393   572   622 I Sensors : 230 GyroSensor: x:-0.011530,y:0.005192,z:0.001985
05-27 18:48:37.393   581   581 I SpiService: fgesysctrl_getGPIO_status success val=1
05-27 18:48:37.395   299 30844 D EvsDriver: forwardFrame
05-27 18:48:37.396   299 30844 D EvsDriver: Delivered 0xb400007b7ca56900 as id 0
05-27 18:48:37.397  1167  1184 D evsmanagerd: /dev/video6 forwarded the buffer #0 to 0xb4000074bf5f5510 from 0xb4000074bf5f6d90
05-27 18:48:37.398   299 30841 D EvsDriver: forwardFrame
05-27 18:48:37.398   566 11459 I gps_hdbd: Received: '$GNGSA,A,1,,,,,,,,,,,,,,,,3*1F
'
05-27 18:48:37.398   581   581 I SpiService: fgesysctrl_getGPIO_status success val=1
05-27 18:48:37.399   566 11459 I gps_hdbd: Received: '$GNGSA,A,1,,,,,,,,,,,,,,,,4*18
'
05-27 18:48:37.399   566 11459 I gps_hdbd: Received: '$BDGSV,1,1,00,1*75
'
05-27 18:48:37.399  1008 30857 D [OMXB]  : usingANWBuffer: handle:0xee746310, format:1, w:1920, h:1080
05-27 18:48:37.400   299  1153 D EvsDriver: doneWithFrame
05-27 18:48:37.400   299 30841 D EvsDriver: Delivered 0xb400007b7ca56a60 as id 0
05-27 18:48:37.400  1167  1184 D evsmanagerd: /dev/video4 forwarded the buffer #0 to 0xb4000074bf5f6850 from 0xb4000074bf5f41d0
05-27 08:39:46.358   581   581 D spi_rst_gpio_get_output: GPIO 145 value: 1
05-27 08:39:46.358   581   581 D spidev_ioctl: gpio status=1)
05-27 08:39:46.363   581   581 D spi_rst_gpio_get_output: GPIO 145 value: 1
05-27 08:39:46.363   581   581 D spidev_ioctl: gpio status=1)
05-27 18:48:37.403   299  1153 D EvsDriver: doneWithFrame
05-27 18:48:37.403 13911 14183 I SentryImuMcuAngleSender: 179.98949rollDeg
05-27 18:48:37.403 13911 14183 I SentryImuMcuAngleSender: 1,0,0
05-27 18:48:37.404   566 11459 I gps_hdbd: Received: '$BDGSV,1,1,00,5*71
'
05-27 18:48:37.405   581   581 I SpiService: fgesysctrl_getGPIO_status success val=1
05-27 18:48:37.406   566 11459 I gps_hdbd: Received: '$GPGSV,1,1,01,199,42,165,,1*60
'
05-27 08:39:46.369   581   581 D spi_rst_gpio_get_output: GPIO 145 value: 1
05-27 08:39:46.369   581   581 D spidev_ioctl: gpio status=1)
05-27 18:48:37.411   566 11459 I gps_hdbd: Received: '$GPGSV,1,1,00,8*6D
'
05-27 18:48:37.412   581   581 I SpiService: fgesysctrl_getGPIO_status success val=0
05-27 18:48:37.412   481   597 I mcuc    : send SPI:6AA60176C600F809011304010981020101000000000000000000000000000000000000000000000000000000000000000000000000000000000000000000000000000000000000000000000000000000000000000000000000000000000000000000000000000000000000000000000000000000000000000000000000000000000000000000000000000000000000000000000000000000000000000000000000000000000000000000000000000000000000000000000000000000000000000000000000000000000000000000000000000000000000000000000000000000000000000000000000000000000000000000000000000000000000000000001B
05-27 08:39:46.376   581   581 D spi_rst_gpio_get_output: GPIO 145 value: 0
05-27 18:48:37.413   566 11459 I gps_hdbd: Received: '$GAGSV,1,1,00,7*73
'
05-27 08:39:46.376   581   581 D spidev_ioctl: gpio status=0)
05-27 18:48:37.414 13911 14131 D SVR_MNG_SvrMngProxy: getServer: mSvrManger is null
05-27 18:48:37.415 13911 14131 D SVR_MNG_SvrMngProxy: getNewStub: 
05-27 18:48:37.415 13911 14131 D SVR_MNG_SvrMngProxy: getNewStub: getSvrManagerService start
05-27 18:48:37.416   566 11459 I gps_hdbd: Received: '$GAGSV,1,1,00,1*75
'
05-27 18:48:37.416 13911 14131 D SVR_MNG_SvrMngProxy: getNewStub: getSvrManagerService end
05-27 18:48:37.416 13911 14131 D SVR_MNG_SvrMngProxy: getServer: svrMngService doesn't start
05-27 18:48:37.417   566 11459 I gps_hdbd: Received: '$GNRMC,010428.000,V,,,,,,,270526,120.0,E,N,V*4A
'
05-27 18:48:37.417   566 11459 I gps_hdbd: RMC : CALL gnss_sv_status_cb, view_in_sat <1>
05-27 18:48:37.417   566 11459 I gps_hdbd: [reportSvStatus]--->PLATFORM_BSP::Enter
05-27 18:48:37.417   566 11459 I gps_hdbd: hy abnormal deal:hy_cnr30_satellite_cnt=0
05-27 18:48:37.417   566 11459 D gps_hdbd: hy abnormal deal:hy_fixStatus_fail_count=0
05-27 18:48:37.418  1083  1083 W MyAppLog: [2026-05-27 18:48:37.417 W tboxap gpsSyncGpsInfoToDm:361] [Gps] [gpsSyncGpsInfoToDm] fix=0 mode=49 corner:0x01 alt=0.00 sat=0 hdop=0.00 pdop=0.00 vdop=0.00
05-27 18:48:37.418   536   536 D commservice260303: msg.id = 1028,0
05-27 18:48:37.418   536   536 D commservice260303: i = 170, msgid = 8A000404
05-27 18:48:37.418   536   536 D commservice260303: msgid = -1979710460,did=138
05-27 18:48:37.418   536   536 D commservice260303: CommProtocolLibCmdBaseI2C::dataproc {"command":{"id":"imu_status","sub":""},"content":{"TimeStamp":10,"FrameCounter":252364,"GD_X":-0.01153013575822115,"GD_Y":0.00519212381914258,"GD_Z":0.0019848872907459736,"AD_X":0.001458674669265747,"AD_Y":-9.526460198685527E-4,"AD_Z":-0.1670370101928711,"TempDsp":0,"Status":0,"CalibState":1,"SigAmpInvalid":0}},-1979710460
05-27 18:48:37.418   536   536 D commservice260303: send2Cluster len:313, 7B22636F6D6D616E64223A7B226964223A22696D755F737461747573222C22737562223A22227D2C22636F6E74656E74223A7B2254696D655374616D70223A31302C224672616D65436F756E746572223A3235323336342C2247445F58223A2D302E30313135333031333537353832323131352C2247445F59223A302E30303531393231323338313931343235382C2247445F5A223A302E303031393834383837323930373435393733362C2241445F58223A302E3030313435383637343636393236353734372C2241445F59223A2D392E353236343630313938363835353237452D342C2241445F5A223A2D302E313637303337303130313932383731312C2254656D70447370223A302C22537461747573223A302C2243616C69625374617465223A312C22536967416D70496E76616C6964223A307D7D, 138 
05-27 18:48:37.418   536   536 D commservice260303: Push Message into SendPool fn=-1877343232
05-27 18:48:37.419   536   536 D commservice260303: ComProtocolLibSend2Cluster::send2ClusterRaw fn=-1877343232 , len=329
05-27 18:48:37.419   536   536 D commservice260303: sendCmdToPort :329!!!
05-27 18:48:37.419   536   536 D commservice260303: send Cmd To Port ++++5AA501458A0100041A906A16CC057B22636F6D6D616E64223A7B226964223A22696D755F737461747573222C22737562223A22227D2C22636F6E74656E74223A7B2254696D655374616D70223A31302C224672616D65436F756E746572223A3235323336342C2247445F58223A2D302E30313135333031333537353832323131352C2247445F59223A302E30303531393231323338313931343235382C2247445F5A223A302E303031393834383837323930373435393733362C2241445F58223A302E3030313435383637343636393236353734372C2241445F59223A2D392E353236343630313938363835353237452D342C2241445F5A223A2D302E313637303337303130313932383731312C2254656D70447370223A302C22537461747573223A302C2243616C69625374617465223A312C22536967416D70496E76616C6964223A307D7D250E
05-27 18:48:37.419   536   536 D commservice260303: bufferevent_write retrun value = 0
05-27 18:48:37.419   536   560 D commservice260303: client datas send succeed,send finish
05-27 18:48:37.419 13911 14192 D Sentinelmode_1.2.5.17_sentry: <SentryImuClusterFgeSender>imu_status sent to Linux, frame=252364, tsNs=10784644, tsMs=10, intervalMs=41, ad=(0.0014586747,-9.52646E-4,-0.16703701), gd=(-0.011530136,0.005192124,0.0019848873)
05-27 18:48:37.422   566 11459 I gps_hdbd: Received: '$GNZDA,010428.000,27,05,2026,00,00*41
'
05-27 18:48:37.424 13911 14183 I SentryImuMcuAngleSender: 179.99298rollDeg
05-27 18:48:37.424 13911 14183 I SentryImuMcuAngleSender: 1,0,0
05-27 18:48:37.425  1008 30856 D [OMXB]  : usingANWBuffer: handle:0xee743190, format:1, w:1920, h:1080
05-27 18:48:37.427 30773 30789 I dvr_service_: Camera 0: MediaOK:147102500, frames:3320, isKeyFrame:0,pts:10784262424
05-27 18:48:37.427   581   581 I SpiService: fgesysctrl_getGPIO_status success val=1
05-27 08:39:46.392   581   581 D spi_rst_gpio_get_output: GPIO 145 value: 1
05-27 08:39:46.392   581   581 D spidev_ioctl: gpio status=1)
05-27 18:48:37.433   581   581 I SpiService: fgesysctrl_getGPIO_status success val=1
05-27 08:39:46.397   581   581 D spi_rst_gpio_get_output: GPIO 145 value: 1
05-27 08:39:46.397   581   581 D spidev_ioctl: gpio status=1)
05-27 18:48:37.437   299 30844 D EvsDriver: forwardFrame
05-27 18:48:37.438   299 30844 D EvsDriver: Delivered 0xb400007b7ca56900 as id 0
05-27 18:48:37.438  1167  1184 D evsmanagerd: /dev/video6 forwarded the buffer #0 to 0xb4000074bf5f5510 from 0xb4000074bf5f6d90
05-27 18:48:37.438   581   581 I SpiService: fgesysctrl_getGPIO_status success val=1
05-27 18:48:37.438 30773 30781 E dvr_service_: [myNum:1] Received S**** loss
05-27 18:48:37.439   299  1153 D EvsDriver: doneWithFrame
05-27 08:39:46.403   581   581 D spi_rst_gpio_get_output: GPIO 145 value: 1
05-27 08:39:46.403   581   581 D spidev_ioctl: gpio status=1)
05-27 18:48:37.441  1008 30857 D [OMXB]  : usingANWBuffer: handle:0xee7428a0, format:1, w:1920, h:1080
05-27 18:48:37.444   299 30841 D EvsDriver: forwardFrame
05-27 18:48:37.444   581   581 I SpiService: fgesysctrl_getGPIO_status success val=1
05-27 08:39:46.408   581   581 D spi_rst_gpio_get_output: GPIO 145 value: 1
05-27 08:39:46.408   581   581 D spidev_ioctl: gpio status=1)
05-27 18:48:37.445   566 11459 I gps_hdbd: Received: '$GNINS,1,1,TYPE,I,V,010428.000,19379000,FUS,-18,0,0,0,MOT,V,1,PATT,0.00,0.00,0.00,VEL,0.000,0.000,0.000,POS,40.0001330924,116.0001570688,84.176,IIA,1,0.00,0.00,0.00,BGA,0.31,-0.66,-0.13,0.000,0.000,0.000,IGA,0,-1,0,0,-2,98,VG,16c2ff1*23
'
05-27 18:48:37.445 13911 14183 I SentryImuMcuAngleSender: 179.99298rollDeg
05-27 18:48:37.445 13911 14183 I SentryImuMcuAngleSender: 1,0,0
05-27 18:48:37.445   299 30841 D EvsDriver: Delivered 0xb400007b7ca56a60 as id 0
05-27 18:48:37.446  1167  1184 D evsmanagerd: /dev/video4 forwarded the buffer #0 to 0xb4000074bf5f6850 from 0xb4000074bf5f41d0
05-27 18:48:37.446 30773 30781 E dvr_service_: [myNum:0] Received S**** loss
05-27 18:48:37.446   299  1153 D EvsDriver: doneWithFrame
05-27 18:48:37.449   581   581 I SpiService: fgesysctrl_getGPIO_status success val=1
05-27 18:48:37.450   566 11459 I gps_hdbd: Received: '$GNINS,CARSPEED,ADR_STATUS,0,Pulse_count,0,1,0,0,19379000,107640,0.000,0.000,0.000*07
'
05-27 08:39:46.414   581   581 D spi_rst_gpio_get_output: GPIO 145 value: 1
05-27 08:39:46.414   581   581 D spidev_ioctl: gpio status=1)
05-27 18:48:37.455   581   581 I SpiService: fgesysctrl_getGPIO_status success val=0
05-27 18:48:37.456   566 11459 I gps_hdbd: Received: '$GNTXT,04,01,04,INS,V,1,,,,FLG,1,000000,1,0,1,0,0,Con,0*71
'
05-27 08:39:46.419   581   581 D spi_rst_gpio_get_output: GPIO 145 value: 0
05-27 08:39:46.419   581   581 D spidev_ioctl: gpio status=0)
05-27 18:48:37.458   536   536 D commservice260303: msg.id = 1028,0
05-27 18:48:37.458   536   536 D commservice260303: i = 170, msgid = 8A000404
05-27 18:48:37.458   536   536 D commservice260303: msgid = -1979710460,did=138
05-27 18:48:37.458   536   536 D commservice260303: CommProtocolLibCmdBaseI2C::dataproc {"command":{"id":"imu_status","sub":""},"content":{"TimeStamp":10,"FrameCounter":252365,"GD_X":-0.011070843786001205,"GD_Y":0.005802778527140617,"GD_Z":0.0020608289632946253,"AD_X":0.0014448761940002441,"AD_Y":-0.0015565454959869385,"AD_Z":-0.1670370101928711,"TempDsp":0,"Status":0,"CalibState":1,"SigAmpInvalid":0}},-1979710460
05-27 18:48:37.458   536   536 D commservice260303: send2Cluster len:317, 7B22636F6D6D616E64223A7B226964223A22696D755F737461747573222C22737562223A22227D2C22636F6E74656E74223A7B2254696D655374616D70223A31302C224672616D65436F756E746572223A3235323336352C2247445F58223A2D302E3031313037303834333738363030313230352C2247445F59223A302E3030353830323737383532373134303631372C2247445F5A223A302E303032303630383238393633323934363235332C2241445F58223A302E303031343434383736313934303030323434312C2241445F59223A2D302E303031353536353435343935393836393338352C2241445F5A223A2D302E313637303337303130313932383731312C2254656D70447370223A302C22537461747573223A302C2243616C69625374617465223A312C22536967416D70496E76616C6964223A307D7D, 138 
05-27 18:48:37.458   536   536 D commservice260303: Push Message into SendPool fn=-1860566016
05-27 18:48:37.458   536   536 D commservice260303: ComProtocolLibSend2Cluster::send2ClusterRaw fn=-1860566016 , len=333
05-27 18:48:37.458   536   536 D commservice260303: sendCmdToPort :333!!!
05-27 18:48:37.458   536   536 D commservice260303: send Cmd To Port ++++5AA501498A0100041A916A16CC057B22636F6D6D616E64223A7B226964223A22696D755F737461747573222C22737562223A22227D2C22636F6E74656E74223A7B2254696D655374616D70223A31302C224672616D65436F756E746572223A3235323336352C2247445F58223A2D302E3031313037303834333738363030313230352C2247445F59223A302E3030353830323737383532373134303631372C2247445F5A223A302E303032303630383238393633323934363235332C2241445F58223A302E303031343434383736313934303030323434312C2241445F59223A2D302E303031353536353435343935393836393338352C2241445F5A223A2D302E313637303337303130313932383731312C2254656D70447370223A302C22537461747573223A302C2243616C69625374617465223A312C22536967416D70496E76616C6964223A307D7D03F2
05-27 18:48:37.458   536   536 D commservice260303: bufferevent_write retrun value = 0
05-27 18:48:37.459   536   560 D commservice260303: client datas send succeed,send finish
05-27 18:48:37.459 13911 14192 D Sentinelmode_1.2.5.17_sentry: <SentryImuClusterFgeSender>imu_status sent to Linux, frame=252365, tsNs=10784664, tsMs=10, intervalMs=40, ad=(0.0014448762,-0.0015565455,-0.16703701), gd=(-0.011070844,0.0058027785,0.002060829)
05-27 18:48:37.462   566 11459 I gps_hdbd: Received: '$GNTXT,INSTALL,0.00,0.00,0.00,0.00,0.00,0.00,0*20
'
05-27 18:48:37.463  1008 30856 D [OMXB]  : usingANWBuffer: handle:0xee7427f0, format:1, w:1920, h:1080
05-27 18:48:37.465   299 30844 D EvsDriver: forwardFrame
05-27 18:48:37.468   299 30844 D EvsDriver: Delivered 0xb400007b7ca56900 as id 0
05-27 18:48:37.468   481   598 I mcuc    : rev,n=1,6AA68276C60002090136
05-27 18:48:37.469  1167  1184 D evsmanagerd: /dev/video6 forwarded the buffer #0 to 0xb4000074bf5f5510 from 0xb4000074bf5f6d90
05-27 18:48:37.472 13911 14183 I SentryImuMcuAngleSender: 179.993rollDeg
05-27 18:48:37.472 13911 14183 I SentryImuMcuAngleSender: 1,0,0
05-27 18:48:37.473   581   581 I SpiService: fgesysctrl_getGPIO_status success val=1
05-27 18:48:37.473   299  1153 D EvsDriver: doneWithFrame
05-27 18:48:37.475   299 30841 D EvsDriver: forwardFrame
05-27 18:48:37.477   299 30841 D EvsDriver: Delivered 0xb400007b7ca56a60 as id 0
05-27 18:48:37.477  1167  1184 D evsmanagerd: /dev/video4 forwarded the buffer #0 to 0xb4000074bf5f6850 from 0xb4000074bf5f41d0
05-27 08:39:46.438   581   581 D spi_rst_gpio_get_output: GPIO 145 value: 1
05-27 08:39:46.438   581   581 D spidev_ioctl: gpio status=1)
05-27 18:48:37.479   581   581 I SpiService: fgesysctrl_getGPIO_status success val=1
05-27 08:39:46.444   581   581 D spi_rst_gpio_get_output: GPIO 145 value: 1
05-27 08:39:46.444   581   581 D spidev_ioctl: gpio status=1)
05-27 18:48:37.482   299  1153 D EvsDriver: doneWithFrame
05-27 18:48:37.484 30773 30786 I dvr_service_: CameraX 1  audioOK: 147334785,audios:2190
05-27 18:48:37.485   581   581 I SpiService: fgesysctrl_getGPIO_status success val=1
05-27 08:39:46.450   581   581 D spi_rst_gpio_get_output: GPIO 145 value: 1
05-27 08:39:46.450   581   581 D spidev_ioctl: gpio status=1)
05-27 18:48:37.491   581   581 I SpiService: fgesysctrl_getGPIO_status success val=1
05-27 18:48:37.491   283   307 I rvcservice: t.code = 3, t.value = 0
05-27 18:48:37.493 13911 14183 I SentryImuMcuAngleSender: 179.993rollDeg
05-27 18:48:37.493 13911 14183 I SentryImuMcuAngleSender: 1,0,0
05-27 08:39:46.455   581   581 D spi_rst_gpio_get_output: GPIO 145 value: 1
05-27 08:39:46.455   581   581 D spidev_ioctl: gpio status=1)
05-27 18:48:37.494  1008 30857 D [OMXB]  : usingANWBuffer: handle:0xee7406f0, format:1, w:1920, h:1080
05-27 18:48:37.494 11344 11344 E SystemUI_NavBarFragment: SysUIConfig.icCarServiceConnected：false
05-27 18:48:37.495 30773 30789 I dvr_service_: Camera 1: MediaOK:146974588, frames:3300, isKeyFrame:0,pts:10784318998
05-27 18:48:37.496   572   622 I Sensors : 230 AccelSensor: x:-0.174459,y:0.002440,z:-9.977160
05-27 18:48:37.496   581   581 I SpiService: fgesysctrl_getGPIO_status success val=0
05-27 08:39:46.461   581   581 D spi_rst_gpio_get_output: GPIO 145 value: 0
05-27 08:39:46.461   581   581 D spidev_ioctl: gpio status=0)
05-27 18:48:37.497 30773 30785 I dvr_service_: [EncoderHandler::runMediaThread] runMediaThread started:1,state:1, cam2:started:1,state:1, lastSwitch:1, mIsMuxerStart:1,format:0,is_str_ing:0
05-27 18:48:37.500   299 30841 D EvsDriver: forwardFrame
05-27 18:48:37.500   299 30844 D EvsDriver: forwardFrame
05-27 18:48:37.500   536   536 D commservice260303: msg.id = 1028,0
05-27 18:48:37.500   536   536 D commservice260303: i = 170, msgid = 8A000404
05-27 18:48:37.500   536   536 D commservice260303: msgid = -1979710460,did=138
05-27 18:48:37.500   536   536 D commservice260303: CommProtocolLibCmdBaseI2C::dataproc {"command":{"id":"imu_status","sub":""},"content":{"TimeStamp":10,"FrameCounter":252366,"GD_X":-0.010994902811944485,"GD_Y":0.00549693126231432,"GD_Z":0.0026720035821199417,"AD_X":-0.006476879119873047,"AD_Y":-0.0015451312065124512,"AD_Z":-0.17191600799560547,"TempDsp":0,"Status":0,"CalibState":1,"SigAmpInvalid":0}},-1979710460
