05-27 18:48:42.192   299 30844 D EvsDriver: forwardFrame
05-27 18:48:42.194   581   581 I SpiService: fgesysctrl_getGPIO_status success val=1
05-27 18:48:42.195   299 30844 D EvsDriver: Delivered 0xb400007b7ca56900 as id 0
05-27 18:48:42.195  1167  1184 D evsmanagerd: /dev/video6 forwarded the buffer #0 to 0xb4000074bf5f5510 from 0xb4000074bf5f6d90
05-27 18:48:42.196   481   598 I mcuc    : rev,n=1,6AA681D951000A890098010409141234566C
05-27 18:48:42.196  1121  1144 I tboxmids_ap: [2026-05-27 18:48:42.196] [MCU RX] src=MCU dst=ZMQ len=10 type=BINARY data=00 08 98 01 04 09 14 12 34 56 
05-27 18:48:42.196   351   373 D automotive.vehicle@2.0-adayo-datacomm-mcu: MCUDatacomm sendMessageFromVehicle prop: 0x89, areaId: 0x0, status: 0x98, timestamp: 0x1
05-27 18:48:42.196   351   373 D automotive.vehicle@2.0-adayo-datacomm-mcu: MCUDatacomm 1sendMessageFromVehicle ---> type = 12 
05-27 08:39:51.158   581   581 D spi_rst_gpio_get_output: GPIO 145 value: 1
05-27 08:39:51.158   581   581 D spidev_ioctl: gpio status=1)
05-27 18:48:42.197  1083  1083 I MyAppLog: [2026-05-27 18:48:42.196 I tboxap mcuCommTboxmidsRecvCb:97] [Mcu] [mcuCommTboxmidsRecvCb] recv from tboxmids, size:10
05-27 18:48:42.197  1083  1083 I MyAppLog: [2026-05-27 18:48:42.196 I tboxap mcuCommTboxmidsRecvCb:98] [Mcu] [tboxmids -> tboxap]: :00 08 98 01 04 09 14 12 34 56
05-27 18:48:42.197  1083  1083 W MyAppLog: [2026-05-27 18:48:42.196 W tboxap mcuYadiFrameParse:852] [Mcu] [mcuYadiFrameParse] cmd:0914(MCU_SEC_BATT2_DYNAMIC_IND) payload too short:5 < 36
05-27 18:48:42.197  1083  1083 W MyAppLog: [2026-05-27 18:48:42.197 W tboxap mcuPtlParseData:982] [Mcu] [mcuPtlParseData] invalid yadi frame, len:10
05-27 18:48:42.197   299 30841 D EvsDriver: forwardFrame
05-27 18:48:42.199  1167  1184 D evsmanagerd: /dev/video4 forwarded the buffer #0 to 0xb4000074bf5f6850 from 0xb4000074bf5f41d0
05-27 18:48:42.199   299 30841 D EvsDriver: Delivered 0xb400007b7ca56a60 as id 0
05-27 18:48:42.199   581   581 I SpiService: fgesysctrl_getGPIO_status success val=1
05-27 18:48:42.199   299  1163 D EvsDriver: doneWithFrame
05-27 08:39:51.164   581   581 D spi_rst_gpio_get_output: GPIO 145 value: 1
05-27 08:39:51.164   581   581 D spidev_ioctl: gpio status=1)
05-27 18:48:42.201 13911 14183 I SentryImuMcuAngleSender: 180.0rollDeg
05-27 18:48:42.201 13911 14183 I SentryImuMcuAngleSender: 1,0,0
05-27 18:48:42.201   299  1163 D EvsDriver: doneWithFrame
05-27 18:48:42.203   572   622 I Sensors : 230 AccelSensor: x:-0.168360,y:0.001220,z:-9.971060
05-27 18:48:42.203 15863 16069 D AIN-HttpHealthPolicy: response: 200, cost=178
05-27 18:48:42.204   283   307 I rvcservice: t.code = 3, t.value = 0
05-27 18:48:42.204 15863 16068 D AIN-PingWorker: updateHost: result=true,host=www.taobao.com,delay=178
05-27 18:48:42.204 15863 16068 D AIN-NetCheckerOutputer: onHealthy
05-27 18:48:42.204 15863 16068 D AIN-ServiceHub: getService with: name = service_tracker
05-27 18:48:42.205   581   581 I SpiService: fgesysctrl_getGPIO_status success val=1
05-27 18:48:42.206  1008 30857 D [OMXB]  : usingANWBuffer: handle:0xee745fa0, format:1, w:1920, h:1080
05-27 08:39:51.169   581   581 D spi_rst_gpio_get_output: GPIO 145 value: 1
05-27 08:39:51.169   581   581 D spidev_ioctl: gpio status=1)
05-27 18:48:42.210   581   581 I SpiService: fgesysctrl_getGPIO_status success val=1
05-27 08:39:51.175   581   581 D spi_rst_gpio_get_output: GPIO 145 value: 1
05-27 08:39:51.175   581   581 D spidev_ioctl: gpio status=1)
05-27 18:48:42.216   581   581 I SpiService: fgesysctrl_getGPIO_status success val=1
05-27 08:39:51.180   581   581 D spi_rst_gpio_get_output: GPIO 145 value: 1
05-27 08:39:51.180   581   581 D spidev_ioctl: gpio status=1)
05-27 18:48:42.221 13911 14183 I SentryImuMcuAngleSender: 179.99298rollDeg
05-27 18:48:42.221 13911 14183 I SentryImuMcuAngleSender: 1,0,0
05-27 18:48:42.221   581   581 I SpiService: fgesysctrl_getGPIO_status success val=0
05-27 18:48:42.221   481   597 I mcuc    : send SPI:6AA60076D600020601AB6AA602D9510002890049
05-27 18:48:42.223   536   536 D commservice260303: msg.id = 1028,0
05-27 18:48:42.223   536   536 D commservice260303: i = 170, msgid = 8A000404
05-27 18:48:42.223   536   536 D commservice260303: msgid = -1979710460,did=138
05-27 18:48:42.223   536   536 D commservice260303: CommProtocolLibCmdBaseI2C::dataproc {"command":{"id":"imu_status","sub":""},"content":{"TimeStamp":10,"FrameCounter":252482,"GD_X":-0.011300750076770782,"GD_Y":0.004276141989976168,"GD_Z":0.002213752595707774,"AD_X":-0.00269944965839386,"AD_Y":-0.0014514811336994171,"AD_Z":-0.1682577133178711,"TempDsp":0,"Status":0,"CalibState":1,"SigAmpInvalid":0}},-1979710460
05-27 18:48:42.223   536   536 D commservice260303: send2Cluster len:315, 7B22636F6D6D616E64223A7B226964223A22696D755F737461747573222C22737562223A22227D2C22636F6E74656E74223A7B2254696D655374616D70223A31302C224672616D65436F756E746572223A3235323438322C2247445F58223A2D302E3031313330303735303037363737303738322C2247445F59223A302E3030343237363134313938393937363136382C2247445F5A223A302E3030323231333735323539353730373737342C2241445F58223A2D302E30303236393934343936353833393338362C2241445F59223A2D302E303031343531343831313333363939343137312C2241445F5A223A2D302E313638323537373133333137383731312C2254656D70447370223A302C22537461747573223A302C2243616C69625374617465223A312C22536967416D70496E76616C6964223A307D7D, 138 
05-27 18:48:42.223   536   536 D commservice260303: Push Message into SendPool fn=152765440
05-27 18:48:42.223   536   536 D commservice260303: ComProtocolLibSend2Cluster::send2ClusterRaw fn=152765440 , len=331
05-27 18:48:42.223   536   536 D commservice260303: sendCmdToPort :331!!!
05-27 18:48:42.223   536   536 D commservice260303: send Cmd To Port ++++5AA501478A0100041B096A16CC0A7B22636F6D6D616E64223A7B226964223A22696D755F737461747573222C22737562223A22227D2C22636F6E74656E74223A7B2254696D655374616D70223A31302C224672616D65436F756E746572223A3235323438322C2247445F58223A2D302E3031313330303735303037363737303738322C2247445F59223A302E3030343237363134313938393937363136382C2247445F5A223A302E3030323231333735323539353730373737342C2241445F58223A2D302E30303236393934343936353833393338362C2241445F59223A2D302E303031343531343831313333363939343137312C2241445F5A223A2D302E313638323537373133333137383731312C2254656D70447370223A302C22537461747573223A302C2243616C69625374617465223A312C22536967416D70496E76616C6964223A307D7DE825
05-27 18:48:42.223   536   536 D commservice260303: bufferevent_write retrun value = 0
05-27 18:48:42.223   536   560 D commservice260303: client datas send succeed,send finish
05-27 18:48:42.224 13911 14192 D Sentinelmode_1.2.5.17_sentry: <SentryImuClusterFgeSender>imu_status sent to Linux, frame=252482, tsNs=10789471, tsMs=10, intervalMs=39, ad=(-0.0026994497,-0.0014514811,-0.16825771), gd=(-0.01130075,0.004276142,0.0022137526)
05-27 08:39:51.186   581   581 D spi_rst_gpio_get_output: GPIO 145 value: 0
05-27 08:39:51.186   581   581 D spidev_ioctl: gpio status=0)
05-27 18:48:42.229  1008 30856 D [OMXB]  : usingANWBuffer: handle:0xee743500, format:1, w:1920, h:1080
05-27 18:48:42.231   299 30841 D EvsDriver: forwardFrame
05-27 18:48:42.233   299 30841 D EvsDriver: Delivered 0xb400007b7ca56a60 as id 0
05-27 18:48:42.233  1167  1184 D evsmanagerd: /dev/video4 forwarded the buffer #0 to 0xb4000074bf5f6850 from 0xb4000074bf5f41d0
05-27 18:48:42.235   299  1163 D EvsDriver: doneWithFrame
05-27 18:48:42.236   581   581 I SpiService: fgesysctrl_getGPIO_status success val=1
05-27 08:39:51.200   581   581 D spi_rst_gpio_get_output: GPIO 145 value: 1
05-27 08:39:51.200   581   581 D spidev_ioctl: gpio status=1)
05-27 18:48:42.239   299 30844 D EvsDriver: forwardFrame
05-27 18:48:42.241   581   581 I SpiService: fgesysctrl_getGPIO_status success val=1
05-27 18:48:42.242 13911 14183 I SentryImuMcuAngleSender: 179.98949rollDeg
05-27 18:48:42.242 13911 14183 I SentryImuMcuAngleSender: 1,0,0
05-27 18:48:42.242   299 30844 D EvsDriver: Delivered 0xb400007b7ca56900 as id 0
05-27 18:48:42.242  1167  1184 D evsmanagerd: /dev/video6 forwarded the buffer #0 to 0xb4000074bf5f5510 from 0xb4000074bf5f6d90
05-27 18:48:42.245   299  1163 D EvsDriver: doneWithFrame
05-27 08:39:51.206   581   581 D spi_rst_gpio_get_output: GPIO 145 value: 1
05-27 08:39:51.206   581   581 D spidev_ioctl: gpio status=1)
05-27 18:48:42.247   581   581 I SpiService: fgesysctrl_getGPIO_status success val=1
05-27 18:48:42.247  1008 30857 D [OMXB]  : usingANWBuffer: handle:0xee747180, format:1, w:1920, h:1080
05-27 08:39:51.212   581   581 D spi_rst_gpio_get_output: GPIO 145 value: 1
05-27 08:39:51.212   581   581 D spidev_ioctl: gpio status=1)
05-27 18:48:42.253   581   581 I SpiService: fgesysctrl_getGPIO_status success val=1
05-27 08:39:51.217   581   581 D spi_rst_gpio_get_output: GPIO 145 value: 1
05-27 08:39:51.217   581   581 D spidev_ioctl: gpio status=1)
05-27 18:48:42.258   581   581 I SpiService: fgesysctrl_getGPIO_status success val=0
05-27 18:48:42.258   299 30844 D EvsDriver: forwardFrame
05-27 18:48:42.258   299 30841 D EvsDriver: forwardFrame
05-27 18:48:42.261  1167  1184 D evsmanagerd: /dev/video6 forwarded the buffer #0 to 0xb4000074bf5f5510 from 0xb4000074bf5f6d90
05-27 08:39:51.223   581   581 D spi_rst_gpio_get_output: GPIO 145 value: 0
05-27 08:39:51.223   581   581 D spidev_ioctl: gpio status=0)
05-27 18:48:42.261   299 30844 D EvsDriver: Delivered 0xb400007b7ca56900 as id 0
05-27 18:48:42.261   299 30841 D EvsDriver: Delivered 0xb400007b7ca56a60 as id 0
05-27 18:48:42.261  1167  1167 D evsmanagerd: /dev/video4 forwarded the buffer #0 to 0xb4000074bf5f6850 from 0xb4000074bf5f41d0
05-27 18:48:42.262 30773 30781 I dvr_service_: [myNum:0][onFrameReceived] Received Surface:1 0
05-27 18:48:42.262 30773 30773 I dvr_service_: [myNum:1][onFrameReceived] Received Surface:1 0
05-27 18:48:42.262 30773 30781 E dvr_service_: [myNum:0] Received S**** loss
05-27 18:48:42.262 30773 30773 E dvr_service_: [myNum:1] Received S**** loss
05-27 18:48:42.262   299  1163 D EvsDriver: doneWithFrame
05-27 18:48:42.262   299  1153 D EvsDriver: doneWithFrame
05-27 18:48:42.262 13911 14183 I SentryImuMcuAngleSender: 179.993rollDeg
05-27 18:48:42.263 13911 14183 I SentryImuMcuAngleSender: 1,0,0
05-27 18:48:42.263   536   536 D commservice260303: msg.id = 1028,1
05-27 18:48:42.263   536   536 D commservice260303: i = 170, msgid = 8A000404
05-27 18:48:42.263   536   536 D commservice260303: msgid = -1979710460,did=138
05-27 18:48:42.263   536   536 D commservice260303: CommProtocolLibCmdBaseI2C::dataproc {"command":{"id":"imu_status","sub":""},"content":{"TimeStamp":10,"FrameCounter":252483,"GD_X":-0.012522058561444283,"GD_Y":0.00519212381914258,"GD_Z":0.0021378109231591225,"AD_X":-0.003308132290840149,"AD_Y":-0.0014438752550631762,"AD_Z":-0.17069625854492188,"TempDsp":0,"Status":0,"CalibState":1,"SigAmpInvalid":0}},-1979710460
05-27 18:48:42.263   536   536 D commservice260303: send2Cluster len:317, 7B22636F6D6D616E64223A7B226964223A22696D755F737461747573222C22737562223A22227D2C22636F6E74656E74223A7B2254696D655374616D70223A31302C224672616D65436F756E746572223A3235323438332C2247445F58223A2D302E3031323532323035383536313434343238332C2247445F59223A302E30303531393231323338313931343235382C2247445F5A223A302E303032313337383130393233313539313232352C2241445F58223A2D302E3030333330383133323239303834303134392C2241445F59223A2D302E303031343433383735323535303633313736322C2241445F5A223A2D302E31373036393632353835343439323138382C2254656D70447370223A302C22537461747573223A302C2243616C69625374617465223A312C22536967416D70496E76616C6964223A307D7D, 138 
05-27 18:48:42.263   536   536 D commservice260303: Push Message into SendPool fn=169542656
05-27 18:48:42.264   536   536 D commservice260303: ComProtocolLibSend2Cluster::send2ClusterRaw fn=169542656 , len=333
05-27 18:48:42.264   536   536 D commservice260303: sendCmdToPort :333!!!
05-27 18:48:42.264   536   536 D commservice260303: send Cmd To Port ++++5AA501498A0100041B0A6A16CC0A7B22636F6D6D616E64223A7B226964223A22696D755F737461747573222C22737562223A22227D2C22636F6E74656E74223A7B2254696D655374616D70223A31302C224672616D65436F756E746572223A3235323438332C2247445F58223A2D302E3031323532323035383536313434343238332C2247445F59223A302E30303531393231323338313931343235382C2247445F5A223A302E303032313337383130393233313539313232352C2241445F58223A2D302E3030333330383133323239303834303134392C2241445F59223A2D302E303031343433383735323535303633313736322C2241445F5A223A2D302E31373036393632353835343439323138382C2254656D70447370223A302C22537461747573223A302C2243616C69625374617465223A312C22536967416D70496E76616C6964223A307D7D2E5E
05-27 18:48:42.264   536   536 D commservice260303: bufferevent_write retrun value = 0
05-27 18:48:42.264   536   560 D commservice260303: client datas send succeed,send finish
05-27 18:48:42.264 13911 14192 D Sentinelmode_1.2.5.17_sentry: <SentryImuClusterFgeSender>imu_status sent to Linux, frame=252483, tsNs=10789506, tsMs=10, intervalMs=41, ad=(-0.0033081323,-0.0014438753,-0.17069626), gd=(-0.012522059,0.005192124,0.002137811)
05-27 18:48:42.271  1008 30856 D [OMXB]  : usingANWBuffer: handle:0xee740430, format:1, w:1920, h:1080
05-27 18:48:42.272   581   581 I SpiService: fgesysctrl_getGPIO_status success val=1
05-27 08:39:51.237   581   581 D spi_rst_gpio_get_output: GPIO 145 value: 1
05-27 08:39:51.237   581   581 D spidev_ioctl: gpio status=1)
05-27 18:48:42.278   581   581 I SpiService: fgesysctrl_getGPIO_status success val=1
05-27 08:39:51.243   581   581 D spi_rst_gpio_get_output: GPIO 145 value: 1
05-27 08:39:51.243   581   581 D spidev_ioctl: gpio status=1)
05-27 18:48:42.282 13911 14183 I SentryImuMcuAngleSender: 180.0rollDeg
05-27 18:48:42.283 13911 14183 I SentryImuMcuAngleSender: 1,0,0
05-27 18:48:42.284   581   581 I SpiService: fgesysctrl_getGPIO_status success val=1
05-27 08:39:51.248   581   581 D spi_rst_gpio_get_output: GPIO 145 value: 1
05-27 08:39:51.248   581   581 D spidev_ioctl: gpio status=1)
05-27 18:48:42.287  1008 30857 D [OMXB]  : usingANWBuffer: handle:0xee741da0, format:1, w:1920, h:1080
05-27 18:48:42.288 10188 11122 E WifiVendorHal: getWifiLinkLayerStats_1_6_Internal(l.1202) failed {.code = ERROR_UNKNOWN, .description = unknown error}
05-27 18:48:42.289   581   581 I SpiService: fgesysctrl_getGPIO_status success val=1
05-27 18:48:42.292   572   622 I Sensors : 230 GyroSensor: x:-0.011530,y:0.005039,z:0.002138
05-27 08:39:51.254 10047 10047 W         : AICWFDBG(LOGTRACE)	rwnx_send_msg (118)MM_GET_STA_INFO_CFM reqcfm:1 in_irq:0 in_softirq:0 in_atomic:0
05-27 08:39:51.254 10047 10047 W         : AICWFDBG(LOGTRACE)	rwnx_cmd_malloc get cmd_array[0]:000000004c96fbbb
05-27 08:39:51.254   581   581 D spi_rst_gpio_get_output: GPIO 145 value: 1
05-27 08:39:51.254   581   581 D spidev_ioctl: gpio status=1)
05-27 08:39:51.254   354   354 W         : AICWFDBG(LOGDEBUG)	rwnx_rx_handle_msg msg->id:0x76
05-27 08:39:51.254 10047 10047 W         : AICWFDBG(LOGTRACE)	rwnx_cmd_free cmd_array[0]:000000004c96fbbb
05-27 08:39:51.254 10047 10047 W         : AICWFDBG(LOGDEBUG)	rwnx_fill_station_info ModTx(2):5 TxIndex:9 ModRx(2):5 RxHTIndex:10 RxVHTIndex:8 RxHEIndex:11 RSSI:-39
05-27 08:39:51.260   581   581 D spi_rst_gpio_get_output: GPIO 145 value: 0
05-27 08:39:51.260   581   581 D spidev_ioctl: gpio status=0)
05-27 18:48:42.294   299 30844 D EvsDriver: forwardFrame
05-27 18:48:42.294   299 30841 D EvsDriver: forwardFrame
05-27 18:48:42.295   581   581 I SpiService: fgesysctrl_getGPIO_status success val=0
05-27 18:48:42.296  1167  1184 D evsmanagerd: /dev/video6 forwarded the buffer #0 to 0xb4000074bf5f5510 from 0xb4000074bf5f6d90
05-27 18:48:42.296   299 30844 D EvsDriver: Delivered 0xb400007b7ca56900 as id 0
05-27 18:48:42.297   299 30841 D EvsDriver: Delivered 0xb400007b7ca56a60 as id 0
05-27 18:48:42.297  1167  1184 D evsmanagerd: /dev/video4 forwarded the buffer #0 to 0xb4000074bf5f6850 from 0xb4000074bf5f41d0
05-27 18:48:42.301   299  1163 D EvsDriver: doneWithFrame
05-27 18:48:42.301   299  1153 D EvsDriver: doneWithFrame
05-27 18:48:42.303 13911 14183 I SentryImuMcuAngleSender: 179.993rollDeg
05-27 18:48:42.303 13911 14183 I SentryImuMcuAngleSender: 1,0,0
05-27 18:48:42.303  1008 30856 D [OMXB]  : usingANWBuffer: handle:0xee744790, format:1, w:1920, h:1080
05-27 18:48:42.304   536   536 D commservice260303: msg.id = 1028,1
05-27 18:48:42.304   536   536 D commservice260303: i = 170, msgid = 8A000404
05-27 18:48:42.304   536   536 D commservice260303: msgid = -1979710460,did=138
05-27 18:48:42.304   536   536 D commservice260303: CommProtocolLibCmdBaseI2C::dataproc {"command":{"id":"imu_status","sub":""},"content":{"TimeStamp":10,"FrameCounter":252484,"GD_X":-0.01153013575822115,"GD_Y":0.005039200186729431,"GD_Z":0.0021378109231591225,"AD_X":-0.0033093243837356567,"AD_Y":-0.0014304963406175375,"AD_Z":-0.16947650909423828,"TempDsp":0,"Status":0,"CalibState":1,"SigAmpInvalid":0}},-1979710460
05-27 18:48:42.304   283   307 I rvcservice: t.code = 4, t.value = 0
05-27 18:48:42.304   536   536 D commservice260303: send2Cluster len:318, 7B22636F6D6D616E64223A7B226964223A22696D755F737461747573222C22737562223A22227D2C22636F6E74656E74223A7B2254696D655374616D70223A31302C224672616D65436F756E746572223A3235323438342C2247445F58223A2D302E30313135333031333537353832323131352C2247445F59223A302E3030353033393230303138363732393433312C2247445F5A223A302E303032313337383130393233313539313232352C2241445F58223A2D302E303033333039333234333833373335363536372C2241445F59223A2D302E303031343330343936333430363137353337352C2241445F5A223A2D302E31363934373635303930393432333832382C2254656D70447370223A302C22537461747573223A302C2243616C69625374617465223A312C22536967416D70496E76616C6964223A307D7D, 138 
05-27 18:48:42.304   536   536 D commservice260303: Push Message into SendPool fn=186319872
05-27 18:48:42.304   536   536 D commservice260303: ComProtocolLibSend2Cluster::send2ClusterRaw fn=186319872 , len=334
05-27 18:48:42.305   536   536 D commservice260303: sendCmdToPort :334!!!
05-27 18:48:42.305   536   536 D commservice260303: send Cmd To Port ++++5AA5014A8A0100041B0B6A16CC0A7B22636F6D6D616E64223A7B226964223A22696D755F737461747573222C22737562223A22227D2C22636F6E74656E74223A7B2254696D655374616D70223A31302C224672616D65436F756E746572223A3235323438342C2247445F58223A2D302E30313135333031333537353832323131352C2247445F59223A302E3030353033393230303138363732393433312C2247445F5A223A302E303032313337383130393233313539313232352C2241445F58223A2D302E303033333039333234333833373335363536372C2241445F59223A2D302E303031343330343936333430363137353337352C2241445F5A223A2D302E31363934373635303930393432333832382C2254656D70447370223A302C22537461747573223A302C2243616C69625374617465223A312C22536967416D70496E76616C6964223A307D7DEFD2
05-27 18:48:42.305   536   536 D commservice260303: bufferevent_write retrun value = 0
05-27 18:48:42.305   536   560 D commservice260303: client datas send succeed,send finish
05-27 18:48:42.305 13911 14192 D Sentinelmode_1.2.5.17_sentry: <SentryImuClusterFgeSender>imu_status sent to Linux, frame=252484, tsNs=10789542, tsMs=10, intervalMs=41, ad=(-0.0033093244,-0.0014304963,-0.16947651), gd=(-0.011530136,0.0050392,0.002137811)
05-27 18:48:42.310   581   581 I SpiService: fgesysctrl_getGPIO_status success val=1
05-27 08:39:51.274   581   581 D spi_rst_gpio_get_output: GPIO 145 value: 1
05-27 08:39:51.274   581   581 D spidev_ioctl: gpio status=1)
05-27 18:48:42.315   581   581 I SpiService: fgesysctrl_getGPIO_status success val=1
05-27 08:39:51.280   581   581 D spi_rst_gpio_get_output: GPIO 145 value: 1
05-27 08:39:51.280   581   581 D spidev_ioctl: gpio status=1)
05-27 18:48:42.321   581   581 I SpiService: fgesysctrl_getGPIO_status success val=1
05-27 18:48:42.322   586   614 D vendor.sprd.hardware.aprd-service: GPS Get GPSver failed No such file or directory
05-27 18:48:42.322   586   614 D vendor.sprd.hardware.aprd-service: GE xmlDoc is NULL, may not set GPS on.
05-27 18:48:42.324 13911 14183 I SentryImuMcuAngleSender: 179.97197rollDeg
05-27 18:48:42.324 13911 14183 I SentryImuMcuAngleSender: 1,0,0
05-27 08:39:51.285   581   581 D spi_rst_gpio_get_output: GPIO 145 value: 1
05-27 08:39:51.286   581   581 D spidev_ioctl: gpio status=1)
05-27 18:48:42.326   581   581 I SpiService: fgesysctrl_getGPIO_status success val=1
05-27 08:39:51.291   581   581 D spi_rst_gpio_get_output: GPIO 145 value: 1
05-27 08:39:51.291   581   581 D spidev_ioctl: gpio status=1)
05-27 18:48:42.330   299 30844 D EvsDriver: forwardFrame
05-27 18:48:42.330   299 30841 D EvsDriver: forwardFrame
05-27 18:48:42.331   299 30844 D EvsDriver: Delivered 0xb400007b7ca56900 as id 0
05-27 18:48:42.332  1167  1167 D evsmanagerd: /dev/video6 forwarded the buffer #0 to 0xb4000074bf5f5510 from 0xb4000074bf5f6d90
05-27 18:48:42.332   581   581 I SpiService: fgesysctrl_getGPIO_status success val=1
05-27 08:39:51.296   581   581 D spi_rst_gpio_get_output: GPIO 145 value: 1
05-27 08:39:51.296   581   581 D spidev_ioctl: gpio status=1)
05-27 18:48:42.333  1167  1167 D evsmanagerd: /dev/video4 forwarded the buffer #0 to 0xb4000074bf5f6850 from 0xb4000074bf5f41d0
05-27 18:48:42.333   299 30841 D EvsDriver: Delivered 0xb400007b7ca56a60 as id 0
05-27 18:48:42.335   299  1153 D EvsDriver: doneWithFrame
05-27 18:48:42.335   299  1163 D EvsDriver: doneWithFrame
05-27 18:48:42.337   581   581 I SpiService: fgesysctrl_getGPIO_status success val=1
05-27 18:48:42.340  1008 30857 D [OMXB]  : usingANWBuffer: handle:0xee744fd0, format:1, w:1920, h:1080
05-27 08:39:51.302   581   581 D spi_rst_gpio_get_output: GPIO 145 value: 1
05-27 08:39:51.302   581   581 D spidev_ioctl: gpio status=1)
05-27 08:39:51.307   581   581 D spi_rst_gpio_get_output: GPIO 145 value: 0
05-27 08:39:51.307   581   581 D spidev_ioctl: gpio status=0)
05-27 18:48:42.343   581   581 I SpiService: fgesysctrl_getGPIO_status success val=0
05-27 18:48:42.343   536   536 D commservice260303: msg.id = 1028,0
05-27 18:48:42.343   536   536 D commservice260303: i = 170, msgid = 8A000404
05-27 18:48:42.344   536   536 D commservice260303: msgid = -1979710460,did=138
05-27 18:48:42.344   536   536 D commservice260303: CommProtocolLibCmdBaseI2C::dataproc {"command":{"id":"imu_status","sub":""},"content":{"TimeStamp":10,"FrameCounter":252485,"GD_X":-0.010690094903111458,"GD_Y":0.005420989356935024,"GD_Z":0.002443138277158141,"AD_X":-0.0020896941423416138,"AD_Y":0.00403938814997673,"AD_Z":-0.1658163070678711,"TempDsp":0,"Status":0,"CalibState":1,"SigAmpInvalid":0}},-1979710460
05-27 18:48:42.344   536   536 D commservice260303: send2Cluster len:314, 7B22636F6D6D616E64223A7B226964223A22696D755F737461747573222C22737562223A22227D2C22636F6E74656E74223A7B2254696D655374616D70223A31302C224672616D65436F756E746572223A3235323438352C2247445F58223A2D302E3031303639303039343930333131313435382C2247445F59223A302E3030353432303938393335363933353032342C2247445F5A223A302E3030323434333133383237373135383134312C2241445F58223A2D302E303032303839363934313432333431363133382C2241445F59223A302E30303430333933383831343939373637332C2241445F5A223A2D302E313635383136333037303637383731312C2254656D70447370223A302C22537461747573223A302C2243616C69625374617465223A312C22536967416D70496E76616C6964223A307D7D, 138 
05-27 18:48:42.344   536   536 D commservice260303: Push Message into SendPool fn=203097088
05-27 18:48:42.344   536   536 D commservice260303: ComProtocolLibSend2Cluster::send2ClusterRaw fn=203097088 , len=330
05-27 18:48:42.344   536   536 D commservice260303: sendCmdToPort :330!!!
05-27 18:48:42.344   536   536 D commservice260303: send Cmd To Port ++++5AA501468A0100041B0C6A16CC0A7B22636F6D6D616E64223A7B226964223A22696D755F737461747573222C22737562223A22227D2C22636F6E74656E74223A7B2254696D655374616D70223A31302C224672616D65436F756E746572223A3235323438352C2247445F58223A2D302E3031303639303039343930333131313435382C2247445F59223A302E3030353432303938393335363933353032342C2247445F5A223A302E3030323434333133383237373135383134312C2241445F58223A2D302E303032303839363934313432333431363133382C2241445F59223A302E30303430333933383831343939373637332C2241445F5A223A2D302E313635383136333037303637383731312C2254656D70447370223A302C22537461747573223A302C2243616C69625374617465223A312C22536967416D70496E76616C6964223A307D7D92C7
05-27 18:48:42.344   536   536 D commservice260303: bufferevent_write retrun value = 0
05-27 18:48:42.344   536   560 D commservice260303: client datas send succeed,send finish
05-27 18:48:42.344 13911 14192 D Sentinelmode_1.2.5.17_sentry: <SentryImuClusterFgeSender>imu_status sent to Linux, frame=252485, tsNs=10789578, tsMs=10, intervalMs=39, ad=(-0.0020896941,0.004039388,-0.1658163), gd=(-0.010690095,0.0054209894,0.0024431383)
05-27 18:48:42.344 13911 14183 I SentryImuMcuAngleSender: 179.96144rollDeg
05-27 18:48:42.344 13911 14183 I SentryImuMcuAngleSender: 1,0,0
05-27 18:48:42.356  1008 30856 D [OMXB]  : usingANWBuffer: handle:0xee7440b0, format:1, w:1920, h:1080
05-27 18:48:42.358   581   581 I SpiService: fgesysctrl_getGPIO_status success val=1
05-27 18:48:42.359   299 30844 D EvsDriver: forwardFrame
05-27 08:39:51.322   581   581 D spi_rst_gpio_get_output: GPIO 145 value: 1
05-27 08:39:51.322   581   581 D spidev_ioctl: gpio status=1)
05-27 18:48:42.361   299 30844 D EvsDriver: Delivered 0xb400007b7ca56900 as id 0
05-27 18:48:42.361  1167  1167 D evsmanagerd: /dev/video6 forwarded the buffer #0 to 0xb4000074bf5f5510 from 0xb4000074bf5f6d90
05-27 18:48:42.364   581   581 I SpiService: fgesysctrl_getGPIO_status success val=1
05-27 08:39:51.328   581   581 D spi_rst_gpio_get_output: GPIO 145 value: 1
05-27 18:48:42.364 13911 14183 I SentryImuMcuAngleSender: 179.97197rollDeg
05-27 18:48:42.365 13911 14183 I SentryImuMcuAngleSender: 1,0,0
05-27 18:48:42.365   299 30841 D EvsDriver: forwardFrame
05-27 18:48:42.365   299  1163 D EvsDriver: doneWithFrame
05-27 18:48:42.368   299 30841 D EvsDriver: Delivered 0xb400007b7ca56a60 as id 0
05-27 18:48:42.369  1167  1167 D evsmanagerd: /dev/video4 forwarded the buffer #0 to 0xb4000074bf5f6850 from 0xb4000074bf5f41d0
05-27 08:39:51.328   581   581 D spidev_ioctl: gpio status=1)
05-27 18:48:42.370   581   581 I SpiService: fgesysctrl_getGPIO_status success val=1
05-27 18:48:42.372   299  1163 D EvsDriver: doneWithFrame
05-27 08:39:51.334   581   581 D spi_rst_gpio_get_output: GPIO 145 value: 1
05-27 08:39:51.334   581   581 D spidev_ioctl: gpio status=1)
05-27 18:48:42.375   581   581 I SpiService: fgesysctrl_getGPIO_status success val=1
05-27 18:48:42.376  1008 30857 D [OMXB]  : usingANWBuffer: handle:0xee7437c0, format:1, w:1920, h:1080
05-27 08:39:51.340   581   581 D spi_rst_gpio_get_output: GPIO 145 value: 1
05-27 08:39:51.340   581   581 D spidev_ioctl: gpio status=1)
05-27 18:48:42.381   581   581 I SpiService: fgesysctrl_getGPIO_status success val=0
05-27 08:39:51.345   581   581 D spi_rst_gpio_get_output: GPIO 145 value: 0
05-27 08:39:51.345   581   581 D spidev_ioctl: gpio status=0)
05-27 18:48:42.384   536   536 D commservice260303: msg.id = 1028,1
05-27 18:48:42.384   536   536 D commservice260303: i = 170, msgid = 8A000404
05-27 18:48:42.384   536   536 D commservice260303: msgid = -1979710460,did=138
05-27 18:48:42.384   536   536 D commservice260303: CommProtocolLibCmdBaseI2C::dataproc {"command":{"id":"imu_status","sub":""},"content":{"TimeStamp":10,"FrameCounter":252486,"GD_X":-0.011147825978696346,"GD_Y":0.004656890872865915,"GD_Z":0.0018319635419175029,"AD_X":-0.0021009594202041626,"AD_Y":-0.002059951424598694,"AD_Z":-0.1682577133178711,"TempDsp":0,"Status":0,"CalibState":1,"SigAmpInvalid":0}},-1979710460
05-27 18:48:42.384   536   536 D commservice260303: send2Cluster len:317, 7B22636F6D6D616E64223A7B226964223A22696D755F737461747573222C22737562223A22227D2C22636F6E74656E74223A7B2254696D655374616D70223A31302C224672616D65436F756E746572223A3235323438362C2247445F58223A2D302E3031313134373832353937383639363334362C2247445F59223A302E3030343635363839303837323836353931352C2247445F5A223A302E303031383331393633353431393137353032392C2241445F58223A2D302E303032313030393539343230323034313632362C2241445F59223A2D302E3030323035393935313432343539383639342C2241445F5A223A2D302E313638323537373133333137383731312C2254656D70447370223A302C22537461747573223A302C2243616C69625374617465223A312C22536967416D70496E76616C6964223A307D7D, 138 
05-27 18:48:42.384   536   536 D commservice260303: Push Message into SendPool fn=219874304
05-27 18:48:42.384   536   536 D commservice260303: ComProtocolLibSend2Cluster::send2ClusterRaw fn=219874304 , len=333
05-27 18:48:42.384   536   536 D commservice260303: sendCmdToPort :333!!!
05-27 18:48:42.384   536   536 D commservice260303: send Cmd To Port ++++5AA501498A0100041B0D6A16CC0A7B22636F6D6D616E64223A7B226964223A22696D755F737461747573222C22737562223A22227D2C22636F6E74656E74223A7B2254696D655374616D70223A31302C224672616D65436F756E746572223A3235323438362C2247445F58223A2D302E3031313134373832353937383639363334362C2247445F59223A302E3030343635363839303837323836353931352C2247445F5A223A302E303031383331393633353431393137353032392C2241445F58223A2D302E303032313030393539343230323034313632362C2241445F59223A2D302E3030323035393935313432343539383639342C2241445F5A223A2D302E313638323537373133333137383731312C2254656D70447370223A302C22537461747573223A302C2243616C69625374617465223A312C22536967416D70496E76616C6964223A307D7D9044
05-27 18:48:42.384   536   536 D commservice260303: bufferevent_write retrun value = 0
05-27 18:48:42.384   536   560 D commservice260303: client datas send succeed,send finish
05-27 18:48:42.384 13911 14192 D Sentinelmode_1.2.5.17_sentry: <SentryImuClusterFgeSender>imu_status sent to Linux, frame=252486, tsNs=10789632, tsMs=10, intervalMs=40, ad=(-0.0021009594,-0.0020599514,-0.16825771), gd=(-0.011147826,0.004656891,0.0018319635)
05-27 18:48:42.385 13911 14183 I SentryImuMcuAngleSender: 179.99649rollDeg
05-27 18:48:42.385 13911 14183 I SentryImuMcuAngleSender: 1,0,0
05-27 18:48:42.390   566 11459 I gps_hdbd: Received: '$GNGGA,010433.000,,,,,0,00,,,M,,M,,*63
'
05-27 18:48:42.394  1008 30856 D [OMXB]  : usingANWBuffer: handle:0xee742ab0, format:1, w:1920, h:1080
05-27 18:48:42.395   581   581 I SpiService: fgesysctrl_getGPIO_status success val=1
05-27 18:48:42.396   566 11459 I gps_hdbd: Received: '$GNGSA,A,1,,,,,,,,,,,,,,,,1*1D
'
05-27 08:39:51.360   581   581 D spi_rst_gpio_get_output: GPIO 145 value: 1
05-27 08:39:51.360   581   581 D spidev_ioctl: gpio status=1)
05-27 18:48:42.397   566 11459 I gps_hdbd: Received: '$GNGSA,A,1,,,,,,,,,,,,,,,,3*1F
'
05-27 18:48:42.398   299 30844 D EvsDriver: forwardFrame
05-27 18:48:42.400   299 30844 D EvsDriver: Delivered 0xb400007b7ca56900 as id 0
05-27 18:48:42.401  1167  1167 D evsmanagerd: /dev/video6 forwarded the buffer #0 to 0xb4000074bf5f5510 from 0xb4000074bf5f6d90
05-27 18:48:42.401   581   581 I SpiService: fgesysctrl_getGPIO_status success val=1
05-27 18:48:42.402   566 11459 I gps_hdbd: Received: '$GNGSA,A,1,,,,,,,,,,,,,,,,4*18
'
05-27 18:48:42.403   566 11459 I gps_hdbd: Received: '$BDGSV,1,1,00,1*75
'
05-27 08:39:51.366   581   581 D spi_rst_gpio_get_output: GPIO 145 value: 1
05-27 08:39:51.366   581   581 D spidev_ioctl: gpio status=1)
05-27 18:48:42.404   572   572 I Sensors : 230 AccelSensor: x:-0.168969,y:0.000000,z:-9.972890
05-27 18:48:42.405   283   307 I rvcservice: t.code = 3, t.value = 0
05-27 18:48:42.405   299  1163 D EvsDriver: doneWithFrame
05-27 18:48:42.406   299 30841 D EvsDriver: forwardFrame
05-27 18:48:42.407   581   581 I SpiService: fgesysctrl_getGPIO_status success val=1
05-27 18:48:42.407 13911 14183 I SentryImuMcuAngleSender: 179.99649rollDeg
05-27 18:48:42.408 13911 14183 I SentryImuMcuAngleSender: 1,0,0
05-27 18:48:42.408   299 30841 D EvsDriver: Delivered 0xb400007b7ca56a60 as id 0
05-27 18:48:42.408  1167  1167 D evsmanagerd: /dev/video4 forwarded the buffer #0 to 0xb4000074bf5f6850 from 0xb4000074bf5f41d0
05-27 18:48:42.408   566 11459 I gps_hdbd: Received: '$BDGSV,1,1,00,5*71
'
05-27 18:48:42.408   566 11459 I gps_hdbd: Received: '$GPGSV,1,1,01,199,42,165,,1*60
'
05-27 08:39:51.371   581   581 D spi_rst_gpio_get_output: GPIO 145 value: 1
05-27 08:39:51.371   581   581 D spidev_ioctl: gpio status=1)
05-27 18:48:42.410  1008 30857 D [OMXB]  : usingANWBuffer: handle:0xee742f80, format:1, w:1920, h:1080
05-27 08:39:51.377   581   581 D spi_rst_gpio_get_output: GPIO 145 value: 1
05-27 08:39:51.377   581   581 D spidev_ioctl: gpio status=1)
05-27 18:48:42.413   581   581 I SpiService: fgesysctrl_getGPIO_status success val=1
05-27 18:48:42.414   566 11459 I gps_hdbd: Received: '$GPGSV,1,1,00,8*6D
'
05-27 18:48:42.414   299  1163 D EvsDriver: doneWithFrame
05-27 18:48:42.415   566 11459 I gps_hdbd: Received: '$GAGSV,1,1,00,7*73
'
05-27 18:48:42.416   566 11459 I gps_hdbd: Received: '$GAGSV,1,1,00,1*75
'
05-27 18:48:42.418   581   581 I SpiService: fgesysctrl_getGPIO_status success val=0
05-27 18:48:42.420   566 11459 I gps_hdbd: Received: '$GNRMC,010433.000,V,,,,,,,270526,120.0,E,N,V*40
'
05-27 08:39:51.383   581   581 D spi_rst_gpio_get_output: GPIO 145 value: 0
05-27 08:39:51.383   581   581 D spidev_ioctl: gpio status=0)
05-27 18:48:42.421   566 11459 I gps_hdbd: RMC : CALL gnss_sv_status_cb, view_in_sat <1>
05-27 18:48:42.421   566 11459 I gps_hdbd: [reportSvStatus]--->PLATFORM_BSP::Enter
05-27 18:48:42.422   566 11459 I gps_hdbd: hy abnormal deal:hy_cnr30_satellite_cnt=0
05-27 18:48:42.422   566 11459 D gps_hdbd: hy abnormal deal:hy_fixStatus_fail_count=0
05-27 18:48:42.422  1083  1083 W MyAppLog: [2026-05-27 18:48:42.421 W tboxap gpsSyncGpsInfoToDm:361] [Gps] [gpsSyncGpsInfoToDm] fix=0 mode=49 corner:0x01 alt=0.00 sat=0 hdop=0.00 pdop=0.00 vdop=0.00
05-27 18:48:42.425   536   536 D commservice260303: msg.id = 1028,4
05-27 18:48:42.425   536   536 D commservice260303: i = 170, msgid = 8A000404
05-27 18:48:42.425 13911 14131 D SVR_MNG_SvrMngProxy: getServer: mSvrManger is null
05-27 18:48:42.425   536   536 D commservice260303: msgid = -1979710460,did=138
05-27 18:48:42.426 13911 14131 D SVR_MNG_SvrMngProxy: getNewStub: 
05-27 18:48:42.426 13911 14131 D SVR_MNG_SvrMngProxy: getNewStub: getSvrManagerService start
05-27 18:48:42.426   536   536 D commservice260303: CommProtocolLibCmdBaseI2C::dataproc {"command":{"id":"imu_status","sub":""},"content":{"TimeStamp":10,"FrameCounter":252487,"GD_X":-0.010461229830980301,"GD_Y":0.0057257963344454765,"GD_Z":0.002519079949706793,"AD_X":-0.0033204257488250732,"AD_Y":-0.0014362356159836054,"AD_Z":-0.16947650909423828,"TempDsp":0,"Status":0,"CalibState":1,"SigAmpInvalid":0}},-1979710460
05-27 18:48:42.426   536   536 D commservice260303: send2Cluster len:319, 7B22636F6D6D616E64223A7B226964223A22696D755F737461747573222C22737562223A22227D2C22636F6E74656E74223A7B2254696D655374616D70223A31302C224672616D65436F756E746572223A3235323438372C2247445F58223A2D302E3031303436313232393833303938303330312C2247445F59223A302E303035373235373936333334343435343736352C2247445F5A223A302E3030323531393037393934393730363739332C2241445F58223A2D302E303033333230343235373438383235303733322C2241445F59223A2D302E303031343336323335363135393833363035342C2241445F5A223A2D302E31363934373635303930393432333832382C2254656D70447370223A302C22537461747573223A302C2243616C69625374617465223A312C22536967416D70496E76616C6964223A307D7D, 138 
05-27 18:48:42.426   536   536 D commservice260303: Push Message into SendPool fn=236651520
05-27 18:48:42.426   536   536 D commservice260303: ComProtocolLibSend2Cluster::send2ClusterRaw fn=236651520 , len=335
05-27 18:48:42.426   566 11459 I gps_hdbd: Received: '$GNZDA,010433.000,27,05,2026,00,00*4B
'
05-27 18:48:42.426   536   536 D commservice260303: sendCmdToPort :335!!!
05-27 18:48:42.426   536   536 D commservice260303: send Cmd To Port ++++5AA5014B8A0100041B0E6A16CC0A7B22636F6D6D616E64223A7B226964223A22696D755F737461747573222C22737562223A22227D2C22636F6E74656E74223A7B2254696D655374616D70223A31302C224672616D65436F756E746572223A3235323438372C2247445F58223A2D302E3031303436313232393833303938303330312C2247445F59223A302E303035373235373936333334343435343736352C2247445F5A223A302E3030323531393037393934393730363739332C2241445F58223A2D302E303033333230343235373438383235303733322C2241445F59223A2D302E303031343336323335363135393833363035342C2241445F5A223A2D302E31363934373635303930393432333832382C2254656D70447370223A302C22537461747573223A302C2243616C69625374617465223A312C22536967416D70496E76616C6964223A307D7D3400
05-27 18:48:42.426   536   536 D commservice260303: bufferevent_write retrun value = 0
05-27 18:48:42.427 13911 14131 D SVR_MNG_SvrMngProxy: getNewStub: getSvrManagerService end
05-27 18:48:42.427 13911 14131 D SVR_MNG_SvrMngProxy: getServer: svrMngService doesn't start
05-27 18:48:42.427 13911 14192 D Sentinelmode_1.2.5.17_sentry: <SentryImuClusterFgeSender>imu_status sent to Linux, frame=252487, tsNs=10789673, tsMs=10, intervalMs=43, ad=(-0.0033204257,-0.0014362356,-0.16947651), gd=(-0.01046123,0.0057257963,0.00251908)
05-27 18:48:42.427 13911 14183 I SentryImuMcuAngleSender: 179.993rollDeg
05-27 18:48:42.427 13911 14183 I SentryImuMcuAngleSender: 1,0,0
05-27 18:48:42.428   536   560 D commservice260303: client datas send succeed,send finish
05-27 18:48:42.430  1008 30856 D [OMXB]  : usingANWBuffer: handle:0xee7421c0, format:1, w:1920, h:1080
05-27 18:48:42.431 30773 30789 I dvr_service_: Camera 0: MediaOK:152427663, frames:3440, isKeyFrame:0,pts:10789587587
05-27 18:48:42.431   299 30844 D EvsDriver: forwardFrame
05-27 18:48:42.432   299 30841 D EvsDriver: forwardFrame
05-27 18:48:42.433   299 30844 D EvsDriver: Delivered 0xb400007b7ca56900 as id 0
05-27 18:48:42.433  1167  1167 D evsmanagerd: /dev/video6 forwarded the buffer #0 to 0xb4000074bf5f5510 from 0xb4000074bf5f6d90
05-27 18:48:42.434 30773 30773 E dvr_service_: [myNum:1] Received S**** loss
05-27 18:48:42.434   581   581 I SpiService: fgesysctrl_getGPIO_status success val=1
05-27 18:48:42.435   299  1163 D EvsDriver: doneWithFrame
05-27 18:48:42.436   299 30841 D EvsDriver: Delivered 0xb400007b7ca56a60 as id 0
05-27 18:48:42.437  1167  1167 D evsmanagerd: /dev/video4 forwarded the buffer #0 to 0xb4000074bf5f6850 from 0xb4000074bf5f41d0
05-27 18:48:42.437 30773 30773 E dvr_service_: [myNum:0] Received S**** loss
05-27 08:39:51.399   581   581 D spi_rst_gpio_get_output: GPIO 145 value: 1
05-27 08:39:51.399   581   581 D spidev_ioctl: gpio status=1)
05-27 18:48:42.438   299  1163 D EvsDriver: doneWithFrame
05-27 18:48:42.440   581   581 I SpiService: fgesysctrl_getGPIO_status success val=1
05-27 08:39:51.405   581   581 D spi_rst_gpio_get_output: GPIO 145 value: 1
05-27 08:39:51.405   581   581 D spidev_ioctl: gpio status=1)
05-27 18:48:42.443  1008 30857 D [OMXB]  : usingANWBuffer: handle:0xee743c90, format:1, w:1920, h:1080
05-27 18:48:42.446   581   581 I SpiService: fgesysctrl_getGPIO_status success val=1
05-27 18:48:42.448 13911 14183 I SentryImuMcuAngleSender: 179.993rollDeg
05-27 18:48:42.448 13911 14183 I SentryImuMcuAngleSender: 1,0,0
05-27 18:48:42.449   566 11459 I gps_hdbd: Received: '$GNINS,1,1,TYPE,I,V,010433.000,19384000,FUS,-8,0,0,0,MOT,V,1,PATT,0.00,0.00,0.00,VEL,0.000,0.000,0.000,POS,40.0001330924,116.0001570688,84.176,IIA,1,0.00,0.00,0.00,BGA,0.31,-0.66,-0.13,0.000,0.000,0.000,IGA,0,-1,0,0,-2,98,VG,16c2ff1*1A
'
05-27 08:39:51.410   581   581 D spi_rst_gpio_get_output: GPIO 145 value: 1
05-27 08:39:51.410   581   581 D spidev_ioctl: gpio status=1)
05-27 18:48:42.451   581   581 I SpiService: fgesysctrl_getGPIO_status success val=1
05-27 08:39:51.416   581   581 D spi_rst_gpio_get_output: GPIO 145 value: 1
05-27 08:39:51.416   581   581 D spidev_ioctl: gpio status=1)
05-27 18:48:42.454   566 11459 I gps_hdbd: Received: '$GNINS,CARSPEED,ADR_STATUS,0,Pulse_count,0,1,0,0,19384000,107690,0.000,0.000,0.000*08
'
05-27 18:48:42.457   581   581 I SpiService: fgesysctrl_getGPIO_status success val=1
05-27 08:39:51.421   581   581 D spi_rst_gpio_get_output: GPIO 145 value: 1
05-27 08:39:51.421   581   581 D spidev_ioctl: gpio status=1)
05-27 18:48:42.458   299 30841 D EvsDriver: forwardFrame
05-27 18:48:42.458  1008 30856 D [OMXB]  : usingANWBuffer: handle:0xee743ea0, format:1, w:1920, h:1080
05-27 18:48:42.460   299 30844 D EvsDriver: forwardFrame
05-27 18:48:42.460  1167  1167 D evsmanagerd: /dev/video4 forwarded the buffer #0 to 0xb4000074bf5f6850 from 0xb4000074bf5f41d0
05-27 18:48:42.460   299 30841 D EvsDriver: Delivered 0xb400007b7ca56a60 as id 0
05-27 18:48:42.460   566 11459 I gps_hdbd: Received: '$GNTXT,04,01,04,INS,V,1,,,,FLG,1,000000,1,0,1,0,0,Con,0*71
'
05-27 18:48:42.463   581   581 I SpiService: fgesysctrl_getGPIO_status success val=0
05-27 08:39:51.428   581   581 D spi_rst_gpio_get_output: GPIO 145 value: 0
05-27 08:39:51.428   581   581 D spidev_ioctl: gpio status=0)
05-27 18:48:42.466  1167  1167 D evsmanagerd: /dev/video6 forwarded the buffer #0 to 0xb4000074bf5f5510 from 0xb4000074bf5f6d90
05-27 18:48:42.466   299 30844 D EvsDriver: Delivered 0xb400007b7ca56900 as id 0
05-27 18:48:42.467   536   536 D commservice260303: msg.id = 1028,1
05-27 18:48:42.467   536   536 D commservice260303: i = 170, msgid = 8A000404
05-27 18:48:42.467   536   536 D commservice260303: msgid = -1979710460,did=138
05-27 18:48:42.467   536   536 D commservice260303: CommProtocolLibCmdBaseI2C::dataproc {"command":{"id":"imu_status","sub":""},"content":{"TimeStamp":10,"FrameCounter":252488,"GD_X":-0.010461229830980301,"GD_Y":0.0057257963344454765,"GD_Z":0.002519079949706793,"AD_X":-0.0033204257488250732,"AD_Y":-0.0014362356159836054,"AD_Z":-0.16947650909423828,"TempDsp":0,"Status":0,"CalibState":1,"SigAmpInvalid":0}},-1979710460
05-27 18:48:42.467   536   536 D commservice260303: send2Cluster len:319, 7B22636F6D6D616E64223A7B226964223A22696D755F737461747573222C22737562223A22227D2C22636F6E74656E74223A7B2254696D655374616D70223A31302C224672616D65436F756E746572223A3235323438382C2247445F58223A2D302E3031303436313232393833303938303330312C2247445F59223A302E303035373235373936333334343435343736352C2247445F5A223A302E3030323531393037393934393730363739332C2241445F58223A2D302E303033333230343235373438383235303733322C2241445F59223A2D302E303031343336323335363135393833363035342C2241445F5A223A2D302E31363934373635303930393432333832382C2254656D70447370223A302C22537461747573223A302C2243616C69625374617465223A312C22536967416D70496E76616C6964223A307D7D, 138 
05-27 18:48:42.467   536   536 D commservice260303: Push Message into SendPool fn=253428736
05-27 18:48:42.467   536   536 D commservice260303: ComProtocolLibSend2Cluster::send2ClusterRaw fn=253428736 , len=335
05-27 18:48:42.467   536   536 D commservice260303: sendCmdToPort :335!!!
05-27 18:48:42.467   536   536 D commservice260303: send Cmd To Port ++++5AA5014B8A0100041B0F6A16CC0A7B22636F6D6D616E64223A7B226964223A22696D755F737461747573222C22737562223A22227D2C22636F6E74656E74223A7B2254696D655374616D70223A31302C224672616D65436F756E746572223A3235323438382C2247445F58223A2D302E3031303436313232393833303938303330312C2247445F59223A302E303035373235373936333334343435343736352C2247445F5A223A302E3030323531393037393934393730363739332C2241445F58223A2D302E303033333230343235373438383235303733322C2241445F59223A2D302E303031343336323335363135393833363035342C2241445F5A223A2D302E31363934373635303930393432333832382C2254656D70447370223A302C22537461747573223A302C2243616C69625374617465223A312C22536967416D70496E76616C6964223A307D7DBBEE
05-27 18:48:42.467   536   536 D commservice260303: bufferevent_write retrun value = 0
05-27 18:48:42.467   566 11459 I gps_hdbd: Received: '$GNTXT,INSTALL,0.00,0.00,0.00,0.00,0.00,0.00,0*20
'
05-27 18:48:42.468 13911 14192 D Sentinelmode_1.2.5.17_sentry: <SentryImuClusterFgeSender>imu_status sent to Linux, frame=252488, tsNs=10789673, tsMs=10, intervalMs=40, ad=(-0.0033204257,-0.0014362356,-0.16947651), gd=(-0.01046123,0.0057257963,0.00251908)
05-27 18:48:42.468 13911 14183 I SentryImuMcuAngleSender: 179.993rollDeg
05-27 18:48:42.468 13911 14183 I SentryImuMcuAngleSender: 1,0,0
05-27 18:48:42.474   536   560 D commservice260303: client datas send succeed,send finish
05-27 18:48:42.474   299  1163 D EvsDriver: doneWithFrame
05-27 18:48:42.475   299  1163 D EvsDriver: doneWithFrame
05-27 18:48:42.477   566 11459 I gps_hdbd: nmea_cs <0> != calc_cs <55>, return -1
05-27 18:48:42.478  1008 30857 D [OMXB]  : usingANWBuffer: handle:0xee744000, format:1, w:1920, h:1080
05-27 18:48:42.480   581   581 I SpiService: fgesysctrl_getGPIO_status success val=1
05-27 08:39:51.444   581   581 D spi_rst_gpio_get_output: GPIO 145 value: 1
05-27 08:39:51.444   581   581 D spidev_ioctl: gpio status=1)
05-27 18:48:42.485   581   581 I SpiService: fgesysctrl_getGPIO_status success val=1
05-27 18:48:42.488 13911 14183 I SentryImuMcuAngleSender: 179.99649rollDeg
05-27 18:48:42.488   572   622 I Sensors : 230 GyroSensor: x:-0.011377,y:0.006032,z:0.001756
05-27 18:48:42.488 13911 14183 I SentryImuMcuAngleSender: 1,0,0
05-27 08:39:51.450   581   581 D spi_rst_gpio_get_output: GPIO 145 value: 1
05-27 08:39:51.450   581   581 D spidev_ioctl: gpio status=1)
05-27 18:48:42.491   581   581 I SpiService: fgesysctrl_getGPIO_status success val=1
05-27 08:39:51.455   581   581 D spi_rst_gpio_get_output: GPIO 145 value: 1
05-27 08:39:51.455   581   581 D spidev_ioctl: gpio status=1)
05-27 18:48:42.494   299 30844 D EvsDriver: forwardFrame
05-27 18:48:42.495   299 30844 D EvsDriver: Delivered 0xb400007b7ca56900 as id 0
05-27 18:48:42.495  1167  1167 D evsmanagerd: /dev/video6 forwarded the buffer #0 to 0xb4000074bf5f5510 from 0xb4000074bf5f6d90
05-27 18:48:42.496  1008 30856 D [OMXB]  : usingANWBuffer: handle:0xee7406f0, format:1, w:1920, h:1080
05-27 18:48:42.496   581   581 I SpiService: fgesysctrl_getGPIO_status success val=1
05-27 08:39:51.461   581   581 D spi_rst_gpio_get_output: GPIO 145 value: 1
05-27 08:39:51.461   581   581 D spidev_ioctl: gpio status=1)
05-27 18:48:42.498   299  1163 D EvsDriver: doneWithFrame
05-27 18:48:42.499   299 30841 D EvsDriver: forwardFrame
05-27 18:48:42.501   299 30841 D EvsDriver: Delivered 0xb400007b7ca56a60 as id 0
05-27 18:48:42.501  1167  1167 D evsmanagerd: /dev/video4 forwarded the buffer #0 to 0xb4000074bf5f6850 from 0xb4000074bf5f41d0
05-27 18:48:42.501 11344 11344 E SystemUI_NavBarFragment: SysUIConfig.icCarServiceConnected：false
05-27 18:48:42.502   581   581 I SpiService: fgesysctrl_getGPIO_status success val=0
05-27 18:48:42.505   299  1163 D EvsDriver: doneWithFrame
05-27 18:48:42.505   283   307 I rvcservice: t.code = 1, t.value = -167140
05-27 08:39:51.467   581   581 D spi_rst_gpio_get_output: GPIO 145 value: 0
05-27 08:39:51.467   581   581 D spidev_ioctl: gpio status=0)
05-27 18:48:42.507   536   536 D commservice260303: msg.id = 1028,1
05-27 18:48:42.507   536   536 D commservice260303: i = 170, msgid = 8A000404
05-27 18:48:42.507   536   536 D commservice260303: msgid = -1979710460,did=138
05-27 18:48:42.508   536   536 D commservice260303: CommProtocolLibCmdBaseI2C::dataproc {"command":{"id":"imu_status","sub":""},"content":{"TimeStamp":10,"FrameCounter":252489,"GD_X":-0.011377211660146713,"GD_Y":0.006032164208590984,"GD_Z":0.0017560218693688512,"AD_X":-0.0033048689365386963,"AD_Y":-0.001441439613699913,"AD_Z":-0.1707010269165039,"TempDsp":0,"Status":0,"CalibState":1,"SigAmpInvalid":0}},-1979710460
05-27 18:48:42.508   536   536 D commservice260303: send2Cluster len:317, 7B22636F6D6D616E64223A7B226964223A22696D755F737461747573222C22737562223A22227D2C22636F6E74656E74223A7B2254696D655374616D70223A31302C224672616D65436F756E746572223A3235323438392C2247445F58223A2D302E3031313337373231313636303134363731332C2247445F59223A302E3030363033323136343230383539303938342C2247445F5A223A302E303031373536303231383639333638383531322C2241445F58223A2D302E303033333034383638393336353338363936332C2241445F59223A2D302E3030313434313433393631333639393931332C2241445F5A223A2D302E313730373031303236393136353033392C2254656D70447370223A302C22537461747573223A302C2243616C69625374617465223A312C22536967416D70496E76616C6964223A307D7D, 138 
05-27 18:48:42.508   536   536 D commservice260303: Push Message into SendPool fn=270205952
05-27 18:48:42.508   536   536 D commservice260303: ComProtocolLibSend2Cluster::send2ClusterRaw fn=270205952 , len=333
05-27 18:48:42.508   536   536 D commservice260303: sendCmdToPort :333!!!
05-27 18:48:42.508   536   536 D commservice260303: send Cmd To Port ++++5AA501498A0100041B106A16CC0A7B22636F6D6D616E64223A7B226964223A22696D755F737461747573222C22737562223A22227D2C22636F6E74656E74223A7B2254696D655374616D70223A31302C224672616D65436F756E746572223A3235323438392C2247445F58223A2D302E3031313337373231313636303134363731332C2247445F59223A302E3030363033323136343230383539303938342C2247445F5A223A302E303031373536303231383639333638383531322C2241445F58223A2D302E303033333034383638393336353338363936332C2241445F59223A2D302E3030313434313433393631333639393931332C2241445F5A223A2D302E313730373031303236393136353033392C2254656D70447370223A302C22537461747573223A302C2243616C69625374617465223A312C22536967416D70496E76616C6964223A307D7D9BF8
05-27 18:48:42.508   536   536 D commservice260303: bufferevent_write retrun value = 0
05-27 18:48:42.508   536   560 D commservice260303: client datas send succeed,send finish
05-27 18:48:42.508 13911 14192 D Sentinelmode_1.2.5.17_sentry: <SentryImuClusterFgeSender>imu_status sent to Linux, frame=252489, tsNs=10789739, tsMs=10, intervalMs=41, ad=(-0.003304869,-0.0014414396,-0.17070103), gd=(-0.011377212,0.006032164,0.0017560219)
05-27 18:48:42.512 13911 14183 I SentryImuMcuAngleSender: 179.993rollDeg
05-27 18:48:42.513 13911 14183 I SentryImuMcuAngleSender: 1,0,0
05-27 18:48:42.513  1008 30857 D [OMXB]  : usingANWBuffer: handle:0xee740590, format:1, w:1920, h:1080
05-27 18:48:42.514 30773 30789 I dvr_service_: Camera 1: MediaOK:152153379, frames:3410, isKeyFrame:0,pts:10789497789
05-27 18:48:42.514  4922  4947 D ANWStack: Realtek Bluetooth :01 01 10 00
05-27 18:48:42.509  4922  4922 I auditd  : type=1400 audit(0.0:65712): avc: denied { ioctl } for comm="BTInit_Task" path="/dev/ttyS3" dev="tmpfs" ino=3005 ioctlcmd=0x540b scontext=u:r:system_app:s0 tcontext=u:object_r:serial_device:s0 tclass=chr_file permissive=1
