05-27 18:48:38.100   299 30844 D EvsDriver: Delivered 0xb400007b7ca56900 as id 0
05-27 18:48:38.100 30773 30781 E dvr_service_: [myNum:0] Received S**** loss
05-27 18:48:38.100 30773 30773 E dvr_service_: [myNum:1] Received S**** loss
05-27 08:39:47.063   581   581 D spi_rst_gpio_get_output: GPIO 145 value: 1
05-27 08:39:47.063   581   581 D spidev_ioctl: gpio status=1)
05-27 18:48:38.101   299  1153 D EvsDriver: doneWithFrame
05-27 18:48:38.101   299  1163 D EvsDriver: doneWithFrame
05-27 18:48:38.103 13911 14183 I SentryImuMcuAngleSender: -179.99649rollDeg
05-27 18:48:38.103 13911 14183 I SentryImuMcuAngleSender: 1,0,0
05-27 18:48:38.104   581   581 I SpiService: fgesysctrl_getGPIO_status success val=1
05-27 08:39:47.069   581   581 D spi_rst_gpio_get_output: GPIO 145 value: 1
05-27 08:39:47.069   581   581 D spidev_ioctl: gpio status=1)
05-27 18:48:38.110   581   581 I SpiService: fgesysctrl_getGPIO_status success val=1
05-27 18:48:38.112 15863 16024 D AIN-ExternalMapLocation: MSG_LOCATE
05-27 18:48:38.112 15863 16024 D AIN-CustomMapProxy: sendMsgToCustomMap hascallback : true
05-27 18:48:38.112 15863 16024 D AIN-ServiceHub: getService with: name = service_multi_dhu_control
05-27 18:48:38.113 15863 16024 D AIN-NaviThirdPartyAccessor: hasCallback : true
05-27 18:48:38.113 15863 16024 D AIN-NaviThirdPartyAccessor: sendMsgToCustomMap msg : {"needResponse":true,"protocolFrom":"com.aispeech.lyra.daemon","protocolId":14012,"protocolVersion":"v1","requestCode":"0a9c746b-22cb-4ebc-8d4f-25e00edac85a"}
05-27 08:39:47.074   581   581 D spi_rst_gpio_get_output: GPIO 145 value: 1
05-27 08:39:47.074   581   581 D spidev_ioctl: gpio status=1)
05-27 18:48:38.113 17284 17302 D AIN-AiNaviManager: speech send msg to navi : {"needResponse":true,"protocolFrom":"com.aispeech.lyra.daemon","protocolId":14012,"protocolVersion":"v1","requestCode":"0a9c746b-22cb-4ebc-8d4f-25e00edac85a"}
05-27 18:48:38.113 17284 17302 I AIN-MapAccessLayer: onMessage_with: protocolMsg = [{"needResponse":true,"protocolFrom":"com.aispeech.lyra.daemon","protocolId":14012,"protocolVersion":"v1","requestCode":"0a9c746b-22cb-4ebc-8d4f-25e00edac85a"}]
05-27 18:48:38.114 17284 17344 D AIN-MapAccessLayer: 请求定位 14012
05-27 18:48:38.114 15863 16024 D AIN-NaviThirdPartyAccessor: callback[navi_com.aispeech.lyra.assistant] is invoked
05-27 18:48:38.114  1008 30857 D [OMXB]  : usingANWBuffer: handle:0xee744000, format:1, w:1920, h:1080
05-27 18:48:38.115 15863 16024 I AIN-CustomMapProxy: requestCurLocation，requestLocationCount=2042 callTag=toLocate
05-27 18:48:38.116   581   581 I SpiService: fgesysctrl_getGPIO_status success val=0
05-27 18:48:38.116   481   597 I mcuc    : send SPI:6AA602D93C000289005E
05-27 08:39:47.080   581   581 D spi_rst_gpio_get_output: GPIO 145 value: 0
05-27 08:39:47.080   581   581 D spidev_ioctl: gpio status=0)
05-27 18:48:38.123 13911 14183 I SentryImuMcuAngleSender: 180.0rollDeg
05-27 18:48:38.124 13911 14183 I SentryImuMcuAngleSender: 1,0,0
05-27 18:48:38.125  1044 30796 I C2SoftAacEnc: Correcting overlapping timestamp: last frame ended at 10785483965us but current frame is starting at 10785365919us. Using the last frame's end timestamp (937 overlapping timestamp detected since last log)
05-27 18:48:38.126 30773 30786 I dvr_service_: CameraX 1  audioOK: 147974785,audios:2200
05-27 18:48:38.130  1008 30856 D [OMXB]  : usingANWBuffer: handle:0xee740d20, format:1, w:1920, h:1080
05-27 18:48:38.131   581   581 I SpiService: fgesysctrl_getGPIO_status success val=1
05-27 08:39:47.096   581   581 D spi_rst_gpio_get_output: GPIO 145 value: 1
05-27 08:39:47.096   581   581 D spidev_ioctl: gpio status=1)
05-27 18:48:38.133   299 30841 D EvsDriver: forwardFrame
05-27 18:48:38.133   536   536 D commservice260303: msg.id = 1028,0
05-27 18:48:38.133   536   536 D commservice260303: i = 170, msgid = 8A000404
05-27 18:48:38.133   536   536 D commservice260303: msgid = -1979710460,did=138
05-27 18:48:38.133   536   536 D commservice260303: CommProtocolLibCmdBaseI2C::dataproc {"command":{"id":"imu_status","sub":""},"content":{"TimeStamp":10,"FrameCounter":252381,"GD_X":-0.01153013575822115,"GD_Y":0.0057257963344454765,"GD_Z":0.0018319635419175029,"AD_X":-0.005838170647621155,"AD_Y":-0.002665451727807522,"AD_Z":-0.17191600799560547,"TempDsp":0,"Status":0,"CalibState":1,"SigAmpInvalid":0}},-1979710460
05-27 18:48:38.133   536   536 D commservice260303: send2Cluster len:317, 7B22636F6D6D616E64223A7B226964223A22696D755F737461747573222C22737562223A22227D2C22636F6E74656E74223A7B2254696D655374616D70223A31302C224672616D65436F756E746572223A3235323338312C2247445F58223A2D302E30313135333031333537353832323131352C2247445F59223A302E303035373235373936333334343435343736352C2247445F5A223A302E303031383331393633353431393137353032392C2241445F58223A2D302E3030353833383137303634373632313135352C2241445F59223A2D302E3030323636353435313732373830373532322C2241445F5A223A2D302E31373139313630303739393536303534372C2254656D70447370223A302C22537461747573223A302C2243616C69625374617465223A312C22536967416D70496E76616C6964223A307D7D, 138 
05-27 18:48:38.134   536   536 D commservice260303: Push Message into SendPool fn=-1575353344
05-27 18:48:38.134   536   536 D commservice260303: ComProtocolLibSend2Cluster::send2ClusterRaw fn=-1575353344 , len=333
05-27 18:48:38.134   536   536 D commservice260303: sendCmdToPort :333!!!
05-27 18:48:38.134   536   536 D commservice260303: send Cmd To Port ++++5AA501498A0100041AA26A16CC067B22636F6D6D616E64223A7B226964223A22696D755F737461747573222C22737562223A22227D2C22636F6E74656E74223A7B2254696D655374616D70223A31302C224672616D65436F756E746572223A3235323338312C2247445F58223A2D302E30313135333031333537353832323131352C2247445F59223A302E303035373235373936333334343435343736352C2247445F5A223A302E303031383331393633353431393137353032392C2241445F58223A2D302E3030353833383137303634373632313135352C2241445F59223A2D302E3030323636353435313732373830373532322C2241445F5A223A2D302E31373139313630303739393536303534372C2254656D70447370223A302C22537461747573223A302C2243616C69625374617465223A312C22536967416D70496E76616C6964223A307D7D3059
05-27 18:48:38.134   536   536 D commservice260303: bufferevent_write retrun value = 0
05-27 18:48:38.134   536   560 D commservice260303: client datas send succeed,send finish
05-27 18:48:38.134   299 30844 D EvsDriver: forwardFrame
05-27 18:48:38.134   299 30841 D EvsDriver: Delivered 0xb400007b7ca56a60 as id 0
05-27 18:48:38.135  1167  1184 D evsmanagerd: /dev/video4 forwarded the buffer #0 to 0xb4000074bf5f6850 from 0xb4000074bf5f41d0
05-27 18:48:38.136 13911 14192 D Sentinelmode_1.2.5.17_sentry: <SentryImuClusterFgeSender>imu_status sent to Linux, frame=252381, tsNs=10785371, tsMs=10, intervalMs=41, ad=(-0.0058381706,-0.0026654517,-0.17191601), gd=(-0.011530136,0.0057257963,0.0018319635)
05-27 18:48:38.136  1167  1184 D evsmanagerd: /dev/video6 forwarded the buffer #0 to 0xb4000074bf5f5510 from 0xb4000074bf5f6d90
05-27 18:48:38.137   299 30844 D EvsDriver: Delivered 0xb400007b7ca56900 as id 0
05-27 18:48:38.137   581   581 I SpiService: fgesysctrl_getGPIO_status success val=1
05-27 08:39:47.102   581   581 D spi_rst_gpio_get_output: GPIO 145 value: 1
05-27 08:39:47.102   581   581 D spidev_ioctl: gpio status=1)
05-27 18:48:38.141   299  1153 D EvsDriver: doneWithFrame
05-27 18:48:38.143   581   581 I SpiService: fgesysctrl_getGPIO_status success val=1
05-27 18:48:38.144   299  1153 D EvsDriver: doneWithFrame
05-27 08:39:47.108   581   581 D spi_rst_gpio_get_output: GPIO 145 value: 1
05-27 08:39:47.108   581   581 D spidev_ioctl: gpio status=1)
05-27 18:48:38.147 13911 14183 I SentryImuMcuAngleSender: 179.99649rollDeg
05-27 18:48:38.147 13911 14183 I SentryImuMcuAngleSender: 1,0,0
05-27 18:48:38.149   581   581 I SpiService: fgesysctrl_getGPIO_status success val=1
05-27 08:39:47.114   581   581 D spi_rst_gpio_get_output: GPIO 145 value: 1
05-27 08:39:47.114   581   581 D spidev_ioctl: gpio status=1)
05-27 18:48:38.155   581   581 I SpiService: fgesysctrl_getGPIO_status success val=1
05-27 08:39:47.119   581   581 D spi_rst_gpio_get_output: GPIO 145 value: 1
05-27 08:39:47.119   581   581 D spidev_ioctl: gpio status=1)
05-27 18:48:38.160   581   581 I SpiService: fgesysctrl_getGPIO_status success val=0
05-27 08:39:47.125   581   581 D spi_rst_gpio_get_output: GPIO 145 value: 0
05-27 08:39:47.125   581   581 D spidev_ioctl: gpio status=0)
05-27 18:48:38.161   299 30844 D EvsDriver: forwardFrame
05-27 18:48:38.162   299 30841 D EvsDriver: forwardFrame
05-27 18:48:38.163   299 30844 D EvsDriver: Delivered 0xb400007b7ca56900 as id 0
05-27 18:48:38.163  1167  1184 D evsmanagerd: /dev/video6 forwarded the buffer #0 to 0xb4000074bf5f5510 from 0xb4000074bf5f6d90
05-27 18:48:38.164  1167  1167 D evsmanagerd: /dev/video4 forwarded the buffer #0 to 0xb4000074bf5f6850 from 0xb4000074bf5f41d0
05-27 18:48:38.164   299 30841 D EvsDriver: Delivered 0xb400007b7ca56a60 as id 0
05-27 18:48:38.167  1008 30857 D [OMXB]  : usingANWBuffer: handle:0xee745fa0, format:1, w:1920, h:1080
05-27 18:48:38.167   299  1153 D EvsDriver: doneWithFrame
05-27 18:48:38.169 13911 14183 I SentryImuMcuAngleSender: 179.98949rollDeg
05-27 18:48:38.169 13911 14183 I SentryImuMcuAngleSender: 1,0,0
05-27 18:48:38.171   299  1153 D EvsDriver: doneWithFrame
05-27 18:48:38.174   572   572 I Sensors : 230 GyroSensor: x:-0.011530,y:0.006414,z:0.002061
05-27 18:48:38.175   581   581 I SpiService: fgesysctrl_getGPIO_status success val=1
05-27 08:39:47.140   581   581 D spi_rst_gpio_get_output: GPIO 145 value: 1
05-27 08:39:47.140   581   581 D spidev_ioctl: gpio status=1)
05-27 18:48:38.178   536   536 D commservice260303: msg.id = 1028,1
05-27 18:48:38.179   536   536 D commservice260303: i = 170, msgid = 8A000404
05-27 18:48:38.179   536   536 D commservice260303: msgid = -1979710460,did=138
05-27 18:48:38.179   536   536 D commservice260303: CommProtocolLibCmdBaseI2C::dataproc {"command":{"id":"imu_status","sub":""},"content":{"TimeStamp":10,"FrameCounter":252382,"GD_X":-0.010690094903111458,"GD_Y":0.0064898948185145855,"GD_Z":0.002213752595707774,"AD_X":-0.00460796058177948,"AD_Y":-8.264301577582955E-4,"AD_Z":-0.17069625854492188,"TempDsp":0,"Status":0,"CalibState":1,"SigAmpInvalid":0}},-1979710460
05-27 18:48:38.179   536   536 D commservice260303: send2Cluster len:316, 7B22636F6D6D616E64223A7B226964223A22696D755F737461747573222C22737562223A22227D2C22636F6E74656E74223A7B2254696D655374616D70223A31302C224672616D65436F756E746572223A3235323338322C2247445F58223A2D302E3031303639303039343930333131313435382C2247445F59223A302E303036343839383934383138353134353835352C2247445F5A223A302E3030323231333735323539353730373737342C2241445F58223A2D302E30303436303739363035383137373934382C2241445F59223A2D382E323634333031353737353832393535452D342C2241445F5A223A2D302E31373036393632353835343439323138382C2254656D70447370223A302C22537461747573223A302C2243616C69625374617465223A312C22536967416D70496E76616C6964223A307D7D, 138 
05-27 18:48:38.179   536   536 D commservice260303: Push Message into SendPool fn=-1558576128
05-27 18:48:38.179   536   536 D commservice260303: ComProtocolLibSend2Cluster::send2ClusterRaw fn=-1558576128 , len=332
05-27 18:48:38.179   536   536 D commservice260303: sendCmdToPort :332!!!
05-27 18:48:38.179   536   536 D commservice260303: send Cmd To Port ++++5AA501488A0100041AA36A16CC067B22636F6D6D616E64223A7B226964223A22696D755F737461747573222C22737562223A22227D2C22636F6E74656E74223A7B2254696D655374616D70223A31302C224672616D65436F756E746572223A3235323338322C2247445F58223A2D302E3031303639303039343930333131313435382C2247445F59223A302E303036343839383934383138353134353835352C2247445F5A223A302E3030323231333735323539353730373737342C2241445F58223A2D302E30303436303739363035383137373934382C2241445F59223A2D382E323634333031353737353832393535452D342C2241445F5A223A2D302E31373036393632353835343439323138382C2254656D70447370223A302C22537461747573223A302C2243616C69625374617465223A312C22536967416D70496E76616C6964223A307D7D3F43
05-27 18:48:38.179   536   536 D commservice260303: bufferevent_write retrun value = 0
05-27 18:48:38.179   536   560 D commservice260303: client datas send succeed,send finish
05-27 18:48:38.179 13911 14192 D Sentinelmode_1.2.5.17_sentry: <SentryImuClusterFgeSender>imu_status sent to Linux, frame=252382, tsNs=10785406, tsMs=10, intervalMs=43, ad=(-0.0046079606,-8.2643016E-4,-0.17069626), gd=(-0.010690095,0.006489895,0.0022137526)
05-27 18:48:38.181   581   581 I SpiService: fgesysctrl_getGPIO_status success val=1
05-27 18:48:38.184 30773 30786 I dvr_service_: CameraX 0  audioOK: 147974785,audios:2200
05-27 08:39:47.146   581   581 D spi_rst_gpio_get_output: GPIO 145 value: 1
05-27 08:39:47.146   581   581 D spidev_ioctl: gpio status=1)
05-27 18:48:38.187   581   581 I SpiService: fgesysctrl_getGPIO_status success val=1
05-27 08:39:47.151   581   581 D spi_rst_gpio_get_output: GPIO 145 value: 1
05-27 08:39:47.151   581   581 D spidev_ioctl: gpio status=1)
05-27 18:48:38.190 13911 14183 I SentryImuMcuAngleSender: 179.98598rollDeg
05-27 18:48:38.190 13911 14183 I SentryImuMcuAngleSender: 1,0,0
05-27 18:48:38.192   581   581 I SpiService: fgesysctrl_getGPIO_status success val=1
05-27 08:39:47.157   581   581 D spi_rst_gpio_get_output: GPIO 145 value: 1
05-27 08:39:47.157   581   581 D spidev_ioctl: gpio status=1)
05-27 18:48:38.193   283   307 I rvcservice: t.code = 3, t.value = 0
05-27 18:48:38.194  1008 30856 D [OMXB]  : usingANWBuffer: handle:0xee7404e0, format:1, w:1920, h:1080
05-27 18:48:38.198   581   581 I SpiService: fgesysctrl_getGPIO_status success val=0
05-27 18:48:38.198   481   597 I mcuc    : send SPI:6AA60076C800020601B9
05-27 18:48:38.198   299 30841 D EvsDriver: forwardFrame
05-27 08:39:47.162   581   581 D spi_rst_gpio_get_output: GPIO 145 value: 0
05-27 08:39:47.162   581   581 D spidev_ioctl: gpio status=0)
05-27 18:48:38.199   299 30844 D EvsDriver: forwardFrame
05-27 18:48:38.202   299 30841 D EvsDriver: Delivered 0xb400007b7ca56a60 as id 0
05-27 18:48:38.202  1167  1167 D evsmanagerd: /dev/video4 forwarded the buffer #0 to 0xb4000074bf5f6850 from 0xb4000074bf5f41d0
05-27 18:48:38.202   299 30844 D EvsDriver: Delivered 0xb400007b7ca56900 as id 0
05-27 18:48:38.202  1167  1184 D evsmanagerd: /dev/video6 forwarded the buffer #0 to 0xb4000074bf5f5510 from 0xb4000074bf5f6d90
05-27 18:48:38.207   299  1153 D EvsDriver: doneWithFrame
05-27 18:48:38.210  1008 30857 D [OMXB]  : usingANWBuffer: handle:0xee744790, format:1, w:1920, h:1080
05-27 18:48:38.211 13911 14183 I SentryImuMcuAngleSender: 179.98247rollDeg
05-27 18:48:38.211 13911 14183 I SentryImuMcuAngleSender: 1,0,0
05-27 18:48:38.211   299  1153 D EvsDriver: doneWithFrame
05-27 08:39:47.177   581   581 D spi_rst_gpio_get_output: GPIO 145 value: 1
05-27 08:39:47.177   581   581 D spidev_ioctl: gpio status=1)
05-27 18:48:38.213   581   581 I SpiService: fgesysctrl_getGPIO_status success val=1
05-27 18:48:38.218   536   536 D commservice260303: msg.id = 1028,0
05-27 18:48:38.218   536   536 D commservice260303: i = 170, msgid = 8A000404
05-27 18:48:38.218   536   536 D commservice260303: msgid = -1979710460,did=138
05-27 18:48:38.218   536   536 D commservice260303: CommProtocolLibCmdBaseI2C::dataproc {"command":{"id":"imu_status","sub":""},"content":{"TimeStamp":10,"FrameCounter":252383,"GD_X":-0.011070843786001205,"GD_Y":0.005420989356935024,"GD_Z":0.002213752595707774,"AD_X":-0.003375425934791565,"AD_Y":3.9263092912733555E-4,"AD_Z":-0.1658163070678711,"TempDsp":0,"Status":0,"CalibState":1,"SigAmpInvalid":0}},-1979710460
05-27 18:48:38.218   536   536 D commservice260303: send2Cluster len:315, 7B22636F6D6D616E64223A7B226964223A22696D755F737461747573222C22737562223A22227D2C22636F6E74656E74223A7B2254696D655374616D70223A31302C224672616D65436F756E746572223A3235323338332C2247445F58223A2D302E3031313037303834333738363030313230352C2247445F59223A302E3030353432303938393335363933353032342C2247445F5A223A302E3030323231333735323539353730373737342C2241445F58223A2D302E3030333337353432353933343739313536352C2241445F59223A332E39323633303932393132373333353535452D342C2241445F5A223A2D302E313635383136333037303637383731312C2254656D70447370223A302C22537461747573223A302C2243616C69625374617465223A312C22536967416D70496E76616C6964223A307D7D, 138 
05-27 18:48:38.218   536   536 D commservice260303: Push Message into SendPool fn=-1541798912
05-27 18:48:38.218   536   536 D commservice260303: ComProtocolLibSend2Cluster::send2ClusterRaw fn=-1541798912 , len=331
05-27 18:48:38.218   536   536 D commservice260303: sendCmdToPort :331!!!
05-27 18:48:38.218   536   536 D commservice260303: send Cmd To Port ++++5AA501478A0100041AA46A16CC067B22636F6D6D616E64223A7B226964223A22696D755F737461747573222C22737562223A22227D2C22636F6E74656E74223A7B2254696D655374616D70223A31302C224672616D65436F756E746572223A3235323338332C2247445F58223A2D302E3031313037303834333738363030313230352C2247445F59223A302E3030353432303938393335363933353032342C2247445F5A223A302E3030323231333735323539353730373737342C2241445F58223A2D302E3030333337353432353933343739313536352C2241445F59223A332E39323633303932393132373333353535452D342C2241445F5A223A2D302E313635383136333037303637383731312C2254656D70447370223A302C22537461747573223A302C2243616C69625374617465223A312C22536967416D70496E76616C6964223A307D7D6CB2
05-27 18:48:38.218   536   536 D commservice260303: bufferevent_write retrun value = 0
05-27 18:48:38.218   536   560 D commservice260303: client datas send succeed,send finish
05-27 18:48:38.218   581   581 I SpiService: fgesysctrl_getGPIO_status success val=1
05-27 18:48:38.218 13911 14192 D Sentinelmode_1.2.5.17_sentry: <SentryImuClusterFgeSender>imu_status sent to Linux, frame=252383, tsNs=10785460, tsMs=10, intervalMs=39, ad=(-0.003375426,3.9263093E-4,-0.1658163), gd=(-0.011070844,0.0054209894,0.0022137526)
05-27 08:39:47.183   581   581 D spi_rst_gpio_get_output: GPIO 145 value: 1
05-27 08:39:47.183   581   581 D spidev_ioctl: gpio status=1)
05-27 18:48:38.224   581   581 I SpiService: fgesysctrl_getGPIO_status success val=1
05-27 08:39:47.188   581   581 D spi_rst_gpio_get_output: GPIO 145 value: 1
05-27 08:39:47.188   581   581 D spidev_ioctl: gpio status=1)
05-27 18:48:38.226   299 30841 D EvsDriver: forwardFrame
05-27 18:48:38.228   299 30841 D EvsDriver: Delivered 0xb400007b7ca56a60 as id 0
05-27 18:48:38.228  1167  1184 D evsmanagerd: /dev/video4 forwarded the buffer #0 to 0xb4000074bf5f6850 from 0xb4000074bf5f41d0
05-27 18:48:38.228   299 30844 D EvsDriver: forwardFrame
05-27 18:48:38.230   581   581 I SpiService: fgesysctrl_getGPIO_status success val=1
05-27 18:48:38.230   299 30844 D EvsDriver: Delivered 0xb400007b7ca56900 as id 0
05-27 18:48:38.231   299  1153 D EvsDriver: doneWithFrame
05-27 18:48:38.231  1167  1167 D evsmanagerd: /dev/video6 forwarded the buffer #0 to 0xb4000074bf5f5510 from 0xb4000074bf5f6d90
05-27 08:39:47.195   581   581 D spi_rst_gpio_get_output: GPIO 145 value: 1
05-27 18:48:38.233 13911 14183 I SentryImuMcuAngleSender: 179.993rollDeg
05-27 18:48:38.233 13911 14183 I SentryImuMcuAngleSender: 1,0,0
05-27 08:39:47.201   581   581 D spidev_ioctl: gpio status=1)
05-27 18:48:38.242   581   581 I SpiService: fgesysctrl_getGPIO_status success val=0
05-27 08:39:47.206   581   581 D spi_rst_gpio_get_output: GPIO 145 value: 0
05-27 08:39:47.206   581   581 D spidev_ioctl: gpio status=0)
05-27 08:39:47.208     0     0 I         : c5 [    C5] io insert-issue:  406   14    6    0    0    0    0    0    0    0    0    0
05-27 08:39:47.208     0     0 I         : c5 [    C5] |_i2i       sda[  8- 8192ms]:  119   13    2    0    0    0    0    0    0    0    0    0
05-27 08:39:47.208     0     0 I         : c5 [    C5] |_i2i    others[  8- 8192ms]:  287    1    4    0    0    0    0    0    0    0    0    0
05-27 08:39:47.208     0     0 I         : c5 [    C5] io issue-comp:  324   46   38   14    4    0    0    0    0    0    0    0
05-27 08:39:47.208     0     0 I         : c5 [    C5] |_i2c       sda[  8- 8192ms]:  113   19    2    0    0    0    0    0    0    0    0    0
05-27 08:39:47.208     0     0 I         : c5 [    C5] |_i2c    others[  8- 8192ms]:  211   27   36   14    4    0    0    0    0    0    0    0
05-27 18:48:38.253 13911 14183 I SentryImuMcuAngleSender: 180.0rollDeg
05-27 18:48:38.254 13911 14183 I SentryImuMcuAngleSender: 1,0,0
05-27 18:48:38.257   581   581 I SpiService: fgesysctrl_getGPIO_status success val=1
05-27 08:39:47.221   581   581 D spi_rst_gpio_get_output: GPIO 145 value: 1
05-27 08:39:47.221   581   581 D spidev_ioctl: gpio status=1)
05-27 18:48:38.258   536   536 D commservice260303: msg.id = 1028,1
05-27 18:48:38.258   536   536 D commservice260303: i = 170, msgid = 8A000404
05-27 18:48:38.258   536   536 D commservice260303: msgid = -1979710460,did=138
05-27 18:48:38.258   536   536 D commservice260303: CommProtocolLibCmdBaseI2C::dataproc {"command":{"id":"imu_status","sub":""},"content":{"TimeStamp":10,"FrameCounter":252384,"GD_X":-0.01091896090656519,"GD_Y":0.005420989356935024,"GD_Z":0.002213752595707774,"AD_X":-9.44092869758606E-4,"AD_Y":-0.0026440341025590897,"AD_Z":-0.16947650909423828,"TempDsp":0,"Status":0,"CalibState":1,"SigAmpInvalid":0}},-1979710460
05-27 18:48:38.258   536   536 D commservice260303: send2Cluster len:315, 7B22636F6D6D616E64223A7B226964223A22696D755F737461747573222C22737562223A22227D2C22636F6E74656E74223A7B2254696D655374616D70223A31302C224672616D65436F756E746572223A3235323338342C2247445F58223A2D302E30313039313839363039303635363531392C2247445F59223A302E3030353432303938393335363933353032342C2247445F5A223A302E3030323231333735323539353730373737342C2241445F58223A2D392E3434303932383639373538363036452D342C2241445F59223A2D302E303032363434303334313032353539303839372C2241445F5A223A2D302E31363934373635303930393432333832382C2254656D70447370223A302C22537461747573223A302C2243616C69625374617465223A312C22536967416D70496E76616C6964223A307D7D, 138 
05-27 18:48:38.258   536   536 D commservice260303: Push Message into SendPool fn=-1525021696
05-27 18:48:38.258   536   536 D commservice260303: ComProtocolLibSend2Cluster::send2ClusterRaw fn=-1525021696 , len=331
05-27 18:48:38.258   536   536 D commservice260303: sendCmdToPort :331!!!
05-27 18:48:38.258   536   536 D commservice260303: send Cmd To Port ++++5AA501478A0100041AA56A16CC067B22636F6D6D616E64223A7B226964223A22696D755F737461747573222C22737562223A22227D2C22636F6E74656E74223A7B2254696D655374616D70223A31302C224672616D65436F756E746572223A3235323338342C2247445F58223A2D302E30313039313839363039303635363531392C2247445F59223A302E3030353432303938393335363933353032342C2247445F5A223A302E3030323231333735323539353730373737342C2241445F58223A2D392E3434303932383639373538363036452D342C2241445F59223A2D302E303032363434303334313032353539303839372C2241445F5A223A2D302E31363934373635303930393432333832382C2254656D70447370223A302C22537461747573223A302C2243616C69625374617465223A312C22536967416D70496E76616C6964223A307D7DB102
05-27 18:48:38.258   536   536 D commservice260303: bufferevent_write retrun value = 0
05-27 18:48:38.258   536   560 D commservice260303: client datas send succeed,send finish
05-27 18:48:38.258 13911 14192 D Sentinelmode_1.2.5.17_sentry: <SentryImuClusterFgeSender>imu_status sent to Linux, frame=252384, tsNs=10785496, tsMs=10, intervalMs=40, ad=(-9.4409287E-4,-0.002644034,-0.16947651), gd=(-0.010918961,0.0054209894,0.0022137526)
05-27 18:48:38.262  1008 30856 D [OMXB]  : usingANWBuffer: handle:0xee741b90, format:1, w:1920, h:1080
05-27 18:48:38.262   581   581 I SpiService: fgesysctrl_getGPIO_status success val=1
05-27 18:48:38.263   299 30844 D EvsDriver: forwardFrame
05-27 18:48:38.263   299 30841 D EvsDriver: forwardFrame
05-27 08:39:47.227   581   581 D spi_rst_gpio_get_output: GPIO 145 value: 1
05-27 08:39:47.227   581   581 D spidev_ioctl: gpio status=1)
05-27 18:48:38.266   299 30841 D EvsDriver: Delivered 0xb400007b7ca56a60 as id 0
05-27 18:48:38.266  1167  1184 D evsmanagerd: /dev/video4 forwarded the buffer #0 to 0xb4000074bf5f6850 from 0xb4000074bf5f41d0
05-27 18:48:38.267 30773 30773 I dvr_service_: [myNum:0][onFrameReceived] Received Surface:1 0
05-27 18:48:38.267 30773 30773 E dvr_service_: [myNum:0] Received S**** loss
05-27 18:48:38.267   299  1153 D EvsDriver: doneWithFrame
05-27 18:48:38.268   581   581 I SpiService: fgesysctrl_getGPIO_status success val=1
05-27 18:48:38.268   299 30844 D EvsDriver: Delivered 0xb400007b7ca56900 as id 0
05-27 18:48:38.268  1167  1184 D evsmanagerd: /dev/video6 forwarded the buffer #0 to 0xb4000074bf5f5510 from 0xb4000074bf5f6d90
05-27 18:48:38.269 30773 30773 I dvr_service_: [myNum:1][onFrameReceived] Received Surface:1 0
05-27 18:48:38.269 30773 30773 E dvr_service_: [myNum:1] Received S**** loss
05-27 18:48:38.269   299  1153 D EvsDriver: doneWithFrame
05-27 08:39:47.232   581   581 D spi_rst_gpio_get_output: GPIO 145 value: 1
05-27 08:39:47.232   581   581 D spidev_ioctl: gpio status=1)
05-27 18:48:38.273   581   581 I SpiService: fgesysctrl_getGPIO_status success val=1
05-27 18:48:38.274 13911 14183 I SentryImuMcuAngleSender: -179.99649rollDeg
05-27 18:48:38.274 13911 14183 I SentryImuMcuAngleSender: 1,0,0
05-27 08:39:47.238   581   581 D spi_rst_gpio_get_output: GPIO 145 value: 1
05-27 08:39:47.238   581   581 D spidev_ioctl: gpio status=1)
05-27 18:48:38.277  1008 30857 D [OMXB]  : usingANWBuffer: handle:0xee740bc0, format:1, w:1920, h:1080
05-27 18:48:38.279   581   581 I SpiService: fgesysctrl_getGPIO_status success val=0
05-27 08:39:47.243   581   581 D spi_rst_gpio_get_output: GPIO 145 value: 0
05-27 08:39:47.243   581   581 D spidev_ioctl: gpio status=0)
05-27 18:48:38.281   572   572 I Sensors : 230 AccelSensor: x:-0.169580,y:0.000000,z:-9.972281
05-27 18:48:38.292   299 30841 D EvsDriver: forwardFrame
05-27 18:48:38.293   581   581 I SpiService: fgesysctrl_getGPIO_status success val=1
05-27 18:48:38.293   283   307 I rvcservice: t.code = 0, t.value = 0
05-27 18:48:38.293   299 30841 D EvsDriver: Delivered 0xb400007b7ca56a60 as id 0
05-27 18:48:38.293 13911 14183 I SentryImuMcuAngleSender: 180.0rollDeg
05-27 18:48:38.294 13911 14183 I SentryImuMcuAngleSender: 1,0,0
05-27 18:48:38.294  1167  1184 D evsmanagerd: /dev/video4 forwarded the buffer #0 to 0xb4000074bf5f6850 from 0xb4000074bf5f41d0
05-27 18:48:38.296   299  1153 D EvsDriver: doneWithFrame
05-27 08:39:47.258   581   581 D spi_rst_gpio_get_output: GPIO 145 value: 1
05-27 08:39:47.258   581   581 D spidev_ioctl: gpio status=1)
05-27 18:48:38.298   536   536 D commservice260303: msg.id = 1028,0
05-27 18:48:38.298   536   536 D commservice260303: i = 170, msgid = 8A000404
05-27 18:48:38.298   536   536 D commservice260303: msgid = -1979710460,did=138
05-27 18:48:38.298   536   536 D commservice260303: CommProtocolLibCmdBaseI2C::dataproc {"command":{"id":"imu_status","sub":""},"content":{"TimeStamp":10,"FrameCounter":252385,"GD_X":-0.010690094903111458,"GD_Y":0.005268065724521875,"GD_Z":0.0020608289632946253,"AD_X":-0.003388151526451111,"AD_Y":-0.002624817891046405,"AD_Z":-0.1670370101928711,"TempDsp":0,"Status":0,"CalibState":1,"SigAmpInvalid":0}},-1979710460
05-27 18:48:38.298   536   536 D commservice260303: send2Cluster len:316, 7B22636F6D6D616E64223A7B226964223A22696D755F737461747573222C22737562223A22227D2C22636F6E74656E74223A7B2254696D655374616D70223A31302C224672616D65436F756E746572223A3235323338352C2247445F58223A2D302E3031303639303039343930333131313435382C2247445F59223A302E3030353236383036353732343532313837352C2247445F5A223A302E303032303630383238393633323934363235332C2241445F58223A2D302E3030333338383135313532363435313131312C2241445F59223A2D302E3030323632343831373839313034363430352C2241445F5A223A2D302E313637303337303130313932383731312C2254656D70447370223A302C22537461747573223A302C2243616C69625374617465223A312C22536967416D70496E76616C6964223A307D7D, 138 
05-27 18:48:38.298   536   536 D commservice260303: Push Message into SendPool fn=-1508244480
05-27 18:48:38.298   536   536 D commservice260303: ComProtocolLibSend2Cluster::send2ClusterRaw fn=-1508244480 , len=332
05-27 18:48:38.298   536   536 D commservice260303: sendCmdToPort :332!!!
05-27 18:48:38.298   536   536 D commservice260303: send Cmd To Port ++++5AA501488A0100041AA66A16CC067B22636F6D6D616E64223A7B226964223A22696D755F737461747573222C22737562223A22227D2C22636F6E74656E74223A7B2254696D655374616D70223A31302C224672616D65436F756E746572223A3235323338352C2247445F58223A2D302E3031303639303039343930333131313435382C2247445F59223A302E3030353236383036353732343532313837352C2247445F5A223A302E303032303630383238393633323934363235332C2241445F58223A2D302E3030333338383135313532363435313131312C2241445F59223A2D302E3030323632343831373839313034363430352C2241445F5A223A2D302E313637303337303130313932383731312C2254656D70447370223A302C22537461747573223A302C2243616C69625374617465223A312C22536967416D70496E76616C6964223A307D7D15A7
05-27 18:48:38.298   536   536 D commservice260303: bufferevent_write retrun value = 0
05-27 18:48:38.299   536   560 D commservice260303: client datas send succeed,send finish
05-27 18:48:38.299   581   581 I SpiService: fgesysctrl_getGPIO_status success val=1
05-27 18:48:38.299 13911 14192 D Sentinelmode_1.2.5.17_sentry: <SentryImuClusterFgeSender>imu_status sent to Linux, frame=252385, tsNs=10785531, tsMs=10, intervalMs=40, ad=(-0.0033881515,-0.002624818,-0.16703701), gd=(-0.010690095,0.0052680657,0.002060829)
05-27 08:39:47.263   581   581 D spi_rst_gpio_get_output: GPIO 145 value: 1
05-27 08:39:47.263   581   581 D spidev_ioctl: gpio status=1)
05-27 18:48:38.302   299 30844 D EvsDriver: forwardFrame
05-27 18:48:38.304   299 30844 D EvsDriver: Delivered 0xb400007b7ca56900 as id 0
05-27 18:48:38.304  1167  1184 D evsmanagerd: /dev/video6 forwarded the buffer #0 to 0xb4000074bf5f5510 from 0xb4000074bf5f6d90
05-27 18:48:38.304   581   581 I SpiService: fgesysctrl_getGPIO_status success val=1
05-27 08:39:47.269   581   581 D spi_rst_gpio_get_output: GPIO 145 value: 1
05-27 08:39:47.269   581   581 D spidev_ioctl: gpio status=1)
05-27 18:48:38.308   299  1153 D EvsDriver: doneWithFrame
05-27 18:48:38.310   581   581 I SpiService: fgesysctrl_getGPIO_status success val=1
05-27 18:48:38.310  1008 30856 D [OMXB]  : usingANWBuffer: handle:0xee745760, format:1, w:1920, h:1080
05-27 18:48:38.314 13911 14183 I SentryImuMcuAngleSender: 180.0rollDeg
05-27 08:39:47.274   581   581 D spi_rst_gpio_get_output: GPIO 145 value: 1
05-27 08:39:47.274   581   581 D spidev_ioctl: gpio status=1)
05-27 18:48:38.316   581   581 I SpiService: fgesysctrl_getGPIO_status success val=1
05-27 18:48:38.319 13911 14183 I SentryImuMcuAngleSender: 1,0,0
05-27 08:39:47.281   581   581 D spi_rst_gpio_get_output: GPIO 145 value: 1
05-27 08:39:47.281   581   581 D spidev_ioctl: gpio status=1)
05-27 18:48:38.324   581   581 I SpiService: fgesysctrl_getGPIO_status success val=0
05-27 08:39:47.289   581   581 D spi_rst_gpio_get_output: GPIO 145 value: 0
05-27 08:39:47.289   581   581 D spidev_ioctl: gpio status=0)
05-27 18:48:38.329   299 30841 D EvsDriver: forwardFrame
05-27 18:48:38.330   299 30844 D EvsDriver: forwardFrame
05-27 18:48:38.331  1167  1184 D evsmanagerd: /dev/video4 forwarded the buffer #0 to 0xb4000074bf5f6850 from 0xb4000074bf5f41d0
05-27 18:48:38.331   299 30841 D EvsDriver: Delivered 0xb400007b7ca56a60 as id 0
05-27 18:48:38.332   299 30844 D EvsDriver: Delivered 0xb400007b7ca56900 as id 0
05-27 18:48:38.332  1167  1184 D evsmanagerd: /dev/video6 forwarded the buffer #0 to 0xb4000074bf5f5510 from 0xb4000074bf5f6d90
05-27 18:48:38.334   299  1153 D EvsDriver: doneWithFrame
05-27 18:48:38.335   299  1153 D EvsDriver: doneWithFrame
05-27 18:48:38.337  1008 30857 D [OMXB]  : usingANWBuffer: handle:0xee741da0, format:1, w:1920, h:1080
05-27 18:48:38.338   536   536 D commservice260303: msg.id = 1028,0
05-27 18:48:38.338   536   536 D commservice260303: i = 170, msgid = 8A000404
05-27 18:48:38.338   536   536 D commservice260303: msgid = -1979710460,did=138
05-27 18:48:38.338   536   536 D commservice260303: CommProtocolLibCmdBaseI2C::dataproc {"command":{"id":"imu_status","sub":""},"content":{"TimeStamp":10,"FrameCounter":252386,"GD_X":-0.011147825978696346,"GD_Y":0.005039200186729431,"GD_Z":0.0020608289632946253,"AD_X":-0.006399467587471008,"AD_Y":-1.6916892491281033E-4,"AD_Z":-0.1658163070678711,"TempDsp":0,"Status":0,"CalibState":1,"SigAmpInvalid":0}},-1979710460
05-27 18:48:38.338   536   536 D commservice260303: send2Cluster len:317, 7B22636F6D6D616E64223A7B226964223A22696D755F737461747573222C22737562223A22227D2C22636F6E74656E74223A7B2254696D655374616D70223A31302C224672616D65436F756E746572223A3235323338362C2247445F58223A2D302E3031313134373832353937383639363334362C2247445F59223A302E3030353033393230303138363732393433312C2247445F5A223A302E303032303630383238393633323934363235332C2241445F58223A2D302E3030363339393436373538373437313030382C2241445F59223A2D312E36393136383932343931323831303333452D342C2241445F5A223A2D302E313635383136333037303637383731312C2254656D70447370223A302C22537461747573223A302C2243616C69625374617465223A312C22536967416D70496E76616C6964223A307D7D, 138 
05-27 18:48:38.338   536   536 D commservice260303: Push Message into SendPool fn=-1491467264
05-27 18:48:38.338   536   536 D commservice260303: ComProtocolLibSend2Cluster::send2ClusterRaw fn=-1491467264 , len=333
05-27 18:48:38.338   536   536 D commservice260303: sendCmdToPort :333!!!
05-27 18:48:38.338   536   536 D commservice260303: send Cmd To Port ++++5AA501498A0100041AA76A16CC067B22636F6D6D616E64223A7B226964223A22696D755F737461747573222C22737562223A22227D2C22636F6E74656E74223A7B2254696D655374616D70223A31302C224672616D65436F756E746572223A3235323338362C2247445F58223A2D302E3031313134373832353937383639363334362C2247445F59223A302E3030353033393230303138363732393433312C2247445F5A223A302E303032303630383238393633323934363235332C2241445F58223A2D302E3030363339393436373538373437313030382C2241445F59223A2D312E36393136383932343931323831303333452D342C2241445F5A223A2D302E313635383136333037303637383731312C2254656D70447370223A302C22537461747573223A302C2243616C69625374617465223A312C22536967416D70496E76616C6964223A307D7DA120
05-27 18:48:38.338   536   536 D commservice260303: bufferevent_write retrun value = 0
05-27 18:48:38.338   536   560 D commservice260303: client datas send succeed,send finish
05-27 18:48:38.338 13911 14192 D Sentinelmode_1.2.5.17_sentry: <SentryImuClusterFgeSender>imu_status sent to Linux, frame=252386, tsNs=10785585, tsMs=10, intervalMs=40, ad=(-0.0063994676,-1.6916892E-4,-0.1658163), gd=(-0.011147826,0.0050392,0.002060829)
05-27 18:48:38.339   581   581 I SpiService: fgesysctrl_getGPIO_status success val=1
05-27 18:48:38.339 13911 14183 I SentryImuMcuAngleSender: 179.98598rollDeg
05-27 18:48:38.339 13911 14183 I SentryImuMcuAngleSender: 1,0,0
05-27 08:39:47.303   581   581 D spi_rst_gpio_get_output: GPIO 145 value: 1
05-27 08:39:47.303   581   581 D spidev_ioctl: gpio status=1)
05-27 08:39:47.309   581   581 D spi_rst_gpio_get_output: GPIO 145 value: 1
05-27 08:39:47.309   581   581 D spidev_ioctl: gpio status=1)
05-27 08:39:47.315   581   581 D spidev_ioctl: gpio status=1)
05-27 18:48:38.356   581   581 I SpiService: fgesysctrl_getGPIO_status success val=1
05-27 08:39:47.320   581   581 D spi_rst_gpio_get_output: GPIO 145 value: 1
05-27 08:39:47.320   581   581 D spidev_ioctl: gpio status=1)
05-27 18:48:38.360 13911 14183 I SentryImuMcuAngleSender: 179.97897rollDeg
05-27 18:48:38.360 13911 14183 I SentryImuMcuAngleSender: 1,0,0
05-27 18:48:38.360  1008 30856 D [OMXB]  : usingANWBuffer: handle:0xee742530, format:1, w:1920, h:1080
05-27 18:48:38.361   581   581 I SpiService: fgesysctrl_getGPIO_status success val=0
05-27 18:48:38.365   299 30844 D EvsDriver: forwardFrame
05-27 18:48:38.365   299 30841 D EvsDriver: forwardFrame
05-27 18:48:38.367  1167  1184 D evsmanagerd: /dev/video4 forwarded the buffer #0 to 0xb4000074bf5f6850 from 0xb4000074bf5f41d0
05-27 18:48:38.367   299 30841 D EvsDriver: Delivered 0xb400007b7ca56a60 as id 0
05-27 18:48:38.367   299 30844 D EvsDriver: Delivered 0xb400007b7ca56900 as id 0
05-27 18:48:38.367  1167  1167 D evsmanagerd: /dev/video6 forwarded the buffer #0 to 0xb4000074bf5f5510 from 0xb4000074bf5f6d90
05-27 18:48:38.370   299  1153 D EvsDriver: doneWithFrame
05-27 18:48:38.371   572   622 I Sensors : 230 GyroSensor: x:-0.012980,y:0.005115,z:0.002061
05-27 18:48:38.376   581   581 I SpiService: fgesysctrl_getGPIO_status success val=1
05-27 18:48:38.376   299  1163 D EvsDriver: doneWithFrame
05-27 18:48:38.378   536   536 D commservice260303: msg.id = 1028,1
05-27 18:48:38.379   536   536 D commservice260303: i = 170, msgid = 8A000404
05-27 18:48:38.379   536   536 D commservice260303: msgid = -1979710460,did=138
05-27 18:48:38.379   536   536 D commservice260303: CommProtocolLibCmdBaseI2C::dataproc {"command":{"id":"imu_status","sub":""},"content":{"TimeStamp":10,"FrameCounter":252387,"GD_X":-0.012979789637029171,"GD_Y":0.0051151420921087265,"GD_Z":0.0020608289632946253,"AD_X":-0.00455765426158905,"AD_Y":-1.717153936624527E-4,"AD_Z":-0.1682577133178711,"TempDsp":0,"Status":0,"CalibState":1,"SigAmpInvalid":0}},-1979710460
05-27 18:48:38.379   536   536 D commservice260303: send2Cluster len:316, 7B22636F6D6D616E64223A7B226964223A22696D755F737461747573222C22737562223A22227D2C22636F6E74656E74223A7B2254696D655374616D70223A31302C224672616D65436F756E746572223A3235323338372C2247445F58223A2D302E3031323937393738393633373032393137312C2247445F59223A302E303035313135313432303932313038373236352C2247445F5A223A302E303032303630383238393633323934363235332C2241445F58223A2D302E30303435353736353432363135383930352C2241445F59223A2D312E373137313533393336363234353237452D342C2241445F5A223A2D302E313638323537373133333137383731312C2254656D70447370223A302C22537461747573223A302C2243616C69625374617465223A312C22536967416D70496E76616C6964223A307D7D, 138 
05-27 18:48:38.379   536   536 D commservice260303: Push Message into SendPool fn=-1474690048
05-27 18:48:38.379   536   536 D commservice260303: ComProtocolLibSend2Cluster::send2ClusterRaw fn=-1474690048 , len=332
05-27 18:48:38.379   536   536 D commservice260303: sendCmdToPort :332!!!
05-27 18:48:38.379   536   536 D commservice260303: send Cmd To Port ++++5AA501488A0100041AA86A16CC067B22636F6D6D616E64223A7B226964223A22696D755F737461747573222C22737562223A22227D2C22636F6E74656E74223A7B2254696D655374616D70223A31302C224672616D65436F756E746572223A3235323338372C2247445F58223A2D302E3031323937393738393633373032393137312C2247445F59223A302E303035313135313432303932313038373236352C2247445F5A223A302E303032303630383238393633323934363235332C2241445F58223A2D302E30303435353736353432363135383930352C2241445F59223A2D312E373137313533393336363234353237452D342C2241445F5A223A2D302E313638323537373133333137383731312C2254656D70447370223A302C22537461747573223A302C2243616C69625374617465223A312C22536967416D70496E76616C6964223A307D7D0CC2
05-27 18:48:38.379   536   536 D commservice260303: bufferevent_write retrun value = 0
05-27 18:48:38.379   536   560 D commservice260303: client datas send succeed,send finish
05-27 18:48:38.380 13911 14192 D Sentinelmode_1.2.5.17_sentry: <SentryImuClusterFgeSender>imu_status sent to Linux, frame=252387, tsNs=10785622, tsMs=10, intervalMs=41, ad=(-0.0045576543,-1.717154E-4,-0.16825771), gd=(-0.01297979,0.005115142,0.002060829)
05-27 18:48:38.381 13911 14183 I SentryImuMcuAngleSender: 179.98598rollDeg
05-27 18:48:38.381 13911 14183 I SentryImuMcuAngleSender: 1,0,0
05-27 18:48:38.381   581   581 I SpiService: fgesysctrl_getGPIO_status success val=1
05-27 08:39:47.346   581   581 D spi_rst_gpio_get_output: GPIO 145 value: 1
05-27 08:39:47.346   581   581 D spidev_ioctl: gpio status=1)
05-27 18:48:38.386   566 11459 I gps_hdbd: Received: '$GNGGA,010429.000,,,,,0,00,,,M,,M,,*68
'
05-27 18:48:38.387   581   581 I SpiService: fgesysctrl_getGPIO_status success val=1
05-27 08:39:47.351   581   581 D spidev_ioctl: gpio status=1)
05-27 18:48:38.389  1008 30857 D [OMXB]  : usingANWBuffer: handle:0xee740430, format:1, w:1920, h:1080
05-27 18:48:38.392   581   581 I SpiService: fgesysctrl_getGPIO_status success val=1
05-27 18:48:38.392   566 11459 I gps_hdbd: Received: '$GNGSA,A,1,,,,,,,,,,,,,,,,1*1D
'
05-27 18:48:38.394   283   307 I rvcservice: t.code = 3, t.value = 0
05-27 18:48:38.398   581   581 I SpiService: fgesysctrl_getGPIO_status success val=1
05-27 18:48:38.398   299 30844 D EvsDriver: forwardFrame
05-27 18:48:38.398   566 11459 I gps_hdbd: Received: '$GNGSA,A,1,,,,,,,,,,,,,,,,3*1F
'
05-27 18:48:38.400   566 11459 I gps_hdbd: Received: '$GNGSA,A,1,,,,,,,,,,,,,,,,4*18
'
05-27 18:48:38.400   299 30844 D EvsDriver: Delivered 0xb400007b7ca56900 as id 0
05-27 18:48:38.400  1167  1167 D evsmanagerd: /dev/video6 forwarded the buffer #0 to 0xb4000074bf5f5510 from 0xb4000074bf5f6d90
05-27 18:48:38.401   566 11459 I gps_hdbd: Received: '$BDGSV,1,1,00,1*75
'
05-27 18:48:38.401   299 30841 D EvsDriver: forwardFrame
05-27 18:48:38.403 13911 14183 I SentryImuMcuAngleSender: 179.99649rollDeg
05-27 18:48:38.403 13911 14183 I SentryImuMcuAngleSender: 1,0,0
05-27 18:48:38.403   581   581 I SpiService: fgesysctrl_getGPIO_status success val=0
05-27 18:48:38.404 30773 30785 I dvr_service_: [EncoderHandler::runMediaThread] runMediaThread started:1,state:1, cam2:started:1,state:1, lastSwitch:1, mIsMuxerStart:1,format:0,is_str_ing:0
05-27 18:48:38.404   299  1163 D EvsDriver: doneWithFrame
05-27 18:48:38.404   299 30841 D EvsDriver: Delivered 0xb400007b7ca56a60 as id 0
05-27 18:48:38.404  1167  1167 D evsmanagerd: /dev/video4 forwarded the buffer #0 to 0xb4000074bf5f6850 from 0xb4000074bf5f41d0
05-27 18:48:38.406   566 11459 I gps_hdbd: Received: '$BDGSV,1,1,00,5*71
'
05-27 18:48:38.407   566 11459 I gps_hdbd: Received: '$GPGSV,1,1,01,199,42,165,,1*60
'
05-27 18:48:38.407   299  1163 D EvsDriver: doneWithFrame
05-27 18:48:38.410   566 11459 I gps_hdbd: Received: '$GPGSV,1,1,00,8*6D
'
05-27 18:48:38.411   566 11459 I gps_hdbd: Received: '$GAGSV,1,1,00,7*73
'
05-27 18:48:38.412  1008 30856 D [OMXB]  : usingANWBuffer: handle:0xee742270, format:1, w:1920, h:1080
05-27 18:48:38.414 30773 30789 I dvr_service_: Camera 0: MediaOK:148063256, frames:3340, isKeyFrame:0,pts:10785223180
05-27 18:48:38.416   566 11459 I gps_hdbd: Received: '$GAGSV,1,1,00,1*75
'
05-27 18:48:38.417 13911 14131 D SVR_MNG_SvrMngProxy: getServer: mSvrManger is null
05-27 18:48:38.417 13911 14131 D SVR_MNG_SvrMngProxy: getNewStub: 
05-27 18:48:38.417 13911 14131 D SVR_MNG_SvrMngProxy: getNewStub: getSvrManagerService start
05-27 18:48:38.418 13911 14131 D SVR_MNG_SvrMngProxy: getNewStub: getSvrManagerService end
05-27 18:48:38.418 13911 14131 D SVR_MNG_SvrMngProxy: getServer: svrMngService doesn't start
05-27 18:48:38.419   536   536 D commservice260303: msg.id = 1028,1
05-27 18:48:38.419   536   536 D commservice260303: i = 170, msgid = 8A000404
05-27 18:48:38.419   536   536 D commservice260303: msgid = -1979710460,did=138
05-27 18:48:38.419   536   536 D commservice260303: CommProtocolLibCmdBaseI2C::dataproc {"command":{"id":"imu_status","sub":""},"content":{"TimeStamp":10,"FrameCounter":252388,"GD_X":-0.01160607673227787,"GD_Y":0.004963258747011423,"GD_Z":0.0021378109231591225,"AD_X":-0.0027260035276412964,"AD_Y":-0.0025965345557779074,"AD_Z":-0.17069625854492188,"TempDsp":0,"Status":0,"CalibState":1,"SigAmpInvalid":0}},-1979710460
05-27 18:48:38.420   536   536 D commservice260303: send2Cluster len:318, 7B22636F6D6D616E64223A7B226964223A22696D755F737461747573222C22737562223A22227D2C22636F6E74656E74223A7B2254696D655374616D70223A31302C224672616D65436F756E746572223A3235323338382C2247445F58223A2D302E30313136303630373637333232373738372C2247445F59223A302E3030343936333235383734373031313432332C2247445F5A223A302E303032313337383130393233313539313232352C2241445F58223A2D302E303032373236303033353237363431323936342C2241445F59223A2D302E303032353936353334353535373737393037342C2241445F5A223A2D302E31373036393632353835343439323138382C2254656D70447370223A302C22537461747573223A302C2243616C69625374617465223A312C22536967416D70496E76616C6964223A307D7D, 138 
05-27 18:48:38.420   536   536 D commservice260303: Push Message into SendPool fn=-1457912832
05-27 18:48:38.420   536   536 D commservice260303: ComProtocolLibSend2Cluster::send2ClusterRaw fn=-1457912832 , len=334
05-27 18:48:38.420   581   581 I SpiService: fgesysctrl_getGPIO_status success val=1
05-27 18:48:38.420   536   536 D commservice260303: sendCmdToPort :334!!!
05-27 18:48:38.420   536   536 D commservice260303: send Cmd To Port ++++5AA5014A8A0100041AA96A16CC067B22636F6D6D616E64223A7B226964223A22696D755F737461747573222C22737562223A22227D2C22636F6E74656E74223A7B2254696D655374616D70223A31302C224672616D65436F756E746572223A3235323338382C2247445F58223A2D302E30313136303630373637333232373738372C2247445F59223A302E3030343936333235383734373031313432332C2247445F5A223A302E303032313337383130393233313539313232352C2241445F58223A2D302E303032373236303033353237363431323936342C2241445F59223A2D302E303032353936353334353535373737393037342C2241445F5A223A2D302E31373036393632353835343439323138382C2254656D70447370223A302C22537461747573223A302C2243616C69625374617465223A312C22536967416D70496E76616C6964223A307D7D8833
05-27 18:48:38.420   536   536 D commservice260303: bufferevent_write retrun value = 0
05-27 18:48:38.420   536   560 D commservice260303: client datas send succeed,send finish
05-27 18:48:38.420 13911 14192 D Sentinelmode_1.2.5.17_sentry: <SentryImuClusterFgeSender>imu_status sent to Linux, frame=252388, tsNs=10785661, tsMs=10, intervalMs=41, ad=(-0.0027260035,-0.0025965346,-0.17069626), gd=(-0.011606077,0.0049632587,0.002137811)
05-27 18:48:38.422   566 11459 I gps_hdbd: Received: '$GNRMC,010429.000,V,,,,,,,270526,120.0,E,N,V*4B
'
05-27 18:48:38.423   566 11459 I gps_hdbd: RMC : CALL gnss_sv_status_cb, view_in_sat <1>
05-27 18:48:38.423   566 11459 I gps_hdbd: [reportSvStatus]--->PLATFORM_BSP::Enter
05-27 18:48:38.423   566 11459 I gps_hdbd: hy abnormal deal:hy_cnr30_satellite_cnt=0
05-27 18:48:38.423   566 11459 D gps_hdbd: hy abnormal deal:hy_fixStatus_fail_count=0
05-27 18:48:38.423   566 11459 I gps_hdbd: Received: '$GNZDA,010429.000,27,05,2026,00,00*40
'
05-27 18:48:38.424  1083  1083 W MyAppLog: [2026-05-27 18:48:38.423 W tboxap gpsSyncGpsInfoToDm:361] [Gps] [gpsSyncGpsInfoToDm] fix=0 mode=49 corner:0x01 alt=0.00 sat=0 hdop=0.00 pdop=0.00 vdop=0.00
05-27 18:48:38.424 13911 14183 I SentryImuMcuAngleSender: 180.0rollDeg
05-27 18:48:38.424 13911 14183 I SentryImuMcuAngleSender: 1,0,0
05-27 18:48:38.425   581   581 I SpiService: fgesysctrl_getGPIO_status success val=1
05-27 08:39:47.390   581   581 D spi_rst_gpio_get_output: GPIO 145 value: 1
05-27 08:39:47.390   581   581 D spidev_ioctl: gpio status=1)
05-27 18:48:38.428   299 30841 D EvsDriver: forwardFrame
05-27 18:48:38.430   299 30844 D EvsDriver: forwardFrame
05-27 18:48:38.431   581   581 I SpiService: fgesysctrl_getGPIO_status success val=1
05-27 18:48:38.431   299 30841 D EvsDriver: Delivered 0xb400007b7ca56a60 as id 0
05-27 18:48:38.431  1167  1167 D evsmanagerd: /dev/video4 forwarded the buffer #0 to 0xb4000074bf5f6850 from 0xb4000074bf5f41d0
05-27 18:48:38.432 30773 30781 E dvr_service_: [myNum:0] Received S**** loss
05-27 18:48:38.432   299  1163 D EvsDriver: doneWithFrame
05-27 08:39:47.395   581   581 D spi_rst_gpio_get_output: GPIO 145 value: 1
05-27 08:39:47.395   581   581 D spidev_ioctl: gpio status=1)
05-27 18:48:38.433   299 30844 D EvsDriver: Delivered 0xb400007b7ca56900 as id 0
05-27 18:48:38.433  1167  1167 D evsmanagerd: /dev/video6 forwarded the buffer #0 to 0xb4000074bf5f5510 from 0xb4000074bf5f6d90
05-27 18:48:38.434 30773 30781 E dvr_service_: [myNum:1] Received S**** loss
05-27 18:48:38.434   299  1163 D EvsDriver: doneWithFrame
05-27 18:48:38.436   581   581 I SpiService: fgesysctrl_getGPIO_status success val=1
05-27 08:39:47.401   581   581 D spi_rst_gpio_get_output: GPIO 145 value: 1
05-27 08:39:47.401   581   581 D spidev_ioctl: gpio status=1)
05-27 18:48:38.439  1008 30856 D [OMXB]  : usingANWBuffer: handle:0xee743190, format:1, w:1920, h:1080
05-27 18:48:38.442   581   581 I SpiService: fgesysctrl_getGPIO_status success val=0
05-27 18:48:38.443 13549 13800 I ADAYO_LOG_: addEncryptorBean(EncryptorModel.java:28)key:logcat_2026_05_27_18_48_35_419-47.zip
05-27 18:48:38.443 13549 13800 I ADAYO_LOG_: writeEncryptorFile(EncryptorModel.java:48)mHashMapList:33
05-27 08:39:47.406   581   581 D spi_rst_gpio_get_output: GPIO 145 value: 0
05-27 08:39:47.406   581   581 D spidev_ioctl: gpio status=0)
05-27 18:48:38.445   566 11459 I gps_hdbd: Received: '$GNINS,1,1,TYPE,I,V,010429.000,19380000,FUS,-19,0,0,0,MOT,V,1,PATT,0.00,0.00,0.00,VEL,0.000,0.000,0.000,POS,40.0001330924,116.0001570688,84.176,IIA,1,0.00,0.00,0.00,BGA,0.31,-0.66,-0.13,0.000,0.000,0.000,IGA,0,-1,0,0,-2,98,VG,16c2ff1*25
'
05-27 18:48:38.445 13549 13800 W System.err: java.io.IOException: No such file or directory
05-27 18:48:38.445 13911 14183 I SentryImuMcuAngleSender: 179.993rollDeg
05-27 18:48:38.446 13911 14183 I SentryImuMcuAngleSender: 1,0,0
05-27 18:48:38.446 13549 13800 W System.err: 	at java.io.UnixFileSystem.createFileExclusively0(Native Method)
05-27 18:48:38.446 13549 13800 W System.err: 	at java.io.UnixFileSystem.createFileExclusively(UnixFileSystem.java:317)
05-27 18:48:38.446 13549 13800 W System.err: 	at java.io.File.createNewFile(File.java:1006)
05-27 18:48:38.446 13549 13800 W System.err: 	at com.adayo.log.utils.FileUtil.writeStringToFile(FileUtil.java:253)
05-27 18:48:38.446 13549 13800 W System.err: 	at com.adayo.log.model.EncryptorModel.writeEncryptorFile(EncryptorModel.java:53)
05-27 18:48:38.446 13549 13800 W System.err: 	at com.adayo.log.model.EncryptorModel.addEncryptorBean(EncryptorModel.java:31)
05-27 18:48:38.446 13549 13800 W System.err: 	at com.adayo.log.function.collect.LogcatFunc.startZip(LogcatFunc.java:404)
05-27 18:48:38.446 13549 13800 W System.err: 	at com.adayo.log.function.collect.LogcatFunc.startSeparationAndZip(LogcatFunc.java:293)
05-27 18:48:38.446 13549 13800 W System.err: 	at com.adayo.log.function.collect.LogcatFunc.access$000(LogcatFunc.java:56)
