05-27 18:48:40.400   299 30844 D EvsDriver: Delivered 0xb400007b7ca56900 as id 0
05-27 18:48:40.400  1167  1184 D evsmanagerd: /dev/video4 forwarded the buffer #0 to 0xb4000074bf5f6850 from 0xb4000074bf5f41d0
05-27 18:48:40.400  1167  1167 D evsmanagerd: /dev/video6 forwarded the buffer #0 to 0xb4000074bf5f5510 from 0xb4000074bf5f6d90
05-27 08:39:49.363   581   581 D spi_rst_gpio_get_output: GPIO 145 value: 1
05-27 08:39:49.363   581   581 D spidev_ioctl: gpio status=1)
05-27 18:48:40.404   536   536 D commservice260303: msg.id = 1028,0
05-27 18:48:40.404   299  1153 D EvsDriver: doneWithFrame
05-27 18:48:40.404   299  1163 D EvsDriver: doneWithFrame
05-27 18:48:40.404   536   536 D commservice260303: i = 170, msgid = 8A000404
05-27 18:48:40.405   536   536 D commservice260303: msgid = -1979710460,did=138
05-27 18:48:40.405   536   536 D commservice260303: CommProtocolLibCmdBaseI2C::dataproc {"command":{"id":"imu_status","sub":""},"content":{"TimeStamp":10,"FrameCounter":252437,"GD_X":-0.011147825978696346,"GD_Y":0.0051151420921087265,"GD_Z":0.0019848872907459736,"AD_X":-8.085966110229492E-4,"AD_Y":0.001021906966343522,"AD_Z":-0.1707010269165039,"TempDsp":0,"Status":0,"CalibState":1,"SigAmpInvalid":0}},-1979710460
05-27 18:48:40.405   566 11459 I gps_hdbd: Received: '$BDGSV,1,1,00,5*71
'
05-27 18:48:40.405   581   581 I SpiService: fgesysctrl_getGPIO_status success val=1
05-27 18:48:40.405   536   536 D commservice260303: send2Cluster len:316, 7B22636F6D6D616E64223A7B226964223A22696D755F737461747573222C22737562223A22227D2C22636F6E74656E74223A7B2254696D655374616D70223A31302C224672616D65436F756E746572223A3235323433372C2247445F58223A2D302E3031313134373832353937383639363334362C2247445F59223A302E303035313135313432303932313038373236352C2247445F5A223A302E303031393834383837323930373435393733362C2241445F58223A2D382E303835393636313130323239343932452D342C2241445F59223A302E3030313032313930363936363334333532322C2241445F5A223A2D302E313730373031303236393136353033392C2254656D70447370223A302C22537461747573223A302C2243616C69625374617465223A312C22536967416D70496E76616C6964223A307D7D, 138 
05-27 18:48:40.405   536   536 D commservice260303: Push Message into SendPool fn=-619052032
05-27 18:48:40.405   536   536 D commservice260303: ComProtocolLibSend2Cluster::send2ClusterRaw fn=-619052032 , len=332
05-27 18:48:40.405   536   536 D commservice260303: sendCmdToPort :332!!!
05-27 18:48:40.405   536   536 D commservice260303: send Cmd To Port ++++5AA501488A0100041ADB6A16CC087B22636F6D6D616E64223A7B226964223A22696D755F737461747573222C22737562223A22227D2C22636F6E74656E74223A7B2254696D655374616D70223A31302C224672616D65436F756E746572223A3235323433372C2247445F58223A2D302E3031313134373832353937383639363334362C2247445F59223A302E303035313135313432303932313038373236352C2247445F5A223A302E303031393834383837323930373435393733362C2241445F58223A2D382E303835393636313130323239343932452D342C2241445F59223A302E3030313032313930363936363334333532322C2241445F5A223A2D302E313730373031303236393136353033392C2254656D70447370223A302C22537461747573223A302C2243616C69625374617465223A312C22536967416D70496E76616C6964223A307D7D990B
05-27 18:48:40.406   536   536 D commservice260303: bufferevent_write retrun value = 0
05-27 08:39:49.369   581   581 D spi_rst_gpio_get_output: GPIO 145 value: 1
05-27 08:39:49.369   581   581 D spidev_ioctl: gpio status=1)
05-27 18:48:40.406   536   560 D commservice260303: client datas send succeed,send finish
05-27 18:48:40.408 13911 14192 D Sentinelmode_1.2.5.17_sentry: <SentryImuClusterFgeSender>imu_status sent to Linux, frame=252437, tsNs=10787636, tsMs=10, intervalMs=45, ad=(-8.085966E-4,0.001021907,-0.17070103), gd=(-0.011147826,0.005115142,0.0019848873)
05-27 18:48:40.409   566 11459 I gps_hdbd: Received: '$GPGSV,1,1,01,199,42,165,,1*60
'
05-27 18:48:40.410   566 11459 I gps_hdbd: Received: '$GPGSV,1,1,00,8*6D
'
05-27 18:48:40.410   581   581 I SpiService: fgesysctrl_getGPIO_status success val=1
05-27 18:48:40.411   566 11459 I gps_hdbd: Received: '$GAGSV,1,1,00,7*73
'
05-27 08:39:49.375   581   581 D spi_rst_gpio_get_output: GPIO 145 value: 1
05-27 08:39:49.375   581   581 D spidev_ioctl: gpio status=1)
05-27 18:48:40.414  1008 30856 D [OMXB]  : usingANWBuffer: handle:0xee745600, format:1, w:1920, h:1080
05-27 18:48:40.415   566 11459 I gps_hdbd: Received: '$GAGSV,1,1,00,1*75
'
05-27 18:48:40.416 13911 14183 I SentryImuMcuAngleSender: 179.97548rollDeg
05-27 18:48:40.416 13911 14183 I SentryImuMcuAngleSender: 1,0,0
05-27 18:48:40.416   581   581 I SpiService: fgesysctrl_getGPIO_status success val=0
05-27 08:39:49.381   581   581 D spi_rst_gpio_get_output: GPIO 145 value: 0
05-27 08:39:49.381   581   581 D spidev_ioctl: gpio status=0)
05-27 18:48:40.420   566 11459 I gps_hdbd: Received: '$GNRMC,010431.000,V,,,,,,,270526,120.0,E,N,V*42
'
05-27 18:48:40.421   566 11459 I gps_hdbd: RMC : CALL gnss_sv_status_cb, view_in_sat <1>
05-27 18:48:40.421   566 11459 I gps_hdbd: [reportSvStatus]--->PLATFORM_BSP::Enter
05-27 18:48:40.421 13911 14131 D SVR_MNG_SvrMngProxy: getServer: mSvrManger is null
05-27 18:48:40.421   566 11459 I gps_hdbd: hy abnormal deal:hy_cnr30_satellite_cnt=0
05-27 18:48:40.421 13911 14131 D SVR_MNG_SvrMngProxy: getNewStub: 
05-27 18:48:40.421   566 11459 D gps_hdbd: hy abnormal deal:hy_fixStatus_fail_count=0
05-27 18:48:40.421 13911 14131 D SVR_MNG_SvrMngProxy: getNewStub: getSvrManagerService start
05-27 18:48:40.421   566 11459 I gps_hdbd: Received: '$GNZDA,010431.000,27,05,2026,00,00*49
'
05-27 18:48:40.421  1083  1083 W MyAppLog: [2026-05-27 18:48:40.421 W tboxap gpsSyncGpsInfoToDm:361] [Gps] [gpsSyncGpsInfoToDm] fix=0 mode=49 corner:0x01 alt=0.00 sat=0 hdop=0.00 pdop=0.00 vdop=0.00
05-27 18:48:40.422 13911 14131 D SVR_MNG_SvrMngProxy: getNewStub: getSvrManagerService end
05-27 18:48:40.422 13911 14131 D SVR_MNG_SvrMngProxy: getServer: svrMngService doesn't start
05-27 18:48:40.425   299 30841 D EvsDriver: forwardFrame
05-27 18:48:40.425   299 30844 D EvsDriver: forwardFrame
05-27 18:48:40.426  1008 30857 D [OMXB]  : usingANWBuffer: handle:0xee7437c0, format:1, w:1920, h:1080
05-27 18:48:40.427   299 30844 D EvsDriver: Delivered 0xb400007b7ca56900 as id 0
05-27 18:48:40.427  1167  1184 D evsmanagerd: /dev/video6 forwarded the buffer #0 to 0xb4000074bf5f5510 from 0xb4000074bf5f6d90
05-27 18:48:40.427 30773 30773 E dvr_service_: [myNum:1] Received S**** loss
05-27 18:48:40.427   299  1153 D EvsDriver: doneWithFrame
05-27 18:48:40.428   299 30841 D EvsDriver: Delivered 0xb400007b7ca56a60 as id 0
05-27 18:48:40.428  1167  1184 D evsmanagerd: /dev/video4 forwarded the buffer #0 to 0xb4000074bf5f6850 from 0xb4000074bf5f41d0
05-27 18:48:40.428 30773 30773 E dvr_service_: [myNum:0] Received S**** loss
05-27 18:48:40.428   299  1153 D EvsDriver: doneWithFrame
05-27 18:48:40.430   581   581 I SpiService: fgesysctrl_getGPIO_status success val=1
05-27 08:39:49.395   581   581 D spi_rst_gpio_get_output: GPIO 145 value: 1
05-27 08:39:49.395   581   581 D spidev_ioctl: gpio status=1)
05-27 18:48:40.436   581   581 I SpiService: fgesysctrl_getGPIO_status success val=1
05-27 18:48:40.436 13911 14183 I SentryImuMcuAngleSender: 179.99649rollDeg
05-27 18:48:40.436 13911 14183 I SentryImuMcuAngleSender: 1,0,0
05-27 08:39:49.400   581   581 D spi_rst_gpio_get_output: GPIO 145 value: 1
05-27 08:39:49.400   581   581 D spidev_ioctl: gpio status=1)
05-27 18:48:40.441   581   581 I SpiService: fgesysctrl_getGPIO_status success val=1
05-27 18:48:40.444   566 11459 I gps_hdbd: Received: '$GNINS,1,1,TYPE,I,V,010431.000,19382000,FUS,-5,0,0,0,MOT,V,1,PATT,0.00,0.00,0.00,VEL,0.000,0.000,0.000,POS,40.0001330924,116.0001570688,84.176,IIA,1,0.00,0.00,0.00,BGA,0.31,-0.66,-0.13,0.000,0.000,0.000,IGA,0,-1,0,0,-2,98,VG,16c2ff1*13
'
05-27 18:48:40.444   536   536 D commservice260303: msg.id = 1028,1
05-27 18:48:40.444   536   536 D commservice260303: i = 170, msgid = 8A000404
05-27 18:48:40.444   536   536 D commservice260303: msgid = -1979710460,did=138
05-27 18:48:40.444   536   536 D commservice260303: CommProtocolLibCmdBaseI2C::dataproc {"command":{"id":"imu_status","sub":""},"content":{"TimeStamp":10,"FrameCounter":252438,"GD_X":-0.010841978713870049,"GD_Y":0.005039200186729431,"GD_Z":0.0022902146447449923,"AD_X":3.966391086578369E-4,"AD_Y":-0.0020253979600965977,"AD_Z":-0.1707010269165039,"TempDsp":0,"Status":0,"CalibState":1,"SigAmpInvalid":0}},-1979710460
05-27 18:48:40.444   536   536 D commservice260303: send2Cluster len:316, 7B22636F6D6D616E64223A7B226964223A22696D755F737461747573222C22737562223A22227D2C22636F6E74656E74223A7B2254696D655374616D70223A31302C224672616D65436F756E746572223A3235323433382C2247445F58223A2D302E3031303834313937383731333837303034392C2247445F59223A302E3030353033393230303138363732393433312C2247445F5A223A302E303032323930323134363434373434393932332C2241445F58223A332E393636333931303836353738333639452D342C2241445F59223A2D302E303032303235333937393630303936353937372C2241445F5A223A2D302E313730373031303236393136353033392C2254656D70447370223A302C22537461747573223A302C2243616C69625374617465223A312C22536967416D70496E76616C6964223A307D7D, 138 
05-27 18:48:40.444   536   536 D commservice260303: Push Message into SendPool fn=-602274816
05-27 18:48:40.444   536   536 D commservice260303: ComProtocolLibSend2Cluster::send2ClusterRaw fn=-602274816 , len=332
05-27 18:48:40.444   536   536 D commservice260303: sendCmdToPort :332!!!
05-27 18:48:40.444   536   536 D commservice260303: send Cmd To Port ++++5AA501488A0100041ADC6A16CC087B22636F6D6D616E64223A7B226964223A22696D755F737461747573222C22737562223A22227D2C22636F6E74656E74223A7B2254696D655374616D70223A31302C224672616D65436F756E746572223A3235323433382C2247445F58223A2D302E3031303834313937383731333837303034392C2247445F59223A302E3030353033393230303138363732393433312C2247445F5A223A302E303032323930323134363434373434393932332C2241445F58223A332E393636333931303836353738333639452D342C2241445F59223A2D302E303032303235333937393630303936353937372C2241445F5A223A2D302E313730373031303236393136353033392C2254656D70447370223A302C22537461747573223A302C2243616C69625374617465223A312C22536967416D70496E76616C6964223A307D7DBC86
05-27 18:48:40.444   536   536 D commservice260303: bufferevent_write retrun value = 0
05-27 18:48:40.444   536   560 D commservice260303: client datas send succeed,send finish
05-27 18:48:40.444 13911 14192 D Sentinelmode_1.2.5.17_sentry: <SentryImuClusterFgeSender>imu_status sent to Linux, frame=252438, tsNs=10787677, tsMs=10, intervalMs=37, ad=(3.966391E-4,-0.002025398,-0.17070103), gd=(-0.010841979,0.0050392,0.0022902146)
05-27 08:39:49.406   581   581 D spi_rst_gpio_get_output: GPIO 145 value: 1
05-27 08:39:49.406   581   581 D spidev_ioctl: gpio status=1)
05-27 18:48:40.446   581   581 I SpiService: fgesysctrl_getGPIO_status success val=1
05-27 18:48:40.447  1008 30856 D [OMXB]  : usingANWBuffer: handle:0xee744000, format:1, w:1920, h:1080
05-27 08:39:49.411   581   581 D spi_rst_gpio_get_output: GPIO 145 value: 1
05-27 08:39:49.411   581   581 D spidev_ioctl: gpio status=1)
05-27 18:48:40.452   581   581 I SpiService: fgesysctrl_getGPIO_status success val=1
05-27 08:39:49.417   581   581 D spi_rst_gpio_get_output: GPIO 145 value: 1
05-27 08:39:49.417   581   581 D spidev_ioctl: gpio status=1)
05-27 18:48:40.455   566 11459 I gps_hdbd: Received: '$GNINS,CARSPEED,ADR_STATUS,0,Pulse_count,0,1,0,0,19382000,107670,0.000,0.000,0.000*00
'
05-27 18:48:40.456 13911 14183 I SentryImuMcuAngleSender: 179.99649rollDeg
05-27 18:48:40.456 13911 14183 I SentryImuMcuAngleSender: 1,0,0
05-27 18:48:40.457   581   581 I SpiService: fgesysctrl_getGPIO_status success val=1
05-27 18:48:40.459   299 30844 D EvsDriver: forwardFrame
05-27 18:48:40.460   299 30841 D EvsDriver: forwardFrame
05-27 18:48:40.461   299 30844 D EvsDriver: Delivered 0xb400007b7ca56900 as id 0
05-27 18:48:40.461  1167  1184 D evsmanagerd: /dev/video6 forwarded the buffer #0 to 0xb4000074bf5f5510 from 0xb4000074bf5f6d90
05-27 18:48:40.461   566 11459 I gps_hdbd: Received: '$GNTXT,04,01,04,INS,V,1,,,,FLG,1,000000,1,0,1,0,0,Con,0*71
'
05-27 08:39:49.422   581   581 D spi_rst_gpio_get_output: GPIO 145 value: 1
05-27 08:39:49.422   581   581 D spidev_ioctl: gpio status=1)
05-27 18:48:40.461   566 11459 I gps_hdbd: Received: '$GNTXT,INSTALL,0.00,0.00,0.00,0.00,0.00,0.00,0*20
'
05-27 18:48:40.462  1167  1184 D evsmanagerd: /dev/video4 forwarded the buffer #0 to 0xb4000074bf5f6850 from 0xb4000074bf5f41d0
05-27 18:48:40.462   299 30841 D EvsDriver: Delivered 0xb400007b7ca56a60 as id 0
05-27 18:48:40.463   581   581 I SpiService: fgesysctrl_getGPIO_status success val=0
05-27 18:48:40.463   299  1153 D EvsDriver: doneWithFrame
05-27 18:48:40.465   299  1153 D EvsDriver: doneWithFrame
05-27 18:48:40.466   572   572 I Sensors : 230 AccelSensor: x:-0.165920,y:-0.001220,z:-9.975940
05-27 18:48:40.467  1008 30857 D [OMXB]  : usingANWBuffer: handle:0xee745760, format:1, w:1920, h:1080
05-27 08:39:49.427   581   581 D spi_rst_gpio_get_output: GPIO 145 value: 0
05-27 08:39:49.427   581   581 D spidev_ioctl: gpio status=0)
05-27 18:48:40.477 13911 14183 I SentryImuMcuAngleSender: -179.99649rollDeg
05-27 18:48:40.477 13911 14183 I SentryImuMcuAngleSender: 1,0,0
05-27 18:48:40.478   581   581 I SpiService: fgesysctrl_getGPIO_status success val=1
05-27 08:39:49.442   581   581 D spi_rst_gpio_get_output: GPIO 145 value: 1
05-27 08:39:49.442   581   581 D spidev_ioctl: gpio status=1)
05-27 18:48:40.483   581   581 I SpiService: fgesysctrl_getGPIO_status success val=1
05-27 18:48:40.484   536   536 D commservice260303: msg.id = 1028,1
05-27 18:48:40.484   536   536 D commservice260303: i = 170, msgid = 8A000404
05-27 18:48:40.484   536   536 D commservice260303: msgid = -1979710460,did=138
05-27 18:48:40.484   536   536 D commservice260303: CommProtocolLibCmdBaseI2C::dataproc {"command":{"id":"imu_status","sub":""},"content":{"TimeStamp":10,"FrameCounter":252439,"GD_X":-0.011759000830352306,"GD_Y":0.00549693126231432,"GD_Z":0.0019848872907459736,"AD_X":-0.0020607709884643555,"AD_Y":-0.0032085776329040527,"AD_Z":-0.1682577133178711,"TempDsp":0,"Status":0,"CalibState":1,"SigAmpInvalid":0}},-1979710460
05-27 18:48:40.484   536   536 D commservice260303: send2Cluster len:317, 7B22636F6D6D616E64223A7B226964223A22696D755F737461747573222C22737562223A22227D2C22636F6E74656E74223A7B2254696D655374616D70223A31302C224672616D65436F756E746572223A3235323433392C2247445F58223A2D302E3031313735393030303833303335323330362C2247445F59223A302E30303534393639333132363233313433322C2247445F5A223A302E303031393834383837323930373435393733362C2241445F58223A2D302E303032303630373730393838343634333535352C2241445F59223A2D302E303033323038353737363332393034303532372C2241445F5A223A2D302E313638323537373133333137383731312C2254656D70447370223A302C22537461747573223A302C2243616C69625374617465223A312C22536967416D70496E76616C6964223A307D7D, 138 
05-27 18:48:40.484   536   536 D commservice260303: Push Message into SendPool fn=-585497600
05-27 18:48:40.484   536   536 D commservice260303: ComProtocolLibSend2Cluster::send2ClusterRaw fn=-585497600 , len=333
05-27 18:48:40.484   536   536 D commservice260303: sendCmdToPort :333!!!
05-27 18:48:40.484   536   536 D commservice260303: send Cmd To Port ++++5AA501498A0100041ADD6A16CC087B22636F6D6D616E64223A7B226964223A22696D755F737461747573222C22737562223A22227D2C22636F6E74656E74223A7B2254696D655374616D70223A31302C224672616D65436F756E746572223A3235323433392C2247445F58223A2D302E3031313735393030303833303335323330362C2247445F59223A302E30303534393639333132363233313433322C2247445F5A223A302E303031393834383837323930373435393733362C2241445F58223A2D302E303032303630373730393838343634333535352C2241445F59223A2D302E303033323038353737363332393034303532372C2241445F5A223A2D302E313638323537373133333137383731312C2254656D70447370223A302C22537461747573223A302C2243616C69625374617465223A312C22536967416D70496E76616C6964223A307D7D2381
05-27 18:48:40.484   536   536 D commservice260303: bufferevent_write retrun value = 0
05-27 18:48:40.484   536   560 D commservice260303: client datas send succeed,send finish
05-27 08:39:49.448   581   581 D spi_rst_gpio_get_output: GPIO 145 value: 1
05-27 08:39:49.448   581   581 D spidev_ioctl: gpio status=1)
05-27 18:48:40.485 13911 14192 D Sentinelmode_1.2.5.17_sentry: <SentryImuClusterFgeSender>imu_status sent to Linux, frame=252439, tsNs=10787726, tsMs=10, intervalMs=40, ad=(-0.002060771,-0.0032085776,-0.16825771), gd=(-0.011759001,0.0054969313,0.0019848873)
05-27 18:48:40.488   581   581 I SpiService: fgesysctrl_getGPIO_status success val=1
05-27 08:39:49.453   581   581 D spi_rst_gpio_get_output: GPIO 145 value: 1
05-27 08:39:49.453   581   581 D spidev_ioctl: gpio status=1)
05-27 18:48:40.492  1008 30856 D [OMXB]  : usingANWBuffer: handle:0xee742270, format:1, w:1920, h:1080
05-27 18:48:40.493 30773 30789 I dvr_service_: Camera 0: MediaOK:150332136, frames:3390, isKeyFrame:0,pts:10787492060
05-27 18:48:40.494   581   581 I SpiService: fgesysctrl_getGPIO_status success val=1
05-27 18:48:40.494   299 30844 D EvsDriver: forwardFrame
05-27 18:48:40.497   299 30844 D EvsDriver: Delivered 0xb400007b7ca56900 as id 0
05-27 18:48:40.497  1167  1184 D evsmanagerd: /dev/video6 forwarded the buffer #0 to 0xb4000074bf5f5510 from 0xb4000074bf5f6d90
05-27 18:48:40.497   299 30841 D EvsDriver: forwardFrame
05-27 18:48:40.497 13911 14183 I SentryImuMcuAngleSender: 179.98598rollDeg
05-27 18:48:40.497 13911 14183 I SentryImuMcuAngleSender: 1,0,0
05-27 18:48:40.499 11344 11344 E SystemUI_NavBarFragment: SysUIConfig.icCarServiceConnected：false
05-27 18:48:40.500   581   581 I SpiService: fgesysctrl_getGPIO_status success val=0
05-27 18:48:40.500   283   307 I rvcservice: t.code = 3, t.value = 0
05-27 18:48:40.500   299 30841 D EvsDriver: Delivered 0xb400007b7ca56a60 as id 0
05-27 18:48:40.500  1167  1184 D evsmanagerd: /dev/video4 forwarded the buffer #0 to 0xb4000074bf5f6850 from 0xb4000074bf5f41d0
05-27 08:39:49.458   581   581 D spi_rst_gpio_get_output: GPIO 145 value: 1
05-27 08:39:49.458   581   581 D spidev_ioctl: gpio status=1)
05-27 08:39:49.464   581   581 D spi_rst_gpio_get_output: GPIO 145 value: 0
05-27 08:39:49.464   581   581 D spidev_ioctl: gpio status=0)
05-27 18:48:40.505   299  1153 D EvsDriver: doneWithFrame
05-27 18:48:40.507  4922  4947 D ANWAPI_SECOND: (4922|0x293E9CB0)[BTAPI] set_bluetooth_power : open /sys/class/gpio/gpio142/value
05-27 18:48:40.507   299  1153 D EvsDriver: doneWithFrame
05-27 18:48:40.507  4922  4947 D ANWAPI_SECOND: (4922|0x293E9CB0)[BTAPI] set_bluetooth_power : open(/sys/class/gpio/gpio142/value) for write failed,fd=-1
05-27 18:48:40.507  4922  4947 D ANWAPI_SECOND: (4922|0x293E9CB0)[BTAPI] open set_bluetooth_power : write(No such file or directory) failed,errno = 2
05-27 18:48:40.511  1008 30857 D [OMXB]  : usingANWBuffer: handle:0xee7435b0, format:1, w:1920, h:1080
05-27 18:48:40.515   581   581 I SpiService: fgesysctrl_getGPIO_status success val=1
05-27 08:39:49.479   581   581 D spi_rst_gpio_get_output: GPIO 145 value: 1
05-27 08:39:49.479   581   581 D spidev_ioctl: gpio status=1)
05-27 18:48:40.518 13911 14183 I SentryImuMcuAngleSender: 179.98949rollDeg
05-27 18:48:40.518 13911 14183 I SentryImuMcuAngleSender: 1,0,0
05-27 18:48:40.520   581   581 I SpiService: fgesysctrl_getGPIO_status success val=1
05-27 08:39:49.485   581   581 D spi_rst_gpio_get_output: GPIO 145 value: 1
05-27 08:39:49.485   581   581 D spidev_ioctl: gpio status=1)
05-27 18:48:40.525   536   536 D commservice260303: msg.id = 1028,0
05-27 18:48:40.525   536   536 D commservice260303: i = 170, msgid = 8A000404
05-27 18:48:40.525   536   536 D commservice260303: msgid = -1979710460,did=138
05-27 18:48:40.525   536   536 D commservice260303: CommProtocolLibCmdBaseI2C::dataproc {"command":{"id":"imu_status","sub":""},"content":{"TimeStamp":10,"FrameCounter":252440,"GD_X":-0.011682018637657166,"GD_Y":0.00549693126231432,"GD_Z":0.001679039909504354,"AD_X":-0.0026748627424240112,"AD_Y":-7.655270164832473E-4,"AD_Z":-0.1682577133178711,"TempDsp":0,"Status":0,"CalibState":1,"SigAmpInvalid":0}},-1979710460
05-27 18:48:40.525   536   536 D commservice260303: send2Cluster len:315, 7B22636F6D6D616E64223A7B226964223A22696D755F737461747573222C22737562223A22227D2C22636F6E74656E74223A7B2254696D655374616D70223A31302C224672616D65436F756E746572223A3235323434302C2247445F58223A2D302E3031313638323031383633373635373136362C2247445F59223A302E30303534393639333132363233313433322C2247445F5A223A302E3030313637393033393930393530343335342C2241445F58223A2D302E303032363734383632373432343234303131322C2241445F59223A2D372E363535323730313634383332343733452D342C2241445F5A223A2D302E313638323537373133333137383731312C2254656D70447370223A302C22537461747573223A302C2243616C69625374617465223A312C22536967416D70496E76616C6964223A307D7D, 138 
05-27 18:48:40.525   536   536 D commservice260303: Push Message into SendPool fn=-568720384
05-27 18:48:40.525   536   536 D commservice260303: ComProtocolLibSend2Cluster::send2ClusterRaw fn=-568720384 , len=331
05-27 18:48:40.525   536   536 D commservice260303: sendCmdToPort :331!!!
05-27 18:48:40.525   536   536 D commservice260303: send Cmd To Port ++++5AA501478A0100041ADE6A16CC087B22636F6D6D616E64223A7B226964223A22696D755F737461747573222C22737562223A22227D2C22636F6E74656E74223A7B2254696D655374616D70223A31302C224672616D65436F756E746572223A3235323434302C2247445F58223A2D302E3031313638323031383633373635373136362C2247445F59223A302E30303534393639333132363233313433322C2247445F5A223A302E3030313637393033393930393530343335342C2241445F58223A2D302E303032363734383632373432343234303131322C2241445F59223A2D372E363535323730313634383332343733452D342C2241445F5A223A2D302E313638323537373133333137383731312C2254656D70447370223A302C22537461747573223A302C2243616C69625374617465223A312C22536967416D70496E76616C6964223A307D7D146C
05-27 18:48:40.525   536   536 D commservice260303: bufferevent_write retrun value = 0
05-27 18:48:40.526   536   560 D commservice260303: client datas send succeed,send finish
05-27 18:48:40.526 13911 14192 D Sentinelmode_1.2.5.17_sentry: <SentryImuClusterFgeSender>imu_status sent to Linux, frame=252440, tsNs=10787760, tsMs=10, intervalMs=41, ad=(-0.0026748627,-7.65527E-4,-0.16825771), gd=(-0.011682019,0.0054969313,0.0016790399)
05-27 18:48:40.526   581   581 I SpiService: fgesysctrl_getGPIO_status success val=1
05-27 18:48:40.527   572   572 I Sensors : 230 GyroSensor: x:-0.011530,y:0.005650,z:0.001908
05-27 18:48:40.528  1008 30856 D [OMXB]  : usingANWBuffer: handle:0xee743500, format:1, w:1920, h:1080
05-27 08:39:49.490   581   581 D spi_rst_gpio_get_output: GPIO 145 value: 1
05-27 08:39:49.490   581   581 D spidev_ioctl: gpio status=1)
05-27 18:48:40.531   581   581 I SpiService: fgesysctrl_getGPIO_status success val=1
05-27 18:48:40.532   299 30844 D EvsDriver: forwardFrame
05-27 18:48:40.532   299 30841 D EvsDriver: forwardFrame
05-27 08:39:49.496   581   581 D spi_rst_gpio_get_output: GPIO 145 value: 1
05-27 08:39:49.496   581   581 D spidev_ioctl: gpio status=1)
05-27 18:48:40.534   299 30844 D EvsDriver: Delivered 0xb400007b7ca56900 as id 0
05-27 18:48:40.534   299 30841 D EvsDriver: Delivered 0xb400007b7ca56a60 as id 0
05-27 18:48:40.534  1167  1184 D evsmanagerd: /dev/video4 forwarded the buffer #0 to 0xb4000074bf5f6850 from 0xb4000074bf5f41d0
05-27 18:48:40.534  1167  1167 D evsmanagerd: /dev/video6 forwarded the buffer #0 to 0xb4000074bf5f5510 from 0xb4000074bf5f6d90
05-27 18:48:40.537   581   581 I SpiService: fgesysctrl_getGPIO_status success val=1
05-27 18:48:40.537 13911 14183 I SentryImuMcuAngleSender: 179.99298rollDeg
05-27 18:48:40.538 13911 14183 I SentryImuMcuAngleSender: 1,0,0
05-27 18:48:40.538   299  1153 D EvsDriver: doneWithFrame
05-27 18:48:40.538   299  1163 D EvsDriver: doneWithFrame
05-27 08:39:49.502   581   581 D spi_rst_gpio_get_output: GPIO 145 value: 1
05-27 08:39:49.502   581   581 D spidev_ioctl: gpio status=1)
05-27 18:48:40.543   581   581 I SpiService: fgesysctrl_getGPIO_status success val=0
05-27 18:48:40.544   536   760 I commservice260303: [mcuCommFunctionTcp::ProtocolCheckConnectTimeOutProc:613] keyID:256,tcpEvent:5,tcpcount:0,heartbeat:1,noHeartBeatNumber:0,endispatch:0,strState:0
05-27 18:48:40.544   536   760 D commservice260303: ProtocolCheckConnectTimeOutProc,629,clear heartbeat
05-27 08:39:49.508   581   581 D spi_rst_gpio_get_output: GPIO 145 value: 0
05-27 08:39:49.508   581   581 D spidev_ioctl: gpio status=0)
05-27 18:48:40.547 13911 14147 I Sentinelmode_1.2.5.17_sentry: <SentryModeAuto>[SentryTrace] apply tick openMethod=2 intentOn=true inGard=0 time=0|0|0|0 repeat=0|1|2|3|4|5|6
05-27 18:48:40.547 13911 14147 D Sentinelmode_1.2.5.17_sentry: <SentryModeAuto>applySentrySettings sentry_mode=-1 openMethod=2 intentOn=true time=0|0|0|0 repeat=0|1|2|3|4|5|6
05-27 18:48:40.547 13911 14147 D Sentinelmode_1.2.5.17_sentry: <SentryModeAuto>[SentryTrace] schedule time all day: "0|0|0|0"
05-27 18:48:40.548 13911 14147 I Sentinelmode_1.2.5.17_sentry: <SentryModeAuto>[SentryTrace] schedule shouldActivate=true inRepeat=true inWindow=true locationBlocked=false
05-27 18:48:40.548 13911 14147 I Sentinelmode_1.2.5.17_sentry: <PicketModeManager>getDvrEnableState=true (MMKV DVR_ENABLE_STATE)
05-27 18:48:40.548 13911 14147 I Sentinelmode_1.2.5.17_sentry: <SentryModeAuto>[SentryTrace] start gard GARD_MODE_STATE=15
05-27 18:48:40.549 13911 14147 I Sentinelmode_1.2.5.17_sentry: <PicketModeManager>onSettingsPutInt：true name:persist.gard.mode value:15
05-27 18:48:40.549 13911 14147 I Sentinelmode_1.2.5.17_sentry: <PicketModeManager>[SentryTrace] mode_status=15
05-27 18:48:40.550  1008 30857 D [OMXB]  : usingANWBuffer: handle:0xee742ed0, format:1, w:1920, h:1080
05-27 18:48:40.551 13911 14147 D SensorManager: unregisterListenerImpl sensor = {Sensor name="ASM330LHH 3-axis Accelerometer Sensor", vendor="STMicroelectronics", version=1, type=1, maxRange=78.4532, resolution=9.35235E-6, power=0.6, minDelay=2000}, listener = com.incall.sentinelmode.manager.PicketModeManager$2@dd928ed
05-27 18:48:40.551 13911 14147 I Sentinelmode_1.2.5.17_sentry: <PicketModeManager>getDvrEnableState=true (MMKV DVR_ENABLE_STATE)
05-27 18:48:40.551 13911 14147 I Sentinelmode_1.2.5.17_sentry: <PicketModeManager>getRemoteOpen isRemoteOpen = false
05-27 18:48:40.552 13911 14147 W Sentinelmode_1.2.5.17_sentry: <PicketModeManager>[SentryTrace] mode15 camera fault, continue to mode2 (LGRD may fail until camera ok)
05-27 18:48:40.553 13911 14147 I Sentinelmode_1.2.5.17_sentry: <PicketModeManager>onSettingsPutInt：true name:persist.gard.mode value:2
05-27 18:48:40.553 13911 14147 I Sentinelmode_1.2.5.17_sentry: <PicketModeManager>[SentryTrace] mode15 -> mode2 starting
05-27 18:48:40.553 13911 14147 I Sentinelmode_1.2.5.17_sentry: <TlvManager>toCloud_SentryModePerHourMile:12
05-27 18:48:40.554 13911 14147 I Sentinelmode_1.2.5.17_sentry: <TlvManager>toCloud_GuardModeLeftTime:43200
05-27 18:48:40.554 13911 14147 I Sentinelmode_1.2.5.17_sentry: <PicketModeManager>onGradModeStatusChanage: mode_status = 2
05-27 18:48:40.554 13911 14147 D Sentinelmode_1.2.5.17_sentry: <PicketModeManager>noticeSensorWithPowerUp GardMode() = 2
05-27 18:48:40.554 13911 14147 I Sentinelmode_1.2.5.17_sentry: <SentinelCarServiceManager>[SentryTrace] getBmcValue: bodyMix unavailable, fallback=3 (powerUp ok)
05-27 18:48:40.554 13911 14148 I Sentinelmode_1.2.5.17_sentry: <PicketModeManager>setSentryModeAlarm：9:2
05-27 18:48:40.554 13911 14148 I Sentinelmode_1.2.5.17_sentry: <PicketModeManager>setSentryModeAlarm：12:1
05-27 18:48:40.555 13911 14147 I Sentinelmode_1.2.5.17_sentry: <PicketModeManager>onSettingsPutInt：true name:persist.gard.sum.up.show value:0
05-27 18:48:40.555 13911 14147 D Sentinelmode_1.2.5.17_sentry: <PicketModeManager>shakeLevel2:1
05-27 18:48:40.555 13911 14147 I Sentinelmode_1.2.5.17_sentry: <TlvManager>toCloud_GuardSensitivityLocalChange1
05-27 18:48:40.558 13911 14183 I SentryImuMcuAngleSender: 179.98598rollDeg
05-27 18:48:40.558 13911 14183 I SentryImuMcuAngleSender: 1,0,0
05-27 18:48:40.558   581   581 I SpiService: fgesysctrl_getGPIO_status success val=1
05-27 18:48:40.560   299 30841 D EvsDriver: forwardFrame
05-27 08:39:49.523   581   581 D spi_rst_gpio_get_output: GPIO 145 value: 1
05-27 08:39:49.523   581   581 D spidev_ioctl: gpio status=1)
05-27 18:48:40.561   299 30844 D EvsDriver: forwardFrame
05-27 18:48:40.563   299 30841 D EvsDriver: Delivered 0xb400007b7ca56a60 as id 0
05-27 18:48:40.564   581   581 I SpiService: fgesysctrl_getGPIO_status success val=1
05-27 18:48:40.564   299 30844 D EvsDriver: Delivered 0xb400007b7ca56900 as id 0
05-27 18:48:40.564  1167  1184 D evsmanagerd: /dev/video6 forwarded the buffer #0 to 0xb4000074bf5f5510 from 0xb4000074bf5f6d90
05-27 18:48:40.564  1167  1167 D evsmanagerd: /dev/video4 forwarded the buffer #0 to 0xb4000074bf5f6850 from 0xb4000074bf5f41d0
05-27 08:39:49.528   581   581 D spi_rst_gpio_get_output: GPIO 145 value: 1
05-27 08:39:49.528   581   581 D spidev_ioctl: gpio status=1)
05-27 18:48:40.567   536   536 D commservice260303: msg.id = 1028,1
05-27 18:48:40.567   536   536 D commservice260303: i = 170, msgid = 8A000404
05-27 18:48:40.567   536   536 D commservice260303: msgid = -1979710460,did=138
05-27 18:48:40.567   536   536 D commservice260303: CommProtocolLibCmdBaseI2C::dataproc {"command":{"id":"imu_status","sub":""},"content":{"TimeStamp":10,"FrameCounter":252441,"GD_X":-0.011300750076770782,"GD_Y":0.004963258747011423,"GD_Z":0.002519079949706793,"AD_X":-0.0020669400691986084,"AD_Y":-1.501117367297411E-4,"AD_Z":-0.1682577133178711,"TempDsp":0,"Status":0,"CalibState":1,"SigAmpInvalid":0}},-1979710460
05-27 18:48:40.567   536   536 D commservice260303: send2Cluster len:316, 7B22636F6D6D616E64223A7B226964223A22696D755F737461747573222C22737562223A22227D2C22636F6E74656E74223A7B2254696D655374616D70223A31302C224672616D65436F756E746572223A3235323434312C2247445F58223A2D302E3031313330303735303037363737303738322C2247445F59223A302E3030343936333235383734373031313432332C2247445F5A223A302E3030323531393037393934393730363739332C2241445F58223A2D302E303032303636393430303639313938363038342C2241445F59223A2D312E353031313137333637323937343131452D342C2241445F5A223A2D302E313638323537373133333137383731312C2254656D70447370223A302C22537461747573223A302C2243616C69625374617465223A312C22536967416D70496E76616C6964223A307D7D, 138 
05-27 18:48:40.567   536   536 D commservice260303: Push Message into SendPool fn=-551943168
05-27 18:48:40.567   536   536 D commservice260303: ComProtocolLibSend2Cluster::send2ClusterRaw fn=-551943168 , len=332
05-27 18:48:40.567   536   536 D commservice260303: sendCmdToPort :332!!!
05-27 18:48:40.567   536   536 D commservice260303: send Cmd To Port ++++5AA501488A0100041ADF6A16CC087B22636F6D6D616E64223A7B226964223A22696D755F737461747573222C22737562223A22227D2C22636F6E74656E74223A7B2254696D655374616D70223A31302C224672616D65436F756E746572223A3235323434312C2247445F58223A2D302E3031313330303735303037363737303738322C2247445F59223A302E3030343936333235383734373031313432332C2247445F5A223A302E3030323531393037393934393730363739332C2241445F58223A2D302E303032303636393430303639313938363038342C2241445F59223A2D312E353031313137333637323937343131452D342C2241445F5A223A2D302E313638323537373133333137383731312C2254656D70447370223A302C22537461747573223A302C2243616C69625374617465223A312C22536967416D70496E76616C6964223A307D7DEF87
05-27 18:48:40.567   536   536 D commservice260303: bufferevent_write retrun value = 0
05-27 18:48:40.568   536   560 D commservice260303: client datas send succeed,send finish
05-27 08:39:49.534   581   581 D spi_rst_gpio_get_output: GPIO 145 value: 1
05-27 08:39:49.534   581   581 D spidev_ioctl: gpio status=1)
05-27 18:48:40.561   536   536 I auditd  : type=1400 audit(0.0:65704): avc: denied { write } for comm="fgecomservice@1" path="socket:[34776]" dev="sockfs" ino=34776 scontext=u:r:hal_fgecomservice_default:s0 tcontext=u:r:hal_fgecomservice_default:s0 tclass=vsock_socket permissive=1
05-27 18:48:40.561   536   536 I fgecomservice@1: type=1400 audit(0.0:65704): avc: denied { write } for path="socket:[34776]" dev="sockfs" ino=34776 scontext=u:r:hal_fgecomservice_default:s0 tcontext=u:r:hal_fgecomservice_default:s0 tclass=vsock_socket permissive=1
05-27 18:48:40.568 13911 14192 D Sentinelmode_1.2.5.17_sentry: <SentryImuClusterFgeSender>imu_status sent to Linux, frame=252441, tsNs=10787795, tsMs=10, intervalMs=43, ad=(-0.00206694,-1.5011174E-4,-0.16825771), gd=(-0.01130075,0.0049632587,0.00251908)
05-27 18:48:40.568   299  1163 D EvsDriver: doneWithFrame
05-27 18:48:40.569   581   581 I SpiService: fgesysctrl_getGPIO_status success val=1
05-27 18:48:40.570   299  1163 D EvsDriver: doneWithFrame
05-27 18:48:40.575   581   581 I SpiService: fgesysctrl_getGPIO_status success val=1
05-27 08:39:49.539   581   581 D spi_rst_gpio_get_output: GPIO 145 value: 1
05-27 08:39:49.539   581   581 D spidev_ioctl: gpio status=1)
05-27 18:48:40.578  1008 30856 D [OMXB]  : usingANWBuffer: handle:0xee744160, format:1, w:1920, h:1080
05-27 18:48:40.579 13911 14183 I SentryImuMcuAngleSender: 179.98949rollDeg
05-27 18:48:40.579 13911 14183 I SentryImuMcuAngleSender: 1,0,0
05-27 18:48:40.580   581   581 I SpiService: fgesysctrl_getGPIO_status success val=0
05-27 08:39:49.545   581   581 D spi_rst_gpio_get_output: GPIO 145 value: 0
05-27 08:39:49.545   581   581 D spidev_ioctl: gpio status=0)
05-27 18:48:40.584 13911 14147 I SVR_MNG_BaseProxy: isBinderActive: clientBinder is null
05-27 18:48:40.584 13911 14147 D SVR_MNG_SvrMngProxy: getServer: mSvrManger is null
05-27 18:48:40.584 13911 14147 D SVR_MNG_SvrMngProxy: getNewStub: 
05-27 18:48:40.584 13911 14147 D SVR_MNG_SvrMngProxy: getNewStub: getSvrManagerService start
05-27 18:48:40.585 13911 14147 D SVR_MNG_SvrMngProxy: getNewStub: getSvrManagerService end
05-27 18:48:40.585 13911 14147 D SVR_MNG_SvrMngProxy: getServer: svrMngService doesn't start
05-27 18:48:40.585 13911 14147 D SVR_MNG_SvrMngProxy: getClientBinder: binderName = com.incall.network.NETWORK_SERVICE
05-27 18:48:40.585 13911 14147 I SVR_MNG_BaseProxy: getInterface: mInterface = null
05-27 18:48:40.585 13911 14147 I SVR_MNG_BaseProxy: isBinderActive: clientBinder is null
05-27 18:48:40.585 13911 14147 I SVR_MNG_BaseProxy: isBinderActive: clientBinder is null
05-27 18:48:40.585 13911 14147 D SVR_MNG_SvrMngProxy: getServer: mSvrManger is null
05-27 18:48:40.585 13911 14147 D SVR_MNG_SvrMngProxy: getNewStub: 
05-27 18:48:40.585 13911 14147 D SVR_MNG_SvrMngProxy: getNewStub: getSvrManagerService start
05-27 18:48:40.586 13911 14147 D SVR_MNG_SvrMngProxy: getNewStub: getSvrManagerService end
05-27 18:48:40.586 13911 14147 D SVR_MNG_SvrMngProxy: getServer: svrMngService doesn't start
05-27 18:48:40.586 13911 14147 D SVR_MNG_SvrMngProxy: getClientBinder: binderName = com.incall.network.NETWORK_SERVICE
05-27 18:48:40.586 13911 14147 I SVR_MNG_BaseProxy: getInterface: mInterface = null
05-27 18:48:40.586 13911 14147 I SVR_MNG_BaseProxy: isBinderActive: clientBinder is null
05-27 18:48:40.587 13911 14147 I PicketModeManager: getProfileDetail: ["{\"name\":\"sentryModeSwitchSts\",\"value\":2,\"timeStamp\":\"1670000000000\"}","{\"name\":\"SentryModeSensitivity\",\"value\":-1,\"timeStamp\":\"1779878920555\"}"]
05-27 18:48:40.587 13911 14147 D Sentinelmode_1.2.5.17_sentry: <PicketModeManager>queryGuardInfo = {access_token=null, lastSyncTimeStramp=1779878920555, profileDetail=["{\"name\":\"sentryModeSwitchSts\",\"value\":2,\"timeStamp\":\"1670000000000\"}","{\"name\":\"SentryModeSensitivity\",\"value\":-1,\"timeStamp\":\"1779878920555\"}"], sign=sign, nonce=RaCHtvYA9H}
05-27 18:48:40.587 13911 14147 I SVR_MNG_BaseProxy: isBinderActive: clientBinder is null
05-27 18:48:40.587 13911 14147 D SVR_MNG_SvrMngProxy: getServer: mSvrManger is null
05-27 18:48:40.587 13911 14147 D SVR_MNG_SvrMngProxy: getNewStub: 
05-27 18:48:40.587 13911 14147 D SVR_MNG_SvrMngProxy: getNewStub: getSvrManagerService start
05-27 18:48:40.587 13911 14147 D SVR_MNG_SvrMngProxy: getNewStub: getSvrManagerService end
05-27 18:48:40.587 13911 14147 D SVR_MNG_SvrMngProxy: getServer: svrMngService doesn't start
05-27 18:48:40.587 13911 14147 D SVR_MNG_SvrMngProxy: getClientBinder: binderName = com.incall.network.NETWORK_SERVICE
05-27 18:48:40.587 13911 14147 I SVR_MNG_BaseProxy: getInterface: mInterface = null
05-27 18:48:40.587 13911 14147 I SVR_MNG_BaseProxy: isBinderActive: clientBinder is null
05-27 18:48:40.588 13911 14147 E Sentinelmode_1.2.5.17_sentry: <PicketModeManager>updateProfileCallBack onError:2817---Remote Service Exception
05-27 18:48:40.588 13911 14147 D Sentinelmode_1.2.5.17_sentry: <PicketModeManager>consumeMsg result = 1000
05-27 18:48:40.588 13911 14147 I SVR_MNG_BaseProxy: isBinderActive: clientBinder is null
05-27 18:48:40.588 13911 14147 D SVR_MNG_SvrMngProxy: getServer: mSvrManger is null
05-27 18:48:40.588 13911 14147 D SVR_MNG_SvrMngProxy: getNewStub: 
05-27 18:48:40.588 13911 14147 D SVR_MNG_SvrMngProxy: getNewStub: getSvrManagerService start
05-27 18:48:40.588 13911 14147 D SVR_MNG_SvrMngProxy: getNewStub: getSvrManagerService end
05-27 18:48:40.588 13911 14147 D SVR_MNG_SvrMngProxy: getServer: svrMngService doesn't start
05-27 18:48:40.588 13911 14147 D SVR_MNG_SvrMngProxy: getClientBinder: binderName = com.incall.network.NETWORK_SERVICE
05-27 18:48:40.588 13911 14147 I SVR_MNG_BaseProxy: getInterface: mInterface = null
05-27 18:48:40.588 13911 14147 I SVR_MNG_BaseProxy: isBinderActive: clientBinder is null
05-27 18:48:40.588 13911 14147 I SVR_MNG_BaseProxy: isBinderActive: clientBinder is null
05-27 18:48:40.588 13911 14147 D SVR_MNG_SvrMngProxy: getServer: mSvrManger is null
05-27 18:48:40.588 13911 14147 D SVR_MNG_SvrMngProxy: getNewStub: 
05-27 18:48:40.588 13911 14147 D SVR_MNG_SvrMngProxy: getNewStub: getSvrManagerService start
05-27 18:48:40.589 13911 14147 D SVR_MNG_SvrMngProxy: getNewStub: getSvrManagerService end
05-27 18:48:40.589 13911 14147 D SVR_MNG_SvrMngProxy: getServer: svrMngService doesn't start
05-27 18:48:40.589 13911 14147 D SVR_MNG_SvrMngProxy: getClientBinder: binderName = com.incall.network.NETWORK_SERVICE
05-27 18:48:40.589 13911 14147 I SVR_MNG_BaseProxy: getInterface: mInterface = null
05-27 18:48:40.589 13911 14147 I SVR_MNG_BaseProxy: isBinderActive: clientBinder is null
05-27 18:48:40.589 13911 14147 I SVR_MNG_BaseProxy: isBinderActive: clientBinder is null
05-27 18:48:40.589 13911 14147 D SVR_MNG_SvrMngProxy: getServer: mSvrManger is null
05-27 18:48:40.589 13911 14147 D SVR_MNG_SvrMngProxy: getNewStub: 
05-27 18:48:40.589 13911 14147 D SVR_MNG_SvrMngProxy: getNewStub: getSvrManagerService start
05-27 18:48:40.589 13911 14147 D SVR_MNG_SvrMngProxy: getNewStub: getSvrManagerService end
05-27 18:48:40.589 13911 14147 D SVR_MNG_SvrMngProxy: getServer: svrMngService doesn't start
05-27 18:48:40.589 13911 14147 D SVR_MNG_SvrMngProxy: getClientBinder: binderName = com.incall.network.NETWORK_SERVICE
05-27 18:48:40.589 13911 14147 I SVR_MNG_BaseProxy: getInterface: mInterface = null
05-27 18:48:40.589 13911 14147 I SVR_MNG_BaseProxy: isBinderActive: clientBinder is null
05-27 18:48:40.589 13911 14147 E Sentinelmode_1.2.5.17_sentry: <PicketModeManager>consumeProfileCallBack onError:2817---Remote Service Exception
05-27 18:48:40.590 13911 14147 I Sentinelmode_1.2.5.17_sentry: <SentinelCarServiceManager>[SentryTrace] getBCM_Status: bodyMix unavailable, fallback=2
05-27 18:48:40.590 13911 14147 D Sentinelmode_1.2.5.17_sentry: <PicketModeManager>BCM_Status1:2
05-27 18:48:40.590 13911 14147 I Sentinelmode_1.2.5.17_sentry: <SentinelCarServiceManager>[SentryTrace] getBCM_Status: bodyMix unavailable, fallback=2
05-27 18:48:40.590 13911 14147 I DvrLog_Ser->: (DvrLocalServiceManager.java:setGardModeStatus)1979 setGardModeStatus state = 2
05-27 18:48:40.590 13911 14147 D Sentinelmode_1.2.5.17_sentry: <PicketModeManager>gardMode SettingsObserver onChange  option persist.gard.mode
05-27 18:48:40.590 13911 14147 I Sentinelmode_1.2.5.17_sentry: <PicketModeManager>[SentryTrace] mode_status=2
05-27 18:48:40.590 13911 14147 D SensorManager: unregisterListenerImpl sensor = {Sensor name="ASM330LHH 3-axis Accelerometer Sensor", vendor="STMicroelectronics", version=1, type=1, maxRange=78.4532, resolution=9.35235E-6, power=0.6, minDelay=2000}, listener = com.incall.sentinelmode.manager.PicketModeManager$2@dd928ed
05-27 18:48:40.590 13911 14147 I Sentinelmode_1.2.5.17_sentry: <TlvManager>toCloud_SentryModePerHourMile:12
05-27 18:48:40.590 13911 14147 I Sentinelmode_1.2.5.17_sentry: <TlvManager>toCloud_GuardModeLeftTime:43200
05-27 18:48:40.590 13911 14147 I Sentinelmode_1.2.5.17_sentry: <PicketModeManager>onGradModeStatusChanage: mode_status = 2
05-27 18:48:40.590 13911 14147 D Sentinelmode_1.2.5.17_sentry: <PicketModeManager>noticeSensorWithPowerUp GardMode() = 2
05-27 18:48:40.590 13911 14147 I Sentinelmode_1.2.5.17_sentry: <SentinelCarServiceManager>[SentryTrace] getBmcValue: bodyMix unavailable, fallback=3 (powerUp ok)
05-27 18:48:40.590 13911 14148 I Sentinelmode_1.2.5.17_sentry: <PicketModeManager>setSentryModeAlarm：9:2
05-27 18:48:40.590 13911 14148 I Sentinelmode_1.2.5.17_sentry: <PicketModeManager>setSentryModeAlarm：12:1
05-27 18:48:40.591 13911 14147 I Sentinelmode_1.2.5.17_sentry: <PicketModeManager>onSettingsPutInt：true name:persist.gard.sum.up.show value:0
05-27 18:48:40.591 13911 14147 D Sentinelmode_1.2.5.17_sentry: <PicketModeManager>shakeLevel2:1
05-27 18:48:40.591 13911 14147 I Sentinelmode_1.2.5.17_sentry: <TlvManager>toCloud_GuardSensitivityLocalChange1
05-27 18:48:40.595   581   581 I SpiService: fgesysctrl_getGPIO_status success val=1
05-27 18:48:40.595   299 30844 D EvsDriver: forwardFrame
05-27 08:39:49.559   581   581 D spi_rst_gpio_get_output: GPIO 145 value: 1
05-27 18:48:40.596   299 30841 D EvsDriver: forwardFrame
05-27 08:39:49.559   581   581 D spidev_ioctl: gpio status=1)
05-27 18:48:40.597   299 30844 D EvsDriver: Delivered 0xb400007b7ca56900 as id 0
05-27 18:48:40.597  1167  1167 D evsmanagerd: /dev/video6 forwarded the buffer #0 to 0xb4000074bf5f5510 from 0xb4000074bf5f6d90
05-27 18:48:40.597  1167  1184 D evsmanagerd: /dev/video4 forwarded the buffer #0 to 0xb4000074bf5f6850 from 0xb4000074bf5f41d0
05-27 18:48:40.597   299 30841 D EvsDriver: Delivered 0xb400007b7ca56a60 as id 0
05-27 18:48:40.597 30773 30781 E dvr_service_: [myNum:0] Received S**** loss
05-27 18:48:40.597 30773 30773 E dvr_service_: [myNum:1] Received S**** loss
05-27 18:48:40.598   299  1163 D EvsDriver: doneWithFrame
05-27 18:48:40.598   299  1153 D EvsDriver: doneWithFrame
05-27 18:48:40.599  1008 30857 D [OMXB]  : usingANWBuffer: handle:0xee743240, format:1, w:1920, h:1080
05-27 18:48:40.600   283   307 I rvcservice: t.code = 7, t.value = 10787723
05-27 18:48:40.600 13911 14183 I SentryImuMcuAngleSender: 179.97899rollDeg
05-27 18:48:40.600 13911 14183 I SentryImuMcuAngleSender: 1,0,0
05-27 18:48:40.600   581   581 I SpiService: fgesysctrl_getGPIO_status success val=1
05-27 08:39:49.565   581   581 D spi_rst_gpio_get_output: GPIO 145 value: 1
05-27 08:39:49.565   581   581 D spidev_ioctl: gpio status=1)
05-27 18:48:40.606   581   581 I SpiService: fgesysctrl_getGPIO_status success val=1
05-27 18:48:40.608   536   536 D commservice260303: msg.id = 1028,1
05-27 18:48:40.608   536   536 D commservice260303: i = 170, msgid = 8A000404
05-27 18:48:40.608   536   536 D commservice260303: msgid = -1979710460,did=138
05-27 18:48:40.608   536   536 D commservice260303: CommProtocolLibCmdBaseI2C::dataproc {"command":{"id":"imu_status","sub":""},"content":{"TimeStamp":10,"FrameCounter":252442,"GD_X":-0.011300750076770782,"GD_Y":0.0057257963344454765,"GD_Z":0.0019079053308814764,"AD_X":-0.0032971948385238647,"AD_Y":0.0010671678464859724,"AD_Z":-0.17069625854492188,"TempDsp":0,"Status":0,"CalibState":1,"SigAmpInvalid":0}},-1979710460
05-27 18:48:40.608   536   536 D commservice260303: send2Cluster len:319, 7B22636F6D6D616E64223A7B226964223A22696D755F737461747573222C22737562223A22227D2C22636F6E74656E74223A7B2254696D655374616D70223A31302C224672616D65436F756E746572223A3235323434322C2247445F58223A2D302E3031313330303735303037363737303738322C2247445F59223A302E303035373235373936333334343435343736352C2247445F5A223A302E303031393037393035333330383831343736342C2241445F58223A2D302E303033323937313934383338353233383634372C2241445F59223A302E303031303637313637383436343835393732342C2241445F5A223A2D302E31373036393632353835343439323138382C2254656D70447370223A302C22537461747573223A302C2243616C69625374617465223A312C22536967416D70496E76616C6964223A307D7D, 138 
05-27 18:48:40.608   536   536 D commservice260303: Push Message into SendPool fn=-535165952
05-27 18:48:40.608   536   536 D commservice260303: ComProtocolLibSend2Cluster::send2ClusterRaw fn=-535165952 , len=335
05-27 18:48:40.608   536   536 D commservice260303: sendCmdToPort :335!!!
05-27 18:48:40.608   536   536 D commservice260303: send Cmd To Port ++++5AA5014B8A0100041AE06A16CC087B22636F6D6D616E64223A7B226964223A22696D755F737461747573222C22737562223A22227D2C22636F6E74656E74223A7B2254696D655374616D70223A31302C224672616D65436F756E746572223A3235323434322C2247445F58223A2D302E3031313330303735303037363737303738322C2247445F59223A302E303035373235373936333334343435343736352C2247445F5A223A302E303031393037393035333330383831343736342C2241445F58223A2D302E303033323937313934383338353233383634372C2241445F59223A302E303031303637313637383436343835393732342C2241445F5A223A2D302E31373036393632353835343439323138382C2254656D70447370223A302C22537461747573223A302C2243616C69625374617465223A312C22536967416D70496E76616C6964223A307D7D5295
05-27 18:48:40.608   536   536 D commservice260303: bufferevent_write retrun value = 0
05-27 08:39:49.571   581   581 D spi_rst_gpio_get_output: GPIO 145 value: 1
05-27 08:39:49.571   581   581 D spidev_ioctl: gpio status=1)
05-27 18:48:40.608   536   560 D commservice260303: client datas send succeed,send finish
05-27 18:48:40.608 13911 14192 D Sentinelmode_1.2.5.17_sentry: <SentryImuClusterFgeSender>imu_status sent to Linux, frame=252442, tsNs=10787848, tsMs=10, intervalMs=40, ad=(-0.0032971948,0.0010671678,-0.17069626), gd=(-0.01130075,0.0057257963,0.0019079053)
05-27 18:48:40.611 13911 14147 I SVR_MNG_BaseProxy: isBinderActive: clientBinder is null
05-27 18:48:40.611 13911 14147 D SVR_MNG_SvrMngProxy: getServer: mSvrManger is null
05-27 18:48:40.611 13911 14147 D SVR_MNG_SvrMngProxy: getNewStub: 
05-27 18:48:40.611 13911 14147 D SVR_MNG_SvrMngProxy: getNewStub: getSvrManagerService start
05-27 18:48:40.612   581   581 I SpiService: fgesysctrl_getGPIO_status success val=1
05-27 08:39:49.576   581   581 D spi_rst_gpio_get_output: GPIO 145 value: 1
05-27 08:39:49.576   581   581 D spidev_ioctl: gpio status=1)
05-27 18:48:40.612 13911 14147 D SVR_MNG_SvrMngProxy: getNewStub: getSvrManagerService end
05-27 18:48:40.612 13911 14147 D SVR_MNG_SvrMngProxy: getServer: svrMngService doesn't start
05-27 18:48:40.612 13911 14147 D SVR_MNG_SvrMngProxy: getClientBinder: binderName = com.incall.network.NETWORK_SERVICE
05-27 18:48:40.612 13911 14147 I SVR_MNG_BaseProxy: getInterface: mInterface = null
05-27 18:48:40.612 13911 14147 I SVR_MNG_BaseProxy: isBinderActive: clientBinder is null
05-27 18:48:40.613 13911 14147 I SVR_MNG_BaseProxy: isBinderActive: clientBinder is null
05-27 18:48:40.613 13911 14147 D SVR_MNG_SvrMngProxy: getServer: mSvrManger is null
05-27 18:48:40.613 13911 14147 D SVR_MNG_SvrMngProxy: getNewStub: 
05-27 18:48:40.613 13911 14147 D SVR_MNG_SvrMngProxy: getNewStub: getSvrManagerService start
05-27 18:48:40.613 13911 14147 D SVR_MNG_SvrMngProxy: getNewStub: getSvrManagerService end
05-27 18:48:40.613 13911 14147 D SVR_MNG_SvrMngProxy: getServer: svrMngService doesn't start
05-27 18:48:40.613 13911 14147 D SVR_MNG_SvrMngProxy: getClientBinder: binderName = com.incall.network.NETWORK_SERVICE
05-27 18:48:40.613 13911 14147 I SVR_MNG_BaseProxy: getInterface: mInterface = null
05-27 18:48:40.613 13911 14147 I SVR_MNG_BaseProxy: isBinderActive: clientBinder is null
05-27 18:48:40.614 13911 14147 I PicketModeManager: getProfileDetail: ["{\"name\":\"sentryModeSwitchSts\",\"value\":2,\"timeStamp\":\"1670000000000\"}","{\"name\":\"SentryModeSensitivity\",\"value\":-1,\"timeStamp\":\"1779878920591\"}"]
05-27 18:48:40.614 13911 14147 D Sentinelmode_1.2.5.17_sentry: <PicketModeManager>queryGuardInfo = {access_token=null, lastSyncTimeStramp=1779878920591, profileDetail=["{\"name\":\"sentryModeSwitchSts\",\"value\":2,\"timeStamp\":\"1670000000000\"}","{\"name\":\"SentryModeSensitivity\",\"value\":-1,\"timeStamp\":\"1779878920591\"}"], sign=sign, nonce=UFj7IHWmob}
05-27 18:48:40.614  1008 30856 D [OMXB]  : usingANWBuffer: handle:0xee743190, format:1, w:1920, h:1080
05-27 18:48:40.614 13911 14147 I SVR_MNG_BaseProxy: isBinderActive: clientBinder is null
05-27 18:48:40.614 13911 14147 D SVR_MNG_SvrMngProxy: getServer: mSvrManger is null
05-27 18:48:40.614 13911 14147 D SVR_MNG_SvrMngProxy: getNewStub: 
05-27 18:48:40.614 13911 14147 D SVR_MNG_SvrMngProxy: getNewStub: getSvrManagerService start
05-27 18:48:40.614 13911 14147 D SVR_MNG_SvrMngProxy: getNewStub: getSvrManagerService end
05-27 18:48:40.614 13911 14147 D SVR_MNG_SvrMngProxy: getServer: svrMngService doesn't start
05-27 18:48:40.615 13911 14147 D SVR_MNG_SvrMngProxy: getClientBinder: binderName = com.incall.network.NETWORK_SERVICE
05-27 18:48:40.615 13911 14147 I SVR_MNG_BaseProxy: getInterface: mInterface = null
05-27 18:48:40.615 13911 14147 I SVR_MNG_BaseProxy: isBinderActive: clientBinder is null
05-27 18:48:40.615 13911 14147 E Sentinelmode_1.2.5.17_sentry: <PicketModeManager>updateProfileCallBack onError:2817---Remote Service Exception
05-27 18:48:40.615 13911 14147 D Sentinelmode_1.2.5.17_sentry: <PicketModeManager>consumeMsg result = 1000
05-27 18:48:40.615 13911 14147 I SVR_MNG_BaseProxy: isBinderActive: clientBinder is null
05-27 18:48:40.615 13911 14147 D SVR_MNG_SvrMngProxy: getServer: mSvrManger is null
05-27 18:48:40.615 13911 14147 D SVR_MNG_SvrMngProxy: getNewStub: 
