05-27 18:48:45.926  1008 30856 D [OMXB]  : usingANWBuffer: handle:0xee7406f0, format:1, w:1920, h:1080
05-27 18:48:45.927   299 30841 D EvsDriver: forwardFrame
05-27 18:48:45.928 13911 14183 I SentryImuMcuAngleSender: 179.98598rollDeg
05-27 18:48:45.928 13911 14183 I SentryImuMcuAngleSender: 1,0,0
05-27 18:48:45.928   299 30841 D EvsDriver: Delivered 0xb400007b7ca56a60 as id 0
05-27 18:48:45.929  1167  1184 D evsmanagerd: /dev/video4 forwarded the buffer #0 to 0xb4000074bf5f6850 from 0xb4000074bf5f41d0
05-27 18:48:45.929   581   581 I SpiService: fgesysctrl_getGPIO_status success val=1
05-27 18:48:45.929 30773 30781 E dvr_service_: [myNum:0] Received S**** loss
05-27 18:48:45.929   299  1153 D EvsDriver: doneWithFrame
05-27 18:48:45.929   572   572 I Sensors : 230 AccelSensor: x:-0.169580,y:0.000610,z:-9.974720
05-27 08:39:54.893   581   581 D spidev_ioctl: gpio status=1)
05-27 18:48:45.934   299 30844 D EvsDriver: forwardFrame
05-27 18:48:45.934   581   581 I SpiService: fgesysctrl_getGPIO_status success val=1
05-27 18:48:45.936  1167  1184 D evsmanagerd: /dev/video6 forwarded the buffer #0 to 0xb4000074bf5f5510 from 0xb4000074bf5f6d90
05-27 18:48:45.936   299 30844 D EvsDriver: Delivered 0xb400007b7ca56900 as id 0
05-27 18:48:45.936 30773 30781 E dvr_service_: [myNum:1] Received S**** loss
05-27 18:48:45.936   299  1153 D EvsDriver: doneWithFrame
05-27 08:39:54.899   581   581 D spi_rst_gpio_get_output: GPIO 145 value: 1
05-27 08:39:54.899   581   581 D spidev_ioctl: gpio status=1)
05-27 18:48:45.937  1008 30857 D [OMXB]  : usingANWBuffer: handle:0xee742f80, format:1, w:1920, h:1080
05-27 18:48:45.937   536   536 D commservice260303: msg.id = 1028,0
05-27 18:48:45.937   536   536 D commservice260303: i = 170, msgid = 8A000404
05-27 18:48:45.937   536   536 D commservice260303: msgid = -1979710460,did=138
05-27 18:48:45.937   536   536 D commservice260303: CommProtocolLibCmdBaseI2C::dataproc {"command":{"id":"imu_status","sub":""},"content":{"TimeStamp":10,"FrameCounter":252573,"GD_X":-0.01091896090656519,"GD_Y":0.00519212381914258,"GD_Z":0.00259606190957129,"AD_X":-0.0032455027103424072,"AD_Y":-0.0019042837666347623,"AD_Z":-0.1694812774658203,"TempDsp":0,"Status":0,"CalibState":1,"SigAmpInvalid":0}},-1979710460
05-27 18:48:45.938   536   536 D commservice260303: send2Cluster len:314, 7B22636F6D6D616E64223A7B226964223A22696D755F737461747573222C22737562223A22227D2C22636F6E74656E74223A7B2254696D655374616D70223A31302C224672616D65436F756E746572223A3235323537332C2247445F58223A2D302E30313039313839363039303635363531392C2247445F59223A302E30303531393231323338313931343235382C2247445F5A223A302E30303235393630363139303935373132392C2241445F58223A2D302E303033323435353032373130333432343037322C2241445F59223A2D302E303031393034323833373636363334373632332C2241445F5A223A2D302E313639343831323737343635383230332C2254656D70447370223A302C22537461747573223A302C2243616C69625374617465223A312C22536967416D70496E76616C6964223A307D7D, 138 
05-27 18:48:45.938   536   536 D commservice260303: Push Message into SendPool fn=1713046528
05-27 18:48:45.938   536   536 D commservice260303: ComProtocolLibSend2Cluster::send2ClusterRaw fn=1713046528 , len=330
05-27 18:48:45.938   536   536 D commservice260303: sendCmdToPort :330!!!
05-27 18:48:45.938   536   536 D commservice260303: send Cmd To Port ++++5AA501468A0100041B666A16CC0D7B22636F6D6D616E64223A7B226964223A22696D755F737461747573222C22737562223A22227D2C22636F6E74656E74223A7B2254696D655374616D70223A31302C224672616D65436F756E746572223A3235323537332C2247445F58223A2D302E30313039313839363039303635363531392C2247445F59223A302E30303531393231323338313931343235382C2247445F5A223A302E30303235393630363139303935373132392C2241445F58223A2D302E303033323435353032373130333432343037322C2241445F59223A2D302E303031393034323833373636363334373632332C2241445F5A223A2D302E313639343831323737343635383230332C2254656D70447370223A302C22537461747573223A302C2243616C69625374617465223A312C22536967416D70496E76616C6964223A307D7DA2C4
05-27 18:48:45.938   536   536 D commservice260303: bufferevent_write retrun value = 0
05-27 18:48:45.938   536   560 D commservice260303: client datas send succeed,send finish
05-27 18:48:45.939 13911 14192 D Sentinelmode_1.2.5.17_sentry: <SentryImuClusterFgeSender>imu_status sent to Linux, frame=252573, tsNs=10793180, tsMs=10, intervalMs=40, ad=(-0.0032455027,-0.0019042838,-0.16948128), gd=(-0.010918961,0.005192124,0.002596062)
05-27 18:48:45.940   581   581 I SpiService: fgesysctrl_getGPIO_status success val=1
05-27 08:39:54.904   581   581 D spi_rst_gpio_get_output: GPIO 145 value: 1
05-27 08:39:54.904   581   581 D spidev_ioctl: gpio status=1)
05-27 18:48:45.945   581   581 I SpiService: fgesysctrl_getGPIO_status success val=1
05-27 18:48:45.949 13911 14183 I SentryImuMcuAngleSender: 179.986rollDeg
05-27 18:48:45.949 13911 14183 I SentryImuMcuAngleSender: 1,0,0
05-27 08:39:54.910   581   581 D spi_rst_gpio_get_output: GPIO 145 value: 1
05-27 08:39:54.910   581   581 D spidev_ioctl: gpio status=1)
05-27 18:48:45.950   581   581 I SpiService: fgesysctrl_getGPIO_status success val=1
05-27 08:39:54.915   581   581 D spi_rst_gpio_get_output: GPIO 145 value: 1
05-27 08:39:54.915   581   581 D spidev_ioctl: gpio status=1)
05-27 18:48:45.956   581   581 I SpiService: fgesysctrl_getGPIO_status success val=0
05-27 08:39:54.920   581   581 D spi_rst_gpio_get_output: GPIO 145 value: 0
05-27 08:39:54.920   581   581 D spidev_ioctl: gpio status=0)
05-27 18:48:45.959  1008 30857 D [OMXB]  : usingANWBuffer: handle:0xee744fd0, format:1, w:1920, h:1080
05-27 18:48:45.959   299 30844 D EvsDriver: forwardFrame
05-27 18:48:45.961   299 30841 D EvsDriver: forwardFrame
05-27 18:48:45.962   299 30844 D EvsDriver: Delivered 0xb400007b7ca56900 as id 0
05-27 18:48:45.962  1167  1184 D evsmanagerd: /dev/video6 forwarded the buffer #0 to 0xb4000074bf5f5510 from 0xb4000074bf5f6d90
05-27 18:48:45.963   299 30841 D EvsDriver: Delivered 0xb400007b7ca56a60 as id 0
05-27 18:48:45.963  1167  1184 D evsmanagerd: /dev/video4 forwarded the buffer #0 to 0xb4000074bf5f6850 from 0xb4000074bf5f41d0
05-27 18:48:45.964   299  1153 D EvsDriver: doneWithFrame
05-27 18:48:45.968 13911 14183 I SentryImuMcuAngleSender: 179.97546rollDeg
05-27 18:48:45.969 13911 14183 I SentryImuMcuAngleSender: 1,0,0
05-27 18:48:45.969   299  1153 D EvsDriver: doneWithFrame
05-27 18:48:45.971   581   581 I SpiService: fgesysctrl_getGPIO_status success val=1
05-27 08:39:54.935   581   581 D spi_rst_gpio_get_output: GPIO 145 value: 1
05-27 08:39:54.936   581   581 D spidev_ioctl: gpio status=1)
05-27 18:48:45.974  1083  1083 I MyAppLog: [2026-05-27 18:48:45.974 I tboxap mcuSendYadiTransfer:196] [Mcu] [mcuYadiSend]: :00 08 1E 04 01 09 81 02 01 01
05-27 18:48:45.977   581   581 I SpiService: fgesysctrl_getGPIO_status success val=1
05-27 18:48:45.977   481   599 I mcuc    : start timer OK = 30432 
05-27 08:39:54.941   581   581 D spidev_ioctl: gpio status=1)
05-27 18:48:45.978   536   536 D commservice260303: msg.id = 1028,1
05-27 18:48:45.978   536   536 D commservice260303: i = 170, msgid = 8A000404
05-27 18:48:45.978   536   536 D commservice260303: msgid = -1979710460,did=138
05-27 18:48:45.978   536   536 D commservice260303: CommProtocolLibCmdBaseI2C::dataproc {"command":{"id":"imu_status","sub":""},"content":{"TimeStamp":10,"FrameCounter":252574,"GD_X":-0.01160607673227787,"GD_Y":0.0051151420921087265,"GD_Z":0.0017560218693688512,"AD_X":-0.0020265579223632812,"AD_Y":0.0017508864402770996,"AD_Z":-0.1694812774658203,"TempDsp":0,"Status":0,"CalibState":1,"SigAmpInvalid":0}},-1979710460
05-27 18:48:45.978   536   536 D commservice260303: send2Cluster len:317, 7B22636F6D6D616E64223A7B226964223A22696D755F737461747573222C22737562223A22227D2C22636F6E74656E74223A7B2254696D655374616D70223A31302C224672616D65436F756E746572223A3235323537342C2247445F58223A2D302E30313136303630373637333232373738372C2247445F59223A302E303035313135313432303932313038373236352C2247445F5A223A302E303031373536303231383639333638383531322C2241445F58223A2D302E303032303236353537393232333633323831322C2241445F59223A302E303031373530383836343430323737303939362C2241445F5A223A2D302E313639343831323737343635383230332C2254656D70447370223A302C22537461747573223A302C2243616C69625374617465223A312C22536967416D70496E76616C6964223A307D7D, 138 
05-27 18:48:45.978   536   536 D commservice260303: Push Message into SendPool fn=1729823744
05-27 18:48:45.978   536   536 D commservice260303: ComProtocolLibSend2Cluster::send2ClusterRaw fn=1729823744 , len=333
05-27 18:48:45.978   536   536 D commservice260303: sendCmdToPort :333!!!
05-27 18:48:45.978   536   536 D commservice260303: send Cmd To Port ++++5AA501498A0100041B676A16CC0D7B22636F6D6D616E64223A7B226964223A22696D755F737461747573222C22737562223A22227D2C22636F6E74656E74223A7B2254696D655374616D70223A31302C224672616D65436F756E746572223A3235323537342C2247445F58223A2D302E30313136303630373637333232373738372C2247445F59223A302E303035313135313432303932313038373236352C2247445F5A223A302E303031373536303231383639333638383531322C2241445F58223A2D302E303032303236353537393232333633323831322C2241445F59223A302E303031373530383836343430323737303939362C2241445F5A223A2D302E313639343831323737343635383230332C2254656D70447370223A302C22537461747573223A302C2243616C69625374617465223A312C22536967416D70496E76616C6964223A307D7DF7DC
05-27 18:48:45.978  1008 30856 D [OMXB]  : usingANWBuffer: handle:0xee741400, format:1, w:1920, h:1080
05-27 18:48:45.978   536   536 D commservice260303: bufferevent_write retrun value = 0
05-27 18:48:45.978   536   560 D commservice260303: client datas send succeed,send finish
05-27 18:48:45.978 13911 14192 D Sentinelmode_1.2.5.17_sentry: <SentryImuClusterFgeSender>imu_status sent to Linux, frame=252574, tsNs=10793218, tsMs=10, intervalMs=40, ad=(-0.002026558,0.0017508864,-0.16948128), gd=(-0.011606077,0.005115142,0.0017560219)
05-27 18:48:45.982   581   581 I SpiService: fgesysctrl_getGPIO_status success val=1
05-27 08:39:54.947   581   581 D spi_rst_gpio_get_output: GPIO 145 value: 1
05-27 08:39:54.947   581   581 D spidev_ioctl: gpio status=1)
05-27 18:48:45.988   581   581 I SpiService: fgesysctrl_getGPIO_status success val=1
05-27 08:39:54.953   581   581 D spi_rst_gpio_get_output: GPIO 145 value: 1
05-27 08:39:54.953   581   581 D spidev_ioctl: gpio status=1)
05-27 18:48:45.989 13911 14183 I SentryImuMcuAngleSender: 179.97197rollDeg
05-27 18:48:45.989 13911 14183 I SentryImuMcuAngleSender: 1,0,0
05-27 18:48:45.990 10188 16726 D NetworkPolicy: Blocked state of 10080: {blocked=NONE,allowed=FOREGROUND|METERED_FOREGROUND,effective=NONE}
05-27 18:48:45.994   581   581 I SpiService: fgesysctrl_getGPIO_status success val=0
05-27 18:48:45.994   481   597 I mcuc    : send SPI:6AA60176E000F809011E0401098102010100000000000000000000000000000000000000000000000000000000000000000000000000000000000000000000000000000000000000000000000000000000000000000000000000000000000000000000000000000000000000000000000000000000000000000000000000000000000000000000000000000000000000000000000000000000000000000000000000000000000000000000000000000000000000000000000000000000000000000000000000000000000000000000000000000000000000000000000000000000000000000000000000000000000000000000000000000000000000000000F6
05-27 18:48:45.995   299 30844 D EvsDriver: forwardFrame
05-27 08:39:54.958   581   581 D spi_rst_gpio_get_output: GPIO 145 value: 0
05-27 08:39:54.958   581   581 D spidev_ioctl: gpio status=0)
05-27 18:48:45.997  1008 30857 D [OMXB]  : usingANWBuffer: handle:0xee740dd0, format:1, w:1920, h:1080
05-27 18:48:45.997  1167  1184 D evsmanagerd: /dev/video6 forwarded the buffer #0 to 0xb4000074bf5f5510 from 0xb4000074bf5f6d90
05-27 18:48:45.997   299 30844 D EvsDriver: Delivered 0xb400007b7ca56900 as id 0
05-27 18:48:45.999   299  1153 D EvsDriver: doneWithFrame
05-27 18:48:46.000   299 30841 D EvsDriver: forwardFrame
05-27 18:48:46.000   299 30841 D EvsDriver: Delivered 0xb400007b7ca56a60 as id 0
05-27 18:48:46.000  1167  1184 D evsmanagerd: /dev/video4 forwarded the buffer #0 to 0xb4000074bf5f6850 from 0xb4000074bf5f41d0
05-27 18:48:46.003   299  1153 D EvsDriver: doneWithFrame
05-27 18:48:46.009 13911 14183 I SentryImuMcuAngleSender: 179.97546rollDeg
05-27 18:48:46.009 13911 14183 I SentryImuMcuAngleSender: 1,0,0
05-27 18:48:46.009   581   581 I SpiService: fgesysctrl_getGPIO_status success val=1
05-27 18:48:46.010   481   598 I mcuc    : rev,n=1,6AA681D963000A89009F0104090112345666
05-27 18:48:46.010   351   373 D automotive.vehicle@2.0-adayo-datacomm-mcu: MCUDatacomm sendMessageFromVehicle prop: 0x89, areaId: 0x0, status: 0x9f, timestamp: 0x1
05-27 18:48:46.010   351   373 D automotive.vehicle@2.0-adayo-datacomm-mcu: MCUDatacomm 1sendMessageFromVehicle ---> type = 12 
05-27 18:48:46.010  1121  1144 I tboxmids_ap: [2026-05-27 18:48:46.010] [MCU RX] src=MCU dst=ZMQ len=10 type=BINARY data=00 08 9F 01 04 09 01 12 34 56 
05-27 18:48:46.011  1083  1083 I MyAppLog: [2026-05-27 18:48:46.011 I tboxap mcuCommTboxmidsRecvCb:97] [Mcu] [mcuCommTboxmidsRecvCb] recv from tboxmids, size:10
05-27 18:48:46.011  1083  1083 I MyAppLog: [2026-05-27 18:48:46.011 I tboxap mcuCommTboxmidsRecvCb:98] [Mcu] [tboxmids -> tboxap]: :00 08 9F 01 04 09 01 12 34 56
05-27 18:48:46.011  1083  1083 I MyAppLog: [2026-05-27 18:48:46.011 I tboxap mcuPtlParseData:990] [Mcu] [Mcu  Parse]: (cmd):0901 (param):0901123456
05-27 18:48:46.011  1083  1083 W MyAppLog: [2026-05-27 18:48:46.011 W tboxap mcuParamDataRevPack:918] [Mcu] mcuParamDataRevPack start pack data!!!
05-27 18:48:46.011  1083  1083 W MyAppLog: [2026-05-27 18:48:46.011 W tboxap mcuSaveQueryData:219] [Mcu] [mcuSaveQueryData] unknown query item:0x56
05-27 18:48:46.011  1083  1083 W MyAppLog: [2026-05-27 18:48:46.011 W tboxap mcuHandleQueryInd:1700] [Mcu] [mcuHandleQueryInd] unknown query item:0x56
05-27 18:48:46.011  1083  1083 W MyAppLog: [2026-05-27 18:48:46.011 W tboxap mcuHandleQueryInd:1700] [Mcu] [mcuHandleQueryInd] unknown query item:0x56
05-27 18:48:46.011  1083  1083 W MyAppLog: [2026-05-27 18:48:46.011 W tboxap mcuHandleQueryInd:1700] [Mcu] [mcuHandleQueryInd] unknown query item:0x56
05-27 18:48:46.011  1083  1083 W MyAppLog: [2026-05-27 18:48:46.011 W tboxap mcuHandleQueryInd:1700] [Mcu] [mcuHandleQueryInd] unknown query item:0x56
05-27 18:48:46.011  1083  1083 W MyAppLog: [2026-05-27 18:48:46.011 W tboxap mcuHandleQueryInd:1700] [Mcu] [mcuHandleQueryInd] unknown query item:0x56
05-27 18:48:46.012  1083  1083 W MyAppLog: [2026-05-27 18:48:46.011 W tboxap mcuHandleQueryInd:1700] [Mcu] [mcuHandleQueryInd] unknown query item:0x56
05-27 18:48:46.012  1083  1083 W MyAppLog: [2026-05-27 18:48:46.011 W tboxap mcuHandleQueryInd:1700] [Mcu] [mcuHandleQueryInd] unknown query item:0x56
05-27 18:48:46.012  1083  1083 W MyAppLog: [2026-05-27 18:48:46.011 W tboxap mcuHandleQueryInd:1700] [Mcu] [mcuHandleQueryInd] unknown query item:0x56
05-27 18:48:46.012  1083  1083 W MyAppLog: [2026-05-27 18:48:46.011 W tboxap mcuHandleQueryInd:1700] [Mcu] [mcuHandleQueryInd] unknown query item:0x56
05-27 18:48:46.012  1083  1083 W MyAppLog: [2026-05-27 18:48:46.011 W tboxap mcuHandleQueryInd:1700] [Mcu] [mcuHandleQueryInd] unknown query item:0x56
05-27 18:48:46.012  1083  1083 W MyAppLog: [2026-05-27 18:48:46.011 W tboxap mcuHandleQueryInd:1700] [Mcu] [mcuHandleQueryInd] unknown query item:0x56
05-27 18:48:46.012  1083  1083 W MyAppLog: [2026-05-27 18:48:46.011 W tboxap mcuHandleQueryInd:1700] [Mcu] [mcuHandleQueryInd] unknown query item:0x56
05-27 18:48:46.012  1083  1083 W MyAppLog: [2026-05-27 18:48:46.011 W tboxap mcuHandleQueryInd:1700] [Mcu] [mcuHandleQueryInd] unknown query item:0x56
05-27 18:48:46.012  1083  1083 W MyAppLog: [2026-05-27 18:48:46.011 W tboxap mcuHandleQueryInd:1700] [Mcu] [mcuHandleQueryInd] unknown query item:0x56
05-27 18:48:46.012  1083  1083 W MyAppLog: [2026-05-27 18:48:46.011 W tboxap mcuHandleQueryInd:1700] [Mcu] [mcuHandleQueryInd] unknown query item:0x56
05-27 18:48:46.012  1083  1083 W MyAppLog: [2026-05-27 18:48:46.011 W tboxap mcuHandleQueryInd:1700] [Mcu] [mcuHandleQueryInd] unknown query item:0x56
05-27 18:48:46.012  1083  1083 W MyAppLog: [2026-05-27 18:48:46.011 W tboxap mcuHandleQueryInd:1700] [Mcu] [mcuHandleQueryInd] unknown query item:0x56
05-27 18:48:46.012  1083  1083 W MyAppLog: [2026-05-27 18:48:46.011 W tboxap mcuHandleQueryInd:1700] [Mcu] [mcuHandleQueryInd] unknown query item:0x56
05-27 18:48:46.012  1083  1083 W MyAppLog: [2026-05-27 18:48:46.011 W tboxap mcuHandleQueryInd:1700] [Mcu] [mcuHandleQueryInd] unknown query item:0x56
05-27 18:48:46.012  1083  1083 W MyAppLog: [2026-05-27 18:48:46.011 W tboxap mcuHandleQueryInd:1700] [Mcu] [mcuHandleQueryInd] unknown query item:0x56
05-27 18:48:46.012  1083  1083 W MyAppLog: [2026-05-27 18:48:46.011 W tboxap mcuHandleQueryInd:1700] [Mcu] [mcuHandleQueryInd] unknown query item:0x56
05-27 08:39:54.974   581   581 D spi_rst_gpio_get_output: GPIO 145 value: 1
05-27 08:39:54.974   581   581 D spidev_ioctl: gpio status=1)
05-27 18:48:46.012  1083  1083 W MyAppLog: [2026-05-27 18:48:46.011 W tboxap mcuHandleQueryInd:1700] [Mcu] [mcuHandleQueryInd] unknown query item:0x56
05-27 18:48:46.012  1083  1083 W MyAppLog: [2026-05-27 18:48:46.011 W tboxap mcuHandleQueryInd:1700] [Mcu] [mcuHandleQueryInd] unknown query item:0x56
05-27 18:48:46.012  1083  1083 W MyAppLog: [2026-05-27 18:48:46.011 W tboxap mcuHandleQueryInd:1700] [Mcu] [mcuHandleQueryInd] unknown query item:0x56
05-27 18:48:46.012  1083  1083 W MyAppLog: [2026-05-27 18:48:46.011 W tboxap mcuHandleQueryInd:1700] [Mcu] [mcuHandleQueryInd] unknown query item:0x56
05-27 18:48:46.013  1083  1083 W MyAppLog: [2026-05-27 18:48:46.011 W tboxap mcuHandleQueryInd:1700] [Mcu] [mcuHandleQueryInd] unknown query item:0x56
05-27 18:48:46.013  1083  1083 W MyAppLog: [2026-05-27 18:48:46.011 W tboxap mcuHandleQueryInd:1700] [Mcu] [mcuHandleQueryInd] unknown query item:0x56
05-27 18:48:46.013  1083  1083 W MyAppLog: [2026-05-27 18:48:46.011 W tboxap mcuHandleQueryInd:1700] [Mcu] [mcuHandleQueryInd] unknown query item:0x56
05-27 18:48:46.013  1083  1083 W MyAppLog: [2026-05-27 18:48:46.011 W tboxap mcuHandleQueryInd:1700] [Mcu] [mcuHandleQueryInd] unknown query item:0x56
05-27 18:48:46.013  1083  1083 W MyAppLog: [2026-05-27 18:48:46.011 W tboxap mcuHandleQueryInd:1700] [Mcu] [mcuHandleQueryInd] unknown query item:0x56
05-27 18:48:46.013  1083  1083 W MyAppLog: [2026-05-27 18:48:46.011 W tboxap mcuHandleQueryInd:1700] [Mcu] [mcuHandleQueryInd] unknown query item:0x56
05-27 18:48:46.013  1083  1083 W MyAppLog: [2026-05-27 18:48:46.011 W tboxap mcuHandleQueryInd:1700] [Mcu] [mcuHandleQueryInd] unknown query item:0x56
05-27 18:48:46.013  1083  1083 W MyAppLog: [2026-05-27 18:48:46.011 W tboxap mcuHandleQueryInd:1700] [Mcu] [mcuHandleQueryInd] unknown query item:0x56
05-27 18:48:46.013  1083  1083 W MyAppLog: [2026-05-27 18:48:46.011 W tboxap mcuHandleQueryInd:1700] [Mcu] [mcuHandleQueryInd] unknown query item:0x56
05-27 18:48:46.013  1083  1083 W MyAppLog: [2026-05-27 18:48:46.011 W tboxap mcuHandleQueryInd:1700] [Mcu] [mcuHandleQueryInd] unknown query item:0x56
05-27 18:48:46.013  1083  1083 W MyAppLog: [2026-05-27 18:48:46.011 W tboxap mcuHandleQueryInd:1700] [Mcu] [mcuHandleQueryInd] unknown query item:0x56
05-27 18:48:46.013  1083  1083 W MyAppLog: [2026-05-27 18:48:46.011 W tboxap mcuHandleQueryInd:1700] [Mcu] [mcuHandleQueryInd] unknown query item:0x56
05-27 18:48:46.013  1083  1083 W MyAppLog: [2026-05-27 18:48:46.011 W tboxap mcuHandleQueryInd:1700] [Mcu] [mcuHandleQueryInd] unknown query item:0x56
05-27 18:48:46.013  1083  1083 W MyAppLog: [2026-05-27 18:48:46.011 W tboxap mcuHandleQueryInd:1700] [Mcu] [mcuHandleQueryInd] unknown query item:0x56
05-27 18:48:46.013  1083  1083 W MyAppLog: [2026-05-27 18:48:46.011 W tboxap mcuHandleQueryInd:1700] [Mcu] [mcuHandleQueryInd] unknown query item:0x56
05-27 18:48:46.013  1083  1083 W MyAppLog: [2026-05-27 18:48:46.011 W tboxap mcuHandleQueryInd:1700] [Mcu] [mcuHandleQueryInd] unknown query item:0x56
05-27 18:48:46.013  1083  1083 W MyAppLog: [2026-05-27 18:48:46.011 W tboxap mcuHandleQueryInd:1700] [Mcu] [mcuHandleQueryInd] unknown query item:0x56
05-27 18:48:46.013  1083  1083 W MyAppLog: [2026-05-27 18:48:46.011 W tboxap mcuHandleQueryInd:1700] [Mcu] [mcuHandleQueryInd] unknown query item:0x56
05-27 18:48:46.014  1083  1083 W MyAppLog: [2026-05-27 18:48:46.011 W tboxap mcuHandleQueryInd:1700] [Mcu] [mcuHandleQueryInd] unknown query item:0x56
05-27 18:48:46.014  1083  1083 W MyAppLog: [2026-05-27 18:48:46.011 W tboxap mcuHandleQueryInd:1700] [Mcu] [mcuHandleQueryInd] unknown query item:0x56
05-27 18:48:46.014  1083  1083 W MyAppLog: [2026-05-27 18:48:46.011 W tboxap mcuHandleQueryInd:1700] [Mcu] [mcuHandleQueryInd] unknown query item:0x56
05-27 18:48:46.014  1083  1083 W MyAppLog: [2026-05-27 18:48:46.011 W tboxap mcuHandleQueryInd:1700] [Mcu] [mcuHandleQueryInd] unknown query item:0x56
05-27 18:48:46.014  1083  1083 W MyAppLog: [2026-05-27 18:48:46.011 W tboxap mcuHandleQueryInd:1700] [Mcu] [mcuHandleQueryInd] unknown query item:0x56
05-27 18:48:46.014  1083  1083 W MyAppLog: [2026-05-27 18:48:46.011 W tboxap mcuHandleQueryInd:1700] [Mcu] [mcuHandleQueryInd] unknown query item:0x56
05-27 18:48:46.014  1083  1083 W MyAppLog: [2026-05-27 18:48:46.011 W tboxap mcuHandleQueryInd:1700] [Mcu] [mcuHandleQueryInd] unknown query item:0x56
05-27 18:48:46.014  1083  1083 W MyAppLog: [2026-05-27 18:48:46.011 W tboxap mcuHandleQueryInd:1700] [Mcu] [mcuHandleQueryInd] unknown query item:0x56
05-27 18:48:46.014  1083  1083 W MyAppLog: [2026-05-27 18:48:46.011 W tboxap mcuHandleQueryInd:1700] [Mcu] [mcuHandleQueryInd] unknown query item:0x56
05-27 18:48:46.015   581   581 I SpiService: fgesysctrl_getGPIO_status success val=1
05-27 18:48:46.016   283   307 I rvcservice: t.code = 3, t.value = 0
05-27 08:39:54.980   581   581 D spi_rst_gpio_get_output: GPIO 145 value: 1
05-27 08:39:54.980   581   581 D spidev_ioctl: gpio status=1)
05-27 18:48:46.017   536   536 D commservice260303: msg.id = 1028,1
05-27 18:48:46.017   536   536 D commservice260303: i = 170, msgid = 8A000404
05-27 18:48:46.017   536   536 D commservice260303: msgid = -1979710460,did=138
05-27 18:48:46.017   536   536 D commservice260303: CommProtocolLibCmdBaseI2C::dataproc {"command":{"id":"imu_status","sub":""},"content":{"TimeStamp":10,"FrameCounter":252575,"GD_X":-0.012063807807862759,"GD_Y":0.004809814505279064,"GD_Z":0.002519079949706793,"AD_X":-8.204877376556396E-4,"AD_Y":0.0017380423378199339,"AD_Z":-0.1700916290283203,"TempDsp":0,"Status":0,"CalibState":1,"SigAmpInvalid":0}},-1979710460
05-27 18:48:46.018   536   536 D commservice260303: send2Cluster len:315, 7B22636F6D6D616E64223A7B226964223A22696D755F737461747573222C22737562223A22227D2C22636F6E74656E74223A7B2254696D655374616D70223A31302C224672616D65436F756E746572223A3235323537352C2247445F58223A2D302E3031323036333830373830373836323735392C2247445F59223A302E3030343830393831343530353237393036342C2247445F5A223A302E3030323531393037393934393730363739332C2241445F58223A2D382E323034383737333736353536333936452D342C2241445F59223A302E303031373338303432333337383139393333392C2241445F5A223A2D302E313730303931363239303238333230332C2254656D70447370223A302C22537461747573223A302C2243616C69625374617465223A312C22536967416D70496E76616C6964223A307D7D, 138 
05-27 18:48:46.018   536   536 D commservice260303: Push Message into SendPool fn=1746600960
05-27 18:48:46.018   536   536 D commservice260303: ComProtocolLibSend2Cluster::send2ClusterRaw fn=1746600960 , len=331
05-27 18:48:46.018   536   536 D commservice260303: sendCmdToPort :331!!!
05-27 18:48:46.018   536   536 D commservice260303: send Cmd To Port ++++5AA501478A0100041B686A16CC0E7B22636F6D6D616E64223A7B226964223A22696D755F737461747573222C22737562223A22227D2C22636F6E74656E74223A7B2254696D655374616D70223A31302C224672616D65436F756E746572223A3235323537352C2247445F58223A2D302E3031323036333830373830373836323735392C2247445F59223A302E3030343830393831343530353237393036342C2247445F5A223A302E3030323531393037393934393730363739332C2241445F58223A2D382E323034383737333736353536333936452D342C2241445F59223A302E303031373338303432333337383139393333392C2241445F5A223A2D302E313730303931363239303238333230332C2254656D70447370223A302C22537461747573223A302C2243616C69625374617465223A312C22536967416D70496E76616C6964223A307D7D951F
05-27 18:48:46.018   536   536 D commservice260303: bufferevent_write retrun value = 0
05-27 18:48:46.018   572   572 I Sensors : 230 GyroSensor: x:-0.010995,y:0.005115,z:0.002290
05-27 18:48:46.018   536   560 D commservice260303: client datas send succeed,send finish
05-27 18:48:46.018 13911 14192 D Sentinelmode_1.2.5.17_sentry: <SentryImuClusterFgeSender>imu_status sent to Linux, frame=252575, tsNs=10793251, tsMs=10, intervalMs=40, ad=(-8.2048774E-4,0.0017380423,-0.17009163), gd=(-0.012063808,0.0048098145,0.00251908)
05-27 18:48:46.020   581   581 I SpiService: fgesysctrl_getGPIO_status success val=1
05-27 08:39:54.985   581   581 D spi_rst_gpio_get_output: GPIO 145 value: 1
05-27 08:39:54.985   581   581 D spidev_ioctl: gpio status=1)
05-27 18:48:46.022  1008 30856 D [OMXB]  : usingANWBuffer: handle:0xee744210, format:1, w:1920, h:1080
05-27 18:48:46.026   581   581 I SpiService: fgesysctrl_getGPIO_status success val=1
05-27 08:39:54.991   581   581 D spi_rst_gpio_get_output: GPIO 145 value: 1
05-27 08:39:54.991   581   581 D spidev_ioctl: gpio status=1)
05-27 18:48:46.030 13911 14183 I SentryImuMcuAngleSender: 179.97197rollDeg
05-27 18:48:46.030 13911 14183 I SentryImuMcuAngleSender: 1,0,0
05-27 18:48:46.032   581   581 I SpiService: fgesysctrl_getGPIO_status success val=1
05-27 18:48:46.032  1008 30857 D [OMXB]  : usingANWBuffer: handle:0xee745760, format:1, w:1920, h:1080
05-27 08:39:54.997   581   581 D spi_rst_gpio_get_output: GPIO 145 value: 1
05-27 08:39:54.997   581   581 D spidev_ioctl: gpio status=1)
05-27 18:48:46.033   299 30841 D EvsDriver: forwardFrame
05-27 18:48:46.033   299 30844 D EvsDriver: forwardFrame
05-27 18:48:46.036   299 30841 D EvsDriver: Delivered 0xb400007b7ca56a60 as id 0
05-27 18:48:46.036   299 30844 D EvsDriver: Delivered 0xb400007b7ca56900 as id 0
05-27 18:48:46.036  1167  1479 D evsmanagerd: /dev/video6 forwarded the buffer #0 to 0xb4000074bf5f5510 from 0xb4000074bf5f6d90
05-27 18:48:46.036  1167  1184 D evsmanagerd: /dev/video4 forwarded the buffer #0 to 0xb4000074bf5f6850 from 0xb4000074bf5f41d0
05-27 18:48:46.038   581   581 I SpiService: fgesysctrl_getGPIO_status success val=0
05-27 18:48:46.039   481   597 I mcuc    : send SPI:6AA602D9630002890037
05-27 18:48:46.039   299  1153 D EvsDriver: doneWithFrame
05-27 08:39:55.003   581   581 D spi_rst_gpio_get_output: GPIO 145 value: 0
05-27 08:39:55.003   581   581 D spidev_ioctl: gpio status=0)
05-27 18:48:46.045   299  1153 D EvsDriver: doneWithFrame
05-27 18:48:46.050 13911 14183 I SentryImuMcuAngleSender: 179.96497rollDeg
05-27 18:48:46.050 13911 14183 I SentryImuMcuAngleSender: 1,0,0
05-27 18:48:46.050  1008 30856 D [OMXB]  : usingANWBuffer: handle:0xee743500, format:1, w:1920, h:1080
05-27 18:48:46.051   481   598 I mcuc    : rev,n=1,6AA68276E0000209011C
05-27 18:48:46.055   581   581 I SpiService: fgesysctrl_getGPIO_status success val=1
05-27 08:39:55.019   581   581 D spi_rst_gpio_get_output: GPIO 145 value: 1
05-27 08:39:55.019   581   581 D spidev_ioctl: gpio status=1)
05-27 08:39:55.021     0     0 W         : c6 [    C6] Irq_monitor:Irq                                           IPI[1]occur        7648 times interval 1024 ms
05-27 18:48:46.058   536   536 D commservice260303: msg.id = 1028,1
05-27 18:48:46.058   536   536 D commservice260303: i = 170, msgid = 8A000404
05-27 18:48:46.058   536   536 D commservice260303: msgid = -1979710460,did=138
05-27 18:48:46.058   536   536 D commservice260303: CommProtocolLibCmdBaseI2C::dataproc {"command":{"id":"imu_status","sub":""},"content":{"TimeStamp":10,"FrameCounter":252576,"GD_X":-0.01091896090656519,"GD_Y":0.005268065724521875,"GD_Z":0.0017560218693688512,"AD_X":0.0015890151262283325,"AD_Y":0.005360404960811138,"AD_Z":-0.17008686065673828,"TempDsp":0,"Status":0,"CalibState":1,"SigAmpInvalid":0}},-1979710460
05-27 18:48:46.059   536   536 D commservice260303: send2Cluster len:315, 7B22636F6D6D616E64223A7B226964223A22696D755F737461747573222C22737562223A22227D2C22636F6E74656E74223A7B2254696D655374616D70223A31302C224672616D65436F756E746572223A3235323537362C2247445F58223A2D302E30313039313839363039303635363531392C2247445F59223A302E3030353236383036353732343532313837352C2247445F5A223A302E303031373536303231383639333638383531322C2241445F58223A302E303031353839303135313236323238333332352C2241445F59223A302E3030353336303430343936303831313133382C2241445F5A223A2D302E31373030383638363036353637333832382C2254656D70447370223A302C22537461747573223A302C2243616C69625374617465223A312C22536967416D70496E76616C6964223A307D7D, 138 
05-27 18:48:46.059   536   536 D commservice260303: Push Message into SendPool fn=1763378176
05-27 18:48:46.059   536   536 D commservice260303: ComProtocolLibSend2Cluster::send2ClusterRaw fn=1763378176 , len=331
05-27 18:48:46.059   536   536 D commservice260303: sendCmdToPort :331!!!
05-27 18:48:46.059   536   536 D commservice260303: send Cmd To Port ++++5AA501478A0100041B696A16CC0E7B22636F6D6D616E64223A7B226964223A22696D755F737461747573222C22737562223A22227D2C22636F6E74656E74223A7B2254696D655374616D70223A31302C224672616D65436F756E746572223A3235323537362C2247445F58223A2D302E30313039313839363039303635363531392C2247445F59223A302E3030353236383036353732343532313837352C2247445F5A223A302E303031373536303231383639333638383531322C2241445F58223A302E303031353839303135313236323238333332352C2241445F59223A302E3030353336303430343936303831313133382C2241445F5A223A2D302E31373030383638363036353637333832382C2254656D70447370223A302C22537461747573223A302C2243616C69625374617465223A312C22536967416D70496E76616C6964223A307D7D97DD
05-27 18:48:46.059   536   536 D commservice260303: bufferevent_write retrun value = 0
05-27 18:48:46.059   536   560 D commservice260303: client datas send succeed,send finish
05-27 18:48:46.059 13911 14192 D Sentinelmode_1.2.5.17_sentry: <SentryImuClusterFgeSender>imu_status sent to Linux, frame=252576, tsNs=10793305, tsMs=10, intervalMs=41, ad=(0.0015890151,0.005360405,-0.17008686), gd=(-0.010918961,0.0052680657,0.0017560219)
05-27 18:48:46.061   299 30841 D EvsDriver: forwardFrame
05-27 18:48:46.061   581   581 I SpiService: fgesysctrl_getGPIO_status success val=1
05-27 08:39:55.025   581   581 D spi_rst_gpio_get_output: GPIO 145 value: 1
05-27 08:39:55.026   581   581 D spidev_ioctl: gpio status=1)
05-27 18:48:46.063  1167  1184 D evsmanagerd: /dev/video4 forwarded the buffer #0 to 0xb4000074bf5f6850 from 0xb4000074bf5f41d0
05-27 18:48:46.063   299 30841 D EvsDriver: Delivered 0xb400007b7ca56a60 as id 0
05-27 18:48:46.063   299 30844 D EvsDriver: forwardFrame
05-27 18:48:46.057  1122  1122 I auditd  : type=1400 audit(0.0:65769): avc: denied { dac_override } for comm="tbox_ap" capability=1 scontext=u:r:tboxd:s0 tcontext=u:r:tboxd:s0 tclass=capability permissive=1
05-27 18:48:46.057  1122  1122 I tbox_ap : type=1400 audit(0.0:65769): avc: denied { dac_override } for capability=1 scontext=u:r:tboxd:s0 tcontext=u:r:tboxd:s0 tclass=capability permissive=1
05-27 18:48:46.063 30773 30790 D BufferPoolAccessor2.0: bufferpool2 0xb400007447813a38 : 4(16384 size) total buffers - 4(16384 size) used buffers - 0/5 (recycle/alloc) - 183/281035 (fetch/transfer)
05-27 18:48:46.065  1077  1077 D TboxPowerHelperZmq: lease keepalive owner=tbox_ap_1122_14296_54645e6d req=2806016758563997803
05-27 18:48:46.067   299 30844 D EvsDriver: Delivered 0xb400007b7ca56900 as id 0
05-27 18:48:46.067  1167  1184 D evsmanagerd: /dev/video6 forwarded the buffer #0 to 0xb4000074bf5f5510 from 0xb4000074bf5f6d90
05-27 18:48:46.067   581   581 I SpiService: fgesysctrl_getGPIO_status success val=1
05-27 18:48:46.068   299  1153 D EvsDriver: doneWithFrame
05-27 08:39:55.032   581   581 D spi_rst_gpio_get_output: GPIO 145 value: 1
05-27 08:39:55.032   581   581 D spidev_ioctl: gpio status=1)
05-27 18:48:46.071 13911 14183 I SentryImuMcuAngleSender: 179.95447rollDeg
05-27 18:48:46.071 13911 14183 I SentryImuMcuAngleSender: 1,0,0
05-27 18:48:46.071   299  1153 D EvsDriver: doneWithFrame
05-27 18:48:46.073   581   581 I SpiService: fgesysctrl_getGPIO_status success val=1
05-27 18:48:46.076  1008 30857 D [OMXB]  : usingANWBuffer: handle:0xee745600, format:1, w:1920, h:1080
05-27 08:39:55.038   581   581 D spi_rst_gpio_get_output: GPIO 145 value: 1
05-27 08:39:55.038   581   581 D spidev_ioctl: gpio status=1)
05-27 18:48:46.079   581   581 I SpiService: fgesysctrl_getGPIO_status success val=0
05-27 08:39:55.043   581   581 D spi_rst_gpio_get_output: GPIO 145 value: 0
05-27 08:39:55.043   581   581 D spidev_ioctl: gpio status=0)
05-27 18:48:46.090  1008 30856 D [OMXB]  : usingANWBuffer: handle:0xee7412a0, format:1, w:1920, h:1080
05-27 18:48:46.090 13911 14183 I SentryImuMcuAngleSender: 179.95094rollDeg
05-27 18:48:46.090 13911 14183 I SentryImuMcuAngleSender: 1,0,0
05-27 18:48:46.093   581   581 I SpiService: fgesysctrl_getGPIO_status success val=1
05-27 18:48:46.095   481   598 I mcuc    : rev,n=1,6AA681D964002489003F0600030701010101010101010101010101000101010101010101010101010101012A
05-27 18:48:46.095   351   373 D automotive.vehicle@2.0-adayo-datacomm-mcu: MCUDatacomm sendMessageFromVehicle prop: 0x89, areaId: 0x0, status: 0x3f, timestamp: 0x6
05-27 18:48:46.095   351   373 D automotive.vehicle@2.0-adayo-datacomm-mcu: MCUDatacomm 1sendMessageFromVehicle ---> type = 3 
05-27 18:48:46.095   351   373 D automotive.vehicle@2.0-adayo-func-bcm: sendMessageFromVehicle sendMessageFromVehicle
05-27 18:48:46.095   351   516 D automotive.vehicle@2.0-adayo-func-bcm: jjfan1 ______procotolSize :29
05-27 18:48:46.095   351   516 D automotive.vehicle@2.0-adayo-func-bcm: BCMFunc sendMessageFromVehicle_l dataType: 12,mByte=7,propid=0x21400084
05-27 18:48:46.095   351   516 D automotive.vehicle@2.0-adayo-func-bcm: BCMFunc sendMessageFromVehicle_l msgBuff[7]=0x1,start:0,len:8,temp:8,
05-27 18:48:46.095   351   516 D automotive.vehicle@2.0-adayo-func-bcm: BCMFunc sendMessageFromVehicle_l prop: 0x21400084 ,areaId: 0x0  SPLITE_BIT_DATA_INTEGER : 1
05-27 18:48:46.095   351   516 D automotive.vehicle@2.0-adayo-func-bcm: BCMFunc sendMessageFromVehicle_l id:557842564, area:0 not report! 
05-27 18:48:46.095   351   516 D automotive.vehicle@2.0-adayo-func-bcm: BCMFunc sendMessageFromVehicle_l dataType: 12,mByte=8,propid=0x21400085
05-27 18:48:46.095   351   516 D automotive.vehicle@2.0-adayo-func-bcm: BCMFunc sendMessageFromVehicle_l msgBuff[8]=0x1,start:0,len:8,temp:8,
05-27 18:48:46.095   351   516 D automotive.vehicle@2.0-adayo-func-bcm: BCMFunc sendMessageFromVehicle_l prop: 0x21400085 ,areaId: 0x0  SPLITE_BIT_DATA_INTEGER : 1
05-27 18:48:46.095   351   516 D automotive.vehicle@2.0-adayo-func-bcm: BCMFunc sendMessageFromVehicle_l id:557842565, area:0 not report! 
05-27 18:48:46.095   351   516 D automotive.vehicle@2.0-adayo-func-bcm: BCMFunc sendMessageFromVehicle_l dataType: 12,mByte=9,propid=0x214000a1
05-27 18:48:46.095   351   516 D automotive.vehicle@2.0-adayo-func-bcm: BCMFunc sendMessageFromVehicle_l msgBuff[9]=0x1,start:0,len:8,temp:8,
05-27 18:48:46.096   351   516 D automotive.vehicle@2.0-adayo-func-bcm: BCMFunc sendMessageFromVehicle_l prop: 0x214000a1 ,areaId: 0x0  SPLITE_BIT_DATA_INTEGER : 1
05-27 18:48:46.096   351   516 D automotive.vehicle@2.0-adayo-func-bcm: BCMFunc sendMessageFromVehicle_l id:557842593, area:0 not report! 
05-27 18:48:46.096   351   516 D automotive.vehicle@2.0-adayo-func-bcm: BCMFunc sendMessageFromVehicle_l dataType: 12,mByte=10,propid=0x214000a2
05-27 18:48:46.096   351   516 D automotive.vehicle@2.0-adayo-func-bcm: BCMFunc sendMessageFromVehicle_l msgBuff[10]=0x1,start:0,len:8,temp:8,
05-27 18:48:46.096   351   516 D automotive.vehicle@2.0-adayo-func-bcm: BCMFunc sendMessageFromVehicle_l prop: 0x214000a2 ,areaId: 0x0  SPLITE_BIT_DATA_INTEGER : 1
05-27 18:48:46.096   351   516 D automotive.vehicle@2.0-adayo-func-bcm: BCMFunc sendMessageFromVehicle_l id:557842594, area:0 not report! 
05-27 18:48:46.096   351   516 D automotive.vehicle@2.0-adayo-func-bcm: BCMFunc sendMessageFromVehicle_l dataType: 12,mByte=11,propid=0x21400080
05-27 18:48:46.096   351   516 D automotive.vehicle@2.0-adayo-func-bcm: BCMFunc sendMessageFromVehicle_l msgBuff[11]=0x1,start:0,len:8,temp:8,
05-27 18:48:46.096   351   516 D automotive.vehicle@2.0-adayo-func-bcm: BCMFunc sendMessageFromVehicle_l prop: 0x21400080 ,areaId: 0x0  SPLITE_BIT_DATA_INTEGER : 1
05-27 18:48:46.096   351   516 D automotive.vehicle@2.0-adayo-func-bcm: BCMFunc sendMessageFromVehicle_l id:557842560, area:0 not report! 
05-27 18:48:46.096   351   516 D automotive.vehicle@2.0-adayo-func-bcm: BCMFunc sendMessageFromVehicle_l dataType: 12,mByte=12,propid=0x214000b0
05-27 18:48:46.096   351   516 D automotive.vehicle@2.0-adayo-func-bcm: BCMFunc sendMessageFromVehicle_l msgBuff[12]=0x1,start:0,len:8,temp:8,
05-27 18:48:46.096   351   516 D automotive.vehicle@2.0-adayo-func-bcm: BCMFunc sendMessageFromVehicle_l prop: 0x214000b0 ,areaId: 0x0  SPLITE_BIT_DATA_INTEGER : 1
05-27 18:48:46.096   351   516 D automotive.vehicle@2.0-adayo-func-bcm: BCMFunc sendMessageFromVehicle_l id:557842608, area:0 not report! 
05-27 18:48:46.096   351   516 D automotive.vehicle@2.0-adayo-func-bcm: BCMFunc sendMessageFromVehicle_l dataType: 12,mByte=13,propid=0x2140007b
05-27 18:48:46.096   351   516 D automotive.vehicle@2.0-adayo-func-bcm: BCMFunc sendMessageFromVehicle_l msgBuff[13]=0x1,start:0,len:8,temp:8,
05-27 18:48:46.096   351   516 D automotive.vehicle@2.0-adayo-func-bcm: BCMFunc sendMessageFromVehicle_l prop: 0x2140007b ,areaId: 0x0  SPLITE_BIT_DATA_INTEGER : 1
05-27 18:48:46.096   351   516 D automotive.vehicle@2.0-adayo-func-bcm: BCMFunc sendMessageFromVehicle_l id:557842555, area:0 not report! 
05-27 18:48:46.096   351   516 D automotive.vehicle@2.0-adayo-func-bcm: BCMFunc sendMessageFromVehicle_l dataType: 12,mByte=14,propid=0x2140007c
05-27 18:48:46.096   351   516 D automotive.vehicle@2.0-adayo-func-bcm: BCMFunc sendMessageFromVehicle_l msgBuff[14]=0x1,start:0,len:8,temp:8,
05-27 18:48:46.096   351   516 D automotive.vehicle@2.0-adayo-func-bcm: BCMFunc sendMessageFromVehicle_l prop: 0x2140007c ,areaId: 0x0  SPLITE_BIT_DATA_INTEGER : 1
05-27 18:48:46.096   351   516 D automotive.vehicle@2.0-adayo-func-bcm: BCMFunc sendMessageFromVehicle_l id:557842556, area:0 not report! 
05-27 18:48:46.096   351   516 D automotive.vehicle@2.0-adayo-func-bcm: BCMFunc sendMessageFromVehicle_l dataType: 12,mByte=15,propid=0x21400081
05-27 18:48:46.096   351   516 D automotive.vehicle@2.0-adayo-func-bcm: BCMFunc sendMessageFromVehicle_l msgBuff[15]=0x1,start:0,len:8,temp:8,
05-27 18:48:46.096   351   516 D automotive.vehicle@2.0-adayo-func-bcm: BCMFunc sendMessageFromVehicle_l prop: 0x21400081 ,areaId: 0x0  SPLITE_BIT_DATA_INTEGER : 1
05-27 18:48:46.096   351   516 D automotive.vehicle@2.0-adayo-func-bcm: BCMFunc sendMessageFromVehicle_l id:557842561, area:0 not report! 
05-27 18:48:46.096   351   516 D automotive.vehicle@2.0-adayo-func-bcm: BCMFunc sendMessageFromVehicle_l dataType: 12,mByte=16,propid=0x214000a3
05-27 18:48:46.096   351   516 D automotive.vehicle@2.0-adayo-func-bcm: BCMFunc sendMessageFromVehicle_l msgBuff[16]=0x1,start:0,len:8,temp:8,
05-27 18:48:46.096   351   516 D automotive.vehicle@2.0-adayo-func-bcm: BCMFunc sendMessageFromVehicle_l prop: 0x214000a3 ,areaId: 0x0  SPLITE_BIT_DATA_INTEGER : 1
05-27 18:48:46.096   351   516 D automotive.vehicle@2.0-adayo-func-bcm: BCMFunc sendMessageFromVehicle_l id:557842595, area:0 not report! 
05-27 18:48:46.096   351   516 D automotive.vehicle@2.0-adayo-func-bcm: BCMFunc sendMessageFromVehicle_l dataType: 12,mByte=17,propid=0x2140007d
05-27 18:48:46.096   351   516 D automotive.vehicle@2.0-adayo-func-bcm: BCMFunc sendMessageFromVehicle_l msgBuff[17]=0x1,start:0,len:8,temp:8,
05-27 18:48:46.096   351   516 D automotive.vehicle@2.0-adayo-func-bcm: BCMFunc sendMessageFromVehicle_l prop: 0x2140007d ,areaId: 0x0  SPLITE_BIT_DATA_INTEGER : 1
05-27 18:48:46.096   351   516 D automotive.vehicle@2.0-adayo-func-bcm: BCMFunc sendMessageFromVehicle_l id:557842557, area:0 not report! 
05-27 18:48:46.096   351   516 D automotive.vehicle@2.0-adayo-func-bcm: BCMFunc sendMessageFromVehicle_l dataType: 12,mByte=18,propid=0x21400082
05-27 18:48:46.096   351   516 D automotive.vehicle@2.0-adayo-func-bcm: BCMFunc sendMessageFromVehicle_l msgBuff[18]=0x1,start:0,len:8,temp:8,
05-27 18:48:46.096   351   516 D automotive.vehicle@2.0-adayo-func-bcm: BCMFunc sendMessageFromVehicle_l prop: 0x21400082 ,areaId: 0x0  SPLITE_BIT_DATA_INTEGER : 1
05-27 18:48:46.096   351   516 D automotive.vehicle@2.0-adayo-func-bcm: BCMFunc sendMessageFromVehicle_l id:557842562, area:0 not report! 
05-27 18:48:46.096   351   516 D automotive.vehicle@2.0-adayo-func-bcm: BCMFunc sendMessageFromVehicle_l dataType: 12,mByte=19,propid=0x214000a4
05-27 18:48:46.096   351   516 D automotive.vehicle@2.0-adayo-func-bcm: BCMFunc sendMessageFromVehicle_l msgBuff[19]=0x1,start:0,len:8,temp:8,
05-27 18:48:46.096   351   516 D automotive.vehicle@2.0-adayo-func-bcm: BCMFunc sendMessageFromVehicle_l prop: 0x214000a4 ,areaId: 0x0  SPLITE_BIT_DATA_INTEGER : 1
05-27 18:48:46.096   351   516 D automotive.vehicle@2.0-adayo-func-bcm: BCMFunc sendMessageFromVehicle_l id:557842596, area:0 not report! 
05-27 18:48:46.096   351   516 D automotive.vehicle@2.0-adayo-func-bcm: BCMFunc sendMessageFromVehicle_l dataType: 12,mByte=20,propid=0x214000a5
05-27 18:48:46.096   351   516 D automotive.vehicle@2.0-adayo-func-bcm: BCMFunc sendMessageFromVehicle_l msgBuff[20]=0x0,start:0,len:8,temp:8,
05-27 18:48:46.096   351   516 D automotive.vehicle@2.0-adayo-func-bcm: BCMFunc sendMessageFromVehicle_l prop: 0x214000a5 ,areaId: 0x0  SPLITE_BIT_DATA_INTEGER : 0
05-27 18:48:46.096   351   516 D automotive.vehicle@2.0-adayo-func-bcm: BCMFunc sendMessageFromVehicle_l id:557842597, area:0 not report! 
05-27 18:48:46.096   351   516 D automotive.vehicle@2.0-adayo-func-bcm: BCMFunc sendMessageFromVehicle_l dataType: 12,mByte=21,propid=0x21400083
05-27 18:48:46.097   351   516 D automotive.vehicle@2.0-adayo-func-bcm: BCMFunc sendMessageFromVehicle_l msgBuff[21]=0x1,start:0,len:8,temp:8,
05-27 18:48:46.097   351   516 D automotive.vehicle@2.0-adayo-func-bcm: BCMFunc sendMessageFromVehicle_l prop: 0x21400083 ,areaId: 0x0  SPLITE_BIT_DATA_INTEGER : 1
05-27 18:48:46.097   351   516 D automotive.vehicle@2.0-adayo-func-bcm: BCMFunc sendMessageFromVehicle_l id:557842563, area:0 not report! 
05-27 18:48:46.097   351   516 D automotive.vehicle@2.0-adayo-func-bcm: BCMFunc sendMessageFromVehicle_l dataType: 12,mByte=22,propid=0x214000a6
05-27 18:48:46.097   351   516 D automotive.vehicle@2.0-adayo-func-bcm: BCMFunc sendMessageFromVehicle_l msgBuff[22]=0x1,start:0,len:8,temp:8,
05-27 18:48:46.097   351   516 D automotive.vehicle@2.0-adayo-func-bcm: BCMFunc sendMessageFromVehicle_l prop: 0x214000a6 ,areaId: 0x0  SPLITE_BIT_DATA_INTEGER : 1
05-27 18:48:46.097   351   516 D automotive.vehicle@2.0-adayo-func-bcm: BCMFunc sendMessageFromVehicle_l id:557842598, area:0 not report! 
05-27 18:48:46.097   351   516 D automotive.vehicle@2.0-adayo-func-bcm: BCMFunc sendMessageFromVehicle_l dataType: 12,mByte=23,propid=0x2140007e
05-27 18:48:46.097   351   516 D automotive.vehicle@2.0-adayo-func-bcm: BCMFunc sendMessageFromVehicle_l msgBuff[23]=0x1,start:0,len:8,temp:8,
05-27 18:48:46.097   351   516 D automotive.vehicle@2.0-adayo-func-bcm: BCMFunc sendMessageFromVehicle_l prop: 0x2140007e ,areaId: 0x0  SPLITE_BIT_DATA_INTEGER : 1
05-27 18:48:46.097   351   516 D automotive.vehicle@2.0-adayo-func-bcm: BCMFunc sendMessageFromVehicle_l id:557842558, area:0 not report! 
05-27 08:39:55.058   581   581 D spi_rst_gpio_get_output: GPIO 145 value: 1
05-27 08:39:55.058   581   581 D spidev_ioctl: gpio status=1)
05-27 18:48:46.097   351   516 D automotive.vehicle@2.0-adayo-func-bcm: BCMFunc sendMessageFromVehicle_l dataType: 12,mByte=24,propid=0x214000a7
05-27 18:48:46.097   351   516 D automotive.vehicle@2.0-adayo-func-bcm: BCMFunc sendMessageFromVehicle_l msgBuff[24]=0x1,start:0,len:8,temp:8,
05-27 18:48:46.097   351   516 D automotive.vehicle@2.0-adayo-func-bcm: BCMFunc sendMessageFromVehicle_l prop: 0x214000a7 ,areaId: 0x0  SPLITE_BIT_DATA_INTEGER : 1
05-27 18:48:46.097   351   516 D automotive.vehicle@2.0-adayo-func-bcm: BCMFunc sendMessageFromVehicle_l id:557842599, area:0 not report! 
05-27 18:48:46.097   351   516 D automotive.vehicle@2.0-adayo-func-bcm: BCMFunc sendMessageFromVehicle_l dataType: 12,mByte=25,propid=0x2140007f
05-27 18:48:46.097   351   516 D automotive.vehicle@2.0-adayo-func-bcm: BCMFunc sendMessageFromVehicle_l msgBuff[25]=0x1,start:0,len:8,temp:8,
05-27 18:48:46.097   351   516 D automotive.vehicle@2.0-adayo-func-bcm: BCMFunc sendMessageFromVehicle_l prop: 0x2140007f ,areaId: 0x0  SPLITE_BIT_DATA_INTEGER : 1
05-27 18:48:46.097   351   516 D automotive.vehicle@2.0-adayo-func-bcm: BCMFunc sendMessageFromVehicle_l id:557842559, area:0 not report! 
05-27 18:48:46.097   351   516 D automotive.vehicle@2.0-adayo-func-bcm: BCMFunc sendMessageFromVehicle_l dataType: 12,mByte=26,propid=0x214000a8
05-27 18:48:46.097   351   516 D automotive.vehicle@2.0-adayo-func-bcm: BCMFunc sendMessageFromVehicle_l msgBuff[26]=0x1,start:0,len:8,temp:8,
05-27 18:48:46.097   351   516 D automotive.vehicle@2.0-adayo-func-bcm: BCMFunc sendMessageFromVehicle_l prop: 0x214000a8 ,areaId: 0x0  SPLITE_BIT_DATA_INTEGER : 1
05-27 18:48:46.097   351   516 D automotive.vehicle@2.0-adayo-func-bcm: BCMFunc sendMessageFromVehicle_l id:557842600, area:0 not report! 
05-27 18:48:46.097   351   516 D automotive.vehicle@2.0-adayo-func-bcm: BCMFunc sendMessageFromVehicle_l dataType: 12,mByte=27,propid=0x214000a9
05-27 18:48:46.097   351   516 D automotive.vehicle@2.0-adayo-func-bcm: BCMFunc sendMessageFromVehicle_l msgBuff[27]=0x1,start:0,len:8,temp:8,
05-27 18:48:46.097   351   516 D automotive.vehicle@2.0-adayo-func-bcm: BCMFunc sendMessageFromVehicle_l prop: 0x214000a9 ,areaId: 0x0  SPLITE_BIT_DATA_INTEGER : 1
05-27 18:48:46.097   351   516 D automotive.vehicle@2.0-adayo-func-bcm: BCMFunc sendMessageFromVehicle_l id:557842601, area:0 not report! 
05-27 18:48:46.097   351   516 D automotive.vehicle@2.0-adayo-func-bcm: BCMFunc sendMessageFromVehicle_l dataType: 12,mByte=28,propid=0x214000aa
05-27 18:48:46.097   351   516 D automotive.vehicle@2.0-adayo-func-bcm: BCMFunc sendMessageFromVehicle_l msgBuff[28]=0x1,start:0,len:8,temp:8,
05-27 18:48:46.097   351   516 D automotive.vehicle@2.0-adayo-func-bcm: BCMFunc sendMessageFromVehicle_l prop: 0x214000aa ,areaId: 0x0  SPLITE_BIT_DATA_INTEGER : 1
05-27 18:48:46.097   351   516 D automotive.vehicle@2.0-adayo-func-bcm: BCMFunc sendMessageFromVehicle_l id:557842602, area:0 not report! 
05-27 18:48:46.097   351   516 D automotive.vehicle@2.0-adayo-func-bcm: BCMFunc sendMessageFromVehicle_l dataType: 12,mByte=29,propid=0x214000ab
05-27 18:48:46.097   351   516 D automotive.vehicle@2.0-adayo-func-bcm: BCMFunc sendMessageFromVehicle_l msgBuff[29]=0x1,start:0,len:8,temp:8,
05-27 18:48:46.097   351   516 D automotive.vehicle@2.0-adayo-func-bcm: BCMFunc sendMessageFromVehicle_l prop: 0x214000ab ,areaId: 0x0  SPLITE_BIT_DATA_INTEGER : 1
05-27 18:48:46.097   351   516 D automotive.vehicle@2.0-adayo-func-bcm: BCMFunc sendMessageFromVehicle_l id:557842603, area:0 not report! 
05-27 18:48:46.097   351   516 D automotive.vehicle@2.0-adayo-func-bcm: BCMFunc sendMessageFromVehicle_l dataType: 12,mByte=30,propid=0x214000ac
05-27 18:48:46.097   351   516 D automotive.vehicle@2.0-adayo-func-bcm: BCMFunc sendMessageFromVehicle_l msgBuff[30]=0x1,start:0,len:8,temp:8,
05-27 18:48:46.097   351   516 D automotive.vehicle@2.0-adayo-func-bcm: BCMFunc sendMessageFromVehicle_l prop: 0x214000ac ,areaId: 0x0  SPLITE_BIT_DATA_INTEGER : 1
05-27 18:48:46.097   351   516 D automotive.vehicle@2.0-adayo-func-bcm: BCMFunc sendMessageFromVehicle_l id:557842604, area:0 not report! 
05-27 18:48:46.097   351   516 D automotive.vehicle@2.0-adayo-func-bcm: BCMFunc sendMessageFromVehicle_l dataType: 12,mByte=31,propid=0x214000ad
05-27 18:48:46.097   351   516 D automotive.vehicle@2.0-adayo-func-bcm: BCMFunc sendMessageFromVehicle_l msgBuff[31]=0x1,start:0,len:8,temp:8,
05-27 18:48:46.097   351   516 D automotive.vehicle@2.0-adayo-func-bcm: BCMFunc sendMessageFromVehicle_l prop: 0x214000ad ,areaId: 0x0  SPLITE_BIT_DATA_INTEGER : 1
05-27 18:48:46.097   351   516 D automotive.vehicle@2.0-adayo-func-bcm: BCMFunc sendMessageFromVehicle_l id:557842605, area:0 not report! 
05-27 18:48:46.097   351   516 D automotive.vehicle@2.0-adayo-func-bcm: BCMFunc sendMessageFromVehicle_l dataType: 12,mByte=32,propid=0x214000ae
05-27 18:48:46.097   351   516 D automotive.vehicle@2.0-adayo-func-bcm: BCMFunc sendMessageFromVehicle_l msgBuff[32]=0x1,start:0,len:8,temp:8,
05-27 18:48:46.098   351   516 D automotive.vehicle@2.0-adayo-func-bcm: BCMFunc sendMessageFromVehicle_l prop: 0x214000ae ,areaId: 0x0  SPLITE_BIT_DATA_INTEGER : 1
05-27 18:48:46.098   351   516 D automotive.vehicle@2.0-adayo-func-bcm: BCMFunc sendMessageFromVehicle_l id:557842606, area:0 not report! 
05-27 18:48:46.098   351   516 D automotive.vehicle@2.0-adayo-func-bcm: BCMFunc sendMessageFromVehicle_l dataType: 12,mByte=33,propid=0x2140007a
05-27 18:48:46.098   351   516 D automotive.vehicle@2.0-adayo-func-bcm: BCMFunc sendMessageFromVehicle_l msgBuff[33]=0x1,start:0,len:8,temp:8,
05-27 18:48:46.098   351   516 D automotive.vehicle@2.0-adayo-func-bcm: BCMFunc sendMessageFromVehicle_l prop: 0x2140007a ,areaId: 0x0  SPLITE_BIT_DATA_INTEGER : 1
05-27 18:48:46.098   351   516 D automotive.vehicle@2.0-adayo-func-bcm: BCMFunc sendMessageFromVehicle_l id:557842554, area:0 not report! 
