05-27 18:48:36.809 13911 14192 D Sentinelmode_1.2.5.17_sentry: <SentryImuClusterFgeSender>imu_status sent to Linux, frame=252349, tsNs=10784034, tsMs=10, intervalMs=44, ad=(-0.0021152645,-9.997237E-4,-0.17191601), gd=(-0.011834943,0.0052680657,0.002137811)
05-27 18:48:36.810  1008 30857 D [OMXB]  : usingANWBuffer: handle:0xee7440b0, format:1, w:1920, h:1080
05-27 18:48:36.813   581   581 I SpiService: fgesysctrl_getGPIO_status success val=1
05-27 08:39:45.778   581   581 D spi_rst_gpio_get_output: GPIO 145 value: 1
05-27 08:39:45.778   581   581 D spidev_ioctl: gpio status=1)
05-27 18:48:36.818 13911 14183 I SentryImuMcuAngleSender: 179.993rollDeg
05-27 18:48:36.819 13911 14183 I SentryImuMcuAngleSender: 1,0,0
05-27 18:48:36.819   581   581 I SpiService: fgesysctrl_getGPIO_status success val=1
05-27 08:39:45.783   581   581 D spi_rst_gpio_get_output: GPIO 145 value: 1
05-27 08:39:45.783   581   581 D spidev_ioctl: gpio status=1)
05-27 18:48:36.824   581   581 I SpiService: fgesysctrl_getGPIO_status success val=1
05-27 08:39:45.789   581   581 D spi_rst_gpio_get_output: GPIO 145 value: 1
05-27 08:39:45.789   581   581 D spidev_ioctl: gpio status=1)
05-27 18:48:36.829   299 30841 D EvsDriver: forwardFrame
05-27 18:48:36.829   299 30844 D EvsDriver: forwardFrame
05-27 18:48:36.830   581   581 I SpiService: fgesysctrl_getGPIO_status success val=1
05-27 18:48:36.831   299 30841 D EvsDriver: Delivered 0xb400007b7ca56a60 as id 0
05-27 18:48:36.832  1167  1167 D evsmanagerd: /dev/video4 forwarded the buffer #0 to 0xb4000074bf5f6850 from 0xb4000074bf5f41d0
05-27 18:48:36.832   299 30844 D EvsDriver: Delivered 0xb400007b7ca56900 as id 0
05-27 18:48:36.832  1167  1167 D evsmanagerd: /dev/video6 forwarded the buffer #0 to 0xb4000074bf5f5510 from 0xb4000074bf5f6d90
05-27 18:48:36.836   581   581 I SpiService: fgesysctrl_getGPIO_status success val=1
05-27 18:48:36.836   299  1163 D EvsDriver: doneWithFrame
05-27 08:39:45.795   581   581 D spi_rst_gpio_get_output: GPIO 145 value: 1
05-27 08:39:45.795   581   581 D spidev_ioctl: gpio status=1)
05-27 08:39:45.801   581   581 D spi_rst_gpio_get_output: GPIO 145 value: 1
05-27 08:39:45.801   581   581 D spidev_ioctl: gpio status=1)
05-27 18:48:36.838 13911 14183 I SentryImuMcuAngleSender: 179.98949rollDeg
05-27 18:48:36.838 13911 14183 I SentryImuMcuAngleSender: 1,0,0
05-27 18:48:36.838   299  1163 D EvsDriver: doneWithFrame
05-27 18:48:36.840   536   560 D commservice260303: recv len:77, 5AA50049060000003F216A16CC047B22636F6D6D616E64223A7B226964223A226473695F6C7578222C22737562223A22227D2C22636F6E74656E74223A7B2276616C7565223A3230307D7D54FE from server
05-27 18:48:36.840   536  2578 D commservice260303: mcuDataAnalyzeHandle templen:77,len:77,pos:0, 5AA50049060000003F216A16CC047B22636F6D6D616E64223A7B226964223A226473695F6C7578222C22737562223A22227D2C22636F6E74656E74223A7B2276616C7565223A3230307D7D54FE 
05-27 18:48:36.840   536  2578 I commservice260303: checksumCal = 21758
05-27 18:48:36.840   536  2578 D commservice260303: CommProtocolLibCmdBaseC2I::dataproc {"command":{"id":"dsi_lux","sub":""},"content":{"value":200}},6
05-27 18:48:36.840   536  2578 D commservice260303: mcuCommMessageManager::notifyMsgToClient hwbinder OK
05-27 18:48:36.840   536  2578 D commservice260303: McuProtocolLibSend2Service::send2Service ret=1
05-27 18:48:36.841 12246 12440 D ivicomm_CommManager: fgeComServiceCallback: {"command":{"id":"dsi_lux","sub":""},"content":{"value":200}}
05-27 18:48:36.841 12246 12440 D ivicomm_CallbackManager: registerCallback DSI_LUX: {"value":200} mCommStateCallbackMap size:4
05-27 18:48:36.841 11579 11719 D NSLogUtils_VehicleService: L2A comm state: id=dsi_lux, value=200
05-27 18:48:36.842   581   581 I SpiService: fgesysctrl_getGPIO_status success val=0
05-27 18:48:36.842 11344  6594 D SystemUI_SystemSettingsControllerService: onCommState: commandID = dsi_lux; value = 200
05-27 18:48:36.843  1008 30857 D [OMXB]  : usingANWBuffer: handle:0xee742ed0, format:1, w:1920, h:1080
05-27 08:39:45.805     0     0 W         : c6 [    C6] Irq_monitor:Irq                                           IPI[1]occur        6366 times interval 1028 ms
05-27 08:39:45.806   581   581 D spi_rst_gpio_get_output: GPIO 145 value: 0
05-27 08:39:45.806   581   581 D spidev_ioctl: gpio status=0)
05-27 18:48:36.850   536   536 D commservice260303: msg.id = 1028,1
05-27 18:48:36.850   536   536 D commservice260303: i = 170, msgid = 8A000404
05-27 18:48:36.850   536   536 D commservice260303: msgid = -1979710460,did=138
05-27 18:48:36.850   536   536 D commservice260303: CommProtocolLibCmdBaseI2C::dataproc {"command":{"id":"imu_status","sub":""},"content":{"TimeStamp":10,"FrameCounter":252350,"GD_X":-0.011300750076770782,"GD_Y":0.00519212381914258,"GD_Z":0.0021378109231591225,"AD_X":0.0015083402395248413,"AD_Y":-9.878500131890178E-4,"AD_Z":-0.17191600799560547,"TempDsp":0,"Status":0,"CalibState":1,"SigAmpInvalid":0}},-1979710460
05-27 18:48:36.850   536   536 D commservice260303: send2Cluster len:316, 7B22636F6D6D616E64223A7B226964223A22696D755F737461747573222C22737562223A22227D2C22636F6E74656E74223A7B2254696D655374616D70223A31302C224672616D65436F756E746572223A3235323335302C2247445F58223A2D302E3031313330303735303037363737303738322C2247445F59223A302E30303531393231323338313931343235382C2247445F5A223A302E303032313337383130393233313539313232352C2241445F58223A302E303031353038333430323339353234383431332C2241445F59223A2D392E383738353030313331383930313738452D342C2241445F5A223A2D302E31373139313630303739393536303534372C2254656D70447370223A302C22537461747573223A302C2243616C69625374617465223A312C22536967416D70496E76616C6964223A307D7D, 138 
05-27 18:48:36.850   536   536 D commservice260303: Push Message into SendPool fn=-2112224256
05-27 18:48:36.850   536   536 D commservice260303: ComProtocolLibSend2Cluster::send2ClusterRaw fn=-2112224256 , len=332
05-27 18:48:36.850   536   536 D commservice260303: sendCmdToPort :332!!!
05-27 18:48:36.850   536   536 D commservice260303: send Cmd To Port ++++5AA501488A0100041A826A16CC047B22636F6D6D616E64223A7B226964223A22696D755F737461747573222C22737562223A22227D2C22636F6E74656E74223A7B2254696D655374616D70223A31302C224672616D65436F756E746572223A3235323335302C2247445F58223A2D302E3031313330303735303037363737303738322C2247445F59223A302E30303531393231323338313931343235382C2247445F5A223A302E303032313337383130393233313539313232352C2241445F58223A302E303031353038333430323339353234383431332C2241445F59223A2D392E383738353030313331383930313738452D342C2241445F5A223A2D302E31373139313630303739393536303534372C2254656D70447370223A302C22537461747573223A302C2243616C69625374617465223A312C22536967416D70496E76616C6964223A307D7D9735
05-27 18:48:36.851   536   536 D commservice260303: bufferevent_write retrun value = 0
05-27 18:48:36.851   536   560 D commservice260303: client datas send succeed,send finish
05-27 18:48:36.852 13911 14192 D Sentinelmode_1.2.5.17_sentry: <SentryImuClusterFgeSender>imu_status sent to Linux, frame=252350, tsNs=10784087, tsMs=10, intervalMs=42, ad=(0.0015083402,-9.8785E-4,-0.17191601), gd=(-0.01130075,0.005192124,0.002137811)
05-27 18:48:36.852 30773 30786 I dvr_service_: CameraX 1  audioOK: 146694785,audios:2180
05-27 18:48:36.856   581   581 I SpiService: fgesysctrl_getGPIO_status success val=1
05-27 08:39:45.820   581   581 D spi_rst_gpio_get_output: GPIO 145 value: 1
05-27 08:39:45.820   581   581 D spidev_ioctl: gpio status=1)
05-27 18:48:36.858 13911 14183 I SentryImuMcuAngleSender: 179.993rollDeg
05-27 18:48:36.858 13911 14183 I SentryImuMcuAngleSender: 1,0,0
05-27 18:48:36.861   581   581 I SpiService: fgesysctrl_getGPIO_status success val=1
05-27 18:48:36.861   299 30844 D EvsDriver: forwardFrame
05-27 18:48:36.862   299 30841 D EvsDriver: forwardFrame
05-27 18:48:36.863   299 30841 D EvsDriver: Delivered 0xb400007b7ca56a60 as id 0
05-27 18:48:36.863   299 30844 D EvsDriver: Delivered 0xb400007b7ca56900 as id 0
05-27 18:48:36.863  1167  1184 D evsmanagerd: /dev/video6 forwarded the buffer #0 to 0xb4000074bf5f5510 from 0xb4000074bf5f6d90
05-27 18:48:36.863  1167  1167 D evsmanagerd: /dev/video4 forwarded the buffer #0 to 0xb4000074bf5f6850 from 0xb4000074bf5f41d0
05-27 18:48:36.866  1008 30856 D [OMXB]  : usingANWBuffer: handle:0xee744210, format:1, w:1920, h:1080
05-27 08:39:45.826   581   581 D spi_rst_gpio_get_output: GPIO 145 value: 1
05-27 08:39:45.826   581   581 D spidev_ioctl: gpio status=1)
05-27 08:39:45.832   581   581 D spi_rst_gpio_get_output: GPIO 145 value: 1
05-27 08:39:45.832   581   581 D spidev_ioctl: gpio status=1)
05-27 18:48:36.867   581   581 I SpiService: fgesysctrl_getGPIO_status success val=1
05-27 18:48:36.868   299  1163 D EvsDriver: doneWithFrame
05-27 18:48:36.870   299  1163 D EvsDriver: doneWithFrame
05-27 18:48:36.873   581   581 I SpiService: fgesysctrl_getGPIO_status success val=1
05-27 08:39:45.838   581   581 D spi_rst_gpio_get_output: GPIO 145 value: 1
05-27 08:39:45.838   581   581 D spidev_ioctl: gpio status=1)
05-27 18:48:36.878 13911 14183 I SentryImuMcuAngleSender: 179.986rollDeg
05-27 18:48:36.878 13911 14183 I SentryImuMcuAngleSender: 1,0,0
05-27 18:48:36.879   581   581 I SpiService: fgesysctrl_getGPIO_status success val=0
05-27 08:39:45.844   581   581 D spi_rst_gpio_get_output: GPIO 145 value: 0
05-27 08:39:45.844   581   581 D spidev_ioctl: gpio status=0)
05-27 18:48:36.890   536   536 D commservice260303: msg.id = 1028,0
05-27 18:48:36.890   536   536 D commservice260303: i = 170, msgid = 8A000404
05-27 18:48:36.890   536   536 D commservice260303: msgid = -1979710460,did=138
05-27 18:48:36.890   536   536 D commservice260303: CommProtocolLibCmdBaseI2C::dataproc {"command":{"id":"imu_status","sub":""},"content":{"TimeStamp":10,"FrameCounter":252351,"GD_X":-0.01153013575822115,"GD_Y":0.005420989356935024,"GD_Z":0.002519079949706793,"AD_X":-9.528398513793945E-4,"AD_Y":-3.7102168425917625E-4,"AD_Z":-0.17008686065673828,"TempDsp":0,"Status":0,"CalibState":1,"SigAmpInvalid":0}},-1979710460
05-27 18:48:36.890   536   536 D commservice260303: send2Cluster len:316, 7B22636F6D6D616E64223A7B226964223A22696D755F737461747573222C22737562223A22227D2C22636F6E74656E74223A7B2254696D655374616D70223A31302C224672616D65436F756E746572223A3235323335312C2247445F58223A2D302E30313135333031333537353832323131352C2247445F59223A302E3030353432303938393335363933353032342C2247445F5A223A302E3030323531393037393934393730363739332C2241445F58223A2D392E353238333938353133373933393435452D342C2241445F59223A2D332E37313032313638343235393137363235452D342C2241445F5A223A2D302E31373030383638363036353637333832382C2254656D70447370223A302C22537461747573223A302C2243616C69625374617465223A312C22536967416D70496E76616C6964223A307D7D, 138 
05-27 18:48:36.890   536   536 D commservice260303: Push Message into SendPool fn=-2095447040
05-27 18:48:36.890   283   307 I rvcservice: t.code = 3, t.value = 0
05-27 18:48:36.890   536   536 D commservice260303: ComProtocolLibSend2Cluster::send2ClusterRaw fn=-2095447040 , len=332
05-27 18:48:36.890   536   536 D commservice260303: sendCmdToPort :332!!!
05-27 18:48:36.890   536   536 D commservice260303: send Cmd To Port ++++5AA501488A0100041A836A16CC047B22636F6D6D616E64223A7B226964223A22696D755F737461747573222C22737562223A22227D2C22636F6E74656E74223A7B2254696D655374616D70223A31302C224672616D65436F756E746572223A3235323335312C2247445F58223A2D302E30313135333031333537353832323131352C2247445F59223A302E3030353432303938393335363933353032342C2247445F5A223A302E3030323531393037393934393730363739332C2241445F58223A2D392E353238333938353133373933393435452D342C2241445F59223A2D332E37313032313638343235393137363235452D342C2241445F5A223A2D302E31373030383638363036353637333832382C2254656D70447370223A302C22537461747573223A302C2243616C69625374617465223A312C22536967416D70496E76616C6964223A307D7D4E5B
05-27 18:48:36.890   536   536 D commservice260303: bufferevent_write retrun value = 0
05-27 18:48:36.891 13911 14192 D Sentinelmode_1.2.5.17_sentry: <SentryImuClusterFgeSender>imu_status sent to Linux, frame=252351, tsNs=10784125, tsMs=10, intervalMs=39, ad=(-9.5283985E-4,-3.7102168E-4,-0.17008686), gd=(-0.011530136,0.0054209894,0.00251908)
05-27 18:48:36.891   536   560 D commservice260303: client datas send succeed,send finish
05-27 18:48:36.891  1008 30857 D [OMXB]  : usingANWBuffer: handle:0xee742a00, format:1, w:1920, h:1080
05-27 18:48:36.893   581   581 I SpiService: fgesysctrl_getGPIO_status success val=1
05-27 08:39:45.858   581   581 D spi_rst_gpio_get_output: GPIO 145 value: 1
05-27 08:39:45.858   581   581 D spidev_ioctl: gpio status=1)
05-27 18:48:36.899   581   581 I SpiService: fgesysctrl_getGPIO_status success val=1
05-27 18:48:36.899 13911 14183 I SentryImuMcuAngleSender: 179.99298rollDeg
05-27 18:48:36.899 13911 14183 I SentryImuMcuAngleSender: 1,0,0
05-27 18:48:36.900   299 30844 D EvsDriver: forwardFrame
05-27 18:48:36.900   299 30841 D EvsDriver: forwardFrame
05-27 08:39:45.863   581   581 D spi_rst_gpio_get_output: GPIO 145 value: 1
05-27 08:39:45.863   581   581 D spidev_ioctl: gpio status=1)
05-27 08:39:45.869   581   581 D spi_rst_gpio_get_output: GPIO 145 value: 1
05-27 08:39:45.869   581   581 D spidev_ioctl: gpio status=1)
05-27 18:48:36.904  1167  1167 D evsmanagerd: /dev/video6 forwarded the buffer #0 to 0xb4000074bf5f5510 from 0xb4000074bf5f6d90
05-27 18:48:36.905   581   581 I SpiService: fgesysctrl_getGPIO_status success val=1
05-27 18:48:36.906   299 30844 D EvsDriver: Delivered 0xb400007b7ca56900 as id 0
05-27 18:48:36.906   299 30841 D EvsDriver: Delivered 0xb400007b7ca56a60 as id 0
05-27 18:48:36.907  1167  1167 D evsmanagerd: /dev/video4 forwarded the buffer #0 to 0xb4000074bf5f6850 from 0xb4000074bf5f41d0
05-27 18:48:36.909   572   572 I Sensors : 230 AccelSensor: x:-0.170190,y:0.002440,z:-9.968620
05-27 18:48:36.912   581   581 I SpiService: fgesysctrl_getGPIO_status success val=1
05-27 08:39:45.876   581   581 D spi_rst_gpio_get_output: GPIO 145 value: 1
05-27 08:39:45.876   581   581 D spidev_ioctl: gpio status=1)
05-27 18:48:36.912   299  1163 D EvsDriver: doneWithFrame
05-27 18:48:36.912   299  1153 D EvsDriver: doneWithFrame
05-27 18:48:36.915 30773 30786 I dvr_service_: CameraX 0  audioOK: 146694785,audios:2180
05-27 18:48:36.917  1008 30856 D [OMXB]  : usingANWBuffer: handle:0xee7421c0, format:1, w:1920, h:1080
05-27 18:48:36.917   581   581 I SpiService: fgesysctrl_getGPIO_status success val=1
05-27 18:48:36.918 30773 30789 I dvr_service_: Camera 0: MediaOK:146675305, frames:3310, isKeyFrame:0,pts:10783835229
05-27 18:48:36.919 13911 14183 I SentryImuMcuAngleSender: 179.98598rollDeg
05-27 18:48:36.920 13911 14183 I SentryImuMcuAngleSender: 1,0,0
05-27 08:39:45.882   581   581 D spi_rst_gpio_get_output: GPIO 145 value: 1
05-27 08:39:45.882   581   581 D spidev_ioctl: gpio status=1)
05-27 18:48:36.923   581   581 I SpiService: fgesysctrl_getGPIO_status success val=0
05-27 08:39:45.888   581   581 D spi_rst_gpio_get_output: GPIO 145 value: 0
05-27 08:39:45.888   581   581 D spidev_ioctl: gpio status=0)
05-27 18:48:36.930   299 30844 D EvsDriver: forwardFrame
05-27 18:48:36.931 15286  3727 D okhttp.TaskRunner: Q10007 scheduled after   0 µs: OkHttp ConnectionPool
05-27 18:48:36.931 15286  2559 D okhttp.TaskRunner: Q10007 starting              : OkHttp ConnectionPool
05-27 18:48:36.932   299 30841 D EvsDriver: forwardFrame
05-27 18:48:36.934   299 30841 D EvsDriver: Delivered 0xb400007b7ca56a60 as id 0
05-27 18:48:36.934   299 30844 D EvsDriver: Delivered 0xb400007b7ca56900 as id 0
05-27 18:48:36.935  1167  1167 D evsmanagerd: /dev/video4 forwarded the buffer #0 to 0xb4000074bf5f6850 from 0xb4000074bf5f41d0
05-27 18:48:36.935  1167  1184 D evsmanagerd: /dev/video6 forwarded the buffer #0 to 0xb4000074bf5f5510 from 0xb4000074bf5f6d90
05-27 18:48:36.935   536   536 D commservice260303: msg.id = 1028,0
05-27 18:48:36.935 30773 30773 E dvr_service_: [myNum:0] Received S**** loss
05-27 18:48:36.935   536   536 D commservice260303: i = 170, msgid = 8A000404
05-27 18:48:36.935   536   536 D commservice260303: msgid = -1979710460,did=138
05-27 18:48:36.935   536   536 D commservice260303: CommProtocolLibCmdBaseI2C::dataproc {"command":{"id":"imu_status","sub":""},"content":{"TimeStamp":10,"FrameCounter":252352,"GD_X":-0.011223767884075642,"GD_Y":0.004352083895355463,"GD_Z":0.0022902146447449923,"AD_X":-0.002168431878089905,"AD_Y":0.0014617247506976128,"AD_Z":-0.1658163070678711,"TempDsp":0,"Status":0,"CalibState":1,"SigAmpInvalid":0}},-1979710460
05-27 18:48:36.935   536   536 D commservice260303: send2Cluster len:316, 7B22636F6D6D616E64223A7B226964223A22696D755F737461747573222C22737562223A22227D2C22636F6E74656E74223A7B2254696D655374616D70223A31302C224672616D65436F756E746572223A3235323335322C2247445F58223A2D302E3031313232333736373838343037353634322C2247445F59223A302E3030343335323038333839353335353436332C2247445F5A223A302E303032323930323134363434373434393932332C2241445F58223A2D302E3030323136383433313837383038393930352C2241445F59223A302E303031343631373234373530363937363132382C2241445F5A223A2D302E313635383136333037303637383731312C2254656D70447370223A302C22537461747573223A302C2243616C69625374617465223A312C22536967416D70496E76616C6964223A307D7D, 138 
05-27 18:48:36.935   536   536 D commservice260303: Push Message into SendPool fn=-2078669824
05-27 18:48:36.935   536   536 D commservice260303: ComProtocolLibSend2Cluster::send2ClusterRaw fn=-2078669824 , len=332
05-27 18:48:36.935   536   536 D commservice260303: sendCmdToPort :332!!!
05-27 18:48:36.935   536   536 D commservice260303: send Cmd To Port ++++5AA501488A0100041A846A16CC047B22636F6D6D616E64223A7B226964223A22696D755F737461747573222C22737562223A22227D2C22636F6E74656E74223A7B2254696D655374616D70223A31302C224672616D65436F756E746572223A3235323335322C2247445F58223A2D302E3031313232333736373838343037353634322C2247445F59223A302E3030343335323038333839353335353436332C2247445F5A223A302E303032323930323134363434373434393932332C2241445F58223A2D302E3030323136383433313837383038393930352C2241445F59223A302E303031343631373234373530363937363132382C2241445F5A223A2D302E313635383136333037303637383731312C2254656D70447370223A302C22537461747573223A302C2243616C69625374617465223A312C22536967416D70496E76616C6964223A307D7DEF0A
05-27 18:48:36.935   536   536 D commservice260303: bufferevent_write retrun value = 0
05-27 18:48:36.935   299  1153 D EvsDriver: doneWithFrame
05-27 18:48:36.935   536   560 D commservice260303: client datas send succeed,send finish
05-27 18:48:36.935 30773 30773 E dvr_service_: [myNum:1] Received S**** loss
05-27 18:48:36.936   299  1153 D EvsDriver: doneWithFrame
05-27 18:48:36.936 13911 14192 D Sentinelmode_1.2.5.17_sentry: <SentryImuClusterFgeSender>imu_status sent to Linux, frame=252352, tsNs=10784177, tsMs=10, intervalMs=46, ad=(-0.0021684319,0.0014617248,-0.1658163), gd=(-0.011223768,0.004352084,0.0022902146)
05-27 18:48:36.938   581   581 I SpiService: fgesysctrl_getGPIO_status success val=1
05-27 18:48:36.939 15286  4883 D okhttp.TaskRunner: Q10007 scheduled after   0 µs: OkHttp ConnectionPool
05-27 18:48:36.940 15286  2559 D okhttp.TaskRunner: Q10007 already scheduled     : OkHttp ConnectionPool
05-27 18:48:36.940 15286  4887 D okhttp.TaskRunner: Q10007 starting              : OkHttp ConnectionPool
05-27 18:48:36.940 15286  4887 D okhttp.TaskRunner: Q10007 run again after 300 s : OkHttp ConnectionPool
05-27 18:48:36.940 15286  4887 D okhttp.TaskRunner: Q10007 finished run in 179 µs: OkHttp ConnectionPool
05-27 18:48:36.940 13911 14183 I SentryImuMcuAngleSender: 179.97546rollDeg
05-27 18:48:36.941 13911 14183 I SentryImuMcuAngleSender: 1,0,0
05-27 08:39:45.902   581   581 D spi_rst_gpio_get_output: GPIO 145 value: 1
05-27 08:39:45.902   581   581 D spidev_ioctl: gpio status=1)
05-27 18:48:36.941 15286  2559 D okhttp.TaskRunner: Q10007 finished run in   9 ms: OkHttp ConnectionPool
05-27 18:48:36.943   581   581 I SpiService: fgesysctrl_getGPIO_status success val=1
05-27 18:48:36.944  1008 30857 D [OMXB]  : usingANWBuffer: handle:0xee744000, format:1, w:1920, h:1080
05-27 08:39:45.908   581   581 D spi_rst_gpio_get_output: GPIO 145 value: 1
05-27 08:39:45.908   581   581 D spidev_ioctl: gpio status=1)
05-27 18:48:36.949   581   581 I SpiService: fgesysctrl_getGPIO_status success val=1
05-27 08:39:45.913   581   581 D spi_rst_gpio_get_output: GPIO 145 value: 1
05-27 08:39:45.913   581   581 D spidev_ioctl: gpio status=1)
05-27 18:48:36.954   581   581 I SpiService: fgesysctrl_getGPIO_status success val=1
05-27 08:39:45.919   581   581 D spi_rst_gpio_get_output: GPIO 145 value: 1
05-27 08:39:45.919   581   581 D spidev_ioctl: gpio status=1)
05-27 08:39:45.920   303   303 I [Audio:SBLCK] p_tt: 1393903,1393903
05-27 18:48:36.959   581   581 I SpiService: fgesysctrl_getGPIO_status success val=1
05-27 18:48:36.960   299 30841 D EvsDriver: forwardFrame
05-27 18:48:36.960   299 30844 D EvsDriver: forwardFrame
05-27 08:39:45.924   581   581 D spi_rst_gpio_get_output: GPIO 145 value: 1
05-27 08:39:45.924   581   581 D spidev_ioctl: gpio status=1)
05-27 18:48:36.961 13911 14183 I SentryImuMcuAngleSender: 179.97897rollDeg
05-27 18:48:36.962 13911 14183 I SentryImuMcuAngleSender: 1,0,0
05-27 18:48:36.962   299 30841 D EvsDriver: Delivered 0xb400007b7ca56a60 as id 0
05-27 18:48:36.962  1167  1184 D evsmanagerd: /dev/video4 forwarded the buffer #0 to 0xb4000074bf5f6850 from 0xb4000074bf5f41d0
05-27 18:48:36.964  1167  1184 D evsmanagerd: /dev/video6 forwarded the buffer #0 to 0xb4000074bf5f5510 from 0xb4000074bf5f6d90
05-27 18:48:36.964   299 30844 D EvsDriver: Delivered 0xb400007b7ca56900 as id 0
05-27 18:48:36.965   581   581 I SpiService: fgesysctrl_getGPIO_status success val=0
05-27 18:48:36.969   299  1163 D EvsDriver: doneWithFrame
05-27 18:48:36.971   536   536 D commservice260303: msg.id = 1028,0
05-27 18:48:36.971   536   536 D commservice260303: i = 170, msgid = 8A000404
05-27 18:48:36.971   536   536 D commservice260303: msgid = -1979710460,did=138
05-27 18:48:36.971   536   536 D commservice260303: CommProtocolLibCmdBaseI2C::dataproc {"command":{"id":"imu_status","sub":""},"content":{"TimeStamp":10,"FrameCounter":252353,"GD_X":-0.010994902811944485,"GD_Y":0.0059551820158958435,"GD_Z":0.0017560218693688512,"AD_X":-0.003389328718185425,"AD_Y":-9.785076836124063E-4,"AD_Z":-0.16764545440673828,"TempDsp":0,"Status":0,"CalibState":1,"SigAmpInvalid":0}},-1979710460
05-27 18:48:36.971   536   536 D commservice260303: send2Cluster len:318, 7B22636F6D6D616E64223A7B226964223A22696D755F737461747573222C22737562223A22227D2C22636F6E74656E74223A7B2254696D655374616D70223A31302C224672616D65436F756E746572223A3235323335332C2247445F58223A2D302E3031303939343930323831313934343438352C2247445F59223A302E303035393535313832303135383935383433352C2247445F5A223A302E303031373536303231383639333638383531322C2241445F58223A2D302E3030333338393332383731383138353432352C2241445F59223A2D392E373835303736383336313234303633452D342C2241445F5A223A2D302E31363736343534353434303637333832382C2254656D70447370223A302C22537461747573223A302C2243616C69625374617465223A312C22536967416D70496E76616C6964223A307D7D, 138 
05-27 18:48:36.971   536   536 D commservice260303: Push Message into SendPool fn=-2061892608
05-27 18:48:36.971   536   536 D commservice260303: ComProtocolLibSend2Cluster::send2ClusterRaw fn=-2061892608 , len=334
05-27 18:48:36.971   536   536 D commservice260303: sendCmdToPort :334!!!
05-27 18:48:36.971   536   536 D commservice260303: send Cmd To Port ++++5AA5014A8A0100041A856A16CC047B22636F6D6D616E64223A7B226964223A22696D755F737461747573222C22737562223A22227D2C22636F6E74656E74223A7B2254696D655374616D70223A31302C224672616D65436F756E746572223A3235323335332C2247445F58223A2D302E3031303939343930323831313934343438352C2247445F59223A302E303035393535313832303135383935383433352C2247445F5A223A302E303031373536303231383639333638383531322C2241445F58223A2D302E3030333338393332383731383138353432352C2241445F59223A2D392E373835303736383336313234303633452D342C2241445F5A223A2D302E31363736343534353434303637333832382C2254656D70447370223A302C22537461747573223A302C2243616C69625374617465223A312C22536967416D70496E76616C6964223A307D7D5E2D
05-27 18:48:36.971   536   536 D commservice260303: bufferevent_write retrun value = 0
05-27 08:39:45.930   581   581 D spi_rst_gpio_get_output: GPIO 145 value: 0
05-27 08:39:45.930   581   581 D spidev_ioctl: gpio status=0)
05-27 18:48:36.972 13911 14192 D Sentinelmode_1.2.5.17_sentry: <SentryImuClusterFgeSender>imu_status sent to Linux, frame=252353, tsNs=10784212, tsMs=10, intervalMs=35, ad=(-0.0033893287,-9.785077E-4,-0.16764545), gd=(-0.010994903,0.005955182,0.0017560219)
05-27 18:48:36.972   536   560 D commservice260303: client datas send succeed,send finish
05-27 18:48:36.978  1008 30856 D [OMXB]  : usingANWBuffer: handle:0xee743ea0, format:1, w:1920, h:1080
05-27 18:48:36.982 13911 14183 I SentryImuMcuAngleSender: 179.98949rollDeg
05-27 18:48:36.982 13911 14183 I SentryImuMcuAngleSender: 1,0,0
05-27 18:48:36.983   581   581 I SpiService: fgesysctrl_getGPIO_status success val=1
05-27 08:39:45.948   581   581 D spi_rst_gpio_get_output: GPIO 145 value: 1
05-27 08:39:45.948   581   581 D spidev_ioctl: gpio status=1)
05-27 18:48:36.989   581   581 I SpiService: fgesysctrl_getGPIO_status success val=1
05-27 18:48:36.990   283   307 I rvcservice: t.code = 2, t.value = 9975939
05-27 08:39:45.954   581   581 D spi_rst_gpio_get_output: GPIO 145 value: 1
05-27 08:39:45.954   581   581 D spidev_ioctl: gpio status=1)
05-27 18:48:36.995   581   581 I SpiService: fgesysctrl_getGPIO_status success val=1
05-27 18:48:36.995  1008 30857 D [OMXB]  : usingANWBuffer: handle:0xee745fa0, format:1, w:1920, h:1080
05-27 18:48:36.997   299 30841 D EvsDriver: forwardFrame
05-27 08:39:45.959   581   581 D spi_rst_gpio_get_output: GPIO 145 value: 1
05-27 08:39:45.959   581   581 D spidev_ioctl: gpio status=1)
05-27 18:48:36.998 30773 30789 I dvr_service_: Camera 1: MediaOK:146488546, frames:3290, isKeyFrame:0,pts:10783832956
05-27 18:48:36.999   572   622 I Sensors : 230 GyroSensor: x:-0.010919,y:0.005574,z:0.001679
05-27 18:48:37.000  1167  1184 D evsmanagerd: /dev/video4 forwarded the buffer #0 to 0xb4000074bf5f6850 from 0xb4000074bf5f41d0
05-27 18:48:37.001   299 30841 D EvsDriver: Delivered 0xb400007b7ca56a60 as id 0
05-27 18:48:37.002   581   581 I SpiService: fgesysctrl_getGPIO_status success val=0
05-27 18:48:37.003   299 30844 D EvsDriver: forwardFrame
05-27 18:48:37.003 13911 14183 I SentryImuMcuAngleSender: 179.98949rollDeg
05-27 18:48:37.003 13911 14183 I SentryImuMcuAngleSender: 1,0,0
05-27 08:39:45.967   581   581 D spi_rst_gpio_get_output: GPIO 145 value: 0
05-27 08:39:45.967   581   581 D spidev_ioctl: gpio status=0)
05-27 18:48:37.007  1167  1184 D evsmanagerd: /dev/video6 forwarded the buffer #0 to 0xb4000074bf5f5510 from 0xb4000074bf5f6d90
05-27 18:48:37.007   299 30844 D EvsDriver: Delivered 0xb400007b7ca56900 as id 0
05-27 18:48:37.008   299  1153 D EvsDriver: doneWithFrame
05-27 18:48:37.011   299  1153 D EvsDriver: doneWithFrame
05-27 18:48:37.013   536   536 D commservice260303: msg.id = 1028,0
05-27 18:48:37.013   536   536 D commservice260303: i = 170, msgid = 8A000404
05-27 18:48:37.013   536   536 D commservice260303: msgid = -1979710460,did=138
05-27 18:48:37.013   536   536 D commservice260303: CommProtocolLibCmdBaseI2C::dataproc {"command":{"id":"imu_status","sub":""},"content":{"TimeStamp":10,"FrameCounter":252354,"GD_X":-0.01091896090656519,"GD_Y":0.005573912989348173,"GD_Z":0.001679039909504354,"AD_X":-3.494769334793091E-4,"AD_Y":-9.719320805743337E-4,"AD_Z":-0.1682577133178711,"TempDsp":0,"Status":0,"CalibState":1,"SigAmpInvalid":0}},-1979710460
05-27 18:48:37.013   536   536 D commservice260303: send2Cluster len:314, 7B22636F6D6D616E64223A7B226964223A22696D755F737461747573222C22737562223A22227D2C22636F6E74656E74223A7B2254696D655374616D70223A31302C224672616D65436F756E746572223A3235323335342C2247445F58223A2D302E30313039313839363039303635363531392C2247445F59223A302E3030353537333931323938393334383137332C2247445F5A223A302E3030313637393033393930393530343335342C2241445F58223A2D332E343934373639333334373933303931452D342C2241445F59223A2D392E373139333230383035373433333337452D342C2241445F5A223A2D302E313638323537373133333137383731312C2254656D70447370223A302C22537461747573223A302C2243616C69625374617465223A312C22536967416D70496E76616C6964223A307D7D, 138 
05-27 18:48:37.013   536   536 D commservice260303: Push Message into SendPool fn=-2045115392
05-27 18:48:37.013   536   536 D commservice260303: ComProtocolLibSend2Cluster::send2ClusterRaw fn=-2045115392 , len=330
05-27 18:48:37.013   536   536 D commservice260303: sendCmdToPort :330!!!
05-27 18:48:37.013   536   536 D commservice260303: send Cmd To Port ++++5AA501468A0100041A866A16CC057B22636F6D6D616E64223A7B226964223A22696D755F737461747573222C22737562223A22227D2C22636F6E74656E74223A7B2254696D655374616D70223A31302C224672616D65436F756E746572223A3235323335342C2247445F58223A2D302E30313039313839363039303635363531392C2247445F59223A302E3030353537333931323938393334383137332C2247445F5A223A302E3030313637393033393930393530343335342C2241445F58223A2D332E343934373639333334373933303931452D342C2241445F59223A2D392E373139333230383035373433333337452D342C2241445F5A223A2D302E313638323537373133333137383731312C2254656D70447370223A302C22537461747573223A302C2243616C69625374617465223A312C22536967416D70496E76616C6964223A307D7DA217
05-27 18:48:37.013   536   536 D commservice260303: bufferevent_write retrun value = 0
05-27 18:48:37.013   536   560 D commservice260303: client datas send succeed,send finish
05-27 18:48:37.014 13911 14192 D Sentinelmode_1.2.5.17_sentry: <SentryImuClusterFgeSender>imu_status sent to Linux, frame=252354, tsNs=10784250, tsMs=10, intervalMs=43, ad=(-3.4947693E-4,-9.719321E-4,-0.16825771), gd=(-0.010918961,0.005573913,0.0016790399)
05-27 18:48:37.018   581   581 I SpiService: fgesysctrl_getGPIO_status success val=1
05-27 18:48:37.019  1008 30856 D [OMXB]  : usingANWBuffer: handle:0xee7412a0, format:1, w:1920, h:1080
05-27 08:39:45.982   581   581 D spi_rst_gpio_get_output: GPIO 145 value: 1
05-27 08:39:45.982   581   581 D spidev_ioctl: gpio status=1)
05-27 18:48:37.023   581   581 I SpiService: fgesysctrl_getGPIO_status success val=1
05-27 18:48:37.024 13911 14183 I SentryImuMcuAngleSender: 179.99649rollDeg
05-27 18:48:37.024 13911 14183 I SentryImuMcuAngleSender: 1,0,0
05-27 18:48:37.024   299 30844 D EvsDriver: forwardFrame
05-27 08:39:45.988   581   581 D spi_rst_gpio_get_output: GPIO 145 value: 1
05-27 08:39:45.988   581   581 D spidev_ioctl: gpio status=1)
05-27 18:48:37.027   299 30841 D EvsDriver: forwardFrame
05-27 18:48:37.027   299 30844 D EvsDriver: Delivered 0xb400007b7ca56900 as id 0
05-27 18:48:37.027  1167  1184 D evsmanagerd: /dev/video6 forwarded the buffer #0 to 0xb4000074bf5f5510 from 0xb4000074bf5f6d90
05-27 18:48:37.029  1167  1184 D evsmanagerd: /dev/video4 forwarded the buffer #0 to 0xb4000074bf5f6850 from 0xb4000074bf5f41d0
05-27 18:48:37.029   299 30841 D EvsDriver: Delivered 0xb400007b7ca56a60 as id 0
05-27 18:48:37.029   581   581 I SpiService: fgesysctrl_getGPIO_status success val=1
05-27 18:48:37.031   299  1153 D EvsDriver: doneWithFrame
05-27 08:39:45.994   581   581 D spi_rst_gpio_get_output: GPIO 145 value: 1
05-27 08:39:45.994   581   581 D spidev_ioctl: gpio status=1)
05-27 08:39:46.000   581   581 D spi_rst_gpio_get_output: GPIO 145 value: 1
05-27 08:39:46.000   581   581 D spidev_ioctl: gpio status=1)
05-27 18:48:37.035   581   581 I SpiService: fgesysctrl_getGPIO_status success val=1
05-27 18:48:37.037   299  1153 D EvsDriver: doneWithFrame
05-27 18:48:37.041   581   581 I SpiService: fgesysctrl_getGPIO_status success val=1
05-27 18:48:37.042  1008 30857 D [OMXB]  : usingANWBuffer: handle:0xee744790, format:1, w:1920, h:1080
05-27 08:39:46.006   581   581 D spi_rst_gpio_get_output: GPIO 145 value: 1
05-27 08:39:46.006   581   581 D spidev_ioctl: gpio status=1)
05-27 18:48:37.045 13911 14183 I SentryImuMcuAngleSender: 179.993rollDeg
05-27 18:48:37.045 13911 14183 I SentryImuMcuAngleSender: 1,0,0
05-27 18:48:37.047   581   581 I SpiService: fgesysctrl_getGPIO_status success val=0
05-27 08:39:46.011   581   581 D spi_rst_gpio_get_output: GPIO 145 value: 0
05-27 08:39:46.011   581   581 D spidev_ioctl: gpio status=0)
05-27 18:48:37.051   536   536 D commservice260303: msg.id = 1028,0
05-27 18:48:37.052   536   536 D commservice260303: i = 170, msgid = 8A000404
05-27 18:48:37.052   536   536 D commservice260303: msgid = -1979710460,did=138
05-27 18:48:37.052   536   536 D commservice260303: CommProtocolLibCmdBaseI2C::dataproc {"command":{"id":"imu_status","sub":""},"content":{"TimeStamp":10,"FrameCounter":252355,"GD_X":-0.01160607673227787,"GD_Y":0.005345047451555729,"GD_Z":0.0019079053308814764,"AD_X":0.0014572590589523315,"AD_Y":-0.0015687092673033476,"AD_Z":-0.17191600799560547,"TempDsp":0,"Status":0,"CalibState":1,"SigAmpInvalid":0}},-1979710460
05-27 18:48:37.052   536   536 D commservice260303: send2Cluster len:317, 7B22636F6D6D616E64223A7B226964223A22696D755F737461747573222C22737562223A22227D2C22636F6E74656E74223A7B2254696D655374616D70223A31302C224672616D65436F756E746572223A3235323335352C2247445F58223A2D302E30313136303630373637333232373738372C2247445F59223A302E3030353334353034373435313535353732392C2247445F5A223A302E303031393037393035333330383831343736342C2241445F58223A302E303031343537323539303538393532333331352C2241445F59223A2D302E303031353638373039323637333033333437362C2241445F5A223A2D302E31373139313630303739393536303534372C2254656D70447370223A302C22537461747573223A302C2243616C69625374617465223A312C22536967416D70496E76616C6964223A307D7D, 138 
05-27 18:48:37.052   536   536 D commservice260303: Push Message into SendPool fn=-2028338176
05-27 18:48:37.052   536   536 D commservice260303: ComProtocolLibSend2Cluster::send2ClusterRaw fn=-2028338176 , len=333
05-27 18:48:37.052   536   536 D commservice260303: sendCmdToPort :333!!!
05-27 18:48:37.052   536   536 D commservice260303: send Cmd To Port ++++5AA501498A0100041A876A16CC057B22636F6D6D616E64223A7B226964223A22696D755F737461747573222C22737562223A22227D2C22636F6E74656E74223A7B2254696D655374616D70223A31302C224672616D65436F756E746572223A3235323335352C2247445F58223A2D302E30313136303630373637333232373738372C2247445F59223A302E3030353334353034373435313535353732392C2247445F5A223A302E303031393037393035333330383831343736342C2241445F58223A302E303031343537323539303538393532333331352C2241445F59223A2D302E303031353638373039323637333033333437362C2241445F5A223A2D302E31373139313630303739393536303534372C2254656D70447370223A302C22537461747573223A302C2243616C69625374617465223A312C22536967416D70496E76616C6964223A307D7DEBFA
05-27 18:48:37.052   536   536 D commservice260303: bufferevent_write retrun value = 0
05-27 18:48:37.052   536   560 D commservice260303: client datas send succeed,send finish
05-27 18:48:37.053 13911 14192 D Sentinelmode_1.2.5.17_sentry: <SentryImuClusterFgeSender>imu_status sent to Linux, frame=252355, tsNs=10784301, tsMs=10, intervalMs=39, ad=(0.0014572591,-0.0015687093,-0.17191601), gd=(-0.011606077,0.0053450475,0.0019079053)
05-27 18:48:37.061   581   581 I SpiService: fgesysctrl_getGPIO_status success val=1
05-27 18:48:37.062   299 30841 D EvsDriver: forwardFrame
05-27 18:48:37.062   299 30844 D EvsDriver: forwardFrame
05-27 18:48:37.063   299 30841 D EvsDriver: Delivered 0xb400007b7ca56a60 as id 0
05-27 18:48:37.063   299 30844 D EvsDriver: Delivered 0xb400007b7ca56900 as id 0
05-27 18:48:37.063  1167  1167 D evsmanagerd: /dev/video6 forwarded the buffer #0 to 0xb4000074bf5f5510 from 0xb4000074bf5f6d90
05-27 18:48:37.063  1167  1184 D evsmanagerd: /dev/video4 forwarded the buffer #0 to 0xb4000074bf5f6850 from 0xb4000074bf5f41d0
05-27 08:39:46.026   581   581 D spi_rst_gpio_get_output: GPIO 145 value: 1
05-27 08:39:46.026   581   581 D spidev_ioctl: gpio status=1)
05-27 18:48:37.065 13911 14183 I SentryImuMcuAngleSender: 179.986rollDeg
05-27 18:48:37.065 13911 14183 I SentryImuMcuAngleSender: 1,0,0
05-27 18:48:37.066   299  1163 D EvsDriver: doneWithFrame
05-27 18:48:37.066   299  1153 D EvsDriver: doneWithFrame
05-27 18:48:37.067   581   581 I SpiService: fgesysctrl_getGPIO_status success val=1
05-27 18:48:37.069  1008 30856 D [OMXB]  : usingANWBuffer: handle:0xee743df0, format:1, w:1920, h:1080
05-27 08:39:46.031   581   581 D spi_rst_gpio_get_output: GPIO 145 value: 1
05-27 08:39:46.031   581   581 D spidev_ioctl: gpio status=1)
05-27 18:48:37.072   581   581 I SpiService: fgesysctrl_getGPIO_status success val=1
05-27 08:39:46.037   581   581 D spi_rst_gpio_get_output: GPIO 145 value: 1
05-27 08:39:46.037   581   581 D spidev_ioctl: gpio status=1)
05-27 18:48:37.078   581   581 I SpiService: fgesysctrl_getGPIO_status success val=1
05-27 08:39:46.042   581   581 D spi_rst_gpio_get_output: GPIO 145 value: 1
05-27 08:39:46.042   581   581 D spidev_ioctl: gpio status=1)
05-27 18:48:37.083   581   581 I SpiService: fgesysctrl_getGPIO_status success val=0
05-27 08:39:46.048   581   581 D spi_rst_gpio_get_output: GPIO 145 value: 0
05-27 08:39:46.048   581   581 D spidev_ioctl: gpio status=0)
05-27 18:48:37.085 13911 14183 I SentryImuMcuAngleSender: 179.986rollDeg
05-27 18:48:37.085 13911 14183 I SentryImuMcuAngleSender: 1,0,0
05-27 18:48:37.090   283   307 I rvcservice: t.code = 3, t.value = 0
05-27 18:48:37.092   536   536 D commservice260303: msg.id = 1028,0
05-27 18:48:37.092   536   536 D commservice260303: i = 170, msgid = 8A000404
05-27 18:48:37.092   536   536 D commservice260303: msgid = -1979710460,did=138
05-27 18:48:37.092   536   536 D commservice260303: CommProtocolLibCmdBaseI2C::dataproc {"command":{"id":"imu_status","sub":""},"content":{"TimeStamp":10,"FrameCounter":252356,"GD_X":-0.011834942735731602,"GD_Y":0.004963258747011423,"GD_Z":0.0020608289632946253,"AD_X":-0.003441751003265381,"AD_Y":-3.456156700849533E-4,"AD_Z":-0.17130661010742188,"TempDsp":0,"Status":0,"CalibState":1,"SigAmpInvalid":0}},-1979710460
05-27 18:48:37.093   536   536 D commservice260303: send2Cluster len:317, 7B22636F6D6D616E64223A7B226964223A22696D755F737461747573222C22737562223A22227D2C22636F6E74656E74223A7B2254696D655374616D70223A31302C224672616D65436F756E746572223A3235323335362C2247445F58223A2D302E3031313833343934323733353733313630322C2247445F59223A302E3030343936333235383734373031313432332C2247445F5A223A302E303032303630383238393633323934363235332C2241445F58223A2D302E3030333434313735313030333236353338312C2241445F59223A2D332E343536313536373030383439353333452D342C2241445F5A223A2D302E31373133303636313031303734323138382C2254656D70447370223A302C22537461747573223A302C2243616C69625374617465223A312C22536967416D70496E76616C6964223A307D7D, 138 
05-27 18:48:37.093   536   536 D commservice260303: Push Message into SendPool fn=-2011560960
05-27 18:48:37.093   536   536 D commservice260303: ComProtocolLibSend2Cluster::send2ClusterRaw fn=-2011560960 , len=333
05-27 18:48:37.093   536   536 D commservice260303: sendCmdToPort :333!!!
05-27 18:48:37.093   536   536 D commservice260303: send Cmd To Port ++++5AA501498A0100041A886A16CC057B22636F6D6D616E64223A7B226964223A22696D755F737461747573222C22737562223A22227D2C22636F6E74656E74223A7B2254696D655374616D70223A31302C224672616D65436F756E746572223A3235323335362C2247445F58223A2D302E3031313833343934323733353733313630322C2247445F59223A302E3030343936333235383734373031313432332C2247445F5A223A302E303032303630383238393633323934363235332C2241445F58223A2D302E3030333434313735313030333236353338312C2241445F59223A2D332E343536313536373030383439353333452D342C2241445F5A223A2D302E31373133303636313031303734323138382C2254656D70447370223A302C22537461747573223A302C2243616C69625374617465223A312C22536967416D70496E76616C6964223A307D7D6D47
05-27 18:48:37.093   536   536 D commservice260303: bufferevent_write retrun value = 0
05-27 18:48:37.093   536   560 D commservice260303: client datas send succeed,send finish
05-27 18:48:37.093 13911 14192 D Sentinelmode_1.2.5.17_sentry: <SentryImuClusterFgeSender>imu_status sent to Linux, frame=252356, tsNs=10784337, tsMs=10, intervalMs=40, ad=(-0.003441751,-3.4561567E-4,-0.17130661), gd=(-0.011834943,0.0049632587,0.002060829)
05-27 18:48:37.097   299 30844 D EvsDriver: forwardFrame
05-27 18:48:37.097   581   581 I SpiService: fgesysctrl_getGPIO_status success val=1
05-27 18:48:37.097   299 30841 D EvsDriver: forwardFrame
05-27 18:48:37.098   299 30844 D EvsDriver: Delivered 0xb400007b7ca56900 as id 0
05-27 18:48:37.098  1167  1167 D evsmanagerd: /dev/video6 forwarded the buffer #0 to 0xb4000074bf5f5510 from 0xb4000074bf5f6d90
05-27 18:48:37.098   299 30841 D EvsDriver: Delivered 0xb400007b7ca56a60 as id 0
05-27 18:48:37.098  1167  1184 D evsmanagerd: /dev/video4 forwarded the buffer #0 to 0xb4000074bf5f6850 from 0xb4000074bf5f41d0
05-27 18:48:37.098 30773 30781 E dvr_service_: [myNum:1] Received S**** loss
05-27 18:48:37.098 30773 30773 E dvr_service_: [myNum:0] Received S**** loss
05-27 18:48:37.099   299  1163 D EvsDriver: doneWithFrame
05-27 18:48:37.099   299  1153 D EvsDriver: doneWithFrame
05-27 08:39:46.062   581   581 D spi_rst_gpio_get_output: GPIO 145 value: 1
05-27 08:39:46.062   581   581 D spidev_ioctl: gpio status=1)
05-27 18:48:37.101  1008 30857 D [OMXB]  : usingANWBuffer: handle:0xee740bc0, format:1, w:1920, h:1080
05-27 18:48:37.103   581   581 I SpiService: fgesysctrl_getGPIO_status success val=1
05-27 08:39:46.068   581   581 D spi_rst_gpio_get_output: GPIO 145 value: 1
05-27 08:39:46.068   581   581 D spidev_ioctl: gpio status=1)
05-27 18:48:37.105   572   572 I Sensors : 230 AccelSensor: x:-0.169580,y:0.002440,z:-9.973500
05-27 18:48:37.105 13911 14183 I SentryImuMcuAngleSender: 179.986rollDeg
05-27 18:48:37.106 13911 14183 I SentryImuMcuAngleSender: 1,0,0
05-27 18:48:37.108 15863 15863 I liblog  : 4
05-27 18:48:37.108 15863 15863 D AIN-NaviLocationPresenter: ACC is OFF, skip upload location
05-27 18:48:37.109   581   581 I SpiService: fgesysctrl_getGPIO_status success val=1
05-27 08:39:46.073   581   581 D spi_rst_gpio_get_output: GPIO 145 value: 1
05-27 08:39:46.073   581   581 D spidev_ioctl: gpio status=1)
05-27 18:48:37.114   581   581 I SpiService: fgesysctrl_getGPIO_status success val=1
05-27 08:39:46.079   581   581 D spi_rst_gpio_get_output: GPIO 145 value: 1
05-27 08:39:46.079   581   581 D spidev_ioctl: gpio status=1)
05-27 18:48:37.117   351   351 D DefaultVehicleHal: setProperty setValues start
05-27 18:48:37.117   351   351 D 2026-5-19:FakeVehicleHardware: setProperty FakeVehicleHardware  ID: 0x11500f31
05-27 18:48:37.117   351   351 D 2026-5-19:FakeVehicleHardware: setProperty id:0x11500f31,value:10784368
05-27 18:48:37.117   351   351 D DefaultVehicleHal: setProperty setValues end
05-27 18:48:37.117   351   368 D 2026-5-19:FakeVehicleHardware: setProperty FakeVehicleHardware  setValue START
05-27 18:48:37.118   351   368 D 2026-5-19:FakeVehicleHardware: setProperty FakeVehicleHardware  setValue end
05-27 18:48:37.118  1008 30856 D [OMXB]  : usingANWBuffer: handle:0xee742f80, format:1, w:1920, h:1080
05-27 18:48:37.120   581   581 I SpiService: fgesysctrl_getGPIO_status success val=1
05-27 08:39:46.085   581   581 D spi_rst_gpio_get_output: GPIO 145 value: 1
05-27 08:39:46.085   581   581 D spidev_ioctl: gpio status=1)
05-27 18:48:37.125 13911 14183 I SentryImuMcuAngleSender: 179.99298rollDeg
05-27 18:48:37.125 13911 14183 I SentryImuMcuAngleSender: 1,0,0
05-27 18:48:37.125   581   581 I SpiService: fgesysctrl_getGPIO_status success val=0
05-27 08:39:46.090   581   581 D spi_rst_gpio_get_output: GPIO 145 value: 0
05-27 08:39:46.090   581   581 D spidev_ioctl: gpio status=0)
05-27 18:48:37.132   299 30841 D EvsDriver: forwardFrame
05-27 18:48:37.132   299 30844 D EvsDriver: forwardFrame
05-27 18:48:37.133   536   536 D commservice260303: msg.id = 1028,0
05-27 18:48:37.133   536   536 D commservice260303: i = 170, msgid = 8A000404
05-27 18:48:37.133   536   536 D commservice260303: msgid = -1979710460,did=138
05-27 18:48:37.133   536   536 D commservice260303: CommProtocolLibCmdBaseI2C::dataproc {"command":{"id":"imu_status","sub":""},"content":{"TimeStamp":10,"FrameCounter":252357,"GD_X":-0.01153013575822115,"GD_Y":0.0051151420921087265,"GD_Z":0.0019848872907459736,"AD_X":-0.004653409123420715,"AD_Y":-0.0015585054643452168,"AD_Z":-0.1682577133178711,"TempDsp":0,"Status":0,"CalibState":1,"SigAmpInvalid":0}},-1979710460
05-27 18:48:37.133   299 30841 D EvsDriver: Delivered 0xb400007b7ca56a60 as id 0
05-27 18:48:37.133   536   536 D commservice260303: send2Cluster len:317, 7B22636F6D6D616E64223A7B226964223A22696D755F737461747573222C22737562223A22227D2C22636F6E74656E74223A7B2254696D655374616D70223A31302C224672616D65436F756E746572223A3235323335372C2247445F58223A2D302E30313135333031333537353832323131352C2247445F59223A302E303035313135313432303932313038373236352C2247445F5A223A302E303031393834383837323930373435393733362C2241445F58223A2D302E3030343635333430393132333432303731352C2241445F59223A2D302E303031353538353035343634333435323136382C2241445F5A223A2D302E313638323537373133333137383731312C2254656D70447370223A302C22537461747573223A302C2243616C69625374617465223A312C22536967416D70496E76616C6964223A307D7D, 138 
05-27 18:48:37.133   536   536 D commservice260303: Push Message into SendPool fn=-1994783744
05-27 18:48:37.134   536   536 D commservice260303: ComProtocolLibSend2Cluster::send2ClusterRaw fn=-1994783744 , len=333
05-27 18:48:37.134   536   536 D commservice260303: sendCmdToPort :333!!!
05-27 18:48:37.134  1167  1167 D evsmanagerd: /dev/video4 forwarded the buffer #0 to 0xb4000074bf5f6850 from 0xb4000074bf5f41d0
05-27 18:48:37.134   536   536 D commservice260303: send Cmd To Port ++++5AA501498A0100041A896A16CC057B22636F6D6D616E64223A7B226964223A22696D755F737461747573222C22737562223A22227D2C22636F6E74656E74223A7B2254696D655374616D70223A31302C224672616D65436F756E746572223A3235323335372C2247445F58223A2D302E30313135333031333537353832323131352C2247445F59223A302E303035313135313432303932313038373236352C2247445F5A223A302E303031393834383837323930373435393733362C2241445F58223A2D302E3030343635333430393132333432303731352C2241445F59223A2D302E303031353538353035343634333435323136382C2241445F5A223A2D302E313638323537373133333137383731312C2254656D70447370223A302C22537461747573223A302C2243616C69625374617465223A312C22536967416D70496E76616C6964223A307D7DF549
05-27 18:48:37.134   536   536 D commservice260303: bufferevent_write retrun value = 0
05-27 18:48:37.134   299 30844 D EvsDriver: Delivered 0xb400007b7ca56900 as id 0
05-27 18:48:37.134  1167  1167 D evsmanagerd: /dev/video6 forwarded the buffer #0 to 0xb4000074bf5f5510 from 0xb4000074bf5f6d90
05-27 18:48:37.135   536   560 D commservice260303: client datas send succeed,send finish
05-27 18:48:37.135 13911 14192 D Sentinelmode_1.2.5.17_sentry: <SentryImuClusterFgeSender>imu_status sent to Linux, frame=252357, tsNs=10784372, tsMs=10, intervalMs=42, ad=(-0.004653409,-0.0015585055,-0.16825771), gd=(-0.011530136,0.005115142,0.0019848873)
05-27 18:48:37.135  1008 30857 D [OMXB]  : usingANWBuffer: handle:0xee740d20, format:1, w:1920, h:1080
05-27 18:48:37.137   299  1153 D EvsDriver: doneWithFrame
05-27 08:39:46.104   581   581 D spi_rst_gpio_get_output: GPIO 145 value: 1
05-27 08:39:46.104   581   581 D spidev_ioctl: gpio status=1)
05-27 18:48:37.140   581   581 I SpiService: fgesysctrl_getGPIO_status success val=1
05-27 18:48:37.141   299  1153 D EvsDriver: doneWithFrame
05-27 18:48:37.141   481   598 I mcuc    : rev,n=1,6AA681D937000A89008D0104091212345693
05-27 18:48:37.142  1121  1144 I tboxmids_ap: [2026-05-27 18:48:37.142] [MCU RX] src=MCU dst=ZMQ len=10 type=BINARY data=00 08 8D 01 04 09 12 12 34 56 
05-27 18:48:37.142   351   373 D automotive.vehicle@2.0-adayo-datacomm-mcu: MCUDatacomm sendMessageFromVehicle prop: 0x89, areaId: 0x0, status: 0x8d, timestamp: 0x1
05-27 18:48:37.142   351   373 D automotive.vehicle@2.0-adayo-datacomm-mcu: MCUDatacomm 1sendMessageFromVehicle ---> type = 12 
05-27 18:48:37.144  1083  1083 I MyAppLog: [2026-05-27 18:48:37.143 I tboxap mcuCommTboxmidsRecvCb:97] [Mcu] [mcuCommTboxmidsRecvCb] recv from tboxmids, size:10
05-27 18:48:37.144  1083  1083 I MyAppLog: [2026-05-27 18:48:37.143 I tboxap mcuCommTboxmidsRecvCb:98] [Mcu] [tboxmids -> tboxap]: :00 08 8D 01 04 09 12 12 34 56
05-27 18:48:37.144  1083  1083 W MyAppLog: [2026-05-27 18:48:37.143 W tboxap mcuYadiFrameParse:852] [Mcu] [mcuYadiFrameParse] cmd:0912(MCU_MAIN_BATT_DYNAMIC_IND) payload too short:5 < 36
05-27 18:48:37.144  1083  1083 W MyAppLog: [2026-05-27 18:48:37.143 W tboxap mcuPtlParseData:982] [Mcu] [mcuPtlParseData] invalid yadi frame, len:10
05-27 18:48:37.145 13911 14183 I SentryImuMcuAngleSender: 180.0rollDeg
05-27 18:48:37.145 13911 14183 I SentryImuMcuAngleSender: 1,0,0
05-27 18:48:37.146   581   581 I SpiService: fgesysctrl_getGPIO_status success val=1
05-27 08:39:46.110   581   581 D spi_rst_gpio_get_output: GPIO 145 value: 1
05-27 08:39:46.110   581   581 D spidev_ioctl: gpio status=1)
05-27 18:48:37.152   581   581 I SpiService: fgesysctrl_getGPIO_status success val=1
05-27 08:39:46.116   581   581 D spi_rst_gpio_get_output: GPIO 145 value: 1
05-27 08:39:46.116   581   581 D spidev_ioctl: gpio status=1)
05-27 18:48:37.157   581   581 I SpiService: fgesysctrl_getGPIO_status success val=1
05-27 18:48:37.160   299 30841 D EvsDriver: forwardFrame
05-27 18:48:37.161   299 30841 D EvsDriver: Delivered 0xb400007b7ca56a60 as id 0
05-27 08:39:46.122   581   581 D spi_rst_gpio_get_output: GPIO 145 value: 1
05-27 18:48:37.161  1167  1167 D evsmanagerd: /dev/video4 forwarded the buffer #0 to 0xb4000074bf5f6850 from 0xb4000074bf5f41d0
05-27 08:39:46.122   581   581 D spidev_ioctl: gpio status=1)
05-27 18:48:37.162   581   581 I SpiService: fgesysctrl_getGPIO_status success val=1
05-27 18:48:37.163   299  1153 D EvsDriver: doneWithFrame
05-27 18:48:37.164   299 30844 D EvsDriver: forwardFrame
05-27 08:39:46.127   581   581 D spi_rst_gpio_get_output: GPIO 145 value: 1
05-27 08:39:46.127   581   581 D spidev_ioctl: gpio status=1)
