05-27 18:48:41.560   536  2578 D commservice260303: Protocol_C2I_Commservice::dataproc {"command":{"id":"heartbeat","sub":""},"respone":{"code":0,"message":"ok"}},1
05-27 18:48:41.560   536  2578 D commservice260303: Protocol_C2I_Commservice::dataproc Receive a heartbeat command from Cluster, setTcpHeartbeat = EID_UID_HEARTBEAT
05-27 18:48:41.553   536   536 I auditd  : type=1400 audit(0.0:65711): avc: denied { read } for comm="fgecomservice@1" path="socket:[34776]" dev="sockfs" ino=34776 scontext=u:r:hal_fgecomservice_default:s0 tcontext=u:r:hal_fgecomservice_default:s0 tclass=vsock_socket permissive=1
05-27 18:48:41.553   536   536 I fgecomservice@1: type=1400 audit(0.0:65711): avc: denied { read } for path="socket:[34776]" dev="sockfs" ino=34776 scontext=u:r:hal_fgecomservice_default:s0 tcontext=u:r:hal_fgecomservice_default:s0 tclass=vsock_socket permissive=1
05-27 08:39:50.524   581   581 D spi_rst_gpio_get_output: GPIO 145 value: 1
05-27 08:39:50.524   581   581 D spidev_ioctl: gpio status=1)
05-27 18:48:41.565   581   581 I SpiService: fgesysctrl_getGPIO_status success val=0
05-27 18:48:41.565   481   597 I mcuc    : send SPI:6AA602D94C000289004E6AA602D94D000289004D6AA60176D400F8090119040109810201010000000000000000000000000000000000000000000000000000000000000000000000000000000000000000000000000000000000000000000000000000000000000000000000000000000000000000000000000000000000000000000000000000000000000000000000000000000000000000000000000000000000000000000000000000000000000000000000000000000000000000000000000000000000000000000000000000000000000000000000000000000000000000000000000000000000000000000000000000000000000000000000000000000000000000000000000000000000000000000007
05-27 18:48:41.565   299 30841 D EvsDriver: forwardFrame
05-27 18:48:41.565   299 30844 D EvsDriver: forwardFrame
05-27 08:39:50.529   581   581 D spi_rst_gpio_get_output: GPIO 145 value: 0
05-27 08:39:50.529   581   581 D spidev_ioctl: gpio status=0)
05-27 18:48:41.566   299 30841 D EvsDriver: Delivered 0xb400007b7ca56a60 as id 0
05-27 18:48:41.566   299 30844 D EvsDriver: Delivered 0xb400007b7ca56900 as id 0
05-27 18:48:41.566  1167  1184 D evsmanagerd: /dev/video6 forwarded the buffer #0 to 0xb4000074bf5f5510 from 0xb4000074bf5f6d90
05-27 18:48:41.566  1167  1167 D evsmanagerd: /dev/video4 forwarded the buffer #0 to 0xb4000074bf5f6850 from 0xb4000074bf5f41d0
05-27 18:48:41.568 13911 14183 I SentryImuMcuAngleSender: 179.98598rollDeg
05-27 18:48:41.568 13911 14183 I SentryImuMcuAngleSender: 1,0,0
05-27 18:48:41.568  1008 30856 D [OMXB]  : usingANWBuffer: handle:0xee7437c0, format:1, w:1920, h:1080
05-27 18:48:41.569   299  1163 D EvsDriver: doneWithFrame
05-27 18:48:41.573   299  1163 D EvsDriver: doneWithFrame
05-27 18:48:41.578   481   598 I mcuc    : rev,n=1,6AA681D94E001B89003C0600030E303132333435363738394142434445464700000078
05-27 18:48:41.578   351   373 D automotive.vehicle@2.0-adayo-datacomm-mcu: MCUDatacomm sendMessageFromVehicle prop: 0x89, areaId: 0x0, status: 0x3c, timestamp: 0x6
05-27 18:48:41.578   351   373 D automotive.vehicle@2.0-adayo-datacomm-mcu: MCUDatacomm 1sendMessageFromVehicle ---> type = 3 
05-27 18:48:41.578   351   373 D automotive.vehicle@2.0-adayo-func-bcm: sendMessageFromVehicle sendMessageFromVehicle
05-27 18:48:41.578   351   516 D automotive.vehicle@2.0-adayo-func-bcm: jjfan1 ______procotolSize :1
05-27 18:48:41.578   351   516 D automotive.vehicle@2.0-adayo-func-bcm: BCMFunc sendMessageFromVehicle_l dataType: 13,mByte=7,propid=0x2110001a
05-27 18:48:41.578   351   516 D automotive.vehicle@2.0-adayo-func-bcm: BCMFunc VEHICLE_VIN_CODE111 0x2110001a 
05-27 18:48:41.578   351   516 E automotive.vehicle@2.0-adayo-func-bcm: byteArrayToASCIIString, index 7 hex: 30, ascii: 0
05-27 18:48:41.578   351   516 E automotive.vehicle@2.0-adayo-func-bcm: byteArrayToASCIIString, index 8 hex: 31, ascii: 01
05-27 18:48:41.578   351   516 E automotive.vehicle@2.0-adayo-func-bcm: byteArrayToASCIIString, index 9 hex: 32, ascii: 012
05-27 18:48:41.578   351   516 E automotive.vehicle@2.0-adayo-func-bcm: byteArrayToASCIIString, index 10 hex: 33, ascii: 0123
05-27 18:48:41.578   351   516 E automotive.vehicle@2.0-adayo-func-bcm: byteArrayToASCIIString, index 11 hex: 34, ascii: 01234
05-27 18:48:41.578   351   516 E automotive.vehicle@2.0-adayo-func-bcm: byteArrayToASCIIString, index 12 hex: 35, ascii: 012345
05-27 18:48:41.578   351   516 E automotive.vehicle@2.0-adayo-func-bcm: byteArrayToASCIIString, index 13 hex: 36, ascii: 0123456
05-27 18:48:41.578   351   516 E automotive.vehicle@2.0-adayo-func-bcm: byteArrayToASCIIString, index 14 hex: 37, ascii: 01234567
05-27 18:48:41.578   351   516 E automotive.vehicle@2.0-adayo-func-bcm: byteArrayToASCIIString, index 15 hex: 38, ascii: 012345678
05-27 18:48:41.578   351   516 E automotive.vehicle@2.0-adayo-func-bcm: byteArrayToASCIIString, index 16 hex: 39, ascii: 0123456789
05-27 18:48:41.578   351   516 E automotive.vehicle@2.0-adayo-func-bcm: byteArrayToASCIIString, index 17 hex: 41, ascii: 0123456789A
05-27 18:48:41.578   351   516 E automotive.vehicle@2.0-adayo-func-bcm: byteArrayToASCIIString, index 18 hex: 42, ascii: 0123456789AB
05-27 18:48:41.578   351   516 E automotive.vehicle@2.0-adayo-func-bcm: byteArrayToASCIIString, index 19 hex: 43, ascii: 0123456789ABC
05-27 18:48:41.578   351   516 E automotive.vehicle@2.0-adayo-func-bcm: byteArrayToASCIIString, index 20 hex: 44, ascii: 0123456789ABCD
05-27 18:48:41.578   351   516 E automotive.vehicle@2.0-adayo-func-bcm: byteArrayToASCIIString, index 21 hex: 45, ascii: 0123456789ABCDE
05-27 18:48:41.578   351   516 E automotive.vehicle@2.0-adayo-func-bcm: byteArrayToASCIIString, index 22 hex: 46, ascii: 0123456789ABCDEF
05-27 18:48:41.578   351   516 E automotive.vehicle@2.0-adayo-func-bcm: byteArrayToASCIIString, index 23 hex: 47, ascii: 0123456789ABCDEFG
05-27 18:48:41.578   351   516 D automotive.vehicle@2.0-adayo-func-bcm: BCMFunc VEHICLE_VIN_CODE222 0x2110001a ,value:0123456789ABCDEFG
05-27 18:48:41.578   351   516 D automotive.vehicle@2.0-adayo-func-bcm: BCMFunc sendMessageFromVehicle_l id:554696730, area:0 not report! 
05-27 18:48:41.579   536   536 D commservice260303: msg.id = 1028,0
05-27 18:48:41.579   536   536 D commservice260303: i = 170, msgid = 8A000404
05-27 18:48:41.579   536   536 D commservice260303: msgid = -1979710460,did=138
05-27 18:48:41.579   536   536 D commservice260303: CommProtocolLibCmdBaseI2C::dataproc {"command":{"id":"imu_status","sub":""},"content":{"TimeStamp":10,"FrameCounter":252466,"GD_X":-0.011300750076770782,"GD_Y":0.005420989356935024,"GD_Z":0.0016030981205403805,"AD_X":-0.0032703280448913574,"AD_Y":-1.7545768059790134E-4,"AD_Z":-0.16582107543945312,"TempDsp":0,"Status":0,"CalibState":1,"SigAmpInvalid":0}},-1979710460
05-27 18:48:41.580   536   536 D commservice260303: send2Cluster len:319, 7B22636F6D6D616E64223A7B226964223A22696D755F737461747573222C22737562223A22227D2C22636F6E74656E74223A7B2254696D655374616D70223A31302C224672616D65436F756E746572223A3235323436362C2247445F58223A2D302E3031313330303735303037363737303738322C2247445F59223A302E3030353432303938393335363933353032342C2247445F5A223A302E303031363033303938313230353430333830352C2241445F58223A2D302E303033323730333238303434383931333537342C2241445F59223A2D312E37353435373638303539373930313334452D342C2241445F5A223A2D302E31363538323130373534333934353331322C2254656D70447370223A302C22537461747573223A302C2243616C69625374617465223A312C22536967416D70496E76616C6964223A307D7D, 138 
05-27 18:48:41.580   536   536 D commservice260303: Push Message into SendPool fn=-115735552
05-27 08:39:50.545   581   581 D spi_rst_gpio_get_output: GPIO 145 value: 1
05-27 08:39:50.545   581   581 D spidev_ioctl: gpio status=1)
05-27 18:48:41.580   536   536 D commservice260303: ComProtocolLibSend2Cluster::send2ClusterRaw fn=-115735552 , len=335
05-27 18:48:41.580   536   536 D commservice260303: sendCmdToPort :335!!!
05-27 18:48:41.580   536   536 D commservice260303: send Cmd To Port ++++5AA5014B8A0100041AF96A16CC097B22636F6D6D616E64223A7B226964223A22696D755F737461747573222C22737562223A22227D2C22636F6E74656E74223A7B2254696D655374616D70223A31302C224672616D65436F756E746572223A3235323436362C2247445F58223A2D302E3031313330303735303037363737303738322C2247445F59223A302E3030353432303938393335363933353032342C2247445F5A223A302E303031363033303938313230353430333830352C2241445F58223A2D302E303033323730333238303434383931333537342C2241445F59223A2D312E37353435373638303539373930313334452D342C2241445F5A223A2D302E31363538323130373534333934353331322C2254656D70447370223A302C22537461747573223A302C2243616C69625374617465223A312C22536967416D70496E76616C6964223A307D7D4239
05-27 18:48:41.580   536   536 D commservice260303: bufferevent_write retrun value = 0
05-27 18:48:41.580 13911 14192 D Sentinelmode_1.2.5.17_sentry: <SentryImuClusterFgeSender>imu_status sent to Linux, frame=252466, tsNs=10788812, tsMs=10, intervalMs=39, ad=(-0.003270328,-1.7545768E-4,-0.16582108), gd=(-0.01130075,0.0054209894,0.0016030981)
05-27 18:48:41.580   536   560 D commservice260303: client datas send succeed,send finish
05-27 18:48:41.581   581   581 I SpiService: fgesysctrl_getGPIO_status success val=1
05-27 18:48:41.586   581   581 I SpiService: fgesysctrl_getGPIO_status success val=1
05-27 18:48:41.589 13911 14183 I SentryImuMcuAngleSender: 179.96495rollDeg
05-27 08:39:50.551   581   581 D spi_rst_gpio_get_output: GPIO 145 value: 1
05-27 18:48:41.589 13911 14183 I SentryImuMcuAngleSender: 1,0,0
05-27 08:39:50.551   581   581 D spidev_ioctl: gpio status=1)
05-27 18:48:41.589   566  1171 I gps_hdbd: [gps_upgrade_thread 3506]Enter
05-27 18:48:41.590   566  1171 I gps_hdbd: [gps_upgrade_thread 3535] sys.gps.update:0 ,file:not ,upgrate_ing:0
05-27 18:48:41.592   581   581 I SpiService: fgesysctrl_getGPIO_status success val=1
05-27 08:39:50.556   581   581 D spi_rst_gpio_get_output: GPIO 145 value: 1
05-27 08:39:50.556   581   581 D spidev_ioctl: gpio status=1)
05-27 18:48:41.593   299 30841 D EvsDriver: forwardFrame
05-27 18:48:41.594   299 30841 D EvsDriver: Delivered 0xb400007b7ca56a60 as id 0
05-27 18:48:41.594  1167  1167 D evsmanagerd: /dev/video4 forwarded the buffer #0 to 0xb4000074bf5f6850 from 0xb4000074bf5f41d0
05-27 18:48:41.594 30773 30781 E dvr_service_: [myNum:0] Received S**** loss
05-27 18:48:41.594   299  1163 D EvsDriver: doneWithFrame
05-27 18:48:41.594  1008 30856 D [OMXB]  : usingANWBuffer: handle:0xee746ec0, format:1, w:1920, h:1080
05-27 18:48:41.598   581   581 I SpiService: fgesysctrl_getGPIO_status success val=1
05-27 08:39:50.562   581   581 D spi_rst_gpio_get_output: GPIO 145 value: 1
05-27 08:39:50.562   581   581 D spidev_ioctl: gpio status=1)
05-27 18:48:41.603   283   307 I rvcservice: t.code = 3, t.value = 0
05-27 18:48:41.603   299 30844 D EvsDriver: forwardFrame
05-27 18:48:41.604   581   581 I SpiService: fgesysctrl_getGPIO_status success val=0
05-27 18:48:41.605   481   597 I mcuc    : send SPI:6AA602D94E000289004C
05-27 08:39:50.569   581   581 D spi_rst_gpio_get_output: GPIO 145 value: 0
05-27 18:48:41.605   299 30844 D EvsDriver: Delivered 0xb400007b7ca56900 as id 0
05-27 18:48:41.605  1167  1167 D evsmanagerd: /dev/video6 forwarded the buffer #0 to 0xb4000074bf5f5510 from 0xb4000074bf5f6d90
05-27 18:48:41.605 30773 30781 E dvr_service_: [myNum:1] Received S**** loss
05-27 18:48:41.605   299  1163 D EvsDriver: doneWithFrame
05-27 18:48:41.609 13911 14183 I SentryImuMcuAngleSender: 179.96497rollDeg
05-27 18:48:41.609 13911 14183 I SentryImuMcuAngleSender: 1,0,0
05-27 18:48:41.614   481   598 I mcuc    : rev,n=1,6AA68276D40002090128
05-27 18:48:41.615   572   572 I Sensors : 230 AccelSensor: x:-0.172019,y:0.003659,z:-9.974110
05-27 18:48:41.616 10188 11505 E SSense.fps: We could not find the file :/sys/class/display/dispc0/frame_count
05-27 18:48:41.618  1008 30857 D [OMXB]  : usingANWBuffer: handle:0xee745600, format:1, w:1920, h:1080
05-27 18:48:41.619   581   581 I SpiService: fgesysctrl_getGPIO_status success val=1
05-27 18:48:41.619   536   536 D commservice260303: msg.id = 1028,1
05-27 18:48:41.620   536   536 D commservice260303: i = 170, msgid = 8A000404
05-27 18:48:41.620   536   536 D commservice260303: msgid = -1979710460,did=138
05-27 18:48:41.620   536   536 D commservice260303: CommProtocolLibCmdBaseI2C::dataproc {"command":{"id":"imu_status","sub":""},"content":{"TimeStamp":10,"FrameCounter":252467,"GD_X":-0.010841978713870049,"GD_Y":0.00519212381914258,"GD_Z":0.0023671966046094894,"AD_X":-0.005677729845046997,"AD_Y":0.0010186941362917423,"AD_Z":-0.1688709259033203,"TempDsp":0,"Status":0,"CalibState":1,"SigAmpInvalid":0}},-1979710460
05-27 18:48:41.620   536   536 D commservice260303: send2Cluster len:315, 7B22636F6D6D616E64223A7B226964223A22696D755F737461747573222C22737562223A22227D2C22636F6E74656E74223A7B2254696D655374616D70223A31302C224672616D65436F756E746572223A3235323436372C2247445F58223A2D302E3031303834313937383731333837303034392C2247445F59223A302E30303531393231323338313931343235382C2247445F5A223A302E303032333637313936363034363039343839342C2241445F58223A2D302E3030353637373732393834353034363939372C2241445F59223A302E303031303138363934313336323931373432332C2241445F5A223A2D302E313638383730393235393033333230332C2254656D70447370223A302C22537461747573223A302C2243616C69625374617465223A312C22536967416D70496E76616C6964223A307D7D, 138 
05-27 18:48:41.620   536   536 D commservice260303: Push Message into SendPool fn=-98958336
05-27 18:48:41.620   536   536 D commservice260303: ComProtocolLibSend2Cluster::send2ClusterRaw fn=-98958336 , len=331
05-27 18:48:41.620   536   536 D commservice260303: sendCmdToPort :331!!!
05-27 18:48:41.620   536   536 D commservice260303: send Cmd To Port ++++5AA501478A0100041AFA6A16CC097B22636F6D6D616E64223A7B226964223A22696D755F737461747573222C22737562223A22227D2C22636F6E74656E74223A7B2254696D655374616D70223A31302C224672616D65436F756E746572223A3235323436372C2247445F58223A2D302E3031303834313937383731333837303034392C2247445F59223A302E30303531393231323338313931343235382C2247445F5A223A302E303032333637313936363034363039343839342C2241445F58223A2D302E3030353637373732393834353034363939372C2241445F59223A302E303031303138363934313336323931373432332C2241445F5A223A2D302E313638383730393235393033333230332C2254656D70447370223A302C22537461747573223A302C2243616C69625374617465223A312C22536967416D70496E76616C6964223A307D7DB670
05-27 18:48:41.620   536   536 D commservice260303: bufferevent_write retrun value = 0
05-27 18:48:41.620   536   560 D commservice260303: client datas send succeed,send finish
05-27 18:48:41.621 13911 14192 D Sentinelmode_1.2.5.17_sentry: <SentryImuClusterFgeSender>imu_status sent to Linux, frame=252467, tsNs=10788865, tsMs=10, intervalMs=40, ad=(-0.00567773,0.0010186941,-0.16887093), gd=(-0.010841979,0.005192124,0.0023671966)
05-27 08:39:50.584   581   581 D spi_rst_gpio_get_output: GPIO 145 value: 1
05-27 08:39:50.584   581   581 D spidev_ioctl: gpio status=1)
05-27 18:48:41.625   581   581 I SpiService: fgesysctrl_getGPIO_status success val=1
05-27 18:48:41.627  1008 30856 D [OMXB]  : usingANWBuffer: handle:0xee740590, format:1, w:1920, h:1080
05-27 18:48:41.629   299 30844 D EvsDriver: forwardFrame
05-27 18:48:41.629   299 30841 D EvsDriver: forwardFrame
05-27 18:48:41.629 13911 14183 I SentryImuMcuAngleSender: 179.97897rollDeg
05-27 08:39:50.590   581   581 D spi_rst_gpio_get_output: GPIO 145 value: 1
05-27 18:48:41.629 13911 14183 I SentryImuMcuAngleSender: 1,0,0
05-27 08:39:50.590   581   581 D spidev_ioctl: gpio status=1)
05-27 18:48:41.631   581   581 I SpiService: fgesysctrl_getGPIO_status success val=1
05-27 18:48:41.631   299 30841 D EvsDriver: Delivered 0xb400007b7ca56a60 as id 0
05-27 18:48:41.631  1167  1167 D evsmanagerd: /dev/video4 forwarded the buffer #0 to 0xb4000074bf5f6850 from 0xb4000074bf5f41d0
05-27 18:48:41.632   299 30844 D EvsDriver: Delivered 0xb400007b7ca56900 as id 0
05-27 18:48:41.632  1167  1167 D evsmanagerd: /dev/video6 forwarded the buffer #0 to 0xb4000074bf5f5510 from 0xb4000074bf5f6d90
05-27 08:39:50.596   581   581 D spi_rst_gpio_get_output: GPIO 145 value: 1
05-27 08:39:50.596   581   581 D spidev_ioctl: gpio status=1)
05-27 18:48:41.634   299  1163 D EvsDriver: doneWithFrame
05-27 18:48:41.636   299  1163 D EvsDriver: doneWithFrame
05-27 18:48:41.637   581   581 I SpiService: fgesysctrl_getGPIO_status success val=1
05-27 08:39:50.602   581   581 D spi_rst_gpio_get_output: GPIO 145 value: 1
05-27 08:39:50.602   581   581 D spidev_ioctl: gpio status=1)
05-27 18:48:41.642  1044 30796 D BufferPoolAccessor2.0: bufferpool2 0xb400006f82870318 : 1(6144 size) total buffers - 1(6144 size) used buffers - 140447/140449 (recycle/alloc) - 2/140448 (fetch/transfer)
05-27 18:48:41.643   581   581 I SpiService: fgesysctrl_getGPIO_status success val=1
05-27 08:39:50.607   581   581 D spi_rst_gpio_get_output: GPIO 145 value: 1
05-27 08:39:50.607   581   581 D spidev_ioctl: gpio status=1)
05-27 18:48:41.648   581   581 I SpiService: fgesysctrl_getGPIO_status success val=0
05-27 08:39:50.613   581   581 D spi_rst_gpio_get_output: GPIO 145 value: 0
05-27 08:39:50.613   581   581 D spidev_ioctl: gpio status=0)
05-27 18:48:41.649 13911 14183 I SentryImuMcuAngleSender: 179.99298rollDeg
05-27 18:48:41.649 13911 14183 I SentryImuMcuAngleSender: 1,0,0
05-27 18:48:41.657  1008 30856 D [OMXB]  : usingANWBuffer: handle:0xee7404e0, format:1, w:1920, h:1080
05-27 18:48:41.658 30773 30789 I dvr_service_: Camera 0: MediaOK:151602089, frames:3420, isKeyFrame:0,pts:10788762013
05-27 18:48:41.660   536   536 D commservice260303: msg.id = 1028,0
05-27 18:48:41.660   536   536 D commservice260303: i = 170, msgid = 8A000404
05-27 18:48:41.660   536   536 D commservice260303: msgid = -1979710460,did=138
05-27 18:48:41.660   536   536 D commservice260303: CommProtocolLibCmdBaseI2C::dataproc {"command":{"id":"imu_status","sub":""},"content":{"TimeStamp":10,"FrameCounter":252468,"GD_X":-0.011377211660146713,"GD_Y":0.0057257963344454765,"GD_Z":0.001679039909504354,"AD_X":-0.0020182430744171143,"AD_Y":-1.9515189342200756E-4,"AD_Z":-0.1707010269165039,"TempDsp":0,"Status":0,"CalibState":1,"SigAmpInvalid":0}},-1979710460
05-27 18:48:41.660   536   536 D commservice260303: send2Cluster len:318, 7B22636F6D6D616E64223A7B226964223A22696D755F737461747573222C22737562223A22227D2C22636F6E74656E74223A7B2254696D655374616D70223A31302C224672616D65436F756E746572223A3235323436382C2247445F58223A2D302E3031313337373231313636303134363731332C2247445F59223A302E303035373235373936333334343435343736352C2247445F5A223A302E3030313637393033393930393530343335342C2241445F58223A2D302E303032303138323433303734343137313134332C2241445F59223A2D312E39353135313839333432323030373536452D342C2241445F5A223A2D302E313730373031303236393136353033392C2254656D70447370223A302C22537461747573223A302C2243616C69625374617465223A312C22536967416D70496E76616C6964223A307D7D, 138 
05-27 18:48:41.660   536   536 D commservice260303: Push Message into SendPool fn=-82181120
05-27 18:48:41.660   536   536 D commservice260303: ComProtocolLibSend2Cluster::send2ClusterRaw fn=-82181120 , len=334
05-27 18:48:41.660   536   536 D commservice260303: sendCmdToPort :334!!!
05-27 18:48:41.660   536   536 D commservice260303: send Cmd To Port ++++5AA5014A8A0100041AFB6A16CC097B22636F6D6D616E64223A7B226964223A22696D755F737461747573222C22737562223A22227D2C22636F6E74656E74223A7B2254696D655374616D70223A31302C224672616D65436F756E746572223A3235323436382C2247445F58223A2D302E3031313337373231313636303134363731332C2247445F59223A302E303035373235373936333334343435343736352C2247445F5A223A302E3030313637393033393930393530343335342C2241445F58223A2D302E303032303138323433303734343137313134332C2241445F59223A2D312E39353135313839333432323030373536452D342C2241445F5A223A2D302E313730373031303236393136353033392C2254656D70447370223A302C22537461747573223A302C2243616C69625374617465223A312C22536967416D70496E76616C6964223A307D7DBADB
05-27 18:48:41.660   536   536 D commservice260303: bufferevent_write retrun value = 0
05-27 18:48:41.661 13911 14192 D Sentinelmode_1.2.5.17_sentry: <SentryImuClusterFgeSender>imu_status sent to Linux, frame=252468, tsNs=10788900, tsMs=10, intervalMs=40, ad=(-0.002018243,-1.951519E-4,-0.17070103), gd=(-0.011377212,0.0057257963,0.0016790399)
05-27 18:48:41.661   536   560 D commservice260303: client datas send succeed,send finish
05-27 18:48:41.662   581   581 I SpiService: fgesysctrl_getGPIO_status success val=1
05-27 18:48:41.663   481   598 I mcuc    : rev,n=1,6AA681D94F000A8900960104091012345674
05-27 18:48:41.663   351   373 D automotive.vehicle@2.0-adayo-datacomm-mcu: MCUDatacomm sendMessageFromVehicle prop: 0x89, areaId: 0x0, status: 0x96, timestamp: 0x1
05-27 18:48:41.663  1121  1144 I tboxmids_ap: [2026-05-27 18:48:41.663] [MCU RX] src=MCU dst=ZMQ len=10 type=BINARY data=00 08 96 01 04 09 10 12 34 56 
05-27 18:48:41.663   351   373 D automotive.vehicle@2.0-adayo-datacomm-mcu: MCUDatacomm 1sendMessageFromVehicle ---> type = 12 
05-27 18:48:41.664  1083  1083 I MyAppLog: [2026-05-27 18:48:41.663 I tboxap mcuCommTboxmidsRecvCb:97] [Mcu] [mcuCommTboxmidsRecvCb] recv from tboxmids, size:10
05-27 18:48:41.664  1083  1083 I MyAppLog: [2026-05-27 18:48:41.663 I tboxap mcuCommTboxmidsRecvCb:98] [Mcu] [tboxmids -> tboxap]: :00 08 96 01 04 09 10 12 34 56
05-27 18:48:41.664  1083  1083 I MyAppLog: [2026-05-27 18:48:41.663 I tboxap mcuPtlParseData:990] [Mcu] [Mcu  Parse]: (cmd):0910 (param):0910123456
05-27 18:48:41.664  1083  1083 W MyAppLog: [2026-05-27 18:48:41.663 W tboxap mcuParamDataRevPack:918] [Mcu] mcuParamDataRevPack start pack data!!!
05-27 18:48:41.664  1083  1083 I MyAppLog: [2026-05-27 18:48:41.663 I tboxap MCU_BATT_STATIC_DATA_IND_McuInd:515] [Mcu] [MCU_BATT_STATIC_DATA_IND_McuInd] staticData type:0x12 len:5
05-27 08:39:50.627   581   581 D spi_rst_gpio_get_output: GPIO 145 value: 1
05-27 08:39:50.627   581   581 D spidev_ioctl: gpio status=1)
05-27 18:48:41.666   299 30844 D EvsDriver: forwardFrame
05-27 18:48:41.666   299 30841 D EvsDriver: forwardFrame
05-27 18:48:41.668  1167  1167 D evsmanagerd: /dev/video6 forwarded the buffer #0 to 0xb4000074bf5f5510 from 0xb4000074bf5f6d90
05-27 18:48:41.668   581   581 I SpiService: fgesysctrl_getGPIO_status success val=1
05-27 18:48:41.668   299 30844 D EvsDriver: Delivered 0xb400007b7ca56900 as id 0
05-27 18:48:41.668  1167  1167 D evsmanagerd: /dev/video4 forwarded the buffer #0 to 0xb4000074bf5f6850 from 0xb4000074bf5f41d0
05-27 08:39:50.633   581   581 D spi_rst_gpio_get_output: GPIO 145 value: 1
05-27 08:39:50.633   581   581 D spidev_ioctl: gpio status=1)
05-27 18:48:41.669   299 30841 D EvsDriver: Delivered 0xb400007b7ca56a60 as id 0
05-27 18:48:41.669 30773 30788 I dvr_service_: [runShortMediaThread:298] cameraId:1 medias:300,audios:220,stateAudio:0,mShortState:0,warnEvent:0,state:1
05-27 18:48:41.669 13911 14183 I SentryImuMcuAngleSender: 179.97197rollDeg
05-27 18:48:41.669 13911 14183 I SentryImuMcuAngleSender: 1,0,0
05-27 18:48:41.671   299  1163 D EvsDriver: doneWithFrame
05-27 18:48:41.672   299  1163 D EvsDriver: doneWithFrame
05-27 18:48:41.674   581   581 I SpiService: fgesysctrl_getGPIO_status success val=1
05-27 18:48:41.675  1008 30857 D [OMXB]  : usingANWBuffer: handle:0xee744790, format:1, w:1920, h:1080
05-27 08:39:50.638   581   581 D spi_rst_gpio_get_output: GPIO 145 value: 1
05-27 08:39:50.638   581   581 D spidev_ioctl: gpio status=1)
05-27 18:48:41.679   581   581 I SpiService: fgesysctrl_getGPIO_status success val=1
05-27 08:39:50.644   581   581 D spi_rst_gpio_get_output: GPIO 145 value: 1
05-27 08:39:50.644   581   581 D spidev_ioctl: gpio status=1)
05-27 18:48:41.685   581   581 I SpiService: fgesysctrl_getGPIO_status success val=0
05-27 08:39:50.649   581   581 D spi_rst_gpio_get_output: GPIO 145 value: 0
05-27 18:48:41.685   481   597 I mcuc    : send SPI:6AA602D94F000289004B
05-27 08:39:50.649   581   581 D spidev_ioctl: gpio status=0)
05-27 18:48:41.689 13911 14183 I SentryImuMcuAngleSender: 179.97197rollDeg
05-27 18:48:41.689 13911 14183 I SentryImuMcuAngleSender: 1,0,0
05-27 18:48:41.693  1008 30856 D [OMXB]  : usingANWBuffer: handle:0xee7421c0, format:1, w:1920, h:1080
05-27 18:48:41.699   581   581 I SpiService: fgesysctrl_getGPIO_status success val=1
05-27 18:48:41.699   536   536 D commservice260303: msg.id = 1028,0
05-27 18:48:41.699   536   536 D commservice260303: i = 170, msgid = 8A000404
05-27 18:48:41.699   536   536 D commservice260303: msgid = -1979710460,did=138
05-27 18:48:41.699   536   536 D commservice260303: CommProtocolLibCmdBaseI2C::dataproc {"command":{"id":"imu_status","sub":""},"content":{"TimeStamp":10,"FrameCounter":252469,"GD_X":-0.010994902811944485,"GD_Y":0.004580949433147907,"GD_Z":0.002443138277158141,"AD_X":-8.08417797088623E-4,"AD_Y":0.0022306363098323345,"AD_Z":-0.1707010269165039,"TempDsp":0,"Status":0,"CalibState":1,"SigAmpInvalid":0}},-1979710460
05-27 18:48:41.699   536   536 D commservice260303: send2Cluster len:314, 7B22636F6D6D616E64223A7B226964223A22696D755F737461747573222C22737562223A22227D2C22636F6E74656E74223A7B2254696D655374616D70223A31302C224672616D65436F756E746572223A3235323436392C2247445F58223A2D302E3031303939343930323831313934343438352C2247445F59223A302E3030343538303934393433333134373930372C2247445F5A223A302E3030323434333133383237373135383134312C2241445F58223A2D382E3038343137373937303838363233452D342C2241445F59223A302E303032323330363336333039383332333334352C2241445F5A223A2D302E313730373031303236393136353033392C2254656D70447370223A302C22537461747573223A302C2243616C69625374617465223A312C22536967416D70496E76616C6964223A307D7D, 138 
05-27 18:48:41.699   536   536 D commservice260303: Push Message into SendPool fn=-65403904
05-27 18:48:41.699   536   536 D commservice260303: ComProtocolLibSend2Cluster::send2ClusterRaw fn=-65403904 , len=330
05-27 18:48:41.699   536   536 D commservice260303: sendCmdToPort :330!!!
05-27 18:48:41.699   536   536 D commservice260303: send Cmd To Port ++++5AA501468A0100041AFC6A16CC097B22636F6D6D616E64223A7B226964223A22696D755F737461747573222C22737562223A22227D2C22636F6E74656E74223A7B2254696D655374616D70223A31302C224672616D65436F756E746572223A3235323436392C2247445F58223A2D302E3031303939343930323831313934343438352C2247445F59223A302E3030343538303934393433333134373930372C2247445F5A223A302E3030323434333133383237373135383134312C2241445F58223A2D382E3038343137373937303838363233452D342C2241445F59223A302E303032323330363336333039383332333334352C2241445F5A223A2D302E313730373031303236393136353033392C2254656D70447370223A302C22537461747573223A302C2243616C69625374617465223A312C22536967416D70496E76616C6964223A307D7DE7B3
05-27 18:48:41.699   536   536 D commservice260303: bufferevent_write retrun value = 0
05-27 18:48:41.700   536   560 D commservice260303: client datas send succeed,send finish
05-27 18:48:41.700 13911 14192 D Sentinelmode_1.2.5.17_sentry: <SentryImuClusterFgeSender>imu_status sent to Linux, frame=252469, tsNs=10788936, tsMs=10, intervalMs=39, ad=(-8.084178E-4,0.0022306363,-0.17070103), gd=(-0.010994903,0.0045809494,0.0024431383)
05-27 08:39:50.663   581   581 D spi_rst_gpio_get_output: GPIO 145 value: 1
05-27 08:39:50.663   581   581 D spidev_ioctl: gpio status=1)
05-27 18:48:41.702   299 30844 D EvsDriver: forwardFrame
05-27 18:48:41.702   299 30841 D EvsDriver: forwardFrame
05-27 18:48:41.703   283   307 I rvcservice: t.code = 4, t.value = 0
05-27 08:39:50.669   581   581 D spi_rst_gpio_get_output: GPIO 145 value: 1
05-27 18:48:41.704   299 30844 D EvsDriver: Delivered 0xb400007b7ca56900 as id 0
05-27 18:48:41.704   299 30841 D EvsDriver: Delivered 0xb400007b7ca56a60 as id 0
05-27 18:48:41.704   581   581 I SpiService: fgesysctrl_getGPIO_status success val=1
05-27 18:48:41.704   566 11459 I gps_hdbd: nmea_cs <0> != calc_cs <4d>, return -1
05-27 18:48:41.705  1167  1167 D evsmanagerd: /dev/video6 forwarded the buffer #0 to 0xb4000074bf5f5510 from 0xb4000074bf5f6d90
05-27 18:48:41.705   572   622 I Sensors : 230 GyroSensor: x:-0.011301,y:0.005192,z:0.002367
05-27 18:48:41.706  1167  1184 D evsmanagerd: /dev/video4 forwarded the buffer #0 to 0xb4000074bf5f6850 from 0xb4000074bf5f41d0
05-27 18:48:41.710   581   581 I SpiService: fgesysctrl_getGPIO_status success val=1
05-27 08:39:50.674   581   581 D spi_rst_gpio_get_output: GPIO 145 value: 1
05-27 08:39:50.674   581   581 D spidev_ioctl: gpio status=1)
05-27 18:48:41.715  1008 30857 D [OMXB]  : usingANWBuffer: handle:0xee740170, format:1, w:1920, h:1080
05-27 18:48:41.715 30773 30789 I dvr_service_: Camera 1: MediaOK:151242235, frames:3390, isKeyFrame:0,pts:10788586645
05-27 18:48:41.715   581   581 I SpiService: fgesysctrl_getGPIO_status success val=1
05-27 08:39:50.680   581   581 D spi_rst_gpio_get_output: GPIO 145 value: 1
05-27 08:39:50.680   581   581 D spidev_ioctl: gpio status=1)
05-27 18:48:41.721   581   581 I SpiService: fgesysctrl_getGPIO_status success val=1
05-27 08:39:50.685   581   581 D spi_rst_gpio_get_output: GPIO 145 value: 1
05-27 08:39:50.685   581   581 D spidev_ioctl: gpio status=1)
05-27 18:48:41.726   581   581 I SpiService: fgesysctrl_getGPIO_status success val=0
05-27 08:39:50.691   581   581 D spi_rst_gpio_get_output: GPIO 145 value: 0
05-27 08:39:50.691   581   581 D spidev_ioctl: gpio status=0)
05-27 18:48:41.729 13911 14183 I SentryImuMcuAngleSender: 179.98598rollDeg
05-27 18:48:41.729 13911 14183 I SentryImuMcuAngleSender: 1,0,0
05-27 18:48:41.730   299 30841 D EvsDriver: forwardFrame
05-27 18:48:41.731   299 30844 D EvsDriver: forwardFrame
05-27 18:48:41.733  1167  1184 D evsmanagerd: /dev/video4 forwarded the buffer #0 to 0xb4000074bf5f6850 from 0xb4000074bf5f41d0
05-27 18:48:41.733   299 30841 D EvsDriver: Delivered 0xb400007b7ca56a60 as id 0
05-27 18:48:41.733   299 30844 D EvsDriver: Delivered 0xb400007b7ca56900 as id 0
05-27 18:48:41.733  1167  1184 D evsmanagerd: /dev/video6 forwarded the buffer #0 to 0xb4000074bf5f5510 from 0xb4000074bf5f6d90
05-27 18:48:41.736   299  1153 D EvsDriver: doneWithFrame
05-27 18:48:41.737   299  1163 D EvsDriver: doneWithFrame
05-27 18:48:41.740  1008 30856 D [OMXB]  : usingANWBuffer: handle:0xee743ea0, format:1, w:1920, h:1080
05-27 18:48:41.740   536   536 D commservice260303: msg.id = 1028,0
05-27 18:48:41.740   536   536 D commservice260303: i = 170, msgid = 8A000404
05-27 18:48:41.740   536   536 D commservice260303: msgid = -1979710460,did=138
05-27 18:48:41.740   536   536 D commservice260303: CommProtocolLibCmdBaseI2C::dataproc {"command":{"id":"imu_status","sub":""},"content":{"TimeStamp":10,"FrameCounter":252470,"GD_X":-0.011759000830352306,"GD_Y":0.0051151420921087265,"GD_Z":0.002443138277158141,"AD_X":9.993314743041992E-4,"AD_Y":-2.1335482597351074E-4,"AD_Z":-0.1688709259033203,"TempDsp":0,"Status":0,"CalibState":1,"SigAmpInvalid":0}},-1979710460
05-27 18:48:41.740   536   536 D commservice260303: send2Cluster len:316, 7B22636F6D6D616E64223A7B226964223A22696D755F737461747573222C22737562223A22227D2C22636F6E74656E74223A7B2254696D655374616D70223A31302C224672616D65436F756E746572223A3235323437302C2247445F58223A2D302E3031313735393030303833303335323330362C2247445F59223A302E303035313135313432303932313038373236352C2247445F5A223A302E3030323434333133383237373135383134312C2241445F58223A392E393933333134373433303431393932452D342C2241445F59223A2D322E31333335343832353937333531303734452D342C2241445F5A223A2D302E313638383730393235393033333230332C2254656D70447370223A302C22537461747573223A302C2243616C69625374617465223A312C22536967416D70496E76616C6964223A307D7D, 138 
05-27 18:48:41.740   536   536 D commservice260303: Push Message into SendPool fn=-48626688
05-27 18:48:41.740   536   536 D commservice260303: ComProtocolLibSend2Cluster::send2ClusterRaw fn=-48626688 , len=332
05-27 18:48:41.740   536   536 D commservice260303: sendCmdToPort :332!!!
05-27 18:48:41.740   536   536 D commservice260303: send Cmd To Port ++++5AA501488A0100041AFD6A16CC097B22636F6D6D616E64223A7B226964223A22696D755F737461747573222C22737562223A22227D2C22636F6E74656E74223A7B2254696D655374616D70223A31302C224672616D65436F756E746572223A3235323437302C2247445F58223A2D302E3031313735393030303833303335323330362C2247445F59223A302E303035313135313432303932313038373236352C2247445F5A223A302E3030323434333133383237373135383134312C2241445F58223A392E393933333134373433303431393932452D342C2241445F59223A2D322E31333335343832353937333531303734452D342C2241445F5A223A2D302E313638383730393235393033333230332C2254656D70447370223A302C22537461747573223A302C2243616C69625374617465223A312C22536967416D70496E76616C6964223A307D7D432B
05-27 18:48:41.740   536   536 D commservice260303: bufferevent_write retrun value = 0
05-27 18:48:41.740   536   560 D commservice260303: client datas send succeed,send finish
05-27 18:48:41.740 13911 14192 D Sentinelmode_1.2.5.17_sentry: <SentryImuClusterFgeSender>imu_status sent to Linux, frame=252470, tsNs=10788971, tsMs=10, intervalMs=41, ad=(9.993315E-4,-2.1335483E-4,-0.16887093), gd=(-0.011759001,0.005115142,0.0024431383)
05-27 18:48:41.744   581   581 I SpiService: fgesysctrl_getGPIO_status success val=1
05-27 08:39:50.708   581   581 D spi_rst_gpio_get_output: GPIO 145 value: 1
05-27 08:39:50.708   581   581 D spidev_ioctl: gpio status=1)
05-27 18:48:41.745 13911 14183 I SentryImuMcuAngleSender: [4, 18, 1, 0, 0],5
05-27 18:48:41.745 13911 14183 I McuCommManager: mcuCommSendcmd [4, 18, 1, 0, 0]
05-27 18:48:41.745 13911 14183 I SentryImuMcuAngleSender: true
05-27 18:48:41.745 13911 14183 W Sentinelmode_1.2.5.17_sentry: <SentryImuMcuAngleSender>MCU IMU send interval abnormal: 1001ms
05-27 18:48:41.749   581   581 I SpiService: fgesysctrl_getGPIO_status success val=1
05-27 18:48:41.750 13911 14183 I SentryImuMcuAngleSender: 179.98598rollDeg
05-27 18:48:41.750 13911 14183 I SentryImuMcuAngleSender: 1,0,0
05-27 08:39:50.714   581   581 D spi_rst_gpio_get_output: GPIO 145 value: 1
05-27 08:39:50.714   581   581 D spidev_ioctl: gpio status=1)
05-27 18:48:41.753   536   560 D commservice260303: recv len:87, 5AA50053060000003F286A16CC097B22636F6D6D616E64223A7B226964223A2268656172745F42656174222C22737562223A22227D2C22636F6E74656E74223A7B2274797065223A322C2276616C7565223A307D7D444B from server
05-27 18:48:41.753   536  2578 D commservice260303: mcuDataAnalyzeHandle templen:87,len:87,pos:0, 5AA50053060000003F286A16CC097B22636F6D6D616E64223A7B226964223A2268656172745F42656174222C22737562223A22227D2C22636F6E74656E74223A7B2274797065223A322C2276616C7565223A307D7D444B 
05-27 18:48:41.753   536  2578 I commservice260303: checksumCal = 17483
05-27 18:48:41.753   536  2578 D commservice260303: CommProtocolLibCmdBaseC2I::dataproc {"command":{"id":"heart_Beat","sub":""},"content":{"type":2,"value":0}},6
05-27 18:48:41.753   536  2578 D commservice260303: mcuCommMessageManager::notifyMsgToClient hwbinder OK
05-27 18:48:41.753   536  2578 D commservice260303: McuProtocolLibSend2Service::send2Service ret=1
05-27 18:48:41.753 12246 12440 D ivicomm_CommManager: fgeComServiceCallback: {"command":{"id":"heart_Beat","sub":""},"content":{"type":2,"value":0}}
05-27 18:48:41.754 12246 12440 D ivicomm_ConnectStateManager: registerCallback HEART_BEAT: {"type":2,"value":0}
05-27 18:48:41.754 12246 12440 D ivicomm_ConnectStateManager: notifyState newState=0curState=0
05-27 18:48:41.754   581   581 I SpiService: fgesysctrl_getGPIO_status success val=1
05-27 08:39:50.719   581   581 D spi_rst_gpio_get_output: GPIO 145 value: 1
05-27 08:39:50.719   581   581 D spidev_ioctl: gpio status=1)
05-27 18:48:41.760   581   581 I SpiService: fgesysctrl_getGPIO_status success val=1
05-27 08:39:50.724   581   581 D spi_rst_gpio_get_output: GPIO 145 value: 1
05-27 08:39:50.724   581   581 D spidev_ioctl: gpio status=1)
05-27 18:48:41.762  1008 30857 D [OMXB]  : usingANWBuffer: handle:0xee744000, format:1, w:1920, h:1080
05-27 18:48:41.762   299 30844 D EvsDriver: forwardFrame
05-27 18:48:41.763   299 30841 D EvsDriver: forwardFrame
05-27 18:48:41.766   299 30844 D EvsDriver: Delivered 0xb400007b7ca56900 as id 0
05-27 18:48:41.766   581   581 I SpiService: fgesysctrl_getGPIO_status success val=1
05-27 18:48:41.766   299 30841 D EvsDriver: Delivered 0xb400007b7ca56a60 as id 0
05-27 18:48:41.766  1167  1184 D evsmanagerd: /dev/video4 forwarded the buffer #0 to 0xb4000074bf5f6850 from 0xb4000074bf5f41d0
05-27 18:48:41.766  1167  1167 D evsmanagerd: /dev/video6 forwarded the buffer #0 to 0xb4000074bf5f5510 from 0xb4000074bf5f6d90
05-27 18:48:41.766 30773 30773 E dvr_service_: [myNum:0] Received S**** loss
05-27 18:48:41.766 30773 30781 E dvr_service_: [myNum:1] Received S**** loss
05-27 18:48:41.766   299  1163 D EvsDriver: doneWithFrame
05-27 18:48:41.767   299  1153 D EvsDriver: doneWithFrame
05-27 08:39:50.730   581   581 D spi_rst_gpio_get_output: GPIO 145 value: 1
05-27 08:39:50.730   581   581 D spidev_ioctl: gpio status=1)
05-27 18:48:41.770 13911 14183 I SentryImuMcuAngleSender: 179.98949rollDeg
05-27 18:48:41.770 13911 14183 I SentryImuMcuAngleSender: 1,0,0
05-27 18:48:41.771   581   581 I SpiService: fgesysctrl_getGPIO_status success val=0
05-27 18:48:41.771   481   597 I mcuc    : send SPI:6AA60076D50005041201000099
05-27 08:39:50.736   581   581 D spi_rst_gpio_get_output: GPIO 145 value: 0
05-27 08:39:50.736   581   581 D spidev_ioctl: gpio status=0)
05-27 18:48:41.778  1008 30856 D [OMXB]  : usingANWBuffer: handle:0xee741e50, format:1, w:1920, h:1080
05-27 18:48:41.780   536   536 D commservice260303: msg.id = 1028,0
05-27 18:48:41.780   536   536 D commservice260303: i = 170, msgid = 8A000404
05-27 18:48:41.780   536   536 D commservice260303: msgid = -1979710460,did=138
05-27 18:48:41.780   536   536 D commservice260303: CommProtocolLibCmdBaseI2C::dataproc {"command":{"id":"imu_status","sub":""},"content":{"TimeStamp":10,"FrameCounter":252471,"GD_X":-0.01038424763828516,"GD_Y":0.005802778527140617,"GD_Z":0.0021378109231591225,"AD_X":-8.547157049179077E-4,"AD_Y":0.0010064959060400724,"AD_Z":-0.17069625854492188,"TempDsp":0,"Status":0,"CalibState":1,"SigAmpInvalid":0}},-1979710460
05-27 18:48:41.781   536   536 D commservice260303: send2Cluster len:316, 7B22636F6D6D616E64223A7B226964223A22696D755F737461747573222C22737562223A22227D2C22636F6E74656E74223A7B2254696D655374616D70223A31302C224672616D65436F756E746572223A3235323437312C2247445F58223A2D302E30313033383432343736333832383531362C2247445F59223A302E3030353830323737383532373134303631372C2247445F5A223A302E303032313337383130393233313539313232352C2241445F58223A2D382E353437313537303439313739303737452D342C2241445F59223A302E303031303036343935393036303430303732342C2241445F5A223A2D302E31373036393632353835343439323138382C2254656D70447370223A302C22537461747573223A302C2243616C69625374617465223A312C22536967416D70496E76616C6964223A307D7D, 138 
05-27 18:48:41.781   536   536 D commservice260303: Push Message into SendPool fn=-31849472
05-27 18:48:41.781   536   536 D commservice260303: ComProtocolLibSend2Cluster::send2ClusterRaw fn=-31849472 , len=332
05-27 18:48:41.781   536   536 D commservice260303: sendCmdToPort :332!!!
05-27 18:48:41.781   536   536 D commservice260303: send Cmd To Port ++++5AA501488A0100041AFE6A16CC097B22636F6D6D616E64223A7B226964223A22696D755F737461747573222C22737562223A22227D2C22636F6E74656E74223A7B2254696D655374616D70223A31302C224672616D65436F756E746572223A3235323437312C2247445F58223A2D302E30313033383432343736333832383531362C2247445F59223A302E3030353830323737383532373134303631372C2247445F5A223A302E303032313337383130393233313539313232352C2241445F58223A2D382E353437313537303439313739303737452D342C2241445F59223A302E303031303036343935393036303430303732342C2241445F5A223A2D302E31373036393632353835343439323138382C2254656D70447370223A302C22537461747573223A302C2243616C69625374617465223A312C22536967416D70496E76616C6964223A307D7D3272
05-27 18:48:41.781   536   536 D commservice260303: bufferevent_write retrun value = 0
05-27 18:48:41.781   536   560 D commservice260303: client datas send succeed,send finish
05-27 18:48:41.781 13911 14192 D Sentinelmode_1.2.5.17_sentry: <SentryImuClusterFgeSender>imu_status sent to Linux, frame=252471, tsNs=10789025, tsMs=10, intervalMs=41, ad=(-8.547157E-4,0.0010064959,-0.17069626), gd=(-0.010384248,0.0058027785,0.002137811)
05-27 18:48:41.785   581   581 I SpiService: fgesysctrl_getGPIO_status success val=1
05-27 18:48:41.787 30773 30787 I dvr_service_: [runShortMediaThread:298] cameraId:0 medias:300,audios:220,stateAudio:0,mShortState:0,warnEvent:0,state:1
05-27 08:39:50.750   581   581 D spi_rst_gpio_get_output: GPIO 145 value: 1
05-27 08:39:50.750   581   581 D spidev_ioctl: gpio status=1)
05-27 18:48:41.791 13911 14183 I SentryImuMcuAngleSender: 179.97899rollDeg
05-27 18:48:41.791   581   581 I SpiService: fgesysctrl_getGPIO_status success val=1
05-27 18:48:41.791 13911 14183 I SentryImuMcuAngleSender: 1,0,0
05-27 08:39:50.755   581   581 D spi_rst_gpio_get_output: GPIO 145 value: 1
05-27 08:39:50.755   581   581 D spidev_ioctl: gpio status=1)
05-27 18:48:41.793   299 30841 D EvsDriver: forwardFrame
05-27 18:48:41.795   299 30841 D EvsDriver: Delivered 0xb400007b7ca56a60 as id 0
05-27 18:48:41.795  1167  1167 D evsmanagerd: /dev/video4 forwarded the buffer #0 to 0xb4000074bf5f6850 from 0xb4000074bf5f41d0
05-27 18:48:41.796   581   581 I SpiService: fgesysctrl_getGPIO_status success val=1
05-27 08:39:50.761   581   581 D spi_rst_gpio_get_output: GPIO 145 value: 1
05-27 08:39:50.761   581   581 D spidev_ioctl: gpio status=1)
05-27 18:48:41.798   299  1153 D EvsDriver: doneWithFrame
05-27 18:48:41.798   299 30844 D EvsDriver: forwardFrame
05-27 18:48:41.799  1008 30856 D [OMXB]  : usingANWBuffer: handle:0xee7427f0, format:1, w:1920, h:1080
05-27 18:48:41.800   299 30844 D EvsDriver: Delivered 0xb400007b7ca56900 as id 0
05-27 18:48:41.801  1167  1167 D evsmanagerd: /dev/video6 forwarded the buffer #0 to 0xb4000074bf5f5510 from 0xb4000074bf5f6d90
05-27 18:48:41.802   581   581 I SpiService: fgesysctrl_getGPIO_status success val=1
05-27 18:48:41.803   283   307 I rvcservice: t.code = 3, t.value = 0
05-27 18:48:41.803   299  1153 D EvsDriver: doneWithFrame
05-27 08:39:50.766   581   581 D spi_rst_gpio_get_output: GPIO 145 value: 1
05-27 08:39:50.766   581   581 D spidev_ioctl: gpio status=1)
05-27 08:39:50.772   581   581 D spi_rst_gpio_get_output: GPIO 145 value: 0
05-27 08:39:50.772   581   581 D spidev_ioctl: gpio status=0)
05-27 18:48:41.808   581   581 I SpiService: fgesysctrl_getGPIO_status success val=0
05-27 18:48:41.811 13911 14183 I SentryImuMcuAngleSender: 179.96497rollDeg
05-27 18:48:41.811 13911 14183 I SentryImuMcuAngleSender: 1,0,0
05-27 18:48:41.811   572   622 I Sensors : 230 AccelSensor: x:-0.169580,y:0.003659,z:-9.977160
05-27 18:48:41.819   536   536 D commservice260303: msg.id = 1028,1
05-27 18:48:41.819   536   536 D commservice260303: i = 170, msgid = 8A000404
05-27 18:48:41.819   536   536 D commservice260303: msgid = -1979710460,did=138
05-27 18:48:41.819   536   536 D commservice260303: CommProtocolLibCmdBaseI2C::dataproc {"command":{"id":"imu_status","sub":""},"content":{"TimeStamp":10,"FrameCounter":252472,"GD_X":-0.010994902811944485,"GD_Y":0.005420989356935024,"GD_Z":0.0017560218693688512,"AD_X":-0.0032960176467895508,"AD_Y":9.926746133714914E-4,"AD_Z":-0.17191600799560547,"TempDsp":0,"Status":0,"CalibState":1,"SigAmpInvalid":0}},-1979710460
05-27 18:48:41.819   536   536 D commservice260303: send2Cluster len:317, 7B22636F6D6D616E64223A7B226964223A22696D755F737461747573222C22737562223A22227D2C22636F6E74656E74223A7B2254696D655374616D70223A31302C224672616D65436F756E746572223A3235323437322C2247445F58223A2D302E3031303939343930323831313934343438352C2247445F59223A302E3030353432303938393335363933353032342C2247445F5A223A302E303031373536303231383639333638383531322C2241445F58223A2D302E303033323936303137363436373839353530382C2241445F59223A392E393236373436313333373134393134452D342C2241445F5A223A2D302E31373139313630303739393536303534372C2254656D70447370223A302C22537461747573223A302C2243616C69625374617465223A312C22536967416D70496E76616C6964223A307D7D, 138 
05-27 18:48:41.820   536   536 D commservice260303: Push Message into SendPool fn=-15072256
05-27 18:48:41.820   536   536 D commservice260303: ComProtocolLibSend2Cluster::send2ClusterRaw fn=-15072256 , len=333
05-27 18:48:41.820   536   536 D commservice260303: sendCmdToPort :333!!!
05-27 18:48:41.820   536   536 D commservice260303: send Cmd To Port ++++5AA501498A0100041AFF6A16CC097B22636F6D6D616E64223A7B226964223A22696D755F737461747573222C22737562223A22227D2C22636F6E74656E74223A7B2254696D655374616D70223A31302C224672616D65436F756E746572223A3235323437322C2247445F58223A2D302E3031303939343930323831313934343438352C2247445F59223A302E3030353432303938393335363933353032342C2247445F5A223A302E303031373536303231383639333638383531322C2241445F58223A2D302E303033323936303137363436373839353530382C2241445F59223A392E393236373436313333373134393134452D342C2241445F5A223A2D302E31373139313630303739393536303534372C2254656D70447370223A302C22537461747573223A302C2243616C69625374617465223A312C22536967416D70496E76616C6964223A307D7DD86C
05-27 18:48:41.820   536   536 D commservice260303: bufferevent_write retrun value = 0
05-27 18:48:41.820   536   560 D commservice260303: client datas send succeed,send finish
05-27 18:48:41.820 13911 14192 D Sentinelmode_1.2.5.17_sentry: <SentryImuClusterFgeSender>imu_status sent to Linux, frame=252472, tsNs=10789061, tsMs=10, intervalMs=39, ad=(-0.0032960176,9.926746E-4,-0.17191601), gd=(-0.010994903,0.0054209894,0.0017560219)
05-27 18:48:41.822   581   581 I SpiService: fgesysctrl_getGPIO_status success val=1
05-27 08:39:50.787   581   581 D spi_rst_gpio_get_output: GPIO 145 value: 1
05-27 08:39:50.787   581   581 D spidev_ioctl: gpio status=1)
05-27 18:48:41.827   536   560 D commservice260303: recv len:77, 5AA50049060000003F296A16CC097B22636F6D6D616E64223A7B226964223A226473695F6C7578222C22737562223A22227D2C22636F6E74656E74223A7B2276616C7565223A3230307D7D7A4A from server
05-27 18:48:41.827   536  2578 D commservice260303: mcuDataAnalyzeHandle templen:77,len:77,pos:0, 5AA50049060000003F296A16CC097B22636F6D6D616E64223A7B226964223A226473695F6C7578222C22737562223A22227D2C22636F6E74656E74223A7B2276616C7565223A3230307D7D7A4A 
05-27 18:48:41.827   536  2578 I commservice260303: checksumCal = 31306
05-27 18:48:41.827   536  2578 D commservice260303: CommProtocolLibCmdBaseC2I::dataproc {"command":{"id":"dsi_lux","sub":""},"content":{"value":200}},6
05-27 18:48:41.827   581   581 I SpiService: fgesysctrl_getGPIO_status success val=1
05-27 18:48:41.828   536  2578 D commservice260303: mcuCommMessageManager::notifyMsgToClient hwbinder OK
05-27 18:48:41.828   536  2578 D commservice260303: McuProtocolLibSend2Service::send2Service ret=1
05-27 08:39:50.792   581   581 D spi_rst_gpio_get_output: GPIO 145 value: 1
05-27 08:39:50.792   581   581 D spidev_ioctl: gpio status=1)
05-27 18:48:41.828  1008 30857 D [OMXB]  : usingANWBuffer: handle:0xee742ab0, format:1, w:1920, h:1080
05-27 18:48:41.828 12246 12440 D ivicomm_CommManager: fgeComServiceCallback: {"command":{"id":"dsi_lux","sub":""},"content":{"value":200}}
05-27 18:48:41.828 12246 12440 D ivicomm_CallbackManager: registerCallback DSI_LUX: {"value":200} mCommStateCallbackMap size:4
05-27 18:48:41.828   299 30841 D EvsDriver: forwardFrame
05-27 18:48:41.830 11579 11719 D NSLogUtils_VehicleService: L2A comm state: id=dsi_lux, value=200
05-27 18:48:41.830   299 30841 D EvsDriver: Delivered 0xb400007b7ca56a60 as id 0
05-27 18:48:41.830  1167  1167 D evsmanagerd: /dev/video4 forwarded the buffer #0 to 0xb4000074bf5f6850 from 0xb4000074bf5f41d0
05-27 18:48:41.831 13911 14183 I SentryImuMcuAngleSender: 179.986rollDeg
05-27 18:48:41.831 13911 14183 I SentryImuMcuAngleSender: 1,0,0
05-27 18:48:41.832 11344  6594 D SystemUI_SystemSettingsControllerService: onCommState: commandID = dsi_lux; value = 200
05-27 18:48:41.833   581   581 I SpiService: fgesysctrl_getGPIO_status success val=1
05-27 18:48:41.833   299  1153 D EvsDriver: doneWithFrame
05-27 18:48:41.836   299 30844 D EvsDriver: forwardFrame
05-27 18:48:41.839   581   581 I SpiService: fgesysctrl_getGPIO_status success val=1
05-27 18:48:41.840   299 30844 D EvsDriver: Delivered 0xb400007b7ca56900 as id 0
05-27 18:48:41.840  1167  1167 D evsmanagerd: /dev/video6 forwarded the buffer #0 to 0xb4000074bf5f5510 from 0xb4000074bf5f6d90
05-27 08:39:50.798   581   581 D spi_rst_gpio_get_output: GPIO 145 value: 1
05-27 08:39:50.798   581   581 D spidev_ioctl: gpio status=1)
05-27 08:39:50.804   581   581 D spi_rst_gpio_get_output: GPIO 145 value: 1
05-27 08:39:50.804   581   581 D spidev_ioctl: gpio status=1)
05-27 18:48:41.841  1008 30856 D [OMXB]  : usingANWBuffer: handle:0xee743190, format:1, w:1920, h:1080
05-27 18:48:41.843   299  1153 D EvsDriver: doneWithFrame
05-27 18:48:41.845   581   581 I SpiService: fgesysctrl_getGPIO_status success val=1
05-27 18:48:41.851   581   581 I SpiService: fgesysctrl_getGPIO_status success val=0
05-27 08:39:50.809   581   581 D spi_rst_gpio_get_output: GPIO 145 value: 1
05-27 08:39:50.809   581   581 D spidev_ioctl: gpio status=1)
05-27 08:39:50.815   581   581 D spi_rst_gpio_get_output: GPIO 145 value: 0
05-27 08:39:50.815   581   581 D spidev_ioctl: gpio status=0)
05-27 18:48:41.854 13911 14183 I SentryImuMcuAngleSender: 179.986rollDeg
05-27 18:48:41.854 13911 14183 I SentryImuMcuAngleSender: 1,0,0
05-27 18:48:41.859   536   536 D commservice260303: msg.id = 1028,0
05-27 18:48:41.859   536   536 D commservice260303: i = 170, msgid = 8A000404
05-27 18:48:41.859   536   536 D commservice260303: msgid = -1979710460,did=138
05-27 18:48:41.859   536   536 D commservice260303: CommProtocolLibCmdBaseI2C::dataproc {"command":{"id":"imu_status","sub":""},"content":{"TimeStamp":10,"FrameCounter":252473,"GD_X":-0.01160607673227787,"GD_Y":0.005420989356935024,"GD_Z":0.0019079053308814764,"AD_X":-0.005720272660255432,"AD_Y":-2.2490136325359344E-4,"AD_Z":-0.16947650909423828,"TempDsp":0,"Status":0,"CalibState":1,"SigAmpInvalid":0}},-1979710460
