05-27 18:48:39.457 13911 14183 I SentryImuMcuAngleSender: 179.96848rollDeg
05-27 18:48:39.457 13911 14183 I SentryImuMcuAngleSender: 1,0,0
05-27 18:48:39.458   566 11459 I gps_hdbd: Received: '$GNINS,CARSPEED,ADR_STATUS,0,Pulse_count,0,1,0,0,19381000,107660,0.000,0.000,0.000*02
'
05-27 18:48:39.459   581   581 I SpiService: fgesysctrl_getGPIO_status success val=1
05-27 08:39:48.424   581   581 D spi_rst_gpio_get_output: GPIO 145 value: 1
05-27 08:39:48.424   581   581 D spidev_ioctl: gpio status=1)
05-27 18:48:39.461  1008 30857 D [OMXB]  : usingANWBuffer: handle:0xee7437c0, format:1, w:1920, h:1080
05-27 18:48:39.463   299 30844 D EvsDriver: forwardFrame
05-27 18:48:39.463   299 30841 D EvsDriver: forwardFrame
05-27 18:48:39.466   299 30841 D EvsDriver: Delivered 0xb400007b7ca56a60 as id 0
05-27 18:48:39.466   581   581 I SpiService: fgesysctrl_getGPIO_status success val=1
05-27 18:48:39.466  1167  1167 D evsmanagerd: /dev/video4 forwarded the buffer #0 to 0xb4000074bf5f6850 from 0xb4000074bf5f41d0
05-27 18:48:39.466   566 11459 I gps_hdbd: Received: '$GNTXT,04,01,04,INS,V,1,,,,FLG,1,000000,1,0,1,0,0,Con,0*71
'
05-27 18:48:39.466 30773 30786 I dvr_service_: CameraX 0  audioOK: 149254785,audios:2220
05-27 18:48:39.467  1167  1167 D evsmanagerd: /dev/video6 forwarded the buffer #0 to 0xb4000074bf5f5510 from 0xb4000074bf5f6d90
05-27 18:48:39.467   566 11459 I gps_hdbd: Received: '$GNTXT,INSTALL,0.00,0.00,0.00,0.00,0.00,0.00,0*20
'
05-27 18:48:39.467   299 30844 D EvsDriver: Delivered 0xb400007b7ca56900 as id 0
05-27 08:39:48.427   303   303 I [Audio:SBLCK] p_tt: 1394228,1394228
05-27 08:39:48.430   581   581 D spi_rst_gpio_get_output: GPIO 145 value: 1
05-27 08:39:48.430   581   581 D spidev_ioctl: gpio status=1)
05-27 18:48:39.469   299  1163 D EvsDriver: doneWithFrame
05-27 18:48:39.470   572   622 I Sensors : 230 AccelSensor: x:-0.167140,y:0.004880,z:-9.974720
05-27 18:48:39.472   581   581 I SpiService: fgesysctrl_getGPIO_status success val=1
05-27 18:48:39.473   299  1163 D EvsDriver: doneWithFrame
05-27 08:39:48.436   581   581 D spi_rst_gpio_get_output: GPIO 145 value: 1
05-27 08:39:48.436   581   581 D spidev_ioctl: gpio status=1)
05-27 18:48:39.475   536   536 D commservice260303: msg.id = 1028,1
05-27 18:48:39.475   536   536 D commservice260303: i = 170, msgid = 8A000404
05-27 18:48:39.475   536   536 D commservice260303: msgid = -1979710460,did=138
05-27 18:48:39.476   536   536 D commservice260303: CommProtocolLibCmdBaseI2C::dataproc {"command":{"id":"imu_status","sub":""},"content":{"TimeStamp":10,"FrameCounter":252414,"GD_X":-0.011377211660146713,"GD_Y":0.005420989356935024,"GD_Z":0.002443138277158141,"AD_X":-0.0021087974309921265,"AD_Y":0.003556839656084776,"AD_Z":-0.17069625854492188,"TempDsp":0,"Status":0,"CalibState":1,"SigAmpInvalid":0}},-1979710460
05-27 18:48:39.476   536   536 D commservice260303: send2Cluster len:316, 7B22636F6D6D616E64223A7B226964223A22696D755F737461747573222C22737562223A22227D2C22636F6E74656E74223A7B2254696D655374616D70223A31302C224672616D65436F756E746572223A3235323431342C2247445F58223A2D302E3031313337373231313636303134363731332C2247445F59223A302E3030353432303938393335363933353032342C2247445F5A223A302E3030323434333133383237373135383134312C2241445F58223A2D302E303032313038373937343330393932313236352C2241445F59223A302E3030333535363833393635363038343737362C2241445F5A223A2D302E31373036393632353835343439323138382C2254656D70447370223A302C22537461747573223A302C2243616C69625374617465223A312C22536967416D70496E76616C6964223A307D7D, 138 
05-27 18:48:39.476   536   536 D commservice260303: Push Message into SendPool fn=-1021705216
05-27 18:48:39.476   536   536 D commservice260303: ComProtocolLibSend2Cluster::send2ClusterRaw fn=-1021705216 , len=332
05-27 18:48:39.476   536   536 D commservice260303: sendCmdToPort :332!!!
05-27 18:48:39.476   536   536 D commservice260303: send Cmd To Port ++++5AA501488A0100041AC36A16CC077B22636F6D6D616E64223A7B226964223A22696D755F737461747573222C22737562223A22227D2C22636F6E74656E74223A7B2254696D655374616D70223A31302C224672616D65436F756E746572223A3235323431342C2247445F58223A2D302E3031313337373231313636303134363731332C2247445F59223A302E3030353432303938393335363933353032342C2247445F5A223A302E3030323434333133383237373135383134312C2241445F58223A2D302E303032313038373937343330393932313236352C2241445F59223A302E3030333535363833393635363038343737362C2241445F5A223A2D302E31373036393632353835343439323138382C2254656D70447370223A302C22537461747573223A302C2243616C69625374617465223A312C22536967416D70496E76616C6964223A307D7DB593
05-27 18:48:39.476   536   536 D commservice260303: bufferevent_write retrun value = 0
05-27 18:48:39.476   536   560 D commservice260303: client datas send succeed,send finish
05-27 18:48:39.476 13911 14192 D Sentinelmode_1.2.5.17_sentry: <SentryImuClusterFgeSender>imu_status sent to Linux, frame=252414, tsNs=10786721, tsMs=10, intervalMs=41, ad=(-0.0021087974,0.0035568397,-0.17069626), gd=(-0.011377212,0.0054209894,0.0024431383)
05-27 18:48:39.477   581   581 I SpiService: fgesysctrl_getGPIO_status success val=0
05-27 18:48:39.477 13911 14183 I SentryImuMcuAngleSender: 179.97197rollDeg
05-27 18:48:39.478 13911 14183 I SentryImuMcuAngleSender: 1,0,0
05-27 18:48:39.479  1008 30856 D [OMXB]  : usingANWBuffer: handle:0xee7427f0, format:1, w:1920, h:1080
05-27 08:39:48.442   581   581 D spi_rst_gpio_get_output: GPIO 145 value: 0
05-27 08:39:48.442   581   581 D spidev_ioctl: gpio status=0)
05-27 18:48:39.490   299 30844 D EvsDriver: forwardFrame
05-27 18:48:39.491   299 30844 D EvsDriver: Delivered 0xb400007b7ca56900 as id 0
05-27 18:48:39.491  1167  1167 D evsmanagerd: /dev/video6 forwarded the buffer #0 to 0xb4000074bf5f5510 from 0xb4000074bf5f6d90
05-27 18:48:39.492   581   581 I SpiService: fgesysctrl_getGPIO_status success val=1
05-27 08:39:48.456   581   581 D spi_rst_gpio_get_output: GPIO 145 value: 1
05-27 08:39:48.456   581   581 D spidev_ioctl: gpio status=1)
05-27 18:48:39.493   299  1163 D EvsDriver: doneWithFrame
05-27 18:48:39.497 11344 11344 E SystemUI_NavBarFragment: SysUIConfig.icCarServiceConnected：false
05-27 18:48:39.497   581   581 I SpiService: fgesysctrl_getGPIO_status success val=1
05-27 18:48:39.498 13911 14183 I SentryImuMcuAngleSender: 179.97197rollDeg
05-27 18:48:39.498   283   307 I rvcservice: t.code = 0, t.value = 0
05-27 18:48:39.498 13911 14183 I SentryImuMcuAngleSender: 1,0,0
05-27 18:48:39.501   299 30841 D EvsDriver: forwardFrame
05-27 08:39:48.462   581   581 D spi_rst_gpio_get_output: GPIO 145 value: 1
05-27 08:39:48.462   581   581 D spidev_ioctl: gpio status=1)
05-27 18:48:39.502   299 30841 D EvsDriver: Delivered 0xb400007b7ca56a60 as id 0
05-27 18:48:39.502  1167  1167 D evsmanagerd: /dev/video4 forwarded the buffer #0 to 0xb4000074bf5f6850 from 0xb4000074bf5f41d0
05-27 18:48:39.503   581   581 I SpiService: fgesysctrl_getGPIO_status success val=1
05-27 08:39:48.467   581   581 D spi_rst_gpio_get_output: GPIO 145 value: 1
05-27 08:39:48.467   581   581 D spidev_ioctl: gpio status=1)
05-27 18:48:39.506   299  1163 D EvsDriver: doneWithFrame
05-27 18:48:39.506  4922  4947 D ANWAPI_SECOND: (4922|0x293E9CB0)[BTAPI] set_bluetooth_power : open /sys/class/gpio/gpio142/value
05-27 18:48:39.506  4922  4947 D ANWAPI_SECOND: (4922|0x293E9CB0)[BTAPI] set_bluetooth_power : open(/sys/class/gpio/gpio142/value) for write failed,fd=-1
05-27 18:48:39.507  4922  4947 D ANWAPI_SECOND: (4922|0x293E9CB0)[BTAPI] open set_bluetooth_power : write(No such file or directory) failed,errno = 2
05-27 18:48:39.508   581   581 I SpiService: fgesysctrl_getGPIO_status success val=1
05-27 08:39:48.473   581   581 D spi_rst_gpio_get_output: GPIO 145 value: 1
05-27 08:39:48.473   581   581 D spidev_ioctl: gpio status=1)
05-27 18:48:39.511  1008 30856 D [OMXB]  : usingANWBuffer: handle:0xee746aa0, format:1, w:1920, h:1080
05-27 18:48:39.514   581   581 I SpiService: fgesysctrl_getGPIO_status success val=1
05-27 18:48:39.516   536   536 D commservice260303: msg.id = 1028,0
05-27 18:48:39.516   536   536 D commservice260303: i = 170, msgid = 8A000404
05-27 18:48:39.516   536   536 D commservice260303: msgid = -1979710460,did=138
05-27 18:48:39.516   536   536 D commservice260303: CommProtocolLibCmdBaseI2C::dataproc {"command":{"id":"imu_status","sub":""},"content":{"TimeStamp":10,"FrameCounter":252415,"GD_X":-0.011223767884075642,"GD_Y":0.004505007527768612,"GD_Z":0.002213752595707774,"AD_X":9.047836065292358E-4,"AD_Y":0.0010939270723611116,"AD_Z":-0.17069625854492188,"TempDsp":0,"Status":0,"CalibState":1,"SigAmpInvalid":0}},-1979710460
05-27 08:39:48.478   581   581 D spi_rst_gpio_get_output: GPIO 145 value: 1
05-27 18:48:39.516   536   536 D commservice260303: send2Cluster len:315, 7B22636F6D6D616E64223A7B226964223A22696D755F737461747573222C22737562223A22227D2C22636F6E74656E74223A7B2254696D655374616D70223A31302C224672616D65436F756E746572223A3235323431352C2247445F58223A2D302E3031313232333736373838343037353634322C2247445F59223A302E3030343530353030373532373736383631322C2247445F5A223A302E3030323231333735323539353730373737342C2241445F58223A392E303437383336303635323932333538452D342C2241445F59223A302E303031303933393237303732333631313131362C2241445F5A223A2D302E31373036393632353835343439323138382C2254656D70447370223A302C22537461747573223A302C2243616C69625374617465223A312C22536967416D70496E76616C6964223A307D7D, 138 
05-27 18:48:39.516   536   536 D commservice260303: Push Message into SendPool fn=-1004928000
05-27 18:48:39.516   536   536 D commservice260303: ComProtocolLibSend2Cluster::send2ClusterRaw fn=-1004928000 , len=331
05-27 18:48:39.516   536   536 D commservice260303: sendCmdToPort :331!!!
05-27 18:48:39.517   536   536 D commservice260303: send Cmd To Port ++++5AA501478A0100041AC46A16CC077B22636F6D6D616E64223A7B226964223A22696D755F737461747573222C22737562223A22227D2C22636F6E74656E74223A7B2254696D655374616D70223A31302C224672616D65436F756E746572223A3235323431352C2247445F58223A2D302E3031313232333736373838343037353634322C2247445F59223A302E3030343530353030373532373736383631322C2247445F5A223A302E3030323231333735323539353730373737342C2241445F58223A392E303437383336303635323932333538452D342C2241445F59223A302E303031303933393237303732333631313131362C2241445F5A223A2D302E31373036393632353835343439323138382C2254656D70447370223A302C22537461747573223A302C2243616C69625374617465223A312C22536967416D70496E76616C6964223A307D7D7E8A
05-27 18:48:39.517   536   536 D commservice260303: bufferevent_write retrun value = 0
05-27 18:48:39.517   536   560 D commservice260303: client datas send succeed,send finish
05-27 18:48:39.517 13911 14192 D Sentinelmode_1.2.5.17_sentry: <SentryImuClusterFgeSender>imu_status sent to Linux, frame=252415, tsNs=10786761, tsMs=10, intervalMs=41, ad=(9.047836E-4,0.0010939271,-0.17069626), gd=(-0.011223768,0.0045050075,0.0022137526)
05-27 08:39:48.479   581   581 D spidev_ioctl: gpio status=1)
05-27 18:48:39.519 13911 14183 I SentryImuMcuAngleSender: 179.97899rollDeg
05-27 18:48:39.519 13911 14183 I SentryImuMcuAngleSender: 1,0,0
05-27 18:48:39.519   581   581 I SpiService: fgesysctrl_getGPIO_status success val=0
05-27 08:39:48.484   581   581 D spi_rst_gpio_get_output: GPIO 145 value: 0
05-27 08:39:48.484   581   581 D spidev_ioctl: gpio status=0)
05-27 18:48:39.521   269   269 D libvintf: HalManifest::getHidlTransport(framework): Cannot find android.hardware.usb@1.0::IUsb/default
05-27 18:48:39.521   269   269 D libvintf: HalManifest::getHidlTransport(device): Cannot find android.hardware.usb@1.0::IUsb/default
05-27 18:48:39.521   269   269 I hwservicemanager: getTransport: Cannot find entry android.hardware.usb@1.0::IUsb/default in either framework or device VINTF manifest.
05-27 18:48:39.523 12348 12448 E ExtUsbManager: UsbHalController: android.hardware.usb.V1_0.IUsb getService failed!
05-27 18:48:39.523 12348 12448 E ExtUsbManager: java.util.NoSuchElementException
05-27 18:48:39.523 12348 12448 E ExtUsbManager: 	at android.os.HwBinder.getService(Native Method)
05-27 18:48:39.523 12348 12448 E ExtUsbManager: 	at android.os.HwBinder.getService(HwBinder.java:81)
05-27 18:48:39.523 12348 12448 E ExtUsbManager: 	at android.hardware.usb.V1_0.IUsb.getService(IUsb.java:74)
05-27 18:48:39.523 12348 12448 E ExtUsbManager: 	at android.hardware.usb.V1_0.IUsb.getService(IUsb.java:84)
05-27 18:48:39.523 12348 12448 E ExtUsbManager: 	at ts.car.usb.UsbHalController.createService(UsbHalController.java:37)
05-27 18:48:39.523 12348 12448 E ExtUsbManager: 	at ts.car.usb.UsbHalController.createService(UsbHalController.java:18)
05-27 18:48:39.523 12348 12448 E ExtUsbManager: 	at ts.car.usb.utils.AutoServiceConnector4Hidl.autoConnect(AutoServiceConnector4Hidl.java:47)
05-27 18:48:39.523 12348 12448 E ExtUsbManager: 	at ts.car.usb.utils.AutoServiceConnector4Hidl$$ExternalSyntheticLambda0.run(Unknown Source:2)
05-27 18:48:39.523 12348 12448 E ExtUsbManager: 	at android.os.Handler.handleCallback(Handler.java:942)
05-27 18:48:39.523 12348 12448 E ExtUsbManager: 	at android.os.Handler.dispatchMessage(Handler.java:99)
05-27 18:48:39.523 12348 12448 E ExtUsbManager: 	at android.os.Looper.loopOnce(Looper.java:201)
05-27 18:48:39.523 12348 12448 E ExtUsbManager: 	at android.os.Looper.loop(Looper.java:288)
05-27 18:48:39.523 12348 12448 E ExtUsbManager: 	at android.os.HandlerThread.run(HandlerThread.java:67)
05-27 18:48:39.523   269   269 D libvintf: HalManifest::getHidlTransport(framework): Cannot find vendor.ts.usbext@1.0::IUsbext/default
05-27 18:48:39.523   269   269 D libvintf: HalManifest::getHidlTransport(device): Cannot find vendor.ts.usbext@1.0::IUsbext/default
05-27 18:48:39.523   269   269 I hwservicemanager: getTransport: Cannot find entry vendor.ts.usbext@1.0::IUsbext/default in either framework or device VINTF manifest.
05-27 18:48:39.524 12348 12448 E ExtUsbManager: UsbHalExtController: vendor.ts.usbext.V1_0.IUsbext getService failed!
05-27 18:48:39.524 12348 12448 E ExtUsbManager: java.util.NoSuchElementException
05-27 18:48:39.524 12348 12448 E ExtUsbManager: 	at android.os.HwBinder.getService(Native Method)
05-27 18:48:39.524 12348 12448 E ExtUsbManager: 	at android.os.HwBinder.getService(HwBinder.java:81)
05-27 18:48:39.524 12348 12448 E ExtUsbManager: 	at vendor.ts.usbext.V1_0.IUsbext.getService(IUsbext.java:74)
05-27 18:48:39.524 12348 12448 E ExtUsbManager: 	at vendor.ts.usbext.V1_0.IUsbext.getService(IUsbext.java:84)
05-27 18:48:39.524 12348 12448 E ExtUsbManager: 	at ts.car.usb.UsbHalExtController.createService(UsbHalExtController.java:37)
05-27 18:48:39.524 12348 12448 E ExtUsbManager: 	at ts.car.usb.UsbHalExtController.createService(UsbHalExtController.java:18)
05-27 18:48:39.524 12348 12448 E ExtUsbManager: 	at ts.car.usb.utils.AutoServiceConnector4Hidl.autoConnect(AutoServiceConnector4Hidl.java:47)
05-27 18:48:39.524 12348 12448 E ExtUsbManager: 	at ts.car.usb.utils.AutoServiceConnector4Hidl$$ExternalSyntheticLambda0.run(Unknown Source:2)
05-27 18:48:39.524 12348 12448 E ExtUsbManager: 	at android.os.Handler.handleCallback(Handler.java:942)
05-27 18:48:39.524 12348 12448 E ExtUsbManager: 	at android.os.Handler.dispatchMessage(Handler.java:99)
05-27 18:48:39.524 12348 12448 E ExtUsbManager: 	at android.os.Looper.loopOnce(Looper.java:201)
05-27 18:48:39.524 12348 12448 E ExtUsbManager: 	at android.os.Looper.loop(Looper.java:288)
05-27 18:48:39.524 12348 12448 E ExtUsbManager: 	at android.os.HandlerThread.run(HandlerThread.java:67)
05-27 18:48:39.524   269   269 D libvintf: HalManifest::getHidlTransport(framework): Cannot find android.hardware.usb.gadget@1.0::IUsbGadget/default
05-27 18:48:39.524   269   269 D libvintf: HalManifest::getHidlTransport(device): Cannot find android.hardware.usb.gadget@1.0::IUsbGadget/default
05-27 18:48:39.524   269   269 I hwservicemanager: getTransport: Cannot find entry android.hardware.usb.gadget@1.0::IUsbGadget/default in either framework or device VINTF manifest.
05-27 18:48:39.525 12348 12448 E ExtUsbManager: UsbGadgetController: android.hardware.usb.gadget.V1_0.IUsbGadget getService failed!
05-27 18:48:39.525 12348 12448 E ExtUsbManager: java.util.NoSuchElementException
05-27 18:48:39.525 12348 12448 E ExtUsbManager: 	at android.os.HwBinder.getService(Native Method)
05-27 18:48:39.525 12348 12448 E ExtUsbManager: 	at android.os.HwBinder.getService(HwBinder.java:81)
05-27 18:48:39.525 12348 12448 E ExtUsbManager: 	at android.hardware.usb.gadget.V1_0.IUsbGadget.getService(IUsbGadget.java:74)
05-27 18:48:39.525 12348 12448 E ExtUsbManager: 	at android.hardware.usb.gadget.V1_0.IUsbGadget.getService(IUsbGadget.java:84)
05-27 18:48:39.525 12348 12448 E ExtUsbManager: 	at ts.car.usb.UsbGadgetController.createService(UsbGadgetController.java:36)
05-27 18:48:39.525 12348 12448 E ExtUsbManager: 	at ts.car.usb.UsbGadgetController.createService(UsbGadgetController.java:17)
05-27 18:48:39.525 12348 12448 E ExtUsbManager: 	at ts.car.usb.utils.AutoServiceConnector4Hidl.autoConnect(AutoServiceConnector4Hidl.java:47)
05-27 18:48:39.525 12348 12448 E ExtUsbManager: 	at ts.car.usb.utils.AutoServiceConnector4Hidl$$ExternalSyntheticLambda0.run(Unknown Source:2)
05-27 18:48:39.525 12348 12448 E ExtUsbManager: 	at android.os.Handler.handleCallback(Handler.java:942)
05-27 18:48:39.525 12348 12448 E ExtUsbManager: 	at android.os.Handler.dispatchMessage(Handler.java:99)
05-27 18:48:39.525 12348 12448 E ExtUsbManager: 	at android.os.Looper.loopOnce(Looper.java:201)
05-27 18:48:39.525 12348 12448 E ExtUsbManager: 	at android.os.Looper.loop(Looper.java:288)
05-27 18:48:39.525 12348 12448 E ExtUsbManager: 	at android.os.HandlerThread.run(HandlerThread.java:67)
05-27 18:48:39.525   299 30841 D EvsDriver: forwardFrame
05-27 18:48:39.525   299 30844 D EvsDriver: forwardFrame
05-27 18:48:39.527   299 30841 D EvsDriver: Delivered 0xb400007b7ca56a60 as id 0
05-27 18:48:39.527   299 30844 D EvsDriver: Delivered 0xb400007b7ca56900 as id 0
05-27 18:48:39.527  1167  1184 D evsmanagerd: /dev/video6 forwarded the buffer #0 to 0xb4000074bf5f5510 from 0xb4000074bf5f6d90
05-27 18:48:39.527  1167  1167 D evsmanagerd: /dev/video4 forwarded the buffer #0 to 0xb4000074bf5f6850 from 0xb4000074bf5f41d0
05-27 18:48:39.530   299  1163 D EvsDriver: doneWithFrame
05-27 18:48:39.530   299  1163 D EvsDriver: doneWithFrame
05-27 18:48:39.534   581   581 I SpiService: fgesysctrl_getGPIO_status success val=1
05-27 08:39:48.499   581   581 D spi_rst_gpio_get_output: GPIO 145 value: 1
05-27 08:39:48.499   581   581 D spidev_ioctl: gpio status=1)
05-27 18:48:39.538 13911 14183 I SentryImuMcuAngleSender: 179.98248rollDeg
05-27 18:48:39.538 13911 14183 I SentryImuMcuAngleSender: 1,0,0
05-27 18:48:39.540   581   581 I SpiService: fgesysctrl_getGPIO_status success val=1
05-27 18:48:39.540  1008 30857 D [OMXB]  : usingANWBuffer: handle:0xee745600, format:1, w:1920, h:1080
05-27 08:39:48.504   581   581 D spi_rst_gpio_get_output: GPIO 145 value: 1
05-27 08:39:48.504   581   581 D spidev_ioctl: gpio status=1)
05-27 18:48:39.545   581   581 I SpiService: fgesysctrl_getGPIO_status success val=1
05-27 18:48:39.546   572   572 I Sensors : 230 GyroSensor: x:-0.012293,y:0.005726,z:0.002290
05-27 08:39:48.510   581   581 D spi_rst_gpio_get_output: GPIO 145 value: 1
05-27 08:39:48.510   581   581 D spidev_ioctl: gpio status=1)
05-27 18:48:39.551   581   581 I SpiService: fgesysctrl_getGPIO_status success val=1
05-27 08:39:48.515   581   581 D spi_rst_gpio_get_output: GPIO 145 value: 1
05-27 08:39:48.515   581   581 D spidev_ioctl: gpio status=1)
05-27 18:48:39.554  1008 30856 D [OMXB]  : usingANWBuffer: handle:0xee7412a0, format:1, w:1920, h:1080
05-27 18:48:39.556   581   581 I SpiService: fgesysctrl_getGPIO_status success val=0
05-27 08:39:48.521   581   581 D spi_rst_gpio_get_output: GPIO 145 value: 0
05-27 08:39:48.521   581   581 D spidev_ioctl: gpio status=0)
05-27 18:48:39.557   536   536 D commservice260303: msg.id = 1028,0
05-27 18:48:39.557   536   536 D commservice260303: i = 170, msgid = 8A000404
05-27 18:48:39.557   536   536 D commservice260303: msgid = -1979710460,did=138
05-27 18:48:39.557   536   536 D commservice260303: CommProtocolLibCmdBaseI2C::dataproc {"command":{"id":"imu_status","sub":""},"content":{"TimeStamp":10,"FrameCounter":252416,"GD_X":-0.012293193489313126,"GD_Y":0.0057257963344454765,"GD_Z":0.0022902146447449923,"AD_X":-0.0051903873682022095,"AD_Y":-1.2624193914234638E-4,"AD_Z":-0.17069625854492188,"TempDsp":0,"Status":0,"CalibState":1,"SigAmpInvalid":0}},-1979710460
05-27 18:48:39.557   536   536 D commservice260303: send2Cluster len:320, 7B22636F6D6D616E64223A7B226964223A22696D755F737461747573222C22737562223A22227D2C22636F6E74656E74223A7B2254696D655374616D70223A31302C224672616D65436F756E746572223A3235323431362C2247445F58223A2D302E3031323239333139333438393331333132362C2247445F59223A302E303035373235373936333334343435343736352C2247445F5A223A302E303032323930323134363434373434393932332C2241445F58223A2D302E303035313930333837333638323032323039352C2241445F59223A2D312E32363234313933393134323334363338452D342C2241445F5A223A2D302E31373036393632353835343439323138382C2254656D70447370223A302C22537461747573223A302C2243616C69625374617465223A312C22536967416D70496E76616C6964223A307D7D, 138 
05-27 18:48:39.557   536   536 D commservice260303: Push Message into SendPool fn=-988150784
05-27 18:48:39.557   536   536 D commservice260303: ComProtocolLibSend2Cluster::send2ClusterRaw fn=-988150784 , len=336
05-27 18:48:39.557   536   536 D commservice260303: sendCmdToPort :336!!!
05-27 18:48:39.557   536   536 D commservice260303: send Cmd To Port ++++5AA5014C8A0100041AC56A16CC077B22636F6D6D616E64223A7B226964223A22696D755F737461747573222C22737562223A22227D2C22636F6E74656E74223A7B2254696D655374616D70223A31302C224672616D65436F756E746572223A3235323431362C2247445F58223A2D302E3031323239333139333438393331333132362C2247445F59223A302E303035373235373936333334343435343736352C2247445F5A223A302E303032323930323134363434373434393932332C2241445F58223A2D302E303035313930333837333638323032323039352C2241445F59223A2D312E32363234313933393134323334363338452D342C2241445F5A223A2D302E31373036393632353835343439323138382C2254656D70447370223A302C22537461747573223A302C2243616C69625374617465223A312C22536967416D70496E76616C6964223A307D7DD788
05-27 18:48:39.557   536   536 D commservice260303: bufferevent_write retrun value = 0
05-27 18:48:39.558   536   560 D commservice260303: client datas send succeed,send finish
05-27 18:48:39.558 13911 14192 D Sentinelmode_1.2.5.17_sentry: <SentryImuClusterFgeSender>imu_status sent to Linux, frame=252416, tsNs=10786796, tsMs=10, intervalMs=41, ad=(-0.0051903874,-1.2624194E-4,-0.17069626), gd=(-0.0122931935,0.0057257963,0.0022902146)
05-27 18:48:39.558   536  2579 D commservice260303: send heart beat package to Cluster
05-27 18:48:39.558   536  2579 D commservice260303: send2Cluster len:40, 7B22636F6D6D616E64223A7B226964223A22686561727462656174222C22737562223A22227D7D0A, 129 
05-27 18:48:39.558   536  2579 D commservice260303: Push Message into SendPool fn=-971373568
05-27 18:48:39.558   536  2579 D commservice260303: ComProtocolLibSend2Cluster::send2ClusterRaw fn=-971373568 , len=56
05-27 18:48:39.558   536  2579 D commservice260303: sendCmdToPort :56!!!
05-27 18:48:39.558   536  2579 D commservice260303: send Cmd To Port ++++5AA50034810100041AC66A16CC077B22636F6D6D616E64223A7B226964223A22686561727462656174222C22737562223A22227D7D0A275B
05-27 18:48:39.558   536  2579 D commservice260303: bufferevent_write retrun value = 0
05-27 18:48:39.558 13911 14183 I SentryImuMcuAngleSender: 179.986rollDeg
05-27 18:48:39.558 13911 14183 I SentryImuMcuAngleSender: 1,0,0
05-27 18:48:39.559   536   560 D commservice260303: client datas send succeed,send finish
05-27 18:48:39.563   299 30844 D EvsDriver: forwardFrame
05-27 18:48:39.563   299 30841 D EvsDriver: forwardFrame
05-27 08:39:48.527   303   303 I [Audio:SBLCK] p_tt: 1394241,1394241
05-27 18:48:39.565   299 30844 D EvsDriver: Delivered 0xb400007b7ca56900 as id 0
05-27 18:48:39.565  1167  1184 D evsmanagerd: /dev/video6 forwarded the buffer #0 to 0xb4000074bf5f5510 from 0xb4000074bf5f6d90
05-27 18:48:39.565   536   560 D commservice260303: recv len:91, 5AA50057010000003F256A16CC077B22636F6D6D616E64223A7B226964223A22686561727462656174222C22737562223A22227D2C22726573706F6E65223A7B22636F6465223A302C226D657373616765223A226F6B227D7D2385 from server
05-27 18:48:39.565   536  2578 D commservice260303: mcuDataAnalyzeHandle templen:91,len:91,pos:0, 5AA50057010000003F256A16CC077B22636F6D6D616E64223A7B226964223A22686561727462656174222C22737562223A22227D2C22726573706F6E65223A7B22636F6465223A302C226D657373616765223A226F6B227D7D2385 
05-27 18:48:39.565   536  2578 I commservice260303: checksumCal = 9093
05-27 18:48:39.565   536  2578 D commservice260303: Protocol_C2I_Commservice::dataproc {"command":{"id":"heartbeat","sub":""},"respone":{"code":0,"message":"ok"}},1
05-27 18:48:39.565   536  2578 D commservice260303: Protocol_C2I_Commservice::dataproc Receive a heartbeat command from Cluster, setTcpHeartbeat = EID_UID_HEARTBEAT
05-27 18:48:39.568  1167  1184 D evsmanagerd: /dev/video4 forwarded the buffer #0 to 0xb4000074bf5f6850 from 0xb4000074bf5f41d0
05-27 18:48:39.568   299 30841 D EvsDriver: Delivered 0xb400007b7ca56a60 as id 0
05-27 18:48:39.568   481   598 I mcuc    : rev,n=1,6AA681D941000A8900900104090212345696
05-27 18:48:39.569  1121  1144 I tboxmids_ap: [2026-05-27 18:48:39.569] [MCU RX] src=MCU dst=ZMQ len=10 type=BINARY data=00 08 90 01 04 09 02 12 34 56 
05-27 18:48:39.569   351   373 D automotive.vehicle@2.0-adayo-datacomm-mcu: MCUDatacomm sendMessageFromVehicle prop: 0x89, areaId: 0x0, status: 0x90, timestamp: 0x1
05-27 18:48:39.569   351   373 D automotive.vehicle@2.0-adayo-datacomm-mcu: MCUDatacomm 1sendMessageFromVehicle ---> type = 12 
05-27 18:48:39.570  1083  1083 I MyAppLog: [2026-05-27 18:48:39.569 I tboxap mcuCommTboxmidsRecvCb:97] [Mcu] [mcuCommTboxmidsRecvCb] recv from tboxmids, size:10
05-27 18:48:39.570  1083  1083 I MyAppLog: [2026-05-27 18:48:39.569 I tboxap mcuCommTboxmidsRecvCb:98] [Mcu] [tboxmids -> tboxap]: :00 08 90 01 04 09 02 12 34 56
05-27 18:48:39.570  1083  1083 I MyAppLog: [2026-05-27 18:48:39.569 I tboxap mcuPtlParseData:990] [Mcu] [Mcu  Parse]: (cmd):0902 (param):0902123456
05-27 18:48:39.570   581   581 I SpiService: fgesysctrl_getGPIO_status success val=1
05-27 08:39:48.535   581   581 D spi_rst_gpio_get_output: GPIO 145 value: 1
05-27 08:39:48.535   581   581 D spidev_ioctl: gpio status=1)
05-27 08:39:48.541   581   581 D spi_rst_gpio_get_output: GPIO 145 value: 1
05-27 08:39:48.541   581   581 D spidev_ioctl: gpio status=1)
05-27 18:48:39.571   299  1163 D EvsDriver: doneWithFrame
05-27 18:48:39.571   481   598 I mcuc    : rev,n=2,6AA681D942000A8900910104091112345685
05-27 18:48:39.571  1083  1083 W MyAppLog: [2026-05-27 18:48:39.570 W tboxap mcuParamDataRevPack:918] [Mcu] mcuParamDataRevPack start pack data!!!
05-27 18:48:39.571  1121  1144 I tboxmids_ap: [2026-05-27 18:48:39.571] [MCU RX] src=MCU dst=ZMQ len=10 type=BINARY data=00 08 91 01 04 09 11 12 34 56 
05-27 18:48:39.571   351   373 D automotive.vehicle@2.0-adayo-datacomm-mcu: MCUDatacomm sendMessageFromVehicle prop: 0x89, areaId: 0x0, status: 0x91, timestamp: 0x1
05-27 18:48:39.571   351   373 D automotive.vehicle@2.0-adayo-datacomm-mcu: MCUDatacomm 1sendMessageFromVehicle ---> type = 12 
05-27 18:48:39.571  1083  1083 W MyAppLog: [2026-05-27 18:48:39.570 W tboxap mcuHandlePowerReqInd:1739] [Mcu] [mcuHandlePowerReqInd] recv 0x0902 power req type:0x12
05-27 18:48:39.572  1083  1083 I MyAppLog: [2026-05-27 18:48:39.571 I tboxap mcuCommTboxmidsRecvCb:97] [Mcu] [mcuCommTboxmidsRecvCb] recv from tboxmids, size:10
05-27 18:48:39.572   299  1153 D EvsDriver: doneWithFrame
05-27 18:48:39.572  1083  1083 I MyAppLog: [2026-05-27 18:48:39.571 I tboxap mcuCommTboxmidsRecvCb:98] [Mcu] [tboxmids -> tboxap]: :00 08 91 01 04 09 11 12 34 56
05-27 18:48:39.572  1083  1083 W MyAppLog: [2026-05-27 18:48:39.572 W tboxap mcuYadiFrameParse:852] [Mcu] [mcuYadiFrameParse] cmd:0911(MCU_VHL_DYNAMIC_DATA_IND) payload too short:5 < 54
05-27 18:48:39.573  1083  1083 W MyAppLog: [2026-05-27 18:48:39.572 W tboxap mcuPtlParseData:982] [Mcu] [mcuPtlParseData] invalid yadi frame, len:10
05-27 18:48:39.573  1008 30857 D [OMXB]  : usingANWBuffer: handle:0xee743c90, format:1, w:1920, h:1080
05-27 18:48:39.575 30773 30789 I dvr_service_: Camera 1: MediaOK:149081185, frames:3340, isKeyFrame:0,pts:10786425595
05-27 18:48:39.577   581   581 I SpiService: fgesysctrl_getGPIO_status success val=1
05-27 18:48:39.579 13911 14183 I SentryImuMcuAngleSender: 179.98248rollDeg
05-27 18:48:39.579 13911 14183 I SentryImuMcuAngleSender: 1,0,0
05-27 18:48:39.583   581   581 I SpiService: fgesysctrl_getGPIO_status success val=1
05-27 08:39:48.548   581   581 D spi_rst_gpio_get_output: GPIO 145 value: 1
05-27 08:39:48.548   581   581 D spidev_ioctl: gpio status=1)
05-27 18:48:39.589   581   581 I SpiService: fgesysctrl_getGPIO_status success val=1
05-27 08:39:48.553   581   581 D spi_rst_gpio_get_output: GPIO 145 value: 1
05-27 08:39:48.553   581   581 D spidev_ioctl: gpio status=1)
05-27 18:48:39.592  1008 30856 D [OMXB]  : usingANWBuffer: handle:0xee740dd0, format:1, w:1920, h:1080
05-27 18:48:39.595   581   581 I SpiService: fgesysctrl_getGPIO_status success val=1
05-27 08:39:48.559   581   581 D spi_rst_gpio_get_output: GPIO 145 value: 1
05-27 08:39:48.559   581   581 D spidev_ioctl: gpio status=1)
05-27 18:48:39.597   536   536 D commservice260303: msg.id = 1028,0
05-27 18:48:39.597   536   536 D commservice260303: i = 170, msgid = 8A000404
05-27 18:48:39.597   536   536 D commservice260303: msgid = -1979710460,did=138
05-27 18:48:39.597   536   536 D commservice260303: CommProtocolLibCmdBaseI2C::dataproc {"command":{"id":"imu_status","sub":""},"content":{"TimeStamp":10,"FrameCounter":252417,"GD_X":-0.01160607673227787,"GD_Y":0.0056498548947274685,"GD_Z":0.0019079053308814764,"AD_X":-0.006989583373069763,"AD_Y":-1.2710480950772762E-4,"AD_Z":-0.17008686065673828,"TempDsp":0,"Status":0,"CalibState":1,"SigAmpInvalid":0}},-1979710460
05-27 18:48:39.597   536   536 D commservice260303: send2Cluster len:318, 7B22636F6D6D616E64223A7B226964223A22696D755F737461747573222C22737562223A22227D2C22636F6E74656E74223A7B2254696D655374616D70223A31302C224672616D65436F756E746572223A3235323431372C2247445F58223A2D302E30313136303630373637333232373738372C2247445F59223A302E303035363439383534383934373237343638352C2247445F5A223A302E303031393037393035333330383831343736342C2241445F58223A2D302E3030363938393538333337333036393736332C2241445F59223A2D312E32373130343830393530373732373632452D342C2241445F5A223A2D302E31373030383638363036353637333832382C2254656D70447370223A302C22537461747573223A302C2243616C69625374617465223A312C22536967416D70496E76616C6964223A307D7D, 138 
05-27 18:48:39.597   536   536 D commservice260303: Push Message into SendPool fn=-954596352
05-27 18:48:39.597   536   536 D commservice260303: ComProtocolLibSend2Cluster::send2ClusterRaw fn=-954596352 , len=334
05-27 18:48:39.597   536   536 D commservice260303: sendCmdToPort :334!!!
05-27 18:48:39.597   536   536 D commservice260303: send Cmd To Port ++++5AA5014A8A0100041AC76A16CC077B22636F6D6D616E64223A7B226964223A22696D755F737461747573222C22737562223A22227D2C22636F6E74656E74223A7B2254696D655374616D70223A31302C224672616D65436F756E746572223A3235323431372C2247445F58223A2D302E30313136303630373637333232373738372C2247445F59223A302E303035363439383534383934373237343638352C2247445F5A223A302E303031393037393035333330383831343736342C2241445F58223A2D302E3030363938393538333337333036393736332C2241445F59223A2D312E32373130343830393530373732373632452D342C2241445F5A223A2D302E31373030383638363036353637333832382C2254656D70447370223A302C22537461747573223A302C2243616C69625374617465223A312C22536967416D70496E76616C6964223A307D7D2657
05-27 18:48:39.597   536   536 D commservice260303: bufferevent_write retrun value = 0
05-27 18:48:39.598   536   560 D commservice260303: client datas send succeed,send finish
05-27 18:48:39.598 13911 14192 D Sentinelmode_1.2.5.17_sentry: <SentryImuClusterFgeSender>imu_status sent to Linux, frame=252417, tsNs=10786833, tsMs=10, intervalMs=39, ad=(-0.0069895834,-1.2710481E-4,-0.17008686), gd=(-0.011606077,0.005649855,0.0019079053)
05-27 18:48:39.598   283   307 I rvcservice: t.code = 3, t.value = 0
05-27 18:48:39.599   299 30844 D EvsDriver: forwardFrame
05-27 18:48:39.599 13911 14183 I SentryImuMcuAngleSender: 179.986rollDeg
05-27 18:48:39.599 13911 14183 I SentryImuMcuAngleSender: 1,0,0
05-27 18:48:39.601   581   581 I SpiService: fgesysctrl_getGPIO_status success val=0
05-27 18:48:39.601   481   597 I mcuc    : send SPI:6AA602D94100028900596AA602D9420002890058
05-27 18:48:39.601   299 30844 D EvsDriver: Delivered 0xb400007b7ca56900 as id 0
05-27 18:48:39.601  1167  1184 D evsmanagerd: /dev/video6 forwarded the buffer #0 to 0xb4000074bf5f5510 from 0xb4000074bf5f6d90
05-27 18:48:39.602   299 30841 D EvsDriver: forwardFrame
05-27 18:48:39.602 30773 30781 E dvr_service_: [myNum:1] Received S**** loss
05-27 18:48:39.602   299  1153 D EvsDriver: doneWithFrame
05-27 18:48:39.603   299 30841 D EvsDriver: Delivered 0xb400007b7ca56a60 as id 0
05-27 18:48:39.604  1167  1184 D evsmanagerd: /dev/video4 forwarded the buffer #0 to 0xb4000074bf5f6850 from 0xb4000074bf5f41d0
05-27 18:48:39.604 30773 30781 E dvr_service_: [myNum:0] Received S**** loss
05-27 18:48:39.604   299  1153 D EvsDriver: doneWithFrame
05-27 18:48:39.607  1008 30857 D [OMXB]  : usingANWBuffer: handle:0xee746310, format:1, w:1920, h:1080
05-27 08:39:48.565   581   581 D spi_rst_gpio_get_output: GPIO 145 value: 0
05-27 08:39:48.565   581   581 D spidev_ioctl: gpio status=0)
05-27 18:48:39.616   581   581 I SpiService: fgesysctrl_getGPIO_status success val=1
05-27 08:39:48.580   581   581 D spi_rst_gpio_get_output: GPIO 145 value: 1
05-27 08:39:48.580   581   581 D spidev_ioctl: gpio status=1)
05-27 18:48:39.617  1008 30856 D [OMXB]  : usingANWBuffer: handle:0xee7406f0, format:1, w:1920, h:1080
05-27 18:48:39.619 13911 14183 I SentryImuMcuAngleSender: 179.97198rollDeg
05-27 18:48:39.620 13911 14183 I SentryImuMcuAngleSender: 1,0,0
05-27 18:48:39.621   581   581 I SpiService: fgesysctrl_getGPIO_status success val=1
05-27 18:48:39.623  1083  1083 I MyAppLog: [2026-05-27 18:48:39.622 I tboxap mcuSendYadiTransfer:196] [Mcu] [mcuYadiSend]: :00 08 16 04 01 09 81 02 01 01
05-27 18:48:39.623 11346 16541 D VersionPrinter: com.android.car- VersionName:[13] - append:[] - active:[]
05-27 18:48:39.625   299 30844 D EvsDriver: forwardFrame
05-27 08:39:48.586   581   581 D spi_rst_gpio_get_output: GPIO 145 value: 1
05-27 08:39:48.586   581   581 D spidev_ioctl: gpio status=1)
05-27 18:48:39.626   481   599 I mcuc    : start timer OK = 30412 
05-27 18:48:39.627   581   581 I SpiService: fgesysctrl_getGPIO_status success val=1
05-27 18:48:39.627   299 30844 D EvsDriver: Delivered 0xb400007b7ca56900 as id 0
05-27 18:48:39.627  1167  1184 D evsmanagerd: /dev/video6 forwarded the buffer #0 to 0xb4000074bf5f5510 from 0xb4000074bf5f6d90
05-27 08:39:48.591   581   581 D spi_rst_gpio_get_output: GPIO 145 value: 1
05-27 08:39:48.591   581   581 D spidev_ioctl: gpio status=1)
05-27 18:48:39.630   299  1153 D EvsDriver: doneWithFrame
05-27 18:48:39.630   299 30841 D EvsDriver: forwardFrame
05-27 18:48:39.632   581   581 I SpiService: fgesysctrl_getGPIO_status success val=1
05-27 08:39:48.597   581   581 D spi_rst_gpio_get_output: GPIO 145 value: 1
05-27 08:39:48.597   581   581 D spidev_ioctl: gpio status=1)
05-27 18:48:39.634   299 30841 D EvsDriver: Delivered 0xb400007b7ca56a60 as id 0
05-27 18:48:39.634  1167  1184 D evsmanagerd: /dev/video4 forwarded the buffer #0 to 0xb4000074bf5f6850 from 0xb4000074bf5f41d0
05-27 18:48:39.636   299  1153 D EvsDriver: doneWithFrame
05-27 18:48:39.638   536   536 D commservice260303: msg.id = 1028,0
05-27 18:48:39.638   536   536 D commservice260303: i = 170, msgid = 8A000404
05-27 18:48:39.638   536   536 D commservice260303: msgid = -1979710460,did=138
05-27 18:48:39.638   536   536 D commservice260303: CommProtocolLibCmdBaseI2C::dataproc {"command":{"id":"imu_status","sub":""},"content":{"TimeStamp":10,"FrameCounter":252418,"GD_X":-0.010841978713870049,"GD_Y":0.005345047451555729,"GD_Z":0.0021378109231591225,"AD_X":-0.007572174072265625,"AD_Y":0.0023021793458610773,"AD_Z":-0.1731414794921875,"TempDsp":0,"Status":0,"CalibState":1,"SigAmpInvalid":0}},-1979710460
05-27 18:48:39.638   536   536 D commservice260303: send2Cluster len:316, 7B22636F6D6D616E64223A7B226964223A22696D755F737461747573222C22737562223A22227D2C22636F6E74656E74223A7B2254696D655374616D70223A31302C224672616D65436F756E746572223A3235323431382C2247445F58223A2D302E3031303834313937383731333837303034392C2247445F59223A302E3030353334353034373435313535353732392C2247445F5A223A302E303032313337383130393233313539313232352C2241445F58223A2D302E3030373537323137343037323236353632352C2241445F59223A302E303032333032313739333435383631303737332C2241445F5A223A2D302E313733313431343739343932313837352C2254656D70447370223A302C22537461747573223A302C2243616C69625374617465223A312C22536967416D70496E76616C6964223A307D7D, 138 
05-27 18:48:39.638   581   581 I SpiService: fgesysctrl_getGPIO_status success val=1
05-27 18:48:39.638   536   536 D commservice260303: Push Message into SendPool fn=-937819136
05-27 18:48:39.638   536   536 D commservice260303: ComProtocolLibSend2Cluster::send2ClusterRaw fn=-937819136 , len=332
05-27 18:48:39.638   536   536 D commservice260303: sendCmdToPort :332!!!
05-27 18:48:39.638   536   536 D commservice260303: send Cmd To Port ++++5AA501488A0100041AC86A16CC077B22636F6D6D616E64223A7B226964223A22696D755F737461747573222C22737562223A22227D2C22636F6E74656E74223A7B2254696D655374616D70223A31302C224672616D65436F756E746572223A3235323431382C2247445F58223A2D302E3031303834313937383731333837303034392C2247445F59223A302E3030353334353034373435313535353732392C2247445F5A223A302E303032313337383130393233313539313232352C2241445F58223A2D302E3030373537323137343037323236353632352C2241445F59223A302E303032333032313739333435383631303737332C2241445F5A223A2D302E313733313431343739343932313837352C2254656D70447370223A302C22537461747573223A302C2243616C69625374617465223A312C22536967416D70496E76616C6964223A307D7DD7A9
05-27 18:48:39.639   536   536 D commservice260303: bufferevent_write retrun value = 0
05-27 18:48:39.639   536   560 D commservice260303: client datas send succeed,send finish
05-27 18:48:39.639 13911 14192 D Sentinelmode_1.2.5.17_sentry: <SentryImuClusterFgeSender>imu_status sent to Linux, frame=252418, tsNs=10786868, tsMs=10, intervalMs=42, ad=(-0.007572174,0.0023021793,-0.17314148), gd=(-0.010841979,0.0053450475,0.002137811)
05-27 18:48:39.640 13911 14183 I SentryImuMcuAngleSender: 179.97197rollDeg
05-27 18:48:39.640 13911 14183 I SentryImuMcuAngleSender: 1,0,0
05-27 18:48:39.640  1008 30857 D [OMXB]  : usingANWBuffer: handle:0xee744790, format:1, w:1920, h:1080
05-27 08:39:48.603   581   581 D spi_rst_gpio_get_output: GPIO 145 value: 1
05-27 08:39:48.603   581   581 D spidev_ioctl: gpio status=1)
05-27 18:48:39.644   581   581 I SpiService: fgesysctrl_getGPIO_status success val=0
05-27 18:48:39.644   481   597 I mcuc    : send SPI:6AA60176CC00F8090116040109810201010000000000000000000000000000000000000000000000000000000000000000000000000000000000000000000000000000000000000000000000000000000000000000000000000000000000000000000000000000000000000000000000000000000000000000000000000000000000000000000000000000000000000000000000000000000000000000000000000000000000000000000000000000000000000000000000000000000000000000000000000000000000000000000000000000000000000000000000000000000000000000000000000000000000000000000000000000000000000000000012
05-27 08:39:48.608   581   581 D spi_rst_gpio_get_output: GPIO 145 value: 0
05-27 08:39:48.608   581   581 D spidev_ioctl: gpio status=0)
05-27 18:48:39.653   572   572 I Sensors : 230 AccelSensor: x:-0.169580,y:0.004880,z:-9.971670
05-27 18:48:39.653  1008 30856 D [OMXB]  : usingANWBuffer: handle:0xee745760, format:1, w:1920, h:1080
05-27 18:48:39.658   581   581 I SpiService: fgesysctrl_getGPIO_status success val=1
05-27 18:48:39.659   299 30844 D EvsDriver: forwardFrame
05-27 18:48:39.660 13911 14183 I SentryImuMcuAngleSender: 179.97197rollDeg
05-27 18:48:39.660 13911 14183 I SentryImuMcuAngleSender: 1,0,0
05-27 18:48:39.661   299 30844 D EvsDriver: Delivered 0xb400007b7ca56900 as id 0
05-27 08:39:48.622   581   581 D spi_rst_gpio_get_output: GPIO 145 value: 1
05-27 08:39:48.622   581   581 D spidev_ioctl: gpio status=1)
05-27 18:48:39.661  1167  1184 D evsmanagerd: /dev/video6 forwarded the buffer #0 to 0xb4000074bf5f5510 from 0xb4000074bf5f6d90
05-27 18:48:39.664   581   581 I SpiService: fgesysctrl_getGPIO_status success val=1
05-27 18:48:39.664   299  1153 D EvsDriver: doneWithFrame
05-27 08:39:48.628   581   581 D spi_rst_gpio_get_output: GPIO 145 value: 1
05-27 08:39:48.628   581   581 D spidev_ioctl: gpio status=1)
05-27 18:48:39.667   299 30841 D EvsDriver: forwardFrame
05-27 18:48:39.669   581   581 I SpiService: fgesysctrl_getGPIO_status success val=1
05-27 18:48:39.670   299 30841 D EvsDriver: Delivered 0xb400007b7ca56a60 as id 0
05-27 18:48:39.670  1167  1184 D evsmanagerd: /dev/video4 forwarded the buffer #0 to 0xb4000074bf5f6850 from 0xb4000074bf5f41d0
05-27 18:48:39.674   299  1153 D EvsDriver: doneWithFrame
05-27 08:39:48.640   581   581 D spidev_ioctl: gpio status=1)
05-27 18:48:39.677   536   536 D commservice260303: msg.id = 1028,0
05-27 18:48:39.677   536   536 D commservice260303: i = 170, msgid = 8A000404
05-27 18:48:39.677   536   536 D commservice260303: msgid = -1979710460,did=138
05-27 18:48:39.677   536   536 D commservice260303: CommProtocolLibCmdBaseI2C::dataproc {"command":{"id":"imu_status","sub":""},"content":{"TimeStamp":10,"FrameCounter":252419,"GD_X":-0.011377211660146713,"GD_Y":0.00549693126231432,"GD_Z":0.0019079053308814764,"AD_X":-8.587390184402466E-4,"AD_Y":0.0010639398824423552,"AD_Z":-0.16704177856445312,"TempDsp":0,"Status":0,"CalibState":1,"SigAmpInvalid":0}},-1979710460
05-27 18:48:39.677   536   536 D commservice260303: send2Cluster len:316, 7B22636F6D6D616E64223A7B226964223A22696D755F737461747573222C22737562223A22227D2C22636F6E74656E74223A7B2254696D655374616D70223A31302C224672616D65436F756E746572223A3235323431392C2247445F58223A2D302E3031313337373231313636303134363731332C2247445F59223A302E30303534393639333132363233313433322C2247445F5A223A302E303031393037393035333330383831343736342C2241445F58223A2D382E353837333930313834343032343636452D342C2241445F59223A302E303031303633393339383832343432333535322C2241445F5A223A2D302E31363730343137373835363434353331322C2254656D70447370223A302C22537461747573223A302C2243616C69625374617465223A312C22536967416D70496E76616C6964223A307D7D, 138 
05-27 18:48:39.677   536   536 D commservice260303: Push Message into SendPool fn=-921041920
05-27 18:48:39.677   536   536 D commservice260303: ComProtocolLibSend2Cluster::send2ClusterRaw fn=-921041920 , len=332
05-27 18:48:39.677   536   536 D commservice260303: sendCmdToPort :332!!!
05-27 18:48:39.677   536   536 D commservice260303: send Cmd To Port ++++5AA501488A0100041AC96A16CC077B22636F6D6D616E64223A7B226964223A22696D755F737461747573222C22737562223A22227D2C22636F6E74656E74223A7B2254696D655374616D70223A31302C224672616D65436F756E746572223A3235323431392C2247445F58223A2D302E3031313337373231313636303134363731332C2247445F59223A302E30303534393639333132363233313433322C2247445F5A223A302E303031393037393035333330383831343736342C2241445F58223A2D382E353837333930313834343032343636452D342C2241445F59223A302E303031303633393339383832343432333535322C2241445F5A223A2D302E31363730343137373835363434353331322C2254656D70447370223A302C22537461747573223A302C2243616C69625374617465223A312C22536967416D70496E76616C6964223A307D7D25C3
05-27 18:48:39.678   536   536 D commservice260303: bufferevent_write retrun value = 0
05-27 18:48:39.678   536   560 D commservice260303: client datas send succeed,send finish
05-27 18:48:39.678 13911 14192 D Sentinelmode_1.2.5.17_sentry: <SentryImuClusterFgeSender>imu_status sent to Linux, frame=252419, tsNs=10786924, tsMs=10, intervalMs=39, ad=(-8.58739E-4,0.0010639399,-0.16704178), gd=(-0.011377212,0.0054969313,0.0019079053)
05-27 18:48:39.680  1008 30857 D [OMXB]  : usingANWBuffer: handle:0xee743240, format:1, w:1920, h:1080
05-27 18:48:39.680 13911 14183 I SentryImuMcuAngleSender: 179.97897rollDeg
05-27 18:48:39.680 13911 14183 I SentryImuMcuAngleSender: 1,0,0
05-27 18:48:39.681   581   581 I SpiService: fgesysctrl_getGPIO_status success val=0
05-27 08:39:48.646   581   581 D spi_rst_gpio_get_output: GPIO 145 value: 0
05-27 08:39:48.646   581   581 D spidev_ioctl: gpio status=0)
05-27 18:48:39.692   299 30841 D EvsDriver: forwardFrame
05-27 18:48:39.693   299 30844 D EvsDriver: forwardFrame
05-27 18:48:39.694   299 30844 D EvsDriver: Delivered 0xb400007b7ca56900 as id 0
05-27 18:48:39.694  1167  1184 D evsmanagerd: /dev/video6 forwarded the buffer #0 to 0xb4000074bf5f5510 from 0xb4000074bf5f6d90
05-27 18:48:39.694   299 30841 D EvsDriver: Delivered 0xb400007b7ca56a60 as id 0
05-27 18:48:39.694  1167  1167 D evsmanagerd: /dev/video4 forwarded the buffer #0 to 0xb4000074bf5f6850 from 0xb4000074bf5f41d0
05-27 18:48:39.695   481   598 I mcuc    : rev,n=1,6AA68276CC0002090130
05-27 18:48:39.696   299  1153 D EvsDriver: doneWithFrame
05-27 18:48:39.696   581   581 I SpiService: fgesysctrl_getGPIO_status success val=1
05-27 18:48:39.698   283   307 I rvcservice: t.code = 4, t.value = 0
05-27 08:39:48.661   581   581 D spi_rst_gpio_get_output: GPIO 145 value: 1
05-27 08:39:48.661   581   581 D spidev_ioctl: gpio status=1)
05-27 18:48:39.700   299  1153 D EvsDriver: doneWithFrame
05-27 18:48:39.701 13911 14183 I SentryImuMcuAngleSender: 179.98598rollDeg
05-27 18:48:39.701 13911 14183 I SentryImuMcuAngleSender: 1,0,0
05-27 18:48:39.702   581   581 I SpiService: fgesysctrl_getGPIO_status success val=1
05-27 18:48:39.703  1008 30856 D [OMXB]  : usingANWBuffer: handle:0xee740170, format:1, w:1920, h:1080
05-27 18:48:39.704 30773 30789 I dvr_service_: Camera 0: MediaOK:149493439, frames:3370, isKeyFrame:0,pts:10786653363
05-27 08:39:48.667   581   581 D spi_rst_gpio_get_output: GPIO 145 value: 1
05-27 08:39:48.667   581   581 D spidev_ioctl: gpio status=1)
05-27 18:48:39.708   581   581 I SpiService: fgesysctrl_getGPIO_status success val=1
05-27 08:39:48.672   581   581 D spi_rst_gpio_get_output: GPIO 145 value: 1
05-27 08:39:48.672   581   581 D spidev_ioctl: gpio status=1)
05-27 18:48:39.713   581   581 I SpiService: fgesysctrl_getGPIO_status success val=1
05-27 18:48:39.716   536   536 D commservice260303: msg.id = 1028,0
05-27 18:48:39.717   536   536 D commservice260303: i = 170, msgid = 8A000404
05-27 18:48:39.717   536   536 D commservice260303: msgid = -1979710460,did=138
05-27 18:48:39.717   536   536 D commservice260303: CommProtocolLibCmdBaseI2C::dataproc {"command":{"id":"imu_status","sub":""},"content":{"TimeStamp":10,"FrameCounter":252420,"GD_X":-0.011759000830352306,"GD_Y":0.005420989356935024,"GD_Z":0.0022902146447449923,"AD_X":0.0045862942934036255,"AD_Y":-0.0025860753376036882,"AD_Z":-0.16886615753173828,"TempDsp":0,"Status":0,"CalibState":1,"SigAmpInvalid":0}},-1979710460
05-27 08:39:48.678   581   581 D spi_rst_gpio_get_output: GPIO 145 value: 1
05-27 08:39:48.678   581   581 D spidev_ioctl: gpio status=1)
05-27 18:48:39.717   536   536 D commservice260303: send2Cluster len:318, 7B22636F6D6D616E64223A7B226964223A22696D755F737461747573222C22737562223A22227D2C22636F6E74656E74223A7B2254696D655374616D70223A31302C224672616D65436F756E746572223A3235323432302C2247445F58223A2D302E3031313735393030303833303335323330362C2247445F59223A302E3030353432303938393335363933353032342C2247445F5A223A302E303032323930323134363434373434393932332C2241445F58223A302E303034353836323934323933343033363235352C2241445F59223A2D302E303032353836303735333337363033363838322C2241445F5A223A2D302E31363838363631353735333137333832382C2254656D70447370223A302C22537461747573223A302C2243616C69625374617465223A312C22536967416D70496E76616C6964223A307D7D, 138 
05-27 18:48:39.717   536   536 D commservice260303: Push Message into SendPool fn=-904264704
05-27 18:48:39.717   536   536 D commservice260303: ComProtocolLibSend2Cluster::send2ClusterRaw fn=-904264704 , len=334
05-27 18:48:39.717   536   536 D commservice260303: sendCmdToPort :334!!!
05-27 18:48:39.717   536   536 D commservice260303: send Cmd To Port ++++5AA5014A8A0100041ACA6A16CC077B22636F6D6D616E64223A7B226964223A22696D755F737461747573222C22737562223A22227D2C22636F6E74656E74223A7B2254696D655374616D70223A31302C224672616D65436F756E746572223A3235323432302C2247445F58223A2D302E3031313735393030303833303335323330362C2247445F59223A302E3030353432303938393335363933353032342C2247445F5A223A302E303032323930323134363434373434393932332C2241445F58223A302E303034353836323934323933343033363235352C2241445F59223A2D302E303032353836303735333337363033363838322C2241445F5A223A2D302E31363838363631353735333137333832382C2254656D70447370223A302C22537461747573223A302C2243616C69625374617465223A312C22536967416D70496E76616C6964223A307D7D1EA9
05-27 18:48:39.717   536   536 D commservice260303: bufferevent_write retrun value = 0
05-27 18:48:39.717   536   560 D commservice260303: client datas send succeed,send finish
05-27 18:48:39.717 13911 14192 D Sentinelmode_1.2.5.17_sentry: <SentryImuClusterFgeSender>imu_status sent to Linux, frame=252420, tsNs=10786958, tsMs=10, intervalMs=39, ad=(0.0045862943,-0.0025860753,-0.16886616), gd=(-0.011759001,0.0054209894,0.0022902146)
05-27 18:48:39.718   581   581 I SpiService: fgesysctrl_getGPIO_status success val=1
05-27 18:48:39.719  1008 30857 D [OMXB]  : usingANWBuffer: handle:0xee7435b0, format:1, w:1920, h:1080
05-27 08:39:48.683   581   581 D spi_rst_gpio_get_output: GPIO 145 value: 1
05-27 08:39:48.683   581   581 D spidev_ioctl: gpio status=1)
05-27 18:48:39.721 13911 14183 I SentryImuMcuAngleSender: 180.0rollDeg
