05-27 18:48:37.501   536   536 D commservice260303: send2Cluster len:317, 7B22636F6D6D616E64223A7B226964223A22696D755F737461747573222C22737562223A22227D2C22636F6E74656E74223A7B2254696D655374616D70223A31302C224672616D65436F756E746572223A3235323336362C2247445F58223A2D302E3031303939343930323831313934343438352C2247445F59223A302E30303534393639333132363233313433322C2247445F5A223A302E303032363732303033353832313139393431372C2241445F58223A2D302E3030363437363837393131393837333034372C2241445F59223A2D302E303031353435313331323036353132343531322C2241445F5A223A2D302E31373139313630303739393536303534372C2254656D70447370223A302C22537461747573223A302C2243616C69625374617465223A312C22536967416D70496E76616C6964223A307D7D, 138 
05-27 18:48:37.501   536   536 D commservice260303: Push Message into SendPool fn=-1843788800
05-27 18:48:37.501   536   536 D commservice260303: ComProtocolLibSend2Cluster::send2ClusterRaw fn=-1843788800 , len=333
05-27 18:48:37.501   536   536 D commservice260303: sendCmdToPort :333!!!
05-27 18:48:37.501   536   536 D commservice260303: send Cmd To Port ++++5AA501498A0100041A926A16CC057B22636F6D6D616E64223A7B226964223A22696D755F737461747573222C22737562223A22227D2C22636F6E74656E74223A7B2254696D655374616D70223A31302C224672616D65436F756E746572223A3235323336362C2247445F58223A2D302E3031303939343930323831313934343438352C2247445F59223A302E30303534393639333132363233313433322C2247445F5A223A302E303032363732303033353832313139393431372C2241445F58223A2D302E3030363437363837393131393837333034372C2241445F59223A2D302E303031353435313331323036353132343531322C2241445F5A223A2D302E31373139313630303739393536303534372C2254656D70447370223A302C22537461747573223A302C2243616C69625374617465223A312C22536967416D70496E76616C6964223A307D7D5871
05-27 18:48:37.501   536   536 D commservice260303: bufferevent_write retrun value = 0
05-27 18:48:37.501   536   560 D commservice260303: client datas send succeed,send finish
05-27 18:48:37.502 13911 14192 D Sentinelmode_1.2.5.17_sentry: <SentryImuClusterFgeSender>imu_status sent to Linux, frame=252366, tsNs=10784729, tsMs=10, intervalMs=42, ad=(-0.006476879,-0.0015451312,-0.17191601), gd=(-0.010994903,0.0054969313,0.0026720036)
05-27 18:48:37.504   299 30844 D EvsDriver: Delivered 0xb400007b7ca56900 as id 0
05-27 18:48:37.504  1167  1184 D evsmanagerd: /dev/video6 forwarded the buffer #0 to 0xb4000074bf5f5510 from 0xb4000074bf5f6d90
05-27 18:48:37.506   299 30841 D EvsDriver: Delivered 0xb400007b7ca56a60 as id 0
05-27 18:48:37.506  1167  1184 D evsmanagerd: /dev/video4 forwarded the buffer #0 to 0xb4000074bf5f6850 from 0xb4000074bf5f41d0
05-27 18:48:37.508   299  1153 D EvsDriver: doneWithFrame
05-27 18:48:37.510  1008 30856 D [OMXB]  : usingANWBuffer: handle:0xee741400, format:1, w:1920, h:1080
05-27 18:48:37.512   299  1153 D EvsDriver: doneWithFrame
05-27 18:48:37.512 13911 14183 I SentryImuMcuAngleSender: 179.986rollDeg
05-27 18:48:37.512 13911 14183 I SentryImuMcuAngleSender: 1,0,0
05-27 18:48:37.513   581   581 I SpiService: fgesysctrl_getGPIO_status success val=1
05-27 08:39:46.478   581   581 D spi_rst_gpio_get_output: GPIO 145 value: 1
05-27 08:39:46.478   581   581 D spidev_ioctl: gpio status=1)
05-27 18:48:37.517   269   269 D libvintf: HalManifest::getHidlTransport(framework): Cannot find android.hardware.usb@1.0::IUsb/default
05-27 18:48:37.518   269   269 D libvintf: HalManifest::getHidlTransport(device): Cannot find android.hardware.usb@1.0::IUsb/default
05-27 18:48:37.518   269   269 I hwservicemanager: getTransport: Cannot find entry android.hardware.usb@1.0::IUsb/default in either framework or device VINTF manifest.
05-27 18:48:37.519   581   581 I SpiService: fgesysctrl_getGPIO_status success val=1
05-27 18:48:37.519 12348 12448 E ExtUsbManager: UsbHalController: android.hardware.usb.V1_0.IUsb getService failed!
05-27 18:48:37.519 12348 12448 E ExtUsbManager: java.util.NoSuchElementException
05-27 18:48:37.519 12348 12448 E ExtUsbManager: 	at android.os.HwBinder.getService(Native Method)
05-27 18:48:37.519 12348 12448 E ExtUsbManager: 	at android.os.HwBinder.getService(HwBinder.java:81)
05-27 18:48:37.519 12348 12448 E ExtUsbManager: 	at android.hardware.usb.V1_0.IUsb.getService(IUsb.java:74)
05-27 18:48:37.519 12348 12448 E ExtUsbManager: 	at android.hardware.usb.V1_0.IUsb.getService(IUsb.java:84)
05-27 18:48:37.519 12348 12448 E ExtUsbManager: 	at ts.car.usb.UsbHalController.createService(UsbHalController.java:37)
05-27 18:48:37.519 12348 12448 E ExtUsbManager: 	at ts.car.usb.UsbHalController.createService(UsbHalController.java:18)
05-27 18:48:37.519 12348 12448 E ExtUsbManager: 	at ts.car.usb.utils.AutoServiceConnector4Hidl.autoConnect(AutoServiceConnector4Hidl.java:47)
05-27 18:48:37.519 12348 12448 E ExtUsbManager: 	at ts.car.usb.utils.AutoServiceConnector4Hidl$$ExternalSyntheticLambda0.run(Unknown Source:2)
05-27 18:48:37.519 12348 12448 E ExtUsbManager: 	at android.os.Handler.handleCallback(Handler.java:942)
05-27 18:48:37.519 12348 12448 E ExtUsbManager: 	at android.os.Handler.dispatchMessage(Handler.java:99)
05-27 18:48:37.519 12348 12448 E ExtUsbManager: 	at android.os.Looper.loopOnce(Looper.java:201)
05-27 18:48:37.519 12348 12448 E ExtUsbManager: 	at android.os.Looper.loop(Looper.java:288)
05-27 18:48:37.519 12348 12448 E ExtUsbManager: 	at android.os.HandlerThread.run(HandlerThread.java:67)
05-27 18:48:37.519   269   269 D libvintf: HalManifest::getHidlTransport(framework): Cannot find vendor.ts.usbext@1.0::IUsbext/default
05-27 18:48:37.519   269   269 D libvintf: HalManifest::getHidlTransport(device): Cannot find vendor.ts.usbext@1.0::IUsbext/default
05-27 18:48:37.519   269   269 I hwservicemanager: getTransport: Cannot find entry vendor.ts.usbext@1.0::IUsbext/default in either framework or device VINTF manifest.
05-27 18:48:37.520 12348 12448 E ExtUsbManager: UsbHalExtController: vendor.ts.usbext.V1_0.IUsbext getService failed!
05-27 18:48:37.520 12348 12448 E ExtUsbManager: java.util.NoSuchElementException
05-27 18:48:37.520 12348 12448 E ExtUsbManager: 	at android.os.HwBinder.getService(Native Method)
05-27 18:48:37.520 12348 12448 E ExtUsbManager: 	at android.os.HwBinder.getService(HwBinder.java:81)
05-27 18:48:37.520 12348 12448 E ExtUsbManager: 	at vendor.ts.usbext.V1_0.IUsbext.getService(IUsbext.java:74)
05-27 18:48:37.520 12348 12448 E ExtUsbManager: 	at vendor.ts.usbext.V1_0.IUsbext.getService(IUsbext.java:84)
05-27 18:48:37.520 12348 12448 E ExtUsbManager: 	at ts.car.usb.UsbHalExtController.createService(UsbHalExtController.java:37)
05-27 18:48:37.520 12348 12448 E ExtUsbManager: 	at ts.car.usb.UsbHalExtController.createService(UsbHalExtController.java:18)
05-27 18:48:37.520 12348 12448 E ExtUsbManager: 	at ts.car.usb.utils.AutoServiceConnector4Hidl.autoConnect(AutoServiceConnector4Hidl.java:47)
05-27 18:48:37.520 12348 12448 E ExtUsbManager: 	at ts.car.usb.utils.AutoServiceConnector4Hidl$$ExternalSyntheticLambda0.run(Unknown Source:2)
05-27 18:48:37.520 12348 12448 E ExtUsbManager: 	at android.os.Handler.handleCallback(Handler.java:942)
05-27 18:48:37.520 12348 12448 E ExtUsbManager: 	at android.os.Handler.dispatchMessage(Handler.java:99)
05-27 18:48:37.520 12348 12448 E ExtUsbManager: 	at android.os.Looper.loopOnce(Looper.java:201)
05-27 18:48:37.520 12348 12448 E ExtUsbManager: 	at android.os.Looper.loop(Looper.java:288)
05-27 18:48:37.520 12348 12448 E ExtUsbManager: 	at android.os.HandlerThread.run(HandlerThread.java:67)
05-27 18:48:37.520   269   269 D libvintf: HalManifest::getHidlTransport(framework): Cannot find android.hardware.usb.gadget@1.0::IUsbGadget/default
05-27 18:48:37.520   269   269 D libvintf: HalManifest::getHidlTransport(device): Cannot find android.hardware.usb.gadget@1.0::IUsbGadget/default
05-27 18:48:37.520   269   269 I hwservicemanager: getTransport: Cannot find entry android.hardware.usb.gadget@1.0::IUsbGadget/default in either framework or device VINTF manifest.
05-27 18:48:37.521 12348 12448 E ExtUsbManager: UsbGadgetController: android.hardware.usb.gadget.V1_0.IUsbGadget getService failed!
05-27 18:48:37.521 12348 12448 E ExtUsbManager: java.util.NoSuchElementException
05-27 18:48:37.521 12348 12448 E ExtUsbManager: 	at android.os.HwBinder.getService(Native Method)
05-27 18:48:37.521 12348 12448 E ExtUsbManager: 	at android.os.HwBinder.getService(HwBinder.java:81)
05-27 18:48:37.521 12348 12448 E ExtUsbManager: 	at android.hardware.usb.gadget.V1_0.IUsbGadget.getService(IUsbGadget.java:74)
05-27 18:48:37.521 12348 12448 E ExtUsbManager: 	at android.hardware.usb.gadget.V1_0.IUsbGadget.getService(IUsbGadget.java:84)
05-27 18:48:37.521 12348 12448 E ExtUsbManager: 	at ts.car.usb.UsbGadgetController.createService(UsbGadgetController.java:36)
05-27 18:48:37.521 12348 12448 E ExtUsbManager: 	at ts.car.usb.UsbGadgetController.createService(UsbGadgetController.java:17)
05-27 18:48:37.521 12348 12448 E ExtUsbManager: 	at ts.car.usb.utils.AutoServiceConnector4Hidl.autoConnect(AutoServiceConnector4Hidl.java:47)
05-27 18:48:37.521 12348 12448 E ExtUsbManager: 	at ts.car.usb.utils.AutoServiceConnector4Hidl$$ExternalSyntheticLambda0.run(Unknown Source:2)
05-27 18:48:37.521 12348 12448 E ExtUsbManager: 	at android.os.Handler.handleCallback(Handler.java:942)
05-27 18:48:37.521 12348 12448 E ExtUsbManager: 	at android.os.Handler.dispatchMessage(Handler.java:99)
05-27 18:48:37.521 12348 12448 E ExtUsbManager: 	at android.os.Looper.loopOnce(Looper.java:201)
05-27 18:48:37.521 12348 12448 E ExtUsbManager: 	at android.os.Looper.loop(Looper.java:288)
05-27 18:48:37.521 12348 12448 E ExtUsbManager: 	at android.os.HandlerThread.run(HandlerThread.java:67)
05-27 08:39:46.483   581   581 D spi_rst_gpio_get_output: GPIO 145 value: 1
05-27 08:39:46.483   581   581 D spidev_ioctl: gpio status=1)
05-27 18:48:37.524   581   581 I SpiService: fgesysctrl_getGPIO_status success val=1
05-27 08:39:46.489   581   581 D spi_rst_gpio_get_output: GPIO 145 value: 1
05-27 08:39:46.489   581   581 D spidev_ioctl: gpio status=1)
05-27 18:48:37.528   299 30844 D EvsDriver: forwardFrame
05-27 18:48:37.530   299 30841 D EvsDriver: forwardFrame
05-27 18:48:37.530   581   581 I SpiService: fgesysctrl_getGPIO_status success val=1
05-27 18:48:37.530   299 30844 D EvsDriver: Delivered 0xb400007b7ca56900 as id 0
05-27 18:48:37.530  1167  1184 D evsmanagerd: /dev/video6 forwarded the buffer #0 to 0xb4000074bf5f5510 from 0xb4000074bf5f6d90
05-27 18:48:37.532 13911 14183 I SentryImuMcuAngleSender: 179.97899rollDeg
05-27 18:48:37.532 13911 14183 I SentryImuMcuAngleSender: 1,0,0
05-27 18:48:37.533  1167  1184 D evsmanagerd: /dev/video4 forwarded the buffer #0 to 0xb4000074bf5f6850 from 0xb4000074bf5f41d0
05-27 18:48:37.534   299 30841 D EvsDriver: Delivered 0xb400007b7ca56a60 as id 0
05-27 18:48:37.536   581   581 I SpiService: fgesysctrl_getGPIO_status success val=0
05-27 18:48:37.538   299  1153 D EvsDriver: doneWithFrame
05-27 18:48:37.538   299  1163 D EvsDriver: doneWithFrame
05-27 08:39:46.495   581   581 D spidev_ioctl: gpio status=1)
05-27 08:39:46.501   581   581 D spi_rst_gpio_get_output: GPIO 145 value: 0
05-27 08:39:46.501   581   581 D spidev_ioctl: gpio status=0)
05-27 18:48:37.542   536   536 D commservice260303: msg.id = 1028,1
05-27 18:48:37.542   536   536 D commservice260303: i = 170, msgid = 8A000404
05-27 18:48:37.542   536   536 D commservice260303: msgid = -1979710460,did=138
05-27 18:48:37.542   536   536 D commservice260303: CommProtocolLibCmdBaseI2C::dataproc {"command":{"id":"imu_status","sub":""},"content":{"TimeStamp":10,"FrameCounter":252367,"GD_X":-0.010841978713870049,"GD_Y":0.004733873065561056,"GD_Z":0.0026720035821199417,"AD_X":-0.007038727402687073,"AD_Y":-0.0015415754169225693,"AD_Z":-0.17313671112060547,"TempDsp":0,"Status":0,"CalibState":1,"SigAmpInvalid":0}},-1979710460
05-27 18:48:37.543   536   536 D commservice260303: send2Cluster len:318, 7B22636F6D6D616E64223A7B226964223A22696D755F737461747573222C22737562223A22227D2C22636F6E74656E74223A7B2254696D655374616D70223A31302C224672616D65436F756E746572223A3235323336372C2247445F58223A2D302E3031303834313937383731333837303034392C2247445F59223A302E3030343733333837333036353536313035362C2247445F5A223A302E303032363732303033353832313139393431372C2241445F58223A2D302E3030373033383732373430323638373037332C2241445F59223A2D302E303031353431353735343136393232353639332C2241445F5A223A2D302E31373331333637313131323036303534372C2254656D70447370223A302C22537461747573223A302C2243616C69625374617465223A312C22536967416D70496E76616C6964223A307D7D, 138 
05-27 18:48:37.543   536   536 D commservice260303: Push Message into SendPool fn=-1827011584
05-27 18:48:37.543   536   536 D commservice260303: ComProtocolLibSend2Cluster::send2ClusterRaw fn=-1827011584 , len=334
05-27 18:48:37.543   536   536 D commservice260303: sendCmdToPort :334!!!
05-27 18:48:37.543   536   536 D commservice260303: send Cmd To Port ++++5AA5014A8A0100041A936A16CC057B22636F6D6D616E64223A7B226964223A22696D755F737461747573222C22737562223A22227D2C22636F6E74656E74223A7B2254696D655374616D70223A31302C224672616D65436F756E746572223A3235323336372C2247445F58223A2D302E3031303834313937383731333837303034392C2247445F59223A302E3030343733333837333036353536313035362C2247445F5A223A302E303032363732303033353832313139393431372C2241445F58223A2D302E3030373033383732373430323638373037332C2241445F59223A2D302E303031353431353735343136393232353639332C2241445F5A223A2D302E31373331333637313131323036303534372C2254656D70447370223A302C22537461747573223A302C2243616C69625374617465223A312C22536967416D70496E76616C6964223A307D7D8C82
05-27 18:48:37.543   536   536 D commservice260303: bufferevent_write retrun value = 0
05-27 18:48:37.543   536   560 D commservice260303: client datas send succeed,send finish
05-27 18:48:37.544 13911 14192 D Sentinelmode_1.2.5.17_sentry: <SentryImuClusterFgeSender>imu_status sent to Linux, frame=252367, tsNs=10784782, tsMs=10, intervalMs=42, ad=(-0.0070387274,-0.0015415754,-0.17313671), gd=(-0.010841979,0.004733873,0.0026720036)
05-27 18:48:37.544 30773 30786 I dvr_service_: CameraX 0  audioOK: 147334785,audios:2190
05-27 18:48:37.549  1008 30857 D [OMXB]  : usingANWBuffer: handle:0xee743240, format:1, w:1920, h:1080
05-27 08:39:46.517   581   581 D spi_rst_gpio_get_output: GPIO 145 value: 1
05-27 08:39:46.517   581   581 D spidev_ioctl: gpio status=1)
05-27 18:48:37.552   581   581 I SpiService: fgesysctrl_getGPIO_status success val=1
05-27 18:48:37.553   481   598 I mcuc    : rev,n=1,6AA681D938000B8300E0000000000000000000
05-27 18:48:37.553   351   373 D automotive.vehicle@2.0-adayo-datacomm-mcu: MCUDatacomm sendMessageFromVehicle prop: 0x83, areaId: 0x0, status: 0x0, timestamp: 0x0
05-27 18:48:37.554   351   373 D automotive.vehicle@2.0-adayo-datacomm-mcu: MCUDatacomm 1sendMessageFromVehicle ---> type = 7 
05-27 18:48:37.554   351   373 I automotive.vehicle@2.0-adayo-func-mcu: MCUFunc :sendMessageFromVehicle  msgBuff[0] = 131 
05-27 18:48:37.554   351   373 I automotive.vehicle@2.0-adayo-func-mcu: MCUFunc :sendMessageFromVehicle  msgBuff[1] = 0 
05-27 18:48:37.554   351   373 I automotive.vehicle@2.0-adayo-func-mcu: MCUFunc :sendMessageFromVehicle  msgBuff[2] = 0 
05-27 18:48:37.554   351   373 I automotive.vehicle@2.0-adayo-func-mcu: MCUFunc :sendMessageFromVehicle  msgBuff[3] = 0 
05-27 18:48:37.554   351   373 I automotive.vehicle@2.0-adayo-func-mcu: MCUFunc :sendMessageFromVehicle  msgBuff[4] = 3 
05-27 18:48:37.554   351   373 I automotive.vehicle@2.0-adayo-func-mcu: MCUFunc :sendMessageFromVehicle  msgBuff[5] = 1 
05-27 18:48:37.554   351   373 I automotive.vehicle@2.0-adayo-func-mcu: MCUFunc :sendMessageFromVehicle  msgBuff[6] = 0 
05-27 18:48:37.554   351   373 I automotive.vehicle@2.0-adayo-func-mcu: MCUFunc :sendMessageFromVehicle  msgBuff[7] = 0 
05-27 18:48:37.554   351   373 I automotive.vehicle@2.0-adayo-func-mcu: MCUFunc :sendMessageFromVehicle  msgBuff[8] = 0 
05-27 18:48:37.554   351   373 I automotive.vehicle@2.0-adayo-func-mcu: MCUFunc :sendMessageFromVehicle  msgBuff[9] = 0 
05-27 18:48:37.554 13911 14183 I SentryImuMcuAngleSender: 180.0rollDeg
05-27 18:48:37.554   351   373 I automotive.vehicle@2.0-adayo-func-mcu: MCUFunc :sendMessageFromVehicle  msgBuff[10] = 0 
05-27 18:48:37.554 13911 14183 I SentryImuMcuAngleSender: 1,0,0
05-27 18:48:37.554   351   373 I automotive.vehicle@2.0-adayo-func-mcu: MCUFunc :sendMessageFromVehicle  msgBuff[11] = 0 
05-27 18:48:37.554   351   373 I automotive.vehicle@2.0-adayo-func-mcu: MCUFunc :sendMessageFromVehicle  msgBuff[12] = 0 
05-27 18:48:37.554   351   373 I automotive.vehicle@2.0-adayo-func-mcu: MCUFunc :sendMessageFromVehicle  msgBuff[13] = 0 
05-27 18:48:37.554   351   373 I automotive.vehicle@2.0-adayo-func-mcu: MCUFunc :sendMessageFromVehicle  msgBuff[14] = 0 
05-27 18:48:37.555   351   373 I automotive.vehicle@2.0-adayo-func-mcu: MCUFunc :sendMessageFromVehicle  msgBuff[15] = 0 
05-27 18:48:37.555   351   373 I automotive.vehicle@2.0-adayo-func-mcu: MCUFunc :sendMessageFromVehicle  msgBuff[16] = 0 
05-27 18:48:37.555   481   598 I mcuc    : rev,n=2,6AA681D9390003841500D1
05-27 18:48:37.558   481   598 I mcuc    : rev,n=3,6AA681D93A008C8305000055000000B0000000000001000100003D9B1EB14A251A1E4B1E4A5B741E4A3C961E4BB297798E9D2EF600000000040000B3000000000000000000000000000000B44300000000000300000000000000AA000000E40701010000000000000000BB06050507EA051B000008009403CB00CC000000000000000000000000000000B50000000000000000BE
05-27 18:48:37.558   351   373 D automotive.vehicle@2.0-adayo-datacomm-mcu: MCUDatacomm sendMessageFromVehicle prop: 0x83, areaId: 0x5, status: 0x0, timestamp: 0x0
05-27 18:48:37.558   351   373 D automotive.vehicle@2.0-adayo-datacomm-mcu: MCUDatacomm 1sendMessageFromVehicle ---> type = 7 
05-27 18:48:37.558   351   373 I automotive.vehicle@2.0-adayo-func-mcu: MCUFunc :sendMessageFromVehicle  msgBuff[0] = 131 
05-27 18:48:37.558   351   373 I automotive.vehicle@2.0-adayo-func-mcu: MCUFunc :sendMessageFromVehicle  msgBuff[1] = 5 
05-27 18:48:37.558   351   373 I automotive.vehicle@2.0-adayo-func-mcu: MCUFunc :sendMessageFromVehicle  msgBuff[2] = 0 
05-27 18:48:37.558   351   373 I automotive.vehicle@2.0-adayo-func-mcu: MCUFunc :sendMessageFromVehicle  msgBuff[3] = 0 
05-27 18:48:37.558   351   373 I automotive.vehicle@2.0-adayo-func-mcu: MCUFunc :sendMessageFromVehicle  msgBuff[4] = 85 
05-27 18:48:37.558   351   373 I automotive.vehicle@2.0-adayo-func-mcu: MCUFunc :sendMessageFromVehicle  msgBuff[5] = 0 
05-27 18:48:37.558   536  2579 D commservice260303: send heart beat package to Cluster
05-27 18:48:37.558   536  2579 D commservice260303: send2Cluster len:40, 7B22636F6D6D616E64223A7B226964223A22686561727462656174222C22737562223A22227D7D0A, 129 
05-27 18:48:37.558   536  2579 D commservice260303: Push Message into SendPool fn=-1810234368
05-27 18:48:37.558   536  2579 D commservice260303: ComProtocolLibSend2Cluster::send2ClusterRaw fn=-1810234368 , len=56
05-27 18:48:37.558   536  2579 D commservice260303: sendCmdToPort :56!!!
05-27 18:48:37.559   536  2579 D commservice260303: send Cmd To Port ++++5AA50034810100041A946A16CC057B22636F6D6D616E64223A7B226964223A22686561727462656174222C22737562223A22227D7D0A0376
05-27 18:48:37.559   536  2579 D commservice260303: bufferevent_write retrun value = 0
05-27 18:48:37.559   581   581 I SpiService: fgesysctrl_getGPIO_status success val=1
05-27 18:48:37.559   536   560 D commservice260303: client datas send succeed,send finish
05-27 18:48:37.560   481   598 I mcuc    : rev,n=4,6AA681D93B009E8B3002EA01020403A0030000030100000100000000002901A100000000003B000202000002020002A208FA29018000028000038000048000A3058000068000070000080000000000A4000000000000000000000101000700A5020000000C0102000200FF0100A6EBDD01010101010000000101010000000A0A0A0000010101040402020000000000000000000000000000000000000000000000000000EEDA
05-27 18:48:37.561   536   560 D commservice260303: recv len:91, 5AA50057010000003F226A16CC057B22636F6D6D616E64223A7B226964223A22686561727462656174222C22737562223A22227D2C22726573706F6E65223A7B22636F6465223A302C226D657373616765223A226F6B227D7D7CF8 from server
05-27 08:39:46.523   581   581 D spi_rst_gpio_get_output: GPIO 145 value: 1
05-27 08:39:46.523   581   581 D spidev_ioctl: gpio status=1)
05-27 18:48:37.561   536  2578 D commservice260303: mcuDataAnalyzeHandle templen:91,len:91,pos:0, 5AA50057010000003F226A16CC057B22636F6D6D616E64223A7B226964223A22686561727462656174222C22737562223A22227D2C22726573706F6E65223A7B22636F6465223A302C226D657373616765223A226F6B227D7D7CF8 
05-27 18:48:37.561   536  2578 I commservice260303: checksumCal = 31992
05-27 18:48:37.561   536  2578 D commservice260303: Protocol_C2I_Commservice::dataproc {"command":{"id":"heartbeat","sub":""},"respone":{"code":0,"message":"ok"}},1
05-27 18:48:37.561   536  2578 D commservice260303: Protocol_C2I_Commservice::dataproc Receive a heartbeat command from Cluster, setTcpHeartbeat = EID_UID_HEARTBEAT
05-27 18:48:37.564  1008 30856 D [OMXB]  : usingANWBuffer: handle:0xee7435b0, format:1, w:1920, h:1080
05-27 18:48:37.564   581   581 I SpiService: fgesysctrl_getGPIO_status success val=1
05-27 08:39:46.529   581   581 D spi_rst_gpio_get_output: GPIO 145 value: 1
05-27 08:39:46.529   581   581 D spidev_ioctl: gpio status=1)
05-27 18:48:37.569   299 30844 D EvsDriver: forwardFrame
05-27 18:48:37.571   581   581 I SpiService: fgesysctrl_getGPIO_status success val=1
05-27 18:48:37.571   299 30844 D EvsDriver: Delivered 0xb400007b7ca56900 as id 0
05-27 18:48:37.571  1167  1184 D evsmanagerd: /dev/video6 forwarded the buffer #0 to 0xb4000074bf5f5510 from 0xb4000074bf5f6d90
05-27 08:39:46.535   581   581 D spi_rst_gpio_get_output: GPIO 145 value: 1
05-27 08:39:46.535   581   581 D spidev_ioctl: gpio status=1)
05-27 18:48:37.573   299 30841 D EvsDriver: forwardFrame
05-27 18:48:37.575 13911 14183 I SentryImuMcuAngleSender: 179.993rollDeg
05-27 18:48:37.575 13911 14183 I SentryImuMcuAngleSender: 1,0,0
05-27 18:48:37.576   299 30841 D EvsDriver: Delivered 0xb400007b7ca56a60 as id 0
05-27 18:48:37.576   581   581 I SpiService: fgesysctrl_getGPIO_status success val=0
05-27 18:48:37.576   299  1153 D EvsDriver: doneWithFrame
05-27 18:48:37.576  1167  1184 D evsmanagerd: /dev/video4 forwarded the buffer #0 to 0xb4000074bf5f6850 from 0xb4000074bf5f41d0
05-27 18:48:37.576   481   597 I mcuc    : send SPI:6AA602D93800028300686AA602D93900028415516AA602D93A00028305616AA602D93B00028B302D
05-27 08:39:46.541   581   581 D spi_rst_gpio_get_output: GPIO 145 value: 0
05-27 08:39:46.541   581   581 D spidev_ioctl: gpio status=0)
05-27 18:48:37.582   536   536 D commservice260303: msg.id = 1028,0
05-27 18:48:37.582   536   536 D commservice260303: i = 170, msgid = 8A000404
05-27 18:48:37.582   536   536 D commservice260303: msgid = -1979710460,did=138
05-27 18:48:37.582   536   536 D commservice260303: CommProtocolLibCmdBaseI2C::dataproc {"command":{"id":"imu_status","sub":""},"content":{"TimeStamp":10,"FrameCounter":252368,"GD_X":-0.011147825978696346,"GD_Y":0.005573912989348173,"GD_Z":0.002443138277158141,"AD_X":-9.405612945556641E-4,"AD_Y":-0.0015275629702955484,"AD_Z":-0.16886615753173828,"TempDsp":0,"Status":0,"CalibState":1,"SigAmpInvalid":0}},-1979710460
05-27 18:48:37.582   299  1153 D EvsDriver: doneWithFrame
05-27 18:48:37.582   536   536 D commservice260303: send2Cluster len:317, 7B22636F6D6D616E64223A7B226964223A22696D755F737461747573222C22737562223A22227D2C22636F6E74656E74223A7B2254696D655374616D70223A31302C224672616D65436F756E746572223A3235323336382C2247445F58223A2D302E3031313134373832353937383639363334362C2247445F59223A302E3030353537333931323938393334383137332C2247445F5A223A302E3030323434333133383237373135383134312C2241445F58223A2D392E343035363132393435353536363431452D342C2241445F59223A2D302E303031353237353632393730323935353438342C2241445F5A223A2D302E31363838363631353735333137333832382C2254656D70447370223A302C22537461747573223A302C2243616C69625374617465223A312C22536967416D70496E76616C6964223A307D7D, 138 
05-27 18:48:37.582   536   536 D commservice260303: Push Message into SendPool fn=-1793457152
05-27 18:48:37.582   536   536 D commservice260303: ComProtocolLibSend2Cluster::send2ClusterRaw fn=-1793457152 , len=333
05-27 18:48:37.582   536   536 D commservice260303: sendCmdToPort :333!!!
05-27 18:48:37.582   536   536 D commservice260303: send Cmd To Port ++++5AA501498A0100041A956A16CC057B22636F6D6D616E64223A7B226964223A22696D755F737461747573222C22737562223A22227D2C22636F6E74656E74223A7B2254696D655374616D70223A31302C224672616D65436F756E746572223A3235323336382C2247445F58223A2D302E3031313134373832353937383639363334362C2247445F59223A302E3030353537333931323938393334383137332C2247445F5A223A302E3030323434333133383237373135383134312C2241445F58223A2D392E343035363132393435353536363431452D342C2241445F59223A2D302E303031353237353632393730323935353438342C2241445F5A223A2D302E31363838363631353735333137333832382C2254656D70447370223A302C22537461747573223A302C2243616C69625374617465223A312C22536967416D70496E76616C6964223A307D7DE719
05-27 18:48:37.582   536   536 D commservice260303: bufferevent_write retrun value = 0
05-27 18:48:37.582   536   560 D commservice260303: client datas send succeed,send finish
05-27 18:48:37.583 13911 14192 D Sentinelmode_1.2.5.17_sentry: <SentryImuClusterFgeSender>imu_status sent to Linux, frame=252368, tsNs=10784818, tsMs=10, intervalMs=39, ad=(-9.405613E-4,-0.001527563,-0.16886616), gd=(-0.011147826,0.005573913,0.0024431383)
05-27 18:48:37.585   572   622 I Sensors : 230 GyroSensor: x:-0.012599,y:0.005726,z:0.002138
05-27 18:48:37.587  1008 30857 D [OMXB]  : usingANWBuffer: handle:0xee741c40, format:1, w:1920, h:1080
05-27 18:48:37.591   283   307 I rvcservice: t.code = 2, t.value = 9974720
05-27 18:48:37.592   581   581 I SpiService: fgesysctrl_getGPIO_status success val=1
05-27 08:39:46.557   581   581 D spi_rst_gpio_get_output: GPIO 145 value: 1
05-27 08:39:46.557   581   581 D spidev_ioctl: gpio status=1)
05-27 18:48:37.596 13911 14183 I SentryImuMcuAngleSender: 179.99649rollDeg
05-27 18:48:37.596 13911 14183 I SentryImuMcuAngleSender: 1,0,0
05-27 18:48:37.597   299 30841 D EvsDriver: forwardFrame
05-27 18:48:37.599   581   581 I SpiService: fgesysctrl_getGPIO_status success val=1
05-27 18:48:37.599   299 30841 D EvsDriver: Delivered 0xb400007b7ca56a60 as id 0
05-27 18:48:37.599  1167  1184 D evsmanagerd: /dev/video4 forwarded the buffer #0 to 0xb4000074bf5f6850 from 0xb4000074bf5f41d0
05-27 18:48:37.599 30773 30781 E dvr_service_: [myNum:0] Received S**** loss
05-27 18:48:37.600   299  1153 D EvsDriver: doneWithFrame
05-27 08:39:46.563   581   581 D spi_rst_gpio_get_output: GPIO 145 value: 1
05-27 08:39:46.563   581   581 D spidev_ioctl: gpio status=1)
05-27 18:48:37.602   299 30844 D EvsDriver: forwardFrame
05-27 18:48:37.604   581   581 I SpiService: fgesysctrl_getGPIO_status success val=1
05-27 08:39:46.569   581   581 D spi_rst_gpio_get_output: GPIO 145 value: 1
05-27 18:48:37.605   299 30844 D EvsDriver: Delivered 0xb400007b7ca56900 as id 0
05-27 08:39:46.569   581   581 D spidev_ioctl: gpio status=1)
05-27 18:48:37.605  1167  1184 D evsmanagerd: /dev/video6 forwarded the buffer #0 to 0xb4000074bf5f5510 from 0xb4000074bf5f6d90
05-27 18:48:37.605 30773 30781 E dvr_service_: [myNum:1] Received S**** loss
05-27 18:48:37.605   299  1153 D EvsDriver: doneWithFrame
05-27 18:48:37.606  1008 30856 D [OMXB]  : usingANWBuffer: handle:0xee742ab0, format:1, w:1920, h:1080
05-27 18:48:37.610   581   581 I SpiService: fgesysctrl_getGPIO_status success val=1
05-27 08:39:46.575   581   581 D spi_rst_gpio_get_output: GPIO 145 value: 1
05-27 08:39:46.575   581   581 D spidev_ioctl: gpio status=1)
05-27 18:48:37.616   581   581 I SpiService: fgesysctrl_getGPIO_status success val=0
05-27 08:39:46.580   581   581 D spi_rst_gpio_get_output: GPIO 145 value: 0
05-27 08:39:46.580   581   581 D spidev_ioctl: gpio status=0)
05-27 18:48:37.617 13911 14183 I SentryImuMcuAngleSender: 179.98949rollDeg
05-27 18:48:37.617 13911 14183 I SentryImuMcuAngleSender: 1,0,0
05-27 18:48:37.623   536   536 D commservice260303: msg.id = 1028,0
05-27 18:48:37.623   536   536 D commservice260303: i = 170, msgid = 8A000404
05-27 18:48:37.623   536   536 D commservice260303: msgid = -1979710460,did=138
05-27 18:48:37.623   536   536 D commservice260303: CommProtocolLibCmdBaseI2C::dataproc {"command":{"id":"imu_status","sub":""},"content":{"TimeStamp":10,"FrameCounter":252369,"GD_X":-0.011910883709788322,"GD_Y":0.004656890872865915,"GD_Z":0.002519079949706793,"AD_X":0.0026790648698806763,"AD_Y":9.183005895465612E-4,"AD_Z":-0.1670370101928711,"TempDsp":0,"Status":0,"CalibState":1,"SigAmpInvalid":0}},-1979710460
05-27 18:48:37.623   536   536 D commservice260303: send2Cluster len:314, 7B22636F6D6D616E64223A7B226964223A22696D755F737461747573222C22737562223A22227D2C22636F6E74656E74223A7B2254696D655374616D70223A31302C224672616D65436F756E746572223A3235323336392C2247445F58223A2D302E3031313931303838333730393738383332322C2247445F59223A302E3030343635363839303837323836353931352C2247445F5A223A302E3030323531393037393934393730363739332C2241445F58223A302E303032363739303634383639383830363736332C2241445F59223A392E313833303035383935343635363132452D342C2241445F5A223A2D302E313637303337303130313932383731312C2254656D70447370223A302C22537461747573223A302C2243616C69625374617465223A312C22536967416D70496E76616C6964223A307D7D, 138 
05-27 18:48:37.623   536   536 D commservice260303: Push Message into SendPool fn=-1776679936
05-27 18:48:37.623   536   536 D commservice260303: ComProtocolLibSend2Cluster::send2ClusterRaw fn=-1776679936 , len=330
05-27 18:48:37.623   536   536 D commservice260303: sendCmdToPort :330!!!
05-27 18:48:37.623   536   536 D commservice260303: send Cmd To Port ++++5AA501468A0100041A966A16CC057B22636F6D6D616E64223A7B226964223A22696D755F737461747573222C22737562223A22227D2C22636F6E74656E74223A7B2254696D655374616D70223A31302C224672616D65436F756E746572223A3235323336392C2247445F58223A2D302E3031313931303838333730393738383332322C2247445F59223A302E3030343635363839303837323836353931352C2247445F5A223A302E3030323531393037393934393730363739332C2241445F58223A302E303032363739303634383639383830363736332C2241445F59223A392E313833303035383935343635363132452D342C2241445F5A223A2D302E313637303337303130313932383731312C2254656D70447370223A302C22537461747573223A302C2243616C69625374617465223A312C22536967416D70496E76616C6964223A307D7DFFC7
05-27 18:48:37.623   536   536 D commservice260303: bufferevent_write retrun value = 0
05-27 18:48:37.623   536   560 D commservice260303: client datas send succeed,send finish
05-27 18:48:37.624 13911 14192 D Sentinelmode_1.2.5.17_sentry: <SentryImuClusterFgeSender>imu_status sent to Linux, frame=252369, tsNs=10784871, tsMs=10, intervalMs=42, ad=(0.0026790649,9.183006E-4,-0.16703701), gd=(-0.011910884,0.004656891,0.00251908)
05-27 18:48:37.627   299 30841 D EvsDriver: forwardFrame
05-27 18:48:37.628   299 30841 D EvsDriver: Delivered 0xb400007b7ca56a60 as id 0
05-27 18:48:37.628  1167  1184 D evsmanagerd: /dev/video4 forwarded the buffer #0 to 0xb4000074bf5f6850 from 0xb4000074bf5f41d0
05-27 18:48:37.629   299 30844 D EvsDriver: forwardFrame
05-27 18:48:37.630   581   581 I SpiService: fgesysctrl_getGPIO_status success val=1
05-27 18:48:37.632  1008 30857 D [OMXB]  : usingANWBuffer: handle:0xee7442c0, format:1, w:1920, h:1080
05-27 18:48:37.635  1167  1184 D evsmanagerd: /dev/video6 forwarded the buffer #0 to 0xb4000074bf5f5510 from 0xb4000074bf5f6d90
05-27 18:48:37.635   299 30844 D EvsDriver: Delivered 0xb400007b7ca56900 as id 0
05-27 18:48:37.636   299  1153 D EvsDriver: doneWithFrame
05-27 08:39:46.595   581   581 D spi_rst_gpio_get_output: GPIO 145 value: 1
05-27 08:39:46.595   581   581 D spidev_ioctl: gpio status=1)
05-27 18:48:37.638   581   581 I SpiService: fgesysctrl_getGPIO_status success val=1
05-27 18:48:37.638 13911 14183 I SentryImuMcuAngleSender: 179.97897rollDeg
05-27 18:48:37.638 13911 14183 I SentryImuMcuAngleSender: 1,0,0
05-27 08:39:46.602   581   581 D spi_rst_gpio_get_output: GPIO 145 value: 1
05-27 08:39:46.602   581   581 D spidev_ioctl: gpio status=1)
05-27 18:48:37.643   299  1153 D EvsDriver: doneWithFrame
05-27 18:48:37.643   581   581 I SpiService: fgesysctrl_getGPIO_status success val=1
05-27 08:39:46.608   581   581 D spi_rst_gpio_get_output: GPIO 145 value: 1
05-27 08:39:46.608   581   581 D spidev_ioctl: gpio status=1)
05-27 18:48:37.646  1008 30856 D [OMXB]  : usingANWBuffer: handle:0xee740590, format:1, w:1920, h:1080
05-27 18:48:37.649   581   581 I SpiService: fgesysctrl_getGPIO_status success val=1
05-27 08:39:46.614   581   581 D spi_rst_gpio_get_output: GPIO 145 value: 1
05-27 08:39:46.614   581   581 D spidev_ioctl: gpio status=1)
05-27 18:48:37.655   581   581 I SpiService: fgesysctrl_getGPIO_status success val=1
05-27 08:39:46.620   581   581 D spi_rst_gpio_get_output: GPIO 145 value: 1
05-27 08:39:46.620   581   581 D spidev_ioctl: gpio status=1)
05-27 18:48:37.659 13911 14183 I SentryImuMcuAngleSender: 179.97197rollDeg
05-27 18:48:37.659 13911 14183 I SentryImuMcuAngleSender: 1,0,0
05-27 18:48:37.661   581   581 I SpiService: fgesysctrl_getGPIO_status success val=0
05-27 08:39:46.625   581   581 D spi_rst_gpio_get_output: GPIO 145 value: 0
05-27 08:39:46.625   581   581 D spidev_ioctl: gpio status=0)
05-27 18:48:37.662   299 30844 D EvsDriver: forwardFrame
05-27 18:48:37.664   536   536 D commservice260303: msg.id = 1028,1
05-27 18:48:37.664   536   536 D commservice260303: i = 170, msgid = 8A000404
05-27 18:48:37.664   536   536 D commservice260303: msgid = -1979710460,did=138
05-27 18:48:37.664   536   536 D commservice260303: CommProtocolLibCmdBaseI2C::dataproc {"command":{"id":"imu_status","sub":""},"content":{"TimeStamp":10,"FrameCounter":252370,"GD_X":-0.011987865902483463,"GD_Y":0.004580949433147907,"GD_Z":0.0020608289632946253,"AD_X":0.0014251172542572021,"AD_Y":0.0021273470483720303,"AD_Z":-0.17008686065673828,"TempDsp":0,"Status":0,"CalibState":1,"SigAmpInvalid":0}},-1979710460
05-27 18:48:37.665   536   536 D commservice260303: send2Cluster len:317, 7B22636F6D6D616E64223A7B226964223A22696D755F737461747573222C22737562223A22227D2C22636F6E74656E74223A7B2254696D655374616D70223A31302C224672616D65436F756E746572223A3235323337302C2247445F58223A2D302E3031313938373836353930323438333436332C2247445F59223A302E3030343538303934393433333134373930372C2247445F5A223A302E303032303630383238393633323934363235332C2241445F58223A302E303031343235313137323534323537323032312C2241445F59223A302E303032313237333437303438333732303330332C2241445F5A223A2D302E31373030383638363036353637333832382C2254656D70447370223A302C22537461747573223A302C2243616C69625374617465223A312C22536967416D70496E76616C6964223A307D7D, 138 
05-27 18:48:37.665   536   536 D commservice260303: Push Message into SendPool fn=-1759902720
05-27 18:48:37.665   536   536 D commservice260303: ComProtocolLibSend2Cluster::send2ClusterRaw fn=-1759902720 , len=333
05-27 18:48:37.665   536   536 D commservice260303: sendCmdToPort :333!!!
05-27 18:48:37.665   536   536 D commservice260303: send Cmd To Port ++++5AA501498A0100041A976A16CC057B22636F6D6D616E64223A7B226964223A22696D755F737461747573222C22737562223A22227D2C22636F6E74656E74223A7B2254696D655374616D70223A31302C224672616D65436F756E746572223A3235323337302C2247445F58223A2D302E3031313938373836353930323438333436332C2247445F59223A302E3030343538303934393433333134373930372C2247445F5A223A302E303032303630383238393633323934363235332C2241445F58223A302E303031343235313137323534323537323032312C2241445F59223A302E303032313237333437303438333732303330332C2241445F5A223A2D302E31373030383638363036353637333832382C2254656D70447370223A302C22537461747573223A302C2243616C69625374617465223A312C22536967416D70496E76616C6964223A307D7DBE98
05-27 18:48:37.665   536   536 D commservice260303: bufferevent_write retrun value = 0
05-27 18:48:37.665   536   560 D commservice260303: client datas send succeed,send finish
05-27 18:48:37.666 13911 14192 D Sentinelmode_1.2.5.17_sentry: <SentryImuClusterFgeSender>imu_status sent to Linux, frame=252370, tsNs=10784907, tsMs=10, intervalMs=41, ad=(0.0014251173,0.002127347,-0.17008686), gd=(-0.011987866,0.0045809494,0.002060829)
05-27 18:48:37.666   299 30844 D EvsDriver: Delivered 0xb400007b7ca56900 as id 0
05-27 18:48:37.666  1167  1184 D evsmanagerd: /dev/video6 forwarded the buffer #0 to 0xb4000074bf5f5510 from 0xb4000074bf5f6d90
05-27 18:48:37.669   299 30841 D EvsDriver: forwardFrame
05-27 18:48:37.671   299  1153 D EvsDriver: doneWithFrame
05-27 18:48:37.672   299 30841 D EvsDriver: Delivered 0xb400007b7ca56a60 as id 0
05-27 18:48:37.672  1167  1184 D evsmanagerd: /dev/video4 forwarded the buffer #0 to 0xb4000074bf5f6850 from 0xb4000074bf5f41d0
05-27 18:48:37.675   581   581 I SpiService: fgesysctrl_getGPIO_status success val=1
05-27 18:48:37.676   299  1153 D EvsDriver: doneWithFrame
05-27 08:39:46.640   581   581 D spi_rst_gpio_get_output: GPIO 145 value: 1
05-27 08:39:46.640   581   581 D spidev_ioctl: gpio status=1)
05-27 18:48:37.678 13911 14183 I SentryImuMcuAngleSender: 179.96848rollDeg
05-27 18:48:37.679 13911 14183 I SentryImuMcuAngleSender: 1,0,0
05-27 08:39:46.645   581   581 D spi_rst_gpio_get_output: GPIO 145 value: 1
05-27 08:39:46.645   581   581 D spidev_ioctl: gpio status=1)
05-27 18:48:37.681   581   581 I SpiService: fgesysctrl_getGPIO_status success val=1
05-27 18:48:37.681  1008 30856 D [OMXB]  : usingANWBuffer: handle:0xee740170, format:1, w:1920, h:1080
05-27 18:48:37.686   581   581 I SpiService: fgesysctrl_getGPIO_status success val=1
05-27 08:39:46.651   581   581 D spi_rst_gpio_get_output: GPIO 145 value: 1
05-27 08:39:46.651   581   581 D spidev_ioctl: gpio status=1)
05-27 18:48:37.692   283   307 I rvcservice: t.code = 3, t.value = 0
05-27 18:48:37.692   572   572 I Sensors : 230 AccelSensor: x:-0.170190,y:0.004270,z:-9.974720
05-27 18:48:37.693   581   581 I SpiService: fgesysctrl_getGPIO_status success val=1
05-27 08:39:46.657   581   581 D spi_rst_gpio_get_output: GPIO 145 value: 1
05-27 08:39:46.657   581   581 D spidev_ioctl: gpio status=1)
05-27 18:48:37.698  1008 30857 D [OMXB]  : usingANWBuffer: handle:0xee744160, format:1, w:1920, h:1080
05-27 18:48:37.698 13911 14183 I SentryImuMcuAngleSender: 179.97546rollDeg
05-27 18:48:37.698 13911 14183 I SentryImuMcuAngleSender: 1,0,0
05-27 18:48:37.698   581   581 I SpiService: fgesysctrl_getGPIO_status success val=0
05-27 18:48:37.699   299 30841 D EvsDriver: forwardFrame
05-27 18:48:37.701   299 30844 D EvsDriver: forwardFrame
05-27 18:48:37.701   299 30841 D EvsDriver: Delivered 0xb400007b7ca56a60 as id 0
05-27 18:48:37.701  1167  1184 D evsmanagerd: /dev/video4 forwarded the buffer #0 to 0xb4000074bf5f6850 from 0xb4000074bf5f41d0
05-27 18:48:37.703  1167  1184 D evsmanagerd: /dev/video6 forwarded the buffer #0 to 0xb4000074bf5f5510 from 0xb4000074bf5f6d90
05-27 18:48:37.703   299 30844 D EvsDriver: Delivered 0xb400007b7ca56900 as id 0
05-27 18:48:37.704   536   536 D commservice260303: msg.id = 1028,0
05-27 18:48:37.704   536   536 D commservice260303: i = 170, msgid = 8A000404
05-27 18:48:37.704   536   536 D commservice260303: msgid = -1979710460,did=138
05-27 18:48:37.704   536   536 D commservice260303: CommProtocolLibCmdBaseI2C::dataproc {"command":{"id":"imu_status","sub":""},"content":{"TimeStamp":10,"FrameCounter":252371,"GD_X":-0.011147825978696346,"GD_Y":0.005802778527140617,"GD_Z":0.002213752595707774,"AD_X":-0.004068061709403992,"AD_Y":0.001505048479884863,"AD_Z":-0.16947650909423828,"TempDsp":0,"Status":0,"CalibState":1,"SigAmpInvalid":0}},-1979710460
05-27 18:48:37.704   536   536 D commservice260303: send2Cluster len:315, 7B22636F6D6D616E64223A7B226964223A22696D755F737461747573222C22737562223A22227D2C22636F6E74656E74223A7B2254696D655374616D70223A31302C224672616D65436F756E746572223A3235323337312C2247445F58223A2D302E3031313134373832353937383639363334362C2247445F59223A302E3030353830323737383532373134303631372C2247445F5A223A302E3030323231333735323539353730373737342C2241445F58223A2D302E3030343036383036313730393430333939322C2241445F59223A302E3030313530353034383437393838343836332C2241445F5A223A2D302E31363934373635303930393432333832382C2254656D70447370223A302C22537461747573223A302C2243616C69625374617465223A312C22536967416D70496E76616C6964223A307D7D, 138 
05-27 18:48:37.704   536   536 D commservice260303: Push Message into SendPool fn=-1743125504
05-27 08:39:46.663   581   581 D spi_rst_gpio_get_output: GPIO 145 value: 0
05-27 08:39:46.663   581   581 D spidev_ioctl: gpio status=0)
05-27 18:48:37.704   536   536 D commservice260303: ComProtocolLibSend2Cluster::send2ClusterRaw fn=-1743125504 , len=331
05-27 18:48:37.704   536   536 D commservice260303: sendCmdToPort :331!!!
05-27 18:48:37.704   536   536 D commservice260303: send Cmd To Port ++++5AA501478A0100041A986A16CC057B22636F6D6D616E64223A7B226964223A22696D755F737461747573222C22737562223A22227D2C22636F6E74656E74223A7B2254696D655374616D70223A31302C224672616D65436F756E746572223A3235323337312C2247445F58223A2D302E3031313134373832353937383639363334362C2247445F59223A302E3030353830323737383532373134303631372C2247445F5A223A302E3030323231333735323539353730373737342C2241445F58223A2D302E3030343036383036313730393430333939322C2241445F59223A302E3030313530353034383437393838343836332C2241445F5A223A2D302E31363934373635303930393432333832382C2254656D70447370223A302C22537461747573223A302C2243616C69625374617465223A312C22536967416D70496E76616C6964223A307D7D1EB6
05-27 18:48:37.704   536   536 D commservice260303: bufferevent_write retrun value = 0
05-27 18:48:37.704   536   560 D commservice260303: client datas send succeed,send finish
05-27 18:48:37.704 13911 14192 D Sentinelmode_1.2.5.17_sentry: <SentryImuClusterFgeSender>imu_status sent to Linux, frame=252371, tsNs=10784943, tsMs=10, intervalMs=39, ad=(-0.0040680617,0.0015050485,-0.16947651), gd=(-0.011147826,0.0058027785,0.0022137526)
05-27 18:48:37.705   299  1153 D EvsDriver: doneWithFrame
05-27 18:48:37.709   299  1153 D EvsDriver: doneWithFrame
05-27 18:48:37.713   581   581 I SpiService: fgesysctrl_getGPIO_status success val=1
05-27 08:39:46.678   581   581 D spi_rst_gpio_get_output: GPIO 145 value: 1
05-27 08:39:46.678   581   581 D spidev_ioctl: gpio status=1)
05-27 18:48:37.719 13911 14183 I SentryImuMcuAngleSender: 179.97897rollDeg
05-27 18:48:37.719   581   581 I SpiService: fgesysctrl_getGPIO_status success val=1
05-27 18:48:37.719 13911 14183 I SentryImuMcuAngleSender: 1,0,0
05-27 08:39:46.683   581   581 D spi_rst_gpio_get_output: GPIO 145 value: 1
05-27 08:39:46.683   581   581 D spidev_ioctl: gpio status=1)
05-27 18:48:37.724   581   581 I SpiService: fgesysctrl_getGPIO_status success val=1
05-27 08:39:46.689   581   581 D spi_rst_gpio_get_output: GPIO 145 value: 1
05-27 08:39:46.689   581   581 D spidev_ioctl: gpio status=1)
05-27 18:48:37.727   299 30841 D EvsDriver: forwardFrame
05-27 18:48:37.729  1167  1184 D evsmanagerd: /dev/video4 forwarded the buffer #0 to 0xb4000074bf5f6850 from 0xb4000074bf5f41d0
05-27 18:48:37.729   299 30841 D EvsDriver: Delivered 0xb400007b7ca56a60 as id 0
05-27 18:48:37.729  1008 30856 D [OMXB]  : usingANWBuffer: handle:0xee746ec0, format:1, w:1920, h:1080
05-27 18:48:37.730   581   581 I SpiService: fgesysctrl_getGPIO_status success val=1
05-27 08:39:46.695   581   581 D spi_rst_gpio_get_output: GPIO 145 value: 1
05-27 08:39:46.695   581   581 D spidev_ioctl: gpio status=1)
05-27 18:48:37.734   299  1153 D EvsDriver: doneWithFrame
05-27 18:48:37.736   581   581 I SpiService: fgesysctrl_getGPIO_status success val=1
05-27 08:39:46.701   581   581 D spi_rst_gpio_get_output: GPIO 145 value: 1
05-27 08:39:46.701   581   581 D spidev_ioctl: gpio status=1)
05-27 18:48:37.739   299 30844 D EvsDriver: forwardFrame
05-27 18:48:37.740 13911 14183 I SentryImuMcuAngleSender: [4, 18, 1, 0, 0],5
05-27 18:48:37.740 13911 14183 I McuCommManager: mcuCommSendcmd [4, 18, 1, 0, 0]
05-27 18:48:37.741 13911 14183 I SentryImuMcuAngleSender: true
05-27 18:48:37.741 13911 14183 W Sentinelmode_1.2.5.17_sentry: <SentryImuMcuAngleSender>MCU IMU send interval abnormal: 1001ms
05-27 18:48:37.741 13911 14183 I SentryImuMcuAngleSender: 179.98598rollDeg
05-27 18:48:37.741 13911 14183 I SentryImuMcuAngleSender: 1,0,0
05-27 18:48:37.742   581   581 I SpiService: fgesysctrl_getGPIO_status success val=0
05-27 18:48:37.742   481   597 I mcuc    : send SPI:6AA60076C700050412010000A7
05-27 18:48:37.743   299 30844 D EvsDriver: Delivered 0xb400007b7ca56900 as id 0
05-27 18:48:37.743  1167  1184 D evsmanagerd: /dev/video6 forwarded the buffer #0 to 0xb4000074bf5f5510 from 0xb4000074bf5f6d90
05-27 08:39:46.706   581   581 D spi_rst_gpio_get_output: GPIO 145 value: 0
05-27 08:39:46.707   581   581 D spidev_ioctl: gpio status=0)
05-27 18:48:37.746  1041  1051 I ThermalCvtGovernor: soc(default) curTemp: 92360 tripTemp: 95000 setPollingDelay: 2000
05-27 18:48:37.748   299  1153 D EvsDriver: doneWithFrame
05-27 18:48:37.753   536   536 D commservice260303: msg.id = 1028,0
05-27 18:48:37.753   536   536 D commservice260303: i = 170, msgid = 8A000404
05-27 18:48:37.753   536   536 D commservice260303: msgid = -1979710460,did=138
05-27 18:48:37.753   536   536 D commservice260303: CommProtocolLibCmdBaseI2C::dataproc {"command":{"id":"imu_status","sub":""},"content":{"TimeStamp":10,"FrameCounter":252372,"GD_X":-0.012446117587387562,"GD_Y":0.005039200186729431,"GD_Z":0.0021378109231591225,"AD_X":-0.007701665163040161,"AD_Y":-3.271938767284155E-4,"AD_Z":-0.16764545440673828,"TempDsp":0,"Status":0,"CalibState":1,"SigAmpInvalid":0}},-1979710460
05-27 18:48:37.753   536   536 D commservice260303: send2Cluster len:317, 7B22636F6D6D616E64223A7B226964223A22696D755F737461747573222C22737562223A22227D2C22636F6E74656E74223A7B2254696D655374616D70223A31302C224672616D65436F756E746572223A3235323337322C2247445F58223A2D302E3031323434363131373538373338373536322C2247445F59223A302E3030353033393230303138363732393433312C2247445F5A223A302E303032313337383130393233313539313232352C2241445F58223A2D302E3030373730313636353136333034303136312C2241445F59223A2D332E323731393338373637323834313535452D342C2241445F5A223A2D302E31363736343534353434303637333832382C2254656D70447370223A302C22537461747573223A302C2243616C69625374617465223A312C22536967416D70496E76616C6964223A307D7D, 138 
05-27 18:48:37.753   536   536 D commservice260303: Push Message into SendPool fn=-1726348288
05-27 18:48:37.753   536   536 D commservice260303: ComProtocolLibSend2Cluster::send2ClusterRaw fn=-1726348288 , len=333
05-27 18:48:37.753   536   536 D commservice260303: sendCmdToPort :333!!!
05-27 18:48:37.753   536   536 D commservice260303: send Cmd To Port ++++5AA501498A0100041A996A16CC057B22636F6D6D616E64223A7B226964223A22696D755F737461747573222C22737562223A22227D2C22636F6E74656E74223A7B2254696D655374616D70223A31302C224672616D65436F756E746572223A3235323337322C2247445F58223A2D302E3031323434363131373538373338373536322C2247445F59223A302E3030353033393230303138363732393433312C2247445F5A223A302E303032313337383130393233313539313232352C2241445F58223A2D302E3030373730313636353136333034303136312C2241445F59223A2D332E323731393338373637323834313535452D342C2241445F5A223A2D302E31363736343534353434303637333832382C2254656D70447370223A302C22537461747573223A302C2243616C69625374617465223A312C22536967416D70496E76616C6964223A307D7D9B6B
05-27 18:48:37.753   536   536 D commservice260303: bufferevent_write retrun value = 0
05-27 18:48:37.753   536   560 D commservice260303: client datas send succeed,send finish
05-27 18:48:37.753 13911 14192 D Sentinelmode_1.2.5.17_sentry: <SentryImuClusterFgeSender>imu_status sent to Linux, frame=252372, tsNs=10784978, tsMs=10, intervalMs=49, ad=(-0.007701665,-3.2719388E-4,-0.16764545), gd=(-0.012446118,0.0050392,0.002137811)
05-27 18:48:37.757   299 30844 D EvsDriver: forwardFrame
05-27 18:48:37.758   581   581 I SpiService: fgesysctrl_getGPIO_status success val=1
05-27 18:48:37.759  1008 30857 D [OMXB]  : usingANWBuffer: handle:0xee744bb0, format:1, w:1920, h:1080
05-27 18:48:37.760   299 30844 D EvsDriver: Delivered 0xb400007b7ca56900 as id 0
05-27 18:48:37.760  1167  1184 D evsmanagerd: /dev/video6 forwarded the buffer #0 to 0xb4000074bf5f5510 from 0xb4000074bf5f6d90
05-27 18:48:37.761 30773 30773 E dvr_service_: [myNum:1] Received S**** loss
05-27 08:39:46.722   581   581 D spi_rst_gpio_get_output: GPIO 145 value: 1
05-27 08:39:46.722   581   581 D spidev_ioctl: gpio status=1)
05-27 18:48:37.762   299  1153 D EvsDriver: doneWithFrame
05-27 18:48:37.762 13911 14183 I SentryImuMcuAngleSender: 179.99298rollDeg
05-27 18:48:37.763   299 30841 D EvsDriver: forwardFrame
05-27 18:48:37.763 13911 14183 I SentryImuMcuAngleSender: 1,0,0
05-27 18:48:37.763   581   581 I SpiService: fgesysctrl_getGPIO_status success val=1
05-27 08:39:46.728   581   581 D spi_rst_gpio_get_output: GPIO 145 value: 1
05-27 08:39:46.728   581   581 D spidev_ioctl: gpio status=1)
05-27 18:48:37.766   299 30841 D EvsDriver: Delivered 0xb400007b7ca56a60 as id 0
05-27 18:48:37.766  1167  1184 D evsmanagerd: /dev/video4 forwarded the buffer #0 to 0xb4000074bf5f6850 from 0xb4000074bf5f41d0
05-27 18:48:37.766 30773 30773 E dvr_service_: [myNum:0] Received S**** loss
05-27 18:48:37.767   299  1153 D EvsDriver: doneWithFrame
05-27 18:48:37.769   581   581 I SpiService: fgesysctrl_getGPIO_status success val=1
05-27 08:39:46.733   581   581 D spi_rst_gpio_get_output: GPIO 145 value: 1
05-27 08:39:46.733   581   581 D spidev_ioctl: gpio status=1)
05-27 18:48:37.774   581   581 I SpiService: fgesysctrl_getGPIO_status success val=1
05-27 08:39:46.739   581   581 D spi_rst_gpio_get_output: GPIO 145 value: 1
05-27 08:39:46.739   581   581 D spidev_ioctl: gpio status=1)
05-27 18:48:37.777  1008 30856 D [OMXB]  : usingANWBuffer: handle:0xee743c90, format:1, w:1920, h:1080
05-27 18:48:37.780   581   581 I SpiService: fgesysctrl_getGPIO_status success val=0
05-27 08:39:46.744   581   581 D spi_rst_gpio_get_output: GPIO 145 value: 0
05-27 08:39:46.744   581   581 D spidev_ioctl: gpio status=0)
05-27 08:39:46.745     1     1 I init    : starting service 'trace_kernel'...
