05-27 18:48:43.191  4980  5026 D ANW_AVRCP_SECOND: 
05-27 18:48:43.191  4980  5026 D ANWAPI_SECOND: (4980|0x296D7CB0)[BTAPI] A:Readpaired_storage[0]name[]cod[0]support[0]addr[00:00:00:00:00:00]linkkey[00:00:00:00:00:00:00:00:00:00:00:00:00:00:00:00]
05-27 18:48:43.191  4980  5026 D ANWAPI_SECOND: (4980|0x296D7CB0)[BTAPI] A:Readpaired_storage[1]name[]cod[0]support[0]addr[00:00:00:00:00:00]linkkey[00:00:00:00:00:00:00:00:00:00:00:00:00:00:00:00]
05-27 18:48:43.191  4980  5026 D ANWAPI_SECOND: (4980|0x296D7CB0)[BTAPI] A:Readpaired_storage[2]name[]cod[0]support[0]addr[00:00:00:00:00:00]linkkey[00:00:00:00:00:00:00:00:00:00:00:00:00:00:00:00]
05-27 18:48:43.191  4980  5026 D ANWAPI_SECOND: (4980|0x296D7CB0)[BTAPI] A:Readpaired_storage[3]name[]cod[0]support[0]addr[00:00:00:00:00:00]linkkey[00:00:00:00:00:00:00:00:00:00:00:00:00:00:00:00]
05-27 18:48:43.191  4980  5026 D ANWAPI_SECOND: (4980|0x296D7CB0)[BTAPI] A:Readpaired_storage[4]name[]cod[0]support[0]addr[00:00:00:00:00:00]linkkey[00:00:00:00:00:00:00:00:00:00:00:00:00:00:00:00]
05-27 18:48:43.191  4980  5026 D ANWAPI_SECOND: (4980|0x296D7CB0)[BTAPI] A:Readpaired_storage[5]name[]cod[0]support[0]addr[00:00:00:00:00:00]linkkey[00:00:00:00:00:00:00:00:00:00:00:00:00:00:00:00]
05-27 18:48:43.191  4980  5026 D ANWAPI_SECOND: (4980|0x296D7CB0)[BTAPI] A:Readpaired_storage[6]name[]cod[0]support[0]addr[00:00:00:00:00:00]linkkey[00:00:00:00:00:00:00:00:00:00:00:00:00:00:00:00]
05-27 18:48:43.191  4980  5026 D ANWAPI_SECOND: (4980|0x296D7CB0)[BTAPI] A:Readpaired_storage[7]name[]cod[0]support[0]addr[00:00:00:00:00:00]linkkey[00:00:00:00:00:00:00:00:00:00:00:00:00:00:00:00]
05-27 18:48:43.192  4980  5026 D ANWAPI_SECOND: (4980|0x296D7CB0)[BTAPI] A:Readpaired_storage[8]name[]cod[0]support[0]addr[00:00:00:00:00:00]linkkey[00:00:00:00:00:00:00:00:00:00:00:00:00:00:00:00]
05-27 18:48:43.192  4980  5026 D ANWAPI_SECOND: (4980|0x296D7CB0)[BTAPI] A:Readpaired_storage[9]name[]cod[0]support[0]addr[00:00:00:00:00:00]linkkey[00:00:00:00:00:00:00:00:00:00:00:00:00:00:00:00]
05-27 18:48:43.192  4980  5026 D ANWAPI_SECOND: (4980|0x296D7CB0)[BTAPI] A:Readpaired_storage[10]name[]cod[0]support[0]addr[00:00:00:00:00:00]linkkey[00:00:00:00:00:00:00:00:00:00:00:00:00:00:00:00]
05-27 18:48:43.192  4980  5026 D ANWAPI_SECOND: (4980|0x296D7CB0)[BTAPI] <<<<AnWBT_EEPROM_Read ret = 0
05-27 18:48:43.192  4980  5026 D ANWAPI_SECOND: (4980|0x296D7CB0)[BTAPI] >>>>AnWBT_EEPROM_Read 
05-27 18:48:43.192  4980  5026 D ANWAPI_SECOND: (4980|0x296D7CB0)[BTAPI] B:Rle_paired_storage[0]addr[00:00:00:00:00:00]linkkey[00:00:00:00:00:00:00:00:00:00:00:00:00:00:00:00]
05-27 18:48:43.192  4980  5026 D ANWAPI_SECOND: (4980|0x296D7CB0)[BTAPI] B:Rle_paired_storage[1]addr[00:00:00:00:00:00]linkkey[00:00:00:00:00:00:00:00:00:00:00:00:00:00:00:00]
05-27 18:48:43.192  4980  5026 D ANWAPI_SECOND: (4980|0x296D7CB0)[BTAPI] B:Rle_paired_storage[2]addr[00:00:00:00:00:00]linkkey[00:00:00:00:00:00:00:00:00:00:00:00:00:00:00:00]
05-27 18:48:43.192  4980  5026 D ANWAPI_SECOND: (4980|0x296D7CB0)[BTAPI] B:Rle_paired_storage[3]addr[00:00:00:00:00:00]linkkey[00:00:00:00:00:00:00:00:00:00:00:00:00:00:00:00]
05-27 18:48:43.192  4980  5026 D ANWAPI_SECOND: (4980|0x296D7CB0)[BTAPI] B:Rle_paired_storage[4]addr[00:00:00:00:00:00]linkkey[00:00:00:00:00:00:00:00:00:00:00:00:00:00:00:00]
05-27 18:48:43.192  4980  5026 D ANWAPI_SECOND: (4980|0x296D7CB0)[BTAPI] B:Rle_paired_storage[5]addr[00:00:00:00:00:00]linkkey[00:00:00:00:00:00:00:00:00:00:00:00:00:00:00:00]
05-27 08:39:52.154   581   581 D spi_rst_gpio_get_output: GPIO 145 value: 1
05-27 18:48:43.192  4980  5026 D ANWAPI_SECOND: (4980|0x296D7CB0)[BTAPI] B:Rle_paired_storage[6]addr[00:00:00:00:00:00]linkkey[00:00:00:00:00:00:00:00:00:00:00:00:00:00:00:00]
05-27 18:48:43.192  4980  5026 D ANW_AVRCP_SECOND: AnWBT_ReadStorage =/data/misc/anw//anwble_storage.bin
05-27 08:39:52.154   581   581 D spidev_ioctl: gpio status=1)
05-27 18:48:43.192  4980  5026 D ANW_AVRCP_SECOND: AnWBT_ReadStorage open anwbt_bt_storage success
05-27 18:48:43.192  4980  5026 D ANW_AVRCP_SECOND: 
05-27 18:48:43.192  4980  5026 D ANW_AVRCP_SECOND: read storage size=1336
05-27 18:48:43.192  4980  5026 D ANW_AVRCP_SECOND: 
05-27 18:48:43.192  4980  5026 D ANWAPI_SECOND: (4980|0x296D7CB0)[BTAPI] A:Rle_paired_storage[0]addr[00:00:00:00:00:00]linkkey[00:00:00:00:00:00:00:00:00:00:00:00:00:00:00:00]
05-27 18:48:43.192  4980  5026 D ANWAPI_SECOND: (4980|0x296D7CB0)[BTAPI] A:Rle_paired_storage[1]addr[00:00:00:00:00:00]linkkey[00:00:00:00:00:00:00:00:00:00:00:00:00:00:00:00]
05-27 18:48:43.192  4980  5026 D ANWAPI_SECOND: (4980|0x296D7CB0)[BTAPI] A:Rle_paired_storage[2]addr[00:00:00:00:00:00]linkkey[00:00:00:00:00:00:00:00:00:00:00:00:00:00:00:00]
05-27 18:48:43.192  4980  5026 D ANWAPI_SECOND: (4980|0x296D7CB0)[BTAPI] A:Rle_paired_storage[3]addr[00:00:00:00:00:00]linkkey[00:00:00:00:00:00:00:00:00:00:00:00:00:00:00:00]
05-27 18:48:43.192  4980  5026 D ANWAPI_SECOND: (4980|0x296D7CB0)[BTAPI] A:Rle_paired_storage[4]addr[00:00:00:00:00:00]linkkey[00:00:00:00:00:00:00:00:00:00:00:00:00:00:00:00]
05-27 18:48:43.193  4980  5026 D ANWAPI_SECOND: (4980|0x296D7CB0)[BTAPI] A:Rle_paired_storage[5]addr[00:00:00:00:00:00]linkkey[00:00:00:00:00:00:00:00:00:00:00:00:00:00:00:00]
05-27 18:48:43.193  4980  5026 D ANWAPI_SECOND: (4980|0x296D7CB0)[BTAPI] A:Rle_paired_storage[6]addr[00:00:00:00:00:00]linkkey[00:00:00:00:00:00:00:00:00:00:00:00:00:00:00:00]
05-27 18:48:43.193  4980  5026 D ANWAPI_SECOND: (4980|0x296D7CB0)[BTAPI] <<<<AnWBT_EEPROM_Read ret = 0
05-27 18:48:43.193  4980  5026 D ANWAPI_SECOND: (4980|0x296D7CB0)[BTAPI] btsdk_initial_param.flag=0x4000
05-27 18:48:43.193  4980  5026 D ANWAPI_SECOND: (4980|0x296D7CB0)[BTAPI] [Paired DevInf] Storage Write
05-27 18:48:43.193  4980  5026 D ANW_AVRCP_SECOND: AnWBT_WriteStorage =/data/misc/anw//anwbt_storage.bin
05-27 18:48:43.194  4980  5026 D ANW_AVRCP_SECOND: AnWBT_WriteStorage open anwbt_bt_storage success
05-27 18:48:43.194  4980  5026 D ANW_AVRCP_SECOND: 
05-27 18:48:43.195   581   581 I SpiService: fgesysctrl_getGPIO_status success val=1
05-27 18:48:43.197  4980  5026 D ANW_AVRCP_SECOND: write storage size=6600
05-27 18:48:43.197  4980  5026 D ANW_AVRCP_SECOND: 
05-27 18:48:43.197  4980  5026 D ANWAPI_SECOND: (4980|0x296D7CB0)[BTAPI] >>>>AnWBT_EEPROM_Read 
05-27 18:48:43.197  4980  5026 D ANWAPI_SECOND: (4980|0x296D7CB0)[BTAPI] B:Rpaired_storage[0]name[]addr[00:00:00:00:00:00]linkkey[00:00:00:00:00:00:00:00:00:00:00:00:00:00:00:00]
05-27 18:48:43.197  4980  5026 D ANWAPI_SECOND: (4980|0x296D7CB0)[BTAPI] B:Rpaired_storage[1]name[]addr[00:00:00:00:00:00]linkkey[00:00:00:00:00:00:00:00:00:00:00:00:00:00:00:00]
05-27 18:48:43.197  4980  5026 D ANWAPI_SECOND: (4980|0x296D7CB0)[BTAPI] B:Rpaired_storage[2]name[]addr[00:00:00:00:00:00]linkkey[00:00:00:00:00:00:00:00:00:00:00:00:00:00:00:00]
05-27 08:39:52.160   581   581 D spi_rst_gpio_get_output: GPIO 145 value: 1
05-27 08:39:52.160   581   581 D spidev_ioctl: gpio status=1)
05-27 18:48:43.197  4980  5026 D ANWAPI_SECOND: (4980|0x296D7CB0)[BTAPI] B:Rpaired_storage[3]name[]addr[00:00:00:00:00:00]linkkey[00:00:00:00:00:00:00:00:00:00:00:00:00:00:00:00]
05-27 18:48:43.197  4980  5026 D ANWAPI_SECOND: (4980|0x296D7CB0)[BTAPI] B:Rpaired_storage[4]name[]addr[00:00:00:00:00:00]linkkey[00:00:00:00:00:00:00:00:00:00:00:00:00:00:00:00]
05-27 18:48:43.197  4980  5026 D ANWAPI_SECOND: (4980|0x296D7CB0)[BTAPI] B:Rpaired_storage[5]name[]addr[00:00:00:00:00:00]linkkey[00:00:00:00:00:00:00:00:00:00:00:00:00:00:00:00]
05-27 18:48:43.197  4980  5026 D ANWAPI_SECOND: (4980|0x296D7CB0)[BTAPI] B:Rpaired_storage[6]name[]addr[00:00:00:00:00:00]linkkey[00:00:00:00:00:00:00:00:00:00:00:00:00:00:00:00]
05-27 18:48:43.197  4980  5026 D ANWAPI_SECOND: (4980|0x296D7CB0)[BTAPI] B:Rpaired_storage[7]name[]addr[00:00:00:00:00:00]linkkey[00:00:00:00:00:00:00:00:00:00:00:00:00:00:00:00]
05-27 18:48:43.197  4980  5026 D ANWAPI_SECOND: (4980|0x296D7CB0)[BTAPI] B:Rpaired_storage[8]name[]addr[00:00:00:00:00:00]linkkey[00:00:00:00:00:00:00:00:00:00:00:00:00:00:00:00]
05-27 18:48:43.197  4980  5026 D ANWAPI_SECOND: (4980|0x296D7CB0)[BTAPI] B:Rpaired_storage[9]name[]addr[00:00:00:00:00:00]linkkey[00:00:00:00:00:00:00:00:00:00:00:00:00:00:00:00]
05-27 18:48:43.197  4980  5026 D ANWAPI_SECOND: (4980|0x296D7CB0)[BTAPI] B:Rpaired_storage[10]name[]addr[00:00:00:00:00:00]linkkey[00:00:00:00:00:00:00:00:00:00:00:00:00:00:00:00]
05-27 18:48:43.198  4980  5026 D ANW_AVRCP_SECOND: AnWBT_ReadStorage =/data/misc/anw//anwbt_storage.bin
05-27 18:48:43.198  4980  5026 D ANW_AVRCP_SECOND: AnWBT_ReadStorage open anwbt_bt_storage success
05-27 18:48:43.198  4980  5026 D ANW_AVRCP_SECOND: 
05-27 18:48:43.198  4980  5026 D ANW_AVRCP_SECOND: read storage size=6600
05-27 18:48:43.198  4980  5026 D ANW_AVRCP_SECOND: 
05-27 18:48:43.198  4980  5026 D ANWAPI_SECOND: (4980|0x296D7CB0)[BTAPI] A:Readpaired_storage[0]name[]cod[0]support[0]addr[00:00:00:00:00:00]linkkey[00:00:00:00:00:00:00:00:00:00:00:00:00:00:00:00]
05-27 18:48:43.198  4980  5026 D ANWAPI_SECOND: (4980|0x296D7CB0)[BTAPI] A:Readpaired_storage[1]name[]cod[0]support[0]addr[00:00:00:00:00:00]linkkey[00:00:00:00:00:00:00:00:00:00:00:00:00:00:00:00]
05-27 18:48:43.198  4980  5026 D ANWAPI_SECOND: (4980|0x296D7CB0)[BTAPI] A:Readpaired_storage[2]name[]cod[0]support[0]addr[00:00:00:00:00:00]linkkey[00:00:00:00:00:00:00:00:00:00:00:00:00:00:00:00]
05-27 18:48:43.198  4980  5026 D ANWAPI_SECOND: (4980|0x296D7CB0)[BTAPI] A:Readpaired_storage[3]name[]cod[0]support[0]addr[00:00:00:00:00:00]linkkey[00:00:00:00:00:00:00:00:00:00:00:00:00:00:00:00]
05-27 18:48:43.198  4980  5026 D ANWAPI_SECOND: (4980|0x296D7CB0)[BTAPI] A:Readpaired_storage[4]name[]cod[0]support[0]addr[00:00:00:00:00:00]linkkey[00:00:00:00:00:00:00:00:00:00:00:00:00:00:00:00]
05-27 18:48:43.198  4980  5026 D ANWAPI_SECOND: (4980|0x296D7CB0)[BTAPI] A:Readpaired_storage[5]name[]cod[0]support[0]addr[00:00:00:00:00:00]linkkey[00:00:00:00:00:00:00:00:00:00:00:00:00:00:00:00]
05-27 18:48:43.198  4980  5026 D ANWAPI_SECOND: (4980|0x296D7CB0)[BTAPI] A:Readpaired_storage[6]name[]cod[0]support[0]addr[00:00:00:00:00:00]linkkey[00:00:00:00:00:00:00:00:00:00:00:00:00:00:00:00]
05-27 18:48:43.198  4980  5026 D ANWAPI_SECOND: (4980|0x296D7CB0)[BTAPI] A:Readpaired_storage[7]name[]cod[0]support[0]addr[00:00:00:00:00:00]linkkey[00:00:00:00:00:00:00:00:00:00:00:00:00:00:00:00]
05-27 18:48:43.198  4980  5026 D ANWAPI_SECOND: (4980|0x296D7CB0)[BTAPI] A:Readpaired_storage[8]name[]cod[0]support[0]addr[00:00:00:00:00:00]linkkey[00:00:00:00:00:00:00:00:00:00:00:00:00:00:00:00]
05-27 18:48:43.198  4980  5026 D ANWAPI_SECOND: (4980|0x296D7CB0)[BTAPI] A:Readpaired_storage[9]name[]cod[0]support[0]addr[00:00:00:00:00:00]linkkey[00:00:00:00:00:00:00:00:00:00:00:00:00:00:00:00]
05-27 18:48:43.198  4980  5026 D ANWAPI_SECOND: (4980|0x296D7CB0)[BTAPI] A:Readpaired_storage[10]name[]cod[0]support[0]addr[00:00:00:00:00:00]linkkey[00:00:00:00:00:00:00:00:00:00:00:00:00:00:00:00]
05-27 18:48:43.198  4980  5026 D ANWAPI_SECOND: (4980|0x296D7CB0)[BTAPI] <<<<AnWBT_EEPROM_Read ret = 0
05-27 18:48:43.198  4980  5026 D ANWAPI_SECOND: (4980|0x296D7CB0)[BTAPI] build time = 11:28:38 sdk ver=0x 300002A
05-27 18:48:43.198  4980  5026 D ANWAPI_SECOND: (4980|0x296D7CB0)[BTAPI] creating init task
05-27 18:48:43.198   299 30844 D EvsDriver: forwardFrame
05-27 18:48:43.199   299 30841 D EvsDriver: forwardFrame
05-27 18:48:43.199  4980  5028 D ANWAPI_SECOND: (4980|0x294DBCB0)[BTAPI] Enter BTInit_Task stacd=1,692960432
05-27 18:48:43.200  4980  5028 D ANWAPI_SECOND: (4980|0x294DBCB0)[BTAPI] pthread_attr_init
05-27 18:48:43.200   299 30844 D EvsDriver: Delivered 0xb400007b7ca56900 as id 0
05-27 18:48:43.200  1167  1184 D evsmanagerd: /dev/video6 forwarded the buffer #0 to 0xb4000074bf5f5510 from 0xb4000074bf5f6d90
05-27 18:48:43.200  4980  5028 D ANWAPI_SECOND: (4980|0x294DBCB0)[BTAPI] BTHost_Init: min priority 1, max priority 99
05-27 18:48:43.200  4980  5028 D ANWAPI_SECOND: (4980|0x294DBCB0)[BTAPI] Enter BTHost_Init
05-27 18:48:43.200  4980  5028 D ANWAPI_SECOND: (4980|0x294DBCB0)[BTAPI] BTHost_InitMessage
05-27 18:48:43.200  1167  1184 D evsmanagerd: /dev/video4 forwarded the buffer #0 to 0xb4000074bf5f6850 from 0xb4000074bf5f41d0
05-27 18:48:43.200   299 30841 D EvsDriver: Delivered 0xb400007b7ca56a60 as id 0
05-27 18:48:43.201   581   581 I SpiService: fgesysctrl_getGPIO_status success val=0
05-27 18:48:43.201 13911 14183 I SentryImuMcuAngleSender: 179.986rollDeg
05-27 18:48:43.201 13911 14183 I SentryImuMcuAngleSender: 1,0,0
05-27 18:48:43.205   299  1153 D EvsDriver: doneWithFrame
05-27 18:48:43.207  1008 30856 D [OMXB]  : usingANWBuffer: handle:0xee740590, format:1, w:1920, h:1080
05-27 18:48:43.207   299  1153 D EvsDriver: doneWithFrame
05-27 18:48:43.208  4980  5028 D ANWAPI_SECOND: (4980|0x294DBCB0)[BTAPI] btosal_msg_ff_initial
05-27 18:48:43.209  4980  5028 D ANW_WAVEOUT_SECOND: (4980|0x294DBCB0)[WAVEOUT] [AnWBT WAVE] A2dp_WaveOut_Init
05-27 18:48:43.209  4980  5028 D ANW_WAVEOUT_SECOND: 
05-27 18:48:43.210  4980  5028 D ANWAPI_SECOND: (4980|0x294DBCB0)[BTAPI] Check BTHost_Task status
05-27 18:48:43.210   283   307 I rvcservice: t.code = 3, t.value = 0
05-27 18:48:43.216   581   581 I SpiService: fgesysctrl_getGPIO_status success val=1
05-27 08:39:52.165   581   581 D spi_rst_gpio_get_output: GPIO 145 value: 0
05-27 08:39:52.165   581   581 D spidev_ioctl: gpio status=0)
05-27 18:48:43.219  4980  5030 D ANWAPI_SECOND: (4980|0x292DFCB0)[BTAPI] Enter BTHost_Task
05-27 18:48:43.219  4980  5030 D ANWAPI_SECOND: (4980|0x292DFCB0)[BTAPI] BTHost_Task setpriority(0)(-15)
05-27 08:39:52.181   581   581 D spi_rst_gpio_get_output: GPIO 145 value: 1
05-27 08:39:52.181   581   581 D spidev_ioctl: gpio status=1)
05-27 18:48:43.222 13911 14183 I SentryImuMcuAngleSender: 179.98949rollDeg
05-27 18:48:43.222 13911 14183 I SentryImuMcuAngleSender: 1,0,0
05-27 18:48:43.222   581   581 I SpiService: fgesysctrl_getGPIO_status success val=1
05-27 18:48:43.222   536   536 D commservice260303: msg.id = 1028,1
05-27 18:48:43.222   536   536 D commservice260303: i = 170, msgid = 8A000404
05-27 18:48:43.223   536   536 D commservice260303: msgid = -1979710460,did=138
05-27 18:48:43.223   536   536 D commservice260303: CommProtocolLibCmdBaseI2C::dataproc {"command":{"id":"imu_status","sub":""},"content":{"TimeStamp":10,"FrameCounter":252506,"GD_X":-0.011682018637657166,"GD_Y":0.0051151420921087265,"GD_Z":0.0017560218693688512,"AD_X":2.6726722717285156E-4,"AD_Y":-8.092719363048673E-4,"AD_Z":-0.1682577133178711,"TempDsp":0,"Status":0,"CalibState":1,"SigAmpInvalid":0}},-1979710460
05-27 18:48:43.223   536   536 D commservice260303: send2Cluster len:317, 7B22636F6D6D616E64223A7B226964223A22696D755F737461747573222C22737562223A22227D2C22636F6E74656E74223A7B2254696D655374616D70223A31302C224672616D65436F756E746572223A3235323530362C2247445F58223A2D302E3031313638323031383633373635373136362C2247445F59223A302E303035313135313432303932313038373236352C2247445F5A223A302E303031373536303231383639333638383531322C2241445F58223A322E36373236373232373137323835313536452D342C2241445F59223A2D382E303932373139333633303438363733452D342C2241445F5A223A2D302E313638323537373133333137383731312C2254656D70447370223A302C22537461747573223A302C2243616C69625374617465223A312C22536967416D70496E76616C6964223A307D7D, 138 
05-27 18:48:43.223   536   536 D commservice260303: Push Message into SendPool fn=555418624
05-27 18:48:43.223   536   536 D commservice260303: ComProtocolLibSend2Cluster::send2ClusterRaw fn=555418624 , len=333
05-27 18:48:43.223   536   536 D commservice260303: sendCmdToPort :333!!!
05-27 18:48:43.223   536   536 D commservice260303: send Cmd To Port ++++5AA501498A0100041B216A16CC0B7B22636F6D6D616E64223A7B226964223A22696D755F737461747573222C22737562223A22227D2C22636F6E74656E74223A7B2254696D655374616D70223A31302C224672616D65436F756E746572223A3235323530362C2247445F58223A2D302E3031313638323031383633373635373136362C2247445F59223A302E303035313135313432303932313038373236352C2247445F5A223A302E303031373536303231383639333638383531322C2241445F58223A322E36373236373232373137323835313536452D342C2241445F59223A2D382E303932373139333633303438363733452D342C2241445F5A223A2D302E313638323537373133333137383731312C2254656D70447370223A302C22537461747573223A302C2243616C69625374617465223A312C22536967416D70496E76616C6964223A307D7DDB94
05-27 18:48:43.223   536   536 D commservice260303: bufferevent_write retrun value = 0
05-27 18:48:43.223   536   560 D commservice260303: client datas send succeed,send finish
05-27 18:48:43.223 13911 14192 D Sentinelmode_1.2.5.17_sentry: <SentryImuClusterFgeSender>imu_status sent to Linux, frame=252506, tsNs=10790470, tsMs=10, intervalMs=37, ad=(2.6726723E-4,-8.0927194E-4,-0.16825771), gd=(-0.011682019,0.005115142,0.0017560219)
05-27 18:48:43.224   299 30841 D EvsDriver: forwardFrame
05-27 18:48:43.224  1008 30857 D [OMXB]  : usingANWBuffer: handle:0xee742ed0, format:1, w:1920, h:1080
05-27 08:39:52.186   581   581 D spi_rst_gpio_get_output: GPIO 145 value: 1
05-27 08:39:52.186   581   581 D spidev_ioctl: gpio status=1)
05-27 18:48:43.225   299 30841 D EvsDriver: Delivered 0xb400007b7ca56a60 as id 0
05-27 08:39:52.192   581   581 D spi_rst_gpio_get_output: GPIO 145 value: 1
05-27 08:39:52.192   581   581 D spidev_ioctl: gpio status=1)
05-27 18:48:43.242 13911 14183 I SentryImuMcuAngleSender: 1,0,0
05-27 18:48:43.244 30773 30786 I dvr_service_: CameraX 1  audioOK: 153094785,audios:2280
05-27 18:48:43.253   581   581 I SpiService: fgesysctrl_getGPIO_status success val=1
05-27 18:48:43.253  1008 30857 D [OMXB]  : usingANWBuffer: handle:0xee745fa0, format:1, w:1920, h:1080
05-27 08:39:52.218   581   581 D spi_rst_gpio_get_output: GPIO 145 value: 1
05-27 08:39:52.218   581   581 D spidev_ioctl: gpio status=1)
05-27 18:48:43.259   581   581 I SpiService: fgesysctrl_getGPIO_status success val=1
05-27 08:39:52.223   581   581 D spi_rst_gpio_get_output: GPIO 145 value: 1
05-27 08:39:52.223   581   581 D spidev_ioctl: gpio status=1)
05-27 18:48:43.262   536   536 D commservice260303: msg.id = 1028,0
05-27 18:48:43.262   536   536 D commservice260303: i = 170, msgid = 8A000404
05-27 18:48:43.262   536   536 D commservice260303: msgid = -1979710460,did=138
05-27 18:48:43.262   536   536 D commservice260303: CommProtocolLibCmdBaseI2C::dataproc {"command":{"id":"imu_status","sub":""},"content":{"TimeStamp":10,"FrameCounter":252507,"GD_X":-0.010537171736359596,"GD_Y":0.0048857564106583595,"GD_Z":0.0023671966046094894,"AD_X":-3.6093592643737793E-4,"AD_Y":-0.002621600404381752,"AD_Z":-0.16764545440673828,"TempDsp":0,"Status":0,"CalibState":1,"SigAmpInvalid":0}},-1979710460
05-27 18:48:43.262 13911 14183 I SentryImuMcuAngleSender: 180.0rollDeg
05-27 18:48:43.262 13911 14183 I SentryImuMcuAngleSender: 1,0,0
05-27 18:48:43.262   536   536 D commservice260303: send2Cluster len:319, 7B22636F6D6D616E64223A7B226964223A22696D755F737461747573222C22737562223A22227D2C22636F6E74656E74223A7B2254696D655374616D70223A31302C224672616D65436F756E746572223A3235323530372C2247445F58223A2D302E3031303533373137313733363335393539362C2247445F59223A302E303034383835373536343130363538333539352C2247445F5A223A302E303032333637313936363034363039343839342C2241445F58223A2D332E36303933353932363433373337373933452D342C2241445F59223A2D302E3030323632313630303430343338313735322C2241445F5A223A2D302E31363736343534353434303637333832382C2254656D70447370223A302C22537461747573223A302C2243616C69625374617465223A312C22536967416D70496E76616C6964223A307D7D, 138 
05-27 18:48:43.262   536   536 D commservice260303: Push Message into SendPool fn=572195840
05-27 18:48:43.263   536   536 D commservice260303: ComProtocolLibSend2Cluster::send2ClusterRaw fn=572195840 , len=335
05-27 18:48:43.263   536   536 D commservice260303: sendCmdToPort :335!!!
05-27 18:48:43.263   536   536 D commservice260303: send Cmd To Port ++++5AA5014B8A0100041B226A16CC0B7B22636F6D6D616E64223A7B226964223A22696D755F737461747573222C22737562223A22227D2C22636F6E74656E74223A7B2254696D655374616D70223A31302C224672616D65436F756E746572223A3235323530372C2247445F58223A2D302E3031303533373137313733363335393539362C2247445F59223A302E303034383835373536343130363538333539352C2247445F5A223A302E303032333637313936363034363039343839342C2241445F58223A2D332E36303933353932363433373337373933452D342C2241445F59223A2D302E3030323632313630303430343338313735322C2241445F5A223A2D302E31363736343534353434303637333832382C2254656D70447370223A302C22537461747573223A302C2243616C69625374617465223A312C22536967416D70496E76616C6964223A307D7D84B9
05-27 18:48:43.263   536   536 D commservice260303: bufferevent_write retrun value = 0
05-27 18:48:43.263   536   560 D commservice260303: client datas send succeed,send finish
05-27 18:48:43.263 13911 14192 D Sentinelmode_1.2.5.17_sentry: <SentryImuClusterFgeSender>imu_status sent to Linux, frame=252507, tsNs=10790506, tsMs=10, intervalMs=40, ad=(-3.6093593E-4,-0.0026216004,-0.16764545), gd=(-0.010537172,0.0048857564,0.0023671966)
05-27 18:48:43.264   581   581 I SpiService: fgesysctrl_getGPIO_status success val=1
05-27 08:39:52.229   581   581 D spi_rst_gpio_get_output: GPIO 145 value: 1
05-27 08:39:52.229   581   581 D spidev_ioctl: gpio status=1)
05-27 18:48:43.267   299 30844 D EvsDriver: forwardFrame
05-27 18:48:43.268   299 30841 D EvsDriver: forwardFrame
05-27 18:48:43.268   299 30844 D EvsDriver: Delivered 0xb400007b7ca56900 as id 0
05-27 18:48:43.268  1167  1184 D evsmanagerd: /dev/video6 forwarded the buffer #0 to 0xb4000074bf5f5510 from 0xb4000074bf5f6d90
05-27 18:48:43.268 30773 30781 I dvr_service_: [myNum:1][onFrameReceived] Received Surface:1 0
05-27 18:48:43.269 30773 30781 E dvr_service_: [myNum:1] Received S**** loss
05-27 18:48:43.269   299 30841 D EvsDriver: Delivered 0xb400007b7ca56a60 as id 0
05-27 18:48:43.269  1167  1167 D evsmanagerd: /dev/video4 forwarded the buffer #0 to 0xb4000074bf5f6850 from 0xb4000074bf5f41d0
05-27 18:48:43.269 30773 30781 I dvr_service_: [myNum:0][onFrameReceived] Received Surface:1 0
05-27 18:48:43.269 30773 30781 E dvr_service_: [myNum:0] Received S**** loss
05-27 18:48:43.269   299  1153 D EvsDriver: doneWithFrame
05-27 18:48:43.269   299  1153 D EvsDriver: doneWithFrame
05-27 18:48:43.270   581   581 I SpiService: fgesysctrl_getGPIO_status success val=1
05-27 18:48:43.271  1008 30856 D [OMXB]  : usingANWBuffer: handle:0xee7421c0, format:1, w:1920, h:1080
05-27 18:48:43.274   572   572 I Sensors : 230 GyroSensor: x:-0.011148,y:0.005345,z:0.002596
05-27 18:48:43.275   581   581 I SpiService: fgesysctrl_getGPIO_status success val=1
05-27 18:48:43.278   536   536 W commservice260303: [FgeComService::getAQConnectStatus:378]
05-27 18:48:43.278   536   536 W commservice260303: [mcuCommFunctionTcp::getAQConnectStatus:406] 1
05-27 18:48:43.278   536   536 W commservice260303: [FgeComService::getAQConnectStatus:380] status:1
05-27 18:48:43.278 12246 12246 E ivicomm_CommManager: getA2lConnectStatus aqConnectStatus:1
05-27 18:48:43.278 12246 12246 D ivicomm_ConnectStateManager: notifyState newState=1curState=1
05-27 18:48:43.281   581   581 I SpiService: fgesysctrl_getGPIO_status success val=0
05-27 18:48:43.283 13911 14183 I SentryImuMcuAngleSender: 179.99649rollDeg
05-27 18:48:43.283 13911 14183 I SentryImuMcuAngleSender: 1,0,0
05-27 18:48:43.286  1008 30857 D [OMXB]  : usingANWBuffer: handle:0xee744790, format:1, w:1920, h:1080
05-27 18:48:43.291   299 30841 D EvsDriver: forwardFrame
05-27 18:48:43.292   299 30844 D EvsDriver: forwardFrame
05-27 18:48:43.293   299 30841 D EvsDriver: Delivered 0xb400007b7ca56a60 as id 0
05-27 18:48:43.293   299 30844 D EvsDriver: Delivered 0xb400007b7ca56900 as id 0
05-27 18:48:43.293  1167  1184 D evsmanagerd: /dev/video6 forwarded the buffer #0 to 0xb4000074bf5f5510 from 0xb4000074bf5f6d90
05-27 18:48:43.293  1167  1167 D evsmanagerd: /dev/video4 forwarded the buffer #0 to 0xb4000074bf5f6850 from 0xb4000074bf5f41d0
05-27 18:48:43.295   581   581 I SpiService: fgesysctrl_getGPIO_status success val=1
05-27 18:48:43.296   299  1153 D EvsDriver: doneWithFrame
05-27 18:48:43.296   299  1163 D EvsDriver: doneWithFrame
05-27 18:48:43.301   581   581 I SpiService: fgesysctrl_getGPIO_status success val=1
05-27 18:48:43.302   536   536 D commservice260303: msg.id = 1028,1
05-27 18:48:43.302   536   536 D commservice260303: i = 170, msgid = 8A000404
05-27 18:48:43.302   536   536 D commservice260303: msgid = -1979710460,did=138
05-27 18:48:43.303   536   536 D commservice260303: CommProtocolLibCmdBaseI2C::dataproc {"command":{"id":"imu_status","sub":""},"content":{"TimeStamp":10,"FrameCounter":252508,"GD_X":-0.01160607673227787,"GD_Y":0.005802778527140617,"GD_Z":0.0020608289632946253,"AD_X":-0.004626840353012085,"AD_Y":-1.7452659085392952E-4,"AD_Z":-0.16947650909423828,"TempDsp":0,"Status":0,"CalibState":1,"SigAmpInvalid":0}},-1979710460
05-27 18:48:43.303   536   536 D commservice260303: send2Cluster len:317, 7B22636F6D6D616E64223A7B226964223A22696D755F737461747573222C22737562223A22227D2C22636F6E74656E74223A7B2254696D655374616D70223A31302C224672616D65436F756E746572223A3235323530382C2247445F58223A2D302E30313136303630373637333232373738372C2247445F59223A302E3030353830323737383532373134303631372C2247445F5A223A302E303032303630383238393633323934363235332C2241445F58223A2D302E3030343632363834303335333031323038352C2241445F59223A2D312E37343532363539303835333932393532452D342C2241445F5A223A2D302E31363934373635303930393432333832382C2254656D70447370223A302C22537461747573223A302C2243616C69625374617465223A312C22536967416D70496E76616C6964223A307D7D, 138 
05-27 18:48:43.303   536   536 D commservice260303: Push Message into SendPool fn=588973056
05-27 18:48:43.303   536   536 D commservice260303: ComProtocolLibSend2Cluster::send2ClusterRaw fn=588973056 , len=333
05-27 18:48:43.303   536   536 D commservice260303: sendCmdToPort :333!!!
05-27 18:48:43.303   536   536 D commservice260303: send Cmd To Port ++++5AA501498A0100041B236A16CC0B7B22636F6D6D616E64223A7B226964223A22696D755F737461747573222C22737562223A22227D2C22636F6E74656E74223A7B2254696D655374616D70223A31302C224672616D65436F756E746572223A3235323530382C2247445F58223A2D302E30313136303630373637333232373738372C2247445F59223A302E3030353830323737383532373134303631372C2247445F5A223A302E303032303630383238393633323934363235332C2241445F58223A2D302E3030343632363834303335333031323038352C2241445F59223A2D312E37343532363539303835333932393532452D342C2241445F5A223A2D302E31363934373635303930393432333832382C2254656D70447370223A302C22537461747573223A302C2243616C69625374617465223A312C22536967416D70496E76616C6964223A307D7DC125
05-27 18:48:43.303   536   536 D commservice260303: bufferevent_write retrun value = 0
05-27 18:48:43.303   536   560 D commservice260303: client datas send succeed,send finish
05-27 18:48:43.304 13911 14183 I SentryImuMcuAngleSender: 179.986rollDeg
05-27 18:48:43.304 13911 14183 I SentryImuMcuAngleSender: 1,0,0
05-27 18:48:43.304 30773 30786 I dvr_service_: CameraX 0  audioOK: 153094785,audios:2280
05-27 18:48:43.305 13911 14192 D Sentinelmode_1.2.5.17_sentry: <SentryImuClusterFgeSender>imu_status sent to Linux, frame=252508, tsNs=10790541, tsMs=10, intervalMs=42, ad=(-0.0046268404,-1.7452659E-4,-0.16947651), gd=(-0.011606077,0.0058027785,0.002060829)
05-27 18:48:43.306   581   581 I SpiService: fgesysctrl_getGPIO_status success val=1
05-27 18:48:43.310  4980  5028 D ANWAPI_SECOND: (4980|0x294DBCB0)[BTAPI] set_bluetooth_power : open /sys/class/gpio/gpio142/value
05-27 18:48:43.310  4980  5028 D ANWAPI_SECOND: (4980|0x294DBCB0)[BTAPI] set_bluetooth_power : open(/sys/class/gpio/gpio142/value) for write failed,fd=-1
05-27 18:48:43.310  4980  5028 D ANWAPI_SECOND: (4980|0x294DBCB0)[BTAPI] open set_bluetooth_power : write(No such file or directory) failed,errno = 2
05-27 18:48:43.311   283   307 I rvcservice: t.code = 3, t.value = 0
05-27 18:48:43.312   581   581 I SpiService: fgesysctrl_getGPIO_status success val=1
05-27 18:48:43.317  1008 30856 D [OMXB]  : usingANWBuffer: handle:0xee743ea0, format:1, w:1920, h:1080
05-27 18:48:43.317   581   581 I SpiService: fgesysctrl_getGPIO_status success val=1
05-27 18:48:43.318 30773 30789 I dvr_service_: Camera 0: MediaOK:153263705, frames:3460, isKeyFrame:0,pts:10790423629
05-27 18:48:43.323   581   581 I SpiService: fgesysctrl_getGPIO_status success val=0
05-27 18:48:43.325 13911 14183 I SentryImuMcuAngleSender: 179.96846rollDeg
05-27 18:48:43.325 13911 14183 I SentryImuMcuAngleSender: 1,0,0
05-27 18:48:43.325 13549 13549 I ADAYO_LOG_: handleMessage(UsbFunc.java:352)copyQnx = 0
05-27 18:48:43.326 13549 13549 I ADAYO_LOG_: handleMessage(UsbFunc.java:404)copyState = 2
05-27 18:48:43.327   299 30841 D EvsDriver: forwardFrame
05-27 18:48:43.328   299 30844 D EvsDriver: forwardFrame
05-27 18:48:43.331  1167  1184 D evsmanagerd: /dev/video6 forwarded the buffer #0 to 0xb4000074bf5f5510 from 0xb4000074bf5f6d90
05-27 18:48:43.331  1167  1167 D evsmanagerd: /dev/video4 forwarded the buffer #0 to 0xb4000074bf5f6850 from 0xb4000074bf5f41d0
05-27 18:48:43.331   299 30844 D EvsDriver: Delivered 0xb400007b7ca56900 as id 0
05-27 18:48:43.331   299 30841 D EvsDriver: Delivered 0xb400007b7ca56a60 as id 0
05-27 18:48:43.333   299  1153 D EvsDriver: doneWithFrame
05-27 18:48:43.333   299  1163 D EvsDriver: doneWithFrame
05-27 18:48:43.337   581   581 I SpiService: fgesysctrl_getGPIO_status success val=1
05-27 08:39:52.302   581   581 D spidev_ioctl: gpio status=1)
05-27 18:48:43.342   536   536 D commservice260303: msg.id = 1028,1
05-27 18:48:43.342   536   536 D commservice260303: i = 170, msgid = 8A000404
05-27 18:48:43.342   536   536 D commservice260303: msgid = -1979710460,did=138
05-27 18:48:43.342   536   536 D commservice260303: CommProtocolLibCmdBaseI2C::dataproc {"command":{"id":"imu_status","sub":""},"content":{"TimeStamp":10,"FrameCounter":252509,"GD_X":-0.011759000830352306,"GD_Y":0.00549693126231432,"GD_Z":0.00259606190957129,"AD_X":-0.0015757977962493896,"AD_Y":0.002249021315947175,"AD_Z":-0.1658163070678711,"TempDsp":0,"Status":0,"CalibState":1,"SigAmpInvalid":0}},-1979710460
05-27 18:48:43.342   536   536 D commservice260303: send2Cluster len:313, 7B22636F6D6D616E64223A7B226964223A22696D755F737461747573222C22737562223A22227D2C22636F6E74656E74223A7B2254696D655374616D70223A31302C224672616D65436F756E746572223A3235323530392C2247445F58223A2D302E3031313735393030303833303335323330362C2247445F59223A302E30303534393639333132363233313433322C2247445F5A223A302E30303235393630363139303935373132392C2241445F58223A2D302E303031353735373937373936323439333839362C2241445F59223A302E3030323234393032313331353934373137352C2241445F5A223A2D302E313635383136333037303637383731312C2254656D70447370223A302C22537461747573223A302C2243616C69625374617465223A312C22536967416D70496E76616C6964223A307D7D, 138 
05-27 18:48:43.342   536   536 D commservice260303: Push Message into SendPool fn=605750272
05-27 18:48:43.342   536   536 D commservice260303: ComProtocolLibSend2Cluster::send2ClusterRaw fn=605750272 , len=329
05-27 18:48:43.342   536   536 D commservice260303: sendCmdToPort :329!!!
05-27 18:48:43.343   536   536 D commservice260303: send Cmd To Port ++++5AA501458A0100041B246A16CC0B7B22636F6D6D616E64223A7B226964223A22696D755F737461747573222C22737562223A22227D2C22636F6E74656E74223A7B2254696D655374616D70223A31302C224672616D65436F756E746572223A3235323530392C2247445F58223A2D302E3031313735393030303833303335323330362C2247445F59223A302E30303534393639333132363233313433322C2247445F5A223A302E30303235393630363139303935373132392C2241445F58223A2D302E303031353735373937373936323439333839362C2241445F59223A302E3030323234393032313331353934373137352C2241445F5A223A2D302E313635383136333037303637383731312C2254656D70447370223A302C22537461747573223A302C2243616C69625374617465223A312C22536967416D70496E76616C6964223A307D7D3548
05-27 18:48:43.343   581   581 I SpiService: fgesysctrl_getGPIO_status success val=1
05-27 18:48:43.343   536   536 D commservice260303: bufferevent_write retrun value = 0
05-27 18:48:43.343   536   560 D commservice260303: client datas send succeed,send finish
05-27 18:48:43.343 13911 14192 D Sentinelmode_1.2.5.17_sentry: <SentryImuClusterFgeSender>imu_status sent to Linux, frame=252509, tsNs=10790577, tsMs=10, intervalMs=38, ad=(-0.0015757978,0.0022490213,-0.1658163), gd=(-0.011759001,0.0054969313,0.002596062)
05-27 18:48:43.343  1008 30857 D [OMXB]  : usingANWBuffer: handle:0xee742f80, format:1, w:1920, h:1080
05-27 18:48:43.345 13911 14183 I SentryImuMcuAngleSender: 179.97195rollDeg
05-27 18:48:43.345 13911 14183 I SentryImuMcuAngleSender: 1,0,0
05-27 18:48:43.348   581   581 I SpiService: fgesysctrl_getGPIO_status success val=1
05-27 18:48:43.354   581   581 I SpiService: fgesysctrl_getGPIO_status success val=1
05-27 18:48:43.355  1008 30856 D [OMXB]  : usingANWBuffer: handle:0xee743190, format:1, w:1920, h:1080
05-27 18:48:43.359   581   581 I SpiService: fgesysctrl_getGPIO_status success val=0
05-27 18:48:43.364   299 30841 D EvsDriver: forwardFrame
05-27 18:48:43.366 13911 14183 I SentryImuMcuAngleSender: 179.993rollDeg
05-27 18:48:43.366 13911 14183 I SentryImuMcuAngleSender: 1,0,0
05-27 18:48:43.366   299 30841 D EvsDriver: Delivered 0xb400007b7ca56a60 as id 0
05-27 18:48:43.366  1167  1184 D evsmanagerd: /dev/video4 forwarded the buffer #0 to 0xb4000074bf5f6850 from 0xb4000074bf5f41d0
05-27 18:48:43.367   299 30844 D EvsDriver: forwardFrame
05-27 18:48:43.368   299 30844 D EvsDriver: Delivered 0xb400007b7ca56900 as id 0
05-27 18:48:43.369  1167  1184 D evsmanagerd: /dev/video6 forwarded the buffer #0 to 0xb4000074bf5f5510 from 0xb4000074bf5f6d90
05-27 18:48:43.371   299  1153 D EvsDriver: doneWithFrame
05-27 18:48:43.371   299  1163 D EvsDriver: doneWithFrame
05-27 18:48:43.373   581   581 I SpiService: fgesysctrl_getGPIO_status success val=1
05-27 18:48:43.376  1008 30857 D [OMXB]  : usingANWBuffer: handle:0xee7440b0, format:1, w:1920, h:1080
05-27 18:48:43.379   581   581 I SpiService: fgesysctrl_getGPIO_status success val=1
05-27 18:48:43.380   572   572 I Sensors : 230 AccelSensor: x:-0.170190,y:0.002440,z:-9.974720
05-27 18:48:43.382   536   536 D commservice260303: msg.id = 1028,0
05-27 18:48:43.382   536   536 D commservice260303: i = 170, msgid = 8A000404
05-27 18:48:43.382   536   536 D commservice260303: msgid = -1979710460,did=138
05-27 18:48:43.382   536   536 D commservice260303: CommProtocolLibCmdBaseI2C::dataproc {"command":{"id":"imu_status","sub":""},"content":{"TimeStamp":10,"FrameCounter":252510,"GD_X":-0.01221725158393383,"GD_Y":0.005802778527140617,"GD_Z":0.002213752595707774,"AD_X":-0.004016712307929993,"AD_Y":-1.8464471213519573E-4,"AD_Z":-0.16947650909423828,"TempDsp":0,"Status":0,"CalibState":1,"SigAmpInvalid":0}},-1979710460
05-27 18:48:43.383   536   536 D commservice260303: send2Cluster len:316, 7B22636F6D6D616E64223A7B226964223A22696D755F737461747573222C22737562223A22227D2C22636F6E74656E74223A7B2254696D655374616D70223A31302C224672616D65436F756E746572223A3235323531302C2247445F58223A2D302E30313232313732353135383339333338332C2247445F59223A302E3030353830323737383532373134303631372C2247445F5A223A302E3030323231333735323539353730373737342C2241445F58223A2D302E3030343031363731323330373932393939332C2241445F59223A2D312E38343634343731323133353139353733452D342C2241445F5A223A2D302E31363934373635303930393432333832382C2254656D70447370223A302C22537461747573223A302C2243616C69625374617465223A312C22536967416D70496E76616C6964223A307D7D, 138 
05-27 18:48:43.383   536   536 D commservice260303: Push Message into SendPool fn=622527488
05-27 18:48:43.383   536   536 D commservice260303: ComProtocolLibSend2Cluster::send2ClusterRaw fn=622527488 , len=332
05-27 18:48:43.383   536   536 D commservice260303: sendCmdToPort :332!!!
05-27 18:48:43.383   536   536 D commservice260303: send Cmd To Port ++++5AA501488A0100041B256A16CC0B7B22636F6D6D616E64223A7B226964223A22696D755F737461747573222C22737562223A22227D2C22636F6E74656E74223A7B2254696D655374616D70223A31302C224672616D65436F756E746572223A3235323531302C2247445F58223A2D302E30313232313732353135383339333338332C2247445F59223A302E3030353830323737383532373134303631372C2247445F5A223A302E3030323231333735323539353730373737342C2241445F58223A2D302E3030343031363731323330373932393939332C2241445F59223A2D312E38343634343731323133353139353733452D342C2241445F5A223A2D302E31363934373635303930393432333832382C2254656D70447370223A302C22537461747573223A302C2243616C69625374617465223A312C22536967416D70496E76616C6964223A307D7D7253
05-27 18:48:43.383   536   536 D commservice260303: bufferevent_write retrun value = 0
05-27 18:48:43.383   536   560 D commservice260303: client datas send succeed,send finish
05-27 18:48:43.384 13911 14192 D Sentinelmode_1.2.5.17_sentry: <SentryImuClusterFgeSender>imu_status sent to Linux, frame=252510, tsNs=10790631, tsMs=10, intervalMs=40, ad=(-0.0040167123,-1.8464471E-4,-0.16947651), gd=(-0.012217252,0.0058027785,0.0022137526)
05-27 18:48:43.384   581   581 I SpiService: fgesysctrl_getGPIO_status success val=1
05-27 18:48:43.387 13911 14183 I SentryImuMcuAngleSender: 179.986rollDeg
05-27 18:48:43.387 13911 14183 I SentryImuMcuAngleSender: 1,0,0
05-27 18:48:43.388   566 11459 I gps_hdbd: Received: '$GNGGA,010434.000,,,,,0,00,,,M,,M,,*64
'
05-27 18:48:43.390   581   581 I SpiService: fgesysctrl_getGPIO_status success val=1
05-27 08:39:52.354   581   581 D spidev_ioctl: gpio status=1)
05-27 18:48:43.394   299 30841 D EvsDriver: forwardFrame
05-27 18:48:43.395   566 11459 I gps_hdbd: Received: '$GNGSA,A,1,,,,,,,,,,,,,,,,1*1D
'
05-27 18:48:43.395   581   581 I SpiService: fgesysctrl_getGPIO_status success val=1
05-27 18:48:43.396   566 11459 I gps_hdbd: Received: '$GNGSA,A,1,,,,,,,,,,,,,,,,3*1F
'
05-27 18:48:43.397   299 30841 D EvsDriver: Delivered 0xb400007b7ca56a60 as id 0
05-27 18:48:43.397  1167  1184 D evsmanagerd: /dev/video4 forwarded the buffer #0 to 0xb4000074bf5f6850 from 0xb4000074bf5f41d0
05-27 18:48:43.399   299  1163 D EvsDriver: doneWithFrame
05-27 18:48:43.400   566 11459 I gps_hdbd: Received: '$GNGSA,A,1,,,,,,,,,,,,,,,,4*18
'
05-27 18:48:43.401   581   581 I SpiService: fgesysctrl_getGPIO_status success val=1
05-27 18:48:43.401   566 11459 I gps_hdbd: Received: '$BDGSV,1,1,00,1*75
'
05-27 18:48:43.403  1008 30856 D [OMXB]  : usingANWBuffer: handle:0xee7442c0, format:1, w:1920, h:1080
05-27 18:48:43.405   299 30844 D EvsDriver: forwardFrame
05-27 18:48:43.407 13911 14183 I SentryImuMcuAngleSender: 179.97897rollDeg
05-27 18:48:43.407 13911 14183 I SentryImuMcuAngleSender: 1,0,0
05-27 18:48:43.407   581   581 I SpiService: fgesysctrl_getGPIO_status success val=0
05-27 18:48:43.408   566 11459 I gps_hdbd: Received: '$BDGSV,1,1,00,5*71
'
05-27 18:48:43.408   299 30844 D EvsDriver: Delivered 0xb400007b7ca56900 as id 0
05-27 18:48:43.408  1167  1184 D evsmanagerd: /dev/video6 forwarded the buffer #0 to 0xb4000074bf5f5510 from 0xb4000074bf5f6d90
05-27 18:48:43.411   283   307 I rvcservice: t.code = 2, t.value = 9972280
05-27 18:48:43.412   566 11459 I gps_hdbd: Received: '$GPGSV,1,1,01,199,42,165,,1*60
'
05-27 18:48:43.413   566 11459 I gps_hdbd: Received: '$GPGSV,1,1,00,8*6D
'
05-27 18:48:43.414   566 11459 I gps_hdbd: Received: '$GAGSV,1,1,00,7*73
'
05-27 18:48:43.414   566 11459 I gps_hdbd: Received: '$GAGSV,1,1,00,1*75
'
05-27 18:48:43.416   299  1163 D EvsDriver: doneWithFrame
05-27 18:48:43.420  1008 30857 D [OMXB]  : usingANWBuffer: handle:0xee7435b0, format:1, w:1920, h:1080
05-27 18:48:43.422   581   581 I SpiService: fgesysctrl_getGPIO_status success val=1
05-27 18:48:43.422 30773 30789 I dvr_service_: Camera 1: MediaOK:152982968, frames:3430, isKeyFrame:0,pts:10790327378
05-27 18:48:43.423   536   536 D commservice260303: msg.id = 1028,1
05-27 18:48:43.423   536   536 D commservice260303: i = 170, msgid = 8A000404
05-27 18:48:43.423   536   536 D commservice260303: msgid = -1979710460,did=138
05-27 18:48:43.423   536   536 D commservice260303: CommProtocolLibCmdBaseI2C::dataproc {"command":{"id":"imu_status","sub":""},"content":{"TimeStamp":10,"FrameCounter":252511,"GD_X":-0.010766036808490753,"GD_Y":0.0056498548947274685,"GD_Z":0.0019079053308814764,"AD_X":-0.002789616584777832,"AD_Y":0.0034614880569279194,"AD_Z":-0.16947650909423828,"TempDsp":0,"Status":0,"CalibState":1,"SigAmpInvalid":0}},-1979710460
05-27 18:48:43.424   536   536 D commservice260303: send2Cluster len:318, 7B22636F6D6D616E64223A7B226964223A22696D755F737461747573222C22737562223A22227D2C22636F6E74656E74223A7B2254696D655374616D70223A31302C224672616D65436F756E746572223A3235323531312C2247445F58223A2D302E3031303736363033363830383439303735332C2247445F59223A302E303035363439383534383934373237343638352C2247445F5A223A302E303031393037393035333330383831343736342C2241445F58223A2D302E3030323738393631363538343737373833322C2241445F59223A302E303033343631343838303536393237393139342C2241445F5A223A2D302E31363934373635303930393432333832382C2254656D70447370223A302C22537461747573223A302C2243616C69625374617465223A312C22536967416D70496E76616C6964223A307D7D, 138 
05-27 18:48:43.424   536   536 D commservice260303: Push Message into SendPool fn=639304704
05-27 18:48:43.424   536   536 D commservice260303: ComProtocolLibSend2Cluster::send2ClusterRaw fn=639304704 , len=334
05-27 18:48:43.424   536   536 D commservice260303: sendCmdToPort :334!!!
05-27 18:48:43.424   566 11459 I gps_hdbd: Received: '$GNRMC,010434.000,V,,,,,,,270526,120.0,E,N,V*47
'
05-27 18:48:43.424   536   536 D commservice260303: send Cmd To Port ++++5AA5014A8A0100041B266A16CC0B7B22636F6D6D616E64223A7B226964223A22696D755F737461747573222C22737562223A22227D2C22636F6E74656E74223A7B2254696D655374616D70223A31302C224672616D65436F756E746572223A3235323531312C2247445F58223A2D302E3031303736363033363830383439303735332C2247445F59223A302E303035363439383534383934373237343638352C2247445F5A223A302E303031393037393035333330383831343736342C2241445F58223A2D302E3030323738393631363538343737373833322C2241445F59223A302E303033343631343838303536393237393139342C2241445F5A223A2D302E31363934373635303930393432333832382C2254656D70447370223A302C22537461747573223A302C2243616C69625374617465223A312C22536967416D70496E76616C6964223A307D7D34FF
05-27 18:48:43.424   536   536 D commservice260303: bufferevent_write retrun value = 0
05-27 18:48:43.424   566 11459 I gps_hdbd: RMC : CALL gnss_sv_status_cb, view_in_sat <1>
05-27 18:48:43.424   566 11459 I gps_hdbd: [reportSvStatus]--->PLATFORM_BSP::Enter
05-27 18:48:43.424   536   560 D commservice260303: client datas send succeed,send finish
05-27 18:48:43.424 13911 14192 D Sentinelmode_1.2.5.17_sentry: <SentryImuClusterFgeSender>imu_status sent to Linux, frame=252511, tsNs=10790669, tsMs=10, intervalMs=41, ad=(-0.0027896166,0.003461488,-0.16947651), gd=(-0.010766037,0.005649855,0.0019079053)
05-27 18:48:43.424   566 11459 I gps_hdbd: hy abnormal deal:hy_cnr30_satellite_cnt=0
05-27 18:48:43.425   566 11459 D gps_hdbd: hy abnormal deal:hy_fixStatus_fail_count=0
05-27 18:48:43.425   566 11459 I gps_hdbd: Received: '$GNZDA,010434.000,27,05,2026,00,00*4C
'
05-27 18:48:43.426  1083  1083 W MyAppLog: [2026-05-27 18:48:43.425 W tboxap gpsSyncGpsInfoToDm:361] [Gps] [gpsSyncGpsInfoToDm] fix=0 mode=49 corner:0x01 alt=0.00 sat=0 hdop=0.00 pdop=0.00 vdop=0.00
05-27 18:48:43.428 13911 14183 I SentryImuMcuAngleSender: 179.96497rollDeg
05-27 18:48:43.428 13911 14183 I SentryImuMcuAngleSender: 1,0,0
05-27 18:48:43.428 13911 14131 D SVR_MNG_SvrMngProxy: getServer: mSvrManger is null
05-27 18:48:43.428 13911 14131 D SVR_MNG_SvrMngProxy: getNewStub: 
05-27 18:48:43.428 13911 14131 D SVR_MNG_SvrMngProxy: getNewStub: getSvrManagerService start
05-27 18:48:43.428   581   581 I SpiService: fgesysctrl_getGPIO_status success val=1
05-27 18:48:43.429 13911 14131 D SVR_MNG_SvrMngProxy: getNewStub: getSvrManagerService end
05-27 18:48:43.429 13911 14131 D SVR_MNG_SvrMngProxy: getServer: svrMngService doesn't start
05-27 18:48:43.430   299 30841 D EvsDriver: forwardFrame
05-27 18:48:43.431   299 30844 D EvsDriver: forwardFrame
05-27 18:48:43.432   299 30844 D EvsDriver: Delivered 0xb400007b7ca56900 as id 0
05-27 18:48:43.432   299 30841 D EvsDriver: Delivered 0xb400007b7ca56a60 as id 0
05-27 18:48:43.432  1167  1167 D evsmanagerd: /dev/video4 forwarded the buffer #0 to 0xb4000074bf5f6850 from 0xb4000074bf5f41d0
05-27 18:48:43.432  1167  1184 D evsmanagerd: /dev/video6 forwarded the buffer #0 to 0xb4000074bf5f5510 from 0xb4000074bf5f6d90
05-27 18:48:43.433 30773 30773 E dvr_service_: [myNum:1] Received S**** loss
05-27 18:48:43.433 30773 30781 E dvr_service_: [myNum:0] Received S**** loss
05-27 18:48:43.433   299  1163 D EvsDriver: doneWithFrame
05-27 18:48:43.433   299  1153 D EvsDriver: doneWithFrame
05-27 18:48:43.433   581   581 I SpiService: fgesysctrl_getGPIO_status success val=1
05-27 18:48:43.439   581   581 I SpiService: fgesysctrl_getGPIO_status success val=1
05-27 18:48:43.439  1008 30856 D [OMXB]  : usingANWBuffer: handle:0xee743c90, format:1, w:1920, h:1080
05-27 18:48:43.444   581   581 I SpiService: fgesysctrl_getGPIO_status success val=0
05-27 18:48:43.447   566 11459 I gps_hdbd: Received: '$GNINS,1,1,TYPE,I,V,010434.000,19385000,FUS,-9,0,0,0,MOT,V,1,PATT,0.00,0.00,0.00,VEL,0.000,0.000,0.000,POS,40.0001330924,116.0001570688,84.176,IIA,1,0.00,0.00,0.00,BGA,0.31,-0.66,-0.13,0.000,0.000,0.000,IGA,0,-1,0,0,-2,98,VG,16c2ff1*1D
'
05-27 18:48:43.447 13911 14183 I SentryImuMcuAngleSender: 179.96497rollDeg
05-27 18:48:43.447 13911 14183 I SentryImuMcuAngleSender: 1,0,0
05-27 18:48:43.452   566 11459 I gps_hdbd: Received: '$GNINS,CARSPEED,ADR_STATUS,0,Pulse_count,0,1,0,0,19385000,107700,0.000,0.000,0.000*01
'
05-27 18:48:43.458   299 30841 D EvsDriver: forwardFrame
05-27 18:48:43.458   299 30844 D EvsDriver: forwardFrame
05-27 18:48:43.458   481   598 I mcuc    : rev,n=1,6AA681D956000A89009A0104090312345676
05-27 18:48:43.458  1121  1144 I tboxmids_ap: [2026-05-27 18:48:43.458] [MCU RX] src=MCU dst=ZMQ len=10 type=BINARY data=00 08 9A 01 04 09 03 12 34 56 
05-27 18:48:43.458   566 11459 I gps_hdbd: Received: '$GNTXT,04,01,04,INS,V,1,,,,FLG,1,000000,1,0,1,0,0,Con,0*71
'
05-27 18:48:43.458   581   581 I SpiService: fgesysctrl_getGPIO_status success val=1
05-27 18:48:43.458   351   373 D automotive.vehicle@2.0-adayo-datacomm-mcu: MCUDatacomm sendMessageFromVehicle prop: 0x89, areaId: 0x0, status: 0x9a, timestamp: 0x1
05-27 18:48:43.458   351   373 D automotive.vehicle@2.0-adayo-datacomm-mcu: MCUDatacomm 1sendMessageFromVehicle ---> type = 12 
05-27 18:48:43.459  1083  1083 I MyAppLog: [2026-05-27 18:48:43.459 I tboxap mcuCommTboxmidsRecvCb:97] [Mcu] [mcuCommTboxmidsRecvCb] recv from tboxmids, size:10
05-27 18:48:43.459   299 30844 D EvsDriver: Delivered 0xb400007b7ca56900 as id 0
05-27 18:48:43.459  1083  1083 I MyAppLog: [2026-05-27 18:48:43.459 I tboxap mcuCommTboxmidsRecvCb:98] [Mcu] [tboxmids -> tboxap]: :00 08 9A 01 04 09 03 12 34 56
05-27 18:48:43.460  1083  1083 I MyAppLog: [2026-05-27 18:48:43.459 I tboxap mcuPtlParseData:990] [Mcu] [Mcu  Parse]: (cmd):0903 (param):0903123456
05-27 18:48:43.460  1167  1167 D evsmanagerd: /dev/video6 forwarded the buffer #0 to 0xb4000074bf5f5510 from 0xb4000074bf5f6d90
05-27 18:48:43.460  1083  1083 W MyAppLog: [2026-05-27 18:48:43.459 W tboxap mcuParamDataRevPack:918] [Mcu] mcuParamDataRevPack start pack data!!!
05-27 18:48:43.460  1083  1083 W MyAppLog: [2026-05-27 18:48:43.459 W tboxap mcuHandlePowerResultInd:1777] [Mcu] [mcuHandlePowerResultInd] recv 0x0903 power result type:0x12 result:0x34
05-27 18:48:43.460   299 30841 D EvsDriver: Delivered 0xb400007b7ca56a60 as id 0
05-27 18:48:43.460  1167  1184 D evsmanagerd: /dev/video4 forwarded the buffer #0 to 0xb4000074bf5f6850 from 0xb4000074bf5f41d0
05-27 18:48:43.462   299  1153 D EvsDriver: doneWithFrame
05-27 18:48:43.463   536   536 D commservice260303: msg.id = 1028,0
05-27 18:48:43.463  1008 30857 D [OMXB]  : usingANWBuffer: handle:0xee746ec0, format:1, w:1920, h:1080
05-27 18:48:43.463   536   536 D commservice260303: i = 170, msgid = 8A000404
05-27 18:48:43.463   536   536 D commservice260303: msgid = -1979710460,did=138
05-27 18:48:43.463   536   536 D commservice260303: CommProtocolLibCmdBaseI2C::dataproc {"command":{"id":"imu_status","sub":""},"content":{"TimeStamp":10,"FrameCounter":252512,"GD_X":-0.010766036808490753,"GD_Y":0.0056498548947274685,"GD_Z":0.0019079053308814764,"AD_X":-0.002789616584777832,"AD_Y":0.0034614880569279194,"AD_Z":-0.16947650909423828,"TempDsp":0,"Status":0,"CalibState":1,"SigAmpInvalid":0}},-1979710460
05-27 18:48:43.463   536   536 D commservice260303: send2Cluster len:318, 7B22636F6D6D616E64223A7B226964223A22696D755F737461747573222C22737562223A22227D2C22636F6E74656E74223A7B2254696D655374616D70223A31302C224672616D65436F756E746572223A3235323531322C2247445F58223A2D302E3031303736363033363830383439303735332C2247445F59223A302E303035363439383534383934373237343638352C2247445F5A223A302E303031393037393035333330383831343736342C2241445F58223A2D302E3030323738393631363538343737373833322C2241445F59223A302E303033343631343838303536393237393139342C2241445F5A223A2D302E31363934373635303930393432333832382C2254656D70447370223A302C22537461747573223A302C2243616C69625374617465223A312C22536967416D70496E76616C6964223A307D7D, 138 
05-27 18:48:43.463   299  1153 D EvsDriver: doneWithFrame
05-27 18:48:43.463   536   536 D commservice260303: Push Message into SendPool fn=656081920
05-27 18:48:43.463   536   536 D commservice260303: ComProtocolLibSend2Cluster::send2ClusterRaw fn=656081920 , len=334
05-27 18:48:43.463   536   536 D commservice260303: sendCmdToPort :334!!!
05-27 18:48:43.463   581   581 I SpiService: fgesysctrl_getGPIO_status success val=1
