05-27 18:48:40.897   299 30841 D EvsDriver: Delivered 0xb400007b7ca56a60 as id 0
05-27 18:48:40.897  1167  1184 D evsmanagerd: /dev/video4 forwarded the buffer #0 to 0xb4000074bf5f6850 from 0xb4000074bf5f41d0
05-27 18:48:40.900   299  1163 D EvsDriver: doneWithFrame
05-27 18:48:40.900   299 30844 D EvsDriver: forwardFrame
05-27 18:48:40.901   283   307 I rvcservice: t.code = 3, t.value = 0
05-27 18:48:40.901   581   581 I SpiService: fgesysctrl_getGPIO_status success val=1
05-27 18:48:40.902  1167  1184 D evsmanagerd: /dev/video6 forwarded the buffer #0 to 0xb4000074bf5f5510 from 0xb4000074bf5f6d90
05-27 18:48:40.902   299 30844 D EvsDriver: Delivered 0xb400007b7ca56900 as id 0
05-27 18:48:40.903  1008 30857 D [OMXB]  : usingANWBuffer: handle:0xee741e50, format:1, w:1920, h:1080
05-27 18:48:40.904   299  1163 D EvsDriver: doneWithFrame
05-27 08:39:49.866   581   581 D spi_rst_gpio_get_output: GPIO 145 value: 1
05-27 08:39:49.866   581   581 D spidev_ioctl: gpio status=1)
05-27 18:48:40.907   581   581 I SpiService: fgesysctrl_getGPIO_status success val=0
05-27 18:48:40.907   481   597 I mcuc    : send SPI:6AA602D9490002890051
05-27 08:39:49.871   581   581 D spi_rst_gpio_get_output: GPIO 145 value: 0
05-27 08:39:49.871   581   581 D spidev_ioctl: gpio status=0)
05-27 18:48:40.909 13911 14183 I SentryImuMcuAngleSender: 179.993rollDeg
05-27 18:48:40.909 13911 14183 I SentryImuMcuAngleSender: 1,0,0
05-27 18:48:40.919   572   622 I Sensors : 230 GyroSensor: x:-0.012446,y:0.005879,z:0.001908
05-27 18:48:40.921   581   581 I SpiService: fgesysctrl_getGPIO_status success val=1
05-27 08:39:49.886   581   581 D spi_rst_gpio_get_output: GPIO 145 value: 1
05-27 08:39:49.886   581   581 D spidev_ioctl: gpio status=1)
05-27 18:48:40.927   581   581 I SpiService: fgesysctrl_getGPIO_status success val=1
05-27 18:48:40.928  1008 30856 D [OMXB]  : usingANWBuffer: handle:0xee745fa0, format:1, w:1920, h:1080
05-27 18:48:40.928 30773 30789 I dvr_service_: Camera 0: MediaOK:150768204, frames:3400, isKeyFrame:0,pts:10787928128
05-27 08:39:49.892   581   581 D spi_rst_gpio_get_output: GPIO 145 value: 1
05-27 08:39:49.892   581   581 D spidev_ioctl: gpio status=1)
05-27 18:48:40.930 13911 14183 I SentryImuMcuAngleSender: 180.0rollDeg
05-27 18:48:40.930 13911 14183 I SentryImuMcuAngleSender: 1,0,0
05-27 18:48:40.931   299 30844 D EvsDriver: forwardFrame
05-27 18:48:40.931   299 30841 D EvsDriver: forwardFrame
05-27 18:48:40.932   536   536 D commservice260303: msg.id = 1028,1
05-27 18:48:40.932   536   536 D commservice260303: i = 170, msgid = 8A000404
05-27 18:48:40.932   536   536 D commservice260303: msgid = -1979710460,did=138
05-27 18:48:40.932   536   536 D commservice260303: CommProtocolLibCmdBaseI2C::dataproc {"command":{"id":"imu_status","sub":""},"content":{"TimeStamp":10,"FrameCounter":252450,"GD_X":-0.012446117587387562,"GD_Y":0.005879240110516548,"GD_Z":0.0019079053308814764,"AD_X":-0.004552319645881653,"AD_Y":-0.0025275652296841145,"AD_Z":-0.16764545440673828,"TempDsp":0,"Status":0,"CalibState":1,"SigAmpInvalid":0}},-1979710460
05-27 18:48:40.932   536   536 D commservice260303: send2Cluster len:318, 7B22636F6D6D616E64223A7B226964223A22696D755F737461747573222C22737562223A22227D2C22636F6E74656E74223A7B2254696D655374616D70223A31302C224672616D65436F756E746572223A3235323435302C2247445F58223A2D302E3031323434363131373538373338373536322C2247445F59223A302E3030353837393234303131303531363534382C2247445F5A223A302E303031393037393035333330383831343736342C2241445F58223A2D302E3030343535323331393634353838313635332C2241445F59223A2D302E303032353237353635323239363834313134352C2241445F5A223A2D302E31363736343534353434303637333832382C2254656D70447370223A302C22537461747573223A302C2243616C69625374617465223A312C22536967416D70496E76616C6964223A307D7D, 138 
05-27 18:48:40.932   536   536 D commservice260303: Push Message into SendPool fn=-400948224
05-27 18:48:40.932   536   536 D commservice260303: ComProtocolLibSend2Cluster::send2ClusterRaw fn=-400948224 , len=334
05-27 18:48:40.932   536   536 D commservice260303: sendCmdToPort :334!!!
05-27 18:48:40.932   536   536 D commservice260303: send Cmd To Port ++++5AA5014A8A0100041AE86A16CC087B22636F6D6D616E64223A7B226964223A22696D755F737461747573222C22737562223A22227D2C22636F6E74656E74223A7B2254696D655374616D70223A31302C224672616D65436F756E746572223A3235323435302C2247445F58223A2D302E3031323434363131373538373338373536322C2247445F59223A302E3030353837393234303131303531363534382C2247445F5A223A302E303031393037393035333330383831343736342C2241445F58223A2D302E3030343535323331393634353838313635332C2241445F59223A2D302E303032353237353635323239363834313134352C2241445F5A223A2D302E31363736343534353434303637333832382C2254656D70447370223A302C22537461747573223A302C2243616C69625374617465223A312C22536967416D70496E76616C6964223A307D7DE493
05-27 18:48:40.932   536   536 D commservice260303: bufferevent_write retrun value = 0
05-27 18:48:40.933   536   560 D commservice260303: client datas send succeed,send finish
05-27 18:48:40.933   581   581 I SpiService: fgesysctrl_getGPIO_status success val=1
05-27 18:48:40.933 13911 14192 D Sentinelmode_1.2.5.17_sentry: <SentryImuClusterFgeSender>imu_status sent to Linux, frame=252450, tsNs=10788169, tsMs=10, intervalMs=43, ad=(-0.0045523196,-0.0025275652,-0.16764545), gd=(-0.012446118,0.00587924,0.0019079053)
05-27 18:48:40.935   299 30841 D EvsDriver: Delivered 0xb400007b7ca56a60 as id 0
05-27 18:48:40.935  1167  1184 D evsmanagerd: /dev/video4 forwarded the buffer #0 to 0xb4000074bf5f6850 from 0xb4000074bf5f41d0
05-27 18:48:40.935   299 30844 D EvsDriver: Delivered 0xb400007b7ca56900 as id 0
05-27 18:48:40.935  1167  1167 D evsmanagerd: /dev/video6 forwarded the buffer #0 to 0xb4000074bf5f5510 from 0xb4000074bf5f6d90
05-27 18:48:40.935 30773 30781 E dvr_service_: [myNum:0] Received S**** loss
05-27 18:48:40.935 30773 30773 E dvr_service_: [myNum:1] Received S**** loss
05-27 18:48:40.935   299  1163 D EvsDriver: doneWithFrame
05-27 18:48:40.935   299  1153 D EvsDriver: doneWithFrame
05-27 08:39:49.898   581   581 D spi_rst_gpio_get_output: GPIO 145 value: 1
05-27 08:39:49.898   581   581 D spidev_ioctl: gpio status=1)
05-27 08:39:49.901     0     0 W         : c6 [    C6] Irq_monitor:Irq                                           IPI[1]occur        8317 times interval 1024 ms
05-27 18:48:40.939   581   581 I SpiService: fgesysctrl_getGPIO_status success val=1
05-27 08:39:49.904   581   581 D spi_rst_gpio_get_output: GPIO 145 value: 1
05-27 08:39:49.904   581   581 D spidev_ioctl: gpio status=1)
05-27 18:48:40.942  1008 30857 D [OMXB]  : usingANWBuffer: handle:0xee746ec0, format:1, w:1920, h:1080
05-27 18:48:40.945   581   581 I SpiService: fgesysctrl_getGPIO_status success val=1
05-27 08:39:49.909   581   581 D spi_rst_gpio_get_output: GPIO 145 value: 1
05-27 08:39:49.909   581   581 D spidev_ioctl: gpio status=1)
05-27 18:48:40.950   581   581 I SpiService: fgesysctrl_getGPIO_status success val=0
05-27 18:48:40.951 13911 14183 I SentryImuMcuAngleSender: 179.99298rollDeg
05-27 18:48:40.951 13911 14183 I SentryImuMcuAngleSender: 1,0,0
05-27 08:39:49.915   581   581 D spi_rst_gpio_get_output: GPIO 145 value: 0
05-27 08:39:49.915   581   581 D spidev_ioctl: gpio status=0)
05-27 18:48:40.959   299 30841 D EvsDriver: forwardFrame
05-27 18:48:40.960   299 30841 D EvsDriver: Delivered 0xb400007b7ca56a60 as id 0
05-27 18:48:40.961  1167  1167 D evsmanagerd: /dev/video4 forwarded the buffer #0 to 0xb4000074bf5f6850 from 0xb4000074bf5f41d0
05-27 18:48:40.961  1008 30856 D [OMXB]  : usingANWBuffer: handle:0xee740590, format:1, w:1920, h:1080
05-27 18:48:40.964   299 30844 D EvsDriver: forwardFrame
05-27 18:48:40.965   581   581 I SpiService: fgesysctrl_getGPIO_status success val=1
05-27 08:39:49.929   581   581 D spi_rst_gpio_get_output: GPIO 145 value: 1
05-27 08:39:49.930   581   581 D spidev_ioctl: gpio status=1)
05-27 18:48:40.967   299  1163 D EvsDriver: doneWithFrame
05-27 18:48:40.968 10188  6929 D NetworkPolicy: Blocked state of 10080: {blocked=NONE,allowed=FOREGROUND|METERED_FOREGROUND,effective=NONE}
05-27 18:48:40.971   581   581 I SpiService: fgesysctrl_getGPIO_status success val=1
05-27 18:48:40.972   299 30844 D EvsDriver: Delivered 0xb400007b7ca56900 as id 0
05-27 18:48:40.972  1167  1167 D evsmanagerd: /dev/video6 forwarded the buffer #0 to 0xb4000074bf5f5510 from 0xb4000074bf5f6d90
05-27 18:48:40.972 13911 14183 I SentryImuMcuAngleSender: 179.98598rollDeg
05-27 08:39:49.936   581   581 D spi_rst_gpio_get_output: GPIO 145 value: 1
05-27 08:39:49.936   581   581 D spidev_ioctl: gpio status=1)
05-27 18:48:40.972 13911 14183 I SentryImuMcuAngleSender: 1,0,0
05-27 18:48:40.973   536   536 D commservice260303: msg.id = 1028,0
05-27 18:48:40.973   536   536 D commservice260303: i = 170, msgid = 8A000404
05-27 18:48:40.973   536   536 D commservice260303: msgid = -1979710460,did=138
05-27 18:48:40.974   536   536 D commservice260303: CommProtocolLibCmdBaseI2C::dataproc {"command":{"id":"imu_status","sub":""},"content":{"TimeStamp":10,"FrameCounter":252451,"GD_X":-0.011759000830352306,"GD_Y":0.0048857564106583595,"GD_Z":0.0019079053308814764,"AD_X":-0.0045373886823654175,"AD_Y":-8.302507922053337E-5,"AD_Z":-0.16764545440673828,"TempDsp":0,"Status":0,"CalibState":1,"SigAmpInvalid":0}},-1979710460
05-27 18:48:40.974   536   536 D commservice260303: send2Cluster len:319, 7B22636F6D6D616E64223A7B226964223A22696D755F737461747573222C22737562223A22227D2C22636F6E74656E74223A7B2254696D655374616D70223A31302C224672616D65436F756E746572223A3235323435312C2247445F58223A2D302E3031313735393030303833303335323330362C2247445F59223A302E303034383835373536343130363538333539352C2247445F5A223A302E303031393037393035333330383831343736342C2241445F58223A2D302E303034353337333838363832333635343137352C2241445F59223A2D382E333032353037393232303533333337452D352C2241445F5A223A2D302E31363736343534353434303637333832382C2254656D70447370223A302C22537461747573223A302C2243616C69625374617465223A312C22536967416D70496E76616C6964223A307D7D, 138 
05-27 18:48:40.974   536   536 D commservice260303: Push Message into SendPool fn=-384171008
05-27 18:48:40.974   536   536 D commservice260303: ComProtocolLibSend2Cluster::send2ClusterRaw fn=-384171008 , len=335
05-27 18:48:40.974   536   536 D commservice260303: sendCmdToPort :335!!!
05-27 18:48:40.974   536   536 D commservice260303: send Cmd To Port ++++5AA5014B8A0100041AE96A16CC087B22636F6D6D616E64223A7B226964223A22696D755F737461747573222C22737562223A22227D2C22636F6E74656E74223A7B2254696D655374616D70223A31302C224672616D65436F756E746572223A3235323435312C2247445F58223A2D302E3031313735393030303833303335323330362C2247445F59223A302E303034383835373536343130363538333539352C2247445F5A223A302E303031393037393035333330383831343736342C2241445F58223A2D302E303034353337333838363832333635343137352C2241445F59223A2D382E333032353037393232303533333337452D352C2241445F5A223A2D302E31363736343534353434303637333832382C2254656D70447370223A302C22537461747573223A302C2243616C69625374617465223A312C22536967416D70496E76616C6964223A307D7DD882
05-27 18:48:40.974   536   536 D commservice260303: bufferevent_write retrun value = 0
05-27 18:48:40.975   536   560 D commservice260303: client datas send succeed,send finish
05-27 18:48:40.975 13911 14192 D Sentinelmode_1.2.5.17_sentry: <SentryImuClusterFgeSender>imu_status sent to Linux, frame=252451, tsNs=10788205, tsMs=10, intervalMs=42, ad=(-0.0045373887,-8.302508E-5,-0.16764545), gd=(-0.011759001,0.0048857564,0.0019079053)
05-27 18:48:40.976   299  1163 D EvsDriver: doneWithFrame
05-27 18:48:40.977   581   581 I SpiService: fgesysctrl_getGPIO_status success val=1
05-27 08:39:49.941   581   581 D spi_rst_gpio_get_output: GPIO 145 value: 1
05-27 08:39:49.941   581   581 D spidev_ioctl: gpio status=1)
05-27 18:48:40.981  1008 30857 D [OMXB]  : usingANWBuffer: handle:0xee742ab0, format:1, w:1920, h:1080
05-27 18:48:40.983   581   581 I SpiService: fgesysctrl_getGPIO_status success val=1
05-27 08:39:49.947   581   581 D spi_rst_gpio_get_output: GPIO 145 value: 1
05-27 08:39:49.947   581   581 D spidev_ioctl: gpio status=1)
05-27 18:48:40.989   581   581 I SpiService: fgesysctrl_getGPIO_status success val=0
05-27 08:39:49.953   581   581 D spi_rst_gpio_get_output: GPIO 145 value: 0
05-27 08:39:49.953   581   581 D spidev_ioctl: gpio status=0)
05-27 18:48:40.993 13911 14183 I SentryImuMcuAngleSender: 179.993rollDeg
05-27 18:48:40.993 13911 14183 I SentryImuMcuAngleSender: 1,0,0
05-27 18:48:40.995   299 30841 D EvsDriver: forwardFrame
05-27 18:48:40.995   299 30841 D EvsDriver: Delivered 0xb400007b7ca56a60 as id 0
05-27 18:48:40.996  1167  1167 D evsmanagerd: /dev/video4 forwarded the buffer #0 to 0xb4000074bf5f6850 from 0xb4000074bf5f41d0
05-27 18:48:40.998  1008 30856 D [OMXB]  : usingANWBuffer: handle:0xee7421c0, format:1, w:1920, h:1080
05-27 18:48:40.999   299  1163 D EvsDriver: doneWithFrame
05-27 18:48:41.001   283   307 I rvcservice: t.code = 0, t.value = 1220
05-27 18:48:41.003   299 30844 D EvsDriver: forwardFrame
05-27 08:39:49.969   581   581 D spi_rst_gpio_get_output: GPIO 145 value: 1
05-27 08:39:49.969   581   581 D spidev_ioctl: gpio status=1)
05-27 18:48:41.005   581   581 I SpiService: fgesysctrl_getGPIO_status success val=1
05-27 18:48:41.007   299 30844 D EvsDriver: Delivered 0xb400007b7ca56900 as id 0
05-27 18:48:41.007  1167  1167 D evsmanagerd: /dev/video6 forwarded the buffer #0 to 0xb4000074bf5f5510 from 0xb4000074bf5f6d90
05-27 18:48:41.011   581   581 I SpiService: fgesysctrl_getGPIO_status success val=1
05-27 18:48:41.012   299  1163 D EvsDriver: doneWithFrame
05-27 18:48:41.012 13911 14183 I SentryImuMcuAngleSender: 179.97198rollDeg
05-27 18:48:41.012 13911 14183 I SentryImuMcuAngleSender: 1,0,0
05-27 08:39:49.976   581   581 D spi_rst_gpio_get_output: GPIO 145 value: 1
05-27 08:39:49.976   581   581 D spidev_ioctl: gpio status=1)
05-27 18:48:41.013   536   536 D commservice260303: msg.id = 1028,1
05-27 18:48:41.014   536   536 D commservice260303: i = 170, msgid = 8A000404
05-27 18:48:41.014   536   536 D commservice260303: msgid = -1979710460,did=138
05-27 18:48:41.014   536   536 D commservice260303: CommProtocolLibCmdBaseI2C::dataproc {"command":{"id":"imu_status","sub":""},"content":{"TimeStamp":10,"FrameCounter":252452,"GD_X":-0.011377211660146713,"GD_Y":0.00519212381914258,"GD_Z":0.001679039909504354,"AD_X":-0.005742385983467102,"AD_Y":-0.0012918207794427872,"AD_Z":-0.1719207763671875,"TempDsp":0,"Status":0,"CalibState":1,"SigAmpInvalid":0}},-1979710460
05-27 18:48:41.014   536   536 D commservice260303: send2Cluster len:315, 7B22636F6D6D616E64223A7B226964223A22696D755F737461747573222C22737562223A22227D2C22636F6E74656E74223A7B2254696D655374616D70223A31302C224672616D65436F756E746572223A3235323435322C2247445F58223A2D302E3031313337373231313636303134363731332C2247445F59223A302E30303531393231323338313931343235382C2247445F5A223A302E3030313637393033393930393530343335342C2241445F58223A2D302E3030353734323338353938333436373130322C2241445F59223A2D302E303031323931383230373739343432373837322C2241445F5A223A2D302E313731393230373736333637313837352C2254656D70447370223A302C22537461747573223A302C2243616C69625374617465223A312C22536967416D70496E76616C6964223A307D7D, 138 
05-27 18:48:41.014   536   536 D commservice260303: Push Message into SendPool fn=-367393792
05-27 18:48:41.014   536   536 D commservice260303: ComProtocolLibSend2Cluster::send2ClusterRaw fn=-367393792 , len=331
05-27 18:48:41.014   536   536 D commservice260303: sendCmdToPort :331!!!
05-27 18:48:41.014   536   536 D commservice260303: send Cmd To Port ++++5AA501478A0100041AEA6A16CC097B22636F6D6D616E64223A7B226964223A22696D755F737461747573222C22737562223A22227D2C22636F6E74656E74223A7B2254696D655374616D70223A31302C224672616D65436F756E746572223A3235323435322C2247445F58223A2D302E3031313337373231313636303134363731332C2247445F59223A302E30303531393231323338313931343235382C2247445F5A223A302E3030313637393033393930393530343335342C2241445F58223A2D302E3030353734323338353938333436373130322C2241445F59223A2D302E303031323931383230373739343432373837322C2241445F5A223A2D302E313731393230373736333637313837352C2254656D70447370223A302C22537461747573223A302C2243616C69625374617465223A312C22536967416D70496E76616C6964223A307D7D9061
05-27 18:48:41.014   536   536 D commservice260303: bufferevent_write retrun value = 0
05-27 18:48:41.014   536   560 D commservice260303: client datas send succeed,send finish
05-27 18:48:41.014 13911 14192 D Sentinelmode_1.2.5.17_sentry: <SentryImuClusterFgeSender>imu_status sent to Linux, frame=252452, tsNs=10788259, tsMs=10, intervalMs=39, ad=(-0.005742386,-0.0012918208,-0.17192078), gd=(-0.011377212,0.005192124,0.0016790399)
05-27 18:48:41.017   581   581 I SpiService: fgesysctrl_getGPIO_status success val=1
05-27 18:48:41.017  1008 30857 D [OMXB]  : usingANWBuffer: handle:0xee743ea0, format:1, w:1920, h:1080
05-27 08:39:49.981   581   581 D spi_rst_gpio_get_output: GPIO 145 value: 1
05-27 08:39:49.981   581   581 D spidev_ioctl: gpio status=1)
05-27 18:48:41.022   581   581 I SpiService: fgesysctrl_getGPIO_status success val=1
05-27 08:39:49.987   581   581 D spi_rst_gpio_get_output: GPIO 145 value: 1
05-27 08:39:49.987   581   581 D spidev_ioctl: gpio status=1)
05-27 18:48:41.026   572   572 I Sensors : 230 AccelSensor: x:-0.170800,y:0.007319,z:-9.975940
05-27 18:48:41.028   581   581 I SpiService: fgesysctrl_getGPIO_status success val=0
05-27 18:48:41.028   299 30844 D EvsDriver: forwardFrame
05-27 08:39:49.992   581   581 D spi_rst_gpio_get_output: GPIO 145 value: 0
05-27 08:39:49.992   581   581 D spidev_ioctl: gpio status=0)
05-27 18:48:41.030   299 30844 D EvsDriver: Delivered 0xb400007b7ca56900 as id 0
05-27 18:48:41.030  1167  1167 D evsmanagerd: /dev/video6 forwarded the buffer #0 to 0xb4000074bf5f5510 from 0xb4000074bf5f6d90
05-27 18:48:41.032   299  1163 D EvsDriver: doneWithFrame
05-27 18:48:41.033 13911 14183 I SentryImuMcuAngleSender: 179.95796rollDeg
05-27 18:48:41.033 13911 14183 I SentryImuMcuAngleSender: 1,0,0
05-27 18:48:41.034   299 30841 D EvsDriver: forwardFrame
05-27 18:48:41.036   299 30841 D EvsDriver: Delivered 0xb400007b7ca56a60 as id 0
05-27 18:48:41.036  1167  1167 D evsmanagerd: /dev/video4 forwarded the buffer #0 to 0xb4000074bf5f6850 from 0xb4000074bf5f41d0
05-27 18:48:41.039  1008 30856 D [OMXB]  : usingANWBuffer: handle:0xee741da0, format:1, w:1920, h:1080
05-27 18:48:41.040   299  1163 D EvsDriver: doneWithFrame
05-27 18:48:41.042   581   581 I SpiService: fgesysctrl_getGPIO_status success val=1
05-27 08:39:50.007   581   581 D spi_rst_gpio_get_output: GPIO 145 value: 1
05-27 08:39:50.007   581   581 D spidev_ioctl: gpio status=1)
05-27 18:48:41.048   581   581 I SpiService: fgesysctrl_getGPIO_status success val=1
05-27 08:39:50.013   581   581 D spi_rst_gpio_get_output: GPIO 145 value: 1
05-27 08:39:50.013   581   581 D spidev_ioctl: gpio status=1)
05-27 18:48:41.054   581   581 I SpiService: fgesysctrl_getGPIO_status success val=1
05-27 18:48:41.054 13911 14183 I SentryImuMcuAngleSender: 179.96495rollDeg
05-27 18:48:41.054 13911 14183 I SentryImuMcuAngleSender: 1,0,0
05-27 18:48:41.054   536   536 D commservice260303: msg.id = 1028,0
05-27 18:48:41.054   536   536 D commservice260303: i = 170, msgid = 8A000404
05-27 18:48:41.054   536   536 D commservice260303: msgid = -1979710460,did=138
05-27 18:48:41.054   536   536 D commservice260303: CommProtocolLibCmdBaseI2C::dataproc {"command":{"id":"imu_status","sub":""},"content":{"TimeStamp":10,"FrameCounter":252453,"GD_X":-0.011759000830352306,"GD_Y":0.005345047451555729,"GD_Z":0.0021378109231591225,"AD_X":-0.004503622651100159,"AD_Y":0.0035539050586521626,"AD_Z":-0.16826248168945312,"TempDsp":0,"Status":0,"CalibState":1,"SigAmpInvalid":0}},-1979710460
05-27 18:48:41.054   536   536 D commservice260303: send2Cluster len:317, 7B22636F6D6D616E64223A7B226964223A22696D755F737461747573222C22737562223A22227D2C22636F6E74656E74223A7B2254696D655374616D70223A31302C224672616D65436F756E746572223A3235323435332C2247445F58223A2D302E3031313735393030303833303335323330362C2247445F59223A302E3030353334353034373435313535353732392C2247445F5A223A302E303032313337383130393233313539313232352C2241445F58223A2D302E3030343530333632323635313130303135392C2241445F59223A302E303033353533393035303538363532313632362C2241445F5A223A2D302E31363832363234383136383934353331322C2254656D70447370223A302C22537461747573223A302C2243616C69625374617465223A312C22536967416D70496E76616C6964223A307D7D, 138 
05-27 18:48:41.054   536   536 D commservice260303: Push Message into SendPool fn=-350616576
05-27 18:48:41.054   536   536 D commservice260303: ComProtocolLibSend2Cluster::send2ClusterRaw fn=-350616576 , len=333
05-27 18:48:41.054   536   536 D commservice260303: sendCmdToPort :333!!!
05-27 18:48:41.055   536   536 D commservice260303: send Cmd To Port ++++5AA501498A0100041AEB6A16CC097B22636F6D6D616E64223A7B226964223A22696D755F737461747573222C22737562223A22227D2C22636F6E74656E74223A7B2254696D655374616D70223A31302C224672616D65436F756E746572223A3235323435332C2247445F58223A2D302E3031313735393030303833303335323330362C2247445F59223A302E3030353334353034373435313535353732392C2247445F5A223A302E303032313337383130393233313539313232352C2241445F58223A2D302E3030343530333632323635313130303135392C2241445F59223A302E303033353533393035303538363532313632362C2241445F5A223A2D302E31363832363234383136383934353331322C2254656D70447370223A302C22537461747573223A302C2243616C69625374617465223A312C22536967416D70496E76616C6964223A307D7D98DC
05-27 18:48:41.055   536   536 D commservice260303: bufferevent_write retrun value = 0
05-27 18:48:41.055   536   560 D commservice260303: client datas send succeed,send finish
05-27 18:48:41.055 13911 14192 D Sentinelmode_1.2.5.17_sentry: <SentryImuClusterFgeSender>imu_status sent to Linux, frame=252453, tsNs=10788295, tsMs=10, intervalMs=41, ad=(-0.0045036227,0.003553905,-0.16826248), gd=(-0.011759001,0.0053450475,0.002137811)
05-27 18:48:41.049  1122  1122 I auditd  : type=1400 audit(0.0:65705): avc: denied { dac_override } for comm="tbox_ap" capability=1 scontext=u:r:tboxd:s0 tcontext=u:r:tboxd:s0 tclass=capability permissive=1
05-27 18:48:41.049  1122  1122 I tbox_ap : type=1400 audit(0.0:65705): avc: denied { dac_override } for capability=1 scontext=u:r:tboxd:s0 tcontext=u:r:tboxd:s0 tclass=capability permissive=1
05-27 08:39:50.018   581   581 D spi_rst_gpio_get_output: GPIO 145 value: 1
05-27 08:39:50.018   581   581 D spidev_ioctl: gpio status=1)
05-27 18:48:41.057  1008 30857 D [OMXB]  : usingANWBuffer: handle:0xee7427f0, format:1, w:1920, h:1080
05-27 18:48:41.057  1077  1077 I liblog  : 1
05-27 18:48:41.057  1077  1077 D TboxPowerHelperZmq: lease keepalive owner=tbox_ap_1122_14296_54645e6d req=2806016758563997802
05-27 18:48:41.059   581   581 I SpiService: fgesysctrl_getGPIO_status success val=1
05-27 18:48:41.059   299 30841 D EvsDriver: forwardFrame
05-27 08:39:50.024   581   581 D spi_rst_gpio_get_output: GPIO 145 value: 1
05-27 08:39:50.024   581   581 D spidev_ioctl: gpio status=1)
05-27 18:48:41.061   299 30841 D EvsDriver: Delivered 0xb400007b7ca56a60 as id 0
05-27 18:48:41.061  1167  1167 D evsmanagerd: /dev/video4 forwarded the buffer #0 to 0xb4000074bf5f6850 from 0xb4000074bf5f41d0
05-27 18:48:41.064   299  1163 D EvsDriver: doneWithFrame
05-27 08:39:50.029   581   581 D spi_rst_gpio_get_output: GPIO 145 value: 1
05-27 08:39:50.029   581   581 D spidev_ioctl: gpio status=1)
05-27 18:48:41.064   581   581 I SpiService: fgesysctrl_getGPIO_status success val=1
05-27 18:48:41.068   299 30844 D EvsDriver: forwardFrame
05-27 18:48:41.070   299 30844 D EvsDriver: Delivered 0xb400007b7ca56900 as id 0
05-27 18:48:41.070  1167  1167 D evsmanagerd: /dev/video6 forwarded the buffer #0 to 0xb4000074bf5f5510 from 0xb4000074bf5f6d90
05-27 18:48:41.070   581   581 I SpiService: fgesysctrl_getGPIO_status success val=0
05-27 08:39:50.035   581   581 D spi_rst_gpio_get_output: GPIO 145 value: 0
05-27 08:39:50.035   581   581 D spidev_ioctl: gpio status=0)
05-27 18:48:41.073   299  1163 D EvsDriver: doneWithFrame
05-27 18:48:41.074 13911 14183 I SentryImuMcuAngleSender: 179.98598rollDeg
05-27 18:48:41.074 13911 14183 I SentryImuMcuAngleSender: 1,0,0
05-27 18:48:41.077  1008 30856 D [OMXB]  : usingANWBuffer: handle:0xee744210, format:1, w:1920, h:1080
05-27 18:48:41.084   581   581 I SpiService: fgesysctrl_getGPIO_status success val=1
05-27 08:39:50.049   581   581 D spi_rst_gpio_get_output: GPIO 145 value: 1
05-27 08:39:50.049   581   581 D spidev_ioctl: gpio status=1)
05-27 18:48:41.090   581   581 I SpiService: fgesysctrl_getGPIO_status success val=1
05-27 08:39:50.054   581   581 D spi_rst_gpio_get_output: GPIO 145 value: 1
05-27 08:39:50.054   581   581 D spidev_ioctl: gpio status=1)
05-27 18:48:41.094   536   536 D commservice260303: msg.id = 1028,1
05-27 18:48:41.094   536   536 D commservice260303: i = 170, msgid = 8A000404
05-27 18:48:41.094   536   536 D commservice260303: msgid = -1979710460,did=138
05-27 18:48:41.094   536   536 D commservice260303: CommProtocolLibCmdBaseI2C::dataproc {"command":{"id":"imu_status","sub":""},"content":{"TimeStamp":10,"FrameCounter":252454,"GD_X":-0.011300750076770782,"GD_Y":0.0048857564106583595,"GD_Z":0.001679039909504354,"AD_X":-0.003277197480201721,"AD_Y":-0.0019290446070954204,"AD_Z":-0.16460132598876953,"TempDsp":0,"Status":0,"CalibState":1,"SigAmpInvalid":0}},-1979710460
05-27 18:48:41.094 13911 14183 I SentryImuMcuAngleSender: 179.99649rollDeg
05-27 18:48:41.094   299 30844 D EvsDriver: forwardFrame
05-27 18:48:41.094   536   536 D commservice260303: send2Cluster len:318, 7B22636F6D6D616E64223A7B226964223A22696D755F737461747573222C22737562223A22227D2C22636F6E74656E74223A7B2254696D655374616D70223A31302C224672616D65436F756E746572223A3235323435342C2247445F58223A2D302E3031313330303735303037363737303738322C2247445F59223A302E303034383835373536343130363538333539352C2247445F5A223A302E3030313637393033393930393530343335342C2241445F58223A2D302E3030333237373139373438303230313732312C2241445F59223A2D302E303031393239303434363037303935343230342C2241445F5A223A2D302E31363436303133323539383837363935332C2254656D70447370223A302C22537461747573223A302C2243616C69625374617465223A312C22536967416D70496E76616C6964223A307D7D, 138 
05-27 18:48:41.095   536   536 D commservice260303: Push Message into SendPool fn=-333839360
05-27 18:48:41.095 13911 14183 I SentryImuMcuAngleSender: 1,0,0
05-27 18:48:41.095   536   536 D commservice260303: ComProtocolLibSend2Cluster::send2ClusterRaw fn=-333839360 , len=334
05-27 18:48:41.095   536   536 D commservice260303: sendCmdToPort :334!!!
05-27 18:48:41.095   536   536 D commservice260303: send Cmd To Port ++++5AA5014A8A0100041AEC6A16CC097B22636F6D6D616E64223A7B226964223A22696D755F737461747573222C22737562223A22227D2C22636F6E74656E74223A7B2254696D655374616D70223A31302C224672616D65436F756E746572223A3235323435342C2247445F58223A2D302E3031313330303735303037363737303738322C2247445F59223A302E303034383835373536343130363538333539352C2247445F5A223A302E3030313637393033393930393530343335342C2241445F58223A2D302E3030333237373139373438303230313732312C2241445F59223A2D302E303031393239303434363037303935343230342C2241445F5A223A2D302E31363436303133323539383837363935332C2254656D70447370223A302C22537461747573223A302C2243616C69625374617465223A312C22536967416D70496E76616C6964223A307D7D8525
05-27 18:48:41.095   536   536 D commservice260303: bufferevent_write retrun value = 0
05-27 18:48:41.095   536   560 D commservice260303: client datas send succeed,send finish
05-27 18:48:41.096 13911 14192 D Sentinelmode_1.2.5.17_sentry: <SentryImuClusterFgeSender>imu_status sent to Linux, frame=252454, tsNs=10788330, tsMs=10, intervalMs=40, ad=(-0.0032771975,-0.0019290446,-0.16460133), gd=(-0.01130075,0.0048857564,0.0016790399)
05-27 18:48:41.096   581   581 I SpiService: fgesysctrl_getGPIO_status success val=1
05-27 18:48:41.096   299 30844 D EvsDriver: Delivered 0xb400007b7ca56900 as id 0
05-27 18:48:41.097  1167  1167 D evsmanagerd: /dev/video6 forwarded the buffer #0 to 0xb4000074bf5f5510 from 0xb4000074bf5f6d90
05-27 08:39:50.061   581   581 D spi_rst_gpio_get_output: GPIO 145 value: 1
05-27 08:39:50.061   581   581 D spidev_ioctl: gpio status=1)
05-27 18:48:41.097 30773 30773 E dvr_service_: [myNum:1] Received S**** loss
05-27 18:48:41.097   299  1163 D EvsDriver: doneWithFrame
05-27 18:48:41.098   299 30841 D EvsDriver: forwardFrame
05-27 18:48:41.099   299 30841 D EvsDriver: Delivered 0xb400007b7ca56a60 as id 0
05-27 18:48:41.099  1167  1167 D evsmanagerd: /dev/video4 forwarded the buffer #0 to 0xb4000074bf5f6850 from 0xb4000074bf5f41d0
05-27 18:48:41.099 30773 30773 E dvr_service_: [myNum:0] Received S**** loss
05-27 18:48:41.099  1008 30857 D [OMXB]  : usingANWBuffer: handle:0xee7442c0, format:1, w:1920, h:1080
05-27 18:48:41.099   299  1163 D EvsDriver: doneWithFrame
05-27 18:48:41.101   283   307 I rvcservice: t.code = 3, t.value = 0
05-27 18:48:41.102   581   581 I SpiService: fgesysctrl_getGPIO_status success val=1
05-27 08:39:50.066   581   581 D spi_rst_gpio_get_output: GPIO 145 value: 1
05-27 08:39:50.066   581   581 D spidev_ioctl: gpio status=1)
05-27 18:48:41.107   581   581 I SpiService: fgesysctrl_getGPIO_status success val=1
05-27 08:39:50.072   581   581 D spi_rst_gpio_get_output: GPIO 145 value: 1
05-27 08:39:50.072   581   581 D spidev_ioctl: gpio status=1)
05-27 18:48:41.112 15863 15863 D AIN-NaviLocationPresenter: ACC is OFF, skip upload location
05-27 18:48:41.113   581   581 I SpiService: fgesysctrl_getGPIO_status success val=0
05-27 08:39:50.077   581   581 D spi_rst_gpio_get_output: GPIO 145 value: 0
05-27 08:39:50.077   581   581 D spidev_ioctl: gpio status=0)
05-27 18:48:41.115 13911 14183 I SentryImuMcuAngleSender: 179.98949rollDeg
05-27 18:48:41.115   572   572 I Sensors : 230 GyroSensor: x:-0.010690,y:0.005726,z:0.002290
05-27 18:48:41.115 13911 14183 I SentryImuMcuAngleSender: 1,0,0
05-27 18:48:41.115  1008 30856 D [OMXB]  : usingANWBuffer: handle:0xee7412a0, format:1, w:1920, h:1080
05-27 18:48:41.119 30773 30785 I dvr_service_: [EncoderHandler::runMediaThread] runMediaThread started:1,state:1, cam2:started:1,state:1, lastSwitch:1, mIsMuxerStart:1,format:0,is_str_ing:0
05-27 18:48:41.127   581   581 I SpiService: fgesysctrl_getGPIO_status success val=1
05-27 08:39:50.091   581   581 D spi_rst_gpio_get_output: GPIO 145 value: 1
05-27 08:39:50.091   581   581 D spidev_ioctl: gpio status=1)
05-27 18:48:41.130   299 30844 D EvsDriver: forwardFrame
05-27 18:48:41.131   299 30841 D EvsDriver: forwardFrame
05-27 18:48:41.132   299 30844 D EvsDriver: Delivered 0xb400007b7ca56900 as id 0
05-27 08:39:50.097   581   581 D spi_rst_gpio_get_output: GPIO 145 value: 1
05-27 08:39:50.097   581   581 D spidev_ioctl: gpio status=1)
05-27 18:48:41.132  1167  1167 D evsmanagerd: /dev/video6 forwarded the buffer #0 to 0xb4000074bf5f5510 from 0xb4000074bf5f6d90
05-27 18:48:41.132   581   581 I SpiService: fgesysctrl_getGPIO_status success val=1
05-27 18:48:41.133   299 30841 D EvsDriver: Delivered 0xb400007b7ca56a60 as id 0
05-27 18:48:41.133  1167  1167 D evsmanagerd: /dev/video4 forwarded the buffer #0 to 0xb4000074bf5f6850 from 0xb4000074bf5f41d0
05-27 18:48:41.135   536   536 D commservice260303: msg.id = 1028,0
05-27 18:48:41.135   536   536 D commservice260303: i = 170, msgid = 8A000404
05-27 18:48:41.135   536   536 D commservice260303: msgid = -1979710460,did=138
05-27 18:48:41.135   536   536 D commservice260303: CommProtocolLibCmdBaseI2C::dataproc {"command":{"id":"imu_status","sub":""},"content":{"TimeStamp":10,"FrameCounter":252455,"GD_X":-0.010537171736359596,"GD_Y":0.0057257963344454765,"GD_Z":0.0020608289632946253,"AD_X":3.539770841598511E-4,"AD_Y":0.004761965945363045,"AD_Z":-0.16947650909423828,"TempDsp":0,"Status":0,"CalibState":1,"SigAmpInvalid":0}},-1979710460
05-27 18:48:41.135   299  1163 D EvsDriver: doneWithFrame
05-27 18:48:41.135 13911 14183 I SentryImuMcuAngleSender: 179.95796rollDeg
05-27 18:48:41.135 13911 14183 I SentryImuMcuAngleSender: 1,0,0
05-27 18:48:41.135   536   536 D commservice260303: send2Cluster len:316, 7B22636F6D6D616E64223A7B226964223A22696D755F737461747573222C22737562223A22227D2C22636F6E74656E74223A7B2254696D655374616D70223A31302C224672616D65436F756E746572223A3235323435352C2247445F58223A2D302E3031303533373137313733363335393539362C2247445F59223A302E303035373235373936333334343435343736352C2247445F5A223A302E303032303630383238393633323934363235332C2241445F58223A332E353339373730383431353938353131452D342C2241445F59223A302E3030343736313936353934353336333034352C2241445F5A223A2D302E31363934373635303930393432333832382C2254656D70447370223A302C22537461747573223A302C2243616C69625374617465223A312C22536967416D70496E76616C6964223A307D7D, 138 
05-27 18:48:41.135   536   536 D commservice260303: Push Message into SendPool fn=-317062144
05-27 18:48:41.135   536   536 D commservice260303: ComProtocolLibSend2Cluster::send2ClusterRaw fn=-317062144 , len=332
05-27 18:48:41.135   536   536 D commservice260303: sendCmdToPort :332!!!
05-27 18:48:41.135   536   536 D commservice260303: send Cmd To Port ++++5AA501488A0100041AED6A16CC097B22636F6D6D616E64223A7B226964223A22696D755F737461747573222C22737562223A22227D2C22636F6E74656E74223A7B2254696D655374616D70223A31302C224672616D65436F756E746572223A3235323435352C2247445F58223A2D302E3031303533373137313733363335393539362C2247445F59223A302E303035373235373936333334343435343736352C2247445F5A223A302E303032303630383238393633323934363235332C2241445F58223A332E353339373730383431353938353131452D342C2241445F59223A302E3030343736313936353934353336333034352C2241445F5A223A2D302E31363934373635303930393432333832382C2254656D70447370223A302C22537461747573223A302C2243616C69625374617465223A312C22536967416D70496E76616C6964223A307D7DDB01
05-27 18:48:41.136   536   536 D commservice260303: bufferevent_write retrun value = 0
05-27 18:48:41.136   536   560 D commservice260303: client datas send succeed,send finish
05-27 18:48:41.136 13911 14192 D Sentinelmode_1.2.5.17_sentry: <SentryImuClusterFgeSender>imu_status sent to Linux, frame=252455, tsNs=10788383, tsMs=10, intervalMs=41, ad=(3.5397708E-4,0.004761966,-0.16947651), gd=(-0.010537172,0.0057257963,0.002060829)
05-27 18:48:41.136   299  1163 D EvsDriver: doneWithFrame
05-27 18:48:41.138   581   581 I SpiService: fgesysctrl_getGPIO_status success val=1
05-27 08:39:50.102     1     1 I init    : starting service 'trace_resource'...
05-27 08:39:50.102   581   581 D spi_rst_gpio_get_output: GPIO 145 value: 1
05-27 08:39:50.102   581   581 D spidev_ioctl: gpio status=1)
05-27 18:48:41.141  1008 30857 D [OMXB]  : usingANWBuffer: handle:0xee743c90, format:1, w:1920, h:1080
05-27 18:48:41.144   581   581 I SpiService: fgesysctrl_getGPIO_status success val=1
05-27 18:48:41.137  4969  4969 I auditd  : type=1400 audit(0.0:65706): avc: denied { execute_no_trans } for comm="init" path="/system/bin/sh" dev="dm-12" ino=8780651 scontext=u:r:init:s0 tcontext=u:object_r:shell_exec:s0 tclass=file permissive=1
05-27 18:48:41.137  4969  4969 I init    : type=1400 audit(0.0:65706): avc: denied { execute_no_trans } for path="/system/bin/sh" dev="dm-12" ino=8780651 scontext=u:r:init:s0 tcontext=u:object_r:shell_exec:s0 tclass=file permissive=1
05-27 08:39:50.108   581   581 D spi_rst_gpio_get_output: GPIO 145 value: 1
05-27 08:39:50.108   581   581 D spidev_ioctl: gpio status=1)
05-27 18:48:41.149   581   581 I SpiService: fgesysctrl_getGPIO_status success val=1
05-27 08:39:50.114   581   581 D spi_rst_gpio_get_output: GPIO 145 value: 1
05-27 08:39:50.114   581   581 D spidev_ioctl: gpio status=1)
05-27 18:48:41.155   581   581 I SpiService: fgesysctrl_getGPIO_status success val=0
05-27 18:48:41.156 13911 14183 I SentryImuMcuAngleSender: 179.95796rollDeg
05-27 18:48:41.156 13911 14183 I SentryImuMcuAngleSender: 1,0,0
05-27 08:39:50.119   581   581 D spi_rst_gpio_get_output: GPIO 145 value: 0
05-27 08:39:50.119   581   581 D spidev_ioctl: gpio status=0)
05-27 08:39:50.121     1     1 I init    : Service 'trace_resource' (pid 4969) exited with status 127
05-27 08:39:50.121     1     1 I init    : Sending signal 9 to service 'trace_resource' (pid 4969) process group...
05-27 08:39:50.121     1     1 I libprocessgroup: Successfully killed process cgroup uid 0 pid 4969 in 0ms
05-27 18:48:41.160  1008 30856 D [OMXB]  : usingANWBuffer: handle:0xee740d20, format:1, w:1920, h:1080
05-27 18:48:41.161   299 30841 D EvsDriver: forwardFrame
05-27 18:48:41.163   299 30841 D EvsDriver: Delivered 0xb400007b7ca56a60 as id 0
05-27 18:48:41.163  1167  1167 D evsmanagerd: /dev/video4 forwarded the buffer #0 to 0xb4000074bf5f6850 from 0xb4000074bf5f41d0
05-27 18:48:41.166   299  1163 D EvsDriver: doneWithFrame
05-27 18:48:41.169   581   581 I SpiService: fgesysctrl_getGPIO_status success val=1
05-27 18:48:41.169   299 30844 D EvsDriver: forwardFrame
05-27 18:48:41.171   299 30844 D EvsDriver: Delivered 0xb400007b7ca56900 as id 0
05-27 18:48:41.171  1167  1167 D evsmanagerd: /dev/video6 forwarded the buffer #0 to 0xb4000074bf5f5510 from 0xb4000074bf5f6d90
05-27 08:39:50.134   581   581 D spi_rst_gpio_get_output: GPIO 145 value: 1
05-27 08:39:50.134   581   581 D spidev_ioctl: gpio status=1)
05-27 18:48:41.175   581   581 I SpiService: fgesysctrl_getGPIO_status success val=1
05-27 18:48:41.175   299  1163 D EvsDriver: doneWithFrame
05-27 18:48:41.176   536   536 D commservice260303: msg.id = 1028,1
05-27 18:48:41.176   536   536 D commservice260303: i = 170, msgid = 8A000404
05-27 18:48:41.176   536   536 D commservice260303: msgid = -1979710460,did=138
05-27 18:48:41.176   536   536 D commservice260303: CommProtocolLibCmdBaseI2C::dataproc {"command":{"id":"imu_status","sub":""},"content":{"TimeStamp":10,"FrameCounter":252456,"GD_X":-0.01153013575822115,"GD_Y":0.0051151420921087265,"GD_Z":0.0022902146447449923,"AD_X":-0.002096623182296753,"AD_Y":0.0022998154163360596,"AD_Z":-0.1682577133178711,"TempDsp":0,"Status":0,"CalibState":1,"SigAmpInvalid":0}},-1979710460
05-27 18:48:41.176   536   536 D commservice260303: send2Cluster len:316, 7B22636F6D6D616E64223A7B226964223A22696D755F737461747573222C22737562223A22227D2C22636F6E74656E74223A7B2254696D655374616D70223A31302C224672616D65436F756E746572223A3235323435362C2247445F58223A2D302E30313135333031333537353832323131352C2247445F59223A302E303035313135313432303932313038373236352C2247445F5A223A302E303032323930323134363434373434393932332C2241445F58223A2D302E3030323039363632333138323239363735332C2241445F59223A302E303032323939383135343136333336303539362C2241445F5A223A2D302E313638323537373133333137383731312C2254656D70447370223A302C22537461747573223A302C2243616C69625374617465223A312C22536967416D70496E76616C6964223A307D7D, 138 
05-27 18:48:41.176   536   536 D commservice260303: Push Message into SendPool fn=-300284928
05-27 18:48:41.176   536   536 D commservice260303: ComProtocolLibSend2Cluster::send2ClusterRaw fn=-300284928 , len=332
05-27 18:48:41.176   536   536 D commservice260303: sendCmdToPort :332!!!
05-27 18:48:41.176   536   536 D commservice260303: send Cmd To Port ++++5AA501488A0100041AEE6A16CC097B22636F6D6D616E64223A7B226964223A22696D755F737461747573222C22737562223A22227D2C22636F6E74656E74223A7B2254696D655374616D70223A31302C224672616D65436F756E746572223A3235323435362C2247445F58223A2D302E30313135333031333537353832323131352C2247445F59223A302E303035313135313432303932313038373236352C2247445F5A223A302E303032323930323134363434373434393932332C2241445F58223A2D302E3030323039363632333138323239363735332C2241445F59223A302E303032323939383135343136333336303539362C2241445F5A223A2D302E313638323537373133333137383731312C2254656D70447370223A302C22537461747573223A302C2243616C69625374617465223A312C22536967416D70496E76616C6964223A307D7DAE7C
05-27 18:48:41.177   536   536 D commservice260303: bufferevent_write retrun value = 0
05-27 18:48:41.177   536   560 D commservice260303: client datas send succeed,send finish
05-27 08:39:50.140   581   581 D spi_rst_gpio_get_output: GPIO 145 value: 1
05-27 08:39:50.140   581   581 D spidev_ioctl: gpio status=1)
05-27 18:48:41.177 13911 14183 I SentryImuMcuAngleSender: 179.97197rollDeg
05-27 18:48:41.177 13911 14192 D Sentinelmode_1.2.5.17_sentry: <SentryImuClusterFgeSender>imu_status sent to Linux, frame=252456, tsNs=10788420, tsMs=10, intervalMs=41, ad=(-0.0020966232,0.0022998154,-0.16825771), gd=(-0.011530136,0.005115142,0.0022902146)
05-27 18:48:41.177 13911 14183 I SentryImuMcuAngleSender: 1,0,0
05-27 18:48:41.181   581   581 I SpiService: fgesysctrl_getGPIO_status success val=1
05-27 08:39:50.145   581   581 D spi_rst_gpio_get_output: GPIO 145 value: 1
05-27 08:39:50.145   581   581 D spidev_ioctl: gpio status=1)
05-27 18:48:41.185  1008 30856 D [OMXB]  : usingANWBuffer: handle:0xee7437c0, format:1, w:1920, h:1080
05-27 18:48:41.186   581   581 I SpiService: fgesysctrl_getGPIO_status success val=1
05-27 08:39:50.151   581   581 D spi_rst_gpio_get_output: GPIO 145 value: 1
05-27 08:39:50.151   581   581 D spidev_ioctl: gpio status=1)
05-27 18:48:41.192   581   581 I SpiService: fgesysctrl_getGPIO_status success val=0
05-27 08:39:50.156   581   581 D spi_rst_gpio_get_output: GPIO 145 value: 0
05-27 08:39:50.156   581   581 D spidev_ioctl: gpio status=0)
05-27 18:48:41.194   299 30841 D EvsDriver: forwardFrame
05-27 18:48:41.195  1167  1167 D evsmanagerd: /dev/video4 forwarded the buffer #0 to 0xb4000074bf5f6850 from 0xb4000074bf5f41d0
05-27 18:48:41.195   299 30841 D EvsDriver: Delivered 0xb400007b7ca56a60 as id 0
05-27 18:48:41.197   299 30844 D EvsDriver: forwardFrame
05-27 18:48:41.198 13911 14183 I SentryImuMcuAngleSender: 179.98598rollDeg
05-27 18:48:41.198 13911 14183 I SentryImuMcuAngleSender: 1,0,0
05-27 18:48:41.199   299  1163 D EvsDriver: doneWithFrame
05-27 18:48:41.200  1167  1167 D evsmanagerd: /dev/video6 forwarded the buffer #0 to 0xb4000074bf5f5510 from 0xb4000074bf5f6d90
05-27 18:48:41.200   299 30844 D EvsDriver: Delivered 0xb400007b7ca56900 as id 0
05-27 18:48:41.202   283   307 I rvcservice: t.code = 7, t.value = 10788277
05-27 18:48:41.203   299  1163 D EvsDriver: doneWithFrame
05-27 18:48:41.206  1008 30857 D [OMXB]  : usingANWBuffer: handle:0xee746310, format:1, w:1920, h:1080
05-27 18:48:41.208   581   581 I SpiService: fgesysctrl_getGPIO_status success val=1
05-27 08:39:50.172   581   581 D spi_rst_gpio_get_output: GPIO 145 value: 1
05-27 08:39:50.172   581   581 D spidev_ioctl: gpio status=1)
05-27 18:48:41.213   581   581 I SpiService: fgesysctrl_getGPIO_status success val=1
05-27 18:48:41.215   536   536 D commservice260303: msg.id = 1028,0
05-27 18:48:41.215   536   536 D commservice260303: i = 170, msgid = 8A000404
05-27 18:48:41.215   536   536 D commservice260303: msgid = -1979710460,did=138
05-27 18:48:41.215   536   536 D commservice260303: CommProtocolLibCmdBaseI2C::dataproc {"command":{"id":"imu_status","sub":""},"content":{"TimeStamp":10,"FrameCounter":252457,"GD_X":-0.011223767884075642,"GD_Y":0.005879240110516548,"GD_Z":0.0017560218693688512,"AD_X":-0.006354391574859619,"AD_Y":4.694822710007429E-4,"AD_Z":-0.16826248168945312,"TempDsp":0,"Status":0,"CalibState":1,"SigAmpInvalid":0}},-1979710460
05-27 18:48:41.215   536   536 D commservice260303: send2Cluster len:316, 7B22636F6D6D616E64223A7B226964223A22696D755F737461747573222C22737562223A22227D2C22636F6E74656E74223A7B2254696D655374616D70223A31302C224672616D65436F756E746572223A3235323435372C2247445F58223A2D302E3031313232333736373838343037353634322C2247445F59223A302E3030353837393234303131303531363534382C2247445F5A223A302E303031373536303231383639333638383531322C2241445F58223A2D302E3030363335343339313537343835393631392C2241445F59223A342E363934383232373130303037343239452D342C2241445F5A223A2D302E31363832363234383136383934353331322C2254656D70447370223A302C22537461747573223A302C2243616C69625374617465223A312C22536967416D70496E76616C6964223A307D7D, 138 
05-27 18:48:41.215   536   536 D commservice260303: Push Message into SendPool fn=-283507712
05-27 18:48:41.215   536   536 D commservice260303: ComProtocolLibSend2Cluster::send2ClusterRaw fn=-283507712 , len=332
05-27 18:48:41.215   536   536 D commservice260303: sendCmdToPort :332!!!
05-27 18:48:41.215   536   536 D commservice260303: send Cmd To Port ++++5AA501488A0100041AEF6A16CC097B22636F6D6D616E64223A7B226964223A22696D755F737461747573222C22737562223A22227D2C22636F6E74656E74223A7B2254696D655374616D70223A31302C224672616D65436F756E746572223A3235323435372C2247445F58223A2D302E3031313232333736373838343037353634322C2247445F59223A302E3030353837393234303131303531363534382C2247445F5A223A302E303031373536303231383639333638383531322C2241445F58223A2D302E3030363335343339313537343835393631392C2241445F59223A342E363934383232373130303037343239452D342C2241445F5A223A2D302E31363832363234383136383934353331322C2254656D70447370223A302C22537461747573223A302C2243616C69625374617465223A312C22536967416D70496E76616C6964223A307D7DCA30
05-27 18:48:41.215   536   536 D commservice260303: bufferevent_write retrun value = 0
05-27 18:48:41.215   536   560 D commservice260303: client datas send succeed,send finish
05-27 18:48:41.216 13911 14192 D Sentinelmode_1.2.5.17_sentry: <SentryImuClusterFgeSender>imu_status sent to Linux, frame=252457, tsNs=10788454, tsMs=10, intervalMs=38, ad=(-0.0063543916,4.6948227E-4,-0.16826248), gd=(-0.011223768,0.00587924,0.0017560219)
05-27 08:39:50.178   581   581 D spi_rst_gpio_get_output: GPIO 145 value: 1
05-27 08:39:50.178   581   581 D spidev_ioctl: gpio status=1)
05-27 18:48:41.218 13911 14183 I SentryImuMcuAngleSender: 179.98248rollDeg
05-27 18:48:41.218 13911 14183 I SentryImuMcuAngleSender: 1,0,0
05-27 18:48:41.219   581   581 I SpiService: fgesysctrl_getGPIO_status success val=1
05-27 08:39:50.183   581   581 D spi_rst_gpio_get_output: GPIO 145 value: 1
05-27 08:39:50.183   581   581 D spidev_ioctl: gpio status=1)
05-27 18:48:41.222   572   572 I Sensors : 230 AccelSensor: x:-0.172019,y:0.006100,z:-9.974720
05-27 18:48:41.224   581   581 I SpiService: fgesysctrl_getGPIO_status success val=1
05-27 08:39:50.189   581   581 D spi_rst_gpio_get_output: GPIO 145 value: 1
05-27 08:39:50.189   581   581 D spidev_ioctl: gpio status=1)
05-27 18:48:41.229  1008 30856 D [OMXB]  : usingANWBuffer: handle:0xee7435b0, format:1, w:1920, h:1080
05-27 18:48:41.229   299 30841 D EvsDriver: forwardFrame
05-27 18:48:41.230   581   581 I SpiService: fgesysctrl_getGPIO_status success val=1
05-27 18:48:41.231   299 30841 D EvsDriver: Delivered 0xb400007b7ca56a60 as id 0
05-27 18:48:41.231  1167  1167 D evsmanagerd: /dev/video4 forwarded the buffer #0 to 0xb4000074bf5f6850 from 0xb4000074bf5f41d0
05-27 08:39:50.194   581   581 D spi_rst_gpio_get_output: GPIO 145 value: 1
05-27 08:39:50.194   581   581 D spidev_ioctl: gpio status=1)
05-27 18:48:41.235   299 30844 D EvsDriver: forwardFrame
05-27 18:48:41.235   581   581 I SpiService: fgesysctrl_getGPIO_status success val=0
05-27 18:48:41.236   299  1163 D EvsDriver: doneWithFrame
05-27 08:39:50.200   581   581 D spi_rst_gpio_get_output: GPIO 145 value: 0
05-27 08:39:50.200   581   581 D spidev_ioctl: gpio status=0)
05-27 18:48:41.237 17284 17338 D VersionPrinter: com.aispeech.lyra.assistant- VersionName:[8.0.1_260521.1.yadi_HuoXing] - append:[] - active:[]
05-27 18:48:41.239 13911 14183 I SentryImuMcuAngleSender: 179.96497rollDeg
05-27 18:48:41.239 13911 14183 I SentryImuMcuAngleSender: 1,0,0
05-27 18:48:41.241   299 30844 D EvsDriver: Delivered 0xb400007b7ca56900 as id 0
05-27 18:48:41.241  1167  1167 D evsmanagerd: /dev/video6 forwarded the buffer #0 to 0xb4000074bf5f5510 from 0xb4000074bf5f6d90
05-27 18:48:41.247   299  1163 D EvsDriver: doneWithFrame
05-27 18:48:41.250  1008 30857 D [OMXB]  : usingANWBuffer: handle:0xee740170, format:1, w:1920, h:1080
05-27 18:48:41.251 30773 30789 I dvr_service_: Camera 1: MediaOK:150812238, frames:3380, isKeyFrame:0,pts:10788156648
05-27 18:48:41.251   581   581 I SpiService: fgesysctrl_getGPIO_status success val=1
05-27 18:48:41.253   481   598 I mcuc    : rev,n=1,6AA681D94A008C8305000055000000B0000000000001000100003E091FB1B525F41FB61FB55C581FB53F6B1FB6B29E8F8EB33D2200000000040000B3000000000000000000000000000000B44300000000000300000000000000AA000000E40701010000000000000000BB06050507EA051B000008009403CB00CC000000000000000000000000000000B500000000000000001E
05-27 18:48:41.253   351   373 D automotive.vehicle@2.0-adayo-datacomm-mcu: MCUDatacomm sendMessageFromVehicle prop: 0x83, areaId: 0x5, status: 0x0, timestamp: 0x0
05-27 18:48:41.253   351   373 D automotive.vehicle@2.0-adayo-datacomm-mcu: MCUDatacomm 1sendMessageFromVehicle ---> type = 7 
05-27 18:48:41.253   351   373 I automotive.vehicle@2.0-adayo-func-mcu: MCUFunc :sendMessageFromVehicle  msgBuff[0] = 131 
05-27 18:48:41.253   351   373 I automotive.vehicle@2.0-adayo-func-mcu: MCUFunc :sendMessageFromVehicle  msgBuff[1] = 5 
05-27 18:48:41.253   351   373 I automotive.vehicle@2.0-adayo-func-mcu: MCUFunc :sendMessageFromVehicle  msgBuff[2] = 0 
05-27 18:48:41.253   351   373 I automotive.vehicle@2.0-adayo-func-mcu: MCUFunc :sendMessageFromVehicle  msgBuff[3] = 0 
05-27 18:48:41.253   351   373 I automotive.vehicle@2.0-adayo-func-mcu: MCUFunc :sendMessageFromVehicle  msgBuff[4] = 85 
05-27 18:48:41.253   351   373 I automotive.vehicle@2.0-adayo-func-mcu: MCUFunc :sendMessageFromVehicle  msgBuff[5] = 0 
05-27 08:39:50.216   581   581 D spi_rst_gpio_get_output: GPIO 145 value: 1
05-27 08:39:50.216   581   581 D spidev_ioctl: gpio status=1)
05-27 18:48:41.255   536   536 D commservice260303: msg.id = 1028,1
05-27 18:48:41.255   536   536 D commservice260303: i = 170, msgid = 8A000404
05-27 18:48:41.255   536   536 D commservice260303: msgid = -1979710460,did=138
