05-27 18:53:41.677 13911 14147 D SVR_MNG_SvrMngProxy: getClientBinder: binderName = com.incall.network.NETWORK_SERVICE
05-27 18:53:41.677 13549 13800 W System.err: 	at com.adayo.log.function.collect.LogcatFunc$WatchCallable.call(LogcatFunc.java:505)
05-27 18:53:41.677 13549 13800 W System.err: 	at com.adayo.log.function.collect.LogcatFunc$WatchCallable.call(LogcatFunc.java:431)
05-27 18:53:41.677 13549 13800 W System.err: 	at com.adayo.log.utils.easythread.RunnableWrapper.run(RunnableWrapper.java:37)
05-27 18:53:41.677 13549 13800 W System.err: 	at java.util.concurrent.ThreadPoolExecutor.runWorker(ThreadPoolExecutor.java:1137)
05-27 18:53:41.677 13549 13800 W System.err: 	at java.util.concurrent.ThreadPoolExecutor$Worker.run(ThreadPoolExecutor.java:637)
05-27 18:53:41.677 13549 13800 W System.err: 	at java.lang.Thread.run(Thread.java:1023)
05-27 18:53:41.678 13549 13800 W System.err: java.io.FileNotFoundException: /log/offlinelogs/AndroidLog/logKey.txt: open failed: ENOENT (No such file or directory)
05-27 18:53:41.678 13549 13800 W System.err: 	at libcore.io.IoBridge.open(IoBridge.java:574)
05-27 18:53:41.678 13549 13800 W System.err: 	at java.io.FileOutputStream.<init>(FileOutputStream.java:236)
05-27 18:53:41.678 13549 13800 W System.err: 	at java.io.FileOutputStream.<init>(FileOutputStream.java:186)
05-27 18:53:41.678 13549 13800 W System.err: 	at com.adayo.log.utils.FileUtil.writeStringToFile(FileUtil.java:258)
05-27 18:53:41.678 13549 13800 W System.err: 	at com.adayo.log.model.EncryptorModel.writeEncryptorFile(EncryptorModel.java:53)
05-27 18:53:41.678 13549 13800 W System.err: 	at com.adayo.log.model.EncryptorModel.addEncryptorBean(EncryptorModel.java:31)
05-27 18:53:41.678 13549 13800 W System.err: 	at com.adayo.log.function.collect.LogcatFunc.startZip(LogcatFunc.java:404)
05-27 18:53:41.678 13549 13800 W System.err: 	at com.adayo.log.function.collect.LogcatFunc.startSeparationAndZip(LogcatFunc.java:293)
05-27 18:53:41.678 13549 13800 W System.err: 	at com.adayo.log.function.collect.LogcatFunc.access$000(LogcatFunc.java:56)
05-27 18:53:41.678 13549 13800 W System.err: 	at com.adayo.log.function.collect.LogcatFunc$WatchCallable.call(LogcatFunc.java:505)
05-27 18:53:41.679 13549 13800 W System.err: 	at com.adayo.log.function.collect.LogcatFunc$WatchCallable.call(LogcatFunc.java:431)
05-27 18:53:41.679 13911 14147 I SVR_MNG_BaseProxy: getInterface: mInterface = null
05-27 18:53:41.679 13549 13800 W System.err: 	at com.adayo.log.utils.easythread.RunnableWrapper.run(RunnableWrapper.java:37)
05-27 18:53:41.679 13549 13800 W System.err: 	at java.util.concurrent.ThreadPoolExecutor.runWorker(ThreadPoolExecutor.java:1137)
05-27 18:53:41.679 13549 13800 W System.err: 	at java.util.concurrent.ThreadPoolExecutor$Worker.run(ThreadPoolExecutor.java:637)
05-27 18:53:41.679 13549 13800 W System.err: 	at java.lang.Thread.run(Thread.java:1023)
05-27 18:53:41.679 13549 13800 W System.err: Caused by: android.system.ErrnoException: open failed: ENOENT (No such file or directory)
05-27 18:53:41.679 13911 14147 I SVR_MNG_BaseProxy: isBinderActive: clientBinder is null
05-27 18:53:41.679 13549 13800 W System.err: 	at libcore.io.Linux.open(Native Method)
05-27 18:53:41.680 13549 13800 W System.err: 	at libcore.io.ForwardingOs.open(ForwardingOs.java:563)
05-27 18:53:41.680 13549 13800 W System.err: 	at libcore.io.BlockGuardOs.open(BlockGuardOs.java:274)
05-27 18:53:41.680 13549 13800 W System.err: 	at libcore.io.ForwardingOs.open(ForwardingOs.java:563)
05-27 18:53:41.680 13549 13800 W System.err: 	at android.app.ActivityThread$AndroidOs.open(ActivityThread.java:7919)
05-27 18:53:41.680 13549 13800 W System.err: 	at libcore.io.IoBridge.open(IoBridge.java:560)
05-27 18:53:41.680 13549 13800 W System.err: 	... 14 more
05-27 18:53:41.681 13911 14183 I SentryImuMcuAngleSender: 179.98949rollDeg
05-27 18:53:41.681 13911 14183 I SentryImuMcuAngleSender: 1,0,0
05-27 18:53:41.684 13911 14147 I PicketModeManager: getProfileDetail: ["{\"name\":\"sentryModeSwitchSts\",\"value\":0,\"timeStamp\":\"1670000000000\"}","{\"name\":\"SentryModeSensitivity\",\"value\":-1,\"timeStamp\":\"1779879221647\"}"]
05-27 18:53:41.684 13911 14147 D Sentinelmode_1.2.5.17_sentry: <PicketModeManager>queryGuardInfo = {access_token=null, lastSyncTimeStramp=1779879221647, profileDetail=["{\"name\":\"sentryModeSwitchSts\",\"value\":0,\"timeStamp\":\"1670000000000\"}","{\"name\":\"SentryModeSensitivity\",\"value\":-1,\"timeStamp\":\"1779879221647\"}"], sign=sign, nonce=2GtCM9m3kt}
05-27 18:53:41.684 13911 14147 I SVR_MNG_BaseProxy: isBinderActive: clientBinder is null
05-27 18:53:41.684 13911 14147 D SVR_MNG_SvrMngProxy: getServer: mSvrManger is null
05-27 18:53:41.684 13911 14147 D SVR_MNG_SvrMngProxy: getNewStub: 
05-27 18:53:41.685 13911 14147 D SVR_MNG_SvrMngProxy: getNewStub: getSvrManagerService start
05-27 18:53:41.686   581   581 I SpiService: fgesysctrl_getGPIO_status success val=1
05-27 18:53:41.686 13911 14147 D SVR_MNG_SvrMngProxy: getNewStub: getSvrManagerService end
05-27 18:53:41.686 13911 14147 D SVR_MNG_SvrMngProxy: getServer: svrMngService doesn't start
05-27 18:53:41.686 13911 14147 D SVR_MNG_SvrMngProxy: getClientBinder: binderName = com.incall.network.NETWORK_SERVICE
05-27 18:53:41.686   299 30844 D EvsDriver: forwardFrame
05-27 18:53:41.686 13911 14147 I SVR_MNG_BaseProxy: getInterface: mInterface = null
05-27 18:53:41.686 13911 14147 I SVR_MNG_BaseProxy: isBinderActive: clientBinder is null
05-27 18:53:41.687 13911 14147 E Sentinelmode_1.2.5.17_sentry: <PicketModeManager>updateProfileCallBack onError:2817---Remote Service Exception
05-27 18:53:41.687 13911 14147 D Sentinelmode_1.2.5.17_sentry: <PicketModeManager>consumeMsg result = 1000
05-27 18:53:41.687 13911 14147 I SVR_MNG_BaseProxy: isBinderActive: clientBinder is null
05-27 18:53:41.687 13911 14147 D SVR_MNG_SvrMngProxy: getServer: mSvrManger is null
05-27 18:53:41.687 13911 14147 D SVR_MNG_SvrMngProxy: getNewStub: 
05-27 18:53:41.687 13911 14147 D SVR_MNG_SvrMngProxy: getNewStub: getSvrManagerService start
05-27 18:53:41.688 13911 14147 D SVR_MNG_SvrMngProxy: getNewStub: getSvrManagerService end
05-27 18:53:41.688 13911 14147 D SVR_MNG_SvrMngProxy: getServer: svrMngService doesn't start
05-27 18:53:41.688   299 30844 D EvsDriver: Delivered 0xb400007b7ca56900 as id 0
05-27 18:53:41.688 13911 14147 D SVR_MNG_SvrMngProxy: getClientBinder: binderName = com.incall.network.NETWORK_SERVICE
05-27 18:53:41.688 13911 14147 I SVR_MNG_BaseProxy: getInterface: mInterface = null
05-27 18:53:41.688 13911 14147 I SVR_MNG_BaseProxy: isBinderActive: clientBinder is null
05-27 18:53:41.688  1167  1479 D evsmanagerd: /dev/video6 forwarded the buffer #0 to 0xb4000074bf5f5510 from 0xb4000074bf5f6d90
05-27 18:53:41.688 13911 14147 I SVR_MNG_BaseProxy: isBinderActive: clientBinder is null
05-27 08:44:50.650   581   581 D spi_rst_gpio_get_output: GPIO 145 value: 1
05-27 18:53:41.688 13911 14147 D SVR_MNG_SvrMngProxy: getServer: mSvrManger is null
05-27 18:53:41.688 13911 14147 D SVR_MNG_SvrMngProxy: getNewStub: 
05-27 08:44:50.650   581   581 D spidev_ioctl: gpio status=1)
05-27 18:53:41.689 13911 14147 D SVR_MNG_SvrMngProxy: getNewStub: getSvrManagerService end
05-27 18:53:41.689 13911 14147 D SVR_MNG_SvrMngProxy: getServer: svrMngService doesn't start
05-27 18:53:41.689 13911 14147 D SVR_MNG_SvrMngProxy: getClientBinder: binderName = com.incall.network.NETWORK_SERVICE
05-27 18:53:41.690 13911 14147 I SVR_MNG_BaseProxy: getInterface: mInterface = null
05-27 18:53:41.690 13911 14147 I SVR_MNG_BaseProxy: isBinderActive: clientBinder is null
05-27 18:53:41.690 13911 14147 I SVR_MNG_BaseProxy: isBinderActive: clientBinder is null
05-27 18:53:41.690 13911 14147 D SVR_MNG_SvrMngProxy: getServer: mSvrManger is null
05-27 18:53:41.690 13911 14147 D SVR_MNG_SvrMngProxy: getNewStub: 
05-27 18:53:41.690 13911 14147 D SVR_MNG_SvrMngProxy: getNewStub: getSvrManagerService start
05-27 18:53:41.691   581   581 I SpiService: fgesysctrl_getGPIO_status success val=1
05-27 18:53:41.691 13911 14147 D SVR_MNG_SvrMngProxy: getNewStub: getSvrManagerService end
05-27 18:53:41.691 13911 14147 D SVR_MNG_SvrMngProxy: getServer: svrMngService doesn't start
05-27 18:53:41.692 13911 14147 D SVR_MNG_SvrMngProxy: getClientBinder: binderName = com.incall.network.NETWORK_SERVICE
05-27 18:53:41.692   299  1153 D EvsDriver: doneWithFrame
05-27 18:53:41.692 13911 14147 I SVR_MNG_BaseProxy: getInterface: mInterface = null
05-27 18:53:41.692 13911 14147 I SVR_MNG_BaseProxy: isBinderActive: clientBinder is null
05-27 18:53:41.692 13911 14147 E Sentinelmode_1.2.5.17_sentry: <PicketModeManager>consumeProfileCallBack onError:2817---Remote Service Exception
05-27 18:53:41.692 13911 14147 I Sentinelmode_1.2.5.17_sentry: <SentinelCarServiceManager>[SentryTrace] getBCM_Status: bodyMix unavailable, fallback=2
05-27 18:53:41.692 13911 14147 D Sentinelmode_1.2.5.17_sentry: <PicketModeManager>BCM_Status1:2
05-27 18:53:41.692 13911 14147 I Sentinelmode_1.2.5.17_sentry: <SentinelCarServiceManager>[SentryTrace] getBCM_Status: bodyMix unavailable, fallback=2
05-27 18:53:41.693 13911 14147 I DvrLog_Ser->: (DvrLocalServiceManager.java:setGardModeStatus)1979 setGardModeStatus state = 0
05-27 18:53:41.693 13549 13800 I ADAYO_LOG_: startZip(LogcatFunc.java:409)zipFile:true,txtFilePath: /mnt/log_data/AndroidLog/logcat/logcat_2026_05_27_18_48_35_420-48.txt
05-27 08:44:50.656   581   581 D spi_rst_gpio_get_output: GPIO 145 value: 1
05-27 08:44:50.656   581   581 D spidev_ioctl: gpio status=1)
05-27 18:53:41.689 13549 13549 I auditd  : type=1400 audit(0.0:69403): avc: denied { search } for comm="CACHEABLE" name="/" dev="vda93" ino=2 scontext=u:r:system_app:s0 tcontext=u:object_r:log_data_file:s0 tclass=dir permissive=1
05-27 18:53:41.689 13549 13549 I CACHEABLE: type=1400 audit(0.0:69403): avc: denied { search } for name="/" dev="vda93" ino=2 scontext=u:r:system_app:s0 tcontext=u:object_r:log_data_file:s0 tclass=dir permissive=1
05-27 18:53:41.689 13549 13549 I auditd  : type=1400 audit(0.0:69404): avc: denied { write } for comm="CACHEABLE" name="logcat" dev="vda93" ino=180226 scontext=u:r:system_app:s0 tcontext=u:object_r:log_data_file:s0 tclass=dir permissive=1
05-27 18:53:41.689 13549 13549 I CACHEABLE: type=1400 audit(0.0:69404): avc: denied { write } for name="logcat" dev="vda93" ino=180226 scontext=u:r:system_app:s0 tcontext=u:object_r:log_data_file:s0 tclass=dir permissive=1
05-27 18:53:41.689 13549 13549 I auditd  : type=1400 audit(0.0:69405): avc: denied { remove_name } for comm="CACHEABLE" name="logcat_2026_05_27_18_48_35_420-48.txt" dev="vda93" ino=180281 scontext=u:r:system_app:s0 tcontext=u:object_r:log_data_file:s0 tclass=dir permissive=1
05-27 18:53:41.689 13549 13549 I CACHEABLE: type=1400 audit(0.0:69405): avc: denied { remove_name } for name="logcat_2026_05_27_18_48_35_420-48.txt" dev="vda93" ino=180281 scontext=u:r:system_app:s0 tcontext=u:object_r:log_data_file:s0 tclass=dir permissive=1
05-27 18:53:41.689 13549 13549 I auditd  : type=1400 audit(0.0:69406): avc: denied { unlink } for comm="CACHEABLE" name="logcat_2026_05_27_18_48_35_420-48.txt" dev="vda93" ino=180281 scontext=u:r:system_app:s0 tcontext=u:object_r:log_data_file:s0 tclass=file permissive=1
05-27 18:53:41.689 13549 13549 I CACHEABLE: type=1400 audit(0.0:69406): avc: denied { unlink } for name="logcat_2026_05_27_18_48_35_420-48.txt" dev="vda93" ino=180281 scontext=u:r:system_app:s0 tcontext=u:object_r:log_data_file:s0 tclass=file permissive=1
05-27 18:53:41.694   299 30841 D EvsDriver: forwardFrame
05-27 18:53:41.694 13911 14147 I Sentinelmode_1.2.5.17_sentry: <PicketModeManager>onSettingsPutInt：true name:SENTRY_DELAY_RECORD_NOTIFY value:-1
05-27 18:53:41.694 13911 14147 I Sentinelmode_1.2.5.17_sentry: <PicketModeManager>[SentryDvr] SENTRY_DELAY_RECORD_NOTIFY -> -1 (gard mode off)
05-27 18:53:41.695   299 30841 D EvsDriver: Delivered 0xb400007b7ca56a60 as id 0
05-27 18:53:41.695  1167  1479 D evsmanagerd: /dev/video4 forwarded the buffer #0 to 0xb4000074bf5f6850 from 0xb4000074bf5f41d0
05-27 18:53:41.696   581   581 I SpiService: fgesysctrl_getGPIO_status success val=1
05-27 08:44:50.661   581   581 D spi_rst_gpio_get_output: GPIO 145 value: 1
05-27 08:44:50.661   581   581 D spidev_ioctl: gpio status=1)
05-27 18:53:41.698  1008 30857 D [OMXB]  : usingANWBuffer: handle:0xee744210, format:1, w:1920, h:1080
05-27 08:44:50.667   581   581 D spi_rst_gpio_get_output: GPIO 145 value: 1
05-27 08:44:50.667   581   581 D spidev_ioctl: gpio status=1)
05-27 08:44:50.672   581   581 D spi_rst_gpio_get_output: GPIO 145 value: 1
05-27 08:44:50.672   581   581 D spidev_ioctl: gpio status=1)
05-27 18:53:41.701   299  1153 D EvsDriver: doneWithFrame
05-27 18:53:41.701 13911 14183 I SentryImuMcuAngleSender: 179.98598rollDeg
05-27 18:53:41.701 13911 14183 I SentryImuMcuAngleSender: 1,0,0
05-27 18:53:41.702   581   581 I SpiService: fgesysctrl_getGPIO_status success val=1
05-27 18:53:41.707   581   581 I SpiService: fgesysctrl_getGPIO_status success val=1
05-27 18:53:41.708 13549 13549 I ADAYO_LOG_: handleMessage(UsbFunc.java:352)copyQnx = 0
05-27 18:53:41.708 13549 13549 I ADAYO_LOG_: handleMessage(UsbFunc.java:404)copyState = 2
05-27 18:53:41.710   536   536 D commservice260303: msg.id = 1028,0
05-27 18:53:41.710   536   536 D commservice260303: i = 170, msgid = 8A000404
05-27 18:53:41.710   536   536 D commservice260303: msgid = -1979710460,did=138
05-27 18:53:41.710   536   536 D commservice260303: CommProtocolLibCmdBaseI2C::dataproc {"command":{"id":"imu_status","sub":""},"content":{"TimeStamp":11,"FrameCounter":259862,"GD_X":-0.011377211660146713,"GD_Y":0.0051151420921087265,"GD_Z":0.0026720035821199417,"AD_X":-0.003122866153717041,"AD_Y":0.0014893973711878061,"AD_Z":-0.16704177856445312,"TempDsp":0,"Status":0,"CalibState":1,"SigAmpInvalid":0}},-1979710460
05-27 18:53:41.710   536   536 D commservice260303: send2Cluster len:318, 7B22636F6D6D616E64223A7B226964223A22696D755F737461747573222C22737562223A22227D2C22636F6E74656E74223A7B2254696D655374616D70223A31312C224672616D65436F756E746572223A3235393836322C2247445F58223A2D302E3031313337373231313636303134363731332C2247445F59223A302E303035313135313432303932313038373236352C2247445F5A223A302E303032363732303033353832313139393431372C2241445F58223A2D302E3030333132323836363135333731373034312C2241445F59223A302E303031343839333937333731313837383036312C2241445F5A223A2D302E31363730343137373835363434353331322C2254656D70447370223A302C22537461747573223A302C2243616C69625374617465223A312C22536967416D70496E76616C6964223A307D7D, 138 
05-27 18:53:41.710   536   536 D commservice260303: Push Message into SendPool fn=1933050880
05-27 18:53:41.710   536   536 D commservice260303: ComProtocolLibSend2Cluster::send2ClusterRaw fn=1933050880 , len=334
05-27 18:53:41.710   536   536 D commservice260303: sendCmdToPort :334!!!
05-27 18:53:41.710   536   536 D commservice260303: send Cmd To Port ++++5AA5014A8A01000438736A16CD357B22636F6D6D616E64223A7B226964223A22696D755F737461747573222C22737562223A22227D2C22636F6E74656E74223A7B2254696D655374616D70223A31312C224672616D65436F756E746572223A3235393836322C2247445F58223A2D302E3031313337373231313636303134363731332C2247445F59223A302E303035313135313432303932313038373236352C2247445F5A223A302E303032363732303033353832313139393431372C2241445F58223A2D302E3030333132323836363135333731373034312C2241445F59223A302E303031343839333937333731313837383036312C2241445F5A223A2D302E31363730343137373835363434353331322C2254656D70447370223A302C22537461747573223A302C2243616C69625374617465223A312C22536967416D70496E76616C6964223A307D7D902C
05-27 18:53:41.710   536   536 D commservice260303: bufferevent_write retrun value = 0
05-27 18:53:41.710 13911 14192 D Sentinelmode_1.2.5.17_sentry: <SentryImuClusterFgeSender>imu_status sent to Linux, frame=259862, tsNs=11088957, tsMs=11, intervalMs=39, ad=(-0.0031228662,0.0014893974,-0.16704178), gd=(-0.011377212,0.005115142,0.0026720036)
05-27 18:53:41.710   536   560 D commservice260303: client datas send succeed,send finish
05-27 18:53:41.713   581   581 I SpiService: fgesysctrl_getGPIO_status success val=0
05-27 08:44:50.677   581   581 D spi_rst_gpio_get_output: GPIO 145 value: 0
05-27 08:44:50.678   581   581 D spidev_ioctl: gpio status=0)
05-27 18:53:41.721 13911 14183 I SentryImuMcuAngleSender: 179.97897rollDeg
05-27 18:53:41.721 13911 14183 I SentryImuMcuAngleSender: 1,0,0
05-27 18:53:41.723   299 30844 D EvsDriver: forwardFrame
05-27 18:53:41.724   299 30844 D EvsDriver: Delivered 0xb400007b7ca56900 as id 0
05-27 18:53:41.724  1167  1479 D evsmanagerd: /dev/video6 forwarded the buffer #0 to 0xb4000074bf5f5510 from 0xb4000074bf5f6d90
05-27 18:53:41.725  1008 30856 D [OMXB]  : usingANWBuffer: handle:0xee742f80, format:1, w:1920, h:1080
05-27 18:53:41.726   299  1153 D EvsDriver: doneWithFrame
05-27 18:53:41.728   581   581 I SpiService: fgesysctrl_getGPIO_status success val=1
05-27 18:53:41.728 30773 30789 I dvr_service_: Camera 0: MediaOK:91033724, frames:2080, isKeyFrame:0,pts:11088486887
05-27 08:44:50.692   581   581 D spi_rst_gpio_get_output: GPIO 145 value: 1
05-27 08:44:50.692   581   581 D spidev_ioctl: gpio status=1)
05-27 18:53:41.733   299 30841 D EvsDriver: forwardFrame
05-27 18:53:41.734   581   581 I SpiService: fgesysctrl_getGPIO_status success val=1
05-27 18:53:41.735   299 30841 D EvsDriver: Delivered 0xb400007b7ca56a60 as id 0
05-27 18:53:41.736  1167  1479 D evsmanagerd: /dev/video4 forwarded the buffer #0 to 0xb4000074bf5f6850 from 0xb4000074bf5f41d0
05-27 08:44:50.698   581   581 D spi_rst_gpio_get_output: GPIO 145 value: 1
05-27 08:44:50.698   581   581 D spidev_ioctl: gpio status=1)
05-27 18:53:41.738  1077  1077 D TboxPowerHelperZmq: lease keepalive owner=tbox_ap_1122_14296_54645e6d req=2806016758563997862
05-27 18:53:41.739   581   581 I SpiService: fgesysctrl_getGPIO_status success val=1
05-27 18:53:41.739   299  1153 D EvsDriver: doneWithFrame
05-27 18:53:41.740 13549 13800 I ADAYO_LOG_: startZip(LogcatFunc.java:412)deleteFile:logcat_2026_05_27_18_48_35_420-48.txt,delete:true
05-27 18:53:41.740 13549 13800 I ADAYO_LOG_: startSeparationAndZip(LogcatFunc.java:294)startZip over
05-27 08:44:50.704   581   581 D spi_rst_gpio_get_output: GPIO 145 value: 1
05-27 08:44:50.704   581   581 D spidev_ioctl: gpio status=1)
05-27 18:53:41.742 13911 14183 I SentryImuMcuAngleSender: 179.97197rollDeg
05-27 18:53:41.742 13911 14183 I SentryImuMcuAngleSender: 1,0,0
05-27 18:53:41.745   581   581 I SpiService: fgesysctrl_getGPIO_status success val=1
05-27 18:53:41.748 10188 11505 E SSense.fps: We could not find the file :/sys/class/display/dispc0/frame_count
05-27 08:44:50.709   581   581 D spi_rst_gpio_get_output: GPIO 145 value: 1
05-27 08:44:50.709   581   581 D spidev_ioctl: gpio status=1)
05-27 18:53:41.750   536   536 D commservice260303: msg.id = 1028,0
05-27 18:53:41.750   536   536 D commservice260303: i = 170, msgid = 8A000404
05-27 18:53:41.750   536   536 D commservice260303: msgid = -1979710460,did=138
05-27 18:53:41.750   536   536 D commservice260303: CommProtocolLibCmdBaseI2C::dataproc {"command":{"id":"imu_status","sub":""},"content":{"TimeStamp":11,"FrameCounter":259863,"GD_X":-0.011300750076770782,"GD_Y":0.005268065724521875,"GD_Z":0.0023671966046094894,"AD_X":-0.00554811954498291,"AD_Y":0.002692806301638484,"AD_Z":-0.1688709259033203,"TempDsp":0,"Status":0,"CalibState":1,"SigAmpInvalid":0}},-1979710460
05-27 18:53:41.750   536   536 D commservice260303: send2Cluster len:314, 7B22636F6D6D616E64223A7B226964223A22696D755F737461747573222C22737562223A22227D2C22636F6E74656E74223A7B2254696D655374616D70223A31312C224672616D65436F756E746572223A3235393836332C2247445F58223A2D302E3031313330303735303037363737303738322C2247445F59223A302E3030353236383036353732343532313837352C2247445F5A223A302E303032333637313936363034363039343839342C2241445F58223A2D302E30303535343831313935343439383239312C2241445F59223A302E3030323639323830363330313633383438342C2241445F5A223A2D302E313638383730393235393033333230332C2254656D70447370223A302C22537461747573223A302C2243616C69625374617465223A312C22536967416D70496E76616C6964223A307D7D, 138 
05-27 18:53:41.750   536   536 D commservice260303: Push Message into SendPool fn=1949828096
05-27 18:53:41.750   536   536 D commservice260303: ComProtocolLibSend2Cluster::send2ClusterRaw fn=1949828096 , len=330
05-27 18:53:41.750   536   536 D commservice260303: sendCmdToPort :330!!!
05-27 18:53:41.750   581   581 I SpiService: fgesysctrl_getGPIO_status success val=1
05-27 18:53:41.750   536   536 D commservice260303: send Cmd To Port ++++5AA501468A01000438746A16CD357B22636F6D6D616E64223A7B226964223A22696D755F737461747573222C22737562223A22227D2C22636F6E74656E74223A7B2254696D655374616D70223A31312C224672616D65436F756E746572223A3235393836332C2247445F58223A2D302E3031313330303735303037363737303738322C2247445F59223A302E3030353236383036353732343532313837352C2247445F5A223A302E303032333637313936363034363039343839342C2241445F58223A2D302E30303535343831313935343439383239312C2241445F59223A302E3030323639323830363330313633383438342C2241445F5A223A2D302E313638383730393235393033333230332C2254656D70447370223A302C22537461747573223A302C2243616C69625374617465223A312C22536967416D70496E76616C6964223A307D7D791F
05-27 18:53:41.750   536   536 D commservice260303: bufferevent_write retrun value = 0
05-27 18:53:41.750   536   560 D commservice260303: client datas send succeed,send finish
05-27 18:53:41.750 13911 14192 D Sentinelmode_1.2.5.17_sentry: <SentryImuClusterFgeSender>imu_status sent to Linux, frame=259863, tsNs=11088992, tsMs=11, intervalMs=40, ad=(-0.0055481195,0.0026928063,-0.16887093), gd=(-0.01130075,0.0052680657,0.0023671966)
05-27 08:44:50.715   581   581 D spi_rst_gpio_get_output: GPIO 145 value: 1
05-27 08:44:50.715   581   581 D spidev_ioctl: gpio status=1)
05-27 18:53:41.756   581   581 I SpiService: fgesysctrl_getGPIO_status success val=0
05-27 18:53:41.757  1008 30857 D [OMXB]  : usingANWBuffer: handle:0xee7444d0, format:1, w:1920, h:1080
05-27 08:44:50.720   581   581 D spi_rst_gpio_get_output: GPIO 145 value: 0
05-27 08:44:50.720   581   581 D spidev_ioctl: gpio status=0)
05-27 18:53:41.758   299 30844 D EvsDriver: forwardFrame
05-27 18:53:41.760   572   572 I Sensors : 230 GyroSensor: x:-0.011453,y:0.005039,z:0.002519
05-27 18:53:41.760  1167  1479 D evsmanagerd: /dev/video6 forwarded the buffer #0 to 0xb4000074bf5f5510 from 0xb4000074bf5f6d90
05-27 18:53:41.760 30773 30783 E dvr_service_: [myNum:1] Received S**** loss
05-27 18:53:41.760   299 30844 D EvsDriver: Delivered 0xb400007b7ca56900 as id 0
05-27 18:53:41.760   299  1153 D EvsDriver: doneWithFrame
05-27 18:53:41.762 13911 14183 I SentryImuMcuAngleSender: 179.97899rollDeg
05-27 18:53:41.762 13911 14183 I SentryImuMcuAngleSender: 1,0,0
05-27 18:53:41.762   299 30841 D EvsDriver: forwardFrame
05-27 18:53:41.763   299 30841 D EvsDriver: Delivered 0xb400007b7ca56a60 as id 0
05-27 18:53:41.763  1167  1479 D evsmanagerd: /dev/video4 forwarded the buffer #0 to 0xb4000074bf5f6850 from 0xb4000074bf5f41d0
05-27 18:53:41.763 30773 30783 E dvr_service_: [myNum:0] Received S**** loss
05-27 18:53:41.764   299  1153 D EvsDriver: doneWithFrame
05-27 18:53:41.769   283   307 I rvcservice: t.code = 3, t.value = 0
05-27 18:53:41.770   581   581 I SpiService: fgesysctrl_getGPIO_status success val=1
05-27 08:44:50.734   581   581 D spi_rst_gpio_get_output: GPIO 145 value: 1
05-27 08:44:50.734   581   581 D spidev_ioctl: gpio status=1)
05-27 18:53:41.775   581   581 I SpiService: fgesysctrl_getGPIO_status success val=1
05-27 08:44:50.740   581   581 D spi_rst_gpio_get_output: GPIO 145 value: 1
05-27 08:44:50.740   581   581 D spidev_ioctl: gpio status=1)
05-27 18:53:41.780   581   581 I SpiService: fgesysctrl_getGPIO_status success val=1
05-27 08:44:50.745   581   581 D spi_rst_gpio_get_output: GPIO 145 value: 1
05-27 08:44:50.745   581   581 D spidev_ioctl: gpio status=1)
05-27 18:53:41.782 13911 14183 I SentryImuMcuAngleSender: 179.98248rollDeg
05-27 18:53:41.782 13911 14183 I SentryImuMcuAngleSender: 1,0,0
05-27 18:53:41.786   581   581 I SpiService: fgesysctrl_getGPIO_status success val=1
05-27 18:53:41.789   299 30841 D EvsDriver: forwardFrame
05-27 08:44:50.750   581   581 D spi_rst_gpio_get_output: GPIO 145 value: 1
05-27 18:53:41.789   299 30844 D EvsDriver: forwardFrame
05-27 08:44:50.750   581   581 D spidev_ioctl: gpio status=1)
05-27 18:53:41.790   299 30841 D EvsDriver: Delivered 0xb400007b7ca56a60 as id 0
05-27 18:53:41.790  1167  1479 D evsmanagerd: /dev/video4 forwarded the buffer #0 to 0xb4000074bf5f6850 from 0xb4000074bf5f41d0
05-27 18:53:41.790   299 30844 D EvsDriver: Delivered 0xb400007b7ca56900 as id 0
05-27 18:53:41.790  1167  1479 D evsmanagerd: /dev/video6 forwarded the buffer #0 to 0xb4000074bf5f5510 from 0xb4000074bf5f6d90
05-27 18:53:41.791   581   581 I SpiService: fgesysctrl_getGPIO_status success val=0
05-27 18:53:41.792   536   536 D commservice260303: msg.id = 1028,0
05-27 18:53:41.792   536   536 D commservice260303: i = 170, msgid = 8A000404
05-27 18:53:41.792   536   536 D commservice260303: msgid = -1979710460,did=138
05-27 18:53:41.792   536   536 D commservice260303: CommProtocolLibCmdBaseI2C::dataproc {"command":{"id":"imu_status","sub":""},"content":{"TimeStamp":11,"FrameCounter":259864,"GD_X":-0.012063807807862759,"GD_Y":0.005802778527140617,"GD_Z":0.0022902146447449923,"AD_X":-0.0018875449895858765,"AD_Y":8.560498245060444E-4,"AD_Z":-0.1694812774658203,"TempDsp":0,"Status":0,"CalibState":1,"SigAmpInvalid":0}},-1979710460
05-27 18:53:41.792   536   536 D commservice260303: send2Cluster len:316, 7B22636F6D6D616E64223A7B226964223A22696D755F737461747573222C22737562223A22227D2C22636F6E74656E74223A7B2254696D655374616D70223A31312C224672616D65436F756E746572223A3235393836342C2247445F58223A2D302E3031323036333830373830373836323735392C2247445F59223A302E3030353830323737383532373134303631372C2247445F5A223A302E303032323930323134363434373434393932332C2241445F58223A2D302E303031383837353434393839353835383736352C2241445F59223A382E353630343938323435303630343434452D342C2241445F5A223A2D302E313639343831323737343635383230332C2254656D70447370223A302C22537461747573223A302C2243616C69625374617465223A312C22536967416D70496E76616C6964223A307D7D, 138 
05-27 18:53:41.792   536   536 D commservice260303: Push Message into SendPool fn=1966605312
05-27 18:53:41.792   536   536 D commservice260303: ComProtocolLibSend2Cluster::send2ClusterRaw fn=1966605312 , len=332
05-27 18:53:41.792   536   536 D commservice260303: sendCmdToPort :332!!!
05-27 18:53:41.792   536   536 D commservice260303: send Cmd To Port ++++5AA501488A01000438756A16CD357B22636F6D6D616E64223A7B226964223A22696D755F737461747573222C22737562223A22227D2C22636F6E74656E74223A7B2254696D655374616D70223A31312C224672616D65436F756E746572223A3235393836342C2247445F58223A2D302E3031323036333830373830373836323735392C2247445F59223A302E3030353830323737383532373134303631372C2247445F5A223A302E303032323930323134363434373434393932332C2241445F58223A2D302E303031383837353434393839353835383736352C2241445F59223A382E353630343938323435303630343434452D342C2241445F5A223A2D302E313639343831323737343635383230332C2254656D70447370223A302C22537461747573223A302C2243616C69625374617465223A312C22536967416D70496E76616C6964223A307D7DF793
05-27 18:53:41.792   536   536 D commservice260303: bufferevent_write retrun value = 0
05-27 18:53:41.792   299  1153 D EvsDriver: doneWithFrame
05-27 18:53:41.792   536   560 D commservice260303: client datas send succeed,send finish
05-27 18:53:41.793 13911 14192 D Sentinelmode_1.2.5.17_sentry: <SentryImuClusterFgeSender>imu_status sent to Linux, frame=259864, tsNs=11089028, tsMs=11, intervalMs=42, ad=(-0.001887545,8.560498E-4,-0.16948128), gd=(-0.012063808,0.0058027785,0.0022902146)
05-27 18:53:41.793   299  1153 D EvsDriver: doneWithFrame
05-27 08:44:50.756   581   581 D spi_rst_gpio_get_output: GPIO 145 value: 0
05-27 08:44:50.756   581   581 D spidev_ioctl: gpio status=0)
05-27 18:53:41.800  1008 30856 D [OMXB]  : usingANWBuffer: handle:0xee742a00, format:1, w:1920, h:1080
05-27 18:53:41.803 13911 14183 I SentryImuMcuAngleSender: 179.98598rollDeg
05-27 18:53:41.803 13911 14183 I SentryImuMcuAngleSender: 1,0,0
05-27 18:53:41.807   581   581 I SpiService: fgesysctrl_getGPIO_status success val=1
05-27 08:44:50.771   581   581 D spi_rst_gpio_get_output: GPIO 145 value: 1
05-27 08:44:50.771   581   581 D spidev_ioctl: gpio status=1)
05-27 18:53:41.811  1008 30857 D [OMXB]  : usingANWBuffer: handle:0xee742480, format:1, w:1920, h:1080
05-27 18:53:41.812   581   581 I SpiService: fgesysctrl_getGPIO_status success val=1
05-27 08:44:50.777   581   581 D spi_rst_gpio_get_output: GPIO 145 value: 1
05-27 08:44:50.777   581   581 D spidev_ioctl: gpio status=1)
05-27 18:53:41.818   581   581 I SpiService: fgesysctrl_getGPIO_status success val=1
05-27 08:44:50.782   581   581 D spi_rst_gpio_get_output: GPIO 145 value: 1
05-27 08:44:50.783   581   581 D spidev_ioctl: gpio status=1)
05-27 18:53:41.822   299 30841 D EvsDriver: forwardFrame
05-27 18:53:41.823   299 30841 D EvsDriver: Delivered 0xb400007b7ca56a60 as id 0
05-27 18:53:41.823 13911 14183 I SentryImuMcuAngleSender: 179.986rollDeg
05-27 18:53:41.823 13911 14183 I SentryImuMcuAngleSender: 1,0,0
05-27 18:53:41.823  1167  1479 D evsmanagerd: /dev/video4 forwarded the buffer #0 to 0xb4000074bf5f6850 from 0xb4000074bf5f41d0
05-27 18:53:41.824   581   581 I SpiService: fgesysctrl_getGPIO_status success val=1
05-27 08:44:50.788   581   581 D spi_rst_gpio_get_output: GPIO 145 value: 1
05-27 08:44:50.788   581   581 D spidev_ioctl: gpio status=1)
05-27 18:53:41.826   299 30844 D EvsDriver: forwardFrame
05-27 18:53:41.827   299  1153 D EvsDriver: doneWithFrame
05-27 18:53:41.829   581   581 I SpiService: fgesysctrl_getGPIO_status success val=1
05-27 18:53:41.830  1167  1479 D evsmanagerd: /dev/video6 forwarded the buffer #0 to 0xb4000074bf5f5510 from 0xb4000074bf5f6d90
05-27 18:53:41.830   299 30844 D EvsDriver: Delivered 0xb400007b7ca56900 as id 0
05-27 18:53:41.832   536   536 D commservice260303: msg.id = 1028,0
05-27 18:53:41.832   299  1153 D EvsDriver: doneWithFrame
05-27 18:53:41.832   536   536 D commservice260303: i = 170, msgid = 8A000404
05-27 18:53:41.832   536   536 D commservice260303: msgid = -1979710460,did=138
05-27 18:53:41.832   536   536 D commservice260303: CommProtocolLibCmdBaseI2C::dataproc {"command":{"id":"imu_status","sub":""},"content":{"TimeStamp":11,"FrameCounter":259865,"GD_X":-0.012446117587387562,"GD_Y":0.00549693126231432,"GD_Z":0.0019848872907459736,"AD_X":-6.822645664215088E-4,"AD_Y":2.4447659961879253E-4,"AD_Z":-0.1694812774658203,"TempDsp":0,"Status":0,"CalibState":1,"SigAmpInvalid":0}},-1979710460
05-27 18:53:41.832   536   536 D commservice260303: send2Cluster len:315, 7B22636F6D6D616E64223A7B226964223A22696D755F737461747573222C22737562223A22227D2C22636F6E74656E74223A7B2254696D655374616D70223A31312C224672616D65436F756E746572223A3235393836352C2247445F58223A2D302E3031323434363131373538373338373536322C2247445F59223A302E30303534393639333132363233313433322C2247445F5A223A302E303031393834383837323930373435393733362C2241445F58223A2D362E383232363435363634323135303838452D342C2241445F59223A322E34343437363539393631383739323533452D342C2241445F5A223A2D302E313639343831323737343635383230332C2254656D70447370223A302C22537461747573223A302C2243616C69625374617465223A312C22536967416D70496E76616C6964223A307D7D, 138 
05-27 18:53:41.832   536   536 D commservice260303: Push Message into SendPool fn=1983382528
05-27 18:53:41.832   536   536 D commservice260303: ComProtocolLibSend2Cluster::send2ClusterRaw fn=1983382528 , len=331
05-27 18:53:41.832   536   536 D commservice260303: sendCmdToPort :331!!!
05-27 18:53:41.832   536   536 D commservice260303: send Cmd To Port ++++5AA501478A01000438766A16CD357B22636F6D6D616E64223A7B226964223A22696D755F737461747573222C22737562223A22227D2C22636F6E74656E74223A7B2254696D655374616D70223A31312C224672616D65436F756E746572223A3235393836352C2247445F58223A2D302E3031323434363131373538373338373536322C2247445F59223A302E30303534393639333132363233313433322C2247445F5A223A302E303031393834383837323930373435393733362C2241445F58223A2D362E383232363435363634323135303838452D342C2241445F59223A322E34343437363539393631383739323533452D342C2241445F5A223A2D302E313639343831323737343635383230332C2254656D70447370223A302C22537461747573223A302C2243616C69625374617465223A312C22536967416D70496E76616C6964223A307D7D4178
05-27 18:53:41.832   536   536 D commservice260303: bufferevent_write retrun value = 0
05-27 08:44:50.794   581   581 D spi_rst_gpio_get_output: GPIO 145 value: 1
05-27 08:44:50.794   581   581 D spidev_ioctl: gpio status=1)
05-27 18:53:41.833   536   560 D commservice260303: client datas send succeed,send finish
05-27 18:53:41.833 13911 14192 D Sentinelmode_1.2.5.17_sentry: <SentryImuClusterFgeSender>imu_status sent to Linux, frame=259865, tsNs=11089064, tsMs=11, intervalMs=40, ad=(-6.8226457E-4,2.444766E-4,-0.16948128), gd=(-0.012446118,0.0054969313,0.0019848873)
05-27 18:53:41.835  1008 30856 D [OMXB]  : usingANWBuffer: handle:0xee743500, format:1, w:1920, h:1080
05-27 18:53:41.835   581   581 I SpiService: fgesysctrl_getGPIO_status success val=0
05-27 08:44:50.800   581   581 D spi_rst_gpio_get_output: GPIO 145 value: 0
05-27 08:44:50.800   581   581 D spidev_ioctl: gpio status=0)
05-27 18:53:41.844 13911 14183 I SentryImuMcuAngleSender: 179.98598rollDeg
05-27 18:53:41.844 13911 14183 I SentryImuMcuAngleSender: 1,0,0
05-27 18:53:41.846 30773 30785 I dvr_service_: [EncoderHandler::runMediaThread] runMediaThread started:1,state:1, cam2:started:1,state:1, lastSwitch:1, mIsMuxerStart:1,format:0,is_str_ing:0
05-27 18:53:41.847 10188 11001 I commit_sys_config_file: [settings-0-0,22]
05-27 18:53:41.847   481   598 I mcuc    : rev,n=1,6AA681DF590024890083060003070101010101010101010101010100010101010101010101010101010101EB
05-27 18:53:41.847   351   373 D automotive.vehicle@2.0-adayo-datacomm-mcu: MCUDatacomm sendMessageFromVehicle prop: 0x89, areaId: 0x0, status: 0x83, timestamp: 0x6
05-27 18:53:41.847   351   373 D automotive.vehicle@2.0-adayo-datacomm-mcu: MCUDatacomm 1sendMessageFromVehicle ---> type = 3 
05-27 18:53:41.847   351   373 D automotive.vehicle@2.0-adayo-func-bcm: sendMessageFromVehicle sendMessageFromVehicle
05-27 18:53:41.847   351   516 D automotive.vehicle@2.0-adayo-func-bcm: jjfan1 ______procotolSize :29
05-27 18:53:41.848   351   516 D automotive.vehicle@2.0-adayo-func-bcm: BCMFunc sendMessageFromVehicle_l dataType: 12,mByte=7,propid=0x21400084
05-27 18:53:41.848   351   516 D automotive.vehicle@2.0-adayo-func-bcm: BCMFunc sendMessageFromVehicle_l msgBuff[7]=0x1,start:0,len:8,temp:8,
05-27 18:53:41.848   351   516 D automotive.vehicle@2.0-adayo-func-bcm: BCMFunc sendMessageFromVehicle_l prop: 0x21400084 ,areaId: 0x0  SPLITE_BIT_DATA_INTEGER : 1
05-27 18:53:41.848   351   516 D automotive.vehicle@2.0-adayo-func-bcm: BCMFunc sendMessageFromVehicle_l id:557842564, area:0 not report! 
05-27 18:53:41.848   351   516 D automotive.vehicle@2.0-adayo-func-bcm: BCMFunc sendMessageFromVehicle_l dataType: 12,mByte=8,propid=0x21400085
05-27 18:53:41.848   351   516 D automotive.vehicle@2.0-adayo-func-bcm: BCMFunc sendMessageFromVehicle_l msgBuff[8]=0x1,start:0,len:8,temp:8,
05-27 18:53:41.848   351   516 D automotive.vehicle@2.0-adayo-func-bcm: BCMFunc sendMessageFromVehicle_l prop: 0x21400085 ,areaId: 0x0  SPLITE_BIT_DATA_INTEGER : 1
05-27 18:53:41.848   351   516 D automotive.vehicle@2.0-adayo-func-bcm: BCMFunc sendMessageFromVehicle_l id:557842565, area:0 not report! 
05-27 18:53:41.848   351   516 D automotive.vehicle@2.0-adayo-func-bcm: BCMFunc sendMessageFromVehicle_l dataType: 12,mByte=9,propid=0x214000a1
05-27 18:53:41.848   351   516 D automotive.vehicle@2.0-adayo-func-bcm: BCMFunc sendMessageFromVehicle_l msgBuff[9]=0x1,start:0,len:8,temp:8,
05-27 18:53:41.848   351   516 D automotive.vehicle@2.0-adayo-func-bcm: BCMFunc sendMessageFromVehicle_l prop: 0x214000a1 ,areaId: 0x0  SPLITE_BIT_DATA_INTEGER : 1
05-27 18:53:41.848   351   516 D automotive.vehicle@2.0-adayo-func-bcm: BCMFunc sendMessageFromVehicle_l id:557842593, area:0 not report! 
05-27 18:53:41.848   351   516 D automotive.vehicle@2.0-adayo-func-bcm: BCMFunc sendMessageFromVehicle_l dataType: 12,mByte=10,propid=0x214000a2
05-27 18:53:41.848   351   516 D automotive.vehicle@2.0-adayo-func-bcm: BCMFunc sendMessageFromVehicle_l msgBuff[10]=0x1,start:0,len:8,temp:8,
05-27 18:53:41.848   351   516 D automotive.vehicle@2.0-adayo-func-bcm: BCMFunc sendMessageFromVehicle_l prop: 0x214000a2 ,areaId: 0x0  SPLITE_BIT_DATA_INTEGER : 1
05-27 18:53:41.848   351   516 D automotive.vehicle@2.0-adayo-func-bcm: BCMFunc sendMessageFromVehicle_l id:557842594, area:0 not report! 
05-27 18:53:41.848   351   516 D automotive.vehicle@2.0-adayo-func-bcm: BCMFunc sendMessageFromVehicle_l dataType: 12,mByte=11,propid=0x21400080
05-27 18:53:41.848   351   516 D automotive.vehicle@2.0-adayo-func-bcm: BCMFunc sendMessageFromVehicle_l msgBuff[11]=0x1,start:0,len:8,temp:8,
05-27 18:53:41.848   351   516 D automotive.vehicle@2.0-adayo-func-bcm: BCMFunc sendMessageFromVehicle_l prop: 0x21400080 ,areaId: 0x0  SPLITE_BIT_DATA_INTEGER : 1
05-27 18:53:41.848   351   516 D automotive.vehicle@2.0-adayo-func-bcm: BCMFunc sendMessageFromVehicle_l id:557842560, area:0 not report! 
05-27 18:53:41.848   351   516 D automotive.vehicle@2.0-adayo-func-bcm: BCMFunc sendMessageFromVehicle_l dataType: 12,mByte=12,propid=0x214000b0
05-27 18:53:41.848   351   516 D automotive.vehicle@2.0-adayo-func-bcm: BCMFunc sendMessageFromVehicle_l msgBuff[12]=0x1,start:0,len:8,temp:8,
05-27 18:53:41.848   351   516 D automotive.vehicle@2.0-adayo-func-bcm: BCMFunc sendMessageFromVehicle_l prop: 0x214000b0 ,areaId: 0x0  SPLITE_BIT_DATA_INTEGER : 1
05-27 18:53:41.848   351   516 D automotive.vehicle@2.0-adayo-func-bcm: BCMFunc sendMessageFromVehicle_l id:557842608, area:0 not report! 
05-27 18:53:41.848   351   516 D automotive.vehicle@2.0-adayo-func-bcm: BCMFunc sendMessageFromVehicle_l dataType: 12,mByte=13,propid=0x2140007b
05-27 18:53:41.848   351   516 D automotive.vehicle@2.0-adayo-func-bcm: BCMFunc sendMessageFromVehicle_l msgBuff[13]=0x1,start:0,len:8,temp:8,
05-27 18:53:41.848   351   516 D automotive.vehicle@2.0-adayo-func-bcm: BCMFunc sendMessageFromVehicle_l prop: 0x2140007b ,areaId: 0x0  SPLITE_BIT_DATA_INTEGER : 1
05-27 18:53:41.848   351   516 D automotive.vehicle@2.0-adayo-func-bcm: BCMFunc sendMessageFromVehicle_l id:557842555, area:0 not report! 
05-27 18:53:41.848   351   516 D automotive.vehicle@2.0-adayo-func-bcm: BCMFunc sendMessageFromVehicle_l dataType: 12,mByte=14,propid=0x2140007c
05-27 18:53:41.848   351   516 D automotive.vehicle@2.0-adayo-func-bcm: BCMFunc sendMessageFromVehicle_l msgBuff[14]=0x1,start:0,len:8,temp:8,
05-27 18:53:41.848   351   516 D automotive.vehicle@2.0-adayo-func-bcm: BCMFunc sendMessageFromVehicle_l prop: 0x2140007c ,areaId: 0x0  SPLITE_BIT_DATA_INTEGER : 1
05-27 18:53:41.848   351   516 D automotive.vehicle@2.0-adayo-func-bcm: BCMFunc sendMessageFromVehicle_l id:557842556, area:0 not report! 
05-27 18:53:41.848   351   516 D automotive.vehicle@2.0-adayo-func-bcm: BCMFunc sendMessageFromVehicle_l dataType: 12,mByte=15,propid=0x21400081
05-27 18:53:41.848   351   516 D automotive.vehicle@2.0-adayo-func-bcm: BCMFunc sendMessageFromVehicle_l msgBuff[15]=0x1,start:0,len:8,temp:8,
05-27 18:53:41.848   351   516 D automotive.vehicle@2.0-adayo-func-bcm: BCMFunc sendMessageFromVehicle_l prop: 0x21400081 ,areaId: 0x0  SPLITE_BIT_DATA_INTEGER : 1
05-27 18:53:41.848   351   516 D automotive.vehicle@2.0-adayo-func-bcm: BCMFunc sendMessageFromVehicle_l id:557842561, area:0 not report! 
05-27 18:53:41.848   351   516 D automotive.vehicle@2.0-adayo-func-bcm: BCMFunc sendMessageFromVehicle_l dataType: 12,mByte=16,propid=0x214000a3
05-27 18:53:41.848   351   516 D automotive.vehicle@2.0-adayo-func-bcm: BCMFunc sendMessageFromVehicle_l msgBuff[16]=0x1,start:0,len:8,temp:8,
05-27 18:53:41.848   351   516 D automotive.vehicle@2.0-adayo-func-bcm: BCMFunc sendMessageFromVehicle_l prop: 0x214000a3 ,areaId: 0x0  SPLITE_BIT_DATA_INTEGER : 1
05-27 18:53:41.848   351   516 D automotive.vehicle@2.0-adayo-func-bcm: BCMFunc sendMessageFromVehicle_l id:557842595, area:0 not report! 
05-27 18:53:41.848   351   516 D automotive.vehicle@2.0-adayo-func-bcm: BCMFunc sendMessageFromVehicle_l dataType: 12,mByte=17,propid=0x2140007d
05-27 18:53:41.848   351   516 D automotive.vehicle@2.0-adayo-func-bcm: BCMFunc sendMessageFromVehicle_l msgBuff[17]=0x1,start:0,len:8,temp:8,
05-27 18:53:41.848   351   516 D automotive.vehicle@2.0-adayo-func-bcm: BCMFunc sendMessageFromVehicle_l prop: 0x2140007d ,areaId: 0x0  SPLITE_BIT_DATA_INTEGER : 1
05-27 18:53:41.848   351   516 D automotive.vehicle@2.0-adayo-func-bcm: BCMFunc sendMessageFromVehicle_l id:557842557, area:0 not report! 
05-27 18:53:41.848   351   516 D automotive.vehicle@2.0-adayo-func-bcm: BCMFunc sendMessageFromVehicle_l dataType: 12,mByte=18,propid=0x21400082
05-27 18:53:41.849   351   516 D automotive.vehicle@2.0-adayo-func-bcm: BCMFunc sendMessageFromVehicle_l msgBuff[18]=0x1,start:0,len:8,temp:8,
05-27 18:53:41.849   351   516 D automotive.vehicle@2.0-adayo-func-bcm: BCMFunc sendMessageFromVehicle_l prop: 0x21400082 ,areaId: 0x0  SPLITE_BIT_DATA_INTEGER : 1
05-27 18:53:41.849   351   516 D automotive.vehicle@2.0-adayo-func-bcm: BCMFunc sendMessageFromVehicle_l id:557842562, area:0 not report! 
05-27 18:53:41.849   351   516 D automotive.vehicle@2.0-adayo-func-bcm: BCMFunc sendMessageFromVehicle_l dataType: 12,mByte=19,propid=0x214000a4
05-27 18:53:41.849   351   516 D automotive.vehicle@2.0-adayo-func-bcm: BCMFunc sendMessageFromVehicle_l msgBuff[19]=0x1,start:0,len:8,temp:8,
05-27 18:53:41.849   351   516 D automotive.vehicle@2.0-adayo-func-bcm: BCMFunc sendMessageFromVehicle_l prop: 0x214000a4 ,areaId: 0x0  SPLITE_BIT_DATA_INTEGER : 1
05-27 18:53:41.849   351   516 D automotive.vehicle@2.0-adayo-func-bcm: BCMFunc sendMessageFromVehicle_l id:557842596, area:0 not report! 
05-27 18:53:41.849   351   516 D automotive.vehicle@2.0-adayo-func-bcm: BCMFunc sendMessageFromVehicle_l dataType: 12,mByte=20,propid=0x214000a5
05-27 18:53:41.849   351   516 D automotive.vehicle@2.0-adayo-func-bcm: BCMFunc sendMessageFromVehicle_l msgBuff[20]=0x0,start:0,len:8,temp:8,
05-27 18:53:41.849   351   516 D automotive.vehicle@2.0-adayo-func-bcm: BCMFunc sendMessageFromVehicle_l prop: 0x214000a5 ,areaId: 0x0  SPLITE_BIT_DATA_INTEGER : 0
05-27 18:53:41.849   351   516 D automotive.vehicle@2.0-adayo-func-bcm: BCMFunc sendMessageFromVehicle_l id:557842597, area:0 not report! 
05-27 18:53:41.849   351   516 D automotive.vehicle@2.0-adayo-func-bcm: BCMFunc sendMessageFromVehicle_l dataType: 12,mByte=21,propid=0x21400083
05-27 18:53:41.849   351   516 D automotive.vehicle@2.0-adayo-func-bcm: BCMFunc sendMessageFromVehicle_l msgBuff[21]=0x1,start:0,len:8,temp:8,
05-27 18:53:41.849   351   516 D automotive.vehicle@2.0-adayo-func-bcm: BCMFunc sendMessageFromVehicle_l prop: 0x21400083 ,areaId: 0x0  SPLITE_BIT_DATA_INTEGER : 1
05-27 18:53:41.849   351   516 D automotive.vehicle@2.0-adayo-func-bcm: BCMFunc sendMessageFromVehicle_l id:557842563, area:0 not report! 
05-27 18:53:41.849   351   516 D automotive.vehicle@2.0-adayo-func-bcm: BCMFunc sendMessageFromVehicle_l dataType: 12,mByte=22,propid=0x214000a6
05-27 18:53:41.849   351   516 D automotive.vehicle@2.0-adayo-func-bcm: BCMFunc sendMessageFromVehicle_l msgBuff[22]=0x1,start:0,len:8,temp:8,
05-27 18:53:41.849   351   516 D automotive.vehicle@2.0-adayo-func-bcm: BCMFunc sendMessageFromVehicle_l prop: 0x214000a6 ,areaId: 0x0  SPLITE_BIT_DATA_INTEGER : 1
05-27 18:53:41.849   351   516 D automotive.vehicle@2.0-adayo-func-bcm: BCMFunc sendMessageFromVehicle_l id:557842598, area:0 not report! 
05-27 18:53:41.849   351   516 D automotive.vehicle@2.0-adayo-func-bcm: BCMFunc sendMessageFromVehicle_l dataType: 12,mByte=23,propid=0x2140007e
05-27 18:53:41.849   351   516 D automotive.vehicle@2.0-adayo-func-bcm: BCMFunc sendMessageFromVehicle_l msgBuff[23]=0x1,start:0,len:8,temp:8,
05-27 18:53:41.849   351   516 D automotive.vehicle@2.0-adayo-func-bcm: BCMFunc sendMessageFromVehicle_l prop: 0x2140007e ,areaId: 0x0  SPLITE_BIT_DATA_INTEGER : 1
05-27 18:53:41.849   351   516 D automotive.vehicle@2.0-adayo-func-bcm: BCMFunc sendMessageFromVehicle_l id:557842558, area:0 not report! 
05-27 18:53:41.849   351   516 D automotive.vehicle@2.0-adayo-func-bcm: BCMFunc sendMessageFromVehicle_l dataType: 12,mByte=24,propid=0x214000a7
05-27 18:53:41.849   351   516 D automotive.vehicle@2.0-adayo-func-bcm: BCMFunc sendMessageFromVehicle_l msgBuff[24]=0x1,start:0,len:8,temp:8,
05-27 18:53:41.849   351   516 D automotive.vehicle@2.0-adayo-func-bcm: BCMFunc sendMessageFromVehicle_l prop: 0x214000a7 ,areaId: 0x0  SPLITE_BIT_DATA_INTEGER : 1
05-27 18:53:41.849   351   516 D automotive.vehicle@2.0-adayo-func-bcm: BCMFunc sendMessageFromVehicle_l id:557842599, area:0 not report! 
05-27 18:53:41.849   351   516 D automotive.vehicle@2.0-adayo-func-bcm: BCMFunc sendMessageFromVehicle_l dataType: 12,mByte=25,propid=0x2140007f
05-27 18:53:41.849   351   516 D automotive.vehicle@2.0-adayo-func-bcm: BCMFunc sendMessageFromVehicle_l msgBuff[25]=0x1,start:0,len:8,temp:8,
05-27 18:53:41.849   351   516 D automotive.vehicle@2.0-adayo-func-bcm: BCMFunc sendMessageFromVehicle_l prop: 0x2140007f ,areaId: 0x0  SPLITE_BIT_DATA_INTEGER : 1
05-27 18:53:41.849   351   516 D automotive.vehicle@2.0-adayo-func-bcm: BCMFunc sendMessageFromVehicle_l id:557842559, area:0 not report! 
05-27 18:53:41.849   351   516 D automotive.vehicle@2.0-adayo-func-bcm: BCMFunc sendMessageFromVehicle_l dataType: 12,mByte=26,propid=0x214000a8
05-27 18:53:41.849   581   581 I SpiService: fgesysctrl_getGPIO_status success val=1
05-27 18:53:41.850   351   516 D automotive.vehicle@2.0-adayo-func-bcm: BCMFunc sendMessageFromVehicle_l msgBuff[26]=0x1,start:0,len:8,temp:8,
05-27 18:53:41.850   351   516 D automotive.vehicle@2.0-adayo-func-bcm: BCMFunc sendMessageFromVehicle_l prop: 0x214000a8 ,areaId: 0x0  SPLITE_BIT_DATA_INTEGER : 1
05-27 18:53:41.850   351   516 D automotive.vehicle@2.0-adayo-func-bcm: BCMFunc sendMessageFromVehicle_l id:557842600, area:0 not report! 
05-27 18:53:41.850   351   516 D automotive.vehicle@2.0-adayo-func-bcm: BCMFunc sendMessageFromVehicle_l dataType: 12,mByte=27,propid=0x214000a9
05-27 18:53:41.850   351   516 D automotive.vehicle@2.0-adayo-func-bcm: BCMFunc sendMessageFromVehicle_l msgBuff[27]=0x1,start:0,len:8,temp:8,
05-27 18:53:41.850   351   516 D automotive.vehicle@2.0-adayo-func-bcm: BCMFunc sendMessageFromVehicle_l prop: 0x214000a9 ,areaId: 0x0  SPLITE_BIT_DATA_INTEGER : 1
05-27 18:53:41.850   351   516 D automotive.vehicle@2.0-adayo-func-bcm: BCMFunc sendMessageFromVehicle_l id:557842601, area:0 not report! 
05-27 18:53:41.850   351   516 D automotive.vehicle@2.0-adayo-func-bcm: BCMFunc sendMessageFromVehicle_l dataType: 12,mByte=28,propid=0x214000aa
05-27 18:53:41.850   351   516 D automotive.vehicle@2.0-adayo-func-bcm: BCMFunc sendMessageFromVehicle_l msgBuff[28]=0x1,start:0,len:8,temp:8,
05-27 18:53:41.850   351   516 D automotive.vehicle@2.0-adayo-func-bcm: BCMFunc sendMessageFromVehicle_l prop: 0x214000aa ,areaId: 0x0  SPLITE_BIT_DATA_INTEGER : 1
05-27 18:53:41.850   351   516 D automotive.vehicle@2.0-adayo-func-bcm: BCMFunc sendMessageFromVehicle_l id:557842602, area:0 not report! 
05-27 18:53:41.850   351   516 D automotive.vehicle@2.0-adayo-func-bcm: BCMFunc sendMessageFromVehicle_l dataType: 12,mByte=29,propid=0x214000ab
05-27 18:53:41.850   351   516 D automotive.vehicle@2.0-adayo-func-bcm: BCMFunc sendMessageFromVehicle_l msgBuff[29]=0x1,start:0,len:8,temp:8,
05-27 18:53:41.850   351   516 D automotive.vehicle@2.0-adayo-func-bcm: BCMFunc sendMessageFromVehicle_l prop: 0x214000ab ,areaId: 0x0  SPLITE_BIT_DATA_INTEGER : 1
05-27 18:53:41.850   351   516 D automotive.vehicle@2.0-adayo-func-bcm: BCMFunc sendMessageFromVehicle_l id:557842603, area:0 not report! 
05-27 18:53:41.850   351   516 D automotive.vehicle@2.0-adayo-func-bcm: BCMFunc sendMessageFromVehicle_l dataType: 12,mByte=30,propid=0x214000ac
05-27 18:53:41.850   351   516 D automotive.vehicle@2.0-adayo-func-bcm: BCMFunc sendMessageFromVehicle_l msgBuff[30]=0x1,start:0,len:8,temp:8,
05-27 18:53:41.850   351   516 D automotive.vehicle@2.0-adayo-func-bcm: BCMFunc sendMessageFromVehicle_l prop: 0x214000ac ,areaId: 0x0  SPLITE_BIT_DATA_INTEGER : 1
05-27 18:53:41.850   351   516 D automotive.vehicle@2.0-adayo-func-bcm: BCMFunc sendMessageFromVehicle_l id:557842604, area:0 not report! 
05-27 18:53:41.850   351   516 D automotive.vehicle@2.0-adayo-func-bcm: BCMFunc sendMessageFromVehicle_l dataType: 12,mByte=31,propid=0x214000ad
05-27 18:53:41.850   351   516 D automotive.vehicle@2.0-adayo-func-bcm: BCMFunc sendMessageFromVehicle_l msgBuff[31]=0x1,start:0,len:8,temp:8,
05-27 18:53:41.850   351   516 D automotive.vehicle@2.0-adayo-func-bcm: BCMFunc sendMessageFromVehicle_l prop: 0x214000ad ,areaId: 0x0  SPLITE_BIT_DATA_INTEGER : 1
05-27 18:53:41.850   351   516 D automotive.vehicle@2.0-adayo-func-bcm: BCMFunc sendMessageFromVehicle_l id:557842605, area:0 not report! 
05-27 18:53:41.850   351   516 D automotive.vehicle@2.0-adayo-func-bcm: BCMFunc sendMessageFromVehicle_l dataType: 12,mByte=32,propid=0x214000ae
05-27 18:53:41.850   351   516 D automotive.vehicle@2.0-adayo-func-bcm: BCMFunc sendMessageFromVehicle_l msgBuff[32]=0x1,start:0,len:8,temp:8,
05-27 18:53:41.850   351   516 D automotive.vehicle@2.0-adayo-func-bcm: BCMFunc sendMessageFromVehicle_l prop: 0x214000ae ,areaId: 0x0  SPLITE_BIT_DATA_INTEGER : 1
05-27 18:53:41.850   351   516 D automotive.vehicle@2.0-adayo-func-bcm: BCMFunc sendMessageFromVehicle_l id:557842606, area:0 not report! 
05-27 18:53:41.850   351   516 D automotive.vehicle@2.0-adayo-func-bcm: BCMFunc sendMessageFromVehicle_l dataType: 12,mByte=33,propid=0x2140007a
