05-27 18:53:39.122   572   622 I liblog  : 1
05-27 18:53:39.122   536   560 I liblog  : 2
05-27 18:53:39.122   572   622 I Sensors : 230 AccelSensor: x:-0.168360,y:0.000000,z:-9.974110
05-27 18:53:39.122   536   560 D commservice260303: recv len:77, 5AA500490600000040E66A16CD337B22636F6D6D616E64223A7B226964223A226473695F6C7578222C22737562223A22227D2C22636F6E74656E74223A7B2276616C7565223A3230307D7D04CB from server
05-27 18:53:39.122   536  2578 D commservice260303: mcuDataAnalyzeHandle templen:77,len:77,pos:0, 5AA500490600000040E66A16CD337B22636F6D6D616E64223A7B226964223A226473695F6C7578222C22737562223A22227D2C22636F6E74656E74223A7B2276616C7565223A3230307D7D04CB 
05-27 18:53:39.122   536  2578 I commservice260303: checksumCal = 1227
05-27 18:53:39.122   536  2578 D commservice260303: CommProtocolLibCmdBaseC2I::dataproc {"command":{"id":"dsi_lux","sub":""},"content":{"value":200}},6
05-27 18:53:39.122   536  2578 D commservice260303: mcuCommMessageManager::notifyMsgToClient hwbinder OK
05-27 18:53:39.125 11344  6594 D SystemUI_SystemSettingsControllerService: onCommState: commandID = dsi_lux; value = 200
05-27 18:53:39.126   581   581 I SpiService: fgesysctrl_getGPIO_status success val=1
05-27 18:53:39.126 13549 13800 I ADAYO_LOG_: execute(CmdFunc.java:99)logcat execute command finally : [logcat -b all -c]
05-27 18:53:39.126 13549 13800 I ADAYO_LOG_: execute(CmdFunc.java:117)logcatexecute command end, errorMsg: , and status: 0: 
05-27 18:53:39.127   481   598 I liblog  : 3
05-27 18:53:39.127   481   598 I mcuc    : rev,n=1,6AA681DF4D000B8300E00000000000000000E5
05-27 18:53:39.131 30773 30785 I liblog  : 4
05-27 08:44:48.146     1     1 I init    : Service 'trace_logcat' (pid 4859) received signal 9
05-27 18:53:39.131 30773 30785 I dvr_service_: [EncoderHandler::runMediaThread] runMediaThread started:1,state:1, cam2:started:1,state:1, lastSwitch:1, mIsMuxerStart:1,format:0,is_str_ing:0
05-27 08:44:48.147   581   581 D spi_rst_gpio_get_output: GPIO 145 value: 1
05-27 18:53:39.132   481   598 I liblog  : 1
05-27 18:53:39.132   481   598 I mcuc    : rev,n=3,6AA681DF4F008C8305000055000000B0000000000001000100005E7491B19C7092919F919CA973919E233E919FB2D81E956DB04100000000040000B3000000000000000000000000000000B44300000000000300000000000000AA000000E40701010000000000000000BB06050507EA051B000008009403CB00CC000000000000000000000000000000B50000000000000000A1
05-27 18:53:39.132   351   373 I liblog  : 19
05-27 18:53:39.132   581   581 I SpiService: fgesysctrl_getGPIO_status success val=1
05-27 18:53:39.132   351   373 D automotive.vehicle@2.0-adayo-datacomm-mcu: MCUDatacomm sendMessageFromVehicle prop: 0x83, areaId: 0x5, status: 0x0, timestamp: 0x0
05-27 18:53:39.132   351   373 D automotive.vehicle@2.0-adayo-datacomm-mcu: MCUDatacomm 1sendMessageFromVehicle ---> type = 7 
05-27 18:53:39.132   351   373 I automotive.vehicle@2.0-adayo-func-mcu: MCUFunc :sendMessageFromVehicle  msgBuff[0] = 131 
05-27 18:53:39.132   351   373 I automotive.vehicle@2.0-adayo-func-mcu: MCUFunc :sendMessageFromVehicle  msgBuff[1] = 5 
05-27 18:53:39.132   351   373 I automotive.vehicle@2.0-adayo-func-mcu: MCUFunc :sendMessageFromVehicle  msgBuff[2] = 0 
05-27 18:53:39.132   351   373 I automotive.vehicle@2.0-adayo-func-mcu: MCUFunc :sendMessageFromVehicle  msgBuff[3] = 0 
05-27 18:53:39.132   351   373 I automotive.vehicle@2.0-adayo-func-mcu: MCUFunc :sendMessageFromVehicle  msgBuff[4] = 85 
05-27 18:53:39.132   351   373 I automotive.vehicle@2.0-adayo-func-mcu: MCUFunc :sendMessageFromVehicle  msgBuff[5] = 0 
05-27 18:53:39.136   299 30844 I liblog  : 24
05-27 18:53:39.136   299 30844 D EvsDriver: forwardFrame
05-27 18:53:39.137   299 30841 D EvsDriver: forwardFrame
05-27 08:44:48.147   581   581 D spidev_ioctl: gpio status=1)
05-27 18:53:39.138 13911 14183 I SentryImuMcuAngleSender: 180.0rollDeg
05-27 08:44:48.150     1     1 I init    : Untracked pid 4881 received signal 9
05-27 18:53:39.138 13911 14183 I SentryImuMcuAngleSender: 1,0,0
05-27 18:53:39.138   581   581 I SpiService: fgesysctrl_getGPIO_status success val=1
05-27 08:44:48.150     1     1 I init    : Untracked pid 4881 did not have an associated service entry and will not be reaped
05-27 18:53:39.140  1167  1167 I liblog  : 8
05-27 18:53:39.140  1167  1167 D evsmanagerd: /dev/video6 forwarded the buffer #0 to 0xb4000074bf5f5510 from 0xb4000074bf5f6d90
05-27 18:53:39.141   536   536 I liblog  : 1
05-27 18:53:39.141   536   536 D commservice260303: msg.id = 1028,0
05-27 18:53:39.142   536   536 D commservice260303: i = 170, msgid = 8A000404
05-27 18:53:39.142   536   536 D commservice260303: msgid = -1979710460,did=138
05-27 18:53:39.141   299 30844 D EvsDriver: Delivered 0xb400007b7ca56900 as id 0
05-27 18:53:39.142   536   536 D commservice260303: CommProtocolLibCmdBaseI2C::dataproc {"command":{"id":"imu_status","sub":""},"content":{"TimeStamp":11,"FrameCounter":259801,"GD_X":-0.011147825978696346,"GD_Y":0.005573912989348173,"GD_Z":0.0022902146447449923,"AD_X":-0.0021688491106033325,"AD_Y":-0.002407630207017064,"AD_Z":-0.16886615753173828,"TempDsp":0,"Status":0,"CalibState":1,"SigAmpInvalid":0}},-1979710460
05-27 18:53:39.142   536   536 D commservice260303: send2Cluster len:318, 7B22636F6D6D616E64223A7B226964223A22696D755F737461747573222C22737562223A22227D2C22636F6E74656E74223A7B2254696D655374616D70223A31312C224672616D65436F756E746572223A3235393830312C2247445F58223A2D302E3031313134373832353937383639363334362C2247445F59223A302E3030353537333931323938393334383137332C2247445F5A223A302E303032323930323134363434373434393932332C2241445F58223A2D302E303032313638383439313130363033333332352C2241445F59223A2D302E3030323430373633303230373031373036342C2241445F5A223A2D302E31363838363631353735333137333832382C2254656D70447370223A302C22537461747573223A302C2243616C69625374617465223A312C22536967416D70496E76616C6964223A307D7D, 138 
05-27 18:53:39.142   536   536 D commservice260303: Push Message into SendPool fn=876086272
05-27 18:53:39.142   536   536 D commservice260303: ComProtocolLibSend2Cluster::send2ClusterRaw fn=876086272 , len=334
05-27 18:53:39.142   536   536 D commservice260303: sendCmdToPort :334!!!
05-27 18:53:39.142   536   536 D commservice260303: send Cmd To Port ++++5AA5014A8A01000438346A16CD337B22636F6D6D616E64223A7B226964223A22696D755F737461747573222C22737562223A22227D2C22636F6E74656E74223A7B2254696D655374616D70223A31312C224672616D65436F756E746572223A3235393830312C2247445F58223A2D302E3031313134373832353937383639363334362C2247445F59223A302E3030353537333931323938393334383137332C2247445F5A223A302E303032323930323134363434373434393932332C2241445F58223A2D302E303032313638383439313130363033333332352C2241445F59223A2D302E3030323430373633303230373031373036342C2241445F5A223A2D302E31363838363631353735333137333832382C2254656D70447370223A302C22537461747573223A302C2243616C69625374617465223A312C22536967416D70496E76616C6964223A307D7D0A7C
05-27 18:53:39.142   536   536 D commservice260303: bufferevent_write retrun value = 0
05-27 18:53:39.142   299 30841 D EvsDriver: Delivered 0xb400007b7ca56a60 as id 0
05-27 18:53:39.142  1167  1167 D evsmanagerd: /dev/video4 forwarded the buffer #0 to 0xb4000074bf5f6850 from 0xb4000074bf5f41d0
05-27 18:53:39.142 13911 14192 D Sentinelmode_1.2.5.17_sentry: <SentryImuClusterFgeSender>imu_status sent to Linux, frame=259801, tsNs=11086390, tsMs=11, intervalMs=41, ad=(-0.002168849,-0.0024076302,-0.16886616), gd=(-0.011147826,0.005573913,0.0022902146)
05-27 18:53:39.142   536   560 D commservice260303: client datas send succeed,send finish
05-27 18:53:39.143   299  1153 D EvsDriver: doneWithFrame
05-27 18:53:39.144   581   581 I SpiService: fgesysctrl_getGPIO_status success val=1
05-27 18:53:39.145   299  1153 D EvsDriver: doneWithFrame
05-27 08:44:48.153   581   581 D spi_rst_gpio_get_output: GPIO 145 value: 1
05-27 18:53:39.149  1008 30857 I liblog  : 9
05-27 08:44:48.153   581   581 D spidev_ioctl: gpio status=1)
05-27 18:53:39.149  1008 30857 D [OMXB]  : usingANWBuffer: handle:0xee7406f0, format:1, w:1920, h:1080
05-27 18:53:39.150   581   581 I SpiService: fgesysctrl_getGPIO_status success val=1
05-27 18:53:39.156   581   581 I SpiService: fgesysctrl_getGPIO_status success val=0
05-27 18:53:39.156   481   597 I mcuc    : send SPI:6AA602DF4D000283004D6AA602DF4E00028415366AA602DF4F0002830546
05-27 18:53:39.159 13911 14183 I SentryImuMcuAngleSender: 180.0rollDeg
05-27 18:53:39.159 13911 14183 I SentryImuMcuAngleSender: 1,0,0
05-27 18:53:39.160   283   307 I liblog  : 1
05-27 18:53:39.160   283   307 I rvcservice: t.code = 3, t.value = 0
05-27 18:53:39.167  1008 30856 D [OMXB]  : usingANWBuffer: handle:0xee743500, format:1, w:1920, h:1080
05-27 18:53:39.171   581   581 I SpiService: fgesysctrl_getGPIO_status success val=1
05-27 18:53:39.172   299 30844 D EvsDriver: forwardFrame
05-27 18:53:39.173   299 30841 D EvsDriver: forwardFrame
05-27 18:53:39.175   299 30841 D EvsDriver: Delivered 0xb400007b7ca56a60 as id 0
05-27 18:53:39.175   566 11459 I liblog  : 1
05-27 18:53:39.175   566 11459 I gps_hdbd: nmea_cs <0> != calc_cs <a9>, return -1
05-27 18:53:39.175  1167  1167 D evsmanagerd: /dev/video4 forwarded the buffer #0 to 0xb4000074bf5f6850 from 0xb4000074bf5f41d0
05-27 18:53:39.177   581   581 I SpiService: fgesysctrl_getGPIO_status success val=1
05-27 18:53:39.178  1167  1479 D evsmanagerd: /dev/video6 forwarded the buffer #0 to 0xb4000074bf5f5510 from 0xb4000074bf5f6d90
05-27 18:53:39.179   299 30844 D EvsDriver: Delivered 0xb400007b7ca56900 as id 0
05-27 18:53:39.180 13911 14183 I SentryImuMcuAngleSender: -179.993rollDeg
05-27 18:53:39.180 13911 14183 I SentryImuMcuAngleSender: 1,0,0
05-27 18:53:39.180   299  1153 D EvsDriver: doneWithFrame
05-27 18:53:39.182   299  1153 D EvsDriver: doneWithFrame
05-27 18:53:39.183   581   581 I SpiService: fgesysctrl_getGPIO_status success val=1
05-27 18:53:39.183  1008 30857 D [OMXB]  : usingANWBuffer: handle:0xee740d20, format:1, w:1920, h:1080
05-27 18:53:39.186   536   536 D commservice260303: msg.id = 1028,0
05-27 18:53:39.186   536   536 D commservice260303: i = 170, msgid = 8A000404
05-27 18:53:39.186   536   536 D commservice260303: msgid = -1979710460,did=138
05-27 18:53:39.186   536   536 D commservice260303: CommProtocolLibCmdBaseI2C::dataproc {"command":{"id":"imu_status","sub":""},"content":{"TimeStamp":11,"FrameCounter":259802,"GD_X":-0.011147825978696346,"GD_Y":0.0056498548947274685,"GD_Z":0.0017560218693688512,"AD_X":-0.0021753907203674316,"AD_Y":-0.003596886061131954,"AD_Z":-0.17069625854492188,"TempDsp":0,"Status":0,"CalibState":1,"SigAmpInvalid":0}},-1979710460
05-27 18:53:39.186   536   536 D commservice260303: send2Cluster len:319, 7B22636F6D6D616E64223A7B226964223A22696D755F737461747573222C22737562223A22227D2C22636F6E74656E74223A7B2254696D655374616D70223A31312C224672616D65436F756E746572223A3235393830322C2247445F58223A2D302E3031313134373832353937383639363334362C2247445F59223A302E303035363439383534383934373237343638352C2247445F5A223A302E303031373536303231383639333638383531322C2241445F58223A2D302E303032313735333930373230333637343331362C2241445F59223A2D302E3030333539363838363036313133313935342C2241445F5A223A2D302E31373036393632353835343439323138382C2254656D70447370223A302C22537461747573223A302C2243616C69625374617465223A312C22536967416D70496E76616C6964223A307D7D, 138 
05-27 18:53:39.186   536   536 D commservice260303: Push Message into SendPool fn=892863488
05-27 18:53:39.186   536   536 D commservice260303: ComProtocolLibSend2Cluster::send2ClusterRaw fn=892863488 , len=335
05-27 18:53:39.186   536   536 D commservice260303: sendCmdToPort :335!!!
05-27 18:53:39.186   536   536 D commservice260303: send Cmd To Port ++++5AA5014B8A01000438356A16CD337B22636F6D6D616E64223A7B226964223A22696D755F737461747573222C22737562223A22227D2C22636F6E74656E74223A7B2254696D655374616D70223A31312C224672616D65436F756E746572223A3235393830322C2247445F58223A2D302E3031313134373832353937383639363334362C2247445F59223A302E303035363439383534383934373237343638352C2247445F5A223A302E303031373536303231383639333638383531322C2241445F58223A2D302E303032313735333930373230333637343331362C2241445F59223A2D302E3030333539363838363036313133313935342C2241445F5A223A2D302E31373036393632353835343439323138382C2254656D70447370223A302C22537461747573223A302C2243616C69625374617465223A312C22536967416D70496E76616C6964223A307D7DCA00
05-27 18:53:39.186   536   536 D commservice260303: bufferevent_write retrun value = 0
05-27 18:53:39.187   536   560 D commservice260303: client datas send succeed,send finish
05-27 18:53:39.188 13911 14192 D Sentinelmode_1.2.5.17_sentry: <SentryImuClusterFgeSender>imu_status sent to Linux, frame=259802, tsNs=11086426, tsMs=11, intervalMs=45, ad=(-0.0021753907,-0.003596886,-0.17069626), gd=(-0.011147826,0.005649855,0.0017560219)
05-27 18:53:39.188   581   581 I SpiService: fgesysctrl_getGPIO_status success val=1
05-27 18:53:39.193   299 30841 D EvsDriver: forwardFrame
05-27 18:53:39.194   581   581 I SpiService: fgesysctrl_getGPIO_status success val=0
05-27 18:53:39.195   299 30844 D EvsDriver: forwardFrame
05-27 18:53:39.195   299 30841 D EvsDriver: Delivered 0xb400007b7ca56a60 as id 0
05-27 18:53:39.196  1167  1479 D evsmanagerd: /dev/video4 forwarded the buffer #0 to 0xb4000074bf5f6850 from 0xb4000074bf5f41d0
05-27 18:53:39.197   299 30844 D EvsDriver: Delivered 0xb400007b7ca56900 as id 0
05-27 18:53:39.197  1167  1479 D evsmanagerd: /dev/video6 forwarded the buffer #0 to 0xb4000074bf5f5510 from 0xb4000074bf5f6d90
05-27 08:44:48.159   581   581 D spi_rst_gpio_get_output: GPIO 145 value: 0
05-27 08:44:48.159   581   581 D spidev_ioctl: gpio status=0)
05-27 18:53:39.199 13911 14183 I SentryImuMcuAngleSender: 179.99649rollDeg
05-27 18:53:39.199 13911 14183 I SentryImuMcuAngleSender: 1,0,0
05-27 18:53:39.200   299  1153 D EvsDriver: doneWithFrame
05-27 18:53:39.205 13549 13800 I ADAYO_LOG_: executeSaveLogcat_l(LogcatFunc.java:186)path:/mnt/log_data/AndroidLog/logcat/logcat_2026_05_27_18_53_38_524-49.txt
05-27 18:53:39.207   299  1153 D EvsDriver: doneWithFrame
05-27 18:53:39.211   572   572 I Sensors : 230 GyroSensor: x:-0.011377,y:0.005574,z:0.002290
05-27 18:53:39.212   581   581 I SpiService: fgesysctrl_getGPIO_status success val=1
05-27 08:44:48.176   581   581 D spi_rst_gpio_get_output: GPIO 145 value: 1
05-27 08:44:48.176   581   581 D spidev_ioctl: gpio status=1)
05-27 18:53:39.213  1008 30857 D [OMXB]  : usingANWBuffer: handle:0xee7421c0, format:1, w:1920, h:1080
05-27 18:53:39.214 13549 13800 I ADAYO_LOG_: executeSaveLogcat_l(LogcatFunc.java:189)COLLECT_INT_START
05-27 18:53:39.214 13549 13800 I ADAYO_LOG_: startZip(LogcatFunc.java:393)logcat file is zip packing, zipFilePath: /mnt/log_data/AndroidLog/logcat/logcat_2026_05_27_18_53_38_524-48.zip
05-27 18:53:39.215 13549 13800 I ADAYO_LOG_: startZip(LogcatFunc.java:396)isOpenEncrypt: false
05-27 08:44:48.179     1     1 I init    : processing action (persist.log.adayo_collect.logcat=1) from (/system/etc/init/hw/init.rc:1406)
05-27 08:44:48.179     1     1 I init    : starting service 'trace_logcat'...
05-27 18:53:39.218   581   581 I SpiService: fgesysctrl_getGPIO_status success val=1
05-27 08:44:48.182   581   581 D spi_rst_gpio_get_output: GPIO 145 value: 1
05-27 08:44:48.182   581   581 D spidev_ioctl: gpio status=1)
05-27 18:53:39.220 13911 14183 I SentryImuMcuAngleSender: 180.0rollDeg
05-27 18:53:39.220 13911 14183 I SentryImuMcuAngleSender: 1,0,0
05-27 18:53:39.223   299 30841 D EvsDriver: forwardFrame
05-27 18:53:39.224   581   581 I SpiService: fgesysctrl_getGPIO_status success val=1
05-27 08:44:48.188   581   581 D spi_rst_gpio_get_output: GPIO 145 value: 1
05-27 08:44:48.188   581   581 D spidev_ioctl: gpio status=1)
05-27 18:53:39.225   299 30841 D EvsDriver: Delivered 0xb400007b7ca56a60 as id 0
05-27 18:53:39.225  1167  1479 D evsmanagerd: /dev/video4 forwarded the buffer #0 to 0xb4000074bf5f6850 from 0xb4000074bf5f41d0
05-27 18:53:39.226   536   536 D commservice260303: msg.id = 1028,2
05-27 18:53:39.227   536   536 D commservice260303: i = 170, msgid = 8A000404
05-27 18:53:39.227   536   536 D commservice260303: msgid = -1979710460,did=138
05-27 18:53:39.227   536   536 D commservice260303: CommProtocolLibCmdBaseI2C::dataproc {"command":{"id":"imu_status","sub":""},"content":{"TimeStamp":11,"FrameCounter":259803,"GD_X":-0.011377211660146713,"GD_Y":0.005573912989348173,"GD_Z":0.0022902146447449923,"AD_X":-0.003396749496459961,"AD_Y":-0.0023630373179912567,"AD_Z":-0.17191600799560547,"TempDsp":0,"Status":0,"CalibState":1,"SigAmpInvalid":0}},-1979710460
05-27 18:53:39.227   536   536 D commservice260303: send2Cluster len:318, 7B22636F6D6D616E64223A7B226964223A22696D755F737461747573222C22737562223A22227D2C22636F6E74656E74223A7B2254696D655374616D70223A31312C224672616D65436F756E746572223A3235393830332C2247445F58223A2D302E3031313337373231313636303134363731332C2247445F59223A302E3030353537333931323938393334383137332C2247445F5A223A302E303032323930323134363434373434393932332C2241445F58223A2D302E3030333339363734393439363435393936312C2241445F59223A2D302E303032333633303337333137393931323536372C2241445F5A223A2D302E31373139313630303739393536303534372C2254656D70447370223A302C22537461747573223A302C2243616C69625374617465223A312C22536967416D70496E76616C6964223A307D7D, 138 
05-27 18:53:39.227   536   536 D commservice260303: Push Message into SendPool fn=909640704
05-27 18:53:39.227   536   536 D commservice260303: ComProtocolLibSend2Cluster::send2ClusterRaw fn=909640704 , len=334
05-27 18:53:39.227   536   536 D commservice260303: sendCmdToPort :334!!!
05-27 18:53:39.227   536   536 D commservice260303: send Cmd To Port ++++5AA5014A8A01000438366A16CD337B22636F6D6D616E64223A7B226964223A22696D755F737461747573222C22737562223A22227D2C22636F6E74656E74223A7B2254696D655374616D70223A31312C224672616D65436F756E746572223A3235393830332C2247445F58223A2D302E3031313337373231313636303134363731332C2247445F59223A302E3030353537333931323938393334383137332C2247445F5A223A302E303032323930323134363434373434393932332C2241445F58223A2D302E3030333339363734393439363435393936312C2241445F59223A2D302E303032333633303337333137393931323536372C2241445F5A223A2D302E31373139313630303739393536303534372C2254656D70447370223A302C22537461747573223A302C2243616C69625374617465223A312C22536967416D70496E76616C6964223A307D7DCF46
05-27 18:53:39.227   536   536 D commservice260303: bufferevent_write retrun value = 0
05-27 18:53:39.228   536   560 D commservice260303: client datas send succeed,send finish
05-27 18:53:39.228 13911 14192 D Sentinelmode_1.2.5.17_sentry: <SentryImuClusterFgeSender>imu_status sent to Linux, frame=259803, tsNs=11086461, tsMs=11, intervalMs=41, ad=(-0.0033967495,-0.0023630373,-0.17191601), gd=(-0.011377212,0.005573913,0.0022902146)
05-27 18:53:39.228   299  1153 D EvsDriver: doneWithFrame
05-27 18:53:39.230   581   581 I SpiService: fgesysctrl_getGPIO_status success val=1
05-27 18:53:39.230   299 30844 D EvsDriver: forwardFrame
05-27 18:53:39.231   299 30844 D EvsDriver: Delivered 0xb400007b7ca56900 as id 0
05-27 18:53:39.231  1167  1479 D evsmanagerd: /dev/video6 forwarded the buffer #0 to 0xb4000074bf5f5510 from 0xb4000074bf5f6d90
05-27 08:44:48.194   581   581 D spi_rst_gpio_get_output: GPIO 145 value: 1
05-27 08:44:48.194   581   581 D spidev_ioctl: gpio status=1)
05-27 18:53:39.234   299  1153 D EvsDriver: doneWithFrame
05-27 18:53:39.236   581   581 I SpiService: fgesysctrl_getGPIO_status success val=0
05-27 08:44:48.200   581   581 D spi_rst_gpio_get_output: GPIO 145 value: 0
05-27 08:44:48.200   581   581 D spidev_ioctl: gpio status=0)
05-27 18:53:39.237  1008 30856 D [OMXB]  : usingANWBuffer: handle:0xee7467e0, format:1, w:1920, h:1080
05-27 18:53:39.241 30773 30789 I dvr_service_: Camera 0: Buffer reuse stats - Total: 221000, Reused: 109285, New: 111715, Rate: 49.5%
05-27 18:53:39.249 13911 14183 I SentryImuMcuAngleSender: 179.99649rollDeg
05-27 18:53:39.250 13911 14183 I SentryImuMcuAngleSender: 1,0,0
05-27 18:53:39.250   581   581 I SpiService: fgesysctrl_getGPIO_status success val=1
05-27 18:53:39.253  1008 30857 D [OMXB]  : usingANWBuffer: handle:0xee7427f0, format:1, w:1920, h:1080
05-27 08:44:48.215   581   581 D spi_rst_gpio_get_output: GPIO 145 value: 1
05-27 08:44:48.215   581   581 D spidev_ioctl: gpio status=1)
05-27 18:53:39.255   299 30844 D EvsDriver: forwardFrame
05-27 18:53:39.256   581   581 I SpiService: fgesysctrl_getGPIO_status success val=1
05-27 18:53:39.257   299 30844 D EvsDriver: Delivered 0xb400007b7ca56900 as id 0
05-27 18:53:39.257  1167  1479 D evsmanagerd: /dev/video6 forwarded the buffer #0 to 0xb4000074bf5f5510 from 0xb4000074bf5f6d90
05-27 18:53:39.257 30773 30773 I dvr_service_: [myNum:1][onFrameReceived] Received Surface:1 0
05-27 18:53:39.257 30773 30773 E dvr_service_: [myNum:1] Received S**** loss
05-27 08:44:48.221   581   581 D spi_rst_gpio_get_output: GPIO 145 value: 1
05-27 08:44:48.221   581   581 D spidev_ioctl: gpio status=1)
05-27 18:53:39.258   299  1153 D EvsDriver: doneWithFrame
05-27 18:53:39.259   299 30841 D EvsDriver: forwardFrame
05-27 18:53:39.260   283   307 I rvcservice: t.code = 2, t.value = 9973500
05-27 18:53:39.261   299 30841 D EvsDriver: Delivered 0xb400007b7ca56a60 as id 0
05-27 18:53:39.261  1167  1479 D evsmanagerd: /dev/video4 forwarded the buffer #0 to 0xb4000074bf5f6850 from 0xb4000074bf5f41d0
05-27 18:53:39.261 30773 30773 I dvr_service_: [myNum:0][onFrameReceived] Received Surface:1 0
05-27 18:53:39.262 30773 30773 E dvr_service_: [myNum:0] Received S**** loss
05-27 18:53:39.262   581   581 I SpiService: fgesysctrl_getGPIO_status success val=1
05-27 18:53:39.262   299  1153 D EvsDriver: doneWithFrame
05-27 18:53:39.263 13911 14131 D SVR_MNG_SvrMngProxy: getServer: mSvrManger is null
05-27 08:44:48.226   581   581 D spi_rst_gpio_get_output: GPIO 145 value: 1
05-27 18:53:39.263 13911 14131 D SVR_MNG_SvrMngProxy: getNewStub: 
05-27 18:53:39.263 13911 14131 D SVR_MNG_SvrMngProxy: getNewStub: getSvrManagerService start
05-27 18:53:39.266 13911 14131 D SVR_MNG_SvrMngProxy: getNewStub: getSvrManagerService end
05-27 18:53:39.266 13911 14131 D SVR_MNG_SvrMngProxy: getServer: svrMngService doesn't start
05-27 08:44:48.226   581   581 D spidev_ioctl: gpio status=1)
05-27 18:53:39.268   581   581 I SpiService: fgesysctrl_getGPIO_status success val=1
05-27 18:53:39.268   536   536 D commservice260303: msg.id = 1028,1
05-27 18:53:39.268   536   536 D commservice260303: i = 170, msgid = 8A000404
05-27 18:53:39.268   536   536 D commservice260303: msgid = -1979710460,did=138
05-27 18:53:39.268   536   536 D commservice260303: CommProtocolLibCmdBaseI2C::dataproc {"command":{"id":"imu_status","sub":""},"content":{"TimeStamp":11,"FrameCounter":259804,"GD_X":-0.011377211660146713,"GD_Y":0.004123218357563019,"GD_Z":0.002213752595707774,"AD_X":-0.00460699200630188,"AD_Y":0.0012976110447198153,"AD_Z":-0.16764545440673828,"TempDsp":0,"Status":0,"CalibState":1,"SigAmpInvalid":0}},-1979710460
05-27 18:53:39.268   536   536 D commservice260303: send2Cluster len:315, 7B22636F6D6D616E64223A7B226964223A22696D755F737461747573222C22737562223A22227D2C22636F6E74656E74223A7B2254696D655374616D70223A31312C224672616D65436F756E746572223A3235393830342C2247445F58223A2D302E3031313337373231313636303134363731332C2247445F59223A302E3030343132333231383335373536333031392C2247445F5A223A302E3030323231333735323539353730373737342C2241445F58223A2D302E30303436303639393230303633303138382C2241445F59223A302E303031323937363131303434373139383135332C2241445F5A223A2D302E31363736343534353434303637333832382C2254656D70447370223A302C22537461747573223A302C2243616C69625374617465223A312C22536967416D70496E76616C6964223A307D7D, 138 
05-27 18:53:39.268   536   536 D commservice260303: Push Message into SendPool fn=926417920
05-27 18:53:39.268   536   536 D commservice260303: ComProtocolLibSend2Cluster::send2ClusterRaw fn=926417920 , len=331
05-27 18:53:39.269   536   536 D commservice260303: sendCmdToPort :331!!!
05-27 18:53:39.269   536   536 D commservice260303: send Cmd To Port ++++5AA501478A01000438376A16CD337B22636F6D6D616E64223A7B226964223A22696D755F737461747573222C22737562223A22227D2C22636F6E74656E74223A7B2254696D655374616D70223A31312C224672616D65436F756E746572223A3235393830342C2247445F58223A2D302E3031313337373231313636303134363731332C2247445F59223A302E3030343132333231383335373536333031392C2247445F5A223A302E3030323231333735323539353730373737342C2241445F58223A2D302E30303436303639393230303633303138382C2241445F59223A302E303031323937363131303434373139383135332C2241445F5A223A2D302E31363736343534353434303637333832382C2254656D70447370223A302C22537461747573223A302C2243616C69625374617465223A312C22536967416D70496E76616C6964223A307D7DD04E
05-27 08:44:48.232   581   581 D spi_rst_gpio_get_output: GPIO 145 value: 1
05-27 08:44:48.232   581   581 D spidev_ioctl: gpio status=1)
05-27 18:53:39.269   536   536 D commservice260303: bufferevent_write retrun value = 0
05-27 18:53:39.269 13911 14183 I SentryImuMcuAngleSender: 179.97897rollDeg
05-27 18:53:39.269   536   560 D commservice260303: client datas send succeed,send finish
05-27 18:53:39.269 13911 14183 I SentryImuMcuAngleSender: 1,0,0
05-27 18:53:39.270 13911 14192 D Sentinelmode_1.2.5.17_sentry: <SentryImuClusterFgeSender>imu_status sent to Linux, frame=259804, tsNs=11086514, tsMs=11, intervalMs=41, ad=(-0.004606992,0.001297611,-0.16764545), gd=(-0.011377212,0.0041232184,0.0022137526)
05-27 18:53:39.271 10890 10890 I ADAYO_LOG_TRACE_LOGCAT: execute start
05-27 18:53:39.273   581   581 I SpiService: fgesysctrl_getGPIO_status success val=0
05-27 08:44:48.238   581   581 D spi_rst_gpio_get_output: GPIO 145 value: 0
05-27 08:44:48.238   581   581 D spidev_ioctl: gpio status=0)
05-27 18:53:39.275  1008 30857 D [OMXB]  : usingANWBuffer: handle:0xee741c40, format:1, w:1920, h:1080
05-27 18:53:39.287  1008 30856 D [OMXB]  : usingANWBuffer: handle:0xee743b30, format:1, w:1920, h:1080
05-27 18:53:39.288   581   581 I SpiService: fgesysctrl_getGPIO_status success val=1
05-27 08:44:48.252   581   581 D spi_rst_gpio_get_output: GPIO 145 value: 1
05-27 08:44:48.252   581   581 D spidev_ioctl: gpio status=1)
05-27 18:53:39.290 13911 14183 I SentryImuMcuAngleSender: 179.98598rollDeg
05-27 18:53:39.290 13911 14183 I SentryImuMcuAngleSender: 1,0,0
05-27 18:53:39.292   299 30841 D EvsDriver: forwardFrame
05-27 18:53:39.293   299 30844 D EvsDriver: forwardFrame
05-27 18:53:39.294   581   581 I SpiService: fgesysctrl_getGPIO_status success val=1
05-27 18:53:39.294   299 30844 D EvsDriver: Delivered 0xb400007b7ca56900 as id 0
05-27 18:53:39.294  1167  1167 D evsmanagerd: /dev/video6 forwarded the buffer #0 to 0xb4000074bf5f5510 from 0xb4000074bf5f6d90
05-27 18:53:39.294  1167  1479 D evsmanagerd: /dev/video4 forwarded the buffer #0 to 0xb4000074bf5f6850 from 0xb4000074bf5f41d0
05-27 08:44:48.258   581   581 D spi_rst_gpio_get_output: GPIO 145 value: 1
05-27 08:44:48.258   581   581 D spidev_ioctl: gpio status=1)
05-27 08:44:48.264   581   581 D spi_rst_gpio_get_output: GPIO 145 value: 1
05-27 08:44:48.264   581   581 D spidev_ioctl: gpio status=1)
05-27 18:53:39.295   299 30841 D EvsDriver: Delivered 0xb400007b7ca56a60 as id 0
05-27 08:44:48.270   581   581 D spi_rst_gpio_get_output: GPIO 145 value: 1
05-27 08:44:48.270   581   581 D spidev_ioctl: gpio status=1)
05-27 08:44:48.276   581   581 D spi_rst_gpio_get_output: GPIO 145 value: 1
05-27 08:44:48.276   581   581 D spidev_ioctl: gpio status=1)
05-27 18:53:39.297   299  1153 D EvsDriver: doneWithFrame
05-27 18:53:39.297 10892 10892 I ADAYO_LOG_TRACE_LOGCAT: executing
05-27 18:53:39.300   581   581 I SpiService: fgesysctrl_getGPIO_status success val=1
05-27 18:53:39.302   299  1153 D EvsDriver: doneWithFrame
05-27 18:53:39.306   581   581 I SpiService: fgesysctrl_getGPIO_status success val=1
05-27 18:53:39.308   536   536 D commservice260303: msg.id = 1028,1
05-27 18:53:39.308   536   536 D commservice260303: i = 170, msgid = 8A000404
05-27 18:53:39.308   536   536 D commservice260303: msgid = -1979710460,did=138
05-27 18:53:39.308   536   536 D commservice260303: CommProtocolLibCmdBaseI2C::dataproc {"command":{"id":"imu_status","sub":""},"content":{"TimeStamp":11,"FrameCounter":259805,"GD_X":-0.011300750076770782,"GD_Y":0.004505007527768612,"GD_Z":0.0021378109231591225,"AD_X":-0.00519976019859314,"AD_Y":7.804692722856998E-5,"AD_Z":-0.1645965576171875,"TempDsp":0,"Status":0,"CalibState":1,"SigAmpInvalid":0}},-1979710460
05-27 18:53:39.308   536   536 D commservice260303: send2Cluster len:314, 7B22636F6D6D616E64223A7B226964223A22696D755F737461747573222C22737562223A22227D2C22636F6E74656E74223A7B2254696D655374616D70223A31312C224672616D65436F756E746572223A3235393830352C2247445F58223A2D302E3031313330303735303037363737303738322C2247445F59223A302E3030343530353030373532373736383631322C2247445F5A223A302E303032313337383130393233313539313232352C2241445F58223A2D302E30303531393937363031393835393331342C2241445F59223A372E383034363932373232383536393938452D352C2241445F5A223A2D302E313634353936353537363137313837352C2254656D70447370223A302C22537461747573223A302C2243616C69625374617465223A312C22536967416D70496E76616C6964223A307D7D, 138 
05-27 18:53:39.308   536   536 D commservice260303: Push Message into SendPool fn=943195136
05-27 18:53:39.308   536   536 D commservice260303: ComProtocolLibSend2Cluster::send2ClusterRaw fn=943195136 , len=330
05-27 18:53:39.308   536   536 D commservice260303: sendCmdToPort :330!!!
05-27 18:53:39.308   536   536 D commservice260303: send Cmd To Port ++++5AA501468A01000438386A16CD337B22636F6D6D616E64223A7B226964223A22696D755F737461747573222C22737562223A22227D2C22636F6E74656E74223A7B2254696D655374616D70223A31312C224672616D65436F756E746572223A3235393830352C2247445F58223A2D302E3031313330303735303037363737303738322C2247445F59223A302E3030343530353030373532373736383631322C2247445F5A223A302E303032313337383130393233313539313232352C2241445F58223A2D302E30303531393937363031393835393331342C2241445F59223A372E383034363932373232383536393938452D352C2241445F5A223A2D302E313634353936353537363137313837352C2254656D70447370223A302C22537461747573223A302C2243616C69625374617465223A312C22536967416D70496E76616C6964223A307D7DCE43
05-27 18:53:39.308   536   536 D commservice260303: bufferevent_write retrun value = 0
05-27 18:53:39.309   536   560 D commservice260303: client datas send succeed,send finish
05-27 18:53:39.309 13911 14192 D Sentinelmode_1.2.5.17_sentry: <SentryImuClusterFgeSender>imu_status sent to Linux, frame=259805, tsNs=11086551, tsMs=11, intervalMs=39, ad=(-0.00519976,7.804693E-5,-0.16459656), gd=(-0.01130075,0.0045050075,0.002137811)
05-27 18:53:39.310 13911 14183 I SentryImuMcuAngleSender: 179.98598rollDeg
05-27 18:53:39.310 13911 14183 I SentryImuMcuAngleSender: 1,0,0
05-27 18:53:39.311   581   581 I SpiService: fgesysctrl_getGPIO_status success val=1
05-27 18:53:39.317  1008 30857 D [OMXB]  : usingANWBuffer: handle:0xee740bc0, format:1, w:1920, h:1080
05-27 18:53:39.317   581   581 I SpiService: fgesysctrl_getGPIO_status success val=0
05-27 18:53:39.319   572   572 I Sensors : 230 AccelSensor: x:-0.172019,y:0.002440,z:-9.968620
05-27 18:53:39.320   299 30841 D EvsDriver: forwardFrame
05-27 18:53:39.320   299 30844 D EvsDriver: forwardFrame
05-27 08:44:48.282   581   581 D spi_rst_gpio_get_output: GPIO 145 value: 0
05-27 08:44:48.282   581   581 D spidev_ioctl: gpio status=0)
05-27 18:53:39.322   299 30844 D EvsDriver: Delivered 0xb400007b7ca56900 as id 0
05-27 18:53:39.322  1167  1479 D evsmanagerd: /dev/video6 forwarded the buffer #0 to 0xb4000074bf5f5510 from 0xb4000074bf5f6d90
05-27 18:53:39.324  1167  1479 D evsmanagerd: /dev/video4 forwarded the buffer #0 to 0xb4000074bf5f6850 from 0xb4000074bf5f41d0
05-27 18:53:39.324   299 30841 D EvsDriver: Delivered 0xb400007b7ca56a60 as id 0
05-27 18:53:39.326   299  1153 D EvsDriver: doneWithFrame
05-27 18:53:39.328   299  1153 D EvsDriver: doneWithFrame
05-27 18:53:39.331 13911 14183 I SentryImuMcuAngleSender: 179.98598rollDeg
05-27 18:53:39.334 13911 14183 I SentryImuMcuAngleSender: 1,0,0
05-27 18:53:39.334   581   581 I SpiService: fgesysctrl_getGPIO_status success val=1
05-27 08:44:48.299   581   581 D spi_rst_gpio_get_output: GPIO 145 value: 1
05-27 08:44:48.299   581   581 D spidev_ioctl: gpio status=1)
05-27 18:53:39.340   581   581 I SpiService: fgesysctrl_getGPIO_status success val=1
05-27 08:44:48.304   581   581 D spi_rst_gpio_get_output: GPIO 145 value: 1
05-27 08:44:48.304   581   581 D spidev_ioctl: gpio status=1)
05-27 18:53:39.343  1008 30856 D [OMXB]  : usingANWBuffer: handle:0xee742b60, format:1, w:1920, h:1080
05-27 18:53:39.344 13911 14183 I SentryImuMcuAngleSender: [4, 18, 1, 0, 0],5
05-27 18:53:39.344 13911 14183 I McuCommManager: mcuCommSendcmd [4, 18, 1, 0, 0]
05-27 18:53:39.344 10894 10894 I ADAYO_LOG_TRACE_LOGCAT: collect_dest_path:/mnt/log_data/AndroidLog/logcat
05-27 18:53:39.345 13911 14183 I SentryImuMcuAngleSender: true
05-27 18:53:39.345 13911 14183 W Sentinelmode_1.2.5.17_sentry: <SentryImuMcuAngleSender>MCU IMU send interval abnormal: 1002ms
05-27 18:53:39.345   581   581 I SpiService: fgesysctrl_getGPIO_status success val=1
05-27 18:53:39.347   536   536 D commservice260303: msg.id = 1028,1
05-27 18:53:39.347   536   536 D commservice260303: i = 170, msgid = 8A000404
05-27 18:53:39.347   536   536 D commservice260303: msgid = -1979710460,did=138
05-27 18:53:39.347   536   536 D commservice260303: CommProtocolLibCmdBaseI2C::dataproc {"command":{"id":"imu_status","sub":""},"content":{"TimeStamp":11,"FrameCounter":259806,"GD_X":-0.011147825978696346,"GD_Y":0.0048857564106583595,"GD_Z":0.001679039909504354,"AD_X":-0.005789458751678467,"AD_Y":0.0012931956443935633,"AD_Z":-0.1670370101928711,"TempDsp":0,"Status":0,"CalibState":1,"SigAmpInvalid":0}},-1979710460
05-27 18:53:39.347   536   536 D commservice260303: send2Cluster len:316, 7B22636F6D6D616E64223A7B226964223A22696D755F737461747573222C22737562223A22227D2C22636F6E74656E74223A7B2254696D655374616D70223A31312C224672616D65436F756E746572223A3235393830362C2247445F58223A2D302E3031313134373832353937383639363334362C2247445F59223A302E303034383835373536343130363538333539352C2247445F5A223A302E3030313637393033393930393530343335342C2241445F58223A2D302E3030353738393435383735313637383436372C2241445F59223A302E303031323933313935363434333933353633332C2241445F5A223A2D302E313637303337303130313932383731312C2254656D70447370223A302C22537461747573223A302C2243616C69625374617465223A312C22536967416D70496E76616C6964223A307D7D, 138 
05-27 18:53:39.347   536   536 D commservice260303: Push Message into SendPool fn=959972352
05-27 18:53:39.347   536   536 D commservice260303: ComProtocolLibSend2Cluster::send2ClusterRaw fn=959972352 , len=332
05-27 18:53:39.347   536   536 D commservice260303: sendCmdToPort :332!!!
05-27 18:53:39.348   536   536 D commservice260303: send Cmd To Port ++++5AA501488A01000438396A16CD337B22636F6D6D616E64223A7B226964223A22696D755F737461747573222C22737562223A22227D2C22636F6E74656E74223A7B2254696D655374616D70223A31312C224672616D65436F756E746572223A3235393830362C2247445F58223A2D302E3031313134373832353937383639363334362C2247445F59223A302E303034383835373536343130363538333539352C2247445F5A223A302E3030313637393033393930393530343335342C2241445F58223A2D302E3030353738393435383735313637383436372C2241445F59223A302E303031323933313935363434333933353633332C2241445F5A223A2D302E313637303337303130313932383731312C2254656D70447370223A302C22537461747573223A302C2243616C69625374617465223A312C22536967416D70496E76616C6964223A307D7D0F78
05-27 18:53:39.348   536   536 D commservice260303: bufferevent_write retrun value = 0
05-27 18:53:39.348   536   560 D commservice260303: client datas send succeed,send finish
05-27 08:44:48.310   581   581 D spi_rst_gpio_get_output: GPIO 145 value: 1
05-27 08:44:48.310   581   581 D spidev_ioctl: gpio status=1)
05-27 18:53:39.350 13911 14192 D Sentinelmode_1.2.5.17_sentry: <SentryImuClusterFgeSender>imu_status sent to Linux, frame=259806, tsNs=11086586, tsMs=11, intervalMs=40, ad=(-0.0057894588,0.0012931956,-0.16703701), gd=(-0.011147826,0.0048857564,0.0016790399)
05-27 18:53:39.351 13911 13911 I Sentinelmode_1.2.5.17_sentry: <SentinelCarServiceManager>sensorType:291504647
05-27 18:53:39.351   581   581 I SpiService: fgesysctrl_getGPIO_status success val=1
05-27 08:44:48.316   581   581 D spi_rst_gpio_get_output: GPIO 145 value: 1
05-27 08:44:48.316   581   581 D spidev_ioctl: gpio status=1)
05-27 18:53:39.355 13911 14183 I SentryImuMcuAngleSender: 179.97546rollDeg
05-27 18:53:39.356 13911 14183 I SentryImuMcuAngleSender: 1,0,0
05-27 18:53:39.357   581   581 I SpiService: fgesysctrl_getGPIO_status success val=0
05-27 18:53:39.357   481   597 I mcuc    : send SPI:6AA6007A2C000504120100003E
05-27 08:44:48.322   581   581 D spi_rst_gpio_get_output: GPIO 145 value: 0
05-27 08:44:48.322   581   581 D spidev_ioctl: gpio status=0)
05-27 18:53:39.360  1008 30857 D [OMXB]  : usingANWBuffer: handle:0xee743190, format:1, w:1920, h:1080
05-27 18:53:39.361   299 30841 D EvsDriver: forwardFrame
05-27 18:53:39.361   283   307 I rvcservice: t.code = 3, t.value = 0
05-27 18:53:39.361 13911 16534 D VersionPrinter: com.adayo.app.dvrlocalservice- VersionName:[1.2.5.17_sentry] - append:[] - active:[]
05-27 18:53:39.361   299 30841 D EvsDriver: Delivered 0xb400007b7ca56a60 as id 0
05-27 18:53:39.362  1167  1479 D evsmanagerd: /dev/video4 forwarded the buffer #0 to 0xb4000074bf5f6850 from 0xb4000074bf5f41d0
05-27 18:53:39.363   299 30844 D EvsDriver: forwardFrame
05-27 18:53:39.364   299 30844 D EvsDriver: Delivered 0xb400007b7ca56900 as id 0
05-27 18:53:39.365  1167  1167 D evsmanagerd: /dev/video6 forwarded the buffer #0 to 0xb4000074bf5f5510 from 0xb4000074bf5f6d90
05-27 18:53:39.365   299  1153 D EvsDriver: doneWithFrame
05-27 18:53:39.367   299  1153 D EvsDriver: doneWithFrame
05-27 18:53:39.372   581   581 I SpiService: fgesysctrl_getGPIO_status success val=1
05-27 08:44:48.336   581   581 D spi_rst_gpio_get_output: GPIO 145 value: 1
05-27 08:44:48.336   581   581 D spidev_ioctl: gpio status=1)
05-27 18:53:39.375 13911 14183 I SentryImuMcuAngleSender: 179.97546rollDeg
05-27 18:53:39.375 13911 14183 I SentryImuMcuAngleSender: 1,0,0
05-27 18:53:39.378   581   581 I SpiService: fgesysctrl_getGPIO_status success val=1
05-27 08:44:48.342   581   581 D spi_rst_gpio_get_output: GPIO 145 value: 1
05-27 08:44:48.342   581   581 D spidev_ioctl: gpio status=1)
05-27 18:53:39.383   581   581 I SpiService: fgesysctrl_getGPIO_status success val=1
05-27 08:44:48.348   581   581 D spi_rst_gpio_get_output: GPIO 145 value: 1
05-27 08:44:48.348   581   581 D spidev_ioctl: gpio status=1)
05-27 18:53:39.385   299 30841 D EvsDriver: forwardFrame
05-27 18:53:39.387   566 11459 I gps_hdbd: Received: '$GNGGA,010930.000,,,,,0,00,,,M,,M,,*6D
'
05-27 18:53:39.389   536   536 D commservice260303: msg.id = 1028,1
05-27 18:53:39.389   536   536 D commservice260303: i = 170, msgid = 8A000404
05-27 18:53:39.389   536   536 D commservice260303: msgid = -1979710460,did=138
05-27 18:53:39.389   536   536 D commservice260303: CommProtocolLibCmdBaseI2C::dataproc {"command":{"id":"imu_status","sub":""},"content":{"TimeStamp":11,"FrameCounter":259807,"GD_X":-0.012370175682008266,"GD_Y":0.005268065724521875,"GD_Z":0.0022902146447449923,"AD_X":-0.002134859561920166,"AD_Y":6.782170385122299E-5,"AD_Z":-0.1658163070678711,"TempDsp":0,"Status":0,"CalibState":1,"SigAmpInvalid":0}},-1979710460
05-27 18:53:39.389   536   536 D commservice260303: send2Cluster len:315, 7B22636F6D6D616E64223A7B226964223A22696D755F737461747573222C22737562223A22227D2C22636F6E74656E74223A7B2254696D655374616D70223A31312C224672616D65436F756E746572223A3235393830372C2247445F58223A2D302E3031323337303137353638323030383236362C2247445F59223A302E3030353236383036353732343532313837352C2247445F5A223A302E303032323930323134363434373434393932332C2241445F58223A2D302E3030323133343835393536313932303136362C2241445F59223A362E373832313730333835313232323939452D352C2241445F5A223A2D302E313635383136333037303637383731312C2254656D70447370223A302C22537461747573223A302C2243616C69625374617465223A312C22536967416D70496E76616C6964223A307D7D, 138 
05-27 18:53:39.389   536   536 D commservice260303: Push Message into SendPool fn=976749568
05-27 18:53:39.389   536   536 D commservice260303: ComProtocolLibSend2Cluster::send2ClusterRaw fn=976749568 , len=331
05-27 18:53:39.389   581   581 I SpiService: fgesysctrl_getGPIO_status success val=1
05-27 18:53:39.389   536   536 D commservice260303: sendCmdToPort :331!!!
05-27 18:53:39.389  1167  1167 D evsmanagerd: /dev/video4 forwarded the buffer #0 to 0xb4000074bf5f6850 from 0xb4000074bf5f41d0
05-27 18:53:39.389   536   536 D commservice260303: send Cmd To Port ++++5AA501478A010004383A6A16CD337B22636F6D6D616E64223A7B226964223A22696D755F737461747573222C22737562223A22227D2C22636F6E74656E74223A7B2254696D655374616D70223A31312C224672616D65436F756E746572223A3235393830372C2247445F58223A2D302E3031323337303137353638323030383236362C2247445F59223A302E3030353236383036353732343532313837352C2247445F5A223A302E303032323930323134363434373434393932332C2241445F58223A2D302E3030323133343835393536313932303136362C2241445F59223A362E373832313730333835313232323939452D352C2241445F5A223A2D302E313635383136333037303637383731312C2254656D70447370223A302C22537461747573223A302C2243616C69625374617465223A312C22536967416D70496E76616C6964223A307D7D1D86
05-27 18:53:39.389   299 30841 D EvsDriver: Delivered 0xb400007b7ca56a60 as id 0
05-27 18:53:39.389   536   536 D commservice260303: bufferevent_write retrun value = 0
05-27 18:53:39.389   536   560 D commservice260303: client datas send succeed,send finish
05-27 18:53:39.390 13911 14192 D Sentinelmode_1.2.5.17_sentry: <SentryImuClusterFgeSender>imu_status sent to Linux, frame=259807, tsNs=11086626, tsMs=11, intervalMs=41, ad=(-0.0021348596,6.7821704E-5,-0.1658163), gd=(-0.012370176,0.0052680657,0.0022902146)
05-27 18:53:39.392 30773 30788 I dvr_service_: [runShortMediaThread:298] cameraId:1 medias:300,audios:220,stateAudio:0,mShortState:0,warnEvent:0,state:1
05-27 18:53:39.392   566 11459 I gps_hdbd: Received: '$GNGSA,A,1,,,,,,,,,,,,,,,,1*1D
'
05-27 08:44:48.354   581   581 D spi_rst_gpio_get_output: GPIO 145 value: 1
05-27 08:44:48.354   581   581 D spidev_ioctl: gpio status=1)
05-27 08:44:48.359   581   581 D spi_rst_gpio_get_output: GPIO 145 value: 1
05-27 08:44:48.359   581   581 D spidev_ioctl: gpio status=1)
05-27 18:53:39.394  1008 30856 D [OMXB]  : usingANWBuffer: handle:0xee742530, format:1, w:1920, h:1080
05-27 18:53:39.394   299  1153 D EvsDriver: doneWithFrame
05-27 18:53:39.394   581   581 I SpiService: fgesysctrl_getGPIO_status success val=1
05-27 18:53:39.395   299 30844 D EvsDriver: forwardFrame
05-27 18:53:39.396 13911 14183 I SentryImuMcuAngleSender: 179.97897rollDeg
05-27 18:53:39.396 13911 14183 I SentryImuMcuAngleSender: 1,0,0
05-27 18:53:39.398   299 30844 D EvsDriver: Delivered 0xb400007b7ca56900 as id 0
05-27 18:53:39.398  1167  1167 D evsmanagerd: /dev/video6 forwarded the buffer #0 to 0xb4000074bf5f5510 from 0xb4000074bf5f6d90
05-27 18:53:39.399   566 11459 I gps_hdbd: Received: '$GNGSA,A,1,,,,,,,,,,,,,,,,3*1F
'
05-27 18:53:39.401   581   581 I SpiService: fgesysctrl_getGPIO_status success val=0
05-27 18:53:39.402   566 11459 I gps_hdbd: Received: '$GNGSA,A,1,,,,,,,,,,,,,,,,4*18
'
05-27 18:53:39.404   566 11459 I gps_hdbd: Received: '$BDGSV,1,1,00,1*75
'
05-27 08:44:48.365   581   581 D spi_rst_gpio_get_output: GPIO 145 value: 0
05-27 08:44:48.365   581   581 D spidev_ioctl: gpio status=0)
05-27 18:53:39.405   566 11459 I gps_hdbd: Received: '$BDGSV,1,1,00,5*71
'
05-27 18:53:39.407   299  1153 D EvsDriver: doneWithFrame
05-27 18:53:39.407   566 11459 I gps_hdbd: Received: '$GPGSV,1,1,01,199,42,165,,1*60
'
05-27 18:53:39.411   566 11459 I gps_hdbd: Received: '$GPGSV,1,1,00,8*6D
'
05-27 18:53:39.411   566 11459 I gps_hdbd: Received: '$GAGSV,1,1,00,7*73
'
05-27 18:53:39.411  1008 30857 D [OMXB]  : usingANWBuffer: handle:0xee745760, format:1, w:1920, h:1080
05-27 18:53:39.412   572   572 I Sensors : 230 GyroSensor: x:-0.011453,y:0.004963,z:0.001985
05-27 18:53:39.415   566 11459 I gps_hdbd: Received: '$GAGSV,1,1,00,1*75
'
05-27 18:53:39.416   581   581 I SpiService: fgesysctrl_getGPIO_status success val=1
05-27 08:44:48.380   581   581 D spi_rst_gpio_get_output: GPIO 145 value: 1
05-27 08:44:48.380   581   581 D spidev_ioctl: gpio status=1)
05-27 18:53:39.417 13911 14183 I SentryImuMcuAngleSender: 179.97897rollDeg
05-27 18:53:39.417 13911 14183 I SentryImuMcuAngleSender: 1,0,0
05-27 18:53:39.421   581   581 I SpiService: fgesysctrl_getGPIO_status success val=1
05-27 18:53:39.421   566 11459 I gps_hdbd: Received: '$GNRMC,010930.000,V,,,,,,,270526,120.0,E,N,V*4E
'
05-27 18:53:39.422   566 11459 I gps_hdbd: RMC : CALL gnss_sv_status_cb, view_in_sat <1>
05-27 18:53:39.422   566 11459 I gps_hdbd: [reportSvStatus]--->PLATFORM_BSP::Enter
05-27 18:53:39.422   566 11459 I gps_hdbd: hy abnormal deal:hy_cnr30_satellite_cnt=0
05-27 18:53:39.422   566 11459 D gps_hdbd: hy abnormal deal:hy_fixStatus_fail_count=0
05-27 18:53:39.422  1083  1083 I liblog  : 1
05-27 18:53:39.422  1083  1083 W MyAppLog: [2026-05-27 18:53:39.422 W tboxap gpsSyncGpsInfoToDm:361] [Gps] [gpsSyncGpsInfoToDm] fix=0 mode=49 corner:0x01 alt=0.00 sat=0 hdop=0.00 pdop=0.00 vdop=0.00
05-27 18:53:39.422   566 11459 I gps_hdbd: Received: '$GNZDA,010930.000,27,05,2026,00,00*45
'
05-27 18:53:39.423   299 30841 D EvsDriver: forwardFrame
05-27 18:53:39.425   299 30844 D EvsDriver: forwardFrame
05-27 08:44:48.386   581   581 D spi_rst_gpio_get_output: GPIO 145 value: 1
05-27 08:44:48.386   581   581 D spidev_ioctl: gpio status=1)
05-27 18:53:39.426   299 30841 D EvsDriver: Delivered 0xb400007b7ca56a60 as id 0
05-27 18:53:39.426   299 30844 D EvsDriver: Delivered 0xb400007b7ca56900 as id 0
05-27 18:53:39.426  1167  1167 D evsmanagerd: /dev/video4 forwarded the buffer #0 to 0xb4000074bf5f6850 from 0xb4000074bf5f41d0
05-27 18:53:39.426  1167  1479 D evsmanagerd: /dev/video6 forwarded the buffer #0 to 0xb4000074bf5f5510 from 0xb4000074bf5f6d90
05-27 18:53:39.426 30773 30783 E dvr_service_: [myNum:0] Received S**** loss
05-27 18:53:39.426 30773 30773 E dvr_service_: [myNum:1] Received S**** loss
05-27 18:53:39.426   299  1153 D EvsDriver: doneWithFrame
05-27 18:53:39.427   581   581 I SpiService: fgesysctrl_getGPIO_status success val=1
05-27 18:53:39.427   299  1153 D EvsDriver: doneWithFrame
05-27 18:53:39.428   536   536 D commservice260303: msg.id = 1028,0
05-27 18:53:39.428   536   536 D commservice260303: i = 170, msgid = 8A000404
05-27 18:53:39.428   536   536 D commservice260303: msgid = -1979710460,did=138
05-27 18:53:39.428   536   536 D commservice260303: CommProtocolLibCmdBaseI2C::dataproc {"command":{"id":"imu_status","sub":""},"content":{"TimeStamp":11,"FrameCounter":259808,"GD_X":-0.011453153565526009,"GD_Y":0.004963258747011423,"GD_Z":0.0019848872907459736,"AD_X":-0.002742469310760498,"AD_Y":0.0012791261542588472,"AD_Z":-0.1670370101928711,"TempDsp":0,"Status":0,"CalibState":1,"SigAmpInvalid":0}},-1979710460
05-27 18:53:39.429   536   536 D commservice260303: send2Cluster len:316, 7B22636F6D6D616E64223A7B226964223A22696D755F737461747573222C22737562223A22227D2C22636F6E74656E74223A7B2254696D655374616D70223A31312C224672616D65436F756E746572223A3235393830382C2247445F58223A2D302E3031313435333135333536353532363030392C2247445F59223A302E3030343936333235383734373031313432332C2247445F5A223A302E303031393834383837323930373435393733362C2241445F58223A2D302E3030323734323436393331303736303439382C2241445F59223A302E303031323739313236313534323538383437322C2241445F5A223A2D302E313637303337303130313932383731312C2254656D70447370223A302C22537461747573223A302C2243616C69625374617465223A312C22536967416D70496E76616C6964223A307D7D, 138 
05-27 18:53:39.429   536   536 D commservice260303: Push Message into SendPool fn=993526784
05-27 18:53:39.429   536   536 D commservice260303: ComProtocolLibSend2Cluster::send2ClusterRaw fn=993526784 , len=332
05-27 18:53:39.429   536   536 D commservice260303: sendCmdToPort :332!!!
05-27 18:53:39.429   536   536 D commservice260303: send Cmd To Port ++++5AA501488A010004383B6A16CD337B22636F6D6D616E64223A7B226964223A22696D755F737461747573222C22737562223A22227D2C22636F6E74656E74223A7B2254696D655374616D70223A31312C224672616D65436F756E746572223A3235393830382C2247445F58223A2D302E3031313435333135333536353532363030392C2247445F59223A302E3030343936333235383734373031313432332C2247445F5A223A302E303031393834383837323930373435393733362C2241445F58223A2D302E3030323734323436393331303736303439382C2241445F59223A302E303031323739313236313534323538383437322C2241445F5A223A2D302E313637303337303130313932383731312C2254656D70447370223A302C22537461747573223A302C2243616C69625374617465223A312C22536967416D70496E76616C6964223A307D7D63AE
05-27 18:53:39.429 10898 10898 I ADAYO_LOG_TRACE_LOGCAT: file_path:/mnt/log_data/AndroidLog/logcat/logcat_2026_05_27_18_53_38_524-49.txt
05-27 18:53:39.429   536   536 D commservice260303: bufferevent_write retrun value = 0
05-27 18:53:39.429   536   560 D commservice260303: client datas send succeed,send finish
05-27 18:53:39.430 13911 14192 D Sentinelmode_1.2.5.17_sentry: <SentryImuClusterFgeSender>imu_status sent to Linux, frame=259808, tsNs=11086662, tsMs=11, intervalMs=41, ad=(-0.0027424693,0.0012791262,-0.16703701), gd=(-0.011453154,0.0049632587,0.0019848873)
05-27 08:44:48.391   581   581 D spi_rst_gpio_get_output: GPIO 145 value: 1
05-27 08:44:48.391   581   581 D spidev_ioctl: gpio status=1)
05-27 18:53:39.432   581   581 I SpiService: fgesysctrl_getGPIO_status success val=1
05-27 08:44:48.397   581   581 D spi_rst_gpio_get_output: GPIO 145 value: 1
05-27 08:44:48.397   581   581 D spidev_ioctl: gpio status=1)
05-27 18:53:39.438 13911 14183 I SentryImuMcuAngleSender: 179.97897rollDeg
05-27 18:53:39.438   581   581 I SpiService: fgesysctrl_getGPIO_status success val=0
05-27 18:53:39.439 13911 14183 I SentryImuMcuAngleSender: 1,0,0
05-27 18:53:39.441 15863 15863 D AIN-NaviLocationPresenter: ACC is OFF, skip upload location
