05-27 18:53:48.150   536   536 D commservice260303: sendCmdToPort :330!!!
05-27 18:53:48.150   536   536 D commservice260303: send Cmd To Port ++++5AA501468A01000439156A16CD3C7B22636F6D6D616E64223A7B226964223A22696D755F737461747573222C22737562223A22227D2C22636F6E74656E74223A7B2254696D655374616D70223A31312C224672616D65436F756E746572223A3236303032312C2247445F58223A2D302E3031313337373231313636303134363731332C2247445F59223A302E3030353432303938393335363933353032342C2247445F5A223A302E3030323434333133383237373135383134312C2241445F58223A2D302E30303233373335313635353936303038332C2241445F59223A352E323538313233383536303337383535452D342C2241445F5A223A2D302E31363736343036383630333531353632352C2254656D70447370223A302C22537461747573223A302C2243616C69625374617465223A312C22536967416D70496E76616C6964223A307D7D8006
05-27 18:53:48.150   536   536 D commservice260303: bufferevent_write retrun value = 0
05-27 18:53:48.150   536   560 D commservice260303: client datas send succeed,send finish
05-27 18:53:48.151 13911 14192 D Sentinelmode_1.2.5.17_sentry: <SentryImuClusterFgeSender>imu_status sent to Linux, frame=260021, tsNs=11095393, tsMs=11, intervalMs=40, ad=(-0.0023735166,5.258124E-4,-0.16764069), gd=(-0.011377212,0.0054209894,0.0024431383)
05-27 18:53:48.153   581   581 I SpiService: fgesysctrl_getGPIO_status success val=1
05-27 18:53:48.157   299 30841 D EvsDriver: forwardFrame
05-27 18:53:48.159  1167  1167 D evsmanagerd: /dev/video4 forwarded the buffer #0 to 0xb4000074bf5f6850 from 0xb4000074bf5f41d0
05-27 18:53:48.159   299 30841 D EvsDriver: Delivered 0xb400007b7ca56a60 as id 0
05-27 18:53:48.159   581   581 I SpiService: fgesysctrl_getGPIO_status success val=1
05-27 18:53:48.159  1008 30856 D [OMXB]  : usingANWBuffer: handle:0xee747180, format:1, w:1920, h:1080
05-27 18:53:48.165   581   581 I SpiService: fgesysctrl_getGPIO_status success val=1
05-27 18:53:48.165   299 30844 D EvsDriver: forwardFrame
05-27 18:53:48.167   299  1163 D EvsDriver: doneWithFrame
05-27 18:53:48.167 13911 14183 I SentryImuMcuAngleSender: 179.95795rollDeg
05-27 18:53:48.167 13911 14183 I SentryImuMcuAngleSender: 1,0,0
05-27 18:53:48.168   299 30844 D EvsDriver: Delivered 0xb400007b7ca56900 as id 0
05-27 18:53:48.168  1167  1167 D evsmanagerd: /dev/video6 forwarded the buffer #0 to 0xb4000074bf5f5510 from 0xb4000074bf5f6d90
05-27 18:53:48.171 11262 11262 I ANWJNI_SECOND: +++ JNI_OnLoad
05-27 18:53:48.171 11262 11262 I ANWJNI_SECOND: +++ registerNativeMethods
05-27 18:53:48.171   581   581 I SpiService: fgesysctrl_getGPIO_status success val=0
05-27 18:53:48.171 11262 11262 I ANWJNI_SECOND: numMethods = 245
05-27 18:53:48.172   299  1163 D EvsDriver: doneWithFrame
05-27 18:53:48.173 11262 11262 I ANWJNI_SECOND: --- registerNativeMethods
05-27 18:53:48.175 11262 11262 D ANWJNI_SECOND: (11262|0x5467E4F8)[BTAPP] read XML config file
05-27 18:53:48.175 11262 11262 D ANWJNI_SECOND: 
05-27 18:53:48.175 11262 11262 D ANWJNI_SECOND: (11262|0x5467E4F8)[BTAPP] run Read (/system/etc/bluetooth/btmonitor-config_second.xml) Start
05-27 18:53:48.175 11262 11262 D ANWJNI_SECOND: 
05-27 18:53:48.175 11262 11262 D ANWJNI_SECOND: (11262|0x5467E4F8)[BTAPP] run Read (btmonitor-config.xml) source_data != NULL
05-27 18:53:48.175 11262 11262 D ANWJNI_SECOND: 
05-27 18:53:48.175 11262 11262 D ANWJNI_SECOND: (11262|0x5467E4F8)[BTAPP] XML : find HID setting
05-27 18:53:48.175 11262 11262 D ANWJNI_SECOND: 
05-27 18:53:48.175 11262 11262 D ANWJNI_SECOND: (11262|0x5467E4F8)[BTAPP] HID set(close)
05-27 18:53:48.175 11262 11262 D ANWJNI_SECOND: 
05-27 18:53:48.176 11262 11262 D ANWJNI_SECOND: (11262|0x5467E4F8)[BTAPP] XML : find SPP setting
05-27 18:53:48.176 11262 11262 D ANWJNI_SECOND: 
05-27 18:53:48.176 11262 11262 D ANWJNI_SECOND: (11262|0x5467E4F8)[BTAPP] SPP set(close)
05-27 18:53:48.176 11262 11262 D ANWJNI_SECOND: 
05-27 18:53:48.176 11262 11262 D ANWJNI_SECOND: (11262|0x5467E4F8)[BTAPP] XML : find PINCode setting
05-27 18:53:48.176 11262 11262 D ANWJNI_SECOND: 
05-27 18:53:48.176 11262 11262 D ANWJNI_SECOND: (11262|0x5467E4F8)[BTAPP] PinCode set(close)
05-27 18:53:48.176 11262 11262 D ANWJNI_SECOND: 
05-27 18:53:48.176 11262 11262 D ANWJNI_SECOND: (11262|0x5467E4F8)[BTAPP] get setpincode data fail
05-27 18:53:48.176 11262 11262 D ANWJNI_SECOND: 
05-27 18:53:48.176 11262 11262 D ANWJNI_SECOND: (11262|0x5467E4F8)[BTAPP] get set_legacy_pin data fail
05-27 18:53:48.176 11262 11262 D ANWJNI_SECOND: 
05-27 18:53:48.176 11262 11262 D ANWJNI_SECOND: (11262|0x5467E4F8)[BTAPP] XML : find spp_uuid setting
05-27 18:53:48.176 11262 11262 D ANWJNI_SECOND: 
05-27 18:53:48.176 11262 11262 D ANWJNI_SECOND: (11262|0x5467E4F8)[BTAPP] XML : ca_spp_uuid len(32)
05-27 18:53:48.176 11262 11262 D ANWJNI_SECOND: 
05-27 18:53:48.176 11262 11262 D ANWJNI_SECOND: (11262|0x5467E4F8)[BTAPP] XML : SPP_UUID_fromXML len(16):(
05-27 18:53:48.176 11262 11262 D ANWJNI_SECOND: (11262|0x5467E4F8)[BTAPP] 0xfa 
05-27 18:53:48.176 11262 11262 D ANWJNI_SECOND: (11262|0x5467E4F8)[BTAPP] 0xeb 
05-27 18:53:48.176 11262 11262 D ANWJNI_SECOND: (11262|0x5467E4F8)[BTAPP] 0xdc 
05-27 18:53:48.176 11262 11262 D ANWJNI_SECOND: (11262|0x5467E4F8)[BTAPP] 0x12 
05-27 18:53:48.176 11262 11262 D ANWJNI_SECOND: (11262|0x5467E4F8)[BTAPP] 0x7 
05-27 18:53:48.176 11262 11262 D ANWJNI_SECOND: (11262|0x5467E4F8)[BTAPP] 0x2c 
05-27 18:53:48.176 11262 11262 D ANWJNI_SECOND: (11262|0x5467E4F8)[BTAPP] 0xb0 
05-27 18:53:48.176 11262 11262 D ANWJNI_SECOND: (11262|0x5467E4F8)[BTAPP] 0xa4 
05-27 18:53:48.176 11262 11262 D ANWJNI_SECOND: (11262|0x5467E4F8)[BTAPP] 0x10 
05-27 18:53:48.176 11262 11262 D ANWJNI_SECOND: (11262|0x5467E4F8)[BTAPP] 0xa 
05-27 18:53:48.177 11262 11262 D ANWJNI_SECOND: (11262|0x5467E4F8)[BTAPP] 0x5a 
05-27 18:53:48.177 11262 11262 D ANWJNI_SECOND: (11262|0x5467E4F8)[BTAPP] 0x61 
05-27 18:53:48.177 11262 11262 D ANWJNI_SECOND: (11262|0x5467E4F8)[BTAPP] 0x8d 
05-27 18:53:48.177 11262 11262 D ANWJNI_SECOND: (11262|0x5467E4F8)[BTAPP] 0xc9 
05-27 18:53:48.177 11262 11262 D ANWJNI_SECOND: (11262|0x5467E4F8)[BTAPP] 0x40 
05-27 18:53:48.177 11262 11262 D ANWJNI_SECOND: (11262|0x5467E4F8)[BTAPP] 0x1c 
05-27 18:53:48.177 11262 11262 D ANWJNI_SECOND: (11262|0x5467E4F8)[BTAPP] )
05-27 18:53:48.177 11262 11262 D ANWJNI_SECOND: 
05-27 18:53:48.177 11262 11262 D ANWJNI_SECOND: (11262|0x5467E4F8)[BTAPP] XML : find Apple spp_uuid setting
05-27 18:53:48.177 11262 11262 D ANWJNI_SECOND: 
05-27 18:53:48.177 11262 11262 D ANWJNI_SECOND: (11262|0x5467E4F8)[BTAPP] XML : Apple ca_spp_uuid len(32)
05-27 18:53:48.177 11262 11262 D ANWJNI_SECOND: 
05-27 18:53:48.177 11262 11262 D ANWJNI_SECOND: (11262|0x5467E4F8)[BTAPP] XML : Apple SPP_UUID_fromXML len(16):(
05-27 18:53:48.177 11262 11262 D ANWJNI_SECOND: (11262|0x5467E4F8)[BTAPP] 0x0 
05-27 18:53:48.177 11262 11262 D ANWJNI_SECOND: (11262|0x5467E4F8)[BTAPP] 0x0 
05-27 18:53:48.177 11262 11262 D ANWJNI_SECOND: (11262|0x5467E4F8)[BTAPP] 0x0 
05-27 18:53:48.177 11262 11262 D ANWJNI_SECOND: (11262|0x5467E4F8)[BTAPP] 0x0 
05-27 18:53:48.177 11262 11262 D ANWJNI_SECOND: (11262|0x5467E4F8)[BTAPP] 0xde 
05-27 18:53:48.177 11262 11262 D ANWJNI_SECOND: (11262|0x5467E4F8)[BTAPP] 0xca 
05-27 18:53:48.177 11262 11262 D ANWJNI_SECOND: (11262|0x5467E4F8)[BTAPP] 0xfa 
05-27 18:53:48.177 11262 11262 D ANWJNI_SECOND: (11262|0x5467E4F8)[BTAPP] 0xde 
05-27 18:53:48.177 11262 11262 D ANWJNI_SECOND: (11262|0x5467E4F8)[BTAPP] 0xde 
05-27 18:53:48.177 11262 11262 D ANWJNI_SECOND: (11262|0x5467E4F8)[BTAPP] 0xca 
05-27 18:53:48.178 11262 11262 D ANWJNI_SECOND: (11262|0x5467E4F8)[BTAPP] 0xde 
05-27 18:53:48.178 11262 11262 D ANWJNI_SECOND: (11262|0x5467E4F8)[BTAPP] 0xaf 
05-27 18:53:48.178 11262 11262 D ANWJNI_SECOND: (11262|0x5467E4F8)[BTAPP] 0xde 
05-27 18:53:48.178 11262 11262 D ANWJNI_SECOND: (11262|0x5467E4F8)[BTAPP] 0xca 
05-27 18:53:48.178 11262 11262 D ANWJNI_SECOND: (11262|0x5467E4F8)[BTAPP] 0xca 
05-27 18:53:48.178 11262 11262 D ANWJNI_SECOND: (11262|0x5467E4F8)[BTAPP] 0xfe 
05-27 18:53:48.178 11262 11262 D ANWJNI_SECOND: (11262|0x5467E4F8)[BTAPP] )
05-27 18:53:48.178 11262 11262 D ANWJNI_SECOND: 
05-27 18:53:48.178 11262 11262 D ANWJNI_SECOND: (11262|0x5467E4F8)[BTAPP] XML : find calllogsize setting
05-27 18:53:48.178 11262 11262 D ANWJNI_SECOND: 
05-27 18:53:48.178 11262 11262 D ANWJNI_SECOND: (11262|0x5467E4F8)[BTAPP] XML : find ca_calllogsize(100)(100)
05-27 18:53:48.178 11262 11262 D ANWJNI_SECOND: 
05-27 18:53:48.178 11262 11262 D ANWJNI_SECOND: (11262|0x5467E4F8)[BTAPP] get contactssize data fail
05-27 18:53:48.178 11262 11262 D ANWJNI_SECOND: 
05-27 18:53:48.178 11262 11262 D ANWJNI_SECOND: (11262|0x5467E4F8)[BTAPP] get mincallsize data fail
05-27 18:53:48.178 11262 11262 D ANWJNI_SECOND: 
05-27 18:53:48.178 11262 11262 D ANWJNI_SECOND: (11262|0x5467E4F8)[BTAPP] XML : find voice setting
05-27 18:53:48.178 11262 11262 D ANWJNI_SECOND: 
05-27 18:53:48.178 11262 11262 D ANWJNI_SECOND: (11262|0x5467E4F8)[BTAPP] voice set(close)
05-27 18:53:48.178 11262 11262 D ANWJNI_SECOND: 
05-27 18:53:48.178 11262 11262 D ANWJNI_SECOND: (11262|0x5467E4F8)[BTAPP] XML : find voicedelay setting
05-27 18:53:48.178 11262 11262 D ANWJNI_SECOND: 
05-27 18:53:48.178 11262 11262 D ANWJNI_SECOND: (11262|0x5467E4F8)[BTAPP] voicedelay set(close)
05-27 18:53:48.178 11262 11262 D ANWJNI_SECOND: 
05-27 18:53:48.178 11262 11262 D ANWJNI_SECOND: (11262|0x5467E4F8)[BTAPP] get wechatvoice data fail
05-27 18:53:48.178 11262 11262 D ANWJNI_SECOND: 
05-27 18:53:48.178 11262 11262 D ANWJNI_SECOND: (11262|0x5467E4F8)[BTAPP] XML : pair any way
05-27 18:53:48.178 11262 11262 D ANWJNI_SECOND: 
05-27 18:53:48.178 11262 11262 D ANWJNI_SECOND: (11262|0x5467E4F8)[BTAPP] pairing need confirmation  accept
05-27 18:53:48.178 11262 11262 D ANWJNI_SECOND: 
05-27 18:53:48.178 11262 11262 D ANWJNI_SECOND: (11262|0x5467E4F8)[BTAPP] get use_combine data fail
05-27 18:53:48.178 11262 11262 D ANWJNI_SECOND: 
05-27 18:53:48.179 11262 11262 D ANWJNI_SECOND: (11262|0x5467E4F8)[BTAPP] XML : select pbap_photo or not
05-27 18:53:48.179 11262 11262 D ANWJNI_SECOND: 
05-27 18:53:48.179 11262 11262 D ANWJNI_SECOND: (11262|0x5467E4F8)[BTAPP] select pbap_photo
05-27 18:53:48.179 11262 11262 D ANWJNI_SECOND: 
05-27 18:53:48.179 11262 11262 D ANWJNI_SECOND: (11262|0x5467E4F8)[BTAPP] XML : select pbap_email or not
05-27 18:53:48.179 11262 11262 D ANWJNI_SECOND: 
05-27 18:53:48.179 11262 11262 D ANWJNI_SECOND: (11262|0x5467E4F8)[BTAPP] select pbap_email
05-27 18:53:48.179 11262 11262 D ANWJNI_SECOND: 
05-27 18:53:48.179 11262 11262 D ANWJNI_SECOND: (11262|0x5467E4F8)[BTAPP] XML : select pbap_adr or not
05-27 18:53:48.179 11262 11262 D ANWJNI_SECOND: 
05-27 18:53:48.179 11262 11262 D ANWJNI_SECOND: (11262|0x5467E4F8)[BTAPP] select pbap_adr
05-27 18:53:48.179 11262 11262 D ANWJNI_SECOND: 
05-27 18:53:48.179 11262 11262 D ANWJNI_SECOND: (11262|0x5467E4F8)[BTAPP] XML : select pbap_url or not
05-27 18:53:48.179 11262 11262 D ANWJNI_SECOND: 
05-27 18:53:48.179 11262 11262 D ANWJNI_SECOND: (11262|0x5467E4F8)[BTAPP] select pbap_url
05-27 18:53:48.179 11262 11262 D ANWJNI_SECOND: 
05-27 18:53:48.179 11262 11262 D ANWJNI_SECOND: (11262|0x5467E4F8)[BTAPP] get volume_control data fail
05-27 18:53:48.179 11262 11262 D ANWJNI_SECOND: 
05-27 18:53:48.179 11262 11262 D ANWJNI_SECOND: (11262|0x5467E4F8)[BTAPP] get carplay data fail
05-27 18:53:48.179 11262 11262 D ANWJNI_SECOND: 
05-27 18:53:48.179  1008 30857 D [OMXB]  : usingANWBuffer: handle:0xee742060, format:1, w:1920, h:1080
05-27 18:53:48.179 11262 11262 D ANWJNI_SECOND: (11262|0x5467E4F8)[BTAPP] XML : select socket or not
05-27 18:53:48.179 11262 11262 D ANWJNI_SECOND: 
05-27 18:53:48.179 11262 11262 D ANWJNI_SECOND: (11262|0x5467E4F8)[BTAPP]  support socket
05-27 18:53:48.179 11262 11262 D ANWJNI_SECOND: 
05-27 18:53:48.179 11262 11262 D ANWJNI_SECOND: (11262|0x5467E4F8)[BTAPP] get androidauto data fail
05-27 18:53:48.179 11262 11262 D ANWJNI_SECOND: 
05-27 18:53:48.179 11262 11262 D ANWJNI_SECOND: (11262|0x5467E4F8)[BTAPP] get auto_transfer data fail
05-27 18:53:48.179 11262 11262 D ANWJNI_SECOND: 
05-27 18:53:48.179 11262 11262 D ANWJNI_SECOND: (11262|0x5467E4F8)[BTAPP] get audio_dsp_mute data fail
05-27 18:53:48.179 11262 11262 D ANWJNI_SECOND: 
05-27 18:53:48.179 11262 11262 D ANWJNI_SECOND: (11262|0x5467E4F8)[BTAPP] get audio_dsp_delay data fail
05-27 18:53:48.179 11262 11262 D ANWJNI_SECOND: 
05-27 18:53:48.179 11262 11262 D ANWJNI_SECOND: (11262|0x5467E4F8)[BTAPP] XML : hfp_audio_driver_open 
05-27 18:53:48.179 11262 11262 D ANWJNI_SECOND: 
05-27 18:53:48.180 11262 11262 D ANWJNI_SECOND: (11262|0x5467E4F8)[BTAPP] hfp audio driver close
05-27 18:53:48.180 11262 11262 D ANWJNI_SECOND: 
05-27 18:53:48.180 11262 11262 D ANWJNI_SECOND: (11262|0x5467E4F8)[BTAPP] XML : hfp_wbs_open_data 
05-27 18:53:48.180 11262 11262 D ANWJNI_SECOND: 
05-27 18:53:48.180 11262 11262 D ANWJNI_SECOND: (11262|0x5467E4F8)[BTAPP] hfp wbs enable
05-27 18:53:48.180 11262 11262 D ANWJNI_SECOND: 
05-27 18:53:48.180 11262 11262 D ANWJNI_SECOND: (11262|0x5467E4F8)[BTAPP] get avrcp_browsing_open data fail
05-27 18:53:48.180 11262 11262 D ANWJNI_SECOND: 
05-27 18:53:48.180 11262 11262 D ANWJNI_SECOND: (11262|0x5467E4F8)[BTAPP] get connect_special_profile_id data fail
05-27 18:53:48.180 11262 11262 D ANWJNI_SECOND: 
05-27 18:53:48.180 11262 11262 D ANWJNI_SECOND: (11262|0x5467E4F8)[BTAPP] XML : connect_single_profile 
05-27 18:53:48.180 11262 11262 D ANWJNI_SECOND: 
05-27 18:53:48.180 11262 11262 D ANWJNI_SECOND: (11262|0x5467E4F8)[BTAPP] connect_single_profile open
05-27 18:53:48.180 11262 11262 D ANWJNI_SECOND: 
05-27 18:53:48.180 11262 11262 D ANWJNI_SECOND: (11262|0x5467E4F8)[BTAPP] XML : find waveout_pre_buffer_count setting
05-27 18:53:48.180 11262 11262 D ANWJNI_SECOND: 
05-27 18:53:48.180 11262 11262 D ANWJNI_SECOND: (11262|0x5467E4F8)[BTAPP] XML : set waveout_pre_buffer_count success(101)
05-27 18:53:48.180 11262 11262 D ANWJNI_SECOND: 
05-27 18:53:48.180 11262 11262 D ANWJNI_SECOND: (11262|0x5467E4F8)[BTAPP] XML : find waveout_pre_buffer_count setting
05-27 18:53:48.180 11262 11262 D ANWJNI_SECOND: 
05-27 18:53:48.180 11262 11262 D ANWJNI_SECOND: (11262|0x5467E4F8)[BTAPP] XML : set local_music_pre_buffer_count success(40)
05-27 18:53:48.180 11262 11262 D ANWJNI_SECOND: 
05-27 18:53:48.180 11262 11262 D ANWJNI_SECOND: (11262|0x5467E4F8)[BTAPP] XML : inband_ring 
05-27 18:53:48.180 11262 11262 D ANWJNI_SECOND: 
05-27 18:53:48.180 11262 11262 D ANWJNI_SECOND: (11262|0x5467E4F8)[BTAPP] inband_ring open
05-27 18:53:48.180 11262 11262 D ANWJNI_SECOND: 
05-27 18:53:48.180 11262 11262 D ANWJNI_SECOND: (11262|0x5467E4F8)[BTAPP] XML : find map_download_max_size setting
05-27 18:53:48.180 11262 11262 D ANWJNI_SECOND: 
05-27 18:53:48.180 11262 11262 D ANWJNI_SECOND: (11262|0x5467E4F8)[BTAPP] XML : set map_download_max_size failed(20)
05-27 18:53:48.180 11262 11262 D ANWJNI_SECOND: 
05-27 18:53:48.180 11262 11262 D ANWJNI_SECOND: (11262|0x5467E4F8)[BTAPP] XML : stack debug
05-27 18:53:48.180 11262 11262 D ANWJNI_SECOND: 
05-27 18:53:48.180 11262 11262 D ANWJNI_SECOND: (11262|0x5467E4F8)[BTAPP] XML : stack debug open
05-27 18:53:48.180 11262 11262 D ANWJNI_SECOND: 
05-27 18:53:48.181 11262 11262 D ANWAPI_SECOND: (11262|0x5467E4F8)[BTAPI] >>>AnWBT_Usr_DebugLog
05-27 18:53:48.181 11262 11262 D ANWAPI_SECOND: (11262|0x5467E4F8)[BTAPI] <<<<AnWBT_Usr_DebugLog: ret=0
05-27 18:53:48.181 11262 11262 D ANWJNI_SECOND: (11262|0x5467E4F8)[BTAPP] XML : app debug
05-27 18:53:48.181 11262 11262 D ANWJNI_SECOND: 
05-27 18:53:48.181 11262 11262 D ANWJNI_SECOND: (11262|0x5467E4F8)[BTAPP] XML : app debug open
05-27 18:53:48.181 11262 11262 D ANWJNI_SECOND: 
05-27 18:53:48.181 11262 11262 D ANWJNI_SECOND: (11262|0x5467E4F8)[BTAPP] XML : api debug
05-27 18:53:48.181 11262 11262 D ANWJNI_SECOND: 
05-27 18:53:48.181 11262 11262 D ANWJNI_SECOND: (11262|0x5467E4F8)[BTAPP] XML : api debug open
05-27 18:53:48.181 11262 11262 D ANWJNI_SECOND: 
05-27 18:53:48.181 11262 11262 D ANWJNI_SECOND: (11262|0x5467E4F8)[BTAPP] XML : hfp debug
05-27 18:53:48.181 11262 11262 D ANWJNI_SECOND: 
05-27 18:53:48.181 11262 11262 D ANWJNI_SECOND: (11262|0x5467E4F8)[BTAPP] XML : hfp debug open
05-27 18:53:48.181 11262 11262 D ANWJNI_SECOND: 
05-27 18:53:48.181 11262 11262 D ANWJNI_SECOND: (11262|0x5467E4F8)[BTAPP] XML : a2dp debug
05-27 18:53:48.181 11262 11262 D ANWJNI_SECOND: 
05-27 18:53:48.181 11262 11262 D ANWJNI_SECOND: (11262|0x5467E4F8)[BTAPP] XML : a2dp debug open
05-27 18:53:48.181 11262 11262 D ANWJNI_SECOND: 
05-27 18:53:48.181 30773 30785 I dvr_service_: [EncoderHandler::runMediaThread] runMediaThread started:1,state:1, cam2:started:1,state:1, lastSwitch:1, mIsMuxerStart:1,format:0,is_str_ing:0
05-27 18:53:48.181 11262 11262 D ANWJNI_SECOND: (11262|0x5467E4F8)[BTAPP] XML : waveout debug
05-27 18:53:48.181 11262 11262 D ANWJNI_SECOND: 
05-27 18:53:48.181 11262 11262 D ANWJNI_SECOND: (11262|0x5467E4F8)[BTAPP] XML : waveout debug open
05-27 18:53:48.181 11262 11262 D ANWJNI_SECOND: 
05-27 18:53:48.181 11262 11262 D ANWJNI_SECOND: (11262|0x5467E4F8)[BTAPP] XML : avrcp debug
05-27 18:53:48.181 11262 11262 D ANWJNI_SECOND: 
05-27 18:53:48.181 11262 11262 D ANWJNI_SECOND: (11262|0x5467E4F8)[BTAPP] XML : avrcp debug open
05-27 18:53:48.181 11262 11262 D ANWJNI_SECOND: 
05-27 18:53:48.182 11262 11262 D ANWJNI_SECOND: (11262|0x5467E4F8)[BTAPP] XML : pbap debug
05-27 18:53:48.182 11262 11262 D ANWJNI_SECOND: 
05-27 18:53:48.182 11262 11262 D ANWJNI_SECOND: (11262|0x5467E4F8)[BTAPP] XML : pbap debug open
05-27 18:53:48.182 11262 11262 D ANWJNI_SECOND: 
05-27 18:53:48.182 11262 11262 D ANWJNI_SECOND: (11262|0x5467E4F8)[BTAPP] XML : map debug
05-27 18:53:48.182 11262 11262 D ANWJNI_SECOND: 
05-27 18:53:48.182 11262 11262 D ANWJNI_SECOND: (11262|0x5467E4F8)[BTAPP] XML : map debug open
05-27 18:53:48.182 11262 11262 D ANWJNI_SECOND: 
05-27 18:53:48.182 11262 11262 D ANWJNI_SECOND: (11262|0x5467E4F8)[BTAPP] get debug_iap data fail
05-27 18:53:48.182 11262 11262 D ANWJNI_SECOND: 
05-27 18:53:48.182 11262 11262 D ANWJNI_SECOND: (11262|0x5467E4F8)[BTAPP] XML : btsnoop
05-27 18:53:48.182 11262 11262 D ANWJNI_SECOND: 
05-27 18:53:48.182 11262 11262 D ANWJNI_SECOND: (11262|0x5467E4F8)[BTAPP] XML : btsnoop open
05-27 18:53:48.182 11262 11262 D ANWJNI_SECOND: 
05-27 18:53:48.182 11262 11262 D ANWJNI_SECOND: (11262|0x5467E4F8)[BTAPP] XML : file_path 
05-27 18:53:48.182 11262 11262 D ANWJNI_SECOND: 
05-27 18:53:48.182 11262 11262 D ANWJNI_SECOND: (11262|0x5467E4F8)[BTAPP] XML : file_path /data/misc/anw/ is exist,so break
05-27 18:53:48.182 11262 11262 D ANWJNI_SECOND: 
05-27 18:53:48.182 11262 11262 D ANW_AVRCP_SECOND: AnWBT_Set_Storage_Path path /data/misc/anw/
05-27 18:53:48.182 11262 11262 D ANWJNI_SECOND: (11262|0x5467E4F8)[BTAPP] XML : btsnoop_file_path 
05-27 18:53:48.182 11262 11262 D ANWJNI_SECOND: 
05-27 18:53:48.182 11262 11262 D ANWJNI_SECOND: (11262|0x5467E4F8)[BTAPP] XML : btsnoop_path /data/misc/anw/logs/ is exist,so break
05-27 18:53:48.182 11262 11262 D ANWJNI_SECOND: 
05-27 18:53:48.182 11262 11262 D ANWJNI_SECOND: (11262|0x5467E4F8)[BTAPP] XML : find btsnoop_file_size_MB setting
05-27 18:53:48.182 11262 11262 D ANWJNI_SECOND: 
05-27 18:53:48.183 11262 11262 D ANWJNI_SECOND: (11262|0x5467E4F8)[BTAPP] XML : find maxBtSnoopFileSize_MB(100)(100)
05-27 18:53:48.183 11262 11262 D ANWJNI_SECOND: 
05-27 18:53:48.183 11262 11262 D ANWJNI_SECOND: (11262|0x5467E4F8)[BTAPP] XML : find rfkillstate_path:/sys/class/gpio/gpio142/value
05-27 18:53:48.183 11262 11262 D ANWJNI_SECOND: 
05-27 18:53:48.183 11262 11262 D ANWAPI_SECOND: (11262|0x5467E4F8)[BTAPI] AnW_BT_SetRfkillStatePath
05-27 18:53:48.183 11262 11262 D ANWJNI_SECOND: (11262|0x5467E4F8)[BTAPP] get dump_pcm data fail
05-27 18:53:48.183 11262 11262 D ANWJNI_SECOND: 
05-27 18:53:48.183 11262 11262 D ANWJNI_SECOND: (11262|0x5467E4F8)[BTAPP] XML : accept_avrcp_ct_control
05-27 18:53:48.183 11262 11262 D ANWJNI_SECOND: 
05-27 18:53:48.183 11262 11262 D ANWJNI_SECOND: (11262|0x5467E4F8)[BTAPP] XML : accept_avrcp_ct_control close
05-27 18:53:48.183 11262 11262 D ANWJNI_SECOND: 
05-27 18:53:48.183 11262 11262 D ANWJNI_SECOND: (11262|0x5467E4F8)[BTAPP] XML : find maxHFPAGConnNum setting
05-27 18:53:48.183 11262 11262 D ANWJNI_SECOND: 
05-27 18:53:48.183 11262 11262 D ANWJNI_SECOND: (11262|0x5467E4F8)[BTAPP] XML : find maxHFPAGConnNum(2)(2)
05-27 18:53:48.183 11262 11262 D ANWJNI_SECOND: 
05-27 18:53:48.183 11262 11262 D ANWJNI_SECOND: (11262|0x5467E4F8)[BTAPP] XML : find maxHFPHFConnNum setting
05-27 18:53:48.183 11262 11262 D ANWJNI_SECOND: 
05-27 18:53:48.183 11262 11262 D ANWJNI_SECOND: (11262|0x5467E4F8)[BTAPP] XML : find maxHFPHFConnNum(0)(0)
05-27 18:53:48.183 11262 11262 D ANWJNI_SECOND: 
05-27 18:53:48.183 11262 11262 D ANWJNI_SECOND: (11262|0x5467E4F8)[BTAPP] XML : find maxPBAPConnNum setting
05-27 18:53:48.183 11262 11262 D ANWJNI_SECOND: 
05-27 18:53:48.183 11262 11262 D ANWJNI_SECOND: (11262|0x5467E4F8)[BTAPP] XML : find maxPBAPConnNum(0)(0)
05-27 18:53:48.183 11262 11262 D ANWJNI_SECOND: 
05-27 18:53:48.183 11262 11262 D ANWJNI_SECOND: (11262|0x5467E4F8)[BTAPP] XML : find maxMAPConnNum setting
05-27 18:53:48.183 11262 11262 D ANWJNI_SECOND: 
05-27 18:53:48.183 11262 11262 D ANWJNI_SECOND: (11262|0x5467E4F8)[BTAPP] XML : find maxMAPConnNum(0)(0)
05-27 18:53:48.183 11262 11262 D ANWJNI_SECOND: 
05-27 18:53:48.183 11262 11262 D ANWJNI_SECOND: (11262|0x5467E4F8)[BTAPP] XML : find maxA2DPSinkConnNum setting
05-27 18:53:48.183 11262 11262 D ANWJNI_SECOND: 
05-27 18:53:48.184 11262 11262 D ANWJNI_SECOND: (11262|0x5467E4F8)[BTAPP] XML : find maxA2DPSinkConnNum(0)(0)
05-27 18:53:48.184 11262 11262 D ANWJNI_SECOND: 
05-27 18:53:48.184 11262 11262 D ANWJNI_SECOND: (11262|0x5467E4F8)[BTAPP] XML : find maxA2DPSourceConnNum setting
05-27 18:53:48.184 11262 11262 D ANWJNI_SECOND: 
05-27 18:53:48.184   283   307 I rvcservice: t.code = 0, t.value = 0
05-27 18:53:48.184 11262 11262 D ANWJNI_SECOND: (11262|0x5467E4F8)[BTAPP] XML : find maxA2DPSourceConnNum(2)(2)
05-27 18:53:48.184 11262 11262 D ANWJNI_SECOND: 
05-27 18:53:48.184 11262 11262 D ANWJNI_SECOND: (11262|0x5467E4F8)[BTAPP] XML : find maxAVRCPCTConnNum setting
05-27 18:53:48.184 11262 11262 D ANWJNI_SECOND: 
05-27 18:53:48.184 11262 11262 D ANWJNI_SECOND: (11262|0x5467E4F8)[BTAPP] XML : find (0)(0)
05-27 18:53:48.184 11262 11262 D ANWJNI_SECOND: 
05-27 18:53:48.184 11262 11262 D ANWJNI_SECOND: (11262|0x5467E4F8)[BTAPP] XML : find maxAVRCPTGConnNum setting
05-27 18:53:48.184 11262 11262 D ANWJNI_SECOND: 
05-27 18:53:48.184 11262 11262 D ANWJNI_SECOND: (11262|0x5467E4F8)[BTAPP] XML : find maxAVRCPTGConnNum(2)(2)
05-27 18:53:48.184 11262 11262 D ANWJNI_SECOND: 
05-27 18:53:48.184 11262 11262 D ANWJNI_SECOND: (11262|0x5467E4F8)[BTAPP] XML : find maxDeviceConnNum setting
05-27 18:53:48.184 11262 11262 D ANWJNI_SECOND: 
05-27 18:53:48.184 11262 11262 D ANWJNI_SECOND: (11262|0x5467E4F8)[BTAPP] XML : find maxDeviceConnNum(2)(2)
05-27 18:53:48.184 11262 11262 D ANWJNI_SECOND: 
05-27 18:53:48.184 11262 11262 D ANWJNI_SECOND: (11262|0x5467E4F8)[BTAPP] XML : find maxSCOConnNum setting
05-27 18:53:48.184 11262 11262 D ANWJNI_SECOND: 
05-27 18:53:48.184 11262 11262 D ANWJNI_SECOND: (11262|0x5467E4F8)[BTAPP] XML : find maxSCOConnNum(2)(2)
05-27 18:53:48.184 11262 11262 D ANWJNI_SECOND: 
05-27 18:53:48.184 11262 11262 D ANWJNI_SECOND: (11262|0x5467E4F8)[BTAPP] XML : find maxHFSCOConnNum setting
05-27 18:53:48.184 11262 11262 D ANWJNI_SECOND: 
05-27 18:53:48.184 11262 11262 D ANWJNI_SECOND: (11262|0x5467E4F8)[BTAPP] XML : find maxHFSCOConnNum(0)(0)
05-27 18:53:48.184 11262 11262 D ANWJNI_SECOND: 
05-27 18:53:48.184 11262 11262 D ANWJNI_SECOND: (11262|0x5467E4F8)[BTAPP] XML : find maxAGSCOConnNum setting
05-27 18:53:48.184 11262 11262 D ANWJNI_SECOND: 
05-27 18:53:48.184 11262 11262 D ANWJNI_SECOND: (11262|0x5467E4F8)[BTAPP] XML : find maxAGSCOConnNum(2)(2)
05-27 18:53:48.184 11262 11262 D ANWJNI_SECOND: 
05-27 18:53:48.184 11262 11262 D ANWJNI_SECOND: (11262|0x5467E4F8)[BTAPP] XML : find maxOppConnNum_data setting
05-27 18:53:48.184 11262 11262 D ANWJNI_SECOND: 
05-27 18:53:48.184 11262 11262 D ANWJNI_SECOND: (11262|0x5467E4F8)[BTAPP] XML : find maxOPPConnNum(0)(0)
05-27 18:53:48.184 11262 11262 D ANWJNI_SECOND: 
05-27 18:53:48.185 11262 11262 D ANWJNI_SECOND: (11262|0x5467E4F8)[BTAPP] XML : find maxHidHostConnNum_data setting
05-27 18:53:48.185 11262 11262 D ANWJNI_SECOND: 
05-27 18:53:48.185 11262 11262 D ANWJNI_SECOND: (11262|0x5467E4F8)[BTAPP] XML : find maxHidHostConnNum(0)(0)
05-27 18:53:48.185 11262 11262 D ANWJNI_SECOND: 
05-27 18:53:48.185 11262 11262 D ANWJNI_SECOND: (11262|0x5467E4F8)[BTAPP] XML : music_mode_auto_select
05-27 18:53:48.185 11262 11262 D ANWJNI_SECOND: 
05-27 18:53:48.185 11262 11262 D ANWJNI_SECOND: (11262|0x5467E4F8)[BTAPP] XML : music_mode_auto_select open
05-27 18:53:48.185 11262 11262 D ANWJNI_SECOND: 
05-27 18:53:48.185 11262 11262 D ANWJNI_SECOND: (11262|0x5467E4F8)[BTAPP] XML : BQB_test_setting
05-27 18:53:48.185 11262 11262 D ANWJNI_SECOND: 
05-27 18:53:48.185 11262 11262 D ANWJNI_SECOND: (11262|0x5467E4F8)[BTAPP] XML : BQB_test_setting close
05-27 18:53:48.185 11262 11262 D ANWJNI_SECOND: 
05-27 18:53:48.185 11262 11262 D ANWJNI_SECOND: (11262|0x5467E4F8)[BTAPP] XML : find aaudio_device_id setting
05-27 18:53:48.185 11262 11262 D ANWJNI_SECOND: 
05-27 18:53:48.185 11262 11262 D ANWJNI_SECOND: (11262|0x5467E4F8)[BTAPP] XML : find aaudio_device_id(16)(16)
05-27 18:53:48.185 11262 11262 D ANWJNI_SECOND: 
05-27 18:53:48.185 11262 11262 D ANWJNI_SECOND: (11262|0x5467E4F8)[BTAPP] XML : local_device_name_data 
05-27 18:53:48.185 11262 11262 D ANWJNI_SECOND: 
05-27 18:53:48.185 11262 11262 D ANWAPI_SECOND: (11262|0x5467E4F8)[BTAPI] AnWBT_Set_Local_Device_Before_Init LJ_FUJIA
05-27 18:53:48.186 11262 11262 D ANWJNI_SECOND: (11262|0x5467E4F8)[BTAPP] get a2dp_sink_pcm data fail
05-27 18:53:48.186 11262 11262 D ANWJNI_SECOND: 
05-27 18:53:48.186 11262 11262 D ANWJNI_SECOND: (11262|0x5467E4F8)[BTAPP] XML : master_device_file_path 
05-27 18:53:48.186 11262 11262 D ANWJNI_SECOND: 
05-27 18:53:48.186 11262 11262 D ANWJNI_SECOND: (11262|0x5467E4F8)[BTAPP] XML : master_device_file_path /anw/target_device_info is not exist
05-27 18:53:48.186 11262 11262 D ANWJNI_SECOND: 
05-27 18:53:48.186 11262 11262 D ANWJNI_SECOND: (11262|0x5467E4F8)[BTAPP] XML : read_rssi_switch
05-27 18:53:48.186 11262 11262 D ANWJNI_SECOND: 
05-27 18:53:48.186 11262 11262 D ANWJNI_SECOND: (11262|0x5467E4F8)[BTAPP] XML : read_rssi_switch close
05-27 18:53:48.186 11262 11262 D ANWJNI_SECOND: 
05-27 18:53:48.186 11262 11262 D ANWJNI_SECOND: (11262|0x5467E4F8)[BTAPP] XML : pbapClient_autoConnectAndDownload
05-27 18:53:48.186 11262 11262 D ANWJNI_SECOND: 
05-27 18:53:48.186 11262 11262 D ANWJNI_SECOND: (11262|0x5467E4F8)[BTAPP] XML : PBAP Client auto connect an download close
05-27 18:53:48.186 11262 11262 D ANWJNI_SECOND: 
05-27 18:53:48.186 11262 11262 D ANWJNI_SECOND: (11262|0x5467E4F8)[BTAPP] get callDisconnect_AutoDownloadCalllog data fail
05-27 18:53:48.186 11262 11262 D ANWJNI_SECOND: 
05-27 18:53:48.186 11262 11262 D ANWJNI_SECOND: (11262|0x5467E4F8)[BTAPP] XML : UART_path 
05-27 18:53:48.186 11262 11262 D ANWJNI_SECOND: 
05-27 18:53:48.186 11262 11262 D ANWJNI_SECOND: (11262|0x5467E4F8)[BTAPP] XML : UART_path:[/dev/ttyS3]
05-27 18:53:48.186 11262 11262 D ANWJNI_SECOND: 
05-27 18:53:48.186 11262 11262 D ANWJNI_SECOND: (11262|0x5467E4F8)[BTAPP] get BTADDR_path data fail
05-27 18:53:48.186 11262 11262 D ANWJNI_SECOND: 
05-27 18:53:48.186   581   581 I SpiService: fgesysctrl_getGPIO_status success val=1
05-27 18:53:48.186 11262 11262 D ANWJNI_SECOND: (11262|0x5467E4F8)[BTAPP] XML : BTADDR path not find
05-27 18:53:48.186 11262 11262 D ANWJNI_SECOND: 
05-27 18:53:48.186 11262 11262 D ANWJNI_SECOND: (11262|0x5467E4F8)[BTAPP] XML : find UART_baudRate_init(115200)
05-27 18:53:48.186 11262 11262 D ANWJNI_SECOND: 
05-27 18:53:48.186 11262 11262 D ANWJNI_SECOND: (11262|0x5467E4F8)[BTAPP] XML : find UART_baudRate_normal(3000000)
05-27 18:53:48.186 11262 11262 D ANWJNI_SECOND: 
05-27 18:53:48.186 11262 11262 D ANWJNI_SECOND: (11262|0x5467E4F8)[BTAPP] XML : AVRCP_ABSOLUTE_VOLUME
05-27 18:53:48.186 11262 11262 D ANWJNI_SECOND: 
05-27 18:53:48.186 11262 11262 D ANWJNI_SECOND: (11262|0x5467E4F8)[BTAPP] XML : avrcp absolute volume change open
05-27 18:53:48.186 11262 11262 D ANWJNI_SECOND: 
05-27 18:53:48.187 11262 11262 D ANWAPI_SECOND: (11262|0x5467E4F8)[BTAPI] AnWBT_Set_Avrcp_Absoulte_Volume_Change[1]
05-27 18:53:48.187 11262 11262 D ANWJNI_SECOND: (11262|0x5467E4F8)[BTAPP] get generate_random_address data fail
05-27 18:53:48.187 11262 11262 D ANWJNI_SECOND: 
05-27 18:53:48.187 11262 11262 D ANWJNI_SECOND: (11262|0x5467E4F8)[BTAPP] get reject_a2dp_avrcp data fail
05-27 18:53:48.187 11262 11262 D ANWJNI_SECOND: 
05-27 18:53:48.187 11262 11262 D ANWJNI_SECOND: (11262|0x5467E4F8)[BTAPP] XML : find connect_by_sdp_limit setting
05-27 18:53:48.187 11262 11262 D ANWJNI_SECOND: 
05-27 18:53:48.187 11262 11262 D ANWJNI_SECOND: (11262|0x5467E4F8)[BTAPP] connect_by_sdp_limit set(close)
05-27 18:53:48.187 11262 11262 D ANWJNI_SECOND: 
05-27 18:53:48.187 11262 11262 D ANWJNI_SECOND: (11262|0x5467E4F8)[BTAPP] XML : find hfpag_auto_select_main_device setting
05-27 18:53:48.187 11262 11262 D ANWJNI_SECOND: 
05-27 18:53:48.187 11262 11262 D ANWJNI_SECOND: (11262|0x5467E4F8)[BTAPP] hfpag_auto_select_main_device set(open)
05-27 18:53:48.187 11262 11262 D ANWJNI_SECOND: 
05-27 18:53:48.187 11262 11262 D ANWJNI_SECOND: (11262|0x5467E4F8)[BTAPP] XML : find waveout_file_size_MB setting
05-27 18:53:48.187 11262 11262 D ANWJNI_SECOND: 
05-27 18:53:48.187 11262 11262 D ANWJNI_SECOND: (11262|0x5467E4F8)[BTAPP] XML : find waveout_file_size_MB_data(50)
05-27 18:53:48.187 11262 11262 D ANWJNI_SECOND: 
05-27 18:53:48.187 11262 11262 D ANWJNI_SECOND: (11262|0x5467E4F8)[BTAPP] free source_data
05-27 18:53:48.187 11262 11262 D ANWJNI_SECOND: 
05-27 18:53:48.187 11262 11262 D ANWJNI_SECOND: (11262|0x5467E4F8)[BTAPP] Read XMLfile End
05-27 18:53:48.187 11262 11262 D ANWJNI_SECOND: 
05-27 18:53:48.187 11262 11262 D ANWJNI_SECOND: (11262|0x5467E4F8)[BTAPP] run Read (/system/etc/bluetooth/anw_AA_CP_setting.cfg) Start
05-27 18:53:48.187 11262 11262 D ANWJNI_SECOND: 
05-27 18:53:48.187 11262 11262 D ANWJNI_SECOND: (11262|0x5467E4F8)[BTAPP] open BT config file (/system/etc/bluetooth/anw_AA_CP_setting.cfg) failed.
05-27 18:53:48.187 11262 11262 D ANWJNI_SECOND: 
05-27 18:53:48.187 11262 11262 D ANWJNI_SECOND: (11262|0x5467E4F8)[BTAPP] run Read (/data/misc/anw//btmonitor_lastrecord) Start
05-27 18:53:48.187 11262 11262 D ANWJNI_SECOND: 
05-27 18:53:48.187 13911 14183 I SentryImuMcuAngleSender: 179.97197rollDeg
05-27 18:53:48.188 11262 11262 D ANWJNI_SECOND: (11262|0x5467E4F8)[BTAPP] open BT last record file (/data/misc/anw//btmonitor_lastrecord) success.
05-27 18:53:48.188 11262 11262 D ANWJNI_SECOND: 
05-27 18:53:48.188 13911 14183 I SentryImuMcuAngleSender: 1,0,0
05-27 18:53:48.188 11262 11262 D ANWJNI_SECOND: (11262|0x5467E4F8)[BTAPP] read last_connected_device last_scan_mode::3
05-27 18:53:48.188 11262 11262 D ANWJNI_SECOND: 
05-27 18:53:48.188 11262 11262 D ANWJNI_SECOND: 
05-27 18:53:48.188 11262 11262 D ANWJNI_SECOND: (11262|0x5467E4F8)[BTAPP] read last_scan_mode
05-27 18:53:48.188 11262 11262 D ANWJNI_SECOND: 
05-27 18:53:48.188 11262 11262 D ANWJNI_SECOND: (11262|0x5467E4F8)[BTAPP] last_scan_mode find,value is 3
05-27 18:53:48.188 11262 11262 D ANWJNI_SECOND: 
05-27 18:53:48.188 11262 11262 D ANWJNI_SECOND: (11262|0x5467E4F8)[BTAPP] read last_poweron_state
05-27 18:53:48.188 11262 11262 D ANWJNI_SECOND: 
05-27 18:53:48.188 11262 11262 I ANWJNI_SECOND: --- JNI_OnLoad
05-27 18:53:48.190   536   536 D commservice260303: msg.id = 1028,1
05-27 18:53:48.190   536   536 D commservice260303: i = 170, msgid = 8A000404
05-27 18:53:48.190   536   536 D commservice260303: msgid = -1979710460,did=138
05-27 18:53:48.190   536   536 D commservice260303: CommProtocolLibCmdBaseI2C::dataproc {"command":{"id":"imu_status","sub":""},"content":{"TimeStamp":11,"FrameCounter":260022,"GD_X":-0.011223767884075642,"GD_Y":0.00519212381914258,"GD_Z":0.002519079949706793,"AD_X":-0.0017690062522888184,"AD_Y":0.0023327642120420933,"AD_Z":-0.16886138916015625,"TempDsp":0,"Status":0,"CalibState":1,"SigAmpInvalid":0}},-1979710460
05-27 18:53:48.190   536   536 D commservice260303: send2Cluster len:316, 7B22636F6D6D616E64223A7B226964223A22696D755F737461747573222C22737562223A22227D2C22636F6E74656E74223A7B2254696D655374616D70223A31312C224672616D65436F756E746572223A3236303032322C2247445F58223A2D302E3031313232333736373838343037353634322C2247445F59223A302E30303531393231323338313931343235382C2247445F5A223A302E3030323531393037393934393730363739332C2241445F58223A2D302E303031373639303036323532323838383138342C2241445F59223A302E303032333332373634323132303432303933332C2241445F5A223A2D302E31363838363133383931363031353632352C2254656D70447370223A302C22537461747573223A302C2243616C69625374617465223A312C22536967416D70496E76616C6964223A307D7D, 138 
05-27 18:53:48.190   536   536 D commservice260303: Push Message into SendPool fn=372835328
05-27 18:53:48.190   536   536 D commservice260303: ComProtocolLibSend2Cluster::send2ClusterRaw fn=372835328 , len=332
05-27 18:53:48.190   536   536 D commservice260303: sendCmdToPort :332!!!
05-27 18:53:48.190   536   536 D commservice260303: send Cmd To Port ++++5AA501488A01000439166A16CD3C7B22636F6D6D616E64223A7B226964223A22696D755F737461747573222C22737562223A22227D2C22636F6E74656E74223A7B2254696D655374616D70223A31312C224672616D65436F756E746572223A3236303032322C2247445F58223A2D302E3031313232333736373838343037353634322C2247445F59223A302E30303531393231323338313931343235382C2247445F5A223A302E3030323531393037393934393730363739332C2241445F58223A2D302E303031373639303036323532323838383138342C2241445F59223A302E303032333332373634323132303432303933332C2241445F5A223A2D302E31363838363133383931363031353632352C2254656D70447370223A302C22537461747573223A302C2243616C69625374617465223A312C22536967416D70496E76616C6964223A307D7DBF21
05-27 18:53:48.190   536   536 D commservice260303: bufferevent_write retrun value = 0
05-27 18:53:48.190   536   560 D commservice260303: client datas send succeed,send finish
05-27 18:53:48.190 13911 14192 D Sentinelmode_1.2.5.17_sentry: <SentryImuClusterFgeSender>imu_status sent to Linux, frame=260022, tsNs=11095429, tsMs=11, intervalMs=40, ad=(-0.0017690063,0.0023327642,-0.16886139), gd=(-0.011223768,0.005192124,0.00251908)
05-27 18:53:48.192   581   581 I SpiService: fgesysctrl_getGPIO_status success val=1
05-27 18:53:48.194 11262 11262 D AnwSdkService: onCreate
05-27 18:53:48.194   299 30844 D EvsDriver: forwardFrame
05-27 18:53:48.194 11262 11262 D AnwSdkService: run createMessageHandleThread
05-27 18:53:48.195   299 30844 D EvsDriver: Delivered 0xb400007b7ca56900 as id 0
05-27 18:53:48.195  1167  1167 D evsmanagerd: /dev/video6 forwarded the buffer #0 to 0xb4000074bf5f5510 from 0xb4000074bf5f6d90
05-27 18:53:48.197   581   581 I SpiService: fgesysctrl_getGPIO_status success val=1
05-27 18:53:48.198 11262 11262 D AnwSdkService: run createAudioFocusListenerMessageHandleThread
05-27 18:53:48.198   299  1163 D EvsDriver: doneWithFrame
05-27 18:53:48.199   299 30841 D EvsDriver: forwardFrame
05-27 18:53:48.202   299 30841 D EvsDriver: Delivered 0xb400007b7ca56a60 as id 0
05-27 18:53:48.202  1167  1167 D evsmanagerd: /dev/video4 forwarded the buffer #0 to 0xb4000074bf5f6850 from 0xb4000074bf5f41d0
05-27 18:53:48.203   581   581 I SpiService: fgesysctrl_getGPIO_status success val=1
05-27 18:53:48.203 11262 11262 I AnwSdkService: mhcilog1:
05-27 18:53:48.204 11262 11262 I AnwSdkService: mhcilog4:
05-27 18:53:48.205  1008 30856 D [OMXB]  : usingANWBuffer: handle:0xee745760, format:1, w:1920, h:1080
05-27 18:53:48.206 30773 30789 I dvr_service_: Camera 0: MediaOK:97764549, frames:2230, isKeyFrame:0,pts:11095217712
05-27 18:53:48.207   299  1163 D EvsDriver: doneWithFrame
05-27 18:53:48.207 13911 14183 I SentryImuMcuAngleSender: 179.97897rollDeg
05-27 18:53:48.207 13911 14183 I SentryImuMcuAngleSender: 1,0,0
05-27 18:53:48.209   581   581 I SpiService: fgesysctrl_getGPIO_status success val=1
05-27 18:53:48.215   581   581 I SpiService: fgesysctrl_getGPIO_status success val=0
05-27 18:53:48.215   481   597 I mcuc    : send SPI:6AA6007A460002060137
05-27 18:53:48.218 11262 11262 I ANWJNI_SECOND: +++ InitialCallback=====
05-27 18:53:48.218  1008 30857 D [OMXB]  : usingANWBuffer: handle:0xee7440b0, format:1, w:1920, h:1080
05-27 18:53:48.220 11262 11262 I ANWJNI_SECOND: --- InitialCallback(77)(78)
05-27 18:53:48.220 11262 11262 I ANWJNI_SECOND: --- InitialCallback(79)(80)
05-27 18:53:48.220 11262 11262 I ANWJNI_SECOND: --- InitialCallback:0
05-27 18:53:48.221 11262 11262 D AnwSdkService: onCreate:0,78,80
05-27 18:53:48.222 11262 11262 D AnwSdkService: pbap_socket_fd1 = 78
05-27 18:53:48.222 11262 11262 D AnwSdkService: run createPbapContactMessageHandleThread
05-27 18:53:48.225 11262 11262 D AnwSdkService: run createPbapParsedDataUpdateMessageHandleThread
05-27 18:53:48.228 13911 14183 I SentryImuMcuAngleSender: 179.97897rollDeg
05-27 18:53:48.228 13911 14183 I SentryImuMcuAngleSender: 1,0,0
05-27 18:53:48.229   299 30841 D EvsDriver: forwardFrame
05-27 18:53:48.230   581   581 I SpiService: fgesysctrl_getGPIO_status success val=1
05-27 18:53:48.230   299 30841 D EvsDriver: Delivered 0xb400007b7ca56a60 as id 0
05-27 18:53:48.231   536   536 D commservice260303: msg.id = 1028,0
05-27 18:53:48.231   536   536 D commservice260303: i = 170, msgid = 8A000404
05-27 18:53:48.231   536   536 D commservice260303: msgid = -1979710460,did=138
05-27 18:53:48.231   536   536 D commservice260303: CommProtocolLibCmdBaseI2C::dataproc {"command":{"id":"imu_status","sub":""},"content":{"TimeStamp":11,"FrameCounter":260023,"GD_X":-0.011682018637657166,"GD_Y":0.004963258747011423,"GD_Z":0.0020608289632946253,"AD_X":4.273653030395508E-5,"AD_Y":0.0011054475326091051,"AD_Z":-0.16764068603515625,"TempDsp":0,"Status":0,"CalibState":1,"SigAmpInvalid":0}},-1979710460
05-27 18:53:48.231  1167  1167 D evsmanagerd: /dev/video4 forwarded the buffer #0 to 0xb4000074bf5f6850 from 0xb4000074bf5f41d0
05-27 18:53:48.231   536   536 D commservice260303: send2Cluster len:316, 7B22636F6D6D616E64223A7B226964223A22696D755F737461747573222C22737562223A22227D2C22636F6E74656E74223A7B2254696D655374616D70223A31312C224672616D65436F756E746572223A3236303032332C2247445F58223A2D302E3031313638323031383633373635373136362C2247445F59223A302E3030343936333235383734373031313432332C2247445F5A223A302E303032303630383238393633323934363235332C2241445F58223A342E323733363533303330333935353038452D352C2241445F59223A302E303031313035343437353332363039313035312C2241445F5A223A2D302E31363736343036383630333531353632352C2254656D70447370223A302C22537461747573223A302C2243616C69625374617465223A312C22536967416D70496E76616C6964223A307D7D, 138 
05-27 18:53:48.231   536   536 D commservice260303: Push Message into SendPool fn=389612544
05-27 18:53:48.231   536   536 D commservice260303: ComProtocolLibSend2Cluster::send2ClusterRaw fn=389612544 , len=332
05-27 18:53:48.231   536   536 D commservice260303: sendCmdToPort :332!!!
05-27 18:53:48.231   536   536 D commservice260303: send Cmd To Port ++++5AA501488A01000439176A16CD3C7B22636F6D6D616E64223A7B226964223A22696D755F737461747573222C22737562223A22227D2C22636F6E74656E74223A7B2254696D655374616D70223A31312C224672616D65436F756E746572223A3236303032332C2247445F58223A2D302E3031313638323031383633373635373136362C2247445F59223A302E3030343936333235383734373031313432332C2247445F5A223A302E303032303630383238393633323934363235332C2241445F58223A342E323733363533303330333935353038452D352C2241445F59223A302E303031313035343437353332363039313035312C2241445F5A223A2D302E31363736343036383630333531353632352C2254656D70447370223A302C22537461747573223A302C2243616C69625374617465223A312C22536967416D70496E76616C6964223A307D7DFBD5
05-27 18:53:48.231   536   536 D commservice260303: bufferevent_write retrun value = 0
05-27 18:53:48.231   536   560 D commservice260303: client datas send succeed,send finish
05-27 18:53:48.231 13911 14192 D Sentinelmode_1.2.5.17_sentry: <SentryImuClusterFgeSender>imu_status sent to Linux, frame=260023, tsNs=11095465, tsMs=11, intervalMs=41, ad=(4.273653E-5,0.0011054475,-0.16764069), gd=(-0.011682019,0.0049632587,0.002060829)
05-27 18:53:48.232   572   572 I Sensors : 230 GyroSensor: x:-0.011759,y:0.004428,z:0.002138
05-27 18:53:48.234   299  1163 D EvsDriver: doneWithFrame
05-27 18:53:48.234   299 30844 D EvsDriver: forwardFrame
05-27 18:53:48.236  1167  1167 D evsmanagerd: /dev/video6 forwarded the buffer #0 to 0xb4000074bf5f5510 from 0xb4000074bf5f6d90
05-27 18:53:48.236   581   581 I SpiService: fgesysctrl_getGPIO_status success val=1
05-27 08:44:57.200   581   581 D spi_rst_gpio_get_output: GPIO 145 value: 1
05-27 08:44:57.200   581   581 D spidev_ioctl: gpio status=1)
05-27 18:53:48.236   299 30844 D EvsDriver: Delivered 0xb400007b7ca56900 as id 0
05-27 18:53:48.236 11262 11262 W ContextImpl: Calling a method in the system process without a qualified user: android.app.ContextImpl.startService:1863 android.content.ContextWrapper.startService:817 com.anwsdk.service.anwbtservice.onCreate:7516 android.app.ActivityThread.handleCreateService:4616 android.app.ActivityThread.-$$Nest$mhandleCreateService:0 
05-27 18:53:48.238   299  1163 D EvsDriver: doneWithFrame
05-27 18:53:48.238 10188 16726 W ActivityManager: Unable to start service Intent { cmp=com.anwsdk.service/.HfpClientConnectionService } U=0: not found with resolvedType = null, flags = 268436480, userId = 0, callingUid = 1000
05-27 18:53:48.239 11262 11262 D AnwSdkService: 20210721 checking self APK rom size
05-27 18:53:48.242   581   581 I SpiService: fgesysctrl_getGPIO_status success val=1
05-27 18:53:48.244  1008 30856 D [OMXB]  : usingANWBuffer: handle:0xee7404e0, format:1, w:1920, h:1080
05-27 18:53:48.247   581   581 I SpiService: fgesysctrl_getGPIO_status success val=1
05-27 18:53:48.249 13911 14183 I SentryImuMcuAngleSender: 179.97897rollDeg
05-27 18:53:48.249 13911 14183 I SentryImuMcuAngleSender: 1,0,0
05-27 18:53:48.254   581   581 I SpiService: fgesysctrl_getGPIO_status success val=0
05-27 18:53:48.256   299 30841 D EvsDriver: forwardFrame
05-27 18:53:48.257  1167  1167 D evsmanagerd: /dev/video4 forwarded the buffer #0 to 0xb4000074bf5f6850 from 0xb4000074bf5f41d0
05-27 18:53:48.257  1008 30857 D [OMXB]  : usingANWBuffer: handle:0xee743710, format:1, w:1920, h:1080
05-27 18:53:48.257   299 30841 D EvsDriver: Delivered 0xb400007b7ca56a60 as id 0
05-27 18:53:48.257 30773 30783 I dvr_service_: [myNum:0][onFrameReceived] Received Surface:1 0
05-27 18:53:48.257 30773 30783 E dvr_service_: [myNum:0] Received S**** loss
05-27 18:53:48.258 30773 30789 I dvr_service_: Camera 1: MediaOK:97834393, frames:2250, isKeyFrame:0,pts:11095256719
05-27 18:53:48.258   299  1163 D EvsDriver: doneWithFrame
05-27 18:53:48.259   299 30844 D EvsDriver: forwardFrame
05-27 18:53:48.260  1167  1167 D evsmanagerd: /dev/video6 forwarded the buffer #0 to 0xb4000074bf5f5510 from 0xb4000074bf5f6d90
05-27 18:53:48.260 30773 30773 I dvr_service_: [myNum:1][onFrameReceived] Received Surface:1 0
05-27 18:53:48.260 30773 30773 E dvr_service_: [myNum:1] Received S**** loss
05-27 18:53:48.260   299 30844 D EvsDriver: Delivered 0xb400007b7ca56900 as id 0
05-27 18:53:48.264   299  1163 D EvsDriver: doneWithFrame
05-27 18:53:48.270 13911 14183 I SentryImuMcuAngleSender: 179.97546rollDeg
05-27 18:53:48.270 13911 14183 I SentryImuMcuAngleSender: 1,0,0
05-27 18:53:48.270   581   581 I SpiService: fgesysctrl_getGPIO_status success val=1
05-27 18:53:48.273   536   536 D commservice260303: msg.id = 1028,0
05-27 18:53:48.273   536   536 D commservice260303: i = 170, msgid = 8A000404
05-27 18:53:48.273   536   536 D commservice260303: msgid = -1979710460,did=138
05-27 18:53:48.273   536   536 D commservice260303: CommProtocolLibCmdBaseI2C::dataproc {"command":{"id":"imu_status","sub":""},"content":{"TimeStamp":11,"FrameCounter":260024,"GD_X":-0.010613113641738892,"GD_Y":0.005039200186729431,"GD_Z":0.0018319635419175029,"AD_X":-0.002416849136352539,"AD_Y":0.0017027589492499828,"AD_Z":-0.16886138916015625,"TempDsp":0,"Status":0,"CalibState":1,"SigAmpInvalid":0}},-1979710460
05-27 18:53:48.274   536   536 D commservice260303: send2Cluster len:317, 7B22636F6D6D616E64223A7B226964223A22696D755F737461747573222C22737562223A22227D2C22636F6E74656E74223A7B2254696D655374616D70223A31312C224672616D65436F756E746572223A3236303032342C2247445F58223A2D302E3031303631333131333634313733383839322C2247445F59223A302E3030353033393230303138363732393433312C2247445F5A223A302E303031383331393633353431393137353032392C2241445F58223A2D302E3030323431363834393133363335323533392C2241445F59223A302E303031373032373538393439323439393832382C2241445F5A223A2D302E31363838363133383931363031353632352C2254656D70447370223A302C22537461747573223A302C2243616C69625374617465223A312C22536967416D70496E76616C6964223A307D7D, 138 
05-27 18:53:48.274   536   536 D commservice260303: Push Message into SendPool fn=406389760
05-27 18:53:48.274   536   536 D commservice260303: ComProtocolLibSend2Cluster::send2ClusterRaw fn=406389760 , len=333
05-27 18:53:48.274   536   536 D commservice260303: sendCmdToPort :333!!!
05-27 18:53:48.274   536   536 D commservice260303: send Cmd To Port ++++5AA501498A01000439186A16CD3C7B22636F6D6D616E64223A7B226964223A22696D755F737461747573222C22737562223A22227D2C22636F6E74656E74223A7B2254696D655374616D70223A31312C224672616D65436F756E746572223A3236303032342C2247445F58223A2D302E3031303631333131333634313733383839322C2247445F59223A302E3030353033393230303138363732393433312C2247445F5A223A302E303031383331393633353431393137353032392C2241445F58223A2D302E3030323431363834393133363335323533392C2241445F59223A302E303031373032373538393439323439393832382C2241445F5A223A2D302E31363838363133383931363031353632352C2254656D70447370223A302C22537461747573223A302C2243616C69625374617465223A312C22536967416D70496E76616C6964223A307D7DA818
05-27 18:53:48.274   536   536 D commservice260303: bufferevent_write retrun value = 0
05-27 18:53:48.274   536   560 D commservice260303: client datas send succeed,send finish
05-27 18:53:48.274 13911 14192 D Sentinelmode_1.2.5.17_sentry: <SentryImuClusterFgeSender>imu_status sent to Linux, frame=260024, tsNs=11095518, tsMs=11, intervalMs=43, ad=(-0.0024168491,0.001702759,-0.16886139), gd=(-0.010613114,0.0050392,0.0018319635)
05-27 18:53:48.276   581   581 I SpiService: fgesysctrl_getGPIO_status success val=1
05-27 18:53:48.276  1008 30856 D [OMXB]  : usingANWBuffer: handle:0xee744b00, format:1, w:1920, h:1080
05-27 18:53:48.278   269   269 D libvintf: HalManifest::getHidlTransport(framework): Cannot find android.hardware.usb@1.0::IUsb/default
05-27 18:53:48.278   269   269 D libvintf: HalManifest::getHidlTransport(device): Cannot find android.hardware.usb@1.0::IUsb/default
05-27 18:53:48.278   269   269 I hwservicemanager: getTransport: Cannot find entry android.hardware.usb@1.0::IUsb/default in either framework or device VINTF manifest.
05-27 18:53:48.278 11262 11262 D AnwSdkService: apk rom size:40.90M
05-27 18:53:48.278 12348 12448 E ExtUsbManager: UsbHalController: android.hardware.usb.V1_0.IUsb getService failed!
05-27 18:53:48.278 12348 12448 E ExtUsbManager: java.util.NoSuchElementException
05-27 18:53:48.278 12348 12448 E ExtUsbManager: 	at android.os.HwBinder.getService(Native Method)
05-27 18:53:48.278 12348 12448 E ExtUsbManager: 	at android.os.HwBinder.getService(HwBinder.java:81)
05-27 18:53:48.278 12348 12448 E ExtUsbManager: 	at android.hardware.usb.V1_0.IUsb.getService(IUsb.java:74)
05-27 18:53:48.278 12348 12448 E ExtUsbManager: 	at android.hardware.usb.V1_0.IUsb.getService(IUsb.java:84)
05-27 18:53:48.278 12348 12448 E ExtUsbManager: 	at ts.car.usb.UsbHalController.createService(UsbHalController.java:37)
05-27 18:53:48.278 12348 12448 E ExtUsbManager: 	at ts.car.usb.UsbHalController.createService(UsbHalController.java:18)
05-27 18:53:48.278 12348 12448 E ExtUsbManager: 	at ts.car.usb.utils.AutoServiceConnector4Hidl.autoConnect(AutoServiceConnector4Hidl.java:47)
05-27 18:53:48.278 12348 12448 E ExtUsbManager: 	at ts.car.usb.utils.AutoServiceConnector4Hidl$$ExternalSyntheticLambda0.run(Unknown Source:2)
05-27 18:53:48.278 12348 12448 E ExtUsbManager: 	at android.os.Handler.handleCallback(Handler.java:942)
05-27 18:53:48.278 12348 12448 E ExtUsbManager: 	at android.os.Handler.dispatchMessage(Handler.java:99)
05-27 18:53:48.278 12348 12448 E ExtUsbManager: 	at android.os.Looper.loopOnce(Looper.java:201)
05-27 18:53:48.278 12348 12448 E ExtUsbManager: 	at android.os.Looper.loop(Looper.java:288)
05-27 18:53:48.278 12348 12448 E ExtUsbManager: 	at android.os.HandlerThread.run(HandlerThread.java:67)
05-27 18:53:48.278   269   269 D libvintf: HalManifest::getHidlTransport(framework): Cannot find vendor.ts.usbext@1.0::IUsbext/default
05-27 18:53:48.279   269   269 D libvintf: HalManifest::getHidlTransport(device): Cannot find vendor.ts.usbext@1.0::IUsbext/default
05-27 18:53:48.279   269   269 I hwservicemanager: getTransport: Cannot find entry vendor.ts.usbext@1.0::IUsbext/default in either framework or device VINTF manifest.
05-27 18:53:48.279 12348 12448 E ExtUsbManager: UsbHalExtController: vendor.ts.usbext.V1_0.IUsbext getService failed!
05-27 18:53:48.279 12348 12448 E ExtUsbManager: java.util.NoSuchElementException
05-27 18:53:48.279 12348 12448 E ExtUsbManager: 	at android.os.HwBinder.getService(Native Method)
05-27 18:53:48.279 12348 12448 E ExtUsbManager: 	at android.os.HwBinder.getService(HwBinder.java:81)
05-27 18:53:48.279 12348 12448 E ExtUsbManager: 	at vendor.ts.usbext.V1_0.IUsbext.getService(IUsbext.java:74)
05-27 18:53:48.279 12348 12448 E ExtUsbManager: 	at vendor.ts.usbext.V1_0.IUsbext.getService(IUsbext.java:84)
05-27 18:53:48.279 12348 12448 E ExtUsbManager: 	at ts.car.usb.UsbHalExtController.createService(UsbHalExtController.java:37)
