05-27 08:44:48.403   581   581 D spi_rst_gpio_get_output: GPIO 145 value: 0
05-27 08:44:48.403   581   581 D spidev_ioctl: gpio status=0)
05-27 18:53:39.442  1008 30856 D [OMXB]  : usingANWBuffer: handle:0xee740430, format:1, w:1920, h:1080
05-27 18:53:39.443 30773 30789 I dvr_service_: Camera 0: MediaOK:89104433, frames:2040, isKeyFrame:0,pts:11086557596
05-27 18:53:39.448   566 11459 I gps_hdbd: Received: '$GNINS,1,1,TYPE,I,V,010930.000,19681000,FUS,-18,0,0,0,MOT,V,1,PATT,0.00,0.00,0.00,VEL,0.000,0.000,0.000,POS,40.0001330924,116.0001570688,84.176,IIA,1,0.00,0.00,0.00,BGA,0.31,-0.66,-0.13,0.000,0.000,0.000,IGA,0,-1,0,0,-2,98,VG,16c2ff1*25
'
05-27 18:53:39.450   566 11459 I gps_hdbd: Received: '$GNINS,CARSPEED,ADR_STATUS,0,Pulse_count,0,1,0,0,19681000,110660,0.000,0.000,0.000*01
'
05-27 18:53:39.453   581   581 I SpiService: fgesysctrl_getGPIO_status success val=1
05-27 18:53:39.456   566 11459 I gps_hdbd: Received: '$GNTXT,04,01,04,INS,V,1,,,,FLG,1,000000,1,0,1,0,0,Con,0*71
'
05-27 08:44:48.418   581   581 D spi_rst_gpio_get_output: GPIO 145 value: 1
05-27 08:44:48.418   581   581 D spidev_ioctl: gpio status=1)
05-27 08:44:48.423   581   581 D spi_rst_gpio_get_output: GPIO 145 value: 1
05-27 08:44:48.423   581   581 D spidev_ioctl: gpio status=1)
05-27 08:44:48.430   581   581 D spi_rst_gpio_get_output: GPIO 145 value: 1
05-27 08:44:48.430   581   581 D spidev_ioctl: gpio status=1)
05-27 18:53:39.459   581   581 I SpiService: fgesysctrl_getGPIO_status success val=1
05-27 18:53:39.459 13911 14183 I SentryImuMcuAngleSender: 179.97897rollDeg
05-27 18:53:39.459 13911 14183 I SentryImuMcuAngleSender: 1,0,0
05-27 18:53:39.459   299 30844 D EvsDriver: forwardFrame
05-27 18:53:39.460  1167  1479 D evsmanagerd: /dev/video6 forwarded the buffer #0 to 0xb4000074bf5f5510 from 0xb4000074bf5f6d90
05-27 18:53:39.461   299 30844 D EvsDriver: Delivered 0xb400007b7ca56900 as id 0
05-27 18:53:39.461   283   307 I rvcservice: t.code = 0, t.value = 2440
05-27 18:53:39.461   566 11459 I gps_hdbd: Received: '$GNTXT,INSTALL,0.00,0.00,0.00,0.00,0.00,0.00,0*20
'
05-27 18:53:39.462  1008 30857 D [OMXB]  : usingANWBuffer: handle:0xee742f80, format:1, w:1920, h:1080
05-27 18:53:39.464   299 30841 D EvsDriver: forwardFrame
05-27 18:53:39.465 30773 30789 I dvr_service_: Camera 1: MediaOK:89132067, frames:2060, isKeyFrame:0,pts:11086554393
05-27 18:53:39.465   581   581 I SpiService: fgesysctrl_getGPIO_status success val=1
05-27 18:53:39.465  1167  1479 D evsmanagerd: /dev/video4 forwarded the buffer #0 to 0xb4000074bf5f6850 from 0xb4000074bf5f41d0
05-27 18:53:39.465   299 30841 D EvsDriver: Delivered 0xb400007b7ca56a60 as id 0
05-27 18:53:39.466   299  1153 D EvsDriver: doneWithFrame
05-27 18:53:39.470   299  1153 D EvsDriver: doneWithFrame
05-27 18:53:39.471   581   581 I SpiService: fgesysctrl_getGPIO_status success val=1
05-27 18:53:39.470 10901 10901 I ADAYO_LOG_TRACE_LOGCAT: folder_size:
05-27 18:53:39.472   536   536 D commservice260303: msg.id = 1028,1
05-27 18:53:39.472   536   536 D commservice260303: i = 170, msgid = 8A000404
05-27 18:53:39.472   536   536 D commservice260303: msgid = -1979710460,did=138
05-27 18:53:39.472   536   536 D commservice260303: CommProtocolLibCmdBaseI2C::dataproc {"command":{"id":"imu_status","sub":""},"content":{"TimeStamp":11,"FrameCounter":259809,"GD_X":-0.01160607673227787,"GD_Y":0.004580949433147907,"GD_Z":0.0017560218693688512,"AD_X":-9.202063083648682E-4,"AD_Y":-5.485335132107139E-4,"AD_Z":-0.1664266586303711,"TempDsp":0,"Status":0,"CalibState":1,"SigAmpInvalid":0}},-1979710460
05-27 18:53:39.472   536   536 D commservice260303: send2Cluster len:315, 7B22636F6D6D616E64223A7B226964223A22696D755F737461747573222C22737562223A22227D2C22636F6E74656E74223A7B2254696D655374616D70223A31312C224672616D65436F756E746572223A3235393830392C2247445F58223A2D302E30313136303630373637333232373738372C2247445F59223A302E3030343538303934393433333134373930372C2247445F5A223A302E303031373536303231383639333638383531322C2241445F58223A2D392E323032303633303833363438363832452D342C2241445F59223A2D352E343835333335313332313037313339452D342C2241445F5A223A2D302E313636343236363538363330333731312C2254656D70447370223A302C22537461747573223A302C2243616C69625374617465223A312C22536967416D70496E76616C6964223A307D7D, 138 
05-27 18:53:39.472   536   536 D commservice260303: Push Message into SendPool fn=1010304000
05-27 18:53:39.472   536   536 D commservice260303: ComProtocolLibSend2Cluster::send2ClusterRaw fn=1010304000 , len=331
05-27 18:53:39.473   536   536 D commservice260303: sendCmdToPort :331!!!
05-27 18:53:39.473   536   536 D commservice260303: send Cmd To Port ++++5AA501478A010004383C6A16CD337B22636F6D6D616E64223A7B226964223A22696D755F737461747573222C22737562223A22227D2C22636F6E74656E74223A7B2254696D655374616D70223A31312C224672616D65436F756E746572223A3235393830392C2247445F58223A2D302E30313136303630373637333232373738372C2247445F59223A302E3030343538303934393433333134373930372C2247445F5A223A302E303031373536303231383639333638383531322C2241445F58223A2D392E323032303633303833363438363832452D342C2241445F59223A2D352E343835333335313332313037313339452D342C2241445F5A223A2D302E313636343236363538363330333731312C2254656D70447370223A302C22537461747573223A302C2243616C69625374617465223A312C22536967416D70496E76616C6964223A307D7DDC49
05-27 18:53:39.473   536   536 D commservice260303: bufferevent_write retrun value = 0
05-27 08:44:48.435   581   581 D spi_rst_gpio_get_output: GPIO 145 value: 1
05-27 08:44:48.435   581   581 D spidev_ioctl: gpio status=1)
05-27 18:53:39.473   536   560 D commservice260303: client datas send succeed,send finish
05-27 18:53:39.473 13911 14192 D Sentinelmode_1.2.5.17_sentry: <SentryImuClusterFgeSender>imu_status sent to Linux, frame=259809, tsNs=11086712, tsMs=11, intervalMs=43, ad=(-9.202063E-4,-5.485335E-4,-0.16642666), gd=(-0.011606077,0.0045809494,0.0017560219)
05-27 18:53:39.476   581   581 I SpiService: fgesysctrl_getGPIO_status success val=1
05-27 08:44:48.441   581   581 D spi_rst_gpio_get_output: GPIO 145 value: 1
05-27 08:44:48.441   581   581 D spidev_ioctl: gpio status=1)
05-27 18:53:39.479 13911 14183 I SentryImuMcuAngleSender: 179.98598rollDeg
05-27 18:53:39.479 13911 14183 I SentryImuMcuAngleSender: 1,0,0
05-27 18:53:39.482   581   581 I SpiService: fgesysctrl_getGPIO_status success val=0
05-27 08:44:48.446   581   581 D spi_rst_gpio_get_output: GPIO 145 value: 0
05-27 08:44:48.446   581   581 D spidev_ioctl: gpio status=0)
05-27 18:53:39.487   299 30841 D EvsDriver: forwardFrame
05-27 18:53:39.489   299 30841 D EvsDriver: Delivered 0xb400007b7ca56a60 as id 0
05-27 18:53:39.489  1167  1479 D evsmanagerd: /dev/video4 forwarded the buffer #0 to 0xb4000074bf5f6850 from 0xb4000074bf5f41d0
05-27 18:53:39.492   299  1153 D EvsDriver: doneWithFrame
05-27 18:53:39.494   299 30844 D EvsDriver: forwardFrame
05-27 18:53:39.496   299 30844 D EvsDriver: Delivered 0xb400007b7ca56900 as id 0
05-27 08:44:48.461   581   581 D spi_rst_gpio_get_output: GPIO 145 value: 1
05-27 08:44:48.461   581   581 D spidev_ioctl: gpio status=1)
05-27 18:53:39.496  1167  1479 D evsmanagerd: /dev/video6 forwarded the buffer #0 to 0xb4000074bf5f5510 from 0xb4000074bf5f6d90
05-27 18:53:39.496   581   581 I SpiService: fgesysctrl_getGPIO_status success val=1
05-27 18:53:39.499   299  1153 D EvsDriver: doneWithFrame
05-27 18:53:39.500 13911 14183 I SentryImuMcuAngleSender: 179.98949rollDeg
05-27 18:53:39.500 13911 14183 I SentryImuMcuAngleSender: 1,0,0
05-27 18:53:39.502   581   581 I SpiService: fgesysctrl_getGPIO_status success val=1
05-27 08:44:48.466   581   581 D spi_rst_gpio_get_output: GPIO 145 value: 1
05-27 08:44:48.466   581   581 D spidev_ioctl: gpio status=1)
05-27 18:53:39.507  1008 30856 D [OMXB]  : usingANWBuffer: handle:0xee744210, format:1, w:1920, h:1080
05-27 18:53:39.507   581   581 I SpiService: fgesysctrl_getGPIO_status success val=1
05-27 08:44:48.472   581   581 D spi_rst_gpio_get_output: GPIO 145 value: 1
05-27 08:44:48.472   581   581 D spidev_ioctl: gpio status=1)
05-27 18:53:39.509   536   536 D commservice260303: msg.id = 1028,0
05-27 18:53:39.510   536   536 D commservice260303: i = 170, msgid = 8A000404
05-27 18:53:39.510   536   536 D commservice260303: msgid = -1979710460,did=138
05-27 18:53:39.510   536   536 D commservice260303: CommProtocolLibCmdBaseI2C::dataproc {"command":{"id":"imu_status","sub":""},"content":{"TimeStamp":11,"FrameCounter":259810,"GD_X":-0.011910883709788322,"GD_Y":0.005420989356935024,"GD_Z":0.001679039909504354,"AD_X":-0.004568725824356079,"AD_Y":-5.526823224499822E-4,"AD_Z":-0.1682577133178711,"TempDsp":0,"Status":0,"CalibState":1,"SigAmpInvalid":0}},-1979710460
05-27 18:53:39.510   536   536 D commservice260303: send2Cluster len:315, 7B22636F6D6D616E64223A7B226964223A22696D755F737461747573222C22737562223A22227D2C22636F6E74656E74223A7B2254696D655374616D70223A31312C224672616D65436F756E746572223A3235393831302C2247445F58223A2D302E3031313931303838333730393738383332322C2247445F59223A302E3030353432303938393335363933353032342C2247445F5A223A302E3030313637393033393930393530343335342C2241445F58223A2D302E3030343536383732353832343335363037392C2241445F59223A2D352E353236383233323234343939383232452D342C2241445F5A223A2D302E313638323537373133333137383731312C2254656D70447370223A302C22537461747573223A302C2243616C69625374617465223A312C22536967416D70496E76616C6964223A307D7D, 138 
05-27 18:53:39.510   536   536 D commservice260303: Push Message into SendPool fn=1027081216
05-27 18:53:39.510   536   536 D commservice260303: ComProtocolLibSend2Cluster::send2ClusterRaw fn=1027081216 , len=331
05-27 18:53:39.510   536   536 D commservice260303: sendCmdToPort :331!!!
05-27 18:53:39.510   536   536 D commservice260303: send Cmd To Port ++++5AA501478A010004383D6A16CD337B22636F6D6D616E64223A7B226964223A22696D755F737461747573222C22737562223A22227D2C22636F6E74656E74223A7B2254696D655374616D70223A31312C224672616D65436F756E746572223A3235393831302C2247445F58223A2D302E3031313931303838333730393738383332322C2247445F59223A302E3030353432303938393335363933353032342C2247445F5A223A302E3030313637393033393930393530343335342C2241445F58223A2D302E3030343536383732353832343335363037392C2241445F59223A2D352E353236383233323234343939383232452D342C2241445F5A223A2D302E313638323537373133333137383731312C2254656D70447370223A302C22537461747573223A302C2243616C69625374617465223A312C22536967416D70496E76616C6964223A307D7D3810
05-27 18:53:39.510   536   536 D commservice260303: bufferevent_write retrun value = 0
05-27 18:53:39.510   536   560 D commservice260303: client datas send succeed,send finish
05-27 18:53:39.511 13911 14192 D Sentinelmode_1.2.5.17_sentry: <SentryImuClusterFgeSender>imu_status sent to Linux, frame=259810, tsNs=11086746, tsMs=11, intervalMs=38, ad=(-0.004568726,-5.526823E-4,-0.16825771), gd=(-0.011910884,0.0054209894,0.0016790399)
05-27 18:53:39.513   581   581 I SpiService: fgesysctrl_getGPIO_status success val=1
05-27 18:53:39.514   572   622 I Sensors : 230 AccelSensor: x:-0.170800,y:0.001220,z:-9.973500
05-27 08:44:48.477   581   581 D spi_rst_gpio_get_output: GPIO 145 value: 1
05-27 08:44:48.477   581   581 D spidev_ioctl: gpio status=1)
05-27 18:53:39.518   581   581 I SpiService: fgesysctrl_getGPIO_status success val=1
05-27 18:53:39.521 13911 14183 I SentryImuMcuAngleSender: 179.99298rollDeg
05-27 18:53:39.521 13911 14183 I SentryImuMcuAngleSender: 1,0,0
05-27 08:44:48.483   581   581 D spi_rst_gpio_get_output: GPIO 145 value: 1
05-27 08:44:48.483   581   581 D spidev_ioctl: gpio status=1)
05-27 18:53:39.521  1008 30857 D [OMXB]  : usingANWBuffer: handle:0xee742950, format:1, w:1920, h:1080
05-27 18:53:39.522   299 30844 D EvsDriver: forwardFrame
05-27 18:53:39.523 30773 30787 I dvr_service_: [runShortMediaThread:298] cameraId:0 medias:300,audios:220,stateAudio:0,mShortState:0,warnEvent:0,state:1
05-27 18:53:39.523   299 30844 D EvsDriver: Delivered 0xb400007b7ca56900 as id 0
05-27 18:53:39.524  1167  1479 D evsmanagerd: /dev/video6 forwarded the buffer #0 to 0xb4000074bf5f5510 from 0xb4000074bf5f6d90
05-27 08:44:48.488   581   581 D spi_rst_gpio_get_output: GPIO 145 value: 0
05-27 08:44:48.489   581   581 D spidev_ioctl: gpio status=0)
05-27 18:53:39.524   581   581 I SpiService: fgesysctrl_getGPIO_status success val=0
05-27 18:53:39.524   299 30841 D EvsDriver: forwardFrame
05-27 18:53:39.527  1167  1479 D evsmanagerd: /dev/video4 forwarded the buffer #0 to 0xb4000074bf5f6850 from 0xb4000074bf5f41d0
05-27 18:53:39.527   299 30841 D EvsDriver: Delivered 0xb400007b7ca56a60 as id 0
05-27 18:53:39.527   299  1153 D EvsDriver: doneWithFrame
05-27 18:53:39.531   299  1153 D EvsDriver: doneWithFrame
05-27 18:53:39.529   572   572 I auditd  : type=1400 audit(0.0:69342): avc: denied { read } for comm="HwBinder:572_1" name="ontim_gps_imu" dev="sysfs" ino=27597 scontext=u:r:hal_sensors_default:s0 tcontext=u:object_r:sysfs:s0 tclass=dir permissive=1
05-27 18:53:39.529   572   572 I HwBinder:572_1: type=1400 audit(0.0:69342): avc: denied { read } for name="ontim_gps_imu" dev="sysfs" ino=27597 scontext=u:r:hal_sensors_default:s0 tcontext=u:object_r:sysfs:s0 tclass=dir permissive=1
05-27 18:53:39.539   581   581 I SpiService: fgesysctrl_getGPIO_status success val=1
05-27 08:44:48.503   581   581 D spi_rst_gpio_get_output: GPIO 145 value: 1
05-27 08:44:48.503   581   581 D spidev_ioctl: gpio status=1)
05-27 18:53:39.541 13911 14183 I SentryImuMcuAngleSender: 179.99298rollDeg
05-27 18:53:39.541 13911 14183 I SentryImuMcuAngleSender: 1,0,0
05-27 18:53:39.544   581   581 I SpiService: fgesysctrl_getGPIO_status success val=1
05-27 08:44:48.509   581   581 D spi_rst_gpio_get_output: GPIO 145 value: 1
05-27 08:44:48.509   581   581 D spidev_ioctl: gpio status=1)
05-27 18:53:39.550   581   581 I SpiService: fgesysctrl_getGPIO_status success val=1
05-27 18:53:39.551   536   536 D commservice260303: msg.id = 1028,0
05-27 18:53:39.551   536   536 D commservice260303: i = 170, msgid = 8A000404
05-27 18:53:39.551   536   536 D commservice260303: msgid = -1979710460,did=138
05-27 18:53:39.551   536   536 D commservice260303: CommProtocolLibCmdBaseI2C::dataproc {"command":{"id":"imu_status","sub":""},"content":{"TimeStamp":11,"FrameCounter":259811,"GD_X":-0.01221725158393383,"GD_Y":0.005039200186729431,"GD_Z":0.0018319635419175029,"AD_X":-0.00273287296295166,"AD_Y":-0.0011540723498910666,"AD_Z":-0.1682577133178711,"TempDsp":0,"Status":0,"CalibState":1,"SigAmpInvalid":0}},-1979710460
05-27 18:53:39.551   536   536 D commservice260303: send2Cluster len:315, 7B22636F6D6D616E64223A7B226964223A22696D755F737461747573222C22737562223A22227D2C22636F6E74656E74223A7B2254696D655374616D70223A31312C224672616D65436F756E746572223A3235393831312C2247445F58223A2D302E30313232313732353135383339333338332C2247445F59223A302E3030353033393230303138363732393433312C2247445F5A223A302E303031383331393633353431393137353032392C2241445F58223A2D302E30303237333238373239363239353136362C2241445F59223A2D302E303031313534303732333439383931303636362C2241445F5A223A2D302E313638323537373133333137383731312C2254656D70447370223A302C22537461747573223A302C2243616C69625374617465223A312C22536967416D70496E76616C6964223A307D7D, 138 
05-27 18:53:39.551   536   536 D commservice260303: Push Message into SendPool fn=1043858432
05-27 18:53:39.551   536   536 D commservice260303: ComProtocolLibSend2Cluster::send2ClusterRaw fn=1043858432 , len=331
05-27 18:53:39.551   536   536 D commservice260303: sendCmdToPort :331!!!
05-27 18:53:39.551   299 30841 D EvsDriver: forwardFrame
05-27 18:53:39.551   536   536 D commservice260303: send Cmd To Port ++++5AA501478A010004383E6A16CD337B22636F6D6D616E64223A7B226964223A22696D755F737461747573222C22737562223A22227D2C22636F6E74656E74223A7B2254696D655374616D70223A31312C224672616D65436F756E746572223A3235393831312C2247445F58223A2D302E30313232313732353135383339333338332C2247445F59223A302E3030353033393230303138363732393433312C2247445F5A223A302E303031383331393633353431393137353032392C2241445F58223A2D302E30303237333238373239363239353136362C2241445F59223A2D302E303031313534303732333439383931303636362C2241445F5A223A2D302E313638323537373133333137383731312C2254656D70447370223A302C22537461747573223A302C2243616C69625374617465223A312C22536967416D70496E76616C6964223A307D7DC51C
05-27 08:44:48.514   581   581 D spi_rst_gpio_get_output: GPIO 145 value: 1
05-27 08:44:48.514   581   581 D spidev_ioctl: gpio status=1)
05-27 18:53:39.552   536   536 D commservice260303: bufferevent_write retrun value = 0
05-27 18:53:39.552   536   560 D commservice260303: client datas send succeed,send finish
05-27 18:53:39.552 13911 14192 D Sentinelmode_1.2.5.17_sentry: <SentryImuClusterFgeSender>imu_status sent to Linux, frame=259811, tsNs=11086783, tsMs=11, intervalMs=41, ad=(-0.002732873,-0.0011540723,-0.16825771), gd=(-0.012217252,0.0050392,0.0018319635)
05-27 18:53:39.554   299 30841 D EvsDriver: Delivered 0xb400007b7ca56a60 as id 0
05-27 18:53:39.554  1167  1479 D evsmanagerd: /dev/video4 forwarded the buffer #0 to 0xb4000074bf5f6850 from 0xb4000074bf5f41d0
05-27 18:53:39.555   581   581 I SpiService: fgesysctrl_getGPIO_status success val=1
05-27 08:44:48.520   581   581 D spi_rst_gpio_get_output: GPIO 145 value: 1
05-27 08:44:48.520   581   581 D spidev_ioctl: gpio status=1)
05-27 18:53:39.558   536  2579 D commservice260303: send heart beat package to Cluster
05-27 18:53:39.559   299 30844 D EvsDriver: forwardFrame
05-27 18:53:39.559   536  2579 D commservice260303: send2Cluster len:40, 7B22636F6D6D616E64223A7B226964223A22686561727462656174222C22737562223A22227D7D0A, 129 
05-27 18:53:39.559   536  2579 D commservice260303: Push Message into SendPool fn=1060635648
05-27 18:53:39.559   536  2579 D commservice260303: ComProtocolLibSend2Cluster::send2ClusterRaw fn=1060635648 , len=56
05-27 18:53:39.559   536  2579 D commservice260303: sendCmdToPort :56!!!
05-27 18:53:39.559   536  2579 D commservice260303: send Cmd To Port ++++5AA5003481010004383F6A16CD337B22636F6D6D616E64223A7B226964223A22686561727462656174222C22737562223A22227D7D0A7CB1
05-27 18:53:39.559   536  2579 D commservice260303: bufferevent_write retrun value = 0
05-27 18:53:39.559   536   560 D commservice260303: client datas send succeed,send finish
05-27 18:53:39.560   299  1153 D EvsDriver: doneWithFrame
05-27 18:53:39.561   581   581 I SpiService: fgesysctrl_getGPIO_status success val=0
05-27 18:53:39.561   283   307 I rvcservice: t.code = 3, t.value = 0
05-27 18:53:39.561   299 30844 D EvsDriver: Delivered 0xb400007b7ca56900 as id 0
05-27 18:53:39.561  1167  1479 D evsmanagerd: /dev/video6 forwarded the buffer #0 to 0xb4000074bf5f5510 from 0xb4000074bf5f6d90
05-27 18:53:39.562  1008 30857 D [OMXB]  : usingANWBuffer: handle:0xee7454a0, format:1, w:1920, h:1080
05-27 08:44:48.526   581   581 D spi_rst_gpio_get_output: GPIO 145 value: 0
05-27 08:44:48.526   581   581 D spidev_ioctl: gpio status=0)
05-27 18:53:39.566   299  1153 D EvsDriver: doneWithFrame
05-27 18:53:39.566   536   560 D commservice260303: recv len:91, 5AA500570100000040E76A16CD337B22636F6D6D616E64223A7B226964223A22686561727462656174222C22737562223A22227D2C22726573706F6E65223A7B22636F6465223A302C226D657373616765223A226F6B227D7DB5B0 from server
05-27 18:53:39.566   536  2578 D commservice260303: mcuDataAnalyzeHandle templen:91,len:91,pos:0, 5AA500570100000040E76A16CD337B22636F6D6D616E64223A7B226964223A22686561727462656174222C22737562223A22227D2C22726573706F6E65223A7B22636F6465223A302C226D657373616765223A226F6B227D7DB5B0 
05-27 18:53:39.566   536  2578 I commservice260303: checksumCal = 46512
05-27 18:53:39.566   536  2578 D commservice260303: Protocol_C2I_Commservice::dataproc {"command":{"id":"heartbeat","sub":""},"respone":{"code":0,"message":"ok"}},1
05-27 18:53:39.566   536  2578 D commservice260303: Protocol_C2I_Commservice::dataproc Receive a heartbeat command from Cluster, setTcpHeartbeat = EID_UID_HEARTBEAT
05-27 18:53:39.572 13911 14183 I SentryImuMcuAngleSender: 179.986rollDeg
05-27 18:53:39.572 13911 14183 I SentryImuMcuAngleSender: 1,0,0
05-27 18:53:39.576   581   581 I SpiService: fgesysctrl_getGPIO_status success val=1
05-27 08:44:48.541   581   581 D spi_rst_gpio_get_output: GPIO 145 value: 1
05-27 08:44:48.541   581   581 D spidev_ioctl: gpio status=1)
05-27 18:53:39.573 10908 10908 I auditd  : type=1400 audit(0.0:69343): avc: denied { dac_override } for comm="touch" capability=1 scontext=u:r:toolbox:s0 tcontext=u:r:toolbox:s0 tclass=capability permissive=1
05-27 18:53:39.573 10908 10908 I touch   : type=1400 audit(0.0:69343): avc: denied { dac_override } for capability=1 scontext=u:r:toolbox:s0 tcontext=u:r:toolbox:s0 tclass=capability permissive=1
05-27 18:53:39.573 10908 10908 I auditd  : type=1400 audit(0.0:69344): avc: denied { write } for comm="touch" name="logcat" dev="vda93" ino=180226 scontext=u:r:toolbox:s0 tcontext=u:object_r:log_data_file:s0 tclass=dir permissive=1
05-27 18:53:39.573 10908 10908 I touch   : type=1400 audit(0.0:69344): avc: denied { write } for name="logcat" dev="vda93" ino=180226 scontext=u:r:toolbox:s0 tcontext=u:object_r:log_data_file:s0 tclass=dir permissive=1
05-27 18:53:39.573 10908 10908 I auditd  : type=1400 audit(0.0:69345): avc: denied { add_name } for comm="touch" name="logcat_2026_05_27_18_53_38_524-49.txt" scontext=u:r:toolbox:s0 tcontext=u:object_r:log_data_file:s0 tclass=dir permissive=1
05-27 18:53:39.573 10908 10908 I touch   : type=1400 audit(0.0:69345): avc: denied { add_name } for name="logcat_2026_05_27_18_53_38_524-49.txt" scontext=u:r:toolbox:s0 tcontext=u:object_r:log_data_file:s0 tclass=dir permissive=1
05-27 18:53:39.582   581   581 I SpiService: fgesysctrl_getGPIO_status success val=1
05-27 18:53:39.573 10908 10908 I auditd  : type=1400 audit(0.0:69346): avc: denied { create } for comm="touch" name="logcat_2026_05_27_18_53_38_524-49.txt" scontext=u:r:toolbox:s0 tcontext=u:object_r:log_data_file:s0 tclass=file permissive=1
05-27 18:53:39.573 10908 10908 I touch   : type=1400 audit(0.0:69346): avc: denied { create } for name="logcat_2026_05_27_18_53_38_524-49.txt" scontext=u:r:toolbox:s0 tcontext=u:object_r:log_data_file:s0 tclass=file permissive=1
05-27 08:44:48.547   581   581 D spi_rst_gpio_get_output: GPIO 145 value: 1
05-27 08:44:48.547   581   581 D spidev_ioctl: gpio status=1)
05-27 18:53:39.585 30773 30786 I dvr_service_: CameraX 0  audioOK: 89167156,audios:1340
05-27 18:53:39.585 30773 30786 I dvr_service_: CameraX 1  audioOK: 89167156,audios:1340
05-27 18:53:39.587   299 30844 D EvsDriver: forwardFrame
05-27 18:53:39.588   581   581 I SpiService: fgesysctrl_getGPIO_status success val=1
05-27 18:53:39.588  1167  1479 D evsmanagerd: /dev/video6 forwarded the buffer #0 to 0xb4000074bf5f5510 from 0xb4000074bf5f6d90
05-27 18:53:39.588   299 30844 D EvsDriver: Delivered 0xb400007b7ca56900 as id 0
05-27 18:53:39.588 30773 30773 E dvr_service_: [myNum:1] Received S**** loss
05-27 18:53:39.588   299  1153 D EvsDriver: doneWithFrame
05-27 08:44:48.552   581   581 D spi_rst_gpio_get_output: GPIO 145 value: 1
05-27 08:44:48.552   581   581 D spidev_ioctl: gpio status=1)
05-27 18:53:39.590   299 30841 D EvsDriver: forwardFrame
05-27 18:53:39.590   536   536 D commservice260303: msg.id = 1028,0
05-27 18:53:39.590   536   536 D commservice260303: i = 170, msgid = 8A000404
05-27 18:53:39.590   536   536 D commservice260303: msgid = -1979710460,did=138
05-27 18:53:39.590   536   536 D commservice260303: CommProtocolLibCmdBaseI2C::dataproc {"command":{"id":"imu_status","sub":""},"content":{"TimeStamp":11,"FrameCounter":259812,"GD_X":-0.012139749713242054,"GD_Y":0.00519212381914258,"GD_Z":0.0019079053308814764,"AD_X":-0.0027325451374053955,"AD_Y":0.0037058827001601458,"AD_Z":-0.16947650909423828,"TempDsp":0,"Status":0,"CalibState":1,"SigAmpInvalid":0}},-1979710460
05-27 18:53:39.591   536   536 D commservice260303: send2Cluster len:317, 7B22636F6D6D616E64223A7B226964223A22696D755F737461747573222C22737562223A22227D2C22636F6E74656E74223A7B2254696D655374616D70223A31312C224672616D65436F756E746572223A3235393831322C2247445F58223A2D302E3031323133393734393731333234323035342C2247445F59223A302E30303531393231323338313931343235382C2247445F5A223A302E303031393037393035333330383831343736342C2241445F58223A2D302E303032373332353435313337343035333935352C2241445F59223A302E303033373035383832373030313630313435382C2241445F5A223A2D302E31363934373635303930393432333832382C2254656D70447370223A302C22537461747573223A302C2243616C69625374617465223A312C22536967416D70496E76616C6964223A307D7D, 138 
05-27 18:53:39.591   536   536 D commservice260303: Push Message into SendPool fn=1077412864
05-27 18:53:39.591   536   536 D commservice260303: ComProtocolLibSend2Cluster::send2ClusterRaw fn=1077412864 , len=333
05-27 18:53:39.591   536   536 D commservice260303: sendCmdToPort :333!!!
05-27 18:53:39.591   536   536 D commservice260303: send Cmd To Port ++++5AA501498A01000438406A16CD337B22636F6D6D616E64223A7B226964223A22696D755F737461747573222C22737562223A22227D2C22636F6E74656E74223A7B2254696D655374616D70223A31312C224672616D65436F756E746572223A3235393831322C2247445F58223A2D302E3031323133393734393731333234323035342C2247445F59223A302E30303531393231323338313931343235382C2247445F5A223A302E303031393037393035333330383831343736342C2241445F58223A2D302E303032373332353435313337343035333935352C2241445F59223A302E303033373035383832373030313630313435382C2241445F5A223A2D302E31363934373635303930393432333832382C2254656D70447370223A302C22537461747573223A302C2243616C69625374617465223A312C22536967416D70496E76616C6964223A307D7D02A2
05-27 18:53:39.591   536   536 D commservice260303: bufferevent_write retrun value = 0
05-27 18:53:39.591 13911 14192 D Sentinelmode_1.2.5.17_sentry: <SentryImuClusterFgeSender>imu_status sent to Linux, frame=259812, tsNs=11086835, tsMs=11, intervalMs=39, ad=(-0.0027325451,0.0037058827,-0.16947651), gd=(-0.01213975,0.005192124,0.0019079053)
05-27 18:53:39.591   299 30841 D EvsDriver: Delivered 0xb400007b7ca56a60 as id 0
05-27 18:53:39.591  1167  1479 D evsmanagerd: /dev/video4 forwarded the buffer #0 to 0xb4000074bf5f6850 from 0xb4000074bf5f41d0
05-27 18:53:39.592 30773 30773 E dvr_service_: [myNum:0] Received S**** loss
05-27 18:53:39.592   536   560 D commservice260303: client datas send succeed,send finish
05-27 18:53:39.592   299  1153 D EvsDriver: doneWithFrame
05-27 18:53:39.592 13911 14183 I SentryImuMcuAngleSender: 179.96497rollDeg
05-27 18:53:39.592 13911 14183 I SentryImuMcuAngleSender: 1,0,0
05-27 18:53:39.593   581   581 I SpiService: fgesysctrl_getGPIO_status success val=1
05-27 18:53:39.596  1008 30856 D [OMXB]  : usingANWBuffer: handle:0xee7412a0, format:1, w:1920, h:1080
05-27 08:44:48.558   581   581 D spi_rst_gpio_get_output: GPIO 145 value: 1
05-27 08:44:48.558   581   581 D spidev_ioctl: gpio status=1)
05-27 18:53:39.599   581   581 I SpiService: fgesysctrl_getGPIO_status success val=0
05-27 08:44:48.564   581   581 D spi_rst_gpio_get_output: GPIO 145 value: 0
05-27 08:44:48.564   581   581 D spidev_ioctl: gpio status=0)
05-27 18:53:39.603   572   622 I Sensors : 230 GyroSensor: x:-0.011759,y:0.005421,z:0.002138
05-27 18:53:39.612 13911 14183 I SentryImuMcuAngleSender: 179.96497rollDeg
05-27 18:53:39.612 13911 14183 I SentryImuMcuAngleSender: 1,0,0
05-27 18:53:39.613  1008 30857 D [OMXB]  : usingANWBuffer: handle:0xee7407a0, format:1, w:1920, h:1080
05-27 18:53:39.615   581   581 I SpiService: fgesysctrl_getGPIO_status success val=1
05-27 08:44:48.580   581   581 D spi_rst_gpio_get_output: GPIO 145 value: 1
05-27 08:44:48.580   581   581 D spidev_ioctl: gpio status=1)
05-27 18:53:39.620   581   581 I SpiService: fgesysctrl_getGPIO_status success val=1
05-27 08:44:48.585   581   581 D spi_rst_gpio_get_output: GPIO 145 value: 1
05-27 08:44:48.585   581   581 D spidev_ioctl: gpio status=1)
05-27 18:53:39.625   299 30841 D EvsDriver: forwardFrame
05-27 18:53:39.626   581   581 I SpiService: fgesysctrl_getGPIO_status success val=1
05-27 18:53:39.626   299 30844 D EvsDriver: forwardFrame
05-27 18:53:39.629  1167  1479 D evsmanagerd: /dev/video4 forwarded the buffer #0 to 0xb4000074bf5f6850 from 0xb4000074bf5f41d0
05-27 18:53:39.629   299 30841 D EvsDriver: Delivered 0xb400007b7ca56a60 as id 0
05-27 08:44:48.591   581   581 D spi_rst_gpio_get_output: GPIO 145 value: 1
05-27 08:44:48.591   581   581 D spidev_ioctl: gpio status=1)
05-27 18:53:39.632  1167  1479 D evsmanagerd: /dev/video6 forwarded the buffer #0 to 0xb4000074bf5f5510 from 0xb4000074bf5f6d90
05-27 18:53:39.632   581   581 I SpiService: fgesysctrl_getGPIO_status success val=1
05-27 08:44:48.597   581   581 D spi_rst_gpio_get_output: GPIO 145 value: 1
05-27 08:44:48.597   581   581 D spidev_ioctl: gpio status=1)
05-27 18:53:39.632   299 30844 D EvsDriver: Delivered 0xb400007b7ca56900 as id 0
05-27 18:53:39.634 13911 14183 I SentryImuMcuAngleSender: 179.96497rollDeg
05-27 18:53:39.635 13911 14183 I SentryImuMcuAngleSender: 1,0,0
05-27 18:53:39.635   299  1153 D EvsDriver: doneWithFrame
05-27 18:53:39.635   299  1163 D EvsDriver: doneWithFrame
05-27 18:53:39.636   536   536 D commservice260303: msg.id = 1028,1
05-27 18:53:39.636   536   536 D commservice260303: i = 170, msgid = 8A000404
05-27 18:53:39.636   536   536 D commservice260303: msgid = -1979710460,did=138
05-27 08:44:48.602   581   581 D spi_rst_gpio_get_output: GPIO 145 value: 1
05-27 08:44:48.602   581   581 D spidev_ioctl: gpio status=1)
05-27 18:53:39.636   536   536 D commservice260303: CommProtocolLibCmdBaseI2C::dataproc {"command":{"id":"imu_status","sub":""},"content":{"TimeStamp":11,"FrameCounter":259813,"GD_X":-0.011300750076770782,"GD_Y":0.005420989356935024,"GD_Z":0.0023671966046094894,"AD_X":-0.005771800875663757,"AD_Y":0.0036825244314968586,"AD_Z":-0.16947650909423828,"TempDsp":0,"Status":0,"CalibState":1,"SigAmpInvalid":0}},-1979710460
05-27 18:53:39.637   536   536 D commservice260303: send2Cluster len:317, 7B22636F6D6D616E64223A7B226964223A22696D755F737461747573222C22737562223A22227D2C22636F6E74656E74223A7B2254696D655374616D70223A31312C224672616D65436F756E746572223A3235393831332C2247445F58223A2D302E3031313330303735303037363737303738322C2247445F59223A302E3030353432303938393335363933353032342C2247445F5A223A302E303032333637313936363034363039343839342C2241445F58223A2D302E3030353737313830303837353636333735372C2241445F59223A302E303033363832353234343331343936383538362C2241445F5A223A2D302E31363934373635303930393432333832382C2254656D70447370223A302C22537461747573223A302C2243616C69625374617465223A312C22536967416D70496E76616C6964223A307D7D, 138 
05-27 18:53:39.637   536   536 D commservice260303: Push Message into SendPool fn=1094190080
05-27 18:53:39.637   536   536 D commservice260303: ComProtocolLibSend2Cluster::send2ClusterRaw fn=1094190080 , len=333
05-27 18:53:39.637   536   536 D commservice260303: sendCmdToPort :333!!!
05-27 18:53:39.637   536   536 D commservice260303: send Cmd To Port ++++5AA501498A01000438416A16CD337B22636F6D6D616E64223A7B226964223A22696D755F737461747573222C22737562223A22227D2C22636F6E74656E74223A7B2254696D655374616D70223A31312C224672616D65436F756E746572223A3235393831332C2247445F58223A2D302E3031313330303735303037363737303738322C2247445F59223A302E3030353432303938393335363933353032342C2247445F5A223A302E303032333637313936363034363039343839342C2241445F58223A2D302E3030353737313830303837353636333735372C2241445F59223A302E303033363832353234343331343936383538362C2241445F5A223A2D302E31363934373635303930393432333832382C2254656D70447370223A302C22537461747573223A302C2243616C69625374617465223A312C22536967416D70496E76616C6964223A307D7DED29
05-27 18:53:39.638   536   536 D commservice260303: bufferevent_write retrun value = 0
05-27 18:53:39.638   536   560 D commservice260303: client datas send succeed,send finish
05-27 18:53:39.638   581   581 I SpiService: fgesysctrl_getGPIO_status success val=1
05-27 18:53:39.639 13911 14192 D Sentinelmode_1.2.5.17_sentry: <SentryImuClusterFgeSender>imu_status sent to Linux, frame=259813, tsNs=11086871, tsMs=11, intervalMs=47, ad=(-0.005771801,0.0036825244,-0.16947651), gd=(-0.01130075,0.0054209894,0.0023671966)
05-27 18:53:39.644   581   581 I SpiService: fgesysctrl_getGPIO_status success val=0
05-27 08:44:48.608   581   581 D spi_rst_gpio_get_output: GPIO 145 value: 0
05-27 08:44:48.608   581   581 D spidev_ioctl: gpio status=0)
05-27 18:53:39.653  1008 30856 D [OMXB]  : usingANWBuffer: handle:0xee742060, format:1, w:1920, h:1080
05-27 18:53:39.656 13911 14183 I SentryImuMcuAngleSender: 179.96497rollDeg
05-27 18:53:39.656 13911 14183 I SentryImuMcuAngleSender: 1,0,0
05-27 18:53:39.657   299 30841 D EvsDriver: forwardFrame
05-27 18:53:39.658   581   581 I SpiService: fgesysctrl_getGPIO_status success val=1
05-27 18:53:39.660   299 30844 D EvsDriver: forwardFrame
05-27 08:44:48.623   581   581 D spi_rst_gpio_get_output: GPIO 145 value: 1
05-27 08:44:48.623   581   581 D spidev_ioctl: gpio status=1)
05-27 18:53:39.661   283   307 I rvcservice: t.code = 7, t.value = 11086728
05-27 18:53:39.662   299 30841 D EvsDriver: Delivered 0xb400007b7ca56a60 as id 0
05-27 18:53:39.662  1167  1479 D evsmanagerd: /dev/video4 forwarded the buffer #0 to 0xb4000074bf5f6850 from 0xb4000074bf5f41d0
05-27 18:53:39.662  1167  1167 D evsmanagerd: /dev/video6 forwarded the buffer #0 to 0xb4000074bf5f5510 from 0xb4000074bf5f6d90
05-27 18:53:39.662   299 30844 D EvsDriver: Delivered 0xb400007b7ca56900 as id 0
05-27 18:53:39.666   581   581 I SpiService: fgesysctrl_getGPIO_status success val=1
05-27 18:53:39.666   299  1153 D EvsDriver: doneWithFrame
05-27 18:53:39.666   299  1163 D EvsDriver: doneWithFrame
05-27 08:44:48.630   581   581 D spi_rst_gpio_get_output: GPIO 145 value: 1
05-27 08:44:48.630   581   581 D spidev_ioctl: gpio status=1)
05-27 18:53:39.669   536   536 W commservice260303: [FgeComService::getAQConnectStatus:378]
05-27 18:53:39.669   536   536 W commservice260303: [mcuCommFunctionTcp::getAQConnectStatus:406] 1
05-27 18:53:39.669   536   536 W commservice260303: [FgeComService::getAQConnectStatus:380] status:1
05-27 18:53:39.669 12246 12246 I liblog  : 2
05-27 18:53:39.669 12246 12246 E ivicomm_CommManager: getA2lConnectStatus aqConnectStatus:1
05-27 18:53:39.669 12246 12246 D ivicomm_ConnectStateManager: notifyState newState=1curState=1
05-27 18:53:39.669  1008 30857 D [OMXB]  : usingANWBuffer: handle:0xee742a00, format:1, w:1920, h:1080
05-27 18:53:39.671   581   581 I SpiService: fgesysctrl_getGPIO_status success val=1
05-27 08:44:48.636   581   581 D spi_rst_gpio_get_output: GPIO 145 value: 1
05-27 08:44:48.636   581   581 D spidev_ioctl: gpio status=1)
05-27 18:53:39.672   536   536 D commservice260303: msg.id = 1028,0
05-27 18:53:39.672   536   536 D commservice260303: i = 170, msgid = 8A000404
05-27 18:53:39.672   536   536 D commservice260303: msgid = -1979710460,did=138
05-27 18:53:39.672   536   536 D commservice260303: CommProtocolLibCmdBaseI2C::dataproc {"command":{"id":"imu_status","sub":""},"content":{"TimeStamp":11,"FrameCounter":259814,"GD_X":-0.010994902811944485,"GD_Y":0.005039200186729431,"GD_Z":0.0020608289632946253,"AD_X":-0.004537910223007202,"AD_Y":1.0723946616053581E-5,"AD_Z":-0.16947650909423828,"TempDsp":0,"Status":0,"CalibState":1,"SigAmpInvalid":0}},-1979710460
05-27 18:53:39.672   536   536 D commservice260303: send2Cluster len:317, 7B22636F6D6D616E64223A7B226964223A22696D755F737461747573222C22737562223A22227D2C22636F6E74656E74223A7B2254696D655374616D70223A31312C224672616D65436F756E746572223A3235393831342C2247445F58223A2D302E3031303939343930323831313934343438352C2247445F59223A302E3030353033393230303138363732393433312C2247445F5A223A302E303032303630383238393633323934363235332C2241445F58223A2D302E3030343533373931303232333030373230322C2241445F59223A312E30373233393436363136303533353831452D352C2241445F5A223A2D302E31363934373635303930393432333832382C2254656D70447370223A302C22537461747573223A302C2243616C69625374617465223A312C22536967416D70496E76616C6964223A307D7D, 138 
05-27 18:53:39.673   536   536 D commservice260303: Push Message into SendPool fn=1110967296
05-27 18:53:39.673   536   536 D commservice260303: ComProtocolLibSend2Cluster::send2ClusterRaw fn=1110967296 , len=333
05-27 18:53:39.673   536   536 D commservice260303: sendCmdToPort :333!!!
05-27 18:53:39.673   536   536 D commservice260303: send Cmd To Port ++++5AA501498A01000438426A16CD337B22636F6D6D616E64223A7B226964223A22696D755F737461747573222C22737562223A22227D2C22636F6E74656E74223A7B2254696D655374616D70223A31312C224672616D65436F756E746572223A3235393831342C2247445F58223A2D302E3031303939343930323831313934343438352C2247445F59223A302E3030353033393230303138363732393433312C2247445F5A223A302E303032303630383238393633323934363235332C2241445F58223A2D302E3030343533373931303232333030373230322C2241445F59223A312E30373233393436363136303533353831452D352C2241445F5A223A2D302E31363934373635303930393432333832382C2254656D70447370223A302C22537461747573223A302C2243616C69625374617465223A312C22536967416D70496E76616C6964223A307D7DD499
05-27 18:53:39.673   536   536 D commservice260303: bufferevent_write retrun value = 0
05-27 18:53:39.673   536   560 D commservice260303: client datas send succeed,send finish
05-27 18:53:39.674 13911 14192 D Sentinelmode_1.2.5.17_sentry: <SentryImuClusterFgeSender>imu_status sent to Linux, frame=259814, tsNs=11086907, tsMs=11, intervalMs=35, ad=(-0.00453791,1.0723947E-5,-0.16947651), gd=(-0.010994903,0.0050392,0.002060829)
05-27 18:53:39.676 13911 14183 I SentryImuMcuAngleSender: -179.99649rollDeg
05-27 18:53:39.676 13911 14183 I SentryImuMcuAngleSender: 1,0,0
05-27 18:53:39.677   581   581 I SpiService: fgesysctrl_getGPIO_status success val=1
05-27 08:44:48.641   581   581 D spi_rst_gpio_get_output: GPIO 145 value: 1
05-27 08:44:48.641   581   581 D spidev_ioctl: gpio status=1)
05-27 18:53:39.683   581   581 I SpiService: fgesysctrl_getGPIO_status success val=0
05-27 08:44:48.648   581   581 D spi_rst_gpio_get_output: GPIO 145 value: 0
05-27 08:44:48.648   581   581 D spidev_ioctl: gpio status=0)
05-27 18:53:39.688   299 30844 D EvsDriver: forwardFrame
05-27 18:53:39.691  1167  1167 D evsmanagerd: /dev/video6 forwarded the buffer #0 to 0xb4000074bf5f5510 from 0xb4000074bf5f6d90
05-27 18:53:39.691   299 30844 D EvsDriver: Delivered 0xb400007b7ca56900 as id 0
05-27 18:53:39.694   299  1163 D EvsDriver: doneWithFrame
05-27 18:53:39.695  1008 30856 D [OMXB]  : usingANWBuffer: handle:0xee7469f0, format:1, w:1920, h:1080
05-27 18:53:39.697   299 30841 D EvsDriver: forwardFrame
05-27 18:53:39.697 13911 14183 I SentryImuMcuAngleSender: 179.993rollDeg
05-27 18:53:39.697 13911 14183 I SentryImuMcuAngleSender: 1,0,0
05-27 18:53:39.698   581   581 I SpiService: fgesysctrl_getGPIO_status success val=1
05-27 18:53:39.699   299 30841 D EvsDriver: Delivered 0xb400007b7ca56a60 as id 0
05-27 18:53:39.699  1167  1167 D evsmanagerd: /dev/video4 forwarded the buffer #0 to 0xb4000074bf5f6850 from 0xb4000074bf5f41d0
05-27 08:44:48.663   581   581 D spi_rst_gpio_get_output: GPIO 145 value: 1
05-27 08:44:48.663   581   581 D spidev_ioctl: gpio status=1)
05-27 18:53:39.702   299  1163 D EvsDriver: doneWithFrame
05-27 18:53:39.704   581   581 I SpiService: fgesysctrl_getGPIO_status success val=1
05-27 08:44:48.668   581   581 D spi_rst_gpio_get_output: GPIO 145 value: 1
05-27 08:44:48.668   581   581 D spidev_ioctl: gpio status=1)
05-27 18:53:39.705 13549 13549 I ADAYO_LOG_: handleMessage(UsbFunc.java:352)copyQnx = 0
05-27 18:53:39.705 13549 13549 I ADAYO_LOG_: handleMessage(UsbFunc.java:404)copyState = 2
05-27 18:53:39.709   581   581 I SpiService: fgesysctrl_getGPIO_status success val=1
05-27 08:44:48.674   581   581 D spi_rst_gpio_get_output: GPIO 145 value: 1
05-27 08:44:48.674   581   581 D spidev_ioctl: gpio status=1)
05-27 18:53:39.710   572   622 I Sensors : 230 AccelSensor: x:-0.172019,y:0.001220,z:-9.978380
05-27 18:53:39.711   536   536 D commservice260303: msg.id = 1028,0
05-27 18:53:39.712   536   536 D commservice260303: i = 170, msgid = 8A000404
05-27 18:53:39.712   536   536 D commservice260303: msgid = -1979710460,did=138
05-27 18:53:39.712   536   536 D commservice260303: CommProtocolLibCmdBaseI2C::dataproc {"command":{"id":"imu_status","sub":""},"content":{"TimeStamp":11,"FrameCounter":259815,"GD_X":-0.011300750076770782,"GD_Y":0.005345047451555729,"GD_Z":0.0022902146447449923,"AD_X":-0.005734115839004517,"AD_Y":-0.0011909303721040487,"AD_Z":-0.1731414794921875,"TempDsp":0,"Status":0,"CalibState":1,"SigAmpInvalid":0}},-1979710460
05-27 18:53:39.712   536   536 D commservice260303: send2Cluster len:317, 7B22636F6D6D616E64223A7B226964223A22696D755F737461747573222C22737562223A22227D2C22636F6E74656E74223A7B2254696D655374616D70223A31312C224672616D65436F756E746572223A3235393831352C2247445F58223A2D302E3031313330303735303037363737303738322C2247445F59223A302E3030353334353034373435313535353732392C2247445F5A223A302E303032323930323134363434373434393932332C2241445F58223A2D302E3030353733343131353833393030343531372C2241445F59223A2D302E303031313930393330333732313034303438372C2241445F5A223A2D302E313733313431343739343932313837352C2254656D70447370223A302C22537461747573223A302C2243616C69625374617465223A312C22536967416D70496E76616C6964223A307D7D, 138 
05-27 18:53:39.712   536   536 D commservice260303: Push Message into SendPool fn=1127744512
05-27 18:53:39.712   536   536 D commservice260303: ComProtocolLibSend2Cluster::send2ClusterRaw fn=1127744512 , len=333
05-27 18:53:39.712   536   536 D commservice260303: sendCmdToPort :333!!!
05-27 18:53:39.712   536   536 D commservice260303: send Cmd To Port ++++5AA501498A01000438436A16CD337B22636F6D6D616E64223A7B226964223A22696D755F737461747573222C22737562223A22227D2C22636F6E74656E74223A7B2254696D655374616D70223A31312C224672616D65436F756E746572223A3235393831352C2247445F58223A2D302E3031313330303735303037363737303738322C2247445F59223A302E3030353334353034373435313535353732392C2247445F5A223A302E303032323930323134363434373434393932332C2241445F58223A2D302E3030353733343131353833393030343531372C2241445F59223A2D302E303031313930393330333732313034303438372C2241445F5A223A2D302E313733313431343739343932313837352C2254656D70447370223A302C22537461747573223A302C2243616C69625374617465223A312C22536967416D70496E76616C6964223A307D7D3A3C
05-27 18:53:39.712   536   536 D commservice260303: bufferevent_write retrun value = 0
05-27 18:53:39.712   536   560 D commservice260303: client datas send succeed,send finish
05-27 18:53:39.713 13911 14192 D Sentinelmode_1.2.5.17_sentry: <SentryImuClusterFgeSender>imu_status sent to Linux, frame=259815, tsNs=11086960, tsMs=11, intervalMs=39, ad=(-0.005734116,-0.0011909304,-0.17314148), gd=(-0.01130075,0.0053450475,0.0022902146)
05-27 18:53:39.715   581   581 I SpiService: fgesysctrl_getGPIO_status success val=1
05-27 08:44:48.679   581   581 D spi_rst_gpio_get_output: GPIO 145 value: 1
05-27 08:44:48.679   581   581 D spidev_ioctl: gpio status=1)
05-27 18:53:39.717 13911 14183 I SentryImuMcuAngleSender: 179.993rollDeg
05-27 18:53:39.717 13911 14183 I SentryImuMcuAngleSender: 1,0,0
05-27 18:53:39.720   581   581 I SpiService: fgesysctrl_getGPIO_status success val=1
05-27 08:44:48.685   581   581 D spi_rst_gpio_get_output: GPIO 145 value: 1
05-27 08:44:48.685   581   581 D spidev_ioctl: gpio status=1)
05-27 18:53:39.722  1008 30857 D [OMXB]  : usingANWBuffer: handle:0xee7444d0, format:1, w:1920, h:1080
05-27 18:53:39.724   299 30841 D EvsDriver: forwardFrame
05-27 18:53:39.726   581   581 I SpiService: fgesysctrl_getGPIO_status success val=0
05-27 18:53:39.726   299 30841 D EvsDriver: Delivered 0xb400007b7ca56a60 as id 0
05-27 18:53:39.726  1167  1167 D evsmanagerd: /dev/video4 forwarded the buffer #0 to 0xb4000074bf5f6850 from 0xb4000074bf5f41d0
05-27 18:53:39.727   299 30844 D EvsDriver: forwardFrame
05-27 08:44:48.690   581   581 D spi_rst_gpio_get_output: GPIO 145 value: 0
05-27 08:44:48.690   581   581 D spidev_ioctl: gpio status=0)
05-27 18:53:39.728   299  1163 D EvsDriver: doneWithFrame
05-27 18:53:39.730   299 30844 D EvsDriver: Delivered 0xb400007b7ca56900 as id 0
05-27 18:53:39.730  1167  1167 D evsmanagerd: /dev/video6 forwarded the buffer #0 to 0xb4000074bf5f5510 from 0xb4000074bf5f6d90
05-27 08:44:48.701   278   278 I logd    : logdr: UID=0 GID=0 PID=10919 b tail=0 logMask=bf pid=0 start=0ns deadline=0ns
05-27 18:53:39.736   299  1163 D EvsDriver: doneWithFrame
05-27 08:44:48.706   581   581 D spi_rst_gpio_get_output: GPIO 145 value: 1
05-27 08:44:48.706   581   581 D spidev_ioctl: gpio status=1)
05-27 18:53:39.738 13911 14183 I SentryImuMcuAngleSender: 179.993rollDeg
05-27 18:53:39.738 13911 14183 I SentryImuMcuAngleSender: 1,0,0
05-27 18:53:39.742   581   581 I SpiService: fgesysctrl_getGPIO_status success val=1
05-27 18:53:39.747   581   581 I SpiService: fgesysctrl_getGPIO_status success val=1
05-27 08:44:48.712   581   581 D spi_rst_gpio_get_output: GPIO 145 value: 1
05-27 08:44:48.712   581   581 D spidev_ioctl: gpio status=1)
05-27 18:53:39.753   581   581 I SpiService: fgesysctrl_getGPIO_status success val=1
05-27 18:53:39.753   536   536 D commservice260303: msg.id = 1028,0
05-27 18:53:39.754   536   536 D commservice260303: i = 170, msgid = 8A000404
05-27 18:53:39.754   536   536 D commservice260303: msgid = -1979710460,did=138
05-27 18:53:39.754   536   536 D commservice260303: CommProtocolLibCmdBaseI2C::dataproc {"command":{"id":"imu_status","sub":""},"content":{"TimeStamp":11,"FrameCounter":259816,"GD_X":-0.011910883709788322,"GD_Y":0.0051151420921087265,"GD_Z":0.0021378109231591225,"AD_X":-0.0032890737056732178,"AD_Y":-0.0011830928269773722,"AD_Z":-0.1694812774658203,"TempDsp":0,"Status":0,"CalibState":1,"SigAmpInvalid":0}},-1979710460
05-27 18:53:39.754   536   536 D commservice260303: send2Cluster len:319, 7B22636F6D6D616E64223A7B226964223A22696D755F737461747573222C22737562223A22227D2C22636F6E74656E74223A7B2254696D655374616D70223A31312C224672616D65436F756E746572223A3235393831362C2247445F58223A2D302E3031313931303838333730393738383332322C2247445F59223A302E303035313135313432303932313038373236352C2247445F5A223A302E303032313337383130393233313539313232352C2241445F58223A2D302E303033323839303733373035363733323137382C2241445F59223A2D302E303031313833303932383236393737333732322C2241445F5A223A2D302E313639343831323737343635383230332C2254656D70447370223A302C22537461747573223A302C2243616C69625374617465223A312C22536967416D70496E76616C6964223A307D7D, 138 
05-27 18:53:39.754   536   536 D commservice260303: Push Message into SendPool fn=1144521728
05-27 18:53:39.754   536   536 D commservice260303: ComProtocolLibSend2Cluster::send2ClusterRaw fn=1144521728 , len=335
05-27 18:53:39.754   536   536 D commservice260303: sendCmdToPort :335!!!
05-27 18:53:39.754   536   536 D commservice260303: send Cmd To Port ++++5AA5014B8A01000438446A16CD337B22636F6D6D616E64223A7B226964223A22696D755F737461747573222C22737562223A22227D2C22636F6E74656E74223A7B2254696D655374616D70223A31312C224672616D65436F756E746572223A3235393831362C2247445F58223A2D302E3031313931303838333730393738383332322C2247445F59223A302E303035313135313432303932313038373236352C2247445F5A223A302E303032313337383130393233313539313232352C2241445F58223A2D302E303033323839303733373035363733323137382C2241445F59223A2D302E303031313833303932383236393737333732322C2241445F5A223A2D302E313639343831323737343635383230332C2254656D70447370223A302C22537461747573223A302C2243616C69625374617465223A312C22536967416D70496E76616C6964223A307D7D05EE
05-27 18:53:39.754   536   536 D commservice260303: bufferevent_write retrun value = 0
05-27 18:53:39.754   536   560 D commservice260303: client datas send succeed,send finish
05-27 18:53:39.754   299 30844 D EvsDriver: forwardFrame
05-27 18:53:39.756 13911 14192 D Sentinelmode_1.2.5.17_sentry: <SentryImuClusterFgeSender>imu_status sent to Linux, frame=259816, tsNs=11086996, tsMs=11, intervalMs=43, ad=(-0.0032890737,-0.0011830928,-0.16948128), gd=(-0.011910884,0.005115142,0.002137811)
05-27 18:53:39.756   299 30844 D EvsDriver: Delivered 0xb400007b7ca56900 as id 0
05-27 18:53:39.756  1167  1167 D evsmanagerd: /dev/video6 forwarded the buffer #0 to 0xb4000074bf5f5510 from 0xb4000074bf5f6d90
05-27 18:53:39.756 30773 30773 E dvr_service_: [myNum:1] Received S**** loss
05-27 08:44:48.717   581   581 D spi_rst_gpio_get_output: GPIO 145 value: 1
05-27 08:44:48.718   581   581 D spidev_ioctl: gpio status=1)
05-27 18:53:39.757   299  1163 D EvsDriver: doneWithFrame
05-27 18:53:39.758 13911 14183 I SentryImuMcuAngleSender: 179.993rollDeg
05-27 18:53:39.758 13911 14183 I SentryImuMcuAngleSender: 1,0,0
05-27 18:53:39.759   581   581 I SpiService: fgesysctrl_getGPIO_status success val=1
05-27 18:53:39.759   299 30841 D EvsDriver: forwardFrame
05-27 08:44:48.723   581   581 D spi_rst_gpio_get_output: GPIO 145 value: 1
05-27 08:44:48.723   581   581 D spidev_ioctl: gpio status=1)
05-27 18:53:39.761   283   307 I rvcservice: t.code = 3, t.value = 0
05-27 18:53:39.762  1167  1167 D evsmanagerd: /dev/video4 forwarded the buffer #0 to 0xb4000074bf5f6850 from 0xb4000074bf5f41d0
05-27 18:53:39.762 30773 30773 E dvr_service_: [myNum:0] Received S**** loss
05-27 18:53:39.762   299 30841 D EvsDriver: Delivered 0xb400007b7ca56a60 as id 0
05-27 18:53:39.762   299  1163 D EvsDriver: doneWithFrame
05-27 18:53:39.764   581   581 I SpiService: fgesysctrl_getGPIO_status success val=1
05-27 18:53:39.765  1008 30856 D [OMXB]  : usingANWBuffer: handle:0xee742320, format:1, w:1920, h:1080
05-27 08:44:48.729   581   581 D spi_rst_gpio_get_output: GPIO 145 value: 1
05-27 08:44:48.729   581   581 D spidev_ioctl: gpio status=1)
05-27 18:53:39.769   581   581 I SpiService: fgesysctrl_getGPIO_status success val=0
05-27 18:53:39.771  1008 30857 D [OMXB]  : usingANWBuffer: handle:0xee746310, format:1, w:1920, h:1080
05-27 18:53:39.779 13911 14183 I SentryImuMcuAngleSender: 179.99649rollDeg
05-27 18:53:39.779 13911 14183 I SentryImuMcuAngleSender: 1,0,0
05-27 08:44:48.734   581   581 D spi_rst_gpio_get_output: GPIO 145 value: 0
05-27 08:44:48.734   581   581 D spidev_ioctl: gpio status=0)
05-27 18:53:39.783   581   581 I SpiService: fgesysctrl_getGPIO_status success val=1
