05-27 18:53:43.763   581   581 I SpiService: fgesysctrl_getGPIO_status success val=1
05-27 18:53:43.763   299 30844 D EvsDriver: Delivered 0xb400007b7ca56900 as id 0
05-27 18:53:43.763  1167  1479 D evsmanagerd: /dev/video6 forwarded the buffer #0 to 0xb4000074bf5f5510 from 0xb4000074bf5f6d90
05-27 18:53:43.764 30773 30783 E dvr_service_: [myNum:1] Received S**** loss
05-27 18:53:43.764  1167  1479 D evsmanagerd: /dev/video4 forwarded the buffer #0 to 0xb4000074bf5f6850 from 0xb4000074bf5f41d0
05-27 18:53:43.765 30773 30773 E dvr_service_: [myNum:0] Received S**** loss
05-27 18:53:43.765   299 30841 D EvsDriver: Delivered 0xb400007b7ca56a60 as id 0
05-27 18:53:43.765   299  1153 D EvsDriver: doneWithFrame
05-27 08:44:52.727   581   581 D spi_rst_gpio_get_output: GPIO 145 value: 1
05-27 08:44:52.727   581   581 D spidev_ioctl: gpio status=1)
05-27 18:53:43.765   299  1163 D EvsDriver: doneWithFrame
05-27 18:53:43.768 13911 14183 I SentryImuMcuAngleSender: 179.98598rollDeg
05-27 18:53:43.768 13911 14183 I SentryImuMcuAngleSender: 1,0,0
05-27 18:53:43.768   581   581 I SpiService: fgesysctrl_getGPIO_status success val=1
05-27 08:44:52.733   581   581 D spi_rst_gpio_get_output: GPIO 145 value: 1
05-27 08:44:52.733   581   581 D spidev_ioctl: gpio status=1)
05-27 18:53:43.771   536   536 D commservice260303: msg.id = 1028,0
05-27 18:53:43.771  1008 30857 D [OMXB]  : usingANWBuffer: handle:0xee740d20, format:1, w:1920, h:1080
05-27 18:53:43.771   536   536 D commservice260303: i = 170, msgid = 8A000404
05-27 18:53:43.771   536   536 D commservice260303: msgid = -1979710460,did=138
05-27 18:53:43.771   536   536 D commservice260303: CommProtocolLibCmdBaseI2C::dataproc {"command":{"id":"imu_status","sub":""},"content":{"TimeStamp":11,"FrameCounter":259913,"GD_X":-0.010841978713870049,"GD_Y":0.0048857564106583595,"GD_Z":0.0021378109231591225,"AD_X":-0.0061428844928741455,"AD_Y":3.985506482422352E-4,"AD_Z":-0.16826248168945312,"TempDsp":0,"Status":0,"CalibState":1,"SigAmpInvalid":0}},-1979710460
05-27 18:53:43.771   536   536 D commservice260303: send2Cluster len:318, 7B22636F6D6D616E64223A7B226964223A22696D755F737461747573222C22737562223A22227D2C22636F6E74656E74223A7B2254696D655374616D70223A31312C224672616D65436F756E746572223A3235393931332C2247445F58223A2D302E3031303834313937383731333837303034392C2247445F59223A302E303034383835373536343130363538333539352C2247445F5A223A302E303032313337383130393233313539313232352C2241445F58223A2D302E303036313432383834343932383734313435352C2241445F59223A332E393835353036343832343232333532452D342C2241445F5A223A2D302E31363832363234383136383934353331322C2254656D70447370223A302C22537461747573223A302C2243616C69625374617465223A312C22536967416D70496E76616C6964223A307D7D, 138 
05-27 18:53:43.771   536   536 D commservice260303: Push Message into SendPool fn=-1489501184
05-27 18:53:43.771   536   536 D commservice260303: ComProtocolLibSend2Cluster::send2ClusterRaw fn=-1489501184 , len=334
05-27 18:53:43.772   536   536 D commservice260303: sendCmdToPort :334!!!
05-27 18:53:43.772   536   536 D commservice260303: send Cmd To Port ++++5AA5014A8A01000438A76A16CD377B22636F6D6D616E64223A7B226964223A22696D755F737461747573222C22737562223A22227D2C22636F6E74656E74223A7B2254696D655374616D70223A31312C224672616D65436F756E746572223A3235393931332C2247445F58223A2D302E3031303834313937383731333837303034392C2247445F59223A302E303034383835373536343130363538333539352C2247445F5A223A302E303032313337383130393233313539313232352C2241445F58223A2D302E303036313432383834343932383734313435352C2241445F59223A332E393835353036343832343232333532452D342C2241445F5A223A2D302E31363832363234383136383934353331322C2254656D70447370223A302C22537461747573223A302C2243616C69625374617465223A312C22536967416D70496E76616C6964223A307D7D5BE5
05-27 18:53:43.772   536   536 D commservice260303: bufferevent_write retrun value = 0
05-27 18:53:43.772   536   560 D commservice260303: client datas send succeed,send finish
05-27 18:53:43.772 13911 14192 D Sentinelmode_1.2.5.17_sentry: <SentryImuClusterFgeSender>imu_status sent to Linux, frame=259913, tsNs=11091007, tsMs=11, intervalMs=40, ad=(-0.0061428845,3.9855065E-4,-0.16826248), gd=(-0.010841979,0.0048857564,0.002137811)
05-27 18:53:43.774   283   307 I rvcservice: t.code = 0, t.value = 0
05-27 18:53:43.774   581   581 I SpiService: fgesysctrl_getGPIO_status success val=0
05-27 08:44:52.739   581   581 D spi_rst_gpio_get_output: GPIO 145 value: 0
05-27 08:44:52.739   581   581 D spidev_ioctl: gpio status=0)
05-27 18:53:43.788   581   581 I SpiService: fgesysctrl_getGPIO_status success val=1
05-27 08:44:52.753   581   581 D spi_rst_gpio_get_output: GPIO 145 value: 1
05-27 08:44:52.753   581   581 D spidev_ioctl: gpio status=1)
05-27 18:53:43.789 13911 14183 I SentryImuMcuAngleSender: 179.98949rollDeg
05-27 18:53:43.789 13911 14183 I SentryImuMcuAngleSender: 1,0,0
05-27 18:53:43.789  1008 30856 D [OMXB]  : usingANWBuffer: handle:0xee746cb0, format:1, w:1920, h:1080
05-27 18:53:43.793   299 30844 D EvsDriver: forwardFrame
05-27 18:53:43.793   299 30841 D EvsDriver: forwardFrame
05-27 18:53:43.795   581   581 I SpiService: fgesysctrl_getGPIO_status success val=1
05-27 18:53:43.795   299 30844 D EvsDriver: Delivered 0xb400007b7ca56900 as id 0
05-27 18:53:43.796  1167  1167 D evsmanagerd: /dev/video6 forwarded the buffer #0 to 0xb4000074bf5f5510 from 0xb4000074bf5f6d90
05-27 08:44:52.759   581   581 D spi_rst_gpio_get_output: GPIO 145 value: 1
05-27 08:44:52.759   581   581 D spidev_ioctl: gpio status=1)
05-27 18:53:43.800   299  1153 D EvsDriver: doneWithFrame
05-27 18:53:43.800   299 30841 D EvsDriver: Delivered 0xb400007b7ca56a60 as id 0
05-27 18:53:43.800  1167  1167 D evsmanagerd: /dev/video4 forwarded the buffer #0 to 0xb4000074bf5f6850 from 0xb4000074bf5f41d0
05-27 08:44:52.765   581   581 D spi_rst_gpio_get_output: GPIO 145 value: 1
05-27 08:44:52.765   581   581 D spidev_ioctl: gpio status=1)
05-27 18:53:43.801   581   581 I SpiService: fgesysctrl_getGPIO_status success val=1
05-27 18:53:43.807   581   581 I SpiService: fgesysctrl_getGPIO_status success val=1
05-27 18:53:43.808   299  1153 D EvsDriver: doneWithFrame
05-27 08:44:52.771   581   581 D spi_rst_gpio_get_output: GPIO 145 value: 1
05-27 08:44:52.771   581   581 D spidev_ioctl: gpio status=1)
05-27 18:53:43.809 13911 14183 I SentryImuMcuAngleSender: 179.98598rollDeg
05-27 18:53:43.809 13911 14183 I SentryImuMcuAngleSender: 1,0,0
05-27 18:53:43.809  1008 30857 D [OMXB]  : usingANWBuffer: handle:0xee744210, format:1, w:1920, h:1080
05-27 18:53:43.811   536   536 D commservice260303: msg.id = 1028,0
05-27 18:53:43.811   536   536 D commservice260303: i = 170, msgid = 8A000404
05-27 18:53:43.811   536   536 D commservice260303: msgid = -1979710460,did=138
05-27 18:53:43.811   536   536 D commservice260303: CommProtocolLibCmdBaseI2C::dataproc {"command":{"id":"imu_status","sub":""},"content":{"TimeStamp":11,"FrameCounter":259914,"GD_X":-0.01160607673227787,"GD_Y":0.005268065724521875,"GD_Z":0.0020608289632946253,"AD_X":-0.005514353513717651,"AD_Y":3.9816973730921745E-4,"AD_Z":-0.16826248168945312,"TempDsp":0,"Status":0,"CalibState":1,"SigAmpInvalid":0}},-1979710460
05-27 18:53:43.811   536   536 D commservice260303: send2Cluster len:316, 7B22636F6D6D616E64223A7B226964223A22696D755F737461747573222C22737562223A22227D2C22636F6E74656E74223A7B2254696D655374616D70223A31312C224672616D65436F756E746572223A3235393931342C2247445F58223A2D302E30313136303630373637333232373738372C2247445F59223A302E3030353236383036353732343532313837352C2247445F5A223A302E303032303630383238393633323934363235332C2241445F58223A2D302E3030353531343335333531333731373635312C2241445F59223A332E39383136393733373330393231373435452D342C2241445F5A223A2D302E31363832363234383136383934353331322C2254656D70447370223A302C22537461747573223A302C2243616C69625374617465223A312C22536967416D70496E76616C6964223A307D7D, 138 
05-27 18:53:43.811   536   536 D commservice260303: Push Message into SendPool fn=-1472723968
05-27 18:53:43.811   536   536 D commservice260303: ComProtocolLibSend2Cluster::send2ClusterRaw fn=-1472723968 , len=332
05-27 18:53:43.811   536   536 D commservice260303: sendCmdToPort :332!!!
05-27 18:53:43.811   536   536 D commservice260303: send Cmd To Port ++++5AA501488A01000438A86A16CD377B22636F6D6D616E64223A7B226964223A22696D755F737461747573222C22737562223A22227D2C22636F6E74656E74223A7B2254696D655374616D70223A31312C224672616D65436F756E746572223A3235393931342C2247445F58223A2D302E30313136303630373637333232373738372C2247445F59223A302E3030353236383036353732343532313837352C2247445F5A223A302E303032303630383238393633323934363235332C2241445F58223A2D302E3030353531343335333531333731373635312C2241445F59223A332E39383136393733373330393231373435452D342C2241445F5A223A2D302E31363832363234383136383934353331322C2254656D70447370223A302C22537461747573223A302C2243616C69625374617465223A312C22536967416D70496E76616C6964223A307D7D14D5
05-27 18:53:43.811   536   536 D commservice260303: bufferevent_write retrun value = 0
05-27 18:53:43.811   536   560 D commservice260303: client datas send succeed,send finish
05-27 18:53:43.812 13911 14192 D Sentinelmode_1.2.5.17_sentry: <SentryImuClusterFgeSender>imu_status sent to Linux, frame=259914, tsNs=11091044, tsMs=11, intervalMs=39, ad=(-0.0055143535,3.9816974E-4,-0.16826248), gd=(-0.011606077,0.0052680657,0.002060829)
05-27 18:53:43.812   581   581 I SpiService: fgesysctrl_getGPIO_status success val=1
05-27 08:44:52.777   581   581 D spi_rst_gpio_get_output: GPIO 145 value: 1
05-27 08:44:52.777   581   581 D spidev_ioctl: gpio status=1)
05-27 18:53:43.818   581   581 I SpiService: fgesysctrl_getGPIO_status success val=0
05-27 08:44:52.782   581   581 D spi_rst_gpio_get_output: GPIO 145 value: 0
05-27 08:44:52.782   581   581 D spidev_ioctl: gpio status=0)
05-27 18:53:43.824   299 30844 D EvsDriver: forwardFrame
05-27 18:53:43.826   299 30844 D EvsDriver: Delivered 0xb400007b7ca56900 as id 0
05-27 18:53:43.826  1167  1167 D evsmanagerd: /dev/video6 forwarded the buffer #0 to 0xb4000074bf5f5510 from 0xb4000074bf5f6d90
05-27 18:53:43.828   572   622 I Sensors : 230 AccelSensor: x:-0.170800,y:0.003659,z:-9.969840
05-27 18:53:43.828   299  1153 D EvsDriver: doneWithFrame
05-27 18:53:43.829   299 30841 D EvsDriver: forwardFrame
05-27 18:53:43.829 13911 14183 I SentryImuMcuAngleSender: 179.97897rollDeg
05-27 18:53:43.830 13911 14183 I SentryImuMcuAngleSender: 1,0,0
05-27 18:53:43.830  1008 30856 D [OMXB]  : usingANWBuffer: handle:0xee746ec0, format:1, w:1920, h:1080
05-27 18:53:43.831   299 30841 D EvsDriver: Delivered 0xb400007b7ca56a60 as id 0
05-27 18:53:43.831  1167  1167 D evsmanagerd: /dev/video4 forwarded the buffer #0 to 0xb4000074bf5f6850 from 0xb4000074bf5f41d0
05-27 18:53:43.833   581   581 I SpiService: fgesysctrl_getGPIO_status success val=1
05-27 08:44:52.797   581   581 D spi_rst_gpio_get_output: GPIO 145 value: 1
05-27 08:44:52.797   581   581 D spidev_ioctl: gpio status=1)
05-27 18:53:43.836   299  1153 D EvsDriver: doneWithFrame
05-27 18:53:43.839   581   581 I SpiService: fgesysctrl_getGPIO_status success val=1
05-27 08:44:52.803   581   581 D spi_rst_gpio_get_output: GPIO 145 value: 1
05-27 08:44:52.804   581   581 D spidev_ioctl: gpio status=1)
05-27 18:53:43.845   581   581 I SpiService: fgesysctrl_getGPIO_status success val=1
05-27 08:44:52.809   581   581 D spi_rst_gpio_get_output: GPIO 145 value: 1
05-27 08:44:52.809   581   581 D spidev_ioctl: gpio status=1)
05-27 18:53:43.850 13911 14183 I SentryImuMcuAngleSender: 179.96495rollDeg
05-27 18:53:43.850 13911 14183 I SentryImuMcuAngleSender: 1,0,0
05-27 18:53:43.850   581   581 I SpiService: fgesysctrl_getGPIO_status success val=1
05-27 08:44:52.815   581   581 D spi_rst_gpio_get_output: GPIO 145 value: 1
05-27 08:44:52.815   581   581 D spidev_ioctl: gpio status=1)
05-27 18:53:43.851  1008 30857 D [OMXB]  : usingANWBuffer: handle:0xee742320, format:1, w:1920, h:1080
05-27 18:53:43.851   536   536 D commservice260303: msg.id = 1028,1
05-27 18:53:43.851   536   536 D commservice260303: i = 170, msgid = 8A000404
05-27 18:53:43.852   536   536 D commservice260303: msgid = -1979710460,did=138
05-27 18:53:43.852   536   536 D commservice260303: CommProtocolLibCmdBaseI2C::dataproc {"command":{"id":"imu_status","sub":""},"content":{"TimeStamp":11,"FrameCounter":259915,"GD_X":-0.011223767884075642,"GD_Y":0.004580949433147907,"GD_Z":0.0017560218693688512,"AD_X":-0.0030615031719207764,"AD_Y":0.004039255902171135,"AD_Z":-0.16704177856445312,"TempDsp":0,"Status":0,"CalibState":1,"SigAmpInvalid":0}},-1979710460
05-27 18:53:43.852 30773 30789 I dvr_service_: Camera 1: MediaOK:93362566, frames:2150, isKeyFrame:0,pts:11090784892
05-27 18:53:43.852   536   536 D commservice260303: send2Cluster len:317, 7B22636F6D6D616E64223A7B226964223A22696D755F737461747573222C22737562223A22227D2C22636F6E74656E74223A7B2254696D655374616D70223A31312C224672616D65436F756E746572223A3235393931352C2247445F58223A2D302E3031313232333736373838343037353634322C2247445F59223A302E3030343538303934393433333134373930372C2247445F5A223A302E303031373536303231383639333638383531322C2241445F58223A2D302E303033303631353033313731393230373736342C2241445F59223A302E3030343033393235353930323137313133352C2241445F5A223A2D302E31363730343137373835363434353331322C2254656D70447370223A302C22537461747573223A302C2243616C69625374617465223A312C22536967416D70496E76616C6964223A307D7D, 138 
05-27 18:53:43.852   536   536 D commservice260303: Push Message into SendPool fn=-1455946752
05-27 18:53:43.852   536   536 D commservice260303: ComProtocolLibSend2Cluster::send2ClusterRaw fn=-1455946752 , len=333
05-27 18:53:43.852   536   536 D commservice260303: sendCmdToPort :333!!!
05-27 18:53:43.852   536   536 D commservice260303: send Cmd To Port ++++5AA501498A01000438A96A16CD377B22636F6D6D616E64223A7B226964223A22696D755F737461747573222C22737562223A22227D2C22636F6E74656E74223A7B2254696D655374616D70223A31312C224672616D65436F756E746572223A3235393931352C2247445F58223A2D302E3031313232333736373838343037353634322C2247445F59223A302E3030343538303934393433333134373930372C2247445F5A223A302E303031373536303231383639333638383531322C2241445F58223A2D302E303033303631353033313731393230373736342C2241445F59223A302E3030343033393235353930323137313133352C2241445F5A223A2D302E31363730343137373835363434353331322C2254656D70447370223A302C22537461747573223A302C2243616C69625374617465223A312C22536967416D70496E76616C6964223A307D7D9039
05-27 18:53:43.852   536   536 D commservice260303: bufferevent_write retrun value = 0
05-27 18:53:43.852   536   560 D commservice260303: client datas send succeed,send finish
05-27 18:53:43.853 13911 14192 D Sentinelmode_1.2.5.17_sentry: <SentryImuClusterFgeSender>imu_status sent to Linux, frame=259915, tsNs=11091096, tsMs=11, intervalMs=41, ad=(-0.0030615032,0.004039256,-0.16704178), gd=(-0.011223768,0.0045809494,0.0017560219)
05-27 18:53:43.856   581   581 I SpiService: fgesysctrl_getGPIO_status success val=0
05-27 08:44:52.821   581   581 D spi_rst_gpio_get_output: GPIO 145 value: 0
05-27 08:44:52.821   581   581 D spidev_ioctl: gpio status=0)
05-27 18:53:43.863   299 30841 D EvsDriver: forwardFrame
05-27 18:53:43.865   299 30844 D EvsDriver: forwardFrame
05-27 18:53:43.865   299 30841 D EvsDriver: Delivered 0xb400007b7ca56a60 as id 0
05-27 18:53:43.865  1167  1167 D evsmanagerd: /dev/video4 forwarded the buffer #0 to 0xb4000074bf5f6850 from 0xb4000074bf5f41d0
05-27 18:53:43.868   299 30844 D EvsDriver: Delivered 0xb400007b7ca56900 as id 0
05-27 18:53:43.868  1167  1167 D evsmanagerd: /dev/video6 forwarded the buffer #0 to 0xb4000074bf5f5510 from 0xb4000074bf5f6d90
05-27 18:53:43.868   299  1153 D EvsDriver: doneWithFrame
05-27 18:53:43.869  1008 30856 D [OMXB]  : usingANWBuffer: handle:0xee742950, format:1, w:1920, h:1080
05-27 18:53:43.870 13911 14183 I SentryImuMcuAngleSender: 179.96848rollDeg
05-27 18:53:43.870   299  1153 D EvsDriver: doneWithFrame
05-27 18:53:43.871   581   581 I SpiService: fgesysctrl_getGPIO_status success val=1
05-27 18:53:43.870 13911 14183 I SentryImuMcuAngleSender: 1,0,0
05-27 08:44:52.835   581   581 D spi_rst_gpio_get_output: GPIO 145 value: 1
05-27 08:44:52.835   581   581 D spidev_ioctl: gpio status=1)
05-27 08:44:52.841   581   581 D spi_rst_gpio_get_output: GPIO 145 value: 1
05-27 08:44:52.841   581   581 D spidev_ioctl: gpio status=1)
05-27 08:44:52.847   581   581 D spi_rst_gpio_get_output: GPIO 145 value: 1
05-27 08:44:52.847   581   581 D spidev_ioctl: gpio status=1)
05-27 18:53:43.873 10934 11021 D ANWStack: Realtek Bluetooth :01 01 10 00
05-27 18:53:43.874   283   307 I rvcservice: t.code = 3, t.value = 0
05-27 18:53:43.877   581   581 I SpiService: fgesysctrl_getGPIO_status success val=1
05-27 18:53:43.883   581   581 I SpiService: fgesysctrl_getGPIO_status success val=1
05-27 18:53:43.886   299 30841 D EvsDriver: forwardFrame
05-27 18:53:43.887  1167  1167 D evsmanagerd: /dev/video4 forwarded the buffer #0 to 0xb4000074bf5f6850 from 0xb4000074bf5f41d0
05-27 18:53:43.887   299 30841 D EvsDriver: Delivered 0xb400007b7ca56a60 as id 0
05-27 18:53:43.889   581   581 I SpiService: fgesysctrl_getGPIO_status success val=1
05-27 18:53:43.890   299 30844 D EvsDriver: forwardFrame
05-27 18:53:43.891 13911 14183 I SentryImuMcuAngleSender: 179.97899rollDeg
05-27 18:53:43.892 13911 14183 I SentryImuMcuAngleSender: 1,0,0
05-27 18:53:43.892   299 30844 D EvsDriver: Delivered 0xb400007b7ca56900 as id 0
05-27 18:53:43.892  1167  1167 D evsmanagerd: /dev/video6 forwarded the buffer #0 to 0xb4000074bf5f5510 from 0xb4000074bf5f6d90
05-27 18:53:43.892   536   536 D commservice260303: msg.id = 1028,1
05-27 18:53:43.892   536   536 D commservice260303: i = 170, msgid = 8A000404
05-27 08:44:52.854   581   581 D spi_rst_gpio_get_output: GPIO 145 value: 1
05-27 18:53:43.892   536   536 D commservice260303: msgid = -1979710460,did=138
05-27 08:44:52.854   581   581 D spidev_ioctl: gpio status=1)
05-27 18:53:43.892   536   536 D commservice260303: CommProtocolLibCmdBaseI2C::dataproc {"command":{"id":"imu_status","sub":""},"content":{"TimeStamp":11,"FrameCounter":259916,"GD_X":-0.012599040754139423,"GD_Y":0.004580949433147907,"GD_Z":0.0029768107924610376,"AD_X":-0.0030605196952819824,"AD_Y":0.0015825419686734676,"AD_Z":-0.1719207763671875,"TempDsp":0,"Status":0,"CalibState":1,"SigAmpInvalid":0}},-1979710460
05-27 18:53:43.893   536   536 D commservice260303: send2Cluster len:317, 7B22636F6D6D616E64223A7B226964223A22696D755F737461747573222C22737562223A22227D2C22636F6E74656E74223A7B2254696D655374616D70223A31312C224672616D65436F756E746572223A3235393931362C2247445F58223A2D302E3031323539393034303735343133393432332C2247445F59223A302E3030343538303934393433333134373930372C2247445F5A223A302E303032393736383130373932343631303337362C2241445F58223A2D302E303033303630353139363935323831393832342C2241445F59223A302E303031353832353431393638363733343637362C2241445F5A223A2D302E313731393230373736333637313837352C2254656D70447370223A302C22537461747573223A302C2243616C69625374617465223A312C22536967416D70496E76616C6964223A307D7D, 138 
05-27 18:53:43.893   536   536 D commservice260303: Push Message into SendPool fn=-1439169536
05-27 18:53:43.893   536   536 D commservice260303: ComProtocolLibSend2Cluster::send2ClusterRaw fn=-1439169536 , len=333
05-27 18:53:43.893   536   536 D commservice260303: sendCmdToPort :333!!!
05-27 18:53:43.893   536   536 D commservice260303: send Cmd To Port ++++5AA501498A01000438AA6A16CD377B22636F6D6D616E64223A7B226964223A22696D755F737461747573222C22737562223A22227D2C22636F6E74656E74223A7B2254696D655374616D70223A31312C224672616D65436F756E746572223A3235393931362C2247445F58223A2D302E3031323539393034303735343133393432332C2247445F59223A302E3030343538303934393433333134373930372C2247445F5A223A302E303032393736383130373932343631303337362C2241445F58223A2D302E303033303630353139363935323831393832342C2241445F59223A302E303031353832353431393638363733343637362C2241445F5A223A2D302E313731393230373736333637313837352C2254656D70447370223A302C22537461747573223A302C2243616C69625374617465223A312C22536967416D70496E76616C6964223A307D7D7718
05-27 18:53:43.893   536   536 D commservice260303: bufferevent_write retrun value = 0
05-27 18:53:43.894 13911 14192 D Sentinelmode_1.2.5.17_sentry: <SentryImuClusterFgeSender>imu_status sent to Linux, frame=259916, tsNs=11091132, tsMs=11, intervalMs=42, ad=(-0.0030605197,0.001582542,-0.17192078), gd=(-0.012599041,0.0045809494,0.0029768108)
05-27 18:53:43.894   536   560 D commservice260303: client datas send succeed,send finish
05-27 18:53:43.894   299  1163 D EvsDriver: doneWithFrame
05-27 18:53:43.894   299  1153 D EvsDriver: doneWithFrame
05-27 18:53:43.895   581   581 I SpiService: fgesysctrl_getGPIO_status success val=1
05-27 18:53:43.895  1008 30857 D [OMXB]  : usingANWBuffer: handle:0xee741b90, format:1, w:1920, h:1080
05-27 08:44:52.859   581   581 D spi_rst_gpio_get_output: GPIO 145 value: 1
05-27 08:44:52.859   581   581 D spidev_ioctl: gpio status=1)
05-27 18:53:43.901   581   581 I SpiService: fgesysctrl_getGPIO_status success val=0
05-27 08:44:52.866   581   581 D spi_rst_gpio_get_output: GPIO 145 value: 0
05-27 08:44:52.866   581   581 D spidev_ioctl: gpio status=0)
05-27 18:53:43.911  1008 30856 D [OMXB]  : usingANWBuffer: handle:0xee744160, format:1, w:1920, h:1080
05-27 18:53:43.912 13911 14183 I SentryImuMcuAngleSender: 179.97899rollDeg
05-27 18:53:43.912 13911 14183 I SentryImuMcuAngleSender: 1,0,0
05-27 18:53:43.914 30773 30789 I dvr_service_: Camera 0: MediaOK:93433971, frames:2130, isKeyFrame:0,pts:11090887134
05-27 18:53:43.916   581   581 I SpiService: fgesysctrl_getGPIO_status success val=1
05-27 08:44:52.881   581   581 D spi_rst_gpio_get_output: GPIO 145 value: 1
05-27 08:44:52.881   581   581 D spidev_ioctl: gpio status=1)
05-27 18:53:43.918   572   622 I Sensors : 230 GyroSensor: x:-0.011530,y:0.004657,z:0.001985
05-27 18:53:43.919   299 30844 D EvsDriver: forwardFrame
05-27 18:53:43.920   299 30844 D EvsDriver: Delivered 0xb400007b7ca56900 as id 0
05-27 18:53:43.920  1167  1167 D evsmanagerd: /dev/video6 forwarded the buffer #0 to 0xb4000074bf5f5510 from 0xb4000074bf5f6d90
05-27 18:53:43.920 30773 30773 E dvr_service_: [myNum:1] Received S**** loss
05-27 18:53:43.921   299  1153 D EvsDriver: doneWithFrame
05-27 18:53:43.922   581   581 I SpiService: fgesysctrl_getGPIO_status success val=1
05-27 08:44:52.886   581   581 D spi_rst_gpio_get_output: GPIO 145 value: 1
05-27 08:44:52.886   581   581 D spidev_ioctl: gpio status=1)
05-27 08:44:52.892   581   581 D spi_rst_gpio_get_output: GPIO 145 value: 1
05-27 08:44:52.892   581   581 D spidev_ioctl: gpio status=1)
05-27 18:53:43.923   299 30841 D EvsDriver: forwardFrame
05-27 18:53:43.925  1167  1167 D evsmanagerd: /dev/video4 forwarded the buffer #0 to 0xb4000074bf5f6850 from 0xb4000074bf5f41d0
05-27 18:53:43.925   299 30841 D EvsDriver: Delivered 0xb400007b7ca56a60 as id 0
05-27 18:53:43.925 30773 30773 E dvr_service_: [myNum:0] Received S**** loss
05-27 18:53:43.926   299  1153 D EvsDriver: doneWithFrame
05-27 18:53:43.927   581   581 I SpiService: fgesysctrl_getGPIO_status success val=1
05-27 18:53:43.928  1008 30857 D [OMXB]  : usingANWBuffer: handle:0xee743500, format:1, w:1920, h:1080
05-27 18:53:43.933 13911 14183 I SentryImuMcuAngleSender: 179.986rollDeg
05-27 18:53:43.933   581   581 I SpiService: fgesysctrl_getGPIO_status success val=1
05-27 18:53:43.933 13911 14183 I SentryImuMcuAngleSender: 1,0,0
05-27 18:53:43.933   536   536 D commservice260303: msg.id = 1028,0
05-27 18:53:43.933   536   536 D commservice260303: i = 170, msgid = 8A000404
05-27 18:53:43.933   536   536 D commservice260303: msgid = -1979710460,did=138
05-27 18:53:43.933   536   536 D commservice260303: CommProtocolLibCmdBaseI2C::dataproc {"command":{"id":"imu_status","sub":""},"content":{"TimeStamp":11,"FrameCounter":259917,"GD_X":-0.01153013575822115,"GD_Y":0.004656890872865915,"GD_Z":0.0019848872907459736,"AD_X":-0.0036659836769104004,"AD_Y":3.573046997189522E-4,"AD_Z":-0.1707010269165039,"TempDsp":0,"Status":0,"CalibState":1,"SigAmpInvalid":0}},-1979710460
05-27 18:53:43.933   536   536 D commservice260303: send2Cluster len:315, 7B22636F6D6D616E64223A7B226964223A22696D755F737461747573222C22737562223A22227D2C22636F6E74656E74223A7B2254696D655374616D70223A31312C224672616D65436F756E746572223A3235393931372C2247445F58223A2D302E30313135333031333537353832323131352C2247445F59223A302E3030343635363839303837323836353931352C2247445F5A223A302E303031393834383837323930373435393733362C2241445F58223A2D302E303033363635393833363736393130343030342C2241445F59223A332E353733303436393937313839353232452D342C2241445F5A223A2D302E313730373031303236393136353033392C2254656D70447370223A302C22537461747573223A302C2243616C69625374617465223A312C22536967416D70496E76616C6964223A307D7D, 138 
05-27 18:53:43.934   536   536 D commservice260303: Push Message into SendPool fn=-1422392320
05-27 18:53:43.934   536   536 D commservice260303: ComProtocolLibSend2Cluster::send2ClusterRaw fn=-1422392320 , len=331
05-27 18:53:43.934   536   536 D commservice260303: sendCmdToPort :331!!!
05-27 18:53:43.934   536   536 D commservice260303: send Cmd To Port ++++5AA501478A01000438AB6A16CD377B22636F6D6D616E64223A7B226964223A22696D755F737461747573222C22737562223A22227D2C22636F6E74656E74223A7B2254696D655374616D70223A31312C224672616D65436F756E746572223A3235393931372C2247445F58223A2D302E30313135333031333537353832323131352C2247445F59223A302E3030343635363839303837323836353931352C2247445F5A223A302E303031393834383837323930373435393733362C2241445F58223A2D302E303033363635393833363736393130343030342C2241445F59223A332E353733303436393937313839353232452D342C2241445F5A223A2D302E313730373031303236393136353033392C2254656D70447370223A302C22537461747573223A302C2243616C69625374617465223A312C22536967416D70496E76616C6964223A307D7DEF65
05-27 18:53:43.934   536   536 D commservice260303: bufferevent_write retrun value = 0
05-27 18:53:43.934   536   560 D commservice260303: client datas send succeed,send finish
05-27 18:53:43.934 13911 14192 D Sentinelmode_1.2.5.17_sentry: <SentryImuClusterFgeSender>imu_status sent to Linux, frame=259917, tsNs=11091168, tsMs=11, intervalMs=40, ad=(-0.0036659837,3.573047E-4,-0.17070103), gd=(-0.011530136,0.004656891,0.0019848873)
05-27 08:44:52.897   581   581 D spi_rst_gpio_get_output: GPIO 145 value: 1
05-27 08:44:52.897   581   581 D spidev_ioctl: gpio status=1)
05-27 18:53:43.938 11344 11344 E SystemUI_NavBarFragment: SysUIConfig.icCarServiceConnected：false
05-27 18:53:43.938   581   581 I SpiService: fgesysctrl_getGPIO_status success val=0
05-27 08:44:52.903   581   581 D spi_rst_gpio_get_output: GPIO 145 value: 0
05-27 08:44:52.903   581   581 D spidev_ioctl: gpio status=0)
05-27 18:53:43.946  1008 30856 D [OMXB]  : usingANWBuffer: handle:0xee744b00, format:1, w:1920, h:1080
05-27 18:53:43.952 13911 13911 I Sentinelmode_1.2.5.17_sentry: <SentinelCarServiceManager>sensorType:291504647
05-27 18:53:43.953   581   581 I SpiService: fgesysctrl_getGPIO_status success val=1
05-27 18:53:43.953 13911 14183 I SentryImuMcuAngleSender: 180.0rollDeg
05-27 18:53:43.954 13911 14183 I SentryImuMcuAngleSender: 1,0,0
05-27 08:44:52.917   581   581 D spi_rst_gpio_get_output: GPIO 145 value: 1
05-27 08:44:52.917   581   581 D spidev_ioctl: gpio status=1)
05-27 18:53:43.958   581   581 I SpiService: fgesysctrl_getGPIO_status success val=1
05-27 08:44:52.923   581   581 D spi_rst_gpio_get_output: GPIO 145 value: 1
05-27 08:44:52.923   581   581 D spidev_ioctl: gpio status=1)
05-27 18:53:43.961   299 30841 D EvsDriver: forwardFrame
05-27 18:53:43.962   299 30844 D EvsDriver: forwardFrame
05-27 18:53:43.963   299 30844 D EvsDriver: Delivered 0xb400007b7ca56900 as id 0
05-27 18:53:43.963   299 30841 D EvsDriver: Delivered 0xb400007b7ca56a60 as id 0
05-27 18:53:43.963  1167  1167 D evsmanagerd: /dev/video6 forwarded the buffer #0 to 0xb4000074bf5f5510 from 0xb4000074bf5f6d90
05-27 18:53:43.963  1167  1479 D evsmanagerd: /dev/video4 forwarded the buffer #0 to 0xb4000074bf5f6850 from 0xb4000074bf5f41d0
05-27 08:44:52.928   581   581 D spi_rst_gpio_get_output: GPIO 145 value: 1
05-27 08:44:52.928   581   581 D spidev_ioctl: gpio status=1)
05-27 18:53:43.964   581   581 I SpiService: fgesysctrl_getGPIO_status success val=1
05-27 18:53:43.969   299  1153 D EvsDriver: doneWithFrame
05-27 18:53:43.969   581   581 I SpiService: fgesysctrl_getGPIO_status success val=1
05-27 18:53:43.969   299  1163 D EvsDriver: doneWithFrame
05-27 08:44:52.934   581   581 D spi_rst_gpio_get_output: GPIO 145 value: 1
05-27 08:44:52.934   581   581 D spidev_ioctl: gpio status=1)
05-27 08:44:52.940   581   581 D spi_rst_gpio_get_output: GPIO 145 value: 1
05-27 08:44:52.940   581   581 D spidev_ioctl: gpio status=1)
05-27 18:53:43.973   536   536 D commservice260303: i = 170, msgid = 8A000404
05-27 18:53:43.973   536   536 D commservice260303: msgid = -1979710460,did=138
05-27 18:53:43.973   536   536 D commservice260303: CommProtocolLibCmdBaseI2C::dataproc {"command":{"id":"imu_status","sub":""},"content":{"TimeStamp":11,"FrameCounter":259918,"GD_X":-0.012063807807862759,"GD_Y":0.004963258747011423,"GD_Z":0.002747945487499237,"AD_X":-0.0018341094255447388,"AD_Y":-0.002072850475087762,"AD_Z":-0.16826248168945312,"TempDsp":0,"Status":0,"CalibState":1,"SigAmpInvalid":0}},-1979710460
05-27 18:53:43.973   536   536 D commservice260303: send2Cluster len:317, 7B22636F6D6D616E64223A7B226964223A22696D755F737461747573222C22737562223A22227D2C22636F6E74656E74223A7B2254696D655374616D70223A31312C224672616D65436F756E746572223A3235393931382C2247445F58223A2D302E3031323036333830373830373836323735392C2247445F59223A302E3030343936333235383734373031313432332C2247445F5A223A302E3030323734373934353438373439393233372C2241445F58223A2D302E303031383334313039343235353434373338382C2241445F59223A2D302E3030323037323835303437353038373736322C2241445F5A223A2D302E31363832363234383136383934353331322C2254656D70447370223A302C22537461747573223A302C2243616C69625374617465223A312C22536967416D70496E76616C6964223A307D7D, 138 
05-27 18:53:43.974   536   536 D commservice260303: Push Message into SendPool fn=-1405615104
05-27 18:53:43.974   536   536 D commservice260303: ComProtocolLibSend2Cluster::send2ClusterRaw fn=-1405615104 , len=333
05-27 18:53:43.974   536   536 D commservice260303: sendCmdToPort :333!!!
05-27 18:53:43.974   536   536 D commservice260303: send Cmd To Port ++++5AA501498A01000438AC6A16CD377B22636F6D6D616E64223A7B226964223A22696D755F737461747573222C22737562223A22227D2C22636F6E74656E74223A7B2254696D655374616D70223A31312C224672616D65436F756E746572223A3235393931382C2247445F58223A2D302E3031323036333830373830373836323735392C2247445F59223A302E3030343936333235383734373031313432332C2247445F5A223A302E3030323734373934353438373439393233372C2241445F58223A2D302E303031383334313039343235353434373338382C2241445F59223A2D302E3030323037323835303437353038373736322C2241445F5A223A2D302E31363832363234383136383934353331322C2254656D70447370223A302C22537461747573223A302C2243616C69625374617465223A312C22536967416D70496E76616C6964223A307D7D1A57
05-27 18:53:43.974 13911 14183 I SentryImuMcuAngleSender: 180.0rollDeg
05-27 18:53:43.974   536   536 D commservice260303: bufferevent_write retrun value = 0
05-27 18:53:43.974 13911 14183 I SentryImuMcuAngleSender: 1,0,0
05-27 18:53:43.974   536   560 D commservice260303: client datas send succeed,send finish
05-27 18:53:43.974   283   307 I rvcservice: t.code = 4, t.value = 0
05-27 18:53:43.974 13911 14192 D Sentinelmode_1.2.5.17_sentry: <SentryImuClusterFgeSender>imu_status sent to Linux, frame=259918, tsNs=11091203, tsMs=11, intervalMs=40, ad=(-0.0018341094,-0.0020728505,-0.16826248), gd=(-0.012063808,0.0049632587,0.0027479455)
05-27 18:53:43.975   581   581 I SpiService: fgesysctrl_getGPIO_status success val=1
05-27 18:53:43.977  1008 30857 D [OMXB]  : usingANWBuffer: handle:0xee742060, format:1, w:1920, h:1080
05-27 08:44:52.945   581   581 D spi_rst_gpio_get_output: GPIO 145 value: 0
05-27 08:44:52.945   581   581 D spidev_ioctl: gpio status=0)
05-27 18:53:43.980   581   581 I SpiService: fgesysctrl_getGPIO_status success val=0
05-27 18:53:43.984  1008 30856 D [OMXB]  : usingANWBuffer: handle:0xee7421c0, format:1, w:1920, h:1080
05-27 18:53:43.991   299 30841 D EvsDriver: forwardFrame
05-27 18:53:43.991   299 30844 D EvsDriver: forwardFrame
05-27 18:53:43.994   299 30844 D EvsDriver: Delivered 0xb400007b7ca56900 as id 0
05-27 18:53:43.994  1167  1479 D evsmanagerd: /dev/video6 forwarded the buffer #0 to 0xb4000074bf5f5510 from 0xb4000074bf5f6d90
05-27 18:53:43.994  1167  1479 D evsmanagerd: /dev/video4 forwarded the buffer #0 to 0xb4000074bf5f6850 from 0xb4000074bf5f41d0
05-27 08:44:52.960   581   581 D spi_rst_gpio_get_output: GPIO 145 value: 1
05-27 08:44:52.960   581   581 D spidev_ioctl: gpio status=1)
05-27 18:53:43.994   299 30841 D EvsDriver: Delivered 0xb400007b7ca56a60 as id 0
05-27 18:53:43.995   481   598 I mcuc    : rev,n=1,6AA681DF6500358900870600030000000000000000640064006410100000000000000000000000000000000000000000000000000000000000000000A1
05-27 18:53:43.995   581   581 I SpiService: fgesysctrl_getGPIO_status success val=1
05-27 18:53:43.996   351   373 D automotive.vehicle@2.0-adayo-datacomm-mcu: MCUDatacomm sendMessageFromVehicle prop: 0x89, areaId: 0x0, status: 0x87, timestamp: 0x6
05-27 18:53:43.996   351   373 D automotive.vehicle@2.0-adayo-datacomm-mcu: MCUDatacomm 1sendMessageFromVehicle ---> type = 3 
05-27 18:53:43.996   351   373 D automotive.vehicle@2.0-adayo-func-bcm: sendMessageFromVehicle sendMessageFromVehicle
05-27 18:53:43.996   351   516 D automotive.vehicle@2.0-adayo-func-bcm: jjfan1 ______procotolSize :45
05-27 18:53:43.996   351   516 D automotive.vehicle@2.0-adayo-func-bcm: BCMFunc sendMessageFromVehicle_l dataType: 12,mByte=8,propid=0x21600001
05-27 18:53:43.996   351   516 D automotive.vehicle@2.0-adayo-func-bcm: BCMFunc sendMessageFromVehicle_l msgBuff[8]=0x0,start:2,len:11,temp:6,
05-27 18:53:43.996   351   516 D automotive.vehicle@2.0-adayo-func-bcm: BCMFunc sendMessageFromVehicle_l msgBuff[7]=0x0,start:0,len:5,temp:5,
05-27 18:53:43.996   351   516 D automotive.vehicle@2.0-adayo-func-bcm: BCMFunc sendMessageFromVehicle_l prop: 0x21600001 , SPLITE_BIT_DATA_INTEGER1 data:0
05-27 18:53:43.997   351   516 D automotive.vehicle@2.0-adayo-func-bcm: BCMFunc sendMessageFromVehicle_l prop: 0x21600001 , SPLITE_BIT_DATA_INTEGER4 procotol.calc[0]:0.100000,procotol.calc[1]:0.000000
05-27 18:53:43.997   351   516 D automotive.vehicle@2.0-adayo-func-bcm: BCMFunc sendMessageFromVehicle_l prop: 0x21600001 ,areaId: 0x0  SPLITE_BIT_DATA_INTEGER : 0.000000,calc[0]:0.100000,calc[1]:0.000000
05-27 18:53:43.997   351   516 D automotive.vehicle@2.0-adayo-func-bcm: BCMFunc sendMessageFromVehicle_l id:559939585, area:0 not report! 
05-27 18:53:43.997   351   516 D automotive.vehicle@2.0-adayo-func-bcm: BCMFunc sendMessageFromVehicle_l dataType: 12,mByte=9,propid=0x2140004d
05-27 18:53:43.997   351   516 D automotive.vehicle@2.0-adayo-func-bcm: BCMFunc sendMessageFromVehicle_l msgBuff[9]=0x0,start:0,len:3,temp:3,
05-27 18:53:43.997   351   516 D automotive.vehicle@2.0-adayo-func-bcm: BCMFunc sendMessageFromVehicle_l prop: 0x2140004d ,areaId: 0x0  SPLITE_BIT_DATA_INTEGER : 0
05-27 18:53:43.997   351   516 D automotive.vehicle@2.0-adayo-func-bcm: BCMFunc sendMessageFromVehicle_l id:557842509, area:0 not report! 
05-27 18:53:43.997   351   516 D automotive.vehicle@2.0-adayo-func-bcm: BCMFunc sendMessageFromVehicle_l dataType: 12,mByte=10,propid=0x21400009
05-27 18:53:43.997   351   516 D automotive.vehicle@2.0-adayo-func-bcm: BCMFunc sendMessageFromVehicle_l msgBuff[10]=0x0,start:0,len:3,temp:3,
05-27 18:53:43.997   351   516 D automotive.vehicle@2.0-adayo-func-bcm: BCMFunc sendMessageFromVehicle_l prop: 0x21400009 ,areaId: 0x0  SPLITE_BIT_DATA_INTEGER : 0
05-27 18:53:43.997   351   516 D automotive.vehicle@2.0-adayo-func-bcm: BCMFunc sendMessageFromVehicle_l id:557842441, area:0 not report! 
05-27 18:53:43.997   351   516 D automotive.vehicle@2.0-adayo-func-bcm: BCMFunc sendMessageFromVehicle_l dataType: 12,mByte=10,propid=0x2140000a
05-27 18:53:43.997   351   516 D automotive.vehicle@2.0-adayo-func-bcm: BCMFunc sendMessageFromVehicle_l msgBuff[10]=0x0,start:4,len:3,temp:3,
05-27 18:53:43.997   351   516 D automotive.vehicle@2.0-adayo-func-bcm: BCMFunc sendMessageFromVehicle_l prop: 0x2140000a ,areaId: 0x0  SPLITE_BIT_DATA_INTEGER : 0
05-27 18:53:43.997   351   516 D automotive.vehicle@2.0-adayo-func-bcm: BCMFunc sendMessageFromVehicle_l id:557842442, area:0 not report! 
05-27 18:53:43.997   351   516 D automotive.vehicle@2.0-adayo-func-bcm: BCMFunc sendMessageFromVehicle_l dataType: 12,mByte=11,propid=0x21400096
05-27 18:53:43.997   351   516 D automotive.vehicle@2.0-adayo-func-bcm: BCMFunc sendMessageFromVehicle_l msgBuff[11]=0x0,start:0,len:8,temp:8,
05-27 18:53:43.997   351   516 D automotive.vehicle@2.0-adayo-func-bcm: BCMFunc sendMessageFromVehicle_l prop: 0x21400096 ,areaId: 0x0  SPLITE_BIT_DATA_INTEGER : 0
05-27 18:53:43.997   351   516 D automotive.vehicle@2.0-adayo-func-bcm: BCMFunc sendMessageFromVehicle_l id:557842582, area:0 not report! 
05-27 18:53:43.997   351   516 D automotive.vehicle@2.0-adayo-func-bcm: BCMFunc sendMessageFromVehicle_l dataType: 12,mByte=12,propid=0x2140008a
05-27 18:53:43.997   351   516 D automotive.vehicle@2.0-adayo-func-bcm: BCMFunc sendMessageFromVehicle_l msgBuff[12]=0x0,start:0,len:4,temp:4,
05-27 18:53:43.997   351   516 D automotive.vehicle@2.0-adayo-func-bcm: BCMFunc sendMessageFromVehicle_l prop: 0x2140008a ,areaId: 0x0  SPLITE_BIT_DATA_INTEGER : 0
05-27 18:53:43.998   351   516 D automotive.vehicle@2.0-adayo-func-bcm: BCMFunc sendMessageFromVehicle_l id:557842570, area:0 not report! 
05-27 18:53:43.998   351   516 D automotive.vehicle@2.0-adayo-func-bcm: BCMFunc sendMessageFromVehicle_l dataType: 12,mByte=14,propid=0x21400005
05-27 18:53:43.998   351   516 D automotive.vehicle@2.0-adayo-func-bcm: BCMFunc sendMessageFromVehicle_l msgBuff[14]=0x64,start:0,len:10,temp:8,
05-27 18:53:43.998   351   516 D automotive.vehicle@2.0-adayo-func-bcm: BCMFunc sendMessageFromVehicle_l msgBuff[13]=0x0,start:0,len:2,temp:2,
05-27 08:44:52.966   581   581 D spi_rst_gpio_get_output: GPIO 145 value: 1
05-27 08:44:52.966   581   581 D spidev_ioctl: gpio status=1)
05-27 18:53:43.998   351   516 D automotive.vehicle@2.0-adayo-func-bcm: BCMFunc sendMessageFromVehicle_l prop: 0x21400005 ,areaId: 0x0  SPLITE_BIT_DATA_INTEGER : 100
05-27 18:53:43.998   351   516 D automotive.vehicle@2.0-adayo-func-bcm: BCMFunc sendMessageFromVehicle_l id:557842437, area:0 not report! 
05-27 18:53:43.998   351   516 D automotive.vehicle@2.0-adayo-func-bcm: BCMFunc sendMessageFromVehicle_l dataType: 12,mByte=16,propid=0x21600006
05-27 18:53:43.998   351   516 D automotive.vehicle@2.0-adayo-func-bcm: BCMFunc sendMessageFromVehicle_l msgBuff[16]=0x64,start:0,len:10,temp:8,
05-27 18:53:43.998   351   516 D automotive.vehicle@2.0-adayo-func-bcm: BCMFunc sendMessageFromVehicle_l msgBuff[15]=0x0,start:0,len:2,temp:2,
05-27 18:53:43.998   351   516 D automotive.vehicle@2.0-adayo-func-bcm: BCMFunc sendMessageFromVehicle_l prop: 0x21600006 , SPLITE_BIT_DATA_INTEGER1 data:100
05-27 18:53:43.998   351   516 D automotive.vehicle@2.0-adayo-func-bcm: BCMFunc sendMessageFromVehicle_l prop: 0x21600006 , SPLITE_BIT_DATA_INTEGER4 procotol.calc[0]:0.100000,procotol.calc[1]:0.000000
05-27 18:53:43.998   351   516 D automotive.vehicle@2.0-adayo-func-bcm: BCMFunc sendMessageFromVehicle_l prop: 0x21600006 ,areaId: 0x0  SPLITE_BIT_DATA_INTEGER : 80.000000,calc[0]:0.100000,calc[1]:0.000000
05-27 18:53:43.998   351   516 D automotive.vehicle@2.0-adayo-func-bcm: BCMFunc sendMessageFromVehicle_l id:559939590, area:0 not report! 
05-27 18:53:43.998   351   516 D automotive.vehicle@2.0-adayo-func-bcm: BCMFunc sendMessageFromVehicle_l dataType: 12,mByte=18,propid=0x21600007
05-27 18:53:43.998   351   516 D automotive.vehicle@2.0-adayo-func-bcm: BCMFunc sendMessageFromVehicle_l msgBuff[18]=0x64,start:0,len:10,temp:8,
05-27 18:53:43.998   351   516 D automotive.vehicle@2.0-adayo-func-bcm: BCMFunc sendMessageFromVehicle_l msgBuff[17]=0x0,start:0,len:2,temp:2,
05-27 18:53:43.998   351   516 D automotive.vehicle@2.0-adayo-func-bcm: BCMFunc sendMessageFromVehicle_l prop: 0x21600007 , SPLITE_BIT_DATA_INTEGER1 data:100
05-27 18:53:43.998   351   516 D automotive.vehicle@2.0-adayo-func-bcm: BCMFunc sendMessageFromVehicle_l prop: 0x21600007 , SPLITE_BIT_DATA_INTEGER4 procotol.calc[0]:0.100000,procotol.calc[1]:0.000000
05-27 18:53:43.998   351   516 D automotive.vehicle@2.0-adayo-func-bcm: BCMFunc sendMessageFromVehicle_l prop: 0x21600007 ,areaId: 0x0  SPLITE_BIT_DATA_INTEGER : 70.000000,calc[0]:0.100000,calc[1]:0.000000
05-27 18:53:43.998   351   516 D automotive.vehicle@2.0-adayo-func-bcm: BCMFunc sendMessageFromVehicle_l id:559939591, area:0 not report! 
05-27 18:53:43.998   351   516 D automotive.vehicle@2.0-adayo-func-bcm: BCMFunc sendMessageFromVehicle_l dataType: 12,mByte=19,propid=0x21400087
05-27 18:53:43.998   351   516 D automotive.vehicle@2.0-adayo-func-bcm: BCMFunc sendMessageFromVehicle_l msgBuff[19]=0x10,start:3,len:1,temp:1,
05-27 18:53:43.998   351   516 D automotive.vehicle@2.0-adayo-func-bcm: BCMFunc sendMessageFromVehicle_l prop: 0x21400087 ,areaId: 0x0  SPLITE_BIT_DATA_INTEGER : 0
05-27 18:53:43.998   351   516 D automotive.vehicle@2.0-adayo-func-bcm: BCMFunc sendMessageFromVehicle_l id:557842567, area:0 not report! 
05-27 18:53:43.998   351   516 D automotive.vehicle@2.0-adayo-func-bcm: BCMFunc sendMessageFromVehicle_l dataType: 12,mByte=19,propid=0x2140004e
05-27 18:53:43.998   351   516 D automotive.vehicle@2.0-adayo-func-bcm: BCMFunc sendMessageFromVehicle_l msgBuff[19]=0x10,start:5,len:1,temp:1,
05-27 18:53:43.998   351   516 D automotive.vehicle@2.0-adayo-func-bcm: BCMFunc sendMessageFromVehicle_l prop: 0x2140004e ,areaId: 0x0  SPLITE_BIT_DATA_INTEGER : 0
05-27 08:44:52.975   581   581 D spi_rst_gpio_get_output: GPIO 145 value: 1
05-27 18:53:43.998   351   516 D automotive.vehicle@2.0-adayo-func-bcm: BCMFunc sendMessageFromVehicle_l id:557842510, area:0 not report! 
05-27 18:53:43.998   351   516 D automotive.vehicle@2.0-adayo-func-bcm: BCMFunc sendMessageFromVehicle_l dataType: 12,mByte=19,propid=0x2140004f
05-27 18:53:43.998   351   516 D automotive.vehicle@2.0-adayo-func-bcm: BCMFunc sendMessageFromVehicle_l msgBuff[19]=0x10,start:7,len:1,temp:1,
05-27 18:53:43.998   351   516 D automotive.vehicle@2.0-adayo-func-bcm: BCMFunc sendMessageFromVehicle_l prop: 0x2140004f ,areaId: 0x0  SPLITE_BIT_DATA_INTEGER : 0
05-27 18:53:43.999   351   516 D automotive.vehicle@2.0-adayo-func-bcm: BCMFunc sendMessageFromVehicle_l id:557842511, area:0 not report! 
05-27 18:53:43.999   351   516 D automotive.vehicle@2.0-adayo-func-bcm: BCMFunc sendMessageFromVehicle_l dataType: 12,mByte=20,propid=0x21400031
05-27 18:53:43.999   351   516 D automotive.vehicle@2.0-adayo-func-bcm: BCMFunc sendMessageFromVehicle_l msgBuff[20]=0x10,start:0,len:3,temp:3,
05-27 18:53:43.999   351   516 D automotive.vehicle@2.0-adayo-func-bcm: BCMFunc sendMessageFromVehicle_l prop: 0x21400031 ,areaId: 0x0  SPLITE_BIT_DATA_INTEGER : 0
05-27 08:44:52.975   581   581 D spidev_ioctl: gpio status=1)
05-27 08:44:52.980   581   581 D spi_rst_gpio_get_output: GPIO 145 value: 1
05-27 08:44:52.980   581   581 D spidev_ioctl: gpio status=1)
05-27 18:53:43.999   351   516 D automotive.vehicle@2.0-adayo-func-bcm: BCMFunc sendMessageFromVehicle_l id:557842481, area:0 not report! 
05-27 18:53:43.999   351   516 D automotive.vehicle@2.0-adayo-func-bcm: BCMFunc sendMessageFromVehicle_l dataType: 12,mByte=20,propid=0x2140003a
05-27 18:53:43.999   351   516 D automotive.vehicle@2.0-adayo-func-bcm: BCMFunc sendMessageFromVehicle_l msgBuff[20]=0x10,start:5,len:3,temp:3,
05-27 18:53:43.999   351   516 D automotive.vehicle@2.0-adayo-func-bcm: BCMFunc sendMessageFromVehicle_l prop: 0x2140003a ,areaId: 0x0  SPLITE_BIT_DATA_INTEGER : 0
05-27 18:53:43.999   351   516 D automotive.vehicle@2.0-adayo-func-bcm: BCMFunc sendMessageFromVehicle_l id:557842490, area:0 not report! 
05-27 18:53:43.999   351   516 D automotive.vehicle@2.0-adayo-func-bcm: BCMFunc sendMessageFromVehicle_l dataType: 12,mByte=21,propid=0x2140008b
05-27 18:53:43.999   351   516 D automotive.vehicle@2.0-adayo-func-bcm: BCMFunc sendMessageFromVehicle_l msgBuff[21]=0x0,start:0,len:3,temp:3,
05-27 18:53:43.999   351   516 D automotive.vehicle@2.0-adayo-func-bcm: BCMFunc sendMessageFromVehicle_l prop: 0x2140008b ,areaId: 0x0  SPLITE_BIT_DATA_INTEGER : 0
05-27 18:53:43.999   351   516 D automotive.vehicle@2.0-adayo-func-bcm: BCMFunc sendMessageFromVehicle_l id:557842571, area:0 not report! 
05-27 18:53:43.999   351   516 D automotive.vehicle@2.0-adayo-func-bcm: BCMFunc sendMessageFromVehicle_l dataType: 12,mByte=22,propid=0x2140008c
05-27 18:53:43.999   351   516 D automotive.vehicle@2.0-adayo-func-bcm: BCMFunc sendMessageFromVehicle_l msgBuff[22]=0x0,start:1,len:1,temp:1,
05-27 18:53:43.999   351   516 D automotive.vehicle@2.0-adayo-func-bcm: BCMFunc sendMessageFromVehicle_l prop: 0x2140008c ,areaId: 0x0  SPLITE_BIT_DATA_INTEGER : 0
05-27 18:53:43.999   351   516 D automotive.vehicle@2.0-adayo-func-bcm: BCMFunc sendMessageFromVehicle_l id:557842572, area:0 not report! 
05-27 18:53:43.999   351   516 D automotive.vehicle@2.0-adayo-func-bcm: BCMFunc sendMessageFromVehicle_l dataType: 12,mByte=23,propid=0x2140008e
05-27 18:53:43.999   351   516 D automotive.vehicle@2.0-adayo-func-bcm: BCMFunc sendMessageFromVehicle_l msgBuff[23]=0x0,start:0,len:1,temp:1,
05-27 18:53:43.999   351   516 D automotive.vehicle@2.0-adayo-func-bcm: BCMFunc sendMessageFromVehicle_l prop: 0x2140008e ,areaId: 0x0  SPLITE_BIT_DATA_INTEGER : 0
05-27 18:53:43.999   351   516 D automotive.vehicle@2.0-adayo-func-bcm: BCMFunc sendMessageFromVehicle_l id:557842574, area:0 not report! 
05-27 18:53:43.999   351   516 D automotive.vehicle@2.0-adayo-func-bcm: BCMFunc sendMessageFromVehicle_l dataType: 12,mByte=23,propid=0x2140008f
05-27 18:53:43.999   351   516 D automotive.vehicle@2.0-adayo-func-bcm: BCMFunc sendMessageFromVehicle_l msgBuff[23]=0x0,start:1,len:1,temp:1,
05-27 18:53:43.999   351   516 D automotive.vehicle@2.0-adayo-func-bcm: BCMFunc sendMessageFromVehicle_l prop: 0x2140008f ,areaId: 0x0  SPLITE_BIT_DATA_INTEGER : 0
05-27 18:53:43.999   351   516 D automotive.vehicle@2.0-adayo-func-bcm: BCMFunc sendMessageFromVehicle_l id:557842575, area:0 not report! 
05-27 18:53:43.999   351   516 D automotive.vehicle@2.0-adayo-func-bcm: BCMFunc sendMessageFromVehicle_l dataType: 12,mByte=24,propid=0x2140000b
05-27 18:53:43.999   351   516 D automotive.vehicle@2.0-adayo-func-bcm: BCMFunc sendMessageFromVehicle_l msgBuff[24]=0x0,start:2,len:3,temp:3,
05-27 18:53:43.999   351   516 D automotive.vehicle@2.0-adayo-func-bcm: BCMFunc sendMessageFromVehicle_l prop: 0x2140000b ,areaId: 0x0  SPLITE_BIT_DATA_INTEGER : 0
05-27 18:53:43.999   351   516 D automotive.vehicle@2.0-adayo-func-bcm: BCMFunc sendMessageFromVehicle_l id:557842443, area:0 not report! 
05-27 18:53:43.999   351   516 D automotive.vehicle@2.0-adayo-func-bcm: BCMFunc sendMessageFromVehicle_l dataType: 12,mByte=26,propid=0x21400086
05-27 18:53:43.999   351   516 D automotive.vehicle@2.0-adayo-func-bcm: BCMFunc sendMessageFromVehicle_l msgBuff[26]=0x0,start:0,len:11,temp:8,
05-27 18:53:43.999   351   516 D automotive.vehicle@2.0-adayo-func-bcm: BCMFunc sendMessageFromVehicle_l msgBuff[25]=0x0,start:0,len:3,temp:3,
05-27 18:53:43.999   351   516 D automotive.vehicle@2.0-adayo-func-bcm: BCMFunc sendMessageFromVehicle_l prop: 0x21400086 ,areaId: 0x0  SPLITE_BIT_DATA_INTEGER : 0
05-27 18:53:43.999   351   516 D automotive.vehicle@2.0-adayo-func-bcm: BCMFunc sendMessageFromVehicle_l id:557842566, area:0 not report! 
05-27 18:53:43.999   351   516 D automotive.vehicle@2.0-adayo-func-bcm: BCMFunc sendMessageFromVehicle_l dataType: 12,mByte=28,propid=0x21600004
05-27 18:53:44.000   351   516 D automotive.vehicle@2.0-adayo-func-bcm: BCMFunc sendMessageFromVehicle_l msgBuff[28]=0x0,start:0,len:16,temp:8,
05-27 18:53:44.000   351   516 D automotive.vehicle@2.0-adayo-func-bcm: BCMFunc sendMessageFromVehicle_l msgBuff[27]=0x0,start:0,len:8,temp:8,
05-27 18:53:44.000   351   516 D automotive.vehicle@2.0-adayo-func-bcm: BCMFunc sendMessageFromVehicle_l prop: 0x21600004 , SPLITE_BIT_DATA_INTEGER1 data:0
05-27 18:53:44.000   351   516 D automotive.vehicle@2.0-adayo-func-bcm: BCMFunc sendMessageFromVehicle_l prop: 0x21600004 , SPLITE_BIT_DATA_INTEGER4 procotol.calc[0]:0.100000,procotol.calc[1]:0.000000
05-27 18:53:44.000   351   516 D automotive.vehicle@2.0-adayo-func-bcm: BCMFunc sendMessageFromVehicle_l prop: 0x21600004 ,areaId: 0x0  SPLITE_BIT_DATA_INTEGER : 0.000000,calc[0]:0.100000,calc[1]:0.000000
05-27 18:53:44.000 13911 14183 I SentryImuMcuAngleSender: -179.98949rollDeg
05-27 18:53:44.000   351   516 D automotive.vehicle@2.0-adayo-func-bcm: BCMFunc sendMessageFromVehicle_l id:559939588, area:0 not report! 
05-27 18:53:44.000   351   516 D automotive.vehicle@2.0-adayo-func-bcm: BCMFunc sendMessageFromVehicle_l dataType: 12,mByte=30,propid=0x21400003
05-27 18:53:44.000   351   516 D automotive.vehicle@2.0-adayo-func-bcm: BCMFunc sendMessageFromVehicle_l msgBuff[30]=0x0,start:0,len:16,temp:8,
05-27 18:53:44.000   351   516 D automotive.vehicle@2.0-adayo-func-bcm: BCMFunc sendMessageFromVehicle_l msgBuff[29]=0x0,start:0,len:8,temp:8,
05-27 18:53:44.000 13911 14183 I SentryImuMcuAngleSender: 1,0,0
05-27 18:53:44.000   351   516 D automotive.vehicle@2.0-adayo-func-bcm: BCMFunc sendMessageFromVehicle_l prop: 0x21400003 ,areaId: 0x0  SPLITE_BIT_DATA_INTEGER : 0
05-27 18:53:44.000   351   516 D automotive.vehicle@2.0-adayo-func-bcm: BCMFunc sendMessageFromVehicle_l id:557842435, area:0 not report! 
05-27 18:53:44.000   351   516 D automotive.vehicle@2.0-adayo-func-bcm: BCMFunc sendMessageFromVehicle_l dataType: 12,mByte=32,propid=0x21600002
