05-27 08:44:53.498   581   581 D spidev_ioctl: gpio status=1)
05-27 18:53:44.535  1008 30856 D [OMXB]  : usingANWBuffer: handle:0xee7404e0, format:1, w:1920, h:1080
05-27 18:53:44.536 11130 11130 D AnwSdkService: [android.permission.READ_EXTERNAL_STORAGE] permision is GRANTED
05-27 18:53:44.536 11130 11130 D AnwSdkService: [android.permission.WRITE_EXTERNAL_STORAGE] permision is GRANTED
05-27 18:53:44.539   581   581 I SpiService: fgesysctrl_getGPIO_status success val=1
05-27 08:44:53.504   581   581 D spi_rst_gpio_get_output: GPIO 145 value: 1
05-27 08:44:53.504   581   581 D spidev_ioctl: gpio status=1)
05-27 18:53:44.542   536   536 D commservice260303: msg.id = 1028,0
05-27 18:53:44.542   536   536 D commservice260303: i = 170, msgid = 8A000404
05-27 18:53:44.542   536   536 D commservice260303: msgid = -1979710460,did=138
05-27 18:53:44.542   536   536 D commservice260303: CommProtocolLibCmdBaseI2C::dataproc {"command":{"id":"imu_status","sub":""},"content":{"TimeStamp":11,"FrameCounter":259932,"GD_X":-0.011834942735731602,"GD_Y":0.0048857564106583595,"GD_Z":0.0019848872907459736,"AD_X":-0.0012916475534439087,"AD_Y":0.001594725763425231,"AD_Z":-0.1694812774658203,"TempDsp":0,"Status":0,"CalibState":1,"SigAmpInvalid":0}},-1979710460
05-27 18:53:44.542   536   536 D commservice260303: send2Cluster len:317, 7B22636F6D6D616E64223A7B226964223A22696D755F737461747573222C22737562223A22227D2C22636F6E74656E74223A7B2254696D655374616D70223A31312C224672616D65436F756E746572223A3235393933322C2247445F58223A2D302E3031313833343934323733353733313630322C2247445F59223A302E303034383835373536343130363538333539352C2247445F5A223A302E303031393834383837323930373435393733362C2241445F58223A2D302E303031323931363437353533343433393038372C2241445F59223A302E3030313539343732353736333432353233312C2241445F5A223A2D302E313639343831323737343635383230332C2254656D70447370223A302C22537461747573223A302C2243616C69625374617465223A312C22536967416D70496E76616C6964223A307D7D, 138 
05-27 18:53:44.542   536   536 D commservice260303: Push Message into SendPool fn=-1170734080
05-27 18:53:44.542   536   536 D commservice260303: ComProtocolLibSend2Cluster::send2ClusterRaw fn=-1170734080 , len=333
05-27 18:53:44.542   536   536 D commservice260303: sendCmdToPort :333!!!
05-27 18:53:44.542   536   536 D commservice260303: send Cmd To Port ++++5AA501498A01000438BA6A16CD387B22636F6D6D616E64223A7B226964223A22696D755F737461747573222C22737562223A22227D2C22636F6E74656E74223A7B2254696D655374616D70223A31312C224672616D65436F756E746572223A3235393933322C2247445F58223A2D302E3031313833343934323733353733313630322C2247445F59223A302E303034383835373536343130363538333539352C2247445F5A223A302E303031393834383837323930373435393733362C2241445F58223A2D302E303031323931363437353533343433393038372C2241445F59223A302E3030313539343732353736333432353233312C2241445F5A223A2D302E313639343831323737343635383230332C2254656D70447370223A302C22537461747573223A302C2243616C69625374617465223A312C22536967416D70496E76616C6964223A307D7DBECD
05-27 18:53:44.542   536   536 D commservice260303: bufferevent_write retrun value = 0
05-27 18:53:44.543   536   560 D commservice260303: client datas send succeed,send finish
05-27 18:53:44.543 13911 14192 D Sentinelmode_1.2.5.17_sentry: <SentryImuClusterFgeSender>imu_status sent to Linux, frame=259932, tsNs=11091774, tsMs=11, intervalMs=39, ad=(-0.0012916476,0.0015947258,-0.16948128), gd=(-0.011834943,0.0048857564,0.0019848873)
05-27 18:53:44.544   536   760 I commservice260303: [mcuCommFunctionTcp::ProtocolCheckConnectTimeOutProc:613] keyID:256,tcpEvent:5,tcpcount:0,heartbeat:1,noHeartBeatNumber:0,endispatch:0,strState:0
05-27 18:53:44.544   536   760 D commservice260303: ProtocolCheckConnectTimeOutProc,629,clear heartbeat
05-27 18:53:44.545 11130 11130 D AnwSdkService: onCreate end
05-27 18:53:44.545   581   581 I SpiService: fgesysctrl_getGPIO_status success val=1
05-27 18:53:44.546 11130 11130 D AnwSdkService: onBind
05-27 08:44:53.510   581   581 D spi_rst_gpio_get_output: GPIO 145 value: 1
05-27 08:44:53.510   581   581 D spidev_ioctl: gpio status=1)
05-27 18:53:44.548 13435 13435 D BtManager: onServiceConnected
05-27 18:53:44.550 11130 11157 D AnwSdkService: GetPowerStatus = POWER_OFF
05-27 18:53:44.550 11130 11157 D AnwSdkService: ANWBT_GetBTPowerStatus() POWER_OFF
05-27 18:53:44.550 11130 11157 D AnwSdkService: GetPowerStatus = POWER_OFF
05-27 18:53:44.550 13435 13435 D BtManager: ANWBT_BTPowerOn
05-27 18:53:44.550 13435 13435 D BtManager: ANWBT_GetBTPowerStatus
05-27 18:53:44.550   581   581 I SpiService: fgesysctrl_getGPIO_status success val=0
05-27 18:53:44.551 11130 11157 D AnwSdkService: GetPowerStatus = POWER_OFF
05-27 18:53:44.551 11130 11157 D AnwSdkService: ANWBT_GetBTPowerStatus() POWER_OFF
05-27 18:53:44.551 11130 11157 D AnwSdkService: GetPowerStatus = POWER_OFF
05-27 08:44:53.515   581   581 D spi_rst_gpio_get_output: GPIO 145 value: 0
05-27 08:44:53.515   581   581 D spidev_ioctl: gpio status=0)
05-27 18:53:44.553   299 30844 D EvsDriver: forwardFrame
05-27 18:53:44.554  1008 30857 D [OMXB]  : usingANWBuffer: handle:0xee7406f0, format:1, w:1920, h:1080
05-27 18:53:44.554   299 30844 D EvsDriver: Delivered 0xb400007b7ca56900 as id 0
05-27 18:53:44.554 13911 14183 I SentryImuMcuAngleSender: 179.97546rollDeg
05-27 18:53:44.554 13911 14183 I SentryImuMcuAngleSender: 1,0,0
05-27 18:53:44.554  1167  1167 D evsmanagerd: /dev/video6 forwarded the buffer #0 to 0xb4000074bf5f5510 from 0xb4000074bf5f6d90
05-27 18:53:44.555 11130 11157 D AnwSdkService: anw-update,bt_java_data:20260516
05-27 18:53:44.555 11130 11157 D AnwSdkService: ANWBT_BTPowerOn()
05-27 18:53:44.556 11130 11157 D AnwSdkService: GetPowerStatus = POWER_OFF
05-27 18:53:44.557 11130 11157 D AnwSdkService: SetPowerStatus = POWER_ONING
05-27 18:53:44.560   299  1163 D EvsDriver: doneWithFrame
05-27 18:53:44.561 30773 30785 I dvr_service_: [EncoderHandler::runMediaThread] runMediaThread started:1,state:1, cam2:started:1,state:1, lastSwitch:1, mIsMuxerStart:1,format:0,is_str_ing:0
05-27 18:53:44.563 11130 11182 I ANWJNI_SECOND: anw-update,bt_jni_data: 20260516
05-27 18:53:44.563 11130 11182 D ANWAPI_SECOND: (11130|0x29900CB0)[BTAPI] SDK >>>>AnWBT_Snoop_Open
05-27 18:53:44.563 11130 11182 D ANWJNI_SECOND: (11130|0x29900CB0)[BTAPP] PowOn_Thread
05-27 18:53:44.563 11130 11182 D ANWJNI_SECOND: 
05-27 18:53:44.566   581   581 I SpiService: fgesysctrl_getGPIO_status success val=1
05-27 18:53:44.566   299 30841 D EvsDriver: forwardFrame
05-27 18:53:44.569   299 30841 D EvsDriver: Delivered 0xb400007b7ca56a60 as id 0
05-27 18:53:44.569  1167  1167 D evsmanagerd: /dev/video4 forwarded the buffer #0 to 0xb4000074bf5f6850 from 0xb4000074bf5f41d0
05-27 18:53:44.570 11130 11185 D ANWJNI_SECOND: (11130|0x297F6CB0)[BTAPP] BTPowerOn!!
05-27 18:53:44.570 11130 11185 D ANWJNI_SECOND: (11130|0x297F6CB0)[BTAPP] in thread_power_on_func,getpid()=11130, priority = 10
05-27 18:53:44.570 11130 11185 D ANWJNI_SECOND: 
05-27 18:53:44.570 11130 11185 D ANWJNI_SECOND: (11130|0x297F6CB0)[BTAPP] doPowerOn_Timeout_Thread_Create
05-27 18:53:44.570 11130 11185 D ANWJNI_SECOND: 
05-27 18:53:44.570 11130 11185 D ANWJNI_SECOND: (11130|0x297F6CB0)[BTAPP] AnWBT_SetInitialValue(hfphf:0)(hfpag:2)(pbap:0)(map:0)(a2dpsink:0)(a2dpsource:2)(avrcpct:0)(avrcttg:2)
05-27 18:53:44.570 11130 11185 D ANWJNI_SECOND: 
05-27 18:53:44.570 11130 11185 D ANWAPI_SECOND: (11130|0x297F6CB0)[BTAPI] SDK >>>>AnWBT_SetInitialValue devclass: 0x3c020c
05-27 18:53:44.570 11130 11185 D ANWAPI_SECOND: (11130|0x297F6CB0)[BTAPI] AnWBT_SetInitialValue avrcp_tg_attribute=6
05-27 18:53:44.571 11130 11185 D ANWAPI_SECOND: (11130|0x297F6CB0)[BTAPI] SDK <<<<AnWBT_SetInitialValue 0x0
05-27 18:53:44.571 11130 11185 D ANWAPI_SECOND: (11130|0x297F6CB0)[BTAPI] SDK >>>>AnWBT_HFP_Enable_WBS 1
05-27 18:53:44.571 11130 11185 D ANWAPI_SECOND: (11130|0x297F6CB0)[BTAPI] SDK <<<<AnWBT_HFP_Enable_WBS 0
05-27 18:53:44.571 11130 11185 D ANW_WAVEOUT_SECOND: (11130|0x297F6CB0)[WAVEOUT] init Audio PCM Thread Mute(800)(101)
05-27 18:53:44.571 11130 11185 D ANW_WAVEOUT_SECOND: 
05-27 18:53:44.571 11130 11185 D ANWAPI_SECOND: (11130|0x297F6CB0)[BTAPI] anw-update,bt_sdk_data:20260516-not_supportLea
05-27 18:53:44.571 11130 11185 D ANWAPI_SECOND: (11130|0x297F6CB0)[BTAPI] SDK >>>>AnWBT_Init
05-27 18:53:44.571 11130 11185 D ANWAPI_SECOND: (11130|0x297F6CB0)[BTAPI] AnWBTSDK_Version=0x0300002a
05-27 18:53:44.571   581   581 I SpiService: fgesysctrl_getGPIO_status success val=1
05-27 08:44:53.530   581   581 D spi_rst_gpio_get_output: GPIO 145 value: 1
05-27 08:44:53.530   581   581 D spidev_ioctl: gpio status=1)
05-27 18:53:44.571 11130 11185 D ANWAPI_SECOND: (11130|0x297F6CB0)[BTAPI] >>>>AnWBT_EEPROM_Read 
05-27 08:44:53.536   581   581 D spi_rst_gpio_get_output: GPIO 145 value: 1
05-27 08:44:53.536   581   581 D spidev_ioctl: gpio status=1)
05-27 18:53:44.571 11130 11185 D ANWAPI_SECOND: (11130|0x297F6CB0)[BTAPI] B:Rpaired_storage[0]name[]addr[00:00:00:00:00:00]linkkey[00:00:00:00:00:00:00:00:00:00:00:00:00:00:00:00]
05-27 18:53:44.571 11130 11185 D ANWAPI_SECOND: (11130|0x297F6CB0)[BTAPI] B:Rpaired_storage[1]name[]addr[00:00:00:00:00:00]linkkey[00:00:00:00:00:00:00:00:00:00:00:00:00:00:00:00]
05-27 18:53:44.571 11130 11185 D ANWAPI_SECOND: (11130|0x297F6CB0)[BTAPI] B:Rpaired_storage[2]name[]addr[00:00:00:00:00:00]linkkey[00:00:00:00:00:00:00:00:00:00:00:00:00:00:00:00]
05-27 18:53:44.571 11130 11185 D ANWAPI_SECOND: (11130|0x297F6CB0)[BTAPI] B:Rpaired_storage[3]name[]addr[00:00:00:00:00:00]linkkey[00:00:00:00:00:00:00:00:00:00:00:00:00:00:00:00]
05-27 18:53:44.572 11130 11185 D ANWAPI_SECOND: (11130|0x297F6CB0)[BTAPI] B:Rpaired_storage[4]name[]addr[00:00:00:00:00:00]linkkey[00:00:00:00:00:00:00:00:00:00:00:00:00:00:00:00]
05-27 18:53:44.572 11130 11185 D ANWAPI_SECOND: (11130|0x297F6CB0)[BTAPI] B:Rpaired_storage[5]name[]addr[00:00:00:00:00:00]linkkey[00:00:00:00:00:00:00:00:00:00:00:00:00:00:00:00]
05-27 18:53:44.572 11130 11185 D ANWAPI_SECOND: (11130|0x297F6CB0)[BTAPI] B:Rpaired_storage[6]name[]addr[00:00:00:00:00:00]linkkey[00:00:00:00:00:00:00:00:00:00:00:00:00:00:00:00]
05-27 18:53:44.572 11130 11185 D ANWAPI_SECOND: (11130|0x297F6CB0)[BTAPI] B:Rpaired_storage[7]name[]addr[00:00:00:00:00:00]linkkey[00:00:00:00:00:00:00:00:00:00:00:00:00:00:00:00]
05-27 18:53:44.572 11130 11185 D ANWAPI_SECOND: (11130|0x297F6CB0)[BTAPI] B:Rpaired_storage[8]name[]addr[00:00:00:00:00:00]linkkey[00:00:00:00:00:00:00:00:00:00:00:00:00:00:00:00]
05-27 18:53:44.572 11130 11185 D ANWAPI_SECOND: (11130|0x297F6CB0)[BTAPI] B:Rpaired_storage[9]name[]addr[00:00:00:00:00:00]linkkey[00:00:00:00:00:00:00:00:00:00:00:00:00:00:00:00]
05-27 18:53:44.572 11130 11185 D ANWAPI_SECOND: (11130|0x297F6CB0)[BTAPI] B:Rpaired_storage[10]name[]addr[00:00:00:00:00:00]linkkey[00:00:00:00:00:00:00:00:00:00:00:00:00:00:00:00]
05-27 18:53:44.572 11130 11185 D ANW_AVRCP_SECOND: AnWBT_ReadStorage =/data/misc/anw//anwbt_storage.bin
05-27 18:53:44.572 11130 11185 D ANW_AVRCP_SECOND: AnWBT_ReadStorage open anwbt_bt_storage success
05-27 18:53:44.572 11130 11185 D ANW_AVRCP_SECOND: 
05-27 18:53:44.572 11130 11185 D ANW_AVRCP_SECOND: read storage size=6600
05-27 18:53:44.572 11130 11185 D ANW_AVRCP_SECOND: 
05-27 18:53:44.572 11130 11185 D ANWAPI_SECOND: (11130|0x297F6CB0)[BTAPI] A:Readpaired_storage[0]name[]cod[0]support[0]addr[00:00:00:00:00:00]linkkey[00:00:00:00:00:00:00:00:00:00:00:00:00:00:00:00]
05-27 18:53:44.572 11130 11185 D ANWAPI_SECOND: (11130|0x297F6CB0)[BTAPI] A:Readpaired_storage[1]name[]cod[0]support[0]addr[00:00:00:00:00:00]linkkey[00:00:00:00:00:00:00:00:00:00:00:00:00:00:00:00]
05-27 18:53:44.572 11130 11185 D ANWAPI_SECOND: (11130|0x297F6CB0)[BTAPI] A:Readpaired_storage[2]name[]cod[0]support[0]addr[00:00:00:00:00:00]linkkey[00:00:00:00:00:00:00:00:00:00:00:00:00:00:00:00]
05-27 18:53:44.572   299  1163 D EvsDriver: doneWithFrame
05-27 18:53:44.572 11130 11185 D ANWAPI_SECOND: (11130|0x297F6CB0)[BTAPI] A:Readpaired_storage[3]name[]cod[0]support[0]addr[00:00:00:00:00:00]linkkey[00:00:00:00:00:00:00:00:00:00:00:00:00:00:00:00]
05-27 18:53:44.572 11130 11185 D ANWAPI_SECOND: (11130|0x297F6CB0)[BTAPI] A:Readpaired_storage[4]name[]cod[0]support[0]addr[00:00:00:00:00:00]linkkey[00:00:00:00:00:00:00:00:00:00:00:00:00:00:00:00]
05-27 18:53:44.572 11130 11185 D ANWAPI_SECOND: (11130|0x297F6CB0)[BTAPI] A:Readpaired_storage[5]name[]cod[0]support[0]addr[00:00:00:00:00:00]linkkey[00:00:00:00:00:00:00:00:00:00:00:00:00:00:00:00]
05-27 18:53:44.572 11130 11185 D ANWAPI_SECOND: (11130|0x297F6CB0)[BTAPI] A:Readpaired_storage[6]name[]cod[0]support[0]addr[00:00:00:00:00:00]linkkey[00:00:00:00:00:00:00:00:00:00:00:00:00:00:00:00]
05-27 18:53:44.572 11130 11185 D ANWAPI_SECOND: (11130|0x297F6CB0)[BTAPI] A:Readpaired_storage[7]name[]cod[0]support[0]addr[00:00:00:00:00:00]linkkey[00:00:00:00:00:00:00:00:00:00:00:00:00:00:00:00]
05-27 18:53:44.573 11130 11185 D ANWAPI_SECOND: (11130|0x297F6CB0)[BTAPI] A:Readpaired_storage[8]name[]cod[0]support[0]addr[00:00:00:00:00:00]linkkey[00:00:00:00:00:00:00:00:00:00:00:00:00:00:00:00]
05-27 18:53:44.573 11130 11185 D ANWAPI_SECOND: (11130|0x297F6CB0)[BTAPI] A:Readpaired_storage[9]name[]cod[0]support[0]addr[00:00:00:00:00:00]linkkey[00:00:00:00:00:00:00:00:00:00:00:00:00:00:00:00]
05-27 18:53:44.573 11130 11185 D ANWAPI_SECOND: (11130|0x297F6CB0)[BTAPI] A:Readpaired_storage[10]name[]cod[0]support[0]addr[00:00:00:00:00:00]linkkey[00:00:00:00:00:00:00:00:00:00:00:00:00:00:00:00]
05-27 18:53:44.574 13435 13435 I BtManager: ANWBT_BTPowerOn result = 0
05-27 18:53:44.574 13911 14183 I SentryImuMcuAngleSender: 179.97897rollDeg
05-27 18:53:44.574  1008 30856 D [OMXB]  : usingANWBuffer: handle:0xee743710, format:1, w:1920, h:1080
05-27 18:53:44.576   283   307 I rvcservice: t.code = 4, t.value = 0
05-27 18:53:44.577 11130 11185 D ANWAPI_SECOND: (11130|0x297F6CB0)[BTAPI] <<<<AnWBT_EEPROM_Read ret = 0
05-27 18:53:44.577   581   581 I SpiService: fgesysctrl_getGPIO_status success val=1
05-27 18:53:44.577 13911 14183 I SentryImuMcuAngleSender: 1,0,0
05-27 18:53:44.577 11130 11185 D ANWAPI_SECOND: (11130|0x297F6CB0)[BTAPI] local_name_set=0
05-27 18:53:44.577 11130 11185 D ANWAPI_SECOND: (11130|0x297F6CB0)[BTAPI] [Paired DevInf] Storage Write
05-27 18:53:44.578 11130 11190 D ANWJNI_SECOND: (11130|0x296F8CB0)[BTAPP] doPowerOn_Timeout_Thread
05-27 18:53:44.578 11130 11190 D ANWJNI_SECOND: 
05-27 08:44:53.541   581   581 D spi_rst_gpio_get_output: GPIO 145 value: 1
05-27 18:53:44.578 13435 13435 D BtManager: ret = 2
05-27 08:44:53.541   581   581 D spidev_ioctl: gpio status=1)
05-27 18:53:44.579 11130 11185 D ANW_AVRCP_SECOND: AnWBT_WriteStorage =/data/misc/anw//anwbt_storage.bin
05-27 18:53:44.579 11130 11185 D ANW_AVRCP_SECOND: AnWBT_WriteStorage open anwbt_bt_storage success
05-27 18:53:44.579 11130 11185 D ANW_AVRCP_SECOND: 
05-27 18:53:44.582   536   536 D commservice260303: msg.id = 1028,0
05-27 18:53:44.582   536   536 D commservice260303: i = 170, msgid = 8A000404
05-27 18:53:44.582   536   536 D commservice260303: msgid = -1979710460,did=138
05-27 18:53:44.582   536   536 D commservice260303: CommProtocolLibCmdBaseI2C::dataproc {"command":{"id":"imu_status","sub":""},"content":{"TimeStamp":11,"FrameCounter":259933,"GD_X":-0.012139749713242054,"GD_Y":0.0059551820158958435,"GD_Z":0.0023671966046094894,"AD_X":-0.0031305402517318726,"AD_Y":-8.530043996870518E-4,"AD_Z":-0.16704177856445312,"TempDsp":0,"Status":0,"CalibState":1,"SigAmpInvalid":0}},-1979710460
05-27 18:53:44.582   536   536 D commservice260303: send2Cluster len:319, 7B22636F6D6D616E64223A7B226964223A22696D755F737461747573222C22737562223A22227D2C22636F6E74656E74223A7B2254696D655374616D70223A31312C224672616D65436F756E746572223A3235393933332C2247445F58223A2D302E3031323133393734393731333234323035342C2247445F59223A302E303035393535313832303135383935383433352C2247445F5A223A302E303032333637313936363034363039343839342C2241445F58223A2D302E303033313330353430323531373331383732362C2241445F59223A2D382E353330303433393936383730353138452D342C2241445F5A223A2D302E31363730343137373835363434353331322C2254656D70447370223A302C22537461747573223A302C2243616C69625374617465223A312C22536967416D70496E76616C6964223A307D7D, 138 
05-27 18:53:44.582   536   536 D commservice260303: Push Message into SendPool fn=-1153956864
05-27 18:53:44.583   536   536 D commservice260303: ComProtocolLibSend2Cluster::send2ClusterRaw fn=-1153956864 , len=335
05-27 18:53:44.583   536   536 D commservice260303: sendCmdToPort :335!!!
05-27 18:53:44.583   536   536 D commservice260303: send Cmd To Port ++++5AA5014B8A01000438BB6A16CD387B22636F6D6D616E64223A7B226964223A22696D755F737461747573222C22737562223A22227D2C22636F6E74656E74223A7B2254696D655374616D70223A31312C224672616D65436F756E746572223A3235393933332C2247445F58223A2D302E3031323133393734393731333234323035342C2247445F59223A302E303035393535313832303135383935383433352C2247445F5A223A302E303032333637313936363034363039343839342C2241445F58223A2D302E303033313330353430323531373331383732362C2241445F59223A2D382E353330303433393936383730353138452D342C2241445F5A223A2D302E31363730343137373835363434353331322C2254656D70447370223A302C22537461747573223A302C2243616C69625374617465223A312C22536967416D70496E76616C6964223A307D7D0304
05-27 18:53:44.583   581   581 I SpiService: fgesysctrl_getGPIO_status success val=1
05-27 18:53:44.583   536   536 D commservice260303: bufferevent_write retrun value = 0
05-27 18:53:44.583   536   560 D commservice260303: client datas send succeed,send finish
05-27 18:53:44.583 13911 14192 D Sentinelmode_1.2.5.17_sentry: <SentryImuClusterFgeSender>imu_status sent to Linux, frame=259933, tsNs=11091827, tsMs=11, intervalMs=41, ad=(-0.0031305403,-8.530044E-4,-0.16704178), gd=(-0.01213975,0.005955182,0.0023671966)
05-27 08:44:53.547   581   581 D spi_rst_gpio_get_output: GPIO 145 value: 1
05-27 08:44:53.547   581   581 D spidev_ioctl: gpio status=1)
05-27 18:53:44.588   299 30844 D EvsDriver: forwardFrame
05-27 18:53:44.588   581   581 I SpiService: fgesysctrl_getGPIO_status success val=1
05-27 08:44:53.553   581   581 D spi_rst_gpio_get_output: GPIO 145 value: 1
05-27 08:44:53.553   581   581 D spidev_ioctl: gpio status=1)
05-27 18:53:44.589   299 30844 D EvsDriver: Delivered 0xb400007b7ca56900 as id 0
05-27 18:53:44.590  1167  1167 D evsmanagerd: /dev/video6 forwarded the buffer #0 to 0xb4000074bf5f5510 from 0xb4000074bf5f6d90
05-27 18:53:44.590 30773 30773 E dvr_service_: [myNum:1] Received S**** loss
05-27 18:53:44.590   299  1163 D EvsDriver: doneWithFrame
05-27 18:53:44.591   299 30841 D EvsDriver: forwardFrame
05-27 18:53:44.592   299 30841 D EvsDriver: Delivered 0xb400007b7ca56a60 as id 0
05-27 18:53:44.593  1167  1167 D evsmanagerd: /dev/video4 forwarded the buffer #0 to 0xb4000074bf5f6850 from 0xb4000074bf5f41d0
05-27 18:53:44.593 30773 30773 E dvr_service_: [myNum:0] Received S**** loss
05-27 18:53:44.593 11130 11185 D ANW_AVRCP_SECOND: write storage size=6600
05-27 18:53:44.593 11130 11185 D ANW_AVRCP_SECOND: 
05-27 08:44:53.559   581   581 D spi_rst_gpio_get_output: GPIO 145 value: 0
05-27 08:44:53.559   581   581 D spidev_ioctl: gpio status=0)
05-27 18:53:44.593   299  1163 D EvsDriver: doneWithFrame
05-27 18:53:44.593 11130 11185 D ANWAPI_SECOND: (11130|0x297F6CB0)[BTAPI] >>>>AnWBT_EEPROM_Read 
05-27 18:53:44.593 11130 11185 D ANWAPI_SECOND: (11130|0x297F6CB0)[BTAPI] B:Rpaired_storage[0]name[]addr[00:00:00:00:00:00]linkkey[00:00:00:00:00:00:00:00:00:00:00:00:00:00:00:00]
05-27 18:53:44.593 11130 11185 D ANWAPI_SECOND: (11130|0x297F6CB0)[BTAPI] B:Rpaired_storage[1]name[]addr[00:00:00:00:00:00]linkkey[00:00:00:00:00:00:00:00:00:00:00:00:00:00:00:00]
05-27 18:53:44.593 11130 11185 D ANWAPI_SECOND: (11130|0x297F6CB0)[BTAPI] B:Rpaired_storage[2]name[]addr[00:00:00:00:00:00]linkkey[00:00:00:00:00:00:00:00:00:00:00:00:00:00:00:00]
05-27 18:53:44.593 11130 11185 D ANWAPI_SECOND: (11130|0x297F6CB0)[BTAPI] B:Rpaired_storage[3]name[]addr[00:00:00:00:00:00]linkkey[00:00:00:00:00:00:00:00:00:00:00:00:00:00:00:00]
05-27 18:53:44.593 11130 11185 D ANWAPI_SECOND: (11130|0x297F6CB0)[BTAPI] B:Rpaired_storage[4]name[]addr[00:00:00:00:00:00]linkkey[00:00:00:00:00:00:00:00:00:00:00:00:00:00:00:00]
05-27 18:53:44.593 11130 11185 D ANWAPI_SECOND: (11130|0x297F6CB0)[BTAPI] B:Rpaired_storage[5]name[]addr[00:00:00:00:00:00]linkkey[00:00:00:00:00:00:00:00:00:00:00:00:00:00:00:00]
05-27 18:53:44.593 11130 11185 D ANWAPI_SECOND: (11130|0x297F6CB0)[BTAPI] B:Rpaired_storage[6]name[]addr[00:00:00:00:00:00]linkkey[00:00:00:00:00:00:00:00:00:00:00:00:00:00:00:00]
05-27 18:53:44.593 11130 11185 D ANWAPI_SECOND: (11130|0x297F6CB0)[BTAPI] B:Rpaired_storage[7]name[]addr[00:00:00:00:00:00]linkkey[00:00:00:00:00:00:00:00:00:00:00:00:00:00:00:00]
05-27 18:53:44.594 11130 11185 D ANWAPI_SECOND: (11130|0x297F6CB0)[BTAPI] B:Rpaired_storage[8]name[]addr[00:00:00:00:00:00]linkkey[00:00:00:00:00:00:00:00:00:00:00:00:00:00:00:00]
05-27 18:53:44.594 11130 11185 D ANWAPI_SECOND: (11130|0x297F6CB0)[BTAPI] B:Rpaired_storage[9]name[]addr[00:00:00:00:00:00]linkkey[00:00:00:00:00:00:00:00:00:00:00:00:00:00:00:00]
05-27 18:53:44.594 11130 11185 D ANWAPI_SECOND: (11130|0x297F6CB0)[BTAPI] B:Rpaired_storage[10]name[]addr[00:00:00:00:00:00]linkkey[00:00:00:00:00:00:00:00:00:00:00:00:00:00:00:00]
05-27 18:53:44.594 11130 11185 D ANW_AVRCP_SECOND: AnWBT_ReadStorage =/data/misc/anw//anwbt_storage.bin
05-27 18:53:44.594 11130 11185 D ANW_AVRCP_SECOND: AnWBT_ReadStorage open anwbt_bt_storage success
05-27 18:53:44.594 11130 11185 D ANW_AVRCP_SECOND: 
05-27 18:53:44.594 11130 11185 D ANW_AVRCP_SECOND: read storage size=6600
05-27 18:53:44.594 11130 11185 D ANW_AVRCP_SECOND: 
05-27 18:53:44.594 11130 11185 D ANWAPI_SECOND: (11130|0x297F6CB0)[BTAPI] A:Readpaired_storage[0]name[]cod[0]support[0]addr[00:00:00:00:00:00]linkkey[00:00:00:00:00:00:00:00:00:00:00:00:00:00:00:00]
05-27 18:53:44.594 11130 11185 D ANWAPI_SECOND: (11130|0x297F6CB0)[BTAPI] A:Readpaired_storage[1]name[]cod[0]support[0]addr[00:00:00:00:00:00]linkkey[00:00:00:00:00:00:00:00:00:00:00:00:00:00:00:00]
05-27 18:53:44.594 11130 11185 D ANWAPI_SECOND: (11130|0x297F6CB0)[BTAPI] A:Readpaired_storage[2]name[]cod[0]support[0]addr[00:00:00:00:00:00]linkkey[00:00:00:00:00:00:00:00:00:00:00:00:00:00:00:00]
05-27 18:53:44.594   581   581 I SpiService: fgesysctrl_getGPIO_status success val=0
05-27 18:53:44.594 11130 11185 D ANWAPI_SECOND: (11130|0x297F6CB0)[BTAPI] A:Readpaired_storage[3]name[]cod[0]support[0]addr[00:00:00:00:00:00]linkkey[00:00:00:00:00:00:00:00:00:00:00:00:00:00:00:00]
05-27 18:53:44.594 11130 11185 D ANWAPI_SECOND: (11130|0x297F6CB0)[BTAPI] A:Readpaired_storage[4]name[]cod[0]support[0]addr[00:00:00:00:00:00]linkkey[00:00:00:00:00:00:00:00:00:00:00:00:00:00:00:00]
05-27 18:53:44.594 11130 11185 D ANWAPI_SECOND: (11130|0x297F6CB0)[BTAPI] A:Readpaired_storage[5]name[]cod[0]support[0]addr[00:00:00:00:00:00]linkkey[00:00:00:00:00:00:00:00:00:00:00:00:00:00:00:00]
05-27 18:53:44.594 11130 11185 D ANWAPI_SECOND: (11130|0x297F6CB0)[BTAPI] A:Readpaired_storage[6]name[]cod[0]support[0]addr[00:00:00:00:00:00]linkkey[00:00:00:00:00:00:00:00:00:00:00:00:00:00:00:00]
05-27 18:53:44.594 11130 11185 D ANWAPI_SECOND: (11130|0x297F6CB0)[BTAPI] A:Readpaired_storage[7]name[]cod[0]support[0]addr[00:00:00:00:00:00]linkkey[00:00:00:00:00:00:00:00:00:00:00:00:00:00:00:00]
05-27 18:53:44.594 11130 11185 D ANWAPI_SECOND: (11130|0x297F6CB0)[BTAPI] A:Readpaired_storage[8]name[]cod[0]support[0]addr[00:00:00:00:00:00]linkkey[00:00:00:00:00:00:00:00:00:00:00:00:00:00:00:00]
05-27 18:53:44.594 11130 11185 D ANWAPI_SECOND: (11130|0x297F6CB0)[BTAPI] A:Readpaired_storage[9]name[]cod[0]support[0]addr[00:00:00:00:00:00]linkkey[00:00:00:00:00:00:00:00:00:00:00:00:00:00:00:00]
05-27 18:53:44.594 11130 11185 D ANWAPI_SECOND: (11130|0x297F6CB0)[BTAPI] A:Readpaired_storage[10]name[]cod[0]support[0]addr[00:00:00:00:00:00]linkkey[00:00:00:00:00:00:00:00:00:00:00:00:00:00:00:00]
05-27 18:53:44.594 11130 11185 D ANWAPI_SECOND: (11130|0x297F6CB0)[BTAPI] <<<<AnWBT_EEPROM_Read ret = 0
05-27 18:53:44.595 11130 11185 D ANWAPI_SECOND: (11130|0x297F6CB0)[BTAPI] >>>>AnWBT_EEPROM_Read 
05-27 18:53:44.595 11130 11185 D ANWAPI_SECOND: (11130|0x297F6CB0)[BTAPI] B:Rle_paired_storage[0]addr[00:00:00:00:00:00]linkkey[00:00:00:00:00:00:00:00:00:00:00:00:00:00:00:00]
05-27 18:53:44.595 11130 11185 D ANWAPI_SECOND: (11130|0x297F6CB0)[BTAPI] B:Rle_paired_storage[1]addr[00:00:00:00:00:00]linkkey[00:00:00:00:00:00:00:00:00:00:00:00:00:00:00:00]
05-27 18:53:44.595 11130 11185 D ANWAPI_SECOND: (11130|0x297F6CB0)[BTAPI] B:Rle_paired_storage[2]addr[00:00:00:00:00:00]linkkey[00:00:00:00:00:00:00:00:00:00:00:00:00:00:00:00]
05-27 18:53:44.595 11130 11185 D ANWAPI_SECOND: (11130|0x297F6CB0)[BTAPI] B:Rle_paired_storage[3]addr[00:00:00:00:00:00]linkkey[00:00:00:00:00:00:00:00:00:00:00:00:00:00:00:00]
05-27 18:53:44.595 11130 11185 D ANWAPI_SECOND: (11130|0x297F6CB0)[BTAPI] B:Rle_paired_storage[4]addr[00:00:00:00:00:00]linkkey[00:00:00:00:00:00:00:00:00:00:00:00:00:00:00:00]
05-27 18:53:44.595 11130 11185 D ANWAPI_SECOND: (11130|0x297F6CB0)[BTAPI] B:Rle_paired_storage[5]addr[00:00:00:00:00:00]linkkey[00:00:00:00:00:00:00:00:00:00:00:00:00:00:00:00]
05-27 18:53:44.595 11130 11185 D ANWAPI_SECOND: (11130|0x297F6CB0)[BTAPI] B:Rle_paired_storage[6]addr[00:00:00:00:00:00]linkkey[00:00:00:00:00:00:00:00:00:00:00:00:00:00:00:00]
05-27 18:53:44.595 11130 11185 D ANW_AVRCP_SECOND: AnWBT_ReadStorage =/data/misc/anw//anwble_storage.bin
05-27 18:53:44.595 11130 11185 D ANW_AVRCP_SECOND: AnWBT_ReadStorage open anwbt_bt_storage success
05-27 18:53:44.595 11130 11185 D ANW_AVRCP_SECOND: 
05-27 18:53:44.595 11130 11185 D ANW_AVRCP_SECOND: read storage size=1336
05-27 18:53:44.595 11130 11185 D ANW_AVRCP_SECOND: 
05-27 18:53:44.596 11130 11185 D ANWAPI_SECOND: (11130|0x297F6CB0)[BTAPI] A:Rle_paired_storage[0]addr[00:00:00:00:00:00]linkkey[00:00:00:00:00:00:00:00:00:00:00:00:00:00:00:00]
05-27 18:53:44.596 11130 11185 D ANWAPI_SECOND: (11130|0x297F6CB0)[BTAPI] A:Rle_paired_storage[1]addr[00:00:00:00:00:00]linkkey[00:00:00:00:00:00:00:00:00:00:00:00:00:00:00:00]
05-27 18:53:44.596 11130 11185 D ANWAPI_SECOND: (11130|0x297F6CB0)[BTAPI] A:Rle_paired_storage[2]addr[00:00:00:00:00:00]linkkey[00:00:00:00:00:00:00:00:00:00:00:00:00:00:00:00]
05-27 18:53:44.596 11130 11185 D ANWAPI_SECOND: (11130|0x297F6CB0)[BTAPI] A:Rle_paired_storage[3]addr[00:00:00:00:00:00]linkkey[00:00:00:00:00:00:00:00:00:00:00:00:00:00:00:00]
05-27 18:53:44.596 11130 11185 D ANWAPI_SECOND: (11130|0x297F6CB0)[BTAPI] A:Rle_paired_storage[4]addr[00:00:00:00:00:00]linkkey[00:00:00:00:00:00:00:00:00:00:00:00:00:00:00:00]
05-27 18:53:44.596 11130 11185 D ANWAPI_SECOND: (11130|0x297F6CB0)[BTAPI] A:Rle_paired_storage[5]addr[00:00:00:00:00:00]linkkey[00:00:00:00:00:00:00:00:00:00:00:00:00:00:00:00]
05-27 18:53:44.596 11130 11185 D ANWAPI_SECOND: (11130|0x297F6CB0)[BTAPI] A:Rle_paired_storage[6]addr[00:00:00:00:00:00]linkkey[00:00:00:00:00:00:00:00:00:00:00:00:00:00:00:00]
05-27 18:53:44.596 11130 11185 D ANWAPI_SECOND: (11130|0x297F6CB0)[BTAPI] <<<<AnWBT_EEPROM_Read ret = 0
05-27 18:53:44.596 11130 11185 D ANWAPI_SECOND: (11130|0x297F6CB0)[BTAPI] btsdk_initial_param.flag=0x4000
05-27 18:53:44.596 11130 11185 D ANWAPI_SECOND: (11130|0x297F6CB0)[BTAPI] [Paired DevInf] Storage Write
05-27 18:53:44.596 11130 11185 D ANW_AVRCP_SECOND: AnWBT_WriteStorage =/data/misc/anw//anwbt_storage.bin
05-27 18:53:44.596 11130 11185 D ANW_AVRCP_SECOND: AnWBT_WriteStorage open anwbt_bt_storage success
05-27 18:53:44.596 11130 11185 D ANW_AVRCP_SECOND: 
05-27 18:53:44.597 13911 14183 I SentryImuMcuAngleSender: -179.99298rollDeg
05-27 18:53:44.597 13911 14183 I SentryImuMcuAngleSender: 1,0,0
05-27 18:53:44.598 11130 11185 D ANW_AVRCP_SECOND: write storage size=6600
05-27 18:53:44.598 11130 11185 D ANW_AVRCP_SECOND: 
05-27 18:53:44.598 11130 11185 D ANWAPI_SECOND: (11130|0x297F6CB0)[BTAPI] >>>>AnWBT_EEPROM_Read 
05-27 18:53:44.598 11130 11185 D ANWAPI_SECOND: (11130|0x297F6CB0)[BTAPI] B:Rpaired_storage[0]name[]addr[00:00:00:00:00:00]linkkey[00:00:00:00:00:00:00:00:00:00:00:00:00:00:00:00]
05-27 18:53:44.598 11130 11185 D ANWAPI_SECOND: (11130|0x297F6CB0)[BTAPI] B:Rpaired_storage[1]name[]addr[00:00:00:00:00:00]linkkey[00:00:00:00:00:00:00:00:00:00:00:00:00:00:00:00]
05-27 18:53:44.598 11130 11185 D ANWAPI_SECOND: (11130|0x297F6CB0)[BTAPI] B:Rpaired_storage[2]name[]addr[00:00:00:00:00:00]linkkey[00:00:00:00:00:00:00:00:00:00:00:00:00:00:00:00]
05-27 18:53:44.598 11130 11185 D ANWAPI_SECOND: (11130|0x297F6CB0)[BTAPI] B:Rpaired_storage[3]name[]addr[00:00:00:00:00:00]linkkey[00:00:00:00:00:00:00:00:00:00:00:00:00:00:00:00]
05-27 18:53:44.598 11130 11185 D ANWAPI_SECOND: (11130|0x297F6CB0)[BTAPI] B:Rpaired_storage[4]name[]addr[00:00:00:00:00:00]linkkey[00:00:00:00:00:00:00:00:00:00:00:00:00:00:00:00]
05-27 18:53:44.598 11130 11185 D ANWAPI_SECOND: (11130|0x297F6CB0)[BTAPI] B:Rpaired_storage[5]name[]addr[00:00:00:00:00:00]linkkey[00:00:00:00:00:00:00:00:00:00:00:00:00:00:00:00]
05-27 18:53:44.598 11130 11185 D ANWAPI_SECOND: (11130|0x297F6CB0)[BTAPI] B:Rpaired_storage[6]name[]addr[00:00:00:00:00:00]linkkey[00:00:00:00:00:00:00:00:00:00:00:00:00:00:00:00]
05-27 18:53:44.598 11130 11185 D ANWAPI_SECOND: (11130|0x297F6CB0)[BTAPI] B:Rpaired_storage[7]name[]addr[00:00:00:00:00:00]linkkey[00:00:00:00:00:00:00:00:00:00:00:00:00:00:00:00]
05-27 18:53:44.598 11130 11185 D ANWAPI_SECOND: (11130|0x297F6CB0)[BTAPI] B:Rpaired_storage[8]name[]addr[00:00:00:00:00:00]linkkey[00:00:00:00:00:00:00:00:00:00:00:00:00:00:00:00]
05-27 18:53:44.598 11130 11185 D ANWAPI_SECOND: (11130|0x297F6CB0)[BTAPI] B:Rpaired_storage[9]name[]addr[00:00:00:00:00:00]linkkey[00:00:00:00:00:00:00:00:00:00:00:00:00:00:00:00]
05-27 18:53:44.598 11130 11185 D ANWAPI_SECOND: (11130|0x297F6CB0)[BTAPI] B:Rpaired_storage[10]name[]addr[00:00:00:00:00:00]linkkey[00:00:00:00:00:00:00:00:00:00:00:00:00:00:00:00]
05-27 18:53:44.598 11130 11185 D ANW_AVRCP_SECOND: AnWBT_ReadStorage =/data/misc/anw//anwbt_storage.bin
05-27 18:53:44.598 11130 11185 D ANW_AVRCP_SECOND: AnWBT_ReadStorage open anwbt_bt_storage success
05-27 18:53:44.598 11130 11185 D ANW_AVRCP_SECOND: 
05-27 18:53:44.598 11130 11185 D ANW_AVRCP_SECOND: read storage size=6600
05-27 18:53:44.598 11130 11185 D ANW_AVRCP_SECOND: 
05-27 18:53:44.598 11130 11185 D ANWAPI_SECOND: (11130|0x297F6CB0)[BTAPI] A:Readpaired_storage[0]name[]cod[0]support[0]addr[00:00:00:00:00:00]linkkey[00:00:00:00:00:00:00:00:00:00:00:00:00:00:00:00]
05-27 18:53:44.598 11130 11185 D ANWAPI_SECOND: (11130|0x297F6CB0)[BTAPI] A:Readpaired_storage[1]name[]cod[0]support[0]addr[00:00:00:00:00:00]linkkey[00:00:00:00:00:00:00:00:00:00:00:00:00:00:00:00]
05-27 18:53:44.599 11130 11185 D ANWAPI_SECOND: (11130|0x297F6CB0)[BTAPI] A:Readpaired_storage[2]name[]cod[0]support[0]addr[00:00:00:00:00:00]linkkey[00:00:00:00:00:00:00:00:00:00:00:00:00:00:00:00]
05-27 18:53:44.599 11130 11185 D ANWAPI_SECOND: (11130|0x297F6CB0)[BTAPI] A:Readpaired_storage[3]name[]cod[0]support[0]addr[00:00:00:00:00:00]linkkey[00:00:00:00:00:00:00:00:00:00:00:00:00:00:00:00]
05-27 18:53:44.599 11130 11185 D ANWAPI_SECOND: (11130|0x297F6CB0)[BTAPI] A:Readpaired_storage[4]name[]cod[0]support[0]addr[00:00:00:00:00:00]linkkey[00:00:00:00:00:00:00:00:00:00:00:00:00:00:00:00]
05-27 18:53:44.599 11130 11185 D ANWAPI_SECOND: (11130|0x297F6CB0)[BTAPI] A:Readpaired_storage[5]name[]cod[0]support[0]addr[00:00:00:00:00:00]linkkey[00:00:00:00:00:00:00:00:00:00:00:00:00:00:00:00]
05-27 18:53:44.599 11130 11185 D ANWAPI_SECOND: (11130|0x297F6CB0)[BTAPI] A:Readpaired_storage[6]name[]cod[0]support[0]addr[00:00:00:00:00:00]linkkey[00:00:00:00:00:00:00:00:00:00:00:00:00:00:00:00]
05-27 18:53:44.599 11130 11185 D ANWAPI_SECOND: (11130|0x297F6CB0)[BTAPI] A:Readpaired_storage[7]name[]cod[0]support[0]addr[00:00:00:00:00:00]linkkey[00:00:00:00:00:00:00:00:00:00:00:00:00:00:00:00]
05-27 18:53:44.599 11130 11185 D ANWAPI_SECOND: (11130|0x297F6CB0)[BTAPI] A:Readpaired_storage[8]name[]cod[0]support[0]addr[00:00:00:00:00:00]linkkey[00:00:00:00:00:00:00:00:00:00:00:00:00:00:00:00]
05-27 18:53:44.599 11130 11185 D ANWAPI_SECOND: (11130|0x297F6CB0)[BTAPI] A:Readpaired_storage[9]name[]cod[0]support[0]addr[00:00:00:00:00:00]linkkey[00:00:00:00:00:00:00:00:00:00:00:00:00:00:00:00]
05-27 18:53:44.599 11130 11185 D ANWAPI_SECOND: (11130|0x297F6CB0)[BTAPI] A:Readpaired_storage[10]name[]cod[0]support[0]addr[00:00:00:00:00:00]linkkey[00:00:00:00:00:00:00:00:00:00:00:00:00:00:00:00]
05-27 18:53:44.599 11130 11185 D ANWAPI_SECOND: (11130|0x297F6CB0)[BTAPI] <<<<AnWBT_EEPROM_Read ret = 0
05-27 18:53:44.599 11130 11185 D ANWAPI_SECOND: (11130|0x297F6CB0)[BTAPI] build time = 11:28:38 sdk ver=0x 300002A
05-27 18:53:44.599 11130 11185 D ANWAPI_SECOND: (11130|0x297F6CB0)[BTAPI] creating init task
05-27 18:53:44.599  1008 30857 D [OMXB]  : usingANWBuffer: handle:0xee740e80, format:1, w:1920, h:1080
05-27 18:53:44.605 11130 11191 D ANWAPI_SECOND: (11130|0x295FACB0)[BTAPI] Enter BTInit_Task stacd=1,694135984
05-27 18:53:44.605 11130 11191 D ANWAPI_SECOND: (11130|0x295FACB0)[BTAPI] pthread_attr_init
05-27 18:53:44.606 11130 11191 D ANWAPI_SECOND: (11130|0x295FACB0)[BTAPI] BTHost_Init: min priority 1, max priority 99
05-27 18:53:44.606 11130 11191 D ANWAPI_SECOND: (11130|0x295FACB0)[BTAPI] Enter BTHost_Init
05-27 18:53:44.606 11130 11191 D ANWAPI_SECOND: (11130|0x295FACB0)[BTAPI] BTHost_InitMessage
05-27 18:53:44.606 11130 11191 D ANWAPI_SECOND: (11130|0x295FACB0)[BTAPI] btosal_msg_ff_initial
05-27 18:53:44.606 11130 11191 D ANW_WAVEOUT_SECOND: (11130|0x295FACB0)[WAVEOUT] [AnWBT WAVE] A2dp_WaveOut_Init
05-27 18:53:44.606 11130 11191 D ANW_WAVEOUT_SECOND: 
05-27 18:53:44.606 11130 11191 D ANWAPI_SECOND: (11130|0x295FACB0)[BTAPI] Check BTHost_Task status
05-27 18:53:44.606 11130 11193 D ANWAPI_SECOND: (11130|0x293FECB0)[BTAPI] Enter BTHost_Task
05-27 18:53:44.607 11130 11193 D ANWAPI_SECOND: (11130|0x293FECB0)[BTAPI] BTHost_Task setpriority(0)(-15)
05-27 18:53:44.609   581   581 I SpiService: fgesysctrl_getGPIO_status success val=1
05-27 18:53:44.613   572   572 I Sensors : 230 AccelSensor: x:-0.169580,y:-0.001220,z:-9.973500
05-27 08:44:53.574   581   581 D spi_rst_gpio_get_output: GPIO 145 value: 1
05-27 08:44:53.574   581   581 D spidev_ioctl: gpio status=1)
05-27 18:53:44.614   581   581 I SpiService: fgesysctrl_getGPIO_status success val=1
05-27 18:53:44.615  1008 30856 D [OMXB]  : usingANWBuffer: handle:0xee744210, format:1, w:1920, h:1080
05-27 08:44:53.579   581   581 D spi_rst_gpio_get_output: GPIO 145 value: 1
05-27 08:44:53.579   581   581 D spidev_ioctl: gpio status=1)
05-27 18:53:44.617 13911 14183 I SentryImuMcuAngleSender: -179.99298rollDeg
05-27 18:53:44.617 13911 14183 I SentryImuMcuAngleSender: 1,0,0
05-27 18:53:44.620   581   581 I SpiService: fgesysctrl_getGPIO_status success val=1
05-27 08:44:53.585   581   581 D spi_rst_gpio_get_output: GPIO 145 value: 1
05-27 08:44:53.585   581   581 D spidev_ioctl: gpio status=1)
05-27 18:53:44.622   536   536 D commservice260303: msg.id = 1028,0
05-27 18:53:44.622   536   536 D commservice260303: i = 170, msgid = 8A000404
05-27 18:53:44.622   536   536 D commservice260303: msgid = -1979710460,did=138
05-27 18:53:44.622   536   536 D commservice260303: CommProtocolLibCmdBaseI2C::dataproc {"command":{"id":"imu_status","sub":""},"content":{"TimeStamp":11,"FrameCounter":259934,"GD_X":-0.011987865902483463,"GD_Y":0.0059551820158958435,"GD_Z":0.0020608289632946253,"AD_X":-0.0031287670135498047,"AD_Y":-0.003272678004577756,"AD_Z":-0.16826248168945312,"TempDsp":0,"Status":0,"CalibState":1,"SigAmpInvalid":0}},-1979710460
05-27 18:53:44.622   536   536 D commservice260303: send2Cluster len:319, 7B22636F6D6D616E64223A7B226964223A22696D755F737461747573222C22737562223A22227D2C22636F6E74656E74223A7B2254696D655374616D70223A31312C224672616D65436F756E746572223A3235393933342C2247445F58223A2D302E3031313938373836353930323438333436332C2247445F59223A302E303035393535313832303135383935383433352C2247445F5A223A302E303032303630383238393633323934363235332C2241445F58223A2D302E303033313238373637303133353439383034372C2241445F59223A2D302E3030333237323637383030343537373735362C2241445F5A223A2D302E31363832363234383136383934353331322C2254656D70447370223A302C22537461747573223A302C2243616C69625374617465223A312C22536967416D70496E76616C6964223A307D7D, 138 
05-27 18:53:44.622   299 30844 D EvsDriver: forwardFrame
05-27 18:53:44.622   536   536 D commservice260303: Push Message into SendPool fn=-1137179648
05-27 18:53:44.622   536   536 D commservice260303: ComProtocolLibSend2Cluster::send2ClusterRaw fn=-1137179648 , len=335
05-27 18:53:44.622   536   536 D commservice260303: sendCmdToPort :335!!!
05-27 18:53:44.622   536   536 D commservice260303: send Cmd To Port ++++5AA5014B8A01000438BC6A16CD387B22636F6D6D616E64223A7B226964223A22696D755F737461747573222C22737562223A22227D2C22636F6E74656E74223A7B2254696D655374616D70223A31312C224672616D65436F756E746572223A3235393933342C2247445F58223A2D302E3031313938373836353930323438333436332C2247445F59223A302E303035393535313832303135383935383433352C2247445F5A223A302E303032303630383238393633323934363235332C2241445F58223A2D302E303033313238373637303133353439383034372C2241445F59223A2D302E3030333237323637383030343537373735362C2241445F5A223A2D302E31363832363234383136383934353331322C2254656D70447370223A302C22537461747573223A302C2243616C69625374617465223A312C22536967416D70496E76616C6964223A307D7D23F6
05-27 18:53:44.623   536   536 D commservice260303: bufferevent_write retrun value = 0
05-27 18:53:44.623   536   560 D commservice260303: client datas send succeed,send finish
05-27 18:53:44.623 13911 14192 D Sentinelmode_1.2.5.17_sentry: <SentryImuClusterFgeSender>imu_status sent to Linux, frame=259934, tsNs=11091863, tsMs=11, intervalMs=40, ad=(-0.003128767,-0.003272678,-0.16826248), gd=(-0.011987866,0.005955182,0.002060829)
05-27 18:53:44.623   299 30844 D EvsDriver: Delivered 0xb400007b7ca56900 as id 0
05-27 18:53:44.623  1167  1167 D evsmanagerd: /dev/video6 forwarded the buffer #0 to 0xb4000074bf5f5510 from 0xb4000074bf5f6d90
05-27 18:53:44.625   299  1163 D EvsDriver: doneWithFrame
05-27 18:53:44.626   581   581 I SpiService: fgesysctrl_getGPIO_status success val=1
05-27 08:44:53.590   581   581 D spi_rst_gpio_get_output: GPIO 145 value: 1
05-27 08:44:53.590   581   581 D spidev_ioctl: gpio status=1)
05-27 18:53:44.630   299 30841 D EvsDriver: forwardFrame
05-27 18:53:44.631   581   581 I SpiService: fgesysctrl_getGPIO_status success val=0
05-27 08:44:53.596   581   581 D spi_rst_gpio_get_output: GPIO 145 value: 0
05-27 08:44:53.596   581   581 D spidev_ioctl: gpio status=0)
05-27 18:53:44.637 13911 14183 I SentryImuMcuAngleSender: 180.0rollDeg
05-27 18:53:44.637 13911 14183 I SentryImuMcuAngleSender: 1,0,0
05-27 18:53:44.637  1167  1167 D evsmanagerd: /dev/video4 forwarded the buffer #0 to 0xb4000074bf5f6850 from 0xb4000074bf5f41d0
05-27 18:53:44.638   299 30841 D EvsDriver: Delivered 0xb400007b7ca56a60 as id 0
05-27 18:53:44.640   299  1163 D EvsDriver: doneWithFrame
05-27 18:53:44.646   581   581 I SpiService: fgesysctrl_getGPIO_status success val=1
05-27 18:53:44.646   566  1171 I gps_hdbd: [gps_upgrade_thread 3506]Enter
05-27 18:53:44.646   566  1171 I gps_hdbd: [gps_upgrade_thread 3535] sys.gps.update:0 ,file:not ,upgrate_ing:0
05-27 18:53:44.648  1008 30857 D [OMXB]  : usingANWBuffer: handle:0xee7407a0, format:1, w:1920, h:1080
05-27 08:44:53.611   581   581 D spi_rst_gpio_get_output: GPIO 145 value: 1
05-27 08:44:53.611   581   581 D spidev_ioctl: gpio status=1)
05-27 08:44:53.616   581   581 D spi_rst_gpio_get_output: GPIO 145 value: 1
05-27 08:44:53.616   581   581 D spidev_ioctl: gpio status=1)
05-27 18:53:44.651   581   581 I SpiService: fgesysctrl_getGPIO_status success val=1
05-27 18:53:44.657   299 30844 D EvsDriver: forwardFrame
05-27 18:53:44.657   581   581 I SpiService: fgesysctrl_getGPIO_status success val=1
05-27 18:53:44.657 13911 14183 I SentryImuMcuAngleSender: 179.98598rollDeg
05-27 18:53:44.657 13911 14183 I SentryImuMcuAngleSender: 1,0,0
05-27 18:53:44.659   299 30844 D EvsDriver: Delivered 0xb400007b7ca56900 as id 0
05-27 18:53:44.659  1167  1167 D evsmanagerd: /dev/video6 forwarded the buffer #0 to 0xb4000074bf5f5510 from 0xb4000074bf5f6d90
05-27 08:44:53.621   581   581 D spi_rst_gpio_get_output: GPIO 145 value: 1
05-27 08:44:53.621   581   581 D spidev_ioctl: gpio status=1)
05-27 18:53:44.662   299  1163 D EvsDriver: doneWithFrame
05-27 18:53:44.662   536   536 D commservice260303: msg.id = 1028,2
05-27 18:53:44.662   581   581 I SpiService: fgesysctrl_getGPIO_status success val=1
05-27 18:53:44.663   536   536 D commservice260303: i = 170, msgid = 8A000404
05-27 18:53:44.663   536   536 D commservice260303: msgid = -1979710460,did=138
05-27 18:53:44.663   536   536 D commservice260303: CommProtocolLibCmdBaseI2C::dataproc {"command":{"id":"imu_status","sub":""},"content":{"TimeStamp":11,"FrameCounter":259935,"GD_X":-0.012446117587387562,"GD_Y":0.004809814505279064,"GD_Z":0.002900869119912386,"AD_X":-0.005553990602493286,"AD_Y":3.931312821805477E-4,"AD_Z":-0.1688709259033203,"TempDsp":0,"Status":0,"CalibState":1,"SigAmpInvalid":0}},-1979710460
05-27 18:53:44.663   536   536 D commservice260303: send2Cluster len:314, 7B22636F6D6D616E64223A7B226964223A22696D755F737461747573222C22737562223A22227D2C22636F6E74656E74223A7B2254696D655374616D70223A31312C224672616D65436F756E746572223A3235393933352C2247445F58223A2D302E3031323434363131373538373338373536322C2247445F59223A302E3030343830393831343530353237393036342C2247445F5A223A302E3030323930303836393131393931323338362C2241445F58223A2D302E3030353535333939303630323439333238362C2241445F59223A332E393331333132383231383035343737452D342C2241445F5A223A2D302E313638383730393235393033333230332C2254656D70447370223A302C22537461747573223A302C2243616C69625374617465223A312C22536967416D70496E76616C6964223A307D7D, 138 
05-27 18:53:44.663   536   536 D commservice260303: Push Message into SendPool fn=-1120402432
05-27 18:53:44.663   536   536 D commservice260303: ComProtocolLibSend2Cluster::send2ClusterRaw fn=-1120402432 , len=330
05-27 18:53:44.663   536   536 D commservice260303: sendCmdToPort :330!!!
05-27 18:53:44.663   536   536 D commservice260303: send Cmd To Port ++++5AA501468A01000438BD6A16CD387B22636F6D6D616E64223A7B226964223A22696D755F737461747573222C22737562223A22227D2C22636F6E74656E74223A7B2254696D655374616D70223A31312C224672616D65436F756E746572223A3235393933352C2247445F58223A2D302E3031323434363131373538373338373536322C2247445F59223A302E3030343830393831343530353237393036342C2247445F5A223A302E3030323930303836393131393931323338362C2241445F58223A2D302E3030353535333939303630323439333238362C2241445F59223A332E393331333132383231383035343737452D342C2241445F5A223A2D302E313638383730393235393033333230332C2254656D70447370223A302C22537461747573223A302C2243616C69625374617465223A312C22536967416D70496E76616C6964223A307D7DE353
05-27 18:53:44.664   536   536 D commservice260303: bufferevent_write retrun value = 0
05-27 18:53:44.664   536   560 D commservice260303: client datas send succeed,send finish
05-27 18:53:44.664 13911 14192 D Sentinelmode_1.2.5.17_sentry: <SentryImuClusterFgeSender>imu_status sent to Linux, frame=259935, tsNs=11091898, tsMs=11, intervalMs=41, ad=(-0.0055539906,3.9313128E-4,-0.16887093), gd=(-0.012446118,0.0048098145,0.0029008691)
05-27 08:44:53.627   581   581 D spi_rst_gpio_get_output: GPIO 145 value: 1
05-27 08:44:53.627   581   581 D spidev_ioctl: gpio status=1)
05-27 18:53:44.668   581   581 I SpiService: fgesysctrl_getGPIO_status success val=1
05-27 08:44:53.633   581   581 D spi_rst_gpio_get_output: GPIO 145 value: 1
05-27 08:44:53.633   581   581 D spidev_ioctl: gpio status=1)
05-27 18:53:44.671   299 30841 D EvsDriver: forwardFrame
05-27 18:53:44.673  1167  1167 D evsmanagerd: /dev/video4 forwarded the buffer #0 to 0xb4000074bf5f6850 from 0xb4000074bf5f41d0
05-27 18:53:44.673   299 30841 D EvsDriver: Delivered 0xb400007b7ca56a60 as id 0
05-27 18:53:44.674   581   581 I SpiService: fgesysctrl_getGPIO_status success val=0
05-27 08:44:53.639   581   581 D spi_rst_gpio_get_output: GPIO 145 value: 0
05-27 08:44:53.639   581   581 D spidev_ioctl: gpio status=0)
05-27 18:53:44.677   283   307 I rvcservice: t.code = 3, t.value = 0
05-27 18:53:44.677   299  1163 D EvsDriver: doneWithFrame
05-27 18:53:44.677 13911 14183 I SentryImuMcuAngleSender: 179.97899rollDeg
05-27 18:53:44.677 13911 14183 I SentryImuMcuAngleSender: 1,0,0
05-27 18:53:44.681  1008 30856 D [OMXB]  : usingANWBuffer: handle:0xee742320, format:1, w:1920, h:1080
05-27 18:53:44.691   581   581 I SpiService: fgesysctrl_getGPIO_status success val=1
05-27 08:44:53.656   581   581 D spi_rst_gpio_get_output: GPIO 145 value: 1
05-27 08:44:53.656   581   581 D spidev_ioctl: gpio status=1)
05-27 18:53:44.697 13911 14183 I SentryImuMcuAngleSender: 179.97899rollDeg
05-27 18:53:44.697   581   581 I SpiService: fgesysctrl_getGPIO_status success val=1
05-27 18:53:44.697 13911 14183 I SentryImuMcuAngleSender: 1,0,0
05-27 18:53:44.698   299 30841 D EvsDriver: forwardFrame
05-27 18:53:44.700  1167  1167 D evsmanagerd: /dev/video4 forwarded the buffer #0 to 0xb4000074bf5f6850 from 0xb4000074bf5f41d0
05-27 18:53:44.700   299 30841 D EvsDriver: Delivered 0xb400007b7ca56a60 as id 0
05-27 08:44:53.662   581   581 D spi_rst_gpio_get_output: GPIO 145 value: 1
05-27 08:44:53.662   581   581 D spidev_ioctl: gpio status=1)
05-27 18:53:44.701  1008 30857 D [OMXB]  : usingANWBuffer: handle:0xee7435b0, format:1, w:1920, h:1080
05-27 08:44:53.668   581   581 D spi_rst_gpio_get_output: GPIO 145 value: 1
05-27 08:44:53.668   581   581 D spidev_ioctl: gpio status=1)
05-27 08:44:53.674   581   581 D spi_rst_gpio_get_output: GPIO 145 value: 1
05-27 08:44:53.674   581   581 D spidev_ioctl: gpio status=1)
05-27 18:53:44.702   536   536 D commservice260303: msg.id = 1028,0
05-27 18:53:44.703   581   581 I SpiService: fgesysctrl_getGPIO_status success val=1
05-27 18:53:44.703   299  1163 D EvsDriver: doneWithFrame
05-27 18:53:44.704   572   572 I Sensors : 230 GyroSensor: x:-0.011759,y:0.005421,z:0.002367
05-27 18:53:44.706   536   536 D commservice260303: i = 170, msgid = 8A000404
05-27 18:53:44.706   536   536 D commservice260303: msgid = -1979710460,did=138
05-27 18:53:44.707   536   536 D commservice260303: CommProtocolLibCmdBaseI2C::dataproc {"command":{"id":"imu_status","sub":""},"content":{"TimeStamp":11,"FrameCounter":259936,"GD_X":-0.01153013575822115,"GD_Y":0.00549693126231432,"GD_Z":0.002213752595707774,"AD_X":-0.004929840564727783,"AD_Y":0.00160239078104496,"AD_Z":-0.1700916290283203,"TempDsp":0,"Status":0,"CalibState":1,"SigAmpInvalid":0}},-1979710460
05-27 18:53:44.707   536   536 D commservice260303: send2Cluster len:311, 7B22636F6D6D616E64223A7B226964223A22696D755F737461747573222C22737562223A22227D2C22636F6E74656E74223A7B2254696D655374616D70223A31312C224672616D65436F756E746572223A3235393933362C2247445F58223A2D302E30313135333031333537353832323131352C2247445F59223A302E30303534393639333132363233313433322C2247445F5A223A302E3030323231333735323539353730373737342C2241445F58223A2D302E3030343932393834303536343732373738332C2241445F59223A302E30303136303233393037383130343439362C2241445F5A223A2D302E313730303931363239303238333230332C2254656D70447370223A302C22537461747573223A302C2243616C69625374617465223A312C22536967416D70496E76616C6964223A307D7D, 138 
05-27 18:53:44.707   536   536 D commservice260303: Push Message into SendPool fn=-1103625216
05-27 08:44:53.680   581   581 D spi_rst_gpio_get_output: GPIO 145 value: 0
05-27 08:44:53.680   581   581 D spidev_ioctl: gpio status=0)
05-27 18:53:44.707   536   536 D commservice260303: ComProtocolLibSend2Cluster::send2ClusterRaw fn=-1103625216 , len=327
05-27 18:53:44.707   536   536 D commservice260303: sendCmdToPort :327!!!
05-27 18:53:44.707   536   536 D commservice260303: send Cmd To Port ++++5AA501438A01000438BE6A16CD387B22636F6D6D616E64223A7B226964223A22696D755F737461747573222C22737562223A22227D2C22636F6E74656E74223A7B2254696D655374616D70223A31312C224672616D65436F756E746572223A3235393933362C2247445F58223A2D302E30313135333031333537353832323131352C2247445F59223A302E30303534393639333132363233313433322C2247445F5A223A302E3030323231333735323539353730373737342C2241445F58223A2D302E3030343932393834303536343732373738332C2241445F59223A302E30303136303233393037383130343439362C2241445F5A223A2D302E313730303931363239303238333230332C2254656D70447370223A302C22537461747573223A302C2243616C69625374617465223A312C22536967416D70496E76616C6964223A307D7D84EE
05-27 18:53:44.707   536   536 D commservice260303: bufferevent_write retrun value = 0
05-27 18:53:44.708   536   560 D commservice260303: client datas send succeed,send finish
05-27 18:53:44.708 13911 14192 D Sentinelmode_1.2.5.17_sentry: <SentryImuClusterFgeSender>imu_status sent to Linux, frame=259936, tsNs=11091934, tsMs=11, intervalMs=44, ad=(-0.0049298406,0.0016023908,-0.17009163), gd=(-0.011530136,0.0054969313,0.0022137526)
05-27 18:53:44.708   299 30844 D EvsDriver: forwardFrame
05-27 18:53:44.709   581   581 I SpiService: fgesysctrl_getGPIO_status success val=1
05-27 18:53:44.711 30773 30786 I dvr_service_: CameraX 0  audioOK: 94287156,audios:1420
05-27 18:53:44.711 30773 30786 I dvr_service_: CameraX 1  audioOK: 94287156,audios:1420
05-27 18:53:44.712   299 30844 D EvsDriver: Delivered 0xb400007b7ca56900 as id 0
05-27 18:53:44.712  1167  1167 D evsmanagerd: /dev/video6 forwarded the buffer #0 to 0xb4000074bf5f5510 from 0xb4000074bf5f6d90
05-27 18:53:44.714 11130 11191 D ANWAPI_SECOND: (11130|0x295FACB0)[BTAPI] set_bluetooth_power : open /sys/class/gpio/gpio142/value
05-27 18:53:44.715 11130 11191 D ANWAPI_SECOND: (11130|0x295FACB0)[BTAPI] set_bluetooth_power : open(/sys/class/gpio/gpio142/value) for write failed,fd=-1
05-27 18:53:44.715 11130 11191 D ANWAPI_SECOND: (11130|0x295FACB0)[BTAPI] open set_bluetooth_power : write(No such file or directory) failed,errno = 2
05-27 18:53:44.716   581   581 I SpiService: fgesysctrl_getGPIO_status success val=0
