05-27 18:53:41.850   351   516 D automotive.vehicle@2.0-adayo-func-bcm: BCMFunc sendMessageFromVehicle_l msgBuff[33]=0x1,start:0,len:8,temp:8,
05-27 18:53:41.850   351   516 D automotive.vehicle@2.0-adayo-func-bcm: BCMFunc sendMessageFromVehicle_l prop: 0x2140007a ,areaId: 0x0  SPLITE_BIT_DATA_INTEGER : 1
05-27 18:53:41.850   351   516 D automotive.vehicle@2.0-adayo-func-bcm: BCMFunc sendMessageFromVehicle_l id:557842554, area:0 not report! 
05-27 18:53:41.850   351   516 D automotive.vehicle@2.0-adayo-func-bcm: BCMFunc sendMessageFromVehicle_l dataType: 12,mByte=34,propid=0x214000af
05-27 18:53:41.850   351   516 D automotive.vehicle@2.0-adayo-func-bcm: BCMFunc sendMessageFromVehicle_l msgBuff[34]=0x1,start:0,len:8,temp:8,
05-27 18:53:41.850   351   516 D automotive.vehicle@2.0-adayo-func-bcm: BCMFunc sendMessageFromVehicle_l prop: 0x214000af ,areaId: 0x0  SPLITE_BIT_DATA_INTEGER : 1
05-27 18:53:41.850   351   516 D automotive.vehicle@2.0-adayo-func-bcm: BCMFunc sendMessageFromVehicle_l id:557842607, area:0 not report! 
05-27 18:53:41.850   351   516 D automotive.vehicle@2.0-adayo-func-bcm: BCMFunc sendMessageFromVehicle_l dataType: 12,mByte=35,propid=0x21400079
05-27 18:53:41.850   351   516 D automotive.vehicle@2.0-adayo-func-bcm: BCMFunc sendMessageFromVehicle_l msgBuff[35]=0x1,start:0,len:8,temp:8,
05-27 18:53:41.850   351   516 D automotive.vehicle@2.0-adayo-func-bcm: BCMFunc sendMessageFromVehicle_l prop: 0x21400079 ,areaId: 0x0  SPLITE_BIT_DATA_INTEGER : 1
05-27 18:53:41.850   351   516 D automotive.vehicle@2.0-adayo-func-bcm: BCMFunc sendMessageFromVehicle_l id:557842553, area:0 not report! 
05-27 08:44:50.814   581   581 D spi_rst_gpio_get_output: GPIO 145 value: 1
05-27 08:44:50.814   581   581 D spidev_ioctl: gpio status=1)
05-27 08:44:50.819   581   581 D spi_rst_gpio_get_output: GPIO 145 value: 1
05-27 18:53:41.855   581   581 I SpiService: fgesysctrl_getGPIO_status success val=1
05-27 08:44:50.820   581   581 D spidev_ioctl: gpio status=1)
05-27 18:53:41.856   299 30841 D EvsDriver: forwardFrame
05-27 18:53:41.856   299 30841 D EvsDriver: Delivered 0xb400007b7ca56a60 as id 0
05-27 18:53:41.857  1167  1479 D evsmanagerd: /dev/video4 forwarded the buffer #0 to 0xb4000074bf5f6850 from 0xb4000074bf5f41d0
05-27 18:53:41.858   299  1153 D EvsDriver: doneWithFrame
05-27 18:53:41.860   581   581 I SpiService: fgesysctrl_getGPIO_status success val=1
05-27 08:44:50.825   581   581 D spi_rst_gpio_get_output: GPIO 145 value: 1
05-27 08:44:50.825   581   581 D spidev_ioctl: gpio status=1)
05-27 18:53:41.862 10934 11021 D ANWAPI_SECOND: (10934|0x295D6CB0)[BTAPI] set_bluetooth_power : open /sys/class/gpio/gpio142/value
05-27 18:53:41.862 10934 11021 D ANWAPI_SECOND: (10934|0x295D6CB0)[BTAPI] set_bluetooth_power : open(/sys/class/gpio/gpio142/value) for write failed,fd=-1
05-27 18:53:41.862 10934 11021 D ANWAPI_SECOND: (10934|0x295D6CB0)[BTAPI] open set_bluetooth_power : write(No such file or directory) failed,errno = 2
05-27 18:53:41.862   299 30844 D EvsDriver: forwardFrame
05-27 18:53:41.864   299 30844 D EvsDriver: Delivered 0xb400007b7ca56900 as id 0
05-27 18:53:41.864  1167  1479 D evsmanagerd: /dev/video6 forwarded the buffer #0 to 0xb4000074bf5f5510 from 0xb4000074bf5f6d90
05-27 18:53:41.864 13911 14183 I SentryImuMcuAngleSender: 179.97195rollDeg
05-27 18:53:41.864 13911 14183 I SentryImuMcuAngleSender: 1,0,0
05-27 18:53:41.866   581   581 I SpiService: fgesysctrl_getGPIO_status success val=1
05-27 18:53:41.866  1008 30857 D [OMXB]  : usingANWBuffer: handle:0xee741b90, format:1, w:1920, h:1080
05-27 18:53:41.866   299  1153 D EvsDriver: doneWithFrame
05-27 18:53:41.868   572   622 I Sensors : 230 AccelSensor: x:-0.168360,y:0.003659,z:-9.972890
05-27 08:44:50.830   581   581 D spi_rst_gpio_get_output: GPIO 145 value: 1
05-27 08:44:50.831   581   581 D spidev_ioctl: gpio status=1)
05-27 18:53:41.870   283   307 I rvcservice: t.code = 2, t.value = 9974720
05-27 18:53:41.872   581   581 I SpiService: fgesysctrl_getGPIO_status success val=1
05-27 18:53:41.872   536   536 D commservice260303: msg.id = 1028,1
05-27 18:53:41.872   536   536 D commservice260303: i = 170, msgid = 8A000404
05-27 18:53:41.872   536   536 D commservice260303: msgid = -1979710460,did=138
05-27 18:53:41.872   536   536 D commservice260303: CommProtocolLibCmdBaseI2C::dataproc {"command":{"id":"imu_status","sub":""},"content":{"TimeStamp":11,"FrameCounter":259866,"GD_X":-0.011759000830352306,"GD_Y":0.005268065724521875,"GD_Z":0.0022902146447449923,"AD_X":-0.0019163787364959717,"AD_Y":0.001450053881853819,"AD_Z":-0.1676502227783203,"TempDsp":0,"Status":0,"CalibState":1,"SigAmpInvalid":0}},-1979710460
05-27 18:53:41.872   536   536 D commservice260303: send2Cluster len:316, 7B22636F6D6D616E64223A7B226964223A22696D755F737461747573222C22737562223A22227D2C22636F6E74656E74223A7B2254696D655374616D70223A31312C224672616D65436F756E746572223A3235393836362C2247445F58223A2D302E3031313735393030303833303335323330362C2247445F59223A302E3030353236383036353732343532313837352C2247445F5A223A302E303032323930323134363434373434393932332C2241445F58223A2D302E303031393136333738373336343935393731372C2241445F59223A302E3030313435303035333838313835333831392C2241445F5A223A2D302E313637363530323232373738333230332C2254656D70447370223A302C22537461747573223A302C2243616C69625374617465223A312C22536967416D70496E76616C6964223A307D7D, 138 
05-27 18:53:41.873   536   536 D commservice260303: Push Message into SendPool fn=2000159744
05-27 18:53:41.873   536   536 D commservice260303: ComProtocolLibSend2Cluster::send2ClusterRaw fn=2000159744 , len=332
05-27 18:53:41.873   536   536 D commservice260303: sendCmdToPort :332!!!
05-27 18:53:41.873   536   536 D commservice260303: send Cmd To Port ++++5AA501488A01000438776A16CD357B22636F6D6D616E64223A7B226964223A22696D755F737461747573222C22737562223A22227D2C22636F6E74656E74223A7B2254696D655374616D70223A31312C224672616D65436F756E746572223A3235393836362C2247445F58223A2D302E3031313735393030303833303335323330362C2247445F59223A302E3030353236383036353732343532313837352C2247445F5A223A302E303032323930323134363434373434393932332C2241445F58223A2D302E303031393136333738373336343935393731372C2241445F59223A302E3030313435303035333838313835333831392C2241445F5A223A2D302E313637363530323232373738333230332C2254656D70447370223A302C22537461747573223A302C2243616C69625374617465223A312C22536967416D70496E76616C6964223A307D7D8F5C
05-27 18:53:41.873   536   536 D commservice260303: bufferevent_write retrun value = 0
05-27 18:53:41.873   536   560 D commservice260303: client datas send succeed,send finish
05-27 08:44:50.836   581   581 D spi_rst_gpio_get_output: GPIO 145 value: 1
05-27 08:44:50.836   581   581 D spidev_ioctl: gpio status=1)
05-27 18:53:41.873 13911 14192 D Sentinelmode_1.2.5.17_sentry: <SentryImuClusterFgeSender>imu_status sent to Linux, frame=259866, tsNs=11089118, tsMs=11, intervalMs=41, ad=(-0.0019163787,0.0014500539,-0.16765022), gd=(-0.011759001,0.0052680657,0.0022902146)
05-27 18:53:41.877   581   581 I SpiService: fgesysctrl_getGPIO_status success val=0
05-27 18:53:41.877   481   597 I mcuc    : send SPI:6AA602DF59000289003B
05-27 08:44:50.842   581   581 D spi_rst_gpio_get_output: GPIO 145 value: 0
05-27 08:44:50.842   581   581 D spidev_ioctl: gpio status=0)
05-27 18:53:41.885 13911 14183 I SentryImuMcuAngleSender: 179.97897rollDeg
05-27 18:53:41.885 13911 14183 I SentryImuMcuAngleSender: 1,0,0
05-27 18:53:41.888   299 30844 D EvsDriver: forwardFrame
05-27 18:53:41.888  1008 30856 D [OMXB]  : usingANWBuffer: handle:0xee7440b0, format:1, w:1920, h:1080
05-27 18:53:41.890   299 30844 D EvsDriver: Delivered 0xb400007b7ca56900 as id 0
05-27 18:53:41.890  1167  1479 D evsmanagerd: /dev/video6 forwarded the buffer #0 to 0xb4000074bf5f5510 from 0xb4000074bf5f6d90
05-27 18:53:41.891   299 30841 D EvsDriver: forwardFrame
05-27 18:53:41.891   481   598 I mcuc    : rev,n=1,6AA681DF5A001B8900840600030E30313233343536373839414243444546470001011C
05-27 18:53:41.891   351   373 D automotive.vehicle@2.0-adayo-datacomm-mcu: MCUDatacomm sendMessageFromVehicle prop: 0x89, areaId: 0x0, status: 0x84, timestamp: 0x6
05-27 18:53:41.892   351   373 D automotive.vehicle@2.0-adayo-datacomm-mcu: MCUDatacomm 1sendMessageFromVehicle ---> type = 3 
05-27 18:53:41.892   351   373 D automotive.vehicle@2.0-adayo-func-bcm: sendMessageFromVehicle sendMessageFromVehicle
05-27 18:53:41.892   351   516 D automotive.vehicle@2.0-adayo-func-bcm: jjfan1 ______procotolSize :1
05-27 18:53:41.892   351   516 D automotive.vehicle@2.0-adayo-func-bcm: BCMFunc sendMessageFromVehicle_l dataType: 13,mByte=7,propid=0x2110001a
05-27 18:53:41.892   351   516 D automotive.vehicle@2.0-adayo-func-bcm: BCMFunc VEHICLE_VIN_CODE111 0x2110001a 
05-27 18:53:41.892   351   516 E automotive.vehicle@2.0-adayo-func-bcm: byteArrayToASCIIString, index 7 hex: 30, ascii: 0
05-27 18:53:41.892   351   516 E automotive.vehicle@2.0-adayo-func-bcm: byteArrayToASCIIString, index 8 hex: 31, ascii: 01
05-27 18:53:41.892   351   516 E automotive.vehicle@2.0-adayo-func-bcm: byteArrayToASCIIString, index 9 hex: 32, ascii: 012
05-27 18:53:41.892   351   516 E automotive.vehicle@2.0-adayo-func-bcm: byteArrayToASCIIString, index 10 hex: 33, ascii: 0123
05-27 18:53:41.892   351   516 E automotive.vehicle@2.0-adayo-func-bcm: byteArrayToASCIIString, index 11 hex: 34, ascii: 01234
05-27 18:53:41.892   351   516 E automotive.vehicle@2.0-adayo-func-bcm: byteArrayToASCIIString, index 12 hex: 35, ascii: 012345
05-27 18:53:41.893   351   516 E automotive.vehicle@2.0-adayo-func-bcm: byteArrayToASCIIString, index 13 hex: 36, ascii: 0123456
05-27 18:53:41.893   351   516 E automotive.vehicle@2.0-adayo-func-bcm: byteArrayToASCIIString, index 14 hex: 37, ascii: 01234567
05-27 18:53:41.893   351   516 E automotive.vehicle@2.0-adayo-func-bcm: byteArrayToASCIIString, index 15 hex: 38, ascii: 012345678
05-27 18:53:41.893   351   516 E automotive.vehicle@2.0-adayo-func-bcm: byteArrayToASCIIString, index 16 hex: 39, ascii: 0123456789
05-27 18:53:41.893   351   516 E automotive.vehicle@2.0-adayo-func-bcm: byteArrayToASCIIString, index 17 hex: 41, ascii: 0123456789A
05-27 18:53:41.893   351   516 E automotive.vehicle@2.0-adayo-func-bcm: byteArrayToASCIIString, index 18 hex: 42, ascii: 0123456789AB
05-27 18:53:41.893   351   516 E automotive.vehicle@2.0-adayo-func-bcm: byteArrayToASCIIString, index 19 hex: 43, ascii: 0123456789ABC
05-27 18:53:41.893   351   516 E automotive.vehicle@2.0-adayo-func-bcm: byteArrayToASCIIString, index 20 hex: 44, ascii: 0123456789ABCD
05-27 18:53:41.893   351   516 E automotive.vehicle@2.0-adayo-func-bcm: byteArrayToASCIIString, index 21 hex: 45, ascii: 0123456789ABCDE
05-27 18:53:41.893   351   516 E automotive.vehicle@2.0-adayo-func-bcm: byteArrayToASCIIString, index 22 hex: 46, ascii: 0123456789ABCDEF
05-27 18:53:41.893   351   516 E automotive.vehicle@2.0-adayo-func-bcm: byteArrayToASCIIString, index 23 hex: 47, ascii: 0123456789ABCDEFG
05-27 18:53:41.893   351   516 D automotive.vehicle@2.0-adayo-func-bcm: BCMFunc VEHICLE_VIN_CODE222 0x2110001a ,value:0123456789ABCDEFG
05-27 18:53:41.893   351   516 D automotive.vehicle@2.0-adayo-func-bcm: BCMFunc sendMessageFromVehicle_l id:554696730, area:0 not report! 
05-27 18:53:41.896   299 30841 D EvsDriver: Delivered 0xb400007b7ca56a60 as id 0
05-27 18:53:41.896  1167  1479 D evsmanagerd: /dev/video4 forwarded the buffer #0 to 0xb4000074bf5f6850 from 0xb4000074bf5f41d0
05-27 18:53:41.897   299  1153 D EvsDriver: doneWithFrame
05-27 18:53:41.899   581   581 I SpiService: fgesysctrl_getGPIO_status success val=1
05-27 18:53:41.899   299  1153 D EvsDriver: doneWithFrame
05-27 08:44:50.863   581   581 D spi_rst_gpio_get_output: GPIO 145 value: 1
05-27 08:44:50.863   581   581 D spidev_ioctl: gpio status=1)
05-27 18:53:41.901  1008 30857 D [OMXB]  : usingANWBuffer: handle:0xee7432f0, format:1, w:1920, h:1080
05-27 18:53:41.904   581   581 I SpiService: fgesysctrl_getGPIO_status success val=1
05-27 08:44:50.869   581   581 D spi_rst_gpio_get_output: GPIO 145 value: 1
05-27 08:44:50.869   581   581 D spidev_ioctl: gpio status=1)
05-27 18:53:41.905 13911 14183 I SentryImuMcuAngleSender: 179.98598rollDeg
05-27 18:53:41.905 13911 14183 I SentryImuMcuAngleSender: 1,0,0
05-27 18:53:41.910   581   581 I SpiService: fgesysctrl_getGPIO_status success val=1
05-27 18:53:41.912   536   536 D commservice260303: msg.id = 1028,0
05-27 18:53:41.912   536   536 D commservice260303: i = 170, msgid = 8A000404
05-27 18:53:41.912   536   536 D commservice260303: msgid = -1979710460,did=138
05-27 18:53:41.913   536   536 D commservice260303: CommProtocolLibCmdBaseI2C::dataproc {"command":{"id":"imu_status","sub":""},"content":{"TimeStamp":11,"FrameCounter":259867,"GD_X":-0.012139749713242054,"GD_Y":0.005573912989348173,"GD_Z":0.00259606190957129,"AD_X":-0.00435243546962738,"AD_Y":2.314518205821514E-4,"AD_Z":-0.16826248168945312,"TempDsp":0,"Status":0,"CalibState":1,"SigAmpInvalid":0}},-1979710460
05-27 18:53:41.913   536   536 D commservice260303: send2Cluster len:313, 7B22636F6D6D616E64223A7B226964223A22696D755F737461747573222C22737562223A22227D2C22636F6E74656E74223A7B2254696D655374616D70223A31312C224672616D65436F756E746572223A3235393836372C2247445F58223A2D302E3031323133393734393731333234323035342C2247445F59223A302E3030353537333931323938393334383137332C2247445F5A223A302E30303235393630363139303935373132392C2241445F58223A2D302E30303433353234333534363936323733382C2241445F59223A322E333134353138323035383231353134452D342C2241445F5A223A2D302E31363832363234383136383934353331322C2254656D70447370223A302C22537461747573223A302C2243616C69625374617465223A312C22536967416D70496E76616C6964223A307D7D, 138 
05-27 18:53:41.913   536   536 D commservice260303: Push Message into SendPool fn=2016936960
05-27 18:53:41.913   536   536 D commservice260303: ComProtocolLibSend2Cluster::send2ClusterRaw fn=2016936960 , len=329
05-27 18:53:41.913   536   536 D commservice260303: sendCmdToPort :329!!!
05-27 18:53:41.913   536   536 D commservice260303: send Cmd To Port ++++5AA501458A01000438786A16CD357B22636F6D6D616E64223A7B226964223A22696D755F737461747573222C22737562223A22227D2C22636F6E74656E74223A7B2254696D655374616D70223A31312C224672616D65436F756E746572223A3235393836372C2247445F58223A2D302E3031323133393734393731333234323035342C2247445F59223A302E3030353537333931323938393334383137332C2247445F5A223A302E30303235393630363139303935373132392C2241445F58223A2D302E30303433353234333534363936323733382C2241445F59223A322E333134353138323035383231353134452D342C2241445F5A223A2D302E31363832363234383136383934353331322C2254656D70447370223A302C22537461747573223A302C2243616C69625374617465223A312C22536967416D70496E76616C6964223A307D7D85A7
05-27 18:53:41.913   536   536 D commservice260303: bufferevent_write retrun value = 0
05-27 18:53:41.913   536   560 D commservice260303: client datas send succeed,send finish
05-27 18:53:41.914 13911 14192 D Sentinelmode_1.2.5.17_sentry: <SentryImuClusterFgeSender>imu_status sent to Linux, frame=259867, tsNs=11089153, tsMs=11, intervalMs=40, ad=(-0.0043524355,2.3145182E-4,-0.16826248), gd=(-0.01213975,0.005573913,0.002596062)
05-27 08:44:50.874   581   581 D spi_rst_gpio_get_output: GPIO 145 value: 1
05-27 08:44:50.874   581   581 D spidev_ioctl: gpio status=1)
05-27 18:53:41.915   581   581 I SpiService: fgesysctrl_getGPIO_status success val=0
05-27 18:53:41.915   481   597 I mcuc    : send SPI:6AA602DF5A000289003A
05-27 08:44:50.880   581   581 D spi_rst_gpio_get_output: GPIO 145 value: 0
05-27 08:44:50.880   581   581 D spidev_ioctl: gpio status=0)
05-27 18:53:41.918   299 30844 D EvsDriver: forwardFrame
05-27 18:53:41.920   299 30844 D EvsDriver: Delivered 0xb400007b7ca56900 as id 0
05-27 18:53:41.920  1167  1479 D evsmanagerd: /dev/video6 forwarded the buffer #0 to 0xb4000074bf5f5510 from 0xb4000074bf5f6d90
05-27 18:53:41.920 30773 30783 E dvr_service_: [myNum:1] Received S**** loss
05-27 18:53:41.920   299  1153 D EvsDriver: doneWithFrame
05-27 18:53:41.921   299 30841 D EvsDriver: forwardFrame
05-27 18:53:41.921   299 30841 D EvsDriver: Delivered 0xb400007b7ca56a60 as id 0
05-27 18:53:41.921  1167  1479 D evsmanagerd: /dev/video4 forwarded the buffer #0 to 0xb4000074bf5f6850 from 0xb4000074bf5f41d0
05-27 18:53:41.922 30773 30783 E dvr_service_: [myNum:0] Received S**** loss
05-27 18:53:41.922   299  1153 D EvsDriver: doneWithFrame
05-27 18:53:41.924  1008 30856 D [OMXB]  : usingANWBuffer: handle:0xee743710, format:1, w:1920, h:1080
05-27 18:53:41.926 13911 14183 I SentryImuMcuAngleSender: 179.98598rollDeg
05-27 18:53:41.926 13911 14183 I SentryImuMcuAngleSender: 1,0,0
05-27 18:53:41.929   581   581 I SpiService: fgesysctrl_getGPIO_status success val=1
05-27 08:44:50.894   581   581 D spi_rst_gpio_get_output: GPIO 145 value: 1
05-27 08:44:50.894   581   581 D spidev_ioctl: gpio status=1)
05-27 18:53:41.935   581   581 I SpiService: fgesysctrl_getGPIO_status success val=1
05-27 18:53:41.936 11344 11344 E SystemUI_NavBarFragment: SysUIConfig.icCarServiceConnected：false
05-27 08:44:50.899   581   581 D spi_rst_gpio_get_output: GPIO 145 value: 1
05-27 08:44:50.899   581   581 D spidev_ioctl: gpio status=1)
05-27 18:53:41.940   581   581 I SpiService: fgesysctrl_getGPIO_status success val=1
05-27 08:44:50.905   581   581 D spi_rst_gpio_get_output: GPIO 145 value: 1
05-27 08:44:50.905   581   581 D spidev_ioctl: gpio status=1)
05-27 18:53:41.941  1008 30857 D [OMXB]  : usingANWBuffer: handle:0xee7404e0, format:1, w:1920, h:1080
05-27 18:53:41.945   581   581 I SpiService: fgesysctrl_getGPIO_status success val=1
05-27 18:53:41.946 13911 14183 I SentryImuMcuAngleSender: 179.98248rollDeg
05-27 18:53:41.946 13911 14183 I SentryImuMcuAngleSender: 1,0,0
05-27 08:44:50.910   581   581 D spi_rst_gpio_get_output: GPIO 145 value: 1
05-27 08:44:50.910   581   581 D spidev_ioctl: gpio status=1)
05-27 18:53:41.951   581   581 I SpiService: fgesysctrl_getGPIO_status success val=1
05-27 08:44:50.916   581   581 D spi_rst_gpio_get_output: GPIO 145 value: 1
05-27 08:44:50.916   581   581 D spidev_ioctl: gpio status=1)
05-27 18:53:41.952   536   536 D commservice260303: msg.id = 1028,0
05-27 18:53:41.953   536   536 D commservice260303: i = 170, msgid = 8A000404
05-27 18:53:41.953   536   536 D commservice260303: msgid = -1979710460,did=138
05-27 18:53:41.953   536   536 D commservice260303: CommProtocolLibCmdBaseI2C::dataproc {"command":{"id":"imu_status","sub":""},"content":{"TimeStamp":11,"FrameCounter":259868,"GD_X":-0.011834942735731602,"GD_Y":0.005345047451555729,"GD_Z":0.0020608289632946253,"AD_X":-0.005554273724555969,"AD_Y":8.384899701923132E-4,"AD_Z":-0.16704177856445312,"TempDsp":0,"Status":0,"CalibState":1,"SigAmpInvalid":0}},-1979710460
05-27 18:53:41.953   299 30841 D EvsDriver: forwardFrame
05-27 18:53:41.953   299 30844 D EvsDriver: forwardFrame
05-27 18:53:41.953   536   536 D commservice260303: send2Cluster len:316, 7B22636F6D6D616E64223A7B226964223A22696D755F737461747573222C22737562223A22227D2C22636F6E74656E74223A7B2254696D655374616D70223A31312C224672616D65436F756E746572223A3235393836382C2247445F58223A2D302E3031313833343934323733353733313630322C2247445F59223A302E3030353334353034373435313535353732392C2247445F5A223A302E303032303630383238393633323934363235332C2241445F58223A2D302E3030353535343237333732343535353936392C2241445F59223A382E333834383939373031393233313332452D342C2241445F5A223A2D302E31363730343137373835363434353331322C2254656D70447370223A302C22537461747573223A302C2243616C69625374617465223A312C22536967416D70496E76616C6964223A307D7D, 138 
05-27 18:53:41.953   536   536 D commservice260303: Push Message into SendPool fn=2033714176
05-27 18:53:41.953   536   536 D commservice260303: ComProtocolLibSend2Cluster::send2ClusterRaw fn=2033714176 , len=332
05-27 18:53:41.953   536   536 D commservice260303: sendCmdToPort :332!!!
05-27 18:53:41.953   536   536 D commservice260303: send Cmd To Port ++++5AA501488A01000438796A16CD357B22636F6D6D616E64223A7B226964223A22696D755F737461747573222C22737562223A22227D2C22636F6E74656E74223A7B2254696D655374616D70223A31312C224672616D65436F756E746572223A3235393836382C2247445F58223A2D302E3031313833343934323733353733313630322C2247445F59223A302E3030353334353034373435313535353732392C2247445F5A223A302E303032303630383238393633323934363235332C2241445F58223A2D302E3030353535343237333732343535353936392C2241445F59223A382E333834383939373031393233313332452D342C2241445F5A223A2D302E31363730343137373835363434353331322C2254656D70447370223A302C22537461747573223A302C2243616C69625374617465223A312C22536967416D70496E76616C6964223A307D7DC26D
05-27 18:53:41.954   536   536 D commservice260303: bufferevent_write retrun value = 0
05-27 18:53:41.955   536   560 D commservice260303: client datas send succeed,send finish
05-27 18:53:41.955 13911 14192 D Sentinelmode_1.2.5.17_sentry: <SentryImuClusterFgeSender>imu_status sent to Linux, frame=259868, tsNs=11089189, tsMs=11, intervalMs=42, ad=(-0.0055542737,8.3848997E-4,-0.16704178), gd=(-0.011834943,0.0053450475,0.002060829)
05-27 18:53:41.956   299 30841 D EvsDriver: Delivered 0xb400007b7ca56a60 as id 0
05-27 18:53:41.956  1167  1479 D evsmanagerd: /dev/video4 forwarded the buffer #0 to 0xb4000074bf5f6850 from 0xb4000074bf5f41d0
05-27 18:53:41.956  1167  1167 D evsmanagerd: /dev/video6 forwarded the buffer #0 to 0xb4000074bf5f5510 from 0xb4000074bf5f6d90
05-27 18:53:41.956   572   572 I Sensors : 230 GyroSensor: x:-0.011835,y:0.005955,z:0.002290
05-27 18:53:41.956   299 30844 D EvsDriver: Delivered 0xb400007b7ca56900 as id 0
05-27 18:53:41.957   581   581 I SpiService: fgesysctrl_getGPIO_status success val=0
05-27 18:53:41.959   299  1153 D EvsDriver: doneWithFrame
05-27 18:53:41.960   299  1163 D EvsDriver: doneWithFrame
05-27 08:44:50.921   581   581 D spi_rst_gpio_get_output: GPIO 145 value: 0
05-27 08:44:50.921   581   581 D spidev_ioctl: gpio status=0)
05-27 18:53:41.962  1008 30856 D [OMXB]  : usingANWBuffer: handle:0xee7406f0, format:1, w:1920, h:1080
05-27 18:53:41.967 13911 14183 I SentryImuMcuAngleSender: 179.97546rollDeg
05-27 18:53:41.967 13911 14183 I SentryImuMcuAngleSender: 1,0,0
05-27 18:53:41.970   283   307 I rvcservice: t.code = 3, t.value = 0
05-27 08:44:50.937   581   581 D spi_rst_gpio_get_output: GPIO 145 value: 1
05-27 08:44:50.937   581   581 D spidev_ioctl: gpio status=1)
05-27 18:53:41.972   581   581 I SpiService: fgesysctrl_getGPIO_status success val=1
05-27 18:53:41.978   581   581 I SpiService: fgesysctrl_getGPIO_status success val=1
05-27 08:44:50.943   581   581 D spi_rst_gpio_get_output: GPIO 145 value: 1
05-27 08:44:50.943   581   581 D spidev_ioctl: gpio status=1)
05-27 18:53:41.982  1008 30857 D [OMXB]  : usingANWBuffer: handle:0xee742b60, format:1, w:1920, h:1080
05-27 18:53:41.984   581   581 I SpiService: fgesysctrl_getGPIO_status success val=1
05-27 08:44:50.948   581   581 D spi_rst_gpio_get_output: GPIO 145 value: 1
05-27 08:44:50.948   581   581 D spidev_ioctl: gpio status=1)
05-27 18:53:41.987 13911 14183 I SentryImuMcuAngleSender: 179.97899rollDeg
05-27 18:53:41.987 13911 14183 I SentryImuMcuAngleSender: 1,0,0
05-27 18:53:41.989   581   581 I SpiService: fgesysctrl_getGPIO_status success val=1
05-27 08:44:50.954   581   581 D spi_rst_gpio_get_output: GPIO 145 value: 1
05-27 08:44:50.954   581   581 D spidev_ioctl: gpio status=1)
05-27 18:53:41.992   299 30841 D EvsDriver: forwardFrame
05-27 18:53:41.992   299 30844 D EvsDriver: forwardFrame
05-27 18:53:41.994   536   536 D commservice260303: msg.id = 1028,1
05-27 18:53:41.994   536   536 D commservice260303: i = 170, msgid = 8A000404
05-27 18:53:41.994   536   536 D commservice260303: msgid = -1979710460,did=138
05-27 18:53:41.994   536   536 D commservice260303: CommProtocolLibCmdBaseI2C::dataproc {"command":{"id":"imu_status","sub":""},"content":{"TimeStamp":11,"FrameCounter":259869,"GD_X":-0.010994902811944485,"GD_Y":0.004733873065561056,"GD_Z":0.0016030981205403805,"AD_X":-0.0018890351057052612,"AD_Y":-3.915835404768586E-4,"AD_Z":-0.1719207763671875,"TempDsp":0,"Status":0,"CalibState":1,"SigAmpInvalid":0}},-1979710460
05-27 18:53:41.995   536   536 D commservice260303: send2Cluster len:317, 7B22636F6D6D616E64223A7B226964223A22696D755F737461747573222C22737562223A22227D2C22636F6E74656E74223A7B2254696D655374616D70223A31312C224672616D65436F756E746572223A3235393836392C2247445F58223A2D302E3031303939343930323831313934343438352C2247445F59223A302E3030343733333837333036353536313035362C2247445F5A223A302E303031363033303938313230353430333830352C2241445F58223A2D302E303031383839303335313035373035323631322C2241445F59223A2D332E393135383335343034373638353836452D342C2241445F5A223A2D302E313731393230373736333637313837352C2254656D70447370223A302C22537461747573223A302C2243616C69625374617465223A312C22536967416D70496E76616C6964223A307D7D, 138 
05-27 18:53:41.995   536   536 D commservice260303: Push Message into SendPool fn=2050491392
05-27 18:53:41.995   581   581 I SpiService: fgesysctrl_getGPIO_status success val=1
05-27 18:53:41.995   536   536 D commservice260303: ComProtocolLibSend2Cluster::send2ClusterRaw fn=2050491392 , len=333
05-27 18:53:41.995   536   536 D commservice260303: sendCmdToPort :333!!!
05-27 18:53:41.995  1167  1479 D evsmanagerd: /dev/video6 forwarded the buffer #0 to 0xb4000074bf5f5510 from 0xb4000074bf5f6d90
05-27 18:53:41.995  1167  1167 D evsmanagerd: /dev/video4 forwarded the buffer #0 to 0xb4000074bf5f6850 from 0xb4000074bf5f41d0
05-27 18:53:41.995   536   536 D commservice260303: send Cmd To Port ++++5AA501498A010004387A6A16CD357B22636F6D6D616E64223A7B226964223A22696D755F737461747573222C22737562223A22227D2C22636F6E74656E74223A7B2254696D655374616D70223A31312C224672616D65436F756E746572223A3235393836392C2247445F58223A2D302E3031303939343930323831313934343438352C2247445F59223A302E3030343733333837333036353536313035362C2247445F5A223A302E303031363033303938313230353430333830352C2241445F58223A2D302E303031383839303335313035373035323631322C2241445F59223A2D332E393135383335343034373638353836452D342C2241445F5A223A2D302E313731393230373736333637313837352C2254656D70447370223A302C22537461747573223A302C2243616C69625374617465223A312C22536967416D70496E76616C6964223A307D7D9B06
05-27 18:53:41.995   536   536 D commservice260303: bufferevent_write retrun value = 0
05-27 18:53:41.996   299 30844 D EvsDriver: Delivered 0xb400007b7ca56900 as id 0
05-27 18:53:41.996   536   560 D commservice260303: client datas send succeed,send finish
05-27 08:44:50.959   581   581 D spi_rst_gpio_get_output: GPIO 145 value: 1
05-27 08:44:50.959   581   581 D spidev_ioctl: gpio status=1)
05-27 18:53:41.996   299 30841 D EvsDriver: Delivered 0xb400007b7ca56a60 as id 0
05-27 18:53:41.996 13911 14192 D Sentinelmode_1.2.5.17_sentry: <SentryImuClusterFgeSender>imu_status sent to Linux, frame=259869, tsNs=11089242, tsMs=11, intervalMs=41, ad=(-0.0018890351,-3.9158354E-4,-0.17192078), gd=(-0.010994903,0.004733873,0.0016030981)
05-27 18:53:41.999   299  1163 D EvsDriver: doneWithFrame
05-27 18:53:42.000   299  1163 D EvsDriver: doneWithFrame
05-27 08:44:50.965   581   581 D spi_rst_gpio_get_output: GPIO 145 value: 0
05-27 18:53:42.000   581   581 I SpiService: fgesysctrl_getGPIO_status success val=0
05-27 08:44:50.965   581   581 D spidev_ioctl: gpio status=0)
05-27 18:53:42.005  1008 30856 D [OMXB]  : usingANWBuffer: handle:0xee740e80, format:1, w:1920, h:1080
05-27 18:53:42.008 13911 14183 I SentryImuMcuAngleSender: 179.98949rollDeg
05-27 18:53:42.008 13911 14183 I SentryImuMcuAngleSender: 1,0,0
05-27 18:53:42.014   581   581 I SpiService: fgesysctrl_getGPIO_status success val=1
05-27 08:44:50.979   581   581 D spi_rst_gpio_get_output: GPIO 145 value: 1
05-27 08:44:50.979   581   581 D spidev_ioctl: gpio status=1)
05-27 18:53:42.020   581   581 I SpiService: fgesysctrl_getGPIO_status success val=1
05-27 08:44:50.984   581   581 D spi_rst_gpio_get_output: GPIO 145 value: 1
05-27 08:44:50.984   581   581 D spidev_ioctl: gpio status=1)
05-27 18:53:42.023  1008 30857 D [OMXB]  : usingANWBuffer: handle:0xee7412a0, format:1, w:1920, h:1080
05-27 18:53:42.023   536   560 D commservice260303: recv len:87, 5AA500530600000040EA6A16CD367B22636F6D6D616E64223A7B226964223A2268656172745F42656174222C22737562223A22227D2C22636F6E74656E74223A7B2274797065223A322C2276616C7565223A307D7D71C7 from server
05-27 18:53:42.023   536  2578 D commservice260303: mcuDataAnalyzeHandle templen:87,len:87,pos:0, 5AA500530600000040EA6A16CD367B22636F6D6D616E64223A7B226964223A2268656172745F42656174222C22737562223A22227D2C22636F6E74656E74223A7B2274797065223A322C2276616C7565223A307D7D71C7 
05-27 18:53:42.024   536  2578 I commservice260303: checksumCal = 29127
05-27 18:53:42.024   536  2578 D commservice260303: CommProtocolLibCmdBaseC2I::dataproc {"command":{"id":"heart_Beat","sub":""},"content":{"type":2,"value":0}},6
05-27 18:53:42.024   536  2578 D commservice260303: mcuCommMessageManager::notifyMsgToClient hwbinder OK
05-27 18:53:42.024   536  2578 D commservice260303: McuProtocolLibSend2Service::send2Service ret=1
05-27 18:53:42.024 12246 12440 D ivicomm_CommManager: fgeComServiceCallback: {"command":{"id":"heart_Beat","sub":""},"content":{"type":2,"value":0}}
05-27 18:53:42.025 12246 12440 D ivicomm_ConnectStateManager: registerCallback HEART_BEAT: {"type":2,"value":0}
05-27 18:53:42.025 12246 12440 D ivicomm_ConnectStateManager: notifyState newState=0curState=0
05-27 18:53:42.025   581   581 I SpiService: fgesysctrl_getGPIO_status success val=1
05-27 18:53:42.026   299 30841 D EvsDriver: forwardFrame
05-27 18:53:42.026   299 30844 D EvsDriver: forwardFrame
05-27 18:53:42.028  1167  1479 D evsmanagerd: /dev/video4 forwarded the buffer #0 to 0xb4000074bf5f6850 from 0xb4000074bf5f41d0
05-27 18:53:42.028  1167  1167 D evsmanagerd: /dev/video6 forwarded the buffer #0 to 0xb4000074bf5f5510 from 0xb4000074bf5f6d90
05-27 18:53:42.028 13911 14183 I SentryImuMcuAngleSender: 180.0rollDeg
05-27 18:53:42.029 13911 14183 I SentryImuMcuAngleSender: 1,0,0
05-27 18:53:42.029   299 30841 D EvsDriver: Delivered 0xb400007b7ca56a60 as id 0
05-27 08:44:50.990   581   581 D spi_rst_gpio_get_output: GPIO 145 value: 1
05-27 08:44:50.990   581   581 D spidev_ioctl: gpio status=1)
05-27 18:53:42.031   299  1163 D EvsDriver: doneWithFrame
05-27 18:53:42.031   299 30844 D EvsDriver: Delivered 0xb400007b7ca56900 as id 0
05-27 18:53:42.031   581   581 I SpiService: fgesysctrl_getGPIO_status success val=1
05-27 18:53:42.033   299  1163 D EvsDriver: doneWithFrame
05-27 08:44:50.995   581   581 D spi_rst_gpio_get_output: GPIO 145 value: 1
05-27 08:44:50.996   581   581 D spidev_ioctl: gpio status=1)
05-27 18:53:42.034   536   536 D commservice260303: msg.id = 1028,0
05-27 18:53:42.034   536   536 D commservice260303: i = 170, msgid = 8A000404
05-27 18:53:42.034   536   536 D commservice260303: msgid = -1979710460,did=138
05-27 18:53:42.034   536   536 D commservice260303: CommProtocolLibCmdBaseI2C::dataproc {"command":{"id":"imu_status","sub":""},"content":{"TimeStamp":11,"FrameCounter":259870,"GD_X":-0.011300750076770782,"GD_Y":0.005420989356935024,"GD_Z":0.0019848872907459736,"AD_X":-0.0025025606155395508,"AD_Y":-0.0022067774552851915,"AD_Z":-0.1694812774658203,"TempDsp":0,"Status":0,"CalibState":1,"SigAmpInvalid":0}},-1979710460
05-27 18:53:42.034   536   536 D commservice260303: send2Cluster len:318, 7B22636F6D6D616E64223A7B226964223A22696D755F737461747573222C22737562223A22227D2C22636F6E74656E74223A7B2254696D655374616D70223A31312C224672616D65436F756E746572223A3235393837302C2247445F58223A2D302E3031313330303735303037363737303738322C2247445F59223A302E3030353432303938393335363933353032342C2247445F5A223A302E303031393834383837323930373435393733362C2241445F58223A2D302E303032353032353630363135353339353530382C2241445F59223A2D302E303032323036373737343535323835313931352C2241445F5A223A2D302E313639343831323737343635383230332C2254656D70447370223A302C22537461747573223A302C2243616C69625374617465223A312C22536967416D70496E76616C6964223A307D7D, 138 
05-27 18:53:42.034   536   536 D commservice260303: Push Message into SendPool fn=2067268608
05-27 18:53:42.034   536   536 D commservice260303: ComProtocolLibSend2Cluster::send2ClusterRaw fn=2067268608 , len=334
05-27 18:53:42.035   536   536 D commservice260303: sendCmdToPort :334!!!
05-27 18:53:42.035   536   536 D commservice260303: send Cmd To Port ++++5AA5014A8A010004387B6A16CD367B22636F6D6D616E64223A7B226964223A22696D755F737461747573222C22737562223A22227D2C22636F6E74656E74223A7B2254696D655374616D70223A31312C224672616D65436F756E746572223A3235393837302C2247445F58223A2D302E3031313330303735303037363737303738322C2247445F59223A302E3030353432303938393335363933353032342C2247445F5A223A302E303031393834383837323930373435393733362C2241445F58223A2D302E303032353032353630363135353339353530382C2241445F59223A2D302E303032323036373737343535323835313931352C2241445F5A223A2D302E313639343831323737343635383230332C2254656D70447370223A302C22537461747573223A302C2243616C69625374617465223A312C22536967416D70496E76616C6964223A307D7D4036
05-27 18:53:42.035   536   536 D commservice260303: bufferevent_write retrun value = 0
05-27 18:53:42.035   536   560 D commservice260303: client datas send succeed,send finish
05-27 18:53:42.035 13911 14192 D Sentinelmode_1.2.5.17_sentry: <SentryImuClusterFgeSender>imu_status sent to Linux, frame=259870, tsNs=11089279, tsMs=11, intervalMs=39, ad=(-0.0025025606,-0.0022067775,-0.16948128), gd=(-0.01130075,0.0054209894,0.0019848873)
05-27 18:53:42.036   581   581 I SpiService: fgesysctrl_getGPIO_status success val=1
05-27 08:44:51.001   581   581 D spi_rst_gpio_get_output: GPIO 145 value: 1
05-27 08:44:51.001   581   581 D spidev_ioctl: gpio status=1)
05-27 18:53:42.042   581   581 I SpiService: fgesysctrl_getGPIO_status success val=0
05-27 08:44:51.006   581   581 D spi_rst_gpio_get_output: GPIO 145 value: 0
05-27 08:44:51.006   581   581 D spidev_ioctl: gpio status=0)
05-27 18:53:42.048 13911 14183 I SentryImuMcuAngleSender: 180.0rollDeg
05-27 18:53:42.048 13911 14183 I SentryImuMcuAngleSender: 1,0,0
05-27 18:53:42.056   581   581 I SpiService: fgesysctrl_getGPIO_status success val=1
05-27 08:44:51.020   581   581 D spi_rst_gpio_get_output: GPIO 145 value: 1
05-27 08:44:51.020   581   581 D spidev_ioctl: gpio status=1)
05-27 18:53:42.061   581   581 I SpiService: fgesysctrl_getGPIO_status success val=1
05-27 18:53:42.063   572   572 I Sensors : 230 AccelSensor: x:-0.173850,y:0.000000,z:-9.972281
05-27 18:53:42.063   299 30844 D EvsDriver: forwardFrame
05-27 18:53:42.064   299 30841 D EvsDriver: forwardFrame
05-27 08:44:51.025   581   581 D spi_rst_gpio_get_output: GPIO 145 value: 1
05-27 08:44:51.026   581   581 D spidev_ioctl: gpio status=1)
05-27 18:53:42.066   299 30844 D EvsDriver: Delivered 0xb400007b7ca56900 as id 0
05-27 18:53:42.066  1167  1167 D evsmanagerd: /dev/video6 forwarded the buffer #0 to 0xb4000074bf5f5510 from 0xb4000074bf5f6d90
05-27 18:53:42.066  1167  1479 D evsmanagerd: /dev/video4 forwarded the buffer #0 to 0xb4000074bf5f6850 from 0xb4000074bf5f41d0
05-27 18:53:42.066   299 30841 D EvsDriver: Delivered 0xb400007b7ca56a60 as id 0
05-27 18:53:42.066   581   581 I SpiService: fgesysctrl_getGPIO_status success val=1
05-27 18:53:42.069 13911 14183 I SentryImuMcuAngleSender: 180.0rollDeg
05-27 08:44:51.031   581   581 D spi_rst_gpio_get_output: GPIO 145 value: 1
05-27 18:53:42.069 13911 14183 I SentryImuMcuAngleSender: 1,0,0
05-27 08:44:51.031   581   581 D spidev_ioctl: gpio status=1)
05-27 18:53:42.070   283   307 I rvcservice: t.code = 0, t.value = 4270
05-27 18:53:42.071   299  1163 D EvsDriver: doneWithFrame
05-27 18:53:42.071   299  1153 D EvsDriver: doneWithFrame
05-27 08:44:51.037   581   581 D spi_rst_gpio_get_output: GPIO 145 value: 1
05-27 08:44:51.037   581   581 D spidev_ioctl: gpio status=1)
05-27 18:53:42.073   581   581 I SpiService: fgesysctrl_getGPIO_status success val=1
05-27 18:53:42.075   536   536 D commservice260303: msg.id = 1028,0
05-27 18:53:42.075   536   536 D commservice260303: i = 170, msgid = 8A000404
05-27 18:53:42.075   536   536 D commservice260303: msgid = -1979710460,did=138
05-27 18:53:42.075   536   536 D commservice260303: CommProtocolLibCmdBaseI2C::dataproc {"command":{"id":"imu_status","sub":""},"content":{"TimeStamp":11,"FrameCounter":259871,"GD_X":-0.011147825978696346,"GD_Y":0.004809814505279064,"GD_Z":0.00259606190957129,"AD_X":-0.007360085844993591,"AD_Y":-0.0021924045868217945,"AD_Z":-0.16704177856445312,"TempDsp":0,"Status":0,"CalibState":1,"SigAmpInvalid":0}},-1979710460
05-27 18:53:42.076   536   536 D commservice260303: send2Cluster len:316, 7B22636F6D6D616E64223A7B226964223A22696D755F737461747573222C22737562223A22227D2C22636F6E74656E74223A7B2254696D655374616D70223A31312C224672616D65436F756E746572223A3235393837312C2247445F58223A2D302E3031313134373832353937383639363334362C2247445F59223A302E3030343830393831343530353237393036342C2247445F5A223A302E30303235393630363139303935373132392C2241445F58223A2D302E3030373336303038353834343939333539312C2241445F59223A2D302E303032313932343034353836383231373934352C2241445F5A223A2D302E31363730343137373835363434353331322C2254656D70447370223A302C22537461747573223A302C2243616C69625374617465223A312C22536967416D70496E76616C6964223A307D7D, 138 
05-27 18:53:42.076   536   536 D commservice260303: Push Message into SendPool fn=2084045824
05-27 18:53:42.076   536   536 D commservice260303: ComProtocolLibSend2Cluster::send2ClusterRaw fn=2084045824 , len=332
05-27 18:53:42.076   536   536 D commservice260303: sendCmdToPort :332!!!
05-27 18:53:42.076   536   536 D commservice260303: send Cmd To Port ++++5AA501488A010004387C6A16CD367B22636F6D6D616E64223A7B226964223A22696D755F737461747573222C22737562223A22227D2C22636F6E74656E74223A7B2254696D655374616D70223A31312C224672616D65436F756E746572223A3235393837312C2247445F58223A2D302E3031313134373832353937383639363334362C2247445F59223A302E3030343830393831343530353237393036342C2247445F5A223A302E30303235393630363139303935373132392C2241445F58223A2D302E3030373336303038353834343939333539312C2241445F59223A2D302E303032313932343034353836383231373934352C2241445F5A223A2D302E31363730343137373835363434353331322C2254656D70447370223A302C22537461747573223A302C2243616C69625374617465223A312C22536967416D70496E76616C6964223A307D7D98EF
05-27 18:53:42.076   536   536 D commservice260303: bufferevent_write retrun value = 0
05-27 18:53:42.076   536   560 D commservice260303: client datas send succeed,send finish
05-27 18:53:42.076 13911 14192 D Sentinelmode_1.2.5.17_sentry: <SentryImuClusterFgeSender>imu_status sent to Linux, frame=259871, tsNs=11089313, tsMs=11, intervalMs=41, ad=(-0.007360086,-0.0021924046,-0.16704178), gd=(-0.011147826,0.0048098145,0.002596062)
05-27 18:53:42.078   581   581 I SpiService: fgesysctrl_getGPIO_status success val=0
05-27 08:44:51.043   581   581 D spi_rst_gpio_get_output: GPIO 145 value: 0
05-27 08:44:51.043   581   581 D spidev_ioctl: gpio status=0)
05-27 18:53:42.089 13911 14183 I SentryImuMcuAngleSender: 179.98598rollDeg
05-27 18:53:42.089 13911 14183 I SentryImuMcuAngleSender: 1,0,0
05-27 18:53:42.091  1008 30856 D [OMXB]  : usingANWBuffer: handle:0xee7428a0, format:1, w:1920, h:1080
05-27 18:53:42.092   299 30841 D EvsDriver: forwardFrame
05-27 08:44:51.058   581   581 D spi_rst_gpio_get_output: GPIO 145 value: 1
05-27 08:44:51.058   581   581 D spidev_ioctl: gpio status=1)
05-27 18:53:42.094   581   581 I SpiService: fgesysctrl_getGPIO_status success val=1
05-27 18:53:42.094   299 30841 D EvsDriver: Delivered 0xb400007b7ca56a60 as id 0
05-27 18:53:42.095  1167  1167 D evsmanagerd: /dev/video4 forwarded the buffer #0 to 0xb4000074bf5f6850 from 0xb4000074bf5f41d0
05-27 18:53:42.095 30773 30783 E dvr_service_: [myNum:0] Received S**** loss
05-27 18:53:42.096   299  1153 D EvsDriver: doneWithFrame
05-27 18:53:42.098   299 30844 D EvsDriver: Delivered 0xb400007b7ca56900 as id 0
05-27 18:53:42.098  1167  1167 D evsmanagerd: /dev/video6 forwarded the buffer #0 to 0xb4000074bf5f5510 from 0xb4000074bf5f6d90
05-27 18:53:42.098 30773 30783 E dvr_service_: [myNum:1] Received S**** loss
05-27 18:53:42.099   299  1153 D EvsDriver: doneWithFrame
05-27 18:53:42.099   581   581 I SpiService: fgesysctrl_getGPIO_status success val=1
05-27 18:53:42.100   536   560 D commservice260303: recv len:77, 5AA500490600000040EB6A16CD367B22636F6D6D616E64223A7B226964223A226473695F6C7578222C22737562223A22227D2C22636F6E74656E74223A7B2276616C7565223A3230307D7DAA3E from server
05-27 18:53:42.100   536  2578 D commservice260303: mcuDataAnalyzeHandle templen:77,len:77,pos:0, 5AA500490600000040EB6A16CD367B22636F6D6D616E64223A7B226964223A226473695F6C7578222C22737562223A22227D2C22636F6E74656E74223A7B2276616C7565223A3230307D7DAA3E 
05-27 18:53:42.100   536  2578 I commservice260303: checksumCal = 43582
05-27 18:53:42.100   536  2578 D commservice260303: CommProtocolLibCmdBaseC2I::dataproc {"command":{"id":"dsi_lux","sub":""},"content":{"value":200}},6
05-27 18:53:42.100   536  2578 D commservice260303: mcuCommMessageManager::notifyMsgToClient hwbinder OK
05-27 18:53:42.100   536  2578 D commservice260303: McuProtocolLibSend2Service::send2Service ret=1
05-27 18:53:42.100 12246 12440 D ivicomm_CommManager: fgeComServiceCallback: {"command":{"id":"dsi_lux","sub":""},"content":{"value":200}}
05-27 18:53:42.100 12246 12440 D ivicomm_CallbackManager: registerCallback DSI_LUX: {"value":200} mCommStateCallbackMap size:4
05-27 18:53:42.101 11579 11719 D NSLogUtils_VehicleService: L2A comm state: id=dsi_lux, value=200
05-27 08:44:51.064   581   581 D spidev_ioctl: gpio status=1)
05-27 18:53:42.102 11344  6594 D SystemUI_SystemSettingsControllerService: onCommState: commandID = dsi_lux; value = 200
05-27 18:53:42.105   581   581 I SpiService: fgesysctrl_getGPIO_status success val=1
05-27 08:44:51.069   581   581 D spi_rst_gpio_get_output: GPIO 145 value: 1
05-27 08:44:51.069   581   581 D spidev_ioctl: gpio status=1)
05-27 18:53:42.105  1008 30857 D [OMXB]  : usingANWBuffer: handle:0xee7435b0, format:1, w:1920, h:1080
05-27 18:53:42.106 30773 30789 I dvr_service_: Camera 1: MediaOK:91522876, frames:2110, isKeyFrame:0,pts:11088945202
05-27 18:53:42.110 13911 14183 I SentryImuMcuAngleSender: 179.98598rollDeg
05-27 18:53:42.110 13911 14183 I SentryImuMcuAngleSender: 1,0,0
05-27 18:53:42.110   581   581 I SpiService: fgesysctrl_getGPIO_status success val=1
05-27 08:44:51.075   581   581 D spi_rst_gpio_get_output: GPIO 145 value: 1
05-27 08:44:51.075   581   581 D spidev_ioctl: gpio status=1)
05-27 18:53:42.115   536   536 D commservice260303: msg.id = 1028,0
05-27 18:53:42.115   536   536 D commservice260303: i = 170, msgid = 8A000404
05-27 18:53:42.115   536   536 D commservice260303: msgid = -1979710460,did=138
05-27 18:53:42.115   536   536 D commservice260303: CommProtocolLibCmdBaseI2C::dataproc {"command":{"id":"imu_status","sub":""},"content":{"TimeStamp":11,"FrameCounter":259872,"GD_X":-0.010154861956834793,"GD_Y":0.005420989356935024,"GD_Z":0.0019848872907459736,"AD_X":-0.003077402710914612,"AD_Y":2.4603959172964096E-4,"AD_Z":-0.16704177856445312,"TempDsp":0,"Status":0,"CalibState":1,"SigAmpInvalid":0}},-1979710460
05-27 18:53:42.115   536   536 D commservice260303: send2Cluster len:317, 7B22636F6D6D616E64223A7B226964223A22696D755F737461747573222C22737562223A22227D2C22636F6E74656E74223A7B2254696D655374616D70223A31312C224672616D65436F756E746572223A3235393837322C2247445F58223A2D302E3031303135343836313935363833343739332C2247445F59223A302E3030353432303938393335363933353032342C2247445F5A223A302E303031393834383837323930373435393733362C2241445F58223A2D302E3030333037373430323731303931343631322C2241445F59223A322E34363033393539313732393634303936452D342C2241445F5A223A2D302E31363730343137373835363434353331322C2254656D70447370223A302C22537461747573223A302C2243616C69625374617465223A312C22536967416D70496E76616C6964223A307D7D, 138 
05-27 18:53:42.115   536   536 D commservice260303: Push Message into SendPool fn=2100823040
05-27 18:53:42.115   536   536 D commservice260303: ComProtocolLibSend2Cluster::send2ClusterRaw fn=2100823040 , len=333
05-27 18:53:42.115   536   536 D commservice260303: sendCmdToPort :333!!!
05-27 18:53:42.115   536   536 D commservice260303: send Cmd To Port ++++5AA501498A010004387D6A16CD367B22636F6D6D616E64223A7B226964223A22696D755F737461747573222C22737562223A22227D2C22636F6E74656E74223A7B2254696D655374616D70223A31312C224672616D65436F756E746572223A3235393837322C2247445F58223A2D302E3031303135343836313935363833343739332C2247445F59223A302E3030353432303938393335363933353032342C2247445F5A223A302E303031393834383837323930373435393733362C2241445F58223A2D302E3030333037373430323731303931343631322C2241445F59223A322E34363033393539313732393634303936452D342C2241445F5A223A2D302E31363730343137373835363434353331322C2254656D70447370223A302C22537461747573223A302C2243616C69625374617465223A312C22536967416D70496E76616C6964223A307D7D8848
05-27 18:53:42.115   536   536 D commservice260303: bufferevent_write retrun value = 0
05-27 18:53:42.115   536   560 D commservice260303: client datas send succeed,send finish
05-27 18:53:42.115 13911 14192 D Sentinelmode_1.2.5.17_sentry: <SentryImuClusterFgeSender>imu_status sent to Linux, frame=259872, tsNs=11089349, tsMs=11, intervalMs=39, ad=(-0.0030774027,2.460396E-4,-0.16704178), gd=(-0.010154862,0.0054209894,0.0019848873)
05-27 18:53:42.116   581   581 I SpiService: fgesysctrl_getGPIO_status success val=1
05-27 08:44:51.080   581   581 D spi_rst_gpio_get_output: GPIO 145 value: 1
05-27 08:44:51.080   581   581 D spidev_ioctl: gpio status=1)
05-27 18:53:42.121   581   581 I SpiService: fgesysctrl_getGPIO_status success val=0
05-27 18:53:42.122   299 30844 D EvsDriver: forwardFrame
05-27 18:53:42.124  1167  1167 D evsmanagerd: /dev/video6 forwarded the buffer #0 to 0xb4000074bf5f5510 from 0xb4000074bf5f6d90
05-27 18:53:42.124   299 30844 D EvsDriver: Delivered 0xb400007b7ca56900 as id 0
05-27 08:44:51.086   581   581 D spi_rst_gpio_get_output: GPIO 145 value: 0
05-27 08:44:51.086   581   581 D spidev_ioctl: gpio status=0)
05-27 18:53:42.125   299 30841 D EvsDriver: forwardFrame
05-27 18:53:42.126   299  1153 D EvsDriver: doneWithFrame
05-27 18:53:42.127   299 30841 D EvsDriver: Delivered 0xb400007b7ca56a60 as id 0
05-27 18:53:42.127  1167  1167 D evsmanagerd: /dev/video4 forwarded the buffer #0 to 0xb4000074bf5f6850 from 0xb4000074bf5f41d0
05-27 18:53:42.128  1008 30856 D [OMXB]  : usingANWBuffer: handle:0xee7407a0, format:1, w:1920, h:1080
05-27 18:53:42.130 13911 14183 I SentryImuMcuAngleSender: 179.99649rollDeg
05-27 18:53:42.131   299  1153 D EvsDriver: doneWithFrame
05-27 18:53:42.131 13911 14183 I SentryImuMcuAngleSender: 1,0,0
05-27 18:53:42.138   581   581 I SpiService: fgesysctrl_getGPIO_status success val=1
05-27 08:44:51.103   581   581 D spi_rst_gpio_get_output: GPIO 145 value: 1
05-27 08:44:51.103   581   581 D spidev_ioctl: gpio status=1)
05-27 18:53:42.144   581   581 I SpiService: fgesysctrl_getGPIO_status success val=1
05-27 18:53:42.144 30773 30786 I dvr_service_: CameraX 0  audioOK: 91727156,audios:1380
05-27 18:53:42.145 30773 30786 I dvr_service_: CameraX 1  audioOK: 91727156,audios:1380
05-27 08:44:51.108   581   581 D spi_rst_gpio_get_output: GPIO 145 value: 1
05-27 08:44:51.108   581   581 D spidev_ioctl: gpio status=1)
05-27 18:53:42.149  1008 30857 D [OMXB]  : usingANWBuffer: handle:0xee7421c0, format:1, w:1920, h:1080
05-27 18:53:42.149   581   581 I SpiService: fgesysctrl_getGPIO_status success val=1
05-27 18:53:42.151 13911 14183 I SentryImuMcuAngleSender: -179.99298rollDeg
05-27 18:53:42.152 13911 14183 I SentryImuMcuAngleSender: 1,0,0
05-27 18:53:42.152   572   572 I Sensors : 230 GyroSensor: x:-0.011453,y:0.005421,z:0.001985
05-27 08:44:51.114   581   581 D spi_rst_gpio_get_output: GPIO 145 value: 1
05-27 08:44:51.114   581   581 D spidev_ioctl: gpio status=1)
05-27 18:53:42.154   581   581 I SpiService: fgesysctrl_getGPIO_status success val=1
05-27 18:53:42.155   536   536 D commservice260303: msg.id = 1028,0
05-27 18:53:42.155   536   536 D commservice260303: i = 170, msgid = 8A000404
05-27 18:53:42.155   536   536 D commservice260303: msgid = -1979710460,did=138
05-27 18:53:42.155   536   536 D commservice260303: CommProtocolLibCmdBaseI2C::dataproc {"command":{"id":"imu_status","sub":""},"content":{"TimeStamp":11,"FrameCounter":259873,"GD_X":-0.011453153565526009,"GD_Y":0.005420989356935024,"GD_Z":0.0019848872907459736,"AD_X":-0.0030710995197296143,"AD_Y":-0.0027786330319941044,"AD_Z":-0.16704177856445312,"TempDsp":0,"Status":0,"CalibState":1,"SigAmpInvalid":0}},-1979710460
05-27 18:53:42.155   536   536 D commservice260303: send2Cluster len:319, 7B22636F6D6D616E64223A7B226964223A22696D755F737461747573222C22737562223A22227D2C22636F6E74656E74223A7B2254696D655374616D70223A31312C224672616D65436F756E746572223A3235393837332C2247445F58223A2D302E3031313435333135333536353532363030392C2247445F59223A302E3030353432303938393335363933353032342C2247445F5A223A302E303031393834383837323930373435393733362C2241445F58223A2D302E303033303731303939353139373239363134332C2241445F59223A2D302E303032373738363333303331393934313034342C2241445F5A223A2D302E31363730343137373835363434353331322C2254656D70447370223A302C22537461747573223A302C2243616C69625374617465223A312C22536967416D70496E76616C6964223A307D7D, 138 
05-27 18:53:42.155   536   536 D commservice260303: Push Message into SendPool fn=2117600256
05-27 18:53:42.155   536   536 D commservice260303: ComProtocolLibSend2Cluster::send2ClusterRaw fn=2117600256 , len=335
05-27 18:53:42.155   536   536 D commservice260303: sendCmdToPort :335!!!
