05-27 18:53:46.442   536   536 D commservice260303: send2Cluster len:315, 7B22636F6D6D616E64223A7B226964223A22696D755F737461747573222C22737562223A22227D2C22636F6E74656E74223A7B2254696D655374616D70223A31312C224672616D65436F756E746572223A3235393937392C2247445F58223A2D302E3031313134373832353937383639363334362C2247445F59223A302E3030343733333837333036353536313035362C2247445F5A223A302E3030323734373934353438373439393233372C2241445F58223A332E30363234383636343835353935373033452D342C2241445F59223A302E303031393837383834373532343532333733352C2241445F5A223A2D302E313635383136333037303637383731312C2254656D70447370223A302C22537461747573223A302C2243616C69625374617465223A312C22536967416D70496E76616C6964223A307D7D, 138 
05-27 18:53:46.442   536   536 D commservice260303: Push Message into SendPool fn=-365427712
05-27 18:53:46.442   536   536 D commservice260303: ComProtocolLibSend2Cluster::send2ClusterRaw fn=-365427712 , len=331
05-27 18:53:46.443   536   536 D commservice260303: sendCmdToPort :331!!!
05-27 18:53:46.443   536   536 D commservice260303: send Cmd To Port ++++5AA501478A01000438EA6A16CD3A7B22636F6D6D616E64223A7B226964223A22696D755F737461747573222C22737562223A22227D2C22636F6E74656E74223A7B2254696D655374616D70223A31312C224672616D65436F756E746572223A3235393937392C2247445F58223A2D302E3031313134373832353937383639363334362C2247445F59223A302E3030343733333837333036353536313035362C2247445F5A223A302E3030323734373934353438373439393233372C2241445F58223A332E30363234383636343835353935373033452D342C2241445F59223A302E303031393837383834373532343532333733352C2241445F5A223A2D302E313635383136333037303637383731312C2254656D70447370223A302C22537461747573223A302C2243616C69625374617465223A312C22536967416D70496E76616C6964223A307D7D9782
05-27 18:53:46.443   536   536 D commservice260303: bufferevent_write retrun value = 0
05-27 18:53:46.443   536   560 D commservice260303: client datas send succeed,send finish
05-27 18:53:46.443 13911 14192 D Sentinelmode_1.2.5.17_sentry: <SentryImuClusterFgeSender>imu_status sent to Linux, frame=259979, tsNs=11093669, tsMs=11, intervalMs=40, ad=(3.0624866E-4,0.0019878848,-0.1658163), gd=(-0.011147826,0.004733873,0.0027479455)
05-27 18:53:46.446   581   581 I SpiService: fgesysctrl_getGPIO_status success val=1
05-27 18:53:46.446   566 11459 I gps_hdbd: Received: '$GNINS,1,1,TYPE,I,V,010937.000,19688000,FUS,-11,0,0,0,MOT,V,1,PATT,0.00,0.00,0.00,VEL,0.000,0.000,0.000,POS,40.0001330924,116.0001570688,84.176,IIA,1,0.00,0.00,0.00,BGA,0.31,-0.66,-0.13,0.000,0.000,0.000,IGA,0,-1,0,0,-2,98,VG,16c2ff1*22
'
05-27 18:53:46.451   581   581 I SpiService: fgesysctrl_getGPIO_status success val=1
05-27 18:53:46.451 13911 14183 I SentryImuMcuAngleSender: 179.97546rollDeg
05-27 18:53:46.452 13911 14183 I SentryImuMcuAngleSender: 1,0,0
05-27 18:53:46.452   566 11459 I gps_hdbd: Received: '$GNINS,CARSPEED,ADR_STATUS,0,Pulse_count,0,1,0,0,19688000,110730,0.000,0.000,0.000*0C
'
05-27 18:53:46.453   299 30841 D EvsDriver: forwardFrame
05-27 18:53:46.455   299 30841 D EvsDriver: Delivered 0xb400007b7ca56a60 as id 0
05-27 18:53:46.455  1167  1479 D evsmanagerd: /dev/video4 forwarded the buffer #0 to 0xb4000074bf5f6850 from 0xb4000074bf5f41d0
05-27 18:53:46.455   299 30844 D EvsDriver: forwardFrame
05-27 18:53:46.456   299 30844 D EvsDriver: Delivered 0xb400007b7ca56900 as id 0
05-27 18:53:46.456  1167  1479 D evsmanagerd: /dev/video6 forwarded the buffer #0 to 0xb4000074bf5f5510 from 0xb4000074bf5f6d90
05-27 18:53:46.457   581   581 I SpiService: fgesysctrl_getGPIO_status success val=1
05-27 18:53:46.458   566 11459 I gps_hdbd: Received: '$GNTXT,04,01,04,INS,V,1,,,,FLG,1,000000,1,0,1,0,0,Con,0*71
'
05-27 18:53:46.459   299  1163 D EvsDriver: doneWithFrame
05-27 18:53:46.460   299  1163 D EvsDriver: doneWithFrame
05-27 18:53:46.463   581   581 I SpiService: fgesysctrl_getGPIO_status success val=1
05-27 18:53:46.465   566 11459 I gps_hdbd: Received: '$GNTXT,INSTALL,0.00,0.00,0.00,0.00,0.00,0.00,0*20
'
05-27 18:53:46.469   581   581 I SpiService: fgesysctrl_getGPIO_status success val=0
05-27 18:53:46.470   572   622 I Sensors : 230 GyroSensor: x:-0.011911,y:0.004352,z:0.001679
05-27 18:53:46.470  1008 30857 D [OMXB]  : usingANWBuffer: handle:0xee742060, format:1, w:1920, h:1080
05-27 18:53:46.472 13911 14183 I SentryImuMcuAngleSender: 179.97546rollDeg
05-27 18:53:46.473 13911 14183 I SentryImuMcuAngleSender: 1,0,0
05-27 18:53:46.480   283   307 I rvcservice: t.code = 0, t.value = 0
05-27 18:53:46.482   536   536 D commservice260303: msg.id = 1028,0
05-27 18:53:46.482   536   536 D commservice260303: i = 170, msgid = 8A000404
05-27 18:53:46.482   536   536 D commservice260303: msgid = -1979710460,did=138
05-27 18:53:46.482   536   536 D commservice260303: CommProtocolLibCmdBaseI2C::dataproc {"command":{"id":"imu_status","sub":""},"content":{"TimeStamp":11,"FrameCounter":259980,"GD_X":-0.011377211660146713,"GD_Y":0.0048857564106583595,"GD_Z":0.0021378109231591225,"AD_X":-0.003966525197029114,"AD_Y":0.0025824157055467367,"AD_Z":-0.1658163070678711,"TempDsp":0,"Status":0,"CalibState":1,"SigAmpInvalid":0}},-1979710460
05-27 18:53:46.482   536   536 D commservice260303: send2Cluster len:317, 7B22636F6D6D616E64223A7B226964223A22696D755F737461747573222C22737562223A22227D2C22636F6E74656E74223A7B2254696D655374616D70223A31312C224672616D65436F756E746572223A3235393938302C2247445F58223A2D302E3031313337373231313636303134363731332C2247445F59223A302E303034383835373536343130363538333539352C2247445F5A223A302E303032313337383130393233313539313232352C2241445F58223A2D302E3030333936363532353139373032393131342C2241445F59223A302E303032353832343135373035353436373336372C2241445F5A223A2D302E313635383136333037303637383731312C2254656D70447370223A302C22537461747573223A302C2243616C69625374617465223A312C22536967416D70496E76616C6964223A307D7D, 138 
05-27 18:53:46.482   536   536 D commservice260303: Push Message into SendPool fn=-348650496
05-27 18:53:46.483   536   536 D commservice260303: ComProtocolLibSend2Cluster::send2ClusterRaw fn=-348650496 , len=333
05-27 18:53:46.483   536   536 D commservice260303: sendCmdToPort :333!!!
05-27 18:53:46.483   536   536 D commservice260303: send Cmd To Port ++++5AA501498A01000438EB6A16CD3A7B22636F6D6D616E64223A7B226964223A22696D755F737461747573222C22737562223A22227D2C22636F6E74656E74223A7B2254696D655374616D70223A31312C224672616D65436F756E746572223A3235393938302C2247445F58223A2D302E3031313337373231313636303134363731332C2247445F59223A302E303034383835373536343130363538333539352C2247445F5A223A302E303032313337383130393233313539313232352C2241445F58223A2D302E3030333936363532353139373032393131342C2241445F59223A302E303032353832343135373035353436373336372C2241445F5A223A2D302E313635383136333037303637383731312C2254656D70447370223A302C22537461747573223A302C2243616C69625374617465223A312C22536967416D70496E76616C6964223A307D7DA61F
05-27 18:53:46.483   536   536 D commservice260303: bufferevent_write retrun value = 0
05-27 18:53:46.483   536   560 D commservice260303: client datas send succeed,send finish
05-27 18:53:46.483 13911 14192 D Sentinelmode_1.2.5.17_sentry: <SentryImuClusterFgeSender>imu_status sent to Linux, frame=259980, tsNs=11093720, tsMs=11, intervalMs=40, ad=(-0.003966525,0.0025824157,-0.1658163), gd=(-0.011377212,0.0048857564,0.002137811)
05-27 18:53:46.483   581   581 I SpiService: fgesysctrl_getGPIO_status success val=1
05-27 18:53:46.488   299 30841 D EvsDriver: forwardFrame
05-27 18:53:46.488   351   351 D DefaultVehicleHal: setProperty setValues start
05-27 18:53:46.489   581   581 I SpiService: fgesysctrl_getGPIO_status success val=1
05-27 18:53:46.489   351   351 D 2026-5-19:FakeVehicleHardware: setProperty FakeVehicleHardware  ID: 0x11500f31
05-27 18:53:46.489   351   351 D 2026-5-19:FakeVehicleHardware: setProperty id:0x11500f31,value:11093738
05-27 18:53:46.489   299 30841 D EvsDriver: Delivered 0xb400007b7ca56a60 as id 0
05-27 18:53:46.489  1167  1479 D evsmanagerd: /dev/video4 forwarded the buffer #0 to 0xb4000074bf5f6850 from 0xb4000074bf5f41d0
05-27 18:53:46.489   351   351 D DefaultVehicleHal: setProperty setValues end
05-27 18:53:46.489   351   368 D 2026-5-19:FakeVehicleHardware: setProperty FakeVehicleHardware  setValue START
05-27 18:53:46.489   299 30844 D EvsDriver: forwardFrame
05-27 18:53:46.489   351   368 D 2026-5-19:FakeVehicleHardware: setProperty FakeVehicleHardware  setValue end
05-27 18:53:46.491  1167  1479 D evsmanagerd: /dev/video6 forwarded the buffer #0 to 0xb4000074bf5f5510 from 0xb4000074bf5f6d90
05-27 18:53:46.491  1008 30856 D [OMXB]  : usingANWBuffer: handle:0xee747180, format:1, w:1920, h:1080
05-27 18:53:46.491   299 30844 D EvsDriver: Delivered 0xb400007b7ca56900 as id 0
05-27 18:53:46.491   299  1163 D EvsDriver: doneWithFrame
05-27 18:53:46.493 13911 14183 I SentryImuMcuAngleSender: 179.97897rollDeg
05-27 18:53:46.493 13911 14183 I SentryImuMcuAngleSender: 1,0,0
05-27 18:53:46.494   299  1163 D EvsDriver: doneWithFrame
05-27 18:53:46.494   581   581 I SpiService: fgesysctrl_getGPIO_status success val=1
05-27 18:53:46.500   581   581 I SpiService: fgesysctrl_getGPIO_status success val=1
05-27 18:53:46.504  1044 30796 D BufferPoolAccessor2.0: bufferpool2 0xb400006f82870318 : 1(6144 size) total buffers - 1(6144 size) used buffers - 145009/145011 (recycle/alloc) - 2/145010 (fetch/transfer)
05-27 18:53:46.506   581   581 I SpiService: fgesysctrl_getGPIO_status success val=1
05-27 18:53:46.511  1008 30857 D [OMXB]  : usingANWBuffer: handle:0xee742b60, format:1, w:1920, h:1080
05-27 18:53:46.511   581   581 I SpiService: fgesysctrl_getGPIO_status success val=0
05-27 18:53:46.514 13911 14183 I SentryImuMcuAngleSender: 179.97897rollDeg
05-27 18:53:46.514 13911 14183 I SentryImuMcuAngleSender: 1,0,0
05-27 18:53:46.517  1083  1083 I MyAppLog: [2026-05-27 18:53:46.517 I tboxap mcuSendYadiTransfer:196] [Mcu] [mcuYadiSend]: :00 08 A8 04 01 09 81 02 01 01
05-27 18:53:46.520   481   599 I mcuc    : start timer OK = 31299 
05-27 18:53:46.521   299 30841 D EvsDriver: forwardFrame
05-27 18:53:46.523   299 30841 D EvsDriver: Delivered 0xb400007b7ca56a60 as id 0
05-27 18:53:46.523  1167  1479 D evsmanagerd: /dev/video4 forwarded the buffer #0 to 0xb4000074bf5f6850 from 0xb4000074bf5f41d0
05-27 18:53:46.523   536   536 D commservice260303: msg.id = 1028,1
05-27 18:53:46.523   536   536 D commservice260303: i = 170, msgid = 8A000404
05-27 18:53:46.523   536   536 D commservice260303: msgid = -1979710460,did=138
05-27 18:53:46.523   536   536 D commservice260303: CommProtocolLibCmdBaseI2C::dataproc {"command":{"id":"imu_status","sub":""},"content":{"TimeStamp":11,"FrameCounter":259981,"GD_X":-0.012446117587387562,"GD_Y":0.006336971186101437,"GD_Z":0.0019079053308814764,"AD_X":-0.002749130129814148,"AD_Y":0.0013491264544427395,"AD_Z":-0.1645965576171875,"TempDsp":0,"Status":0,"CalibState":1,"SigAmpInvalid":0}},-1979710460
05-27 18:53:46.523   299 30844 D EvsDriver: forwardFrame
05-27 18:53:46.523   536   536 D commservice260303: send2Cluster len:316, 7B22636F6D6D616E64223A7B226964223A22696D755F737461747573222C22737562223A22227D2C22636F6E74656E74223A7B2254696D655374616D70223A31312C224672616D65436F756E746572223A3235393938312C2247445F58223A2D302E3031323434363131373538373338373536322C2247445F59223A302E3030363333363937313138363130313433372C2247445F5A223A302E303031393037393035333330383831343736342C2241445F58223A2D302E3030323734393133303132393831343134382C2241445F59223A302E303031333439313236343534343432373339352C2241445F5A223A2D302E313634353936353537363137313837352C2254656D70447370223A302C22537461747573223A302C2243616C69625374617465223A312C22536967416D70496E76616C6964223A307D7D, 138 
05-27 18:53:46.524   536   536 D commservice260303: Push Message into SendPool fn=-331873280
05-27 18:53:46.524   536   536 D commservice260303: ComProtocolLibSend2Cluster::send2ClusterRaw fn=-331873280 , len=332
05-27 18:53:46.524   536   536 D commservice260303: sendCmdToPort :332!!!
05-27 18:53:46.524   536   536 D commservice260303: send Cmd To Port ++++5AA501488A01000438EC6A16CD3A7B22636F6D6D616E64223A7B226964223A22696D755F737461747573222C22737562223A22227D2C22636F6E74656E74223A7B2254696D655374616D70223A31312C224672616D65436F756E746572223A3235393938312C2247445F58223A2D302E3031323434363131373538373338373536322C2247445F59223A302E3030363333363937313138363130313433372C2247445F5A223A302E303031393037393035333330383831343736342C2241445F58223A2D302E3030323734393133303132393831343134382C2241445F59223A302E303031333439313236343534343432373339352C2241445F5A223A2D302E313634353936353537363137313837352C2254656D70447370223A302C22537461747573223A302C2243616C69625374617465223A312C22536967416D70496E76616C6964223A307D7D3410
05-27 18:53:46.524   536   536 D commservice260303: bufferevent_write retrun value = 0
05-27 18:53:46.524   536   560 D commservice260303: client datas send succeed,send finish
05-27 18:53:46.524 13911 14192 D Sentinelmode_1.2.5.17_sentry: <SentryImuClusterFgeSender>imu_status sent to Linux, frame=259981, tsNs=11093770, tsMs=11, intervalMs=41, ad=(-0.0027491301,0.0013491265,-0.16459656), gd=(-0.012446118,0.006336971,0.0019079053)
05-27 18:53:46.526   581   581 I SpiService: fgesysctrl_getGPIO_status success val=1
05-27 18:53:46.527   299  1163 D EvsDriver: doneWithFrame
05-27 18:53:46.528   299 30844 D EvsDriver: Delivered 0xb400007b7ca56900 as id 0
05-27 18:53:46.528  1167  1479 D evsmanagerd: /dev/video6 forwarded the buffer #0 to 0xb4000074bf5f5510 from 0xb4000074bf5f6d90
05-27 18:53:46.532   581   581 I SpiService: fgesysctrl_getGPIO_status success val=1
05-27 18:53:46.532   299  1163 D EvsDriver: doneWithFrame
05-27 18:53:46.533  1008 30856 D [OMXB]  : usingANWBuffer: handle:0xee7404e0, format:1, w:1920, h:1080
05-27 18:53:46.534 13911 14183 I SentryImuMcuAngleSender: 179.97897rollDeg
05-27 18:53:46.534 13911 14183 I SentryImuMcuAngleSender: 1,0,0
05-27 18:53:46.537   581   581 I SpiService: fgesysctrl_getGPIO_status success val=1
05-27 18:53:46.539   351   515 W automotive.vehicle@2.0-adayo-func-bcm: BCMFunc sendMessageFromClient_l sendMessage prop: 0x11500f31 not in table
05-27 18:53:46.543   581   581 I SpiService: fgesysctrl_getGPIO_status success val=1
05-27 18:53:46.544   536   760 I commservice260303: [mcuCommFunctionTcp::ProtocolCheckConnectTimeOutProc:613] keyID:256,tcpEvent:5,tcpcount:0,heartbeat:1,noHeartBeatNumber:0,endispatch:0,strState:0
05-27 18:53:46.544   536   760 D commservice260303: ProtocolCheckConnectTimeOutProc,629,clear heartbeat
05-27 18:53:46.548   581   581 I SpiService: fgesysctrl_getGPIO_status success val=0
05-27 18:53:46.549   481   597 I mcuc    : send SPI:6AA6017A4300F80901A8040109810201010000000000000000000000000000000000000000000000000000000000000000000000000000000000000000000000000000000000000000000000000000000000000000000000000000000000000000000000000000000000000000000000000000000000000000000000000000000000000000000000000000000000000000000000000000000000000000000000000000000000000000000000000000000000000000000000000000000000000000000000000000000000000000000000000000000000000000000000000000000000000000000000000000000000000000000000000000000000000000000005
05-27 18:53:46.555 13911 14183 I SentryImuMcuAngleSender: 179.99298rollDeg
05-27 18:53:46.556 13911 14183 I SentryImuMcuAngleSender: 1,0,0
05-27 18:53:46.556   299 30844 D EvsDriver: forwardFrame
05-27 18:53:46.557  1008 30857 D [OMXB]  : usingANWBuffer: handle:0xee742950, format:1, w:1920, h:1080
05-27 18:53:46.558   299 30841 D EvsDriver: forwardFrame
05-27 18:53:46.560   299 30844 D EvsDriver: Delivered 0xb400007b7ca56900 as id 0
05-27 18:53:46.560  1167  1479 D evsmanagerd: /dev/video6 forwarded the buffer #0 to 0xb4000074bf5f5510 from 0xb4000074bf5f6d90
05-27 18:53:46.560  1167  1479 D evsmanagerd: /dev/video4 forwarded the buffer #0 to 0xb4000074bf5f6850 from 0xb4000074bf5f41d0
05-27 18:53:46.560   299 30841 D EvsDriver: Delivered 0xb400007b7ca56a60 as id 0
05-27 18:53:46.562   481   598 I mcuc    : rev,n=1,6AA681DF6F000B8300E00000000000000000C3
05-27 18:53:46.565   481   598 I mcuc    : rev,n=2,6AA681DF70000384150094
05-27 18:53:46.566   581   581 I SpiService: fgesysctrl_getGPIO_status success val=1
05-27 18:53:46.566   299  1163 D EvsDriver: doneWithFrame
05-27 18:53:46.566   299  1153 D EvsDriver: doneWithFrame
05-27 18:53:46.566   351   373 D automotive.vehicle@2.0-adayo-datacomm-mcu: MCUDatacomm sendMessageFromVehicle prop: 0x83, areaId: 0x0, status: 0x0, timestamp: 0x0
05-27 18:53:46.566   351   373 D automotive.vehicle@2.0-adayo-datacomm-mcu: MCUDatacomm 1sendMessageFromVehicle ---> type = 7 
05-27 18:53:46.566   351   373 I automotive.vehicle@2.0-adayo-func-mcu: MCUFunc :sendMessageFromVehicle  msgBuff[0] = 131 
05-27 18:53:46.566   351   373 I automotive.vehicle@2.0-adayo-func-mcu: MCUFunc :sendMessageFromVehicle  msgBuff[1] = 0 
05-27 18:53:46.566   351   373 I automotive.vehicle@2.0-adayo-func-mcu: MCUFunc :sendMessageFromVehicle  msgBuff[2] = 0 
05-27 18:53:46.566   351   373 I automotive.vehicle@2.0-adayo-func-mcu: MCUFunc :sendMessageFromVehicle  msgBuff[3] = 0 
05-27 18:53:46.566   351   373 I automotive.vehicle@2.0-adayo-func-mcu: MCUFunc :sendMessageFromVehicle  msgBuff[4] = 3 
05-27 18:53:46.566   351   373 I automotive.vehicle@2.0-adayo-func-mcu: MCUFunc :sendMessageFromVehicle  msgBuff[5] = 1 
05-27 18:53:46.566   351   373 I automotive.vehicle@2.0-adayo-func-mcu: MCUFunc :sendMessageFromVehicle  msgBuff[6] = 0 
05-27 18:53:46.566   351   373 I automotive.vehicle@2.0-adayo-func-mcu: MCUFunc :sendMessageFromVehicle  msgBuff[7] = 0 
05-27 18:53:46.566   351   373 I automotive.vehicle@2.0-adayo-func-mcu: MCUFunc :sendMessageFromVehicle  msgBuff[8] = 0 
05-27 18:53:46.566   351   373 I automotive.vehicle@2.0-adayo-func-mcu: MCUFunc :sendMessageFromVehicle  msgBuff[9] = 0 
05-27 18:53:46.566   351   373 I automotive.vehicle@2.0-adayo-func-mcu: MCUFunc :sendMessageFromVehicle  msgBuff[10] = 0 
05-27 18:53:46.567   351   373 I automotive.vehicle@2.0-adayo-func-mcu: MCUFunc :sendMessageFromVehicle  msgBuff[11] = 0 
05-27 18:53:46.567   351   373 I automotive.vehicle@2.0-adayo-func-mcu: MCUFunc :sendMessageFromVehicle  msgBuff[12] = 0 
05-27 18:53:46.567   351   373 I automotive.vehicle@2.0-adayo-func-mcu: MCUFunc :sendMessageFromVehicle  msgBuff[13] = 0 
05-27 18:53:46.567   536   536 D commservice260303: msg.id = 1028,0
05-27 18:53:46.567   351   373 I automotive.vehicle@2.0-adayo-func-mcu: MCUFunc :sendMessageFromVehicle  msgBuff[14] = 0 
05-27 18:53:46.567   351   373 I automotive.vehicle@2.0-adayo-func-mcu: MCUFunc :sendMessageFromVehicle  msgBuff[15] = 0 
05-27 18:53:46.567   536   536 D commservice260303: i = 170, msgid = 8A000404
05-27 18:53:46.567   351   373 I automotive.vehicle@2.0-adayo-func-mcu: MCUFunc :sendMessageFromVehicle  msgBuff[16] = 0 
05-27 18:53:46.567   536   536 D commservice260303: msgid = -1979710460,did=138
05-27 18:53:46.567   536   536 D commservice260303: CommProtocolLibCmdBaseI2C::dataproc {"command":{"id":"imu_status","sub":""},"content":{"TimeStamp":11,"FrameCounter":259982,"GD_X":-0.01160607673227787,"GD_Y":0.0064898948185145855,"GD_Z":0.0020608289632946253,"AD_X":-0.002144336700439453,"AD_Y":-0.0010822410695254803,"AD_Z":-0.1658163070678711,"TempDsp":0,"Status":0,"CalibState":1,"SigAmpInvalid":0}},-1979710460
05-27 18:53:46.567   536   536 D commservice260303: send2Cluster len:317, 7B22636F6D6D616E64223A7B226964223A22696D755F737461747573222C22737562223A22227D2C22636F6E74656E74223A7B2254696D655374616D70223A31312C224672616D65436F756E746572223A3235393938322C2247445F58223A2D302E30313136303630373637333232373738372C2247445F59223A302E303036343839383934383138353134353835352C2247445F5A223A302E303032303630383238393633323934363235332C2241445F58223A2D302E3030323134343333363730303433393435332C2241445F59223A2D302E303031303832323431303639353235343830332C2241445F5A223A2D302E313635383136333037303637383731312C2254656D70447370223A302C22537461747573223A302C2243616C69625374617465223A312C22536967416D70496E76616C6964223A307D7D, 138 
05-27 18:53:46.567   536   536 D commservice260303: Push Message into SendPool fn=-315096064
05-27 18:53:46.567   536   536 D commservice260303: ComProtocolLibSend2Cluster::send2ClusterRaw fn=-315096064 , len=333
05-27 18:53:46.567   536   536 D commservice260303: sendCmdToPort :333!!!
05-27 18:53:46.567   536   536 D commservice260303: send Cmd To Port ++++5AA501498A01000438ED6A16CD3A7B22636F6D6D616E64223A7B226964223A22696D755F737461747573222C22737562223A22227D2C22636F6E74656E74223A7B2254696D655374616D70223A31312C224672616D65436F756E746572223A3235393938322C2247445F58223A2D302E30313136303630373637333232373738372C2247445F59223A302E303036343839383934383138353134353835352C2247445F5A223A302E303032303630383238393633323934363235332C2241445F58223A2D302E3030323134343333363730303433393435332C2241445F59223A2D302E303031303832323431303639353235343830332C2241445F5A223A2D302E313635383136333037303637383731312C2254656D70447370223A302C22537461747573223A302C2243616C69625374617465223A312C22536967416D70496E76616C6964223A307D7DF015
05-27 18:53:46.567   536   536 D commservice260303: bufferevent_write retrun value = 0
05-27 18:53:46.567   481   598 I mcuc    : rev,n=3,6AA681DF71008C8305000055000000B0000000000001000100005F2794B17471CA94759474AAB8947428EA9475B2E64C9588CC9D00000000040000B3000000000000000000000000000000B44300000000000300000000000000AA000000E40701010000000000000000BB06050507EA051B000008009403CB00CC000000000000000000000000000000B500000000000000008B
05-27 18:53:46.567   536   560 D commservice260303: client datas send succeed,send finish
05-27 18:53:46.567   351   373 D automotive.vehicle@2.0-adayo-datacomm-mcu: MCUDatacomm sendMessageFromVehicle prop: 0x83, areaId: 0x5, status: 0x0, timestamp: 0x0
05-27 18:53:46.567   351   373 D automotive.vehicle@2.0-adayo-datacomm-mcu: MCUDatacomm 1sendMessageFromVehicle ---> type = 7 
05-27 18:53:46.568   351   373 I automotive.vehicle@2.0-adayo-func-mcu: MCUFunc :sendMessageFromVehicle  msgBuff[0] = 131 
05-27 18:53:46.568   351   373 I automotive.vehicle@2.0-adayo-func-mcu: MCUFunc :sendMessageFromVehicle  msgBuff[1] = 5 
05-27 18:53:46.568   351   373 I automotive.vehicle@2.0-adayo-func-mcu: MCUFunc :sendMessageFromVehicle  msgBuff[2] = 0 
05-27 18:53:46.568   351   373 I automotive.vehicle@2.0-adayo-func-mcu: MCUFunc :sendMessageFromVehicle  msgBuff[3] = 0 
05-27 18:53:46.568   351   373 I automotive.vehicle@2.0-adayo-func-mcu: MCUFunc :sendMessageFromVehicle  msgBuff[4] = 85 
05-27 18:53:46.568   351   373 I automotive.vehicle@2.0-adayo-func-mcu: MCUFunc :sendMessageFromVehicle  msgBuff[5] = 0 
05-27 18:53:46.571 13911 14192 D Sentinelmode_1.2.5.17_sentry: <SentryImuClusterFgeSender>imu_status sent to Linux, frame=259982, tsNs=11093807, tsMs=11, intervalMs=45, ad=(-0.0021443367,-0.0010822411,-0.1658163), gd=(-0.011606077,0.006489895,0.002060829)
05-27 18:53:46.572   581   581 I SpiService: fgesysctrl_getGPIO_status success val=1
05-27 18:53:46.574   572   622 I Sensors : 230 AccelSensor: x:-0.168360,y:0.003659,z:-9.972890
05-27 18:53:46.575  1008 30856 D [OMXB]  : usingANWBuffer: handle:0xee7444d0, format:1, w:1920, h:1080
05-27 18:53:46.576 13911 14183 I SentryImuMcuAngleSender: 179.97897rollDeg
05-27 18:53:46.576 13911 14183 I SentryImuMcuAngleSender: 1,0,0
05-27 18:53:46.577   581   581 I SpiService: fgesysctrl_getGPIO_status success val=1
05-27 18:53:46.580   283   307 I rvcservice: t.code = 3, t.value = 0
05-27 18:53:46.583   581   581 I SpiService: fgesysctrl_getGPIO_status success val=1
05-27 18:53:46.589   581   581 I SpiService: fgesysctrl_getGPIO_status success val=0
05-27 18:53:46.589   481   597 I mcuc    : send SPI:6AA602DF6F000283002B6AA602DF7000028415146AA602DF710002830524
05-27 08:44:55.554   581   581 D spidev_ioctl: gpio status=0)
05-27 18:53:46.594   299 30844 D EvsDriver: forwardFrame
05-27 18:53:46.594   299 30841 D EvsDriver: forwardFrame
05-27 18:53:46.596 13911 14183 I SentryImuMcuAngleSender: 179.97546rollDeg
05-27 18:53:46.597 13911 14183 I SentryImuMcuAngleSender: 1,0,0
05-27 18:53:46.597   299 30844 D EvsDriver: Delivered 0xb400007b7ca56900 as id 0
05-27 18:53:46.597  1167  1167 D evsmanagerd: /dev/video6 forwarded the buffer #0 to 0xb4000074bf5f5510 from 0xb4000074bf5f6d90
05-27 18:53:46.598 30773 30773 E dvr_service_: [myNum:1] Received S**** loss
05-27 18:53:46.598   299  1163 D EvsDriver: doneWithFrame
05-27 18:53:46.599   481   598 I mcuc    : rev,n=1,6AA6827A4300020901B5
05-27 18:53:46.599   299 30841 D EvsDriver: Delivered 0xb400007b7ca56a60 as id 0
05-27 18:53:46.599  1167  1167 D evsmanagerd: /dev/video4 forwarded the buffer #0 to 0xb4000074bf5f6850 from 0xb4000074bf5f41d0
05-27 18:53:46.599 30773 30773 E dvr_service_: [myNum:0] Received S**** loss
05-27 18:53:46.599   299  1163 D EvsDriver: doneWithFrame
05-27 18:53:46.602  1008 30857 D [OMXB]  : usingANWBuffer: handle:0xee744b00, format:1, w:1920, h:1080
05-27 18:53:46.603 30773 30789 I dvr_service_: Camera 1: MediaOK:96156006, frames:2210, isKeyFrame:0,pts:11093578332
05-27 18:53:46.604   581   581 I SpiService: fgesysctrl_getGPIO_status success val=1
05-27 18:53:46.607   536   536 D commservice260303: msg.id = 1028,0
05-27 18:53:46.607   536   536 D commservice260303: i = 170, msgid = 8A000404
05-27 18:53:46.607   536   536 D commservice260303: msgid = -1979710460,did=138
05-27 18:53:46.607   536   536 D commservice260303: CommProtocolLibCmdBaseI2C::dataproc {"command":{"id":"imu_status","sub":""},"content":{"TimeStamp":11,"FrameCounter":259983,"GD_X":-0.011834942735731602,"GD_Y":0.005573912989348173,"GD_Z":0.0019079053308814764,"AD_X":-0.0021489113569259644,"AD_Y":0.0019574251491576433,"AD_Z":-0.16947650909423828,"TempDsp":0,"Status":0,"CalibState":1,"SigAmpInvalid":0}},-1979710460
05-27 18:53:46.607   536   536 D commservice260303: send2Cluster len:318, 7B22636F6D6D616E64223A7B226964223A22696D755F737461747573222C22737562223A22227D2C22636F6E74656E74223A7B2254696D655374616D70223A31312C224672616D65436F756E746572223A3235393938332C2247445F58223A2D302E3031313833343934323733353733313630322C2247445F59223A302E3030353537333931323938393334383137332C2247445F5A223A302E303031393037393035333330383831343736342C2241445F58223A2D302E303032313438393131333536393235393634342C2241445F59223A302E303031393537343235313439313537363433332C2241445F5A223A2D302E31363934373635303930393432333832382C2254656D70447370223A302C22537461747573223A302C2243616C69625374617465223A312C22536967416D70496E76616C6964223A307D7D, 138 
05-27 18:53:46.607   536   536 D commservice260303: Push Message into SendPool fn=-298318848
05-27 18:53:46.607   536   536 D commservice260303: ComProtocolLibSend2Cluster::send2ClusterRaw fn=-298318848 , len=334
05-27 18:53:46.607   536   536 D commservice260303: sendCmdToPort :334!!!
05-27 18:53:46.607   536   536 D commservice260303: send Cmd To Port ++++5AA5014A8A01000438EE6A16CD3A7B22636F6D6D616E64223A7B226964223A22696D755F737461747573222C22737562223A22227D2C22636F6E74656E74223A7B2254696D655374616D70223A31312C224672616D65436F756E746572223A3235393938332C2247445F58223A2D302E3031313833343934323733353733313630322C2247445F59223A302E3030353537333931323938393334383137332C2247445F5A223A302E303031393037393035333330383831343736342C2241445F58223A2D302E303032313438393131333536393235393634342C2241445F59223A302E303031393537343235313439313537363433332C2241445F5A223A2D302E31363934373635303930393432333832382C2254656D70447370223A302C22537461747573223A302C2243616C69625374617465223A312C22536967416D70496E76616C6964223A307D7D743F
05-27 18:53:46.608   536   536 D commservice260303: bufferevent_write retrun value = 0
05-27 18:53:46.608   536   560 D commservice260303: client datas send succeed,send finish
05-27 18:53:46.608 13911 14192 D Sentinelmode_1.2.5.17_sentry: <SentryImuClusterFgeSender>imu_status sent to Linux, frame=259983, tsNs=11093842, tsMs=11, intervalMs=39, ad=(-0.0021489114,0.0019574251,-0.16947651), gd=(-0.011834943,0.005573913,0.0019079053)
05-27 18:53:46.609   581   581 I SpiService: fgesysctrl_getGPIO_status success val=1
05-27 18:53:46.615   581   581 I SpiService: fgesysctrl_getGPIO_status success val=1
05-27 18:53:46.616 13911 14183 I SentryImuMcuAngleSender: 179.97897rollDeg
05-27 18:53:46.616 13911 14183 I SentryImuMcuAngleSender: 1,0,0
05-27 18:53:46.618  1008 30856 D [OMXB]  : usingANWBuffer: handle:0xee740590, format:1, w:1920, h:1080
05-27 18:53:46.619 30773 30789 I dvr_service_: Camera 0: MediaOK:96102602, frames:2190, isKeyFrame:0,pts:11093555765
05-27 18:53:46.621   581   581 I SpiService: fgesysctrl_getGPIO_status success val=1
05-27 18:53:46.622   299 30841 D EvsDriver: forwardFrame
05-27 18:53:46.622   299 30844 D EvsDriver: forwardFrame
05-27 18:53:46.624   299 30841 D EvsDriver: Delivered 0xb400007b7ca56a60 as id 0
05-27 18:53:46.624  1167  1167 D evsmanagerd: /dev/video4 forwarded the buffer #0 to 0xb4000074bf5f6850 from 0xb4000074bf5f41d0
05-27 18:53:46.624   299 30844 D EvsDriver: Delivered 0xb400007b7ca56900 as id 0
05-27 18:53:46.624  1167  1167 D evsmanagerd: /dev/video6 forwarded the buffer #0 to 0xb4000074bf5f5510 from 0xb4000074bf5f6d90
05-27 18:53:46.627   581   581 I SpiService: fgesysctrl_getGPIO_status success val=1
05-27 18:53:46.627   299  1163 D EvsDriver: doneWithFrame
05-27 18:53:46.628   299  1163 D EvsDriver: doneWithFrame
05-27 18:53:46.633   581   581 I SpiService: fgesysctrl_getGPIO_status success val=0
05-27 18:53:46.636 13911 14183 I SentryImuMcuAngleSender: 179.97897rollDeg
05-27 18:53:46.636 13911 14183 I SentryImuMcuAngleSender: 1,0,0
05-27 18:53:46.639  1008 30857 D [OMXB]  : usingANWBuffer: handle:0xee745760, format:1, w:1920, h:1080
05-27 18:53:46.645 30773 30786 I dvr_service_: CameraX 0  audioOK: 96207156,audios:1450
05-27 18:53:46.645 30773 30786 I dvr_service_: CameraX 1  audioOK: 96207156,audios:1450
05-27 18:53:46.647   536   536 D commservice260303: msg.id = 1028,0
05-27 18:53:46.647   536   536 D commservice260303: i = 170, msgid = 8A000404
05-27 18:53:46.647   536   536 D commservice260303: msgid = -1979710460,did=138
05-27 18:53:46.647   536   536 D commservice260303: CommProtocolLibCmdBaseI2C::dataproc {"command":{"id":"imu_status","sub":""},"content":{"TimeStamp":11,"FrameCounter":259984,"GD_X":-0.011300750076770782,"GD_Y":0.005268065724521875,"GD_Z":0.0022902146447449923,"AD_X":-9.341537952423096E-4,"AD_Y":0.0013334511313587427,"AD_Z":-0.1670370101928711,"TempDsp":0,"Status":0,"CalibState":1,"SigAmpInvalid":0}},-1979710460
05-27 18:53:46.648   536   536 D commservice260303: send2Cluster len:316, 7B22636F6D6D616E64223A7B226964223A22696D755F737461747573222C22737562223A22227D2C22636F6E74656E74223A7B2254696D655374616D70223A31312C224672616D65436F756E746572223A3235393938342C2247445F58223A2D302E3031313330303735303037363737303738322C2247445F59223A302E3030353236383036353732343532313837352C2247445F5A223A302E303032323930323134363434373434393932332C2241445F58223A2D392E333431353337393532343233303936452D342C2241445F59223A302E303031333333343531313331333538373432372C2241445F5A223A2D302E313637303337303130313932383731312C2254656D70447370223A302C22537461747573223A302C2243616C69625374617465223A312C22536967416D70496E76616C6964223A307D7D, 138 
05-27 18:53:46.648   536   536 D commservice260303: Push Message into SendPool fn=-281541632
05-27 18:53:46.648   581   581 I SpiService: fgesysctrl_getGPIO_status success val=1
05-27 18:53:46.648   536   536 D commservice260303: ComProtocolLibSend2Cluster::send2ClusterRaw fn=-281541632 , len=332
05-27 18:53:46.648   536   536 D commservice260303: sendCmdToPort :332!!!
05-27 18:53:46.648   536   536 D commservice260303: send Cmd To Port ++++5AA501488A01000438EF6A16CD3A7B22636F6D6D616E64223A7B226964223A22696D755F737461747573222C22737562223A22227D2C22636F6E74656E74223A7B2254696D655374616D70223A31312C224672616D65436F756E746572223A3235393938342C2247445F58223A2D302E3031313330303735303037363737303738322C2247445F59223A302E3030353236383036353732343532313837352C2247445F5A223A302E303032323930323134363434373434393932332C2241445F58223A2D392E333431353337393532343233303936452D342C2241445F59223A302E303031333333343531313331333538373432372C2241445F5A223A2D302E313637303337303130313932383731312C2254656D70447370223A302C22537461747573223A302C2243616C69625374617465223A312C22536967416D70496E76616C6964223A307D7D8D6D
05-27 18:53:46.648   536   536 D commservice260303: bufferevent_write retrun value = 0
05-27 18:53:46.648   536   560 D commservice260303: client datas send succeed,send finish
05-27 18:53:46.648 13911 14192 D Sentinelmode_1.2.5.17_sentry: <SentryImuClusterFgeSender>imu_status sent to Linux, frame=259984, tsNs=11093895, tsMs=11, intervalMs=40, ad=(-9.341538E-4,0.0013334511,-0.16703701), gd=(-0.01130075,0.0052680657,0.0022902146)
05-27 18:53:46.650   299 30841 D EvsDriver: forwardFrame
05-27 18:53:46.650   299 30844 D EvsDriver: forwardFrame
05-27 18:53:46.652   299 30841 D EvsDriver: Delivered 0xb400007b7ca56a60 as id 0
05-27 18:53:46.652  1167  1167 D evsmanagerd: /dev/video4 forwarded the buffer #0 to 0xb4000074bf5f6850 from 0xb4000074bf5f41d0
05-27 18:53:46.653   299 30844 D EvsDriver: Delivered 0xb400007b7ca56900 as id 0
05-27 18:53:46.653  1167  1167 D evsmanagerd: /dev/video6 forwarded the buffer #0 to 0xb4000074bf5f5510 from 0xb4000074bf5f6d90
05-27 18:53:46.653   581   581 I SpiService: fgesysctrl_getGPIO_status success val=1
05-27 18:53:46.656   299  1163 D EvsDriver: doneWithFrame
05-27 18:53:46.656   299  1163 D EvsDriver: doneWithFrame
05-27 18:53:46.657 13911 14183 I SentryImuMcuAngleSender: 179.97897rollDeg
05-27 18:53:46.657 13911 14183 I SentryImuMcuAngleSender: 1,0,0
05-27 18:53:46.659   581   581 I SpiService: fgesysctrl_getGPIO_status success val=1
05-27 18:53:46.663   572   572 I Sensors : 230 GyroSensor: x:-0.011224,y:0.005497,z:0.002519
05-27 18:53:46.665   581   581 I SpiService: fgesysctrl_getGPIO_status success val=1
05-27 18:53:46.665  1008 30856 D [OMXB]  : usingANWBuffer: handle:0xee743710, format:1, w:1920, h:1080
05-27 18:53:46.670   581   581 I SpiService: fgesysctrl_getGPIO_status success val=0
05-27 18:53:46.671  8130  8180 D ANWAPI  : (8130|0x05ECFCB0)[BTAPI] testing: step3: (2)
05-27 18:53:46.671  8130  8180 D ANWAPI  : (8130|0x05ECFCB0)[BTAPI] testing: step1: send HCI local read infor
05-27 18:53:46.671  8130  8180 D ANWStack: [  11093922][ANWBT] HCI: Sending HCI_ReadLocalVersionInformation command
05-27 18:53:46.672  8130  8180 D ANWStack: [  11093923][ANWBT] HCI Rx: CommandComplete event for ReadLocalVersionInformation, numCommandPackets=0x1, status=0x00 (Success)
05-27 18:53:46.672  8130  8180 D ANWStack: 
05-27 18:53:46.672  8130  8180 D ANWStack: [  11093923][ANWBT] HCI Rx:     CommandComplete Parameters: HCIversion=0xD, HCIrevision=0xB, LMP version=0xD, ManufacturerId=0xB3B, LMP subversion=0xB
05-27 18:53:46.672  8130  8180 D ANWStack: 
05-27 18:53:46.672  8130  8180 D ANWAPI  : (8130|0x05ECFCB0)[BTAPI] AnwhciEventCallback 14 1
05-27 18:53:46.672  8130  8180 D ANWAPI  : (8130|0x05ECFCB0)[BTAPI] btsdk_command_complete_event_handler cmdOpcode = 4097
05-27 18:53:46.672  8130  8180 D ANWAPI  : (8130|0x05ECFCB0)[BTAPI] testing: step2: receive complete(1)
05-27 18:53:46.672  8130  8180 D ANWStack: [  11093923][ANWBT] HCI: Host Controller manufacturer ID 0x0B3B
05-27 18:53:46.672  8130  8180 D ANWStack: 
05-27 18:53:46.675  1008 30857 D [OMXB]  : usingANWBuffer: handle:0xee746ec0, format:1, w:1920, h:1080
05-27 18:53:46.677 13911 14183 I SentryImuMcuAngleSender: 179.97897rollDeg
05-27 18:53:46.677 13911 14183 I SentryImuMcuAngleSender: 1,0,0
05-27 18:53:46.680   283   307 I rvcservice: t.code = 7, t.value = 11093753
05-27 18:53:46.684   581   581 I SpiService: fgesysctrl_getGPIO_status success val=1
05-27 18:53:46.687   299 30844 D EvsDriver: forwardFrame
05-27 18:53:46.687   299 30841 D EvsDriver: forwardFrame
05-27 18:53:46.689   299 30841 D EvsDriver: Delivered 0xb400007b7ca56a60 as id 0
05-27 18:53:46.689  1167  1479 D evsmanagerd: /dev/video4 forwarded the buffer #0 to 0xb4000074bf5f6850 from 0xb4000074bf5f41d0
05-27 18:53:46.689  1167  1167 D evsmanagerd: /dev/video6 forwarded the buffer #0 to 0xb4000074bf5f5510 from 0xb4000074bf5f6d90
05-27 18:53:46.689   536   536 D commservice260303: msg.id = 1028,0
05-27 18:53:46.689   536   536 D commservice260303: i = 170, msgid = 8A000404
05-27 18:53:46.689   299 30844 D EvsDriver: Delivered 0xb400007b7ca56900 as id 0
05-27 18:53:46.689   536   536 D commservice260303: msgid = -1979710460,did=138
05-27 18:53:46.690   536   536 D commservice260303: CommProtocolLibCmdBaseI2C::dataproc {"command":{"id":"imu_status","sub":""},"content":{"TimeStamp":11,"FrameCounter":259985,"GD_X":-0.011453153565526009,"GD_Y":0.005802778527140617,"GD_Z":0.0020608289632946253,"AD_X":-3.3804774284362793E-4,"AD_Y":0.0019345975015312433,"AD_Z":-0.1670370101928711,"TempDsp":0,"Status":0,"CalibState":1,"SigAmpInvalid":0}},-1979710460
05-27 18:53:46.690   536   536 D commservice260303: send2Cluster len:317, 7B22636F6D6D616E64223A7B226964223A22696D755F737461747573222C22737562223A22227D2C22636F6E74656E74223A7B2254696D655374616D70223A31312C224672616D65436F756E746572223A3235393938352C2247445F58223A2D302E3031313435333135333536353532363030392C2247445F59223A302E3030353830323737383532373134303631372C2247445F5A223A302E303032303630383238393633323934363235332C2241445F58223A2D332E33383034373734323834333632373933452D342C2241445F59223A302E303031393334353937353031353331323433332C2241445F5A223A2D302E313637303337303130313932383731312C2254656D70447370223A302C22537461747573223A302C2243616C69625374617465223A312C22536967416D70496E76616C6964223A307D7D, 138 
05-27 18:53:46.690   536   536 D commservice260303: Push Message into SendPool fn=-264764416
05-27 18:53:46.690   536   536 D commservice260303: ComProtocolLibSend2Cluster::send2ClusterRaw fn=-264764416 , len=333
05-27 18:53:46.690   536   536 D commservice260303: sendCmdToPort :333!!!
05-27 18:53:46.690   581   581 I SpiService: fgesysctrl_getGPIO_status success val=1
05-27 18:53:46.690   536   536 D commservice260303: send Cmd To Port ++++5AA501498A01000438F06A16CD3A7B22636F6D6D616E64223A7B226964223A22696D755F737461747573222C22737562223A22227D2C22636F6E74656E74223A7B2254696D655374616D70223A31312C224672616D65436F756E746572223A3235393938352C2247445F58223A2D302E3031313435333135333536353532363030392C2247445F59223A302E3030353830323737383532373134303631372C2247445F5A223A302E303032303630383238393633323934363235332C2241445F58223A2D332E33383034373734323834333632373933452D342C2241445F59223A302E303031393334353937353031353331323433332C2241445F5A223A2D302E313637303337303130313932383731312C2254656D70447370223A302C22537461747573223A302C2243616C69625374617465223A312C22536967416D70496E76616C6964223A307D7DC322
05-27 18:53:46.690   536   536 D commservice260303: bufferevent_write retrun value = 0
05-27 18:53:46.690   536   560 D commservice260303: client datas send succeed,send finish
05-27 18:53:46.692 13911 14192 D Sentinelmode_1.2.5.17_sentry: <SentryImuClusterFgeSender>imu_status sent to Linux, frame=259985, tsNs=11093931, tsMs=11, intervalMs=43, ad=(-3.3804774E-4,0.0019345975,-0.16703701), gd=(-0.011453154,0.0058027785,0.002060829)
05-27 18:53:46.693   299  1163 D EvsDriver: doneWithFrame
05-27 18:53:46.693   299  1163 D EvsDriver: doneWithFrame
05-27 18:53:46.696   581   581 I SpiService: fgesysctrl_getGPIO_status success val=1
05-27 18:53:46.697 13911 14183 I SentryImuMcuAngleSender: 179.97546rollDeg
05-27 18:53:46.697 13911 14183 I SentryImuMcuAngleSender: 1,0,0
05-27 18:53:46.700  1008 30856 D [OMXB]  : usingANWBuffer: handle:0xee741b90, format:1, w:1920, h:1080
05-27 18:53:46.701   581   581 I SpiService: fgesysctrl_getGPIO_status success val=1
05-27 18:53:46.707   581   581 I SpiService: fgesysctrl_getGPIO_status success val=1
05-27 18:53:46.712   581   581 I SpiService: fgesysctrl_getGPIO_status success val=1
05-27 18:53:46.716 11130 11191 D ANWAPI_SECOND: (11130|0x295FACB0)[BTAPI] run AnWBT_WaitInitFinish
05-27 18:53:46.716 11130 11191 D ANWAPI_SECOND: (11130|0x295FACB0)[BTAPI] bb_vendor(3)hcit_type(3)
05-27 18:53:46.717 11130 11191 D ANWAPI_SECOND: (11130|0x295FACB0)[BTAPI] RTL8761, config_uart_path[/dev/ttyS3], baudrate_init(115200), baudrate_normal(3000000)
05-27 18:53:46.717 11130 11191 D ANWAPI_SECOND: (11130|0x295FACB0)[BTAPI] RTL8761, config_BT_ADDR_path[]
05-27 18:53:46.717 11130 11191 D ANWAPI_SECOND: (11130|0x295FACB0)[BTAPI] BTUart_Configure start
05-27 18:53:46.717 11130 11191 I ANWStack: [  11093968][ANWBT] Device name = /dev/ttyS3,baudrate_init =115200(115200),baudrate =3000000(3000000)
05-27 18:53:46.717 11130 11191 I ANWStack: 
05-27 18:53:46.717 11130 11191 I ANWStack: [  11093968][ANWBT] BTUart_StartUp  speed = 115200
05-27 18:53:46.717 11130 11191 I ANWStack: 
05-27 18:53:46.717  1008 30857 D [OMXB]  : usingANWBuffer: handle:0xee7421c0, format:1, w:1920, h:1080
05-27 18:53:46.718 11130 11191 D ANWStack: Mac Address /data/vendor/bluetooth/btmac.txt open fail - No such file or directory
05-27 18:53:46.718   581   581 I SpiService: fgesysctrl_getGPIO_status success val=0
05-27 18:53:46.718 11130 11191 D ANWStack: Mac Address from file  /data/vendor/bluetooth/btmac.txt -  (1)
05-27 18:53:46.718 13911 14183 I SentryImuMcuAngleSender: 179.98598rollDeg
05-27 18:53:46.718 13911 14183 I SentryImuMcuAngleSender: 1,0,0
05-27 18:53:46.713 11130 11130 I auditd  : type=1400 audit(0.0:69469): avc: denied { read write } for comm="BTInit_Task" name="ttyS3" dev="tmpfs" ino=3005 scontext=u:r:system_app:s0 tcontext=u:object_r:serial_device:s0 tclass=chr_file permissive=1
05-27 18:53:46.713 11130 11130 I BTInit_Task: type=1400 audit(0.0:69469): avc: denied { read write } for name="ttyS3" dev="tmpfs" ino=3005 scontext=u:r:system_app:s0 tcontext=u:object_r:serial_device:s0 tclass=chr_file permissive=1
05-27 18:53:46.719 11130 11191 D ANWStack: type RTL_8761C, init speed 115200
05-27 18:53:46.713 11130 11130 I auditd  : type=1400 audit(0.0:69470): avc: denied { open } for comm="BTInit_Task" path="/dev/ttyS3" dev="tmpfs" ino=3005 scontext=u:r:system_app:s0 tcontext=u:object_r:serial_device:s0 tclass=chr_file permissive=1
05-27 18:53:46.713 11130 11130 I BTInit_Task: type=1400 audit(0.0:69470): avc: denied { open } for path="/dev/ttyS3" dev="tmpfs" ino=3005 scontext=u:r:system_app:s0 tcontext=u:object_r:serial_device:s0 tclass=chr_file permissive=1
05-27 18:53:46.719 11130 11191 D ANWStack: rtk_8761C_init@2, fd 0x55
05-27 18:53:46.719 11130 11191 D ANWStack: Realtek Bluetooth init uart with init speed:115200, type:HCI UART H4
05-27 18:53:46.719 11130 11191 D ANWStack: Realtek Bluetooth :Realtek hciattach version 3.1.d5a90fd.20250813-162457 
05-27 18:53:46.719 11130 11191 D ANWStack: 
05-27 18:53:46.719 11130 11191 D ANWStack: Realtek Bluetooth :Use epoll
05-27 18:53:46.713 11130 11130 I auditd  : type=1400 audit(0.0:69471): avc: denied { ioctl } for comm="BTInit_Task" path="/dev/ttyS3" dev="tmpfs" ino=3005 ioctlcmd=0x540b scontext=u:r:system_app:s0 tcontext=u:object_r:serial_device:s0 tclass=chr_file permissive=1
05-27 18:53:46.713 11130 11130 I BTInit_Task: type=1400 audit(0.0:69471): avc: denied { ioctl } for path="/dev/ttyS3" dev="tmpfs" ino=3005 ioctlcmd=0x540b scontext=u:r:system_app:s0 tcontext=u:object_r:serial_device:s0 tclass=chr_file permissive=1
05-27 18:53:46.719 11130 11191 D ANWStack: Realtek Bluetooth :Realtek H4 IC
05-27 18:53:46.725   299 30841 D EvsDriver: forwardFrame
05-27 18:53:46.725   299 30844 D EvsDriver: forwardFrame
05-27 18:53:46.727   299 30841 D EvsDriver: Delivered 0xb400007b7ca56a60 as id 0
05-27 18:53:46.727   299 30844 D EvsDriver: Delivered 0xb400007b7ca56900 as id 0
05-27 18:53:46.727  1167  1479 D evsmanagerd: /dev/video4 forwarded the buffer #0 to 0xb4000074bf5f6850 from 0xb4000074bf5f41d0
05-27 18:53:46.727  1167  1167 D evsmanagerd: /dev/video6 forwarded the buffer #0 to 0xb4000074bf5f5510 from 0xb4000074bf5f6d90
05-27 18:53:46.731   536   536 D commservice260303: msg.id = 1028,1
05-27 18:53:46.731   536   536 D commservice260303: i = 170, msgid = 8A000404
05-27 18:53:46.731   536   536 D commservice260303: msgid = -1979710460,did=138
05-27 18:53:46.731   536   536 D commservice260303: CommProtocolLibCmdBaseI2C::dataproc {"command":{"id":"imu_status","sub":""},"content":{"TimeStamp":11,"FrameCounter":259986,"GD_X":-0.01153013575822115,"GD_Y":0.005345047451555729,"GD_Z":0.002213752595707774,"AD_X":-9.603500366210938E-4,"AD_Y":9.956886060535908E-5,"AD_Z":-0.1658163070678711,"TempDsp":0,"Status":0,"CalibState":1,"SigAmpInvalid":0}},-1979710460
05-27 18:53:46.731   299  1153 D EvsDriver: doneWithFrame
05-27 18:53:46.731   299  1163 D EvsDriver: doneWithFrame
05-27 18:53:46.731   536   536 D commservice260303: send2Cluster len:313, 7B22636F6D6D616E64223A7B226964223A22696D755F737461747573222C22737562223A22227D2C22636F6E74656E74223A7B2254696D655374616D70223A31312C224672616D65436F756E746572223A3235393938362C2247445F58223A2D302E30313135333031333537353832323131352C2247445F59223A302E3030353334353034373435313535353732392C2247445F5A223A302E3030323231333735323539353730373737342C2241445F58223A2D392E363033353030333636323130393338452D342C2241445F59223A392E393536383836303630353335393038452D352C2241445F5A223A2D302E313635383136333037303637383731312C2254656D70447370223A302C22537461747573223A302C2243616C69625374617465223A312C22536967416D70496E76616C6964223A307D7D, 138 
05-27 18:53:46.731   536   536 D commservice260303: Push Message into SendPool fn=-247987200
05-27 18:53:46.731   536   536 D commservice260303: ComProtocolLibSend2Cluster::send2ClusterRaw fn=-247987200 , len=329
05-27 18:53:46.732   536   536 D commservice260303: sendCmdToPort :329!!!
05-27 18:53:46.732   536   536 D commservice260303: send Cmd To Port ++++5AA501458A01000438F16A16CD3A7B22636F6D6D616E64223A7B226964223A22696D755F737461747573222C22737562223A22227D2C22636F6E74656E74223A7B2254696D655374616D70223A31312C224672616D65436F756E746572223A3235393938362C2247445F58223A2D302E30313135333031333537353832323131352C2247445F59223A302E3030353334353034373435313535353732392C2247445F5A223A302E3030323231333735323539353730373737342C2241445F58223A2D392E363033353030333636323130393338452D342C2241445F59223A392E393536383836303630353335393038452D352C2241445F5A223A2D302E313635383136333037303637383731312C2254656D70447370223A302C22537461747573223A302C2243616C69625374617465223A312C22536967416D70496E76616C6964223A307D7D0998
05-27 18:53:46.732   536   536 D commservice260303: bufferevent_write retrun value = 0
05-27 18:53:46.732   536   560 D commservice260303: client datas send succeed,send finish
05-27 18:53:46.733   581   581 I SpiService: fgesysctrl_getGPIO_status success val=1
05-27 18:53:46.733 13911 14192 D Sentinelmode_1.2.5.17_sentry: <SentryImuClusterFgeSender>imu_status sent to Linux, frame=259986, tsNs=11093967, tsMs=11, intervalMs=42, ad=(-9.6035004E-4,9.956886E-5,-0.1658163), gd=(-0.011530136,0.0053450475,0.0022137526)
05-27 18:53:46.738   581   581 I SpiService: fgesysctrl_getGPIO_status success val=1
05-27 18:53:46.738  1008 30856 D [OMXB]  : usingANWBuffer: handle:0xee744000, format:1, w:1920, h:1080
05-27 18:53:46.739 13911 14183 I SentryImuMcuAngleSender: 179.98247rollDeg
05-27 18:53:46.739 13911 14183 I SentryImuMcuAngleSender: 1,0,0
05-27 18:53:46.744   581   581 I SpiService: fgesysctrl_getGPIO_status success val=1
05-27 18:53:46.741  1122  1122 I auditd  : type=1400 audit(0.0:69472): avc: denied { dac_override } for comm="tbox_ap" capability=1 scontext=u:r:tboxd:s0 tcontext=u:r:tboxd:s0 tclass=capability permissive=1
05-27 18:53:46.741  1122  1122 I tbox_ap : type=1400 audit(0.0:69472): avc: denied { dac_override } for capability=1 scontext=u:r:tboxd:s0 tcontext=u:r:tboxd:s0 tclass=capability permissive=1
05-27 18:53:46.746  1077  1077 D TboxPowerHelperZmq: lease keepalive owner=tbox_ap_1122_14296_54645e6d req=2806016758563997863
05-27 18:53:46.749   581   581 I SpiService: fgesysctrl_getGPIO_status success val=1
05-27 18:53:46.750 10188 11505 E SSense.fps: We could not find the file :/sys/class/display/dispc0/frame_count
05-27 18:53:46.755   581   581 I SpiService: fgesysctrl_getGPIO_status success val=1
05-27 18:53:46.759  1008 30857 D [OMXB]  : usingANWBuffer: handle:0xee745fa0, format:1, w:1920, h:1080
05-27 18:53:46.759 13911 14183 I SentryImuMcuAngleSender: 179.98598rollDeg
05-27 18:53:46.759 13911 14183 I SentryImuMcuAngleSender: 1,0,0
05-27 18:53:46.760   581   581 I SpiService: fgesysctrl_getGPIO_status success val=1
05-27 18:53:46.765   299 30844 D EvsDriver: forwardFrame
05-27 18:53:46.765   299 30841 D EvsDriver: forwardFrame
05-27 18:53:46.766   581   581 I SpiService: fgesysctrl_getGPIO_status success val=0
05-27 18:53:46.768   299 30841 D EvsDriver: Delivered 0xb400007b7ca56a60 as id 0
05-27 18:53:46.768  1167  1479 D evsmanagerd: /dev/video4 forwarded the buffer #0 to 0xb4000074bf5f6850 from 0xb4000074bf5f41d0
05-27 18:53:46.768  1167  1167 D evsmanagerd: /dev/video6 forwarded the buffer #0 to 0xb4000074bf5f5510 from 0xb4000074bf5f6d90
05-27 18:53:46.768 30773 30783 E dvr_service_: [myNum:1] Received S**** loss
05-27 18:53:46.768 30773 30773 E dvr_service_: [myNum:0] Received S**** loss
05-27 18:53:46.768   299 30844 D EvsDriver: Delivered 0xb400007b7ca56900 as id 0
05-27 18:53:46.768   299  1163 D EvsDriver: doneWithFrame
05-27 18:53:46.769   299  1153 D EvsDriver: doneWithFrame
05-27 18:53:46.770   572   622 I Sensors : 230 AccelSensor: x:-0.167140,y:0.002440,z:-9.973500
05-27 18:53:46.771   536   536 D commservice260303: msg.id = 1028,0
05-27 18:53:46.771   536   536 D commservice260303: i = 170, msgid = 8A000404
05-27 18:53:46.771   536   536 D commservice260303: msgid = -1979710460,did=138
05-27 18:53:46.771   536   536 D commservice260303: CommProtocolLibCmdBaseI2C::dataproc {"command":{"id":"imu_status","sub":""},"content":{"TimeStamp":11,"FrameCounter":259987,"GD_X":-0.012446117587387562,"GD_Y":0.005573912989348173,"GD_Z":0.0021378109231591225,"AD_X":-9.719878435134888E-4,"AD_Y":9.719491936266422E-5,"AD_Z":-0.1627664566040039,"TempDsp":0,"Status":0,"CalibState":1,"SigAmpInvalid":0}},-1979710460
