05-27 18:53:41.368  1167  1479 D evsmanagerd: /dev/video4 forwarded the buffer #0 to 0xb4000074bf5f6850 from 0xb4000074bf5f41d0
05-27 18:53:41.368   283   307 I rvcservice: t.code = 4, t.value = 0
05-27 18:53:41.369   572   622 I Sensors : 230 GyroSensor: x:-0.011606,y:0.005574,z:0.002138
05-27 08:44:50.331   581   581 D spi_rst_gpio_get_output: GPIO 145 value: 1
05-27 08:44:50.331   581   581 D spidev_ioctl: gpio status=1)
05-27 08:44:50.337   581   581 D spi_rst_gpio_get_output: GPIO 145 value: 0
05-27 08:44:50.337   581   581 D spidev_ioctl: gpio status=0)
05-27 18:53:41.372   581   581 I SpiService: fgesysctrl_getGPIO_status success val=0
05-27 18:53:41.373   481   597 I mcuc    : send SPI:6AA6007A320005041201000038
05-27 18:53:41.373 13911 14183 I SentryImuMcuAngleSender: 179.98598rollDeg
05-27 18:53:41.374 13911 14183 I SentryImuMcuAngleSender: 1,0,0
05-27 18:53:41.375   299  1163 D EvsDriver: doneWithFrame
05-27 18:53:41.375   536   536 D commservice260303: msg.id = 1028,1
05-27 18:53:41.375   536   536 D commservice260303: i = 170, msgid = 8A000404
05-27 18:53:41.375   536   536 D commservice260303: msgid = -1979710460,did=138
05-27 18:53:41.375   536   536 D commservice260303: CommProtocolLibCmdBaseI2C::dataproc {"command":{"id":"imu_status","sub":""},"content":{"TimeStamp":11,"FrameCounter":259854,"GD_X":-0.011223767884075642,"GD_Y":0.0059551820158958435,"GD_Z":0.0018319635419175029,"AD_X":-0.0019039511680603027,"AD_Y":2.1838047541677952E-4,"AD_Z":-0.16704177856445312,"TempDsp":0,"Status":0,"CalibState":1,"SigAmpInvalid":0}},-1979710460
05-27 18:53:41.375   536   536 D commservice260303: send2Cluster len:319, 7B22636F6D6D616E64223A7B226964223A22696D755F737461747573222C22737562223A22227D2C22636F6E74656E74223A7B2254696D655374616D70223A31312C224672616D65436F756E746572223A3235393835342C2247445F58223A2D302E3031313232333736373838343037353634322C2247445F59223A302E303035393535313832303135383935383433352C2247445F5A223A302E303031383331393633353431393137353032392C2241445F58223A2D302E303031393033393531313638303630333032372C2241445F59223A322E31383338303437353431363737393532452D342C2241445F5A223A2D302E31363730343137373835363434353331322C2254656D70447370223A302C22537461747573223A302C2243616C69625374617465223A312C22536967416D70496E76616C6964223A307D7D, 138 
05-27 18:53:41.375   536   536 D commservice260303: Push Message into SendPool fn=1782055936
05-27 18:53:41.375   536   536 D commservice260303: ComProtocolLibSend2Cluster::send2ClusterRaw fn=1782055936 , len=335
05-27 18:53:41.375   536   536 D commservice260303: sendCmdToPort :335!!!
05-27 18:53:41.375   536   536 D commservice260303: send Cmd To Port ++++5AA5014B8A010004386A6A16CD357B22636F6D6D616E64223A7B226964223A22696D755F737461747573222C22737562223A22227D2C22636F6E74656E74223A7B2254696D655374616D70223A31312C224672616D65436F756E746572223A3235393835342C2247445F58223A2D302E3031313232333736373838343037353634322C2247445F59223A302E303035393535313832303135383935383433352C2247445F5A223A302E303031383331393633353431393137353032392C2241445F58223A2D302E303031393033393531313638303630333032372C2241445F59223A322E31383338303437353431363737393532452D342C2241445F5A223A2D302E31363730343137373835363434353331322C2254656D70447370223A302C22537461747573223A302C2243616C69625374617465223A312C22536967416D70496E76616C6964223A307D7DF0F6
05-27 18:53:41.375   536   536 D commservice260303: bufferevent_write retrun value = 0
05-27 18:53:41.376   536   560 D commservice260303: client datas send succeed,send finish
05-27 18:53:41.376 13911 14192 D Sentinelmode_1.2.5.17_sentry: <SentryImuClusterFgeSender>imu_status sent to Linux, frame=259854, tsNs=11088600, tsMs=11, intervalMs=43, ad=(-0.0019039512,2.1838048E-4,-0.16704178), gd=(-0.011223768,0.005955182,0.0018319635)
05-27 18:53:41.377  1008 30857 D [OMXB]  : usingANWBuffer: handle:0xee7416c0, format:1, w:1920, h:1080
05-27 18:53:41.383  1044 30796 D BufferPoolAccessor2.0: bufferpool2 0xb400006f82870318 : 1(6144 size) total buffers - 1(6144 size) used buffers - 144929/144931 (recycle/alloc) - 2/144930 (fetch/transfer)
05-27 18:53:41.384 13911 14147 I Sentinelmode_1.2.5.17_sentry: <SentryModeAuto>[SentryTrace] apply tick openMethod=2 intentOn=true inGard=0 time=0|0|0|0 repeat=0|1|2|3|4|5|6
05-27 18:53:41.384 13911 14147 D Sentinelmode_1.2.5.17_sentry: <SentryModeAuto>applySentrySettings sentry_mode=-1 openMethod=2 intentOn=true time=0|0|0|0 repeat=0|1|2|3|4|5|6
05-27 18:53:41.385 13911 14147 D Sentinelmode_1.2.5.17_sentry: <SentryModeAuto>[SentryTrace] schedule time all day: "0|0|0|0"
05-27 18:53:41.386 13911 14147 I Sentinelmode_1.2.5.17_sentry: <SentryModeAuto>[SentryTrace] schedule shouldActivate=true inRepeat=true inWindow=true locationBlocked=false
05-27 18:53:41.386 13911 14147 I Sentinelmode_1.2.5.17_sentry: <PicketModeManager>getDvrEnableState=true (MMKV DVR_ENABLE_STATE)
05-27 18:53:41.386 13911 14147 I Sentinelmode_1.2.5.17_sentry: <SentryModeAuto>[SentryTrace] start gard GARD_MODE_STATE=15
05-27 18:53:41.387   581   581 I SpiService: fgesysctrl_getGPIO_status success val=1
05-27 18:53:41.388 13911 14147 I Sentinelmode_1.2.5.17_sentry: <PicketModeManager>onSettingsPutInt：true name:persist.gard.mode value:15
05-27 18:53:41.388 13911 14147 I Sentinelmode_1.2.5.17_sentry: <PicketModeManager>[SentryTrace] mode_status=15
05-27 08:44:50.351   581   581 D spi_rst_gpio_get_output: GPIO 145 value: 1
05-27 08:44:50.351   581   581 D spidev_ioctl: gpio status=1)
05-27 18:53:41.389 13911 14147 D SensorManager: unregisterListenerImpl sensor = {Sensor name="ASM330LHH 3-axis Accelerometer Sensor", vendor="STMicroelectronics", version=1, type=1, maxRange=78.4532, resolution=9.35235E-6, power=0.6, minDelay=2000}, listener = com.incall.sentinelmode.manager.PicketModeManager$2@dd928ed
05-27 18:53:41.390 13911 14147 I Sentinelmode_1.2.5.17_sentry: <PicketModeManager>getDvrEnableState=true (MMKV DVR_ENABLE_STATE)
05-27 18:53:41.390   299 30841 D EvsDriver: forwardFrame
05-27 18:53:41.390   299 30844 D EvsDriver: forwardFrame
05-27 18:53:41.390 13911 14147 I Sentinelmode_1.2.5.17_sentry: <PicketModeManager>getRemoteOpen isRemoteOpen = false
05-27 18:53:41.393   581   581 I SpiService: fgesysctrl_getGPIO_status success val=1
05-27 18:53:41.394   299 30841 D EvsDriver: Delivered 0xb400007b7ca56a60 as id 0
05-27 18:53:41.394   566 11459 I gps_hdbd: Received: '$GNGGA,010932.000,,,,,0,00,,,M,,M,,*6F
'
05-27 18:53:41.394 13911 14147 W Sentinelmode_1.2.5.17_sentry: <PicketModeManager>[SentryTrace] mode15 camera fault, continue to mode2 (LGRD may fail until camera ok)
05-27 18:53:41.394  1167  1479 D evsmanagerd: /dev/video4 forwarded the buffer #0 to 0xb4000074bf5f6850 from 0xb4000074bf5f41d0
05-27 08:44:50.358   581   581 D spi_rst_gpio_get_output: GPIO 145 value: 1
05-27 08:44:50.358   581   581 D spidev_ioctl: gpio status=1)
05-27 18:53:41.395   299 30844 D EvsDriver: Delivered 0xb400007b7ca56900 as id 0
05-27 18:53:41.395 13911 14183 I SentryImuMcuAngleSender: 179.98248rollDeg
05-27 18:53:41.395 13911 14183 I SentryImuMcuAngleSender: 1,0,0
05-27 18:53:41.395  1167  1479 D evsmanagerd: /dev/video6 forwarded the buffer #0 to 0xb4000074bf5f5510 from 0xb4000074bf5f6d90
05-27 18:53:41.396   566 11459 I gps_hdbd: Received: '$GNGSA,A,1,,,,,,,,,,,,,,,,1*1D
'
05-27 18:53:41.399   581   581 I SpiService: fgesysctrl_getGPIO_status success val=1
05-27 18:53:41.399   299  1163 D EvsDriver: doneWithFrame
05-27 18:53:41.400   299  1163 D EvsDriver: doneWithFrame
05-27 18:53:41.400   566 11459 I gps_hdbd: Received: '$GNGSA,A,1,,,,,,,,,,,,,,,,3*1F
'
05-27 08:44:50.364   581   581 D spi_rst_gpio_get_output: GPIO 145 value: 1
05-27 08:44:50.364   581   581 D spidev_ioctl: gpio status=1)
05-27 18:53:41.402   566 11459 I gps_hdbd: Received: '$GNGSA,A,1,,,,,,,,,,,,,,,,4*18
'
05-27 18:53:41.402  1008 30856 D [OMXB]  : usingANWBuffer: handle:0xee740bc0, format:1, w:1920, h:1080
05-27 18:53:41.402   566 11459 I gps_hdbd: Received: '$BDGSV,1,1,00,1*75
'
05-27 18:53:41.404   566 11459 I gps_hdbd: Received: '$BDGSV,1,1,00,5*71
'
05-27 18:53:41.404 13911 14147 I Sentinelmode_1.2.5.17_sentry: <PicketModeManager>onSettingsPutInt：true name:persist.gard.mode value:2
05-27 18:53:41.404   581   581 I SpiService: fgesysctrl_getGPIO_status success val=1
05-27 18:53:41.404 13911 14147 I Sentinelmode_1.2.5.17_sentry: <PicketModeManager>[SentryTrace] mode15 -> mode2 starting
05-27 08:44:50.369   581   581 D spi_rst_gpio_get_output: GPIO 145 value: 1
05-27 08:44:50.369   581   581 D spidev_ioctl: gpio status=1)
05-27 18:53:41.405 13911 14147 I Sentinelmode_1.2.5.17_sentry: <TlvManager>toCloud_SentryModePerHourMile:12
05-27 18:53:41.405 13911 14147 I Sentinelmode_1.2.5.17_sentry: <TlvManager>toCloud_GuardModeLeftTime:43200
05-27 18:53:41.405 13911 14147 I Sentinelmode_1.2.5.17_sentry: <PicketModeManager>onGradModeStatusChanage: mode_status = 2
05-27 18:53:41.405 13911 14147 D Sentinelmode_1.2.5.17_sentry: <PicketModeManager>noticeSensorWithPowerUp GardMode() = 2
05-27 18:53:41.405 13911 14148 I Sentinelmode_1.2.5.17_sentry: <PicketModeManager>setSentryModeAlarm：9:2
05-27 18:53:41.405 13911 14147 I Sentinelmode_1.2.5.17_sentry: <SentinelCarServiceManager>[SentryTrace] getBmcValue: bodyMix unavailable, fallback=3 (powerUp ok)
05-27 18:53:41.405 13911 14148 I Sentinelmode_1.2.5.17_sentry: <PicketModeManager>setSentryModeAlarm：12:1
05-27 18:53:41.407 13911 14147 I Sentinelmode_1.2.5.17_sentry: <PicketModeManager>onSettingsPutInt：true name:persist.gard.sum.up.show value:0
05-27 18:53:41.409 13911 14147 D Sentinelmode_1.2.5.17_sentry: <PicketModeManager>shakeLevel2:1
05-27 18:53:41.409 13911 14147 I Sentinelmode_1.2.5.17_sentry: <TlvManager>toCloud_GuardSensitivityLocalChange1
05-27 18:53:41.410   581   581 I SpiService: fgesysctrl_getGPIO_status success val=1
05-27 18:53:41.410   566 11459 I gps_hdbd: Received: '$GPGSV,1,1,01,199,42,165,,1*60
'
05-27 18:53:41.411   566 11459 I gps_hdbd: Received: '$GPGSV,1,1,00,8*6D
'
05-27 18:53:41.411   566 11459 I gps_hdbd: Received: '$GAGSV,1,1,00,7*73
'
05-27 08:44:50.375   581   581 D spi_rst_gpio_get_output: GPIO 145 value: 1
05-27 08:44:50.375   581   581 D spidev_ioctl: gpio status=1)
05-27 18:53:41.415   536   536 D commservice260303: msg.id = 1028,0
05-27 18:53:41.415   536   536 D commservice260303: i = 170, msgid = 8A000404
05-27 18:53:41.415   536   536 D commservice260303: msgid = -1979710460,did=138
05-27 18:53:41.415   536   536 D commservice260303: CommProtocolLibCmdBaseI2C::dataproc {"command":{"id":"imu_status","sub":""},"content":{"TimeStamp":11,"FrameCounter":259855,"GD_X":-0.01160607673227787,"GD_Y":0.005573912989348173,"GD_Z":0.0016030981205403805,"AD_X":-8.918344974517822E-5,"AD_Y":-3.877544077113271E-4,"AD_Z":-0.16582107543945312,"TempDsp":0,"Status":0,"CalibState":1,"SigAmpInvalid":0}},-1979710460
05-27 18:53:41.415   536   536 D commservice260303: send2Cluster len:316, 7B22636F6D6D616E64223A7B226964223A22696D755F737461747573222C22737562223A22227D2C22636F6E74656E74223A7B2254696D655374616D70223A31312C224672616D65436F756E746572223A3235393835352C2247445F58223A2D302E30313136303630373637333232373738372C2247445F59223A302E3030353537333931323938393334383137332C2247445F5A223A302E303031363033303938313230353430333830352C2241445F58223A2D382E393138333434393734353137383232452D352C2241445F59223A2D332E383737353434303737313133323731452D342C2241445F5A223A2D302E31363538323130373534333934353331322C2254656D70447370223A302C22537461747573223A302C2243616C69625374617465223A312C22536967416D70496E76616C6964223A307D7D, 138 
05-27 18:53:41.415   536   536 D commservice260303: Push Message into SendPool fn=1798833152
05-27 18:53:41.415   536   536 D commservice260303: ComProtocolLibSend2Cluster::send2ClusterRaw fn=1798833152 , len=332
05-27 18:53:41.415   536   536 D commservice260303: sendCmdToPort :332!!!
05-27 18:53:41.415   536   536 D commservice260303: send Cmd To Port ++++5AA501488A010004386B6A16CD357B22636F6D6D616E64223A7B226964223A22696D755F737461747573222C22737562223A22227D2C22636F6E74656E74223A7B2254696D655374616D70223A31312C224672616D65436F756E746572223A3235393835352C2247445F58223A2D302E30313136303630373637333232373738372C2247445F59223A302E3030353537333931323938393334383137332C2247445F5A223A302E303031363033303938313230353430333830352C2241445F58223A2D382E393138333434393734353137383232452D352C2241445F59223A2D332E383737353434303737313133323731452D342C2241445F5A223A2D302E31363538323130373534333934353331322C2254656D70447370223A302C22537461747573223A302C2243616C69625374617465223A312C22536967416D70496E76616C6964223A307D7D3BCA
05-27 18:53:41.415   536   536 D commservice260303: bufferevent_write retrun value = 0
05-27 18:53:41.415 13911 14192 D Sentinelmode_1.2.5.17_sentry: <SentryImuClusterFgeSender>imu_status sent to Linux, frame=259855, tsNs=11088655, tsMs=11, intervalMs=39, ad=(-8.918345E-5,-3.877544E-4,-0.16582108), gd=(-0.011606077,0.005573913,0.0016030981)
05-27 18:53:41.415   581   581 I SpiService: fgesysctrl_getGPIO_status success val=0
05-27 18:53:41.416 13911 14183 I SentryImuMcuAngleSender: 179.98949rollDeg
05-27 18:53:41.416   536   560 D commservice260303: client datas send succeed,send finish
05-27 18:53:41.416 13911 14183 I SentryImuMcuAngleSender: 1,0,0
05-27 08:44:50.380   581   581 D spi_rst_gpio_get_output: GPIO 145 value: 0
05-27 08:44:50.380   581   581 D spidev_ioctl: gpio status=0)
05-27 18:53:41.417   566 11459 I gps_hdbd: Received: '$GAGSV,1,1,00,1*75
'
05-27 18:53:41.418   566 11459 I gps_hdbd: Received: '$GNRMC,010932.000,V,,,,,,,270526,120.0,E,N,V*4C
'
05-27 18:53:41.418   566 11459 I gps_hdbd: RMC : CALL gnss_sv_status_cb, view_in_sat <1>
05-27 18:53:41.418   566 11459 I gps_hdbd: [reportSvStatus]--->PLATFORM_BSP::Enter
05-27 18:53:41.418   566 11459 I gps_hdbd: hy abnormal deal:hy_cnr30_satellite_cnt=0
05-27 18:53:41.418   566 11459 D gps_hdbd: hy abnormal deal:hy_fixStatus_fail_count=0
05-27 18:53:41.419  1083  1083 W MyAppLog: [2026-05-27 18:53:41.418 W tboxap gpsSyncGpsInfoToDm:361] [Gps] [gpsSyncGpsInfoToDm] fix=0 mode=49 corner:0x01 alt=0.00 sat=0 hdop=0.00 pdop=0.00 vdop=0.00
05-27 18:53:41.422   566 11459 I gps_hdbd: Received: '$GNZDA,010932.000,27,05,2026,00,00*47
'
05-27 18:53:41.430   581   581 I SpiService: fgesysctrl_getGPIO_status success val=1
05-27 18:53:41.433   299 30841 D EvsDriver: forwardFrame
05-27 08:44:50.394   581   581 D spi_rst_gpio_get_output: GPIO 145 value: 1
05-27 08:44:50.394   581   581 D spidev_ioctl: gpio status=1)
05-27 18:53:41.433   299 30844 D EvsDriver: forwardFrame
05-27 18:53:41.434   299 30841 D EvsDriver: Delivered 0xb400007b7ca56a60 as id 0
05-27 18:53:41.434  1167  1479 D evsmanagerd: /dev/video4 forwarded the buffer #0 to 0xb4000074bf5f6850 from 0xb4000074bf5f41d0
05-27 18:53:41.434  1167  1167 D evsmanagerd: /dev/video6 forwarded the buffer #0 to 0xb4000074bf5f5510 from 0xb4000074bf5f6d90
05-27 18:53:41.434   299 30844 D EvsDriver: Delivered 0xb400007b7ca56900 as id 0
--------- beginning of radio
05-27 18:53:41.434  1121  1159 D lib_tbox: calling Uid is 0
05-27 18:53:41.434 30773 30783 E dvr_service_: [myNum:0] Received S**** loss
05-27 18:53:41.435  1121  1159 D lib_tbox: tboxService has already been creaded
05-27 18:53:41.435  1121  1159 D lib_tbox: sim[0] request Queue is ready
05-27 18:53:41.435 30773 30773 E dvr_service_: [myNum:1] Received S**** loss
05-27 18:53:41.435  1121  1159 D lib_tbox: getModemState start. serial:1501659818
05-27 18:53:41.435   581   581 I SpiService: fgesysctrl_getGPIO_status success val=1
05-27 18:53:41.435   299  1163 D EvsDriver: doneWithFrame
05-27 18:53:41.435   299  1153 D EvsDriver: doneWithFrame
05-27 18:53:41.435  1121  1159 D lib_tbox: waitForResponse serial:1501659818 phoneId:0 mCount:0
05-27 18:53:41.435   648   648 D RILC_TBOX: getModemState: serial 1501659818
05-27 08:44:50.400   581   581 D spi_rst_gpio_get_output: GPIO 145 value: 1
05-27 18:53:41.436   648   690 D RIL_REQ_THDS: dequeue msg
05-27 08:44:50.400   581   581 D spidev_ioctl: gpio status=1)
05-27 18:53:41.436 13911 14183 I SentryImuMcuAngleSender: 179.99298rollDeg
05-27 18:53:41.436   648   690 D RIL_REQ_THDS: handleMessage 10005
05-27 18:53:41.436 13911 14183 I SentryImuMcuAngleSender: 1,0,0
05-27 18:53:41.436   648   690 D RIL     : onRequest: TBOX_REQUEST_GET_MODEM_STATE radioState = RADIO_ON
05-27 18:53:41.436   648   690 D RILC    : RequestComplete, RIL_SOCKET_1
05-27 18:53:41.436   648   690 D RILC    : Calling responseFunction() for token 1501659818
05-27 18:53:41.436   648   690 D RILC_TBOX: getModemStateResponse: serial 1501659818
05-27 18:53:41.436   648   690 D RIL_REQ_THDS: pool1Thread[0] process one message done
05-27 18:53:41.436  1121  1151 D lib_tbox: notifyRequest serial:1501659818 receivedSerial:1501659818 phoneId:0 mCount:0
05-27 18:53:41.436  1121  1159 D lib_tbox: getModemState done. state:0
05-27 18:53:41.436  1121  1159 D lib_tbox: retStatus: aidl response 0, return 0
05-27 18:53:41.436  1121  1159 D lib_tbox: calling Uid is 0
05-27 18:53:41.436  1121  1159 D lib_tbox: tboxService has already been creaded
05-27 18:53:41.436  1121  1159 D lib_tbox: sim[0] request Queue is ready
05-27 18:53:41.436  1121  1159 D lib_tbox: sim[0] getSimState start. serial:1227586442
05-27 18:53:41.436  1121  1159 D lib_tbox: waitForResponse serial:1227586442 phoneId:0 mCount:0
05-27 18:53:41.436   648   648 D RILC_TBOX: getSimState: serial 1227586442
05-27 18:53:41.436   648   691 D RIL_REQ_THDS: dequeue msg
05-27 18:53:41.436  1083  1083 W MyAppLog: [2026-05-27 18:53:41.436 W tboxmid getModemAlive:545] [Tbxomids] [CellularDataService] getModemState ret=0, state=0
05-27 18:53:41.436   648   691 D RIL_REQ_THDS: handleMessage 10001
05-27 18:53:41.436   648   691 D RIL     : onRequest: TBOX_REQUEST_GET_SIM_STATE radioState = RADIO_ON
05-27 18:53:41.436   648   691 D RIL_REQ_THDS: get Channel1
05-27 18:53:41.436   648   691 D RIL-AT  : Channel1: AT> AT+CPIN?
05-27 18:53:41.438   648   813 D RIL-AT  : Channel1: AT< +CME ERROR: 10
05-27 18:53:41.438   648   691 D RIL_REQ_THDS: put Channel1
05-27 18:53:41.438   648   691 D RIL_STK_CONTEXT: socket_id: 0, s_setupMenuNeedUnsol : 0, s_setupMenuResponse is : (null)
05-27 18:53:41.438   648   691 D RIL     : setSimPresent[0] hasSim = 0
05-27 18:53:41.438   648   691 D RILC    : RequestComplete, RIL_SOCKET_1
05-27 18:53:41.438   648   691 D RILC    : Calling responseFunction() for token 1227586442
05-27 18:53:41.438   648   691 D RILC_TBOX: getSimStateResponse: serial:1227586442, slotId:0
05-27 18:53:41.438   648   691 D RIL_REQ_THDS: pool2Thread[0] process one message done
05-27 18:53:41.438  1121  1151 D lib_tbox: sim0 getSimStateResponse: 0
05-27 18:53:41.438  1121  1151 D lib_tbox: notifyRequest serial:1227586442 receivedSerial:1227586442 phoneId:0 mCount:0
05-27 18:53:41.438  1121  1159 D lib_tbox: sim[0] getSimState done. state:0
05-27 18:53:41.438  1121  1159 D lib_tbox: retStatus: aidl response 0, return 0
05-27 18:53:41.438 13911 14147 I SVR_MNG_BaseProxy: isBinderActive: clientBinder is null
05-27 18:53:41.438 13911 14147 D SVR_MNG_SvrMngProxy: getServer: mSvrManger is null
05-27 18:53:41.438 13911 14147 D SVR_MNG_SvrMngProxy: getNewStub: 
05-27 18:53:41.438 13911 14147 D SVR_MNG_SvrMngProxy: getNewStub: getSvrManagerService start
05-27 18:53:41.438  1083  1083 W MyAppLog: [2026-05-27 18:53:41.438 W tboxmid getSimStatus:599] [Tbxomids] [CellularDataService] getSimState phoneId=0, state=0
05-27 18:53:41.438  1083  1083 W MyAppLog: [2026-05-27 18:53:41.438 W tboxmid threadLoop:1077] [Tbxomids] [CellularDataService] SIM not ready
05-27 18:53:41.439  1008 30857 D [OMXB]  : usingANWBuffer: handle:0xee743190, format:1, w:1920, h:1080
05-27 18:53:41.439 13911 14147 D SVR_MNG_SvrMngProxy: getNewStub: getSvrManagerService end
05-27 18:53:41.439 13911 14147 D SVR_MNG_SvrMngProxy: getServer: svrMngService doesn't start
05-27 18:53:41.439 13911 14147 D SVR_MNG_SvrMngProxy: getClientBinder: binderName = com.incall.network.NETWORK_SERVICE
05-27 18:53:41.439 13911 14147 I SVR_MNG_BaseProxy: getInterface: mInterface = null
05-27 18:53:41.439 13911 14147 I SVR_MNG_BaseProxy: isBinderActive: clientBinder is null
05-27 18:53:41.440 13911 14147 I SVR_MNG_BaseProxy: isBinderActive: clientBinder is null
05-27 18:53:41.440 13911 14147 D SVR_MNG_SvrMngProxy: getServer: mSvrManger is null
05-27 18:53:41.440 13911 14147 D SVR_MNG_SvrMngProxy: getNewStub: 
05-27 18:53:41.440 13911 14147 D SVR_MNG_SvrMngProxy: getNewStub: getSvrManagerService start
05-27 18:53:41.441   581   581 I SpiService: fgesysctrl_getGPIO_status success val=1
05-27 08:44:50.405   581   581 D spi_rst_gpio_get_output: GPIO 145 value: 1
05-27 08:44:50.405   581   581 D spidev_ioctl: gpio status=1)
05-27 18:53:41.442 13911 14147 D SVR_MNG_SvrMngProxy: getNewStub: getSvrManagerService end
05-27 18:53:41.442 13911 14147 D SVR_MNG_SvrMngProxy: getServer: svrMngService doesn't start
05-27 18:53:41.443 13911 14147 D SVR_MNG_SvrMngProxy: getClientBinder: binderName = com.incall.network.NETWORK_SERVICE
05-27 18:53:41.444 13911 14147 I SVR_MNG_BaseProxy: getInterface: mInterface = null
05-27 18:53:41.444 15863 15863 D AIN-NaviLocationPresenter: ACC is OFF, skip upload location
05-27 18:53:41.444 13911 14147 I SVR_MNG_BaseProxy: isBinderActive: clientBinder is null
05-27 18:53:41.445   566 11459 I gps_hdbd: Received: '$GNINS,1,1,TYPE,I,V,010932.000,19683000,FUS,-3,0,0,0,MOT,V,1,PATT,0.00,0.00,0.00,VEL,0.000,0.000,0.000,POS,40.0001330924,116.0001570688,84.176,IIA,1,0.00,0.00,0.00,BGA,0.31,-0.66,-0.13,0.000,0.000,0.000,IGA,0,-1,0,0,-2,98,VG,16c2ff1*1F
'
05-27 18:53:41.446 13911 14147 I PicketModeManager: getProfileDetail: ["{\"name\":\"sentryModeSwitchSts\",\"value\":2,\"timeStamp\":\"1670000000000\"}","{\"name\":\"SentryModeSensitivity\",\"value\":-1,\"timeStamp\":\"1779879221409\"}"]
05-27 18:53:41.446   581   581 I SpiService: fgesysctrl_getGPIO_status success val=1
05-27 18:53:41.447 13911 14147 D Sentinelmode_1.2.5.17_sentry: <PicketModeManager>queryGuardInfo = {access_token=null, lastSyncTimeStramp=1779879221409, profileDetail=["{\"name\":\"sentryModeSwitchSts\",\"value\":2,\"timeStamp\":\"1670000000000\"}","{\"name\":\"SentryModeSensitivity\",\"value\":-1,\"timeStamp\":\"1779879221409\"}"], sign=sign, nonce=kDEi4to3PB}
05-27 18:53:41.447 13911 14147 I SVR_MNG_BaseProxy: isBinderActive: clientBinder is null
05-27 18:53:41.447 13911 14147 D SVR_MNG_SvrMngProxy: getServer: mSvrManger is null
05-27 18:53:41.447 13911 14147 D SVR_MNG_SvrMngProxy: getNewStub: 
05-27 18:53:41.447 13911 14147 D SVR_MNG_SvrMngProxy: getNewStub: getSvrManagerService start
05-27 08:44:50.411   581   581 D spi_rst_gpio_get_output: GPIO 145 value: 1
05-27 08:44:50.411   581   581 D spidev_ioctl: gpio status=1)
05-27 18:53:41.451 13911 14147 D SVR_MNG_SvrMngProxy: getNewStub: getSvrManagerService end
05-27 18:53:41.451 13911 14147 D SVR_MNG_SvrMngProxy: getServer: svrMngService doesn't start
05-27 18:53:41.451 13911 14147 D SVR_MNG_SvrMngProxy: getClientBinder: binderName = com.incall.network.NETWORK_SERVICE
05-27 18:53:41.451 13911 14147 I SVR_MNG_BaseProxy: getInterface: mInterface = null
05-27 18:53:41.451 13911 14147 I SVR_MNG_BaseProxy: isBinderActive: clientBinder is null
05-27 18:53:41.451 13911 14147 E Sentinelmode_1.2.5.17_sentry: <PicketModeManager>updateProfileCallBack onError:2817---Remote Service Exception
05-27 18:53:41.451 13911 14147 D Sentinelmode_1.2.5.17_sentry: <PicketModeManager>consumeMsg result = 1000
05-27 18:53:41.451 13911 14147 I SVR_MNG_BaseProxy: isBinderActive: clientBinder is null
05-27 18:53:41.451 13911 14147 D SVR_MNG_SvrMngProxy: getServer: mSvrManger is null
05-27 18:53:41.451 13911 14147 D SVR_MNG_SvrMngProxy: getNewStub: 
05-27 18:53:41.452 13911 14147 D SVR_MNG_SvrMngProxy: getNewStub: getSvrManagerService start
05-27 18:53:41.452   581   581 I SpiService: fgesysctrl_getGPIO_status success val=1
05-27 08:44:50.417   581   581 D spi_rst_gpio_get_output: GPIO 145 value: 1
05-27 08:44:50.417   581   581 D spidev_ioctl: gpio status=1)
05-27 18:53:41.454 13911 14147 D SVR_MNG_SvrMngProxy: getNewStub: getSvrManagerService end
05-27 18:53:41.454 13911 14147 D SVR_MNG_SvrMngProxy: getServer: svrMngService doesn't start
05-27 18:53:41.454 13911 14147 D SVR_MNG_SvrMngProxy: getClientBinder: binderName = com.incall.network.NETWORK_SERVICE
05-27 18:53:41.454 13911 14147 I SVR_MNG_BaseProxy: getInterface: mInterface = null
05-27 18:53:41.454 13911 14147 I SVR_MNG_BaseProxy: isBinderActive: clientBinder is null
05-27 18:53:41.454 13911 14147 I SVR_MNG_BaseProxy: isBinderActive: clientBinder is null
05-27 18:53:41.454 13911 14147 D SVR_MNG_SvrMngProxy: getServer: mSvrManger is null
05-27 18:53:41.454 13911 14147 D SVR_MNG_SvrMngProxy: getNewStub: 
05-27 18:53:41.454 13911 14147 D SVR_MNG_SvrMngProxy: getNewStub: getSvrManagerService start
05-27 18:53:41.455 13911 14183 I SentryImuMcuAngleSender: 179.99298rollDeg
05-27 18:53:41.455 13911 14183 I SentryImuMcuAngleSender: 1,0,0
05-27 18:53:41.456 13911 14147 D SVR_MNG_SvrMngProxy: getNewStub: getSvrManagerService end
05-27 18:53:41.456 13911 14147 D SVR_MNG_SvrMngProxy: getServer: svrMngService doesn't start
05-27 18:53:41.456 13911 14147 D SVR_MNG_SvrMngProxy: getClientBinder: binderName = com.incall.network.NETWORK_SERVICE
05-27 18:53:41.456 13911 14147 I SVR_MNG_BaseProxy: getInterface: mInterface = null
05-27 18:53:41.456 13911 14147 I SVR_MNG_BaseProxy: isBinderActive: clientBinder is null
05-27 18:53:41.456 13911 14147 I SVR_MNG_BaseProxy: isBinderActive: clientBinder is null
05-27 18:53:41.456   566 11459 I gps_hdbd: Received: '$GNINS,CARSPEED,ADR_STATUS,0,Pulse_count,0,1,0,0,19683000,110680,0.000,0.000,0.000*0D
'
05-27 18:53:41.456 13911 14147 D SVR_MNG_SvrMngProxy: getServer: mSvrManger is null
05-27 18:53:41.456 13911 14147 D SVR_MNG_SvrMngProxy: getNewStub: 
05-27 18:53:41.457   536   536 D commservice260303: msg.id = 1028,1
05-27 18:53:41.457 13911 14147 D SVR_MNG_SvrMngProxy: getNewStub: getSvrManagerService start
05-27 18:53:41.457   536   536 D commservice260303: i = 170, msgid = 8A000404
05-27 18:53:41.457   536   536 D commservice260303: msgid = -1979710460,did=138
05-27 18:53:41.457   536   536 D commservice260303: CommProtocolLibCmdBaseI2C::dataproc {"command":{"id":"imu_status","sub":""},"content":{"TimeStamp":11,"FrameCounter":259856,"GD_X":-0.011223767884075642,"GD_Y":0.0057257963344454765,"GD_Z":0.0017560218693688512,"AD_X":-7.061958312988281E-4,"AD_Y":-9.934939444065094E-4,"AD_Z":-0.16521072387695312,"TempDsp":0,"Status":0,"CalibState":1,"SigAmpInvalid":0}},-1979710460
05-27 18:53:41.457   536   536 D commservice260303: send2Cluster len:318, 7B22636F6D6D616E64223A7B226964223A22696D755F737461747573222C22737562223A22227D2C22636F6E74656E74223A7B2254696D655374616D70223A31312C224672616D65436F756E746572223A3235393835362C2247445F58223A2D302E3031313232333736373838343037353634322C2247445F59223A302E303035373235373936333334343435343736352C2247445F5A223A302E303031373536303231383639333638383531322C2241445F58223A2D372E303631393538333132393838323831452D342C2241445F59223A2D392E393334393339343434303635303934452D342C2241445F5A223A2D302E31363532313037323338373639353331322C2254656D70447370223A302C22537461747573223A302C2243616C69625374617465223A312C22536967416D70496E76616C6964223A307D7D, 138 
05-27 18:53:41.457   536   536 D commservice260303: Push Message into SendPool fn=1815610368
05-27 18:53:41.457   536   536 D commservice260303: ComProtocolLibSend2Cluster::send2ClusterRaw fn=1815610368 , len=334
05-27 18:53:41.457   536   536 D commservice260303: sendCmdToPort :334!!!
05-27 18:53:41.457   536   536 D commservice260303: send Cmd To Port ++++5AA5014A8A010004386C6A16CD357B22636F6D6D616E64223A7B226964223A22696D755F737461747573222C22737562223A22227D2C22636F6E74656E74223A7B2254696D655374616D70223A31312C224672616D65436F756E746572223A3235393835362C2247445F58223A2D302E3031313232333736373838343037353634322C2247445F59223A302E303035373235373936333334343435343736352C2247445F5A223A302E303031373536303231383639333638383531322C2241445F58223A2D372E303631393538333132393838323831452D342C2241445F59223A2D392E393334393339343434303635303934452D342C2241445F5A223A2D302E31363532313037323338373639353331322C2254656D70447370223A302C22537461747573223A302C2243616C69625374617465223A312C22536967416D70496E76616C6964223A307D7D85EB
05-27 18:53:41.457   536   536 D commservice260303: bufferevent_write retrun value = 0
05-27 18:53:41.458   536   560 D commservice260303: client datas send succeed,send finish
05-27 18:53:41.458   581   581 I SpiService: fgesysctrl_getGPIO_status success val=0
05-27 18:53:41.458 13911 14147 D SVR_MNG_SvrMngProxy: getNewStub: getSvrManagerService end
05-27 18:53:41.458 13911 14147 D SVR_MNG_SvrMngProxy: getServer: svrMngService doesn't start
05-27 18:53:41.458 13911 14147 D SVR_MNG_SvrMngProxy: getClientBinder: binderName = com.incall.network.NETWORK_SERVICE
05-27 18:53:41.458 13911 14147 I SVR_MNG_BaseProxy: getInterface: mInterface = null
05-27 18:53:41.458 13911 14147 I SVR_MNG_BaseProxy: isBinderActive: clientBinder is null
05-27 18:53:41.459 13911 14147 E Sentinelmode_1.2.5.17_sentry: <PicketModeManager>consumeProfileCallBack onError:2817---Remote Service Exception
05-27 18:53:41.459 13911 14147 I Sentinelmode_1.2.5.17_sentry: <SentinelCarServiceManager>[SentryTrace] getBCM_Status: bodyMix unavailable, fallback=2
05-27 18:53:41.459 13911 14147 D Sentinelmode_1.2.5.17_sentry: <PicketModeManager>BCM_Status1:2
05-27 18:53:41.459 13911 14147 I Sentinelmode_1.2.5.17_sentry: <SentinelCarServiceManager>[SentryTrace] getBCM_Status: bodyMix unavailable, fallback=2
05-27 18:53:41.459 13911 14147 I DvrLog_Ser->: (DvrLocalServiceManager.java:setGardModeStatus)1979 setGardModeStatus state = 2
05-27 18:53:41.459  1008 30856 D [OMXB]  : usingANWBuffer: handle:0xee743be0, format:1, w:1920, h:1080
05-27 18:53:41.459 13911 14147 D Sentinelmode_1.2.5.17_sentry: <PicketModeManager>gardMode SettingsObserver onChange  option persist.gard.mode
05-27 18:53:41.459 13911 14147 I Sentinelmode_1.2.5.17_sentry: <PicketModeManager>[SentryTrace] mode_status=2
05-27 18:53:41.459 13911 14147 D SensorManager: unregisterListenerImpl sensor = {Sensor name="ASM330LHH 3-axis Accelerometer Sensor", vendor="STMicroelectronics", version=1, type=1, maxRange=78.4532, resolution=9.35235E-6, power=0.6, minDelay=2000}, listener = com.incall.sentinelmode.manager.PicketModeManager$2@dd928ed
05-27 18:53:41.459 13911 14147 I Sentinelmode_1.2.5.17_sentry: <TlvManager>toCloud_SentryModePerHourMile:12
05-27 18:53:41.460 13911 14147 I Sentinelmode_1.2.5.17_sentry: <TlvManager>toCloud_GuardModeLeftTime:43200
05-27 18:53:41.460 13911 14147 I Sentinelmode_1.2.5.17_sentry: <PicketModeManager>onGradModeStatusChanage: mode_status = 2
05-27 18:53:41.460 13911 14147 D Sentinelmode_1.2.5.17_sentry: <PicketModeManager>noticeSensorWithPowerUp GardMode() = 2
05-27 18:53:41.460 13911 14148 I Sentinelmode_1.2.5.17_sentry: <PicketModeManager>setSentryModeAlarm：9:2
05-27 18:53:41.460 13911 14148 I Sentinelmode_1.2.5.17_sentry: <PicketModeManager>setSentryModeAlarm：12:1
05-27 18:53:41.460   299 30841 D EvsDriver: forwardFrame
05-27 18:53:41.461   299 30844 D EvsDriver: forwardFrame
05-27 18:53:41.461   299 30841 D EvsDriver: Delivered 0xb400007b7ca56a60 as id 0
05-27 18:53:41.461  1167  1167 D evsmanagerd: /dev/video4 forwarded the buffer #0 to 0xb4000074bf5f6850 from 0xb4000074bf5f41d0
05-27 18:53:41.462   299 30844 D EvsDriver: Delivered 0xb400007b7ca56900 as id 0
05-27 18:53:41.462  1167  1167 D evsmanagerd: /dev/video6 forwarded the buffer #0 to 0xb4000074bf5f5510 from 0xb4000074bf5f6d90
05-27 18:53:41.462   566 11459 I gps_hdbd: Received: '$GNTXT,04,01,04,INS,V,1,,,,FLG,1,000000,1,0,1,0,0,Con,0*71
'
05-27 18:53:41.462   566 11459 I gps_hdbd: Received: '$GNTXT,INSTALL,0.00,0.00,0.00,0.00,0.00,0.00,0*20
'
05-27 18:53:41.463 13911 14192 D Sentinelmode_1.2.5.17_sentry: <SentryImuClusterFgeSender>imu_status sent to Linux, frame=259856, tsNs=11088678, tsMs=11, intervalMs=47, ad=(-7.0619583E-4,-9.93494E-4,-0.16521072), gd=(-0.011223768,0.0057257963,0.0017560219)
05-27 08:44:50.423   581   581 D spi_rst_gpio_get_output: GPIO 145 value: 0
05-27 08:44:50.423   581   581 D spidev_ioctl: gpio status=0)
05-27 18:53:41.468 13911 14147 I Sentinelmode_1.2.5.17_sentry: <SentinelCarServiceManager>[SentryTrace] getBmcValue: bodyMix unavailable, fallback=3 (powerUp ok)
05-27 18:53:41.468   299  1163 D EvsDriver: doneWithFrame
05-27 08:44:50.439   581   581 D spi_rst_gpio_get_output: GPIO 145 value: 1
05-27 08:44:50.440   581   581 D spidev_ioctl: gpio status=1)
05-27 18:53:41.468   283   307 I rvcservice: t.code = 3, t.value = 0
05-27 18:53:41.469   299  1153 D EvsDriver: doneWithFrame
05-27 18:53:41.475   581   581 I SpiService: fgesysctrl_getGPIO_status success val=1
05-27 18:53:41.477 13911 14183 I SentryImuMcuAngleSender: 179.99298rollDeg
05-27 18:53:41.477   572   622 I Sensors : 230 AccelSensor: x:-0.171410,y:0.000610,z:-9.977160
05-27 18:53:41.477 13911 14183 I SentryImuMcuAngleSender: 1,0,0
05-27 18:53:41.480 13911 14147 I Sentinelmode_1.2.5.17_sentry: <PicketModeManager>onSettingsPutInt：true name:persist.gard.sum.up.show value:0
05-27 18:53:41.480 13911 14147 D Sentinelmode_1.2.5.17_sentry: <PicketModeManager>shakeLevel2:1
05-27 18:53:41.480 13911 14147 I Sentinelmode_1.2.5.17_sentry: <TlvManager>toCloud_GuardSensitivityLocalChange1
05-27 18:53:41.481   581   581 I SpiService: fgesysctrl_getGPIO_status success val=1
05-27 18:53:41.484  1008 30857 D [OMXB]  : usingANWBuffer: handle:0xee745760, format:1, w:1920, h:1080
05-27 08:44:50.446   581   581 D spi_rst_gpio_get_output: GPIO 145 value: 1
05-27 08:44:50.446   581   581 D spidev_ioctl: gpio status=1)
05-27 18:53:41.486   581   581 I SpiService: fgesysctrl_getGPIO_status success val=1
05-27 08:44:50.451   581   581 D spi_rst_gpio_get_output: GPIO 145 value: 1
05-27 08:44:50.451   581   581 D spidev_ioctl: gpio status=1)
05-27 18:53:41.492   581   581 I SpiService: fgesysctrl_getGPIO_status success val=1
05-27 08:44:50.456   581   581 D spi_rst_gpio_get_output: GPIO 145 value: 1
05-27 08:44:50.456   581   581 D spidev_ioctl: gpio status=1)
05-27 18:53:41.497   536   536 D commservice260303: msg.id = 1028,1
05-27 18:53:41.497   536   536 D commservice260303: i = 170, msgid = 8A000404
05-27 18:53:41.497   536   536 D commservice260303: msgid = -1979710460,did=138
05-27 18:53:41.497   536   536 D commservice260303: CommProtocolLibCmdBaseI2C::dataproc {"command":{"id":"imu_status","sub":""},"content":{"TimeStamp":11,"FrameCounter":259857,"GD_X":-0.011682018637657166,"GD_Y":0.004505007527768612,"GD_Z":0.0026720035821199417,"AD_X":-0.00435522198677063,"AD_Y":-0.002198356669396162,"AD_Z":-0.1719207763671875,"TempDsp":0,"Status":0,"CalibState":1,"SigAmpInvalid":0}},-1979710460
05-27 18:53:41.497   536   536 D commservice260303: send2Cluster len:315, 7B22636F6D6D616E64223A7B226964223A22696D755F737461747573222C22737562223A22227D2C22636F6E74656E74223A7B2254696D655374616D70223A31312C224672616D65436F756E746572223A3235393835372C2247445F58223A2D302E3031313638323031383633373635373136362C2247445F59223A302E3030343530353030373532373736383631322C2247445F5A223A302E303032363732303033353832313139393431372C2241445F58223A2D302E30303433353532323139383637373036332C2241445F59223A2D302E3030323139383335363636393339363136322C2241445F5A223A2D302E313731393230373736333637313837352C2254656D70447370223A302C22537461747573223A302C2243616C69625374617465223A312C22536967416D70496E76616C6964223A307D7D, 138 
05-27 18:53:41.497   581   581 I SpiService: fgesysctrl_getGPIO_status success val=1
05-27 18:53:41.497   536   536 D commservice260303: Push Message into SendPool fn=1832387584
05-27 18:53:41.497   536   536 D commservice260303: ComProtocolLibSend2Cluster::send2ClusterRaw fn=1832387584 , len=331
05-27 18:53:41.497   536   536 D commservice260303: sendCmdToPort :331!!!
05-27 18:53:41.497   536   536 D commservice260303: send Cmd To Port ++++5AA501478A010004386D6A16CD357B22636F6D6D616E64223A7B226964223A22696D755F737461747573222C22737562223A22227D2C22636F6E74656E74223A7B2254696D655374616D70223A31312C224672616D65436F756E746572223A3235393835372C2247445F58223A2D302E3031313638323031383633373635373136362C2247445F59223A302E3030343530353030373532373736383631322C2247445F5A223A302E303032363732303033353832313139393431372C2241445F58223A2D302E30303433353532323139383637373036332C2241445F59223A2D302E3030323139383335363636393339363136322C2241445F5A223A2D302E313731393230373736333637313837352C2254656D70447370223A302C22537461747573223A302C2243616C69625374617465223A312C22536967416D70496E76616C6964223A307D7D8B79
05-27 18:53:41.497   536   536 D commservice260303: bufferevent_write retrun value = 0
05-27 18:53:41.498   536   560 D commservice260303: client datas send succeed,send finish
05-27 18:53:41.498 13911 14192 D Sentinelmode_1.2.5.17_sentry: <SentryImuClusterFgeSender>imu_status sent to Linux, frame=259857, tsNs=11088743, tsMs=11, intervalMs=35, ad=(-0.004355222,-0.0021983567,-0.17192078), gd=(-0.011682019,0.0045050075,0.0026720036)
05-27 18:53:41.498 13911 14183 I SentryImuMcuAngleSender: 180.0rollDeg
05-27 18:53:41.498 13911 14183 I SentryImuMcuAngleSender: 1,0,0
05-27 18:53:41.498   299 30844 D EvsDriver: forwardFrame
05-27 18:53:41.498   299 30841 D EvsDriver: forwardFrame
05-27 18:53:41.499   299 30844 D EvsDriver: Delivered 0xb400007b7ca56900 as id 0
05-27 18:53:41.499   299 30841 D EvsDriver: Delivered 0xb400007b7ca56a60 as id 0
05-27 18:53:41.500  1167  1479 D evsmanagerd: /dev/video4 forwarded the buffer #0 to 0xb4000074bf5f6850 from 0xb4000074bf5f41d0
05-27 18:53:41.500  1167  1167 D evsmanagerd: /dev/video6 forwarded the buffer #0 to 0xb4000074bf5f5510 from 0xb4000074bf5f6d90
05-27 08:44:50.462   581   581 D spi_rst_gpio_get_output: GPIO 145 value: 1
05-27 08:44:50.462   581   581 D spidev_ioctl: gpio status=1)
05-27 18:53:41.502   299  1153 D EvsDriver: doneWithFrame
05-27 08:44:50.467   581   581 D spi_rst_gpio_get_output: GPIO 145 value: 0
05-27 08:44:50.467   581   581 D spidev_ioctl: gpio status=0)
05-27 18:53:41.502   299  1153 D EvsDriver: doneWithFrame
05-27 18:53:41.503 17284 17338 D VersionPrinter: com.aispeech.lyra.assistant- VersionName:[8.0.1_260521.1.yadi_HuoXing] - append:[] - active:[]
05-27 18:53:41.503   581   581 I SpiService: fgesysctrl_getGPIO_status success val=0
05-27 18:53:41.504 30773 30786 I dvr_service_: CameraX 0  audioOK: 91087156,audios:1370
05-27 18:53:41.504 30773 30786 I dvr_service_: CameraX 1  audioOK: 91087156,audios:1370
05-27 18:53:41.519 13911 14183 I SentryImuMcuAngleSender: 180.0rollDeg
05-27 18:53:41.519 13911 14183 I SentryImuMcuAngleSender: 1,0,0
05-27 18:53:41.519   581   581 I SpiService: fgesysctrl_getGPIO_status success val=1
05-27 18:53:41.519 13911 14147 I SVR_MNG_BaseProxy: isBinderActive: clientBinder is null
05-27 18:53:41.519 13911 14147 D SVR_MNG_SvrMngProxy: getServer: mSvrManger is null
05-27 18:53:41.519 13911 14147 D SVR_MNG_SvrMngProxy: getNewStub: 
05-27 18:53:41.519 13911 14147 D SVR_MNG_SvrMngProxy: getNewStub: getSvrManagerService start
05-27 18:53:41.520 13911 14147 D SVR_MNG_SvrMngProxy: getNewStub: getSvrManagerService end
05-27 18:53:41.520 13911 14147 D SVR_MNG_SvrMngProxy: getServer: svrMngService doesn't start
05-27 18:53:41.520 13911 14147 D SVR_MNG_SvrMngProxy: getClientBinder: binderName = com.incall.network.NETWORK_SERVICE
05-27 18:53:41.521 13911 14147 I SVR_MNG_BaseProxy: getInterface: mInterface = null
05-27 18:53:41.521 13911 14147 I SVR_MNG_BaseProxy: isBinderActive: clientBinder is null
05-27 18:53:41.521 13911 14147 I SVR_MNG_BaseProxy: isBinderActive: clientBinder is null
05-27 18:53:41.521 13911 14147 D SVR_MNG_SvrMngProxy: getServer: mSvrManger is null
05-27 18:53:41.521 13911 14147 D SVR_MNG_SvrMngProxy: getNewStub: 
05-27 18:53:41.521 13911 14147 D SVR_MNG_SvrMngProxy: getNewStub: getSvrManagerService start
05-27 08:44:50.483   581   581 D spi_rst_gpio_get_output: GPIO 145 value: 1
05-27 08:44:50.483   581   581 D spidev_ioctl: gpio status=1)
05-27 18:53:41.521 13911 14147 D SVR_MNG_SvrMngProxy: getNewStub: getSvrManagerService end
05-27 18:53:41.521 13911 14147 D SVR_MNG_SvrMngProxy: getServer: svrMngService doesn't start
05-27 18:53:41.521 13911 14147 D SVR_MNG_SvrMngProxy: getClientBinder: binderName = com.incall.network.NETWORK_SERVICE
05-27 18:53:41.521 13911 14147 I SVR_MNG_BaseProxy: getInterface: mInterface = null
05-27 18:53:41.522 13911 14147 I SVR_MNG_BaseProxy: isBinderActive: clientBinder is null
05-27 18:53:41.522 13911 14147 I PicketModeManager: getProfileDetail: ["{\"name\":\"sentryModeSwitchSts\",\"value\":2,\"timeStamp\":\"1670000000000\"}","{\"name\":\"SentryModeSensitivity\",\"value\":-1,\"timeStamp\":\"1779879221480\"}"]
05-27 18:53:41.522 13911 14147 D Sentinelmode_1.2.5.17_sentry: <PicketModeManager>queryGuardInfo = {access_token=null, lastSyncTimeStramp=1779879221480, profileDetail=["{\"name\":\"sentryModeSwitchSts\",\"value\":2,\"timeStamp\":\"1670000000000\"}","{\"name\":\"SentryModeSensitivity\",\"value\":-1,\"timeStamp\":\"1779879221480\"}"], sign=sign, nonce=kbJ76lsezG}
05-27 18:53:41.522 13911 14147 I SVR_MNG_BaseProxy: isBinderActive: clientBinder is null
05-27 18:53:41.522 13911 14147 D SVR_MNG_SvrMngProxy: getServer: mSvrManger is null
05-27 18:53:41.522 13911 14147 D SVR_MNG_SvrMngProxy: getNewStub: 
05-27 18:53:41.522 13911 14147 D SVR_MNG_SvrMngProxy: getNewStub: getSvrManagerService start
05-27 18:53:41.522 13911 14147 D SVR_MNG_SvrMngProxy: getNewStub: getSvrManagerService end
05-27 18:53:41.522 13911 14147 D SVR_MNG_SvrMngProxy: getServer: svrMngService doesn't start
05-27 18:53:41.522 13911 14147 D SVR_MNG_SvrMngProxy: getClientBinder: binderName = com.incall.network.NETWORK_SERVICE
05-27 18:53:41.522 13911 14147 I SVR_MNG_BaseProxy: getInterface: mInterface = null
05-27 18:53:41.522 13911 14147 I SVR_MNG_BaseProxy: isBinderActive: clientBinder is null
05-27 18:53:41.522 13911 14147 E Sentinelmode_1.2.5.17_sentry: <PicketModeManager>updateProfileCallBack onError:2817---Remote Service Exception
05-27 18:53:41.523 13911 14147 D Sentinelmode_1.2.5.17_sentry: <PicketModeManager>consumeMsg result = 1000
05-27 18:53:41.523 13911 14147 I SVR_MNG_BaseProxy: isBinderActive: clientBinder is null
05-27 18:53:41.523 13911 14147 D SVR_MNG_SvrMngProxy: getServer: mSvrManger is null
05-27 18:53:41.523 13911 14147 D SVR_MNG_SvrMngProxy: getNewStub: 
05-27 18:53:41.523 13911 14147 D SVR_MNG_SvrMngProxy: getNewStub: getSvrManagerService start
05-27 18:53:41.523 13911 14147 D SVR_MNG_SvrMngProxy: getNewStub: getSvrManagerService end
05-27 18:53:41.523 13911 14147 D SVR_MNG_SvrMngProxy: getServer: svrMngService doesn't start
05-27 18:53:41.523 13911 14147 D SVR_MNG_SvrMngProxy: getClientBinder: binderName = com.incall.network.NETWORK_SERVICE
05-27 18:53:41.523 13911 14147 I SVR_MNG_BaseProxy: getInterface: mInterface = null
05-27 18:53:41.523 13911 14147 I SVR_MNG_BaseProxy: isBinderActive: clientBinder is null
05-27 18:53:41.523 13911 14147 I SVR_MNG_BaseProxy: isBinderActive: clientBinder is null
05-27 18:53:41.523 13911 14147 D SVR_MNG_SvrMngProxy: getServer: mSvrManger is null
05-27 18:53:41.523 13911 14147 D SVR_MNG_SvrMngProxy: getNewStub: 
05-27 18:53:41.523 13911 14147 D SVR_MNG_SvrMngProxy: getNewStub: getSvrManagerService start
05-27 18:53:41.523 13911 14147 D SVR_MNG_SvrMngProxy: getNewStub: getSvrManagerService end
05-27 18:53:41.524 13911 14147 D SVR_MNG_SvrMngProxy: getServer: svrMngService doesn't start
05-27 18:53:41.524 13911 14147 D SVR_MNG_SvrMngProxy: getClientBinder: binderName = com.incall.network.NETWORK_SERVICE
05-27 18:53:41.524 13911 14147 I SVR_MNG_BaseProxy: getInterface: mInterface = null
05-27 18:53:41.524 13911 14147 I SVR_MNG_BaseProxy: isBinderActive: clientBinder is null
05-27 18:53:41.524 13911 14147 I SVR_MNG_BaseProxy: isBinderActive: clientBinder is null
05-27 18:53:41.524 13911 14147 D SVR_MNG_SvrMngProxy: getServer: mSvrManger is null
05-27 18:53:41.524 13911 14147 D SVR_MNG_SvrMngProxy: getNewStub: 
05-27 18:53:41.524 13911 14147 D SVR_MNG_SvrMngProxy: getNewStub: getSvrManagerService start
05-27 18:53:41.524 13911 14147 D SVR_MNG_SvrMngProxy: getNewStub: getSvrManagerService end
05-27 18:53:41.524 13911 14147 D SVR_MNG_SvrMngProxy: getServer: svrMngService doesn't start
05-27 18:53:41.524 13911 14147 D SVR_MNG_SvrMngProxy: getClientBinder: binderName = com.incall.network.NETWORK_SERVICE
05-27 18:53:41.524 13911 14147 I SVR_MNG_BaseProxy: getInterface: mInterface = null
05-27 18:53:41.524 13911 14147 I SVR_MNG_BaseProxy: isBinderActive: clientBinder is null
05-27 18:53:41.524 13911 14147 E Sentinelmode_1.2.5.17_sentry: <PicketModeManager>consumeProfileCallBack onError:2817---Remote Service Exception
05-27 18:53:41.524 13911 14147 I Sentinelmode_1.2.5.17_sentry: <SentinelCarServiceManager>[SentryTrace] getBCM_Status: bodyMix unavailable, fallback=2
05-27 18:53:41.524 13911 14147 D Sentinelmode_1.2.5.17_sentry: <PicketModeManager>BCM_Status1:2
05-27 18:53:41.524 13911 14147 I Sentinelmode_1.2.5.17_sentry: <SentinelCarServiceManager>[SentryTrace] getBCM_Status: bodyMix unavailable, fallback=2
05-27 08:44:50.489   581   581 D spi_rst_gpio_get_output: GPIO 145 value: 1
05-27 08:44:50.489   581   581 D spidev_ioctl: gpio status=1)
05-27 18:53:41.524 13911 14147 I DvrLog_Ser->: (DvrLocalServiceManager.java:setGardModeStatus)1979 setGardModeStatus state = 2
05-27 18:53:41.525 13911 14147 D Sentinelmode_1.2.5.17_sentry: <PicketModeManager>gardMode SettingsObserver onChange  option persist.gard.mode
05-27 18:53:41.525 13911 14147 I Sentinelmode_1.2.5.17_sentry: <PicketModeManager>[SentryTrace] mode_status=2
05-27 18:53:41.525   581   581 I SpiService: fgesysctrl_getGPIO_status success val=1
05-27 18:53:41.525 13911 14147 D SensorManager: unregisterListenerImpl sensor = {Sensor name="ASM330LHH 3-axis Accelerometer Sensor", vendor="STMicroelectronics", version=1, type=1, maxRange=78.4532, resolution=9.35235E-6, power=0.6, minDelay=2000}, listener = com.incall.sentinelmode.manager.PicketModeManager$2@dd928ed
05-27 18:53:41.525 13911 14147 I Sentinelmode_1.2.5.17_sentry: <TlvManager>toCloud_SentryModePerHourMile:12
05-27 18:53:41.525 13911 14147 I Sentinelmode_1.2.5.17_sentry: <TlvManager>toCloud_GuardModeLeftTime:43200
05-27 18:53:41.525 13911 14147 I Sentinelmode_1.2.5.17_sentry: <PicketModeManager>onGradModeStatusChanage: mode_status = 2
05-27 18:53:41.525   299 30841 D EvsDriver: forwardFrame
05-27 18:53:41.525 13911 14148 I Sentinelmode_1.2.5.17_sentry: <PicketModeManager>setSentryModeAlarm：9:2
05-27 18:53:41.525 13911 14148 I Sentinelmode_1.2.5.17_sentry: <PicketModeManager>setSentryModeAlarm：12:1
05-27 18:53:41.525 13911 14147 D Sentinelmode_1.2.5.17_sentry: <PicketModeManager>noticeSensorWithPowerUp GardMode() = 2
05-27 18:53:41.525 13911 14147 I Sentinelmode_1.2.5.17_sentry: <SentinelCarServiceManager>[SentryTrace] getBmcValue: bodyMix unavailable, fallback=3 (powerUp ok)
05-27 18:53:41.526   299 30841 D EvsDriver: Delivered 0xb400007b7ca56a60 as id 0
05-27 18:53:41.526  1167  1479 D evsmanagerd: /dev/video4 forwarded the buffer #0 to 0xb4000074bf5f6850 from 0xb4000074bf5f41d0
05-27 18:53:41.527 13911 14147 I Sentinelmode_1.2.5.17_sentry: <PicketModeManager>onSettingsPutInt：true name:persist.gard.sum.up.show value:0
05-27 18:53:41.527 13911 14147 D Sentinelmode_1.2.5.17_sentry: <PicketModeManager>shakeLevel2:1
05-27 18:53:41.527 13911 14147 I Sentinelmode_1.2.5.17_sentry: <TlvManager>toCloud_GuardSensitivityLocalChange1
05-27 18:53:41.528   299  1153 D EvsDriver: doneWithFrame
05-27 18:53:41.529  1008 30856 D [OMXB]  : usingANWBuffer: handle:0xee742530, format:1, w:1920, h:1080
05-27 18:53:41.531   581   581 I SpiService: fgesysctrl_getGPIO_status success val=1
05-27 08:44:50.495   581   581 D spi_rst_gpio_get_output: GPIO 145 value: 1
05-27 08:44:50.495   581   581 D spidev_ioctl: gpio status=1)
05-27 08:44:50.498     1     1 I init    : starting service 'trace_resource'...
05-27 08:44:50.503   581   581 D spi_rst_gpio_get_output: GPIO 145 value: 1
05-27 08:44:50.503   581   581 D spidev_ioctl: gpio status=1)
05-27 18:53:41.534   299 30844 D EvsDriver: forwardFrame
05-27 18:53:41.538   581   581 I SpiService: fgesysctrl_getGPIO_status success val=1
05-27 18:53:41.540 13911 14183 I SentryImuMcuAngleSender: 179.98248rollDeg
05-27 18:53:41.540 13911 14183 I SentryImuMcuAngleSender: 1,0,0
05-27 18:53:41.542   299 30844 D EvsDriver: Delivered 0xb400007b7ca56900 as id 0
05-27 18:53:41.542  1167  1479 D evsmanagerd: /dev/video6 forwarded the buffer #0 to 0xb4000074bf5f5510 from 0xb4000074bf5f6d90
05-27 18:53:41.545   581   581 I SpiService: fgesysctrl_getGPIO_status success val=1
05-27 18:53:41.545   536   536 D commservice260303: msg.id = 1028,0
05-27 18:53:41.546   536   536 D commservice260303: i = 170, msgid = 8A000404
05-27 18:53:41.546   536   536 D commservice260303: msgid = -1979710460,did=138
05-27 18:53:41.546   536   536 D commservice260303: CommProtocolLibCmdBaseI2C::dataproc {"command":{"id":"imu_status","sub":""},"content":{"TimeStamp":11,"FrameCounter":259858,"GD_X":-0.01091896090656519,"GD_Y":0.004809814505279064,"GD_Z":0.0020608289632946253,"AD_X":-0.001913800835609436,"AD_Y":8.5616041906178E-4,"AD_Z":-0.1676502227783203,"TempDsp":0,"Status":0,"CalibState":1,"SigAmpInvalid":0}},-1979710460
05-27 18:53:41.546   299  1153 D EvsDriver: doneWithFrame
05-27 18:53:41.546   536   536 D commservice260303: send2Cluster len:312, 7B22636F6D6D616E64223A7B226964223A22696D755F737461747573222C22737562223A22227D2C22636F6E74656E74223A7B2254696D655374616D70223A31312C224672616D65436F756E746572223A3235393835382C2247445F58223A2D302E30313039313839363039303635363531392C2247445F59223A302E3030343830393831343530353237393036342C2247445F5A223A302E303032303630383238393633323934363235332C2241445F58223A2D302E3030313931333830303833353630393433362C2241445F59223A382E35363136303431393036313738452D342C2241445F5A223A2D302E313637363530323232373738333230332C2254656D70447370223A302C22537461747573223A302C2243616C69625374617465223A312C22536967416D70496E76616C6964223A307D7D, 138 
