05-27 18:53:43.487  1083  1083 W MyAppLog: [2026-05-27 18:53:43.485 W tboxap mcuParamDataRevPack:918] [Mcu] mcuParamDataRevPack start pack data!!!
05-27 18:53:43.487  1083  1083 W MyAppLog: [2026-05-27 18:53:43.485 W tboxap mcuHandlePowerReqInd:1739] [Mcu] [mcuHandlePowerReqInd] recv 0x0902 power req type:0x12
05-27 18:53:43.488   299 30844 D EvsDriver: Delivered 0xb400007b7ca56900 as id 0
05-27 18:53:43.488  1167  1167 D evsmanagerd: /dev/video6 forwarded the buffer #0 to 0xb4000074bf5f5510 from 0xb4000074bf5f6d90
05-27 08:44:52.452   581   581 D spi_rst_gpio_get_output: GPIO 145 value: 1
05-27 08:44:52.452   581   581 D spidev_ioctl: gpio status=1)
05-27 18:53:43.491  1008 30857 D [OMXB]  : usingANWBuffer: handle:0xee7433a0, format:1, w:1920, h:1080
05-27 18:53:43.492   299 30841 D EvsDriver: forwardFrame
05-27 18:53:43.492   299  1163 D EvsDriver: doneWithFrame
05-27 18:53:43.493   581   581 I SpiService: fgesysctrl_getGPIO_status success val=1
05-27 08:44:52.457   581   581 D spi_rst_gpio_get_output: GPIO 145 value: 1
05-27 08:44:52.457   581   581 D spidev_ioctl: gpio status=1)
05-27 18:53:43.494   536   536 D commservice260303: msg.id = 1028,1
05-27 18:53:43.494   536   536 D commservice260303: i = 170, msgid = 8A000404
05-27 18:53:43.494   536   536 D commservice260303: msgid = -1979710460,did=138
05-27 18:53:43.494   536   536 D commservice260303: CommProtocolLibCmdBaseI2C::dataproc {"command":{"id":"imu_status","sub":""},"content":{"TimeStamp":11,"FrameCounter":259906,"GD_X":-0.011070843786001205,"GD_Y":0.005268065724521875,"GD_Z":0.0023671966046094894,"AD_X":6.097704172134399E-4,"AD_Y":0.00399351678788662,"AD_Z":-0.1707010269165039,"TempDsp":0,"Status":0,"CalibState":1,"SigAmpInvalid":0}},-1979710460
05-27 18:53:43.494   536   536 D commservice260303: send2Cluster len:313, 7B22636F6D6D616E64223A7B226964223A22696D755F737461747573222C22737562223A22227D2C22636F6E74656E74223A7B2254696D655374616D70223A31312C224672616D65436F756E746572223A3235393930362C2247445F58223A2D302E3031313037303834333738363030313230352C2247445F59223A302E3030353236383036353732343532313837352C2247445F5A223A302E303032333637313936363034363039343839342C2241445F58223A362E303937373034313732313334333939452D342C2241445F59223A302E30303339393335313637383738383636322C2241445F5A223A2D302E313730373031303236393136353033392C2254656D70447370223A302C22537461747573223A302C2243616C69625374617465223A312C22536967416D70496E76616C6964223A307D7D, 138 
05-27 18:53:43.494   536   536 D commservice260303: Push Message into SendPool fn=-1623718912
05-27 18:53:43.495   536   536 D commservice260303: ComProtocolLibSend2Cluster::send2ClusterRaw fn=-1623718912 , len=329
05-27 18:53:43.495   536   536 D commservice260303: sendCmdToPort :329!!!
05-27 18:53:43.495   536   536 D commservice260303: send Cmd To Port ++++5AA501458A010004389F6A16CD377B22636F6D6D616E64223A7B226964223A22696D755F737461747573222C22737562223A22227D2C22636F6E74656E74223A7B2254696D655374616D70223A31312C224672616D65436F756E746572223A3235393930362C2247445F58223A2D302E3031313037303834333738363030313230352C2247445F59223A302E3030353236383036353732343532313837352C2247445F5A223A302E303032333637313936363034363039343839342C2241445F58223A362E303937373034313732313334333939452D342C2241445F59223A302E30303339393335313637383738383636322C2241445F5A223A2D302E313730373031303236393136353033392C2254656D70447370223A302C22537461747573223A302C2243616C69625374617465223A312C22536967416D70496E76616C6964223A307D7DAB52
05-27 18:53:43.495   536   536 D commservice260303: bufferevent_write retrun value = 0
05-27 18:53:43.495   536   560 D commservice260303: client datas send succeed,send finish
05-27 18:53:43.496 13911 14192 D Sentinelmode_1.2.5.17_sentry: <SentryImuClusterFgeSender>imu_status sent to Linux, frame=259906, tsNs=11090726, tsMs=11, intervalMs=47, ad=(6.097704E-4,0.003993517,-0.17070103), gd=(-0.011070844,0.0052680657,0.0023671966)
05-27 18:53:43.499   581   581 I SpiService: fgesysctrl_getGPIO_status success val=1
05-27 18:53:43.500 13911 14183 I SentryImuMcuAngleSender: 179.97548rollDeg
05-27 18:53:43.500 13911 14183 I SentryImuMcuAngleSender: 1,0,0
05-27 08:44:52.464   581   581 D spi_rst_gpio_get_output: GPIO 145 value: 1
05-27 08:44:52.464   581   581 D spidev_ioctl: gpio status=1)
05-27 18:53:43.504  1167  1167 D evsmanagerd: /dev/video4 forwarded the buffer #0 to 0xb4000074bf5f6850 from 0xb4000074bf5f41d0
05-27 18:53:43.504   299 30841 D EvsDriver: Delivered 0xb400007b7ca56a60 as id 0
05-27 18:53:43.505   581   581 I SpiService: fgesysctrl_getGPIO_status success val=1
05-27 18:53:43.506   299  1163 D EvsDriver: doneWithFrame
05-27 08:44:52.470   581   581 D spi_rst_gpio_get_output: GPIO 145 value: 1
05-27 08:44:52.470   581   581 D spidev_ioctl: gpio status=1)
05-27 18:53:43.510  1008 30856 D [OMXB]  : usingANWBuffer: handle:0xee740590, format:1, w:1920, h:1080
05-27 18:53:43.511   581   581 I SpiService: fgesysctrl_getGPIO_status success val=0
05-27 18:53:43.511 30773 30789 I dvr_service_: Camera 0: MediaOK:92965570, frames:2120, isKeyFrame:0,pts:11090418733
05-27 18:53:43.511   481   597 I mcuc    : send SPI:6AA602DF6200028900326AA602DF630002890031
05-27 08:44:52.475   581   581 D spi_rst_gpio_get_output: GPIO 145 value: 0
05-27 08:44:52.475   581   581 D spidev_ioctl: gpio status=0)
05-27 18:53:43.520 13911 14183 I SentryImuMcuAngleSender: 179.986rollDeg
05-27 18:53:43.520 13911 14183 I SentryImuMcuAngleSender: 1,0,0
05-27 08:44:52.489   581   581 D spi_rst_gpio_get_output: GPIO 145 value: 1
05-27 08:44:52.489   581   581 D spidev_ioctl: gpio status=1)
05-27 18:53:43.525  1008 30857 D [OMXB]  : usingANWBuffer: handle:0xee743be0, format:1, w:1920, h:1080
05-27 18:53:43.526   299 30844 D EvsDriver: forwardFrame
05-27 18:53:43.527   299 30841 D EvsDriver: forwardFrame
05-27 18:53:43.527   299 30844 D EvsDriver: Delivered 0xb400007b7ca56900 as id 0
05-27 18:53:43.527  1167  1167 D evsmanagerd: /dev/video6 forwarded the buffer #0 to 0xb4000074bf5f5510 from 0xb4000074bf5f6d90
05-27 18:53:43.528   536   536 D commservice260303: msg.id = 1028,1
05-27 18:53:43.528   536   536 D commservice260303: i = 170, msgid = 8A000404
05-27 18:53:43.528   536   536 D commservice260303: msgid = -1979710460,did=138
05-27 18:53:43.528   536   536 D commservice260303: CommProtocolLibCmdBaseI2C::dataproc {"command":{"id":"imu_status","sub":""},"content":{"TimeStamp":11,"FrameCounter":259907,"GD_X":-0.01030778605490923,"GD_Y":0.006261029280722141,"GD_Z":0.0022902146447449923,"AD_X":-2.4318695068359375E-5,"AD_Y":-2.8363580349832773E-4,"AD_Z":-0.1707010269165039,"TempDsp":0,"Status":0,"CalibState":1,"SigAmpInvalid":0}},-1979710460
05-27 18:53:43.528   536   536 D commservice260303: send2Cluster len:317, 7B22636F6D6D616E64223A7B226964223A22696D755F737461747573222C22737562223A22227D2C22636F6E74656E74223A7B2254696D655374616D70223A31312C224672616D65436F756E746572223A3235393930372C2247445F58223A2D302E30313033303737383630353439303932332C2247445F59223A302E3030363236313032393238303732323134312C2247445F5A223A302E303032323930323134363434373434393932332C2241445F58223A2D322E34333138363935303638333539333735452D352C2241445F59223A2D322E38333633353830333439383332373733452D342C2241445F5A223A2D302E313730373031303236393136353033392C2254656D70447370223A302C22537461747573223A302C2243616C69625374617465223A312C22536967416D70496E76616C6964223A307D7D, 138 
05-27 18:53:43.528   536   536 D commservice260303: Push Message into SendPool fn=-1606941696
05-27 18:53:43.528   536   536 D commservice260303: ComProtocolLibSend2Cluster::send2ClusterRaw fn=-1606941696 , len=333
05-27 18:53:43.528   536   536 D commservice260303: sendCmdToPort :333!!!
05-27 18:53:43.528   536   536 D commservice260303: send Cmd To Port ++++5AA501498A01000438A06A16CD377B22636F6D6D616E64223A7B226964223A22696D755F737461747573222C22737562223A22227D2C22636F6E74656E74223A7B2254696D655374616D70223A31312C224672616D65436F756E746572223A3235393930372C2247445F58223A2D302E30313033303737383630353439303932332C2247445F59223A302E3030363236313032393238303732323134312C2247445F5A223A302E303032323930323134363434373434393932332C2241445F58223A2D322E34333138363935303638333539333735452D352C2241445F59223A2D322E38333633353830333439383332373733452D342C2241445F5A223A2D302E313730373031303236393136353033392C2254656D70447370223A302C22537461747573223A302C2243616C69625374617465223A312C22536967416D70496E76616C6964223A307D7DB616
05-27 18:53:43.528   536   536 D commservice260303: bufferevent_write retrun value = 0
05-27 18:53:43.528   536   560 D commservice260303: client datas send succeed,send finish
05-27 18:53:43.529 13911 14192 D Sentinelmode_1.2.5.17_sentry: <SentryImuClusterFgeSender>imu_status sent to Linux, frame=259907, tsNs=11090775, tsMs=11, intervalMs=33, ad=(-2.4318695E-5,-2.836358E-4,-0.17070103), gd=(-0.010307786,0.0062610293,0.0022902146)
05-27 18:53:43.529   299 30841 D EvsDriver: Delivered 0xb400007b7ca56a60 as id 0
05-27 18:53:43.530  1167  1167 D evsmanagerd: /dev/video4 forwarded the buffer #0 to 0xb4000074bf5f6850 from 0xb4000074bf5f41d0
05-27 18:53:43.530   299  1163 D EvsDriver: doneWithFrame
05-27 18:53:43.530   581   581 I SpiService: fgesysctrl_getGPIO_status success val=1
05-27 18:53:43.531   299  1163 D EvsDriver: doneWithFrame
05-27 08:44:52.495   581   581 D spi_rst_gpio_get_output: GPIO 145 value: 1
05-27 08:44:52.495   581   581 D spidev_ioctl: gpio status=1)
05-27 18:53:43.533   351   515 W automotive.vehicle@2.0-adayo-func-bcm: BCMFunc sendMessageFromClient_l sendMessage prop: 0x11500f31 not in table
05-27 18:53:43.536   581   581 I SpiService: fgesysctrl_getGPIO_status success val=1
05-27 08:44:52.501   581   581 D spi_rst_gpio_get_output: GPIO 145 value: 1
05-27 08:44:52.501   581   581 D spidev_ioctl: gpio status=1)
05-27 18:53:43.540 13911 14183 I SentryImuMcuAngleSender: 179.98949rollDeg
05-27 18:53:43.540 13911 14183 I SentryImuMcuAngleSender: 1,0,0
05-27 18:53:43.542   581   581 I SpiService: fgesysctrl_getGPIO_status success val=1
05-27 08:44:52.506   581   581 D spi_rst_gpio_get_output: GPIO 145 value: 1
05-27 08:44:52.506   581   581 D spidev_ioctl: gpio status=1)
05-27 18:53:43.547   581   581 I SpiService: fgesysctrl_getGPIO_status success val=1
05-27 08:44:52.512   581   581 D spi_rst_gpio_get_output: GPIO 145 value: 1
05-27 08:44:52.512   581   581 D spidev_ioctl: gpio status=1)
05-27 18:53:43.549 15863 16024 D AIN-ExternalMapLocation: MSG_LOCATE
05-27 18:53:43.550 15863 16024 D AIN-CustomMapProxy: sendMsgToCustomMap hascallback : true
05-27 18:53:43.550 15863 16024 D AIN-ServiceHub: getService with: name = service_multi_dhu_control
05-27 18:53:43.550 15863 16024 D AIN-NaviThirdPartyAccessor: hasCallback : true
05-27 18:53:43.550 15863 16024 D AIN-NaviThirdPartyAccessor: sendMsgToCustomMap msg : {"needResponse":true,"protocolFrom":"com.aispeech.lyra.daemon","protocolId":14012,"protocolVersion":"v1","requestCode":"300b0107-fdee-48ec-861d-009cd4153568"}
05-27 18:53:43.550   299 30844 D EvsDriver: forwardFrame
05-27 18:53:43.551  1008 30856 D [OMXB]  : usingANWBuffer: handle:0xee7440b0, format:1, w:1920, h:1080
05-27 18:53:43.552   299 30844 D EvsDriver: Delivered 0xb400007b7ca56900 as id 0
05-27 18:53:43.552  1167  1167 D evsmanagerd: /dev/video6 forwarded the buffer #0 to 0xb4000074bf5f5510 from 0xb4000074bf5f6d90
05-27 08:44:52.518   581   581 D spi_rst_gpio_get_output: GPIO 145 value: 0
05-27 08:44:52.518   581   581 D spidev_ioctl: gpio status=0)
05-27 18:53:43.552 17284 17302 D AIN-AiNaviManager: speech send msg to navi : {"needResponse":true,"protocolFrom":"com.aispeech.lyra.daemon","protocolId":14012,"protocolVersion":"v1","requestCode":"300b0107-fdee-48ec-861d-009cd4153568"}
05-27 18:53:43.553 17284 17302 I AIN-MapAccessLayer: onMessage_with: protocolMsg = [{"needResponse":true,"protocolFrom":"com.aispeech.lyra.daemon","protocolId":14012,"protocolVersion":"v1","requestCode":"300b0107-fdee-48ec-861d-009cd4153568"}]
05-27 18:53:43.553   581   581 I SpiService: fgesysctrl_getGPIO_status success val=0
05-27 18:53:43.554 17284 17344 D AIN-MapAccessLayer: 请求定位 14012
05-27 18:53:43.554   299 30841 D EvsDriver: forwardFrame
05-27 18:53:43.554 15863 16024 D AIN-NaviThirdPartyAccessor: callback[navi_com.aispeech.lyra.assistant] is invoked
05-27 18:53:43.554 15863 16024 I AIN-CustomMapProxy: requestCurLocation，requestLocationCount=2103 callTag=toLocate
05-27 18:53:43.558   536  2579 D commservice260303: send heart beat package to Cluster
05-27 18:53:43.559   536  2579 D commservice260303: send2Cluster len:40, 7B22636F6D6D616E64223A7B226964223A22686561727462656174222C22737562223A22227D7D0A, 129 
05-27 18:53:43.559   536  2579 D commservice260303: Push Message into SendPool fn=-1590164480
05-27 18:53:43.559   536  2579 D commservice260303: ComProtocolLibSend2Cluster::send2ClusterRaw fn=-1590164480 , len=56
05-27 18:53:43.559   536  2579 D commservice260303: sendCmdToPort :56!!!
05-27 18:53:43.559   536  2579 D commservice260303: send Cmd To Port ++++5AA500348101000438A16A16CD377B22636F6D6D616E64223A7B226964223A22686561727462656174222C22737562223A22227D7D0AE9D4
05-27 18:53:43.559   536  2579 D commservice260303: bufferevent_write retrun value = 0
05-27 18:53:43.559   536   560 D commservice260303: client datas send succeed,send finish
05-27 18:53:43.560  1167  1479 D evsmanagerd: /dev/video4 forwarded the buffer #0 to 0xb4000074bf5f6850 from 0xb4000074bf5f41d0
05-27 18:53:43.560   299  1163 D EvsDriver: doneWithFrame
05-27 18:53:43.560   299 30841 D EvsDriver: Delivered 0xb400007b7ca56a60 as id 0
05-27 18:53:43.561 13911 14183 I SentryImuMcuAngleSender: 179.993rollDeg
05-27 18:53:43.562 13911 14183 I SentryImuMcuAngleSender: 1,0,0
05-27 18:53:43.567   299  1163 D EvsDriver: doneWithFrame
05-27 18:53:43.567   536   560 D commservice260303: recv len:91, 5AA500570100000040ED6A16CD377B22636F6D6D616E64223A7B226964223A22686561727462656174222C22737562223A22227D2C22726573706F6E65223A7B22636F6465223A302C226D657373616765223A226F6B227D7D67B7 from server
05-27 18:53:43.567   536  2578 D commservice260303: mcuDataAnalyzeHandle templen:91,len:91,pos:0, 5AA500570100000040ED6A16CD377B22636F6D6D616E64223A7B226964223A22686561727462656174222C22737562223A22227D2C22726573706F6E65223A7B22636F6465223A302C226D657373616765223A226F6B227D7D67B7 
05-27 18:53:43.567   536  2578 I commservice260303: checksumCal = 26551
05-27 18:53:43.567   536  2578 D commservice260303: Protocol_C2I_Commservice::dataproc {"command":{"id":"heartbeat","sub":""},"respone":{"code":0,"message":"ok"}},1
05-27 18:53:43.567   536  2578 D commservice260303: Protocol_C2I_Commservice::dataproc Receive a heartbeat command from Cluster, setTcpHeartbeat = EID_UID_HEARTBEAT
05-27 18:53:43.569   536   536 D commservice260303: msg.id = 1028,0
05-27 18:53:43.569   536   536 D commservice260303: i = 170, msgid = 8A000404
05-27 18:53:43.569   536   536 D commservice260303: msgid = -1979710460,did=138
05-27 18:53:43.569   536   536 D commservice260303: CommProtocolLibCmdBaseI2C::dataproc {"command":{"id":"imu_status","sub":""},"content":{"TimeStamp":11,"FrameCounter":259908,"GD_X":-0.010994902811944485,"GD_Y":0.0056498548947274685,"GD_Z":0.002519079949706793,"AD_X":-6.41748309135437E-4,"AD_Y":-8.897462394088507E-4,"AD_Z":-0.1700916290283203,"TempDsp":0,"Status":0,"CalibState":1,"SigAmpInvalid":0}},-1979710460
05-27 18:53:43.569   536   536 D commservice260303: send2Cluster len:315, 7B22636F6D6D616E64223A7B226964223A22696D755F737461747573222C22737562223A22227D2C22636F6E74656E74223A7B2254696D655374616D70223A31312C224672616D65436F756E746572223A3235393930382C2247445F58223A2D302E3031303939343930323831313934343438352C2247445F59223A302E303035363439383534383934373237343638352C2247445F5A223A302E3030323531393037393934393730363739332C2241445F58223A2D362E3431373438333039313335343337452D342C2241445F59223A2D382E383937343632333934303838353037452D342C2241445F5A223A2D302E313730303931363239303238333230332C2254656D70447370223A302C22537461747573223A302C2243616C69625374617465223A312C22536967416D70496E76616C6964223A307D7D, 138 
05-27 18:53:43.569   536   536 D commservice260303: Push Message into SendPool fn=-1573387264
05-27 18:53:43.569   536   536 D commservice260303: ComProtocolLibSend2Cluster::send2ClusterRaw fn=-1573387264 , len=331
05-27 18:53:43.569   536   536 D commservice260303: sendCmdToPort :331!!!
05-27 18:53:43.569   536   536 D commservice260303: send Cmd To Port ++++5AA501478A01000438A26A16CD377B22636F6D6D616E64223A7B226964223A22696D755F737461747573222C22737562223A22227D2C22636F6E74656E74223A7B2254696D655374616D70223A31312C224672616D65436F756E746572223A3235393930382C2247445F58223A2D302E3031303939343930323831313934343438352C2247445F59223A302E303035363439383534383934373237343638352C2247445F5A223A302E3030323531393037393934393730363739332C2241445F58223A2D362E3431373438333039313335343337452D342C2241445F59223A2D382E383937343632333934303838353037452D342C2241445F5A223A2D302E313730303931363239303238333230332C2254656D70447370223A302C22537461747573223A302C2243616C69625374617465223A312C22536967416D70496E76616C6964223A307D7DC54D
05-27 18:53:43.569   536   536 D commservice260303: bufferevent_write retrun value = 0
05-27 18:53:43.569   536   560 D commservice260303: client datas send succeed,send finish
05-27 18:53:43.569 13911 14192 D Sentinelmode_1.2.5.17_sentry: <SentryImuClusterFgeSender>imu_status sent to Linux, frame=259908, tsNs=11090793, tsMs=11, intervalMs=41, ad=(-6.417483E-4,-8.8974624E-4,-0.17009163), gd=(-0.010994903,0.005649855,0.00251908)
05-27 18:53:43.572  1008 30857 D [OMXB]  : usingANWBuffer: handle:0xee7428a0, format:1, w:1920, h:1080
05-27 18:53:43.573   581   581 I SpiService: fgesysctrl_getGPIO_status success val=1
05-27 18:53:43.573   283   307 I rvcservice: t.code = 3, t.value = 0
05-27 08:44:52.538   581   581 D spi_rst_gpio_get_output: GPIO 145 value: 1
05-27 08:44:52.538   581   581 D spidev_ioctl: gpio status=1)
05-27 18:53:43.579   581   581 I SpiService: fgesysctrl_getGPIO_status success val=1
05-27 08:44:52.543   581   581 D spi_rst_gpio_get_output: GPIO 145 value: 1
05-27 08:44:52.543   581   581 D spidev_ioctl: gpio status=1)
05-27 18:53:43.582 13911 14183 I SentryImuMcuAngleSender: 179.99649rollDeg
05-27 18:53:43.583 13911 14183 I SentryImuMcuAngleSender: 1,0,0
05-27 18:53:43.584   299 30841 D EvsDriver: forwardFrame
05-27 18:53:43.585   581   581 I SpiService: fgesysctrl_getGPIO_status success val=1
05-27 08:44:52.549   581   581 D spi_rst_gpio_get_output: GPIO 145 value: 1
05-27 08:44:52.549   581   581 D spidev_ioctl: gpio status=1)
05-27 18:53:43.586  1167  1479 D evsmanagerd: /dev/video4 forwarded the buffer #0 to 0xb4000074bf5f6850 from 0xb4000074bf5f41d0
05-27 18:53:43.586   299 30841 D EvsDriver: Delivered 0xb400007b7ca56a60 as id 0
05-27 18:53:43.586 30773 30783 E dvr_service_: [myNum:0] Received S**** loss
05-27 18:53:43.587   299  1163 D EvsDriver: doneWithFrame
05-27 18:53:43.587   299 30844 D EvsDriver: forwardFrame
05-27 18:53:43.588   299 30844 D EvsDriver: Delivered 0xb400007b7ca56900 as id 0
05-27 18:53:43.588  1008 30856 D [OMXB]  : usingANWBuffer: handle:0xee740430, format:1, w:1920, h:1080
05-27 18:53:43.588  1167  1479 D evsmanagerd: /dev/video6 forwarded the buffer #0 to 0xb4000074bf5f5510 from 0xb4000074bf5f6d90
05-27 18:53:43.588 30773 30783 E dvr_service_: [myNum:1] Received S**** loss
05-27 18:53:43.588   299  1163 D EvsDriver: doneWithFrame
05-27 18:53:43.590   581   581 I SpiService: fgesysctrl_getGPIO_status success val=1
05-27 08:44:52.555   581   581 D spi_rst_gpio_get_output: GPIO 145 value: 1
05-27 08:44:52.555   581   581 D spidev_ioctl: gpio status=1)
05-27 18:53:43.596   581   581 I SpiService: fgesysctrl_getGPIO_status success val=1
05-27 08:44:52.560   581   581 D spi_rst_gpio_get_output: GPIO 145 value: 1
05-27 08:44:52.560   581   581 D spidev_ioctl: gpio status=1)
05-27 18:53:43.601   581   581 I SpiService: fgesysctrl_getGPIO_status success val=0
05-27 18:53:43.602 13911 14183 I SentryImuMcuAngleSender: 180.0rollDeg
05-27 18:53:43.602 13911 14183 I SentryImuMcuAngleSender: 1,0,0
05-27 18:53:43.604  1008 30857 D [OMXB]  : usingANWBuffer: handle:0xee7427f0, format:1, w:1920, h:1080
05-27 18:53:43.604 30773 30789 I dvr_service_: Camera 1: Buffer reuse stats - Total: 221100, Reused: 109653, New: 111447, Rate: 49.6%
05-27 08:44:52.566   581   581 D spi_rst_gpio_get_output: GPIO 145 value: 0
05-27 08:44:52.566   581   581 D spidev_ioctl: gpio status=0)
05-27 18:53:43.609   536   536 D commservice260303: msg.id = 1028,1
05-27 18:53:43.609   536   536 D commservice260303: i = 170, msgid = 8A000404
05-27 18:53:43.610   536   536 D commservice260303: msgid = -1979710460,did=138
05-27 18:53:43.610   536   536 D commservice260303: CommProtocolLibCmdBaseI2C::dataproc {"command":{"id":"imu_status","sub":""},"content":{"TimeStamp":11,"FrameCounter":259909,"GD_X":-0.01160607673227787,"GD_Y":0.006032164208590984,"GD_Z":0.002443138277158141,"AD_X":5.572289228439331E-4,"AD_Y":-0.0020917272195219994,"AD_Z":-0.1719207763671875,"TempDsp":0,"Status":0,"CalibState":1,"SigAmpInvalid":0}},-1979710460
05-27 18:53:43.610   536   536 D commservice260303: send2Cluster len:314, 7B22636F6D6D616E64223A7B226964223A22696D755F737461747573222C22737562223A22227D2C22636F6E74656E74223A7B2254696D655374616D70223A31312C224672616D65436F756E746572223A3235393930392C2247445F58223A2D302E30313136303630373637333232373738372C2247445F59223A302E3030363033323136343230383539303938342C2247445F5A223A302E3030323434333133383237373135383134312C2241445F58223A352E353732323839323238343339333331452D342C2241445F59223A2D302E303032303931373237323139353231393939342C2241445F5A223A2D302E313731393230373736333637313837352C2254656D70447370223A302C22537461747573223A302C2243616C69625374617465223A312C22536967416D70496E76616C6964223A307D7D, 138 
05-27 18:53:43.610   536   536 D commservice260303: Push Message into SendPool fn=-1556610048
05-27 18:53:43.610   536   536 D commservice260303: ComProtocolLibSend2Cluster::send2ClusterRaw fn=-1556610048 , len=330
05-27 18:53:43.610   536   536 D commservice260303: sendCmdToPort :330!!!
05-27 18:53:43.610   536   536 D commservice260303: send Cmd To Port ++++5AA501468A01000438A36A16CD377B22636F6D6D616E64223A7B226964223A22696D755F737461747573222C22737562223A22227D2C22636F6E74656E74223A7B2254696D655374616D70223A31312C224672616D65436F756E746572223A3235393930392C2247445F58223A2D302E30313136303630373637333232373738372C2247445F59223A302E3030363033323136343230383539303938342C2247445F5A223A302E3030323434333133383237373135383134312C2241445F58223A352E353732323839323238343339333331452D342C2241445F59223A2D302E303032303931373237323139353231393939342C2241445F5A223A2D302E313731393230373736333637313837352C2254656D70447370223A302C22537461747573223A302C2243616C69625374617465223A312C22536967416D70496E76616C6964223A307D7D6675
05-27 18:53:43.610   536   536 D commservice260303: bufferevent_write retrun value = 0
05-27 18:53:43.610   536   560 D commservice260303: client datas send succeed,send finish
05-27 18:53:43.610 13911 14192 D Sentinelmode_1.2.5.17_sentry: <SentryImuClusterFgeSender>imu_status sent to Linux, frame=259909, tsNs=11090847, tsMs=11, intervalMs=41, ad=(5.572289E-4,-0.0020917272,-0.17192078), gd=(-0.011606077,0.006032164,0.0024431383)
05-27 18:53:43.615   581   581 I SpiService: fgesysctrl_getGPIO_status success val=1
05-27 08:44:52.580   581   581 D spi_rst_gpio_get_output: GPIO 145 value: 1
05-27 08:44:52.580   581   581 D spidev_ioctl: gpio status=1)
05-27 18:53:43.621   299 30844 D EvsDriver: forwardFrame
05-27 18:53:43.621   299 30841 D EvsDriver: forwardFrame
05-27 18:53:43.621   581   581 I SpiService: fgesysctrl_getGPIO_status success val=1
05-27 18:53:43.622   299 30844 D EvsDriver: Delivered 0xb400007b7ca56900 as id 0
05-27 18:53:43.622  1167  1479 D evsmanagerd: /dev/video6 forwarded the buffer #0 to 0xb4000074bf5f5510 from 0xb4000074bf5f6d90
05-27 18:53:43.622 13911 14183 I SentryImuMcuAngleSender: 180.0rollDeg
05-27 18:53:43.622 13911 14183 I SentryImuMcuAngleSender: 1,0,0
05-27 18:53:43.622  1167  1479 D evsmanagerd: /dev/video4 forwarded the buffer #0 to 0xb4000074bf5f6850 from 0xb4000074bf5f41d0
05-27 18:53:43.622   299 30841 D EvsDriver: Delivered 0xb400007b7ca56a60 as id 0
05-27 08:44:52.585   581   581 D spi_rst_gpio_get_output: GPIO 145 value: 1
05-27 08:44:52.585   581   581 D spidev_ioctl: gpio status=1)
05-27 18:53:43.627   581   581 I SpiService: fgesysctrl_getGPIO_status success val=1
05-27 18:53:43.628   299  1163 D EvsDriver: doneWithFrame
05-27 18:53:43.628   299  1153 D EvsDriver: doneWithFrame
05-27 18:53:43.628  1008 30856 D [OMXB]  : usingANWBuffer: handle:0xee7432f0, format:1, w:1920, h:1080
05-27 18:53:43.629 10188 11670 D NetworkAdapter: GetWcnChipTemp loopcnt=1059
05-27 08:44:52.592   581   581 D spi_rst_gpio_get_output: GPIO 145 value: 1
05-27 08:44:52.592   581   581 D spidev_ioctl: gpio status=1)
05-27 18:53:43.633   581   581 I SpiService: fgesysctrl_getGPIO_status success val=1
05-27 18:53:43.634   572   572 I Sensors : 230 AccelSensor: x:-0.168360,y:0.000000,z:-9.974720
05-27 18:53:43.635 10046 10046 E OemNetd : getwcnChipThermal
05-27 18:53:43.635 10046 10046 E ExtDataController: getwcnChipThermal: wlan0
05-27 18:53:43.636 10046 10046 E ExtDataController: getwcnChipThermal: index[32]
05-27 18:53:43.636 10046 10046 E ExtDataController: nl_send ret 44
05-27 18:53:43.637 10046 10046 E ExtDataController: errHandler
05-27 18:53:43.637 10046 10046 E ExtDataController: errHandler: err[-95]
05-27 18:53:43.637 10046 10046 E ExtDataController: nl_recv ret -10
05-27 18:53:43.637 10046 10046 E ExtDataController: temperature: 0
05-27 08:44:52.598   581   581 D spi_rst_gpio_get_output: GPIO 145 value: 1
05-27 08:44:52.598   581   581 D spidev_ioctl: gpio status=1)
05-27 18:53:43.638 10188 11670 D NetworkAdapter: getwcnChipThermal: 0
05-27 18:53:43.639   581   581 I SpiService: fgesysctrl_getGPIO_status success val=1
05-27 08:44:52.604   581   581 D spi_rst_gpio_get_output: GPIO 145 value: 1
05-27 08:44:52.604   581   581 D spidev_ioctl: gpio status=1)
05-27 18:53:43.643  1008 30857 D [OMXB]  : usingANWBuffer: handle:0xee7404e0, format:1, w:1920, h:1080
05-27 18:53:43.643 13911 14183 I SentryImuMcuAngleSender: 180.0rollDeg
05-27 18:53:43.643 13911 14183 I SentryImuMcuAngleSender: 1,0,0
05-27 18:53:43.644   581   581 I SpiService: fgesysctrl_getGPIO_status success val=0
05-27 18:53:43.650   536   536 D commservice260303: msg.id = 1028,1
05-27 08:44:52.609   581   581 D spi_rst_gpio_get_output: GPIO 145 value: 0
05-27 18:53:43.650   536   536 D commservice260303: i = 170, msgid = 8A000404
05-27 18:53:43.650   536   536 D commservice260303: msgid = -1979710460,did=138
05-27 18:53:43.650   536   536 D commservice260303: CommProtocolLibCmdBaseI2C::dataproc {"command":{"id":"imu_status","sub":""},"content":{"TimeStamp":11,"FrameCounter":259910,"GD_X":-0.011987865902483463,"GD_Y":0.0057257963344454765,"GD_Z":0.002519079949706793,"AD_X":-0.0018928349018096924,"AD_Y":-0.0020781815983355045,"AD_Z":-0.1694812774658203,"TempDsp":0,"Status":0,"CalibState":1,"SigAmpInvalid":0}},-1979710460
05-27 08:44:52.609   581   581 D spidev_ioctl: gpio status=0)
05-27 18:53:43.650   536   536 D commservice260303: Push Message into SendPool fn=-1539832832
05-27 18:53:43.650   536   536 D commservice260303: ComProtocolLibSend2Cluster::send2ClusterRaw fn=-1539832832 , len=334
05-27 18:53:43.650   536   536 D commservice260303: sendCmdToPort :334!!!
05-27 18:53:43.650   536   536 D commservice260303: send Cmd To Port ++++5AA5014A8A01000438A46A16CD377B22636F6D6D616E64223A7B226964223A22696D755F737461747573222C22737562223A22227D2C22636F6E74656E74223A7B2254696D655374616D70223A31312C224672616D65436F756E746572223A3235393931302C2247445F58223A2D302E3031313938373836353930323438333436332C2247445F59223A302E303035373235373936333334343435343736352C2247445F5A223A302E3030323531393037393934393730363739332C2241445F58223A2D302E303031383932383334393031383039363932342C2241445F59223A2D302E303032303738313831353938333335353034352C2241445F5A223A2D302E313639343831323737343635383230332C2254656D70447370223A302C22537461747573223A302C2243616C69625374617465223A312C22536967416D70496E76616C6964223A307D7D3776
05-27 18:53:43.650   536   536 D commservice260303: bufferevent_write retrun value = 0
05-27 18:53:43.650   536   560 D commservice260303: client datas send succeed,send finish
05-27 18:53:43.650 13911 14192 D Sentinelmode_1.2.5.17_sentry: <SentryImuClusterFgeSender>imu_status sent to Linux, frame=259910, tsNs=11090883, tsMs=11, intervalMs=40, ad=(-0.0018928349,-0.0020781816,-0.16948128), gd=(-0.011987866,0.0057257963,0.00251908)
05-27 18:53:43.652   299 30844 D EvsDriver: forwardFrame
05-27 18:53:43.653   299 30841 D EvsDriver: forwardFrame
05-27 18:53:43.654   299 30844 D EvsDriver: Delivered 0xb400007b7ca56900 as id 0
05-27 18:53:43.654  1167  1479 D evsmanagerd: /dev/video6 forwarded the buffer #0 to 0xb4000074bf5f5510 from 0xb4000074bf5f6d90
05-27 18:53:43.656 30773 30785 I dvr_service_: [EncoderHandler::runMediaThread] runMediaThread started:1,state:1, cam2:started:1,state:1, lastSwitch:1, mIsMuxerStart:1,format:0,is_str_ing:0
05-27 08:44:52.624   581   581 D spi_rst_gpio_get_output: GPIO 145 value: 1
05-27 08:44:52.624   581   581 D spidev_ioctl: gpio status=1)
05-27 18:53:43.660   299  1163 D EvsDriver: doneWithFrame
05-27 18:53:43.660   581   581 I SpiService: fgesysctrl_getGPIO_status success val=1
05-27 18:53:43.661   299 30841 D EvsDriver: Delivered 0xb400007b7ca56a60 as id 0
05-27 18:53:43.661  1167  1479 D evsmanagerd: /dev/video4 forwarded the buffer #0 to 0xb4000074bf5f6850 from 0xb4000074bf5f41d0
05-27 18:53:43.664   299  1163 D EvsDriver: doneWithFrame
05-27 18:53:43.665 13911 14183 I SentryImuMcuAngleSender: 179.993rollDeg
05-27 18:53:43.665 13911 14183 I SentryImuMcuAngleSender: 1,0,0
05-27 18:53:43.665   581   581 I SpiService: fgesysctrl_getGPIO_status success val=1
05-27 08:44:52.630   581   581 D spi_rst_gpio_get_output: GPIO 145 value: 1
05-27 08:44:52.630   581   581 D spidev_ioctl: gpio status=1)
05-27 18:53:43.669  1008 30856 D [OMXB]  : usingANWBuffer: handle:0xee7406f0, format:1, w:1920, h:1080
05-27 18:53:43.671   581   581 I SpiService: fgesysctrl_getGPIO_status success val=1
05-27 08:44:52.635   581   581 D spi_rst_gpio_get_output: GPIO 145 value: 1
05-27 08:44:52.635   581   581 D spidev_ioctl: gpio status=1)
05-27 18:53:43.673   536   536 W commservice260303: [FgeComService::getAQConnectStatus:378]
05-27 18:53:43.673   536   536 W commservice260303: [mcuCommFunctionTcp::getAQConnectStatus:406] 1
05-27 18:53:43.673   536   536 W commservice260303: [FgeComService::getAQConnectStatus:380] status:1
05-27 18:53:43.673 12246 12246 E ivicomm_CommManager: getA2lConnectStatus aqConnectStatus:1
05-27 18:53:43.673 12246 12246 D ivicomm_ConnectStateManager: notifyState newState=1curState=1
05-27 18:53:43.673   283   307 I rvcservice: t.code = 3, t.value = 0
05-27 18:53:43.676   581   581 I SpiService: fgesysctrl_getGPIO_status success val=1
05-27 08:44:52.641   581   581 D spi_rst_gpio_get_output: GPIO 145 value: 1
05-27 08:44:52.641   581   581 D spidev_ioctl: gpio status=1)
05-27 18:53:43.682   581   581 I SpiService: fgesysctrl_getGPIO_status success val=0
05-27 08:44:52.646   581   581 D spi_rst_gpio_get_output: GPIO 145 value: 0
05-27 08:44:52.646   581   581 D spidev_ioctl: gpio status=0)
05-27 18:53:43.686 13911 14183 I SentryImuMcuAngleSender: 179.99649rollDeg
05-27 18:53:43.686 13911 14183 I SentryImuMcuAngleSender: 1,0,0
05-27 18:53:43.688   299 30841 D EvsDriver: forwardFrame
05-27 18:53:43.689   299 30844 D EvsDriver: forwardFrame
05-27 18:53:43.690  1167  1479 D evsmanagerd: /dev/video4 forwarded the buffer #0 to 0xb4000074bf5f6850 from 0xb4000074bf5f41d0
05-27 18:53:43.690  1167  1167 D evsmanagerd: /dev/video6 forwarded the buffer #0 to 0xb4000074bf5f5510 from 0xb4000074bf5f6d90
05-27 18:53:43.690   299 30844 D EvsDriver: Delivered 0xb400007b7ca56900 as id 0
05-27 18:53:43.690   299 30841 D EvsDriver: Delivered 0xb400007b7ca56a60 as id 0
05-27 18:53:43.693   536   536 D commservice260303: msg.id = 1028,1
05-27 18:53:43.693   536   536 D commservice260303: i = 170, msgid = 8A000404
05-27 18:53:43.693   536   536 D commservice260303: msgid = -1979710460,did=138
05-27 18:53:43.693   536   536 D commservice260303: CommProtocolLibCmdBaseI2C::dataproc {"command":{"id":"imu_status","sub":""},"content":{"TimeStamp":11,"FrameCounter":259911,"GD_X":-0.012063807807862759,"GD_Y":0.0057257963344454765,"GD_Z":0.0019079053308814764,"AD_X":-0.0037233978509902954,"AD_Y":-0.0032804643269628286,"AD_Z":-0.1719207763671875,"TempDsp":0,"Status":0,"CalibState":1,"SigAmpInvalid":0}},-1979710460
05-27 18:53:43.693   536   536 D commservice260303: send2Cluster len:319, 7B22636F6D6D616E64223A7B226964223A22696D755F737461747573222C22737562223A22227D2C22636F6E74656E74223A7B2254696D655374616D70223A31312C224672616D65436F756E746572223A3235393931312C2247445F58223A2D302E3031323036333830373830373836323735392C2247445F59223A302E303035373235373936333334343435343736352C2247445F5A223A302E303031393037393035333330383831343736342C2241445F58223A2D302E303033373233333937383530393930323935342C2241445F59223A2D302E303033323830343634333236393632383238362C2241445F5A223A2D302E313731393230373736333637313837352C2254656D70447370223A302C22537461747573223A302C2243616C69625374617465223A312C22536967416D70496E76616C6964223A307D7D, 138 
05-27 18:53:43.693   536   536 D commservice260303: Push Message into SendPool fn=-1523055616
05-27 18:53:43.693   536   536 D commservice260303: ComProtocolLibSend2Cluster::send2ClusterRaw fn=-1523055616 , len=335
05-27 18:53:43.693   299  1153 D EvsDriver: doneWithFrame
05-27 18:53:43.693   536   536 D commservice260303: sendCmdToPort :335!!!
05-27 18:53:43.693   536   536 D commservice260303: send Cmd To Port ++++5AA5014B8A01000438A56A16CD377B22636F6D6D616E64223A7B226964223A22696D755F737461747573222C22737562223A22227D2C22636F6E74656E74223A7B2254696D655374616D70223A31312C224672616D65436F756E746572223A3235393931312C2247445F58223A2D302E3031323036333830373830373836323735392C2247445F59223A302E303035373235373936333334343435343736352C2247445F5A223A302E303031393037393035333330383831343736342C2241445F58223A2D302E303033373233333937383530393930323935342C2241445F59223A2D302E303033323830343634333236393632383238362C2241445F5A223A2D302E313731393230373736333637313837352C2254656D70447370223A302C22537461747573223A302C2243616C69625374617465223A312C22536967416D70496E76616C6964223A307D7DDFC2
05-27 18:53:43.693   536   536 D commservice260303: bufferevent_write retrun value = 0
05-27 18:53:43.694   536   560 D commservice260303: client datas send succeed,send finish
05-27 18:53:43.694 13911 14192 D Sentinelmode_1.2.5.17_sentry: <SentryImuClusterFgeSender>imu_status sent to Linux, frame=259911, tsNs=11090936, tsMs=11, intervalMs=43, ad=(-0.0037233979,-0.0032804643,-0.17192078), gd=(-0.012063808,0.0057257963,0.0019079053)
05-27 18:53:43.695  1008 30857 D [OMXB]  : usingANWBuffer: handle:0xee740e80, format:1, w:1920, h:1080
05-27 18:53:43.695   299  1163 D EvsDriver: doneWithFrame
05-27 18:53:43.695   481   598 I mcuc    : rev,n=1,6AA681DF640014890086060003080101010101010101010103FF01FB
05-27 18:53:43.695   351   373 D automotive.vehicle@2.0-adayo-datacomm-mcu: MCUDatacomm sendMessageFromVehicle prop: 0x89, areaId: 0x0, status: 0x86, timestamp: 0x6
05-27 18:53:43.695   351   373 D automotive.vehicle@2.0-adayo-datacomm-mcu: MCUDatacomm 1sendMessageFromVehicle ---> type = 3 
05-27 18:53:43.695   351   373 D automotive.vehicle@2.0-adayo-func-bcm: sendMessageFromVehicle sendMessageFromVehicle
05-27 18:53:43.695   351   516 D automotive.vehicle@2.0-adayo-func-bcm: jjfan1 ______procotolSize :13
05-27 18:53:43.696   351   516 D automotive.vehicle@2.0-adayo-func-bcm: BCMFunc sendMessageFromVehicle_l dataType: 12,mByte=7,propid=0x21400056
05-27 18:53:43.696   351   516 D automotive.vehicle@2.0-adayo-func-bcm: BCMFunc sendMessageFromVehicle_l msgBuff[7]=0x1,start:0,len:8,temp:8,
05-27 18:53:43.696   351   516 D automotive.vehicle@2.0-adayo-func-bcm: BCMFunc sendMessageFromVehicle_l prop: 0x21400056 ,areaId: 0x0  SPLITE_BIT_DATA_INTEGER : 1
05-27 18:53:43.696   351   516 D automotive.vehicle@2.0-adayo-func-bcm: BCMFunc sendMessageFromVehicle_l id:557842518, area:0 not report! 
05-27 18:53:43.696   351   516 D automotive.vehicle@2.0-adayo-func-bcm: BCMFunc sendMessageFromVehicle_l dataType: 12,mByte=8,propid=0x21400057
05-27 18:53:43.696   351   516 D automotive.vehicle@2.0-adayo-func-bcm: BCMFunc sendMessageFromVehicle_l msgBuff[8]=0x1,start:0,len:8,temp:8,
05-27 18:53:43.696   351   516 D automotive.vehicle@2.0-adayo-func-bcm: BCMFunc sendMessageFromVehicle_l prop: 0x21400057 ,areaId: 0x0  SPLITE_BIT_DATA_INTEGER : 1
05-27 18:53:43.696   351   516 D automotive.vehicle@2.0-adayo-func-bcm: BCMFunc sendMessageFromVehicle_l id:557842519, area:0 not report! 
05-27 18:53:43.696   351   516 D automotive.vehicle@2.0-adayo-func-bcm: BCMFunc sendMessageFromVehicle_l dataType: 12,mByte=9,propid=0x21400058
05-27 18:53:43.696   351   516 D automotive.vehicle@2.0-adayo-func-bcm: BCMFunc sendMessageFromVehicle_l msgBuff[9]=0x1,start:0,len:8,temp:8,
05-27 18:53:43.696   351   516 D automotive.vehicle@2.0-adayo-func-bcm: BCMFunc sendMessageFromVehicle_l prop: 0x21400058 ,areaId: 0x0  SPLITE_BIT_DATA_INTEGER : 1
05-27 18:53:43.696   351   516 D automotive.vehicle@2.0-adayo-func-bcm: BCMFunc sendMessageFromVehicle_l id:557842520, area:0 not report! 
05-27 18:53:43.696   351   516 D automotive.vehicle@2.0-adayo-func-bcm: BCMFunc sendMessageFromVehicle_l dataType: 12,mByte=10,propid=0x21400059
05-27 18:53:43.696   351   516 D automotive.vehicle@2.0-adayo-func-bcm: BCMFunc sendMessageFromVehicle_l msgBuff[10]=0x1,start:0,len:8,temp:8,
05-27 18:53:43.696   351   516 D automotive.vehicle@2.0-adayo-func-bcm: BCMFunc sendMessageFromVehicle_l prop: 0x21400059 ,areaId: 0x0  SPLITE_BIT_DATA_INTEGER : 1
05-27 18:53:43.696   351   516 D automotive.vehicle@2.0-adayo-func-bcm: BCMFunc sendMessageFromVehicle_l id:557842521, area:0 not report! 
05-27 18:53:43.697   351   516 D automotive.vehicle@2.0-adayo-func-bcm: BCMFunc sendMessageFromVehicle_l dataType: 12,mByte=11,propid=0x2140005a
05-27 18:53:43.697   351   516 D automotive.vehicle@2.0-adayo-func-bcm: BCMFunc sendMessageFromVehicle_l msgBuff[11]=0x1,start:0,len:8,temp:8,
05-27 18:53:43.697   351   516 D automotive.vehicle@2.0-adayo-func-bcm: BCMFunc sendMessageFromVehicle_l prop: 0x2140005a ,areaId: 0x0  SPLITE_BIT_DATA_INTEGER : 1
05-27 18:53:43.697   351   516 D automotive.vehicle@2.0-adayo-func-bcm: BCMFunc sendMessageFromVehicle_l id:557842522, area:0 not report! 
05-27 18:53:43.697   351   516 D automotive.vehicle@2.0-adayo-func-bcm: BCMFunc sendMessageFromVehicle_l dataType: 12,mByte=12,propid=0x2140005b
05-27 18:53:43.697   351   516 D automotive.vehicle@2.0-adayo-func-bcm: BCMFunc sendMessageFromVehicle_l msgBuff[12]=0x1,start:0,len:8,temp:8,
05-27 18:53:43.697   351   516 D automotive.vehicle@2.0-adayo-func-bcm: BCMFunc sendMessageFromVehicle_l prop: 0x2140005b ,areaId: 0x0  SPLITE_BIT_DATA_INTEGER : 1
05-27 18:53:43.697   351   516 D automotive.vehicle@2.0-adayo-func-bcm: BCMFunc sendMessageFromVehicle_l id:557842523, area:0 not report! 
05-27 18:53:43.697   351   516 D automotive.vehicle@2.0-adayo-func-bcm: BCMFunc sendMessageFromVehicle_l dataType: 12,mByte=13,propid=0x2140005c
05-27 18:53:43.697   351   516 D automotive.vehicle@2.0-adayo-func-bcm: BCMFunc sendMessageFromVehicle_l msgBuff[13]=0x1,start:0,len:8,temp:8,
05-27 18:53:43.697   351   516 D automotive.vehicle@2.0-adayo-func-bcm: BCMFunc sendMessageFromVehicle_l prop: 0x2140005c ,areaId: 0x0  SPLITE_BIT_DATA_INTEGER : 1
05-27 18:53:43.697   351   516 D automotive.vehicle@2.0-adayo-func-bcm: BCMFunc sendMessageFromVehicle_l id:557842524, area:0 not report! 
05-27 18:53:43.697   351   516 D automotive.vehicle@2.0-adayo-func-bcm: BCMFunc sendMessageFromVehicle_l dataType: 12,mByte=14,propid=0x2140005d
05-27 18:53:43.697   351   516 D automotive.vehicle@2.0-adayo-func-bcm: BCMFunc sendMessageFromVehicle_l msgBuff[14]=0x1,start:0,len:8,temp:8,
05-27 18:53:43.697   351   516 D automotive.vehicle@2.0-adayo-func-bcm: BCMFunc sendMessageFromVehicle_l prop: 0x2140005d ,areaId: 0x0  SPLITE_BIT_DATA_INTEGER : 1
05-27 18:53:43.697   351   516 D automotive.vehicle@2.0-adayo-func-bcm: BCMFunc sendMessageFromVehicle_l id:557842525, area:0 not report! 
05-27 18:53:43.697   351   516 D automotive.vehicle@2.0-adayo-func-bcm: BCMFunc sendMessageFromVehicle_l dataType: 12,mByte=15,propid=0x2140005e
05-27 18:53:43.697   351   516 D automotive.vehicle@2.0-adayo-func-bcm: BCMFunc sendMessageFromVehicle_l msgBuff[15]=0x1,start:0,len:8,temp:8,
05-27 18:53:43.697   351   516 D automotive.vehicle@2.0-adayo-func-bcm: BCMFunc sendMessageFromVehicle_l prop: 0x2140005e ,areaId: 0x0  SPLITE_BIT_DATA_INTEGER : 1
05-27 18:53:43.697   351   516 D automotive.vehicle@2.0-adayo-func-bcm: BCMFunc sendMessageFromVehicle_l id:557842526, area:0 not report! 
05-27 18:53:43.697   351   516 D automotive.vehicle@2.0-adayo-func-bcm: BCMFunc sendMessageFromVehicle_l dataType: 12,mByte=16,propid=0x2140005f
05-27 18:53:43.698   351   516 D automotive.vehicle@2.0-adayo-func-bcm: BCMFunc sendMessageFromVehicle_l msgBuff[16]=0x1,start:0,len:8,temp:8,
05-27 18:53:43.698   351   516 D automotive.vehicle@2.0-adayo-func-bcm: BCMFunc sendMessageFromVehicle_l prop: 0x2140005f ,areaId: 0x0  SPLITE_BIT_DATA_INTEGER : 1
05-27 18:53:43.698   351   516 D automotive.vehicle@2.0-adayo-func-bcm: BCMFunc sendMessageFromVehicle_l id:557842527, area:0 not report! 
05-27 18:53:43.698   351   516 D automotive.vehicle@2.0-adayo-func-bcm: BCMFunc sendMessageFromVehicle_l dataType: 12,mByte=17,propid=0x21400060
05-27 18:53:43.698   351   516 D automotive.vehicle@2.0-adayo-func-bcm: BCMFunc sendMessageFromVehicle_l msgBuff[17]=0x3,start:0,len:8,temp:8,
05-27 18:53:43.698   351   516 D automotive.vehicle@2.0-adayo-func-bcm: BCMFunc sendMessageFromVehicle_l prop: 0x21400060 ,areaId: 0x0  SPLITE_BIT_DATA_INTEGER : 3
05-27 18:53:43.698   351   516 D automotive.vehicle@2.0-adayo-func-bcm: BCMFunc sendMessageFromVehicle_l id:557842528, area:0 not report! 
05-27 18:53:43.698   351   516 D automotive.vehicle@2.0-adayo-func-bcm: BCMFunc sendMessageFromVehicle_l dataType: 12,mByte=18,propid=0x21400061
05-27 18:53:43.698   351   516 D automotive.vehicle@2.0-adayo-func-bcm: BCMFunc sendMessageFromVehicle_l msgBuff[18]=0xff,start:0,len:8,temp:8,
05-27 18:53:43.698   351   516 D automotive.vehicle@2.0-adayo-func-bcm: BCMFunc sendMessageFromVehicle_l prop: 0x21400061 ,areaId: 0x0  SPLITE_BIT_DATA_INTEGER : 255
05-27 18:53:43.698   351   516 D automotive.vehicle@2.0-adayo-func-bcm: BCMFunc sendMessageFromVehicle_l id:557842529, area:0 not report! 
05-27 18:53:43.698   351   516 D automotive.vehicle@2.0-adayo-func-bcm: BCMFunc sendMessageFromVehicle_l dataType: 12,mByte=19,propid=0x2140010a
05-27 18:53:43.698   351   516 D automotive.vehicle@2.0-adayo-func-bcm: BCMFunc sendMessageFromVehicle_l msgBuff[19]=0x1,start:0,len:8,temp:8,
05-27 18:53:43.698   351   516 D automotive.vehicle@2.0-adayo-func-bcm: BCMFunc sendMessageFromVehicle_l prop: 0x2140010a ,areaId: 0x0  SPLITE_BIT_DATA_INTEGER : 1
05-27 18:53:43.698   351   516 D automotive.vehicle@2.0-adayo-func-bcm: BCMFunc sendMessageFromVehicle_l id:557842698, area:0 not report! 
05-27 18:53:43.698   581   581 I SpiService: fgesysctrl_getGPIO_status success val=1
05-27 08:44:52.663   581   581 D spi_rst_gpio_get_output: GPIO 145 value: 1
05-27 08:44:52.663   581   581 D spidev_ioctl: gpio status=1)
05-27 08:44:52.668   581   581 D spi_rst_gpio_get_output: GPIO 145 value: 1
05-27 08:44:52.668   581   581 D spidev_ioctl: gpio status=1)
05-27 18:53:43.704   581   581 I SpiService: fgesysctrl_getGPIO_status success val=1
05-27 18:53:43.705 13911 14183 I SentryImuMcuAngleSender: -179.99649rollDeg
05-27 18:53:43.705 13911 14183 I SentryImuMcuAngleSender: 1,0,0
05-27 18:53:43.709 13549 13549 I ADAYO_LOG_: handleMessage(UsbFunc.java:352)copyQnx = 0
05-27 18:53:43.709 13549 13549 I ADAYO_LOG_: handleMessage(UsbFunc.java:404)copyState = 2
05-27 18:53:43.710   581   581 I SpiService: fgesysctrl_getGPIO_status success val=1
05-27 18:53:43.712  1008 30856 D [OMXB]  : usingANWBuffer: handle:0xee7435b0, format:1, w:1920, h:1080
05-27 08:44:52.674   581   581 D spi_rst_gpio_get_output: GPIO 145 value: 1
05-27 08:44:52.674   581   581 D spidev_ioctl: gpio status=1)
05-27 18:53:43.715   581   581 I SpiService: fgesysctrl_getGPIO_status success val=1
05-27 08:44:52.680   581   581 D spi_rst_gpio_get_output: GPIO 145 value: 1
05-27 08:44:52.680   581   581 D spidev_ioctl: gpio status=1)
05-27 18:53:43.721   572   572 I Sensors : 230 GyroSensor: x:-0.011148,y:0.006261,z:0.001908
05-27 18:53:43.721   581   581 I SpiService: fgesysctrl_getGPIO_status success val=1
05-27 18:53:43.722   299 30841 D EvsDriver: forwardFrame
05-27 18:53:43.722   299 30844 D EvsDriver: forwardFrame
05-27 08:44:52.686   581   581 D spi_rst_gpio_get_output: GPIO 145 value: 1
05-27 08:44:52.686   581   581 D spidev_ioctl: gpio status=1)
05-27 18:53:43.725   299 30844 D EvsDriver: Delivered 0xb400007b7ca56900 as id 0
05-27 18:53:43.725  1167  1167 D evsmanagerd: /dev/video4 forwarded the buffer #0 to 0xb4000074bf5f6850 from 0xb4000074bf5f41d0
05-27 18:53:43.725  1167  1479 D evsmanagerd: /dev/video6 forwarded the buffer #0 to 0xb4000074bf5f5510 from 0xb4000074bf5f6d90
05-27 18:53:43.726   299 30841 D EvsDriver: Delivered 0xb400007b7ca56a60 as id 0
05-27 18:53:43.726 13911 14183 I SentryImuMcuAngleSender: -179.99649rollDeg
05-27 18:53:43.726 13911 14183 I SentryImuMcuAngleSender: 1,0,0
05-27 18:53:43.729   581   581 I SpiService: fgesysctrl_getGPIO_status success val=0
05-27 08:44:52.694   581   581 D spi_rst_gpio_get_output: GPIO 145 value: 0
05-27 08:44:52.694   581   581 D spidev_ioctl: gpio status=0)
05-27 18:53:43.730   481   597 I mcuc    : send SPI:6AA602DF640002890030
05-27 18:53:43.730   299  1163 D EvsDriver: doneWithFrame
05-27 18:53:43.730   299  1153 D EvsDriver: doneWithFrame
05-27 18:53:43.731   536   536 D commservice260303: msg.id = 1028,1
05-27 18:53:43.731   536   536 D commservice260303: i = 170, msgid = 8A000404
05-27 18:53:43.731   536   536 D commservice260303: msgid = -1979710460,did=138
05-27 18:53:43.731   536   536 D commservice260303: CommProtocolLibCmdBaseI2C::dataproc {"command":{"id":"imu_status","sub":""},"content":{"TimeStamp":11,"FrameCounter":259912,"GD_X":-0.011147825978696346,"GD_Y":0.006261029280722141,"GD_Z":0.0019079053308814764,"AD_X":-0.0031118541955947876,"AD_Y":-0.0026530446484684944,"AD_Z":-0.1707010269165039,"TempDsp":0,"Status":0,"CalibState":1,"SigAmpInvalid":0}},-1979710460
05-27 18:53:43.731   536   536 D commservice260303: send2Cluster len:318, 7B22636F6D6D616E64223A7B226964223A22696D755F737461747573222C22737562223A22227D2C22636F6E74656E74223A7B2254696D655374616D70223A31312C224672616D65436F756E746572223A3235393931322C2247445F58223A2D302E3031313134373832353937383639363334362C2247445F59223A302E3030363236313032393238303732323134312C2247445F5A223A302E303031393037393035333330383831343736342C2241445F58223A2D302E303033313131383534313935353934373837362C2241445F59223A2D302E303032363533303434363438343638343934342C2241445F5A223A2D302E313730373031303236393136353033392C2254656D70447370223A302C22537461747573223A302C2243616C69625374617465223A312C22536967416D70496E76616C6964223A307D7D, 138 
05-27 18:53:43.731   536   536 D commservice260303: Push Message into SendPool fn=-1506278400
05-27 18:53:43.731   536   536 D commservice260303: ComProtocolLibSend2Cluster::send2ClusterRaw fn=-1506278400 , len=334
05-27 18:53:43.731   536   536 D commservice260303: sendCmdToPort :334!!!
05-27 18:53:43.731   536   536 D commservice260303: send Cmd To Port ++++5AA5014A8A01000438A66A16CD377B22636F6D6D616E64223A7B226964223A22696D755F737461747573222C22737562223A22227D2C22636F6E74656E74223A7B2254696D655374616D70223A31312C224672616D65436F756E746572223A3235393931322C2247445F58223A2D302E3031313134373832353937383639363334362C2247445F59223A302E3030363236313032393238303732323134312C2247445F5A223A302E303031393037393035333330383831343736342C2241445F58223A2D302E303033313131383534313935353934373837362C2241445F59223A2D302E303032363533303434363438343638343934342C2241445F5A223A2D302E313730373031303236393136353033392C2254656D70447370223A302C22537461747573223A302C2243616C69625374617465223A312C22536967416D70496E76616C6964223A307D7DFA4A
05-27 18:53:43.731   536   536 D commservice260303: bufferevent_write retrun value = 0
05-27 18:53:43.731   536   560 D commservice260303: client datas send succeed,send finish
05-27 18:53:43.732 13911 14192 D Sentinelmode_1.2.5.17_sentry: <SentryImuClusterFgeSender>imu_status sent to Linux, frame=259912, tsNs=11090971, tsMs=11, intervalMs=39, ad=(-0.0031118542,-0.0026530446,-0.17070103), gd=(-0.011147826,0.0062610293,0.0019079053)
05-27 18:53:43.735  1008 30857 D [OMXB]  : usingANWBuffer: handle:0xee7407a0, format:1, w:1920, h:1080
05-27 18:53:43.745   581   581 I SpiService: fgesysctrl_getGPIO_status success val=1
05-27 18:53:43.747 13911 14183 I SentryImuMcuAngleSender: 179.993rollDeg
05-27 18:53:43.747 13911 14183 I SentryImuMcuAngleSender: 1,0,0
05-27 08:44:52.710   581   581 D spi_rst_gpio_get_output: GPIO 145 value: 1
05-27 08:44:52.710   581   581 D spidev_ioctl: gpio status=1)
05-27 18:53:43.751   581   581 I SpiService: fgesysctrl_getGPIO_status success val=1
05-27 08:44:52.715   581   581 D spi_rst_gpio_get_output: GPIO 145 value: 1
05-27 08:44:52.715   581   581 D spidev_ioctl: gpio status=1)
05-27 18:53:43.755  1008 30856 D [OMXB]  : usingANWBuffer: handle:0xee743710, format:1, w:1920, h:1080
05-27 18:53:43.756   581   581 I SpiService: fgesysctrl_getGPIO_status success val=1
05-27 08:44:52.721   581   581 D spi_rst_gpio_get_output: GPIO 145 value: 1
05-27 08:44:52.721   581   581 D spidev_ioctl: gpio status=1)
05-27 18:53:43.758   299 30841 D EvsDriver: forwardFrame
05-27 18:53:43.759   299 30844 D EvsDriver: forwardFrame
