05-27 18:53:47.840 10188 10680 I ActivityManager: zygote: proc died: pid=11130 uid=1000, status=256
05-27 18:53:47.841 10188 10680 E UnisocStabilityCollection: getKill:true,cur=0,killType=3 ,name=proc_died:1000, reason=proc_died
05-27 18:53:47.841 10188 10680 E UnisocStabilityCollection: getKill sum:2
05-27 18:53:47.844 10188 10188 D JobScheduler.Quota: Processing event 31 for <0>com.anwsdk.service
05-27 18:53:47.848 13911 14183 I SentryImuMcuAngleSender: 179.97197rollDeg
05-27 18:53:47.848 13911 14183 I SentryImuMcuAngleSender: 1,0,0
05-27 18:53:47.848 10188 10660 I ActivityManager: com.anwsdk.service is exempt from freezer
05-27 18:53:47.849 10188 10660 D CompatibilityChangeReporter: Compat change id reported: 135634846; UID 1000; state: DISABLED
05-27 18:53:47.850 10188 10660 D CompatibilityChangeReporter: Compat change id reported: 177438394; UID 1000; state: DISABLED
05-27 18:53:47.850 10188 10660 D CompatibilityChangeReporter: Compat change id reported: 135772972; UID 1000; state: DISABLED
05-27 18:53:47.850 10188 10660 D CompatibilityChangeReporter: Compat change id reported: 135754954; UID 1000; state: ENABLED
05-27 18:53:47.851 10188 10660 D ActivityManager: ProcessRecord{3e62bbb 0:com.anwsdk.service:remote/1000} setPendingStart=true callers=com.android.server.am.ProcessList.startProcessLocked:1922 com.android.server.am.UnisocProcessList.startProcessLocked:320 com.android.server.am.ProcessList.startProcessLocked:2391 com.android.server.am.ProcessList.startProcessLocked:2534 com.android.server.am.ActivityManagerService.startProcessLocked:2890 com.android.server.am.ActiveServices.bringUpServiceLocked:4326 com.android.server.am.ActiveServices.performServiceRestartLocked:4104 com.android.server.am.ActiveServices$ServiceRestarter.run:3320 android.os.Handler.handleCallback:942 android.os.Handler.dispatchMessage:99 
05-27 18:53:47.851 10188 10660 I ActivityManager: Posting procStart msg for 0:com.anwsdk.service:remote/1000
05-27 18:53:47.851 10188 10661 D ActivityManager: asking zygote to start proc:ProcessRecord{3e62bbb 0:com.anwsdk.service:remote/1000}
05-27 18:53:47.851 10188 10661 D Prefork : startResult is empty and running normal execution.
05-27 18:53:47.852   581   581 I SpiService: fgesysctrl_getGPIO_status success val=1
05-27 18:53:47.856  1008 30856 D [OMXB]  : usingANWBuffer: handle:0xee746cb0, format:1, w:1920, h:1080
05-27 18:53:47.857   299 30844 D EvsDriver: forwardFrame
05-27 18:53:47.857   581   581 I SpiService: fgesysctrl_getGPIO_status success val=1
05-27 18:53:47.858   299 30844 D EvsDriver: Delivered 0xb400007b7ca56900 as id 0
05-27 18:53:47.858   299 30841 D EvsDriver: forwardFrame
05-27 18:53:47.858  1167  1479 D evsmanagerd: /dev/video6 forwarded the buffer #0 to 0xb4000074bf5f5510 from 0xb4000074bf5f6d90
05-27 18:53:47.859   299 30841 D EvsDriver: Delivered 0xb400007b7ca56a60 as id 0
05-27 18:53:47.859  1167  1479 D evsmanagerd: /dev/video4 forwarded the buffer #0 to 0xb4000074bf5f6850 from 0xb4000074bf5f41d0
05-27 08:44:56.822   581   581 D spi_rst_gpio_get_output: GPIO 145 value: 1
05-27 08:44:56.822   581   581 D spidev_ioctl: gpio status=1)
05-27 18:53:47.861   299  1163 D EvsDriver: doneWithFrame
05-27 18:53:47.863   581   581 I SpiService: fgesysctrl_getGPIO_status success val=1
05-27 18:53:47.863   299  1163 D EvsDriver: doneWithFrame
05-27 18:53:47.863   536   536 D commservice260303: msg.id = 1028,1
05-27 18:53:47.864   536   536 D commservice260303: i = 170, msgid = 8A000404
05-27 18:53:47.864   536   536 D commservice260303: msgid = -1979710460,did=138
05-27 18:53:47.864   536   536 D commservice260303: CommProtocolLibCmdBaseI2C::dataproc {"command":{"id":"imu_status","sub":""},"content":{"TimeStamp":11,"FrameCounter":260014,"GD_X":-0.01221725158393383,"GD_Y":0.00519212381914258,"GD_Z":0.0021378109231591225,"AD_X":-0.004158616065979004,"AD_Y":0.0018006425816565752,"AD_Z":-0.1682577133178711,"TempDsp":0,"Status":0,"CalibState":1,"SigAmpInvalid":0}},-1979710460
05-27 18:53:47.864   536   536 D commservice260303: send2Cluster len:314, 7B22636F6D6D616E64223A7B226964223A22696D755F737461747573222C22737562223A22227D2C22636F6E74656E74223A7B2254696D655374616D70223A31312C224672616D65436F756E746572223A3236303031342C2247445F58223A2D302E30313232313732353135383339333338332C2247445F59223A302E30303531393231323338313931343235382C2247445F5A223A302E303032313337383130393233313539313232352C2241445F58223A2D302E3030343135383631363036353937393030342C2241445F59223A302E303031383030363432353831363536353735322C2241445F5A223A2D302E313638323537373133333137383731312C2254656D70447370223A302C22537461747573223A302C2243616C69625374617465223A312C22536967416D70496E76616C6964223A307D7D, 138 
05-27 18:53:47.864   536   536 D commservice260303: Push Message into SendPool fn=238617600
05-27 18:53:47.864   536   536 D commservice260303: ComProtocolLibSend2Cluster::send2ClusterRaw fn=238617600 , len=330
05-27 18:53:47.864   536   536 D commservice260303: sendCmdToPort :330!!!
05-27 18:53:47.864   536   536 D commservice260303: send Cmd To Port ++++5AA501468A010004390E6A16CD3B7B22636F6D6D616E64223A7B226964223A22696D755F737461747573222C22737562223A22227D2C22636F6E74656E74223A7B2254696D655374616D70223A31312C224672616D65436F756E746572223A3236303031342C2247445F58223A2D302E30313232313732353135383339333338332C2247445F59223A302E30303531393231323338313931343235382C2247445F5A223A302E303032313337383130393233313539313232352C2241445F58223A2D302E3030343135383631363036353937393030342C2241445F59223A302E303031383030363432353831363536353735322C2241445F5A223A2D302E313638323537373133333137383731312C2254656D70447370223A302C22537461747573223A302C2243616C69625374617465223A312C22536967416D70496E76616C6964223A307D7D0C5E
05-27 18:53:47.864   536   536 D commservice260303: bufferevent_write retrun value = 0
05-27 18:53:47.864   536   560 D commservice260303: client datas send succeed,send finish
05-27 18:53:47.864 13911 14192 D Sentinelmode_1.2.5.17_sentry: <SentryImuClusterFgeSender>imu_status sent to Linux, frame=260014, tsNs=11095108, tsMs=11, intervalMs=41, ad=(-0.004158616,0.0018006426,-0.16825771), gd=(-0.012217252,0.005192124,0.002137811)
05-27 18:53:47.868 13911 14183 I SentryImuMcuAngleSender: 179.97546rollDeg
05-27 18:53:47.868 13911 14183 I SentryImuMcuAngleSender: 1,0,0
05-27 18:53:47.869   581   581 I SpiService: fgesysctrl_getGPIO_status success val=1
05-27 18:53:47.870 10041 10041 D Zygote  : Forked child process 11262
05-27 18:53:47.871 10188 10661 I am_proc_start: [0,11262,1000,com.anwsdk.service:remote,service,{com.anwsdk.service/com.anwsdk.service.anwbtservice}]
05-27 18:53:47.871 10188 10661 I ActivityManager: Start proc 11262:com.anwsdk.service:remote/1000 for service {com.anwsdk.service/com.anwsdk.service.anwbtservice}
05-27 18:53:47.872 10188 10661 D ActivityManager: ProcessRecord{3e62bbb 11262:com.anwsdk.service:remote/1000} setPendingStart=false callers=com.android.server.am.ProcessList.handleProcessStartedLocked:2646 com.android.server.am.UnisocProcessList.handleProcessStartedLocked:377 com.android.server.am.ProcessList.handleProcessStartedLocked:2585 com.android.server.am.ProcessList.lambda$handleProcessStart$1$com-android-server-am-ProcessList:1993 com.android.server.am.ProcessList$$ExternalSyntheticLambda1.run:22 com.android.server.am.ProcessList.handleProcessStart:2016 com.android.server.am.ProcessList.lambda$startProcessLocked$0$com-android-server-am-ProcessList:1950 com.android.server.am.ProcessList$$ExternalSyntheticLambda5.run:22 android.os.Handler.handleCallback:942 android.os.Handler.dispatchMessage:99 
05-27 08:44:56.834   581   581 D spi_rst_gpio_get_output: GPIO 145 value: 1
05-27 18:53:47.875   581   581 I SpiService: fgesysctrl_getGPIO_status success val=0
05-27 08:44:56.839   581   581 D spidev_ioctl: gpio status=0)
05-27 18:53:47.877 11262 11262 I Zygote  : seccomp disabled by setenforce 0
05-27 18:53:47.882   283   307 I rvcservice: t.code = 3, t.value = 0
05-27 18:53:47.883  1008 30857 D [OMXB]  : usingANWBuffer: handle:0xee7406f0, format:1, w:1920, h:1080
05-27 18:53:47.883 11262 11262 I .service:remote: Late-enabling -Xcheck:jni
05-27 18:53:47.881 30773 30773 I auditd  : type=1400 audit(0.0:69476): avc: denied { call } for comm="CodecLooper" scontext=u:r:adayo_dvr_service:s0 tcontext=u:r:mediacodec:s0 tclass=binder permissive=1
05-27 18:53:47.881 30773 30773 I CodecLooper: type=1400 audit(0.0:69476): avc: denied { call } for scontext=u:r:adayo_dvr_service:s0 tcontext=u:r:mediacodec:s0 tclass=binder permissive=1
05-27 18:53:47.888 13911 14183 I SentryImuMcuAngleSender: 179.96846rollDeg
05-27 18:53:47.888 13911 14183 I SentryImuMcuAngleSender: 1,0,0
05-27 18:53:47.889   581   581 I SpiService: fgesysctrl_getGPIO_status success val=1
05-27 18:53:47.885 11241 11241 I auditd  : type=1400 audit(0.0:69477): avc: denied { append } for comm="cat" path="/mnt/log_data/AndroidLog/kernel/default-1.txt" dev="vda93" ino=180272 scontext=u:r:toolbox:s0 tcontext=u:object_r:log_data_file:s0 tclass=file permissive=1
05-27 18:53:47.885 11241 11241 I cat     : type=1400 audit(0.0:69477): avc: denied { append } for path="/mnt/log_data/AndroidLog/kernel/default-1.txt" dev="vda93" ino=180272 scontext=u:r:toolbox:s0 tcontext=u:object_r:log_data_file:s0 tclass=file permissive=1
05-27 18:53:47.893   299 30844 D EvsDriver: forwardFrame
05-27 18:53:47.894   299 30841 D EvsDriver: forwardFrame
05-27 18:53:47.895   581   581 I SpiService: fgesysctrl_getGPIO_status success val=1
05-27 18:53:47.896   299 30844 D EvsDriver: Delivered 0xb400007b7ca56900 as id 0
05-27 18:53:47.897  1167  1479 D evsmanagerd: /dev/video6 forwarded the buffer #0 to 0xb4000074bf5f5510 from 0xb4000074bf5f6d90
05-27 18:53:47.898   299 30841 D EvsDriver: Delivered 0xb400007b7ca56a60 as id 0
05-27 18:53:47.898  1167  1479 D evsmanagerd: /dev/video4 forwarded the buffer #0 to 0xb4000074bf5f6850 from 0xb4000074bf5f41d0
05-27 18:53:47.900   299  1163 D EvsDriver: doneWithFrame
05-27 18:53:47.901   581   581 I SpiService: fgesysctrl_getGPIO_status success val=1
05-27 18:53:47.897 30773 30773 I auditd  : type=1400 audit(0.0:69478): avc: denied { call } for comm=4E444B204D65646961436F6465635F scontext=u:r:adayo_dvr_service:s0 tcontext=u:r:mediaswcodec:s0 tclass=binder permissive=1
05-27 18:53:47.897 30773 30773 I /system/bin/adayo_dvr_service: type=1400 audit(0.0:69478): avc: denied { call } for comm=4E444B204D65646961436F6465635F scontext=u:r:adayo_dvr_service:s0 tcontext=u:r:mediaswcodec:s0 tclass=binder permissive=1
05-27 18:53:47.897  1044  1044 I auditd  : type=1400 audit(0.0:69479): avc: denied { use } for comm="oid.aac.encoder" path="/dmabuf:" dev="dmabuf" ino=776945 scontext=u:r:mediaswcodec:s0 tcontext=u:r:adayo_dvr_service:s0 tclass=fd permissive=1
05-27 18:53:47.897  1044  1044 I oid.aac.encoder: type=1400 audit(0.0:69479): avc: denied { use } for path="/dmabuf:" dev="dmabuf" ino=776945 scontext=u:r:mediaswcodec:s0 tcontext=u:r:adayo_dvr_service:s0 tclass=fd permissive=1
05-27 18:53:47.897 30773 30773 I auditd  : type=1400 audit(0.0:69480): avc: denied { use } for comm="CameraHelper" path="anon_inode:sync_file" dev="anon_inodefs" ino=14081 scontext=u:r:mediacodec:s0 tcontext=u:r:adayo_dvr_service:s0 tclass=fd permissive=1
05-27 18:53:47.897 30773 30773 I CameraHelper: type=1400 audit(0.0:69480): avc: denied { use } for path="anon_inode:sync_file" dev="anon_inodefs" ino=14081 scontext=u:r:mediacodec:s0 tcontext=u:r:adayo_dvr_service:s0 tclass=fd permissive=1
05-27 18:53:47.903  1008 30856 D [OMXB]  : usingANWBuffer: handle:0xee7416c0, format:1, w:1920, h:1080
05-27 18:53:47.903   299  1163 D EvsDriver: doneWithFrame
05-27 18:53:47.907   581   581 I SpiService: fgesysctrl_getGPIO_status success val=1
05-27 18:53:47.907 30773 30786 I dvr_service_: CameraX 0  audioOK: 97487156,audios:1470
05-27 18:53:47.907 30773 30786 I dvr_service_: CameraX 1  audioOK: 97487156,audios:1470
05-27 18:53:47.908   536   536 D commservice260303: msg.id = 1028,1
05-27 18:53:47.908   536   536 D commservice260303: i = 170, msgid = 8A000404
05-27 18:53:47.908   536   536 D commservice260303: msgid = -1979710460,did=138
05-27 18:53:47.908   536   536 D commservice260303: CommProtocolLibCmdBaseI2C::dataproc {"command":{"id":"imu_status","sub":""},"content":{"TimeStamp":11,"FrameCounter":260015,"GD_X":-0.012293193489313126,"GD_Y":0.005039200186729431,"GD_Z":0.002213752595707774,"AD_X":-0.004755377769470215,"AD_Y":0.0036091988440603018,"AD_Z":-0.16886615753173828,"TempDsp":0,"Status":0,"CalibState":1,"SigAmpInvalid":0}},-1979710460
05-27 18:53:47.908   536   536 D commservice260303: send2Cluster len:316, 7B22636F6D6D616E64223A7B226964223A22696D755F737461747573222C22737562223A22227D2C22636F6E74656E74223A7B2254696D655374616D70223A31312C224672616D65436F756E746572223A3236303031352C2247445F58223A2D302E3031323239333139333438393331333132362C2247445F59223A302E3030353033393230303138363732393433312C2247445F5A223A302E3030323231333735323539353730373737342C2241445F58223A2D302E3030343735353337373736393437303231352C2241445F59223A302E303033363039313938383434303630333031382C2241445F5A223A2D302E31363838363631353735333137333832382C2254656D70447370223A302C22537461747573223A302C2243616C69625374617465223A312C22536967416D70496E76616C6964223A307D7D, 138 
05-27 18:53:47.908   536   536 D commservice260303: Push Message into SendPool fn=255394816
05-27 18:53:47.908   536   536 D commservice260303: ComProtocolLibSend2Cluster::send2ClusterRaw fn=255394816 , len=332
05-27 18:53:47.909   536   536 D commservice260303: sendCmdToPort :332!!!
05-27 18:53:47.909   536   536 D commservice260303: send Cmd To Port ++++5AA501488A010004390F6A16CD3B7B22636F6D6D616E64223A7B226964223A22696D755F737461747573222C22737562223A22227D2C22636F6E74656E74223A7B2254696D655374616D70223A31312C224672616D65436F756E746572223A3236303031352C2247445F58223A2D302E3031323239333139333438393331333132362C2247445F59223A302E3030353033393230303138363732393433312C2247445F5A223A302E3030323231333735323539353730373737342C2241445F58223A2D302E3030343735353337373736393437303231352C2241445F59223A302E303033363039313938383434303630333031382C2241445F5A223A2D302E31363838363631353735333137333832382C2254656D70447370223A302C22537461747573223A302C2243616C69625374617465223A312C22536967416D70496E76616C6964223A307D7DED4E
05-27 18:53:47.909   536   536 D commservice260303: bufferevent_write retrun value = 0
05-27 18:53:47.909   536   560 D commservice260303: client datas send succeed,send finish
05-27 18:53:47.909 13911 14192 D Sentinelmode_1.2.5.17_sentry: <SentryImuClusterFgeSender>imu_status sent to Linux, frame=260015, tsNs=11095143, tsMs=11, intervalMs=45, ad=(-0.004755378,0.0036091988,-0.16886616), gd=(-0.0122931935,0.0050392,0.0022137526)
05-27 18:53:47.912   581   581 I SpiService: fgesysctrl_getGPIO_status success val=0
05-27 18:53:47.917 13911 14183 I SentryImuMcuAngleSender: 179.96497rollDeg
05-27 18:53:47.918 13911 14183 I SentryImuMcuAngleSender: 1,0,0
05-27 18:53:47.921   299 30844 D EvsDriver: forwardFrame
05-27 18:53:47.921   299 30841 D EvsDriver: forwardFrame
05-27 18:53:47.924   299 30844 D EvsDriver: Delivered 0xb400007b7ca56900 as id 0
05-27 18:53:47.924  1167  1479 D evsmanagerd: /dev/video6 forwarded the buffer #0 to 0xb4000074bf5f5510 from 0xb4000074bf5f6d90
05-27 18:53:47.925 30773 30773 E dvr_service_: [myNum:1] Received S**** loss
05-27 18:53:47.925   299  1163 D EvsDriver: doneWithFrame
05-27 18:53:47.926  1167  1479 D evsmanagerd: /dev/video4 forwarded the buffer #0 to 0xb4000074bf5f6850 from 0xb4000074bf5f41d0
05-27 18:53:47.926   299 30841 D EvsDriver: Delivered 0xb400007b7ca56a60 as id 0
05-27 18:53:47.926 30773 30773 E dvr_service_: [myNum:0] Received S**** loss
05-27 18:53:47.926   299  1163 D EvsDriver: doneWithFrame
05-27 18:53:47.927  1008 30857 D [OMXB]  : usingANWBuffer: handle:0xee7427f0, format:1, w:1920, h:1080
05-27 18:53:47.928   581   581 I SpiService: fgesysctrl_getGPIO_status success val=1
05-27 18:53:47.929   481   598 I mcuc    : rev,n=1,6AA681DF78000A89003D010409101234569E
05-27 18:53:47.929   351   373 D automotive.vehicle@2.0-adayo-datacomm-mcu: MCUDatacomm sendMessageFromVehicle prop: 0x89, areaId: 0x0, status: 0x3d, timestamp: 0x1
05-27 18:53:47.929  1121  1144 I tboxmids_ap: [2026-05-27 18:53:47.929] [MCU RX] src=MCU dst=ZMQ len=10 type=BINARY data=00 08 3D 01 04 09 10 12 34 56 
05-27 18:53:47.929   351   373 D automotive.vehicle@2.0-adayo-datacomm-mcu: MCUDatacomm 1sendMessageFromVehicle ---> type = 12 
05-27 18:53:47.931  1083  1083 I MyAppLog: [2026-05-27 18:53:47.929 I tboxap mcuCommTboxmidsRecvCb:97] [Mcu] [mcuCommTboxmidsRecvCb] recv from tboxmids, size:10
05-27 18:53:47.931  1083  1083 I MyAppLog: [2026-05-27 18:53:47.930 I tboxap mcuCommTboxmidsRecvCb:98] [Mcu] [tboxmids -> tboxap]: :00 08 3D 01 04 09 10 12 34 56
05-27 18:53:47.931  1083  1083 I MyAppLog: [2026-05-27 18:53:47.930 I tboxap mcuPtlParseData:990] [Mcu] [Mcu  Parse]: (cmd):0910 (param):0910123456
05-27 18:53:47.931  1083  1083 W MyAppLog: [2026-05-27 18:53:47.930 W tboxap mcuParamDataRevPack:918] [Mcu] mcuParamDataRevPack start pack data!!!
05-27 18:53:47.931  1083  1083 I MyAppLog: [2026-05-27 18:53:47.930 I tboxap MCU_BATT_STATIC_DATA_IND_McuInd:515] [Mcu] [MCU_BATT_STATIC_DATA_IND_McuInd] staticData type:0x12 len:5
05-27 18:53:47.933   581   581 I SpiService: fgesysctrl_getGPIO_status success val=1
05-27 18:53:47.939 13911 14183 I SentryImuMcuAngleSender: 179.97197rollDeg
05-27 18:53:47.939 13911 14183 I SentryImuMcuAngleSender: 1,0,0
05-27 18:53:47.939   581   581 I SpiService: fgesysctrl_getGPIO_status success val=1
05-27 18:53:47.940 11262 11262 D .service:remote: Received session metadata: 7054568358591186149
05-27 08:44:56.904   581   581 D spi_rst_gpio_get_output: GPIO 145 value: 1
05-27 18:53:47.943 11344 11344 E SystemUI_NavBarFragment: SysUIConfig.icCarServiceConnected：false
05-27 18:53:47.944   581   581 I SpiService: fgesysctrl_getGPIO_status success val=1
05-27 18:53:47.945  1008 30856 D [OMXB]  : usingANWBuffer: handle:0xee744fd0, format:1, w:1920, h:1080
05-27 18:53:47.948   572   622 I Sensors : 230 AccelSensor: x:-0.165920,y:0.005490,z:-9.974110
05-27 18:53:47.951   581   581 I SpiService: fgesysctrl_getGPIO_status success val=1
05-27 18:53:47.951   536   536 D commservice260303: msg.id = 1028,3
05-27 18:53:47.951   536   536 D commservice260303: i = 170, msgid = 8A000404
05-27 18:53:47.951   536   536 D commservice260303: msgid = -1979710460,did=138
05-27 18:53:47.951   536   536 D commservice260303: CommProtocolLibCmdBaseI2C::dataproc {"command":{"id":"imu_status","sub":""},"content":{"TimeStamp":11,"FrameCounter":260016,"GD_X":-0.010766036808490753,"GD_Y":0.00519212381914258,"GD_Z":0.0017560218693688512,"AD_X":-0.0017057359218597412,"AD_Y":0.0023737417068332434,"AD_Z":-0.1682577133178711,"TempDsp":0,"Status":0,"CalibState":1,"SigAmpInvalid":0}},-1979710460
05-27 18:53:47.952   536   536 D commservice260303: send2Cluster len:316, 7B22636F6D6D616E64223A7B226964223A22696D755F737461747573222C22737562223A22227D2C22636F6E74656E74223A7B2254696D655374616D70223A31312C224672616D65436F756E746572223A3236303031362C2247445F58223A2D302E3031303736363033363830383439303735332C2247445F59223A302E30303531393231323338313931343235382C2247445F5A223A302E303031373536303231383639333638383531322C2241445F58223A2D302E303031373035373335393231383539373431322C2241445F59223A302E303032333733373431373036383333323433342C2241445F5A223A2D302E313638323537373133333137383731312C2254656D70447370223A302C22537461747573223A302C2243616C69625374617465223A312C22536967416D70496E76616C6964223A307D7D, 138 
05-27 18:53:47.952   536   536 D commservice260303: Push Message into SendPool fn=272172032
05-27 18:53:47.952   536   536 D commservice260303: ComProtocolLibSend2Cluster::send2ClusterRaw fn=272172032 , len=332
05-27 18:53:47.952   536   536 D commservice260303: sendCmdToPort :332!!!
05-27 18:53:47.952   536   536 D commservice260303: send Cmd To Port ++++5AA501488A01000439106A16CD3B7B22636F6D6D616E64223A7B226964223A22696D755F737461747573222C22737562223A22227D2C22636F6E74656E74223A7B2254696D655374616D70223A31312C224672616D65436F756E746572223A3236303031362C2247445F58223A2D302E3031303736363033363830383439303735332C2247445F59223A302E30303531393231323338313931343235382C2247445F5A223A302E303031373536303231383639333638383531322C2241445F58223A2D302E303031373035373335393231383539373431322C2241445F59223A302E303032333733373431373036383333323433342C2241445F5A223A2D302E313638323537373133333137383731312C2254656D70447370223A302C22537461747573223A302C2243616C69625374617465223A312C22536967416D70496E76616C6964223A307D7D4414
05-27 18:53:47.952   536   536 D commservice260303: bufferevent_write retrun value = 0
05-27 18:53:47.952   536   560 D commservice260303: client datas send succeed,send finish
05-27 18:53:47.953 13911 14192 D Sentinelmode_1.2.5.17_sentry: <SentryImuClusterFgeSender>imu_status sent to Linux, frame=260016, tsNs=11095179, tsMs=11, intervalMs=43, ad=(-0.0017057359,0.0023737417,-0.16825771), gd=(-0.010766037,0.005192124,0.0017560219)
05-27 18:53:47.956   581   581 I SpiService: fgesysctrl_getGPIO_status success val=0
05-27 18:53:47.957   481   597 I mcuc    : send SPI:6AA602DF78000289001C
05-27 18:53:47.958   299 30844 D EvsDriver: forwardFrame
05-27 18:53:47.958   299 30841 D EvsDriver: forwardFrame
05-27 18:53:47.960 13911 14183 I SentryImuMcuAngleSender: 179.96846rollDeg
05-27 18:53:47.960 13911 14183 I SentryImuMcuAngleSender: 1,0,0
05-27 18:53:47.960   299 30844 D EvsDriver: Delivered 0xb400007b7ca56900 as id 0
05-27 18:53:47.960  1167  1167 D evsmanagerd: /dev/video4 forwarded the buffer #0 to 0xb4000074bf5f6850 from 0xb4000074bf5f41d0
05-27 18:53:47.960  1167  1479 D evsmanagerd: /dev/video6 forwarded the buffer #0 to 0xb4000074bf5f5510 from 0xb4000074bf5f6d90
05-27 18:53:47.960   299 30841 D EvsDriver: Delivered 0xb400007b7ca56a60 as id 0
05-27 18:53:47.962  1008 30857 D [OMXB]  : usingANWBuffer: handle:0xee740bc0, format:1, w:1920, h:1080
05-27 18:53:47.963   299  1153 D EvsDriver: doneWithFrame
05-27 18:53:47.963   299  1163 D EvsDriver: doneWithFrame
05-27 18:53:47.972   581   581 I SpiService: fgesysctrl_getGPIO_status success val=1
05-27 18:53:47.976  1116  1135 I adbd    : jdwp connection from 11262
05-27 18:53:47.978   581   581 I SpiService: fgesysctrl_getGPIO_status success val=1
05-27 18:53:47.981 13911 14183 I SentryImuMcuAngleSender: 179.97899rollDeg
05-27 18:53:47.981 13911 14183 I SentryImuMcuAngleSender: 1,0,0
05-27 18:53:47.982  1008 30856 D [OMXB]  : usingANWBuffer: handle:0xee742a00, format:1, w:1920, h:1080
05-27 18:53:47.983   283   307 I rvcservice: t.code = 1, t.value = -170800
05-27 18:53:47.984   581   581 I SpiService: fgesysctrl_getGPIO_status success val=1
05-27 18:53:47.989   536   536 D commservice260303: msg.id = 1028,1
05-27 18:53:47.989   536   536 D commservice260303: i = 170, msgid = 8A000404
05-27 18:53:47.989   536   536 D commservice260303: msgid = -1979710460,did=138
05-27 18:53:47.989   536   536 D commservice260303: CommProtocolLibCmdBaseI2C::dataproc {"command":{"id":"imu_status","sub":""},"content":{"TimeStamp":11,"FrameCounter":260017,"GD_X":-0.010613113641738892,"GD_Y":0.0048857564106583595,"GD_Z":0.00259606190957129,"AD_X":-0.002334102988243103,"AD_Y":-7.857033051550388E-5,"AD_Z":-0.17130184173583984,"TempDsp":0,"Status":0,"CalibState":1,"SigAmpInvalid":0}},-1979710460
05-27 18:53:47.989   536   536 D commservice260303: send2Cluster len:316, 7B22636F6D6D616E64223A7B226964223A22696D755F737461747573222C22737562223A22227D2C22636F6E74656E74223A7B2254696D655374616D70223A31312C224672616D65436F756E746572223A3236303031372C2247445F58223A2D302E3031303631333131333634313733383839322C2247445F59223A302E303034383835373536343130363538333539352C2247445F5A223A302E30303235393630363139303935373132392C2241445F58223A2D302E3030323333343130323938383234333130332C2241445F59223A2D372E383537303333303531353530333838452D352C2241445F5A223A2D302E31373133303138343137333538333938342C2254656D70447370223A302C22537461747573223A302C2243616C69625374617465223A312C22536967416D70496E76616C6964223A307D7D, 138 
05-27 18:53:47.989   536   536 D commservice260303: Push Message into SendPool fn=288949248
05-27 18:53:47.989   536   536 D commservice260303: ComProtocolLibSend2Cluster::send2ClusterRaw fn=288949248 , len=332
05-27 18:53:47.990   536   536 D commservice260303: sendCmdToPort :332!!!
05-27 18:53:47.990   581   581 I SpiService: fgesysctrl_getGPIO_status success val=1
05-27 18:53:47.990   536   536 D commservice260303: send Cmd To Port ++++5AA501488A01000439116A16CD3B7B22636F6D6D616E64223A7B226964223A22696D755F737461747573222C22737562223A22227D2C22636F6E74656E74223A7B2254696D655374616D70223A31312C224672616D65436F756E746572223A3236303031372C2247445F58223A2D302E3031303631333131333634313733383839322C2247445F59223A302E303034383835373536343130363538333539352C2247445F5A223A302E30303235393630363139303935373132392C2241445F58223A2D302E3030323333343130323938383234333130332C2241445F59223A2D372E383537303333303531353530333838452D352C2241445F5A223A2D302E31373133303138343137333538333938342C2254656D70447370223A302C22537461747573223A302C2243616C69625374617465223A312C22536967416D70496E76616C6964223A307D7D71EB
05-27 18:53:47.990   536   536 D commservice260303: bufferevent_write retrun value = 0
05-27 18:53:47.990   536   560 D commservice260303: client datas send succeed,send finish
05-27 18:53:47.990 13911 14192 D Sentinelmode_1.2.5.17_sentry: <SentryImuClusterFgeSender>imu_status sent to Linux, frame=260017, tsNs=11095232, tsMs=11, intervalMs=38, ad=(-0.002334103,-7.857033E-5,-0.17130184), gd=(-0.010613114,0.0048857564,0.002596062)
05-27 18:53:47.992 11262 11262 W ziparchive: Unable to open '/system_ext/framework/unisoc-framework.dm': No such file or directory
05-27 18:53:47.992 11262 11262 W ziparchive: Unable to open '/system_ext/framework/unisoc-framework.dm': No such file or directory
05-27 18:53:47.994   299 30844 D EvsDriver: forwardFrame
05-27 18:53:47.995   299 30841 D EvsDriver: forwardFrame
05-27 18:53:47.996   581   581 I SpiService: fgesysctrl_getGPIO_status success val=1
05-27 18:53:47.996   299 30844 D EvsDriver: Delivered 0xb400007b7ca56900 as id 0
05-27 18:53:47.996  1167  1479 D evsmanagerd: /dev/video6 forwarded the buffer #0 to 0xb4000074bf5f5510 from 0xb4000074bf5f6d90
05-27 18:53:47.996   299 30841 D EvsDriver: Delivered 0xb400007b7ca56a60 as id 0
05-27 18:53:47.997  1167  1479 D evsmanagerd: /dev/video4 forwarded the buffer #0 to 0xb4000074bf5f6850 from 0xb4000074bf5f41d0
05-27 18:53:47.999  1008 30857 D [OMXB]  : usingANWBuffer: handle:0xee746aa0, format:1, w:1920, h:1080
05-27 18:53:47.999 10188 16726 I am_proc_bound: [0,11262,com.anwsdk.service:remote]
05-27 18:53:48.000   299  1163 D EvsDriver: doneWithFrame
05-27 18:53:48.000   299  1153 D EvsDriver: doneWithFrame
05-27 18:53:48.002 30773 30789 I dvr_service_: Camera 1: Buffer reuse stats - Total: 221200, Reused: 109707, New: 111493, Rate: 49.6%
05-27 18:53:48.002   581   581 I SpiService: fgesysctrl_getGPIO_status success val=0
05-27 18:53:48.003 10188 16726 I am_create_service: [0,208025669,.anwbtservice,1000,11262]
05-27 18:53:48.005 13911 14183 I SentryImuMcuAngleSender: 179.986rollDeg
05-27 18:53:48.005 13911 14183 I SentryImuMcuAngleSender: 1,0,0
05-27 18:53:48.012 15858 15972 D MessageCenterService: 服务运行中
05-27 18:53:48.012 11262 11262 D CompatibilityChangeReporter: Compat change id reported: 171979766; UID 1000; state: ENABLED
05-27 18:53:48.017 11262 11262 D CompatibilityInfo: applyToConfigurationCompat inoutConfig.densityDpi= 160
05-27 18:53:48.018   581   581 I SpiService: fgesysctrl_getGPIO_status success val=1
05-27 18:53:48.019   481   598 I mcuc    : rev,n=1,6AA681DF79001B89008B0600030E3031323334353637383941424344454647000000F8
05-27 18:53:48.019   351   373 D automotive.vehicle@2.0-adayo-datacomm-mcu: MCUDatacomm sendMessageFromVehicle prop: 0x89, areaId: 0x0, status: 0x8b, timestamp: 0x6
05-27 18:53:48.019   351   373 D automotive.vehicle@2.0-adayo-datacomm-mcu: MCUDatacomm 1sendMessageFromVehicle ---> type = 3 
05-27 18:53:48.019   351   373 D automotive.vehicle@2.0-adayo-func-bcm: sendMessageFromVehicle sendMessageFromVehicle
05-27 18:53:48.019   351   516 D automotive.vehicle@2.0-adayo-func-bcm: jjfan1 ______procotolSize :1
05-27 18:53:48.019   351   516 D automotive.vehicle@2.0-adayo-func-bcm: BCMFunc sendMessageFromVehicle_l dataType: 13,mByte=7,propid=0x2110001a
05-27 18:53:48.019   351   516 D automotive.vehicle@2.0-adayo-func-bcm: BCMFunc VEHICLE_VIN_CODE111 0x2110001a 
05-27 18:53:48.019   351   516 E automotive.vehicle@2.0-adayo-func-bcm: byteArrayToASCIIString, index 7 hex: 30, ascii: 0
05-27 18:53:48.019   351   516 E automotive.vehicle@2.0-adayo-func-bcm: byteArrayToASCIIString, index 8 hex: 31, ascii: 01
05-27 18:53:48.019   351   516 E automotive.vehicle@2.0-adayo-func-bcm: byteArrayToASCIIString, index 9 hex: 32, ascii: 012
05-27 18:53:48.019   351   516 E automotive.vehicle@2.0-adayo-func-bcm: byteArrayToASCIIString, index 10 hex: 33, ascii: 0123
05-27 18:53:48.019   351   516 E automotive.vehicle@2.0-adayo-func-bcm: byteArrayToASCIIString, index 11 hex: 34, ascii: 01234
05-27 18:53:48.019   351   516 E automotive.vehicle@2.0-adayo-func-bcm: byteArrayToASCIIString, index 12 hex: 35, ascii: 012345
05-27 18:53:48.019   351   516 E automotive.vehicle@2.0-adayo-func-bcm: byteArrayToASCIIString, index 13 hex: 36, ascii: 0123456
05-27 18:53:48.019   351   516 E automotive.vehicle@2.0-adayo-func-bcm: byteArrayToASCIIString, index 14 hex: 37, ascii: 01234567
05-27 18:53:48.019   351   516 E automotive.vehicle@2.0-adayo-func-bcm: byteArrayToASCIIString, index 15 hex: 38, ascii: 012345678
05-27 18:53:48.019   351   516 E automotive.vehicle@2.0-adayo-func-bcm: byteArrayToASCIIString, index 16 hex: 39, ascii: 0123456789
05-27 18:53:48.019   351   516 E automotive.vehicle@2.0-adayo-func-bcm: byteArrayToASCIIString, index 17 hex: 41, ascii: 0123456789A
05-27 18:53:48.019   351   516 E automotive.vehicle@2.0-adayo-func-bcm: byteArrayToASCIIString, index 18 hex: 42, ascii: 0123456789AB
05-27 18:53:48.019   351   516 E automotive.vehicle@2.0-adayo-func-bcm: byteArrayToASCIIString, index 19 hex: 43, ascii: 0123456789ABC
05-27 18:53:48.019   351   516 E automotive.vehicle@2.0-adayo-func-bcm: byteArrayToASCIIString, index 20 hex: 44, ascii: 0123456789ABCD
05-27 18:53:48.019   351   516 E automotive.vehicle@2.0-adayo-func-bcm: byteArrayToASCIIString, index 21 hex: 45, ascii: 0123456789ABCDE
05-27 18:53:48.019   351   516 E automotive.vehicle@2.0-adayo-func-bcm: byteArrayToASCIIString, index 22 hex: 46, ascii: 0123456789ABCDEF
05-27 18:53:48.020   351   516 E automotive.vehicle@2.0-adayo-func-bcm: byteArrayToASCIIString, index 23 hex: 47, ascii: 0123456789ABCDEFG
05-27 18:53:48.020   351   516 D automotive.vehicle@2.0-adayo-func-bcm: BCMFunc VEHICLE_VIN_CODE222 0x2110001a ,value:0123456789ABCDEFG
05-27 18:53:48.020   351   516 D automotive.vehicle@2.0-adayo-func-bcm: BCMFunc sendMessageFromVehicle_l id:554696730, area:0 not report! 
05-27 18:53:48.021   299 30841 D EvsDriver: forwardFrame
05-27 18:53:48.021   299 30844 D EvsDriver: forwardFrame
05-27 18:53:48.023   299 30841 D EvsDriver: Delivered 0xb400007b7ca56a60 as id 0
05-27 18:53:48.023  1167  1479 D evsmanagerd: /dev/video4 forwarded the buffer #0 to 0xb4000074bf5f6850 from 0xb4000074bf5f41d0
05-27 18:53:48.023   581   581 I SpiService: fgesysctrl_getGPIO_status success val=1
05-27 08:44:56.988   581   581 D spi_rst_gpio_get_output: GPIO 145 value: 1
05-27 08:44:56.988   581   581 D spidev_ioctl: gpio status=1)
05-27 18:53:48.026 13911 14183 I SentryImuMcuAngleSender: 179.96497rollDeg
05-27 18:53:48.026 13911 14183 I SentryImuMcuAngleSender: 1,0,0
05-27 18:53:48.027   299 30844 D EvsDriver: Delivered 0xb400007b7ca56900 as id 0
05-27 18:53:48.027  1167  1479 D evsmanagerd: /dev/video6 forwarded the buffer #0 to 0xb4000074bf5f5510 from 0xb4000074bf5f6d90
05-27 18:53:48.030   581   581 I SpiService: fgesysctrl_getGPIO_status success val=1
05-27 18:53:48.031   299  1153 D EvsDriver: doneWithFrame
05-27 18:53:48.031   299  1163 D EvsDriver: doneWithFrame
05-27 18:53:48.036   581   581 I SpiService: fgesysctrl_getGPIO_status success val=1
05-27 18:53:48.036   572   622 I Sensors : 230 GyroSensor: x:-0.011148,y:0.004963,z:0.002214
05-27 18:53:48.037   536   536 D commservice260303: msg.id = 1028,0
05-27 18:53:48.038   536   536 D commservice260303: i = 170, msgid = 8A000404
05-27 18:53:48.038   536   536 D commservice260303: msgid = -1979710460,did=138
05-27 18:53:48.038   536   536 D commservice260303: CommProtocolLibCmdBaseI2C::dataproc {"command":{"id":"imu_status","sub":""},"content":{"TimeStamp":11,"FrameCounter":260018,"GD_X":-0.011300750076770782,"GD_Y":0.005039200186729431,"GD_Z":0.0019848872907459736,"AD_X":-0.001124069094657898,"AD_Y":0.00356303877197206,"AD_Z":-0.16886138916015625,"TempDsp":0,"Status":0,"CalibState":1,"SigAmpInvalid":0}},-1979710460
05-27 18:53:48.038   536   536 D commservice260303: send2Cluster len:315, 7B22636F6D6D616E64223A7B226964223A22696D755F737461747573222C22737562223A22227D2C22636F6E74656E74223A7B2254696D655374616D70223A31312C224672616D65436F756E746572223A3236303031382C2247445F58223A2D302E3031313330303735303037363737303738322C2247445F59223A302E3030353033393230303138363732393433312C2247445F5A223A302E303031393834383837323930373435393733362C2241445F58223A2D302E3030313132343036393039343635373839382C2241445F59223A302E30303335363330333837373139373230362C2241445F5A223A2D302E31363838363133383931363031353632352C2254656D70447370223A302C22537461747573223A302C2243616C69625374617465223A312C22536967416D70496E76616C6964223A307D7D, 138 
05-27 18:53:48.038   536   536 D commservice260303: Push Message into SendPool fn=305726464
05-27 18:53:48.038   536   536 D commservice260303: ComProtocolLibSend2Cluster::send2ClusterRaw fn=305726464 , len=331
05-27 18:53:48.038   536   536 D commservice260303: sendCmdToPort :331!!!
05-27 18:53:48.038   536   536 D commservice260303: send Cmd To Port ++++5AA501478A01000439126A16CD3C7B22636F6D6D616E64223A7B226964223A22696D755F737461747573222C22737562223A22227D2C22636F6E74656E74223A7B2254696D655374616D70223A31312C224672616D65436F756E746572223A3236303031382C2247445F58223A2D302E3031313330303735303037363737303738322C2247445F59223A302E3030353033393230303138363732393433312C2247445F5A223A302E303031393834383837323930373435393733362C2241445F58223A2D302E3030313132343036393039343635373839382C2241445F59223A302E30303335363330333837373139373230362C2241445F5A223A2D302E31363838363133383931363031353632352C2254656D70447370223A302C22537461747573223A302C2243616C69625374617465223A312C22536967416D70496E76616C6964223A307D7D30C6
05-27 18:53:48.038   536   536 D commservice260303: bufferevent_write retrun value = 0
05-27 18:53:48.038   536   560 D commservice260303: client datas send succeed,send finish
05-27 18:53:48.038 13911 14192 D Sentinelmode_1.2.5.17_sentry: <SentryImuClusterFgeSender>imu_status sent to Linux, frame=260018, tsNs=11095268, tsMs=11, intervalMs=48, ad=(-0.0011240691,0.0035630388,-0.16886139), gd=(-0.01130075,0.0050392,0.0019848873)
05-27 18:53:48.040  1008 30856 D [OMXB]  : usingANWBuffer: handle:0xee744790, format:1, w:1920, h:1080
05-27 18:53:48.042   581   581 I SpiService: fgesysctrl_getGPIO_status success val=1
05-27 18:53:48.046 13911 14183 I SentryImuMcuAngleSender: 179.97899rollDeg
05-27 18:53:48.046 13911 14183 I SentryImuMcuAngleSender: 1,0,0
05-27 18:53:48.048   581   581 I SpiService: fgesysctrl_getGPIO_status success val=0
05-27 18:53:48.048   481   597 I mcuc    : send SPI:6AA602DF79000289001B
05-27 18:53:48.052 11262 11262 D adservices: Registering AdServices's TopicsManager.
05-27 18:53:48.055  1008 30857 D [OMXB]  : usingANWBuffer: handle:0xee740e80, format:1, w:1920, h:1080
05-27 18:53:48.057 11262 11262 D CompatibilityInfo: applyToConfigurationCompat inoutConfig.densityDpi= 160
05-27 18:53:48.057   299 30841 D EvsDriver: forwardFrame
05-27 18:53:48.060   299 30841 D EvsDriver: Delivered 0xb400007b7ca56a60 as id 0
05-27 18:53:48.060  1167  1167 D evsmanagerd: /dev/video4 forwarded the buffer #0 to 0xb4000074bf5f6850 from 0xb4000074bf5f41d0
05-27 18:53:48.062   581   581 I SpiService: fgesysctrl_getGPIO_status success val=1
05-27 18:53:48.064   299  1163 D EvsDriver: doneWithFrame
05-27 18:53:48.066 13911 14183 I SentryImuMcuAngleSender: 179.993rollDeg
05-27 18:53:48.066 13911 14183 I SentryImuMcuAngleSender: 1,0,0
05-27 18:53:48.067   299 30844 D EvsDriver: forwardFrame
05-27 18:53:48.069   581   581 I SpiService: fgesysctrl_getGPIO_status success val=1
05-27 18:53:48.070   536   536 D commservice260303: msg.id = 1028,0
05-27 18:53:48.070   536   536 D commservice260303: i = 170, msgid = 8A000404
05-27 18:53:48.070   536   536 D commservice260303: msgid = -1979710460,did=138
05-27 18:53:48.070   536   536 D commservice260303: CommProtocolLibCmdBaseI2C::dataproc {"command":{"id":"imu_status","sub":""},"content":{"TimeStamp":11,"FrameCounter":260019,"GD_X":-0.011223767884075642,"GD_Y":0.004733873065561056,"GD_Z":0.0022902146447449923,"AD_X":6.85766339302063E-4,"AD_Y":-0.001315653556957841,"AD_Z":-0.17069149017333984,"TempDsp":0,"Status":0,"CalibState":1,"SigAmpInvalid":0}},-1979710460
05-27 18:53:48.071   536   536 D commservice260303: send2Cluster len:315, 7B22636F6D6D616E64223A7B226964223A22696D755F737461747573222C22737562223A22227D2C22636F6E74656E74223A7B2254696D655374616D70223A31312C224672616D65436F756E746572223A3236303031392C2247445F58223A2D302E3031313232333736373838343037353634322C2247445F59223A302E3030343733333837333036353536313035362C2247445F5A223A302E303032323930323134363434373434393932332C2241445F58223A362E3835373636333339333032303633452D342C2241445F59223A2D302E3030313331353635333535363935373834312C2241445F5A223A2D302E31373036393134393031373333333938342C2254656D70447370223A302C22537461747573223A302C2243616C69625374617465223A312C22536967416D70496E76616C6964223A307D7D, 138 
05-27 18:53:48.071   536   536 D commservice260303: Push Message into SendPool fn=322503680
05-27 18:53:48.071   536   536 D commservice260303: ComProtocolLibSend2Cluster::send2ClusterRaw fn=322503680 , len=331
05-27 18:53:48.071   536   536 D commservice260303: sendCmdToPort :331!!!
05-27 18:53:48.071   299 30844 D EvsDriver: Delivered 0xb400007b7ca56900 as id 0
05-27 18:53:48.071   536   536 D commservice260303: send Cmd To Port ++++5AA501478A01000439136A16CD3C7B22636F6D6D616E64223A7B226964223A22696D755F737461747573222C22737562223A22227D2C22636F6E74656E74223A7B2254696D655374616D70223A31312C224672616D65436F756E746572223A3236303031392C2247445F58223A2D302E3031313232333736373838343037353634322C2247445F59223A302E3030343733333837333036353536313035362C2247445F5A223A302E303032323930323134363434373434393932332C2241445F58223A362E3835373636333339333032303633452D342C2241445F59223A2D302E3030313331353635333535363935373834312C2241445F5A223A2D302E31373036393134393031373333333938342C2254656D70447370223A302C22537461747573223A302C2243616C69625374617465223A312C22536967416D70496E76616C6964223A307D7DAC07
05-27 18:53:48.071  1167  1167 D evsmanagerd: /dev/video6 forwarded the buffer #0 to 0xb4000074bf5f5510 from 0xb4000074bf5f6d90
05-27 18:53:48.071   536   536 D commservice260303: bufferevent_write retrun value = 0
05-27 18:53:48.071 13911 14192 D Sentinelmode_1.2.5.17_sentry: <SentryImuClusterFgeSender>imu_status sent to Linux, frame=260019, tsNs=11095304, tsMs=11, intervalMs=33, ad=(6.8576634E-4,-0.0013156536,-0.17069149), gd=(-0.011223768,0.004733873,0.0022902146)
05-27 18:53:48.071   536   560 D commservice260303: client datas send succeed,send finish
05-27 18:53:48.073   299  1163 D EvsDriver: doneWithFrame
05-27 18:53:48.075   581   581 I SpiService: fgesysctrl_getGPIO_status success val=1
05-27 18:53:48.075  1008 30856 D [OMXB]  : usingANWBuffer: handle:0xee742b60, format:1, w:1920, h:1080
05-27 18:53:48.077 10188 16726 I DexManager: com.anwsdk.service loads from null-0 : 0 : /system/framework/javax.obex.jar
05-27 18:53:48.077 10188 16726 I DexManager: Could not find owning package for dex file: /system/framework/javax.obex.jar
05-27 18:53:48.080   581   581 I SpiService: fgesysctrl_getGPIO_status success val=1
05-27 18:53:48.083   283   307 I rvcservice: t.code = 3, t.value = 0
05-27 18:53:48.086   581   581 I SpiService: fgesysctrl_getGPIO_status success val=1
05-27 18:53:48.086 13911 14183 I SentryImuMcuAngleSender: 179.99298rollDeg
05-27 18:53:48.086 13911 14183 I SentryImuMcuAngleSender: 1,0,0
05-27 18:53:48.087 11262 11262 W .service:remote: ClassLoaderContext shared library size mismatch. Expected=0, found=1 (PCL[] | PCL[]{PCL[/system/framework/javax.obex.jar*2267184930]})
05-27 18:53:48.089   299 30844 D EvsDriver: forwardFrame
05-27 18:53:48.091   299 30844 D EvsDriver: Delivered 0xb400007b7ca56900 as id 0
05-27 18:53:48.091  1167  1167 D evsmanagerd: /dev/video6 forwarded the buffer #0 to 0xb4000074bf5f5510 from 0xb4000074bf5f6d90
05-27 18:53:48.091 30773 30783 E dvr_service_: [myNum:1] Received S**** loss
05-27 18:53:48.091   581   581 I SpiService: fgesysctrl_getGPIO_status success val=0
05-27 18:53:48.091   299  1163 D EvsDriver: doneWithFrame
05-27 18:53:48.093 10188 16726 I DexManager: com.anwsdk.service loads from com.anwsdk.service-1 : 0 : /system/app/BluetoothExt/BluetoothExt.apk
05-27 18:53:48.094  1008 30857 D [OMXB]  : usingANWBuffer: handle:0xee743ea0, format:1, w:1920, h:1080
05-27 18:53:48.094   299 30841 D EvsDriver: forwardFrame
05-27 18:53:48.099  1167  1167 D evsmanagerd: /dev/video4 forwarded the buffer #0 to 0xb4000074bf5f6850 from 0xb4000074bf5f41d0
05-27 18:53:48.100 30773 30783 E dvr_service_: [myNum:0] Received S**** loss
05-27 18:53:48.100   299 30841 D EvsDriver: Delivered 0xb400007b7ca56a60 as id 0
05-27 18:53:48.101   299  1163 D EvsDriver: doneWithFrame
05-27 18:53:48.106   581   581 I SpiService: fgesysctrl_getGPIO_status success val=1
05-27 18:53:48.106 13911 14183 I SentryImuMcuAngleSender: 179.98949rollDeg
05-27 18:53:48.106 13911 14183 I SentryImuMcuAngleSender: 1,0,0
05-27 18:53:48.108 11262 11262 D CompatibilityInfo: applyToConfigurationCompat inoutConfig.densityDpi= 160
05-27 18:53:48.110   536   536 D commservice260303: msg.id = 1028,0
05-27 18:53:48.110   536   536 D commservice260303: i = 170, msgid = 8A000404
05-27 18:53:48.110   536   536 D commservice260303: msgid = -1979710460,did=138
05-27 18:53:48.110   536   536 D commservice260303: CommProtocolLibCmdBaseI2C::dataproc {"command":{"id":"imu_status","sub":""},"content":{"TimeStamp":11,"FrameCounter":260020,"GD_X":-0.01153013575822115,"GD_Y":0.0056498548947274685,"GD_Z":0.0016030981205403805,"AD_X":-0.0029815882444381714,"AD_Y":-8.91704112291336E-5,"AD_Z":-0.16581153869628906,"TempDsp":0,"Status":0,"CalibState":1,"SigAmpInvalid":0}},-1979710460
05-27 18:53:48.110   536   536 D commservice260303: send2Cluster len:317, 7B22636F6D6D616E64223A7B226964223A22696D755F737461747573222C22737562223A22227D2C22636F6E74656E74223A7B2254696D655374616D70223A31312C224672616D65436F756E746572223A3236303032302C2247445F58223A2D302E30313135333031333537353832323131352C2247445F59223A302E303035363439383534383934373237343638352C2247445F5A223A302E303031363033303938313230353430333830352C2241445F58223A2D302E303032393831353838323434343338313731342C2241445F59223A2D382E3931373034313132323931333336452D352C2241445F5A223A2D302E31363538313135333836393632383930362C2254656D70447370223A302C22537461747573223A302C2243616C69625374617465223A312C22536967416D70496E76616C6964223A307D7D, 138 
05-27 18:53:48.110   536   536 D commservice260303: Push Message into SendPool fn=339280896
05-27 18:53:48.110   536   536 D commservice260303: ComProtocolLibSend2Cluster::send2ClusterRaw fn=339280896 , len=333
05-27 18:53:48.110   536   536 D commservice260303: sendCmdToPort :333!!!
05-27 18:53:48.110   536   536 D commservice260303: send Cmd To Port ++++5AA501498A01000439146A16CD3C7B22636F6D6D616E64223A7B226964223A22696D755F737461747573222C22737562223A22227D2C22636F6E74656E74223A7B2254696D655374616D70223A31312C224672616D65436F756E746572223A3236303032302C2247445F58223A2D302E30313135333031333537353832323131352C2247445F59223A302E303035363439383534383934373237343638352C2247445F5A223A302E303031363033303938313230353430333830352C2241445F58223A2D302E303032393831353838323434343338313731342C2241445F59223A2D382E3931373034313132323931333336452D352C2241445F5A223A2D302E31363538313135333836393632383930362C2254656D70447370223A302C22537461747573223A302C2243616C69625374617465223A312C22536967416D70496E76616C6964223A307D7DFC23
05-27 18:53:48.110   536   536 D commservice260303: bufferevent_write retrun value = 0
05-27 18:53:48.110 13911 14192 D Sentinelmode_1.2.5.17_sentry: <SentryImuClusterFgeSender>imu_status sent to Linux, frame=260020, tsNs=11095357, tsMs=11, intervalMs=39, ad=(-0.0029815882,-8.917041E-5,-0.16581154), gd=(-0.011530136,0.005649855,0.0016030981)
05-27 18:53:48.110   536   560 D commservice260303: client datas send succeed,send finish
05-27 18:53:48.111   581   581 I SpiService: fgesysctrl_getGPIO_status success val=1
05-27 18:53:48.114  1008 30856 D [OMXB]  : usingANWBuffer: handle:0xee7421c0, format:1, w:1920, h:1080
05-27 18:53:48.117   581   581 I SpiService: fgesysctrl_getGPIO_status success val=1
05-27 18:53:48.121 11262 11262 D libEGL  : <.service:remote>[setCacheFilename]: file=/data/user_de/0/com.anwsdk.service/code_cache/com.android.opengl.shaders_cache
05-27 18:53:48.123   581   581 I SpiService: fgesysctrl_getGPIO_status success val=1
05-27 18:53:48.123   299 30844 D EvsDriver: forwardFrame
05-27 18:53:48.125   299 30844 D EvsDriver: Delivered 0xb400007b7ca56900 as id 0
05-27 18:53:48.125  1167  1167 D evsmanagerd: /dev/video6 forwarded the buffer #0 to 0xb4000074bf5f5510 from 0xb4000074bf5f6d90
05-27 18:53:48.127 13911 14183 I SentryImuMcuAngleSender: 179.99649rollDeg
05-27 18:53:48.127 13911 14183 I SentryImuMcuAngleSender: 1,0,0
05-27 18:53:48.127  1008 30857 D [OMXB]  : usingANWBuffer: handle:0xee7454a0, format:1, w:1920, h:1080
05-27 18:53:48.128   299  1163 D EvsDriver: doneWithFrame
05-27 18:53:48.128   536   560 D commservice260303: recv len:77, 5AA500490600000040F46A16CD3C7B22636F6D6D616E64223A7B226964223A226473695F6C7578222C22737562223A22227D2C22636F6E74656E74223A7B2276616C7565223A3230307D7D8937 from server
05-27 18:53:48.128   581   581 I SpiService: fgesysctrl_getGPIO_status success val=0
05-27 18:53:48.128   536  2578 D commservice260303: mcuDataAnalyzeHandle templen:77,len:77,pos:0, 5AA500490600000040F46A16CD3C7B22636F6D6D616E64223A7B226964223A226473695F6C7578222C22737562223A22227D2C22636F6E74656E74223A7B2276616C7565223A3230307D7D8937 
05-27 18:53:48.128   536  2578 I commservice260303: checksumCal = 35127
05-27 18:53:48.128   536  2578 D commservice260303: CommProtocolLibCmdBaseC2I::dataproc {"command":{"id":"dsi_lux","sub":""},"content":{"value":200}},6
05-27 18:53:48.129   536  2578 D commservice260303: mcuCommMessageManager::notifyMsgToClient hwbinder OK
05-27 18:53:48.129   536  2578 D commservice260303: McuProtocolLibSend2Service::send2Service ret=1
05-27 18:53:48.129 12246 12440 D ivicomm_CommManager: fgeComServiceCallback: {"command":{"id":"dsi_lux","sub":""},"content":{"value":200}}
05-27 18:53:48.130 12246 12440 D ivicomm_CallbackManager: registerCallback DSI_LUX: {"value":200} mCommStateCallbackMap size:4
05-27 18:53:48.130 11579 11719 D NSLogUtils_VehicleService: L2A comm state: id=dsi_lux, value=200
05-27 18:53:48.133 11344  6594 D SystemUI_SystemSettingsControllerService: onCommState: commandID = dsi_lux; value = 200
05-27 18:53:48.133   299 30841 D EvsDriver: forwardFrame
05-27 18:53:48.135   299 30841 D EvsDriver: Delivered 0xb400007b7ca56a60 as id 0
05-27 18:53:48.135  1167  1167 D evsmanagerd: /dev/video4 forwarded the buffer #0 to 0xb4000074bf5f6850 from 0xb4000074bf5f41d0
05-27 18:53:48.137 11262 11262 D NetworkSecurityConfig: No Network Security Config specified, using platform default
05-27 18:53:48.139 11262 11262 D NetworkSecurityConfig: No Network Security Config specified, using platform default
05-27 18:53:48.139   299  1163 D EvsDriver: doneWithFrame
05-27 18:53:48.143   581   581 I SpiService: fgesysctrl_getGPIO_status success val=1
05-27 18:53:48.143   572   572 I Sensors : 230 AccelSensor: x:-0.168360,y:0.003050,z:-9.972890
05-27 18:53:48.148 13911 14183 I SentryImuMcuAngleSender: 179.98248rollDeg
05-27 18:53:48.148 13911 14183 I SentryImuMcuAngleSender: 1,0,0
05-27 18:53:48.148   581   581 I SpiService: fgesysctrl_getGPIO_status success val=1
05-27 18:53:48.150   536   536 D commservice260303: msg.id = 1028,0
05-27 18:53:48.150   536   536 D commservice260303: i = 170, msgid = 8A000404
05-27 18:53:48.150   536   536 D commservice260303: msgid = -1979710460,did=138
05-27 18:53:48.150   536   536 D commservice260303: CommProtocolLibCmdBaseI2C::dataproc {"command":{"id":"imu_status","sub":""},"content":{"TimeStamp":11,"FrameCounter":260021,"GD_X":-0.011377211660146713,"GD_Y":0.005420989356935024,"GD_Z":0.002443138277158141,"AD_X":-0.00237351655960083,"AD_Y":5.258123856037855E-4,"AD_Z":-0.16764068603515625,"TempDsp":0,"Status":0,"CalibState":1,"SigAmpInvalid":0}},-1979710460
05-27 18:53:48.150   536   536 D commservice260303: send2Cluster len:314, 7B22636F6D6D616E64223A7B226964223A22696D755F737461747573222C22737562223A22227D2C22636F6E74656E74223A7B2254696D655374616D70223A31312C224672616D65436F756E746572223A3236303032312C2247445F58223A2D302E3031313337373231313636303134363731332C2247445F59223A302E3030353432303938393335363933353032342C2247445F5A223A302E3030323434333133383237373135383134312C2241445F58223A2D302E30303233373335313635353936303038332C2241445F59223A352E323538313233383536303337383535452D342C2241445F5A223A2D302E31363736343036383630333531353632352C2254656D70447370223A302C22537461747573223A302C2243616C69625374617465223A312C22536967416D70496E76616C6964223A307D7D, 138 
05-27 18:53:48.150   536   536 D commservice260303: Push Message into SendPool fn=356058112
05-27 18:53:48.150   536   536 D commservice260303: ComProtocolLibSend2Cluster::send2ClusterRaw fn=356058112 , len=330
