05-27 18:53:48.279 12348 12448 E ExtUsbManager: 	at ts.car.usb.UsbHalExtController.createService(UsbHalExtController.java:18)
05-27 18:53:48.279 12348 12448 E ExtUsbManager: 	at ts.car.usb.utils.AutoServiceConnector4Hidl.autoConnect(AutoServiceConnector4Hidl.java:47)
05-27 18:53:48.279 12348 12448 E ExtUsbManager: 	at ts.car.usb.utils.AutoServiceConnector4Hidl$$ExternalSyntheticLambda0.run(Unknown Source:2)
05-27 18:53:48.279 12348 12448 E ExtUsbManager: 	at android.os.Handler.handleCallback(Handler.java:942)
05-27 18:53:48.279 12348 12448 E ExtUsbManager: 	at android.os.Handler.dispatchMessage(Handler.java:99)
05-27 18:53:48.279 12348 12448 E ExtUsbManager: 	at android.os.Looper.loopOnce(Looper.java:201)
05-27 18:53:48.279 12348 12448 E ExtUsbManager: 	at android.os.Looper.loop(Looper.java:288)
05-27 18:53:48.279 12348 12448 E ExtUsbManager: 	at android.os.HandlerThread.run(HandlerThread.java:67)
05-27 18:53:48.279   269   269 D libvintf: HalManifest::getHidlTransport(framework): Cannot find android.hardware.usb.gadget@1.0::IUsbGadget/default
05-27 18:53:48.280   269   269 D libvintf: HalManifest::getHidlTransport(device): Cannot find android.hardware.usb.gadget@1.0::IUsbGadget/default
05-27 18:53:48.280   269   269 I hwservicemanager: getTransport: Cannot find entry android.hardware.usb.gadget@1.0::IUsbGadget/default in either framework or device VINTF manifest.
05-27 18:53:48.280 12348 12448 E ExtUsbManager: UsbGadgetController: android.hardware.usb.gadget.V1_0.IUsbGadget getService failed!
05-27 18:53:48.280 12348 12448 E ExtUsbManager: java.util.NoSuchElementException
05-27 18:53:48.280 12348 12448 E ExtUsbManager: 	at android.os.HwBinder.getService(Native Method)
05-27 18:53:48.280 12348 12448 E ExtUsbManager: 	at android.os.HwBinder.getService(HwBinder.java:81)
05-27 18:53:48.280 12348 12448 E ExtUsbManager: 	at android.hardware.usb.gadget.V1_0.IUsbGadget.getService(IUsbGadget.java:74)
05-27 18:53:48.280 12348 12448 E ExtUsbManager: 	at android.hardware.usb.gadget.V1_0.IUsbGadget.getService(IUsbGadget.java:84)
05-27 18:53:48.280 12348 12448 E ExtUsbManager: 	at ts.car.usb.UsbGadgetController.createService(UsbGadgetController.java:36)
05-27 18:53:48.280 12348 12448 E ExtUsbManager: 	at ts.car.usb.UsbGadgetController.createService(UsbGadgetController.java:17)
05-27 18:53:48.280 12348 12448 E ExtUsbManager: 	at ts.car.usb.utils.AutoServiceConnector4Hidl.autoConnect(AutoServiceConnector4Hidl.java:47)
05-27 18:53:48.280 12348 12448 E ExtUsbManager: 	at ts.car.usb.utils.AutoServiceConnector4Hidl$$ExternalSyntheticLambda0.run(Unknown Source:2)
05-27 18:53:48.280 12348 12448 E ExtUsbManager: 	at android.os.Handler.handleCallback(Handler.java:942)
05-27 18:53:48.280 12348 12448 E ExtUsbManager: 	at android.os.Handler.dispatchMessage(Handler.java:99)
05-27 18:53:48.280 12348 12448 E ExtUsbManager: 	at android.os.Looper.loopOnce(Looper.java:201)
05-27 18:53:48.280 12348 12448 E ExtUsbManager: 	at android.os.Looper.loop(Looper.java:288)
05-27 18:53:48.280 12348 12448 E ExtUsbManager: 	at android.os.HandlerThread.run(HandlerThread.java:67)
05-27 18:53:48.282   581   581 I SpiService: fgesysctrl_getGPIO_status success val=1
05-27 18:53:48.284   283   307 I rvcservice: t.code = 3, t.value = 0
05-27 18:53:48.284 11262 11262 D AnwSdkService: [android.permission.READ_EXTERNAL_STORAGE] permision is GRANTED
05-27 18:53:48.287 11262 11262 D AnwSdkService: [android.permission.WRITE_EXTERNAL_STORAGE] permision is GRANTED
05-27 18:53:48.287   581   581 I SpiService: fgesysctrl_getGPIO_status success val=1
05-27 18:53:48.288 13911 14131 D SVR_MNG_SvrMngProxy: getServer: mSvrManger is null
05-27 18:53:48.288 13911 14131 D SVR_MNG_SvrMngProxy: getNewStub: 
05-27 18:53:48.288 13911 14131 D SVR_MNG_SvrMngProxy: getNewStub: getSvrManagerService start
05-27 18:53:48.289 13911 14131 D SVR_MNG_SvrMngProxy: getNewStub: getSvrManagerService end
05-27 18:53:48.289 13911 14131 D SVR_MNG_SvrMngProxy: getServer: svrMngService doesn't start
05-27 18:53:48.290 13911 14183 I SentryImuMcuAngleSender: 179.97897rollDeg
05-27 18:53:48.290 13911 14183 I SentryImuMcuAngleSender: 1,0,0
05-27 18:53:48.290   299 30841 D EvsDriver: forwardFrame
05-27 18:53:48.293  1167  1167 D evsmanagerd: /dev/video4 forwarded the buffer #0 to 0xb4000074bf5f6850 from 0xb4000074bf5f41d0
05-27 18:53:48.293   299 30844 D EvsDriver: forwardFrame
05-27 18:53:48.293   581   581 I SpiService: fgesysctrl_getGPIO_status success val=0
05-27 18:53:48.294   299 30844 D EvsDriver: Delivered 0xb400007b7ca56900 as id 0
05-27 18:53:48.294   299 30841 D EvsDriver: Delivered 0xb400007b7ca56a60 as id 0
05-27 18:53:48.294  1167  1167 D evsmanagerd: /dev/video6 forwarded the buffer #0 to 0xb4000074bf5f5510 from 0xb4000074bf5f6d90
05-27 18:53:48.295   299  1163 D EvsDriver: doneWithFrame
05-27 18:53:48.297  1008 30857 D [OMXB]  : usingANWBuffer: handle:0xee743500, format:1, w:1920, h:1080
05-27 18:53:48.298 11262 11262 D AnwSdkService: onCreate end
05-27 18:53:48.299 11262 11262 D AnwSdkService: onBind
05-27 18:53:48.302   299  1163 D EvsDriver: doneWithFrame
05-27 18:53:48.309   581   581 I SpiService: fgesysctrl_getGPIO_status success val=1
05-27 18:53:48.310 13435 13435 D BtManager: onServiceConnected
05-27 08:44:57.274   581   581 D spidev_ioctl: gpio status=1)
05-27 18:53:48.310 13911 14183 I SentryImuMcuAngleSender: 179.98598rollDeg
05-27 18:53:48.310 13911 14183 I SentryImuMcuAngleSender: 1,0,0
05-27 18:53:48.311 11262 11276 D AnwSdkService: GetPowerStatus = POWER_OFF
05-27 18:53:48.311 11262 11276 D AnwSdkService: ANWBT_GetBTPowerStatus() POWER_OFF
05-27 18:53:48.311 11262 11276 D AnwSdkService: GetPowerStatus = POWER_OFF
05-27 18:53:48.312 13435 13435 D BtManager: ANWBT_BTPowerOn
05-27 18:53:48.312 13435 13435 D BtManager: ANWBT_GetBTPowerStatus
05-27 18:53:48.313   536   536 D commservice260303: msg.id = 1028,0
05-27 18:53:48.313   536   536 D commservice260303: i = 170, msgid = 8A000404
05-27 18:53:48.313   536   536 D commservice260303: msgid = -1979710460,did=138
05-27 18:53:48.313   536   536 D commservice260303: CommProtocolLibCmdBaseI2C::dataproc {"command":{"id":"imu_status","sub":""},"content":{"TimeStamp":11,"FrameCounter":260025,"GD_X":-0.011300750076770782,"GD_Y":0.005268065724521875,"GD_Z":0.0012977708829566836,"AD_X":-0.0036322176456451416,"AD_Y":-1.3076909817755222E-4,"AD_Z":-0.16825294494628906,"TempDsp":0,"Status":0,"CalibState":1,"SigAmpInvalid":0}},-1979710460
05-27 18:53:48.313 11262 11276 D AnwSdkService: GetPowerStatus = POWER_OFF
05-27 18:53:48.313   536   536 D commservice260303: send2Cluster len:319, 7B22636F6D6D616E64223A7B226964223A22696D755F737461747573222C22737562223A22227D2C22636F6E74656E74223A7B2254696D655374616D70223A31312C224672616D65436F756E746572223A3236303032352C2247445F58223A2D302E3031313330303735303037363737303738322C2247445F59223A302E3030353236383036353732343532313837352C2247445F5A223A302E303031323937373730383832393536363833362C2241445F58223A2D302E303033363332323137363435363435313431362C2241445F59223A2D312E33303736393039383137373535323232452D342C2241445F5A223A2D302E31363832353239343439343632383930362C2254656D70447370223A302C22537461747573223A302C2243616C69625374617465223A312C22536967416D70496E76616C6964223A307D7D, 138 
05-27 18:53:48.313   536   536 D commservice260303: Push Message into SendPool fn=423166976
05-27 18:53:48.313 11262 11276 D AnwSdkService: ANWBT_GetBTPowerStatus() POWER_OFF
05-27 18:53:48.313   536   536 D commservice260303: ComProtocolLibSend2Cluster::send2ClusterRaw fn=423166976 , len=335
05-27 18:53:48.313   536   536 D commservice260303: sendCmdToPort :335!!!
05-27 18:53:48.313 11262 11276 D AnwSdkService: GetPowerStatus = POWER_OFF
05-27 18:53:48.313   536   536 D commservice260303: send Cmd To Port ++++5AA5014B8A01000439196A16CD3C7B22636F6D6D616E64223A7B226964223A22696D755F737461747573222C22737562223A22227D2C22636F6E74656E74223A7B2254696D655374616D70223A31312C224672616D65436F756E746572223A3236303032352C2247445F58223A2D302E3031313330303735303037363737303738322C2247445F59223A302E3030353236383036353732343532313837352C2247445F5A223A302E303031323937373730383832393536363833362C2241445F58223A2D302E303033363332323137363435363435313431362C2241445F59223A2D312E33303736393039383137373535323232452D342C2241445F5A223A2D302E31363832353239343439343632383930362C2254656D70447370223A302C22537461747573223A302C2243616C69625374617465223A312C22536967416D70496E76616C6964223A307D7DE89C
05-27 18:53:48.314   536   536 D commservice260303: bufferevent_write retrun value = 0
05-27 18:53:48.314   536   560 D commservice260303: client datas send succeed,send finish
05-27 18:53:48.314 13911 14192 D Sentinelmode_1.2.5.17_sentry: <SentryImuClusterFgeSender>imu_status sent to Linux, frame=260025, tsNs=11095554, tsMs=11, intervalMs=39, ad=(-0.0036322176,-1.307691E-4,-0.16825294), gd=(-0.01130075,0.0052680657,0.0012977709)
05-27 18:53:48.314 11262 11276 D AnwSdkService: anw-update,bt_java_data:20260516
05-27 18:53:48.314 11262 11276 D AnwSdkService: ANWBT_BTPowerOn()
05-27 18:53:48.315 11262 11276 D AnwSdkService: GetPowerStatus = POWER_OFF
05-27 18:53:48.315 11262 11276 D AnwSdkService: SetPowerStatus = POWER_ONING
05-27 18:53:48.315   581   581 I SpiService: fgesysctrl_getGPIO_status success val=1
05-27 18:53:48.316 11262 11288 I ANWJNI_SECOND: anw-update,bt_jni_data: 20260516
05-27 18:53:48.316 11262 11288 D ANWAPI_SECOND: (11262|0x1E532CB0)[BTAPI] SDK >>>>AnWBT_Snoop_Open
05-27 18:53:48.316 11262 11288 D ANWJNI_SECOND: (11262|0x1E532CB0)[BTAPP] PowOn_Thread
05-27 18:53:48.316 11262 11288 D ANWJNI_SECOND: 
05-27 18:53:48.317 11262 11289 D ANWJNI_SECOND: (11262|0x1D428CB0)[BTAPP] BTPowerOn!!
05-27 18:53:48.317 11262 11289 D ANWJNI_SECOND: (11262|0x1D428CB0)[BTAPP] in thread_power_on_func,getpid()=11262, priority = 10
05-27 18:53:48.317 11262 11289 D ANWJNI_SECOND: 
05-27 18:53:48.317 11262 11289 D ANWJNI_SECOND: (11262|0x1D428CB0)[BTAPP] doPowerOn_Timeout_Thread_Create
05-27 18:53:48.317 11262 11289 D ANWJNI_SECOND: 
05-27 18:53:48.317 11262 11289 D ANWJNI_SECOND: (11262|0x1D428CB0)[BTAPP] AnWBT_SetInitialValue(hfphf:0)(hfpag:2)(pbap:0)(map:0)(a2dpsink:0)(a2dpsource:2)(avrcpct:0)(avrcttg:2)
05-27 18:53:48.317 11262 11289 D ANWJNI_SECOND: 
05-27 18:53:48.317 11262 11289 D ANWAPI_SECOND: (11262|0x1D428CB0)[BTAPI] SDK >>>>AnWBT_SetInitialValue devclass: 0x3c020c
05-27 18:53:48.317 11262 11289 D ANWAPI_SECOND: (11262|0x1D428CB0)[BTAPI] AnWBT_SetInitialValue avrcp_tg_attribute=6
05-27 18:53:48.317 11262 11289 D ANWAPI_SECOND: (11262|0x1D428CB0)[BTAPI] SDK <<<<AnWBT_SetInitialValue 0x0
05-27 18:53:48.318 11262 11289 D ANWAPI_SECOND: (11262|0x1D428CB0)[BTAPI] SDK >>>>AnWBT_HFP_Enable_WBS 1
05-27 18:53:48.318 11262 11290 D ANWJNI_SECOND: (11262|0x1C32ACB0)[BTAPP] doPowerOn_Timeout_Thread
05-27 18:53:48.318 11262 11290 D ANWJNI_SECOND: 
05-27 18:53:48.318 11262 11289 D ANWAPI_SECOND: (11262|0x1D428CB0)[BTAPI] SDK <<<<AnWBT_HFP_Enable_WBS 0
05-27 18:53:48.318  1008 30856 D [OMXB]  : usingANWBuffer: handle:0xee740d20, format:1, w:1920, h:1080
05-27 18:53:48.318 11262 11289 D ANW_WAVEOUT_SECOND: (11262|0x1D428CB0)[WAVEOUT] init Audio PCM Thread Mute(800)(101)
05-27 18:53:48.318 11262 11289 D ANW_WAVEOUT_SECOND: 
05-27 18:53:48.319 11262 11289 D ANWAPI_SECOND: (11262|0x1D428CB0)[BTAPI] anw-update,bt_sdk_data:20260516-not_supportLea
05-27 18:53:48.319 11262 11289 D ANWAPI_SECOND: (11262|0x1D428CB0)[BTAPI] SDK >>>>AnWBT_Init
05-27 18:53:48.319 11262 11289 D ANWAPI_SECOND: (11262|0x1D428CB0)[BTAPI] AnWBTSDK_Version=0x0300002a
05-27 18:53:48.319 11262 11289 D ANWAPI_SECOND: (11262|0x1D428CB0)[BTAPI] >>>>AnWBT_EEPROM_Read 
05-27 18:53:48.319 11262 11289 D ANWAPI_SECOND: (11262|0x1D428CB0)[BTAPI] B:Rpaired_storage[0]name[]addr[00:00:00:00:00:00]linkkey[00:00:00:00:00:00:00:00:00:00:00:00:00:00:00:00]
05-27 18:53:48.319 11262 11289 D ANWAPI_SECOND: (11262|0x1D428CB0)[BTAPI] B:Rpaired_storage[1]name[]addr[00:00:00:00:00:00]linkkey[00:00:00:00:00:00:00:00:00:00:00:00:00:00:00:00]
05-27 18:53:48.319 11262 11289 D ANWAPI_SECOND: (11262|0x1D428CB0)[BTAPI] B:Rpaired_storage[2]name[]addr[00:00:00:00:00:00]linkkey[00:00:00:00:00:00:00:00:00:00:00:00:00:00:00:00]
05-27 18:53:48.319 11262 11289 D ANWAPI_SECOND: (11262|0x1D428CB0)[BTAPI] B:Rpaired_storage[3]name[]addr[00:00:00:00:00:00]linkkey[00:00:00:00:00:00:00:00:00:00:00:00:00:00:00:00]
05-27 18:53:48.319 11262 11289 D ANWAPI_SECOND: (11262|0x1D428CB0)[BTAPI] B:Rpaired_storage[4]name[]addr[00:00:00:00:00:00]linkkey[00:00:00:00:00:00:00:00:00:00:00:00:00:00:00:00]
05-27 18:53:48.319 11262 11289 D ANWAPI_SECOND: (11262|0x1D428CB0)[BTAPI] B:Rpaired_storage[5]name[]addr[00:00:00:00:00:00]linkkey[00:00:00:00:00:00:00:00:00:00:00:00:00:00:00:00]
05-27 18:53:48.319 11262 11289 D ANWAPI_SECOND: (11262|0x1D428CB0)[BTAPI] B:Rpaired_storage[6]name[]addr[00:00:00:00:00:00]linkkey[00:00:00:00:00:00:00:00:00:00:00:00:00:00:00:00]
05-27 18:53:48.319 11262 11289 D ANWAPI_SECOND: (11262|0x1D428CB0)[BTAPI] B:Rpaired_storage[7]name[]addr[00:00:00:00:00:00]linkkey[00:00:00:00:00:00:00:00:00:00:00:00:00:00:00:00]
05-27 18:53:48.319 11262 11289 D ANWAPI_SECOND: (11262|0x1D428CB0)[BTAPI] B:Rpaired_storage[8]name[]addr[00:00:00:00:00:00]linkkey[00:00:00:00:00:00:00:00:00:00:00:00:00:00:00:00]
05-27 18:53:48.319 11262 11289 D ANWAPI_SECOND: (11262|0x1D428CB0)[BTAPI] B:Rpaired_storage[9]name[]addr[00:00:00:00:00:00]linkkey[00:00:00:00:00:00:00:00:00:00:00:00:00:00:00:00]
05-27 18:53:48.319 11262 11289 D ANWAPI_SECOND: (11262|0x1D428CB0)[BTAPI] B:Rpaired_storage[10]name[]addr[00:00:00:00:00:00]linkkey[00:00:00:00:00:00:00:00:00:00:00:00:00:00:00:00]
05-27 18:53:48.319 11262 11289 D ANW_AVRCP_SECOND: AnWBT_ReadStorage =/data/misc/anw//anwbt_storage.bin
05-27 18:53:48.320 11262 11289 D ANW_AVRCP_SECOND: AnWBT_ReadStorage open anwbt_bt_storage success
05-27 18:53:48.320 11262 11289 D ANW_AVRCP_SECOND: 
05-27 18:53:48.320 11262 11289 D ANW_AVRCP_SECOND: read storage size=6600
05-27 18:53:48.320 11262 11289 D ANW_AVRCP_SECOND: 
05-27 18:53:48.320 11262 11289 D ANWAPI_SECOND: (11262|0x1D428CB0)[BTAPI] A:Readpaired_storage[0]name[]cod[0]support[0]addr[00:00:00:00:00:00]linkkey[00:00:00:00:00:00:00:00:00:00:00:00:00:00:00:00]
05-27 18:53:48.320 11262 11289 D ANWAPI_SECOND: (11262|0x1D428CB0)[BTAPI] A:Readpaired_storage[1]name[]cod[0]support[0]addr[00:00:00:00:00:00]linkkey[00:00:00:00:00:00:00:00:00:00:00:00:00:00:00:00]
05-27 18:53:48.320 11262 11289 D ANWAPI_SECOND: (11262|0x1D428CB0)[BTAPI] A:Readpaired_storage[2]name[]cod[0]support[0]addr[00:00:00:00:00:00]linkkey[00:00:00:00:00:00:00:00:00:00:00:00:00:00:00:00]
05-27 18:53:48.320 11262 11289 D ANWAPI_SECOND: (11262|0x1D428CB0)[BTAPI] A:Readpaired_storage[3]name[]cod[0]support[0]addr[00:00:00:00:00:00]linkkey[00:00:00:00:00:00:00:00:00:00:00:00:00:00:00:00]
05-27 18:53:48.320 11262 11289 D ANWAPI_SECOND: (11262|0x1D428CB0)[BTAPI] A:Readpaired_storage[4]name[]cod[0]support[0]addr[00:00:00:00:00:00]linkkey[00:00:00:00:00:00:00:00:00:00:00:00:00:00:00:00]
05-27 18:53:48.320 11262 11289 D ANWAPI_SECOND: (11262|0x1D428CB0)[BTAPI] A:Readpaired_storage[5]name[]cod[0]support[0]addr[00:00:00:00:00:00]linkkey[00:00:00:00:00:00:00:00:00:00:00:00:00:00:00:00]
05-27 18:53:48.320 11262 11289 D ANWAPI_SECOND: (11262|0x1D428CB0)[BTAPI] A:Readpaired_storage[6]name[]cod[0]support[0]addr[00:00:00:00:00:00]linkkey[00:00:00:00:00:00:00:00:00:00:00:00:00:00:00:00]
05-27 18:53:48.320 11262 11289 D ANWAPI_SECOND: (11262|0x1D428CB0)[BTAPI] A:Readpaired_storage[7]name[]cod[0]support[0]addr[00:00:00:00:00:00]linkkey[00:00:00:00:00:00:00:00:00:00:00:00:00:00:00:00]
05-27 18:53:48.320 11262 11289 D ANWAPI_SECOND: (11262|0x1D428CB0)[BTAPI] A:Readpaired_storage[8]name[]cod[0]support[0]addr[00:00:00:00:00:00]linkkey[00:00:00:00:00:00:00:00:00:00:00:00:00:00:00:00]
05-27 18:53:48.320 13435 13435 I BtManager: ANWBT_BTPowerOn result = 0
05-27 18:53:48.320 11262 11289 D ANWAPI_SECOND: (11262|0x1D428CB0)[BTAPI] A:Readpaired_storage[9]name[]cod[0]support[0]addr[00:00:00:00:00:00]linkkey[00:00:00:00:00:00:00:00:00:00:00:00:00:00:00:00]
05-27 18:53:48.321 11262 11289 D ANWAPI_SECOND: (11262|0x1D428CB0)[BTAPI] A:Readpaired_storage[10]name[]cod[0]support[0]addr[00:00:00:00:00:00]linkkey[00:00:00:00:00:00:00:00:00:00:00:00:00:00:00:00]
05-27 18:53:48.321 13435 13435 D BtManager: ret = 2
05-27 18:53:48.320   581   581 I SpiService: fgesysctrl_getGPIO_status success val=1
05-27 18:53:48.321 11262 11289 D ANWAPI_SECOND: (11262|0x1D428CB0)[BTAPI] <<<<AnWBT_EEPROM_Read ret = 0
05-27 18:53:48.321 11262 11289 D ANWAPI_SECOND: (11262|0x1D428CB0)[BTAPI] local_name_set=0
05-27 18:53:48.321 11262 11289 D ANWAPI_SECOND: (11262|0x1D428CB0)[BTAPI] [Paired DevInf] Storage Write
05-27 18:53:48.321 11262 11289 D ANW_AVRCP_SECOND: AnWBT_WriteStorage =/data/misc/anw//anwbt_storage.bin
05-27 18:53:48.322 11262 11289 D ANW_AVRCP_SECOND: AnWBT_WriteStorage open anwbt_bt_storage success
05-27 18:53:48.322 11262 11289 D ANW_AVRCP_SECOND: 
05-27 08:44:57.291   581   581 D spi_rst_gpio_get_output: GPIO 145 value: 1
05-27 18:53:48.325   299 30844 D EvsDriver: forwardFrame
05-27 08:44:57.291   581   581 D spidev_ioctl: gpio status=1)
05-27 08:44:57.293     0     0 W         : c6 [    C6] Irq_monitor:Irq                                           IPI[1]occur        7596 times interval 1016 ms
05-27 18:53:48.326   299 30841 D EvsDriver: forwardFrame
05-27 18:53:48.327   581   581 I SpiService: fgesysctrl_getGPIO_status success val=1
05-27 18:53:48.328  1167  1167 D evsmanagerd: /dev/video6 forwarded the buffer #0 to 0xb4000074bf5f5510 from 0xb4000074bf5f6d90
05-27 18:53:48.328  1167  1167 D evsmanagerd: /dev/video4 forwarded the buffer #0 to 0xb4000074bf5f6850 from 0xb4000074bf5f41d0
05-27 18:53:48.328   299 30841 D EvsDriver: Delivered 0xb400007b7ca56a60 as id 0
05-27 18:53:48.331 13911 14183 I SentryImuMcuAngleSender: 179.98248rollDeg
05-27 18:53:48.331 13911 14183 I SentryImuMcuAngleSender: 1,0,0
05-27 18:53:48.332   299 30844 D EvsDriver: Delivered 0xb400007b7ca56900 as id 0
05-27 18:53:48.332   299  1163 D EvsDriver: doneWithFrame
05-27 18:53:48.333   581   581 I SpiService: fgesysctrl_getGPIO_status success val=1
05-27 18:53:48.333   299  1153 D EvsDriver: doneWithFrame
05-27 18:53:48.337 11262 11289 D ANW_AVRCP_SECOND: write storage size=6600
05-27 18:53:48.337 11262 11289 D ANW_AVRCP_SECOND: 
05-27 18:53:48.337 11262 11289 D ANWAPI_SECOND: (11262|0x1D428CB0)[BTAPI] >>>>AnWBT_EEPROM_Read 
05-27 18:53:48.337 11262 11289 D ANWAPI_SECOND: (11262|0x1D428CB0)[BTAPI] B:Rpaired_storage[0]name[]addr[00:00:00:00:00:00]linkkey[00:00:00:00:00:00:00:00:00:00:00:00:00:00:00:00]
05-27 18:53:48.337 11262 11289 D ANWAPI_SECOND: (11262|0x1D428CB0)[BTAPI] B:Rpaired_storage[1]name[]addr[00:00:00:00:00:00]linkkey[00:00:00:00:00:00:00:00:00:00:00:00:00:00:00:00]
05-27 18:53:48.337 11262 11289 D ANWAPI_SECOND: (11262|0x1D428CB0)[BTAPI] B:Rpaired_storage[2]name[]addr[00:00:00:00:00:00]linkkey[00:00:00:00:00:00:00:00:00:00:00:00:00:00:00:00]
05-27 18:53:48.337 11262 11289 D ANWAPI_SECOND: (11262|0x1D428CB0)[BTAPI] B:Rpaired_storage[3]name[]addr[00:00:00:00:00:00]linkkey[00:00:00:00:00:00:00:00:00:00:00:00:00:00:00:00]
05-27 18:53:48.337 11262 11289 D ANWAPI_SECOND: (11262|0x1D428CB0)[BTAPI] B:Rpaired_storage[4]name[]addr[00:00:00:00:00:00]linkkey[00:00:00:00:00:00:00:00:00:00:00:00:00:00:00:00]
05-27 18:53:48.338 11262 11289 D ANWAPI_SECOND: (11262|0x1D428CB0)[BTAPI] B:Rpaired_storage[5]name[]addr[00:00:00:00:00:00]linkkey[00:00:00:00:00:00:00:00:00:00:00:00:00:00:00:00]
05-27 18:53:48.338 11262 11289 D ANWAPI_SECOND: (11262|0x1D428CB0)[BTAPI] B:Rpaired_storage[6]name[]addr[00:00:00:00:00:00]linkkey[00:00:00:00:00:00:00:00:00:00:00:00:00:00:00:00]
05-27 18:53:48.338 11262 11289 D ANWAPI_SECOND: (11262|0x1D428CB0)[BTAPI] B:Rpaired_storage[7]name[]addr[00:00:00:00:00:00]linkkey[00:00:00:00:00:00:00:00:00:00:00:00:00:00:00:00]
05-27 18:53:48.338 11262 11289 D ANWAPI_SECOND: (11262|0x1D428CB0)[BTAPI] B:Rpaired_storage[8]name[]addr[00:00:00:00:00:00]linkkey[00:00:00:00:00:00:00:00:00:00:00:00:00:00:00:00]
05-27 18:53:48.338 11262 11289 D ANWAPI_SECOND: (11262|0x1D428CB0)[BTAPI] B:Rpaired_storage[9]name[]addr[00:00:00:00:00:00]linkkey[00:00:00:00:00:00:00:00:00:00:00:00:00:00:00:00]
05-27 18:53:48.338  1008 30857 D [OMXB]  : usingANWBuffer: handle:0xee745600, format:1, w:1920, h:1080
05-27 18:53:48.338 11262 11289 D ANWAPI_SECOND: (11262|0x1D428CB0)[BTAPI] B:Rpaired_storage[10]name[]addr[00:00:00:00:00:00]linkkey[00:00:00:00:00:00:00:00:00:00:00:00:00:00:00:00]
05-27 18:53:48.338 11262 11289 D ANW_AVRCP_SECOND: AnWBT_ReadStorage =/data/misc/anw//anwbt_storage.bin
05-27 18:53:48.338 11262 11289 D ANW_AVRCP_SECOND: AnWBT_ReadStorage open anwbt_bt_storage success
05-27 18:53:48.338 11262 11289 D ANW_AVRCP_SECOND: 
05-27 18:53:48.338 11262 11289 D ANW_AVRCP_SECOND: read storage size=6600
05-27 18:53:48.338 11262 11289 D ANW_AVRCP_SECOND: 
05-27 18:53:48.338 11262 11289 D ANWAPI_SECOND: (11262|0x1D428CB0)[BTAPI] A:Readpaired_storage[0]name[]cod[0]support[0]addr[00:00:00:00:00:00]linkkey[00:00:00:00:00:00:00:00:00:00:00:00:00:00:00:00]
05-27 18:53:48.338   581   581 I SpiService: fgesysctrl_getGPIO_status success val=0
05-27 18:53:48.338 11262 11289 D ANWAPI_SECOND: (11262|0x1D428CB0)[BTAPI] A:Readpaired_storage[1]name[]cod[0]support[0]addr[00:00:00:00:00:00]linkkey[00:00:00:00:00:00:00:00:00:00:00:00:00:00:00:00]
05-27 18:53:48.338 11262 11289 D ANWAPI_SECOND: (11262|0x1D428CB0)[BTAPI] A:Readpaired_storage[2]name[]cod[0]support[0]addr[00:00:00:00:00:00]linkkey[00:00:00:00:00:00:00:00:00:00:00:00:00:00:00:00]
05-27 18:53:48.338 11262 11289 D ANWAPI_SECOND: (11262|0x1D428CB0)[BTAPI] A:Readpaired_storage[3]name[]cod[0]support[0]addr[00:00:00:00:00:00]linkkey[00:00:00:00:00:00:00:00:00:00:00:00:00:00:00:00]
05-27 18:53:48.338 11262 11289 D ANWAPI_SECOND: (11262|0x1D428CB0)[BTAPI] A:Readpaired_storage[4]name[]cod[0]support[0]addr[00:00:00:00:00:00]linkkey[00:00:00:00:00:00:00:00:00:00:00:00:00:00:00:00]
05-27 18:53:48.338 11262 11289 D ANWAPI_SECOND: (11262|0x1D428CB0)[BTAPI] A:Readpaired_storage[5]name[]cod[0]support[0]addr[00:00:00:00:00:00]linkkey[00:00:00:00:00:00:00:00:00:00:00:00:00:00:00:00]
05-27 18:53:48.338 11262 11289 D ANWAPI_SECOND: (11262|0x1D428CB0)[BTAPI] A:Readpaired_storage[6]name[]cod[0]support[0]addr[00:00:00:00:00:00]linkkey[00:00:00:00:00:00:00:00:00:00:00:00:00:00:00:00]
05-27 18:53:48.339 11262 11289 D ANWAPI_SECOND: (11262|0x1D428CB0)[BTAPI] A:Readpaired_storage[7]name[]cod[0]support[0]addr[00:00:00:00:00:00]linkkey[00:00:00:00:00:00:00:00:00:00:00:00:00:00:00:00]
05-27 18:53:48.339 11262 11289 D ANWAPI_SECOND: (11262|0x1D428CB0)[BTAPI] A:Readpaired_storage[8]name[]cod[0]support[0]addr[00:00:00:00:00:00]linkkey[00:00:00:00:00:00:00:00:00:00:00:00:00:00:00:00]
05-27 18:53:48.339 11262 11289 D ANWAPI_SECOND: (11262|0x1D428CB0)[BTAPI] A:Readpaired_storage[9]name[]cod[0]support[0]addr[00:00:00:00:00:00]linkkey[00:00:00:00:00:00:00:00:00:00:00:00:00:00:00:00]
05-27 18:53:48.339 11262 11289 D ANWAPI_SECOND: (11262|0x1D428CB0)[BTAPI] A:Readpaired_storage[10]name[]cod[0]support[0]addr[00:00:00:00:00:00]linkkey[00:00:00:00:00:00:00:00:00:00:00:00:00:00:00:00]
05-27 18:53:48.339 11262 11289 D ANWAPI_SECOND: (11262|0x1D428CB0)[BTAPI] <<<<AnWBT_EEPROM_Read ret = 0
05-27 18:53:48.339   572   572 I Sensors : 230 AccelSensor: x:-0.169580,y:0.003050,z:-9.971060
05-27 18:53:48.339 11262 11289 D ANWAPI_SECOND: (11262|0x1D428CB0)[BTAPI] >>>>AnWBT_EEPROM_Read 
05-27 18:53:48.339 11262 11289 D ANWAPI_SECOND: (11262|0x1D428CB0)[BTAPI] B:Rle_paired_storage[0]addr[00:00:00:00:00:00]linkkey[00:00:00:00:00:00:00:00:00:00:00:00:00:00:00:00]
05-27 18:53:48.339 11262 11289 D ANWAPI_SECOND: (11262|0x1D428CB0)[BTAPI] B:Rle_paired_storage[1]addr[00:00:00:00:00:00]linkkey[00:00:00:00:00:00:00:00:00:00:00:00:00:00:00:00]
05-27 18:53:48.339 11262 11289 D ANWAPI_SECOND: (11262|0x1D428CB0)[BTAPI] B:Rle_paired_storage[2]addr[00:00:00:00:00:00]linkkey[00:00:00:00:00:00:00:00:00:00:00:00:00:00:00:00]
05-27 18:53:48.339 11262 11289 D ANWAPI_SECOND: (11262|0x1D428CB0)[BTAPI] B:Rle_paired_storage[3]addr[00:00:00:00:00:00]linkkey[00:00:00:00:00:00:00:00:00:00:00:00:00:00:00:00]
05-27 18:53:48.339 11262 11289 D ANWAPI_SECOND: (11262|0x1D428CB0)[BTAPI] B:Rle_paired_storage[4]addr[00:00:00:00:00:00]linkkey[00:00:00:00:00:00:00:00:00:00:00:00:00:00:00:00]
05-27 18:53:48.339 11262 11289 D ANWAPI_SECOND: (11262|0x1D428CB0)[BTAPI] B:Rle_paired_storage[5]addr[00:00:00:00:00:00]linkkey[00:00:00:00:00:00:00:00:00:00:00:00:00:00:00:00]
05-27 18:53:48.339 11262 11289 D ANWAPI_SECOND: (11262|0x1D428CB0)[BTAPI] B:Rle_paired_storage[6]addr[00:00:00:00:00:00]linkkey[00:00:00:00:00:00:00:00:00:00:00:00:00:00:00:00]
05-27 18:53:48.339 11262 11289 D ANW_AVRCP_SECOND: AnWBT_ReadStorage =/data/misc/anw//anwble_storage.bin
05-27 18:53:48.339 11262 11289 D ANW_AVRCP_SECOND: AnWBT_ReadStorage open anwbt_bt_storage success
05-27 18:53:48.339 11262 11289 D ANW_AVRCP_SECOND: 
05-27 18:53:48.339 11262 11289 D ANW_AVRCP_SECOND: read storage size=1336
05-27 18:53:48.339 11262 11289 D ANW_AVRCP_SECOND: 
05-27 18:53:48.340 11262 11289 D ANWAPI_SECOND: (11262|0x1D428CB0)[BTAPI] A:Rle_paired_storage[0]addr[00:00:00:00:00:00]linkkey[00:00:00:00:00:00:00:00:00:00:00:00:00:00:00:00]
05-27 18:53:48.340 11262 11289 D ANWAPI_SECOND: (11262|0x1D428CB0)[BTAPI] A:Rle_paired_storage[1]addr[00:00:00:00:00:00]linkkey[00:00:00:00:00:00:00:00:00:00:00:00:00:00:00:00]
05-27 18:53:48.340 11262 11289 D ANWAPI_SECOND: (11262|0x1D428CB0)[BTAPI] A:Rle_paired_storage[2]addr[00:00:00:00:00:00]linkkey[00:00:00:00:00:00:00:00:00:00:00:00:00:00:00:00]
05-27 18:53:48.340 11262 11289 D ANWAPI_SECOND: (11262|0x1D428CB0)[BTAPI] A:Rle_paired_storage[3]addr[00:00:00:00:00:00]linkkey[00:00:00:00:00:00:00:00:00:00:00:00:00:00:00:00]
05-27 18:53:48.340 11262 11289 D ANWAPI_SECOND: (11262|0x1D428CB0)[BTAPI] A:Rle_paired_storage[4]addr[00:00:00:00:00:00]linkkey[00:00:00:00:00:00:00:00:00:00:00:00:00:00:00:00]
05-27 18:53:48.340 11262 11289 D ANWAPI_SECOND: (11262|0x1D428CB0)[BTAPI] A:Rle_paired_storage[5]addr[00:00:00:00:00:00]linkkey[00:00:00:00:00:00:00:00:00:00:00:00:00:00:00:00]
05-27 18:53:48.340 11262 11289 D ANWAPI_SECOND: (11262|0x1D428CB0)[BTAPI] A:Rle_paired_storage[6]addr[00:00:00:00:00:00]linkkey[00:00:00:00:00:00:00:00:00:00:00:00:00:00:00:00]
05-27 18:53:48.340 11262 11289 D ANWAPI_SECOND: (11262|0x1D428CB0)[BTAPI] <<<<AnWBT_EEPROM_Read ret = 0
05-27 18:53:48.340 11262 11289 D ANWAPI_SECOND: (11262|0x1D428CB0)[BTAPI] btsdk_initial_param.flag=0x4000
05-27 18:53:48.340 11262 11289 D ANWAPI_SECOND: (11262|0x1D428CB0)[BTAPI] [Paired DevInf] Storage Write
05-27 18:53:48.340 11262 11289 D ANW_AVRCP_SECOND: AnWBT_WriteStorage =/data/misc/anw//anwbt_storage.bin
05-27 08:44:57.303   581   581 D spi_rst_gpio_get_output: GPIO 145 value: 0
05-27 08:44:57.303   581   581 D spidev_ioctl: gpio status=0)
05-27 18:53:48.343 11262 11289 D ANW_AVRCP_SECOND: AnWBT_WriteStorage open anwbt_bt_storage success
05-27 18:53:48.343 11262 11289 D ANW_AVRCP_SECOND: 
05-27 18:53:48.346 11262 11289 D ANW_AVRCP_SECOND: write storage size=6600
05-27 18:53:48.346 11262 11289 D ANW_AVRCP_SECOND: 
05-27 18:53:48.347 11262 11289 D ANWAPI_SECOND: (11262|0x1D428CB0)[BTAPI] >>>>AnWBT_EEPROM_Read 
05-27 18:53:48.347 11262 11289 D ANWAPI_SECOND: (11262|0x1D428CB0)[BTAPI] B:Rpaired_storage[0]name[]addr[00:00:00:00:00:00]linkkey[00:00:00:00:00:00:00:00:00:00:00:00:00:00:00:00]
05-27 18:53:48.347 11262 11289 D ANWAPI_SECOND: (11262|0x1D428CB0)[BTAPI] B:Rpaired_storage[1]name[]addr[00:00:00:00:00:00]linkkey[00:00:00:00:00:00:00:00:00:00:00:00:00:00:00:00]
05-27 18:53:48.347 11262 11289 D ANWAPI_SECOND: (11262|0x1D428CB0)[BTAPI] B:Rpaired_storage[2]name[]addr[00:00:00:00:00:00]linkkey[00:00:00:00:00:00:00:00:00:00:00:00:00:00:00:00]
05-27 18:53:48.347 11262 11289 D ANWAPI_SECOND: (11262|0x1D428CB0)[BTAPI] B:Rpaired_storage[3]name[]addr[00:00:00:00:00:00]linkkey[00:00:00:00:00:00:00:00:00:00:00:00:00:00:00:00]
05-27 18:53:48.347 11262 11289 D ANWAPI_SECOND: (11262|0x1D428CB0)[BTAPI] B:Rpaired_storage[4]name[]addr[00:00:00:00:00:00]linkkey[00:00:00:00:00:00:00:00:00:00:00:00:00:00:00:00]
05-27 18:53:48.347 11262 11289 D ANWAPI_SECOND: (11262|0x1D428CB0)[BTAPI] B:Rpaired_storage[5]name[]addr[00:00:00:00:00:00]linkkey[00:00:00:00:00:00:00:00:00:00:00:00:00:00:00:00]
05-27 18:53:48.347 11262 11289 D ANWAPI_SECOND: (11262|0x1D428CB0)[BTAPI] B:Rpaired_storage[6]name[]addr[00:00:00:00:00:00]linkkey[00:00:00:00:00:00:00:00:00:00:00:00:00:00:00:00]
05-27 18:53:48.347 11262 11289 D ANWAPI_SECOND: (11262|0x1D428CB0)[BTAPI] B:Rpaired_storage[7]name[]addr[00:00:00:00:00:00]linkkey[00:00:00:00:00:00:00:00:00:00:00:00:00:00:00:00]
05-27 18:53:48.347 11262 11289 D ANWAPI_SECOND: (11262|0x1D428CB0)[BTAPI] B:Rpaired_storage[8]name[]addr[00:00:00:00:00:00]linkkey[00:00:00:00:00:00:00:00:00:00:00:00:00:00:00:00]
05-27 18:53:48.347 11262 11289 D ANWAPI_SECOND: (11262|0x1D428CB0)[BTAPI] B:Rpaired_storage[9]name[]addr[00:00:00:00:00:00]linkkey[00:00:00:00:00:00:00:00:00:00:00:00:00:00:00:00]
05-27 18:53:48.347 11262 11289 D ANWAPI_SECOND: (11262|0x1D428CB0)[BTAPI] B:Rpaired_storage[10]name[]addr[00:00:00:00:00:00]linkkey[00:00:00:00:00:00:00:00:00:00:00:00:00:00:00:00]
05-27 18:53:48.347 11262 11289 D ANW_AVRCP_SECOND: AnWBT_ReadStorage =/data/misc/anw//anwbt_storage.bin
05-27 18:53:48.347 11262 11289 D ANW_AVRCP_SECOND: AnWBT_ReadStorage open anwbt_bt_storage success
05-27 18:53:48.347 11262 11289 D ANW_AVRCP_SECOND: 
05-27 18:53:48.347 11262 11289 D ANW_AVRCP_SECOND: read storage size=6600
05-27 18:53:48.347 11262 11289 D ANW_AVRCP_SECOND: 
05-27 18:53:48.348 11262 11289 D ANWAPI_SECOND: (11262|0x1D428CB0)[BTAPI] A:Readpaired_storage[0]name[]cod[0]support[0]addr[00:00:00:00:00:00]linkkey[00:00:00:00:00:00:00:00:00:00:00:00:00:00:00:00]
05-27 18:53:48.348 11262 11289 D ANWAPI_SECOND: (11262|0x1D428CB0)[BTAPI] A:Readpaired_storage[1]name[]cod[0]support[0]addr[00:00:00:00:00:00]linkkey[00:00:00:00:00:00:00:00:00:00:00:00:00:00:00:00]
05-27 18:53:48.348 11262 11289 D ANWAPI_SECOND: (11262|0x1D428CB0)[BTAPI] A:Readpaired_storage[2]name[]cod[0]support[0]addr[00:00:00:00:00:00]linkkey[00:00:00:00:00:00:00:00:00:00:00:00:00:00:00:00]
05-27 18:53:48.348 11262 11289 D ANWAPI_SECOND: (11262|0x1D428CB0)[BTAPI] A:Readpaired_storage[3]name[]cod[0]support[0]addr[00:00:00:00:00:00]linkkey[00:00:00:00:00:00:00:00:00:00:00:00:00:00:00:00]
05-27 18:53:48.348 11262 11289 D ANWAPI_SECOND: (11262|0x1D428CB0)[BTAPI] A:Readpaired_storage[4]name[]cod[0]support[0]addr[00:00:00:00:00:00]linkkey[00:00:00:00:00:00:00:00:00:00:00:00:00:00:00:00]
05-27 18:53:48.348 11262 11289 D ANWAPI_SECOND: (11262|0x1D428CB0)[BTAPI] A:Readpaired_storage[5]name[]cod[0]support[0]addr[00:00:00:00:00:00]linkkey[00:00:00:00:00:00:00:00:00:00:00:00:00:00:00:00]
05-27 18:53:48.348 11262 11289 D ANWAPI_SECOND: (11262|0x1D428CB0)[BTAPI] A:Readpaired_storage[6]name[]cod[0]support[0]addr[00:00:00:00:00:00]linkkey[00:00:00:00:00:00:00:00:00:00:00:00:00:00:00:00]
05-27 18:53:48.348 11262 11289 D ANWAPI_SECOND: (11262|0x1D428CB0)[BTAPI] A:Readpaired_storage[7]name[]cod[0]support[0]addr[00:00:00:00:00:00]linkkey[00:00:00:00:00:00:00:00:00:00:00:00:00:00:00:00]
05-27 18:53:48.348 11262 11289 D ANWAPI_SECOND: (11262|0x1D428CB0)[BTAPI] A:Readpaired_storage[8]name[]cod[0]support[0]addr[00:00:00:00:00:00]linkkey[00:00:00:00:00:00:00:00:00:00:00:00:00:00:00:00]
05-27 18:53:48.348 11262 11289 D ANWAPI_SECOND: (11262|0x1D428CB0)[BTAPI] A:Readpaired_storage[9]name[]cod[0]support[0]addr[00:00:00:00:00:00]linkkey[00:00:00:00:00:00:00:00:00:00:00:00:00:00:00:00]
05-27 18:53:48.348 11262 11289 D ANWAPI_SECOND: (11262|0x1D428CB0)[BTAPI] A:Readpaired_storage[10]name[]cod[0]support[0]addr[00:00:00:00:00:00]linkkey[00:00:00:00:00:00:00:00:00:00:00:00:00:00:00:00]
05-27 18:53:48.348 11262 11289 D ANWAPI_SECOND: (11262|0x1D428CB0)[BTAPI] <<<<AnWBT_EEPROM_Read ret = 0
05-27 18:53:48.348 11262 11289 D ANWAPI_SECOND: (11262|0x1D428CB0)[BTAPI] build time = 11:28:38 sdk ver=0x 300002A
05-27 18:53:48.348 11262 11289 D ANWAPI_SECOND: (11262|0x1D428CB0)[BTAPI] creating init task
05-27 18:53:48.350 11262 11291 D ANWAPI_SECOND: (11262|0x1B22CCB0)[BTAPI] Enter BTInit_Task stacd=1,455265456
05-27 18:53:48.350 11262 11291 D ANWAPI_SECOND: (11262|0x1B22CCB0)[BTAPI] pthread_attr_init
05-27 18:53:48.350 11262 11291 D ANWAPI_SECOND: (11262|0x1B22CCB0)[BTAPI] BTHost_Init: min priority 1, max priority 99
05-27 18:53:48.350 11262 11291 D ANWAPI_SECOND: (11262|0x1B22CCB0)[BTAPI] Enter BTHost_Init
05-27 18:53:48.350 11262 11291 D ANWAPI_SECOND: (11262|0x1B22CCB0)[BTAPI] BTHost_InitMessage
05-27 18:53:48.350 11262 11291 D ANWAPI_SECOND: (11262|0x1B22CCB0)[BTAPI] btosal_msg_ff_initial
05-27 18:53:48.350 13911 13911 I Sentinelmode_1.2.5.17_sentry: <SentinelCarServiceManager>sensorType:291504647
05-27 18:53:48.351 11262 11291 D ANW_WAVEOUT_SECOND: (11262|0x1B22CCB0)[WAVEOUT] [AnWBT WAVE] A2dp_WaveOut_Init
05-27 18:53:48.351 11262 11291 D ANW_WAVEOUT_SECOND: 
05-27 18:53:48.351 11262 11291 D ANWAPI_SECOND: (11262|0x1B22CCB0)[BTAPI] Check BTHost_Task status
05-27 18:53:48.351 11262 11293 D ANWAPI_SECOND: (11262|0x1A030CB0)[BTAPI] Enter BTHost_Task
05-27 18:53:48.351 11262 11293 D ANWAPI_SECOND: (11262|0x1A030CB0)[BTAPI] BTHost_Task setpriority(0)(-15)
05-27 18:53:48.352 13911 14183 I SentryImuMcuAngleSender: 179.98247rollDeg
05-27 18:53:48.352 13911 14183 I SentryImuMcuAngleSender: 1,0,0
05-27 18:53:48.353   536   536 D commservice260303: msg.id = 1028,1
05-27 18:53:48.353   536   536 D commservice260303: i = 170, msgid = 8A000404
05-27 18:53:48.353   536   536 D commservice260303: msgid = -1979710460,did=138
05-27 18:53:48.353   299 30844 D EvsDriver: forwardFrame
05-27 18:53:48.353   581   581 I SpiService: fgesysctrl_getGPIO_status success val=1
05-27 18:53:48.353   536   536 D commservice260303: CommProtocolLibCmdBaseI2C::dataproc {"command":{"id":"imu_status","sub":""},"content":{"TimeStamp":11,"FrameCounter":260026,"GD_X":-0.011377211660146713,"GD_Y":0.004963258747011423,"GD_Z":0.0020608289632946253,"AD_X":-0.0036309361457824707,"AD_Y":4.7667534090578556E-4,"AD_Z":-0.16581153869628906,"TempDsp":0,"Status":0,"CalibState":1,"SigAmpInvalid":0}},-1979710460
05-27 18:53:48.353   536   536 D commservice260303: send2Cluster len:318, 7B22636F6D6D616E64223A7B226964223A22696D755F737461747573222C22737562223A22227D2C22636F6E74656E74223A7B2254696D655374616D70223A31312C224672616D65436F756E746572223A3236303032362C2247445F58223A2D302E3031313337373231313636303134363731332C2247445F59223A302E3030343936333235383734373031313432332C2247445F5A223A302E303032303630383238393633323934363235332C2241445F58223A2D302E303033363330393336313435373832343730372C2241445F59223A342E37363637353334303930353738353536452D342C2241445F5A223A2D302E31363538313135333836393632383930362C2254656D70447370223A302C22537461747573223A302C2243616C69625374617465223A312C22536967416D70496E76616C6964223A307D7D, 138 
05-27 18:53:48.353   536   536 D commservice260303: Push Message into SendPool fn=439944192
05-27 18:53:48.353   536   536 D commservice260303: ComProtocolLibSend2Cluster::send2ClusterRaw fn=439944192 , len=334
05-27 18:53:48.353   536   536 D commservice260303: sendCmdToPort :334!!!
05-27 18:53:48.353   536   536 D commservice260303: send Cmd To Port ++++5AA5014A8A010004391A6A16CD3C7B22636F6D6D616E64223A7B226964223A22696D755F737461747573222C22737562223A22227D2C22636F6E74656E74223A7B2254696D655374616D70223A31312C224672616D65436F756E746572223A3236303032362C2247445F58223A2D302E3031313337373231313636303134363731332C2247445F59223A302E3030343936333235383734373031313432332C2247445F5A223A302E303032303630383238393633323934363235332C2241445F58223A2D302E303033363330393336313435373832343730372C2241445F59223A342E37363637353334303930353738353536452D342C2241445F5A223A2D302E31363538313135333836393632383930362C2254656D70447370223A302C22537461747573223A302C2243616C69625374617465223A312C22536967416D70496E76616C6964223A307D7D4A09
05-27 18:53:48.354   536   536 D commservice260303: bufferevent_write retrun value = 0
05-27 18:53:48.354   536   560 D commservice260303: client datas send succeed,send finish
05-27 18:53:48.354 13911 14192 D Sentinelmode_1.2.5.17_sentry: <SentryImuClusterFgeSender>imu_status sent to Linux, frame=260026, tsNs=11095589, tsMs=11, intervalMs=41, ad=(-0.0036309361,4.7667534E-4,-0.16581154), gd=(-0.011377212,0.0049632587,0.002060829)
05-27 18:53:48.354   299 30844 D EvsDriver: Delivered 0xb400007b7ca56900 as id 0
05-27 18:53:48.354  1167  1167 D evsmanagerd: /dev/video6 forwarded the buffer #0 to 0xb4000074bf5f5510 from 0xb4000074bf5f6d90
05-27 18:53:48.356   299  1153 D EvsDriver: doneWithFrame
05-27 08:44:57.318   581   581 D spi_rst_gpio_get_output: GPIO 145 value: 1
05-27 08:44:57.318   581   581 D spidev_ioctl: gpio status=1)
05-27 08:44:57.323   581   581 D spi_rst_gpio_get_output: GPIO 145 value: 1
05-27 08:44:57.323   581   581 D spidev_ioctl: gpio status=1)
05-27 18:53:48.358   299 30841 D EvsDriver: Delivered 0xb400007b7ca56a60 as id 0
05-27 18:53:48.358  1167  1167 D evsmanagerd: /dev/video4 forwarded the buffer #0 to 0xb4000074bf5f6850 from 0xb4000074bf5f41d0
05-27 18:53:48.359   581   581 I SpiService: fgesysctrl_getGPIO_status success val=1
05-27 18:53:48.362   299  1153 D EvsDriver: doneWithFrame
05-27 18:53:48.362  1008 30856 D [OMXB]  : usingANWBuffer: handle:0xee744210, format:1, w:1920, h:1080
05-27 18:53:48.364   581   581 I SpiService: fgesysctrl_getGPIO_status success val=1
05-27 18:53:48.370   581   581 I SpiService: fgesysctrl_getGPIO_status success val=1
05-27 18:53:48.372 13911 14183 I SentryImuMcuAngleSender: 179.98598rollDeg
05-27 18:53:48.372 13911 14183 I SentryImuMcuAngleSender: 1,0,0
05-27 18:53:48.375   581   581 I SpiService: fgesysctrl_getGPIO_status success val=0
05-27 18:53:48.376 13911 14183 I SentryImuMcuAngleSender: [4, 18, 1, 0, 0],5
05-27 18:53:48.376 13911 14183 I McuCommManager: mcuCommSendcmd [4, 18, 1, 0, 0]
05-27 18:53:48.378 13911 14183 I SentryImuMcuAngleSender: true
05-27 18:53:48.378 13911 14183 W Sentinelmode_1.2.5.17_sentry: <SentryImuMcuAngleSender>MCU IMU send interval abnormal: 1001ms
05-27 18:53:48.379  1008 30857 D [OMXB]  : usingANWBuffer: handle:0xee746ec0, format:1, w:1920, h:1080
05-27 18:53:48.384   283   307 I rvcservice: t.code = 4, t.value = 0
05-27 18:53:48.387   299 30844 D EvsDriver: forwardFrame
05-27 18:53:48.388   566 11459 I gps_hdbd: Received: '$GNGGA,010939.000,,,,,0,00,,,M,,M,,*64
'
05-27 18:53:48.389   299 30844 D EvsDriver: Delivered 0xb400007b7ca56900 as id 0
05-27 18:53:48.389  1167  1167 D evsmanagerd: /dev/video6 forwarded the buffer #0 to 0xb4000074bf5f5510 from 0xb4000074bf5f6d90
05-27 18:53:48.390   581   581 I SpiService: fgesysctrl_getGPIO_status success val=1
05-27 18:53:48.390   299 30841 D EvsDriver: forwardFrame
05-27 18:53:48.391   481   598 I mcuc    : rev,n=1,6AA681DF7A000A89003E010409211234568A
05-27 18:53:48.392   351   373 D automotive.vehicle@2.0-adayo-datacomm-mcu: MCUDatacomm sendMessageFromVehicle prop: 0x89, areaId: 0x0, status: 0x3e, timestamp: 0x1
05-27 18:53:48.392  1121  1144 I tboxmids_ap: [2026-05-27 18:53:48.392] [MCU RX] src=MCU dst=ZMQ len=10 type=BINARY data=00 08 3E 01 04 09 21 12 34 56 
05-27 18:53:48.392   351   373 D automotive.vehicle@2.0-adayo-datacomm-mcu: MCUDatacomm 1sendMessageFromVehicle ---> type = 12 
05-27 18:53:48.393 13911 14183 I SentryImuMcuAngleSender: 179.99298rollDeg
05-27 18:53:48.394 13911 14183 I SentryImuMcuAngleSender: 1,0,0
05-27 18:53:48.394   566 11459 I gps_hdbd: Received: '$GNGSA,A,1,,,,,,,,,,,,,,,,1*1D
'
05-27 18:53:48.394   299 30841 D EvsDriver: Delivered 0xb400007b7ca56a60 as id 0
05-27 18:53:48.394  1167  1167 D evsmanagerd: /dev/video4 forwarded the buffer #0 to 0xb4000074bf5f6850 from 0xb4000074bf5f41d0
05-27 18:53:48.395   536   536 D commservice260303: msg.id = 1028,1
05-27 18:53:48.395   536   536 D commservice260303: i = 170, msgid = 8A000404
05-27 18:53:48.395   536   536 D commservice260303: msgid = -1979710460,did=138
05-27 18:53:48.395   536   536 D commservice260303: CommProtocolLibCmdBaseI2C::dataproc {"command":{"id":"imu_status","sub":""},"content":{"TimeStamp":11,"FrameCounter":260027,"GD_X":-0.011759000830352306,"GD_Y":0.004505007527768612,"GD_Z":0.002213752595707774,"AD_X":-0.004837125539779663,"AD_Y":-0.001347830519080162,"AD_Z":-0.16703224182128906,"TempDsp":0,"Status":0,"CalibState":1,"SigAmpInvalid":0}},-1979710460
05-27 18:53:48.395   536   536 D commservice260303: send2Cluster len:316, 7B22636F6D6D616E64223A7B226964223A22696D755F737461747573222C22737562223A22227D2C22636F6E74656E74223A7B2254696D655374616D70223A31312C224672616D65436F756E746572223A3236303032372C2247445F58223A2D302E3031313735393030303833303335323330362C2247445F59223A302E3030343530353030373532373736383631322C2247445F5A223A302E3030323231333735323539353730373737342C2241445F58223A2D302E3030343833373132353533393737393636332C2241445F59223A2D302E3030313334373833303531393038303136322C2241445F5A223A2D302E31363730333232343138323132383930362C2254656D70447370223A302C22537461747573223A302C2243616C69625374617465223A312C22536967416D70496E76616C6964223A307D7D, 138 
05-27 18:53:48.395   536   536 D commservice260303: Push Message into SendPool fn=456721408
05-27 18:53:48.395   581   581 I SpiService: fgesysctrl_getGPIO_status success val=1
05-27 18:53:48.395   536   536 D commservice260303: ComProtocolLibSend2Cluster::send2ClusterRaw fn=456721408 , len=332
05-27 18:53:48.396   536   536 D commservice260303: sendCmdToPort :332!!!
05-27 18:53:48.396   536   536 D commservice260303: send Cmd To Port ++++5AA501488A010004391B6A16CD3C7B22636F6D6D616E64223A7B226964223A22696D755F737461747573222C22737562223A22227D2C22636F6E74656E74223A7B2254696D655374616D70223A31312C224672616D65436F756E746572223A3236303032372C2247445F58223A2D302E3031313735393030303833303335323330362C2247445F59223A302E3030343530353030373532373736383631322C2247445F5A223A302E3030323231333735323539353730373737342C2241445F58223A2D302E3030343833373132353533393737393636332C2241445F59223A2D302E3030313334373833303531393038303136322C2241445F5A223A2D302E31363730333232343138323132383930362C2254656D70447370223A302C22537461747573223A302C2243616C69625374617465223A312C22536967416D70496E76616C6964223A307D7D95FE
05-27 18:53:48.396   536   536 D commservice260303: bufferevent_write retrun value = 0
05-27 18:53:48.396  1083  1083 I MyAppLog: [2026-05-27 18:53:48.393 I tboxap mcuCommTboxmidsRecvCb:97] [Mcu] [mcuCommTboxmidsRecvCb] recv from tboxmids, size:10
05-27 18:53:48.396  1083  1083 I MyAppLog: [2026-05-27 18:53:48.393 I tboxap mcuCommTboxmidsRecvCb:98] [Mcu] [tboxmids -> tboxap]: :00 08 3E 01 04 09 21 12 34 56
05-27 18:53:48.396   566 11459 I gps_hdbd: Received: '$GNGSA,A,1,,,,,,,,,,,,,,,,3*1F
'
05-27 18:53:48.396   536   560 D commservice260303: client datas send succeed,send finish
05-27 18:53:48.396   299  1153 D EvsDriver: doneWithFrame
05-27 18:53:48.396  1083  1083 I MyAppLog: [2026-05-27 18:53:48.393 I tboxap mcuPtlParseData:990] [Mcu] [Mcu  Parse]: (cmd):0921 (param):0921123456
05-27 18:53:48.396 13911 14192 D Sentinelmode_1.2.5.17_sentry: <SentryImuClusterFgeSender>imu_status sent to Linux, frame=260027, tsNs=11095627, tsMs=11, intervalMs=42, ad=(-0.0048371255,-0.0013478305,-0.16703224), gd=(-0.011759001,0.0045050075,0.0022137526)
05-27 18:53:48.396  1083  1083 W MyAppLog: [2026-05-27 18:53:48.393 W tboxap mcuParamDataRevPack:918] [Mcu] mcuParamDataRevPack start pack data!!!
05-27 18:53:48.396  1083  1083 W MyAppLog: [2026-05-27 18:53:48.393 W tboxap mcuHandleFaultCodeInd:1947] [Mcu] [mcuHandleFaultCodeInd] recv 0x0921 fault count:18 stored:2 firstCode:0x34
05-27 18:53:48.397  1083  1083 I MyAppLog: [2026-05-27 18:53:48.393 I tboxap mcuSendYadiTransfer:196] [Mcu] [mcuYadiSend]: :00 06 AA 04 01 09 A1 01
05-27 18:53:48.397  1083  1083 W MyAppLog: [2026-05-27 18:53:48.394 W tboxap tsp_ExternalEvent:109] [Tsp] [tsp_ExternalEvent] recv ExternalEvent = 55, size:2
05-27 18:53:48.397   299  1153 D EvsDriver: doneWithFrame
05-27 18:53:48.398   481   599 I mcuc    : start timer OK = 31304 
05-27 18:53:48.399   566 11459 I gps_hdbd: Received: '$GNGSA,A,1,,,,,,,,,,,,,,,,4*18
'
05-27 18:53:48.400   566 11459 I gps_hdbd: Received: '$BDGSV,1,1,00,1*75
'
05-27 18:53:48.401   581   581 I SpiService: fgesysctrl_getGPIO_status success val=1
05-27 18:53:48.403  1008 30856 D [OMXB]  : usingANWBuffer: handle:0xee742950, format:1, w:1920, h:1080
05-27 18:53:48.405   566 11459 I gps_hdbd: Received: '$BDGSV,1,1,00,5*71
'
05-27 18:53:48.406   566 11459 I gps_hdbd: Received: '$GPGSV,1,1,01,199,42,165,,1*60
'
05-27 18:53:48.407   581   581 I SpiService: fgesysctrl_getGPIO_status success val=1
05-27 18:53:48.411   566 11459 I gps_hdbd: Received: '$GPGSV,1,1,00,8*6D
'
05-27 18:53:48.411   566 11459 I gps_hdbd: Received: '$GAGSV,1,1,00,7*73
'
05-27 18:53:48.412   581   581 I SpiService: fgesysctrl_getGPIO_status success val=1
05-27 18:53:48.413 13911 14183 I SentryImuMcuAngleSender: 179.98949rollDeg
05-27 18:53:48.413 13911 14183 I SentryImuMcuAngleSender: 1,0,0
05-27 18:53:48.416   566 11459 I gps_hdbd: Received: '$GAGSV,1,1,00,1*75
'
05-27 18:53:48.418   581   581 I SpiService: fgesysctrl_getGPIO_status success val=0
05-27 18:53:48.418   481   597 I mcuc    : send SPI:6AA6007A4700050412010000236AA602DF7A000289001A6AA6017A4800F80901AA040109A101000000000000000000000000000000000000000000000000000000000000000000000000000000000000000000000000000000000000000000000000000000000000000000000000000000000000000000000000000000000000000000000000000000000000000000000000000000000000000000000000000000000000000000000000000000000000000000000000000000000000000000000000000000000000000000000000000000000000000000000000000000000000000000000000000000000000000000000000000000000000000000000000000000000000000000000000000000000000000000000000E1
05-27 18:53:48.418  1008 30857 D [OMXB]  : usingANWBuffer: handle:0xee7444d0, format:1, w:1920, h:1080
05-27 18:53:48.418 30773 30788 I dvr_service_: [runShortMediaThread:298] cameraId:1 medias:300,audios:220,stateAudio:0,mShortState:0,warnEvent:0,state:1
05-27 18:53:48.419   299 30841 D EvsDriver: forwardFrame
05-27 18:53:48.421   299 30841 D EvsDriver: Delivered 0xb400007b7ca56a60 as id 0
05-27 18:53:48.421  1167  1167 D evsmanagerd: /dev/video4 forwarded the buffer #0 to 0xb4000074bf5f6850 from 0xb4000074bf5f41d0
05-27 18:53:48.421 30773 30783 E dvr_service_: [myNum:0] Received S**** loss
05-27 18:53:48.422   299  1153 D EvsDriver: doneWithFrame
05-27 18:53:48.422   566 11459 I gps_hdbd: Received: '$GNRMC,010939.000,V,,,,,,,270526,120.0,E,N,V*47
'
05-27 18:53:48.422   566 11459 I gps_hdbd: RMC : CALL gnss_sv_status_cb, view_in_sat <1>
05-27 18:53:48.422   566 11459 I gps_hdbd: [reportSvStatus]--->PLATFORM_BSP::Enter
05-27 18:53:48.423   566 11459 I gps_hdbd: hy abnormal deal:hy_cnr30_satellite_cnt=0
05-27 18:53:48.423   566 11459 D gps_hdbd: hy abnormal deal:hy_fixStatus_fail_count=0
05-27 18:53:48.423  1083  1083 W MyAppLog: [2026-05-27 18:53:48.423 W tboxap gpsSyncGpsInfoToDm:361] [Gps] [gpsSyncGpsInfoToDm] fix=0 mode=49 corner:0x01 alt=0.00 sat=0 hdop=0.00 pdop=0.00 vdop=0.00
05-27 18:53:48.423   566 11459 I gps_hdbd: Received: '$GNZDA,010939.000,27,05,2026,00,00*4C
'
05-27 18:53:48.425   299 30844 D EvsDriver: forwardFrame
05-27 18:53:48.426   299 30844 D EvsDriver: Delivered 0xb400007b7ca56900 as id 0
05-27 18:53:48.427  1167  1167 D evsmanagerd: /dev/video6 forwarded the buffer #0 to 0xb4000074bf5f5510 from 0xb4000074bf5f6d90
05-27 18:53:48.427 30773 30783 E dvr_service_: [myNum:1] Received S**** loss
05-27 18:53:48.428   299  1153 D EvsDriver: doneWithFrame
05-27 18:53:48.430   481   598 I mcuc    : rev,n=1,6AA681DF7B000A89003F01040900123456A9
05-27 18:53:48.430  1121  1144 I tboxmids_ap: [2026-05-27 18:53:48.430] [MCU RX] src=MCU dst=ZMQ len=10 type=BINARY data=00 08 3F 01 04 09 00 12 34 56 
05-27 18:53:48.430   351   373 D automotive.vehicle@2.0-adayo-datacomm-mcu: MCUDatacomm sendMessageFromVehicle prop: 0x89, areaId: 0x0, status: 0x3f, timestamp: 0x1
05-27 18:53:48.430   351   373 D automotive.vehicle@2.0-adayo-datacomm-mcu: MCUDatacomm 1sendMessageFromVehicle ---> type = 12 
05-27 18:53:48.431  1083  1083 I MyAppLog: [2026-05-27 18:53:48.431 I tboxap mcuCommTboxmidsRecvCb:97] [Mcu] [mcuCommTboxmidsRecvCb] recv from tboxmids, size:10
05-27 18:53:48.431  1083  1083 I MyAppLog: [2026-05-27 18:53:48.431 I tboxap mcuCommTboxmidsRecvCb:98] [Mcu] [tboxmids -> tboxap]: :00 08 3F 01 04 09 00 12 34 56
05-27 18:53:48.431  1083  1083 I MyAppLog: [2026-05-27 18:53:48.431 I tboxap mcuPtlParseData:990] [Mcu] [Mcu  Parse]: (cmd):0900 (param):0900123456
05-27 18:53:48.431  1083  1083 W MyAppLog: [2026-05-27 18:53:48.431 W tboxap mcuParamDataRevPack:918] [Mcu] mcuParamDataRevPack start pack data!!!
05-27 18:53:48.431  1083  1083 I MyAppLog: [2026-05-27 18:53:48.431 I tboxap MCU_HANDSHAKE_IND_McuInd:317] [Mcu] [MCU_HANDSHAKE_IND_McuInd] wakeReason:0x12 -> loginReason:0x08 protoVer:0x34
05-27 18:53:48.431  1083  1083 W MyAppLog: [2026-05-27 18:53:48.431 W tboxap mcuHandleHandshakeInd:1654] [Mcu] [mcuHandleHandshakeInd] recv 0x0900 handshake response wakeReason:0x12 protoVer:0x34
05-27 18:53:48.432   581   581 I SpiService: fgesysctrl_getGPIO_status success val=1
05-27 18:53:48.433 13911 14183 I SentryImuMcuAngleSender: 179.98949rollDeg
05-27 18:53:48.434 13911 14183 I SentryImuMcuAngleSender: 1,0,0
05-27 18:53:48.436   536   536 D commservice260303: msg.id = 1028,0
05-27 18:53:48.436   536   536 D commservice260303: i = 170, msgid = 8A000404
05-27 18:53:48.436   536   536 D commservice260303: msgid = -1979710460,did=138
05-27 18:53:48.436   536   536 D commservice260303: CommProtocolLibCmdBaseI2C::dataproc {"command":{"id":"imu_status","sub":""},"content":{"TimeStamp":11,"FrameCounter":260028,"GD_X":-0.011453153565526009,"GD_Y":0.005039200186729431,"GD_Z":0.0019848872907459736,"AD_X":-0.0036127865314483643,"AD_Y":-7.318038260564208E-4,"AD_Z":-0.16703224182128906,"TempDsp":0,"Status":0,"CalibState":1,"SigAmpInvalid":0}},-1979710460
