05-27 18:53:47.540   536   536 D commservice260303: Push Message into SendPool fn=87622656
05-27 18:53:47.540   536   536 D commservice260303: ComProtocolLibSend2Cluster::send2ClusterRaw fn=87622656 , len=332
05-27 18:53:47.540   536   536 D commservice260303: sendCmdToPort :332!!!
05-27 18:53:47.540   581   581 I SpiService: fgesysctrl_getGPIO_status success val=1
05-27 18:53:47.540   536   536 D commservice260303: send Cmd To Port ++++5AA501488A01000439056A16CD3B7B22636F6D6D616E64223A7B226964223A22696D755F737461747573222C22737562223A22227D2C22636F6E74656E74223A7B2254696D655374616D70223A31312C224672616D65436F756E746572223A3236303030362C2247445F58223A2D302E30313136303630373637333232373738372C2247445F59223A302E303035313135313432303932313038373236352C2247445F5A223A302E303032313337383130393233313539313232352C2241445F58223A2D302E30303131303638343333353233313738312C2241445F59223A302E303033373339303036333531363739353633352C2241445F5A223A2D302E31363435393137383932343536303534372C2254656D70447370223A302C22537461747573223A302C2243616C69625374617465223A312C22536967416D70496E76616C6964223A307D7DFA11
05-27 18:53:47.540   536   536 D commservice260303: bufferevent_write retrun value = 0
05-27 18:53:47.540   536   560 D commservice260303: client datas send succeed,send finish
05-27 18:53:47.540 13911 14192 D Sentinelmode_1.2.5.17_sentry: <SentryImuClusterFgeSender>imu_status sent to Linux, frame=260006, tsNs=11094787, tsMs=11, intervalMs=40, ad=(-0.0011068434,0.0037390064,-0.16459179), gd=(-0.011606077,0.005115142,0.002137811)
05-27 18:53:47.546   581   581 I SpiService: fgesysctrl_getGPIO_status success val=1
05-27 08:44:56.510   581   581 D spi_rst_gpio_get_output: GPIO 145 value: 1
05-27 08:44:56.510   581   581 D spidev_ioctl: gpio status=1)
05-27 18:53:47.551   581   581 I SpiService: fgesysctrl_getGPIO_status success val=0
05-27 18:53:47.551   481   597 I mcuc    : send SPI:6AA602DF740002890020
05-27 18:53:47.551   299 30841 D EvsDriver: forwardFrame
05-27 18:53:47.553   299 30841 D EvsDriver: Delivered 0xb400007b7ca56a60 as id 0
05-27 08:44:56.516   581   581 D spi_rst_gpio_get_output: GPIO 145 value: 0
05-27 08:44:56.516   581   581 D spidev_ioctl: gpio status=0)
05-27 18:53:47.553  1167  1167 D evsmanagerd: /dev/video4 forwarded the buffer #0 to 0xb4000074bf5f6850 from 0xb4000074bf5f41d0
05-27 18:53:47.554   299 30844 D EvsDriver: forwardFrame
05-27 18:53:47.556  1167  1167 D evsmanagerd: /dev/video6 forwarded the buffer #0 to 0xb4000074bf5f5510 from 0xb4000074bf5f6d90
05-27 18:53:47.556   299  1163 D EvsDriver: doneWithFrame
05-27 18:53:47.556   572   622 I Sensors : 230 AccelSensor: x:-0.168969,y:0.004880,z:-9.971060
05-27 18:53:47.557   299 30844 D EvsDriver: Delivered 0xb400007b7ca56900 as id 0
05-27 18:53:47.558   536  2579 D commservice260303: send heart beat package to Cluster
05-27 18:53:47.559   536  2579 D commservice260303: send2Cluster len:40, 7B22636F6D6D616E64223A7B226964223A22686561727462656174222C22737562223A22227D7D0A, 129 
05-27 18:53:47.559   536  2579 D commservice260303: Push Message into SendPool fn=104399872
05-27 18:53:47.559   536  2579 D commservice260303: ComProtocolLibSend2Cluster::send2ClusterRaw fn=104399872 , len=56
05-27 18:53:47.559   536  2579 D commservice260303: sendCmdToPort :56!!!
05-27 18:53:47.559   536  2579 D commservice260303: send Cmd To Port ++++5AA500348101000439066A16CD3B7B22636F6D6D616E64223A7B226964223A22686561727462656174222C22737562223A22227D7D0AF296
05-27 18:53:47.559   536  2579 D commservice260303: bufferevent_write retrun value = 0
05-27 18:53:47.560   536   560 D commservice260303: client datas send succeed,send finish
05-27 18:53:47.561   299  1163 D EvsDriver: doneWithFrame
05-27 18:53:47.562 13911 14183 I SentryImuMcuAngleSender: 179.97195rollDeg
05-27 18:53:47.562 13911 14183 I SentryImuMcuAngleSender: 1,0,0
05-27 18:53:47.564  1008 30857 D [OMXB]  : usingANWBuffer: handle:0xee744160, format:1, w:1920, h:1080
05-27 18:53:47.565   536   560 D commservice260303: recv len:91, 5AA500570100000040F36A16CD3B7B22636F6D6D616E64223A7B226964223A22686561727462656174222C22737562223A22227D2C22726573706F6E65223A7B22636F6465223A302C226D657373616765223A226F6B227D7D019F from server
05-27 18:53:47.565   536  2578 D commservice260303: mcuDataAnalyzeHandle templen:91,len:91,pos:0, 5AA500570100000040F36A16CD3B7B22636F6D6D616E64223A7B226964223A22686561727462656174222C22737562223A22227D2C22726573706F6E65223A7B22636F6465223A302C226D657373616765223A226F6B227D7D019F 
05-27 18:53:47.565   536  2578 I commservice260303: checksumCal = 415
05-27 18:53:47.565   536  2578 D commservice260303: Protocol_C2I_Commservice::dataproc {"command":{"id":"heartbeat","sub":""},"respone":{"code":0,"message":"ok"}},1
05-27 18:53:47.565   536  2578 D commservice260303: Protocol_C2I_Commservice::dataproc Receive a heartbeat command from Cluster, setTcpHeartbeat = EID_UID_HEARTBEAT
05-27 18:53:47.566   581   581 I SpiService: fgesysctrl_getGPIO_status success val=1
05-27 08:44:56.531   581   581 D spidev_ioctl: gpio status=1)
05-27 18:53:47.572   581   581 I SpiService: fgesysctrl_getGPIO_status success val=1
05-27 18:53:47.578   581   581 I SpiService: fgesysctrl_getGPIO_status success val=1
05-27 18:53:47.580   536   536 D commservice260303: msg.id = 1028,0
05-27 18:53:47.580   536   536 D commservice260303: i = 170, msgid = 8A000404
05-27 18:53:47.580   536   536 D commservice260303: msgid = -1979710460,did=138
05-27 18:53:47.580   536   536 D commservice260303: CommProtocolLibCmdBaseI2C::dataproc {"command":{"id":"imu_status","sub":""},"content":{"TimeStamp":11,"FrameCounter":260007,"GD_X":-0.011223767884075642,"GD_Y":0.006032164208590984,"GD_Z":0.0023671966046094894,"AD_X":-0.003543958067893982,"AD_Y":0.002502613002434373,"AD_Z":-0.1670370101928711,"TempDsp":0,"Status":0,"CalibState":1,"SigAmpInvalid":0}},-1979710460
05-27 18:53:47.580   536   536 D commservice260303: send2Cluster len:315, 7B22636F6D6D616E64223A7B226964223A22696D755F737461747573222C22737562223A22227D2C22636F6E74656E74223A7B2254696D655374616D70223A31312C224672616D65436F756E746572223A3236303030372C2247445F58223A2D302E3031313232333736373838343037353634322C2247445F59223A302E3030363033323136343230383539303938342C2247445F5A223A302E303032333637313936363034363039343839342C2241445F58223A2D302E3030333534333935383036373839333938322C2241445F59223A302E3030323530323631333030323433343337332C2241445F5A223A2D302E313637303337303130313932383731312C2254656D70447370223A302C22537461747573223A302C2243616C69625374617465223A312C22536967416D70496E76616C6964223A307D7D, 138 
05-27 18:53:47.580   536   536 D commservice260303: Push Message into SendPool fn=121177088
05-27 18:53:47.580   536   536 D commservice260303: ComProtocolLibSend2Cluster::send2ClusterRaw fn=121177088 , len=331
05-27 18:53:47.580   536   536 D commservice260303: sendCmdToPort :331!!!
05-27 18:53:47.580   536   536 D commservice260303: send Cmd To Port ++++5AA501478A01000439076A16CD3B7B22636F6D6D616E64223A7B226964223A22696D755F737461747573222C22737562223A22227D2C22636F6E74656E74223A7B2254696D655374616D70223A31312C224672616D65436F756E746572223A3236303030372C2247445F58223A2D302E3031313232333736373838343037353634322C2247445F59223A302E3030363033323136343230383539303938342C2247445F5A223A302E303032333637313936363034363039343839342C2241445F58223A2D302E3030333534333935383036373839333938322C2241445F59223A302E3030323530323631333030323433343337332C2241445F5A223A2D302E313637303337303130313932383731312C2254656D70447370223A302C22537461747573223A302C2243616C69625374617465223A312C22536967416D70496E76616C6964223A307D7D113C
05-27 18:53:47.580   536   536 D commservice260303: bufferevent_write retrun value = 0
05-27 18:53:47.580   536   560 D commservice260303: client datas send succeed,send finish
05-27 18:53:47.580 13911 14192 D Sentinelmode_1.2.5.17_sentry: <SentryImuClusterFgeSender>imu_status sent to Linux, frame=260007, tsNs=11094824, tsMs=11, intervalMs=40, ad=(-0.003543958,0.002502613,-0.16703701), gd=(-0.011223768,0.006032164,0.0023671966)
05-27 18:53:47.582   283   307 I rvcservice: t.code = 0, t.value = 0
05-27 18:53:47.582  1008 30856 D [OMXB]  : usingANWBuffer: handle:0xee7444d0, format:1, w:1920, h:1080
05-27 18:53:47.583 13911 14183 I SentryImuMcuAngleSender: 179.97197rollDeg
05-27 18:53:47.583 13911 14183 I SentryImuMcuAngleSender: 1,0,0
05-27 18:53:47.583   581   581 I SpiService: fgesysctrl_getGPIO_status success val=1
05-27 18:53:47.589   581   581 I SpiService: fgesysctrl_getGPIO_status success val=0
05-27 18:53:47.591   299 30844 D EvsDriver: forwardFrame
05-27 18:53:47.591   299 30841 D EvsDriver: forwardFrame
05-27 08:44:56.554   581   581 D spi_rst_gpio_get_output: GPIO 145 value: 0
05-27 18:53:47.594   299 30844 D EvsDriver: Delivered 0xb400007b7ca56900 as id 0
05-27 18:53:47.594   299 30841 D EvsDriver: Delivered 0xb400007b7ca56a60 as id 0
05-27 18:53:47.594  1167  1167 D evsmanagerd: /dev/video6 forwarded the buffer #0 to 0xb4000074bf5f5510 from 0xb4000074bf5f6d90
05-27 18:53:47.594  1167  1479 D evsmanagerd: /dev/video4 forwarded the buffer #0 to 0xb4000074bf5f6850 from 0xb4000074bf5f41d0
05-27 18:53:47.594 30773 30773 E dvr_service_: [myNum:0] Received S**** loss
05-27 18:53:47.594 30773 30783 E dvr_service_: [myNum:1] Received S**** loss
05-27 18:53:47.595   299  1163 D EvsDriver: doneWithFrame
05-27 18:53:47.597   299  1163 D EvsDriver: doneWithFrame
05-27 18:53:47.597  1008 30857 D [OMXB]  : usingANWBuffer: handle:0xee745600, format:1, w:1920, h:1080
05-27 18:53:47.603 13911 14183 I SentryImuMcuAngleSender: 179.97897rollDeg
05-27 18:53:47.604 13911 14183 I SentryImuMcuAngleSender: 1,0,0
05-27 18:53:47.604   581   581 I SpiService: fgesysctrl_getGPIO_status success val=1
05-27 08:44:56.568   581   581 D spi_rst_gpio_get_output: GPIO 145 value: 1
05-27 18:53:47.609   581   581 I SpiService: fgesysctrl_getGPIO_status success val=1
05-27 18:53:47.615   581   581 I SpiService: fgesysctrl_getGPIO_status success val=1
05-27 18:53:47.615  1008 30856 D [OMXB]  : usingANWBuffer: handle:0xee742950, format:1, w:1920, h:1080
05-27 18:53:47.620   581   581 I SpiService: fgesysctrl_getGPIO_status success val=1
05-27 18:53:47.620   536   536 D commservice260303: msg.id = 1028,2
05-27 18:53:47.621   536   536 D commservice260303: i = 170, msgid = 8A000404
05-27 18:53:47.621   536   536 D commservice260303: msgid = -1979710460,did=138
05-27 18:53:47.621   536   536 D commservice260303: CommProtocolLibCmdBaseI2C::dataproc {"command":{"id":"imu_status","sub":""},"content":{"TimeStamp":11,"FrameCounter":260008,"GD_X":-0.012139749713242054,"GD_Y":0.005802778527140617,"GD_Z":0.0022902146447449923,"AD_X":-0.0011152476072311401,"AD_Y":5.877157673239708E-5,"AD_Z":-0.16886138916015625,"TempDsp":0,"Status":0,"CalibState":1,"SigAmpInvalid":0}},-1979710460
05-27 18:53:47.621   536   536 D commservice260303: send2Cluster len:317, 7B22636F6D6D616E64223A7B226964223A22696D755F737461747573222C22737562223A22227D2C22636F6E74656E74223A7B2254696D655374616D70223A31312C224672616D65436F756E746572223A3236303030382C2247445F58223A2D302E3031323133393734393731333234323035342C2247445F59223A302E3030353830323737383532373134303631372C2247445F5A223A302E303032323930323134363434373434393932332C2241445F58223A2D302E303031313135323437363037323331313430312C2241445F59223A352E383737313537363733323339373038452D352C2241445F5A223A2D302E31363838363133383931363031353632352C2254656D70447370223A302C22537461747573223A302C2243616C69625374617465223A312C22536967416D70496E76616C6964223A307D7D, 138 
05-27 18:53:47.621   536   536 D commservice260303: Push Message into SendPool fn=137954304
05-27 18:53:47.621   536   536 D commservice260303: ComProtocolLibSend2Cluster::send2ClusterRaw fn=137954304 , len=333
05-27 18:53:47.622   536   536 D commservice260303: sendCmdToPort :333!!!
05-27 18:53:47.622   536   536 D commservice260303: send Cmd To Port ++++5AA501498A01000439086A16CD3B7B22636F6D6D616E64223A7B226964223A22696D755F737461747573222C22737562223A22227D2C22636F6E74656E74223A7B2254696D655374616D70223A31312C224672616D65436F756E746572223A3236303030382C2247445F58223A2D302E3031323133393734393731333234323035342C2247445F59223A302E3030353830323737383532373134303631372C2247445F5A223A302E303032323930323134363434373434393932332C2241445F58223A2D302E303031313135323437363037323331313430312C2241445F59223A352E383737313537363733323339373038452D352C2241445F5A223A2D302E31363838363133383931363031353632352C2254656D70447370223A302C22537461747573223A302C2243616C69625374617465223A312C22536967416D70496E76616C6964223A307D7DDBE4
05-27 18:53:47.622   536   560 D commservice260303: client datas send succeed,send finish
05-27 18:53:47.622   536   536 D commservice260303: bufferevent_write retrun value = 0
05-27 18:53:47.622   299 30844 D EvsDriver: forwardFrame
05-27 18:53:47.622 13911 14192 D Sentinelmode_1.2.5.17_sentry: <SentryImuClusterFgeSender>imu_status sent to Linux, frame=260008, tsNs=11094858, tsMs=11, intervalMs=42, ad=(-0.0011152476,5.8771577E-5,-0.16886139), gd=(-0.01213975,0.0058027785,0.0022902146)
05-27 18:53:47.624   299 30844 D EvsDriver: Delivered 0xb400007b7ca56900 as id 0
05-27 18:53:47.624  1083  1083 I MyAppLog: [2026-05-27 18:53:47.623 I tboxap mcuSendYadiTransfer:196] [Mcu] [mcuYadiSend]: :00 08 A9 04 01 09 81 02 01 01
05-27 18:53:47.624  1167  1479 D evsmanagerd: /dev/video6 forwarded the buffer #0 to 0xb4000074bf5f5510 from 0xb4000074bf5f6d90
05-27 18:53:47.624 13911 14183 I SentryImuMcuAngleSender: 179.98598rollDeg
05-27 18:53:47.624 13911 14183 I SentryImuMcuAngleSender: 1,0,0
05-27 18:53:47.627   581   581 I SpiService: fgesysctrl_getGPIO_status success val=0
05-27 18:53:47.627   481   599 I mcuc    : start timer OK = 31301 
05-27 18:53:47.627   481   597 I mcuc    : send SPI:6AA6017A4500F80901A9040109810201010000000000000000000000000000000000000000000000000000000000000000000000000000000000000000000000000000000000000000000000000000000000000000000000000000000000000000000000000000000000000000000000000000000000000000000000000000000000000000000000000000000000000000000000000000000000000000000000000000000000000000000000000000000000000000000000000000000000000000000000000000000000000000000000000000000000000000000000000000000000000000000000000000000000000000000000000000000000000000000002
05-27 18:53:47.628   299 30841 D EvsDriver: forwardFrame
05-27 18:53:47.630   299  1163 D EvsDriver: doneWithFrame
05-27 18:53:47.630   299 30841 D EvsDriver: Delivered 0xb400007b7ca56a60 as id 0
05-27 18:53:47.630  1167  1479 D evsmanagerd: /dev/video4 forwarded the buffer #0 to 0xb4000074bf5f6850 from 0xb4000074bf5f41d0
05-27 18:53:47.633   299  1163 D EvsDriver: doneWithFrame
05-27 18:53:47.634  1008 30857 D [OMXB]  : usingANWBuffer: handle:0xee742480, format:1, w:1920, h:1080
05-27 18:53:47.641   481   598 I mcuc    : rev,n=1,6AA681DF75000A89003C010409141234569E
05-27 18:53:47.641   351   373 D automotive.vehicle@2.0-adayo-datacomm-mcu: MCUDatacomm sendMessageFromVehicle prop: 0x89, areaId: 0x0, status: 0x3c, timestamp: 0x1
05-27 18:53:47.641  1121  1144 I tboxmids_ap: [2026-05-27 18:53:47.641] [MCU RX] src=MCU dst=ZMQ len=10 type=BINARY data=00 08 3C 01 04 09 14 12 34 56 
05-27 18:53:47.641   351   373 D automotive.vehicle@2.0-adayo-datacomm-mcu: MCUDatacomm 1sendMessageFromVehicle ---> type = 12 
05-27 18:53:47.642   581   581 I SpiService: fgesysctrl_getGPIO_status success val=1
05-27 18:53:47.643  1083  1083 I MyAppLog: [2026-05-27 18:53:47.642 I tboxap mcuCommTboxmidsRecvCb:97] [Mcu] [mcuCommTboxmidsRecvCb] recv from tboxmids, size:10
05-27 18:53:47.643  1083  1083 I MyAppLog: [2026-05-27 18:53:47.642 I tboxap mcuCommTboxmidsRecvCb:98] [Mcu] [tboxmids -> tboxap]: :00 08 3C 01 04 09 14 12 34 56
05-27 18:53:47.643  1083  1083 W MyAppLog: [2026-05-27 18:53:47.642 W tboxap mcuYadiFrameParse:852] [Mcu] [mcuYadiFrameParse] cmd:0914(MCU_SEC_BATT2_DYNAMIC_IND) payload too short:5 < 36
05-27 18:53:47.643  1083  1083 W MyAppLog: [2026-05-27 18:53:47.642 W tboxap mcuPtlParseData:982] [Mcu] [mcuPtlParseData] invalid yadi frame, len:10
05-27 18:53:47.644   572   572 I Sensors : 230 GyroSensor: x:-0.012217,y:0.004963,z:0.001527
05-27 18:53:47.645 13911 14183 I SentryImuMcuAngleSender: 179.993rollDeg
05-27 18:53:47.645 13911 14183 I SentryImuMcuAngleSender: 1,0,0
05-27 18:53:47.646   566  1171 I gps_hdbd: [gps_upgrade_thread 3506]Enter
05-27 18:53:47.647   566  1171 I gps_hdbd: [gps_upgrade_thread 3535] sys.gps.update:0 ,file:not ,upgrate_ing:0
05-27 18:53:47.647   581   581 I SpiService: fgesysctrl_getGPIO_status success val=1
05-27 18:53:47.653   299 30844 D EvsDriver: forwardFrame
05-27 18:53:47.653   581   581 I SpiService: fgesysctrl_getGPIO_status success val=1
05-27 18:53:47.654   299 30844 D EvsDriver: Delivered 0xb400007b7ca56900 as id 0
05-27 18:53:47.654  1167  1479 D evsmanagerd: /dev/video6 forwarded the buffer #0 to 0xb4000074bf5f5510 from 0xb4000074bf5f6d90
05-27 18:53:47.654  1008 30856 D [OMXB]  : usingANWBuffer: handle:0xee7428a0, format:1, w:1920, h:1080
05-27 18:53:47.657   299 30841 D EvsDriver: forwardFrame
05-27 18:53:47.657   299  1163 D EvsDriver: doneWithFrame
05-27 18:53:47.659   299 30841 D EvsDriver: Delivered 0xb400007b7ca56a60 as id 0
05-27 18:53:47.659   581   581 I SpiService: fgesysctrl_getGPIO_status success val=1
05-27 18:53:47.659  1167  1479 D evsmanagerd: /dev/video4 forwarded the buffer #0 to 0xb4000074bf5f6850 from 0xb4000074bf5f41d0
05-27 08:44:56.624   581   581 D spi_rst_gpio_get_output: GPIO 145 value: 1
05-27 08:44:56.624   581   581 D spidev_ioctl: gpio status=1)
05-27 18:53:47.661   536   536 D commservice260303: msg.id = 1028,3
05-27 18:53:47.661   536   536 D commservice260303: i = 170, msgid = 8A000404
05-27 18:53:47.661   536   536 D commservice260303: msgid = -1979710460,did=138
05-27 18:53:47.661   536   536 D commservice260303: CommProtocolLibCmdBaseI2C::dataproc {"command":{"id":"imu_status","sub":""},"content":{"TimeStamp":11,"FrameCounter":260009,"GD_X":-0.01221725158393383,"GD_Y":0.004963258747011423,"GD_Z":0.0015271564479917288,"AD_X":-0.004766091704368591,"AD_Y":-0.0011528879404067993,"AD_Z":-0.16947174072265625,"TempDsp":0,"Status":0,"CalibState":1,"SigAmpInvalid":0}},-1979710460
05-27 18:53:47.662   536   536 D commservice260303: send2Cluster len:317, 7B22636F6D6D616E64223A7B226964223A22696D755F737461747573222C22737562223A22227D2C22636F6E74656E74223A7B2254696D655374616D70223A31312C224672616D65436F756E746572223A3236303030392C2247445F58223A2D302E30313232313732353135383339333338332C2247445F59223A302E3030343936333235383734373031313432332C2247445F5A223A302E303031353237313536343437393931373238382C2241445F58223A2D302E3030343736363039313730343336383539312C2241445F59223A2D302E303031313532383837393430343036373939332C2241445F5A223A2D302E31363934373137343037323236353632352C2254656D70447370223A302C22537461747573223A302C2243616C69625374617465223A312C22536967416D70496E76616C6964223A307D7D, 138 
05-27 18:53:47.662   536   536 D commservice260303: Push Message into SendPool fn=154731520
05-27 18:53:47.662   536   536 D commservice260303: ComProtocolLibSend2Cluster::send2ClusterRaw fn=154731520 , len=333
05-27 18:53:47.662   536   536 D commservice260303: sendCmdToPort :333!!!
05-27 18:53:47.662   536   536 D commservice260303: send Cmd To Port ++++5AA501498A01000439096A16CD3B7B22636F6D6D616E64223A7B226964223A22696D755F737461747573222C22737562223A22227D2C22636F6E74656E74223A7B2254696D655374616D70223A31312C224672616D65436F756E746572223A3236303030392C2247445F58223A2D302E30313232313732353135383339333338332C2247445F59223A302E3030343936333235383734373031313432332C2247445F5A223A302E303031353237313536343437393931373238382C2241445F58223A2D302E3030343736363039313730343336383539312C2241445F59223A2D302E303031313532383837393430343036373939332C2241445F5A223A2D302E31363934373137343037323236353632352C2254656D70447370223A302C22537461747573223A302C2243616C69625374617465223A312C22536967416D70496E76616C6964223A307D7D7EC0
05-27 18:53:47.663   536   536 D commservice260303: bufferevent_write retrun value = 0
05-27 18:53:47.663   536   560 D commservice260303: client datas send succeed,send finish
05-27 18:53:47.664   299  1163 D EvsDriver: doneWithFrame
05-27 18:53:47.665   581   581 I SpiService: fgesysctrl_getGPIO_status success val=1
05-27 18:53:47.665 13911 14192 D Sentinelmode_1.2.5.17_sentry: <SentryImuClusterFgeSender>imu_status sent to Linux, frame=260009, tsNs=11094894, tsMs=11, intervalMs=43, ad=(-0.0047660917,-0.0011528879,-0.16947174), gd=(-0.012217252,0.0049632587,0.0015271564)
05-27 18:53:47.666 13911 14183 I SentryImuMcuAngleSender: 179.97899rollDeg
05-27 18:53:47.666 13911 14183 I SentryImuMcuAngleSender: 1,0,0
05-27 08:44:56.630   581   581 D spidev_ioctl: gpio status=1)
05-27 18:53:47.671   581   581 I SpiService: fgesysctrl_getGPIO_status success val=0
05-27 18:53:47.671   481   597 I mcuc    : send SPI:6AA602DF75000289001F
05-27 08:44:56.636   581   581 D spi_rst_gpio_get_output: GPIO 145 value: 0
05-27 18:53:47.676  1008 30857 D [OMXB]  : usingANWBuffer: handle:0xee7407a0, format:1, w:1920, h:1080
05-27 18:53:47.677   536   536 W commservice260303: [FgeComService::getAQConnectStatus:378]
05-27 18:53:47.677   536   536 W commservice260303: [mcuCommFunctionTcp::getAQConnectStatus:406] 1
05-27 18:53:47.677   536   536 W commservice260303: [FgeComService::getAQConnectStatus:380] status:1
05-27 18:53:47.678 12246 12246 E ivicomm_CommManager: getA2lConnectStatus aqConnectStatus:1
05-27 18:53:47.678 12246 12246 D ivicomm_ConnectStateManager: notifyState newState=1curState=1
05-27 18:53:47.682   283   307 I rvcservice: t.code = 3, t.value = 0
05-27 18:53:47.683   481   598 I mcuc    : rev,n=1,6AA6827A4500020901B3
05-27 18:53:47.686   581   581 I SpiService: fgesysctrl_getGPIO_status success val=1
05-27 18:53:47.686 13911 14183 I SentryImuMcuAngleSender: 179.96497rollDeg
05-27 18:53:47.686 13911 14183 I SentryImuMcuAngleSender: 1,0,0
05-27 18:53:47.690   299 30844 D EvsDriver: forwardFrame
05-27 18:53:47.691   299 30841 D EvsDriver: forwardFrame
05-27 18:53:47.691   299 30844 D EvsDriver: Delivered 0xb400007b7ca56900 as id 0
05-27 18:53:47.691   581   581 I SpiService: fgesysctrl_getGPIO_status success val=1
05-27 18:53:47.691  1167  1479 D evsmanagerd: /dev/video6 forwarded the buffer #0 to 0xb4000074bf5f5510 from 0xb4000074bf5f6d90
05-27 18:53:47.692   299 30841 D EvsDriver: Delivered 0xb400007b7ca56a60 as id 0
05-27 18:53:47.692  1008 30856 D [OMXB]  : usingANWBuffer: handle:0xee743c90, format:1, w:1920, h:1080
05-27 18:53:47.692  1167  1479 D evsmanagerd: /dev/video4 forwarded the buffer #0 to 0xb4000074bf5f6850 from 0xb4000074bf5f41d0
05-27 18:53:47.694   299  1163 D EvsDriver: doneWithFrame
05-27 18:53:47.695   299  1163 D EvsDriver: doneWithFrame
05-27 18:53:47.697   581   581 I SpiService: fgesysctrl_getGPIO_status success val=1
05-27 18:53:47.701   536   536 D commservice260303: msg.id = 1028,1
05-27 18:53:47.702   536   536 D commservice260303: i = 170, msgid = 8A000404
05-27 18:53:47.702   536   536 D commservice260303: msgid = -1979710460,did=138
05-27 18:53:47.702   536   536 D commservice260303: CommProtocolLibCmdBaseI2C::dataproc {"command":{"id":"imu_status","sub":""},"content":{"TimeStamp":11,"FrameCounter":260010,"GD_X":-0.011987865902483463,"GD_Y":0.005039200186729431,"GD_Z":0.001679039909504354,"AD_X":0.0013093054294586182,"AD_Y":0.004914682824164629,"AD_Z":-0.16947174072265625,"TempDsp":0,"Status":0,"CalibState":1,"SigAmpInvalid":0}},-1979710460
05-27 18:53:47.702   536   536 D commservice260303: send2Cluster len:315, 7B22636F6D6D616E64223A7B226964223A22696D755F737461747573222C22737562223A22227D2C22636F6E74656E74223A7B2254696D655374616D70223A31312C224672616D65436F756E746572223A3236303031302C2247445F58223A2D302E3031313938373836353930323438333436332C2247445F59223A302E3030353033393230303138363732393433312C2247445F5A223A302E3030313637393033393930393530343335342C2241445F58223A302E303031333039333035343239343538363138322C2241445F59223A302E3030343931343638323832343136343632392C2241445F5A223A2D302E31363934373137343037323236353632352C2254656D70447370223A302C22537461747573223A302C2243616C69625374617465223A312C22536967416D70496E76616C6964223A307D7D, 138 
05-27 18:53:47.702   536   536 D commservice260303: Push Message into SendPool fn=171508736
05-27 18:53:47.702   536   536 D commservice260303: ComProtocolLibSend2Cluster::send2ClusterRaw fn=171508736 , len=331
05-27 18:53:47.702   536   536 D commservice260303: sendCmdToPort :331!!!
05-27 18:53:47.702   536   536 D commservice260303: send Cmd To Port ++++5AA501478A010004390A6A16CD3B7B22636F6D6D616E64223A7B226964223A22696D755F737461747573222C22737562223A22227D2C22636F6E74656E74223A7B2254696D655374616D70223A31312C224672616D65436F756E746572223A3236303031302C2247445F58223A2D302E3031313938373836353930323438333436332C2247445F59223A302E3030353033393230303138363732393433312C2247445F5A223A302E3030313637393033393930393530343335342C2241445F58223A302E303031333039333035343239343538363138322C2241445F59223A302E3030343931343638323832343136343632392C2241445F5A223A2D302E31363934373137343037323236353632352C2254656D70447370223A302C22537461747573223A302C2243616C69625374617465223A312C22536967416D70496E76616C6964223A307D7D1688
05-27 18:53:47.702   581   581 I SpiService: fgesysctrl_getGPIO_status success val=1
05-27 18:53:47.702   536   536 D commservice260303: bufferevent_write retrun value = 0
05-27 18:53:47.703   536   560 D commservice260303: client datas send succeed,send finish
05-27 18:53:47.703 13911 14192 D Sentinelmode_1.2.5.17_sentry: <SentryImuClusterFgeSender>imu_status sent to Linux, frame=260010, tsNs=11094947, tsMs=11, intervalMs=37, ad=(0.0013093054,0.004914683,-0.16947174), gd=(-0.011987866,0.0050392,0.0016790399)
05-27 18:53:47.706 13911 14183 I SentryImuMcuAngleSender: 179.95796rollDeg
05-27 18:53:47.707 13911 14183 I SentryImuMcuAngleSender: 1,0,0
05-27 18:53:47.708   581   581 I SpiService: fgesysctrl_getGPIO_status success val=1
05-27 18:53:47.713   581   581 I SpiService: fgesysctrl_getGPIO_status success val=0
05-27 18:53:47.713 13549 13549 I ADAYO_LOG_: handleMessage(UsbFunc.java:352)copyQnx = 0
05-27 18:53:47.714 13549 13549 I ADAYO_LOG_: handleMessage(UsbFunc.java:404)copyState = 2
05-27 18:53:47.718  1008 30857 D [OMXB]  : usingANWBuffer: handle:0xee742320, format:1, w:1920, h:1080
05-27 18:53:47.720 11130 11191 D ANWStack: Realtek Bluetooth :01 01 10 00
05-27 18:53:47.726 13911 14183 I SentryImuMcuAngleSender: 179.95796rollDeg
05-27 18:53:47.726 13911 14183 I SentryImuMcuAngleSender: 1,0,0
05-27 18:53:47.727   299 30841 D EvsDriver: forwardFrame
05-27 18:53:47.728   581   581 I SpiService: fgesysctrl_getGPIO_status success val=1
05-27 18:53:47.728   299 30841 D EvsDriver: Delivered 0xb400007b7ca56a60 as id 0
05-27 18:53:47.729  1167  1479 D evsmanagerd: /dev/video4 forwarded the buffer #0 to 0xb4000074bf5f6850 from 0xb4000074bf5f41d0
05-27 18:53:47.731   299 30844 D EvsDriver: forwardFrame
05-27 18:53:47.731   299  1163 D EvsDriver: doneWithFrame
05-27 18:53:47.734   581   581 I SpiService: fgesysctrl_getGPIO_status success val=1
05-27 18:53:47.734  1008 30856 D [OMXB]  : usingANWBuffer: handle:0xee740590, format:1, w:1920, h:1080
05-27 18:53:47.735   299 30844 D EvsDriver: Delivered 0xb400007b7ca56900 as id 0
05-27 18:53:47.735  1167  1479 D evsmanagerd: /dev/video6 forwarded the buffer #0 to 0xb4000074bf5f5510 from 0xb4000074bf5f6d90
05-27 18:53:47.737   299  1163 D EvsDriver: doneWithFrame
05-27 18:53:47.739   581   581 I SpiService: fgesysctrl_getGPIO_status success val=1
05-27 18:53:47.743   536   536 D commservice260303: msg.id = 1028,2
05-27 18:53:47.743   536   536 D commservice260303: i = 170, msgid = 8A000404
05-27 18:53:47.743   536   536 D commservice260303: msgid = -1979710460,did=138
05-27 18:53:47.743   536   536 D commservice260303: CommProtocolLibCmdBaseI2C::dataproc {"command":{"id":"imu_status","sub":""},"content":{"TimeStamp":11,"FrameCounter":260011,"GD_X":-0.011910883709788322,"GD_Y":0.004963258747011423,"GD_Z":0.002213752595707774,"AD_X":-0.002361983060836792,"AD_Y":0.004276452586054802,"AD_Z":-0.16825294494628906,"TempDsp":0,"Status":0,"CalibState":1,"SigAmpInvalid":0}},-1979710460
05-27 18:53:47.743   536   536 D commservice260303: send2Cluster len:315, 7B22636F6D6D616E64223A7B226964223A22696D755F737461747573222C22737562223A22227D2C22636F6E74656E74223A7B2254696D655374616D70223A31312C224672616D65436F756E746572223A3236303031312C2247445F58223A2D302E3031313931303838333730393738383332322C2247445F59223A302E3030343936333235383734373031313432332C2247445F5A223A302E3030323231333735323539353730373737342C2241445F58223A2D302E3030323336313938333036303833363739322C2241445F59223A302E3030343237363435323538363035343830322C2241445F5A223A2D302E31363832353239343439343632383930362C2254656D70447370223A302C22537461747573223A302C2243616C69625374617465223A312C22536967416D70496E76616C6964223A307D7D, 138 
05-27 18:53:47.744   536   536 D commservice260303: Push Message into SendPool fn=188285952
05-27 18:53:47.744   536   536 D commservice260303: ComProtocolLibSend2Cluster::send2ClusterRaw fn=188285952 , len=331
05-27 18:53:47.744   536   536 D commservice260303: sendCmdToPort :331!!!
05-27 18:53:47.744   536   536 D commservice260303: send Cmd To Port ++++5AA501478A010004390B6A16CD3B7B22636F6D6D616E64223A7B226964223A22696D755F737461747573222C22737562223A22227D2C22636F6E74656E74223A7B2254696D655374616D70223A31312C224672616D65436F756E746572223A3236303031312C2247445F58223A2D302E3031313931303838333730393738383332322C2247445F59223A302E3030343936333235383734373031313432332C2247445F5A223A302E3030323231333735323539353730373737342C2241445F58223A2D302E3030323336313938333036303833363739322C2241445F59223A302E3030343237363435323538363035343830322C2241445F5A223A2D302E31363832353239343439343632383930362C2254656D70447370223A302C22537461747573223A302C2243616C69625374617465223A312C22536967416D70496E76616C6964223A307D7D4ED3
05-27 18:53:47.744   536   536 D commservice260303: bufferevent_write retrun value = 0
05-27 18:53:47.744   536   560 D commservice260303: client datas send succeed,send finish
05-27 18:53:47.745 13911 14192 D Sentinelmode_1.2.5.17_sentry: <SentryImuClusterFgeSender>imu_status sent to Linux, frame=260011, tsNs=11094984, tsMs=11, intervalMs=43, ad=(-0.002361983,0.0042764526,-0.16825294), gd=(-0.011910884,0.0049632587,0.0022137526)
05-27 18:53:47.745   581   581 I SpiService: fgesysctrl_getGPIO_status success val=1
05-27 18:53:47.746 13911 14183 I SentryImuMcuAngleSender: 179.96146rollDeg
05-27 18:53:47.746 13911 14183 I SentryImuMcuAngleSender: 1,0,0
05-27 18:53:47.750   572   622 I Sensors : 230 AccelSensor: x:-0.170190,y:0.005490,z:-9.971670
05-27 18:53:47.751   581   581 I SpiService: fgesysctrl_getGPIO_status success val=0
05-27 18:53:47.757  1008 30857 D [OMXB]  : usingANWBuffer: handle:0xee742530, format:1, w:1920, h:1080
05-27 18:53:47.760   299 30841 D EvsDriver: forwardFrame
05-27 18:53:47.761   299 30844 D EvsDriver: forwardFrame
05-27 18:53:47.763   481   598 I mcuc    : rev,n=1,6AA681DF76008C8305000055000000B0000000000001000100005F4294B1ED71FA94EE94EDAAEA94ED29DB94EEB2E8A7958CD15200000000040000B3000000000000000000000000000000B44300000000000300000000000000AA000000E40701010000000000000000BB06050507EA051B000008009403CB00CC000000000000000000000000000000B500000000000000009F
05-27 18:53:47.763   351   373 D automotive.vehicle@2.0-adayo-datacomm-mcu: MCUDatacomm sendMessageFromVehicle prop: 0x83, areaId: 0x5, status: 0x0, timestamp: 0x0
05-27 18:53:47.763   351   373 D automotive.vehicle@2.0-adayo-datacomm-mcu: MCUDatacomm 1sendMessageFromVehicle ---> type = 7 
05-27 18:53:47.763   351   373 I automotive.vehicle@2.0-adayo-func-mcu: MCUFunc :sendMessageFromVehicle  msgBuff[0] = 131 
05-27 18:53:47.763   299 30841 D EvsDriver: Delivered 0xb400007b7ca56a60 as id 0
05-27 18:53:47.763   351   373 I automotive.vehicle@2.0-adayo-func-mcu: MCUFunc :sendMessageFromVehicle  msgBuff[1] = 5 
05-27 18:53:47.763   351   373 I automotive.vehicle@2.0-adayo-func-mcu: MCUFunc :sendMessageFromVehicle  msgBuff[2] = 0 
05-27 18:53:47.763   351   373 I automotive.vehicle@2.0-adayo-func-mcu: MCUFunc :sendMessageFromVehicle  msgBuff[3] = 0 
05-27 18:53:47.763   351   373 I automotive.vehicle@2.0-adayo-func-mcu: MCUFunc :sendMessageFromVehicle  msgBuff[4] = 85 
05-27 18:53:47.764   351   373 I automotive.vehicle@2.0-adayo-func-mcu: MCUFunc :sendMessageFromVehicle  msgBuff[5] = 0 
05-27 18:53:47.764  1167  1479 D evsmanagerd: /dev/video4 forwarded the buffer #0 to 0xb4000074bf5f6850 from 0xb4000074bf5f41d0
05-27 18:53:47.764 30773 30773 E dvr_service_: [myNum:0] Received S**** loss
05-27 18:53:47.764   299 30844 D EvsDriver: Delivered 0xb400007b7ca56900 as id 0
05-27 18:53:47.764  1167  1167 D evsmanagerd: /dev/video6 forwarded the buffer #0 to 0xb4000074bf5f5510 from 0xb4000074bf5f6d90
05-27 18:53:47.764   299  1163 D EvsDriver: doneWithFrame
05-27 18:53:47.764 30773 30783 E dvr_service_: [myNum:1] Received S**** loss
05-27 18:53:47.765   299  1163 D EvsDriver: doneWithFrame
05-27 18:53:47.765   481   598 I mcuc    : rev,n=2,6AA681DF77009E8B30021D01020403A0030000030100000100000000002901A100000000003B000202000002020002A208FA29018000028000038000048000A3058000068000070000080000000000A4000000000000000000000101000700A502000000010102000200FF0100A61EDD01010101010000000101010000000A0A0A0000010101040402020000000000000000000000000000000000000000000000000000EE3D
05-27 18:53:47.765   581   581 I SpiService: fgesysctrl_getGPIO_status success val=1
05-27 18:53:47.766 13911 14183 I SentryImuMcuAngleSender: 179.96846rollDeg
05-27 18:53:47.766 13911 14183 I SentryImuMcuAngleSender: 1,0,0
05-27 18:53:47.770 11472 26284 D TcpSocketTracker: pollSocketsInfo: nlmsghdr=StructNlMsgHdr{ nlmsg_len{340}, nlmsg_type{20()}, nlmsg_flags{2(NLM_F_MULTI)}, nlmsg_seq{0}, nlmsg_pid{11472} }, limit=3400
05-27 18:53:47.770 11472 26284 D TcpSocketTracker: parseSockInfo, SocketInfo {Type:IPV6, TcpInfo{lost=0, retransmit=0, received=204, sent=270}, mark:262247 updated at 11095020}
05-27 18:53:47.770 11472 26284 D TcpSocketTracker: calculateLatestPacketsStat, stat:TcpStat {sent=5, lost=0, retransmit=0, received=4}
05-27 18:53:47.770 11472 26284 D TcpSocketTracker: pollSocketsInfo: nlmsghdr=StructNlMsgHdr{ nlmsg_len{340}, nlmsg_type{20()}, nlmsg_flags{2(NLM_F_MULTI)}, nlmsg_seq{0}, nlmsg_pid{11472} }, limit=3400
05-27 18:53:47.770 11472 26284 D TcpSocketTracker: parseSockInfo, SocketInfo {Type:IPV6, TcpInfo{lost=0, retransmit=0, received=15, sent=15}, mark:786535 updated at 11095020}
05-27 18:53:47.770 11472 26284 D TcpSocketTracker: calculateLatestPacketsStat, stat:TcpStat {sent=15, lost=0, retransmit=0, received=15}
05-27 18:53:47.770 11472 26284 D TcpSocketTracker: pollSocketsInfo: nlmsghdr=StructNlMsgHdr{ nlmsg_len{340}, nlmsg_type{20()}, nlmsg_flags{2(NLM_F_MULTI)}, nlmsg_seq{0}, nlmsg_pid{11472} }, limit=3400
05-27 18:53:47.770 11472 26284 D TcpSocketTracker: parseSockInfo, SocketInfo {Type:IPV6, TcpInfo{lost=0, retransmit=0, received=14, sent=15}, mark:786535 updated at 11095020}
05-27 18:53:47.770 11472 26284 D TcpSocketTracker: calculateLatestPacketsStat, stat:TcpStat {sent=15, lost=0, retransmit=0, received=14}
05-27 18:53:47.770 11472 26284 D TcpSocketTracker: pollSocketsInfo: nlmsghdr=StructNlMsgHdr{ nlmsg_len{340}, nlmsg_type{20()}, nlmsg_flags{2(NLM_F_MULTI)}, nlmsg_seq{0}, nlmsg_pid{11472} }, limit=3400
05-27 18:53:47.770 11472 26284 D TcpSocketTracker: parseSockInfo, SocketInfo {Type:IPV6, TcpInfo{lost=0, retransmit=0, received=746, sent=1457}, mark:262247 updated at 11095020}
05-27 18:53:47.770 11472 26284 D TcpSocketTracker: calculateLatestPacketsStat, stat:TcpStat {sent=4, lost=0, retransmit=0, received=2}
05-27 18:53:47.770 11472 26284 D TcpSocketTracker: pollSocketsInfo: nlmsghdr=StructNlMsgHdr{ nlmsg_len{340}, nlmsg_type{20()}, nlmsg_flags{2(NLM_F_MULTI)}, nlmsg_seq{0}, nlmsg_pid{11472} }, limit=3400
05-27 18:53:47.770 11472 26284 D TcpSocketTracker: parseSockInfo, SocketInfo {Type:IPV6, TcpInfo{lost=0, retransmit=0, received=15, sent=14}, mark:786535 updated at 11095020}
05-27 18:53:47.770 11472 26284 D TcpSocketTracker: calculateLatestPacketsStat, stat:TcpStat {sent=14, lost=0, retransmit=0, received=15}
05-27 18:53:47.770 11472 26284 D TcpSocketTracker: pollSocketsInfo: nlmsghdr=StructNlMsgHdr{ nlmsg_len{340}, nlmsg_type{20()}, nlmsg_flags{2(NLM_F_MULTI)}, nlmsg_seq{0}, nlmsg_pid{11472} }, limit=3400
05-27 18:53:47.770 11472 26284 D TcpSocketTracker: parseSockInfo, SocketInfo {Type:IPV6, TcpInfo{lost=0, retransmit=0, received=13, sent=13}, mark:786535 updated at 11095020}
05-27 18:53:47.770 11472 26284 D TcpSocketTracker: calculateLatestPacketsStat, stat:TcpStat {sent=13, lost=0, retransmit=0, received=13}
05-27 18:53:47.771 11472 26284 D TcpSocketTracker: pollSocketsInfo: nlmsghdr=StructNlMsgHdr{ nlmsg_len{340}, nlmsg_type{20()}, nlmsg_flags{2(NLM_F_MULTI)}, nlmsg_seq{0}, nlmsg_pid{11472} }, limit=3400
05-27 18:53:47.771 11472 26284 D TcpSocketTracker: parseSockInfo, SocketInfo {Type:IPV6, TcpInfo{lost=0, retransmit=0, received=12, sent=13}, mark:786535 updated at 11095020}
05-27 18:53:47.771 11472 26284 D TcpSocketTracker: calculateLatestPacketsStat, stat:TcpStat {sent=13, lost=0, retransmit=0, received=12}
05-27 18:53:47.771 11472 26284 D TcpSocketTracker: pollSocketsInfo: nlmsghdr=StructNlMsgHdr{ nlmsg_len{340}, nlmsg_type{20()}, nlmsg_flags{2(NLM_F_MULTI)}, nlmsg_seq{0}, nlmsg_pid{11472} }, limit=3400
05-27 18:53:47.771 11472 26284 D TcpSocketTracker: parseSockInfo, SocketInfo {Type:IPV6, TcpInfo{lost=0, retransmit=0, received=416, sent=469}, mark:262247 updated at 11095020}
05-27 18:53:47.771 11472 26284 D TcpSocketTracker: calculateLatestPacketsStat, stat:TcpStat {sent=3, lost=0, retransmit=0, received=2}
05-27 18:53:47.771 11472 26284 D TcpSocketTracker: pollSocketsInfo: nlmsghdr=StructNlMsgHdr{ nlmsg_len{340}, nlmsg_type{20()}, nlmsg_flags{2(NLM_F_MULTI)}, nlmsg_seq{0}, nlmsg_pid{11472} }, limit=3400
05-27 18:53:47.771 11472 26284 D TcpSocketTracker: parseSockInfo, SocketInfo {Type:IPV6, TcpInfo{lost=0, retransmit=0, received=143, sent=220}, mark:262247 updated at 11095020}
05-27 18:53:47.771 11472 26284 D TcpSocketTracker: calculateLatestPacketsStat, stat:TcpStat {sent=2, lost=0, retransmit=0, received=1}
05-27 18:53:47.771 11472 26284 D TcpSocketTracker: pollSocketsInfo: nlmsghdr=StructNlMsgHdr{ nlmsg_len{340}, nlmsg_type{20()}, nlmsg_flags{2(NLM_F_MULTI)}, nlmsg_seq{0}, nlmsg_pid{11472} }, limit=3400
05-27 18:53:47.771  1008 30856 D [OMXB]  : usingANWBuffer: handle:0xee742ab0, format:1, w:1920, h:1080
05-27 18:53:47.771 11472 26284 D TcpSocketTracker: parseSockInfo, SocketInfo {Type:IPV6, TcpInfo{lost=0, retransmit=0, received=79, sent=147}, mark:103 updated at 11095020}
05-27 18:53:47.771 11472 26284 D TcpSocketTracker: calculateLatestPacketsStat, stat:TcpStat {sent=2, lost=0, retransmit=0, received=1}
05-27 18:53:47.771   581   581 I SpiService: fgesysctrl_getGPIO_status success val=1
05-27 18:53:47.772 30773 30789 I dvr_service_: Camera 0: MediaOK:97330397, frames:2220, isKeyFrame:0,pts:11094783560
05-27 18:53:47.772 11472 26284 D TcpSocketTracker: pollSocketsInfo: nlmsghdr=StructNlMsgHdr{ nlmsg_len{20}, nlmsg_type{3()}, nlmsg_flags{2(NLM_F_MULTI)}, nlmsg_seq{0}, nlmsg_pid{11472} }, limit=20
05-27 18:53:47.773 11472 26284 D NetworkMonitor/103: isDataStall: result=-1, tcp packets received=79, latest tcp fail rate=-1
05-27 18:53:47.777   581   581 I SpiService: fgesysctrl_getGPIO_status success val=1
05-27 18:53:47.782   283   307 I rvcservice: t.code = 4, t.value = 0
05-27 18:53:47.782   581   581 I SpiService: fgesysctrl_getGPIO_status success val=1
05-27 18:53:47.783   536   536 D commservice260303: msg.id = 1028,1
05-27 18:53:47.784   536   536 D commservice260303: i = 170, msgid = 8A000404
05-27 18:53:47.784   536   536 D commservice260303: msgid = -1979710460,did=138
05-27 18:53:47.784   536   536 D commservice260303: CommProtocolLibCmdBaseI2C::dataproc {"command":{"id":"imu_status","sub":""},"content":{"TimeStamp":11,"FrameCounter":260012,"GD_X":-0.01153013575822115,"GD_Y":0.004963258747011423,"GD_Z":0.0021378109231591225,"AD_X":-0.002359151840209961,"AD_Y":0.0012117915321141481,"AD_Z":-0.16764545440673828,"TempDsp":0,"Status":0,"CalibState":1,"SigAmpInvalid":0}},-1979710460
05-27 18:53:47.784   536   536 D commservice260303: send2Cluster len:316, 7B22636F6D6D616E64223A7B226964223A22696D755F737461747573222C22737562223A22227D2C22636F6E74656E74223A7B2254696D655374616D70223A31312C224672616D65436F756E746572223A3236303031322C2247445F58223A2D302E30313135333031333537353832323131352C2247445F59223A302E3030343936333235383734373031313432332C2247445F5A223A302E303032313337383130393233313539313232352C2241445F58223A2D302E3030323335393135313834303230393936312C2241445F59223A302E303031323131373931353332313134313438312C2241445F5A223A2D302E31363736343534353434303637333832382C2254656D70447370223A302C22537461747573223A302C2243616C69625374617465223A312C22536967416D70496E76616C6964223A307D7D, 138 
05-27 18:53:47.784   536   536 D commservice260303: Push Message into SendPool fn=205063168
05-27 18:53:47.784   536   536 D commservice260303: ComProtocolLibSend2Cluster::send2ClusterRaw fn=205063168 , len=332
05-27 18:53:47.784   536   536 D commservice260303: sendCmdToPort :332!!!
05-27 18:53:47.784   536   536 D commservice260303: send Cmd To Port ++++5AA501488A010004390C6A16CD3B7B22636F6D6D616E64223A7B226964223A22696D755F737461747573222C22737562223A22227D2C22636F6E74656E74223A7B2254696D655374616D70223A31312C224672616D65436F756E746572223A3236303031322C2247445F58223A2D302E30313135333031333537353832323131352C2247445F59223A302E3030343936333235383734373031313432332C2247445F5A223A302E303032313337383130393233313539313232352C2241445F58223A2D302E3030323335393135313834303230393936312C2241445F59223A302E303031323131373931353332313134313438312C2241445F5A223A2D302E31363736343534353434303637333832382C2254656D70447370223A302C22537461747573223A302C2243616C69625374617465223A312C22536967416D70496E76616C6964223A307D7DC181
05-27 18:53:47.784   536   536 D commservice260303: bufferevent_write retrun value = 0
05-27 18:53:47.784   536   560 D commservice260303: client datas send succeed,send finish
05-27 18:53:47.784 13911 14192 D Sentinelmode_1.2.5.17_sentry: <SentryImuClusterFgeSender>imu_status sent to Linux, frame=260012, tsNs=11095018, tsMs=11, intervalMs=39, ad=(-0.0023591518,0.0012117915,-0.16764545), gd=(-0.011530136,0.0049632587,0.002137811)
05-27 18:53:47.786 13911 14183 I SentryImuMcuAngleSender: 179.98248rollDeg
05-27 18:53:47.786 13911 14183 I SentryImuMcuAngleSender: 1,0,0
05-27 18:53:47.786  1008 30857 D [OMXB]  : usingANWBuffer: handle:0xee745fa0, format:1, w:1920, h:1080
05-27 18:53:47.787   299 30844 D EvsDriver: forwardFrame
05-27 18:53:47.788   299 30841 D EvsDriver: forwardFrame
05-27 18:53:47.788   581   581 I SpiService: fgesysctrl_getGPIO_status success val=1
05-27 18:53:47.789  1167  1479 D evsmanagerd: /dev/video6 forwarded the buffer #0 to 0xb4000074bf5f5510 from 0xb4000074bf5f6d90
05-27 18:53:47.789   299 30841 D EvsDriver: Delivered 0xb400007b7ca56a60 as id 0
05-27 18:53:47.791  1167  1479 D evsmanagerd: /dev/video4 forwarded the buffer #0 to 0xb4000074bf5f6850 from 0xb4000074bf5f41d0
05-27 18:53:47.791   299 30844 D EvsDriver: Delivered 0xb400007b7ca56900 as id 0
05-27 18:53:47.792   299  1163 D EvsDriver: doneWithFrame
05-27 18:53:47.792   299  1163 D EvsDriver: doneWithFrame
05-27 18:53:47.794   581   581 I SpiService: fgesysctrl_getGPIO_status success val=0
05-27 18:53:47.795   481   597 I mcuc    : send SPI:6AA602DF76000283051F6AA602DF7700028B30EB
05-27 18:53:47.807 13911 14183 I SentryImuMcuAngleSender: 179.97897rollDeg
05-27 18:53:47.807 13911 14183 I SentryImuMcuAngleSender: 1,0,0
05-27 18:53:47.809   581   581 I SpiService: fgesysctrl_getGPIO_status success val=1
05-27 18:53:47.811  1008 30856 D [OMXB]  : usingANWBuffer: handle:0xee7435b0, format:1, w:1920, h:1080
05-27 18:53:47.815   581   581 I SpiService: fgesysctrl_getGPIO_status success val=1
05-27 18:53:47.820   581   581 I SpiService: fgesysctrl_getGPIO_status success val=1
05-27 18:53:47.823   536   536 D commservice260303: msg.id = 1028,0
05-27 18:53:47.823   536   536 D commservice260303: i = 170, msgid = 8A000404
05-27 18:53:47.823   536   536 D commservice260303: msgid = -1979710460,did=138
05-27 18:53:47.823   536   536 D commservice260303: CommProtocolLibCmdBaseI2C::dataproc {"command":{"id":"imu_status","sub":""},"content":{"TimeStamp":11,"FrameCounter":260013,"GD_X":-0.011987865902483463,"GD_Y":0.0051151420921087265,"GD_Z":0.0020608289632946253,"AD_X":-0.006007522344589233,"AD_Y":0.0012062310706824064,"AD_Z":-0.1658163070678711,"TempDsp":0,"Status":0,"CalibState":1,"SigAmpInvalid":0}},-1979710460
05-27 18:53:47.823   536   536 D commservice260303: send2Cluster len:317, 7B22636F6D6D616E64223A7B226964223A22696D755F737461747573222C22737562223A22227D2C22636F6E74656E74223A7B2254696D655374616D70223A31312C224672616D65436F756E746572223A3236303031332C2247445F58223A2D302E3031313938373836353930323438333436332C2247445F59223A302E303035313135313432303932313038373236352C2247445F5A223A302E303032303630383238393633323934363235332C2241445F58223A2D302E3030363030373532323334343538393233332C2241445F59223A302E303031323036323331303730363832343036342C2241445F5A223A2D302E313635383136333037303637383731312C2254656D70447370223A302C22537461747573223A302C2243616C69625374617465223A312C22536967416D70496E76616C6964223A307D7D, 138 
05-27 18:53:47.823   536   536 D commservice260303: Push Message into SendPool fn=221840384
05-27 18:53:47.823   536   536 D commservice260303: ComProtocolLibSend2Cluster::send2ClusterRaw fn=221840384 , len=333
05-27 18:53:47.823   536   536 D commservice260303: sendCmdToPort :333!!!
05-27 18:53:47.823   536   536 D commservice260303: send Cmd To Port ++++5AA501498A010004390D6A16CD3B7B22636F6D6D616E64223A7B226964223A22696D755F737461747573222C22737562223A22227D2C22636F6E74656E74223A7B2254696D655374616D70223A31312C224672616D65436F756E746572223A3236303031332C2247445F58223A2D302E3031313938373836353930323438333436332C2247445F59223A302E303035313135313432303932313038373236352C2247445F5A223A302E303032303630383238393633323934363235332C2241445F58223A2D302E3030363030373532323334343538393233332C2241445F59223A302E303031323036323331303730363832343036342C2241445F5A223A2D302E313635383136333037303637383731312C2254656D70447370223A302C22537461747573223A302C2243616C69625374617465223A312C22536967416D70496E76616C6964223A307D7D0A7B
05-27 18:53:47.823   536   536 D commservice260303: bufferevent_write retrun value = 0
05-27 18:53:47.823   536   560 D commservice260303: client datas send succeed,send finish
05-27 18:53:47.823 13911 14192 D Sentinelmode_1.2.5.17_sentry: <SentryImuClusterFgeSender>imu_status sent to Linux, frame=260013, tsNs=11095054, tsMs=11, intervalMs=39, ad=(-0.0060075223,0.0012062311,-0.1658163), gd=(-0.011987866,0.005115142,0.002060829)
05-27 18:53:47.825   299 30841 D EvsDriver: forwardFrame
05-27 18:53:47.826   299 30841 D EvsDriver: Delivered 0xb400007b7ca56a60 as id 0
05-27 18:53:47.826  1167  1479 D evsmanagerd: /dev/video4 forwarded the buffer #0 to 0xb4000074bf5f6850 from 0xb4000074bf5f41d0
05-27 18:53:47.826   581   581 I SpiService: fgesysctrl_getGPIO_status success val=1
05-27 18:53:47.827 13911 14183 I SentryImuMcuAngleSender: 179.97897rollDeg
05-27 18:53:47.827 13911 14183 I SentryImuMcuAngleSender: 1,0,0
05-27 18:53:47.829   299  1163 D EvsDriver: doneWithFrame
05-27 18:53:47.831   581   581 I SpiService: fgesysctrl_getGPIO_status success val=1
05-27 18:53:47.832   299 30844 D EvsDriver: forwardFrame
05-27 18:53:47.833 10188 16726 I ActivityManager: Death received in com.android.server.am.ActivityManagerService$AppDeathRecipient@a3cf9ec for thread android.os.BinderProxy@8a481b5, proc:ProcessRecord{2af39cb 11130:com.anwsdk.service:remote/1000}
05-27 18:53:47.833 10188 16726 I ActivityManager: Process com.anwsdk.service:remote (pid 11130) has died: cch CACC
05-27 18:53:47.833 13435 13435 D BtManager: onServiceDisconnected
05-27 18:53:47.834 10188 16726 I am_proc_died: [0,11130,com.anwsdk.service:remote,900,17]
05-27 18:53:47.834 10188 16726 I ActivityManager: app ProcessRecord{2af39cb 11130:com.anwsdk.service:remote/1000} mThread:android.app.IApplicationThread$Stub$Proxy@48e904a mDeathRecipient:com.android.server.am.ActivityManagerService$AppDeathRecipient@a3cf9ec has been unlinked.
05-27 18:53:47.834  1167  1479 D evsmanagerd: /dev/video6 forwarded the buffer #0 to 0xb4000074bf5f5510 from 0xb4000074bf5f6d90
05-27 18:53:47.834  1008 30857 D [OMXB]  : usingANWBuffer: handle:0xee7432f0, format:1, w:1920, h:1080
05-27 18:53:47.835 10188 16726 W ActivityManager: Scheduling restart of crashed service com.anwsdk.service/.anwbtservice in 0ms for persistent
05-27 18:53:47.835 10188 16726 I am_schedule_service_restart: [0,com.anwsdk.service/.anwbtservice,0]
05-27 18:53:47.835 10041 10041 I Zygote  : Process 11130 exited cleanly (1)
05-27 18:53:47.836 30773 30789 I dvr_service_: Camera 1: MediaOK:97390992, frames:2240, isKeyFrame:0,pts:11094813318
05-27 18:53:47.836   299 30844 D EvsDriver: Delivered 0xb400007b7ca56900 as id 0
05-27 18:53:47.837   581   581 I SpiService: fgesysctrl_getGPIO_status success val=0
05-27 18:53:47.839 10188 16726 I ActivityManager: note: ProcessRecord{2af39cb 11130:com.anwsdk.service:remote/1000} died, saving the exit info
05-27 18:53:47.839   299  1163 D EvsDriver: doneWithFrame
05-27 18:53:47.839 10188 10680 I ActivityManager: Update process exit info for com.anwsdk.service(11130/u1000)
05-27 18:53:47.839 10188 10678 I libprocessgroup: Successfully killed process cgroup uid 1000 pid 11130 in 5ms
05-27 18:53:47.839 10188 16726 D ActivityTaskManager: put all activities to cleanup list, wpc=ProcessRecord{2af39cb 0:com.anwsdk.service:remote/1000} mHasActivities=false activeActivitySize=0
05-27 18:53:47.840   572   622 I Sensors : 230 GyroSensor: x:-0.011988,y:0.005192,z:0.002825
05-27 18:53:47.840 10188 10678 I ActivityManager: Got SIGCHLD from zygote: pid=11130, uid=1000, status=100
