05-27 18:53:44.717   299  1163 D EvsDriver: doneWithFrame
05-27 18:53:44.718 13911 14183 I SentryImuMcuAngleSender: 179.98248rollDeg
05-27 18:53:44.718 13911 14183 I SentryImuMcuAngleSender: 1,0,0
05-27 18:53:44.724   299 30844 D EvsDriver: forwardFrame
05-27 18:53:44.725  1167  1167 D evsmanagerd: /dev/video6 forwarded the buffer #0 to 0xb4000074bf5f5510 from 0xb4000074bf5f6d90
05-27 18:53:44.725   299 30844 D EvsDriver: Delivered 0xb400007b7ca56900 as id 0
05-27 18:53:44.726  1008 30856 D [OMXB]  : usingANWBuffer: handle:0xee741b90, format:1, w:1920, h:1080
05-27 18:53:44.726   299 30841 D EvsDriver: forwardFrame
05-27 18:53:44.728   299  1163 D EvsDriver: doneWithFrame
05-27 18:53:44.730  1167  1167 D evsmanagerd: /dev/video4 forwarded the buffer #0 to 0xb4000074bf5f6850 from 0xb4000074bf5f41d0
05-27 08:44:53.697   581   581 D spi_rst_gpio_get_output: GPIO 145 value: 1
05-27 18:53:44.730   299 30841 D EvsDriver: Delivered 0xb400007b7ca56a60 as id 0
05-27 08:44:53.697   581   581 D spidev_ioctl: gpio status=1)
05-27 18:53:44.731 15863 15925 D VersionPrinter: com.aispeech.lyra.daemon- VersionName:[8.0.1_260520.0.yadi_HuoXing] - append:[] - active:[]
05-27 18:53:44.733   581   581 I SpiService: fgesysctrl_getGPIO_status success val=1
05-27 18:53:44.734   299  1163 D EvsDriver: doneWithFrame
05-27 18:53:44.738 13911 14183 I SentryImuMcuAngleSender: 179.993rollDeg
05-27 18:53:44.738 13911 14183 I SentryImuMcuAngleSender: 1,0,0
05-27 18:53:44.738   581   581 I SpiService: fgesysctrl_getGPIO_status success val=1
05-27 08:44:53.703   581   581 D spi_rst_gpio_get_output: GPIO 145 value: 1
05-27 08:44:53.703   581   581 D spidev_ioctl: gpio status=1)
05-27 18:53:44.741   536   536 D commservice260303: msg.id = 1028,0
05-27 18:53:44.742   536   536 D commservice260303: i = 170, msgid = 8A000404
05-27 18:53:44.742   536   536 D commservice260303: msgid = -1979710460,did=138
05-27 18:53:44.742   536   536 D commservice260303: CommProtocolLibCmdBaseI2C::dataproc {"command":{"id":"imu_status","sub":""},"content":{"TimeStamp":11,"FrameCounter":259937,"GD_X":-0.012293193489313126,"GD_Y":0.006185087841004133,"GD_Z":0.0018319635419175029,"AD_X":-0.0030964314937591553,"AD_Y":-8.375835604965687E-4,"AD_Z":-0.1694812774658203,"TempDsp":0,"Status":0,"CalibState":1,"SigAmpInvalid":0}},-1979710460
05-27 18:53:44.742   536   536 D commservice260303: send2Cluster len:317, 7B22636F6D6D616E64223A7B226964223A22696D755F737461747573222C22737562223A22227D2C22636F6E74656E74223A7B2254696D655374616D70223A31312C224672616D65436F756E746572223A3235393933372C2247445F58223A2D302E3031323239333139333438393331333132362C2247445F59223A302E3030363138353038373834313030343133332C2247445F5A223A302E303031383331393633353431393137353032392C2241445F58223A2D302E303033303936343331343933373539313535332C2241445F59223A2D382E333735383335363034393635363837452D342C2241445F5A223A2D302E313639343831323737343635383230332C2254656D70447370223A302C22537461747573223A302C2243616C69625374617465223A312C22536967416D70496E76616C6964223A307D7D, 138 
05-27 18:53:44.742   536   536 D commservice260303: Push Message into SendPool fn=-1086848000
05-27 18:53:44.742   536   536 D commservice260303: ComProtocolLibSend2Cluster::send2ClusterRaw fn=-1086848000 , len=333
05-27 18:53:44.742   536   536 D commservice260303: sendCmdToPort :333!!!
05-27 18:53:44.742   536   536 D commservice260303: send Cmd To Port ++++5AA501498A01000438BF6A16CD387B22636F6D6D616E64223A7B226964223A22696D755F737461747573222C22737562223A22227D2C22636F6E74656E74223A7B2254696D655374616D70223A31312C224672616D65436F756E746572223A3235393933372C2247445F58223A2D302E3031323239333139333438393331333132362C2247445F59223A302E3030363138353038373834313030343133332C2247445F5A223A302E303031383331393633353431393137353032392C2241445F58223A2D302E303033303936343331343933373539313535332C2241445F59223A2D382E333735383335363034393635363837452D342C2241445F5A223A2D302E313639343831323737343635383230332C2254656D70447370223A302C22537461747573223A302C2243616C69625374617465223A312C22536967416D70496E76616C6964223A307D7D4DDC
05-27 18:53:44.742   536   536 D commservice260303: bufferevent_write retrun value = 0
05-27 18:53:44.742   536   560 D commservice260303: client datas send succeed,send finish
05-27 18:53:44.742 13911 14192 D Sentinelmode_1.2.5.17_sentry: <SentryImuClusterFgeSender>imu_status sent to Linux, frame=259937, tsNs=11091988, tsMs=11, intervalMs=34, ad=(-0.0030964315,-8.3758356E-4,-0.16948128), gd=(-0.0122931935,0.006185088,0.0018319635)
05-27 18:53:44.744   581   581 I SpiService: fgesysctrl_getGPIO_status success val=1
05-27 08:44:53.708   581   581 D spi_rst_gpio_get_output: GPIO 145 value: 1
05-27 08:44:53.708   581   581 D spidev_ioctl: gpio status=1)
05-27 18:53:44.747  1008 30857 D [OMXB]  : usingANWBuffer: handle:0xee747180, format:1, w:1920, h:1080
05-27 18:53:44.749   581   581 I SpiService: fgesysctrl_getGPIO_status success val=1
05-27 18:53:44.753   299 30841 D EvsDriver: forwardFrame
05-27 08:44:53.714   581   581 D spi_rst_gpio_get_output: GPIO 145 value: 1
05-27 08:44:53.714   581   581 D spidev_ioctl: gpio status=1)
05-27 18:53:44.754  1167  1167 D evsmanagerd: /dev/video4 forwarded the buffer #0 to 0xb4000074bf5f6850 from 0xb4000074bf5f41d0
05-27 18:53:44.754   299 30841 D EvsDriver: Delivered 0xb400007b7ca56a60 as id 0
05-27 18:53:44.754 30773 30773 E dvr_service_: [myNum:0] Received S**** loss
05-27 18:53:44.756   581   581 I SpiService: fgesysctrl_getGPIO_status success val=0
05-27 18:53:44.756   299  1163 D EvsDriver: doneWithFrame
05-27 08:44:53.720   581   581 D spi_rst_gpio_get_output: GPIO 145 value: 0
05-27 08:44:53.720   581   581 D spidev_ioctl: gpio status=0)
05-27 18:53:44.758 13911 14183 I SentryImuMcuAngleSender: 179.993rollDeg
05-27 18:53:44.758 13911 14183 I SentryImuMcuAngleSender: 1,0,0
05-27 18:53:44.761   299 30844 D EvsDriver: forwardFrame
05-27 18:53:44.763  1167  1167 D evsmanagerd: /dev/video6 forwarded the buffer #0 to 0xb4000074bf5f5510 from 0xb4000074bf5f6d90
05-27 18:53:44.763   299 30844 D EvsDriver: Delivered 0xb400007b7ca56900 as id 0
05-27 18:53:44.763 30773 30773 E dvr_service_: [myNum:1] Received S**** loss
05-27 18:53:44.763   299  1163 D EvsDriver: doneWithFrame
05-27 18:53:44.770   581   581 I SpiService: fgesysctrl_getGPIO_status success val=1
05-27 18:53:44.770  1008 30856 D [OMXB]  : usingANWBuffer: handle:0xee742060, format:1, w:1920, h:1080
05-27 18:53:44.771 30773 30789 I dvr_service_: Camera 0: MediaOK:94272858, frames:2150, isKeyFrame:0,pts:11091726021
05-27 08:44:53.735   581   581 D spi_rst_gpio_get_output: GPIO 145 value: 1
05-27 08:44:53.735   581   581 D spidev_ioctl: gpio status=1)
05-27 18:53:44.775   581   581 I SpiService: fgesysctrl_getGPIO_status success val=1
05-27 08:44:53.740   581   581 D spi_rst_gpio_get_output: GPIO 145 value: 1
05-27 08:44:53.740   581   581 D spidev_ioctl: gpio status=1)
05-27 18:53:44.777   283   307 I rvcservice: t.code = 1, t.value = -169580
05-27 18:53:44.778 13911 14183 I SentryImuMcuAngleSender: 179.99298rollDeg
05-27 18:53:44.778 13911 14183 I SentryImuMcuAngleSender: 1,0,0
05-27 18:53:44.781   581   581 I SpiService: fgesysctrl_getGPIO_status success val=1
05-27 18:53:44.781   536   536 D commservice260303: msg.id = 1028,0
05-27 18:53:44.781   536   536 D commservice260303: i = 170, msgid = 8A000404
05-27 18:53:44.781   536   536 D commservice260303: msgid = -1979710460,did=138
05-27 18:53:44.781   536   536 D commservice260303: CommProtocolLibCmdBaseI2C::dataproc {"command":{"id":"imu_status","sub":""},"content":{"TimeStamp":11,"FrameCounter":259938,"GD_X":-0.011377211660146713,"GD_Y":0.0056498548947274685,"GD_Z":0.002443138277158141,"AD_X":-0.0055179595947265625,"AD_Y":-8.320084307342768E-4,"AD_Z":-0.16826248168945312,"TempDsp":0,"Status":0,"CalibState":1,"SigAmpInvalid":0}},-1979710460
05-27 18:53:44.781   536   536 D commservice260303: send2Cluster len:318, 7B22636F6D6D616E64223A7B226964223A22696D755F737461747573222C22737562223A22227D2C22636F6E74656E74223A7B2254696D655374616D70223A31312C224672616D65436F756E746572223A3235393933382C2247445F58223A2D302E3031313337373231313636303134363731332C2247445F59223A302E303035363439383534383934373237343638352C2247445F5A223A302E3030323434333133383237373135383134312C2241445F58223A2D302E303035353137393539353934373236353632352C2241445F59223A2D382E333230303834333037333432373638452D342C2241445F5A223A2D302E31363832363234383136383934353331322C2254656D70447370223A302C22537461747573223A302C2243616C69625374617465223A312C22536967416D70496E76616C6964223A307D7D, 138 
05-27 18:53:44.782   536   536 D commservice260303: Push Message into SendPool fn=-1070070784
05-27 18:53:44.782   536   536 D commservice260303: ComProtocolLibSend2Cluster::send2ClusterRaw fn=-1070070784 , len=334
05-27 18:53:44.782   536   536 D commservice260303: sendCmdToPort :334!!!
05-27 18:53:44.782   536   536 D commservice260303: send Cmd To Port ++++5AA5014A8A01000438C06A16CD387B22636F6D6D616E64223A7B226964223A22696D755F737461747573222C22737562223A22227D2C22636F6E74656E74223A7B2254696D655374616D70223A31312C224672616D65436F756E746572223A3235393933382C2247445F58223A2D302E3031313337373231313636303134363731332C2247445F59223A302E303035363439383534383934373237343638352C2247445F5A223A302E3030323434333133383237373135383134312C2241445F58223A2D302E303035353137393539353934373236353632352C2241445F59223A2D382E333230303834333037333432373638452D342C2241445F5A223A2D302E31363832363234383136383934353331322C2254656D70447370223A302C22537461747573223A302C2243616C69625374617465223A312C22536967416D70496E76616C6964223A307D7DCD30
05-27 18:53:44.782   536   536 D commservice260303: bufferevent_write retrun value = 0
05-27 18:53:44.782   536   560 D commservice260303: client datas send succeed,send finish
05-27 18:53:44.782 13911 14192 D Sentinelmode_1.2.5.17_sentry: <SentryImuClusterFgeSender>imu_status sent to Linux, frame=259938, tsNs=11092024, tsMs=11, intervalMs=40, ad=(-0.0055179596,-8.3200843E-4,-0.16826248), gd=(-0.011377212,0.005649855,0.0024431383)
05-27 08:44:53.745   581   581 D spi_rst_gpio_get_output: GPIO 145 value: 1
05-27 08:44:53.746   581   581 D spidev_ioctl: gpio status=1)
05-27 18:53:44.786   581   581 I SpiService: fgesysctrl_getGPIO_status success val=1
05-27 08:44:53.751   581   581 D spi_rst_gpio_get_output: GPIO 145 value: 1
05-27 08:44:53.751   581   581 D spidev_ioctl: gpio status=1)
05-27 18:53:44.788   299 30841 D EvsDriver: forwardFrame
05-27 18:53:44.789   299 30844 D EvsDriver: forwardFrame
05-27 18:53:44.790   299 30844 D EvsDriver: Delivered 0xb400007b7ca56900 as id 0
05-27 18:53:44.790  1167  1167 D evsmanagerd: /dev/video6 forwarded the buffer #0 to 0xb4000074bf5f5510 from 0xb4000074bf5f6d90
05-27 18:53:44.790  1167  1167 D evsmanagerd: /dev/video4 forwarded the buffer #0 to 0xb4000074bf5f6850 from 0xb4000074bf5f41d0
05-27 18:53:44.790   299 30841 D EvsDriver: Delivered 0xb400007b7ca56a60 as id 0
05-27 18:53:44.792   581   581 I SpiService: fgesysctrl_getGPIO_status success val=1
05-27 18:53:44.793   299  1163 D EvsDriver: doneWithFrame
05-27 08:44:53.757   581   581 D spi_rst_gpio_get_output: GPIO 145 value: 1
05-27 08:44:53.757   581   581 D spidev_ioctl: gpio status=1)
05-27 18:53:44.793   299  1163 D EvsDriver: doneWithFrame
05-27 18:53:44.797   581   581 I SpiService: fgesysctrl_getGPIO_status success val=0
05-27 18:53:44.799 13911 14183 I SentryImuMcuAngleSender: 179.98598rollDeg
05-27 18:53:44.799 13911 14183 I SentryImuMcuAngleSender: 1,0,0
05-27 18:53:44.800  1008 30857 D [OMXB]  : usingANWBuffer: handle:0xee745600, format:1, w:1920, h:1080
05-27 08:44:53.762   581   581 D spi_rst_gpio_get_output: GPIO 145 value: 0
05-27 08:44:53.762   581   581 D spidev_ioctl: gpio status=0)
05-27 18:53:44.803 30773 30789 I dvr_service_: Camera 1: MediaOK:94224689, frames:2170, isKeyFrame:0,pts:11091647015
05-27 18:53:44.809   572   622 I Sensors : 230 AccelSensor: x:-0.170800,y:0.002440,z:-9.974720
05-27 18:53:44.812   581   581 I SpiService: fgesysctrl_getGPIO_status success val=1
05-27 08:44:53.777   581   581 D spi_rst_gpio_get_output: GPIO 145 value: 1
05-27 08:44:53.777   581   581 D spidev_ioctl: gpio status=1)
05-27 18:53:44.817   581   581 I SpiService: fgesysctrl_getGPIO_status success val=1
05-27 18:53:44.818 13911 14183 I SentryImuMcuAngleSender: 179.986rollDeg
05-27 18:53:44.818 13911 14183 I SentryImuMcuAngleSender: 1,0,0
05-27 08:44:53.782   581   581 D spi_rst_gpio_get_output: GPIO 145 value: 1
05-27 08:44:53.782   581   581 D spidev_ioctl: gpio status=1)
05-27 08:44:53.788   581   581 D spi_rst_gpio_get_output: GPIO 145 value: 1
05-27 08:44:53.788   581   581 D spidev_ioctl: gpio status=1)
05-27 18:53:44.821  1008 30856 D [OMXB]  : usingANWBuffer: handle:0xee744b00, format:1, w:1920, h:1080
05-27 18:53:44.822   536   536 D commservice260303: msg.id = 1028,1
05-27 18:53:44.822   536   536 D commservice260303: i = 170, msgid = 8A000404
05-27 18:53:44.822   536   536 D commservice260303: msgid = -1979710460,did=138
05-27 18:53:44.822   536   536 D commservice260303: CommProtocolLibCmdBaseI2C::dataproc {"command":{"id":"imu_status","sub":""},"content":{"TimeStamp":11,"FrameCounter":259939,"GD_X":-0.01160607673227787,"GD_Y":0.006108105648308992,"GD_Z":0.0018319635419175029,"AD_X":-0.004289522767066956,"AD_Y":3.8505252450704575E-4,"AD_Z":-0.1694812774658203,"TempDsp":0,"Status":0,"CalibState":1,"SigAmpInvalid":0}},-1979710460
05-27 18:53:44.822   536   536 D commservice260303: send2Cluster len:315, 7B22636F6D6D616E64223A7B226964223A22696D755F737461747573222C22737562223A22227D2C22636F6E74656E74223A7B2254696D655374616D70223A31312C224672616D65436F756E746572223A3235393933392C2247445F58223A2D302E30313136303630373637333232373738372C2247445F59223A302E3030363130383130353634383330383939322C2247445F5A223A302E303031383331393633353431393137353032392C2241445F58223A2D302E3030343238393532323736373036363935362C2241445F59223A332E38353035323532343530373034353735452D342C2241445F5A223A2D302E313639343831323737343635383230332C2254656D70447370223A302C22537461747573223A302C2243616C69625374617465223A312C22536967416D70496E76616C6964223A307D7D, 138 
05-27 18:53:44.822   536   536 D commservice260303: Push Message into SendPool fn=-1053293568
05-27 18:53:44.822   536   536 D commservice260303: ComProtocolLibSend2Cluster::send2ClusterRaw fn=-1053293568 , len=331
05-27 18:53:44.822   536   536 D commservice260303: sendCmdToPort :331!!!
05-27 18:53:44.822   536   536 D commservice260303: send Cmd To Port ++++5AA501478A01000438C16A16CD387B22636F6D6D616E64223A7B226964223A22696D755F737461747573222C22737562223A22227D2C22636F6E74656E74223A7B2254696D655374616D70223A31312C224672616D65436F756E746572223A3235393933392C2247445F58223A2D302E30313136303630373637333232373738372C2247445F59223A302E3030363130383130353634383330383939322C2247445F5A223A302E303031383331393633353431393137353032392C2241445F58223A2D302E3030343238393532323736373036363935362C2241445F59223A332E38353035323532343530373034353735452D342C2241445F5A223A2D302E313639343831323737343635383230332C2254656D70447370223A302C22537461747573223A302C2243616C69625374617465223A312C22536967416D70496E76616C6964223A307D7D1AB6
05-27 18:53:44.822   536   536 D commservice260303: bufferevent_write retrun value = 0
05-27 18:53:44.822   536   560 D commservice260303: client datas send succeed,send finish
05-27 18:53:44.823 13911 14192 D Sentinelmode_1.2.5.17_sentry: <SentryImuClusterFgeSender>imu_status sent to Linux, frame=259939, tsNs=11092059, tsMs=11, intervalMs=40, ad=(-0.0042895228,3.8505252E-4,-0.16948128), gd=(-0.011606077,0.0061081056,0.0018319635)
05-27 18:53:44.823   581   581 I SpiService: fgesysctrl_getGPIO_status success val=1
05-27 08:44:53.793   581   581 D spi_rst_gpio_get_output: GPIO 145 value: 1
05-27 08:44:53.793   581   581 D spidev_ioctl: gpio status=1)
05-27 18:53:44.829   299 30841 D EvsDriver: forwardFrame
05-27 18:53:44.829   581   581 I SpiService: fgesysctrl_getGPIO_status success val=1
05-27 18:53:44.831   299 30841 D EvsDriver: Delivered 0xb400007b7ca56a60 as id 0
05-27 18:53:44.831  1167  1167 D evsmanagerd: /dev/video4 forwarded the buffer #0 to 0xb4000074bf5f6850 from 0xb4000074bf5f41d0
05-27 18:53:44.834   299  1163 D EvsDriver: doneWithFrame
05-27 18:53:44.835   581   581 I SpiService: fgesysctrl_getGPIO_status success val=0
05-27 18:53:44.835   299 30844 D EvsDriver: forwardFrame
05-27 08:44:53.799   581   581 D spi_rst_gpio_get_output: GPIO 145 value: 0
05-27 08:44:53.799   581   581 D spidev_ioctl: gpio status=0)
05-27 18:53:44.837  1167  1167 D evsmanagerd: /dev/video6 forwarded the buffer #0 to 0xb4000074bf5f5510 from 0xb4000074bf5f6d90
05-27 18:53:44.837   299 30844 D EvsDriver: Delivered 0xb400007b7ca56900 as id 0
05-27 18:53:44.839 13911 14183 I SentryImuMcuAngleSender: 179.993rollDeg
05-27 18:53:44.839 13911 14183 I SentryImuMcuAngleSender: 1,0,0
05-27 18:53:44.841   299  1163 D EvsDriver: doneWithFrame
05-27 08:44:53.813   581   581 D spi_rst_gpio_get_output: GPIO 145 value: 1
05-27 08:44:53.813   581   581 D spidev_ioctl: gpio status=1)
05-27 18:53:44.849   581   581 I SpiService: fgesysctrl_getGPIO_status success val=1
05-27 18:53:44.849  1008 30857 D [OMXB]  : usingANWBuffer: handle:0xee742950, format:1, w:1920, h:1080
05-27 18:53:44.850   594   594 E vendor.sprd.hardware.memtrack-service: MemTrack_DEBUG--Open mali gpu_memory failed
05-27 08:44:53.819   581   581 D spi_rst_gpio_get_output: GPIO 145 value: 1
05-27 08:44:53.819   581   581 D spidev_ioctl: gpio status=1)
05-27 18:53:44.852   299 30844 D EvsDriver: forwardFrame
05-27 18:53:44.855   581   581 I SpiService: fgesysctrl_getGPIO_status success val=1
05-27 18:53:44.855   299 30844 D EvsDriver: Delivered 0xb400007b7ca56900 as id 0
05-27 18:53:44.855  1167  1167 D evsmanagerd: /dev/video6 forwarded the buffer #0 to 0xb4000074bf5f5510 from 0xb4000074bf5f6d90
05-27 18:53:44.859 13911 14183 I SentryImuMcuAngleSender: 179.986rollDeg
05-27 18:53:44.859 13911 14183 I SentryImuMcuAngleSender: 1,0,0
05-27 18:53:44.860   299 30841 D EvsDriver: forwardFrame
05-27 18:53:44.861   581   581 I SpiService: fgesysctrl_getGPIO_status success val=1
05-27 18:53:44.862   299  1163 D EvsDriver: doneWithFrame
05-27 18:53:44.863  1167  1167 D evsmanagerd: /dev/video4 forwarded the buffer #0 to 0xb4000074bf5f6850 from 0xb4000074bf5f41d0
05-27 18:53:44.863   299 30841 D EvsDriver: Delivered 0xb400007b7ca56a60 as id 0
05-27 18:53:44.864   536   536 D commservice260303: msg.id = 1028,0
05-27 18:53:44.864   536   536 D commservice260303: i = 170, msgid = 8A000404
05-27 18:53:44.864   536   536 D commservice260303: msgid = -1979710460,did=138
05-27 18:53:44.864   536   536 D commservice260303: CommProtocolLibCmdBaseI2C::dataproc {"command":{"id":"imu_status","sub":""},"content":{"TimeStamp":11,"FrameCounter":259940,"GD_X":-0.011300750076770782,"GD_Y":0.0056498548947274685,"GD_Z":0.0021378109231591225,"AD_X":-0.003069058060646057,"AD_Y":3.866939805448055E-4,"AD_Z":-0.1694812774658203,"TempDsp":0,"Status":0,"CalibState":1,"SigAmpInvalid":0}},-1979710460
05-27 18:53:44.864   536   536 D commservice260303: send2Cluster len:316, 7B22636F6D6D616E64223A7B226964223A22696D755F737461747573222C22737562223A22227D2C22636F6E74656E74223A7B2254696D655374616D70223A31312C224672616D65436F756E746572223A3235393934302C2247445F58223A2D302E3031313330303735303037363737303738322C2247445F59223A302E303035363439383534383934373237343638352C2247445F5A223A302E303032313337383130393233313539313232352C2241445F58223A2D302E3030333036393035383036303634363035372C2241445F59223A332E383636393339383035343438303535452D342C2241445F5A223A2D302E313639343831323737343635383230332C2254656D70447370223A302C22537461747573223A302C2243616C69625374617465223A312C22536967416D70496E76616C6964223A307D7D, 138 
05-27 18:53:44.864   536   536 D commservice260303: Push Message into SendPool fn=-1036516352
05-27 18:53:44.864   536   536 D commservice260303: ComProtocolLibSend2Cluster::send2ClusterRaw fn=-1036516352 , len=332
05-27 18:53:44.864   536   536 D commservice260303: sendCmdToPort :332!!!
05-27 18:53:44.864   536   536 D commservice260303: send Cmd To Port ++++5AA501488A01000438C26A16CD387B22636F6D6D616E64223A7B226964223A22696D755F737461747573222C22737562223A22227D2C22636F6E74656E74223A7B2254696D655374616D70223A31312C224672616D65436F756E746572223A3235393934302C2247445F58223A2D302E3031313330303735303037363737303738322C2247445F59223A302E303035363439383534383934373237343638352C2247445F5A223A302E303032313337383130393233313539313232352C2241445F58223A2D302E3030333036393035383036303634363035372C2241445F59223A332E383636393339383035343438303535452D342C2241445F5A223A2D302E313639343831323737343635383230332C2254656D70447370223A302C22537461747573223A302C2243616C69625374617465223A312C22536967416D70496E76616C6964223A307D7DD31E
05-27 18:53:44.864   536   536 D commservice260303: bufferevent_write retrun value = 0
05-27 18:53:44.865   536   560 D commservice260303: client datas send succeed,send finish
05-27 08:44:53.825   581   581 D spi_rst_gpio_get_output: GPIO 145 value: 1
05-27 08:44:53.825   581   581 D spidev_ioctl: gpio status=1)
05-27 18:53:44.865 13911 14192 D Sentinelmode_1.2.5.17_sentry: <SentryImuClusterFgeSender>imu_status sent to Linux, frame=259940, tsNs=11092095, tsMs=11, intervalMs=43, ad=(-0.003069058,3.8669398E-4,-0.16948128), gd=(-0.01130075,0.005649855,0.002137811)
05-27 18:53:44.867   581   581 I SpiService: fgesysctrl_getGPIO_status success val=1
05-27 08:44:53.831   581   581 D spi_rst_gpio_get_output: GPIO 145 value: 1
05-27 08:44:53.831   581   581 D spidev_ioctl: gpio status=1)
05-27 18:53:44.868   299  1163 D EvsDriver: doneWithFrame
05-27 18:53:44.872   581   581 I SpiService: fgesysctrl_getGPIO_status success val=1
05-27 08:44:53.837   581   581 D spi_rst_gpio_get_output: GPIO 145 value: 1
05-27 08:44:53.837   581   581 D spidev_ioctl: gpio status=1)
05-27 18:53:44.877   283   307 I rvcservice: t.code = 3, t.value = 0
05-27 18:53:44.878  1008 30856 D [OMXB]  : usingANWBuffer: handle:0xee746ec0, format:1, w:1920, h:1080
05-27 18:53:44.878   581   581 I SpiService: fgesysctrl_getGPIO_status success val=0
05-27 08:44:53.842   581   581 D spi_rst_gpio_get_output: GPIO 145 value: 0
05-27 08:44:53.842   581   581 D spidev_ioctl: gpio status=0)
05-27 18:53:44.880 13911 14183 I SentryImuMcuAngleSender: 179.98248rollDeg
05-27 18:53:44.880 13911 14183 I SentryImuMcuAngleSender: 1,0,0
05-27 18:53:44.889   299 30844 D EvsDriver: forwardFrame
05-27 18:53:44.891   299 30844 D EvsDriver: Delivered 0xb400007b7ca56900 as id 0
05-27 08:44:53.857   581   581 D spi_rst_gpio_get_output: GPIO 145 value: 1
05-27 08:44:53.857   581   581 D spidev_ioctl: gpio status=1)
05-27 18:53:44.891  1167  1167 D evsmanagerd: /dev/video6 forwarded the buffer #0 to 0xb4000074bf5f5510 from 0xb4000074bf5f6d90
05-27 18:53:44.893   581   581 I SpiService: fgesysctrl_getGPIO_status success val=1
05-27 18:53:44.894   299  1163 D EvsDriver: doneWithFrame
05-27 18:53:44.898   572   622 I Sensors : 230 GyroSensor: x:-0.010766,y:0.005421,z:0.002367
05-27 18:53:44.898   299 30841 D EvsDriver: forwardFrame
05-27 18:53:44.898   581   581 I SpiService: fgesysctrl_getGPIO_status success val=1
05-27 08:44:53.863   581   581 D spi_rst_gpio_get_output: GPIO 145 value: 1
05-27 18:53:44.900 13911 14183 I SentryImuMcuAngleSender: 179.98598rollDeg
05-27 18:53:44.900 13911 14183 I SentryImuMcuAngleSender: 1,0,0
05-27 18:53:44.900   299 30841 D EvsDriver: Delivered 0xb400007b7ca56a60 as id 0
05-27 08:44:53.863   581   581 D spidev_ioctl: gpio status=1)
05-27 18:53:44.900  1167  1167 D evsmanagerd: /dev/video4 forwarded the buffer #0 to 0xb4000074bf5f6850 from 0xb4000074bf5f41d0
05-27 18:53:44.901  1008 30857 D [OMXB]  : usingANWBuffer: handle:0xee7444d0, format:1, w:1920, h:1080
05-27 18:53:44.903   299  1163 D EvsDriver: doneWithFrame
05-27 18:53:44.904   536   536 D commservice260303: msg.id = 1028,0
05-27 18:53:44.904   536   536 D commservice260303: i = 170, msgid = 8A000404
05-27 18:53:44.904   536   536 D commservice260303: msgid = -1979710460,did=138
05-27 18:53:44.904   536   536 D commservice260303: CommProtocolLibCmdBaseI2C::dataproc {"command":{"id":"imu_status","sub":""},"content":{"TimeStamp":11,"FrameCounter":259941,"GD_X":-0.010766036808490753,"GD_Y":0.005420989356935024,"GD_Z":0.0023671966046094894,"AD_X":-0.0018543452024459839,"AD_Y":3.794340882450342E-4,"AD_Z":-0.1676502227783203,"TempDsp":0,"Status":0,"CalibState":1,"SigAmpInvalid":0}},-1979710460
05-27 18:53:44.904   581   581 I SpiService: fgesysctrl_getGPIO_status success val=1
05-27 18:53:44.904   536   536 D commservice260303: send2Cluster len:316, 7B22636F6D6D616E64223A7B226964223A22696D755F737461747573222C22737562223A22227D2C22636F6E74656E74223A7B2254696D655374616D70223A31312C224672616D65436F756E746572223A3235393934312C2247445F58223A2D302E3031303736363033363830383439303735332C2247445F59223A302E3030353432303938393335363933353032342C2247445F5A223A302E303032333637313936363034363039343839342C2241445F58223A2D302E303031383534333435323032343435393833392C2241445F59223A332E373934333430383832343530333432452D342C2241445F5A223A2D302E313637363530323232373738333230332C2254656D70447370223A302C22537461747573223A302C2243616C69625374617465223A312C22536967416D70496E76616C6964223A307D7D, 138 
05-27 18:53:44.904   536   536 D commservice260303: Push Message into SendPool fn=-1019739136
05-27 18:53:44.904   536   536 D commservice260303: ComProtocolLibSend2Cluster::send2ClusterRaw fn=-1019739136 , len=332
05-27 18:53:44.904   536   536 D commservice260303: sendCmdToPort :332!!!
05-27 18:53:44.904   536   536 D commservice260303: send Cmd To Port ++++5AA501488A01000438C36A16CD387B22636F6D6D616E64223A7B226964223A22696D755F737461747573222C22737562223A22227D2C22636F6E74656E74223A7B2254696D655374616D70223A31312C224672616D65436F756E746572223A3235393934312C2247445F58223A2D302E3031303736363033363830383439303735332C2247445F59223A302E3030353432303938393335363933353032342C2247445F5A223A302E303032333637313936363034363039343839342C2241445F58223A2D302E303031383534333435323032343435393833392C2241445F59223A332E373934333430383832343530333432452D342C2241445F5A223A2D302E313637363530323232373738333230332C2254656D70447370223A302C22537461747573223A302C2243616C69625374617465223A312C22536967416D70496E76616C6964223A307D7D5E7E
05-27 18:53:44.904   536   536 D commservice260303: bufferevent_write retrun value = 0
05-27 18:53:44.904   536   560 D commservice260303: client datas send succeed,send finish
05-27 08:44:53.868   581   581 D spi_rst_gpio_get_output: GPIO 145 value: 1
05-27 08:44:53.868   581   581 D spidev_ioctl: gpio status=1)
05-27 18:53:44.905 13911 14192 D Sentinelmode_1.2.5.17_sentry: <SentryImuClusterFgeSender>imu_status sent to Linux, frame=259941, tsNs=11092148, tsMs=11, intervalMs=39, ad=(-0.0018543452,3.794341E-4,-0.16765022), gd=(-0.010766037,0.0054209894,0.0023671966)
05-27 18:53:44.909   581   581 I SpiService: fgesysctrl_getGPIO_status success val=1
05-27 08:44:53.874   581   581 D spi_rst_gpio_get_output: GPIO 145 value: 1
05-27 08:44:53.874   581   581 D spidev_ioctl: gpio status=1)
05-27 18:53:44.915   581   581 I SpiService: fgesysctrl_getGPIO_status success val=0
05-27 08:44:53.880   581   581 D spi_rst_gpio_get_output: GPIO 145 value: 0
05-27 08:44:53.880   581   581 D spidev_ioctl: gpio status=0)
05-27 18:53:44.920 13911 14183 I SentryImuMcuAngleSender: 180.0rollDeg
05-27 18:53:44.920 13911 14183 I SentryImuMcuAngleSender: 1,0,0
05-27 18:53:44.927   299 30844 D EvsDriver: forwardFrame
05-27 18:53:44.927   299 30841 D EvsDriver: forwardFrame
05-27 18:53:44.928   299 30844 D EvsDriver: Delivered 0xb400007b7ca56900 as id 0
05-27 18:53:44.928  1167  1167 D evsmanagerd: /dev/video6 forwarded the buffer #0 to 0xb4000074bf5f5510 from 0xb4000074bf5f6d90
05-27 18:53:44.928   299 30841 D EvsDriver: Delivered 0xb400007b7ca56a60 as id 0
05-27 18:53:44.928  1167  1479 D evsmanagerd: /dev/video4 forwarded the buffer #0 to 0xb4000074bf5f6850 from 0xb4000074bf5f41d0
05-27 18:53:44.928 30773 30783 E dvr_service_: [myNum:1] Received S**** loss
05-27 18:53:44.928 30773 30773 E dvr_service_: [myNum:0] Received S**** loss
05-27 18:53:44.929   299  1163 D EvsDriver: doneWithFrame
05-27 18:53:44.929   299  1153 D EvsDriver: doneWithFrame
05-27 18:53:44.929   581   581 I SpiService: fgesysctrl_getGPIO_status success val=1
05-27 08:44:53.894   581   581 D spi_rst_gpio_get_output: GPIO 145 value: 1
05-27 08:44:53.894   581   581 D spidev_ioctl: gpio status=1)
05-27 18:53:44.933  1008 30856 D [OMXB]  : usingANWBuffer: handle:0xee743500, format:1, w:1920, h:1080
05-27 18:53:44.934   581   581 I SpiService: fgesysctrl_getGPIO_status success val=1
05-27 08:44:53.899   581   581 D spi_rst_gpio_get_output: GPIO 145 value: 1
05-27 08:44:53.899   581   581 D spidev_ioctl: gpio status=1)
05-27 18:53:44.939 11344 11344 E SystemUI_NavBarFragment: SysUIConfig.icCarServiceConnected：false
05-27 18:53:44.940   581   581 I SpiService: fgesysctrl_getGPIO_status success val=1
05-27 18:53:44.941 13911 14183 I SentryImuMcuAngleSender: -179.99298rollDeg
05-27 18:53:44.941 13911 14183 I SentryImuMcuAngleSender: 1,0,0
05-27 08:44:53.905   581   581 D spi_rst_gpio_get_output: GPIO 145 value: 1
05-27 08:44:53.905   581   581 D spidev_ioctl: gpio status=1)
05-27 18:53:44.942   536   536 D commservice260303: msg.id = 1028,0
05-27 18:53:44.942   536   536 D commservice260303: i = 170, msgid = 8A000404
05-27 18:53:44.942   536   536 D commservice260303: msgid = -1979710460,did=138
05-27 18:53:44.942   536   536 D commservice260303: CommProtocolLibCmdBaseI2C::dataproc {"command":{"id":"imu_status","sub":""},"content":{"TimeStamp":11,"FrameCounter":259942,"GD_X":-0.011453153565526009,"GD_Y":0.004580949433147907,"GD_Z":0.0019079053308814764,"AD_X":-6.511509418487549E-4,"AD_Y":-0.0032635212410241365,"AD_Z":-0.16826248168945312,"TempDsp":0,"Status":0,"CalibState":1,"SigAmpInvalid":0}},-1979710460
05-27 18:53:44.943   536   536 D commservice260303: send2Cluster len:318, 7B22636F6D6D616E64223A7B226964223A22696D755F737461747573222C22737562223A22227D2C22636F6E74656E74223A7B2254696D655374616D70223A31312C224672616D65436F756E746572223A3235393934322C2247445F58223A2D302E3031313435333135333536353532363030392C2247445F59223A302E3030343538303934393433333134373930372C2247445F5A223A302E303031393037393035333330383831343736342C2241445F58223A2D362E353131353039343138343837353439452D342C2241445F59223A2D302E303033323633353231323431303234313336352C2241445F5A223A2D302E31363832363234383136383934353331322C2254656D70447370223A302C22537461747573223A302C2243616C69625374617465223A312C22536967416D70496E76616C6964223A307D7D, 138 
05-27 18:53:44.943   536   536 D commservice260303: Push Message into SendPool fn=-1002961920
05-27 18:53:44.943   536   536 D commservice260303: ComProtocolLibSend2Cluster::send2ClusterRaw fn=-1002961920 , len=334
05-27 18:53:44.943   536   536 D commservice260303: sendCmdToPort :334!!!
05-27 18:53:44.943   536   536 D commservice260303: send Cmd To Port ++++5AA5014A8A01000438C46A16CD387B22636F6D6D616E64223A7B226964223A22696D755F737461747573222C22737562223A22227D2C22636F6E74656E74223A7B2254696D655374616D70223A31312C224672616D65436F756E746572223A3235393934322C2247445F58223A2D302E3031313435333135333536353532363030392C2247445F59223A302E3030343538303934393433333134373930372C2247445F5A223A302E303031393037393035333330383831343736342C2241445F58223A2D362E353131353039343138343837353439452D342C2241445F59223A2D302E303033323633353231323431303234313336352C2241445F5A223A2D302E31363832363234383136383934353331322C2254656D70447370223A302C22537461747573223A302C2243616C69625374617465223A312C22536967416D70496E76616C6964223A307D7D435C
05-27 18:53:44.943   536   536 D commservice260303: bufferevent_write retrun value = 0
05-27 18:53:44.943   536   560 D commservice260303: client datas send succeed,send finish
05-27 18:53:44.943 13911 14192 D Sentinelmode_1.2.5.17_sentry: <SentryImuClusterFgeSender>imu_status sent to Linux, frame=259942, tsNs=11092184, tsMs=11, intervalMs=39, ad=(-6.5115094E-4,-0.0032635212,-0.16826248), gd=(-0.011453154,0.0045809494,0.0019079053)
05-27 18:53:44.946   581   581 I SpiService: fgesysctrl_getGPIO_status success val=1
05-27 08:44:53.910   581   581 D spi_rst_gpio_get_output: GPIO 145 value: 1
05-27 08:44:53.910   581   581 D spidev_ioctl: gpio status=1)
05-27 18:53:44.950  1008 30857 D [OMXB]  : usingANWBuffer: handle:0xee744160, format:1, w:1920, h:1080
05-27 18:53:44.951   581   581 I SpiService: fgesysctrl_getGPIO_status success val=1
05-27 18:53:44.951   299 30844 D EvsDriver: forwardFrame
05-27 18:53:44.952   299 30841 D EvsDriver: forwardFrame
05-27 08:44:53.916   581   581 D spi_rst_gpio_get_output: GPIO 145 value: 1
05-27 08:44:53.916   581   581 D spidev_ioctl: gpio status=1)
05-27 18:53:44.953  1167  1479 D evsmanagerd: /dev/video6 forwarded the buffer #0 to 0xb4000074bf5f5510 from 0xb4000074bf5f6d90
05-27 18:53:44.953   299 30844 D EvsDriver: Delivered 0xb400007b7ca56900 as id 0
05-27 18:53:44.953   299 30841 D EvsDriver: Delivered 0xb400007b7ca56a60 as id 0
05-27 18:53:44.953  1167  1479 D evsmanagerd: /dev/video4 forwarded the buffer #0 to 0xb4000074bf5f6850 from 0xb4000074bf5f41d0
05-27 18:53:44.956   299  1153 D EvsDriver: doneWithFrame
05-27 18:53:44.956   299  1163 D EvsDriver: doneWithFrame
05-27 18:53:44.957   581   581 I SpiService: fgesysctrl_getGPIO_status success val=0
05-27 08:44:53.921   581   581 D spi_rst_gpio_get_output: GPIO 145 value: 0
05-27 08:44:53.921   581   581 D spidev_ioctl: gpio status=0)
05-27 18:53:44.962 13911 14183 I SentryImuMcuAngleSender: -179.986rollDeg
05-27 18:53:44.962 13911 14183 I SentryImuMcuAngleSender: 1,0,0
05-27 18:53:44.970   481   598 I mcuc    : rev,n=1,6AA681DF6A001B8900880600030E3031323334353637383941424344454647006B930C
05-27 18:53:44.971   351   373 D automotive.vehicle@2.0-adayo-datacomm-mcu: MCUDatacomm sendMessageFromVehicle prop: 0x89, areaId: 0x0, status: 0x88, timestamp: 0x6
05-27 18:53:44.971   351   373 D automotive.vehicle@2.0-adayo-datacomm-mcu: MCUDatacomm 1sendMessageFromVehicle ---> type = 3 
05-27 18:53:44.971   351   373 D automotive.vehicle@2.0-adayo-func-bcm: sendMessageFromVehicle sendMessageFromVehicle
05-27 18:53:44.971   351   516 D automotive.vehicle@2.0-adayo-func-bcm: jjfan1 ______procotolSize :1
05-27 18:53:44.971   351   516 D automotive.vehicle@2.0-adayo-func-bcm: BCMFunc sendMessageFromVehicle_l dataType: 13,mByte=7,propid=0x2110001a
05-27 18:53:44.971   351   516 D automotive.vehicle@2.0-adayo-func-bcm: BCMFunc VEHICLE_VIN_CODE111 0x2110001a 
05-27 18:53:44.971   351   516 E automotive.vehicle@2.0-adayo-func-bcm: byteArrayToASCIIString, index 7 hex: 30, ascii: 0
05-27 18:53:44.971   351   516 E automotive.vehicle@2.0-adayo-func-bcm: byteArrayToASCIIString, index 8 hex: 31, ascii: 01
05-27 18:53:44.971   351   516 E automotive.vehicle@2.0-adayo-func-bcm: byteArrayToASCIIString, index 9 hex: 32, ascii: 012
05-27 18:53:44.971   351   516 E automotive.vehicle@2.0-adayo-func-bcm: byteArrayToASCIIString, index 10 hex: 33, ascii: 0123
05-27 18:53:44.971   351   516 E automotive.vehicle@2.0-adayo-func-bcm: byteArrayToASCIIString, index 11 hex: 34, ascii: 01234
05-27 18:53:44.971   351   516 E automotive.vehicle@2.0-adayo-func-bcm: byteArrayToASCIIString, index 12 hex: 35, ascii: 012345
05-27 18:53:44.971   351   516 E automotive.vehicle@2.0-adayo-func-bcm: byteArrayToASCIIString, index 13 hex: 36, ascii: 0123456
05-27 18:53:44.971   351   516 E automotive.vehicle@2.0-adayo-func-bcm: byteArrayToASCIIString, index 14 hex: 37, ascii: 01234567
05-27 18:53:44.971   351   516 E automotive.vehicle@2.0-adayo-func-bcm: byteArrayToASCIIString, index 15 hex: 38, ascii: 012345678
05-27 18:53:44.971   351   516 E automotive.vehicle@2.0-adayo-func-bcm: byteArrayToASCIIString, index 16 hex: 39, ascii: 0123456789
05-27 18:53:44.971   351   516 E automotive.vehicle@2.0-adayo-func-bcm: byteArrayToASCIIString, index 17 hex: 41, ascii: 0123456789A
05-27 18:53:44.971   351   516 E automotive.vehicle@2.0-adayo-func-bcm: byteArrayToASCIIString, index 18 hex: 42, ascii: 0123456789AB
05-27 18:53:44.971   351   516 E automotive.vehicle@2.0-adayo-func-bcm: byteArrayToASCIIString, index 19 hex: 43, ascii: 0123456789ABC
05-27 18:53:44.971   351   516 E automotive.vehicle@2.0-adayo-func-bcm: byteArrayToASCIIString, index 20 hex: 44, ascii: 0123456789ABCD
05-27 18:53:44.971   351   516 E automotive.vehicle@2.0-adayo-func-bcm: byteArrayToASCIIString, index 21 hex: 45, ascii: 0123456789ABCDE
05-27 18:53:44.971   351   516 E automotive.vehicle@2.0-adayo-func-bcm: byteArrayToASCIIString, index 22 hex: 46, ascii: 0123456789ABCDEF
05-27 18:53:44.971   351   516 E automotive.vehicle@2.0-adayo-func-bcm: byteArrayToASCIIString, index 23 hex: 47, ascii: 0123456789ABCDEFG
05-27 18:53:44.971   581   581 I SpiService: fgesysctrl_getGPIO_status success val=1
05-27 18:53:44.972   351   516 D automotive.vehicle@2.0-adayo-func-bcm: BCMFunc VEHICLE_VIN_CODE222 0x2110001a ,value:0123456789ABCDEFG
05-27 18:53:44.972   351   516 D automotive.vehicle@2.0-adayo-func-bcm: BCMFunc sendMessageFromVehicle_l id:554696730, area:0 not report! 
05-27 08:44:53.936   581   581 D spi_rst_gpio_get_output: GPIO 145 value: 1
05-27 08:44:53.936   581   581 D spidev_ioctl: gpio status=1)
05-27 18:53:44.975  1008 30856 D [OMXB]  : usingANWBuffer: handle:0xee743ea0, format:1, w:1920, h:1080
05-27 18:53:44.977   581   581 I SpiService: fgesysctrl_getGPIO_status success val=1
05-27 18:53:44.978   283   307 I rvcservice: t.code = 0, t.value = 0
05-27 08:44:53.941   581   581 D spi_rst_gpio_get_output: GPIO 145 value: 1
05-27 08:44:53.942   581   581 D spidev_ioctl: gpio status=1)
05-27 18:53:44.982   581   581 I SpiService: fgesysctrl_getGPIO_status success val=1
05-27 18:53:44.982 13911 14183 I SentryImuMcuAngleSender: -179.993rollDeg
05-27 18:53:44.983 13911 14183 I SentryImuMcuAngleSender: 1,0,0
05-27 18:53:44.983   536   536 D commservice260303: msg.id = 1028,1
05-27 18:53:44.983   536   536 D commservice260303: i = 170, msgid = 8A000404
05-27 18:53:44.983   536   536 D commservice260303: msgid = -1979710460,did=138
05-27 18:53:44.983   536   536 D commservice260303: CommProtocolLibCmdBaseI2C::dataproc {"command":{"id":"imu_status","sub":""},"content":{"TimeStamp":11,"FrameCounter":259943,"GD_X":-0.012293193489313126,"GD_Y":0.004809814505279064,"GD_Z":0.002519079949706793,"AD_X":-0.0030895620584487915,"AD_Y":-0.00323858973570168,"AD_Z":-0.1688709259033203,"TempDsp":0,"Status":0,"CalibState":1,"SigAmpInvalid":0}},-1979710460
05-27 18:53:44.983   536   536 D commservice260303: send2Cluster len:315, 7B22636F6D6D616E64223A7B226964223A22696D755F737461747573222C22737562223A22227D2C22636F6E74656E74223A7B2254696D655374616D70223A31312C224672616D65436F756E746572223A3235393934332C2247445F58223A2D302E3031323239333139333438393331333132362C2247445F59223A302E3030343830393831343530353237393036342C2247445F5A223A302E3030323531393037393934393730363739332C2241445F58223A2D302E303033303839353632303538343438373931352C2241445F59223A2D302E30303332333835383937333537303136382C2241445F5A223A2D302E313638383730393235393033333230332C2254656D70447370223A302C22537461747573223A302C2243616C69625374617465223A312C22536967416D70496E76616C6964223A307D7D, 138 
05-27 18:53:44.983   536   536 D commservice260303: Push Message into SendPool fn=-986184704
05-27 18:53:44.983   536   536 D commservice260303: ComProtocolLibSend2Cluster::send2ClusterRaw fn=-986184704 , len=331
05-27 18:53:44.983   536   536 D commservice260303: sendCmdToPort :331!!!
05-27 18:53:44.984   536   536 D commservice260303: send Cmd To Port ++++5AA501478A01000438C56A16CD387B22636F6D6D616E64223A7B226964223A22696D755F737461747573222C22737562223A22227D2C22636F6E74656E74223A7B2254696D655374616D70223A31312C224672616D65436F756E746572223A3235393934332C2247445F58223A2D302E3031323239333139333438393331333132362C2247445F59223A302E3030343830393831343530353237393036342C2247445F5A223A302E3030323531393037393934393730363739332C2241445F58223A2D302E303033303839353632303538343438373931352C2241445F59223A2D302E30303332333835383937333537303136382C2241445F5A223A2D302E313638383730393235393033333230332C2254656D70447370223A302C22537461747573223A302C2243616C69625374617465223A312C22536967416D70496E76616C6964223A307D7D4B16
05-27 18:53:44.984   536   536 D commservice260303: bufferevent_write retrun value = 0
05-27 18:53:44.984   536   560 D commservice260303: client datas send succeed,send finish
05-27 18:53:44.984 13911 14192 D Sentinelmode_1.2.5.17_sentry: <SentryImuClusterFgeSender>imu_status sent to Linux, frame=259943, tsNs=11092219, tsMs=11, intervalMs=41, ad=(-0.003089562,-0.0032385897,-0.16887093), gd=(-0.0122931935,0.0048098145,0.00251908)
05-27 08:44:53.947   581   581 D spi_rst_gpio_get_output: GPIO 145 value: 1
05-27 08:44:53.947   581   581 D spidev_ioctl: gpio status=1)
05-27 18:53:44.988   581   581 I SpiService: fgesysctrl_getGPIO_status success val=1
05-27 18:53:44.989   299 30841 D EvsDriver: forwardFrame
05-27 08:44:53.952   581   581 D spi_rst_gpio_get_output: GPIO 145 value: 1
05-27 08:44:53.952   581   581 D spidev_ioctl: gpio status=1)
05-27 18:53:44.990   299 30841 D EvsDriver: Delivered 0xb400007b7ca56a60 as id 0
05-27 18:53:44.990  1167  1479 D evsmanagerd: /dev/video4 forwarded the buffer #0 to 0xb4000074bf5f6850 from 0xb4000074bf5f41d0
05-27 18:53:44.993   299  1163 D EvsDriver: doneWithFrame
05-27 18:53:44.993   581   581 I SpiService: fgesysctrl_getGPIO_status success val=1
05-27 08:44:53.958   581   581 D spi_rst_gpio_get_output: GPIO 145 value: 1
05-27 08:44:53.958   581   581 D spidev_ioctl: gpio status=1)
05-27 18:53:44.999   581   581 I SpiService: fgesysctrl_getGPIO_status success val=0
05-27 18:53:44.999   481   597 I mcuc    : send SPI:6AA602DF6A000289002A
05-27 18:53:44.999   299 30844 D EvsDriver: forwardFrame
05-27 18:53:45.000  1008 30857 D [OMXB]  : usingANWBuffer: handle:0xee745760, format:1, w:1920, h:1080
05-27 08:44:53.963   581   581 D spi_rst_gpio_get_output: GPIO 145 value: 0
05-27 08:44:53.963   581   581 D spidev_ioctl: gpio status=0)
05-27 18:53:45.001   299 30844 D EvsDriver: Delivered 0xb400007b7ca56900 as id 0
05-27 18:53:45.001  1167  1479 D evsmanagerd: /dev/video6 forwarded the buffer #0 to 0xb4000074bf5f5510 from 0xb4000074bf5f6d90
05-27 18:53:45.004 13911 14183 I SentryImuMcuAngleSender: 179.99649rollDeg
05-27 18:53:45.004 13911 14183 I SentryImuMcuAngleSender: 1,0,0
05-27 18:53:45.005   299  1163 D EvsDriver: doneWithFrame
05-27 18:53:45.006   572   622 I Sensors : 230 AccelSensor: x:-0.168969,y:0.001220,z:-9.974110
05-27 18:53:45.014   581   581 I SpiService: fgesysctrl_getGPIO_status success val=1
05-27 18:53:45.015   586   613 D vendor.sprd.hardware.aprd-service: WCN Get CP2Ver failed
05-27 18:53:45.015   586   613 D vendor.sprd.hardware.aprd-service: WCNInfoThread::GetVer
05-27 18:53:45.016   586   613 D vendor.sprd.hardware.aprd-service: WCNcmdReqRsp: waiting for server wcnd
05-27 18:53:45.016  2166  2197 D WCND    : wcnd got 12 from accept
05-27 18:53:45.016  2166  2197 D WCND    : Socket client fd = 5, max fd = 12
05-27 18:53:45.016  2166  2197 D WCND    : process_active_socket_client_fd: active client fd is 12
05-27 18:53:45.017  2166  2197 D WCND    : wcnd_runcommand : argv :  at+spatgetcp2info
05-27 18:53:45.017  2166  2197 E wcn_vendor: open(/sys/class/misc/wcn/devices/sw_ver) for read failed: No such file or directory (2)
05-27 08:44:53.978   581   581 D spi_rst_gpio_get_output: GPIO 145 value: 1
05-27 18:53:45.017  2166  2197 D WCND    : Reply Socket : FAIL Unknown
05-27 08:44:53.978   581   581 D spidev_ioctl: gpio status=1)
05-27 18:53:45.017  2166  2197 D WCND    : Socket client fd = 5, max fd = 12
05-27 18:53:45.017   586   613 D vendor.sprd.hardware.aprd-service: WCNcmdReqRsp: get 13 bytes FAIL Unknown
05-27 18:53:45.017   586   613 D vendor.sprd.hardware.aprd-service: wcn AT+spatgetcp2info, ret=0, rsp:FAIL Unknown
05-27 18:53:45.017  2166  2197 D WCND    : process_active_socket_client_fd: active client fd is 12
05-27 18:53:45.017  2166  2197 D WCND    : Client socket fd : 12 closed
05-27 18:53:45.017  2166  2197 D WCND    : Socket client fd = 5, max fd = 11
05-27 18:53:45.019   581   581 I SpiService: fgesysctrl_getGPIO_status success val=1
05-27 18:53:45.020  1008 30856 D [OMXB]  : usingANWBuffer: handle:0xee7421c0, format:1, w:1920, h:1080
05-27 08:44:53.984   581   581 D spi_rst_gpio_get_output: GPIO 145 value: 1
05-27 08:44:53.984   581   581 D spidev_ioctl: gpio status=1)
05-27 18:53:45.021   299 30844 D EvsDriver: forwardFrame
05-27 18:53:45.024 13911 14183 I SentryImuMcuAngleSender: 179.993rollDeg
05-27 18:53:45.024 13911 14183 I SentryImuMcuAngleSender: 1,0,0
05-27 18:53:45.025   536   536 D commservice260303: msg.id = 1028,1
05-27 18:53:45.025   536   536 D commservice260303: i = 170, msgid = 8A000404
05-27 18:53:45.025   536   536 D commservice260303: msgid = -1979710460,did=138
05-27 18:53:45.025   536   536 D commservice260303: CommProtocolLibCmdBaseI2C::dataproc {"command":{"id":"imu_status","sub":""},"content":{"TimeStamp":11,"FrameCounter":259944,"GD_X":-0.01153013575822115,"GD_Y":0.005802778527140617,"GD_Z":0.0018319635419175029,"AD_X":-0.002480626106262207,"AD_Y":-7.903620135039091E-4,"AD_Z":-0.1688709259033203,"TempDsp":0,"Status":0,"CalibState":1,"SigAmpInvalid":0}},-1979710460
05-27 18:53:45.025   581   581 I SpiService: fgesysctrl_getGPIO_status success val=1
05-27 18:53:45.025   536   536 D commservice260303: send2Cluster len:315, 7B22636F6D6D616E64223A7B226964223A22696D755F737461747573222C22737562223A22227D2C22636F6E74656E74223A7B2254696D655374616D70223A31312C224672616D65436F756E746572223A3235393934342C2247445F58223A2D302E30313135333031333537353832323131352C2247445F59223A302E3030353830323737383532373134303631372C2247445F5A223A302E303031383331393633353431393137353032392C2241445F58223A2D302E3030323438303632363130363236323230372C2241445F59223A2D372E393033363230313335303339303931452D342C2241445F5A223A2D302E313638383730393235393033333230332C2254656D70447370223A302C22537461747573223A302C2243616C69625374617465223A312C22536967416D70496E76616C6964223A307D7D, 138 
05-27 18:53:45.025   536   536 D commservice260303: Push Message into SendPool fn=-969407488
05-27 18:53:45.025   536   536 D commservice260303: ComProtocolLibSend2Cluster::send2ClusterRaw fn=-969407488 , len=331
05-27 18:53:45.025   536   536 D commservice260303: sendCmdToPort :331!!!
05-27 18:53:45.025   536   536 D commservice260303: send Cmd To Port ++++5AA501478A01000438C66A16CD397B22636F6D6D616E64223A7B226964223A22696D755F737461747573222C22737562223A22227D2C22636F6E74656E74223A7B2254696D655374616D70223A31312C224672616D65436F756E746572223A3235393934342C2247445F58223A2D302E30313135333031333537353832323131352C2247445F59223A302E3030353830323737383532373134303631372C2247445F5A223A302E303031383331393633353431393137353032392C2241445F58223A2D302E3030323438303632363130363236323230372C2241445F59223A2D372E393033363230313335303339303931452D342C2241445F5A223A2D302E313638383730393235393033333230332C2254656D70447370223A302C22537461747573223A302C2243616C69625374617465223A312C22536967416D70496E76616C6964223A307D7D8E42
05-27 18:53:45.025   299 30841 D EvsDriver: forwardFrame
05-27 18:53:45.025   536   536 D commservice260303: bufferevent_write retrun value = 0
05-27 18:53:45.026   536   560 D commservice260303: client datas send succeed,send finish
05-27 18:53:45.027   299 30844 D EvsDriver: Delivered 0xb400007b7ca56900 as id 0
05-27 18:53:45.027  1167  1479 D evsmanagerd: /dev/video6 forwarded the buffer #0 to 0xb4000074bf5f5510 from 0xb4000074bf5f6d90
05-27 18:53:45.027 13911 14192 D Sentinelmode_1.2.5.17_sentry: <SentryImuClusterFgeSender>imu_status sent to Linux, frame=259944, tsNs=11092256, tsMs=11, intervalMs=43, ad=(-0.002480626,-7.90362E-4,-0.16887093), gd=(-0.011530136,0.0058027785,0.0018319635)
05-27 08:44:53.990   581   581 D spi_rst_gpio_get_output: GPIO 145 value: 1
05-27 08:44:53.990   581   581 D spidev_ioctl: gpio status=1)
05-27 18:53:45.030  1167  1479 D evsmanagerd: /dev/video4 forwarded the buffer #0 to 0xb4000074bf5f6850 from 0xb4000074bf5f41d0
05-27 18:53:45.030   299 30841 D EvsDriver: Delivered 0xb400007b7ca56a60 as id 0
05-27 18:53:45.030   299  1163 D EvsDriver: doneWithFrame
05-27 18:53:45.031   581   581 I SpiService: fgesysctrl_getGPIO_status success val=1
05-27 08:44:53.996   581   581 D spi_rst_gpio_get_output: GPIO 145 value: 1
05-27 08:44:53.996   581   581 D spidev_ioctl: gpio status=1)
05-27 18:53:45.034   299  1163 D EvsDriver: doneWithFrame
05-27 18:53:45.037   581   581 I SpiService: fgesysctrl_getGPIO_status success val=0
05-27 08:44:54.002   581   581 D spi_rst_gpio_get_output: GPIO 145 value: 0
05-27 08:44:54.002   581   581 D spidev_ioctl: gpio status=0)
05-27 18:53:45.044  1008 30857 D [OMXB]  : usingANWBuffer: handle:0xee7454a0, format:1, w:1920, h:1080
05-27 18:53:45.044 13911 14183 I SentryImuMcuAngleSender: 179.993rollDeg
05-27 18:53:45.044 13911 14183 I SentryImuMcuAngleSender: 1,0,0
05-27 18:53:45.052   581   581 I SpiService: fgesysctrl_getGPIO_status success val=1
05-27 08:44:54.016   581   581 D spi_rst_gpio_get_output: GPIO 145 value: 1
05-27 08:44:54.016   581   581 D spidev_ioctl: gpio status=1)
05-27 18:53:45.056   299 30841 D EvsDriver: forwardFrame
05-27 18:53:45.056   299 30844 D EvsDriver: forwardFrame
05-27 18:53:45.056  1982  1982 E health_guardian: UID for PID 11579 is 1000
05-27 18:53:45.056  1982  1982 E health_guardian: The 1000 process is system app,I refused to kill it,try next one!
05-27 18:53:45.056  1982  1982 E health_guardian: UID for PID 13435 is 1000
05-27 18:53:45.056  1982  1982 E health_guardian: The 1000 process is system app,I refused to kill it,try next one!
05-27 18:53:45.056  1982  1982 E health_guardian: UID for PID 6212 is 1000
05-27 18:53:45.056  1982  1982 E health_guardian: The 1000 process is system app,I refused to kill it,try next one!
05-27 18:53:45.057   581   581 I SpiService: fgesysctrl_getGPIO_status success val=1
05-27 18:53:45.057   299 30844 D EvsDriver: Delivered 0xb400007b7ca56900 as id 0
