05-27 18:53:40.741 11016 11016 I cat     : type=1400 audit(0.0:69385): avc: denied { read } for name="kmsg" dev="proc" ino=4026532264 scontext=u:r:toolbox:s0 tcontext=u:object_r:proc_kmsg:s0 tclass=file permissive=1
05-27 18:53:40.741 11016 11016 I auditd  : type=1400 audit(0.0:69386): avc: denied { open } for comm="cat" path="/proc/kmsg" dev="proc" ino=4026532264 scontext=u:r:toolbox:s0 tcontext=u:object_r:proc_kmsg:s0 tclass=file permissive=1
05-27 18:53:40.741 11016 11016 I cat     : type=1400 audit(0.0:69386): avc: denied { open } for path="/proc/kmsg" dev="proc" ino=4026532264 scontext=u:r:toolbox:s0 tcontext=u:object_r:proc_kmsg:s0 tclass=file permissive=1
05-27 18:53:40.747   536   536 D commservice260303: Push Message into SendPool fn=1530397696
05-27 18:53:40.747   536   536 D commservice260303: ComProtocolLibSend2Cluster::send2ClusterRaw fn=1530397696 , len=331
05-27 18:53:40.747   536   536 D commservice260303: sendCmdToPort :331!!!
05-27 18:53:40.748 10934 11019 D ANWAPI_SECOND: (10934|0x297D2CB0)[BTAPI] >>>>AnWBT_EEPROM_Read 
05-27 18:53:40.748 10934 11019 D ANWAPI_SECOND: (10934|0x297D2CB0)[BTAPI] B:Rpaired_storage[0]name[]addr[00:00:00:00:00:00]linkkey[00:00:00:00:00:00:00:00:00:00:00:00:00:00:00:00]
05-27 18:53:40.748 10934 11019 D ANWAPI_SECOND: (10934|0x297D2CB0)[BTAPI] B:Rpaired_storage[1]name[]addr[00:00:00:00:00:00]linkkey[00:00:00:00:00:00:00:00:00:00:00:00:00:00:00:00]
05-27 18:53:40.748   536   536 D commservice260303: send Cmd To Port ++++5AA501478A010004385B6A16CD347B22636F6D6D616E64223A7B226964223A22696D755F737461747573222C22737562223A22227D2C22636F6E74656E74223A7B2254696D655374616D70223A31312C224672616D65436F756E746572223A3235393833392C2247445F58223A2D302E3031313330303735303037363737303738322C2247445F59223A302E3030353033393230303138363732393433312C2247445F5A223A302E3030323231333735323539353730373737342C2241445F58223A2D302E30303434363730373031303236393136352C2241445F59223A2D302E3030323239383032383434313134363031362C2241445F5A223A2D302E31363730343137373835363434353331322C2254656D70447370223A302C22537461747573223A302C2243616C69625374617465223A312C22536967416D70496E76616C6964223A307D7DE83B
05-27 18:53:40.748 10934 11019 D ANWAPI_SECOND: (10934|0x297D2CB0)[BTAPI] B:Rpaired_storage[2]name[]addr[00:00:00:00:00:00]linkkey[00:00:00:00:00:00:00:00:00:00:00:00:00:00:00:00]
05-27 18:53:40.748 10934 11019 D ANWAPI_SECOND: (10934|0x297D2CB0)[BTAPI] B:Rpaired_storage[3]name[]addr[00:00:00:00:00:00]linkkey[00:00:00:00:00:00:00:00:00:00:00:00:00:00:00:00]
05-27 18:53:40.748 10934 11019 D ANWAPI_SECOND: (10934|0x297D2CB0)[BTAPI] B:Rpaired_storage[4]name[]addr[00:00:00:00:00:00]linkkey[00:00:00:00:00:00:00:00:00:00:00:00:00:00:00:00]
05-27 18:53:40.748   536   536 D commservice260303: bufferevent_write retrun value = 0
05-27 18:53:40.748 10934 11019 D ANWAPI_SECOND: (10934|0x297D2CB0)[BTAPI] B:Rpaired_storage[5]name[]addr[00:00:00:00:00:00]linkkey[00:00:00:00:00:00:00:00:00:00:00:00:00:00:00:00]
05-27 18:53:40.748 10934 11019 D ANWAPI_SECOND: (10934|0x297D2CB0)[BTAPI] B:Rpaired_storage[6]name[]addr[00:00:00:00:00:00]linkkey[00:00:00:00:00:00:00:00:00:00:00:00:00:00:00:00]
05-27 18:53:40.748 10934 11019 D ANWAPI_SECOND: (10934|0x297D2CB0)[BTAPI] B:Rpaired_storage[7]name[]addr[00:00:00:00:00:00]linkkey[00:00:00:00:00:00:00:00:00:00:00:00:00:00:00:00]
05-27 18:53:40.748 10934 11019 D ANWAPI_SECOND: (10934|0x297D2CB0)[BTAPI] B:Rpaired_storage[8]name[]addr[00:00:00:00:00:00]linkkey[00:00:00:00:00:00:00:00:00:00:00:00:00:00:00:00]
05-27 18:53:40.748 10934 11019 D ANWAPI_SECOND: (10934|0x297D2CB0)[BTAPI] B:Rpaired_storage[9]name[]addr[00:00:00:00:00:00]linkkey[00:00:00:00:00:00:00:00:00:00:00:00:00:00:00:00]
05-27 18:53:40.748 10934 11019 D ANWAPI_SECOND: (10934|0x297D2CB0)[BTAPI] B:Rpaired_storage[10]name[]addr[00:00:00:00:00:00]linkkey[00:00:00:00:00:00:00:00:00:00:00:00:00:00:00:00]
05-27 18:53:40.749 10934 11019 D ANW_AVRCP_SECOND: AnWBT_ReadStorage =/data/misc/anw//anwbt_storage.bin
05-27 18:53:40.749   536   560 D commservice260303: client datas send succeed,send finish
05-27 18:53:40.749 10934 11019 D ANW_AVRCP_SECOND: AnWBT_ReadStorage open anwbt_bt_storage success
05-27 18:53:40.749 10934 11019 D ANW_AVRCP_SECOND: 
05-27 18:53:40.749 10934 11019 D ANW_AVRCP_SECOND: read storage size=6600
05-27 18:53:40.749 10934 11019 D ANW_AVRCP_SECOND: 
05-27 18:53:40.749 10934 11019 D ANWAPI_SECOND: (10934|0x297D2CB0)[BTAPI] A:Readpaired_storage[0]name[]cod[0]support[0]addr[00:00:00:00:00:00]linkkey[00:00:00:00:00:00:00:00:00:00:00:00:00:00:00:00]
05-27 18:53:40.749 10934 11019 D ANWAPI_SECOND: (10934|0x297D2CB0)[BTAPI] A:Readpaired_storage[1]name[]cod[0]support[0]addr[00:00:00:00:00:00]linkkey[00:00:00:00:00:00:00:00:00:00:00:00:00:00:00:00]
05-27 18:53:40.749 10934 11019 D ANWAPI_SECOND: (10934|0x297D2CB0)[BTAPI] A:Readpaired_storage[2]name[]cod[0]support[0]addr[00:00:00:00:00:00]linkkey[00:00:00:00:00:00:00:00:00:00:00:00:00:00:00:00]
05-27 18:53:40.749 10934 11019 D ANWAPI_SECOND: (10934|0x297D2CB0)[BTAPI] A:Readpaired_storage[3]name[]cod[0]support[0]addr[00:00:00:00:00:00]linkkey[00:00:00:00:00:00:00:00:00:00:00:00:00:00:00:00]
05-27 18:53:40.749 10934 11019 D ANWAPI_SECOND: (10934|0x297D2CB0)[BTAPI] A:Readpaired_storage[4]name[]cod[0]support[0]addr[00:00:00:00:00:00]linkkey[00:00:00:00:00:00:00:00:00:00:00:00:00:00:00:00]
05-27 18:53:40.749 10934 11019 D ANWAPI_SECOND: (10934|0x297D2CB0)[BTAPI] A:Readpaired_storage[5]name[]cod[0]support[0]addr[00:00:00:00:00:00]linkkey[00:00:00:00:00:00:00:00:00:00:00:00:00:00:00:00]
05-27 18:53:40.749 10934 11019 D ANWAPI_SECOND: (10934|0x297D2CB0)[BTAPI] A:Readpaired_storage[6]name[]cod[0]support[0]addr[00:00:00:00:00:00]linkkey[00:00:00:00:00:00:00:00:00:00:00:00:00:00:00:00]
05-27 18:53:40.749 10934 11019 D ANWAPI_SECOND: (10934|0x297D2CB0)[BTAPI] A:Readpaired_storage[7]name[]cod[0]support[0]addr[00:00:00:00:00:00]linkkey[00:00:00:00:00:00:00:00:00:00:00:00:00:00:00:00]
05-27 18:53:40.749 10934 11019 D ANWAPI_SECOND: (10934|0x297D2CB0)[BTAPI] A:Readpaired_storage[8]name[]cod[0]support[0]addr[00:00:00:00:00:00]linkkey[00:00:00:00:00:00:00:00:00:00:00:00:00:00:00:00]
05-27 18:53:40.749 10934 11019 D ANWAPI_SECOND: (10934|0x297D2CB0)[BTAPI] A:Readpaired_storage[9]name[]cod[0]support[0]addr[00:00:00:00:00:00]linkkey[00:00:00:00:00:00:00:00:00:00:00:00:00:00:00:00]
05-27 18:53:40.749 10934 11019 D ANWAPI_SECOND: (10934|0x297D2CB0)[BTAPI] A:Readpaired_storage[10]name[]cod[0]support[0]addr[00:00:00:00:00:00]linkkey[00:00:00:00:00:00:00:00:00:00:00:00:00:00:00:00]
05-27 18:53:40.749 10934 11019 D ANWAPI_SECOND: (10934|0x297D2CB0)[BTAPI] <<<<AnWBT_EEPROM_Read ret = 0
05-27 18:53:40.750 10934 11019 D ANWAPI_SECOND: (10934|0x297D2CB0)[BTAPI] >>>>AnWBT_EEPROM_Read 
05-27 18:53:40.750 10934 11019 D ANWAPI_SECOND: (10934|0x297D2CB0)[BTAPI] B:Rle_paired_storage[0]addr[00:00:00:00:00:00]linkkey[00:00:00:00:00:00:00:00:00:00:00:00:00:00:00:00]
05-27 18:53:40.750 10934 11019 D ANWAPI_SECOND: (10934|0x297D2CB0)[BTAPI] B:Rle_paired_storage[1]addr[00:00:00:00:00:00]linkkey[00:00:00:00:00:00:00:00:00:00:00:00:00:00:00:00]
05-27 18:53:40.750 10934 11019 D ANWAPI_SECOND: (10934|0x297D2CB0)[BTAPI] B:Rle_paired_storage[2]addr[00:00:00:00:00:00]linkkey[00:00:00:00:00:00:00:00:00:00:00:00:00:00:00:00]
05-27 18:53:40.750 10934 11019 D ANWAPI_SECOND: (10934|0x297D2CB0)[BTAPI] B:Rle_paired_storage[3]addr[00:00:00:00:00:00]linkkey[00:00:00:00:00:00:00:00:00:00:00:00:00:00:00:00]
05-27 18:53:40.750 10934 11019 D ANWAPI_SECOND: (10934|0x297D2CB0)[BTAPI] B:Rle_paired_storage[4]addr[00:00:00:00:00:00]linkkey[00:00:00:00:00:00:00:00:00:00:00:00:00:00:00:00]
05-27 18:53:40.750 10934 11019 D ANWAPI_SECOND: (10934|0x297D2CB0)[BTAPI] B:Rle_paired_storage[5]addr[00:00:00:00:00:00]linkkey[00:00:00:00:00:00:00:00:00:00:00:00:00:00:00:00]
05-27 18:53:40.750 10934 11019 D ANWAPI_SECOND: (10934|0x297D2CB0)[BTAPI] B:Rle_paired_storage[6]addr[00:00:00:00:00:00]linkkey[00:00:00:00:00:00:00:00:00:00:00:00:00:00:00:00]
05-27 18:53:40.750 10934 11019 D ANW_AVRCP_SECOND: AnWBT_ReadStorage =/data/misc/anw//anwble_storage.bin
05-27 18:53:40.750 10934 11019 D ANW_AVRCP_SECOND: AnWBT_ReadStorage open anwbt_bt_storage success
05-27 18:53:40.750 10934 11019 D ANW_AVRCP_SECOND: 
05-27 18:53:40.750 10934 11019 D ANW_AVRCP_SECOND: read storage size=1336
05-27 18:53:40.750 10934 11019 D ANW_AVRCP_SECOND: 
05-27 18:53:40.750 10934 11019 D ANWAPI_SECOND: (10934|0x297D2CB0)[BTAPI] A:Rle_paired_storage[0]addr[00:00:00:00:00:00]linkkey[00:00:00:00:00:00:00:00:00:00:00:00:00:00:00:00]
05-27 18:53:40.750 10934 11019 D ANWAPI_SECOND: (10934|0x297D2CB0)[BTAPI] A:Rle_paired_storage[1]addr[00:00:00:00:00:00]linkkey[00:00:00:00:00:00:00:00:00:00:00:00:00:00:00:00]
05-27 18:53:40.750 10934 11019 D ANWAPI_SECOND: (10934|0x297D2CB0)[BTAPI] A:Rle_paired_storage[2]addr[00:00:00:00:00:00]linkkey[00:00:00:00:00:00:00:00:00:00:00:00:00:00:00:00]
05-27 18:53:40.750 10934 11019 D ANWAPI_SECOND: (10934|0x297D2CB0)[BTAPI] A:Rle_paired_storage[3]addr[00:00:00:00:00:00]linkkey[00:00:00:00:00:00:00:00:00:00:00:00:00:00:00:00]
05-27 18:53:40.750 10934 11019 D ANWAPI_SECOND: (10934|0x297D2CB0)[BTAPI] A:Rle_paired_storage[4]addr[00:00:00:00:00:00]linkkey[00:00:00:00:00:00:00:00:00:00:00:00:00:00:00:00]
05-27 18:53:40.751 10934 11019 D ANWAPI_SECOND: (10934|0x297D2CB0)[BTAPI] A:Rle_paired_storage[5]addr[00:00:00:00:00:00]linkkey[00:00:00:00:00:00:00:00:00:00:00:00:00:00:00:00]
05-27 18:53:40.751 10934 11019 D ANWAPI_SECOND: (10934|0x297D2CB0)[BTAPI] A:Rle_paired_storage[6]addr[00:00:00:00:00:00]linkkey[00:00:00:00:00:00:00:00:00:00:00:00:00:00:00:00]
05-27 18:53:40.751 10934 11019 D ANWAPI_SECOND: (10934|0x297D2CB0)[BTAPI] <<<<AnWBT_EEPROM_Read ret = 0
05-27 18:53:40.751 10934 11019 D ANWAPI_SECOND: (10934|0x297D2CB0)[BTAPI] btsdk_initial_param.flag=0x4000
05-27 18:53:40.751 10934 11019 D ANWAPI_SECOND: (10934|0x297D2CB0)[BTAPI] [Paired DevInf] Storage Write
05-27 18:53:40.751 10934 11019 D ANW_AVRCP_SECOND: AnWBT_WriteStorage =/data/misc/anw//anwbt_storage.bin
05-27 18:53:40.751 10934 11019 D ANW_AVRCP_SECOND: AnWBT_WriteStorage open anwbt_bt_storage success
05-27 18:53:40.751 10934 11019 D ANW_AVRCP_SECOND: 
05-27 18:53:40.752 13911 14192 D Sentinelmode_1.2.5.17_sentry: <SentryImuClusterFgeSender>imu_status sent to Linux, frame=259839, tsNs=11087978, tsMs=11, intervalMs=45, ad=(-0.00446707,-0.0022980284,-0.16704178), gd=(-0.01130075,0.0050392,0.0022137526)
05-27 18:53:40.753   581   581 I SpiService: fgesysctrl_getGPIO_status success val=0
05-27 18:53:40.756  1008 30857 D [OMXB]  : usingANWBuffer: handle:0xee742a00, format:1, w:1920, h:1080
05-27 08:44:49.718   581   581 D spi_rst_gpio_get_output: GPIO 145 value: 0
05-27 08:44:49.718   581   581 D spidev_ioctl: gpio status=0)
05-27 18:53:40.757 10934 11019 D ANW_AVRCP_SECOND: write storage size=6600
05-27 18:53:40.757 10934 11019 D ANW_AVRCP_SECOND: 
05-27 18:53:40.757 10934 11019 D ANWAPI_SECOND: (10934|0x297D2CB0)[BTAPI] >>>>AnWBT_EEPROM_Read 
05-27 18:53:40.757 10934 11019 D ANWAPI_SECOND: (10934|0x297D2CB0)[BTAPI] B:Rpaired_storage[0]name[]addr[00:00:00:00:00:00]linkkey[00:00:00:00:00:00:00:00:00:00:00:00:00:00:00:00]
05-27 18:53:40.757 10934 11019 D ANWAPI_SECOND: (10934|0x297D2CB0)[BTAPI] B:Rpaired_storage[1]name[]addr[00:00:00:00:00:00]linkkey[00:00:00:00:00:00:00:00:00:00:00:00:00:00:00:00]
05-27 18:53:40.757 10934 11019 D ANWAPI_SECOND: (10934|0x297D2CB0)[BTAPI] B:Rpaired_storage[2]name[]addr[00:00:00:00:00:00]linkkey[00:00:00:00:00:00:00:00:00:00:00:00:00:00:00:00]
05-27 18:53:40.757 10934 11019 D ANWAPI_SECOND: (10934|0x297D2CB0)[BTAPI] B:Rpaired_storage[3]name[]addr[00:00:00:00:00:00]linkkey[00:00:00:00:00:00:00:00:00:00:00:00:00:00:00:00]
05-27 18:53:40.757 10934 11019 D ANWAPI_SECOND: (10934|0x297D2CB0)[BTAPI] B:Rpaired_storage[4]name[]addr[00:00:00:00:00:00]linkkey[00:00:00:00:00:00:00:00:00:00:00:00:00:00:00:00]
05-27 18:53:40.757 10934 11019 D ANWAPI_SECOND: (10934|0x297D2CB0)[BTAPI] B:Rpaired_storage[5]name[]addr[00:00:00:00:00:00]linkkey[00:00:00:00:00:00:00:00:00:00:00:00:00:00:00:00]
05-27 18:53:40.758 10934 11019 D ANWAPI_SECOND: (10934|0x297D2CB0)[BTAPI] B:Rpaired_storage[6]name[]addr[00:00:00:00:00:00]linkkey[00:00:00:00:00:00:00:00:00:00:00:00:00:00:00:00]
05-27 18:53:40.758 10934 11019 D ANWAPI_SECOND: (10934|0x297D2CB0)[BTAPI] B:Rpaired_storage[7]name[]addr[00:00:00:00:00:00]linkkey[00:00:00:00:00:00:00:00:00:00:00:00:00:00:00:00]
05-27 18:53:40.758 10934 11019 D ANWAPI_SECOND: (10934|0x297D2CB0)[BTAPI] B:Rpaired_storage[8]name[]addr[00:00:00:00:00:00]linkkey[00:00:00:00:00:00:00:00:00:00:00:00:00:00:00:00]
05-27 18:53:40.758 10934 11019 D ANWAPI_SECOND: (10934|0x297D2CB0)[BTAPI] B:Rpaired_storage[9]name[]addr[00:00:00:00:00:00]linkkey[00:00:00:00:00:00:00:00:00:00:00:00:00:00:00:00]
05-27 18:53:40.758 10934 11019 D ANWAPI_SECOND: (10934|0x297D2CB0)[BTAPI] B:Rpaired_storage[10]name[]addr[00:00:00:00:00:00]linkkey[00:00:00:00:00:00:00:00:00:00:00:00:00:00:00:00]
05-27 18:53:40.758 10934 11019 D ANW_AVRCP_SECOND: AnWBT_ReadStorage =/data/misc/anw//anwbt_storage.bin
05-27 18:53:40.758 10934 11019 D ANW_AVRCP_SECOND: AnWBT_ReadStorage open anwbt_bt_storage success
05-27 18:53:40.758 10934 11019 D ANW_AVRCP_SECOND: 
05-27 18:53:40.758 10934 11019 D ANW_AVRCP_SECOND: read storage size=6600
05-27 18:53:40.758 10934 11019 D ANW_AVRCP_SECOND: 
05-27 18:53:40.758 10934 11019 D ANWAPI_SECOND: (10934|0x297D2CB0)[BTAPI] A:Readpaired_storage[0]name[]cod[0]support[0]addr[00:00:00:00:00:00]linkkey[00:00:00:00:00:00:00:00:00:00:00:00:00:00:00:00]
05-27 18:53:40.758 10934 11019 D ANWAPI_SECOND: (10934|0x297D2CB0)[BTAPI] A:Readpaired_storage[1]name[]cod[0]support[0]addr[00:00:00:00:00:00]linkkey[00:00:00:00:00:00:00:00:00:00:00:00:00:00:00:00]
05-27 18:53:40.758 10934 11019 D ANWAPI_SECOND: (10934|0x297D2CB0)[BTAPI] A:Readpaired_storage[2]name[]cod[0]support[0]addr[00:00:00:00:00:00]linkkey[00:00:00:00:00:00:00:00:00:00:00:00:00:00:00:00]
05-27 18:53:40.758 10934 11019 D ANWAPI_SECOND: (10934|0x297D2CB0)[BTAPI] A:Readpaired_storage[3]name[]cod[0]support[0]addr[00:00:00:00:00:00]linkkey[00:00:00:00:00:00:00:00:00:00:00:00:00:00:00:00]
05-27 18:53:40.758 10934 11019 D ANWAPI_SECOND: (10934|0x297D2CB0)[BTAPI] A:Readpaired_storage[4]name[]cod[0]support[0]addr[00:00:00:00:00:00]linkkey[00:00:00:00:00:00:00:00:00:00:00:00:00:00:00:00]
05-27 18:53:40.758 10934 11019 D ANWAPI_SECOND: (10934|0x297D2CB0)[BTAPI] A:Readpaired_storage[5]name[]cod[0]support[0]addr[00:00:00:00:00:00]linkkey[00:00:00:00:00:00:00:00:00:00:00:00:00:00:00:00]
05-27 18:53:40.758 10934 11019 D ANWAPI_SECOND: (10934|0x297D2CB0)[BTAPI] A:Readpaired_storage[6]name[]cod[0]support[0]addr[00:00:00:00:00:00]linkkey[00:00:00:00:00:00:00:00:00:00:00:00:00:00:00:00]
05-27 18:53:40.758 10934 11019 D ANWAPI_SECOND: (10934|0x297D2CB0)[BTAPI] A:Readpaired_storage[7]name[]cod[0]support[0]addr[00:00:00:00:00:00]linkkey[00:00:00:00:00:00:00:00:00:00:00:00:00:00:00:00]
05-27 18:53:40.758 10934 11019 D ANWAPI_SECOND: (10934|0x297D2CB0)[BTAPI] A:Readpaired_storage[8]name[]cod[0]support[0]addr[00:00:00:00:00:00]linkkey[00:00:00:00:00:00:00:00:00:00:00:00:00:00:00:00]
05-27 18:53:40.759 10934 11019 D ANWAPI_SECOND: (10934|0x297D2CB0)[BTAPI] A:Readpaired_storage[9]name[]cod[0]support[0]addr[00:00:00:00:00:00]linkkey[00:00:00:00:00:00:00:00:00:00:00:00:00:00:00:00]
05-27 18:53:40.759 10934 11019 D ANWAPI_SECOND: (10934|0x297D2CB0)[BTAPI] A:Readpaired_storage[10]name[]cod[0]support[0]addr[00:00:00:00:00:00]linkkey[00:00:00:00:00:00:00:00:00:00:00:00:00:00:00:00]
05-27 18:53:40.759 10934 11019 D ANWAPI_SECOND: (10934|0x297D2CB0)[BTAPI] <<<<AnWBT_EEPROM_Read ret = 0
05-27 18:53:40.759 10934 11019 D ANWAPI_SECOND: (10934|0x297D2CB0)[BTAPI] build time = 11:28:38 sdk ver=0x 300002A
05-27 18:53:40.759 10934 11019 D ANWAPI_SECOND: (10934|0x297D2CB0)[BTAPI] creating init task
05-27 18:53:40.760 10934 11021 D ANWAPI_SECOND: (10934|0x295D6CB0)[BTAPI] Enter BTInit_Task stacd=1,693988528
05-27 18:53:40.760 10934 11021 D ANWAPI_SECOND: (10934|0x295D6CB0)[BTAPI] pthread_attr_init
05-27 18:53:40.760 10934 11021 D ANWAPI_SECOND: (10934|0x295D6CB0)[BTAPI] BTHost_Init: min priority 1, max priority 99
05-27 18:53:40.760 10934 11021 D ANWAPI_SECOND: (10934|0x295D6CB0)[BTAPI] Enter BTHost_Init
05-27 18:53:40.760 10934 11021 D ANWAPI_SECOND: (10934|0x295D6CB0)[BTAPI] BTHost_InitMessage
05-27 18:53:40.761 10934 11021 D ANWAPI_SECOND: (10934|0x295D6CB0)[BTAPI] btosal_msg_ff_initial
05-27 18:53:40.761 10934 11021 D ANW_WAVEOUT_SECOND: (10934|0x295D6CB0)[WAVEOUT] [AnWBT WAVE] A2dp_WaveOut_Init
05-27 18:53:40.761 10934 11021 D ANW_WAVEOUT_SECOND: 
05-27 18:53:40.761 10934 11021 D ANWAPI_SECOND: (10934|0x295D6CB0)[BTAPI] Check BTHost_Task status
05-27 18:53:40.762 10934 11024 D ANWAPI_SECOND: (10934|0x293DACB0)[BTAPI] Enter BTHost_Task
05-27 18:53:40.762 10934 11024 D ANWAPI_SECOND: (10934|0x293DACB0)[BTAPI] BTHost_Task setpriority(0)(-15)
05-27 18:53:40.762   299 30844 D EvsDriver: forwardFrame
05-27 18:53:40.763   299 30841 D EvsDriver: forwardFrame
05-27 18:53:40.763   299 30844 D EvsDriver: Delivered 0xb400007b7ca56900 as id 0
05-27 18:53:40.764  1167  1167 D evsmanagerd: /dev/video6 forwarded the buffer #0 to 0xb4000074bf5f5510 from 0xb4000074bf5f6d90
05-27 18:53:40.764 30773 30783 E dvr_service_: [myNum:1] Received S**** loss
05-27 18:53:40.764 13911 14183 I SentryImuMcuAngleSender: 179.993rollDeg
05-27 18:53:40.764 13911 14183 I SentryImuMcuAngleSender: 1,0,0
05-27 18:53:40.765   299  1163 D EvsDriver: doneWithFrame
05-27 18:53:40.766   299 30841 D EvsDriver: Delivered 0xb400007b7ca56a60 as id 0
05-27 18:53:40.766  1167  1167 D evsmanagerd: /dev/video4 forwarded the buffer #0 to 0xb4000074bf5f6850 from 0xb4000074bf5f41d0
05-27 18:53:40.766 15863 16069 D AIN-HttpHealthPolicy: call() called start, host=www.weibo.com
05-27 18:53:40.767   283   307 I rvcservice: t.code = 4, t.value = 0
05-27 18:53:40.767 30773 30783 E dvr_service_: [myNum:0] Received S**** loss
05-27 18:53:40.768   581   581 I SpiService: fgesysctrl_getGPIO_status success val=1
05-27 18:53:40.768   299  1163 D EvsDriver: doneWithFrame
05-27 18:53:40.771 10046 11025 D resolv  : GetAddrInfoHandler::run: {103 786535 103 983143 1000 0}
05-27 18:53:40.771 10046 11025 D resolv  : resolv_getaddrinfo: explore_fqdn(): ai_family=0 ai_socktype=1 ai_protocol=6
05-27 18:53:40.772 10046 11026 D resolv  : doQuery: (1, 1)
05-27 18:53:40.772 10046 11026 D resolv  : res_nmkquery: (QUERY, IN, A)
05-27 18:53:40.772 10046 11026 D resolv  : res_nsend
05-27 18:53:40.772 10046 11026 I resolv  : resolv_cache_lookup: lookup
05-27 18:53:40.772 10046 11026 I resolv  : resolv_cache_lookup: FOUND IN CACHE entry=0xb4000072a546ef70
05-27 18:53:40.772 10046 11026 D resolv  : doQuery: rcode=0, ancount=4
05-27 18:53:40.773   581   581 I SpiService: fgesysctrl_getGPIO_status success val=1
05-27 18:53:40.773 15863 16069 D TrafficStats: tagSocket(164) with statsTag=0xffffffff, statsUid=-1
05-27 18:53:40.778   581   581 I SpiService: fgesysctrl_getGPIO_status success val=1
05-27 18:53:40.780   572   622 I Sensors : 230 GyroSensor: x:-0.011453,y:0.004963,z:0.002443
05-27 18:53:40.784   581   581 I SpiService: fgesysctrl_getGPIO_status success val=1
05-27 18:53:40.785 13911 14183 I SentryImuMcuAngleSender: 179.98598rollDeg
05-27 08:44:49.748   581   581 D spi_rst_gpio_get_output: GPIO 145 value: 1
05-27 18:53:40.785 13911 14183 I SentryImuMcuAngleSender: 1,0,0
05-27 18:53:40.787   299 30841 D EvsDriver: forwardFrame
05-27 18:53:40.788   299 30844 D EvsDriver: forwardFrame
05-27 18:53:40.788   299 30841 D EvsDriver: Delivered 0xb400007b7ca56a60 as id 0
05-27 18:53:40.789  1167  1167 D evsmanagerd: /dev/video4 forwarded the buffer #0 to 0xb4000074bf5f6850 from 0xb4000074bf5f41d0
05-27 18:53:40.789   581   581 I SpiService: fgesysctrl_getGPIO_status success val=0
05-27 18:53:40.790   299 30844 D EvsDriver: Delivered 0xb400007b7ca56900 as id 0
05-27 18:53:40.790  1167  1167 D evsmanagerd: /dev/video6 forwarded the buffer #0 to 0xb4000074bf5f5510 from 0xb4000074bf5f6d90
05-27 18:53:40.792  1008 30856 D [OMXB]  : usingANWBuffer: handle:0xee743500, format:1, w:1920, h:1080
05-27 18:53:40.795   299  1163 D EvsDriver: doneWithFrame
05-27 18:53:40.797   536   536 D commservice260303: msg.id = 1028,0
05-27 18:53:40.797   536   536 D commservice260303: i = 170, msgid = 8A000404
05-27 18:53:40.797   536   536 D commservice260303: msgid = -1979710460,did=138
05-27 18:53:40.797   536   536 D commservice260303: CommProtocolLibCmdBaseI2C::dataproc {"command":{"id":"imu_status","sub":""},"content":{"TimeStamp":11,"FrameCounter":259840,"GD_X":-0.011453153565526009,"GD_Y":0.004963258747011423,"GD_Z":0.002443138277158141,"AD_X":-0.006875932216644287,"AD_Y":1.4464440755546093E-4,"AD_Z":-0.16704177856445312,"TempDsp":0,"Status":0,"CalibState":1,"SigAmpInvalid":0}},-1979710460
05-27 18:53:40.797   536   536 D commservice260303: send2Cluster len:316, 7B22636F6D6D616E64223A7B226964223A22696D755F737461747573222C22737562223A22227D2C22636F6E74656E74223A7B2254696D655374616D70223A31312C224672616D65436F756E746572223A3235393834302C2247445F58223A2D302E3031313435333135333536353532363030392C2247445F59223A302E3030343936333235383734373031313432332C2247445F5A223A302E3030323434333133383237373135383134312C2241445F58223A2D302E3030363837353933323231363634343238372C2241445F59223A312E34343634343430373535353436303933452D342C2241445F5A223A2D302E31363730343137373835363434353331322C2254656D70447370223A302C22537461747573223A302C2243616C69625374617465223A312C22536967416D70496E76616C6964223A307D7D, 138 
05-27 18:53:40.797   299  1153 D EvsDriver: doneWithFrame
05-27 18:53:40.797   536   536 D commservice260303: Push Message into SendPool fn=1547174912
05-27 18:53:40.797   536   536 D commservice260303: ComProtocolLibSend2Cluster::send2ClusterRaw fn=1547174912 , len=332
05-27 18:53:40.797   536   536 D commservice260303: sendCmdToPort :332!!!
05-27 18:53:40.797   536   536 D commservice260303: send Cmd To Port ++++5AA501488A010004385C6A16CD347B22636F6D6D616E64223A7B226964223A22696D755F737461747573222C22737562223A22227D2C22636F6E74656E74223A7B2254696D655374616D70223A31312C224672616D65436F756E746572223A3235393834302C2247445F58223A2D302E3031313435333135333536353532363030392C2247445F59223A302E3030343936333235383734373031313432332C2247445F5A223A302E3030323434333133383237373135383134312C2241445F58223A2D302E3030363837353933323231363634343238372C2241445F59223A312E34343634343430373535353436303933452D342C2241445F5A223A2D302E31363730343137373835363434353331322C2254656D70447370223A302C22537461747573223A302C2243616C69625374617465223A312C22536967416D70496E76616C6964223A307D7D3954
05-27 18:53:40.797   536   536 D commservice260303: bufferevent_write retrun value = 0
05-27 18:53:40.798   536   560 D commservice260303: client datas send succeed,send finish
05-27 18:53:40.800 13911 14192 D Sentinelmode_1.2.5.17_sentry: <SentryImuClusterFgeSender>imu_status sent to Linux, frame=259840, tsNs=11088030, tsMs=11, intervalMs=48, ad=(-0.006875932,1.4464441E-4,-0.16704178), gd=(-0.011453154,0.0049632587,0.0024431383)
05-27 18:53:40.803   581   581 I SpiService: fgesysctrl_getGPIO_status success val=1
05-27 18:53:40.806 13911 14183 I SentryImuMcuAngleSender: 179.99298rollDeg
05-27 18:53:40.806 13911 14183 I SentryImuMcuAngleSender: 1,0,0
05-27 18:53:40.809   581   581 I SpiService: fgesysctrl_getGPIO_status success val=1
05-27 08:44:49.774   581   581 D spidev_ioctl: gpio status=1)
05-27 18:53:40.814   581   581 I SpiService: fgesysctrl_getGPIO_status success val=1
05-27 18:53:40.819  1008 30857 D [OMXB]  : usingANWBuffer: handle:0xee7444d0, format:1, w:1920, h:1080
05-27 18:53:40.820   581   581 I SpiService: fgesysctrl_getGPIO_status success val=1
05-27 18:53:40.826   581   581 I SpiService: fgesysctrl_getGPIO_status success val=1
05-27 18:53:40.826   299 30844 D EvsDriver: forwardFrame
05-27 18:53:40.826   299 30841 D EvsDriver: forwardFrame
05-27 18:53:40.827 13911 14183 I SentryImuMcuAngleSender: 180.0rollDeg
05-27 18:53:40.827 13911 14183 I SentryImuMcuAngleSender: 1,0,0
05-27 18:53:40.828   299 30844 D EvsDriver: Delivered 0xb400007b7ca56900 as id 0
05-27 18:53:40.829  1167  1167 D evsmanagerd: /dev/video6 forwarded the buffer #0 to 0xb4000074bf5f5510 from 0xb4000074bf5f6d90
05-27 18:53:40.829   299 30841 D EvsDriver: Delivered 0xb400007b7ca56a60 as id 0
05-27 18:53:40.830  1167  1167 D evsmanagerd: /dev/video4 forwarded the buffer #0 to 0xb4000074bf5f6850 from 0xb4000074bf5f41d0
05-27 18:53:40.832   581   581 I SpiService: fgesysctrl_getGPIO_status success val=0
05-27 18:53:40.833   299  1153 D EvsDriver: doneWithFrame
05-27 18:53:40.834   299  1153 D EvsDriver: doneWithFrame
05-27 18:53:40.842   536   536 D commservice260303: msg.id = 1028,1
05-27 18:53:40.842   536   536 D commservice260303: i = 170, msgid = 8A000404
05-27 18:53:40.842   536   536 D commservice260303: msgid = -1979710460,did=138
05-27 18:53:40.842   536   536 D commservice260303: CommProtocolLibCmdBaseI2C::dataproc {"command":{"id":"imu_status","sub":""},"content":{"TimeStamp":11,"FrameCounter":259841,"GD_X":-0.011453153565526009,"GD_Y":0.0059551820158958435,"GD_Z":0.0022902146447449923,"AD_X":-0.001992851495742798,"AD_Y":-0.0028849542140960693,"AD_Z":-0.16704177856445312,"TempDsp":0,"Status":0,"CalibState":1,"SigAmpInvalid":0}},-1979710460
05-27 18:53:40.842   536   536 D commservice260303: send2Cluster len:319, 7B22636F6D6D616E64223A7B226964223A22696D755F737461747573222C22737562223A22227D2C22636F6E74656E74223A7B2254696D655374616D70223A31312C224672616D65436F756E746572223A3235393834312C2247445F58223A2D302E3031313435333135333536353532363030392C2247445F59223A302E303035393535313832303135383935383433352C2247445F5A223A302E303032323930323134363434373434393932332C2241445F58223A2D302E3030313939323835313439353734323739382C2241445F59223A2D302E303032383834393534323134303936303639332C2241445F5A223A2D302E31363730343137373835363434353331322C2254656D70447370223A302C22537461747573223A302C2243616C69625374617465223A312C22536967416D70496E76616C6964223A307D7D, 138 
05-27 18:53:40.842   536   536 D commservice260303: Push Message into SendPool fn=1563952128
05-27 18:53:40.842   536   536 D commservice260303: ComProtocolLibSend2Cluster::send2ClusterRaw fn=1563952128 , len=335
05-27 18:53:40.842   536   536 D commservice260303: sendCmdToPort :335!!!
05-27 18:53:40.842   536   536 D commservice260303: send Cmd To Port ++++5AA5014B8A010004385D6A16CD347B22636F6D6D616E64223A7B226964223A22696D755F737461747573222C22737562223A22227D2C22636F6E74656E74223A7B2254696D655374616D70223A31312C224672616D65436F756E746572223A3235393834312C2247445F58223A2D302E3031313435333135333536353532363030392C2247445F59223A302E303035393535313832303135383935383433352C2247445F5A223A302E303032323930323134363434373434393932332C2241445F58223A2D302E3030313939323835313439353734323739382C2241445F59223A2D302E303032383834393534323134303936303639332C2241445F5A223A2D302E31363730343137373835363434353331322C2254656D70447370223A302C22537461747573223A302C2243616C69625374617465223A312C22536967416D70496E76616C6964223A307D7DE711
05-27 18:53:40.842   536   536 D commservice260303: bufferevent_write retrun value = 0
05-27 18:53:40.842   536   560 D commservice260303: client datas send succeed,send finish
05-27 18:53:40.843 13911 14192 D Sentinelmode_1.2.5.17_sentry: <SentryImuClusterFgeSender>imu_status sent to Linux, frame=259841, tsNs=11088088, tsMs=11, intervalMs=43, ad=(-0.0019928515,-0.0028849542,-0.16704178), gd=(-0.011453154,0.005955182,0.0022902146)
05-27 18:53:40.847 13911 14183 I SentryImuMcuAngleSender: -179.99649rollDeg
05-27 18:53:40.847 13911 14183 I SentryImuMcuAngleSender: 1,0,0
05-27 18:53:40.848   581   581 I SpiService: fgesysctrl_getGPIO_status success val=1
05-27 18:53:40.848  1008 30856 D [OMXB]  : usingANWBuffer: handle:0xee742480, format:1, w:1920, h:1080
05-27 18:53:40.853   581   581 I SpiService: fgesysctrl_getGPIO_status success val=1
05-27 18:53:40.859   581   581 I SpiService: fgesysctrl_getGPIO_status success val=1
05-27 18:53:40.860   299 30844 D EvsDriver: forwardFrame
05-27 18:53:40.861 10934 11021 D ANWAPI_SECOND: (10934|0x295D6CB0)[BTAPI] set_bluetooth_power : open /sys/class/gpio/gpio142/value
05-27 18:53:40.861   299 30844 D EvsDriver: Delivered 0xb400007b7ca56900 as id 0
05-27 18:53:40.861 10934 11021 D ANWAPI_SECOND: (10934|0x295D6CB0)[BTAPI] set_bluetooth_power : open(/sys/class/gpio/gpio142/value) for write failed,fd=-1
05-27 18:53:40.862 10934 11021 D ANWAPI_SECOND: (10934|0x295D6CB0)[BTAPI] open set_bluetooth_power : write(No such file or directory) failed,errno = 2
05-27 18:53:40.862  1167  1167 D evsmanagerd: /dev/video6 forwarded the buffer #0 to 0xb4000074bf5f5510 from 0xb4000074bf5f6d90
05-27 18:53:40.864   581   581 I SpiService: fgesysctrl_getGPIO_status success val=1
05-27 18:53:40.865   299  1153 D EvsDriver: doneWithFrame
05-27 18:53:40.867   283   307 I rvcservice: t.code = 3, t.value = 0
05-27 18:53:40.867  1008 30857 D [OMXB]  : usingANWBuffer: handle:0xee7440b0, format:1, w:1920, h:1080
05-27 18:53:40.868 13911 14183 I SentryImuMcuAngleSender: -179.99298rollDeg
05-27 18:53:40.868 13911 14183 I SentryImuMcuAngleSender: 1,0,0
05-27 18:53:40.868   299 30841 D EvsDriver: forwardFrame
05-27 18:53:40.871   581   581 I SpiService: fgesysctrl_getGPIO_status success val=1
05-27 18:53:40.872   299 30841 D EvsDriver: Delivered 0xb400007b7ca56a60 as id 0
05-27 18:53:40.872  1167  1167 D evsmanagerd: /dev/video4 forwarded the buffer #0 to 0xb4000074bf5f6850 from 0xb4000074bf5f41d0
05-27 18:53:40.877   581   581 I SpiService: fgesysctrl_getGPIO_status success val=0
05-27 08:44:49.842   581   581 D spi_rst_gpio_get_output: GPIO 145 value: 0
05-27 08:44:49.842   581   581 D spidev_ioctl: gpio status=0)
05-27 18:53:40.881   299  1153 D EvsDriver: doneWithFrame
05-27 18:53:40.882   536   536 D commservice260303: msg.id = 1028,0
05-27 18:53:40.882   536   536 D commservice260303: i = 170, msgid = 8A000404
05-27 18:53:40.882   536   536 D commservice260303: msgid = -1979710460,did=138
05-27 18:53:40.882   536   536 D commservice260303: CommProtocolLibCmdBaseI2C::dataproc {"command":{"id":"imu_status","sub":""},"content":{"TimeStamp":11,"FrameCounter":259842,"GD_X":-0.011987865902483463,"GD_Y":0.005345047451555729,"GD_Z":0.0022902146447449923,"AD_X":-0.003823027014732361,"AD_Y":-0.0046879141591489315,"AD_Z":-0.16704177856445312,"TempDsp":0,"Status":0,"CalibState":1,"SigAmpInvalid":0}},-1979710460
05-27 18:53:40.882   536   536 D commservice260303: send2Cluster len:318, 7B22636F6D6D616E64223A7B226964223A22696D755F737461747573222C22737562223A22227D2C22636F6E74656E74223A7B2254696D655374616D70223A31312C224672616D65436F756E746572223A3235393834322C2247445F58223A2D302E3031313938373836353930323438333436332C2247445F59223A302E3030353334353034373435313535353732392C2247445F5A223A302E303032323930323134363434373434393932332C2241445F58223A2D302E3030333832333032373031343733323336312C2241445F59223A2D302E303034363837393134313539313438393331352C2241445F5A223A2D302E31363730343137373835363434353331322C2254656D70447370223A302C22537461747573223A302C2243616C69625374617465223A312C22536967416D70496E76616C6964223A307D7D, 138 
05-27 18:53:40.882   536   536 D commservice260303: Push Message into SendPool fn=1580729344
05-27 18:53:40.882   536   536 D commservice260303: ComProtocolLibSend2Cluster::send2ClusterRaw fn=1580729344 , len=334
05-27 18:53:40.882   536   536 D commservice260303: sendCmdToPort :334!!!
05-27 18:53:40.882   536   536 D commservice260303: send Cmd To Port ++++5AA5014A8A010004385E6A16CD347B22636F6D6D616E64223A7B226964223A22696D755F737461747573222C22737562223A22227D2C22636F6E74656E74223A7B2254696D655374616D70223A31312C224672616D65436F756E746572223A3235393834322C2247445F58223A2D302E3031313938373836353930323438333436332C2247445F59223A302E3030353334353034373435313535353732392C2247445F5A223A302E303032323930323134363434373434393932332C2241445F58223A2D302E3030333832333032373031343733323336312C2241445F59223A2D302E303034363837393134313539313438393331352C2241445F5A223A2D302E31363730343137373835363434353331322C2254656D70447370223A302C22537461747573223A302C2243616C69625374617465223A312C22536967416D70496E76616C6964223A307D7DA87D
05-27 18:53:40.882   536   536 D commservice260303: bufferevent_write retrun value = 0
05-27 18:53:40.882   536   560 D commservice260303: client datas send succeed,send finish
05-27 18:53:40.884 30773 30786 I dvr_service_: CameraX 0  audioOK: 90447156,audios:1360
05-27 18:53:40.884 13911 14192 D Sentinelmode_1.2.5.17_sentry: <SentryImuClusterFgeSender>imu_status sent to Linux, frame=259842, tsNs=11088120, tsMs=11, intervalMs=42, ad=(-0.003823027,-0.004687914,-0.16704178), gd=(-0.011987866,0.0053450475,0.0022902146)
05-27 18:53:40.884 30773 30786 I dvr_service_: CameraX 1  audioOK: 90447156,audios:1360
05-27 18:53:40.887   572   572 I Sensors : 230 AccelSensor: x:-0.173239,y:-0.002440,z:-9.974720
05-27 18:53:40.889 13911 14183 I SentryImuMcuAngleSender: -179.986rollDeg
05-27 18:53:40.889 13911 14183 I SentryImuMcuAngleSender: 1,0,0
05-27 18:53:40.890  1008 30856 D [OMXB]  : usingANWBuffer: handle:0xee741b90, format:1, w:1920, h:1080
05-27 18:53:40.893   581   581 I SpiService: fgesysctrl_getGPIO_status success val=1
05-27 18:53:40.894   299 30844 D EvsDriver: forwardFrame
05-27 18:53:40.895   299 30841 D EvsDriver: forwardFrame
05-27 18:53:40.896   299 30844 D EvsDriver: Delivered 0xb400007b7ca56900 as id 0
05-27 18:53:40.896   299 30841 D EvsDriver: Delivered 0xb400007b7ca56a60 as id 0
05-27 18:53:40.896  1167  1479 D evsmanagerd: /dev/video4 forwarded the buffer #0 to 0xb4000074bf5f6850 from 0xb4000074bf5f41d0
05-27 18:53:40.896  1167  1167 D evsmanagerd: /dev/video6 forwarded the buffer #0 to 0xb4000074bf5f5510 from 0xb4000074bf5f6d90
05-27 08:44:49.858   581   581 D spi_rst_gpio_get_output: GPIO 145 value: 1
05-27 08:44:49.858   581   581 D spidev_ioctl: gpio status=1)
05-27 18:53:40.898   299  1153 D EvsDriver: doneWithFrame
05-27 18:53:40.899   581   581 I SpiService: fgesysctrl_getGPIO_status success val=1
05-27 08:44:49.864   581   581 D spi_rst_gpio_get_output: GPIO 145 value: 1
05-27 08:44:49.864   581   581 D spidev_ioctl: gpio status=1)
05-27 18:53:40.906   581   581 I SpiService: fgesysctrl_getGPIO_status success val=1
05-27 18:53:40.907   299  1153 D EvsDriver: doneWithFrame
05-27 08:44:49.870   581   581 D spi_rst_gpio_get_output: GPIO 145 value: 1
05-27 08:44:49.871   581   581 D spidev_ioctl: gpio status=1)
05-27 18:53:40.910 13911 14183 I SentryImuMcuAngleSender: -179.99298rollDeg
05-27 18:53:40.910 13911 14183 I SentryImuMcuAngleSender: 1,0,0
05-27 18:53:40.912   581   581 I SpiService: fgesysctrl_getGPIO_status success val=1
05-27 08:44:49.877   581   581 D spi_rst_gpio_get_output: GPIO 145 value: 1
05-27 08:44:49.877   581   581 D spidev_ioctl: gpio status=1)
05-27 18:53:40.917 11031 11031 I ADAYO_LOG_TRACE_KERNEL: execute interrupt
05-27 18:53:40.918   581   581 I SpiService: fgesysctrl_getGPIO_status success val=0
05-27 18:53:40.920   299 30844 D EvsDriver: forwardFrame
05-27 08:44:49.882   581   581 D spi_rst_gpio_get_output: GPIO 145 value: 0
05-27 08:44:49.882   581   581 D spidev_ioctl: gpio status=0)
05-27 18:53:40.921   299 30841 D EvsDriver: forwardFrame
05-27 18:53:40.922   299 30841 D EvsDriver: Delivered 0xb400007b7ca56a60 as id 0
05-27 18:53:40.923  1167  1167 D evsmanagerd: /dev/video4 forwarded the buffer #0 to 0xb4000074bf5f6850 from 0xb4000074bf5f41d0
05-27 18:53:40.923  1167  1479 D evsmanagerd: /dev/video6 forwarded the buffer #0 to 0xb4000074bf5f5510 from 0xb4000074bf5f6d90
05-27 18:53:40.923 30773 30783 E dvr_service_: [myNum:1] Received S**** loss
05-27 18:53:40.923 30773 30773 E dvr_service_: [myNum:0] Received S**** loss
05-27 18:53:40.924   299  1163 D EvsDriver: doneWithFrame
05-27 18:53:40.924   299  1153 D EvsDriver: doneWithFrame
05-27 18:53:40.924  1008 30857 D [OMXB]  : usingANWBuffer: handle:0xee743710, format:1, w:1920, h:1080
05-27 18:53:40.924   299 30844 D EvsDriver: Delivered 0xb400007b7ca56900 as id 0
05-27 18:53:40.925   536   536 D commservice260303: msg.id = 1028,0
05-27 18:53:40.925   536   536 D commservice260303: i = 170, msgid = 8A000404
05-27 18:53:40.925   536   536 D commservice260303: msgid = -1979710460,did=138
05-27 18:53:40.925   536   536 D commservice260303: CommProtocolLibCmdBaseI2C::dataproc {"command":{"id":"imu_status","sub":""},"content":{"TimeStamp":11,"FrameCounter":259843,"GD_X":-0.01153013575822115,"GD_Y":0.004276141989976168,"GD_Z":0.0019079053308814764,"AD_X":-0.00561697781085968,"AD_Y":2.1735252812504768E-4,"AD_Z":-0.16826248168945312,"TempDsp":0,"Status":0,"CalibState":1,"SigAmpInvalid":0}},-1979710460
05-27 18:53:40.925   536   536 D commservice260303: send2Cluster len:315, 7B22636F6D6D616E64223A7B226964223A22696D755F737461747573222C22737562223A22227D2C22636F6E74656E74223A7B2254696D655374616D70223A31312C224672616D65436F756E746572223A3235393834332C2247445F58223A2D302E30313135333031333537353832323131352C2247445F59223A302E3030343237363134313938393937363136382C2247445F5A223A302E303031393037393035333330383831343736342C2241445F58223A2D302E30303536313639373738313038353936382C2241445F59223A322E31373335323532383132353034373638452D342C2241445F5A223A2D302E31363832363234383136383934353331322C2254656D70447370223A302C22537461747573223A302C2243616C69625374617465223A312C22536967416D70496E76616C6964223A307D7D, 138 
05-27 18:53:40.925   536   536 D commservice260303: Push Message into SendPool fn=1597506560
05-27 18:53:40.925   536   536 D commservice260303: ComProtocolLibSend2Cluster::send2ClusterRaw fn=1597506560 , len=331
05-27 18:53:40.925   536   536 D commservice260303: sendCmdToPort :331!!!
05-27 18:53:40.925   536   536 D commservice260303: send Cmd To Port ++++5AA501478A010004385F6A16CD347B22636F6D6D616E64223A7B226964223A22696D755F737461747573222C22737562223A22227D2C22636F6E74656E74223A7B2254696D655374616D70223A31312C224672616D65436F756E746572223A3235393834332C2247445F58223A2D302E30313135333031333537353832323131352C2247445F59223A302E3030343237363134313938393937363136382C2247445F5A223A302E303031393037393035333330383831343736342C2241445F58223A2D302E30303536313639373738313038353936382C2241445F59223A322E31373335323532383132353034373638452D342C2241445F5A223A2D302E31363832363234383136383934353331322C2254656D70447370223A302C22537461747573223A302C2243616C69625374617465223A312C22536967416D70496E76616C6964223A307D7D91EA
05-27 18:53:40.925   536   536 D commservice260303: bufferevent_write retrun value = 0
05-27 18:53:40.925   536   560 D commservice260303: client datas send succeed,send finish
05-27 18:53:40.926 13911 14192 D Sentinelmode_1.2.5.17_sentry: <SentryImuClusterFgeSender>imu_status sent to Linux, frame=259843, tsNs=11088173, tsMs=11, intervalMs=42, ad=(-0.005616978,2.1735253E-4,-0.16826248), gd=(-0.011530136,0.004276142,0.0019079053)
05-27 18:53:40.930 13911 14183 I SentryImuMcuAngleSender: 179.98598rollDeg
05-27 18:53:40.930 13911 14183 I SentryImuMcuAngleSender: 1,0,0
05-27 18:53:40.932 11032 11032 I ADAYO_LOG_TRACE_KERNEL: execute end
05-27 18:53:40.932   581   581 I SpiService: fgesysctrl_getGPIO_status success val=1
05-27 08:44:49.897   581   581 D spi_rst_gpio_get_output: GPIO 145 value: 1
05-27 08:44:49.897   581   581 D spidev_ioctl: gpio status=1)
05-27 18:53:40.935 11344 11344 E SystemUI_NavBarFragment: SysUIConfig.icCarServiceConnected：false
05-27 08:44:49.899     1     1 I init    : Service 'trace_kernel' (pid 10926) exited with status 0
05-27 08:44:49.899     1     1 I init    : Sending signal 9 to service 'trace_kernel' (pid 10926) process group...
05-27 08:44:49.899     1     1 I libprocessgroup: Successfully killed process cgroup uid 0 pid 10926 in 0ms
05-27 18:53:40.938   581   581 I SpiService: fgesysctrl_getGPIO_status success val=1
05-27 08:44:49.902   581   581 D spi_rst_gpio_get_output: GPIO 145 value: 1
05-27 08:44:49.902   581   581 D spidev_ioctl: gpio status=1)
05-27 18:53:40.942 30773 30785 I dvr_service_: [EncoderHandler::runMediaThread] runMediaThread started:1,state:1, cam2:started:1,state:1, lastSwitch:1, mIsMuxerStart:1,format:0,is_str_ing:0
05-27 18:53:40.943  1008 30856 D [OMXB]  : usingANWBuffer: handle:0xee7432f0, format:1, w:1920, h:1080
05-27 18:53:40.943   581   581 I SpiService: fgesysctrl_getGPIO_status success val=1
05-27 08:44:49.908   581   581 D spi_rst_gpio_get_output: GPIO 145 value: 1
05-27 08:44:49.908   581   581 D spidev_ioctl: gpio status=1)
05-27 18:53:40.948   581   581 I SpiService: fgesysctrl_getGPIO_status success val=1
05-27 08:44:49.913   581   581 D spi_rst_gpio_get_output: GPIO 145 value: 1
05-27 08:44:49.913   581   581 D spidev_ioctl: gpio status=1)
05-27 18:53:40.950 13911 14183 I SentryImuMcuAngleSender: 179.98248rollDeg
05-27 18:53:40.950 13911 14183 I SentryImuMcuAngleSender: 1,0,0
05-27 18:53:40.954   581   581 I SpiService: fgesysctrl_getGPIO_status success val=1
05-27 18:53:40.956   299 30841 D EvsDriver: forwardFrame
05-27 18:53:40.956   299 30844 D EvsDriver: forwardFrame
05-27 08:44:49.918   581   581 D spi_rst_gpio_get_output: GPIO 145 value: 1
05-27 08:44:49.918   581   581 D spidev_ioctl: gpio status=1)
05-27 18:53:40.957   299 30841 D EvsDriver: Delivered 0xb400007b7ca56a60 as id 0
05-27 18:53:40.957   299 30844 D EvsDriver: Delivered 0xb400007b7ca56900 as id 0
05-27 18:53:40.958  1167  1167 D evsmanagerd: /dev/video6 forwarded the buffer #0 to 0xb4000074bf5f5510 from 0xb4000074bf5f6d90
05-27 18:53:40.958  1167  1479 D evsmanagerd: /dev/video4 forwarded the buffer #0 to 0xb4000074bf5f6850 from 0xb4000074bf5f41d0
05-27 18:53:40.959   581   581 I SpiService: fgesysctrl_getGPIO_status success val=0
05-27 18:53:40.960   299  1153 D EvsDriver: doneWithFrame
05-27 08:44:49.924   581   581 D spi_rst_gpio_get_output: GPIO 145 value: 0
05-27 08:44:49.924   581   581 D spidev_ioctl: gpio status=0)
05-27 18:53:40.962   299  1153 D EvsDriver: doneWithFrame
05-27 18:53:40.967   283   307 I rvcservice: t.code = 1, t.value = -169580
05-27 18:53:40.968   536   536 D commservice260303: msg.id = 1028,0
05-27 18:53:40.968   536   536 D commservice260303: i = 170, msgid = 8A000404
05-27 18:53:40.968   536   536 D commservice260303: msgid = -1979710460,did=138
05-27 18:53:40.968   536   536 D commservice260303: CommProtocolLibCmdBaseI2C::dataproc {"command":{"id":"imu_status","sub":""},"content":{"TimeStamp":11,"FrameCounter":259844,"GD_X":-0.011759000830352306,"GD_Y":0.004809814505279064,"GD_Z":0.0019848872907459736,"AD_X":-0.0049922168254852295,"AD_Y":-0.001001153839752078,"AD_Z":-0.16826248168945312,"TempDsp":0,"Status":0,"CalibState":1,"SigAmpInvalid":0}},-1979710460
05-27 18:53:40.969   536   536 D commservice260303: send2Cluster len:318, 7B22636F6D6D616E64223A7B226964223A22696D755F737461747573222C22737562223A22227D2C22636F6E74656E74223A7B2254696D655374616D70223A31312C224672616D65436F756E746572223A3235393834342C2247445F58223A2D302E3031313735393030303833303335323330362C2247445F59223A302E3030343830393831343530353237393036342C2247445F5A223A302E303031393834383837323930373435393733362C2241445F58223A2D302E303034393932323136383235343835323239352C2241445F59223A2D302E3030313030313135333833393735323037382C2241445F5A223A2D302E31363832363234383136383934353331322C2254656D70447370223A302C22537461747573223A302C2243616C69625374617465223A312C22536967416D70496E76616C6964223A307D7D, 138 
05-27 18:53:40.969   536   536 D commservice260303: Push Message into SendPool fn=1614283776
05-27 18:53:40.969   536   536 D commservice260303: ComProtocolLibSend2Cluster::send2ClusterRaw fn=1614283776 , len=334
05-27 18:53:40.969   536   536 D commservice260303: sendCmdToPort :334!!!
05-27 18:53:40.969   536   536 D commservice260303: send Cmd To Port ++++5AA5014A8A01000438606A16CD347B22636F6D6D616E64223A7B226964223A22696D755F737461747573222C22737562223A22227D2C22636F6E74656E74223A7B2254696D655374616D70223A31312C224672616D65436F756E746572223A3235393834342C2247445F58223A2D302E3031313735393030303833303335323330362C2247445F59223A302E3030343830393831343530353237393036342C2247445F5A223A302E303031393834383837323930373435393733362C2241445F58223A2D302E303034393932323136383235343835323239352C2241445F59223A2D302E3030313030313135333833393735323037382C2241445F5A223A2D302E31363832363234383136383934353331322C2254656D70447370223A302C22537461747573223A302C2243616C69625374617465223A312C22536967416D70496E76616C6964223A307D7D401B
05-27 18:53:40.969   536   536 D commservice260303: bufferevent_write retrun value = 0
05-27 18:53:40.969   536   560 D commservice260303: client datas send succeed,send finish
05-27 18:53:40.970 13911 14192 D Sentinelmode_1.2.5.17_sentry: <SentryImuClusterFgeSender>imu_status sent to Linux, frame=259844, tsNs=11088208, tsMs=11, intervalMs=43, ad=(-0.004992217,-0.0010011538,-0.16826248), gd=(-0.011759001,0.0048098145,0.0019848873)
05-27 18:53:40.971 13911 14183 I SentryImuMcuAngleSender: 179.99298rollDeg
05-27 18:53:40.971 13911 14183 I SentryImuMcuAngleSender: 1,0,0
05-27 18:53:40.974   581   581 I SpiService: fgesysctrl_getGPIO_status success val=1
05-27 18:53:40.976 10046 11035 D resolv  : GetAddrInfoHandler::run: {103 786535 103 983143 1000 0}
05-27 18:53:40.976   572   622 I Sensors : 230 GyroSensor: x:-0.011530,y:0.005345,z:0.001985
05-27 08:44:49.939   581   581 D spi_rst_gpio_get_output: GPIO 145 value: 1
05-27 08:44:49.939   581   581 D spidev_ioctl: gpio status=1)
05-27 18:53:40.977 10046 11035 D resolv  : resolv_getaddrinfo: explore_fqdn(): ai_family=0 ai_socktype=1 ai_protocol=6
05-27 18:53:40.978 10046 11037 D resolv  : doQuery: (1, 1)
05-27 18:53:40.978 10046 11037 D resolv  : res_nmkquery: (QUERY, IN, A)
05-27 18:53:40.978 10046 11037 D resolv  : res_nsend
05-27 18:53:40.978 10046 11037 I resolv  : resolv_cache_lookup: lookup
05-27 18:53:40.978 10046 11037 I resolv  : resolv_cache_lookup: FOUND IN CACHE entry=0xb4000072a546bd70
05-27 18:53:40.978 10046 11037 D resolv  : doQuery: rcode=0, ancount=3
05-27 18:53:40.979   581   581 I SpiService: fgesysctrl_getGPIO_status success val=1
05-27 18:53:40.980 15863 16069 D TrafficStats: tagSocket(188) with statsTag=0xffffffff, statsUid=-1
05-27 08:44:49.944   581   581 D spi_rst_gpio_get_output: GPIO 145 value: 1
05-27 08:44:49.944   581   581 D spidev_ioctl: gpio status=1)
05-27 18:53:40.982  1008 30857 D [OMXB]  : usingANWBuffer: handle:0xee7404e0, format:1, w:1920, h:1080
05-27 18:53:40.985   581   581 I SpiService: fgesysctrl_getGPIO_status success val=1
05-27 08:44:49.950   581   581 D spi_rst_gpio_get_output: GPIO 145 value: 1
05-27 08:44:49.950   581   581 D spidev_ioctl: gpio status=1)
05-27 18:53:40.990   581   581 I SpiService: fgesysctrl_getGPIO_status success val=1
05-27 18:53:40.992   299 30841 D EvsDriver: forwardFrame
05-27 18:53:40.992 13911 14183 I SentryImuMcuAngleSender: 180.0rollDeg
05-27 18:53:40.992 13911 14183 I SentryImuMcuAngleSender: 1,0,0
05-27 08:44:49.955   581   581 D spi_rst_gpio_get_output: GPIO 145 value: 1
05-27 08:44:49.955   581   581 D spidev_ioctl: gpio status=1)
05-27 18:53:40.994   299 30841 D EvsDriver: Delivered 0xb400007b7ca56a60 as id 0
05-27 18:53:40.994  1167  1479 D evsmanagerd: /dev/video4 forwarded the buffer #0 to 0xb4000074bf5f6850 from 0xb4000074bf5f41d0
05-27 18:53:40.995   299 30844 D EvsDriver: forwardFrame
05-27 18:53:40.996   581   581 I SpiService: fgesysctrl_getGPIO_status success val=0
05-27 18:53:40.996   299 30844 D EvsDriver: Delivered 0xb400007b7ca56900 as id 0
05-27 18:53:40.996  1167  1479 D evsmanagerd: /dev/video6 forwarded the buffer #0 to 0xb4000074bf5f5510 from 0xb4000074bf5f6d90
05-27 08:44:49.961   581   581 D spi_rst_gpio_get_output: GPIO 145 value: 0
05-27 08:44:49.961   581   581 D spidev_ioctl: gpio status=0)
05-27 18:53:41.000   299  1153 D EvsDriver: doneWithFrame
05-27 18:53:41.006   299  1153 D EvsDriver: doneWithFrame
05-27 18:53:41.008   536   536 D commservice260303: msg.id = 1028,0
05-27 18:53:41.008   536   536 D commservice260303: i = 170, msgid = 8A000404
05-27 18:53:41.008   536   536 D commservice260303: msgid = -1979710460,did=138
05-27 18:53:41.008   536   536 D commservice260303: CommProtocolLibCmdBaseI2C::dataproc {"command":{"id":"imu_status","sub":""},"content":{"TimeStamp":11,"FrameCounter":259845,"GD_X":-0.011300750076770782,"GD_Y":0.005039200186729431,"GD_Z":0.0023671966046094894,"AD_X":-0.004372149705886841,"AD_Y":-0.002207177458330989,"AD_Z":-0.16826248168945312,"TempDsp":0,"Status":0,"CalibState":1,"SigAmpInvalid":0}},-1979710460
05-27 18:53:41.008   536   536 D commservice260303: send2Cluster len:317, 7B22636F6D6D616E64223A7B226964223A22696D755F737461747573222C22737562223A22227D2C22636F6E74656E74223A7B2254696D655374616D70223A31312C224672616D65436F756E746572223A3235393834352C2247445F58223A2D302E3031313330303735303037363737303738322C2247445F59223A302E3030353033393230303138363732393433312C2247445F5A223A302E303032333637313936363034363039343839342C2241445F58223A2D302E3030343337323134393730353838363834312C2241445F59223A2D302E3030323230373137373435383333303938392C2241445F5A223A2D302E31363832363234383136383934353331322C2254656D70447370223A302C22537461747573223A302C2243616C69625374617465223A312C22536967416D70496E76616C6964223A307D7D, 138 
05-27 18:53:41.009   536   536 D commservice260303: Push Message into SendPool fn=1631060992
05-27 18:53:41.009   536   536 D commservice260303: ComProtocolLibSend2Cluster::send2ClusterRaw fn=1631060992 , len=333
05-27 18:53:41.009   536   536 D commservice260303: sendCmdToPort :333!!!
