05-27 18:53:42.155   536   536 D commservice260303: send Cmd To Port ++++5AA5014B8A010004387E6A16CD367B22636F6D6D616E64223A7B226964223A22696D755F737461747573222C22737562223A22227D2C22636F6E74656E74223A7B2254696D655374616D70223A31312C224672616D65436F756E746572223A3235393837332C2247445F58223A2D302E3031313435333135333536353532363030392C2247445F59223A302E3030353432303938393335363933353032342C2247445F5A223A302E303031393834383837323930373435393733362C2241445F58223A2D302E303033303731303939353139373239363134332C2241445F59223A2D302E303032373738363333303331393934313034342C2241445F5A223A2D302E31363730343137373835363434353331322C2254656D70447370223A302C22537461747573223A302C2243616C69625374617465223A312C22536967416D70496E76616C6964223A307D7D1F4F
05-27 18:53:42.155   536   536 D commservice260303: bufferevent_write retrun value = 0
05-27 18:53:42.155   536   560 D commservice260303: client datas send succeed,send finish
05-27 18:53:42.155 13911 14192 D Sentinelmode_1.2.5.17_sentry: <SentryImuClusterFgeSender>imu_status sent to Linux, frame=259873, tsNs=11089403, tsMs=11, intervalMs=40, ad=(-0.0030710995,-0.002778633,-0.16704178), gd=(-0.011453154,0.0054209894,0.0019848873)
05-27 08:44:51.119   581   581 D spi_rst_gpio_get_output: GPIO 145 value: 1
05-27 08:44:51.119   581   581 D spidev_ioctl: gpio status=1)
05-27 18:53:42.160   581   581 I SpiService: fgesysctrl_getGPIO_status success val=0
05-27 18:53:42.161   299 30844 D EvsDriver: forwardFrame
05-27 18:53:42.161   299 30841 D EvsDriver: forwardFrame
05-27 08:44:51.124   581   581 D spi_rst_gpio_get_output: GPIO 145 value: 0
05-27 08:44:51.124   581   581 D spidev_ioctl: gpio status=0)
05-27 18:53:42.163   299 30841 D EvsDriver: Delivered 0xb400007b7ca56a60 as id 0
05-27 18:53:42.163  1167  1167 D evsmanagerd: /dev/video4 forwarded the buffer #0 to 0xb4000074bf5f6850 from 0xb4000074bf5f41d0
05-27 18:53:42.163   299 30844 D EvsDriver: Delivered 0xb400007b7ca56900 as id 0
05-27 18:53:42.163  1167  1479 D evsmanagerd: /dev/video6 forwarded the buffer #0 to 0xb4000074bf5f5510 from 0xb4000074bf5f6d90
05-27 18:53:42.167   299  1153 D EvsDriver: doneWithFrame
05-27 18:53:42.169   299  1153 D EvsDriver: doneWithFrame
05-27 18:53:42.170   283   307 I rvcservice: t.code = 3, t.value = 0
05-27 18:53:42.171 13911 14183 I SentryImuMcuAngleSender: -179.99649rollDeg
05-27 18:53:42.171 13911 14183 I SentryImuMcuAngleSender: 1,0,0
05-27 18:53:42.176   581   581 I SpiService: fgesysctrl_getGPIO_status success val=1
05-27 08:44:51.141   581   581 D spi_rst_gpio_get_output: GPIO 145 value: 1
05-27 08:44:51.141   581   581 D spidev_ioctl: gpio status=1)
05-27 18:53:42.181   581   581 I SpiService: fgesysctrl_getGPIO_status success val=1
05-27 18:53:42.185  1008 30856 D [OMXB]  : usingANWBuffer: handle:0xee740d20, format:1, w:1920, h:1080
05-27 08:44:51.146   581   581 D spi_rst_gpio_get_output: GPIO 145 value: 1
05-27 08:44:51.146   581   581 D spidev_ioctl: gpio status=1)
05-27 08:44:51.149     0     0 W         : c6 [    C6] Irq_monitor:Irq                                           IPI[1]occur        7591 times interval 1020 ms
05-27 18:53:42.187   581   581 I SpiService: fgesysctrl_getGPIO_status success val=1
05-27 08:44:51.152   581   581 D spi_rst_gpio_get_output: GPIO 145 value: 1
05-27 08:44:51.152   581   581 D spidev_ioctl: gpio status=1)
05-27 18:53:42.190   299 30844 D EvsDriver: forwardFrame
05-27 18:53:42.191 13911 14183 I SentryImuMcuAngleSender: 180.0rollDeg
05-27 18:53:42.191 13911 14183 I SentryImuMcuAngleSender: 1,0,0
05-27 18:53:42.192   299 30844 D EvsDriver: Delivered 0xb400007b7ca56900 as id 0
05-27 18:53:42.192  1167  1479 D evsmanagerd: /dev/video6 forwarded the buffer #0 to 0xb4000074bf5f5510 from 0xb4000074bf5f6d90
05-27 18:53:42.192   299 30841 D EvsDriver: forwardFrame
05-27 18:53:42.194   299 30841 D EvsDriver: Delivered 0xb400007b7ca56a60 as id 0
05-27 18:53:42.194  1167  1479 D evsmanagerd: /dev/video4 forwarded the buffer #0 to 0xb4000074bf5f6850 from 0xb4000074bf5f41d0
05-27 18:53:42.195   581   581 I SpiService: fgesysctrl_getGPIO_status success val=1
05-27 18:53:42.195   536   536 D commservice260303: msg.id = 1028,2
05-27 18:53:42.195   536   536 D commservice260303: i = 170, msgid = 8A000404
05-27 18:53:42.195   536   536 D commservice260303: msgid = -1979710460,did=138
05-27 18:53:42.195   536   536 D commservice260303: CommProtocolLibCmdBaseI2C::dataproc {"command":{"id":"imu_status","sub":""},"content":{"TimeStamp":11,"FrameCounter":259874,"GD_X":-0.011453153565526009,"GD_Y":0.005420989356935024,"GD_Z":0.0023671966046094894,"AD_X":-0.004281237721443176,"AD_Y":-0.002154298359528184,"AD_Z":-0.16826248168945312,"TempDsp":0,"Status":0,"CalibState":1,"SigAmpInvalid":0}},-1979710460
05-27 18:53:42.196   536   536 D commservice260303: send2Cluster len:317, 7B22636F6D6D616E64223A7B226964223A22696D755F737461747573222C22737562223A22227D2C22636F6E74656E74223A7B2254696D655374616D70223A31312C224672616D65436F756E746572223A3235393837342C2247445F58223A2D302E3031313435333135333536353532363030392C2247445F59223A302E3030353432303938393335363933353032342C2247445F5A223A302E303032333637313936363034363039343839342C2241445F58223A2D302E3030343238313233373732313434333137362C2241445F59223A2D302E3030323135343239383335393532383138342C2241445F5A223A2D302E31363832363234383136383934353331322C2254656D70447370223A302C22537461747573223A302C2243616C69625374617465223A312C22536967416D70496E76616C6964223A307D7D, 138 
05-27 18:53:42.196   536   536 D commservice260303: Push Message into SendPool fn=2134377472
05-27 18:53:42.196   536   536 D commservice260303: ComProtocolLibSend2Cluster::send2ClusterRaw fn=2134377472 , len=333
05-27 18:53:42.196   536   536 D commservice260303: sendCmdToPort :333!!!
05-27 18:53:42.196   536   536 D commservice260303: send Cmd To Port ++++5AA501498A010004387F6A16CD367B22636F6D6D616E64223A7B226964223A22696D755F737461747573222C22737562223A22227D2C22636F6E74656E74223A7B2254696D655374616D70223A31312C224672616D65436F756E746572223A3235393837342C2247445F58223A2D302E3031313435333135333536353532363030392C2247445F59223A302E3030353432303938393335363933353032342C2247445F5A223A302E303032333637313936363034363039343839342C2241445F58223A2D302E3030343238313233373732313434333137362C2241445F59223A2D302E3030323135343239383335393532383138342C2241445F5A223A2D302E31363832363234383136383934353331322C2254656D70447370223A302C22537461747573223A302C2243616C69625374617465223A312C22536967416D70496E76616C6964223A307D7DDA8A
05-27 18:53:42.196   536   536 D commservice260303: bufferevent_write retrun value = 0
05-27 08:44:51.159   581   581 D spi_rst_gpio_get_output: GPIO 145 value: 1
05-27 08:44:51.159   581   581 D spidev_ioctl: gpio status=1)
05-27 18:53:42.197 13911 14192 D Sentinelmode_1.2.5.17_sentry: <SentryImuClusterFgeSender>imu_status sent to Linux, frame=259874, tsNs=11089439, tsMs=11, intervalMs=41, ad=(-0.0042812377,-0.0021542984,-0.16826248), gd=(-0.011453154,0.0054209894,0.0023671966)
05-27 08:44:51.165   581   581 D spi_rst_gpio_get_output: GPIO 145 value: 0
05-27 08:44:51.165   581   581 D spidev_ioctl: gpio status=0)
05-27 18:53:42.199   299  1153 D EvsDriver: doneWithFrame
05-27 18:53:42.199   299  1163 D EvsDriver: doneWithFrame
05-27 18:53:42.199   536   560 D commservice260303: client datas send succeed,send finish
05-27 18:53:42.201   581   581 I SpiService: fgesysctrl_getGPIO_status success val=0
05-27 18:53:42.201   481   597 I mcuc    : send SPI:6AA6007A350002060148
05-27 18:53:42.207  1008 30857 D [OMXB]  : usingANWBuffer: handle:0xee746cb0, format:1, w:1920, h:1080
05-27 18:53:42.212 13911 14183 I SentryImuMcuAngleSender: 180.0rollDeg
05-27 18:53:42.212 13911 14183 I SentryImuMcuAngleSender: 1,0,0
05-27 18:53:42.214   481   598 I mcuc    : rev,n=1,6AA681DF5B000A89003001040914123456C4
05-27 18:53:42.214  1121  1144 I tboxmids_ap: [2026-05-27 18:53:42.214] [MCU RX] src=MCU dst=ZMQ len=10 type=BINARY data=00 08 30 01 04 09 14 12 34 56 
05-27 18:53:42.215   351   373 D automotive.vehicle@2.0-adayo-datacomm-mcu: MCUDatacomm sendMessageFromVehicle prop: 0x89, areaId: 0x0, status: 0x30, timestamp: 0x1
05-27 18:53:42.215   351   373 D automotive.vehicle@2.0-adayo-datacomm-mcu: MCUDatacomm 1sendMessageFromVehicle ---> type = 12 
05-27 18:53:42.215  1083  1083 I MyAppLog: [2026-05-27 18:53:42.215 I tboxap mcuCommTboxmidsRecvCb:97] [Mcu] [mcuCommTboxmidsRecvCb] recv from tboxmids, size:10
05-27 18:53:42.215  1083  1083 I MyAppLog: [2026-05-27 18:53:42.215 I tboxap mcuCommTboxmidsRecvCb:98] [Mcu] [tboxmids -> tboxap]: :00 08 30 01 04 09 14 12 34 56
05-27 18:53:42.215  1083  1083 W MyAppLog: [2026-05-27 18:53:42.215 W tboxap mcuYadiFrameParse:852] [Mcu] [mcuYadiFrameParse] cmd:0914(MCU_SEC_BATT2_DYNAMIC_IND) payload too short:5 < 36
05-27 18:53:42.215  1083  1083 W MyAppLog: [2026-05-27 18:53:42.215 W tboxap mcuPtlParseData:982] [Mcu] [mcuPtlParseData] invalid yadi frame, len:10
05-27 18:53:42.216   581   581 I SpiService: fgesysctrl_getGPIO_status success val=1
05-27 08:44:51.181   581   581 D spi_rst_gpio_get_output: GPIO 145 value: 1
05-27 08:44:51.181   581   581 D spidev_ioctl: gpio status=1)
05-27 18:53:42.218   299 30844 D EvsDriver: forwardFrame
05-27 18:53:42.221  1167  1479 D evsmanagerd: /dev/video6 forwarded the buffer #0 to 0xb4000074bf5f5510 from 0xb4000074bf5f6d90
05-27 18:53:42.221   299 30844 D EvsDriver: Delivered 0xb400007b7ca56900 as id 0
05-27 18:53:42.222   581   581 I SpiService: fgesysctrl_getGPIO_status success val=1
05-27 18:53:42.223   299 30841 D EvsDriver: forwardFrame
05-27 18:53:42.224   299 30841 D EvsDriver: Delivered 0xb400007b7ca56a60 as id 0
05-27 18:53:42.224  1167  1167 D evsmanagerd: /dev/video4 forwarded the buffer #0 to 0xb4000074bf5f6850 from 0xb4000074bf5f41d0
05-27 18:53:42.225   299  1153 D EvsDriver: doneWithFrame
05-27 08:44:51.186   581   581 D spi_rst_gpio_get_output: GPIO 145 value: 1
05-27 08:44:51.186   581   581 D spidev_ioctl: gpio status=1)
05-27 18:53:42.227   581   581 I SpiService: fgesysctrl_getGPIO_status success val=1
05-27 08:44:51.192   581   581 D spi_rst_gpio_get_output: GPIO 145 value: 1
05-27 08:44:51.192   581   581 D spidev_ioctl: gpio status=1)
05-27 18:53:42.230  1008 30856 D [OMXB]  : usingANWBuffer: handle:0xee746ec0, format:1, w:1920, h:1080
05-27 18:53:42.231   299  1153 D EvsDriver: doneWithFrame
05-27 18:53:42.233 30773 30789 I dvr_service_: Camera 0: MediaOK:91628211, frames:2090, isKeyFrame:0,pts:11089081374
05-27 18:53:42.233 13911 14183 I SentryImuMcuAngleSender: 179.99649rollDeg
05-27 18:53:42.233 13911 14183 I SentryImuMcuAngleSender: 1,0,0
05-27 18:53:42.233   581   581 I SpiService: fgesysctrl_getGPIO_status success val=1
05-27 18:53:42.236   536   536 D commservice260303: msg.id = 1028,1
05-27 18:53:42.236   536   536 D commservice260303: i = 170, msgid = 8A000404
05-27 18:53:42.236   536   536 D commservice260303: msgid = -1979710460,did=138
05-27 18:53:42.237   536   536 D commservice260303: CommProtocolLibCmdBaseI2C::dataproc {"command":{"id":"imu_status","sub":""},"content":{"TimeStamp":11,"FrameCounter":259875,"GD_X":-0.012063807807862759,"GD_Y":0.00519212381914258,"GD_Z":0.0023671966046094894,"AD_X":-0.005483835935592651,"AD_Y":-0.0015320422826334834,"AD_Z":-0.1694812774658203,"TempDsp":0,"Status":0,"CalibState":1,"SigAmpInvalid":0}},-1979710460
05-27 18:53:42.237   536   536 D commservice260303: send2Cluster len:316, 7B22636F6D6D616E64223A7B226964223A22696D755F737461747573222C22737562223A22227D2C22636F6E74656E74223A7B2254696D655374616D70223A31312C224672616D65436F756E746572223A3235393837352C2247445F58223A2D302E3031323036333830373830373836323735392C2247445F59223A302E30303531393231323338313931343235382C2247445F5A223A302E303032333637313936363034363039343839342C2241445F58223A2D302E3030353438333833353933353539323635312C2241445F59223A2D302E303031353332303432323832363333343833342C2241445F5A223A2D302E313639343831323737343635383230332C2254656D70447370223A302C22537461747573223A302C2243616C69625374617465223A312C22536967416D70496E76616C6964223A307D7D, 138 
05-27 18:53:42.237   536   536 D commservice260303: Push Message into SendPool fn=-2143812608
05-27 18:53:42.237   536   536 D commservice260303: ComProtocolLibSend2Cluster::send2ClusterRaw fn=-2143812608 , len=332
05-27 18:53:42.237   536   536 D commservice260303: sendCmdToPort :332!!!
05-27 18:53:42.237   536   536 D commservice260303: send Cmd To Port ++++5AA501488A01000438806A16CD367B22636F6D6D616E64223A7B226964223A22696D755F737461747573222C22737562223A22227D2C22636F6E74656E74223A7B2254696D655374616D70223A31312C224672616D65436F756E746572223A3235393837352C2247445F58223A2D302E3031323036333830373830373836323735392C2247445F59223A302E30303531393231323338313931343235382C2247445F5A223A302E303032333637313936363034363039343839342C2241445F58223A2D302E3030353438333833353933353539323635312C2241445F59223A2D302E303031353332303432323832363333343833342C2241445F5A223A2D302E313639343831323737343635383230332C2254656D70447370223A302C22537461747573223A302C2243616C69625374617465223A312C22536967416D70496E76616C6964223A307D7DF295
05-27 18:53:42.237   536   536 D commservice260303: bufferevent_write retrun value = 0
05-27 18:53:42.237   536   560 D commservice260303: client datas send succeed,send finish
05-27 18:53:42.237 13911 14192 D Sentinelmode_1.2.5.17_sentry: <SentryImuClusterFgeSender>imu_status sent to Linux, frame=259875, tsNs=11089475, tsMs=11, intervalMs=41, ad=(-0.005483836,-0.0015320423,-0.16948128), gd=(-0.012063808,0.005192124,0.0023671966)
05-27 18:53:42.239   581   581 I SpiService: fgesysctrl_getGPIO_status success val=1
05-27 08:44:51.198   581   581 D spi_rst_gpio_get_output: GPIO 145 value: 1
05-27 08:44:51.198   581   581 D spidev_ioctl: gpio status=1)
05-27 08:44:51.204   581   581 D spi_rst_gpio_get_output: GPIO 145 value: 1
05-27 08:44:51.204   581   581 D spidev_ioctl: gpio status=1)
05-27 18:53:42.245   581   581 I SpiService: fgesysctrl_getGPIO_status success val=0
05-27 18:53:42.245   481   597 I mcuc    : send SPI:6AA602DF5B0002890039
05-27 08:44:51.209   581   581 D spi_rst_gpio_get_output: GPIO 145 value: 0
05-27 08:44:51.209   581   581 D spidev_ioctl: gpio status=0)
05-27 18:53:42.250  1008 30857 D [OMXB]  : usingANWBuffer: handle:0xee742320, format:1, w:1920, h:1080
05-27 18:53:42.252   299 30841 D EvsDriver: forwardFrame
05-27 18:53:42.253 13911 14183 I SentryImuMcuAngleSender: 180.0rollDeg
05-27 18:53:42.253 13911 14183 I SentryImuMcuAngleSender: 1,0,0
05-27 18:53:42.256   299 30841 D EvsDriver: Delivered 0xb400007b7ca56a60 as id 0
05-27 18:53:42.256  1167  1167 D evsmanagerd: /dev/video4 forwarded the buffer #0 to 0xb4000074bf5f6850 from 0xb4000074bf5f41d0
05-27 18:53:42.256 30773 30783 I dvr_service_: [myNum:0][onFrameReceived] Received Surface:1 0
05-27 18:53:42.256 30773 30783 E dvr_service_: [myNum:0] Received S**** loss
05-27 18:53:42.257   299  1153 D EvsDriver: doneWithFrame
05-27 18:53:42.258   299 30844 D EvsDriver: forwardFrame
05-27 18:53:42.259   572   572 I Sensors : 230 AccelSensor: x:-0.172019,y:0.000610,z:-9.970449
05-27 18:53:42.259   581   581 I SpiService: fgesysctrl_getGPIO_status success val=1
05-27 18:53:42.260   299 30844 D EvsDriver: Delivered 0xb400007b7ca56900 as id 0
05-27 18:53:42.260  1167  1167 D evsmanagerd: /dev/video6 forwarded the buffer #0 to 0xb4000074bf5f5510 from 0xb4000074bf5f6d90
05-27 18:53:42.260 30773 30783 I dvr_service_: [myNum:1][onFrameReceived] Received Surface:1 0
05-27 18:53:42.260 30773 30783 E dvr_service_: [myNum:1] Received S**** loss
05-27 08:44:51.223   581   581 D spi_rst_gpio_get_output: GPIO 145 value: 1
05-27 08:44:51.224   581   581 D spidev_ioctl: gpio status=1)
05-27 18:53:42.261   299  1153 D EvsDriver: doneWithFrame
05-27 18:53:42.264   581   581 I SpiService: fgesysctrl_getGPIO_status success val=1
05-27 08:44:51.229   581   581 D spi_rst_gpio_get_output: GPIO 145 value: 1
05-27 08:44:51.229   581   581 D spidev_ioctl: gpio status=1)
05-27 18:53:42.265   269   269 D libvintf: HalManifest::getHidlTransport(framework): Cannot find android.hardware.usb@1.0::IUsb/default
05-27 18:53:42.266   269   269 D libvintf: HalManifest::getHidlTransport(device): Cannot find android.hardware.usb@1.0::IUsb/default
05-27 18:53:42.266   269   269 I hwservicemanager: getTransport: Cannot find entry android.hardware.usb@1.0::IUsb/default in either framework or device VINTF manifest.
05-27 18:53:42.266 12348 12448 E ExtUsbManager: UsbHalController: android.hardware.usb.V1_0.IUsb getService failed!
05-27 18:53:42.266 12348 12448 E ExtUsbManager: java.util.NoSuchElementException
05-27 18:53:42.266 12348 12448 E ExtUsbManager: 	at android.os.HwBinder.getService(Native Method)
05-27 18:53:42.266 12348 12448 E ExtUsbManager: 	at android.os.HwBinder.getService(HwBinder.java:81)
05-27 18:53:42.266 12348 12448 E ExtUsbManager: 	at android.hardware.usb.V1_0.IUsb.getService(IUsb.java:74)
05-27 18:53:42.266 12348 12448 E ExtUsbManager: 	at android.hardware.usb.V1_0.IUsb.getService(IUsb.java:84)
05-27 18:53:42.266 12348 12448 E ExtUsbManager: 	at ts.car.usb.UsbHalController.createService(UsbHalController.java:37)
05-27 18:53:42.266 12348 12448 E ExtUsbManager: 	at ts.car.usb.UsbHalController.createService(UsbHalController.java:18)
05-27 18:53:42.266 12348 12448 E ExtUsbManager: 	at ts.car.usb.utils.AutoServiceConnector4Hidl.autoConnect(AutoServiceConnector4Hidl.java:47)
05-27 18:53:42.266 12348 12448 E ExtUsbManager: 	at ts.car.usb.utils.AutoServiceConnector4Hidl$$ExternalSyntheticLambda0.run(Unknown Source:2)
05-27 18:53:42.266 12348 12448 E ExtUsbManager: 	at android.os.Handler.handleCallback(Handler.java:942)
05-27 18:53:42.266 12348 12448 E ExtUsbManager: 	at android.os.Handler.dispatchMessage(Handler.java:99)
05-27 18:53:42.266 12348 12448 E ExtUsbManager: 	at android.os.Looper.loopOnce(Looper.java:201)
05-27 18:53:42.266 12348 12448 E ExtUsbManager: 	at android.os.Looper.loop(Looper.java:288)
05-27 18:53:42.266 12348 12448 E ExtUsbManager: 	at android.os.HandlerThread.run(HandlerThread.java:67)
05-27 18:53:42.267   269   269 D libvintf: HalManifest::getHidlTransport(framework): Cannot find vendor.ts.usbext@1.0::IUsbext/default
05-27 18:53:42.267   269   269 D libvintf: HalManifest::getHidlTransport(device): Cannot find vendor.ts.usbext@1.0::IUsbext/default
05-27 18:53:42.267   269   269 I hwservicemanager: getTransport: Cannot find entry vendor.ts.usbext@1.0::IUsbext/default in either framework or device VINTF manifest.
05-27 18:53:42.267 12348 12448 E ExtUsbManager: UsbHalExtController: vendor.ts.usbext.V1_0.IUsbext getService failed!
05-27 18:53:42.267 12348 12448 E ExtUsbManager: java.util.NoSuchElementException
05-27 18:53:42.267 12348 12448 E ExtUsbManager: 	at android.os.HwBinder.getService(Native Method)
05-27 18:53:42.267 12348 12448 E ExtUsbManager: 	at android.os.HwBinder.getService(HwBinder.java:81)
05-27 18:53:42.267 12348 12448 E ExtUsbManager: 	at vendor.ts.usbext.V1_0.IUsbext.getService(IUsbext.java:74)
05-27 18:53:42.267 12348 12448 E ExtUsbManager: 	at vendor.ts.usbext.V1_0.IUsbext.getService(IUsbext.java:84)
05-27 18:53:42.267 12348 12448 E ExtUsbManager: 	at ts.car.usb.UsbHalExtController.createService(UsbHalExtController.java:37)
05-27 18:53:42.267 12348 12448 E ExtUsbManager: 	at ts.car.usb.UsbHalExtController.createService(UsbHalExtController.java:18)
05-27 18:53:42.267 12348 12448 E ExtUsbManager: 	at ts.car.usb.utils.AutoServiceConnector4Hidl.autoConnect(AutoServiceConnector4Hidl.java:47)
05-27 18:53:42.267 12348 12448 E ExtUsbManager: 	at ts.car.usb.utils.AutoServiceConnector4Hidl$$ExternalSyntheticLambda0.run(Unknown Source:2)
05-27 18:53:42.267 12348 12448 E ExtUsbManager: 	at android.os.Handler.handleCallback(Handler.java:942)
05-27 18:53:42.267 12348 12448 E ExtUsbManager: 	at android.os.Handler.dispatchMessage(Handler.java:99)
05-27 18:53:42.267 12348 12448 E ExtUsbManager: 	at android.os.Looper.loopOnce(Looper.java:201)
05-27 18:53:42.267 12348 12448 E ExtUsbManager: 	at android.os.Looper.loop(Looper.java:288)
05-27 18:53:42.267 12348 12448 E ExtUsbManager: 	at android.os.HandlerThread.run(HandlerThread.java:67)
05-27 18:53:42.268  1008 30856 D [OMXB]  : usingANWBuffer: handle:0xee740590, format:1, w:1920, h:1080
05-27 18:53:42.269   269   269 D libvintf: HalManifest::getHidlTransport(framework): Cannot find android.hardware.usb.gadget@1.0::IUsbGadget/default
05-27 18:53:42.269   269   269 D libvintf: HalManifest::getHidlTransport(device): Cannot find android.hardware.usb.gadget@1.0::IUsbGadget/default
05-27 18:53:42.270   269   269 I hwservicemanager: getTransport: Cannot find entry android.hardware.usb.gadget@1.0::IUsbGadget/default in either framework or device VINTF manifest.
05-27 18:53:42.270   581   581 I SpiService: fgesysctrl_getGPIO_status success val=1
05-27 18:53:42.270 12348 12448 E ExtUsbManager: UsbGadgetController: android.hardware.usb.gadget.V1_0.IUsbGadget getService failed!
05-27 18:53:42.270 12348 12448 E ExtUsbManager: java.util.NoSuchElementException
05-27 18:53:42.270 12348 12448 E ExtUsbManager: 	at android.os.HwBinder.getService(Native Method)
05-27 18:53:42.270 12348 12448 E ExtUsbManager: 	at android.os.HwBinder.getService(HwBinder.java:81)
05-27 18:53:42.270 12348 12448 E ExtUsbManager: 	at android.hardware.usb.gadget.V1_0.IUsbGadget.getService(IUsbGadget.java:74)
05-27 18:53:42.270 12348 12448 E ExtUsbManager: 	at android.hardware.usb.gadget.V1_0.IUsbGadget.getService(IUsbGadget.java:84)
05-27 18:53:42.270 12348 12448 E ExtUsbManager: 	at ts.car.usb.UsbGadgetController.createService(UsbGadgetController.java:36)
05-27 18:53:42.270 12348 12448 E ExtUsbManager: 	at ts.car.usb.UsbGadgetController.createService(UsbGadgetController.java:17)
05-27 18:53:42.270 12348 12448 E ExtUsbManager: 	at ts.car.usb.utils.AutoServiceConnector4Hidl.autoConnect(AutoServiceConnector4Hidl.java:47)
05-27 18:53:42.270 12348 12448 E ExtUsbManager: 	at ts.car.usb.utils.AutoServiceConnector4Hidl$$ExternalSyntheticLambda0.run(Unknown Source:2)
05-27 18:53:42.270 12348 12448 E ExtUsbManager: 	at android.os.Handler.handleCallback(Handler.java:942)
05-27 18:53:42.270 12348 12448 E ExtUsbManager: 	at android.os.Handler.dispatchMessage(Handler.java:99)
05-27 18:53:42.270 12348 12448 E ExtUsbManager: 	at android.os.Looper.loopOnce(Looper.java:201)
05-27 18:53:42.270 12348 12448 E ExtUsbManager: 	at android.os.Looper.loop(Looper.java:288)
05-27 18:53:42.270 12348 12448 E ExtUsbManager: 	at android.os.HandlerThread.run(HandlerThread.java:67)
05-27 18:53:42.271   283   307 I rvcservice: t.code = 7, t.value = 11089386
05-27 08:44:51.234   581   581 D spi_rst_gpio_get_output: GPIO 145 value: 1
05-27 08:44:51.234   581   581 D spidev_ioctl: gpio status=1)
05-27 18:53:42.274 13911 14183 I SentryImuMcuAngleSender: 179.99649rollDeg
05-27 18:53:42.274 13911 14183 I SentryImuMcuAngleSender: 1,0,0
05-27 18:53:42.275   581   581 I SpiService: fgesysctrl_getGPIO_status success val=1
05-27 18:53:42.276 13911 14131 D SVR_MNG_SvrMngProxy: getServer: mSvrManger is null
05-27 18:53:42.276 13911 14131 D SVR_MNG_SvrMngProxy: getNewStub: 
05-27 18:53:42.276 13911 14131 D SVR_MNG_SvrMngProxy: getNewStub: getSvrManagerService start
05-27 18:53:42.276   536   536 D commservice260303: msg.id = 1028,0
05-27 18:53:42.276   536   536 D commservice260303: i = 170, msgid = 8A000404
05-27 18:53:42.276   536   536 D commservice260303: msgid = -1979710460,did=138
05-27 18:53:42.276   536   536 D commservice260303: CommProtocolLibCmdBaseI2C::dataproc {"command":{"id":"imu_status","sub":""},"content":{"TimeStamp":11,"FrameCounter":259876,"GD_X":-0.011300750076770782,"GD_Y":0.005802778527140617,"GD_Z":0.0023671966046094894,"AD_X":-0.005466759204864502,"AD_Y":-0.0015200182097032666,"AD_Z":-0.16521453857421875,"TempDsp":0,"Status":0,"CalibState":1,"SigAmpInvalid":0}},-1979710460
05-27 18:53:42.276   536   536 D commservice260303: send2Cluster len:318, 7B22636F6D6D616E64223A7B226964223A22696D755F737461747573222C22737562223A22227D2C22636F6E74656E74223A7B2254696D655374616D70223A31312C224672616D65436F756E746572223A3235393837362C2247445F58223A2D302E3031313330303735303037363737303738322C2247445F59223A302E3030353830323737383532373134303631372C2247445F5A223A302E303032333637313936363034363039343839342C2241445F58223A2D302E3030353436363735393230343836343530322C2241445F59223A2D302E303031353230303138323039373033323636362C2241445F5A223A2D302E31363532313435333835373432313837352C2254656D70447370223A302C22537461747573223A302C2243616C69625374617465223A312C22536967416D70496E76616C6964223A307D7D, 138 
05-27 18:53:42.276   536   536 D commservice260303: Push Message into SendPool fn=-2127035392
05-27 18:53:42.276   536   536 D commservice260303: ComProtocolLibSend2Cluster::send2ClusterRaw fn=-2127035392 , len=334
05-27 18:53:42.276   536   536 D commservice260303: sendCmdToPort :334!!!
05-27 18:53:42.277   536   536 D commservice260303: send Cmd To Port ++++5AA5014A8A01000438816A16CD367B22636F6D6D616E64223A7B226964223A22696D755F737461747573222C22737562223A22227D2C22636F6E74656E74223A7B2254696D655374616D70223A31312C224672616D65436F756E746572223A3235393837362C2247445F58223A2D302E3031313330303735303037363737303738322C2247445F59223A302E3030353830323737383532373134303631372C2247445F5A223A302E303032333637313936363034363039343839342C2241445F58223A2D302E3030353436363735393230343836343530322C2241445F59223A2D302E303031353230303138323039373033323636362C2241445F5A223A2D302E31363532313435333835373432313837352C2254656D70447370223A302C22537461747573223A302C2243616C69625374617465223A312C22536967416D70496E76616C6964223A307D7DC626
05-27 18:53:42.277   536   536 D commservice260303: bufferevent_write retrun value = 0
05-27 08:44:51.240   581   581 D spi_rst_gpio_get_output: GPIO 145 value: 1
05-27 08:44:51.240   581   581 D spidev_ioctl: gpio status=1)
05-27 18:53:42.277   536   560 D commservice260303: client datas send succeed,send finish
05-27 18:53:42.277 13911 14131 D SVR_MNG_SvrMngProxy: getNewStub: getSvrManagerService end
05-27 18:53:42.277 13911 14131 D SVR_MNG_SvrMngProxy: getServer: svrMngService doesn't start
05-27 18:53:42.277 13911 14192 D Sentinelmode_1.2.5.17_sentry: <SentryImuClusterFgeSender>imu_status sent to Linux, frame=259876, tsNs=11089509, tsMs=11, intervalMs=40, ad=(-0.005466759,-0.0015200182,-0.16521454), gd=(-0.01130075,0.0058027785,0.0023671966)
05-27 18:53:42.281   581   581 I SpiService: fgesysctrl_getGPIO_status success val=1
05-27 08:44:51.245   581   581 D spi_rst_gpio_get_output: GPIO 145 value: 1
05-27 08:44:51.245   581   581 D spidev_ioctl: gpio status=1)
05-27 18:53:42.286   581   581 I SpiService: fgesysctrl_getGPIO_status success val=0
05-27 18:53:42.289   299 30841 D EvsDriver: forwardFrame
05-27 08:44:51.251   581   581 D spi_rst_gpio_get_output: GPIO 145 value: 0
05-27 08:44:51.251   581   581 D spidev_ioctl: gpio status=0)
05-27 18:53:42.290   299 30841 D EvsDriver: Delivered 0xb400007b7ca56a60 as id 0
05-27 18:53:42.290  1167  1167 D evsmanagerd: /dev/video4 forwarded the buffer #0 to 0xb4000074bf5f6850 from 0xb4000074bf5f41d0
05-27 18:53:42.290  1008 30857 D [OMXB]  : usingANWBuffer: handle:0xee7467e0, format:1, w:1920, h:1080
05-27 18:53:42.294 13911 14183 I SentryImuMcuAngleSender: 179.99298rollDeg
05-27 18:53:42.294 13911 14183 I SentryImuMcuAngleSender: 1,0,0
05-27 18:53:42.295   299  1153 D EvsDriver: doneWithFrame
05-27 18:53:42.299   481   598 I mcuc    : rev,n=1,6AA681DF5C006B8900850600030A4000003419400000000040000005354000000000400059231C400000400000000000000000000000000000000000010000000000000000000000000000000000000000000000000000000000000000000000000000000000000000000000000000000000D8
05-27 18:53:42.300   351   373 D automotive.vehicle@2.0-adayo-datacomm-mcu: MCUDatacomm sendMessageFromVehicle prop: 0x89, areaId: 0x0, status: 0x85, timestamp: 0x6
05-27 18:53:42.301   351   373 D automotive.vehicle@2.0-adayo-datacomm-mcu: MCUDatacomm 1sendMessageFromVehicle ---> type = 3 
05-27 18:53:42.301   351   373 D automotive.vehicle@2.0-adayo-func-bcm: sendMessageFromVehicle sendMessageFromVehicle
05-27 18:53:42.301   581   581 I SpiService: fgesysctrl_getGPIO_status success val=1
05-27 18:53:42.301   351   516 D automotive.vehicle@2.0-adayo-func-bcm: jjfan1 ______procotolSize :38
05-27 18:53:42.301   351   516 D automotive.vehicle@2.0-adayo-func-bcm: BCMFunc sendMessageFromVehicle_l dataType: 12,mByte=7,propid=0x2140006b
05-27 18:53:42.301   351   516 D automotive.vehicle@2.0-adayo-func-bcm: BCMFunc sendMessageFromVehicle_l msgBuff[7]=0x40,start:0,len:6,temp:6,
05-27 18:53:42.301   351   516 D automotive.vehicle@2.0-adayo-func-bcm: BCMFunc sendMessageFromVehicle_l prop: 0x2140006b ,areaId: 0x0  SPLITE_BIT_DATA_INTEGER : 0
05-27 18:53:42.301   351   516 D automotive.vehicle@2.0-adayo-func-bcm: BCMFunc sendMessageFromVehicle_l id:557842539, area:0 not report! 
05-27 18:53:42.301   351   516 D automotive.vehicle@2.0-adayo-func-bcm: BCMFunc sendMessageFromVehicle_l dataType: 12,mByte=7,propid=0x2140006c
05-27 18:53:42.301   351   516 D automotive.vehicle@2.0-adayo-func-bcm: BCMFunc sendMessageFromVehicle_l msgBuff[7]=0x40,start:6,len:2,temp:2,
05-27 18:53:42.301   351   516 D automotive.vehicle@2.0-adayo-func-bcm: BCMFunc sendMessageFromVehicle_l prop: 0x2140006c ,areaId: 0x0  SPLITE_BIT_DATA_INTEGER : 1
05-27 18:53:42.301   351   516 D automotive.vehicle@2.0-adayo-func-bcm: BCMFunc sendMessageFromVehicle_l id:557842540, area:0 not report! 
05-27 18:53:42.302   351   516 D automotive.vehicle@2.0-adayo-func-bcm: BCMFunc sendMessageFromVehicle_l dataType: 12,mByte=11,propid=0x2140004a
05-27 18:53:42.302   351   516 D automotive.vehicle@2.0-adayo-func-bcm: BCMFunc sendMessageFromVehicle_l msgBuff[11]=0x19,start:0,len:32,temp:8,
05-27 18:53:42.302   351   516 D automotive.vehicle@2.0-adayo-func-bcm: BCMFunc sendMessageFromVehicle_l msgBuff[10]=0x34,start:0,len:24,temp:8,
05-27 18:53:42.302   351   516 D automotive.vehicle@2.0-adayo-func-bcm: BCMFunc sendMessageFromVehicle_l msgBuff[9]=0x0,start:0,len:16,temp:8,
05-27 18:53:42.302   351   516 D automotive.vehicle@2.0-adayo-func-bcm: BCMFunc sendMessageFromVehicle_l msgBuff[8]=0x0,start:0,len:8,temp:8,
05-27 18:53:42.302   351   516 D automotive.vehicle@2.0-adayo-func-bcm: BCMFunc sendMessageFromVehicle_l prop: 0x2140004a ,areaId: 0x0  SPLITE_BIT_DATA_INTEGER : 13337
05-27 18:53:42.302   351   516 D automotive.vehicle@2.0-adayo-func-bcm: BCMFunc sendMessageFromVehicle_l id:557842506, area:0 not report! 
05-27 18:53:42.302   351   516 D automotive.vehicle@2.0-adayo-func-bcm: BCMFunc sendMessageFromVehicle_l dataType: 12,mByte=12,propid=0x2140006d
05-27 18:53:42.302   299 30844 D EvsDriver: forwardFrame
05-27 18:53:42.302   351   516 D automotive.vehicle@2.0-adayo-func-bcm: BCMFunc sendMessageFromVehicle_l msgBuff[12]=0x40,start:0,len:6,temp:6,
05-27 18:53:42.302   351   516 D automotive.vehicle@2.0-adayo-func-bcm: BCMFunc sendMessageFromVehicle_l prop: 0x2140006d ,areaId: 0x0  SPLITE_BIT_DATA_INTEGER : 0
05-27 18:53:42.302   351   516 D automotive.vehicle@2.0-adayo-func-bcm: BCMFunc sendMessageFromVehicle_l id:557842541, area:0 not report! 
05-27 18:53:42.302   351   516 D automotive.vehicle@2.0-adayo-func-bcm: BCMFunc sendMessageFromVehicle_l dataType: 12,mByte=12,propid=0x2140006e
05-27 18:53:42.302   351   516 D automotive.vehicle@2.0-adayo-func-bcm: BCMFunc sendMessageFromVehicle_l msgBuff[12]=0x40,start:6,len:2,temp:2,
05-27 18:53:42.302   351   516 D automotive.vehicle@2.0-adayo-func-bcm: BCMFunc sendMessageFromVehicle_l prop: 0x2140006e ,areaId: 0x0  SPLITE_BIT_DATA_INTEGER : 1
05-27 18:53:42.302   351   516 D automotive.vehicle@2.0-adayo-func-bcm: BCMFunc sendMessageFromVehicle_l id:557842542, area:0 not report! 
05-27 18:53:42.303   351   516 D automotive.vehicle@2.0-adayo-func-bcm: BCMFunc sendMessageFromVehicle_l dataType: 12,mByte=16,propid=0x21600040
05-27 18:53:42.303   351   516 D automotive.vehicle@2.0-adayo-func-bcm: BCMFunc sendMessageFromVehicle_l msgBuff[16]=0x0,start:0,len:32,temp:8,
05-27 18:53:42.303   351   516 D automotive.vehicle@2.0-adayo-func-bcm: BCMFunc sendMessageFromVehicle_l msgBuff[15]=0x0,start:0,len:24,temp:8,
05-27 18:53:42.303   351   516 D automotive.vehicle@2.0-adayo-func-bcm: BCMFunc sendMessageFromVehicle_l msgBuff[14]=0x0,start:0,len:16,temp:8,
05-27 18:53:42.303   351   516 D automotive.vehicle@2.0-adayo-func-bcm: BCMFunc sendMessageFromVehicle_l msgBuff[13]=0x0,start:0,len:8,temp:8,
05-27 18:53:42.303   351   516 D automotive.vehicle@2.0-adayo-func-bcm: BCMFunc sendMessageFromVehicle_l prop: 0x21600040 , SPLITE_BIT_DATA_INTEGER1 data:0
05-27 18:53:42.303   351   516 D automotive.vehicle@2.0-adayo-func-bcm: BCMFunc sendMessageFromVehicle_l prop: 0x21600040 , SPLITE_BIT_DATA_INTEGER4 procotol.calc[0]:0.100000,procotol.calc[1]:0.000000
05-27 18:53:42.303   351   516 D automotive.vehicle@2.0-adayo-func-bcm: BCMFunc sendMessageFromVehicle_l prop: 0x21600040 ,areaId: 0x0  SPLITE_BIT_DATA_INTEGER : 0.000000,calc[0]:0.100000,calc[1]:0.000000
05-27 18:53:42.303   351   516 D automotive.vehicle@2.0-adayo-func-bcm: BCMFunc sendMessageFromVehicle_l id:559939648, area:0 not report! 
05-27 18:53:42.303   351   516 D automotive.vehicle@2.0-adayo-func-bcm: BCMFunc sendMessageFromVehicle_l dataType: 12,mByte=17,propid=0x2140006f
05-27 18:53:42.303   351   516 D automotive.vehicle@2.0-adayo-func-bcm: BCMFunc sendMessageFromVehicle_l msgBuff[17]=0x40,start:0,len:6,temp:6,
05-27 18:53:42.303   351   516 D automotive.vehicle@2.0-adayo-func-bcm: BCMFunc sendMessageFromVehicle_l prop: 0x2140006f ,areaId: 0x0  SPLITE_BIT_DATA_INTEGER : 0
05-27 18:53:42.304   351   516 D automotive.vehicle@2.0-adayo-func-bcm: BCMFunc sendMessageFromVehicle_l id:557842543, area:0 not report! 
05-27 18:53:42.304   351   516 D automotive.vehicle@2.0-adayo-func-bcm: BCMFunc sendMessageFromVehicle_l dataType: 12,mByte=17,propid=0x21400070
05-27 18:53:42.304   351   516 D automotive.vehicle@2.0-adayo-func-bcm: BCMFunc sendMessageFromVehicle_l msgBuff[17]=0x40,start:6,len:2,temp:2,
05-27 18:53:42.304   351   516 D automotive.vehicle@2.0-adayo-func-bcm: BCMFunc sendMessageFromVehicle_l prop: 0x21400070 ,areaId: 0x0  SPLITE_BIT_DATA_INTEGER : 1
05-27 18:53:42.304   351   516 D automotive.vehicle@2.0-adayo-func-bcm: BCMFunc sendMessageFromVehicle_l id:557842544, area:0 not report! 
05-27 18:53:42.304   351   516 D automotive.vehicle@2.0-adayo-func-bcm: BCMFunc sendMessageFromVehicle_l dataType: 12,mByte=21,propid=0x2160004c
05-27 18:53:42.304   351   516 D automotive.vehicle@2.0-adayo-func-bcm: BCMFunc sendMessageFromVehicle_l msgBuff[21]=0x35,start:0,len:32,temp:8,
05-27 18:53:42.304   351   516 D automotive.vehicle@2.0-adayo-func-bcm: BCMFunc sendMessageFromVehicle_l msgBuff[20]=0x5,start:0,len:24,temp:8,
05-27 18:53:42.304   351   516 D automotive.vehicle@2.0-adayo-func-bcm: BCMFunc sendMessageFromVehicle_l msgBuff[19]=0x0,start:0,len:16,temp:8,
05-27 18:53:42.304   351   516 D automotive.vehicle@2.0-adayo-func-bcm: BCMFunc sendMessageFromVehicle_l msgBuff[18]=0x0,start:0,len:8,temp:8,
05-27 18:53:42.304   351   516 D automotive.vehicle@2.0-adayo-func-bcm: BCMFunc sendMessageFromVehicle_l prop: 0x2160004c , SPLITE_BIT_DATA_INTEGER1 data:1333
05-27 18:53:42.304   351   516 D automotive.vehicle@2.0-adayo-func-bcm: BCMFunc sendMessageFromVehicle_l prop: 0x2160004c , SPLITE_BIT_DATA_INTEGER4 procotol.calc[0]:0.100000,procotol.calc[1]:0.000000
05-27 18:53:42.304   299 30844 D EvsDriver: Delivered 0xb400007b7ca56900 as id 0
05-27 18:53:42.304   351   516 D automotive.vehicle@2.0-adayo-func-bcm: BCMFunc sendMessageFromVehicle_l prop: 0x2160004c ,areaId: 0x0  SPLITE_BIT_DATA_INTEGER : 133.300003,calc[0]:0.100000,calc[1]:0.000000
05-27 18:53:42.304   351   516 D automotive.vehicle@2.0-adayo-func-bcm: BCMFunc sendMessageFromVehicle_l id:559939660, area:0 not report! 
05-27 18:53:42.304   351   516 D automotive.vehicle@2.0-adayo-func-bcm: BCMFunc sendMessageFromVehicle_l dataType: 12,mByte=22,propid=0x21400071
05-27 18:53:42.304   351   516 D automotive.vehicle@2.0-adayo-func-bcm: BCMFunc sendMessageFromVehicle_l msgBuff[22]=0x40,start:0,len:6,temp:6,
05-27 18:53:42.304   351   516 D automotive.vehicle@2.0-adayo-func-bcm: BCMFunc sendMessageFromVehicle_l prop: 0x21400071 ,areaId: 0x0  SPLITE_BIT_DATA_INTEGER : 0
05-27 18:53:42.304   351   516 D automotive.vehicle@2.0-adayo-func-bcm: BCMFunc sendMessageFromVehicle_l id:557842545, area:0 not report! 
05-27 18:53:42.305   351   516 D automotive.vehicle@2.0-adayo-func-bcm: BCMFunc sendMessageFromVehicle_l dataType: 12,mByte=22,propid=0x21400072
05-27 18:53:42.305   351   516 D automotive.vehicle@2.0-adayo-func-bcm: BCMFunc sendMessageFromVehicle_l msgBuff[22]=0x40,start:6,len:2,temp:2,
05-27 18:53:42.305   351   516 D automotive.vehicle@2.0-adayo-func-bcm: BCMFunc sendMessageFromVehicle_l prop: 0x21400072 ,areaId: 0x0  SPLITE_BIT_DATA_INTEGER : 1
05-27 18:53:42.305  1167  1167 D evsmanagerd: /dev/video6 forwarded the buffer #0 to 0xb4000074bf5f5510 from 0xb4000074bf5f6d90
05-27 18:53:42.307   581   581 I SpiService: fgesysctrl_getGPIO_status success val=1
05-27 18:53:42.310   351   516 D automotive.vehicle@2.0-adayo-func-bcm: BCMFunc sendMessageFromVehicle_l id:557842546, area:0 not report! 
05-27 18:53:42.310   351   516 D automotive.vehicle@2.0-adayo-func-bcm: BCMFunc sendMessageFromVehicle_l dataType: 12,mByte=24,propid=0x21400050
05-27 18:53:42.310   351   516 D automotive.vehicle@2.0-adayo-func-bcm: BCMFunc sendMessageFromVehicle_l msgBuff[24]=0x0,start:0,len:16,temp:8,
05-27 18:53:42.310   299  1153 D EvsDriver: doneWithFrame
05-27 18:53:42.310   351   516 D automotive.vehicle@2.0-adayo-func-bcm: BCMFunc sendMessageFromVehicle_l msgBuff[23]=0x0,start:0,len:8,temp:8,
05-27 18:53:42.310   351   516 D automotive.vehicle@2.0-adayo-func-bcm: BCMFunc sendMessageFromVehicle_l prop: 0x21400050 ,areaId: 0x0  SPLITE_BIT_DATA_INTEGER : 0
05-27 18:53:42.310   351   516 D automotive.vehicle@2.0-adayo-func-bcm: BCMFunc sendMessageFromVehicle_l id:557842512, area:0 not report! 
05-27 18:53:42.310   351   516 D automotive.vehicle@2.0-adayo-func-bcm: BCMFunc sendMessageFromVehicle_l dataType: 12,mByte=25,propid=0x21400051
05-27 18:53:42.310   351   516 D automotive.vehicle@2.0-adayo-func-bcm: BCMFunc sendMessageFromVehicle_l msgBuff[25]=0x0,start:0,len:8,temp:8,
05-27 18:53:42.310   351   516 D automotive.vehicle@2.0-adayo-func-bcm: BCMFunc sendMessageFromVehicle_l prop: 0x21400051 ,areaId: 0x0  SPLITE_BIT_DATA_INTEGER : 0
05-27 18:53:42.310   351   516 D automotive.vehicle@2.0-adayo-func-bcm: BCMFunc sendMessageFromVehicle_l id:557842513, area:0 not report! 
05-27 18:53:42.310   351   516 D automotive.vehicle@2.0-adayo-func-bcm: BCMFunc sendMessageFromVehicle_l dataType: 12,mByte=26,propid=0x21400052
05-27 18:53:42.311   351   516 D automotive.vehicle@2.0-adayo-func-bcm: BCMFunc sendMessageFromVehicle_l msgBuff[26]=0x0,start:0,len:8,temp:8,
05-27 18:53:42.311   351   516 D automotive.vehicle@2.0-adayo-func-bcm: BCMFunc sendMessageFromVehicle_l prop: 0x21400052 ,areaId: 0x0  SPLITE_BIT_DATA_INTEGER : 0
05-27 18:53:42.311   351   516 D automotive.vehicle@2.0-adayo-func-bcm: BCMFunc sendMessageFromVehicle_l id:557842514, area:0 not report! 
05-27 18:53:42.311   351   516 D automotive.vehicle@2.0-adayo-func-bcm: BCMFunc sendMessageFromVehicle_l dataType: 12,mByte=27,propid=0x21400073
05-27 18:53:42.311   351   516 D automotive.vehicle@2.0-adayo-func-bcm: BCMFunc sendMessageFromVehicle_l msgBuff[27]=0x40,start:0,len:6,temp:6,
05-27 18:53:42.311   351   516 D automotive.vehicle@2.0-adayo-func-bcm: BCMFunc sendMessageFromVehicle_l prop: 0x21400073 ,areaId: 0x0  SPLITE_BIT_DATA_INTEGER : 0
05-27 18:53:42.311  1008 30856 D [OMXB]  : usingANWBuffer: handle:0xee742060, format:1, w:1920, h:1080
05-27 18:53:42.312   351   516 D automotive.vehicle@2.0-adayo-func-bcm: BCMFunc sendMessageFromVehicle_l id:557842547, area:0 not report! 
05-27 18:53:42.312   351   516 D automotive.vehicle@2.0-adayo-func-bcm: BCMFunc sendMessageFromVehicle_l dataType: 12,mByte=27,propid=0x21400074
05-27 18:53:42.312   351   516 D automotive.vehicle@2.0-adayo-func-bcm: BCMFunc sendMessageFromVehicle_l msgBuff[27]=0x40,start:6,len:2,temp:2,
05-27 18:53:42.312   351   516 D automotive.vehicle@2.0-adayo-func-bcm: BCMFunc sendMessageFromVehicle_l prop: 0x21400074 ,areaId: 0x0  SPLITE_BIT_DATA_INTEGER : 1
05-27 18:53:42.312   351   516 D automotive.vehicle@2.0-adayo-func-bcm: BCMFunc sendMessageFromVehicle_l id:557842548, area:0 not report! 
05-27 18:53:42.312   351   516 D automotive.vehicle@2.0-adayo-func-bcm: BCMFunc sendMessageFromVehicle_l dataType: 12,mByte=29,propid=0x21400053
05-27 18:53:42.312   351   516 D automotive.vehicle@2.0-adayo-func-bcm: BCMFunc sendMessageFromVehicle_l msgBuff[29]=0x59,start:0,len:16,temp:8,
05-27 18:53:42.312   351   516 D automotive.vehicle@2.0-adayo-func-bcm: BCMFunc sendMessageFromVehicle_l msgBuff[28]=0x0,start:0,len:8,temp:8,
05-27 18:53:42.313   351   516 D automotive.vehicle@2.0-adayo-func-bcm: BCMFunc sendMessageFromVehicle_l prop: 0x21400053 ,areaId: 0x0  SPLITE_BIT_DATA_INTEGER : 89
05-27 18:53:42.313   351   516 D automotive.vehicle@2.0-adayo-func-bcm: BCMFunc sendMessageFromVehicle_l id:557842515, area:0 not report! 
05-27 18:53:42.313   351   516 D automotive.vehicle@2.0-adayo-func-bcm: BCMFunc sendMessageFromVehicle_l dataType: 12,mByte=30,propid=0x21400054
05-27 18:53:42.313   351   516 D automotive.vehicle@2.0-adayo-func-bcm: BCMFunc sendMessageFromVehicle_l msgBuff[30]=0x23,start:0,len:8,temp:8,
05-27 18:53:42.313   351   516 D automotive.vehicle@2.0-adayo-func-bcm: BCMFunc sendMessageFromVehicle_l prop: 0x21400054 ,areaId: 0x0  SPLITE_BIT_DATA_INTEGER : 35
05-27 18:53:42.313   351   516 D automotive.vehicle@2.0-adayo-func-bcm: BCMFunc sendMessageFromVehicle_l id:557842516, area:0 not report! 
05-27 18:53:42.313   351   516 D automotive.vehicle@2.0-adayo-func-bcm: BCMFunc sendMessageFromVehicle_l dataType: 12,mByte=31,propid=0x21400055
05-27 08:44:51.265   581   581 D spi_rst_gpio_get_output: GPIO 145 value: 1
05-27 18:53:42.313   351   516 D automotive.vehicle@2.0-adayo-func-bcm: BCMFunc sendMessageFromVehicle_l msgBuff[31]=0x1c,start:0,len:8,temp:8,
05-27 18:53:42.313   351   516 D automotive.vehicle@2.0-adayo-func-bcm: BCMFunc sendMessageFromVehicle_l prop: 0x21400055 ,areaId: 0x0  SPLITE_BIT_DATA_INTEGER : 28
05-27 08:44:51.265   581   581 D spidev_ioctl: gpio status=1)
05-27 18:53:42.313   351   516 D automotive.vehicle@2.0-adayo-func-bcm: BCMFunc sendMessageFromVehicle_l id:557842517, area:0 not report! 
05-27 18:53:42.313   351   516 D automotive.vehicle@2.0-adayo-func-bcm: BCMFunc sendMessageFromVehicle_l dataType: 12,mByte=32,propid=0x21400075
05-27 18:53:42.313   351   516 D automotive.vehicle@2.0-adayo-func-bcm: BCMFunc sendMessageFromVehicle_l msgBuff[32]=0x40,start:0,len:6,temp:6,
05-27 08:44:51.271   581   581 D spi_rst_gpio_get_output: GPIO 145 value: 1
05-27 18:53:42.313   351   516 D automotive.vehicle@2.0-adayo-func-bcm: BCMFunc sendMessageFromVehicle_l prop: 0x21400075 ,areaId: 0x0  SPLITE_BIT_DATA_INTEGER : 0
05-27 08:44:51.271   581   581 D spidev_ioctl: gpio status=1)
05-27 18:53:42.313   351   516 D automotive.vehicle@2.0-adayo-func-bcm: BCMFunc sendMessageFromVehicle_l id:557842549, area:0 not report! 
05-27 18:53:42.313   351   516 D automotive.vehicle@2.0-adayo-func-bcm: BCMFunc sendMessageFromVehicle_l dataType: 12,mByte=32,propid=0x21400076
05-27 18:53:42.313   351   516 D automotive.vehicle@2.0-adayo-func-bcm: BCMFunc sendMessageFromVehicle_l msgBuff[32]=0x40,start:6,len:2,temp:2,
05-27 18:53:42.313   351   516 D automotive.vehicle@2.0-adayo-func-bcm: BCMFunc sendMessageFromVehicle_l prop: 0x21400076 ,areaId: 0x0  SPLITE_BIT_DATA_INTEGER : 1
05-27 18:53:42.314   351   516 D automotive.vehicle@2.0-adayo-func-bcm: BCMFunc sendMessageFromVehicle_l id:557842550, area:0 not report! 
05-27 18:53:42.315   351   516 D automotive.vehicle@2.0-adayo-func-bcm: BCMFunc sendMessageFromVehicle_l dataType: 12,mByte=34,propid=0x2140004b
05-27 18:53:42.315   351   516 D automotive.vehicle@2.0-adayo-func-bcm: BCMFunc sendMessageFromVehicle_l msgBuff[34]=0x0,start:0,len:16,temp:8,
05-27 18:53:42.315 13911 14183 I SentryImuMcuAngleSender: 179.97899rollDeg
05-27 18:53:42.315   351   516 D automotive.vehicle@2.0-adayo-func-bcm: BCMFunc sendMessageFromVehicle_l msgBuff[33]=0x0,start:0,len:8,temp:8,
05-27 18:53:42.315 13911 14183 I SentryImuMcuAngleSender: 1,0,0
05-27 18:53:42.315   581   581 I SpiService: fgesysctrl_getGPIO_status success val=1
05-27 18:53:42.315   351   516 D automotive.vehicle@2.0-adayo-func-bcm: BCMFunc sendMessageFromVehicle_l prop: 0x2140004b ,areaId: 0x0  SPLITE_BIT_DATA_INTEGER : 0
05-27 18:53:42.317   536   536 D commservice260303: msg.id = 1028,0
05-27 18:53:42.318   351   516 D automotive.vehicle@2.0-adayo-func-bcm: BCMFunc sendMessageFromVehicle_l id:557842507, area:0 not report! 
05-27 18:53:42.318   351   516 D automotive.vehicle@2.0-adayo-func-bcm: BCMFunc sendMessageFromVehicle_l dataType: 12,mByte=35,propid=0x21400077
05-27 18:53:42.318   351   516 D automotive.vehicle@2.0-adayo-func-bcm: BCMFunc sendMessageFromVehicle_l msgBuff[35]=0x40,start:0,len:6,temp:6,
05-27 18:53:42.318   351   516 D automotive.vehicle@2.0-adayo-func-bcm: BCMFunc sendMessageFromVehicle_l prop: 0x21400077 ,areaId: 0x0  SPLITE_BIT_DATA_INTEGER : 0
05-27 18:53:42.318   351   516 D automotive.vehicle@2.0-adayo-func-bcm: BCMFunc sendMessageFromVehicle_l id:557842551, area:0 not report! 
05-27 18:53:42.318   351   516 D automotive.vehicle@2.0-adayo-func-bcm: BCMFunc sendMessageFromVehicle_l dataType: 12,mByte=35,propid=0x21400078
05-27 18:53:42.318   536   536 D commservice260303: i = 170, msgid = 8A000404
05-27 18:53:42.318   351   516 D automotive.vehicle@2.0-adayo-func-bcm: BCMFunc sendMessageFromVehicle_l msgBuff[35]=0x40,start:6,len:2,temp:2,
05-27 18:53:42.318   536   536 D commservice260303: msgid = -1979710460,did=138
05-27 18:53:42.318   351   516 D automotive.vehicle@2.0-adayo-func-bcm: BCMFunc sendMessageFromVehicle_l prop: 0x21400078 ,areaId: 0x0  SPLITE_BIT_DATA_INTEGER : 1
05-27 18:53:42.318   536   536 D commservice260303: CommProtocolLibCmdBaseI2C::dataproc {"command":{"id":"imu_status","sub":""},"content":{"TimeStamp":11,"FrameCounter":259877,"GD_X":-0.011300750076770782,"GD_Y":0.005802778527140617,"GD_Z":0.0022902146447449923,"AD_X":-0.004842489957809448,"AD_Y":0.0015262223314493895,"AD_Z":-0.16948509216308594,"TempDsp":0,"Status":0,"CalibState":1,"SigAmpInvalid":0}},-1979710460
05-27 18:53:42.319   351   516 D automotive.vehicle@2.0-adayo-func-bcm: BCMFunc sendMessageFromVehicle_l id:557842552, area:0 not report! 
05-27 18:53:42.319   351   516 D automotive.vehicle@2.0-adayo-func-bcm: BCMFunc sendMessageFromVehicle_l dataType: 12,mByte=37,propid=0x2140004c
05-27 18:53:42.319   536   536 D commservice260303: send2Cluster len:317, 7B22636F6D6D616E64223A7B226964223A22696D755F737461747573222C22737562223A22227D2C22636F6E74656E74223A7B2254696D655374616D70223A31312C224672616D65436F756E746572223A3235393837372C2247445F58223A2D302E3031313330303735303037363737303738322C2247445F59223A302E3030353830323737383532373134303631372C2247445F5A223A302E303032323930323134363434373434393932332C2241445F58223A2D302E3030343834323438393935373830393434382C2241445F59223A302E303031353236323232333331343439333839352C2241445F5A223A2D302E31363934383530393231363330383539342C2254656D70447370223A302C22537461747573223A302C2243616C69625374617465223A312C22536967416D70496E76616C6964223A307D7D, 138 
05-27 18:53:42.319   351   516 D automotive.vehicle@2.0-adayo-func-bcm: BCMFunc sendMessageFromVehicle_l msgBuff[37]=0x0,start:0,len:16,temp:8,
05-27 18:53:42.319   536   536 D commservice260303: Push Message into SendPool fn=-2110258176
05-27 18:53:42.319   351   516 D automotive.vehicle@2.0-adayo-func-bcm: BCMFunc sendMessageFromVehicle_l msgBuff[36]=0x0,start:0,len:8,temp:8,
05-27 18:53:42.319   536   536 D commservice260303: ComProtocolLibSend2Cluster::send2ClusterRaw fn=-2110258176 , len=333
05-27 18:53:42.319   536   536 D commservice260303: sendCmdToPort :333!!!
05-27 18:53:42.319   351   516 D automotive.vehicle@2.0-adayo-func-bcm: BCMFunc sendMessageFromVehicle_l prop: 0x2140004c ,areaId: 0x0  SPLITE_BIT_DATA_INTEGER : 0
05-27 18:53:42.319   536   536 D commservice260303: send Cmd To Port ++++5AA501498A01000438826A16CD367B22636F6D6D616E64223A7B226964223A22696D755F737461747573222C22737562223A22227D2C22636F6E74656E74223A7B2254696D655374616D70223A31312C224672616D65436F756E746572223A3235393837372C2247445F58223A2D302E3031313330303735303037363737303738322C2247445F59223A302E3030353830323737383532373134303631372C2247445F5A223A302E303032323930323134363434373434393932332C2241445F58223A2D302E3030343834323438393935373830393434382C2241445F59223A302E303031353236323232333331343439333839352C2241445F5A223A2D302E31363934383530393231363330383539342C2254656D70447370223A302C22537461747573223A302C2243616C69625374617465223A312C22536967416D70496E76616C6964223A307D7D9473
05-27 18:53:42.319   351   516 D automotive.vehicle@2.0-adayo-func-bcm: BCMFunc sendMessageFromVehicle_l id:557842508, area:0 not report! 
05-27 18:53:42.319   351   516 D automotive.vehicle@2.0-adayo-func-bcm: BCMFunc sendMessageFromVehicle_l dataType: 12,mByte=38,propid=0x2140009b
05-27 18:53:42.319   351   516 D automotive.vehicle@2.0-adayo-func-bcm: BCMFunc sendMessageFromVehicle_l msgBuff[38]=0x0,start:0,len:8,temp:8,
05-27 18:53:42.319   536   536 D commservice260303: bufferevent_write retrun value = 0
05-27 18:53:42.319   351   516 D automotive.vehicle@2.0-adayo-func-bcm: BCMFunc sendMessageFromVehicle_l prop: 0x2140009b ,areaId: 0x0  SPLITE_BIT_DATA_INTEGER : 0
05-27 18:53:42.319   351   516 D automotive.vehicle@2.0-adayo-func-bcm: BCMFunc sendMessageFromVehicle_l id:557842587, area:0 not report! 
05-27 18:53:42.319   536   560 D commservice260303: client datas send succeed,send finish
05-27 18:53:42.320   351   516 D automotive.vehicle@2.0-adayo-func-bcm: BCMFunc sendMessageFromVehicle_l dataType: 12,mByte=39,propid=0x2140009c
