05-27 18:53:38.858   536   536 D commservice260303: CommProtocolLibCmdBaseI2C::dataproc {"command":{"id":"imu_status","sub":""},"content":{"TimeStamp":11,"FrameCounter":259794,"GD_X":-0.011453153565526009,"GD_Y":0.0051151420921087265,"GD_Z":0.0023671966046094894,"AD_X":-0.004613548517227173,"AD_Y":0.0011985283344984055,"AD_Z":-0.1645965576171875,"TempDsp":0,"Status":0,"CalibState":1,"SigAmpInvalid":0}},-1979710460
05-27 18:53:38.858   536   536 D commservice260303: send2Cluster len:317, 7B22636F6D6D616E64223A7B226964223A22696D755F737461747573222C22737562223A22227D2C22636F6E74656E74223A7B2254696D655374616D70223A31312C224672616D65436F756E746572223A3235393739342C2247445F58223A2D302E3031313435333135333536353532363030392C2247445F59223A302E303035313135313432303932313038373236352C2247445F5A223A302E303032333637313936363034363039343839342C2241445F58223A2D302E3030343631333534383531373232373137332C2241445F59223A302E303031313938353238333334343938343035352C2241445F5A223A2D302E313634353936353537363137313837352C2254656D70447370223A302C22537461747573223A302C2243616C69625374617465223A312C22536967416D70496E76616C6964223A307D7D, 138 
05-27 18:53:38.858  1167  1479 D evsmanagerd: /dev/video6 forwarded the buffer #0 to 0xb4000074bf5f5510 from 0xb4000074bf5f6d90
05-27 18:53:38.858   536   536 D commservice260303: Push Message into SendPool fn=758645760
05-27 18:53:38.858   536   536 D commservice260303: ComProtocolLibSend2Cluster::send2ClusterRaw fn=758645760 , len=333
05-27 18:53:38.858   536   536 D commservice260303: sendCmdToPort :333!!!
05-27 18:53:38.858   536   536 D commservice260303: send Cmd To Port ++++5AA501498A010004382D6A16CD327B22636F6D6D616E64223A7B226964223A22696D755F737461747573222C22737562223A22227D2C22636F6E74656E74223A7B2254696D655374616D70223A31312C224672616D65436F756E746572223A3235393739342C2247445F58223A2D302E3031313435333135333536353532363030392C2247445F59223A302E303035313135313432303932313038373236352C2247445F5A223A302E303032333637313936363034363039343839342C2241445F58223A2D302E3030343631333534383531373232373137332C2241445F59223A302E303031313938353238333334343938343035352C2241445F5A223A2D302E313634353936353537363137313837352C2254656D70447370223A302C22537461747573223A302C2243616C69625374617465223A312C22536967416D70496E76616C6964223A307D7D88E8
05-27 18:53:38.858   536   536 D commservice260303: bufferevent_write retrun value = 0
05-27 18:53:38.859   536   560 D commservice260303: client datas send succeed,send finish
05-27 18:53:38.859 13911 14192 D Sentinelmode_1.2.5.17_sentry: <SentryImuClusterFgeSender>imu_status sent to Linux, frame=259794, tsNs=11086104, tsMs=11, intervalMs=40, ad=(-0.0046135485,0.0011985283,-0.16459656), gd=(-0.011453154,0.005115142,0.0023671966)
05-27 18:53:38.859  1008 30856 D [OMXB]  : usingANWBuffer: handle:0xee743710, format:1, w:1920, h:1080
05-27 18:53:38.859   283   307 I rvcservice: t.code = 0, t.value = 1220
05-27 18:53:38.861   299  1153 D EvsDriver: doneWithFrame
05-27 18:53:38.861   581   581 I SpiService: fgesysctrl_getGPIO_status success val=1
05-27 18:53:38.865   299 30841 D EvsDriver: forwardFrame
05-27 18:53:38.867   299 30841 D EvsDriver: Delivered 0xb400007b7ca56a60 as id 0
05-27 18:53:38.867   581   581 I SpiService: fgesysctrl_getGPIO_status success val=0
05-27 18:53:38.867  1167  1479 D evsmanagerd: /dev/video4 forwarded the buffer #0 to 0xb4000074bf5f6850 from 0xb4000074bf5f41d0
05-27 18:53:38.867   481   597 I mcuc    : send SPI:6AA602DF4B0002890049
05-27 18:53:38.870   299  1153 D EvsDriver: doneWithFrame
05-27 18:53:38.871 13911 14183 I SentryImuMcuAngleSender: 179.97897rollDeg
05-27 18:53:38.871 13911 14183 I SentryImuMcuAngleSender: 1,0,0
05-27 18:53:38.879  1008 30857 D [OMXB]  : usingANWBuffer: handle:0xee742320, format:1, w:1920, h:1080
05-27 18:53:38.880   481   598 I mcuc    : rev,n=1,6AA681DF4C00358900820600030000000000000000640064006410100000000000000000000000000000000000000000000000000000000000000000BF
05-27 18:53:38.881   351   373 D automotive.vehicle@2.0-adayo-datacomm-mcu: MCUDatacomm sendMessageFromVehicle prop: 0x89, areaId: 0x0, status: 0x82, timestamp: 0x6
05-27 18:53:38.881   351   373 D automotive.vehicle@2.0-adayo-datacomm-mcu: MCUDatacomm 1sendMessageFromVehicle ---> type = 3 
05-27 18:53:38.881   351   373 D automotive.vehicle@2.0-adayo-func-bcm: sendMessageFromVehicle sendMessageFromVehicle
05-27 18:53:38.881   351   516 D automotive.vehicle@2.0-adayo-func-bcm: jjfan1 ______procotolSize :45
05-27 18:53:38.881   351   516 D automotive.vehicle@2.0-adayo-func-bcm: BCMFunc sendMessageFromVehicle_l dataType: 12,mByte=8,propid=0x21600001
05-27 18:53:38.881   351   516 D automotive.vehicle@2.0-adayo-func-bcm: BCMFunc sendMessageFromVehicle_l msgBuff[8]=0x0,start:2,len:11,temp:6,
05-27 18:53:38.881   351   516 D automotive.vehicle@2.0-adayo-func-bcm: BCMFunc sendMessageFromVehicle_l msgBuff[7]=0x0,start:0,len:5,temp:5,
05-27 18:53:38.882   351   516 D automotive.vehicle@2.0-adayo-func-bcm: BCMFunc sendMessageFromVehicle_l prop: 0x21600001 , SPLITE_BIT_DATA_INTEGER1 data:0
05-27 18:53:38.882   351   516 D automotive.vehicle@2.0-adayo-func-bcm: BCMFunc sendMessageFromVehicle_l prop: 0x21600001 , SPLITE_BIT_DATA_INTEGER4 procotol.calc[0]:0.100000,procotol.calc[1]:0.000000
05-27 18:53:38.882   351   516 D automotive.vehicle@2.0-adayo-func-bcm: BCMFunc sendMessageFromVehicle_l prop: 0x21600001 ,areaId: 0x0  SPLITE_BIT_DATA_INTEGER : 0.000000,calc[0]:0.100000,calc[1]:0.000000
05-27 18:53:38.882   351   516 D automotive.vehicle@2.0-adayo-func-bcm: BCMFunc sendMessageFromVehicle_l id:559939585, area:0 not report! 
05-27 18:53:38.882   351   516 D automotive.vehicle@2.0-adayo-func-bcm: BCMFunc sendMessageFromVehicle_l dataType: 12,mByte=9,propid=0x2140004d
05-27 18:53:38.882   351   516 D automotive.vehicle@2.0-adayo-func-bcm: BCMFunc sendMessageFromVehicle_l msgBuff[9]=0x0,start:0,len:3,temp:3,
05-27 18:53:38.882   351   516 D automotive.vehicle@2.0-adayo-func-bcm: BCMFunc sendMessageFromVehicle_l prop: 0x2140004d ,areaId: 0x0  SPLITE_BIT_DATA_INTEGER : 0
05-27 18:53:38.882   351   516 D automotive.vehicle@2.0-adayo-func-bcm: BCMFunc sendMessageFromVehicle_l id:557842509, area:0 not report! 
05-27 18:53:38.882   351   516 D automotive.vehicle@2.0-adayo-func-bcm: BCMFunc sendMessageFromVehicle_l dataType: 12,mByte=10,propid=0x21400009
05-27 18:53:38.882   351   516 D automotive.vehicle@2.0-adayo-func-bcm: BCMFunc sendMessageFromVehicle_l msgBuff[10]=0x0,start:0,len:3,temp:3,
05-27 18:53:38.882   351   516 D automotive.vehicle@2.0-adayo-func-bcm: BCMFunc sendMessageFromVehicle_l prop: 0x21400009 ,areaId: 0x0  SPLITE_BIT_DATA_INTEGER : 0
05-27 18:53:38.882   351   516 D automotive.vehicle@2.0-adayo-func-bcm: BCMFunc sendMessageFromVehicle_l id:557842441, area:0 not report! 
05-27 18:53:38.882   351   516 D automotive.vehicle@2.0-adayo-func-bcm: BCMFunc sendMessageFromVehicle_l dataType: 12,mByte=10,propid=0x2140000a
05-27 18:53:38.882   351   516 D automotive.vehicle@2.0-adayo-func-bcm: BCMFunc sendMessageFromVehicle_l msgBuff[10]=0x0,start:4,len:3,temp:3,
05-27 18:53:38.882   351   516 D automotive.vehicle@2.0-adayo-func-bcm: BCMFunc sendMessageFromVehicle_l prop: 0x2140000a ,areaId: 0x0  SPLITE_BIT_DATA_INTEGER : 0
05-27 18:53:38.882   351   516 D automotive.vehicle@2.0-adayo-func-bcm: BCMFunc sendMessageFromVehicle_l id:557842442, area:0 not report! 
05-27 18:53:38.882   351   516 D automotive.vehicle@2.0-adayo-func-bcm: BCMFunc sendMessageFromVehicle_l dataType: 12,mByte=11,propid=0x21400096
05-27 18:53:38.882   351   516 D automotive.vehicle@2.0-adayo-func-bcm: BCMFunc sendMessageFromVehicle_l msgBuff[11]=0x0,start:0,len:8,temp:8,
05-27 18:53:38.882   351   516 D automotive.vehicle@2.0-adayo-func-bcm: BCMFunc sendMessageFromVehicle_l prop: 0x21400096 ,areaId: 0x0  SPLITE_BIT_DATA_INTEGER : 0
05-27 18:53:38.882   351   516 D automotive.vehicle@2.0-adayo-func-bcm: BCMFunc sendMessageFromVehicle_l id:557842582, area:0 not report! 
05-27 18:53:38.882   351   516 D automotive.vehicle@2.0-adayo-func-bcm: BCMFunc sendMessageFromVehicle_l dataType: 12,mByte=12,propid=0x2140008a
05-27 18:53:38.883   351   516 D automotive.vehicle@2.0-adayo-func-bcm: BCMFunc sendMessageFromVehicle_l msgBuff[12]=0x0,start:0,len:4,temp:4,
05-27 18:53:38.883   351   516 D automotive.vehicle@2.0-adayo-func-bcm: BCMFunc sendMessageFromVehicle_l prop: 0x2140008a ,areaId: 0x0  SPLITE_BIT_DATA_INTEGER : 0
05-27 18:53:38.883   351   516 D automotive.vehicle@2.0-adayo-func-bcm: BCMFunc sendMessageFromVehicle_l id:557842570, area:0 not report! 
05-27 18:53:38.883   351   516 D automotive.vehicle@2.0-adayo-func-bcm: BCMFunc sendMessageFromVehicle_l dataType: 12,mByte=14,propid=0x21400005
05-27 18:53:38.883   351   516 D automotive.vehicle@2.0-adayo-func-bcm: BCMFunc sendMessageFromVehicle_l msgBuff[14]=0x64,start:0,len:10,temp:8,
05-27 18:53:38.883   351   516 D automotive.vehicle@2.0-adayo-func-bcm: BCMFunc sendMessageFromVehicle_l msgBuff[13]=0x0,start:0,len:2,temp:2,
05-27 18:53:38.883   351   516 D automotive.vehicle@2.0-adayo-func-bcm: BCMFunc sendMessageFromVehicle_l prop: 0x21400005 ,areaId: 0x0  SPLITE_BIT_DATA_INTEGER : 100
05-27 18:53:38.883   351   516 D automotive.vehicle@2.0-adayo-func-bcm: BCMFunc sendMessageFromVehicle_l id:557842437, area:0 not report! 
05-27 18:53:38.883   581   581 I SpiService: fgesysctrl_getGPIO_status success val=1
05-27 18:53:38.883   351   516 D automotive.vehicle@2.0-adayo-func-bcm: BCMFunc sendMessageFromVehicle_l dataType: 12,mByte=16,propid=0x21600006
05-27 18:53:38.883   351   516 D automotive.vehicle@2.0-adayo-func-bcm: BCMFunc sendMessageFromVehicle_l msgBuff[16]=0x64,start:0,len:10,temp:8,
05-27 18:53:38.883   351   516 D automotive.vehicle@2.0-adayo-func-bcm: BCMFunc sendMessageFromVehicle_l msgBuff[15]=0x0,start:0,len:2,temp:2,
05-27 18:53:38.883   351   516 D automotive.vehicle@2.0-adayo-func-bcm: BCMFunc sendMessageFromVehicle_l prop: 0x21600006 , SPLITE_BIT_DATA_INTEGER1 data:100
05-27 18:53:38.883   351   516 D automotive.vehicle@2.0-adayo-func-bcm: BCMFunc sendMessageFromVehicle_l prop: 0x21600006 , SPLITE_BIT_DATA_INTEGER4 procotol.calc[0]:0.100000,procotol.calc[1]:0.000000
05-27 18:53:38.883   351   516 D automotive.vehicle@2.0-adayo-func-bcm: BCMFunc sendMessageFromVehicle_l prop: 0x21600006 ,areaId: 0x0  SPLITE_BIT_DATA_INTEGER : 80.000000,calc[0]:0.100000,calc[1]:0.000000
05-27 18:53:38.883   351   516 D automotive.vehicle@2.0-adayo-func-bcm: BCMFunc sendMessageFromVehicle_l id:559939590, area:0 not report! 
05-27 18:53:38.883   351   516 D automotive.vehicle@2.0-adayo-func-bcm: BCMFunc sendMessageFromVehicle_l dataType: 12,mByte=18,propid=0x21600007
05-27 18:53:38.883   351   516 D automotive.vehicle@2.0-adayo-func-bcm: BCMFunc sendMessageFromVehicle_l msgBuff[18]=0x64,start:0,len:10,temp:8,
05-27 18:53:38.883   351   516 D automotive.vehicle@2.0-adayo-func-bcm: BCMFunc sendMessageFromVehicle_l msgBuff[17]=0x0,start:0,len:2,temp:2,
05-27 18:53:38.883   351   516 D automotive.vehicle@2.0-adayo-func-bcm: BCMFunc sendMessageFromVehicle_l prop: 0x21600007 , SPLITE_BIT_DATA_INTEGER1 data:100
05-27 18:53:38.883   351   516 D automotive.vehicle@2.0-adayo-func-bcm: BCMFunc sendMessageFromVehicle_l prop: 0x21600007 , SPLITE_BIT_DATA_INTEGER4 procotol.calc[0]:0.100000,procotol.calc[1]:0.000000
05-27 18:53:38.883   351   516 D automotive.vehicle@2.0-adayo-func-bcm: BCMFunc sendMessageFromVehicle_l prop: 0x21600007 ,areaId: 0x0  SPLITE_BIT_DATA_INTEGER : 70.000000,calc[0]:0.100000,calc[1]:0.000000
05-27 18:53:38.883   351   516 D automotive.vehicle@2.0-adayo-func-bcm: BCMFunc sendMessageFromVehicle_l id:559939591, area:0 not report! 
05-27 18:53:38.883   351   516 D automotive.vehicle@2.0-adayo-func-bcm: BCMFunc sendMessageFromVehicle_l dataType: 12,mByte=19,propid=0x21400087
05-27 18:53:38.883   351   516 D automotive.vehicle@2.0-adayo-func-bcm: BCMFunc sendMessageFromVehicle_l msgBuff[19]=0x10,start:3,len:1,temp:1,
05-27 18:53:38.883   351   516 D automotive.vehicle@2.0-adayo-func-bcm: BCMFunc sendMessageFromVehicle_l prop: 0x21400087 ,areaId: 0x0  SPLITE_BIT_DATA_INTEGER : 0
05-27 18:53:38.883   351   516 D automotive.vehicle@2.0-adayo-func-bcm: BCMFunc sendMessageFromVehicle_l id:557842567, area:0 not report! 
05-27 18:53:38.883   351   516 D automotive.vehicle@2.0-adayo-func-bcm: BCMFunc sendMessageFromVehicle_l dataType: 12,mByte=19,propid=0x2140004e
05-27 18:53:38.883   351   516 D automotive.vehicle@2.0-adayo-func-bcm: BCMFunc sendMessageFromVehicle_l msgBuff[19]=0x10,start:5,len:1,temp:1,
05-27 18:53:38.883   351   516 D automotive.vehicle@2.0-adayo-func-bcm: BCMFunc sendMessageFromVehicle_l prop: 0x2140004e ,areaId: 0x0  SPLITE_BIT_DATA_INTEGER : 0
05-27 18:53:38.883   351   516 D automotive.vehicle@2.0-adayo-func-bcm: BCMFunc sendMessageFromVehicle_l id:557842510, area:0 not report! 
05-27 18:53:38.883   351   516 D automotive.vehicle@2.0-adayo-func-bcm: BCMFunc sendMessageFromVehicle_l dataType: 12,mByte=19,propid=0x2140004f
05-27 18:53:38.883   351   516 D automotive.vehicle@2.0-adayo-func-bcm: BCMFunc sendMessageFromVehicle_l msgBuff[19]=0x10,start:7,len:1,temp:1,
05-27 18:53:38.884   351   516 D automotive.vehicle@2.0-adayo-func-bcm: BCMFunc sendMessageFromVehicle_l prop: 0x2140004f ,areaId: 0x0  SPLITE_BIT_DATA_INTEGER : 0
05-27 18:53:38.884   351   516 D automotive.vehicle@2.0-adayo-func-bcm: BCMFunc sendMessageFromVehicle_l id:557842511, area:0 not report! 
05-27 18:53:38.884   351   516 D automotive.vehicle@2.0-adayo-func-bcm: BCMFunc sendMessageFromVehicle_l dataType: 12,mByte=20,propid=0x21400031
05-27 18:53:38.884   351   516 D automotive.vehicle@2.0-adayo-func-bcm: BCMFunc sendMessageFromVehicle_l msgBuff[20]=0x10,start:0,len:3,temp:3,
05-27 18:53:38.884   351   516 D automotive.vehicle@2.0-adayo-func-bcm: BCMFunc sendMessageFromVehicle_l prop: 0x21400031 ,areaId: 0x0  SPLITE_BIT_DATA_INTEGER : 0
05-27 18:53:38.884   351   516 D automotive.vehicle@2.0-adayo-func-bcm: BCMFunc sendMessageFromVehicle_l id:557842481, area:0 not report! 
05-27 18:53:38.884   351   516 D automotive.vehicle@2.0-adayo-func-bcm: BCMFunc sendMessageFromVehicle_l dataType: 12,mByte=20,propid=0x2140003a
05-27 18:53:38.884   351   516 D automotive.vehicle@2.0-adayo-func-bcm: BCMFunc sendMessageFromVehicle_l msgBuff[20]=0x10,start:5,len:3,temp:3,
05-27 18:53:38.884   351   516 D automotive.vehicle@2.0-adayo-func-bcm: BCMFunc sendMessageFromVehicle_l prop: 0x2140003a ,areaId: 0x0  SPLITE_BIT_DATA_INTEGER : 0
05-27 18:53:38.884   351   516 D automotive.vehicle@2.0-adayo-func-bcm: BCMFunc sendMessageFromVehicle_l id:557842490, area:0 not report! 
05-27 18:53:38.884   351   516 D automotive.vehicle@2.0-adayo-func-bcm: BCMFunc sendMessageFromVehicle_l dataType: 12,mByte=21,propid=0x2140008b
05-27 18:53:38.884   351   516 D automotive.vehicle@2.0-adayo-func-bcm: BCMFunc sendMessageFromVehicle_l msgBuff[21]=0x0,start:0,len:3,temp:3,
05-27 18:53:38.884   351   516 D automotive.vehicle@2.0-adayo-func-bcm: BCMFunc sendMessageFromVehicle_l prop: 0x2140008b ,areaId: 0x0  SPLITE_BIT_DATA_INTEGER : 0
05-27 18:53:38.884   351   516 D automotive.vehicle@2.0-adayo-func-bcm: BCMFunc sendMessageFromVehicle_l id:557842571, area:0 not report! 
05-27 18:53:38.884   351   516 D automotive.vehicle@2.0-adayo-func-bcm: BCMFunc sendMessageFromVehicle_l dataType: 12,mByte=22,propid=0x2140008c
05-27 18:53:38.884   351   516 D automotive.vehicle@2.0-adayo-func-bcm: BCMFunc sendMessageFromVehicle_l msgBuff[22]=0x0,start:1,len:1,temp:1,
05-27 18:53:38.884   351   516 D automotive.vehicle@2.0-adayo-func-bcm: BCMFunc sendMessageFromVehicle_l prop: 0x2140008c ,areaId: 0x0  SPLITE_BIT_DATA_INTEGER : 0
05-27 18:53:38.884   351   516 D automotive.vehicle@2.0-adayo-func-bcm: BCMFunc sendMessageFromVehicle_l id:557842572, area:0 not report! 
05-27 18:53:38.884   351   516 D automotive.vehicle@2.0-adayo-func-bcm: BCMFunc sendMessageFromVehicle_l dataType: 12,mByte=23,propid=0x2140008e
05-27 18:53:38.884   351   516 D automotive.vehicle@2.0-adayo-func-bcm: BCMFunc sendMessageFromVehicle_l msgBuff[23]=0x0,start:0,len:1,temp:1,
05-27 18:53:38.884   351   516 D automotive.vehicle@2.0-adayo-func-bcm: BCMFunc sendMessageFromVehicle_l prop: 0x2140008e ,areaId: 0x0  SPLITE_BIT_DATA_INTEGER : 0
05-27 18:53:38.884   351   516 D automotive.vehicle@2.0-adayo-func-bcm: BCMFunc sendMessageFromVehicle_l id:557842574, area:0 not report! 
05-27 18:53:38.884   351   516 D automotive.vehicle@2.0-adayo-func-bcm: BCMFunc sendMessageFromVehicle_l dataType: 12,mByte=23,propid=0x2140008f
05-27 18:53:38.884   351   516 D automotive.vehicle@2.0-adayo-func-bcm: BCMFunc sendMessageFromVehicle_l msgBuff[23]=0x0,start:1,len:1,temp:1,
05-27 18:53:38.884   351   516 D automotive.vehicle@2.0-adayo-func-bcm: BCMFunc sendMessageFromVehicle_l prop: 0x2140008f ,areaId: 0x0  SPLITE_BIT_DATA_INTEGER : 0
05-27 18:53:38.884   351   516 D automotive.vehicle@2.0-adayo-func-bcm: BCMFunc sendMessageFromVehicle_l id:557842575, area:0 not report! 
05-27 18:53:38.884   351   516 D automotive.vehicle@2.0-adayo-func-bcm: BCMFunc sendMessageFromVehicle_l dataType: 12,mByte=24,propid=0x2140000b
05-27 18:53:38.884   351   516 D automotive.vehicle@2.0-adayo-func-bcm: BCMFunc sendMessageFromVehicle_l msgBuff[24]=0x0,start:2,len:3,temp:3,
05-27 18:53:38.884   351   516 D automotive.vehicle@2.0-adayo-func-bcm: BCMFunc sendMessageFromVehicle_l prop: 0x2140000b ,areaId: 0x0  SPLITE_BIT_DATA_INTEGER : 0
05-27 18:53:38.884   351   516 D automotive.vehicle@2.0-adayo-func-bcm: BCMFunc sendMessageFromVehicle_l id:557842443, area:0 not report! 
05-27 18:53:38.884   351   516 D automotive.vehicle@2.0-adayo-func-bcm: BCMFunc sendMessageFromVehicle_l dataType: 12,mByte=26,propid=0x21400086
05-27 18:53:38.884   351   516 D automotive.vehicle@2.0-adayo-func-bcm: BCMFunc sendMessageFromVehicle_l msgBuff[26]=0x0,start:0,len:11,temp:8,
05-27 18:53:38.884   351   516 D automotive.vehicle@2.0-adayo-func-bcm: BCMFunc sendMessageFromVehicle_l msgBuff[25]=0x0,start:0,len:3,temp:3,
05-27 18:53:38.884   351   516 D automotive.vehicle@2.0-adayo-func-bcm: BCMFunc sendMessageFromVehicle_l prop: 0x21400086 ,areaId: 0x0  SPLITE_BIT_DATA_INTEGER : 0
05-27 18:53:38.884   351   516 D automotive.vehicle@2.0-adayo-func-bcm: BCMFunc sendMessageFromVehicle_l id:557842566, area:0 not report! 
05-27 18:53:38.884   351   516 D automotive.vehicle@2.0-adayo-func-bcm: BCMFunc sendMessageFromVehicle_l dataType: 12,mByte=28,propid=0x21600004
05-27 18:53:38.884   351   516 D automotive.vehicle@2.0-adayo-func-bcm: BCMFunc sendMessageFromVehicle_l msgBuff[28]=0x0,start:0,len:16,temp:8,
05-27 18:53:38.884   351   516 D automotive.vehicle@2.0-adayo-func-bcm: BCMFunc sendMessageFromVehicle_l msgBuff[27]=0x0,start:0,len:8,temp:8,
05-27 18:53:38.884   351   516 D automotive.vehicle@2.0-adayo-func-bcm: BCMFunc sendMessageFromVehicle_l prop: 0x21600004 , SPLITE_BIT_DATA_INTEGER1 data:0
05-27 18:53:38.884   351   516 D automotive.vehicle@2.0-adayo-func-bcm: BCMFunc sendMessageFromVehicle_l prop: 0x21600004 , SPLITE_BIT_DATA_INTEGER4 procotol.calc[0]:0.100000,procotol.calc[1]:0.000000
05-27 18:53:38.885   351   516 D automotive.vehicle@2.0-adayo-func-bcm: BCMFunc sendMessageFromVehicle_l prop: 0x21600004 ,areaId: 0x0  SPLITE_BIT_DATA_INTEGER : 0.000000,calc[0]:0.100000,calc[1]:0.000000
05-27 18:53:38.885   351   516 D automotive.vehicle@2.0-adayo-func-bcm: BCMFunc sendMessageFromVehicle_l id:559939588, area:0 not report! 
05-27 18:53:38.885   351   516 D automotive.vehicle@2.0-adayo-func-bcm: BCMFunc sendMessageFromVehicle_l dataType: 12,mByte=30,propid=0x21400003
05-27 18:53:38.885   351   516 D automotive.vehicle@2.0-adayo-func-bcm: BCMFunc sendMessageFromVehicle_l msgBuff[30]=0x0,start:0,len:16,temp:8,
05-27 18:53:38.885   351   516 D automotive.vehicle@2.0-adayo-func-bcm: BCMFunc sendMessageFromVehicle_l msgBuff[29]=0x0,start:0,len:8,temp:8,
05-27 18:53:38.885   351   516 D automotive.vehicle@2.0-adayo-func-bcm: BCMFunc sendMessageFromVehicle_l prop: 0x21400003 ,areaId: 0x0  SPLITE_BIT_DATA_INTEGER : 0
05-27 18:53:38.885   351   516 D automotive.vehicle@2.0-adayo-func-bcm: BCMFunc sendMessageFromVehicle_l id:557842435, area:0 not report! 
05-27 18:53:38.885   351   516 D automotive.vehicle@2.0-adayo-func-bcm: BCMFunc sendMessageFromVehicle_l dataType: 12,mByte=32,propid=0x21600002
05-27 18:53:38.885   351   516 D automotive.vehicle@2.0-adayo-func-bcm: BCMFunc sendMessageFromVehicle_l msgBuff[32]=0x0,start:5,len:11,temp:3,
05-27 18:53:38.885   351   516 D automotive.vehicle@2.0-adayo-func-bcm: BCMFunc sendMessageFromVehicle_l msgBuff[31]=0x0,start:0,len:8,temp:8,
05-27 18:53:38.885   351   516 D automotive.vehicle@2.0-adayo-func-bcm: BCMFunc sendMessageFromVehicle_l prop: 0x21600002 , SPLITE_BIT_DATA_INTEGER1 data:0
05-27 08:44:48.133     1     1 I init    : processing action (persist.log.adayo_collect.logcat=2) from (/system/etc/init/hw/init.rc:1409)
05-27 18:53:38.885   351   516 D automotive.vehicle@2.0-adayo-func-bcm: BCMFunc sendMessageFromVehicle_l prop: 0x21600002 , SPLITE_BIT_DATA_INTEGER4 procotol.calc[0]:0.100000,procotol.calc[1]:0.000000
05-27 08:44:48.133     1     1 I init    : Sending signal 9 to service 'trace_logcat' (pid 4859) process group...
05-27 18:53:38.885   351   516 D automotive.vehicle@2.0-adayo-func-bcm: BCMFunc sendMessageFromVehicle_l prop: 0x21600002 ,areaId: 0x0  SPLITE_BIT_DATA_INTEGER : 0.000000,calc[0]:0.100000,calc[1]:0.000000
05-27 18:53:38.885   351   516 D automotive.vehicle@2.0-adayo-func-bcm: BCMFunc sendMessageFromVehicle_l id:559939586, area:0 not report! 
05-27 18:53:38.885   351   516 D automotive.vehicle@2.0-adayo-func-bcm: BCMFunc sendMessageFromVehicle_l dataType: 12,mByte=34,propid=0x216000dd
05-27 18:53:38.885   351   516 D automotive.vehicle@2.0-adayo-func-bcm: BCMFunc sendMessageFromVehicle_l msgBuff[34]=0x0,start:5,len:11,temp:3,
05-27 18:53:38.885   351   516 D automotive.vehicle@2.0-adayo-func-bcm: BCMFunc sendMessageFromVehicle_l msgBuff[33]=0x0,start:0,len:8,temp:8,
05-27 18:53:38.885   351   516 D automotive.vehicle@2.0-adayo-func-bcm: BCMFunc sendMessageFromVehicle_l prop: 0x216000dd , SPLITE_BIT_DATA_INTEGER1 data:0
05-27 18:53:38.885   351   516 D automotive.vehicle@2.0-adayo-func-bcm: BCMFunc sendMessageFromVehicle_l prop: 0x216000dd , SPLITE_BIT_DATA_INTEGER4 procotol.calc[0]:0.200000,procotol.calc[1]:0.000000
05-27 18:53:38.885   351   516 D automotive.vehicle@2.0-adayo-func-bcm: BCMFunc sendMessageFromVehicle_l prop: 0x216000dd ,areaId: 0x0  SPLITE_BIT_DATA_INTEGER : 0.000000,calc[0]:0.200000,calc[1]:0.000000
05-27 18:53:38.885   351   516 D automotive.vehicle@2.0-adayo-func-bcm: BCMFunc sendMessageFromVehicle_l id:559939805, area:0 not report! 
05-27 18:53:38.885   351   516 D automotive.vehicle@2.0-adayo-func-bcm: BCMFunc sendMessageFromVehicle_l dataType: 12,mByte=35,propid=0x216000de
05-27 18:53:38.885   351   516 D automotive.vehicle@2.0-adayo-func-bcm: BCMFunc sendMessageFromVehicle_l msgBuff[35]=0x0,start:0,len:8,temp:8,
05-27 18:53:38.885   351   516 D automotive.vehicle@2.0-adayo-func-bcm: BCMFunc sendMessageFromVehicle_l prop: 0x216000de , SPLITE_BIT_DATA_INTEGER1 data:0
05-27 18:53:38.885   351   516 D automotive.vehicle@2.0-adayo-func-bcm: BCMFunc sendMessageFromVehicle_l prop: 0x216000de , SPLITE_BIT_DATA_INTEGER4 procotol.calc[0]:0.392157,procotol.calc[1]:0.000000
05-27 18:53:38.885   351   516 D automotive.vehicle@2.0-adayo-func-bcm: BCMFunc sendMessageFromVehicle_l prop: 0x216000de ,areaId: 0x0  SPLITE_BIT_DATA_INTEGER : 0.000000,calc[0]:0.392157,calc[1]:0.000000
05-27 18:53:38.885   351   516 D automotive.vehicle@2.0-adayo-func-bcm: BCMFunc sendMessageFromVehicle_l id:559939806, area:0 not report! 
05-27 18:53:38.885   351   516 D automotive.vehicle@2.0-adayo-func-bcm: BCMFunc sendMessageFromVehicle_l dataType: 12,mByte=36,propid=0x214000df
05-27 18:53:38.885   351   516 D automotive.vehicle@2.0-adayo-func-bcm: BCMFunc sendMessageFromVehicle_l msgBuff[36]=0x0,start:3,len:1,temp:1,
05-27 18:53:38.885   351   516 D automotive.vehicle@2.0-adayo-func-bcm: BCMFunc sendMessageFromVehicle_l prop: 0x214000df ,areaId: 0x0  SPLITE_BIT_DATA_INTEGER : 0
05-27 18:53:38.885   351   516 D automotive.vehicle@2.0-adayo-func-bcm: BCMFunc sendMessageFromVehicle_l id:557842655, area:0 not report! 
05-27 18:53:38.885   351   516 D automotive.vehicle@2.0-adayo-func-bcm: BCMFunc sendMessageFromVehicle_l dataType: 12,mByte=37,propid=0x214000e0
05-27 18:53:38.885   351   516 D automotive.vehicle@2.0-adayo-func-bcm: BCMFunc sendMessageFromVehicle_l msgBuff[37]=0x0,start:0,len:3,temp:3,
05-27 18:53:38.885   351   516 D automotive.vehicle@2.0-adayo-func-bcm: BCMFunc sendMessageFromVehicle_l prop: 0x214000e0 ,areaId: 0x0  SPLITE_BIT_DATA_INTEGER : 0
05-27 18:53:38.885   351   516 D automotive.vehicle@2.0-adayo-func-bcm: BCMFunc sendMessageFromVehicle_l id:557842656, area:0 not report! 
05-27 08:44:48.135   581   581 D spi_rst_gpio_get_output: GPIO 145 value: 1
05-27 08:44:48.135   581   581 D spidev_ioctl: gpio status=1)
05-27 18:53:38.885   351   516 D automotive.vehicle@2.0-adayo-func-bcm: BCMFunc sendMessageFromVehicle_l dataType: 12,mByte=38,propid=0x216000e1
05-27 18:53:38.885   351   516 D automotive.vehicle@2.0-adayo-func-bcm: BCMFunc sendMessageFromVehicle_l msgBuff[38]=0x0,start:0,len:8,temp:8,
05-27 18:53:38.885   351   516 D automotive.vehicle@2.0-adayo-func-bcm: BCMFunc sendMessageFromVehicle_l prop: 0x216000e1 , SPLITE_BIT_DATA_INTEGER1 data:0
05-27 18:53:38.886   351   516 D automotive.vehicle@2.0-adayo-func-bcm: BCMFunc sendMessageFromVehicle_l prop: 0x216000e1 , SPLITE_BIT_DATA_INTEGER4 procotol.calc[0]:0.005000,procotol.calc[1]:-163.839996
05-27 18:53:38.886   351   516 D automotive.vehicle@2.0-adayo-func-bcm: BCMFunc sendMessageFromVehicle_l prop: 0x216000e1 ,areaId: 0x0  SPLITE_BIT_DATA_INTEGER : -163.839996,calc[0]:0.005000,calc[1]:-163.839996
05-27 18:53:38.886   351   516 D automotive.vehicle@2.0-adayo-func-bcm: BCMFunc sendMessageFromVehicle_l id:559939809, area:0 not report! 
05-27 18:53:38.886   351   516 D automotive.vehicle@2.0-adayo-func-bcm: BCMFunc sendMessageFromVehicle_l dataType: 12,mByte=39,propid=0x214000e2
05-27 18:53:38.886   351   516 D automotive.vehicle@2.0-adayo-func-bcm: BCMFunc sendMessageFromVehicle_l msgBuff[39]=0x0,start:0,len:8,temp:8,
05-27 18:53:38.886   351   516 D automotive.vehicle@2.0-adayo-func-bcm: BCMFunc sendMessageFromVehicle_l prop: 0x214000e2 ,areaId: 0x0  SPLITE_BIT_DATA_INTEGER : 0
05-27 18:53:38.886   351   516 D automotive.vehicle@2.0-adayo-func-bcm: BCMFunc sendMessageFromVehicle_l id:557842658, area:0 not report! 
05-27 18:53:38.886   351   516 D automotive.vehicle@2.0-adayo-func-bcm: BCMFunc sendMessageFromVehicle_l dataType: 12,mByte=40,propid=0x214000e3
05-27 18:53:38.886   351   516 D automotive.vehicle@2.0-adayo-func-bcm: BCMFunc sendMessageFromVehicle_l msgBuff[40]=0x0,start:0,len:4,temp:4,
05-27 18:53:38.886   351   516 D automotive.vehicle@2.0-adayo-func-bcm: BCMFunc sendMessageFromVehicle_l prop: 0x214000e3 ,areaId: 0x0  SPLITE_BIT_DATA_INTEGER : 0
05-27 18:53:38.886   351   516 D automotive.vehicle@2.0-adayo-func-bcm: BCMFunc sendMessageFromVehicle_l id:557842659, area:0 not report! 
05-27 18:53:38.886   351   516 D automotive.vehicle@2.0-adayo-func-bcm: BCMFunc sendMessageFromVehicle_l dataType: 12,mByte=40,propid=0x214000e4
05-27 18:53:38.886   351   516 D automotive.vehicle@2.0-adayo-func-bcm: BCMFunc sendMessageFromVehicle_l msgBuff[40]=0x0,start:4,len:4,temp:4,
05-27 18:53:38.886   351   516 D automotive.vehicle@2.0-adayo-func-bcm: BCMFunc sendMessageFromVehicle_l prop: 0x214000e4 ,areaId: 0x0  SPLITE_BIT_DATA_INTEGER : 0
05-27 18:53:38.886   351   516 D automotive.vehicle@2.0-adayo-func-bcm: BCMFunc sendMessageFromVehicle_l id:557842660, area:0 not report! 
05-27 18:53:38.886   351   516 D automotive.vehicle@2.0-adayo-func-bcm: BCMFunc sendMessageFromVehicle_l dataType: 12,mByte=41,propid=0x214000e5
05-27 18:53:38.886   351   516 D automotive.vehicle@2.0-adayo-func-bcm: BCMFunc sendMessageFromVehicle_l msgBuff[41]=0x0,start:0,len:8,temp:8,
05-27 18:53:38.886   351   516 D automotive.vehicle@2.0-adayo-func-bcm: BCMFunc sendMessageFromVehicle_l prop: 0x214000e5 ,areaId: 0x0  SPLITE_BIT_DATA_INTEGER : 0
05-27 18:53:38.886   351   516 D automotive.vehicle@2.0-adayo-func-bcm: BCMFunc sendMessageFromVehicle_l id:557842661, area:0 not report! 
05-27 18:53:38.886   351   516 D automotive.vehicle@2.0-adayo-func-bcm: BCMFunc sendMessageFromVehicle_l dataType: 12,mByte=42,propid=0x216000e6
05-27 18:53:38.886   351   516 D automotive.vehicle@2.0-adayo-func-bcm: BCMFunc sendMessageFromVehicle_l msgBuff[42]=0x0,start:0,len:8,temp:8,
05-27 18:53:38.886   351   516 D automotive.vehicle@2.0-adayo-func-bcm: BCMFunc sendMessageFromVehicle_l prop: 0x216000e6 , SPLITE_BIT_DATA_INTEGER1 data:0
05-27 18:53:38.886   351   516 D automotive.vehicle@2.0-adayo-func-bcm: BCMFunc sendMessageFromVehicle_l prop: 0x216000e6 , SPLITE_BIT_DATA_INTEGER4 procotol.calc[0]:0.000127,procotol.calc[1]:-4.176800
05-27 18:53:38.886   351   516 D automotive.vehicle@2.0-adayo-func-bcm: BCMFunc sendMessageFromVehicle_l prop: 0x216000e6 ,areaId: 0x0  SPLITE_BIT_DATA_INTEGER : -4.176800,calc[0]:0.000127,calc[1]:-4.176800
05-27 18:53:38.886   351   516 D automotive.vehicle@2.0-adayo-func-bcm: BCMFunc sendMessageFromVehicle_l id:559939814, area:0 not report! 
05-27 18:53:38.886   351   516 D automotive.vehicle@2.0-adayo-func-bcm: BCMFunc sendMessageFromVehicle_l dataType: 12,mByte=43,propid=0x214000e7
05-27 18:53:38.886   351   516 D automotive.vehicle@2.0-adayo-func-bcm: BCMFunc sendMessageFromVehicle_l msgBuff[43]=0x0,start:0,len:8,temp:8,
05-27 18:53:38.886   351   516 D automotive.vehicle@2.0-adayo-func-bcm: BCMFunc sendMessageFromVehicle_l prop: 0x214000e7 ,areaId: 0x0  SPLITE_BIT_DATA_INTEGER : 0
05-27 18:53:38.886   351   516 D automotive.vehicle@2.0-adayo-func-bcm: BCMFunc sendMessageFromVehicle_l id:557842663, area:0 not report! 
05-27 18:53:38.886   351   516 D automotive.vehicle@2.0-adayo-func-bcm: BCMFunc sendMessageFromVehicle_l dataType: 12,mByte=44,propid=0x214000e8
05-27 18:53:38.886   351   516 D automotive.vehicle@2.0-adayo-func-bcm: BCMFunc sendMessageFromVehicle_l msgBuff[44]=0x0,start:0,len:4,temp:4,
05-27 18:53:38.886   351   516 D automotive.vehicle@2.0-adayo-func-bcm: BCMFunc sendMessageFromVehicle_l prop: 0x214000e8 ,areaId: 0x0  SPLITE_BIT_DATA_INTEGER : 0
05-27 18:53:38.886   351   516 D automotive.vehicle@2.0-adayo-func-bcm: BCMFunc sendMessageFromVehicle_l id:557842664, area:0 not report! 
05-27 18:53:38.886   351   516 D automotive.vehicle@2.0-adayo-func-bcm: BCMFunc sendMessageFromVehicle_l dataType: 12,mByte=44,propid=0x214000e9
05-27 18:53:38.886   351   516 D automotive.vehicle@2.0-adayo-func-bcm: BCMFunc sendMessageFromVehicle_l msgBuff[44]=0x0,start:4,len:4,temp:4,
05-27 18:53:38.886   351   516 D automotive.vehicle@2.0-adayo-func-bcm: BCMFunc sendMessageFromVehicle_l prop: 0x214000e9 ,areaId: 0x0  SPLITE_BIT_DATA_INTEGER : 0
05-27 18:53:38.886   351   516 D automotive.vehicle@2.0-adayo-func-bcm: BCMFunc sendMessageFromVehicle_l id:557842665, area:0 not report! 
05-27 18:53:38.886   351   516 D automotive.vehicle@2.0-adayo-func-bcm: BCMFunc sendMessageFromVehicle_l dataType: 12,mByte=45,propid=0x214000ea
05-27 18:53:38.886   351   516 D automotive.vehicle@2.0-adayo-func-bcm: BCMFunc sendMessageFromVehicle_l msgBuff[45]=0x0,start:0,len:8,temp:8,
05-27 18:53:38.886   351   516 D automotive.vehicle@2.0-adayo-func-bcm: BCMFunc sendMessageFromVehicle_l prop: 0x214000ea ,areaId: 0x0  SPLITE_BIT_DATA_INTEGER : 0
05-27 18:53:38.886   351   516 D automotive.vehicle@2.0-adayo-func-bcm: BCMFunc sendMessageFromVehicle_l id:557842666, area:0 not report! 
05-27 18:53:38.886   351   516 D automotive.vehicle@2.0-adayo-func-bcm: BCMFunc sendMessageFromVehicle_l dataType: 12,mByte=46,propid=0x214000eb
05-27 18:53:38.887   351   516 D automotive.vehicle@2.0-adayo-func-bcm: BCMFunc sendMessageFromVehicle_l msgBuff[46]=0x0,start:0,len:8,temp:8,
05-27 18:53:38.887   351   516 D automotive.vehicle@2.0-adayo-func-bcm: BCMFunc sendMessageFromVehicle_l prop: 0x214000eb ,areaId: 0x0  SPLITE_BIT_DATA_INTEGER : 0
05-27 18:53:38.887   351   516 D automotive.vehicle@2.0-adayo-func-bcm: BCMFunc sendMessageFromVehicle_l id:557842667, area:0 not report! 
05-27 18:53:38.887   351   516 D automotive.vehicle@2.0-adayo-func-bcm: BCMFunc sendMessageFromVehicle_l dataType: 12,mByte=47,propid=0x214000ec
05-27 18:53:38.887   351   516 D automotive.vehicle@2.0-adayo-func-bcm: BCMFunc sendMessageFromVehicle_l msgBuff[47]=0x0,start:0,len:8,temp:8,
05-27 18:53:38.887   351   516 D automotive.vehicle@2.0-adayo-func-bcm: BCMFunc sendMessageFromVehicle_l prop: 0x214000ec ,areaId: 0x0  SPLITE_BIT_DATA_INTEGER : 0
05-27 18:53:38.887   351   516 D automotive.vehicle@2.0-adayo-func-bcm: BCMFunc sendMessageFromVehicle_l id:557842668, area:0 not report! 
05-27 18:53:38.887   351   516 D automotive.vehicle@2.0-adayo-func-bcm: BCMFunc sendMessageFromVehicle_l dataType: 12,mByte=48,propid=0x214000ed
05-27 18:53:38.887   351   516 D automotive.vehicle@2.0-adayo-func-bcm: BCMFunc sendMessageFromVehicle_l msgBuff[48]=0x0,start:0,len:4,temp:4,
05-27 18:53:38.887   351   516 D automotive.vehicle@2.0-adayo-func-bcm: BCMFunc sendMessageFromVehicle_l prop: 0x214000ed ,areaId: 0x0  SPLITE_BIT_DATA_INTEGER : 0
05-27 18:53:38.887   351   516 D automotive.vehicle@2.0-adayo-func-bcm: BCMFunc sendMessageFromVehicle_l id:557842669, area:0 not report! 
05-27 18:53:38.887   351   516 D automotive.vehicle@2.0-adayo-func-bcm: BCMFunc sendMessageFromVehicle_l dataType: 12,mByte=48,propid=0x214000ee
05-27 18:53:38.887   351   516 D automotive.vehicle@2.0-adayo-func-bcm: BCMFunc sendMessageFromVehicle_l msgBuff[48]=0x0,start:4,len:4,temp:4,
05-27 18:53:38.887   351   516 D automotive.vehicle@2.0-adayo-func-bcm: BCMFunc sendMessageFromVehicle_l prop: 0x214000ee ,areaId: 0x0  SPLITE_BIT_DATA_INTEGER : 0
05-27 18:53:38.887   351   516 D automotive.vehicle@2.0-adayo-func-bcm: BCMFunc sendMessageFromVehicle_l id:557842670, area:0 not report! 
05-27 18:53:38.887   351   516 D automotive.vehicle@2.0-adayo-func-bcm: BCMFunc sendMessageFromVehicle_l dataType: 12,mByte=49,propid=0x214000ef
05-27 18:53:38.887   351   516 D automotive.vehicle@2.0-adayo-func-bcm: BCMFunc sendMessageFromVehicle_l msgBuff[49]=0x0,start:0,len:8,temp:8,
05-27 18:53:38.887   351   516 D automotive.vehicle@2.0-adayo-func-bcm: BCMFunc sendMessageFromVehicle_l prop: 0x214000ef ,areaId: 0x0  SPLITE_BIT_DATA_INTEGER : 0
05-27 18:53:38.887   351   516 D automotive.vehicle@2.0-adayo-func-bcm: BCMFunc sendMessageFromVehicle_l id:557842671, area:0 not report! 
05-27 18:53:38.887   351   516 D automotive.vehicle@2.0-adayo-func-bcm: BCMFunc sendMessageFromVehicle_l dataType: 12,mByte=50,propid=0x21400108
05-27 18:53:38.887   351   516 D automotive.vehicle@2.0-adayo-func-bcm: BCMFunc sendMessageFromVehicle_l msgBuff[50]=0x0,start:5,len:1,temp:1,
05-27 18:53:38.887   351   516 D automotive.vehicle@2.0-adayo-func-bcm: BCMFunc sendMessageFromVehicle_l prop: 0x21400108 ,areaId: 0x0  SPLITE_BIT_DATA_INTEGER : 0
05-27 18:53:38.887   351   516 D automotive.vehicle@2.0-adayo-func-bcm: BCMFunc sendMessageFromVehicle_l id:557842696, area:0 not report! 
05-27 18:53:38.887   351   516 D automotive.vehicle@2.0-adayo-func-bcm: BCMFunc sendMessageFromVehicle_l dataType: 12,mByte=51,propid=0x21400109
05-27 18:53:38.887   351   516 D automotive.vehicle@2.0-adayo-func-bcm: BCMFunc sendMessageFromVehicle_l msgBuff[51]=0x0,start:5,len:1,temp:1,
05-27 18:53:38.887   351   516 D automotive.vehicle@2.0-adayo-func-bcm: BCMFunc sendMessageFromVehicle_l prop: 0x21400109 ,areaId: 0x0  SPLITE_BIT_DATA_INTEGER : 0
05-27 18:53:38.887   351   516 D automotive.vehicle@2.0-adayo-func-bcm: BCMFunc sendMessageFromVehicle_l id:557842697, area:0 not report! 
05-27 18:53:38.887   351   516 D automotive.vehicle@2.0-adayo-func-bcm: BCMFunc sendMessageFromVehicle_l dataType: 12,mByte=52,propid=0x21400105
05-27 18:53:38.887   351   516 D automotive.vehicle@2.0-adayo-func-bcm: BCMFunc sendMessageFromVehicle_l msgBuff[52]=0x0,start:3,len:3,temp:3,
05-27 18:53:38.887   351   516 D automotive.vehicle@2.0-adayo-func-bcm: BCMFunc sendMessageFromVehicle_l prop: 0x21400105 ,areaId: 0x0  SPLITE_BIT_DATA_INTEGER : 0
05-27 18:53:38.887   351   516 D automotive.vehicle@2.0-adayo-func-bcm: BCMFunc sendMessageFromVehicle_l id:557842693, area:0 not report! 
05-27 18:53:38.889   581   581 I SpiService: fgesysctrl_getGPIO_status success val=1
05-27 18:53:38.890   299 30844 D EvsDriver: forwardFrame
05-27 18:53:38.891 13911 14183 I SentryImuMcuAngleSender: 179.97548rollDeg
05-27 18:53:38.891 13911 14183 I SentryImuMcuAngleSender: 1,0,0
05-27 18:53:38.892   299 30844 D EvsDriver: Delivered 0xb400007b7ca56900 as id 0
05-27 18:53:38.892   299 30841 D EvsDriver: forwardFrame
05-27 18:53:38.892  1167  1479 D evsmanagerd: /dev/video6 forwarded the buffer #0 to 0xb4000074bf5f5510 from 0xb4000074bf5f6d90
05-27 18:53:38.893   299 30841 D EvsDriver: Delivered 0xb400007b7ca56a60 as id 0
05-27 18:53:38.893  1167  1479 D evsmanagerd: /dev/video4 forwarded the buffer #0 to 0xb4000074bf5f6850 from 0xb4000074bf5f41d0
05-27 18:53:38.894   299  1153 D EvsDriver: doneWithFrame
05-27 18:53:38.895  1008 30856 D [OMXB]  : usingANWBuffer: handle:0xee740590, format:1, w:1920, h:1080
05-27 18:53:38.895   581   581 I SpiService: fgesysctrl_getGPIO_status success val=1
05-27 18:53:38.896   299  1153 D EvsDriver: doneWithFrame
05-27 18:53:38.900   536   536 D commservice260303: msg.id = 1028,2
05-27 18:53:38.900   536   536 D commservice260303: i = 170, msgid = 8A000404
05-27 18:53:38.900   536   536 D commservice260303: msgid = -1979710460,did=138
05-27 18:53:38.900   536   536 D commservice260303: CommProtocolLibCmdBaseI2C::dataproc {"command":{"id":"imu_status","sub":""},"content":{"TimeStamp":11,"FrameCounter":259795,"GD_X":-0.011070843786001205,"GD_Y":0.005802778527140617,"GD_Z":0.0021378109231591225,"AD_X":-0.0021703392267227173,"AD_Y":0.0017986607272177935,"AD_Z":-0.17191600799560547,"TempDsp":0,"Status":0,"CalibState":1,"SigAmpInvalid":0}},-1979710460
05-27 18:53:38.901   536   536 D commservice260303: send2Cluster len:318, 7B22636F6D6D616E64223A7B226964223A22696D755F737461747573222C22737562223A22227D2C22636F6E74656E74223A7B2254696D655374616D70223A31312C224672616D65436F756E746572223A3235393739352C2247445F58223A2D302E3031313037303834333738363030313230352C2247445F59223A302E3030353830323737383532373134303631372C2247445F5A223A302E303032313337383130393233313539313232352C2241445F58223A2D302E303032313730333339323236373232373137332C2241445F59223A302E303031373938363630373237323137373933352C2241445F5A223A2D302E31373139313630303739393536303534372C2254656D70447370223A302C22537461747573223A302C2243616C69625374617465223A312C22536967416D70496E76616C6964223A307D7D, 138 
05-27 18:53:38.901   536   536 D commservice260303: Push Message into SendPool fn=775422976
05-27 18:53:38.901   536   536 D commservice260303: ComProtocolLibSend2Cluster::send2ClusterRaw fn=775422976 , len=334
05-27 18:53:38.901   536   536 D commservice260303: sendCmdToPort :334!!!
05-27 18:53:38.901   536   536 D commservice260303: send Cmd To Port ++++5AA5014A8A010004382E6A16CD327B22636F6D6D616E64223A7B226964223A22696D755F737461747573222C22737562223A22227D2C22636F6E74656E74223A7B2254696D655374616D70223A31312C224672616D65436F756E746572223A3235393739352C2247445F58223A2D302E3031313037303834333738363030313230352C2247445F59223A302E3030353830323737383532373134303631372C2247445F5A223A302E303032313337383130393233313539313232352C2241445F58223A2D302E303032313730333339323236373232373137332C2241445F59223A302E303031373938363630373237323137373933352C2241445F5A223A2D302E31373139313630303739393536303534372C2254656D70447370223A302C22537461747573223A302C2243616C69625374617465223A312C22536967416D70496E76616C6964223A307D7D9FBF
05-27 18:53:38.902   536   536 D commservice260303: bufferevent_write retrun value = 0
05-27 18:53:38.902   581   581 I SpiService: fgesysctrl_getGPIO_status success val=1
05-27 18:53:38.902   536   560 D commservice260303: client datas send succeed,send finish
05-27 18:53:38.903 13911 14192 D Sentinelmode_1.2.5.17_sentry: <SentryImuClusterFgeSender>imu_status sent to Linux, frame=259795, tsNs=11086140, tsMs=11, intervalMs=44, ad=(-0.0021703392,0.0017986607,-0.17191601), gd=(-0.011070844,0.0058027785,0.002137811)
05-27 18:53:38.908   581   581 I SpiService: fgesysctrl_getGPIO_status success val=0
05-27 18:53:38.908   481   597 I mcuc    : send SPI:6AA602DF4C0002890048
05-27 18:53:38.912 13911 14183 I SentryImuMcuAngleSender: 179.98949rollDeg
05-27 18:53:38.912 13911 14183 I SentryImuMcuAngleSender: 1,0,0
05-27 18:53:38.914  1008 30857 D [OMXB]  : usingANWBuffer: handle:0xee742ed0, format:1, w:1920, h:1080
05-27 18:53:38.923   581   581 I SpiService: fgesysctrl_getGPIO_status success val=1
05-27 18:53:38.925   299 30841 D EvsDriver: forwardFrame
05-27 18:53:38.926   572   622 I Sensors : 230 AccelSensor: x:-0.169580,y:0.000610,z:-9.973500
05-27 18:53:38.928   299 30841 D EvsDriver: Delivered 0xb400007b7ca56a60 as id 0
05-27 18:53:38.928  1167  1479 D evsmanagerd: /dev/video4 forwarded the buffer #0 to 0xb4000074bf5f6850 from 0xb4000074bf5f41d0
05-27 18:53:38.928 30773 30783 E dvr_service_: [myNum:0] Received S**** loss
05-27 18:53:38.928   581   581 I SpiService: fgesysctrl_getGPIO_status success val=1
05-27 18:53:38.928   299  1153 D EvsDriver: doneWithFrame
05-27 18:53:38.931   299 30844 D EvsDriver: forwardFrame
05-27 18:53:38.932   299 30844 D EvsDriver: Delivered 0xb400007b7ca56900 as id 0
05-27 18:53:38.932  1167  1479 D evsmanagerd: /dev/video6 forwarded the buffer #0 to 0xb4000074bf5f5510 from 0xb4000074bf5f6d90
05-27 18:53:38.932 30773 30783 E dvr_service_: [myNum:1] Received S**** loss
05-27 18:53:38.932   299  1153 D EvsDriver: doneWithFrame
05-27 08:44:48.142   581   581 D spi_rst_gpio_get_output: GPIO 145 value: 1
05-27 18:53:38.933 13911 14183 I SentryImuMcuAngleSender: 179.99649rollDeg
05-27 08:44:48.142   581   581 D spidev_ioctl: gpio status=1)
05-27 08:44:48.142     1     1 I libprocessgroup: Successfully killed process cgroup uid 0 pid 4859 in 7ms
05-27 18:53:38.933 13911 14183 I SentryImuMcuAngleSender: 1,0,0
05-27 18:53:38.933 11344 11344 E SystemUI_NavBarFragment: SysUIConfig.icCarServiceConnected：false
05-27 18:53:38.933  1008 30856 D [OMXB]  : usingANWBuffer: handle:0xee7404e0, format:1, w:1920, h:1080
05-27 18:53:38.934   581   581 I SpiService: fgesysctrl_getGPIO_status success val=1
05-27 18:53:38.939   581   581 I SpiService: fgesysctrl_getGPIO_status success val=1
05-27 18:53:38.940   536   536 D commservice260303: msg.id = 1028,0
05-27 18:53:38.940   536   536 D commservice260303: i = 170, msgid = 8A000404
05-27 18:53:38.940   536   536 D commservice260303: msgid = -1979710460,did=138
05-27 18:53:38.940   536   536 D commservice260303: CommProtocolLibCmdBaseI2C::dataproc {"command":{"id":"imu_status","sub":""},"content":{"TimeStamp":11,"FrameCounter":259796,"GD_X":-0.011147825978696346,"GD_Y":0.005879240110516548,"GD_Z":0.002443138277158141,"AD_X":-0.0033914297819137573,"AD_Y":-0.0018533548573032022,"AD_Z":-0.1682577133178711,"TempDsp":0,"Status":0,"CalibState":1,"SigAmpInvalid":0}},-1979710460
05-27 18:53:38.940   536   536 D commservice260303: send2Cluster len:317, 7B22636F6D6D616E64223A7B226964223A22696D755F737461747573222C22737562223A22227D2C22636F6E74656E74223A7B2254696D655374616D70223A31312C224672616D65436F756E746572223A3235393739362C2247445F58223A2D302E3031313134373832353937383639363334362C2247445F59223A302E3030353837393234303131303531363534382C2247445F5A223A302E3030323434333133383237373135383134312C2241445F58223A2D302E303033333931343239373831393133373537332C2241445F59223A2D302E303031383533333534383537333033323032322C2241445F5A223A2D302E313638323537373133333137383731312C2254656D70447370223A302C22537461747573223A302C2243616C69625374617465223A312C22536967416D70496E76616C6964223A307D7D, 138 
05-27 18:53:38.940   536   536 D commservice260303: Push Message into SendPool fn=792200192
05-27 18:53:38.940   536   536 D commservice260303: ComProtocolLibSend2Cluster::send2ClusterRaw fn=792200192 , len=333
05-27 18:53:38.940   536   536 D commservice260303: sendCmdToPort :333!!!
05-27 18:53:38.940   536   536 D commservice260303: send Cmd To Port ++++5AA501498A010004382F6A16CD327B22636F6D6D616E64223A7B226964223A22696D755F737461747573222C22737562223A22227D2C22636F6E74656E74223A7B2254696D655374616D70223A31312C224672616D65436F756E746572223A3235393739362C2247445F58223A2D302E3031313134373832353937383639363334362C2247445F59223A302E3030353837393234303131303531363534382C2247445F5A223A302E3030323434333133383237373135383134312C2241445F58223A2D302E303033333931343239373831393133373537332C2241445F59223A2D302E303031383533333534383537333033323032322C2241445F5A223A2D302E313638323537373133333137383731312C2254656D70447370223A302C22537461747573223A302C2243616C69625374617465223A312C22536967416D70496E76616C6964223A307D7D48BC
05-27 18:53:38.940   536   536 D commservice260303: bufferevent_write retrun value = 0
05-27 18:53:38.940   536   560 D commservice260303: client datas send succeed,send finish
05-27 18:53:38.940 13911 14192 D Sentinelmode_1.2.5.17_sentry: <SentryImuClusterFgeSender>imu_status sent to Linux, frame=259796, tsNs=11086176, tsMs=11, intervalMs=38, ad=(-0.0033914298,-0.0018533549,-0.16825771), gd=(-0.011147826,0.00587924,0.0024431383)
05-27 18:53:38.943 30773 30786 I dvr_service_: CameraX 0  audioOK: 88527156,audios:1330
05-27 18:53:38.943 30773 30786 I dvr_service_: CameraX 1  audioOK: 88527156,audios:1330
05-27 18:53:38.945   581   581 I SpiService: fgesysctrl_getGPIO_status success val=0
05-27 18:53:38.954 13911 14183 I SentryImuMcuAngleSender: 179.99649rollDeg
05-27 18:53:38.954 13911 14183 I SentryImuMcuAngleSender: 1,0,0
05-27 18:53:38.955   299 30844 D EvsDriver: forwardFrame
05-27 18:53:38.956   299 30841 D EvsDriver: forwardFrame
05-27 18:53:38.957   299 30844 D EvsDriver: Delivered 0xb400007b7ca56900 as id 0
05-27 18:53:38.957  1167  1479 D evsmanagerd: /dev/video6 forwarded the buffer #0 to 0xb4000074bf5f5510 from 0xb4000074bf5f6d90
05-27 18:53:38.957   299 30841 D EvsDriver: Delivered 0xb400007b7ca56a60 as id 0
05-27 18:53:38.957  1167  1167 D evsmanagerd: /dev/video4 forwarded the buffer #0 to 0xb4000074bf5f6850 from 0xb4000074bf5f41d0
05-27 18:53:38.959   581   581 I SpiService: fgesysctrl_getGPIO_status success val=1
05-27 18:53:38.959   299  1153 D EvsDriver: doneWithFrame
05-27 18:53:38.959   283   307 I rvcservice: t.code = 3, t.value = 0
05-27 18:53:38.962   299  1153 D EvsDriver: doneWithFrame
05-27 18:53:38.963  1008 30857 D [OMXB]  : usingANWBuffer: handle:0xee742690, format:1, w:1920, h:1080
05-27 18:53:38.964   581   581 I SpiService: fgesysctrl_getGPIO_status success val=1
05-27 18:53:38.970   581   581 I SpiService: fgesysctrl_getGPIO_status success val=1
05-27 18:53:38.974 13911 14183 I SentryImuMcuAngleSender: -179.98598rollDeg
05-27 18:53:38.975 13911 14183 I SentryImuMcuAngleSender: 1,0,0
05-27 18:53:38.976   581   581 I SpiService: fgesysctrl_getGPIO_status success val=1
05-27 18:53:39.101   581   581 I liblog  : 15
05-27 18:53:39.101   581   581 I SpiService: fgesysctrl_getGPIO_status success val=1
05-27 18:53:39.101   536   536 I liblog  : 33
05-27 18:53:39.101   536   536 D commservice260303: msg.id = 1028,1
05-27 18:53:39.101   536   536 D commservice260303: i = 170, msgid = 8A000404
05-27 18:53:39.101   536   536 D commservice260303: msgid = -1979710460,did=138
05-27 18:53:39.101   536   536 D commservice260303: CommProtocolLibCmdBaseI2C::dataproc {"command":{"id":"imu_status","sub":""},"content":{"TimeStamp":11,"FrameCounter":259800,"GD_X":-0.011682018637657166,"GD_Y":0.005420989356935024,"GD_Z":0.002443138277158141,"AD_X":-0.0021683424711227417,"AD_Y":0.0012435719836503267,"AD_Z":-0.1664266586303711,"TempDsp":0,"Status":0,"CalibState":1,"SigAmpInvalid":0}},-1979710460
05-27 18:53:39.101   536   536 D commservice260303: send2Cluster len:316, 7B22636F6D6D616E64223A7B226964223A22696D755F737461747573222C22737562223A22227D2C22636F6E74656E74223A7B2254696D655374616D70223A31312C224672616D65436F756E746572223A3235393830302C2247445F58223A2D302E3031313638323031383633373635373136362C2247445F59223A302E3030353432303938393335363933353032342C2247445F5A223A302E3030323434333133383237373135383134312C2241445F58223A2D302E303032313638333432343731313232373431372C2241445F59223A302E303031323433353731393833363530333236372C2241445F5A223A2D302E313636343236363538363330333731312C2254656D70447370223A302C22537461747573223A302C2243616C69625374617465223A312C22536967416D70496E76616C6964223A307D7D, 138 
05-27 18:53:39.101   536   536 D commservice260303: Push Message into SendPool fn=859309056
05-27 18:53:39.101   536   536 D commservice260303: ComProtocolLibSend2Cluster::send2ClusterRaw fn=859309056 , len=332
05-27 18:53:39.101   536   536 D commservice260303: sendCmdToPort :332!!!
05-27 18:53:39.101   536   536 D commservice260303: send Cmd To Port ++++5AA501488A01000438336A16CD337B22636F6D6D616E64223A7B226964223A22696D755F737461747573222C22737562223A22227D2C22636F6E74656E74223A7B2254696D655374616D70223A31312C224672616D65436F756E746572223A3235393830302C2247445F58223A2D302E3031313638323031383633373635373136362C2247445F59223A302E3030353432303938393335363933353032342C2247445F5A223A302E3030323434333133383237373135383134312C2241445F58223A2D302E303032313638333432343731313232373431372C2241445F59223A302E303031323433353731393833363530333236372C2241445F5A223A2D302E313636343236363538363330333731312C2254656D70447370223A302C22537461747573223A302C2243616C69625374617465223A312C22536967416D70496E76616C6964223A307D7D5ABC
05-27 18:53:39.112   581   581 I liblog  : 1
05-27 18:53:39.112   581   581 I SpiService: fgesysctrl_getGPIO_status success val=0
05-27 18:53:39.117 13911 14183 I liblog  : 16
05-27 18:53:39.117 13911 14183 I SentryImuMcuAngleSender: 179.98598rollDeg
05-27 18:53:39.117 13911 14183 I SentryImuMcuAngleSender: 1,0,0
