05-27 18:53:40.357   351   373 I automotive.vehicle@2.0-adayo-func-mcu: MCUFunc :sendMessageFromVehicle  msgBuff[2] = 0 
05-27 18:53:40.357   351   373 I automotive.vehicle@2.0-adayo-func-mcu: MCUFunc :sendMessageFromVehicle  msgBuff[3] = 0 
05-27 18:53:40.357   351   373 I automotive.vehicle@2.0-adayo-func-mcu: MCUFunc :sendMessageFromVehicle  msgBuff[4] = 85 
05-27 18:53:40.357 13911 14183 I McuCommManager: mcuCommSendcmd [4, 18, 1, 0, 0]
05-27 18:53:40.357   351   373 I automotive.vehicle@2.0-adayo-func-mcu: MCUFunc :sendMessageFromVehicle  msgBuff[5] = 0 
05-27 18:53:40.358 13911 14183 I SentryImuMcuAngleSender: true
05-27 18:53:40.358 13911 14183 W Sentinelmode_1.2.5.17_sentry: <SentryImuMcuAngleSender>MCU IMU send interval abnormal: 1014ms
05-27 18:53:40.358 13911 14183 I SentryImuMcuAngleSender: 179.99649rollDeg
05-27 18:53:40.358 13911 14183 I SentryImuMcuAngleSender: 1,0,0
05-27 18:53:40.360   299 30841 D EvsDriver: forwardFrame
05-27 18:53:40.362  1167  1479 D evsmanagerd: /dev/video4 forwarded the buffer #0 to 0xb4000074bf5f6850 from 0xb4000074bf5f41d0
05-27 18:53:40.362   581   581 I SpiService: fgesysctrl_getGPIO_status success val=1
05-27 08:44:49.327   581   581 D spi_rst_gpio_get_output: GPIO 145 value: 1
05-27 08:44:49.327   581   581 D spidev_ioctl: gpio status=1)
05-27 18:53:40.365 10934 10934 D adservices: Registering AdServices's TopicsManager.
05-27 18:53:40.366   299 30844 D EvsDriver: forwardFrame
05-27 18:53:40.366   283   307 I rvcservice: t.code = 1, t.value = -166530
05-27 18:53:40.369   581   581 I SpiService: fgesysctrl_getGPIO_status success val=1
05-27 18:53:40.369   299  1153 D EvsDriver: doneWithFrame
05-27 18:53:40.370  1167  1479 D evsmanagerd: /dev/video6 forwarded the buffer #0 to 0xb4000074bf5f5510 from 0xb4000074bf5f6d90
05-27 18:53:40.370   299 30844 D EvsDriver: Delivered 0xb400007b7ca56900 as id 0
05-27 08:44:49.333   581   581 D spi_rst_gpio_get_output: GPIO 145 value: 1
05-27 08:44:49.333   581   581 D spidev_ioctl: gpio status=1)
05-27 18:53:40.372   299 30841 D EvsDriver: Delivered 0xb400007b7ca56a60 as id 0
05-27 18:53:40.375   581   581 I SpiService: fgesysctrl_getGPIO_status success val=1
05-27 08:44:49.340   581   581 D spi_rst_gpio_get_output: GPIO 145 value: 1
05-27 08:44:49.340   581   581 D spidev_ioctl: gpio status=1)
05-27 18:53:40.377   299  1153 D EvsDriver: doneWithFrame
05-27 18:53:40.378  1008 30857 D [OMXB]  : usingANWBuffer: handle:0xee740bc0, format:1, w:1920, h:1080
05-27 18:53:40.378   536   536 D commservice260303: msg.id = 1028,3
05-27 18:53:40.378   536   536 D commservice260303: i = 170, msgid = 8A000404
05-27 18:53:40.378 13911 14183 I SentryImuMcuAngleSender: 179.98949rollDeg
05-27 18:53:40.378   536   536 D commservice260303: msgid = -1979710460,did=138
05-27 18:53:40.378 13911 14183 I SentryImuMcuAngleSender: 1,0,0
05-27 18:53:40.378 10934 10934 D CompatibilityInfo: applyToConfigurationCompat inoutConfig.densityDpi= 160
05-27 18:53:40.378   536   536 D commservice260303: CommProtocolLibCmdBaseI2C::dataproc {"command":{"id":"imu_status","sub":""},"content":{"TimeStamp":11,"FrameCounter":259830,"GD_X":-0.011147825978696346,"GD_Y":0.005573912989348173,"GD_Z":0.002213752595707774,"AD_X":-0.0057811737060546875,"AD_Y":-0.0016688279574736953,"AD_Z":-0.1682577133178711,"TempDsp":0,"Status":0,"CalibState":1,"SigAmpInvalid":0}},-1979710460
05-27 18:53:40.379   536   536 D commservice260303: send2Cluster len:317, 7B22636F6D6D616E64223A7B226964223A22696D755F737461747573222C22737562223A22227D2C22636F6E74656E74223A7B2254696D655374616D70223A31312C224672616D65436F756E746572223A3235393833302C2247445F58223A2D302E3031313134373832353937383639363334362C2247445F59223A302E3030353537333931323938393334383137332C2247445F5A223A302E3030323231333735323539353730373737342C2241445F58223A2D302E303035373831313733373036303534363837352C2241445F59223A2D302E303031363638383237393537343733363935332C2241445F5A223A2D302E313638323537373133333137383731312C2254656D70447370223A302C22537461747573223A302C2243616C69625374617465223A312C22536967416D70496E76616C6964223A307D7D, 138 
05-27 18:53:40.379   536   536 D commservice260303: Push Message into SendPool fn=1379402752
05-27 18:53:40.379   536   536 D commservice260303: ComProtocolLibSend2Cluster::send2ClusterRaw fn=1379402752 , len=333
05-27 18:53:40.379   536   536 D commservice260303: sendCmdToPort :333!!!
05-27 18:53:40.379   536   536 D commservice260303: send Cmd To Port ++++5AA501498A01000438526A16CD347B22636F6D6D616E64223A7B226964223A22696D755F737461747573222C22737562223A22227D2C22636F6E74656E74223A7B2254696D655374616D70223A31312C224672616D65436F756E746572223A3235393833302C2247445F58223A2D302E3031313134373832353937383639363334362C2247445F59223A302E3030353537333931323938393334383137332C2247445F5A223A302E3030323231333735323539353730373737342C2241445F58223A2D302E303035373831313733373036303534363837352C2241445F59223A2D302E303031363638383237393537343733363935332C2241445F5A223A2D302E313638323537373133333137383731312C2254656D70447370223A302C22537461747573223A302C2243616C69625374617465223A312C22536967416D70496E76616C6964223A307D7DB4D9
05-27 18:53:40.379   536   536 D commservice260303: bufferevent_write retrun value = 0
05-27 18:53:40.379 13911 14192 D Sentinelmode_1.2.5.17_sentry: <SentryImuClusterFgeSender>imu_status sent to Linux, frame=259830, tsNs=11087602, tsMs=11, intervalMs=54, ad=(-0.0057811737,-0.001668828,-0.16825771), gd=(-0.011147826,0.005573913,0.0022137526)
05-27 18:53:40.382   581   581 I SpiService: fgesysctrl_getGPIO_status success val=0
05-27 18:53:40.382   536   560 D commservice260303: client datas send succeed,send finish
05-27 18:53:40.382   481   597 I mcuc    : send SPI:6AA602DF5300028305426AA6007A30000504120100003A
05-27 08:44:49.346   581   581 D spi_rst_gpio_get_output: GPIO 145 value: 0
05-27 08:44:49.346   581   581 D spidev_ioctl: gpio status=0)
05-27 08:44:49.349   303   303 I [Audio:SBLCK] p_tt: 1433230,1433230
05-27 18:53:40.388   566 11459 I gps_hdbd: Received: '$GNGGA,010931.000,,,,,0,00,,,M,,M,,*6C
'
05-27 18:53:40.390   299 30841 D EvsDriver: forwardFrame
05-27 18:53:40.391   299 30841 D EvsDriver: Delivered 0xb400007b7ca56a60 as id 0
05-27 18:53:40.391  1167  1479 D evsmanagerd: /dev/video4 forwarded the buffer #0 to 0xb4000074bf5f6850 from 0xb4000074bf5f41d0
05-27 18:53:40.393   566 11459 I gps_hdbd: Received: '$GNGSA,A,1,,,,,,,,,,,,,,,,1*1D
'
05-27 18:53:40.394 10188 10659 I am_pss  : [13507,1000,com.adayo.fotaapp,10848256,8867840,14336,96485376,0,0,16]
05-27 18:53:40.394  1008 30856 D [OMXB]  : usingANWBuffer: handle:0xee744b00, format:1, w:1920, h:1080
05-27 08:44:49.361   581   581 D spi_rst_gpio_get_output: GPIO 145 value: 1
05-27 08:44:49.361   581   581 D spidev_ioctl: gpio status=1)
05-27 18:53:40.395   299 30844 D EvsDriver: forwardFrame
05-27 18:53:40.397   581   581 I SpiService: fgesysctrl_getGPIO_status success val=1
05-27 18:53:40.397   299 30844 D EvsDriver: Delivered 0xb400007b7ca56900 as id 0
05-27 18:53:40.397  1167  1479 D evsmanagerd: /dev/video6 forwarded the buffer #0 to 0xb4000074bf5f5510 from 0xb4000074bf5f6d90
05-27 18:53:40.399   299  1153 D EvsDriver: doneWithFrame
05-27 18:53:40.400   299  1153 D EvsDriver: doneWithFrame
05-27 18:53:40.401   594   594 E vendor.sprd.hardware.memtrack-service: MemTrack_DEBUG--Open mali gpu_memory failed
05-27 18:53:40.401 13911 14183 I SentryImuMcuAngleSender: 179.98949rollDeg
05-27 18:53:40.401 13911 14183 I SentryImuMcuAngleSender: 1,0,0
05-27 18:53:40.401   572   572 I Sensors : 230 GyroSensor: x:-0.011224,y:0.005039,z:0.001985
05-27 18:53:40.401   566 11459 I gps_hdbd: Received: '$GNGSA,A,1,,,,,,,,,,,,,,,,3*1F
'
05-27 18:53:40.402   581   581 I SpiService: fgesysctrl_getGPIO_status success val=1
05-27 18:53:40.402   566 11459 I gps_hdbd: Received: '$GNGSA,A,1,,,,,,,,,,,,,,,,4*18
'
05-27 18:53:40.404   566 11459 I gps_hdbd: Received: '$BDGSV,1,1,00,1*75
'
05-27 18:53:40.404   566 11459 I gps_hdbd: Received: '$BDGSV,1,1,00,5*71
'
05-27 08:44:49.367   581   581 D spi_rst_gpio_get_output: GPIO 145 value: 1
05-27 08:44:49.367   581   581 D spidev_ioctl: gpio status=1)
05-27 18:53:40.405   566 11459 I gps_hdbd: Received: '$GPGSV,1,1,01,199,42,165,,1*60
'
05-27 18:53:40.406 10188 23768 I DexManager: com.anwsdk.service loads from null-0 : 0 : /system/framework/javax.obex.jar
05-27 18:53:40.406 10188 23768 I DexManager: Could not find owning package for dex file: /system/framework/javax.obex.jar
05-27 18:53:40.408   581   581 I SpiService: fgesysctrl_getGPIO_status success val=1
05-27 08:44:49.372   581   581 D spi_rst_gpio_get_output: GPIO 145 value: 1
05-27 08:44:49.372   581   581 D spidev_ioctl: gpio status=1)
05-27 18:53:40.410   566 11459 I gps_hdbd: Received: '$GPGSV,1,1,00,8*6D
'
05-27 18:53:40.411   566 11459 I gps_hdbd: Received: '$GAGSV,1,1,00,7*73
'
05-27 18:53:40.413   581   581 I SpiService: fgesysctrl_getGPIO_status success val=1
05-27 18:53:40.416   566 11459 I gps_hdbd: Received: '$GAGSV,1,1,00,1*75
'
05-27 08:44:49.378   581   581 D spi_rst_gpio_get_output: GPIO 145 value: 1
05-27 08:44:49.378   581   581 D spidev_ioctl: gpio status=1)
05-27 18:53:40.418   536   536 D commservice260303: msg.id = 1028,0
05-27 18:53:40.418   536   536 D commservice260303: i = 170, msgid = 8A000404
05-27 18:53:40.418   536   536 D commservice260303: msgid = -1979710460,did=138
05-27 18:53:40.418   536   536 D commservice260303: CommProtocolLibCmdBaseI2C::dataproc {"command":{"id":"imu_status","sub":""},"content":{"TimeStamp":11,"FrameCounter":259831,"GD_X":-0.012063807807862759,"GD_Y":0.00519212381914258,"GD_Z":0.0020608289632946253,"AD_X":-0.005152195692062378,"AD_Y":-0.0016583394026383758,"AD_Z":-0.16886615753173828,"TempDsp":0,"Status":0,"CalibState":1,"SigAmpInvalid":0}},-1979710460
05-27 18:53:40.418 10934 10934 W .service:remote: ClassLoaderContext shared library size mismatch. Expected=0, found=1 (PCL[] | PCL[]{PCL[/system/framework/javax.obex.jar*2267184930]})
05-27 18:53:40.418   536   536 D commservice260303: send2Cluster len:317, 7B22636F6D6D616E64223A7B226964223A22696D755F737461747573222C22737562223A22227D2C22636F6E74656E74223A7B2254696D655374616D70223A31312C224672616D65436F756E746572223A3235393833312C2247445F58223A2D302E3031323036333830373830373836323735392C2247445F59223A302E30303531393231323338313931343235382C2247445F5A223A302E303032303630383238393633323934363235332C2241445F58223A2D302E3030353135323139353639323036323337382C2241445F59223A2D302E303031363538333339343032363338333735382C2241445F5A223A2D302E31363838363631353735333137333832382C2254656D70447370223A302C22537461747573223A302C2243616C69625374617465223A312C22536967416D70496E76616C6964223A307D7D, 138 
05-27 18:53:40.418   536   536 D commservice260303: Push Message into SendPool fn=1396179968
05-27 18:53:40.418   536   536 D commservice260303: ComProtocolLibSend2Cluster::send2ClusterRaw fn=1396179968 , len=333
05-27 18:53:40.418   536   536 D commservice260303: sendCmdToPort :333!!!
05-27 18:53:40.419   536   536 D commservice260303: send Cmd To Port ++++5AA501498A01000438536A16CD347B22636F6D6D616E64223A7B226964223A22696D755F737461747573222C22737562223A22227D2C22636F6E74656E74223A7B2254696D655374616D70223A31312C224672616D65436F756E746572223A3235393833312C2247445F58223A2D302E3031323036333830373830373836323735392C2247445F59223A302E30303531393231323338313931343235382C2247445F5A223A302E303032303630383238393633323934363235332C2241445F58223A2D302E3030353135323139353639323036323337382C2241445F59223A2D302E303031363538333339343032363338333735382C2241445F5A223A2D302E31363838363631353735333137333832382C2254656D70447370223A302C22537461747573223A302C2243616C69625374617465223A312C22536967416D70496E76616C6964223A307D7DC46E
05-27 18:53:40.419   581   581 I SpiService: fgesysctrl_getGPIO_status success val=1
05-27 18:53:40.419   536   536 D commservice260303: bufferevent_write retrun value = 0
05-27 18:53:40.419   536   560 D commservice260303: client datas send succeed,send finish
05-27 18:53:40.420 13911 14192 D Sentinelmode_1.2.5.17_sentry: <SentryImuClusterFgeSender>imu_status sent to Linux, frame=259831, tsNs=11087663, tsMs=11, intervalMs=40, ad=(-0.0051521957,-0.0016583394,-0.16886616), gd=(-0.012063808,0.005192124,0.002060829)
05-27 08:44:49.384   581   581 D spi_rst_gpio_get_output: GPIO 145 value: 1
05-27 08:44:49.384   581   581 D spidev_ioctl: gpio status=1)
05-27 18:53:40.421   299 30844 D EvsDriver: forwardFrame
05-27 18:53:40.422   566 11459 I gps_hdbd: Received: '$GNRMC,010931.000,V,,,,,,,270526,120.0,E,N,V*4F
'
05-27 18:53:40.423   299 30844 D EvsDriver: Delivered 0xb400007b7ca56900 as id 0
05-27 18:53:40.423  1167  1479 D evsmanagerd: /dev/video6 forwarded the buffer #0 to 0xb4000074bf5f5510 from 0xb4000074bf5f6d90
05-27 18:53:40.423 13911 14183 I SentryImuMcuAngleSender: 179.99649rollDeg
05-27 08:44:49.389   581   581 D spi_rst_gpio_get_output: GPIO 145 value: 0
05-27 08:44:49.389   581   581 D spidev_ioctl: gpio status=0)
05-27 18:53:40.423   566 11459 I gps_hdbd: RMC : CALL gnss_sv_status_cb, view_in_sat <1>
05-27 18:53:40.423   566 11459 I gps_hdbd: [reportSvStatus]--->PLATFORM_BSP::Enter
05-27 18:53:40.423 30773 30773 E dvr_service_: [myNum:1] Received S**** loss
05-27 18:53:40.423 13911 14183 I SentryImuMcuAngleSender: 1,0,0
05-27 18:53:40.424   566 11459 I gps_hdbd: hy abnormal deal:hy_cnr30_satellite_cnt=0
05-27 18:53:40.424   566 11459 D gps_hdbd: hy abnormal deal:hy_fixStatus_fail_count=0
05-27 18:53:40.424   566 11459 I gps_hdbd: Received: '$GNZDA,010931.000,27,05,2026,00,00*44
'
05-27 18:53:40.424   299  1153 D EvsDriver: doneWithFrame
05-27 18:53:40.424   581   581 I SpiService: fgesysctrl_getGPIO_status success val=0
05-27 18:53:40.425  1083  1083 W MyAppLog: [2026-05-27 18:53:40.424 W tboxap gpsSyncGpsInfoToDm:361] [Gps] [gpsSyncGpsInfoToDm] fix=0 mode=49 corner:0x01 alt=0.00 sat=0 hdop=0.00 pdop=0.00 vdop=0.00
05-27 18:53:40.427   299 30841 D EvsDriver: forwardFrame
05-27 18:53:40.428   299 30841 D EvsDriver: Delivered 0xb400007b7ca56a60 as id 0
05-27 18:53:40.428  1167  1479 D evsmanagerd: /dev/video4 forwarded the buffer #0 to 0xb4000074bf5f6850 from 0xb4000074bf5f41d0
05-27 18:53:40.429 10188 23768 I DexManager: com.anwsdk.service loads from com.anwsdk.service-1 : 0 : /system/app/BluetoothExt/BluetoothExt.apk
05-27 18:53:40.433  1008 30856 D [OMXB]  : usingANWBuffer: handle:0xee7416c0, format:1, w:1920, h:1080
05-27 18:53:40.434 30773 30773 E dvr_service_: [myNum:0] Received S**** loss
05-27 18:53:40.436   299  1153 D EvsDriver: doneWithFrame
05-27 18:53:40.439   581   581 I SpiService: fgesysctrl_getGPIO_status success val=1
05-27 08:44:49.403   581   581 D spi_rst_gpio_get_output: GPIO 145 value: 1
05-27 08:44:49.404   581   581 D spidev_ioctl: gpio status=1)
05-27 18:53:40.441 10188 10659 I am_pss  : [13463,1000,com.adayo.fotaservice,16321536,14131200,14336,106852352,0,0,15]
05-27 18:53:40.442 10934 10934 D CompatibilityInfo: applyToConfigurationCompat inoutConfig.densityDpi= 160
05-27 18:53:40.443   594   594 E vendor.sprd.hardware.memtrack-service: MemTrack_DEBUG--Open mali gpu_memory failed
05-27 18:53:40.443 13911 14183 I SentryImuMcuAngleSender: 179.99298rollDeg
05-27 18:53:40.443 13911 14183 I SentryImuMcuAngleSender: 1,0,0
05-27 08:44:49.409   581   581 D spi_rst_gpio_get_output: GPIO 145 value: 1
05-27 08:44:49.409   581   581 D spidev_ioctl: gpio status=1)
05-27 18:53:40.445   581   581 I SpiService: fgesysctrl_getGPIO_status success val=1
05-27 18:53:40.446   566 11459 I gps_hdbd: Received: '$GNINS,1,1,TYPE,I,V,010931.000,19682000,FUS,-19,0,0,0,MOT,V,1,PATT,0.00,0.00,0.00,VEL,0.000,0.000,0.000,POS,40.0001330924,116.0001570688,84.176,IIA,1,0.00,0.00,0.00,BGA,0.31,-0.66,-0.13,0.000,0.000,0.000,IGA,0,-1,0,0,-2,98,VG,16c2ff1*26
'
05-27 18:53:40.447  1008 30857 D [OMXB]  : usingANWBuffer: handle:0xee743190, format:1, w:1920, h:1080
05-27 18:53:40.451   581   581 I SpiService: fgesysctrl_getGPIO_status success val=1
05-27 08:44:49.416   581   581 D spi_rst_gpio_get_output: GPIO 145 value: 1
05-27 08:44:49.416   581   581 D spidev_ioctl: gpio status=1)
05-27 18:53:40.457   581   581 I SpiService: fgesysctrl_getGPIO_status success val=1
05-27 18:53:40.458   566 11459 I gps_hdbd: Received: '$GNINS,CARSPEED,ADR_STATUS,0,Pulse_count,0,1,0,0,19682000,110670,0.000,0.000,0.000*03
'
05-27 18:53:40.458   299 30844 D EvsDriver: forwardFrame
05-27 18:53:40.460   536   536 D commservice260303: msg.id = 1028,1
05-27 18:53:40.460   536   536 D commservice260303: i = 170, msgid = 8A000404
05-27 18:53:40.460   536   536 D commservice260303: msgid = -1979710460,did=138
05-27 18:53:40.460   536   536 D commservice260303: CommProtocolLibCmdBaseI2C::dataproc {"command":{"id":"imu_status","sub":""},"content":{"TimeStamp":11,"FrameCounter":259832,"GD_X":-0.011834942735731602,"GD_Y":0.004656890872865915,"GD_Z":0.0018319635419175029,"AD_X":-0.0063613057136535645,"AD_Y":-0.0010446126107126474,"AD_Z":-0.1670370101928711,"TempDsp":0,"Status":0,"CalibState":1,"SigAmpInvalid":0}},-1979710460
05-27 18:53:40.460   536   536 D commservice260303: send2Cluster len:318, 7B22636F6D6D616E64223A7B226964223A22696D755F737461747573222C22737562223A22227D2C22636F6E74656E74223A7B2254696D655374616D70223A31312C224672616D65436F756E746572223A3235393833322C2247445F58223A2D302E3031313833343934323733353733313630322C2247445F59223A302E3030343635363839303837323836353931352C2247445F5A223A302E303031383331393633353431393137353032392C2241445F58223A2D302E303036333631333035373133363533353634352C2241445F59223A2D302E303031303434363132363130373132363437342C2241445F5A223A2D302E313637303337303130313932383731312C2254656D70447370223A302C22537461747573223A302C2243616C69625374617465223A312C22536967416D70496E76616C6964223A307D7D, 138 
05-27 18:53:40.460   536   536 D commservice260303: Push Message into SendPool fn=1412957184
05-27 18:53:40.460   536   536 D commservice260303: ComProtocolLibSend2Cluster::send2ClusterRaw fn=1412957184 , len=334
05-27 18:53:40.460   536   536 D commservice260303: sendCmdToPort :334!!!
05-27 08:44:49.422   581   581 D spi_rst_gpio_get_output: GPIO 145 value: 1
05-27 08:44:49.422   581   581 D spidev_ioctl: gpio status=1)
05-27 18:53:40.460   299 30844 D EvsDriver: Delivered 0xb400007b7ca56900 as id 0
05-27 18:53:40.460   536   536 D commservice260303: send Cmd To Port ++++5AA5014A8A01000438546A16CD347B22636F6D6D616E64223A7B226964223A22696D755F737461747573222C22737562223A22227D2C22636F6E74656E74223A7B2254696D655374616D70223A31312C224672616D65436F756E746572223A3235393833322C2247445F58223A2D302E3031313833343934323733353733313630322C2247445F59223A302E3030343635363839303837323836353931352C2247445F5A223A302E303031383331393633353431393137353032392C2241445F58223A2D302E303036333631333035373133363533353634352C2241445F59223A2D302E303031303434363132363130373132363437342C2241445F5A223A2D302E313637303337303130313932383731312C2254656D70447370223A302C22537461747573223A302C2243616C69625374617465223A312C22536967416D70496E76616C6964223A307D7DEDBE
05-27 18:53:40.460   536   536 D commservice260303: bufferevent_write retrun value = 0
05-27 18:53:40.461   536   560 D commservice260303: client datas send succeed,send finish
05-27 18:53:40.461  1167  1479 D evsmanagerd: /dev/video6 forwarded the buffer #0 to 0xb4000074bf5f5510 from 0xb4000074bf5f6d90
05-27 18:53:40.463 13911 14192 D Sentinelmode_1.2.5.17_sentry: <SentryImuClusterFgeSender>imu_status sent to Linux, frame=259832, tsNs=11087685, tsMs=11, intervalMs=43, ad=(-0.0063613057,-0.0010446126,-0.16703701), gd=(-0.011834943,0.004656891,0.0018319635)
05-27 18:53:40.463   581   581 I SpiService: fgesysctrl_getGPIO_status success val=1
05-27 18:53:40.464   299 30841 D EvsDriver: forwardFrame
05-27 18:53:40.464   566 11459 I gps_hdbd: Received: '$GNTXT,04,01,04,INS,V,1,,,,FLG,1,000000,1,0,1,0,0,Con,0*71
'
05-27 18:53:40.464   566 11459 I gps_hdbd: Received: '$GNTXT,INSTALL,0.00,0.00,0.00,0.00,0.00,0.00,0*20
'
05-27 08:44:49.428   581   581 D spi_rst_gpio_get_output: GPIO 145 value: 1
05-27 08:44:49.428   581   581 D spidev_ioctl: gpio status=1)
05-27 18:53:40.465   299  1153 D EvsDriver: doneWithFrame
05-27 18:53:40.465 13911 14183 I SentryImuMcuAngleSender: 179.99298rollDeg
05-27 18:53:40.466 13911 14183 I SentryImuMcuAngleSender: 1,0,0
05-27 18:53:40.466   283   307 I rvcservice: t.code = 3, t.value = 0
05-27 18:53:40.467   299 30841 D EvsDriver: Delivered 0xb400007b7ca56a60 as id 0
05-27 18:53:40.467  1167  1479 D evsmanagerd: /dev/video4 forwarded the buffer #0 to 0xb4000074bf5f6850 from 0xb4000074bf5f41d0
05-27 18:53:40.469   581   581 I SpiService: fgesysctrl_getGPIO_status success val=0
05-27 08:44:49.434   581   581 D spi_rst_gpio_get_output: GPIO 145 value: 0
05-27 08:44:49.434   581   581 D spidev_ioctl: gpio status=0)
05-27 18:53:40.471 10934 10934 D libEGL  : <.service:remote>[setCacheFilename]: file=/data/user_de/0/com.anwsdk.service/code_cache/com.android.opengl.shaders_cache
05-27 18:53:40.475 10188 10659 I am_pss  : [12564,10071,com.yadea.apf.gesture,9412608,7462912,14336,93589504,0,0,16]
05-27 18:53:40.476   594   594 E vendor.sprd.hardware.memtrack-service: MemTrack_DEBUG--Open mali gpu_memory failed
05-27 18:53:40.479   351   351 D DefaultVehicleHal: setProperty setValues start
05-27 18:53:40.479   351   351 D 2026-5-19:FakeVehicleHardware: setProperty FakeVehicleHardware  ID: 0x11500f31
05-27 18:53:40.479   299  1153 D EvsDriver: doneWithFrame
05-27 18:53:40.479   351   351 D 2026-5-19:FakeVehicleHardware: setProperty id:0x11500f31,value:11087729
05-27 18:53:40.479   351   351 D DefaultVehicleHal: setProperty setValues end
05-27 18:53:40.479  1008 30856 D [OMXB]  : usingANWBuffer: handle:0xee743be0, format:1, w:1920, h:1080
05-27 18:53:40.480   351   368 D 2026-5-19:FakeVehicleHardware: setProperty FakeVehicleHardware  setValue START
05-27 18:53:40.480   351   368 D 2026-5-19:FakeVehicleHardware: setProperty FakeVehicleHardware  setValue end
05-27 08:44:49.449   581   581 D spi_rst_gpio_get_output: GPIO 145 value: 1
05-27 08:44:49.449   581   581 D spidev_ioctl: gpio status=1)
05-27 18:53:40.485   581   581 I SpiService: fgesysctrl_getGPIO_status success val=1
05-27 18:53:40.486 13911 14183 I SentryImuMcuAngleSender: 179.97899rollDeg
05-27 18:53:40.486 13911 14183 I SentryImuMcuAngleSender: 1,0,0
05-27 08:44:49.455   581   581 D spi_rst_gpio_get_output: GPIO 145 value: 1
05-27 08:44:49.455   581   581 D spidev_ioctl: gpio status=1)
05-27 08:44:49.461   581   581 D spi_rst_gpio_get_output: GPIO 145 value: 1
05-27 08:44:49.461   581   581 D spidev_ioctl: gpio status=1)
05-27 08:44:49.467   581   581 D spi_rst_gpio_get_output: GPIO 145 value: 1
05-27 08:44:49.467   581   581 D spidev_ioctl: gpio status=1)
05-27 18:53:40.491   581   581 I SpiService: fgesysctrl_getGPIO_status success val=1
05-27 18:53:40.492   299 30841 D EvsDriver: forwardFrame
05-27 18:53:40.493   299 30841 D EvsDriver: Delivered 0xb400007b7ca56a60 as id 0
05-27 18:53:40.493  1167  1479 D evsmanagerd: /dev/video4 forwarded the buffer #0 to 0xb4000074bf5f6850 from 0xb4000074bf5f41d0
05-27 18:53:40.494   299 30844 D EvsDriver: forwardFrame
05-27 18:53:40.494   572   572 I Sensors : 230 AccelSensor: x:-0.169580,y:0.004270,z:-9.974720
05-27 18:53:40.496   299  1153 D EvsDriver: doneWithFrame
05-27 18:53:40.496  1167  1479 D evsmanagerd: /dev/video6 forwarded the buffer #0 to 0xb4000074bf5f5510 from 0xb4000074bf5f6d90
05-27 18:53:40.496   299 30844 D EvsDriver: Delivered 0xb400007b7ca56900 as id 0
05-27 08:44:49.472   581   581 D spi_rst_gpio_get_output: GPIO 145 value: 0
05-27 18:53:40.496   581   581 I SpiService: fgesysctrl_getGPIO_status success val=1
05-27 18:53:40.499  1008 30857 D [OMXB]  : usingANWBuffer: handle:0xee745760, format:1, w:1920, h:1080
05-27 18:53:40.499   536   536 D commservice260303: msg.id = 1028,1
05-27 18:53:40.499   536   536 D commservice260303: i = 170, msgid = 8A000404
05-27 18:53:40.500   536   536 D commservice260303: msgid = -1979710460,did=138
05-27 18:53:40.500   536   536 D commservice260303: CommProtocolLibCmdBaseI2C::dataproc {"command":{"id":"imu_status","sub":""},"content":{"TimeStamp":11,"FrameCounter":259833,"GD_X":-0.012139749713242054,"GD_Y":0.005345047451555729,"GD_Z":0.002519079949706793,"AD_X":-0.0032939612865448,"AD_Y":0.0019862158223986626,"AD_Z":-0.1694812774658203,"TempDsp":0,"Status":0,"CalibState":1,"SigAmpInvalid":0}},-1979710460
05-27 18:53:40.500   299  1153 D EvsDriver: doneWithFrame
05-27 18:53:40.500   536   536 D commservice260303: send2Cluster len:313, 7B22636F6D6D616E64223A7B226964223A22696D755F737461747573222C22737562223A22227D2C22636F6E74656E74223A7B2254696D655374616D70223A31312C224672616D65436F756E746572223A3235393833332C2247445F58223A2D302E3031323133393734393731333234323035342C2247445F59223A302E3030353334353034373435313535353732392C2247445F5A223A302E3030323531393037393934393730363739332C2241445F58223A2D302E303033323933393631323836353434382C2241445F59223A302E303031393836323135383232333938363632362C2241445F5A223A2D302E313639343831323737343635383230332C2254656D70447370223A302C22537461747573223A302C2243616C69625374617465223A312C22536967416D70496E76616C6964223A307D7D, 138 
05-27 18:53:40.500   536   536 D commservice260303: Push Message into SendPool fn=1429734400
05-27 18:53:40.500   536   536 D commservice260303: ComProtocolLibSend2Cluster::send2ClusterRaw fn=1429734400 , len=329
05-27 18:53:40.500   536   536 D commservice260303: sendCmdToPort :329!!!
05-27 18:53:40.500   536   536 D commservice260303: send Cmd To Port ++++5AA501458A01000438556A16CD347B22636F6D6D616E64223A7B226964223A22696D755F737461747573222C22737562223A22227D2C22636F6E74656E74223A7B2254696D655374616D70223A31312C224672616D65436F756E746572223A3235393833332C2247445F58223A2D302E3031323133393734393731333234323035342C2247445F59223A302E3030353334353034373435313535353732392C2247445F5A223A302E3030323531393037393934393730363739332C2241445F58223A2D302E303033323933393631323836353434382C2241445F59223A302E303031393836323135383232333938363632362C2241445F5A223A2D302E313639343831323737343635383230332C2254656D70447370223A302C22537461747573223A302C2243616C69625374617465223A312C22536967416D70496E76616C6964223A307D7DEF84
05-27 18:53:40.500   536   536 D commservice260303: bufferevent_write retrun value = 0
05-27 18:53:40.501 13911 14192 D Sentinelmode_1.2.5.17_sentry: <SentryImuClusterFgeSender>imu_status sent to Linux, frame=259833, tsNs=11087744, tsMs=11, intervalMs=38, ad=(-0.0032939613,0.0019862158,-0.16948128), gd=(-0.01213975,0.0053450475,0.00251908)
05-27 18:53:40.501   536   560 D commservice260303: client datas send succeed,send finish
05-27 18:53:40.502   581   581 I SpiService: fgesysctrl_getGPIO_status success val=1
05-27 18:53:40.504 10934 10934 I service_manager_slow: [10,netstats]
05-27 18:53:40.504 10188 10659 I am_pss  : [11722,1000,com.anwsdk.service,15717376,8790016,4253696,95502336,0,0,15]
05-27 08:44:49.472   581   581 D spidev_ioctl: gpio status=0)
05-27 18:53:40.506 13911 14183 I SentryImuMcuAngleSender: 179.97546rollDeg
05-27 18:53:40.507 13911 14183 I SentryImuMcuAngleSender: 1,0,0
05-27 18:53:40.507   594   594 E vendor.sprd.hardware.memtrack-service: MemTrack_DEBUG--Open mali gpu_memory failed
05-27 18:53:40.508   581   581 I SpiService: fgesysctrl_getGPIO_status success val=0
05-27 18:53:40.511 10934 10934 D NetworkSecurityConfig: No Network Security Config specified, using platform default
05-27 18:53:40.515 10934 10934 D NetworkSecurityConfig: No Network Security Config specified, using platform default
05-27 18:53:40.518   299 30841 D EvsDriver: forwardFrame
05-27 08:44:49.487   581   581 D spi_rst_gpio_get_output: GPIO 145 value: 1
05-27 18:53:40.521  1167  1479 D evsmanagerd: /dev/video4 forwarded the buffer #0 to 0xb4000074bf5f6850 from 0xb4000074bf5f41d0
05-27 18:53:40.521   299 30841 D EvsDriver: Delivered 0xb400007b7ca56a60 as id 0
05-27 18:53:40.523   581   581 I SpiService: fgesysctrl_getGPIO_status success val=1
05-27 18:53:40.526   299  1153 D EvsDriver: doneWithFrame
05-27 18:53:40.528 13911 14183 I SentryImuMcuAngleSender: 179.96846rollDeg
05-27 18:53:40.528 13911 14183 I SentryImuMcuAngleSender: 1,0,0
05-27 18:53:40.528   299 30844 D EvsDriver: forwardFrame
05-27 18:53:40.529   581   581 I SpiService: fgesysctrl_getGPIO_status success val=1
05-27 18:53:40.529  1167  1479 D evsmanagerd: /dev/video6 forwarded the buffer #0 to 0xb4000074bf5f5510 from 0xb4000074bf5f6d90
05-27 18:53:40.530   299 30844 D EvsDriver: Delivered 0xb400007b7ca56900 as id 0
05-27 18:53:40.530 10188 10659 I am_pss  : [11696,1001,com.android.phone,32856064,28921856,722944,133607424,0,0,21]
05-27 18:53:40.530   351   515 W automotive.vehicle@2.0-adayo-func-bcm: BCMFunc sendMessageFromClient_l sendMessage prop: 0x11500f31 not in table
05-27 18:53:40.532   594   594 E vendor.sprd.hardware.memtrack-service: MemTrack_DEBUG--Open mali gpu_memory failed
05-27 18:53:40.534   581   581 I SpiService: fgesysctrl_getGPIO_status success val=1
05-27 18:53:40.534  1008 30856 D [OMXB]  : usingANWBuffer: handle:0xee7427f0, format:1, w:1920, h:1080
05-27 18:53:40.536   299  1153 D EvsDriver: doneWithFrame
05-27 18:53:40.540   581   581 I SpiService: fgesysctrl_getGPIO_status success val=1
05-27 18:53:40.540   536   536 D commservice260303: msg.id = 1028,0
05-27 18:53:40.540   536   536 D commservice260303: i = 170, msgid = 8A000404
05-27 18:53:40.540   536   536 D commservice260303: msgid = -1979710460,did=138
05-27 18:53:40.540   536   536 D commservice260303: CommProtocolLibCmdBaseI2C::dataproc {"command":{"id":"imu_status","sub":""},"content":{"TimeStamp":11,"FrameCounter":259834,"GD_X":-0.011910883709788322,"GD_Y":0.005039200186729431,"GD_Z":0.0019079053308814764,"AD_X":-0.005111023783683777,"AD_Y":0.0044018905609846115,"AD_Z":-0.16826248168945312,"TempDsp":0,"Status":0,"CalibState":1,"SigAmpInvalid":0}},-1979710460
05-27 18:53:40.540   536   536 D commservice260303: send2Cluster len:317, 7B22636F6D6D616E64223A7B226964223A22696D755F737461747573222C22737562223A22227D2C22636F6E74656E74223A7B2254696D655374616D70223A31312C224672616D65436F756E746572223A3235393833342C2247445F58223A2D302E3031313931303838333730393738383332322C2247445F59223A302E3030353033393230303138363732393433312C2247445F5A223A302E303031393037393035333330383831343736342C2241445F58223A2D302E3030353131313032333738333638333737372C2241445F59223A302E303034343031383930353630393834363131352C2241445F5A223A2D302E31363832363234383136383934353331322C2254656D70447370223A302C22537461747573223A302C2243616C69625374617465223A312C22536967416D70496E76616C6964223A307D7D, 138 
05-27 18:53:40.540   536   536 D commservice260303: Push Message into SendPool fn=1446511616
05-27 18:53:40.541   536   536 D commservice260303: ComProtocolLibSend2Cluster::send2ClusterRaw fn=1446511616 , len=333
05-27 18:53:40.541   536   536 D commservice260303: sendCmdToPort :333!!!
05-27 18:53:40.541   536   536 D commservice260303: send Cmd To Port ++++5AA501498A01000438566A16CD347B22636F6D6D616E64223A7B226964223A22696D755F737461747573222C22737562223A22227D2C22636F6E74656E74223A7B2254696D655374616D70223A31312C224672616D65436F756E746572223A3235393833342C2247445F58223A2D302E3031313931303838333730393738383332322C2247445F59223A302E3030353033393230303138363732393433312C2247445F5A223A302E303031393037393035333330383831343736342C2241445F58223A2D302E3030353131313032333738333638333737372C2241445F59223A302E303034343031383930353630393834363131352C2241445F5A223A2D302E31363832363234383136383934353331322C2254656D70447370223A302C22537461747573223A302C2243616C69625374617465223A312C22536967416D70496E76616C6964223A307D7D251B
05-27 18:53:40.541   536   536 D commservice260303: bufferevent_write retrun value = 0
05-27 18:53:40.541   536   560 D commservice260303: client datas send succeed,send finish
05-27 18:53:40.542 13911 14192 D Sentinelmode_1.2.5.17_sentry: <SentryImuClusterFgeSender>imu_status sent to Linux, frame=259834, tsNs=11087780, tsMs=11, intervalMs=41, ad=(-0.005111024,0.0044018906,-0.16826248), gd=(-0.011910884,0.0050392,0.0019079053)
05-27 08:44:49.493   581   581 D spi_rst_gpio_get_output: GPIO 145 value: 1
05-27 08:44:49.493   581   581 D spidev_ioctl: gpio status=1)
05-27 08:44:49.499   581   581 D spi_rst_gpio_get_output: GPIO 145 value: 1
05-27 08:44:49.499   581   581 D spidev_ioctl: gpio status=1)
05-27 08:44:49.504   581   581 D spi_rst_gpio_get_output: GPIO 145 value: 1
05-27 08:44:49.504   581   581 D spidev_ioctl: gpio status=1)
05-27 08:44:49.510   581   581 D spi_rst_gpio_get_output: GPIO 145 value: 0
05-27 08:44:49.510   581   581 D spidev_ioctl: gpio status=0)
05-27 08:44:49.524   581   581 D spi_rst_gpio_get_output: GPIO 145 value: 1
05-27 08:44:49.524   581   581 D spidev_ioctl: gpio status=1)
05-27 08:44:49.530   581   581 D spi_rst_gpio_get_output: GPIO 145 value: 1
05-27 08:44:49.530   581   581 D spidev_ioctl: gpio status=1)
05-27 08:44:49.535   581   581 D spi_rst_gpio_get_output: GPIO 145 value: 1
05-27 08:44:49.535   581   581 D spidev_ioctl: gpio status=1)
05-27 18:53:40.544   536   760 I commservice260303: [mcuCommFunctionTcp::ProtocolCheckConnectTimeOutProc:613] keyID:256,tcpEvent:5,tcpcount:0,heartbeat:1,noHeartBeatNumber:0,endispatch:0,strState:0
05-27 18:53:40.544   536   760 D commservice260303: ProtocolCheckConnectTimeOutProc,629,clear heartbeat
05-27 18:53:40.545   581   581 I SpiService: fgesysctrl_getGPIO_status success val=0
05-27 18:53:40.550 13911 13911 I Sentinelmode_1.2.5.17_sentry: <SentinelCarServiceManager>sensorType:291504647
05-27 18:53:40.551 13911 14183 I SentryImuMcuAngleSender: 179.96146rollDeg
05-27 18:53:40.551 13911 14183 I SentryImuMcuAngleSender: 1,0,0
05-27 18:53:40.552   299 30844 D EvsDriver: forwardFrame
05-27 18:53:40.553   299 30844 D EvsDriver: Delivered 0xb400007b7ca56900 as id 0
05-27 18:53:40.553  1167  1479 D evsmanagerd: /dev/video6 forwarded the buffer #0 to 0xb4000074bf5f5510 from 0xb4000074bf5f6d90
05-27 18:53:40.555 10188 10659 I am_pss  : [11677,1068,com.android.se,9551872,6623232,1009664,93204480,0,0,15]
05-27 18:53:40.556  1008 30857 D [OMXB]  : usingANWBuffer: handle:0xee742530, format:1, w:1920, h:1080
05-27 18:53:40.556 10188 10188 D JobScheduler.Quota: Processing event 31 for <0>com.anwsdk.service
05-27 18:53:40.556   299  1153 D EvsDriver: doneWithFrame
05-27 18:53:40.558   299 30841 D EvsDriver: forwardFrame
05-27 18:53:40.558 30773 30789 I dvr_service_: Camera 1: MediaOK:89962812, frames:2080, isKeyFrame:0,pts:11087385138
05-27 18:53:40.559   581   581 I SpiService: fgesysctrl_getGPIO_status success val=1
05-27 18:53:40.559  1167  1479 D evsmanagerd: /dev/video4 forwarded the buffer #0 to 0xb4000074bf5f6850 from 0xb4000074bf5f41d0
05-27 18:53:40.559   299 30841 D EvsDriver: Delivered 0xb400007b7ca56a60 as id 0
05-27 18:53:40.565   581   581 I SpiService: fgesysctrl_getGPIO_status success val=1
05-27 18:53:40.565   299  1153 D EvsDriver: doneWithFrame
05-27 18:53:40.566   283   307 I rvcservice: t.code = 0, t.value = 0
05-27 18:53:40.571   581   581 I SpiService: fgesysctrl_getGPIO_status success val=1
05-27 18:53:40.571 13911 14183 I SentryImuMcuAngleSender: 179.98949rollDeg
05-27 18:53:40.571 13911 14183 I SentryImuMcuAngleSender: 1,0,0
05-27 18:53:40.576   581   581 I SpiService: fgesysctrl_getGPIO_status success val=1
05-27 08:44:49.541   581   581 D spi_rst_gpio_get_output: GPIO 145 value: 1
05-27 08:44:49.541   581   581 D spidev_ioctl: gpio status=1)
05-27 18:53:40.579   536   536 D commservice260303: msg.id = 1028,1
05-27 18:53:40.579   536   536 D commservice260303: i = 170, msgid = 8A000404
05-27 18:53:40.579   536   536 D commservice260303: msgid = -1979710460,did=138
05-27 18:53:40.580   536   536 D commservice260303: CommProtocolLibCmdBaseI2C::dataproc {"command":{"id":"imu_status","sub":""},"content":{"TimeStamp":11,"FrameCounter":259835,"GD_X":-0.011453153565526009,"GD_Y":0.005802778527140617,"GD_Z":0.0023671966046094894,"AD_X":-0.003276541829109192,"AD_Y":-4.853176651522517E-4,"AD_Z":-0.16582107543945312,"TempDsp":0,"Status":0,"CalibState":1,"SigAmpInvalid":0}},-1979710460
05-27 18:53:40.580   536   536 D commservice260303: send2Cluster len:317, 7B22636F6D6D616E64223A7B226964223A22696D755F737461747573222C22737562223A22227D2C22636F6E74656E74223A7B2254696D655374616D70223A31312C224672616D65436F756E746572223A3235393833352C2247445F58223A2D302E3031313435333135333536353532363030392C2247445F59223A302E3030353830323737383532373134303631372C2247445F5A223A302E303032333637313936363034363039343839342C2241445F58223A2D302E3030333237363534313832393130393139322C2241445F59223A2D342E383533313736363531353232353137452D342C2241445F5A223A2D302E31363538323130373534333934353331322C2254656D70447370223A302C22537461747573223A302C2243616C69625374617465223A312C22536967416D70496E76616C6964223A307D7D, 138 
05-27 18:53:40.580   536   536 D commservice260303: Push Message into SendPool fn=1463288832
05-27 18:53:40.580   536   536 D commservice260303: ComProtocolLibSend2Cluster::send2ClusterRaw fn=1463288832 , len=333
05-27 18:53:40.580   536   536 D commservice260303: sendCmdToPort :333!!!
05-27 18:53:40.580   536   536 D commservice260303: send Cmd To Port ++++5AA501498A01000438576A16CD347B22636F6D6D616E64223A7B226964223A22696D755F737461747573222C22737562223A22227D2C22636F6E74656E74223A7B2254696D655374616D70223A31312C224672616D65436F756E746572223A3235393833352C2247445F58223A2D302E3031313435333135333536353532363030392C2247445F59223A302E3030353830323737383532373134303631372C2247445F5A223A302E303032333637313936363034363039343839342C2241445F58223A2D302E3030333237363534313832393130393139322C2241445F59223A2D342E383533313736363531353232353137452D342C2241445F5A223A2D302E31363538323130373534333934353331322C2254656D70447370223A302C22537461747573223A302C2243616C69625374617465223A312C22536967416D70496E76616C6964223A307D7D7610
05-27 18:53:40.580   536   536 D commservice260303: bufferevent_write retrun value = 0
05-27 18:53:40.580   536   560 D commservice260303: client datas send succeed,send finish
05-27 18:53:40.580 13911 14192 D Sentinelmode_1.2.5.17_sentry: <SentryImuClusterFgeSender>imu_status sent to Linux, frame=259835, tsNs=11087817, tsMs=11, intervalMs=39, ad=(-0.0032765418,-4.8531767E-4,-0.16582108), gd=(-0.011453154,0.0058027785,0.0023671966)
05-27 18:53:40.582   581   581 I SpiService: fgesysctrl_getGPIO_status success val=1
05-27 18:53:40.584   572   622 I Sensors : 230 GyroSensor: x:-0.011682,y:0.005574,z:0.002138
05-27 18:53:40.584   299 30841 D EvsDriver: forwardFrame
05-27 08:44:49.546   581   581 D spi_rst_gpio_get_output: GPIO 145 value: 1
05-27 08:44:49.546   581   581 D spidev_ioctl: gpio status=1)
05-27 08:44:49.552   581   581 D spi_rst_gpio_get_output: GPIO 145 value: 0
05-27 08:44:49.552   581   581 D spidev_ioctl: gpio status=0)
05-27 18:53:40.585   299 30841 D EvsDriver: Delivered 0xb400007b7ca56a60 as id 0
05-27 18:53:40.585  1167  1479 D evsmanagerd: /dev/video4 forwarded the buffer #0 to 0xb4000074bf5f6850 from 0xb4000074bf5f41d0
05-27 18:53:40.586 30773 30773 E dvr_service_: [myNum:0] Received S**** loss
05-27 18:53:40.586   299  1153 D EvsDriver: doneWithFrame
05-27 18:53:40.587   581   581 I SpiService: fgesysctrl_getGPIO_status success val=0
05-27 18:53:40.589  1008 30857 D [OMXB]  : usingANWBuffer: handle:0xee7454a0, format:1, w:1920, h:1080
05-27 18:53:40.590 10934 10934 I ANWJNI_SECOND: +++ JNI_OnLoad
05-27 18:53:40.590 10934 10934 I ANWJNI_SECOND: +++ registerNativeMethods
05-27 18:53:40.590 10934 10934 I ANWJNI_SECOND: numMethods = 245
05-27 18:53:40.591 10934 10934 I ANWJNI_SECOND: --- registerNativeMethods
05-27 18:53:40.592 13911 14183 I SentryImuMcuAngleSender: 179.99649rollDeg
05-27 18:53:40.592 13911 14183 I SentryImuMcuAngleSender: 1,0,0
05-27 18:53:40.592 10934 10934 D ANWJNI_SECOND: (10934|0x5467E4F8)[BTAPP] read XML config file
05-27 18:53:40.592 10934 10934 D ANWJNI_SECOND: 
05-27 18:53:40.592 10934 10934 D ANWJNI_SECOND: (10934|0x5467E4F8)[BTAPP] run Read (/system/etc/bluetooth/btmonitor-config_second.xml) Start
05-27 18:53:40.592 10934 10934 D ANWJNI_SECOND: 
05-27 18:53:40.593 10934 10934 D ANWJNI_SECOND: (10934|0x5467E4F8)[BTAPP] run Read (btmonitor-config.xml) source_data != NULL
05-27 18:53:40.593 10934 10934 D ANWJNI_SECOND: 
05-27 18:53:40.593 10934 10934 D ANWJNI_SECOND: (10934|0x5467E4F8)[BTAPP] XML : find HID setting
05-27 18:53:40.593 10934 10934 D ANWJNI_SECOND: 
05-27 18:53:40.595 10934 10934 D ANWJNI_SECOND: (10934|0x5467E4F8)[BTAPP] HID set(close)
05-27 18:53:40.595 10934 10934 D ANWJNI_SECOND: 
05-27 18:53:40.596 10934 10934 D ANWJNI_SECOND: (10934|0x5467E4F8)[BTAPP] XML : find SPP setting
05-27 18:53:40.596 10934 10934 D ANWJNI_SECOND: 
05-27 18:53:40.596 10934 10934 D ANWJNI_SECOND: (10934|0x5467E4F8)[BTAPP] SPP set(close)
05-27 18:53:40.596 10934 10934 D ANWJNI_SECOND: 
05-27 18:53:40.596 10934 10934 D ANWJNI_SECOND: (10934|0x5467E4F8)[BTAPP] XML : find PINCode setting
05-27 18:53:40.596 10934 10934 D ANWJNI_SECOND: 
05-27 18:53:40.596 10934 10934 D ANWJNI_SECOND: (10934|0x5467E4F8)[BTAPP] PinCode set(close)
05-27 18:53:40.596 10934 10934 D ANWJNI_SECOND: 
05-27 18:53:40.587   299 30844 D EvsDriver: forwardFrame
05-27 18:53:40.596 10934 10934 D ANWJNI_SECOND: (10934|0x5467E4F8)[BTAPP] get setpincode data fail
05-27 18:53:40.596 10934 10934 D ANWJNI_SECOND: 
05-27 18:53:40.596 10934 10934 D ANWJNI_SECOND: (10934|0x5467E4F8)[BTAPP] get set_legacy_pin data fail
05-27 18:53:40.596 10934 10934 D ANWJNI_SECOND: 
05-27 18:53:40.596 10934 10934 D ANWJNI_SECOND: (10934|0x5467E4F8)[BTAPP] XML : find spp_uuid setting
05-27 18:53:40.596 10934 10934 D ANWJNI_SECOND: 
05-27 18:53:40.596 10934 10934 D ANWJNI_SECOND: (10934|0x5467E4F8)[BTAPP] XML : ca_spp_uuid len(32)
05-27 18:53:40.596 10934 10934 D ANWJNI_SECOND: 
05-27 18:53:40.596 10934 10934 D ANWJNI_SECOND: (10934|0x5467E4F8)[BTAPP] XML : SPP_UUID_fromXML len(16):(
05-27 18:53:40.596 10934 10934 D ANWJNI_SECOND: (10934|0x5467E4F8)[BTAPP] 0xfa 
05-27 18:53:40.596 10934 10934 D ANWJNI_SECOND: (10934|0x5467E4F8)[BTAPP] 0xeb 
05-27 18:53:40.596 10934 10934 D ANWJNI_SECOND: (10934|0x5467E4F8)[BTAPP] 0xdc 
05-27 18:53:40.596 10934 10934 D ANWJNI_SECOND: (10934|0x5467E4F8)[BTAPP] 0x12 
05-27 18:53:40.596 10934 10934 D ANWJNI_SECOND: (10934|0x5467E4F8)[BTAPP] 0x7 
05-27 18:53:40.596 10934 10934 D ANWJNI_SECOND: (10934|0x5467E4F8)[BTAPP] 0x2c 
05-27 18:53:40.597 10934 10934 D ANWJNI_SECOND: (10934|0x5467E4F8)[BTAPP] 0xb0 
05-27 18:53:40.597 10934 10934 D ANWJNI_SECOND: (10934|0x5467E4F8)[BTAPP] 0xa4 
05-27 18:53:40.597 10934 10934 D ANWJNI_SECOND: (10934|0x5467E4F8)[BTAPP] 0x10 
05-27 18:53:40.597 10934 10934 D ANWJNI_SECOND: (10934|0x5467E4F8)[BTAPP] 0xa 
05-27 18:53:40.597 10934 10934 D ANWJNI_SECOND: (10934|0x5467E4F8)[BTAPP] 0x5a 
05-27 18:53:40.597 10934 10934 D ANWJNI_SECOND: (10934|0x5467E4F8)[BTAPP] 0x61 
05-27 18:53:40.597 10934 10934 D ANWJNI_SECOND: (10934|0x5467E4F8)[BTAPP] 0x8d 
05-27 18:53:40.597 10934 10934 D ANWJNI_SECOND: (10934|0x5467E4F8)[BTAPP] 0xc9 
05-27 18:53:40.597 10934 10934 D ANWJNI_SECOND: (10934|0x5467E4F8)[BTAPP] 0x40 
05-27 18:53:40.597 10934 10934 D ANWJNI_SECOND: (10934|0x5467E4F8)[BTAPP] 0x1c 
05-27 18:53:40.597 10934 10934 D ANWJNI_SECOND: (10934|0x5467E4F8)[BTAPP] )
05-27 18:53:40.597 10934 10934 D ANWJNI_SECOND: 
05-27 18:53:40.597 10934 10934 D ANWJNI_SECOND: (10934|0x5467E4F8)[BTAPP] XML : find Apple spp_uuid setting
05-27 18:53:40.597 10934 10934 D ANWJNI_SECOND: 
05-27 18:53:40.597 10934 10934 D ANWJNI_SECOND: (10934|0x5467E4F8)[BTAPP] XML : Apple ca_spp_uuid len(32)
05-27 18:53:40.597 10934 10934 D ANWJNI_SECOND: 
05-27 18:53:40.597 10934 10934 D ANWJNI_SECOND: (10934|0x5467E4F8)[BTAPP] XML : Apple SPP_UUID_fromXML len(16):(
05-27 18:53:40.597 10934 10934 D ANWJNI_SECOND: (10934|0x5467E4F8)[BTAPP] 0x0 
05-27 18:53:40.597 10934 10934 D ANWJNI_SECOND: (10934|0x5467E4F8)[BTAPP] 0x0 
05-27 18:53:40.597 10934 10934 D ANWJNI_SECOND: (10934|0x5467E4F8)[BTAPP] 0x0 
05-27 18:53:40.598  1167  1479 D evsmanagerd: /dev/video6 forwarded the buffer #0 to 0xb4000074bf5f5510 from 0xb4000074bf5f6d90
05-27 18:53:40.598 10934 10934 D ANWJNI_SECOND: (10934|0x5467E4F8)[BTAPP] 0x0 
05-27 18:53:40.598 10934 10934 D ANWJNI_SECOND: (10934|0x5467E4F8)[BTAPP] 0xde 
05-27 18:53:40.598 10934 10934 D ANWJNI_SECOND: (10934|0x5467E4F8)[BTAPP] 0xca 
05-27 18:53:40.598 10934 10934 D ANWJNI_SECOND: (10934|0x5467E4F8)[BTAPP] 0xfa 
05-27 18:53:40.598 30773 30773 E dvr_service_: [myNum:1] Received S**** loss
05-27 18:53:40.598 10934 10934 D ANWJNI_SECOND: (10934|0x5467E4F8)[BTAPP] 0xde 
05-27 18:53:40.598 10934 10934 D ANWJNI_SECOND: (10934|0x5467E4F8)[BTAPP] 0xde 
05-27 18:53:40.598 10934 10934 D ANWJNI_SECOND: (10934|0x5467E4F8)[BTAPP] 0xca 
05-27 18:53:40.598 10934 10934 D ANWJNI_SECOND: (10934|0x5467E4F8)[BTAPP] 0xde 
05-27 18:53:40.598 10934 10934 D ANWJNI_SECOND: (10934|0x5467E4F8)[BTAPP] 0xaf 
05-27 18:53:40.597  1122  1122 I auditd  : type=1400 audit(0.0:69382): avc: denied { dac_read_search } for comm="tbox_ap" capability=2 scontext=u:r:tboxd:s0 tcontext=u:r:tboxd:s0 tclass=capability permissive=1
05-27 18:53:40.597  1122  1122 I tbox_ap : type=1400 audit(0.0:69382): avc: denied { dac_read_search } for capability=2 scontext=u:r:tboxd:s0 tcontext=u:r:tboxd:s0 tclass=capability permissive=1
05-27 08:44:49.566   581   581 D spi_rst_gpio_get_output: GPIO 145 value: 1
05-27 08:44:49.566   581   581 D spidev_ioctl: gpio status=1)
05-27 08:44:49.572   581   581 D spi_rst_gpio_get_output: GPIO 145 value: 1
05-27 08:44:49.572   581   581 D spidev_ioctl: gpio status=1)
05-27 08:44:49.578   581   581 D spi_rst_gpio_get_output: GPIO 145 value: 1
05-27 08:44:49.578   581   581 D spidev_ioctl: gpio status=1)
05-27 08:44:49.583   581   581 D spi_rst_gpio_get_output: GPIO 145 value: 1
05-27 08:44:49.583   581   581 D spidev_ioctl: gpio status=1)
05-27 08:44:49.586     0     0 I         : c2 [    C2] io insert-issue:  434   19    3    0    0    0    0    0    0    0    0    0
05-27 08:44:49.586     0     0 I         : c2 [    C2] |_i2i       sda[  8- 8192ms]:  133   14    3    0    0    0    0    0    0    0    0    0
05-27 08:44:49.586     0     0 I         : c2 [    C2] |_i2i    others[  8- 8192ms]:  301    5    0    0    0    0    0    0    0    0    0    0
05-27 08:44:49.586     0     0 I         : c2 [    C2] io issue-comp:  360   66   26    4    0    0    0    0    0    0    0    0
05-27 08:44:49.586     0     0 I         : c2 [    C2] |_i2c       sda[  8- 8192ms]:  125   21    4    0    0    0    0    0    0    0    0    0
05-27 08:44:49.586     0     0 I         : c2 [    C2] |_i2c    others[  8- 8192ms]:  235   45   22    4    0    0    0    0    0    0    0    0
05-27 08:44:49.586 21465 21465 I iowait  : 207   35   11    0    0    0    0    0    0    0    0    0
05-27 08:44:49.592   581   581 D spi_rst_gpio_get_output: GPIO 145 value: 0
05-27 08:44:49.592   581   581 D spidev_ioctl: gpio status=0)
05-27 18:53:40.598 10934 10934 D ANWJNI_SECOND: (10934|0x5467E4F8)[BTAPP] 0xca 
05-27 18:53:40.598 10934 10934 D ANWJNI_SECOND: (10934|0x5467E4F8)[BTAPP] 0xca 
05-27 18:53:40.598 10934 10934 D ANWJNI_SECOND: (10934|0x5467E4F8)[BTAPP] 0xfe 
05-27 18:53:40.598 10934 10934 D ANWJNI_SECOND: (10934|0x5467E4F8)[BTAPP] )
05-27 18:53:40.598 10934 10934 D ANWJNI_SECOND: 
05-27 18:53:40.598 10934 10934 D ANWJNI_SECOND: (10934|0x5467E4F8)[BTAPP] XML : find calllogsize setting
05-27 18:53:40.598 10934 10934 D ANWJNI_SECOND: 
05-27 18:53:40.598 10934 10934 D ANWJNI_SECOND: (10934|0x5467E4F8)[BTAPP] XML : find ca_calllogsize(100)(100)
05-27 18:53:40.598 10934 10934 D ANWJNI_SECOND: 
05-27 18:53:40.598 10934 10934 D ANWJNI_SECOND: (10934|0x5467E4F8)[BTAPP] get contactssize data fail
05-27 18:53:40.598 10934 10934 D ANWJNI_SECOND: 
05-27 18:53:40.598 10934 10934 D ANWJNI_SECOND: (10934|0x5467E4F8)[BTAPP] get mincallsize data fail
05-27 18:53:40.598 10934 10934 D ANWJNI_SECOND: 
05-27 18:53:40.599 10934 10934 D ANWJNI_SECOND: (10934|0x5467E4F8)[BTAPP] XML : find voice setting
05-27 18:53:40.599 10934 10934 D ANWJNI_SECOND: 
05-27 18:53:40.599 10934 10934 D ANWJNI_SECOND: (10934|0x5467E4F8)[BTAPP] voice set(close)
05-27 18:53:40.599 10934 10934 D ANWJNI_SECOND: 
05-27 18:53:40.599 10934 10934 D ANWJNI_SECOND: (10934|0x5467E4F8)[BTAPP] XML : find voicedelay setting
05-27 18:53:40.599 10934 10934 D ANWJNI_SECOND: 
05-27 18:53:40.599 10934 10934 D ANWJNI_SECOND: (10934|0x5467E4F8)[BTAPP] voicedelay set(close)
05-27 18:53:40.599 10934 10934 D ANWJNI_SECOND: 
05-27 18:53:40.599 10934 10934 D ANWJNI_SECOND: (10934|0x5467E4F8)[BTAPP] get wechatvoice data fail
05-27 18:53:40.599 10934 10934 D ANWJNI_SECOND: 
05-27 18:53:40.599 10934 10934 D ANWJNI_SECOND: (10934|0x5467E4F8)[BTAPP] XML : pair any way
05-27 18:53:40.599 10934 10934 D ANWJNI_SECOND: 
05-27 18:53:40.599 10934 10934 D ANWJNI_SECOND: (10934|0x5467E4F8)[BTAPP] pairing need confirmation  accept
05-27 18:53:40.599 10934 10934 D ANWJNI_SECOND: 
05-27 18:53:40.599 10934 10934 D ANWJNI_SECOND: (10934|0x5467E4F8)[BTAPP] get use_combine data fail
05-27 18:53:40.599 10934 10934 D ANWJNI_SECOND: 
05-27 18:53:40.599 10934 10934 D ANWJNI_SECOND: (10934|0x5467E4F8)[BTAPP] XML : select pbap_photo or not
05-27 18:53:40.599 10934 10934 D ANWJNI_SECOND: 
05-27 18:53:40.599 10934 10934 D ANWJNI_SECOND: (10934|0x5467E4F8)[BTAPP] select pbap_photo
05-27 18:53:40.599 10934 10934 D ANWJNI_SECOND: 
05-27 18:53:40.599 10934 10934 D ANWJNI_SECOND: (10934|0x5467E4F8)[BTAPP] XML : select pbap_email or not
05-27 18:53:40.599 10934 10934 D ANWJNI_SECOND: 
05-27 18:53:40.599 10934 10934 D ANWJNI_SECOND: (10934|0x5467E4F8)[BTAPP] select pbap_email
05-27 18:53:40.599 10934 10934 D ANWJNI_SECOND: 
05-27 18:53:40.599 10934 10934 D ANWJNI_SECOND: (10934|0x5467E4F8)[BTAPP] XML : select pbap_adr or not
05-27 18:53:40.599 10934 10934 D ANWJNI_SECOND: 
05-27 18:53:40.599 10934 10934 D ANWJNI_SECOND: (10934|0x5467E4F8)[BTAPP] select pbap_adr
05-27 18:53:40.599 10934 10934 D ANWJNI_SECOND: 
05-27 18:53:40.599 10934 10934 D ANWJNI_SECOND: (10934|0x5467E4F8)[BTAPP] XML : select pbap_url or not
05-27 18:53:40.599 10934 10934 D ANWJNI_SECOND: 
05-27 18:53:40.599 10934 10934 D ANWJNI_SECOND: (10934|0x5467E4F8)[BTAPP] select pbap_url
