05-27 18:53:44.138   536   536 D commservice260303: msgid = -1979710460,did=138
05-27 18:53:44.138   536   536 D commservice260303: CommProtocolLibCmdBaseI2C::dataproc {"command":{"id":"imu_status","sub":""},"content":{"TimeStamp":11,"FrameCounter":259922,"GD_X":-0.01160607673227787,"GD_Y":0.0057257963344454765,"GD_Z":0.0017560218693688512,"AD_X":-0.0018564313650131226,"AD_Y":-8.22658883407712E-4,"AD_Z":-0.1694812774658203,"TempDsp":0,"Status":0,"CalibState":1,"SigAmpInvalid":0}},-1979710460
05-27 18:53:44.138   536   536 D commservice260303: send2Cluster len:316, 7B22636F6D6D616E64223A7B226964223A22696D755F737461747573222C22737562223A22227D2C22636F6E74656E74223A7B2254696D655374616D70223A31312C224672616D65436F756E746572223A3235393932322C2247445F58223A2D302E30313136303630373637333232373738372C2247445F59223A302E303035373235373936333334343435343736352C2247445F5A223A302E303031373536303231383639333638383531322C2241445F58223A2D302E303031383536343331333635303133313232362C2241445F59223A2D382E3232363538383833343037373132452D342C2241445F5A223A2D302E313639343831323737343635383230332C2254656D70447370223A302C22537461747573223A302C2243616C69625374617465223A312C22536967416D70496E76616C6964223A307D7D, 138 
05-27 18:53:44.138   536   536 D commservice260303: Push Message into SendPool fn=-1338506240
05-27 18:53:44.138   536   536 D commservice260303: ComProtocolLibSend2Cluster::send2ClusterRaw fn=-1338506240 , len=332
05-27 18:53:44.139   536   536 D commservice260303: sendCmdToPort :332!!!
05-27 18:53:44.139   536   536 D commservice260303: send Cmd To Port ++++5AA501488A01000438B06A16CD387B22636F6D6D616E64223A7B226964223A22696D755F737461747573222C22737562223A22227D2C22636F6E74656E74223A7B2254696D655374616D70223A31312C224672616D65436F756E746572223A3235393932322C2247445F58223A2D302E30313136303630373637333232373738372C2247445F59223A302E303035373235373936333334343435343736352C2247445F5A223A302E303031373536303231383639333638383531322C2241445F58223A2D302E303031383536343331333635303133313232362C2241445F59223A2D382E3232363538383833343037373132452D342C2241445F5A223A2D302E313639343831323737343635383230332C2254656D70447370223A302C22537461747573223A302C2243616C69625374617465223A312C22536967416D70496E76616C6964223A307D7D7780
05-27 18:53:44.139   536   536 D commservice260303: bufferevent_write retrun value = 0
05-27 18:53:44.139   536   560 D commservice260303: client datas send succeed,send finish
05-27 18:53:44.139 13911 14192 D Sentinelmode_1.2.5.17_sentry: <SentryImuClusterFgeSender>imu_status sent to Linux, frame=259922, tsNs=11091382, tsMs=11, intervalMs=42, ad=(-0.0018564314,-8.226589E-4,-0.16948128), gd=(-0.011606077,0.0057257963,0.0017560219)
05-27 18:53:44.141 15863 16069 D TrafficStats: tagSocket(219) with statsTag=0xffffffff, statsUid=-1
05-27 08:44:53.107   581   581 D spidev_ioctl: gpio status=0)
05-27 18:53:44.142   581   581 I SpiService: fgesysctrl_getGPIO_status success val=0
05-27 18:53:44.143   481   597 I mcuc    : send SPI:6AA602DF69000289002B
05-27 18:53:44.157 13911 14183 I SentryImuMcuAngleSender: 179.99649rollDeg
05-27 18:53:44.157 13911 14183 I SentryImuMcuAngleSender: 1,0,0
05-27 18:53:44.158   299 30841 D EvsDriver: forwardFrame
05-27 18:53:44.158   299 30844 D EvsDriver: forwardFrame
05-27 18:53:44.159   581   581 I SpiService: fgesysctrl_getGPIO_status success val=1
05-27 18:53:44.160  1167  1167 D evsmanagerd: /dev/video6 forwarded the buffer #0 to 0xb4000074bf5f5510 from 0xb4000074bf5f6d90
05-27 18:53:44.160   299 30841 D EvsDriver: Delivered 0xb400007b7ca56a60 as id 0
05-27 18:53:44.160  1167  1479 D evsmanagerd: /dev/video4 forwarded the buffer #0 to 0xb4000074bf5f6850 from 0xb4000074bf5f41d0
05-27 18:53:44.160   299 30844 D EvsDriver: Delivered 0xb400007b7ca56900 as id 0
05-27 08:44:53.124   581   581 D spi_rst_gpio_get_output: GPIO 145 value: 1
05-27 08:44:53.124   581   581 D spidev_ioctl: gpio status=1)
05-27 18:53:44.162  1008 30857 D [OMXB]  : usingANWBuffer: handle:0xee742a00, format:1, w:1920, h:1080
05-27 18:53:44.162   299  1153 D EvsDriver: doneWithFrame
05-27 18:53:44.165   299  1153 D EvsDriver: doneWithFrame
05-27 18:53:44.165   581   581 I SpiService: fgesysctrl_getGPIO_status success val=1
05-27 18:53:44.167 11130 11130 D .service:remote: Received session metadata: 5913394287904428254
05-27 08:44:53.130   581   581 D spi_rst_gpio_get_output: GPIO 145 value: 1
05-27 08:44:53.130   581   581 D spidev_ioctl: gpio status=1)
05-27 18:53:44.171   581   581 I SpiService: fgesysctrl_getGPIO_status success val=1
05-27 08:44:53.135   581   581 D spi_rst_gpio_get_output: GPIO 145 value: 1
05-27 08:44:53.135   581   581 D spidev_ioctl: gpio status=1)
05-27 18:53:44.175   283   307 I rvcservice: t.code = 1, t.value = -167749
05-27 18:53:44.177   581   581 I SpiService: fgesysctrl_getGPIO_status success val=1
05-27 08:44:53.141   581   581 D spi_rst_gpio_get_output: GPIO 145 value: 1
05-27 08:44:53.141   581   581 D spidev_ioctl: gpio status=1)
05-27 18:53:44.178 13911 14183 I SentryImuMcuAngleSender: 179.993rollDeg
05-27 18:53:44.178 13911 14183 I SentryImuMcuAngleSender: 1,0,0
05-27 18:53:44.179   536   536 D commservice260303: msg.id = 1028,0
05-27 18:53:44.179   536   536 D commservice260303: i = 170, msgid = 8A000404
05-27 18:53:44.179   536   536 D commservice260303: msgid = -1979710460,did=138
05-27 18:53:44.179   536   536 D commservice260303: CommProtocolLibCmdBaseI2C::dataproc {"command":{"id":"imu_status","sub":""},"content":{"TimeStamp":11,"FrameCounter":259923,"GD_X":-0.011223767884075642,"GD_Y":0.005802778527140617,"GD_Z":0.0023671966046094894,"AD_X":-0.0018629729747772217,"AD_Y":-8.152488153427839E-4,"AD_Z":-0.1694812774658203,"TempDsp":0,"Status":0,"CalibState":1,"SigAmpInvalid":0}},-1979710460
05-27 18:53:44.179   536   536 D commservice260303: send2Cluster len:317, 7B22636F6D6D616E64223A7B226964223A22696D755F737461747573222C22737562223A22227D2C22636F6E74656E74223A7B2254696D655374616D70223A31312C224672616D65436F756E746572223A3235393932332C2247445F58223A2D302E3031313232333736373838343037353634322C2247445F59223A302E3030353830323737383532373134303631372C2247445F5A223A302E303032333637313936363034363039343839342C2241445F58223A2D302E303031383632393732393734373737323231372C2241445F59223A2D382E313532343838313533343237383339452D342C2241445F5A223A2D302E313639343831323737343635383230332C2254656D70447370223A302C22537461747573223A302C2243616C69625374617465223A312C22536967416D70496E76616C6964223A307D7D, 138 
05-27 18:53:44.179   536   536 D commservice260303: Push Message into SendPool fn=-1321729024
05-27 18:53:44.179   536   536 D commservice260303: ComProtocolLibSend2Cluster::send2ClusterRaw fn=-1321729024 , len=333
05-27 18:53:44.179   536   536 D commservice260303: sendCmdToPort :333!!!
05-27 18:53:44.179   536   536 D commservice260303: send Cmd To Port ++++5AA501498A01000438B16A16CD387B22636F6D6D616E64223A7B226964223A22696D755F737461747573222C22737562223A22227D2C22636F6E74656E74223A7B2254696D655374616D70223A31312C224672616D65436F756E746572223A3235393932332C2247445F58223A2D302E3031313232333736373838343037353634322C2247445F59223A302E3030353830323737383532373134303631372C2247445F5A223A302E303032333637313936363034363039343839342C2241445F58223A2D302E303031383632393732393734373737323231372C2241445F59223A2D382E313532343838313533343237383339452D342C2241445F5A223A2D302E313639343831323737343635383230332C2254656D70447370223A302C22537461747573223A302C2243616C69625374617465223A312C22536967416D70496E76616C6964223A307D7D4ECC
05-27 18:53:44.179   536   536 D commservice260303: bufferevent_write retrun value = 0
05-27 18:53:44.179   536   560 D commservice260303: client datas send succeed,send finish
05-27 18:53:44.179 13911 14192 D Sentinelmode_1.2.5.17_sentry: <SentryImuClusterFgeSender>imu_status sent to Linux, frame=259923, tsNs=11091419, tsMs=11, intervalMs=40, ad=(-0.001862973,-8.152488E-4,-0.16948128), gd=(-0.011223768,0.0058027785,0.0023671966)
05-27 18:53:44.182   581   581 I SpiService: fgesysctrl_getGPIO_status success val=1
05-27 18:53:44.184   299 30844 D EvsDriver: forwardFrame
05-27 18:53:44.185   299 30841 D EvsDriver: forwardFrame
05-27 08:44:53.147   581   581 D spi_rst_gpio_get_output: GPIO 145 value: 1
05-27 08:44:53.147   581   581 D spidev_ioctl: gpio status=1)
05-27 18:53:44.187   299 30841 D EvsDriver: Delivered 0xb400007b7ca56a60 as id 0
05-27 18:53:44.187  1167  1167 D evsmanagerd: /dev/video4 forwarded the buffer #0 to 0xb4000074bf5f6850 from 0xb4000074bf5f41d0
05-27 18:53:44.187  1167  1479 D evsmanagerd: /dev/video6 forwarded the buffer #0 to 0xb4000074bf5f5510 from 0xb4000074bf5f6d90
05-27 18:53:44.188   581   581 I SpiService: fgesysctrl_getGPIO_status success val=0
05-27 18:53:44.188   481   597 I mcuc    : send SPI:6AA6007A3B0002060142
05-27 08:44:53.152   581   581 D spi_rst_gpio_get_output: GPIO 145 value: 0
05-27 08:44:53.152   581   581 D spidev_ioctl: gpio status=0)
05-27 18:53:44.190   299 30844 D EvsDriver: Delivered 0xb400007b7ca56900 as id 0
05-27 18:53:44.190  1008 30856 D [OMXB]  : usingANWBuffer: handle:0xee746cb0, format:1, w:1920, h:1080
05-27 18:53:44.192   299  1153 D EvsDriver: doneWithFrame
05-27 18:53:44.196   299  1153 D EvsDriver: doneWithFrame
05-27 18:53:44.200  1116  1135 I adbd    : jdwp connection from 11130
05-27 18:53:44.201 13911 14183 I SentryImuMcuAngleSender: 179.98949rollDeg
05-27 18:53:44.201 13911 14183 I SentryImuMcuAngleSender: 1,0,0
05-27 18:53:44.205   581   581 I SpiService: fgesysctrl_getGPIO_status success val=1
05-27 08:44:53.170   581   581 D spi_rst_gpio_get_output: GPIO 145 value: 1
05-27 08:44:53.170   581   581 D spidev_ioctl: gpio status=1)
05-27 18:53:44.209  1008 30857 D [OMXB]  : usingANWBuffer: handle:0xee742530, format:1, w:1920, h:1080
05-27 18:53:44.211   581   581 I SpiService: fgesysctrl_getGPIO_status success val=1
05-27 08:44:53.175   581   581 D spi_rst_gpio_get_output: GPIO 145 value: 1
05-27 08:44:53.175   581   581 D spidev_ioctl: gpio status=1)
05-27 18:53:44.217   581   581 I SpiService: fgesysctrl_getGPIO_status success val=1
05-27 18:53:44.219   536   536 D commservice260303: msg.id = 1028,0
05-27 18:53:44.219   536   536 D commservice260303: i = 170, msgid = 8A000404
05-27 18:53:44.219   536   536 D commservice260303: msgid = -1979710460,did=138
05-27 18:53:44.219   536   536 D commservice260303: CommProtocolLibCmdBaseI2C::dataproc {"command":{"id":"imu_status","sub":""},"content":{"TimeStamp":11,"FrameCounter":259924,"GD_X":-0.010994902811944485,"GD_Y":0.005879240110516548,"GD_Z":0.0021378109231591225,"AD_X":-0.003081798553466797,"AD_Y":4.036407917737961E-4,"AD_Z":-0.16582107543945312,"TempDsp":0,"Status":0,"CalibState":1,"SigAmpInvalid":0}},-1979710460
05-27 18:53:44.219   536   536 D commservice260303: send2Cluster len:316, 7B22636F6D6D616E64223A7B226964223A22696D755F737461747573222C22737562223A22227D2C22636F6E74656E74223A7B2254696D655374616D70223A31312C224672616D65436F756E746572223A3235393932342C2247445F58223A2D302E3031303939343930323831313934343438352C2247445F59223A302E3030353837393234303131303531363534382C2247445F5A223A302E303032313337383130393233313539313232352C2241445F58223A2D302E3030333038313739383535333436363739372C2241445F59223A342E303336343037393137373337393631452D342C2241445F5A223A2D302E31363538323130373534333934353331322C2254656D70447370223A302C22537461747573223A302C2243616C69625374617465223A312C22536967416D70496E76616C6964223A307D7D, 138 
05-27 18:53:44.219   536   536 D commservice260303: Push Message into SendPool fn=-1304951808
05-27 18:53:44.219   536   536 D commservice260303: ComProtocolLibSend2Cluster::send2ClusterRaw fn=-1304951808 , len=332
05-27 18:53:44.219   536   536 D commservice260303: sendCmdToPort :332!!!
05-27 18:53:44.219   536   536 D commservice260303: send Cmd To Port ++++5AA501488A01000438B26A16CD387B22636F6D6D616E64223A7B226964223A22696D755F737461747573222C22737562223A22227D2C22636F6E74656E74223A7B2254696D655374616D70223A31312C224672616D65436F756E746572223A3235393932342C2247445F58223A2D302E3031303939343930323831313934343438352C2247445F59223A302E3030353837393234303131303531363534382C2247445F5A223A302E303032313337383130393233313539313232352C2241445F58223A2D302E3030333038313739383535333436363739372C2241445F59223A342E303336343037393137373337393631452D342C2241445F5A223A2D302E31363538323130373534333934353331322C2254656D70447370223A302C22537461747573223A302C2243616C69625374617465223A312C22536967416D70496E76616C6964223A307D7D2232
05-27 18:53:44.219   536   536 D commservice260303: bufferevent_write retrun value = 0
05-27 18:53:44.219   536   560 D commservice260303: client datas send succeed,send finish
05-27 18:53:44.219 13911 14192 D Sentinelmode_1.2.5.17_sentry: <SentryImuClusterFgeSender>imu_status sent to Linux, frame=259924, tsNs=11091453, tsMs=11, intervalMs=40, ad=(-0.0030817986,4.036408E-4,-0.16582108), gd=(-0.010994903,0.00587924,0.002137811)
05-27 18:53:44.219 11130 11130 W ziparchive: Unable to open '/system_ext/framework/unisoc-framework.dm': No such file or directory
05-27 18:53:44.219 11130 11130 W ziparchive: Unable to open '/system_ext/framework/unisoc-framework.dm': No such file or directory
05-27 08:44:53.181   581   581 D spi_rst_gpio_get_output: GPIO 145 value: 1
05-27 08:44:53.181   581   581 D spidev_ioctl: gpio status=1)
05-27 18:53:44.221 13911 14183 I SentryImuMcuAngleSender: 179.98598rollDeg
05-27 18:53:44.221 13911 14183 I SentryImuMcuAngleSender: 1,0,0
05-27 18:53:44.221   572   572 I Sensors : 230 AccelSensor: x:-0.169580,y:0.003659,z:-9.973500
05-27 18:53:44.222   581   581 I SpiService: fgesysctrl_getGPIO_status success val=1
05-27 18:53:44.224 10188 23768 I am_proc_bound: [0,11130,com.anwsdk.service:remote]
05-27 08:44:53.187   581   581 D spi_rst_gpio_get_output: GPIO 145 value: 1
05-27 08:44:53.187   581   581 D spidev_ioctl: gpio status=1)
05-27 18:53:44.225   299 30844 D EvsDriver: forwardFrame
05-27 18:53:44.225   299 30841 D EvsDriver: forwardFrame
05-27 18:53:44.228   581   581 I SpiService: fgesysctrl_getGPIO_status success val=0
05-27 18:53:44.228   299 30841 D EvsDriver: Delivered 0xb400007b7ca56a60 as id 0
05-27 18:53:44.229  1167  1167 D evsmanagerd: /dev/video6 forwarded the buffer #0 to 0xb4000074bf5f5510 from 0xb4000074bf5f6d90
05-27 18:53:44.229  1167  1479 D evsmanagerd: /dev/video4 forwarded the buffer #0 to 0xb4000074bf5f6850 from 0xb4000074bf5f41d0
05-27 08:44:53.193   581   581 D spi_rst_gpio_get_output: GPIO 145 value: 0
05-27 08:44:53.193   581   581 D spidev_ioctl: gpio status=0)
05-27 18:53:44.231   299 30844 D EvsDriver: Delivered 0xb400007b7ca56900 as id 0
05-27 18:53:44.236   299  1153 D EvsDriver: doneWithFrame
05-27 08:44:53.201     0     0 W         : c6 [    C6] Irq_monitor:Irq                                           IPI[1]occur        6652 times interval 1032 ms
05-27 08:44:53.209   581   581 D spi_rst_gpio_get_output: GPIO 145 value: 1
05-27 08:44:53.209   581   581 D spidev_ioctl: gpio status=1)
05-27 18:53:44.237   299  1163 D EvsDriver: doneWithFrame
05-27 18:53:44.241 13911 14183 I SentryImuMcuAngleSender: 179.97197rollDeg
05-27 18:53:44.241 13911 14183 I SentryImuMcuAngleSender: 1,0,0
05-27 18:53:44.243  1008 30856 D [OMXB]  : usingANWBuffer: handle:0xee743c90, format:1, w:1920, h:1080
05-27 18:53:44.244   581   581 I SpiService: fgesysctrl_getGPIO_status success val=1
05-27 18:53:44.247 10188 23768 I am_create_service: [0,208025669,.anwbtservice,1000,11130]
05-27 18:53:44.250   581   581 I SpiService: fgesysctrl_getGPIO_status success val=1
05-27 18:53:44.255   299 30841 D EvsDriver: forwardFrame
05-27 18:53:44.256   581   581 I SpiService: fgesysctrl_getGPIO_status success val=1
05-27 18:53:44.257   299 30844 D EvsDriver: forwardFrame
05-27 18:53:44.257 11130 11130 D CompatibilityChangeReporter: Compat change id reported: 171979766; UID 1000; state: ENABLED
05-27 18:53:44.258   299 30841 D EvsDriver: Delivered 0xb400007b7ca56a60 as id 0
05-27 18:53:44.259  1167  1479 D evsmanagerd: /dev/video4 forwarded the buffer #0 to 0xb4000074bf5f6850 from 0xb4000074bf5f41d0
05-27 18:53:44.259   536   536 D commservice260303: msg.id = 1028,0
05-27 18:53:44.259   536   536 D commservice260303: i = 170, msgid = 8A000404
05-27 18:53:44.259 30773 30773 I dvr_service_: [myNum:0][onFrameReceived] Received Surface:1 0
05-27 18:53:44.259   536   536 D commservice260303: msgid = -1979710460,did=138
05-27 18:53:44.259 30773 30773 E dvr_service_: [myNum:0] Received S**** loss
05-27 18:53:44.259   536   536 D commservice260303: CommProtocolLibCmdBaseI2C::dataproc {"command":{"id":"imu_status","sub":""},"content":{"TimeStamp":11,"FrameCounter":259925,"GD_X":-0.011223767884075642,"GD_Y":0.0048857564106583595,"GD_Z":0.0023671966046094894,"AD_X":-0.0012557804584503174,"AD_Y":0.002820494119077921,"AD_Z":-0.1694812774658203,"TempDsp":0,"Status":0,"CalibState":1,"SigAmpInvalid":0}},-1979710460
05-27 18:53:44.259   536   536 D commservice260303: send2Cluster len:317, 7B22636F6D6D616E64223A7B226964223A22696D755F737461747573222C22737562223A22227D2C22636F6E74656E74223A7B2254696D655374616D70223A31312C224672616D65436F756E746572223A3235393932352C2247445F58223A2D302E3031313232333736373838343037353634322C2247445F59223A302E303034383835373536343130363538333539352C2247445F5A223A302E303032333637313936363034363039343839342C2241445F58223A2D302E303031323535373830343538343530333137342C2241445F59223A302E3030323832303439343131393037373932312C2241445F5A223A2D302E313639343831323737343635383230332C2254656D70447370223A302C22537461747573223A302C2243616C69625374617465223A312C22536967416D70496E76616C6964223A307D7D, 138 
05-27 18:53:44.259   536   536 D commservice260303: Push Message into SendPool fn=-1288174592
05-27 18:53:44.259   536   536 D commservice260303: ComProtocolLibSend2Cluster::send2ClusterRaw fn=-1288174592 , len=333
05-27 18:53:44.259   536   536 D commservice260303: sendCmdToPort :333!!!
05-27 18:53:44.259   536   536 D commservice260303: send Cmd To Port ++++5AA501498A01000438B36A16CD387B22636F6D6D616E64223A7B226964223A22696D755F737461747573222C22737562223A22227D2C22636F6E74656E74223A7B2254696D655374616D70223A31312C224672616D65436F756E746572223A3235393932352C2247445F58223A2D302E3031313232333736373838343037353634322C2247445F59223A302E303034383835373536343130363538333539352C2247445F5A223A302E303032333637313936363034363039343839342C2241445F58223A2D302E303031323535373830343538343530333137342C2241445F59223A302E3030323832303439343131393037373932312C2241445F5A223A2D302E313639343831323737343635383230332C2254656D70447370223A302C22537461747573223A302C2243616C69625374617465223A312C22536967416D70496E76616C6964223A307D7D5477
05-27 18:53:44.259   536   536 D commservice260303: bufferevent_write retrun value = 0
05-27 18:53:44.259  1167  1167 D evsmanagerd: /dev/video6 forwarded the buffer #0 to 0xb4000074bf5f5510 from 0xb4000074bf5f6d90
05-27 18:53:44.259   299  1163 D EvsDriver: doneWithFrame
05-27 18:53:44.259 13911 14192 D Sentinelmode_1.2.5.17_sentry: <SentryImuClusterFgeSender>imu_status sent to Linux, frame=259925, tsNs=11091507, tsMs=11, intervalMs=40, ad=(-0.0012557805,0.0028204941,-0.16948128), gd=(-0.011223768,0.0048857564,0.0023671966)
05-27 18:53:44.259   536   560 D commservice260303: client datas send succeed,send finish
05-27 18:53:44.260 30773 30773 I dvr_service_: [myNum:1][onFrameReceived] Received Surface:1 0
05-27 18:53:44.260   299 30844 D EvsDriver: Delivered 0xb400007b7ca56900 as id 0
05-27 18:53:44.260 30773 30773 E dvr_service_: [myNum:1] Received S**** loss
05-27 18:53:44.260   299  1163 D EvsDriver: doneWithFrame
05-27 18:53:44.261  1008 30857 D [OMXB]  : usingANWBuffer: handle:0xee744fd0, format:1, w:1920, h:1080
05-27 18:53:44.261 13911 14183 I SentryImuMcuAngleSender: 179.97197rollDeg
05-27 18:53:44.261 13911 14183 I SentryImuMcuAngleSender: 1,0,0
05-27 18:53:44.261   581   581 I SpiService: fgesysctrl_getGPIO_status success val=1
05-27 08:44:53.215   581   581 D spidev_ioctl: gpio status=1)
05-27 08:44:53.221   581   581 D spi_rst_gpio_get_output: GPIO 145 value: 1
05-27 08:44:53.221   581   581 D spidev_ioctl: gpio status=1)
05-27 08:44:53.226   581   581 D spi_rst_gpio_get_output: GPIO 145 value: 1
05-27 08:44:53.226   581   581 D spidev_ioctl: gpio status=1)
05-27 08:44:53.232   581   581 D spi_rst_gpio_get_output: GPIO 145 value: 0
05-27 08:44:53.232   581   581 D spidev_ioctl: gpio status=0)
05-27 18:53:44.267 11130 11130 D CompatibilityInfo: applyToConfigurationCompat inoutConfig.densityDpi= 160
05-27 18:53:44.267   581   581 I SpiService: fgesysctrl_getGPIO_status success val=0
05-27 18:53:44.270   269   269 D libvintf: HalManifest::getHidlTransport(framework): Cannot find android.hardware.usb@1.0::IUsb/default
05-27 18:53:44.270   269   269 D libvintf: HalManifest::getHidlTransport(device): Cannot find android.hardware.usb@1.0::IUsb/default
05-27 18:53:44.270   269   269 I hwservicemanager: getTransport: Cannot find entry android.hardware.usb@1.0::IUsb/default in either framework or device VINTF manifest.
05-27 18:53:44.271 12348 12448 E ExtUsbManager: UsbHalController: android.hardware.usb.V1_0.IUsb getService failed!
05-27 18:53:44.271 12348 12448 E ExtUsbManager: java.util.NoSuchElementException
05-27 18:53:44.271 12348 12448 E ExtUsbManager: 	at android.os.HwBinder.getService(Native Method)
05-27 18:53:44.271 12348 12448 E ExtUsbManager: 	at android.os.HwBinder.getService(HwBinder.java:81)
05-27 18:53:44.271 12348 12448 E ExtUsbManager: 	at android.hardware.usb.V1_0.IUsb.getService(IUsb.java:74)
05-27 18:53:44.271 12348 12448 E ExtUsbManager: 	at android.hardware.usb.V1_0.IUsb.getService(IUsb.java:84)
05-27 18:53:44.271 12348 12448 E ExtUsbManager: 	at ts.car.usb.UsbHalController.createService(UsbHalController.java:37)
05-27 18:53:44.271 12348 12448 E ExtUsbManager: 	at ts.car.usb.UsbHalController.createService(UsbHalController.java:18)
05-27 18:53:44.271 12348 12448 E ExtUsbManager: 	at ts.car.usb.utils.AutoServiceConnector4Hidl.autoConnect(AutoServiceConnector4Hidl.java:47)
05-27 18:53:44.271 12348 12448 E ExtUsbManager: 	at ts.car.usb.utils.AutoServiceConnector4Hidl$$ExternalSyntheticLambda0.run(Unknown Source:2)
05-27 18:53:44.271 12348 12448 E ExtUsbManager: 	at android.os.Handler.handleCallback(Handler.java:942)
05-27 18:53:44.271 12348 12448 E ExtUsbManager: 	at android.os.Handler.dispatchMessage(Handler.java:99)
05-27 18:53:44.271 12348 12448 E ExtUsbManager: 	at android.os.Looper.loopOnce(Looper.java:201)
05-27 18:53:44.271 12348 12448 E ExtUsbManager: 	at android.os.Looper.loop(Looper.java:288)
05-27 18:53:44.271 12348 12448 E ExtUsbManager: 	at android.os.HandlerThread.run(HandlerThread.java:67)
05-27 18:53:44.271   269   269 D libvintf: HalManifest::getHidlTransport(framework): Cannot find vendor.ts.usbext@1.0::IUsbext/default
05-27 18:53:44.271   269   269 D libvintf: HalManifest::getHidlTransport(device): Cannot find vendor.ts.usbext@1.0::IUsbext/default
05-27 18:53:44.271   269   269 I hwservicemanager: getTransport: Cannot find entry vendor.ts.usbext@1.0::IUsbext/default in either framework or device VINTF manifest.
05-27 18:53:44.271 12348 12448 E ExtUsbManager: UsbHalExtController: vendor.ts.usbext.V1_0.IUsbext getService failed!
05-27 18:53:44.271 12348 12448 E ExtUsbManager: java.util.NoSuchElementException
05-27 18:53:44.271 12348 12448 E ExtUsbManager: 	at android.os.HwBinder.getService(Native Method)
05-27 18:53:44.271 12348 12448 E ExtUsbManager: 	at android.os.HwBinder.getService(HwBinder.java:81)
05-27 18:53:44.271 12348 12448 E ExtUsbManager: 	at vendor.ts.usbext.V1_0.IUsbext.getService(IUsbext.java:74)
05-27 18:53:44.271 12348 12448 E ExtUsbManager: 	at vendor.ts.usbext.V1_0.IUsbext.getService(IUsbext.java:84)
05-27 18:53:44.271 12348 12448 E ExtUsbManager: 	at ts.car.usb.UsbHalExtController.createService(UsbHalExtController.java:37)
05-27 18:53:44.271 12348 12448 E ExtUsbManager: 	at ts.car.usb.UsbHalExtController.createService(UsbHalExtController.java:18)
05-27 18:53:44.271 12348 12448 E ExtUsbManager: 	at ts.car.usb.utils.AutoServiceConnector4Hidl.autoConnect(AutoServiceConnector4Hidl.java:47)
05-27 18:53:44.271 12348 12448 E ExtUsbManager: 	at ts.car.usb.utils.AutoServiceConnector4Hidl$$ExternalSyntheticLambda0.run(Unknown Source:2)
05-27 18:53:44.271 12348 12448 E ExtUsbManager: 	at android.os.Handler.handleCallback(Handler.java:942)
05-27 18:53:44.271 12348 12448 E ExtUsbManager: 	at android.os.Handler.dispatchMessage(Handler.java:99)
05-27 18:53:44.271 12348 12448 E ExtUsbManager: 	at android.os.Looper.loopOnce(Looper.java:201)
05-27 18:53:44.271 12348 12448 E ExtUsbManager: 	at android.os.Looper.loop(Looper.java:288)
05-27 18:53:44.271 12348 12448 E ExtUsbManager: 	at android.os.HandlerThread.run(HandlerThread.java:67)
05-27 18:53:44.272   269   269 D libvintf: HalManifest::getHidlTransport(framework): Cannot find android.hardware.usb.gadget@1.0::IUsbGadget/default
05-27 18:53:44.272   269   269 D libvintf: HalManifest::getHidlTransport(device): Cannot find android.hardware.usb.gadget@1.0::IUsbGadget/default
05-27 18:53:44.272   269   269 I hwservicemanager: getTransport: Cannot find entry android.hardware.usb.gadget@1.0::IUsbGadget/default in either framework or device VINTF manifest.
05-27 18:53:44.272 12348 12448 E ExtUsbManager: UsbGadgetController: android.hardware.usb.gadget.V1_0.IUsbGadget getService failed!
05-27 18:53:44.272 12348 12448 E ExtUsbManager: java.util.NoSuchElementException
05-27 18:53:44.272 12348 12448 E ExtUsbManager: 	at android.os.HwBinder.getService(Native Method)
05-27 18:53:44.272 12348 12448 E ExtUsbManager: 	at android.os.HwBinder.getService(HwBinder.java:81)
05-27 18:53:44.272 12348 12448 E ExtUsbManager: 	at android.hardware.usb.gadget.V1_0.IUsbGadget.getService(IUsbGadget.java:74)
05-27 18:53:44.272 12348 12448 E ExtUsbManager: 	at android.hardware.usb.gadget.V1_0.IUsbGadget.getService(IUsbGadget.java:84)
05-27 18:53:44.272 12348 12448 E ExtUsbManager: 	at ts.car.usb.UsbGadgetController.createService(UsbGadgetController.java:36)
05-27 18:53:44.272 12348 12448 E ExtUsbManager: 	at ts.car.usb.UsbGadgetController.createService(UsbGadgetController.java:17)
05-27 18:53:44.272 12348 12448 E ExtUsbManager: 	at ts.car.usb.utils.AutoServiceConnector4Hidl.autoConnect(AutoServiceConnector4Hidl.java:47)
05-27 18:53:44.272 12348 12448 E ExtUsbManager: 	at ts.car.usb.utils.AutoServiceConnector4Hidl$$ExternalSyntheticLambda0.run(Unknown Source:2)
05-27 18:53:44.272 12348 12448 E ExtUsbManager: 	at android.os.Handler.handleCallback(Handler.java:942)
05-27 18:53:44.272 12348 12448 E ExtUsbManager: 	at android.os.Handler.dispatchMessage(Handler.java:99)
05-27 18:53:44.272 12348 12448 E ExtUsbManager: 	at android.os.Looper.loopOnce(Looper.java:201)
05-27 18:53:44.272 12348 12448 E ExtUsbManager: 	at android.os.Looper.loop(Looper.java:288)
05-27 18:53:44.272 12348 12448 E ExtUsbManager: 	at android.os.HandlerThread.run(HandlerThread.java:67)
05-27 18:53:44.274 15863 16069 D AIN-HttpHealthPolicy: response: 200, cost=156
05-27 18:53:44.275   283   307 I rvcservice: t.code = 3, t.value = 0
05-27 18:53:44.275 15863 16068 D AIN-PingWorker: updateHost: result=true,host=www.sina.com.cn,delay=156
05-27 18:53:44.275 15863 16068 D AIN-NetCheckerOutputer: onHealthy
05-27 18:53:44.276 15863 16068 D AIN-ServiceHub: getService with: name = service_tracker
05-27 18:53:44.280  1008 30856 D [OMXB]  : usingANWBuffer: handle:0xee7440b0, format:1, w:1920, h:1080
05-27 18:53:44.281 13911 14131 D SVR_MNG_SvrMngProxy: getServer: mSvrManger is null
05-27 18:53:44.281 13911 14131 D SVR_MNG_SvrMngProxy: getNewStub: 
05-27 18:53:44.281 13911 14131 D SVR_MNG_SvrMngProxy: getNewStub: getSvrManagerService start
05-27 18:53:44.281 13911 14131 D SVR_MNG_SvrMngProxy: getNewStub: getSvrManagerService end
05-27 18:53:44.281 13911 14131 D SVR_MNG_SvrMngProxy: getServer: svrMngService doesn't start
05-27 18:53:44.282 13911 14183 I SentryImuMcuAngleSender: 179.98598rollDeg
05-27 18:53:44.282 13911 14183 I SentryImuMcuAngleSender: 1,0,0
05-27 18:53:44.282   581   581 I SpiService: fgesysctrl_getGPIO_status success val=1
05-27 08:44:53.247   581   581 D spi_rst_gpio_get_output: GPIO 145 value: 1
05-27 08:44:53.247   581   581 D spidev_ioctl: gpio status=1)
05-27 18:53:44.287   581   581 I SpiService: fgesysctrl_getGPIO_status success val=1
05-27 08:44:53.252   581   581 D spi_rst_gpio_get_output: GPIO 145 value: 1
05-27 08:44:53.252   581   581 D spidev_ioctl: gpio status=1)
05-27 18:53:44.292   299 30841 D EvsDriver: forwardFrame
05-27 18:53:44.294   581   581 I SpiService: fgesysctrl_getGPIO_status success val=1
05-27 18:53:44.294   299 30841 D EvsDriver: Delivered 0xb400007b7ca56a60 as id 0
05-27 18:53:44.294  1167  1167 D evsmanagerd: /dev/video4 forwarded the buffer #0 to 0xb4000074bf5f6850 from 0xb4000074bf5f41d0
05-27 18:53:44.296   299  1163 D EvsDriver: doneWithFrame
05-27 08:44:53.258   581   581 D spi_rst_gpio_get_output: GPIO 145 value: 1
05-27 08:44:53.258   581   581 D spidev_ioctl: gpio status=1)
05-27 18:53:44.298  1008 30857 D [OMXB]  : usingANWBuffer: handle:0xee744790, format:1, w:1920, h:1080
05-27 18:53:44.298 30773 30789 I dvr_service_: Camera 1: MediaOK:93799624, frames:2160, isKeyFrame:0,pts:11091221950
05-27 18:53:44.300   581   581 I SpiService: fgesysctrl_getGPIO_status success val=1
05-27 08:44:53.264   581   581 D spi_rst_gpio_get_output: GPIO 145 value: 1
05-27 08:44:53.264   581   581 D spidev_ioctl: gpio status=1)
05-27 18:53:44.301   536   536 D commservice260303: msg.id = 1028,1
05-27 18:53:44.301   536   536 D commservice260303: i = 170, msgid = 8A000404
05-27 18:53:44.301   536   536 D commservice260303: msgid = -1979710460,did=138
05-27 18:53:44.301   536   536 D commservice260303: CommProtocolLibCmdBaseI2C::dataproc {"command":{"id":"imu_status","sub":""},"content":{"TimeStamp":11,"FrameCounter":259926,"GD_X":-0.01030778605490923,"GD_Y":0.006261029280722141,"GD_Z":0.0019079053308814764,"AD_X":-0.002486392855644226,"AD_Y":-0.0026617711409926414,"AD_Z":-0.1676502227783203,"TempDsp":0,"Status":0,"CalibState":1,"SigAmpInvalid":0}},-1979710460
05-27 18:53:44.301   536   536 D commservice260303: send2Cluster len:316, 7B22636F6D6D616E64223A7B226964223A22696D755F737461747573222C22737562223A22227D2C22636F6E74656E74223A7B2254696D655374616D70223A31312C224672616D65436F756E746572223A3235393932362C2247445F58223A2D302E30313033303737383630353439303932332C2247445F59223A302E3030363236313032393238303732323134312C2247445F5A223A302E303031393037393035333330383831343736342C2241445F58223A2D302E3030323438363339323835353634343232362C2241445F59223A2D302E303032363631373731313430393932363431342C2241445F5A223A2D302E313637363530323232373738333230332C2254656D70447370223A302C22537461747573223A302C2243616C69625374617465223A312C22536967416D70496E76616C6964223A307D7D, 138 
05-27 18:53:44.301   536   536 D commservice260303: Push Message into SendPool fn=-1271397376
05-27 18:53:44.301   536   536 D commservice260303: ComProtocolLibSend2Cluster::send2ClusterRaw fn=-1271397376 , len=332
05-27 18:53:44.301   536   536 D commservice260303: sendCmdToPort :332!!!
05-27 18:53:44.301   536   536 D commservice260303: send Cmd To Port ++++5AA501488A01000438B46A16CD387B22636F6D6D616E64223A7B226964223A22696D755F737461747573222C22737562223A22227D2C22636F6E74656E74223A7B2254696D655374616D70223A31312C224672616D65436F756E746572223A3235393932362C2247445F58223A2D302E30313033303737383630353439303932332C2247445F59223A302E3030363236313032393238303732323134312C2247445F5A223A302E303031393037393035333330383831343736342C2241445F58223A2D302E3030323438363339323835353634343232362C2241445F59223A2D302E303032363631373731313430393932363431342C2241445F5A223A2D302E313637363530323232373738333230332C2254656D70447370223A302C22537461747573223A302C2243616C69625374617465223A312C22536967416D70496E76616C6964223A307D7D82BF
05-27 18:53:44.301   536   536 D commservice260303: bufferevent_write retrun value = 0
05-27 18:53:44.302   536   560 D commservice260303: client datas send succeed,send finish
05-27 18:53:44.302 13911 14192 D Sentinelmode_1.2.5.17_sentry: <SentryImuClusterFgeSender>imu_status sent to Linux, frame=259926, tsNs=11091542, tsMs=11, intervalMs=43, ad=(-0.0024863929,-0.0026617711,-0.16765022), gd=(-0.010307786,0.0062610293,0.0019079053)
05-27 08:44:53.270   581   581 D spi_rst_gpio_get_output: GPIO 145 value: 1
05-27 08:44:53.270   581   581 D spidev_ioctl: gpio status=1)
05-27 08:44:53.276   581   581 D spi_rst_gpio_get_output: GPIO 145 value: 0
05-27 08:44:53.276   581   581 D spidev_ioctl: gpio status=0)
05-27 18:53:44.303 13911 14183 I SentryImuMcuAngleSender: -179.99649rollDeg
05-27 18:53:44.303 13911 14183 I SentryImuMcuAngleSender: 1,0,0
05-27 18:53:44.306   581   581 I SpiService: fgesysctrl_getGPIO_status success val=1
05-27 18:53:44.306  1083  1083 I MyAppLog: [2026-05-27 18:53:44.305 I tboxap mcuSendYadiTransfer:196] [Mcu] [mcuYadiSend]: :00 08 A5 04 01 09 81 02 01 01
05-27 18:53:44.306   299 30844 D EvsDriver: forwardFrame
05-27 18:53:44.307 11130 11130 D adservices: Registering AdServices's TopicsManager.
05-27 18:53:44.308   299 30844 D EvsDriver: Delivered 0xb400007b7ca56900 as id 0
05-27 18:53:44.309  1167  1167 D evsmanagerd: /dev/video6 forwarded the buffer #0 to 0xb4000074bf5f5510 from 0xb4000074bf5f6d90
05-27 18:53:44.309   481   599 I mcuc    : start timer OK = 31292 
05-27 18:53:44.310   572   622 I Sensors : 230 GyroSensor: x:-0.011071,y:0.005955,z:0.001832
05-27 18:53:44.311   581   581 I SpiService: fgesysctrl_getGPIO_status success val=0
05-27 18:53:44.312   481   597 I mcuc    : send SPI:6AA6017A3C00F80901A504010981020101000000000000000000000000000000000000000000000000000000000000000000000000000000000000000000000000000000000000000000000000000000000000000000000000000000000000000000000000000000000000000000000000000000000000000000000000000000000000000000000000000000000000000000000000000000000000000000000000000000000000000000000000000000000000000000000000000000000000000000000000000000000000000000000000000000000000000000000000000000000000000000000000000000000000000000000000000000000000000000000F
05-27 18:53:44.315   299  1163 D EvsDriver: doneWithFrame
05-27 18:53:44.315 11130 11130 D CompatibilityInfo: applyToConfigurationCompat inoutConfig.densityDpi= 160
05-27 18:53:44.320  1008 30856 D [OMXB]  : usingANWBuffer: handle:0xee740bc0, format:1, w:1920, h:1080
05-27 18:53:44.320 30773 30789 I dvr_service_: Camera 0: MediaOK:93842775, frames:2140, isKeyFrame:0,pts:11091295938
05-27 18:53:44.323   299 30844 D EvsDriver: forwardFrame
05-27 18:53:44.324 13911 14183 I SentryImuMcuAngleSender: 180.0rollDeg
05-27 18:53:44.324 13911 14183 I SentryImuMcuAngleSender: 1,0,0
05-27 18:53:44.324   299 30844 D EvsDriver: Delivered 0xb400007b7ca56900 as id 0
05-27 18:53:44.324  1167  1167 D evsmanagerd: /dev/video6 forwarded the buffer #0 to 0xb4000074bf5f5510 from 0xb4000074bf5f6d90
05-27 18:53:44.326   581   581 I SpiService: fgesysctrl_getGPIO_status success val=1
05-27 18:53:44.326   299  1163 D EvsDriver: doneWithFrame
05-27 18:53:44.328 10188 16726 I DexManager: com.anwsdk.service loads from null-0 : 0 : /system/framework/javax.obex.jar
05-27 08:44:53.291   581   581 D spi_rst_gpio_get_output: GPIO 145 value: 1
05-27 08:44:53.291   581   581 D spidev_ioctl: gpio status=1)
05-27 18:53:44.328 10188 16726 I DexManager: Could not find owning package for dex file: /system/framework/javax.obex.jar
05-27 18:53:44.332   581   581 I SpiService: fgesysctrl_getGPIO_status success val=1
05-27 08:44:53.296   581   581 D spi_rst_gpio_get_output: GPIO 145 value: 1
05-27 08:44:53.296   581   581 D spidev_ioctl: gpio status=1)
05-27 18:53:44.333   299 30841 D EvsDriver: forwardFrame
05-27 18:53:44.334 11130 11130 W .service:remote: ClassLoaderContext shared library size mismatch. Expected=0, found=1 (PCL[] | PCL[]{PCL[/system/framework/javax.obex.jar*2267184930]})
05-27 18:53:44.335   299 30841 D EvsDriver: Delivered 0xb400007b7ca56a60 as id 0
05-27 18:53:44.335  1167  1167 D evsmanagerd: /dev/video4 forwarded the buffer #0 to 0xb4000074bf5f6850 from 0xb4000074bf5f41d0
05-27 18:53:44.337   581   581 I SpiService: fgesysctrl_getGPIO_status success val=1
05-27 18:53:44.338   299  1163 D EvsDriver: doneWithFrame
05-27 08:44:53.302   581   581 D spi_rst_gpio_get_output: GPIO 145 value: 1
05-27 08:44:53.302   581   581 D spidev_ioctl: gpio status=1)
05-27 18:53:44.340   536   536 D commservice260303: msg.id = 1028,1
05-27 18:53:44.340   536   536 D commservice260303: i = 170, msgid = 8A000404
05-27 18:53:44.340   536   536 D commservice260303: msgid = -1979710460,did=138
05-27 18:53:44.340   536   536 D commservice260303: CommProtocolLibCmdBaseI2C::dataproc {"command":{"id":"imu_status","sub":""},"content":{"TimeStamp":11,"FrameCounter":259927,"GD_X":-0.012063807807862759,"GD_Y":0.005879240110516548,"GD_Z":0.0012977708829566836,"AD_X":-0.0030964016914367676,"AD_Y":3.9377668872475624E-4,"AD_Z":-0.1694812774658203,"TempDsp":0,"Status":0,"CalibState":1,"SigAmpInvalid":0}},-1979710460
05-27 18:53:44.340   536   536 D commservice260303: send2Cluster len:317, 7B22636F6D6D616E64223A7B226964223A22696D755F737461747573222C22737562223A22227D2C22636F6E74656E74223A7B2254696D655374616D70223A31312C224672616D65436F756E746572223A3235393932372C2247445F58223A2D302E3031323036333830373830373836323735392C2247445F59223A302E3030353837393234303131303531363534382C2247445F5A223A302E303031323937373730383832393536363833362C2241445F58223A2D302E303033303936343031363931343336373637362C2241445F59223A332E39333737363638383732343735363234452D342C2241445F5A223A2D302E313639343831323737343635383230332C2254656D70447370223A302C22537461747573223A302C2243616C69625374617465223A312C22536967416D70496E76616C6964223A307D7D, 138 
05-27 18:53:44.340   536   536 D commservice260303: Push Message into SendPool fn=-1254620160
05-27 18:53:44.340   536   536 D commservice260303: ComProtocolLibSend2Cluster::send2ClusterRaw fn=-1254620160 , len=333
05-27 18:53:44.340   536   536 D commservice260303: sendCmdToPort :333!!!
05-27 18:53:44.340   536   536 D commservice260303: send Cmd To Port ++++5AA501498A01000438B56A16CD387B22636F6D6D616E64223A7B226964223A22696D755F737461747573222C22737562223A22227D2C22636F6E74656E74223A7B2254696D655374616D70223A31312C224672616D65436F756E746572223A3235393932372C2247445F58223A2D302E3031323036333830373830373836323735392C2247445F59223A302E3030353837393234303131303531363534382C2247445F5A223A302E303031323937373730383832393536363833362C2241445F58223A2D302E303033303936343031363931343336373637362C2241445F59223A332E39333737363638383732343735363234452D342C2241445F5A223A2D302E313639343831323737343635383230332C2254656D70447370223A302C22537461747573223A302C2243616C69625374617465223A312C22536967416D70496E76616C6964223A307D7DED4D
05-27 18:53:44.341   536   536 D commservice260303: bufferevent_write retrun value = 0
05-27 18:53:44.341   536   560 D commservice260303: client datas send succeed,send finish
05-27 18:53:44.341 13911 14192 D Sentinelmode_1.2.5.17_sentry: <SentryImuClusterFgeSender>imu_status sent to Linux, frame=259927, tsNs=11091578, tsMs=11, intervalMs=39, ad=(-0.0030964017,3.937767E-4,-0.16948128), gd=(-0.012063808,0.00587924,0.0012977709)
05-27 18:53:44.343   581   581 I SpiService: fgesysctrl_getGPIO_status success val=1
05-27 18:53:44.343 13911 14183 I SentryImuMcuAngleSender: 179.986rollDeg
05-27 18:53:44.343 13911 14183 I SentryImuMcuAngleSender: 1,0,0
05-27 18:53:44.344 10188 16726 I DexManager: com.anwsdk.service loads from com.anwsdk.service-1 : 0 : /system/app/BluetoothExt/BluetoothExt.apk
05-27 08:44:53.308   581   581 D spi_rst_gpio_get_output: GPIO 145 value: 1
05-27 08:44:53.308   581   581 D spidev_ioctl: gpio status=1)
05-27 18:53:44.349   581   581 I SpiService: fgesysctrl_getGPIO_status success val=0
05-27 08:44:53.313   581   581 D spi_rst_gpio_get_output: GPIO 145 value: 0
05-27 08:44:53.313   581   581 D spidev_ioctl: gpio status=0)
05-27 18:53:44.354 11130 11130 D CompatibilityInfo: applyToConfigurationCompat inoutConfig.densityDpi= 160
05-27 18:53:44.355  1008 30857 D [OMXB]  : usingANWBuffer: handle:0xee742cc0, format:1, w:1920, h:1080
05-27 08:44:53.328   581   581 D spi_rst_gpio_get_output: GPIO 145 value: 1
05-27 18:53:44.358   299 30844 D EvsDriver: forwardFrame
05-27 08:44:53.328   581   581 D spidev_ioctl: gpio status=1)
05-27 18:53:44.360   481   598 I mcuc    : rev,n=1,6AA6827A3C00020901BC
05-27 18:53:44.361   299 30841 D EvsDriver: forwardFrame
05-27 18:53:44.361   299 30844 D EvsDriver: Delivered 0xb400007b7ca56900 as id 0
05-27 18:53:44.361  1167  1167 D evsmanagerd: /dev/video6 forwarded the buffer #0 to 0xb4000074bf5f5510 from 0xb4000074bf5f6d90
05-27 18:53:44.362  1167  1167 D evsmanagerd: /dev/video4 forwarded the buffer #0 to 0xb4000074bf5f6850 from 0xb4000074bf5f41d0
05-27 18:53:44.363   299 30841 D EvsDriver: Delivered 0xb400007b7ca56a60 as id 0
05-27 18:53:44.363   581   581 I SpiService: fgesysctrl_getGPIO_status success val=1
05-27 18:53:44.364 13911 14183 I SentryImuMcuAngleSender: 179.993rollDeg
05-27 18:53:44.364 13911 14183 I SentryImuMcuAngleSender: 1,0,0
05-27 18:53:44.365   299  1163 D EvsDriver: doneWithFrame
05-27 18:53:44.367 13911 14183 I SentryImuMcuAngleSender: [4, 18, 1, 0, 0],5
05-27 18:53:44.367 13911 14183 I McuCommManager: mcuCommSendcmd [4, 18, 1, 0, 0]
05-27 18:53:44.368   299  1163 D EvsDriver: doneWithFrame
05-27 18:53:44.369 13911 14183 I SentryImuMcuAngleSender: true
05-27 18:53:44.369 13911 14183 W Sentinelmode_1.2.5.17_sentry: <SentryImuMcuAngleSender>MCU IMU send interval abnormal: 1003ms
05-27 18:53:44.369   581   581 I SpiService: fgesysctrl_getGPIO_status success val=1
05-27 08:44:53.334   581   581 D spi_rst_gpio_get_output: GPIO 145 value: 1
05-27 08:44:53.334   581   581 D spidev_ioctl: gpio status=1)
05-27 08:44:53.339   581   581 D spi_rst_gpio_get_output: GPIO 145 value: 1
05-27 08:44:53.339   581   581 D spidev_ioctl: gpio status=1)
05-27 18:53:44.374  1008 30856 D [OMXB]  : usingANWBuffer: handle:0xee7467e0, format:1, w:1920, h:1080
05-27 18:53:44.375   581   581 I SpiService: fgesysctrl_getGPIO_status success val=1
05-27 18:53:44.375   283   307 I rvcservice: t.code = 0, t.value = 0
05-27 18:53:44.377 11130 11130 D libEGL  : <.service:remote>[setCacheFilename]: file=/data/user_de/0/com.anwsdk.service/code_cache/com.android.opengl.shaders_cache
05-27 18:53:44.380   536   536 D commservice260303: msg.id = 1028,0
05-27 18:53:44.380   536   536 D commservice260303: i = 170, msgid = 8A000404
05-27 18:53:44.380   536   536 D commservice260303: msgid = -1979710460,did=138
05-27 18:53:44.380   536   536 D commservice260303: CommProtocolLibCmdBaseI2C::dataproc {"command":{"id":"imu_status","sub":""},"content":{"TimeStamp":11,"FrameCounter":259928,"GD_X":-0.011759000830352306,"GD_Y":0.005879240110516548,"GD_Z":0.0018319635419175029,"AD_X":-0.002485603094100952,"AD_Y":-0.003253235947340727,"AD_Z":-0.1700916290283203,"TempDsp":0,"Status":0,"CalibState":1,"SigAmpInvalid":0}},-1979710460
05-27 18:53:44.380   581   581 I SpiService: fgesysctrl_getGPIO_status success val=1
05-27 18:53:44.380   536   536 D commservice260303: send2Cluster len:316, 7B22636F6D6D616E64223A7B226964223A22696D755F737461747573222C22737562223A22227D2C22636F6E74656E74223A7B2254696D655374616D70223A31312C224672616D65436F756E746572223A3235393932382C2247445F58223A2D302E3031313735393030303833303335323330362C2247445F59223A302E3030353837393234303131303531363534382C2247445F5A223A302E303031383331393633353431393137353032392C2241445F58223A2D302E3030323438353630333039343130303935322C2241445F59223A2D302E3030333235333233353934373334303732372C2241445F5A223A2D302E313730303931363239303238333230332C2254656D70447370223A302C22537461747573223A302C2243616C69625374617465223A312C22536967416D70496E76616C6964223A307D7D, 138 
05-27 18:53:44.380   536   536 D commservice260303: Push Message into SendPool fn=-1237842944
05-27 18:53:44.380   536   536 D commservice260303: ComProtocolLibSend2Cluster::send2ClusterRaw fn=-1237842944 , len=332
05-27 18:53:44.380   536   536 D commservice260303: sendCmdToPort :332!!!
05-27 18:53:44.380   536   536 D commservice260303: send Cmd To Port ++++5AA501488A01000438B66A16CD387B22636F6D6D616E64223A7B226964223A22696D755F737461747573222C22737562223A22227D2C22636F6E74656E74223A7B2254696D655374616D70223A31312C224672616D65436F756E746572223A3235393932382C2247445F58223A2D302E3031313735393030303833303335323330362C2247445F59223A302E3030353837393234303131303531363534382C2247445F5A223A302E303031383331393633353431393137353032392C2241445F58223A2D302E3030323438353630333039343130303935322C2241445F59223A2D302E3030333235333233353934373334303732372C2241445F5A223A2D302E313730303931363239303238333230332C2254656D70447370223A302C22537461747573223A302C2243616C69625374617465223A312C22536967416D70496E76616C6964223A307D7D42DE
05-27 18:53:44.380   536   536 D commservice260303: bufferevent_write retrun value = 0
05-27 18:53:44.380   536   560 D commservice260303: client datas send succeed,send finish
05-27 18:53:44.381 13911 14192 D Sentinelmode_1.2.5.17_sentry: <SentryImuClusterFgeSender>imu_status sent to Linux, frame=259928, tsNs=11091616, tsMs=11, intervalMs=39, ad=(-0.002485603,-0.003253236,-0.17009163), gd=(-0.011759001,0.00587924,0.0018319635)
05-27 08:44:53.345   581   581 D spi_rst_gpio_get_output: GPIO 145 value: 1
05-27 08:44:53.345   581   581 D spidev_ioctl: gpio status=1)
05-27 18:53:44.385 13911 14183 I SentryImuMcuAngleSender: 179.993rollDeg
05-27 18:53:44.385 13911 14183 I SentryImuMcuAngleSender: 1,0,0
05-27 18:53:44.386   581   581 I SpiService: fgesysctrl_getGPIO_status success val=1
05-27 08:44:53.350   581   581 D spi_rst_gpio_get_output: GPIO 145 value: 1
05-27 08:44:53.350   581   581 D spidev_ioctl: gpio status=1)
05-27 18:53:44.389   299 30844 D EvsDriver: forwardFrame
05-27 08:44:53.356   581   581 D spi_rst_gpio_get_output: GPIO 145 value: 0
05-27 08:44:53.356   581   581 D spidev_ioctl: gpio status=0)
05-27 18:53:44.390   566 11459 I gps_hdbd: Received: '$GNGGA,010935.000,,,,,0,00,,,M,,M,,*68
'
05-27 18:53:44.391   299 30844 D EvsDriver: Delivered 0xb400007b7ca56900 as id 0
05-27 18:53:44.391  1167  1167 D evsmanagerd: /dev/video6 forwarded the buffer #0 to 0xb4000074bf5f5510 from 0xb4000074bf5f6d90
05-27 18:53:44.391   581   581 I SpiService: fgesysctrl_getGPIO_status success val=0
05-27 18:53:44.391   481   597 I mcuc    : send SPI:6AA6007A3D000504120100002D
05-27 18:53:44.394   299  1163 D EvsDriver: doneWithFrame
05-27 18:53:44.394   299 30841 D EvsDriver: forwardFrame
05-27 18:53:44.395  1167  1167 D evsmanagerd: /dev/video4 forwarded the buffer #0 to 0xb4000074bf5f6850 from 0xb4000074bf5f41d0
05-27 18:53:44.396 11130 11130 D NetworkSecurityConfig: No Network Security Config specified, using platform default
05-27 18:53:44.396   299 30841 D EvsDriver: Delivered 0xb400007b7ca56a60 as id 0
05-27 18:53:44.398 11130 11130 D NetworkSecurityConfig: No Network Security Config specified, using platform default
05-27 18:53:44.398   566 11459 I gps_hdbd: Received: '$GNGSA,A,1,,,,,,,,,,,,,,,,1*1D
'
05-27 18:53:44.398   299  1163 D EvsDriver: doneWithFrame
05-27 18:53:44.401   566 11459 I gps_hdbd: Received: '$GNGSA,A,1,,,,,,,,,,,,,,,,3*1F
'
05-27 18:53:44.401   566 11459 I gps_hdbd: Received: '$GNGSA,A,1,,,,,,,,,,,,,,,,4*18
'
05-27 18:53:44.401   566 11459 I gps_hdbd: Received: '$BDGSV,1,1,00,1*75
'
05-27 18:53:44.404 13911 14183 I SentryImuMcuAngleSender: 179.97546rollDeg
05-27 18:53:44.405 13911 14183 I SentryImuMcuAngleSender: 1,0,0
05-27 18:53:44.405  1008 30857 D [OMXB]  : usingANWBuffer: handle:0xee7427f0, format:1, w:1920, h:1080
05-27 18:53:44.405   581   581 I SpiService: fgesysctrl_getGPIO_status success val=1
05-27 18:53:44.409   566 11459 I gps_hdbd: Received: '$BDGSV,1,1,00,5*71
'
05-27 08:44:53.370   581   581 D spi_rst_gpio_get_output: GPIO 145 value: 1
05-27 08:44:53.370   581   581 D spidev_ioctl: gpio status=1)
05-27 18:53:44.410   566 11459 I gps_hdbd: Received: '$GPGSV,1,1,01,199,42,165,,1*60
'
05-27 18:53:44.411   581   581 I SpiService: fgesysctrl_getGPIO_status success val=1
05-27 18:53:44.413   566 11459 I gps_hdbd: Received: '$GPGSV,1,1,00,8*6D
'
05-27 18:53:44.413   566 11459 I gps_hdbd: Received: '$GAGSV,1,1,00,7*73
'
05-27 08:44:53.376   581   581 D spi_rst_gpio_get_output: GPIO 145 value: 1
05-27 08:44:53.376   581   581 D spidev_ioctl: gpio status=1)
05-27 18:53:44.413   566 11459 I gps_hdbd: Received: '$GAGSV,1,1,00,1*75
'
05-27 18:53:44.416   581   581 I SpiService: fgesysctrl_getGPIO_status success val=1
05-27 08:44:53.381   581   581 D spi_rst_gpio_get_output: GPIO 145 value: 1
05-27 08:44:53.381   581   581 D spidev_ioctl: gpio status=1)
05-27 18:53:44.418   566 11459 I gps_hdbd: Received: '$GNRMC,010935.000,V,,,,,,,270526,120.0,E,N,V*4B
'
05-27 18:53:44.419   566 11459 I gps_hdbd: RMC : CALL gnss_sv_status_cb, view_in_sat <1>
05-27 18:53:44.419   566 11459 I gps_hdbd: [reportSvStatus]--->PLATFORM_BSP::Enter
05-27 18:53:44.419  1008 30856 D [OMXB]  : usingANWBuffer: handle:0xee740430, format:1, w:1920, h:1080
05-27 18:53:44.419  1083  1083 W MyAppLog: [2026-05-27 18:53:44.419 W tboxap gpsSyncGpsInfoToDm:361] [Gps] [gpsSyncGpsInfoToDm] fix=0 mode=49 corner:0x01 alt=0.00 sat=0 hdop=0.00 pdop=0.00 vdop=0.00
05-27 18:53:44.419   566 11459 I gps_hdbd: hy abnormal deal:hy_cnr30_satellite_cnt=0
05-27 18:53:44.419   566 11459 D gps_hdbd: hy abnormal deal:hy_fixStatus_fail_count=0
05-27 18:53:44.420   299 30844 D EvsDriver: forwardFrame
05-27 18:53:44.420   299 30841 D EvsDriver: forwardFrame
05-27 18:53:44.421   299 30844 D EvsDriver: Delivered 0xb400007b7ca56900 as id 0
05-27 18:53:44.422   299 30841 D EvsDriver: Delivered 0xb400007b7ca56a60 as id 0
05-27 18:53:44.422  1167  1479 D evsmanagerd: /dev/video4 forwarded the buffer #0 to 0xb4000074bf5f6850 from 0xb4000074bf5f41d0
05-27 18:53:44.422  1167  1167 D evsmanagerd: /dev/video6 forwarded the buffer #0 to 0xb4000074bf5f5510 from 0xb4000074bf5f6d90
05-27 18:53:44.422 30773 30783 E dvr_service_: [myNum:0] Received S**** loss
05-27 18:53:44.422   581   581 I SpiService: fgesysctrl_getGPIO_status success val=1
