05-27 18:53:46.771   536   536 D commservice260303: send2Cluster len:315, 7B22636F6D6D616E64223A7B226964223A22696D755F737461747573222C22737562223A22227D2C22636F6E74656E74223A7B2254696D655374616D70223A31312C224672616D65436F756E746572223A3235393938372C2247445F58223A2D302E3031323434363131373538373338373536322C2247445F59223A302E3030353537333931323938393334383137332C2247445F5A223A302E303032313337383130393233313539313232352C2241445F58223A2D392E373139383738343335313334383838452D342C2241445F59223A392E373139343931393336323636343232452D352C2241445F5A223A2D302E313632373636343536363034303033392C2254656D70447370223A302C22537461747573223A302C2243616C69625374617465223A312C22536967416D70496E76616C6964223A307D7D, 138 
05-27 18:53:46.771   536   536 D commservice260303: Push Message into SendPool fn=-231209984
05-27 18:53:46.772   536   536 D commservice260303: ComProtocolLibSend2Cluster::send2ClusterRaw fn=-231209984 , len=331
05-27 18:53:46.772   536   536 D commservice260303: sendCmdToPort :331!!!
05-27 18:53:46.772   536   536 D commservice260303: send Cmd To Port ++++5AA501478A01000438F26A16CD3A7B22636F6D6D616E64223A7B226964223A22696D755F737461747573222C22737562223A22227D2C22636F6E74656E74223A7B2254696D655374616D70223A31312C224672616D65436F756E746572223A3235393938372C2247445F58223A2D302E3031323434363131373538373338373536322C2247445F59223A302E3030353537333931323938393334383137332C2247445F5A223A302E303032313337383130393233313539313232352C2241445F58223A2D392E373139383738343335313334383838452D342C2241445F59223A392E373139343931393336323636343232452D352C2241445F5A223A2D302E313632373636343536363034303033392C2254656D70447370223A302C22537461747573223A302C2243616C69625374617465223A312C22536967416D70496E76616C6964223A307D7D235A
05-27 18:53:46.772   536   536 D commservice260303: bufferevent_write retrun value = 0
05-27 18:53:46.772   536   560 D commservice260303: client datas send succeed,send finish
05-27 18:53:46.772 13911 14192 D Sentinelmode_1.2.5.17_sentry: <SentryImuClusterFgeSender>imu_status sent to Linux, frame=259987, tsNs=11094002, tsMs=11, intervalMs=39, ad=(-9.7198784E-4,9.719492E-5,-0.16276646), gd=(-0.012446118,0.005573913,0.002137811)
05-27 18:53:46.778  1008 30856 D [OMXB]  : usingANWBuffer: handle:0xee744210, format:1, w:1920, h:1080
05-27 18:53:46.780 13911 14183 I SentryImuMcuAngleSender: 179.98598rollDeg
05-27 18:53:46.780 13911 14183 I SentryImuMcuAngleSender: 1,0,0
05-27 18:53:46.781   283   307 I rvcservice: t.code = 3, t.value = 0
05-27 18:53:46.781   581   581 I SpiService: fgesysctrl_getGPIO_status success val=1
05-27 18:53:46.786   581   581 I SpiService: fgesysctrl_getGPIO_status success val=1
05-27 18:53:46.791   299 30844 D EvsDriver: forwardFrame
05-27 18:53:46.791   299 30841 D EvsDriver: forwardFrame
05-27 18:53:46.792   581   581 I SpiService: fgesysctrl_getGPIO_status success val=1
05-27 18:53:46.793   299 30841 D EvsDriver: Delivered 0xb400007b7ca56a60 as id 0
05-27 18:53:46.793   299 30844 D EvsDriver: Delivered 0xb400007b7ca56900 as id 0
05-27 18:53:46.794  1167  1479 D evsmanagerd: /dev/video6 forwarded the buffer #0 to 0xb4000074bf5f5510 from 0xb4000074bf5f6d90
05-27 18:53:46.794  1167  1167 D evsmanagerd: /dev/video4 forwarded the buffer #0 to 0xb4000074bf5f6850 from 0xb4000074bf5f41d0
05-27 18:53:46.797   299  1153 D EvsDriver: doneWithFrame
05-27 18:53:46.797   299  1163 D EvsDriver: doneWithFrame
05-27 18:53:46.798   581   581 I SpiService: fgesysctrl_getGPIO_status success val=1
05-27 18:53:46.800  1008 30857 D [OMXB]  : usingANWBuffer: handle:0xee744fd0, format:1, w:1920, h:1080
05-27 18:53:46.800 13911 14183 I SentryImuMcuAngleSender: 179.97899rollDeg
05-27 18:53:46.800 13911 14183 I SentryImuMcuAngleSender: 1,0,0
05-27 18:53:46.804   581   581 I SpiService: fgesysctrl_getGPIO_status success val=0
05-27 18:53:46.810   536   536 D commservice260303: msg.id = 1028,0
05-27 18:53:46.810   536   536 D commservice260303: i = 170, msgid = 8A000404
05-27 18:53:46.810   536   536 D commservice260303: msgid = -1979710460,did=138
05-27 18:53:46.810   536   536 D commservice260303: CommProtocolLibCmdBaseI2C::dataproc {"command":{"id":"imu_status","sub":""},"content":{"TimeStamp":11,"FrameCounter":259988,"GD_X":-0.011300750076770782,"GD_Y":0.0051151420921087265,"GD_Z":0.0021378109231591225,"AD_X":-9.902119636535645E-4,"AD_Y":0.001308229984715581,"AD_Z":-0.17130661010742188,"TempDsp":0,"Status":0,"CalibState":1,"SigAmpInvalid":0}},-1979710460
05-27 18:53:46.810   536   536 D commservice260303: send2Cluster len:317, 7B22636F6D6D616E64223A7B226964223A22696D755F737461747573222C22737562223A22227D2C22636F6E74656E74223A7B2254696D655374616D70223A31312C224672616D65436F756E746572223A3235393938382C2247445F58223A2D302E3031313330303735303037363737303738322C2247445F59223A302E303035313135313432303932313038373236352C2247445F5A223A302E303032313337383130393233313539313232352C2241445F58223A2D392E393032313139363336353335363435452D342C2241445F59223A302E3030313330383232393938343731353538312C2241445F5A223A2D302E31373133303636313031303734323138382C2254656D70447370223A302C22537461747573223A302C2243616C69625374617465223A312C22536967416D70496E76616C6964223A307D7D, 138 
05-27 18:53:46.810   536   536 D commservice260303: Push Message into SendPool fn=-214432768
05-27 18:53:46.810   536   536 D commservice260303: ComProtocolLibSend2Cluster::send2ClusterRaw fn=-214432768 , len=333
05-27 18:53:46.810   536   536 D commservice260303: sendCmdToPort :333!!!
05-27 18:53:46.810   536   536 D commservice260303: send Cmd To Port ++++5AA501498A01000438F36A16CD3A7B22636F6D6D616E64223A7B226964223A22696D755F737461747573222C22737562223A22227D2C22636F6E74656E74223A7B2254696D655374616D70223A31312C224672616D65436F756E746572223A3235393938382C2247445F58223A2D302E3031313330303735303037363737303738322C2247445F59223A302E303035313135313432303932313038373236352C2247445F5A223A302E303032313337383130393233313539313232352C2241445F58223A2D392E393032313139363336353335363435452D342C2241445F59223A302E3030313330383232393938343731353538312C2241445F5A223A2D302E31373133303636313031303734323138382C2254656D70447370223A302C22537461747573223A302C2243616C69625374617465223A312C22536967416D70496E76616C6964223A307D7D55B3
05-27 18:53:46.810   536   536 D commservice260303: bufferevent_write retrun value = 0
05-27 18:53:46.811   536   560 D commservice260303: client datas send succeed,send finish
05-27 18:53:46.811 13911 14192 D Sentinelmode_1.2.5.17_sentry: <SentryImuClusterFgeSender>imu_status sent to Linux, frame=259988, tsNs=11094056, tsMs=11, intervalMs=38, ad=(-9.90212E-4,0.00130823,-0.17130661), gd=(-0.01130075,0.005115142,0.002137811)
05-27 18:53:46.818   299 30841 D EvsDriver: forwardFrame
05-27 18:53:46.818   581   581 I SpiService: fgesysctrl_getGPIO_status success val=1
05-27 18:53:46.819   299 30841 D EvsDriver: Delivered 0xb400007b7ca56a60 as id 0
05-27 18:53:46.819  1167  1167 D evsmanagerd: /dev/video4 forwarded the buffer #0 to 0xb4000074bf5f6850 from 0xb4000074bf5f41d0
05-27 18:53:46.820 13911 14183 I SentryImuMcuAngleSender: 179.97899rollDeg
05-27 18:53:46.821 13911 14183 I SentryImuMcuAngleSender: 1,0,0
05-27 18:53:46.822  1008 30856 D [OMXB]  : usingANWBuffer: handle:0xee744160, format:1, w:1920, h:1080
05-27 18:53:46.824   299  1163 D EvsDriver: doneWithFrame
05-27 18:53:46.824   581   581 I SpiService: fgesysctrl_getGPIO_status success val=1
05-27 18:53:46.828   299 30844 D EvsDriver: forwardFrame
05-27 18:53:46.831   581   581 I SpiService: fgesysctrl_getGPIO_status success val=1
05-27 18:53:46.832   299 30844 D EvsDriver: Delivered 0xb400007b7ca56900 as id 0
05-27 18:53:46.833  1167  1167 D evsmanagerd: /dev/video6 forwarded the buffer #0 to 0xb4000074bf5f5510 from 0xb4000074bf5f6d90
05-27 18:53:46.836   299  1163 D EvsDriver: doneWithFrame
05-27 18:53:46.838   581   581 I SpiService: fgesysctrl_getGPIO_status success val=1
05-27 18:53:46.841 13911 14183 I SentryImuMcuAngleSender: 179.98248rollDeg
05-27 18:53:46.841 13911 14183 I SentryImuMcuAngleSender: 1,0,0
05-27 18:53:46.842  1008 30857 D [OMXB]  : usingANWBuffer: handle:0xee742480, format:1, w:1920, h:1080
05-27 18:53:46.843   581   581 I SpiService: fgesysctrl_getGPIO_status success val=0
05-27 08:44:55.808   581   581 D spidev_ioctl: gpio status=0)
05-27 18:53:46.850   536   536 D commservice260303: msg.id = 1028,0
05-27 18:53:46.850   536   536 D commservice260303: i = 170, msgid = 8A000404
05-27 18:53:46.850   536   536 D commservice260303: msgid = -1979710460,did=138
05-27 18:53:46.850   536   536 D commservice260303: CommProtocolLibCmdBaseI2C::dataproc {"command":{"id":"imu_status","sub":""},"content":{"TimeStamp":11,"FrameCounter":259989,"GD_X":-0.01153013575822115,"GD_Y":0.004580949433147907,"GD_Z":0.0020608289632946253,"AD_X":-0.004038602113723755,"AD_Y":0.001911538653075695,"AD_Z":-0.16947650909423828,"TempDsp":0,"Status":0,"CalibState":1,"SigAmpInvalid":0}},-1979710460
05-27 18:53:46.850   536   536 D commservice260303: send2Cluster len:315, 7B22636F6D6D616E64223A7B226964223A22696D755F737461747573222C22737562223A22227D2C22636F6E74656E74223A7B2254696D655374616D70223A31312C224672616D65436F756E746572223A3235393938392C2247445F58223A2D302E30313135333031333537353832323131352C2247445F59223A302E3030343538303934393433333134373930372C2247445F5A223A302E303032303630383238393633323934363235332C2241445F58223A2D302E3030343033383630323131333732333735352C2241445F59223A302E3030313931313533383635333037353639352C2241445F5A223A2D302E31363934373635303930393432333832382C2254656D70447370223A302C22537461747573223A302C2243616C69625374617465223A312C22536967416D70496E76616C6964223A307D7D, 138 
05-27 18:53:46.850   536   536 D commservice260303: Push Message into SendPool fn=-197655552
05-27 18:53:46.851   536   536 D commservice260303: ComProtocolLibSend2Cluster::send2ClusterRaw fn=-197655552 , len=331
05-27 18:53:46.851   536   536 D commservice260303: sendCmdToPort :331!!!
05-27 18:53:46.851   536   536 D commservice260303: send Cmd To Port ++++5AA501478A01000438F46A16CD3A7B22636F6D6D616E64223A7B226964223A22696D755F737461747573222C22737562223A22227D2C22636F6E74656E74223A7B2254696D655374616D70223A31312C224672616D65436F756E746572223A3235393938392C2247445F58223A2D302E30313135333031333537353832323131352C2247445F59223A302E3030343538303934393433333134373930372C2247445F5A223A302E303032303630383238393633323934363235332C2241445F58223A2D302E3030343033383630323131333732333735352C2241445F59223A302E3030313931313533383635333037353639352C2241445F5A223A2D302E31363934373635303930393432333832382C2254656D70447370223A302C22537461747573223A302C2243616C69625374617465223A312C22536967416D70496E76616C6964223A307D7DCF7D
05-27 18:53:46.851   536   536 D commservice260303: bufferevent_write retrun value = 0
05-27 18:53:46.851 13911 14192 D Sentinelmode_1.2.5.17_sentry: <SentryImuClusterFgeSender>imu_status sent to Linux, frame=259989, tsNs=11094091, tsMs=11, intervalMs=41, ad=(-0.004038602,0.0019115387,-0.16947651), gd=(-0.011530136,0.0045809494,0.002060829)
05-27 18:53:46.851   536   560 D commservice260303: client datas send succeed,send finish
05-27 18:53:46.852   299 30841 D EvsDriver: forwardFrame
05-27 18:53:46.854   299 30841 D EvsDriver: Delivered 0xb400007b7ca56a60 as id 0
05-27 18:53:46.854  1167  1167 D evsmanagerd: /dev/video4 forwarded the buffer #0 to 0xb4000074bf5f6850 from 0xb4000074bf5f41d0
05-27 18:53:46.856   299 30844 D EvsDriver: forwardFrame
05-27 18:53:46.858   299 30844 D EvsDriver: Delivered 0xb400007b7ca56900 as id 0
05-27 18:53:46.858   581   581 I SpiService: fgesysctrl_getGPIO_status success val=1
05-27 18:53:46.858   299  1163 D EvsDriver: doneWithFrame
05-27 18:53:46.858  1167  1167 D evsmanagerd: /dev/video6 forwarded the buffer #0 to 0xb4000074bf5f5510 from 0xb4000074bf5f6d90
05-27 18:53:46.859   572   622 I Sensors : 230 GyroSensor: x:-0.011453,y:0.005039,z:0.002672
05-27 18:53:46.862 13911 14183 I SentryImuMcuAngleSender: 179.97546rollDeg
05-27 18:53:46.862 13911 14183 I SentryImuMcuAngleSender: 1,0,0
05-27 18:53:46.862  1008 30856 D [OMXB]  : usingANWBuffer: handle:0xee7416c0, format:1, w:1920, h:1080
05-27 18:53:46.862   299  1163 D EvsDriver: doneWithFrame
05-27 18:53:46.863   581   581 I SpiService: fgesysctrl_getGPIO_status success val=1
05-27 18:53:46.869   581   581 I SpiService: fgesysctrl_getGPIO_status success val=1
05-27 08:44:55.834   581   581 D spidev_ioctl: gpio status=1)
05-27 18:53:46.875   581   581 I SpiService: fgesysctrl_getGPIO_status success val=1
05-27 08:44:55.840   581   581 D spi_rst_gpio_get_output: GPIO 145 value: 1
05-27 18:53:46.880   581   581 I SpiService: fgesysctrl_getGPIO_status success val=1
05-27 18:53:46.881   283   307 I rvcservice: t.code = 3, t.value = 0
05-27 18:53:46.882  1008 30857 D [OMXB]  : usingANWBuffer: handle:0xee7428a0, format:1, w:1920, h:1080
05-27 18:53:46.883 13911 14183 I SentryImuMcuAngleSender: 179.98248rollDeg
05-27 18:53:46.883 13911 14183 I SentryImuMcuAngleSender: 1,0,0
05-27 18:53:46.886   581   581 I SpiService: fgesysctrl_getGPIO_status success val=0
05-27 18:53:46.888   299 30844 D EvsDriver: forwardFrame
05-27 18:53:46.890   299 30841 D EvsDriver: forwardFrame
05-27 18:53:46.890   299 30844 D EvsDriver: Delivered 0xb400007b7ca56900 as id 0
05-27 18:53:46.890  1167  1167 D evsmanagerd: /dev/video6 forwarded the buffer #0 to 0xb4000074bf5f5510 from 0xb4000074bf5f6d90
05-27 18:53:46.891   536   536 D commservice260303: msg.id = 1028,0
05-27 18:53:46.892   536   536 D commservice260303: i = 170, msgid = 8A000404
05-27 18:53:46.892   536   536 D commservice260303: msgid = -1979710460,did=138
05-27 18:53:46.892   536   536 D commservice260303: CommProtocolLibCmdBaseI2C::dataproc {"command":{"id":"imu_status","sub":""},"content":{"TimeStamp":11,"FrameCounter":259990,"GD_X":-0.011834942735731602,"GD_Y":0.0048857564106583595,"GD_Z":0.002519079949706793,"AD_X":2.2186338901519775E-4,"AD_Y":6.830170750617981E-4,"AD_Z":-0.1682577133178711,"TempDsp":0,"Status":0,"CalibState":1,"SigAmpInvalid":0}},-1979710460
05-27 18:53:46.892   536   536 D commservice260303: send2Cluster len:315, 7B22636F6D6D616E64223A7B226964223A22696D755F737461747573222C22737562223A22227D2C22636F6E74656E74223A7B2254696D655374616D70223A31312C224672616D65436F756E746572223A3235393939302C2247445F58223A2D302E3031313833343934323733353733313630322C2247445F59223A302E303034383835373536343130363538333539352C2247445F5A223A302E3030323531393037393934393730363739332C2241445F58223A322E32313836333338393031353139373735452D342C2241445F59223A362E383330313730373530363137393831452D342C2241445F5A223A2D302E313638323537373133333137383731312C2254656D70447370223A302C22537461747573223A302C2243616C69625374617465223A312C22536967416D70496E76616C6964223A307D7D, 138 
05-27 18:53:46.892   536   536 D commservice260303: Push Message into SendPool fn=-180878336
05-27 18:53:46.892   536   536 D commservice260303: ComProtocolLibSend2Cluster::send2ClusterRaw fn=-180878336 , len=331
05-27 18:53:46.892   536   536 D commservice260303: sendCmdToPort :331!!!
05-27 18:53:46.892   536   536 D commservice260303: send Cmd To Port ++++5AA501478A01000438F56A16CD3A7B22636F6D6D616E64223A7B226964223A22696D755F737461747573222C22737562223A22227D2C22636F6E74656E74223A7B2254696D655374616D70223A31312C224672616D65436F756E746572223A3235393939302C2247445F58223A2D302E3031313833343934323733353733313630322C2247445F59223A302E303034383835373536343130363538333539352C2247445F5A223A302E3030323531393037393934393730363739332C2241445F58223A322E32313836333338393031353139373735452D342C2241445F59223A362E383330313730373530363137393831452D342C2241445F5A223A2D302E313638323537373133333137383731312C2254656D70447370223A302C22537461747573223A302C2243616C69625374617465223A312C22536967416D70496E76616C6964223A307D7DE303
05-27 18:53:46.892   299 30841 D EvsDriver: Delivered 0xb400007b7ca56a60 as id 0
05-27 18:53:46.892  1167  1167 D evsmanagerd: /dev/video4 forwarded the buffer #0 to 0xb4000074bf5f6850 from 0xb4000074bf5f41d0
05-27 18:53:46.892   536   536 D commservice260303: bufferevent_write retrun value = 0
05-27 18:53:46.892   536   560 D commservice260303: client datas send succeed,send finish
05-27 18:53:46.893 13911 14192 D Sentinelmode_1.2.5.17_sentry: <SentryImuClusterFgeSender>imu_status sent to Linux, frame=259990, tsNs=11094127, tsMs=11, intervalMs=42, ad=(2.2186339E-4,6.830171E-4,-0.16825771), gd=(-0.011834943,0.0048857564,0.00251908)
05-27 18:53:46.895   299  1163 D EvsDriver: doneWithFrame
05-27 18:53:46.896   299  1153 D EvsDriver: doneWithFrame
05-27 18:53:46.901   581   581 I SpiService: fgesysctrl_getGPIO_status success val=1
05-27 18:53:46.902  1008 30856 D [OMXB]  : usingANWBuffer: handle:0xee7427f0, format:1, w:1920, h:1080
05-27 18:53:46.902 13911 14183 I SentryImuMcuAngleSender: 179.97897rollDeg
05-27 18:53:46.903 13911 14183 I SentryImuMcuAngleSender: 1,0,0
05-27 18:53:46.906   581   581 I SpiService: fgesysctrl_getGPIO_status success val=1
05-27 18:53:46.912   581   581 I SpiService: fgesysctrl_getGPIO_status success val=1
05-27 18:53:46.917   581   581 I SpiService: fgesysctrl_getGPIO_status success val=1
05-27 18:53:46.921   299 30841 D EvsDriver: forwardFrame
05-27 18:53:46.921   299 30844 D EvsDriver: forwardFrame
05-27 18:53:46.922 13911 14183 I SentryImuMcuAngleSender: 179.97546rollDeg
05-27 18:53:46.922 13911 14183 I SentryImuMcuAngleSender: 1,0,0
05-27 18:53:46.922   299 30844 D EvsDriver: Delivered 0xb400007b7ca56900 as id 0
05-27 18:53:46.923  1167  1167 D evsmanagerd: /dev/video6 forwarded the buffer #0 to 0xb4000074bf5f5510 from 0xb4000074bf5f6d90
05-27 18:53:46.923 30773 30773 E dvr_service_: [myNum:1] Received S**** loss
05-27 18:53:46.923   581   581 I SpiService: fgesysctrl_getGPIO_status success val=1
05-27 18:53:46.923   299 30841 D EvsDriver: Delivered 0xb400007b7ca56a60 as id 0
05-27 18:53:46.923  1167  1167 D evsmanagerd: /dev/video4 forwarded the buffer #0 to 0xb4000074bf5f6850 from 0xb4000074bf5f41d0
05-27 18:53:46.923   299  1153 D EvsDriver: doneWithFrame
05-27 18:53:46.923 30773 30773 E dvr_service_: [myNum:0] Received S**** loss
05-27 18:53:46.924   299  1153 D EvsDriver: doneWithFrame
05-27 18:53:46.927  1008 30857 D [OMXB]  : usingANWBuffer: handle:0xee744790, format:1, w:1920, h:1080
05-27 18:53:46.928   581   581 I SpiService: fgesysctrl_getGPIO_status success val=0
05-27 18:53:46.932   536   536 D commservice260303: msg.id = 1028,0
05-27 18:53:46.932   536   536 D commservice260303: i = 170, msgid = 8A000404
05-27 18:53:46.932   536   536 D commservice260303: msgid = -1979710460,did=138
05-27 18:53:46.932   536   536 D commservice260303: CommProtocolLibCmdBaseI2C::dataproc {"command":{"id":"imu_status","sub":""},"content":{"TimeStamp":11,"FrameCounter":259991,"GD_X":-0.011834942735731602,"GD_Y":0.00519212381914258,"GD_Z":0.002519079949706793,"AD_X":-0.0010142773389816284,"AD_Y":0.0018935052212327719,"AD_Z":-0.1670370101928711,"TempDsp":0,"Status":0,"CalibState":1,"SigAmpInvalid":0}},-1979710460
05-27 18:53:46.932   536   536 D commservice260303: send2Cluster len:315, 7B22636F6D6D616E64223A7B226964223A22696D755F737461747573222C22737562223A22227D2C22636F6E74656E74223A7B2254696D655374616D70223A31312C224672616D65436F756E746572223A3235393939312C2247445F58223A2D302E3031313833343934323733353733313630322C2247445F59223A302E30303531393231323338313931343235382C2247445F5A223A302E3030323531393037393934393730363739332C2241445F58223A2D302E303031303134323737333338393831363238342C2241445F59223A302E303031383933353035323231323332373731392C2241445F5A223A2D302E313637303337303130313932383731312C2254656D70447370223A302C22537461747573223A302C2243616C69625374617465223A312C22536967416D70496E76616C6964223A307D7D, 138 
05-27 18:53:46.932   536   536 D commservice260303: Push Message into SendPool fn=-164101120
05-27 18:53:46.932   536   536 D commservice260303: ComProtocolLibSend2Cluster::send2ClusterRaw fn=-164101120 , len=331
05-27 18:53:46.932   536   536 D commservice260303: sendCmdToPort :331!!!
05-27 18:53:46.932   536   536 D commservice260303: send Cmd To Port ++++5AA501478A01000438F66A16CD3A7B22636F6D6D616E64223A7B226964223A22696D755F737461747573222C22737562223A22227D2C22636F6E74656E74223A7B2254696D655374616D70223A31312C224672616D65436F756E746572223A3235393939312C2247445F58223A2D302E3031313833343934323733353733313630322C2247445F59223A302E30303531393231323338313931343235382C2247445F5A223A302E3030323531393037393934393730363739332C2241445F58223A2D302E303031303134323737333338393831363238342C2241445F59223A302E303031383933353035323231323332373731392C2241445F5A223A2D302E313637303337303130313932383731312C2254656D70447370223A302C22537461747573223A302C2243616C69625374617465223A312C22536967416D70496E76616C6964223A307D7DD482
05-27 18:53:46.932   536   536 D commservice260303: bufferevent_write retrun value = 0
05-27 18:53:46.932   536   560 D commservice260303: client datas send succeed,send finish
05-27 18:53:46.932 13911 14192 D Sentinelmode_1.2.5.17_sentry: <SentryImuClusterFgeSender>imu_status sent to Linux, frame=259991, tsNs=11094163, tsMs=11, intervalMs=39, ad=(-0.0010142773,0.0018935052,-0.16703701), gd=(-0.011834943,0.005192124,0.00251908)
05-27 18:53:46.941 11344 11344 E SystemUI_NavBarFragment: SysUIConfig.icCarServiceConnected：false
05-27 18:53:46.943 13911 14183 I SentryImuMcuAngleSender: 179.97897rollDeg
05-27 18:53:46.943 13911 14183 I SentryImuMcuAngleSender: 1,0,0
05-27 18:53:46.943   581   581 I SpiService: fgesysctrl_getGPIO_status success val=1
05-27 18:53:46.943  1008 30856 D [OMXB]  : usingANWBuffer: handle:0xee743c90, format:1, w:1920, h:1080
05-27 08:44:55.907   581   581 D spidev_ioctl: gpio status=1)
05-27 18:53:46.948   581   581 I SpiService: fgesysctrl_getGPIO_status success val=1
05-27 18:53:46.954   581   581 I SpiService: fgesysctrl_getGPIO_status success val=1
05-27 18:53:46.956   299 30841 D EvsDriver: forwardFrame
05-27 18:53:46.957   299 30844 D EvsDriver: forwardFrame
05-27 18:53:46.958   299 30844 D EvsDriver: Delivered 0xb400007b7ca56900 as id 0
05-27 18:53:46.959  1167  1167 D evsmanagerd: /dev/video6 forwarded the buffer #0 to 0xb4000074bf5f5510 from 0xb4000074bf5f6d90
05-27 18:53:46.959   299 30841 D EvsDriver: Delivered 0xb400007b7ca56a60 as id 0
05-27 18:53:46.959   581   581 I SpiService: fgesysctrl_getGPIO_status success val=1
05-27 18:53:46.959  1167  1167 D evsmanagerd: /dev/video4 forwarded the buffer #0 to 0xb4000074bf5f6850 from 0xb4000074bf5f41d0
05-27 18:53:46.961   299  1153 D EvsDriver: doneWithFrame
05-27 18:53:46.963   299  1153 D EvsDriver: doneWithFrame
05-27 18:53:46.964 13911 14183 I SentryImuMcuAngleSender: 179.98598rollDeg
05-27 18:53:46.964 13911 14183 I SentryImuMcuAngleSender: 1,0,0
05-27 18:53:46.965   581   581 I SpiService: fgesysctrl_getGPIO_status success val=1
05-27 18:53:46.967   572   572 I Sensors : 230 AccelSensor: x:-0.167140,y:0.003659,z:-9.972281
05-27 18:53:46.968  1008 30857 D [OMXB]  : usingANWBuffer: handle:0xee742320, format:1, w:1920, h:1080
05-27 18:53:46.970   581   581 I SpiService: fgesysctrl_getGPIO_status success val=0
05-27 18:53:46.974   536   536 D commservice260303: msg.id = 1028,1
05-27 18:53:46.974   536   536 D commservice260303: i = 170, msgid = 8A000404
05-27 18:53:46.974   536   536 D commservice260303: msgid = -1979710460,did=138
05-27 18:53:46.974   536   536 D commservice260303: CommProtocolLibCmdBaseI2C::dataproc {"command":{"id":"imu_status","sub":""},"content":{"TimeStamp":11,"FrameCounter":259992,"GD_X":-0.011453153565526009,"GD_Y":0.005879240110516548,"GD_Z":0.0019848872907459736,"AD_X":-0.0010356605052947998,"AD_Y":0.0012740714009851217,"AD_Z":-0.1670370101928711,"TempDsp":0,"Status":0,"CalibState":1,"SigAmpInvalid":0}},-1979710460
05-27 18:53:46.974   536   536 D commservice260303: send2Cluster len:317, 7B22636F6D6D616E64223A7B226964223A22696D755F737461747573222C22737562223A22227D2C22636F6E74656E74223A7B2254696D655374616D70223A31312C224672616D65436F756E746572223A3235393939322C2247445F58223A2D302E3031313435333135333536353532363030392C2247445F59223A302E3030353837393234303131303531363534382C2247445F5A223A302E303031393834383837323930373435393733362C2241445F58223A2D302E303031303335363630353035323934373939382C2241445F59223A302E303031323734303731343030393835313231372C2241445F5A223A2D302E313637303337303130313932383731312C2254656D70447370223A302C22537461747573223A302C2243616C69625374617465223A312C22536967416D70496E76616C6964223A307D7D, 138 
05-27 18:53:46.974   536   536 D commservice260303: Push Message into SendPool fn=-147323904
05-27 18:53:46.974   536   536 D commservice260303: ComProtocolLibSend2Cluster::send2ClusterRaw fn=-147323904 , len=333
05-27 18:53:46.974   536   536 D commservice260303: sendCmdToPort :333!!!
05-27 18:53:46.974   536   536 D commservice260303: send Cmd To Port ++++5AA501498A01000438F76A16CD3A7B22636F6D6D616E64223A7B226964223A22696D755F737461747573222C22737562223A22227D2C22636F6E74656E74223A7B2254696D655374616D70223A31312C224672616D65436F756E746572223A3235393939322C2247445F58223A2D302E3031313435333135333536353532363030392C2247445F59223A302E3030353837393234303131303531363534382C2247445F5A223A302E303031393834383837323930373435393733362C2241445F58223A2D302E303031303335363630353035323934373939382C2241445F59223A302E303031323734303731343030393835313231372C2241445F5A223A2D302E313637303337303130313932383731312C2254656D70447370223A302C22537461747573223A302C2243616C69625374617465223A312C22536967416D70496E76616C6964223A307D7D2C70
05-27 18:53:46.974   536   536 D commservice260303: bufferevent_write retrun value = 0
05-27 18:53:46.975   536   560 D commservice260303: client datas send succeed,send finish
05-27 18:53:46.975 13911 14192 D Sentinelmode_1.2.5.17_sentry: <SentryImuClusterFgeSender>imu_status sent to Linux, frame=259992, tsNs=11094217, tsMs=11, intervalMs=43, ad=(-0.0010356605,0.0012740714,-0.16703701), gd=(-0.011453154,0.00587924,0.0019848873)
05-27 18:53:46.981   283   307 I rvcservice: t.code = 0, t.value = 0
05-27 18:53:46.984 13911 14183 I SentryImuMcuAngleSender: 179.98598rollDeg
05-27 18:53:46.984   481   598 I mcuc    : rev,n=1,6AA681DF72000A89003B01040911123456A5
05-27 18:53:46.984 13911 14183 I SentryImuMcuAngleSender: 1,0,0
05-27 18:53:46.984  1121  1144 I tboxmids_ap: [2026-05-27 18:53:46.984] [MCU RX] src=MCU dst=ZMQ len=10 type=BINARY data=00 08 3B 01 04 09 11 12 34 56 
05-27 18:53:46.985   581   581 I SpiService: fgesysctrl_getGPIO_status success val=1
05-27 18:53:46.985   351   373 D automotive.vehicle@2.0-adayo-datacomm-mcu: MCUDatacomm sendMessageFromVehicle prop: 0x89, areaId: 0x0, status: 0x3b, timestamp: 0x1
05-27 18:53:46.985   351   373 D automotive.vehicle@2.0-adayo-datacomm-mcu: MCUDatacomm 1sendMessageFromVehicle ---> type = 12 
05-27 18:53:46.985  1008 30856 D [OMXB]  : usingANWBuffer: handle:0xee7454a0, format:1, w:1920, h:1080
05-27 18:53:46.986  1083  1083 I MyAppLog: [2026-05-27 18:53:46.985 I tboxap mcuCommTboxmidsRecvCb:97] [Mcu] [mcuCommTboxmidsRecvCb] recv from tboxmids, size:10
05-27 18:53:46.986  1083  1083 I MyAppLog: [2026-05-27 18:53:46.985 I tboxap mcuCommTboxmidsRecvCb:98] [Mcu] [tboxmids -> tboxap]: :00 08 3B 01 04 09 11 12 34 56
05-27 18:53:46.986  1083  1083 W MyAppLog: [2026-05-27 18:53:46.985 W tboxap mcuYadiFrameParse:852] [Mcu] [mcuYadiFrameParse] cmd:0911(MCU_VHL_DYNAMIC_DATA_IND) payload too short:5 < 54
05-27 18:53:46.986  1083  1083 W MyAppLog: [2026-05-27 18:53:46.985 W tboxap mcuPtlParseData:982] [Mcu] [mcuPtlParseData] invalid yadi frame, len:10
05-27 18:53:46.990   581   581 I SpiService: fgesysctrl_getGPIO_status success val=1
05-27 18:53:46.992   299 30844 D EvsDriver: forwardFrame
05-27 18:53:46.994   299 30841 D EvsDriver: forwardFrame
05-27 18:53:46.994   299 30844 D EvsDriver: Delivered 0xb400007b7ca56900 as id 0
05-27 18:53:46.994  1167  1167 D evsmanagerd: /dev/video6 forwarded the buffer #0 to 0xb4000074bf5f5510 from 0xb4000074bf5f6d90
05-27 18:53:46.996   581   581 I SpiService: fgesysctrl_getGPIO_status success val=1
05-27 18:53:46.996  1167  1167 D evsmanagerd: /dev/video4 forwarded the buffer #0 to 0xb4000074bf5f6850 from 0xb4000074bf5f41d0
05-27 18:53:46.996   299 30841 D EvsDriver: Delivered 0xb400007b7ca56a60 as id 0
05-27 18:53:46.999   299  1153 D EvsDriver: doneWithFrame
05-27 18:53:46.999   299  1163 D EvsDriver: doneWithFrame
05-27 18:53:47.001  1008 30857 D [OMXB]  : usingANWBuffer: handle:0xee7435b0, format:1, w:1920, h:1080
05-27 18:53:47.001   581   581 I SpiService: fgesysctrl_getGPIO_status success val=1
05-27 18:53:47.002 30773 30789 I dvr_service_: Camera 1: MediaOK:96563785, frames:2220, isKeyFrame:0,pts:11093986111
05-27 08:44:55.966   581   581 D spidev_ioctl: gpio status=1)
05-27 18:53:47.005 13911 14183 I SentryImuMcuAngleSender: 179.98949rollDeg
05-27 18:53:47.005 13911 14183 I SentryImuMcuAngleSender: 1,0,0
05-27 18:53:47.007   581   581 I SpiService: fgesysctrl_getGPIO_status success val=0
05-27 18:53:47.007   481   597 I mcuc    : send SPI:6AA602DF720002890022
05-27 18:53:47.013   536   536 D commservice260303: msg.id = 1028,0
05-27 18:53:47.013   536   536 D commservice260303: i = 170, msgid = 8A000404
05-27 18:53:47.013   536   536 D commservice260303: msgid = -1979710460,did=138
05-27 18:53:47.013   536   536 D commservice260303: CommProtocolLibCmdBaseI2C::dataproc {"command":{"id":"imu_status","sub":""},"content":{"TimeStamp":11,"FrameCounter":259993,"GD_X":-0.011834942735731602,"GD_Y":0.005879240110516548,"GD_Z":0.0020608289632946253,"AD_X":-0.00468851625919342,"AD_Y":-5.53614110685885E-4,"AD_Z":-0.1658163070678711,"TempDsp":0,"Status":0,"CalibState":1,"SigAmpInvalid":0}},-1979710460
05-27 18:53:47.014   536   536 D commservice260303: send2Cluster len:314, 7B22636F6D6D616E64223A7B226964223A22696D755F737461747573222C22737562223A22227D2C22636F6E74656E74223A7B2254696D655374616D70223A31312C224672616D65436F756E746572223A3235393939332C2247445F58223A2D302E3031313833343934323733353733313630322C2247445F59223A302E3030353837393234303131303531363534382C2247445F5A223A302E303032303630383238393633323934363235332C2241445F58223A2D302E30303436383835313632353931393334322C2241445F59223A2D352E3533363134313130363835383835452D342C2241445F5A223A2D302E313635383136333037303637383731312C2254656D70447370223A302C22537461747573223A302C2243616C69625374617465223A312C22536967416D70496E76616C6964223A307D7D, 138 
05-27 18:53:47.014   536   536 D commservice260303: Push Message into SendPool fn=-130546688
05-27 18:53:47.014   536   536 D commservice260303: ComProtocolLibSend2Cluster::send2ClusterRaw fn=-130546688 , len=330
05-27 18:53:47.014   536   536 D commservice260303: sendCmdToPort :330!!!
05-27 18:53:47.014   536   536 D commservice260303: send Cmd To Port ++++5AA501468A01000438F86A16CD3B7B22636F6D6D616E64223A7B226964223A22696D755F737461747573222C22737562223A22227D2C22636F6E74656E74223A7B2254696D655374616D70223A31312C224672616D65436F756E746572223A3235393939332C2247445F58223A2D302E3031313833343934323733353733313630322C2247445F59223A302E3030353837393234303131303531363534382C2247445F5A223A302E303032303630383238393633323934363235332C2241445F58223A2D302E30303436383835313632353931393334322C2241445F59223A2D352E3533363134313130363835383835452D342C2241445F5A223A2D302E313635383136333037303637383731312C2254656D70447370223A302C22537461747573223A302C2243616C69625374617465223A312C22536967416D70496E76616C6964223A307D7DA2FC
05-27 18:53:47.014   536   536 D commservice260303: bufferevent_write retrun value = 0
05-27 18:53:47.014   536   560 D commservice260303: client datas send succeed,send finish
05-27 18:53:47.014 13911 14192 D Sentinelmode_1.2.5.17_sentry: <SentryImuClusterFgeSender>imu_status sent to Linux, frame=259993, tsNs=11094253, tsMs=11, intervalMs=39, ad=(-0.0046885163,-5.536141E-4,-0.1658163), gd=(-0.011834943,0.00587924,0.002060829)
05-27 18:53:47.020  1008 30856 D [OMXB]  : usingANWBuffer: handle:0xee742530, format:1, w:1920, h:1080
05-27 18:53:47.020   299 30844 D EvsDriver: forwardFrame
05-27 18:53:47.021 30773 30789 I dvr_service_: Camera 0: MediaOK:96492735, frames:2200, isKeyFrame:0,pts:11093945898
05-27 18:53:47.021   581   581 I SpiService: fgesysctrl_getGPIO_status success val=1
05-27 18:53:47.022   299 30841 D EvsDriver: forwardFrame
05-27 18:53:47.022   299 30844 D EvsDriver: Delivered 0xb400007b7ca56900 as id 0
05-27 18:53:47.022  1167  1479 D evsmanagerd: /dev/video6 forwarded the buffer #0 to 0xb4000074bf5f5510 from 0xb4000074bf5f6d90
05-27 18:53:47.024  1167  1479 D evsmanagerd: /dev/video4 forwarded the buffer #0 to 0xb4000074bf5f6850 from 0xb4000074bf5f41d0
05-27 18:53:47.024   299 30841 D EvsDriver: Delivered 0xb400007b7ca56a60 as id 0
05-27 18:53:47.025 13911 14183 I SentryImuMcuAngleSender: 179.97897rollDeg
05-27 18:53:47.025 13911 14183 I SentryImuMcuAngleSender: 1,0,0
05-27 18:53:47.026   299  1163 D EvsDriver: doneWithFrame
05-27 18:53:47.027   581   581 I SpiService: fgesysctrl_getGPIO_status success val=1
05-27 18:53:47.028   299  1163 D EvsDriver: doneWithFrame
05-27 18:53:47.028   566  1173 D gps_hdbd: [request_agps_thread 979] get sys.gps.agnssd:1
05-27 18:53:47.033   581   581 I SpiService: fgesysctrl_getGPIO_status success val=1
05-27 18:53:47.039   581   581 I SpiService: fgesysctrl_getGPIO_status success val=1
05-27 18:53:47.040   536   560 D commservice260303: recv len:87, 5AA500530600000040F16A16CD3B7B22636F6D6D616E64223A7B226964223A2268656172745F42656174222C22737562223A22227D2C22636F6E74656E74223A7B2274797065223A322C2276616C7565223A307D7D63CA from server
05-27 18:53:47.040   536  2578 D commservice260303: mcuDataAnalyzeHandle templen:87,len:87,pos:0, 5AA500530600000040F16A16CD3B7B22636F6D6D616E64223A7B226964223A2268656172745F42656174222C22737562223A22227D2C22636F6E74656E74223A7B2274797065223A322C2276616C7565223A307D7D63CA 
05-27 18:53:47.040   536  2578 I commservice260303: checksumCal = 25546
05-27 18:53:47.040   536  2578 D commservice260303: CommProtocolLibCmdBaseC2I::dataproc {"command":{"id":"heart_Beat","sub":""},"content":{"type":2,"value":0}},6
05-27 18:53:47.040   536  2578 D commservice260303: mcuCommMessageManager::notifyMsgToClient hwbinder OK
05-27 18:53:47.040   536  2578 D commservice260303: McuProtocolLibSend2Service::send2Service ret=1
05-27 18:53:47.040 12246 12440 D ivicomm_CommManager: fgeComServiceCallback: {"command":{"id":"heart_Beat","sub":""},"content":{"type":2,"value":0}}
05-27 18:53:47.040 12246 12440 D ivicomm_ConnectStateManager: registerCallback HEART_BEAT: {"type":2,"value":0}
05-27 18:53:47.040 12246 12440 D ivicomm_ConnectStateManager: notifyState newState=0curState=0
05-27 18:53:47.044   581   581 I SpiService: fgesysctrl_getGPIO_status success val=1
05-27 18:53:47.045  1008 30856 D [OMXB]  : usingANWBuffer: handle:0xee7432f0, format:1, w:1920, h:1080
05-27 18:53:47.046 13911 14183 I SentryImuMcuAngleSender: 179.98598rollDeg
05-27 18:53:47.046 13911 14183 I SentryImuMcuAngleSender: 1,0,0
05-27 18:53:47.050   581   581 I SpiService: fgesysctrl_getGPIO_status success val=0
05-27 18:53:47.054   536   536 D commservice260303: msg.id = 1028,1
05-27 18:53:47.054   536   536 D commservice260303: i = 170, msgid = 8A000404
05-27 18:53:47.054   536   536 D commservice260303: msgid = -1979710460,did=138
05-27 18:53:47.054   536   536 D commservice260303: CommProtocolLibCmdBaseI2C::dataproc {"command":{"id":"imu_status","sub":""},"content":{"TimeStamp":11,"FrameCounter":259994,"GD_X":-0.01160607673227787,"GD_Y":0.004656890872865915,"GD_Z":0.0019848872907459736,"AD_X":-0.004067257046699524,"AD_Y":5.259271711111069E-5,"AD_Z":-0.1658163070678711,"TempDsp":0,"Status":0,"CalibState":1,"SigAmpInvalid":0}},-1979710460
05-27 18:53:47.054   536   536 D commservice260303: send2Cluster len:314, 7B22636F6D6D616E64223A7B226964223A22696D755F737461747573222C22737562223A22227D2C22636F6E74656E74223A7B2254696D655374616D70223A31312C224672616D65436F756E746572223A3235393939342C2247445F58223A2D302E30313136303630373637333232373738372C2247445F59223A302E3030343635363839303837323836353931352C2247445F5A223A302E303031393834383837323930373435393733362C2241445F58223A2D302E3030343036373235373034363639393532342C2241445F59223A352E323539323731373131313131303639452D352C2241445F5A223A2D302E313635383136333037303637383731312C2254656D70447370223A302C22537461747573223A302C2243616C69625374617465223A312C22536967416D70496E76616C6964223A307D7D, 138 
05-27 18:53:47.054   536   536 D commservice260303: Push Message into SendPool fn=-113769472
05-27 18:53:47.054   536   536 D commservice260303: ComProtocolLibSend2Cluster::send2ClusterRaw fn=-113769472 , len=330
05-27 18:53:47.054   536   536 D commservice260303: sendCmdToPort :330!!!
05-27 18:53:47.054   536   536 D commservice260303: send Cmd To Port ++++5AA501468A01000438F96A16CD3B7B22636F6D6D616E64223A7B226964223A22696D755F737461747573222C22737562223A22227D2C22636F6E74656E74223A7B2254696D655374616D70223A31312C224672616D65436F756E746572223A3235393939342C2247445F58223A2D302E30313136303630373637333232373738372C2247445F59223A302E3030343635363839303837323836353931352C2247445F5A223A302E303031393834383837323930373435393733362C2241445F58223A2D302E3030343036373235373034363639393532342C2241445F59223A352E323539323731373131313131303639452D352C2241445F5A223A2D302E313635383136333037303637383731312C2254656D70447370223A302C22537461747573223A302C2243616C69625374617465223A312C22536967416D70496E76616C6964223A307D7D74F8
05-27 18:53:47.055   536   536 D commservice260303: bufferevent_write retrun value = 0
05-27 18:53:47.055   536   560 D commservice260303: client datas send succeed,send finish
05-27 18:53:47.055   572   622 I Sensors : 230 GyroSensor: x:-0.011377,y:0.004810,z:0.002061
05-27 18:53:47.055 13911 14192 D Sentinelmode_1.2.5.17_sentry: <SentryImuClusterFgeSender>imu_status sent to Linux, frame=259994, tsNs=11094288, tsMs=11, intervalMs=40, ad=(-0.004067257,5.2592717E-5,-0.1658163), gd=(-0.011606077,0.004656891,0.0019848873)
05-27 18:53:47.058  1008 30857 D [OMXB]  : usingANWBuffer: handle:0xee742ab0, format:1, w:1920, h:1080
05-27 18:53:47.058   299 30844 D EvsDriver: forwardFrame
05-27 18:53:47.059   299 30841 D EvsDriver: forwardFrame
05-27 18:53:47.060   299 30844 D EvsDriver: Delivered 0xb400007b7ca56900 as id 0
05-27 18:53:47.060  1167  1167 D evsmanagerd: /dev/video6 forwarded the buffer #0 to 0xb4000074bf5f5510 from 0xb4000074bf5f6d90
05-27 18:53:47.060   299 30841 D EvsDriver: Delivered 0xb400007b7ca56a60 as id 0
05-27 18:53:47.061  1167  1479 D evsmanagerd: /dev/video4 forwarded the buffer #0 to 0xb4000074bf5f6850 from 0xb4000074bf5f41d0
05-27 18:53:47.064   299  1163 D EvsDriver: doneWithFrame
05-27 18:53:47.064   299  1153 D EvsDriver: doneWithFrame
05-27 18:53:47.065   481   598 I mcuc    : rev,n=1,6AA681DF730024890089060003070101010101010101010101010100010101010101010101010101010101CB
05-27 18:53:47.065   581   581 I SpiService: fgesysctrl_getGPIO_status success val=1
05-27 18:53:47.065   351   373 D automotive.vehicle@2.0-adayo-datacomm-mcu: MCUDatacomm sendMessageFromVehicle prop: 0x89, areaId: 0x0, status: 0x89, timestamp: 0x6
05-27 18:53:47.065   351   373 D automotive.vehicle@2.0-adayo-datacomm-mcu: MCUDatacomm 1sendMessageFromVehicle ---> type = 3 
05-27 18:53:47.065   351   373 D automotive.vehicle@2.0-adayo-func-bcm: sendMessageFromVehicle sendMessageFromVehicle
05-27 18:53:47.065   351   516 D automotive.vehicle@2.0-adayo-func-bcm: jjfan1 ______procotolSize :29
05-27 18:53:47.065   351   516 D automotive.vehicle@2.0-adayo-func-bcm: BCMFunc sendMessageFromVehicle_l dataType: 12,mByte=7,propid=0x21400084
05-27 18:53:47.065   351   516 D automotive.vehicle@2.0-adayo-func-bcm: BCMFunc sendMessageFromVehicle_l msgBuff[7]=0x1,start:0,len:8,temp:8,
05-27 18:53:47.065   351   516 D automotive.vehicle@2.0-adayo-func-bcm: BCMFunc sendMessageFromVehicle_l prop: 0x21400084 ,areaId: 0x0  SPLITE_BIT_DATA_INTEGER : 1
05-27 18:53:47.065   351   516 D automotive.vehicle@2.0-adayo-func-bcm: BCMFunc sendMessageFromVehicle_l id:557842564, area:0 not report! 
05-27 18:53:47.065   351   516 D automotive.vehicle@2.0-adayo-func-bcm: BCMFunc sendMessageFromVehicle_l dataType: 12,mByte=8,propid=0x21400085
05-27 18:53:47.066   351   516 D automotive.vehicle@2.0-adayo-func-bcm: BCMFunc sendMessageFromVehicle_l msgBuff[8]=0x1,start:0,len:8,temp:8,
05-27 18:53:47.066   351   516 D automotive.vehicle@2.0-adayo-func-bcm: BCMFunc sendMessageFromVehicle_l prop: 0x21400085 ,areaId: 0x0  SPLITE_BIT_DATA_INTEGER : 1
05-27 18:53:47.066   351   516 D automotive.vehicle@2.0-adayo-func-bcm: BCMFunc sendMessageFromVehicle_l id:557842565, area:0 not report! 
05-27 18:53:47.066   351   516 D automotive.vehicle@2.0-adayo-func-bcm: BCMFunc sendMessageFromVehicle_l dataType: 12,mByte=9,propid=0x214000a1
05-27 18:53:47.066   351   516 D automotive.vehicle@2.0-adayo-func-bcm: BCMFunc sendMessageFromVehicle_l msgBuff[9]=0x1,start:0,len:8,temp:8,
05-27 18:53:47.066   351   516 D automotive.vehicle@2.0-adayo-func-bcm: BCMFunc sendMessageFromVehicle_l prop: 0x214000a1 ,areaId: 0x0  SPLITE_BIT_DATA_INTEGER : 1
05-27 18:53:47.066   351   516 D automotive.vehicle@2.0-adayo-func-bcm: BCMFunc sendMessageFromVehicle_l id:557842593, area:0 not report! 
05-27 18:53:47.066   351   516 D automotive.vehicle@2.0-adayo-func-bcm: BCMFunc sendMessageFromVehicle_l dataType: 12,mByte=10,propid=0x214000a2
05-27 18:53:47.066   351   516 D automotive.vehicle@2.0-adayo-func-bcm: BCMFunc sendMessageFromVehicle_l msgBuff[10]=0x1,start:0,len:8,temp:8,
05-27 18:53:47.066   351   516 D automotive.vehicle@2.0-adayo-func-bcm: BCMFunc sendMessageFromVehicle_l prop: 0x214000a2 ,areaId: 0x0  SPLITE_BIT_DATA_INTEGER : 1
05-27 18:53:47.066   351   516 D automotive.vehicle@2.0-adayo-func-bcm: BCMFunc sendMessageFromVehicle_l id:557842594, area:0 not report! 
05-27 18:53:47.066   351   516 D automotive.vehicle@2.0-adayo-func-bcm: BCMFunc sendMessageFromVehicle_l dataType: 12,mByte=11,propid=0x21400080
05-27 18:53:47.066   351   516 D automotive.vehicle@2.0-adayo-func-bcm: BCMFunc sendMessageFromVehicle_l msgBuff[11]=0x1,start:0,len:8,temp:8,
05-27 18:53:47.066   351   516 D automotive.vehicle@2.0-adayo-func-bcm: BCMFunc sendMessageFromVehicle_l prop: 0x21400080 ,areaId: 0x0  SPLITE_BIT_DATA_INTEGER : 1
05-27 18:53:47.066   351   516 D automotive.vehicle@2.0-adayo-func-bcm: BCMFunc sendMessageFromVehicle_l id:557842560, area:0 not report! 
05-27 18:53:47.066   351   516 D automotive.vehicle@2.0-adayo-func-bcm: BCMFunc sendMessageFromVehicle_l dataType: 12,mByte=12,propid=0x214000b0
05-27 18:53:47.066   351   516 D automotive.vehicle@2.0-adayo-func-bcm: BCMFunc sendMessageFromVehicle_l msgBuff[12]=0x1,start:0,len:8,temp:8,
05-27 18:53:47.066   351   516 D automotive.vehicle@2.0-adayo-func-bcm: BCMFunc sendMessageFromVehicle_l prop: 0x214000b0 ,areaId: 0x0  SPLITE_BIT_DATA_INTEGER : 1
05-27 18:53:47.066   351   516 D automotive.vehicle@2.0-adayo-func-bcm: BCMFunc sendMessageFromVehicle_l id:557842608, area:0 not report! 
05-27 18:53:47.066   351   516 D automotive.vehicle@2.0-adayo-func-bcm: BCMFunc sendMessageFromVehicle_l dataType: 12,mByte=13,propid=0x2140007b
05-27 18:53:47.066   351   516 D automotive.vehicle@2.0-adayo-func-bcm: BCMFunc sendMessageFromVehicle_l msgBuff[13]=0x1,start:0,len:8,temp:8,
05-27 18:53:47.066   351   516 D automotive.vehicle@2.0-adayo-func-bcm: BCMFunc sendMessageFromVehicle_l prop: 0x2140007b ,areaId: 0x0  SPLITE_BIT_DATA_INTEGER : 1
05-27 18:53:47.066   351   516 D automotive.vehicle@2.0-adayo-func-bcm: BCMFunc sendMessageFromVehicle_l id:557842555, area:0 not report! 
05-27 18:53:47.066   351   516 D automotive.vehicle@2.0-adayo-func-bcm: BCMFunc sendMessageFromVehicle_l dataType: 12,mByte=14,propid=0x2140007c
05-27 18:53:47.066   351   516 D automotive.vehicle@2.0-adayo-func-bcm: BCMFunc sendMessageFromVehicle_l msgBuff[14]=0x1,start:0,len:8,temp:8,
05-27 18:53:47.066   351   516 D automotive.vehicle@2.0-adayo-func-bcm: BCMFunc sendMessageFromVehicle_l prop: 0x2140007c ,areaId: 0x0  SPLITE_BIT_DATA_INTEGER : 1
05-27 18:53:47.066   351   516 D automotive.vehicle@2.0-adayo-func-bcm: BCMFunc sendMessageFromVehicle_l id:557842556, area:0 not report! 
05-27 18:53:47.066   351   516 D automotive.vehicle@2.0-adayo-func-bcm: BCMFunc sendMessageFromVehicle_l dataType: 12,mByte=15,propid=0x21400081
05-27 18:53:47.066   351   516 D automotive.vehicle@2.0-adayo-func-bcm: BCMFunc sendMessageFromVehicle_l msgBuff[15]=0x1,start:0,len:8,temp:8,
05-27 18:53:47.066   351   516 D automotive.vehicle@2.0-adayo-func-bcm: BCMFunc sendMessageFromVehicle_l prop: 0x21400081 ,areaId: 0x0  SPLITE_BIT_DATA_INTEGER : 1
05-27 18:53:47.066   351   516 D automotive.vehicle@2.0-adayo-func-bcm: BCMFunc sendMessageFromVehicle_l id:557842561, area:0 not report! 
05-27 18:53:47.066   351   516 D automotive.vehicle@2.0-adayo-func-bcm: BCMFunc sendMessageFromVehicle_l dataType: 12,mByte=16,propid=0x214000a3
05-27 18:53:47.067   351   516 D automotive.vehicle@2.0-adayo-func-bcm: BCMFunc sendMessageFromVehicle_l msgBuff[16]=0x1,start:0,len:8,temp:8,
05-27 18:53:47.067   351   516 D automotive.vehicle@2.0-adayo-func-bcm: BCMFunc sendMessageFromVehicle_l prop: 0x214000a3 ,areaId: 0x0  SPLITE_BIT_DATA_INTEGER : 1
05-27 18:53:47.067   351   516 D automotive.vehicle@2.0-adayo-func-bcm: BCMFunc sendMessageFromVehicle_l id:557842595, area:0 not report! 
05-27 18:53:47.067   351   516 D automotive.vehicle@2.0-adayo-func-bcm: BCMFunc sendMessageFromVehicle_l dataType: 12,mByte=17,propid=0x2140007d
05-27 18:53:47.067   351   516 D automotive.vehicle@2.0-adayo-func-bcm: BCMFunc sendMessageFromVehicle_l msgBuff[17]=0x1,start:0,len:8,temp:8,
05-27 18:53:47.067   351   516 D automotive.vehicle@2.0-adayo-func-bcm: BCMFunc sendMessageFromVehicle_l prop: 0x2140007d ,areaId: 0x0  SPLITE_BIT_DATA_INTEGER : 1
05-27 18:53:47.067   351   516 D automotive.vehicle@2.0-adayo-func-bcm: BCMFunc sendMessageFromVehicle_l id:557842557, area:0 not report! 
05-27 18:53:47.067   351   516 D automotive.vehicle@2.0-adayo-func-bcm: BCMFunc sendMessageFromVehicle_l dataType: 12,mByte=18,propid=0x21400082
05-27 18:53:47.067   351   516 D automotive.vehicle@2.0-adayo-func-bcm: BCMFunc sendMessageFromVehicle_l msgBuff[18]=0x1,start:0,len:8,temp:8,
05-27 18:53:47.067   351   516 D automotive.vehicle@2.0-adayo-func-bcm: BCMFunc sendMessageFromVehicle_l prop: 0x21400082 ,areaId: 0x0  SPLITE_BIT_DATA_INTEGER : 1
05-27 18:53:47.067   351   516 D automotive.vehicle@2.0-adayo-func-bcm: BCMFunc sendMessageFromVehicle_l id:557842562, area:0 not report! 
05-27 18:53:47.067   351   516 D automotive.vehicle@2.0-adayo-func-bcm: BCMFunc sendMessageFromVehicle_l dataType: 12,mByte=19,propid=0x214000a4
05-27 18:53:47.067   351   516 D automotive.vehicle@2.0-adayo-func-bcm: BCMFunc sendMessageFromVehicle_l msgBuff[19]=0x1,start:0,len:8,temp:8,
05-27 18:53:47.067   351   516 D automotive.vehicle@2.0-adayo-func-bcm: BCMFunc sendMessageFromVehicle_l prop: 0x214000a4 ,areaId: 0x0  SPLITE_BIT_DATA_INTEGER : 1
05-27 18:53:47.067   351   516 D automotive.vehicle@2.0-adayo-func-bcm: BCMFunc sendMessageFromVehicle_l id:557842596, area:0 not report! 
05-27 18:53:47.067   351   516 D automotive.vehicle@2.0-adayo-func-bcm: BCMFunc sendMessageFromVehicle_l dataType: 12,mByte=20,propid=0x214000a5
05-27 18:53:47.067   351   516 D automotive.vehicle@2.0-adayo-func-bcm: BCMFunc sendMessageFromVehicle_l msgBuff[20]=0x0,start:0,len:8,temp:8,
05-27 18:53:47.067   351   516 D automotive.vehicle@2.0-adayo-func-bcm: BCMFunc sendMessageFromVehicle_l prop: 0x214000a5 ,areaId: 0x0  SPLITE_BIT_DATA_INTEGER : 0
05-27 18:53:47.067   351   516 D automotive.vehicle@2.0-adayo-func-bcm: BCMFunc sendMessageFromVehicle_l id:557842597, area:0 not report! 
05-27 18:53:47.067   351   516 D automotive.vehicle@2.0-adayo-func-bcm: BCMFunc sendMessageFromVehicle_l dataType: 12,mByte=21,propid=0x21400083
05-27 18:53:47.067   351   516 D automotive.vehicle@2.0-adayo-func-bcm: BCMFunc sendMessageFromVehicle_l msgBuff[21]=0x1,start:0,len:8,temp:8,
05-27 18:53:47.067   351   516 D automotive.vehicle@2.0-adayo-func-bcm: BCMFunc sendMessageFromVehicle_l prop: 0x21400083 ,areaId: 0x0  SPLITE_BIT_DATA_INTEGER : 1
05-27 18:53:47.067   351   516 D automotive.vehicle@2.0-adayo-func-bcm: BCMFunc sendMessageFromVehicle_l id:557842563, area:0 not report! 
05-27 18:53:47.067   351   516 D automotive.vehicle@2.0-adayo-func-bcm: BCMFunc sendMessageFromVehicle_l dataType: 12,mByte=22,propid=0x214000a6
05-27 18:53:47.067   351   516 D automotive.vehicle@2.0-adayo-func-bcm: BCMFunc sendMessageFromVehicle_l msgBuff[22]=0x1,start:0,len:8,temp:8,
05-27 18:53:47.067   351   516 D automotive.vehicle@2.0-adayo-func-bcm: BCMFunc sendMessageFromVehicle_l prop: 0x214000a6 ,areaId: 0x0  SPLITE_BIT_DATA_INTEGER : 1
05-27 18:53:47.067   351   516 D automotive.vehicle@2.0-adayo-func-bcm: BCMFunc sendMessageFromVehicle_l id:557842598, area:0 not report! 
05-27 18:53:47.067   351   516 D automotive.vehicle@2.0-adayo-func-bcm: BCMFunc sendMessageFromVehicle_l dataType: 12,mByte=23,propid=0x2140007e
05-27 18:53:47.067   351   516 D automotive.vehicle@2.0-adayo-func-bcm: BCMFunc sendMessageFromVehicle_l msgBuff[23]=0x1,start:0,len:8,temp:8,
05-27 18:53:47.067   351   516 D automotive.vehicle@2.0-adayo-func-bcm: BCMFunc sendMessageFromVehicle_l prop: 0x2140007e ,areaId: 0x0  SPLITE_BIT_DATA_INTEGER : 1
05-27 18:53:47.067   351   516 D automotive.vehicle@2.0-adayo-func-bcm: BCMFunc sendMessageFromVehicle_l id:557842558, area:0 not report! 
05-27 18:53:47.067   351   516 D automotive.vehicle@2.0-adayo-func-bcm: BCMFunc sendMessageFromVehicle_l dataType: 12,mByte=24,propid=0x214000a7
05-27 18:53:47.067   351   516 D automotive.vehicle@2.0-adayo-func-bcm: BCMFunc sendMessageFromVehicle_l msgBuff[24]=0x1,start:0,len:8,temp:8,
05-27 18:53:47.067   351   516 D automotive.vehicle@2.0-adayo-func-bcm: BCMFunc sendMessageFromVehicle_l prop: 0x214000a7 ,areaId: 0x0  SPLITE_BIT_DATA_INTEGER : 1
05-27 18:53:47.067   351   516 D automotive.vehicle@2.0-adayo-func-bcm: BCMFunc sendMessageFromVehicle_l id:557842599, area:0 not report! 
05-27 18:53:47.068   351   516 D automotive.vehicle@2.0-adayo-func-bcm: BCMFunc sendMessageFromVehicle_l dataType: 12,mByte=25,propid=0x2140007f
